0:00:00.193854563 [332m  601[00m 0x55932ac822d0 [37mTRACE  [00m [00;01;31;44m     GST_REFCOUNTING gstminiobject.c:440:gst_mini_object_unref:[00m 0x7f838c006680 unref 1->0
0:00:00.193860872 [332m  601[00m 0x55932ac61f20 [37mTRACE  [00m [00;01;31;44m     GST_REFCOUNTING gstminiobject.c:440:gst_mini_object_unref:[00m 0x7f8384006050 unref 1->0
0:00:00.193877310 [332m  601[00m 0x55932ac822d0 [37mTRACE  [00m [00;01;31;44m     GST_REFCOUNTING gstminiobject.c:440:gst_mini_object_unref:[00m 0x7f838c0034d0 unref 2->1
0:00:00.193906989 [332m  601[00m 0x55932ac61f20 [37mTRACE  [00m [00;01;31;44m     GST_REFCOUNTING gstobject.c:280:gst_object_unref:<qtdemux0>[00m 0x55932ac66600 unref 2->1
0:00:00.193914679 [332m  601[00m 0x55932ac822d0 [37mTRACE  [00m [00;01;31;44m     GST_REFCOUNTING gstobject.c:280:gst_object_unref:<vaapidecode1>[00m 0x55932ac884b0 unref 3->2
0:00:00.193930036 [332m  601[00m 0x55932ac61f20 [37mTRACE  [00m [00;01;31;44m     GST_REFCOUNTING gstobject.c:254:gst_object_ref:<qtdemux0>[00m 0x55932ac66600 ref 1->2
0:00:00.193949338 [332m  601[00m 0x55932ac822d0 [37mTRACE  [00m [00;01;31;44m     GST_REFCOUNTING gstminiobject.c:440:gst_mini_object_unref:[00m 0x7f838c006800 unref 1->0
0:00:00.193973205 [332m  601[00m 0x55932ac61f20 [37mTRACE  [00m [00;01;31;44m     GST_REFCOUNTING gstminiobject.c:360:gst_mini_object_ref:[00m 0x7f838c012e50 ref 1->2
0:00:00.193987467 [332m  601[00m 0x55932ac822d0 [37mTRACE  [00m [00;01;31;44m     GST_REFCOUNTING gstminiobject.c:440:gst_mini_object_unref:[00m 0x7f838c0064a0 unref 3->2
0:00:00.194008142 [332m  601[00m 0x55932ac61f20 [37mTRACE  [00m [00;01;31;44m     GST_REFCOUNTING gstminiobject.c:360:gst_mini_object_ref:[00m 0x7f838c012d00 ref 1->2
0:00:00.194027567 [332m  601[00m 0x55932ac822d0 [37mTRACE  [00m [00;01;31;44m     GST_REFCOUNTING gstminiobject.c:360:gst_mini_object_ref:[00m 0x55932ac81640 ref 3->4
0:00:00.194045846 [332m  601[00m 0x55932ac61f20 [37mTRACE  [00m [00;01;31;44m     GST_REFCOUNTING gstminiobject.c:360:gst_mini_object_ref:[00m 0x7f838c012d00 ref 2->3
0:00:00.194094917 [332m  601[00m 0x55932ac61f20 [37mTRACE  [00m [00;01;31;44m     GST_REFCOUNTING gstobject.c:254:gst_object_ref:<vaapidecode0:sink>[00m 0x55932ac5a4b0 ref 2->3
0:00:00.194111164 [332m  601[00m 0x55932ac61f20 [37mTRACE  [00m [00;01;31;44m     GST_REFCOUNTING gstobject.c:254:gst_object_ref:<vaapidecode0>[00m 0x55932ac7d9a0 ref 1->2
0:00:00.194111901 [332m  601[00m 0x55932ac822d0 [37mTRACE  [00m [00;01;31;44m     GST_REFCOUNTING gstminiobject.c:360:gst_mini_object_ref:[00m 0x7f838c0064a0 ref 2->3
0:00:00.194129711 [332m  601[00m 0x55932ac61f20 [37mTRACE  [00m [00;01;31;44m     GST_REFCOUNTING gstminiobject.c:360:gst_mini_object_ref:[00m 0x7f838c012d00 ref 3->4
0:00:00.194153732 [332m  601[00m 0x55932ac822d0 [37mTRACE  [00m [00;01;31;44m     GST_REFCOUNTING gstminiobject.c:360:gst_mini_object_ref:[00m 0x7f838c0034d0 ref 1->2
0:00:00.194173806 [332m  601[00m 0x55932ac61f20 [37mTRACE  [00m [00;01;31;44m     GST_REFCOUNTING gstminiobject.c:360:gst_mini_object_ref:[00m 0x7f838c012d00 ref 4->5
0:00:00.194195151 [332m  601[00m 0x55932ac822d0 [37mTRACE  [00m [00;01;31;44m     GST_REFCOUNTING gstminiobject.c:360:gst_mini_object_ref:[00m 0x7f838c0034d0 ref 2->3
0:00:00.194210966 [332m  601[00m 0x55932ac61f20 [37mTRACE  [00m [00;01;31;44m     GST_REFCOUNTING gstminiobject.c:360:gst_mini_object_ref:[00m 0x7f838c012d00 ref 5->6
0:00:00.194237278 [332m  601[00m 0x55932ac822d0 [37mTRACE  [00m [00;01;31;44m     GST_REFCOUNTING gstobject.c:254:gst_object_ref:<allocatorsysmem0>[00m 0x55932aa75850 ref 7->8
0:00:00.194251720 [332m  601[00m 0x55932ac61f20 [37mTRACE  [00m [00;01;31;44m     GST_REFCOUNTING gstminiobject.c:360:gst_mini_object_ref:[00m 0x7f838c012d00 ref 6->7
0:00:00.194281502 [332m  601[00m 0x55932ac822d0 [37mTRACE  [00m [00;01;31;44m     GST_REFCOUNTING gstminiobject.c:360:gst_mini_object_ref:[00m 0x55932aa75f00 ref 1->2
0:00:00.194288637 [332m  601[00m 0x55932ac61f20 [37mTRACE  [00m [00;01;31;44m     GST_REFCOUNTING gstobject.c:254:gst_object_ref:<vaapisink0:sink>[00m 0x55932ac5a930 ref 2->3
0:00:00.194310620 [332m  601[00m 0x55932ac822d0 [37mTRACE  [00m [00;01;31;44m     GST_REFCOUNTING gstminiobject.c:440:gst_mini_object_unref:[00m 0x55932aa75f00 unref 2->1
0:00:00.194326306 [332m  601[00m 0x55932ac61f20 [37mTRACE  [00m [00;01;31;44m     GST_REFCOUNTING gstobject.c:254:gst_object_ref:<vaapisink0>[00m 0x55932ac86220 ref 2->3
0:00:00.194274514 [332m  601[00m 0x55932ac822d0 [36mINFO   [00m [00m         vaapidecode gstvaapidecode.c:206:gst_vaapidecode_update_sink_caps:<vaapidecode1>[00m new sink caps = video/x-h264, stream-format=(string)avc, alignment=(string)au, level=(string)4.2, profile=(string)constrained-baseline, codec_data=(buffer)0142c02affe100196742c02ad900780227e584000003000400000300f03c60c92001000468cb8cb2, width=(int)1920, height=(int)1080, framerate=(fraction)30/1, pixel-aspect-ratio=(fraction)1/1
0:00:00.194365341 [332m  601[00m 0x55932ac61f20 [37mTRACE  [00m [00;01;31;44m     GST_REFCOUNTING gstminiobject.c:360:gst_mini_object_ref:[00m 0x7f838c012d00 ref 7->8
0:00:00.194385921 [332m  601[00m 0x55932ac822d0 [37mTRACE  [00m [00;01;31;44m     GST_REFCOUNTING gstminiobject.c:495:gst_mini_object_replace:[00m replace (nil) (0) with 0x7f838c0064a0 (3)
0:00:00.194409320 [332m  601[00m 0x55932ac61f20 [37mTRACE  [00m [00;01;31;44m     GST_REFCOUNTING gstobject.c:254:gst_object_ref:<vaapisink0>[00m 0x55932ac86220 ref 3->4
0:00:00.194424987 [332m  601[00m 0x55932ac822d0 [37mTRACE  [00m [00;01;31;44m     GST_REFCOUNTING gstminiobject.c:360:gst_mini_object_ref:[00m 0x7f838c0064a0 ref 3->4
0:00:00.194448434 [332m  601[00m 0x55932ac61f20 [37mTRACE  [00m [00;01;31;44m     GST_REFCOUNTING gstobject.c:254:gst_object_ref:<bus0>[00m 0x55932aaa0a10 ref 9->10
0:00:00.194464241 [332m  601[00m 0x55932ac822d0 [37mTRACE  [00m [00;01;31;44m     GST_REFCOUNTING gstminiobject.c:495:gst_mini_object_replace:[00m replace (nil) (0) with 0x7f838c0064a0 (4)
0:00:00.194491945 [332m  601[00m 0x55932ac61f20 [37mTRACE  [00m [00;01;31;44m     GST_REFCOUNTING gstobject.c:280:gst_object_unref:<bus0>[00m 0x55932aaa0a10 unref 10->9
0:00:00.194517132 [332m  601[00m 0x55932ac822d0 [37mTRACE  [00m [00;01;31;44m     GST_REFCOUNTING gstminiobject.c:360:gst_mini_object_ref:[00m 0x7f838c0064a0 ref 4->5
0:00:00.194545881 [332m  601[00m 0x55932ac61f20 [37mTRACE  [00m [00;01;31;44m     GST_REFCOUNTING gstminiobject.c:440:gst_mini_object_unref:[00m 0x7f838c012d00 unref 8->7
0:00:00.194583969 [332m  601[00m 0x55932ac61f20 [37mTRACE  [00m [00;01;31;44m     GST_REFCOUNTING gstobject.c:280:gst_object_unref:<vaapisink0>[00m 0x55932ac86220 unref 4->3
0:00:00.194598334 [332m  601[00m 0x55932ac61f20 [37mTRACE  [00m [00;01;31;44m     GST_REFCOUNTING gstminiobject.c:360:gst_mini_object_ref:[00m 0x7f838c012d00 ref 7->8
0:00:00.194612191 [332m  601[00m 0x55932ac61f20 [37mTRACE  [00m [00;01;31;44m     GST_REFCOUNTING gstminiobject.c:440:gst_mini_object_unref:[00m 0x7f838c012d00 unref 8->7
0:00:00.194627012 [332m  601[00m 0x55932ac61f20 [37mTRACE  [00m [00;01;31;44m     GST_REFCOUNTING gstobject.c:280:gst_object_unref:<vaapisink0:sink>[00m 0x55932ac5a930 unref 3->2
0:00:00.194640484 [332m  601[00m 0x55932ac61f20 [37mTRACE  [00m [00;01;31;44m     GST_REFCOUNTING gstminiobject.c:440:gst_mini_object_unref:[00m 0x7f838c012d00 unref 7->6
0:00:00.194649212 [332m  601[00m 0x55932ac822d0 [37mTRACE  [00m [00;01;31;44m     GST_REFCOUNTING gstobject.c:221:gst_object_init:<GstObject@0x7f838c01c2f0>[00m 0x7f838c01c2f0 new
0:00:00.194653811 [332m  601[00m 0x55932ac61f20 [37mTRACE  [00m [00;01;31;44m     GST_REFCOUNTING gstminiobject.c:440:gst_mini_object_unref:[00m 0x7f838c012d00 unref 6->5
0:00:00.194690316 [332m  601[00m 0x55932ac61f20 [37mTRACE  [00m [00;01;31;44m     GST_REFCOUNTING gstobject.c:280:gst_object_unref:<vaapidecode0>[00m 0x55932ac7d9a0 unref 2->1
0:00:00.194704718 [332m  601[00m 0x55932ac61f20 [37mTRACE  [00m [00;01;31;44m     GST_REFCOUNTING gstminiobject.c:360:gst_mini_object_ref:[00m 0x7f838c012d00 ref 5->6
0:00:00.194718305 [332m  601[00m 0x55932ac61f20 [37mTRACE  [00m [00;01;31;44m     GST_REFCOUNTING gstminiobject.c:440:gst_mini_object_unref:[00m 0x7f838c012d00 unref 6->5
0:00:00.194732834 [332m  601[00m 0x55932ac61f20 [37mTRACE  [00m [00;01;31;44m     GST_REFCOUNTING gstobject.c:280:gst_object_unref:<vaapidecode0:sink>[00m 0x55932ac5a4b0 unref 3->2
0:00:00.194739977 [332m  601[00m 0x55932ac822d0 [37mDEBUG  [00m [00m         vaapidecode gstvaapipluginbase.c:452:ensure_sinkpad_buffer_pool:[00m assume video buffer pool format is NV12
0:00:00.194753793 [332m  601[00m 0x55932ac61f20 [37mTRACE  [00m [00;01;31;44m     GST_REFCOUNTING gstminiobject.c:440:gst_mini_object_unref:[00m 0x7f838c012d00 unref 5->4
0:00:00.194779719 [332m  601[00m 0x55932ac822d0 [37mTRACE  [00m [00;01;31;44m     GST_REFCOUNTING gstminiobject.c:360:gst_mini_object_ref:[00m 0x7f838c0064a0 ref 5->6
0:00:00.194809803 [332m  601[00m 0x55932ac61f20 [37mTRACE  [00m [00;01;31;44m     GST_REFCOUNTING gstminiobject.c:360:gst_mini_object_ref:[00m 0x7f838c012d70 ref 1->2
0:00:00.194825361 [332m  601[00m 0x55932ac61f20 [37mTRACE  [00m [00;01;31;44m     GST_REFCOUNTING gstminiobject.c:360:gst_mini_object_ref:[00m 0x7f838c012d70 ref 2->3
0:00:00.194839994 [332m  601[00m 0x55932ac61f20 [37mTRACE  [00m [00;01;31;44m     GST_REFCOUNTING gstobject.c:254:gst_object_ref:<vaapidecode0:sink>[00m 0x55932ac5a4b0 ref 2->3
0:00:00.194853672 [332m  601[00m 0x55932ac822d0 [37mTRACE  [00m [00;01;31;44m     GST_REFCOUNTING gstobject.c:221:gst_object_init:<GstObject@0x7f838c020030>[00m 0x7f838c020030 new
0:00:00.194855141 [332m  601[00m 0x55932ac61f20 [37mTRACE  [00m [00;01;31;44m     GST_REFCOUNTING gstobject.c:254:gst_object_ref:<vaapidecode0>[00m 0x55932ac7d9a0 ref 1->2
0:00:00.194894804 [332m  601[00m 0x55932ac822d0 [37mDEBUG  [00m [00m               vaapi gstvaapiimage.c:248:gst_vaapi_image_new:[00m format I420, size 1920x1080
0:00:00.194916019 [332m  601[00m 0x55932ac61f20 [37mTRACE  [00m [00;01;31;44m     GST_REFCOUNTING gstminiobject.c:360:gst_mini_object_ref:[00m 0x7f838c006b20 ref 2->3
0:00:00.194956230 [332m  601[00m 0x55932ac61f20 [37mTRACE  [00m [00;01;31;44m     GST_REFCOUNTING gstobject.c:254:gst_object_ref:<vaapidecode0>[00m 0x55932ac7d9a0 ref 2->3
0:00:00.194973085 [332m  601[00m 0x55932ac822d0 [37mDEBUG  [00m [00m               vaapi gstvaapiimage.c:201:gst_vaapi_image_create:[00m image 0xa000000
0:00:00.194972949 [332m  601[00m 0x55932ac61f20 [37mTRACE  [00m [00;01;31;44m     GST_REFCOUNTING gstminiobject.c:360:gst_mini_object_ref:[00m 0x55932ac61ca0 ref 1->2
0:00:00.195011848 [332m  601[00m 0x55932ac61f20 [37mTRACE  [00m [00;01;31;44m     GST_REFCOUNTING gstminiobject.c:440:gst_mini_object_unref:[00m 0x55932ac61ca0 unref 2->1
0:00:00.195018832 [332m  601[00m 0x55932ac822d0 [37mDEBUG  [00m [00m               vaapi gstvaapiimage.c:115:gst_vaapi_image_destroy:[00m image 0xa000000
0:00:00.195033628 [332m  601[00m 0x55932ac61f20 [37mTRACE  [00m [00;01;31;44m     GST_REFCOUNTING gstminiobject.c:360:gst_mini_object_ref:[00m 0x7f838c006b20 ref 3->4
0:00:00.195072316 [332m  601[00m 0x55932ac61f20 [37mTRACE  [00m [00;01;31;44m     GST_REFCOUNTING gstobject.c:254:gst_object_ref:<vaapidecode0>[00m 0x55932ac7d9a0 ref 3->4
0:00:00.195087356 [332m  601[00m 0x55932ac61f20 [37mTRACE  [00m [00;01;31;44m     GST_REFCOUNTING gstminiobject.c:360:gst_mini_object_ref:[00m 0x7f8384005ca0 ref 1->2
0:00:00.195101189 [332m  601[00m 0x55932ac61f20 [37mTRACE  [00m [00;01;31;44m     GST_REFCOUNTING gstminiobject.c:360:gst_mini_object_ref:[00m 0x55932ac61cf0 ref 2->3
0:00:00.195111618 [332m  601[00m 0x55932ac822d0 [37mTRACE  [00m [00;01;31;44m     GST_REFCOUNTING gstobject.c:337:gst_object_replace:[00m replace (nil) (NONE) (0) with 0x7f838c020030 vaapivideoallocator0 (1)
0:00:00.195125750 [332m  601[00m 0x55932ac61f20 [37mTRACE  [00m [00;01;31;44m     GST_REFCOUNTING gstminiobject.c:440:gst_mini_object_unref:[00m 0x7f8384005f20 unref 1->0
0:00:00.195134632 [332m  601[00m 0x55932ac822d0 [37mTRACE  [00m [00;01;31;44m     GST_REFCOUNTING gstobject.c:254:gst_object_ref:<vaapivideoallocator0>[00m 0x7f838c020030 ref 1->2
0:00:00.195154968 [332m  601[00m 0x55932ac61f20 [37mTRACE  [00m [00;01;31;44m     GST_REFCOUNTING gstminiobject.c:440:gst_mini_object_unref:[00m 0x7f8384005f20 unref 1->0
0:00:00.195171955 [332m  601[00m 0x55932ac822d0 [37mTRACE  [00m [00;01;31;44m     GST_REFCOUNTING gstobject.c:280:gst_object_unref:<vaapivideoallocator0>[00m 0x7f838c020030 unref 2->1
0:00:00.195196331 [332m  601[00m 0x55932ac61f20 [37mTRACE  [00m [00;01;31;44m     GST_REFCOUNTING gstminiobject.c:440:gst_mini_object_unref:[00m 0x7f8384006050 unref 1->0
0:00:00.195228661 [332m  601[00m 0x55932ac61f20 [37mTRACE  [00m [00;01;31;44m     GST_REFCOUNTING gstminiobject.c:360:gst_mini_object_ref:[00m 0x7f8384005c50 ref 1->2
0:00:00.195228604 [332m  601[00m 0x55932ac822d0 [37mTRACE  [00m [00;01;31;44m     GST_REFCOUNTING gstminiobject.c:495:gst_mini_object_replace:[00m replace (nil) (0) with (nil) (0)
0:00:00.195251964 [332m  601[00m 0x55932ac61f20 [37mTRACE  [00m [00;01;31;44m     GST_REFCOUNTING gstobject.c:254:gst_object_ref:<vaapisink0:sink>[00m 0x55932ac5a930 ref 2->3
0:00:00.195269239 [332m  601[00m 0x55932ac822d0 [37mTRACE  [00m [00;01;31;44m     GST_REFCOUNTING gstobject.c:254:gst_object_ref:<vaapidecode1>[00m 0x55932ac884b0 ref 2->3
0:00:00.195289185 [332m  601[00m 0x55932ac61f20 [37mTRACE  [00m [00;01;31;44m     GST_REFCOUNTING gstobject.c:254:gst_object_ref:<vaapisink0>[00m 0x55932ac86220 ref 3->4
0:00:00.195308590 [332m  601[00m 0x55932ac822d0 [37mTRACE  [00m [00;01;31;44m     GST_REFCOUNTING gstobject.c:280:gst_object_unref:<vaapidecode1>[00m 0x55932ac884b0 unref 3->2
0:00:00.195349131 [332m  601[00m 0x55932ac822d0 [37mTRACE  [00m [00;01;31;44m     GST_REFCOUNTING gstminiobject.c:440:gst_mini_object_unref:[00m 0x7f838c006800 unref 1->0
0:00:00.195381346 [332m  601[00m 0x55932ac61f20 [37mTRACE  [00m [00;01;31;44m     GST_REFCOUNTING gstminiobject.c:440:gst_mini_object_unref:[00m 0x7f8384005ed0 unref 1->0
0:00:00.195385768 [332m  601[00m 0x55932ac822d0 [37mTRACE  [00m [00;01;31;44m     GST_REFCOUNTING gstminiobject.c:440:gst_mini_object_unref:[00m 0x7f838c006680 unref 1->0
0:00:00.195411341 [332m  601[00m 0x55932ac61f20 [37mTRACE  [00m [00;01;31;44m     GST_REFCOUNTING gstminiobject.c:440:gst_mini_object_unref:[00m 0x7f8384005e80 unref 1->0
0:00:00.195449487 [332m  601[00m 0x55932ac61f20 [37mTRACE  [00m [00;01;31;44m     GST_REFCOUNTING gstminiobject.c:440:gst_mini_object_unref:[00m 0x7f83840060a0 unref 1->0
0:00:00.195461764 [332m  601[00m 0x55932ac822d0 [37mTRACE  [00m [00;01;31;44m     GST_REFCOUNTING gstminiobject.c:440:gst_mini_object_unref:[00m 0x7f838c006770 unref 1->0
0:00:00.195470313 [332m  601[00m 0x55932ac61f20 [37mTRACE  [00m [00;01;31;44m     GST_REFCOUNTING gstminiobject.c:360:gst_mini_object_ref:[00m 0x7f8384005e30 ref 1->2
0:00:00.195489349 [332m  601[00m 0x55932ac822d0 [37mTRACE  [00m [00;01;31;44m     GST_REFCOUNTING gstminiobject.c:440:gst_mini_object_unref:[00m 0x7f838c0068a0 unref 1->0
0:00:00.195507470 [332m  601[00m 0x55932ac61f20 [37mTRACE  [00m [00;01;31;44m     GST_REFCOUNTING gstminiobject.c:440:gst_mini_object_unref:[00m 0x7f8384005e30 unref 2->1
0:00:00.195548661 [332m  601[00m 0x55932ac61f20 [37mTRACE  [00m [00;01;31;44m     GST_REFCOUNTING gstobject.c:280:gst_object_unref:<vaapisink0>[00m 0x55932ac86220 unref 4->3
0:00:00.195558373 [332m  601[00m 0x55932ac822d0 [37mTRACE  [00m [00;01;31;44m     GST_REFCOUNTING gstminiobject.c:360:gst_mini_object_ref:[00m 0x7f838c0034d0 ref 3->4
0:00:00.195564822 [332m  601[00m 0x55932ac61f20 [37mTRACE  [00m [00;01;31;44m     GST_REFCOUNTING gstobject.c:280:gst_object_unref:<vaapisink0:sink>[00m 0x55932ac5a930 unref 3->2
0:00:00.195583241 [332m  601[00m 0x55932ac822d0 [37mTRACE  [00m [00;01;31;44m     GST_REFCOUNTING gstminiobject.c:495:gst_mini_object_replace:[00m replace (nil) (0) with 0x7f838c0034d0 (4)
0:00:00.195601411 [332m  601[00m 0x55932ac61f20 [37mTRACE  [00m [00;01;31;44m     GST_REFCOUNTING gstminiobject.c:360:gst_mini_object_ref:[00m 0x7f8384005e30 ref 1->2
0:00:00.195618675 [332m  601[00m 0x55932ac822d0 [37mTRACE  [00m [00;01;31;44m     GST_REFCOUNTING gstminiobject.c:360:gst_mini_object_ref:[00m 0x7f838c0034d0 ref 4->5
0:00:00.195638539 [332m  601[00m 0x55932ac61f20 [37mTRACE  [00m [00;01;31;44m     GST_REFCOUNTING gstminiobject.c:440:gst_mini_object_unref:[00m 0x7f8384006000 unref 1->0
0:00:00.195660329 [332m  601[00m 0x55932ac822d0 [37mTRACE  [00m [00;01;31;44m     GST_REFCOUNTING gstminiobject.c:360:gst_mini_object_ref:[00m 0x7f838c0064a0 ref 6->7
0:00:00.195677586 [332m  601[00m 0x55932ac61f20 [37mTRACE  [00m [00;01;31;44m     GST_REFCOUNTING gstminiobject.c:440:gst_mini_object_unref:[00m 0x7f8384005c50 unref 2->1
0:00:00.195696862 [332m  601[00m 0x55932ac822d0 [37mTRACE  [00m [00;01;31;44m     GST_REFCOUNTING gstminiobject.c:440:gst_mini_object_unref:[00m 0x55932ac81640 unref 4->3
0:00:00.195715858 [332m  601[00m 0x55932ac61f20 [37mTRACE  [00m [00;01;31;44m     GST_REFCOUNTING gstminiobject.c:440:gst_mini_object_unref:[00m 0x7f8384005e30 unref 2->1
0:00:00.195736051 [332m  601[00m 0x55932ac822d0 [37mTRACE  [00m [00;01;31;44m     GST_REFCOUNTING gstobject.c:280:gst_object_unref:<vaapidecode1>[00m 0x55932ac884b0 unref 2->1
0:00:00.195754227 [332m  601[00m 0x55932ac61f20 [37mTRACE  [00m [00;01;31;44m     GST_REFCOUNTING gstminiobject.c:440:gst_mini_object_unref:[00m 0x7f8384005c50 unref 1->0
0:00:00.195774312 [332m  601[00m 0x55932ac822d0 [37mTRACE  [00m [00;01;31;44m     GST_REFCOUNTING gstminiobject.c:360:gst_mini_object_ref:[00m 0x55932ac81640 ref 3->4
0:00:00.195812789 [332m  601[00m 0x55932ac61f20 [37mTRACE  [00m [00;01;31;44m     GST_REFCOUNTING gstminiobject.c:440:gst_mini_object_unref:[00m 0x55932ac61cf0 unref 3->2
0:00:00.195813822 [332m  601[00m 0x55932ac822d0 [37mTRACE  [00m [00;01;31;44m     GST_REFCOUNTING gstobject.c:254:gst_object_ref:<vaapidecode1>[00m 0x55932ac884b0 ref 1->2
0:00:00.195848485 [332m  601[00m 0x55932ac61f20 [37mTRACE  [00m [00;01;31;44m     GST_REFCOUNTING gstminiobject.c:440:gst_mini_object_unref:[00m 0x7f8384005e30 unref 1->0
0:00:00.195871525 [332m  601[00m 0x55932ac822d0 [37mTRACE  [00m [00;01;31;44m     GST_REFCOUNTING gstobject.c:254:gst_object_ref:<pipeline0>[00m 0x55932ac8c1c0 ref 1->2
0:00:00.195895910 [332m  601[00m 0x55932ac61f20 [37mTRACE  [00m [00;01;31;44m     GST_REFCOUNTING gstminiobject.c:440:gst_mini_object_unref:[00m 0x7f8384005d40 unref 1->0
0:00:00.195903021 [332m  601[00m 0x55932ac822d0 [37mTRACE  [00m [00;01;31;44m     GST_REFCOUNTING gstobject.c:280:gst_object_unref:<vaapidecode1>[00m 0x55932ac884b0 unref 2->1
0:00:00.195924191 [332m  601[00m 0x55932ac61f20 [37mTRACE  [00m [00;01;31;44m     GST_REFCOUNTING gstminiobject.c:440:gst_mini_object_unref:[00m 0x7f8384005cf0 unref 1->0
0:00:00.195951473 [332m  601[00m 0x55932ac61f20 [37mTRACE  [00m [00;01;31;44m     GST_REFCOUNTING gstminiobject.c:440:gst_mini_object_unref:[00m 0x7f8384005c00 unref 1->0
0:00:00.195970293 [332m  601[00m 0x55932ac822d0 [37mTRACE  [00m [00;01;31;44m     GST_REFCOUNTING gstminiobject.c:360:gst_mini_object_ref:[00m 0x7f838c0064a0 ref 7->8
0:00:00.195972382 [332m  601[00m 0x55932ac61f20 [37mTRACE  [00m [00;01;31;44m     GST_REFCOUNTING gstminiobject.c:440:gst_mini_object_unref:[00m 0x7f838c006b70 unref 1->0
0:00:00.196002011 [332m  601[00m 0x55932ac822d0 [37mTRACE  [00m [00;01;31;44m     GST_REFCOUNTING gstminiobject.c:360:gst_mini_object_ref:[00m 0x55932aa75f00 ref 1->2
0:00:00.196014122 [332m  601[00m 0x55932ac61f20 [37mTRACE  [00m [00;01;31;44m     GST_REFCOUNTING gstminiobject.c:440:gst_mini_object_unref:[00m 0x7f838c006b70 unref 1->0
0:00:00.196028128 [332m  601[00m 0x55932ac822d0 [37mTRACE  [00m [00;01;31;44m     GST_REFCOUNTING gstminiobject.c:440:gst_mini_object_unref:[00m 0x55932aa75f00 unref 2->1
0:00:00.196036760 [332m  601[00m 0x55932ac61f20 [37mTRACE  [00m [00;01;31;44m     GST_REFCOUNTING gstminiobject.c:440:gst_mini_object_unref:[00m 0x7f8384005c00 unref 1->0
0:00:00.196062522 [332m  601[00m 0x55932ac61f20 [37mTRACE  [00m [00;01;31;44m     GST_REFCOUNTING gstminiobject.c:440:gst_mini_object_unref:[00m 0x7f8384005cf0 unref 1->0
0:00:00.196078666 [332m  601[00m 0x55932ac822d0 [37mTRACE  [00m [00;01;31;44m     GST_REFCOUNTING gstobject.c:254:gst_object_ref:<vaapidecode1:sink>[00m 0x55932ac5aff0 ref 5->6
0:00:00.196083244 [332m  601[00m 0x55932ac61f20 [37mTRACE  [00m [00;01;31;44m     GST_REFCOUNTING gstminiobject.c:440:gst_mini_object_unref:[00m 0x7f8384005d40 unref 1->0
0:00:00.196101165 [332m  601[00m 0x55932ac822d0 [37mTRACE  [00m [00;01;31;44m     GST_REFCOUNTING gstobject.c:254:gst_object_ref:<vaapidecode1>[00m 0x55932ac884b0 ref 1->2
0:00:00.196124340 [332m  601[00m 0x55932ac61f20 [37mTRACE  [00m [00;01;31;44m     GST_REFCOUNTING gstminiobject.c:440:gst_mini_object_unref:[00m 0x7f8384005e30 unref 1->0
0:00:00.196140665 [332m  601[00m 0x55932ac822d0 [37mTRACE  [00m [00;01;31;44m     GST_REFCOUNTING gstobject.c:254:gst_object_ref:<pipeline0>[00m 0x55932ac8c1c0 ref 3->4
0:00:00.196165072 [332m  601[00m 0x55932ac61f20 [37mTRACE  [00m [00;01;31;44m     GST_REFCOUNTING gstminiobject.c:440:gst_mini_object_unref:[00m 0x7f8384005c50 unref 1->0
0:00:00.196183133 [332m  601[00m 0x55932ac822d0 [37mTRACE  [00m [00;01;31;44m     GST_REFCOUNTING gstobject.c:280:gst_object_unref:<pipeline0>[00m 0x55932ac8c1c0 unref 4->3
0:00:00.196204838 [332m  601[00m 0x55932ac61f20 [37mTRACE  [00m [00;01;31;44m     GST_REFCOUNTING gstminiobject.c:440:gst_mini_object_unref:[00m 0x7f8384006000 unref 1->0
0:00:00.196223970 [332m  601[00m 0x55932ac822d0 [37mTRACE  [00m [00;01;31;44m     GST_REFCOUNTING gstobject.c:280:gst_object_unref:<vaapidecode1>[00m 0x55932ac884b0 unref 2->1
0:00:00.196245872 [332m  601[00m 0x55932ac61f20 [37mTRACE  [00m [00;01;31;44m     GST_REFCOUNTING gstminiobject.c:440:gst_mini_object_unref:[00m 0x7f83840060a0 unref 1->0
0:00:00.196275072 [332m  601[00m 0x55932ac822d0 [37mTRACE  [00m [00;01;31;44m     GST_REFCOUNTING gstobject.c:280:gst_object_unref:<vaapidecode1:sink>[00m 0x55932ac5aff0 unref 6->5
0:00:00.196297325 [332m  601[00m 0x55932ac61f20 [37mTRACE  [00m [00;01;31;44m     GST_REFCOUNTING gstminiobject.c:440:gst_mini_object_unref:[00m 0x7f8384005e80 unref 1->0
0:00:00.196334698 [332m  601[00m 0x55932ac61f20 [37mTRACE  [00m [00;01;31;44m     GST_REFCOUNTING gstminiobject.c:440:gst_mini_object_unref:[00m 0x7f8384005ed0 unref 1->0
/GstPipeline:pipeline0/GstVaapiDecode:vaapidecode1.GstPad:sink: caps = "video/x-h264\,\ stream-format\=\(string\)avc\,\ alignment\=\(string\)au\,\ level\=\(string\)4.2\,\ profile\=\(string\)constrained-baseline\,\ codec_data\=\(buffer\)0142c02affe100196742c02ad900780227e584000003000400000300f03c60c92001000468cb8cb2\,\ width\=\(int\)1920\,\ height\=\(int\)1080\,\ framerate\=\(fraction\)30/1\,\ pixel-aspect-ratio\=\(fraction\)1/1"
0:00:00.196355563 [332m  601[00m 0x55932ac61f20 [37mTRACE  [00m [00;01;31;44m     GST_REFCOUNTING gstminiobject.c:440:gst_mini_object_unref:[00m 0x7f8384006050 unref 1->0
0:00:00.196362237 [332m  601[00m 0x55932ac822d0 [37mTRACE  [00m [00;01;31;44m     GST_REFCOUNTING gstminiobject.c:440:gst_mini_object_unref:[00m 0x7f838c0064a0 unref 8->7
0:00:00.196390573 [332m  601[00m 0x55932ac822d0 [37mTRACE  [00m [00;01;31;44m     GST_REFCOUNTING gstobject.c:280:gst_object_unref:<pipeline0>[00m 0x55932ac8c1c0 unref 2->1
0:00:00.196398526 [332m  601[00m 0x55932ac61f20 [37mTRACE  [00m [00;01;31;44m     GST_REFCOUNTING gstminiobject.c:440:gst_mini_object_unref:[00m 0x7f8384005f20 unref 1->0
0:00:00.196427191 [332m  601[00m 0x55932ac822d0 [37mTRACE  [00m [00;01;31;44m     GST_REFCOUNTING gstminiobject.c:440:gst_mini_object_unref:[00m 0x55932ac81640 unref 4->3
0:00:00.196444641 [332m  601[00m 0x55932ac822d0 [37mTRACE  [00m [00;01;31;44m     GST_REFCOUNTING gstobject.c:280:gst_object_unref:<vaapidecode1:sink>[00m 0x55932ac5aff0 unref 3->2
0:00:00.196446639 [332m  601[00m 0x55932ac61f20 [37mTRACE  [00m [00;01;31;44m     GST_REFCOUNTING gstminiobject.c:440:gst_mini_object_unref:[00m 0x7f8384005d90 unref 1->0
0:00:00.196464551 [332m  601[00m 0x55932ac822d0 [37mTRACE  [00m [00;01;31;44m     GST_REFCOUNTING gstminiobject.c:440:gst_mini_object_unref:[00m 0x55932ac81640 unref 3->2
0:00:00.196486789 [332m  601[00m 0x55932ac61f20 [37mTRACE  [00m [00;01;31;44m     GST_REFCOUNTING gstminiobject.c:440:gst_mini_object_unref:[00m 0x7f8384005ca0 unref 2->1
0:00:00.196503303 [332m  601[00m 0x55932ac822d0 [37mTRACE  [00m [00;01;31;44m     GST_REFCOUNTING gstminiobject.c:360:gst_mini_object_ref:[00m 0x55932ac81720 ref 2->3
0:00:00.196539166 [332m  601[00m 0x55932ac61f20 [37mTRACE  [00m [00;01;31;44m     GST_REFCOUNTING gstminiobject.c:360:gst_mini_object_ref:[00m 0x7f838c003b30 ref 1->2
0:00:00.196556340 [332m  601[00m 0x55932ac822d0 [37mTRACE  [00m [00;01;31;44m     GST_REFCOUNTING gstminiobject.c:360:gst_mini_object_ref:[00m 0x55932ac81720 ref 3->4
0:00:00.196579880 [332m  601[00m 0x55932ac61f20 [37mTRACE  [00m [00;01;31;44m     GST_REFCOUNTING gstminiobject.c:440:gst_mini_object_unref:[00m 0x7f8384005f20 unref 1->0
0:00:00.196598040 [332m  601[00m 0x55932ac822d0 [37mTRACE  [00m [00;01;31;44m     GST_REFCOUNTING gstobject.c:254:gst_object_ref:<vaapidecode1:sink>[00m 0x55932ac5aff0 ref 2->3
0:00:00.196619935 [332m  601[00m 0x55932ac61f20 [37mTRACE  [00m [00;01;31;44m     GST_REFCOUNTING gstminiobject.c:495:gst_mini_object_replace:[00m replace 0x7f8384005de0 (1) with (nil) (0)
0:00:00.196638366 [332m  601[00m 0x55932ac822d0 [37mTRACE  [00m [00;01;31;44m     GST_REFCOUNTING gstobject.c:254:gst_object_ref:<vaapidecode1>[00m 0x55932ac884b0 ref 1->2
0:00:00.196655498 [332m  601[00m 0x55932ac61f20 [37mTRACE  [00m [00;01;31;44m     GST_REFCOUNTING gstminiobject.c:440:gst_mini_object_unref:[00m 0x7f8384005de0 unref 1->0
0:00:00.196689045 [332m  601[00m 0x55932ac822d0 [37mTRACE  [00m [00;01;31;44m     GST_REFCOUNTING gstminiobject.c:360:gst_mini_object_ref:[00m 0x55932ac81720 ref 4->5
0:00:00.196725005 [332m  601[00m 0x55932ac61f20 [37mTRACE  [00m [00;01;31;44m     GST_REFCOUNTING gstminiobject.c:360:gst_mini_object_ref:[00m 0x7f838c004540 ref 1->2
0:00:00.196728798 [332m  601[00m 0x55932ac822d0 [37mTRACE  [00m [00;01;31;44m     GST_REFCOUNTING gstobject.c:280:gst_object_unref:<vaapidecode1>[00m 0x55932ac884b0 unref 2->1
0:00:00.196753352 [332m  601[00m 0x55932ac61f20 [37mTRACE  [00m [00;01;31;44m     GST_REFCOUNTING gstminiobject.c:440:gst_mini_object_unref:[00m 0x7f838c004540 unref 2->1
0:00:00.196712899 [332m  601[00m 0x55932ac61f20 [37mDEBUG  [00m [00m         vaapidecode gstvaapidecode.c:1028:gst_vaapidecode_sink_getcaps:<vaapidecode0>[00m Returning sink caps video/x-h264, width=(int)1920, height=(int)1080, framerate=(fraction)30/1, pixel-aspect-ratio=(fraction)1/1, profile=(string)constrained-baseline, stream-format=(string)avc, alignment=(string)au, level=(string)4.2, codec_data=(buffer)0142c02affe100196742c02ad900780227e584000003000400000300f03c60c92001000468cb8cb2
0:00:00.196780719 [332m  601[00m 0x55932ac822d0 [37mTRACE  [00m [00;01;31;44m     GST_REFCOUNTING gstminiobject.c:360:gst_mini_object_ref:[00m 0x55932ac81720 ref 5->6
0:00:00.196795093 [332m  601[00m 0x55932ac61f20 [37mTRACE  [00m [00;01;31;44m     GST_REFCOUNTING gstminiobject.c:360:gst_mini_object_ref:[00m 0x7f8384006050 ref 1->2
0:00:00.196814436 [332m  601[00m 0x55932ac822d0 [37mTRACE  [00m [00;01;31;44m     GST_REFCOUNTING gstminiobject.c:440:gst_mini_object_unref:[00m 0x55932ac81720 unref 6->5
0:00:00.196834057 [332m  601[00m 0x55932ac61f20 [37mTRACE  [00m [00;01;31;44m     GST_REFCOUNTING gstminiobject.c:440:gst_mini_object_unref:[00m 0x7f8384006050 unref 2->1
0:00:00.196854612 [332m  601[00m 0x55932ac822d0 [37mTRACE  [00m [00;01;31;44m     GST_REFCOUNTING gstobject.c:280:gst_object_unref:<vaapidecode1:sink>[00m 0x55932ac5aff0 unref 3->2
0:00:00.196873623 [332m  601[00m 0x55932ac61f20 [37mTRACE  [00m [00;01;31;44m     GST_REFCOUNTING gstobject.c:280:gst_object_unref:<vaapidecode0>[00m 0x55932ac7d9a0 unref 4->3
0:00:00.196891395 [332m  601[00m 0x55932ac822d0 [37mTRACE  [00m [00;01;31;44m     GST_REFCOUNTING gstminiobject.c:440:gst_mini_object_unref:[00m 0x55932ac81720 unref 5->4
0:00:00.196911837 [332m  601[00m 0x55932ac61f20 [37mTRACE  [00m [00;01;31;44m     GST_REFCOUNTING gstminiobject.c:360:gst_mini_object_ref:[00m 0x7f8384006050 ref 1->2
0:00:00.196930135 [332m  601[00m 0x55932ac822d0 [37mTRACE  [00m [00;01;31;44m     GST_REFCOUNTING gstminiobject.c:440:gst_mini_object_unref:[00m 0x55932ac81720 unref 4->3
0:00:00.196949113 [332m  601[00m 0x55932ac61f20 [37mTRACE  [00m [00;01;31;44m     GST_REFCOUNTING gstminiobject.c:440:gst_mini_object_unref:[00m 0x7f83840060f0 unref 1->0
0:00:00.196977071 [332m  601[00m 0x55932ac822d0 [37mTRACE  [00m [00;01;31;44m     GST_REFCOUNTING gstminiobject.c:360:gst_mini_object_ref:[00m 0x7f838c005c80 ref 1->2
0:00:00.196999409 [332m  601[00m 0x55932ac822d0 [37mTRACE  [00m [00;01;31;44m     GST_REFCOUNTING gstminiobject.c:360:gst_mini_object_ref:[00m 0x55932ac815d0 ref 4->5
0:00:00.197005689 [332m  601[00m 0x55932ac61f20 [37mTRACE  [00m [00;01;31;44m     GST_REFCOUNTING gstminiobject.c:440:gst_mini_object_unref:[00m 0x7f838c006b20 unref 4->3
0:00:00.197019708 [332m  601[00m 0x55932ac822d0 [37mTRACE  [00m [00;01;31;44m     GST_REFCOUNTING gstminiobject.c:440:gst_mini_object_unref:[00m 0x55932ac815d0 unref 5->4
0:00:00.197039542 [332m  601[00m 0x55932ac61f20 [37mTRACE  [00m [00;01;31;44m     GST_REFCOUNTING gstminiobject.c:440:gst_mini_object_unref:[00m 0x7f8384006050 unref 2->1
0:00:00.197057853 [332m  601[00m 0x55932ac822d0 [37mTRACE  [00m [00;01;31;44m     GST_REFCOUNTING gstminiobject.c:360:gst_mini_object_ref:[00m 0x55932ac81640 ref 2->3
0:00:00.197082363 [332m  601[00m 0x55932ac61f20 [37mTRACE  [00m [00;01;31;44m     GST_REFCOUNTING gstminiobject.c:440:gst_mini_object_unref:[00m 0x7f8384006050 unref 1->0
0:00:00.197108520 [332m  601[00m 0x55932ac822d0 [37mTRACE  [00m [00;01;31;44m     GST_REFCOUNTING gstminiobject.c:440:gst_mini_object_unref:[00m 0x55932ac81640 unref 3->2
0:00:00.197129434 [332m  601[00m 0x55932ac61f20 [37mTRACE  [00m [00;01;31;44m     GST_REFCOUNTING gstminiobject.c:440:gst_mini_object_unref:[00m 0x7f838c003b30 unref 2->1
0:00:00.197148215 [332m  601[00m 0x55932ac822d0 [37mTRACE  [00m [00;01;31;44m     GST_REFCOUNTING gstminiobject.c:360:gst_mini_object_ref:[00m 0x55932ac81720 ref 3->4
0:00:00.197171519 [332m  601[00m 0x55932ac61f20 [37mTRACE  [00m [00;01;31;44m     GST_REFCOUNTING gstobject.c:280:gst_object_unref:<vaapidecode0>[00m 0x55932ac7d9a0 unref 3->2
0:00:00.197187279 [332m  601[00m 0x55932ac822d0 [37mTRACE  [00m [00;01;31;44m     GST_REFCOUNTING gstminiobject.c:440:gst_mini_object_unref:[00m 0x55932ac81720 unref 4->3
0:00:00.197209115 [332m  601[00m 0x55932ac61f20 [37mTRACE  [00m [00;01;31;44m     GST_REFCOUNTING gstminiobject.c:440:gst_mini_object_unref:[00m 0x7f8384005f70 unref 1->0
0:00:00.197226252 [332m  601[00m 0x55932ac822d0 [37mTRACE  [00m [00;01;31;44m     GST_REFCOUNTING gstminiobject.c:360:gst_mini_object_ref:[00m 0x7f838c005c80 ref 2->3
0:00:00.197246258 [332m  601[00m 0x55932ac61f20 [37mTRACE  [00m [00;01;31;44m     GST_REFCOUNTING gstminiobject.c:440:gst_mini_object_unref:[00m 0x7f838c006b20 unref 3->2
0:00:00.197264925 [332m  601[00m 0x55932ac822d0 [37mTRACE  [00m [00;01;31;44m     GST_REFCOUNTING gstminiobject.c:360:gst_mini_object_ref:[00m 0x7f838c005c80 ref 3->4
0:00:00.197285633 [332m  601[00m 0x55932ac61f20 [37mTRACE  [00m [00;01;31;44m     GST_REFCOUNTING gstminiobject.c:360:gst_mini_object_ref:[00m 0x7f838c012d70 ref 3->4
0:00:00.197304538 [332m  601[00m 0x55932ac822d0 [37mTRACE  [00m [00;01;31;44m     GST_REFCOUNTING gstobject.c:254:gst_object_ref:<vaapidecode1:sink>[00m 0x55932ac5aff0 ref 2->3
0:00:00.197331719 [332m  601[00m 0x55932ac61f20 [37mTRACE  [00m [00;01;31;44m     GST_REFCOUNTING gstminiobject.c:360:gst_mini_object_ref:[00m 0x7f838c006b20 ref 2->3
0:00:00.197339742 [332m  601[00m 0x55932ac822d0 [37mTRACE  [00m [00;01;31;44m     GST_REFCOUNTING gstobject.c:254:gst_object_ref:<vaapidecode1>[00m 0x55932ac884b0 ref 1->2
0:00:00.197355960 [332m  601[00m 0x55932ac61f20 [37mTRACE  [00m [00;01;31;44m     GST_REFCOUNTING gstminiobject.c:360:gst_mini_object_ref:[00m 0x7f838c003b30 ref 1->2
0:00:00.197372534 [332m  601[00m 0x55932ac822d0 [37mTRACE  [00m [00;01;31;44m     GST_REFCOUNTING gstminiobject.c:360:gst_mini_object_ref:[00m 0x7f838c005c80 ref 4->5
0:00:00.197396335 [332m  601[00m 0x55932ac61f20 [37mTRACE  [00m [00;01;31;44m     GST_REFCOUNTING gstminiobject.c:360:gst_mini_object_ref:[00m 0x7f838c003b30 ref 2->3
0:00:00.197412689 [332m  601[00m 0x55932ac822d0 [37mTRACE  [00m [00;01;31;44m     GST_REFCOUNTING gstminiobject.c:360:gst_mini_object_ref:[00m 0x7f838c006450 ref 1->2
0:00:00.197438356 [332m  601[00m 0x55932ac61f20 [37mTRACE  [00m [00;01;31;44m     GST_REFCOUNTING gstobject.c:254:gst_object_ref:<allocatorsysmem0>[00m 0x55932aa75850 ref 8->9
0:00:00.197452528 [332m  601[00m 0x55932ac822d0 [37mTRACE  [00m [00;01;31;44m     GST_REFCOUNTING gstminiobject.c:440:gst_mini_object_unref:[00m 0x7f838c005c80 unref 5->4
0:00:00.197481321 [332m  601[00m 0x55932ac61f20 [37mTRACE  [00m [00;01;31;44m     GST_REFCOUNTING gstminiobject.c:360:gst_mini_object_ref:[00m 0x7f838c004540 ref 1->2
0:00:00.197491541 [332m  601[00m 0x55932ac822d0 [37mTRACE  [00m [00;01;31;44m     GST_REFCOUNTING gstminiobject.c:440:gst_mini_object_unref:[00m 0x7f838c006720 unref 1->0
0:00:00.197505015 [332m  601[00m 0x55932ac61f20 [37mTRACE  [00m [00;01;31;44m     GST_REFCOUNTING gstminiobject.c:440:gst_mini_object_unref:[00m 0x7f838c004540 unref 2->1
0:00:00.197512736 [332m  601[00m 0x55932ac822d0 [37mTRACE  [00m [00;01;31;44m     GST_REFCOUNTING gstobject.c:280:gst_object_unref:<vaapidecode1>[00m 0x55932ac884b0 unref 2->1
0:00:00.197474981 [332m  601[00m 0x55932ac61f20 [36mINFO   [00m [00m         vaapidecode gstvaapidecode.c:206:gst_vaapidecode_update_sink_caps:<vaapidecode0>[00m new sink caps = video/x-h264, stream-format=(string)avc, alignment=(string)au, level=(string)4.2, profile=(string)constrained-baseline, codec_data=(buffer)0142c02affe100196742c02ad900780227e584000003000400000300f03c60c92001000468cb8cb2, width=(int)1920, height=(int)1080, framerate=(fraction)30/1, pixel-aspect-ratio=(fraction)1/1
0:00:00.197569263 [332m  601[00m 0x55932ac822d0 [37mTRACE  [00m [00;01;31;44m     GST_REFCOUNTING gstminiobject.c:360:gst_mini_object_ref:[00m 0x7f838c005c80 ref 4->5
0:00:00.197589232 [332m  601[00m 0x55932ac61f20 [37mTRACE  [00m [00;01;31;44m     GST_REFCOUNTING gstminiobject.c:495:gst_mini_object_replace:[00m replace (nil) (0) with 0x7f838c006b20 (3)
0:00:00.197608524 [332m  601[00m 0x55932ac822d0 [37mTRACE  [00m [00;01;31;44m     GST_REFCOUNTING gstminiobject.c:440:gst_mini_object_unref:[00m 0x7f838c005c80 unref 5->4
0:00:00.197627686 [332m  601[00m 0x55932ac61f20 [37mTRACE  [00m [00;01;31;44m     GST_REFCOUNTING gstminiobject.c:360:gst_mini_object_ref:[00m 0x7f838c006b20 ref 3->4
0:00:00.197649305 [332m  601[00m 0x55932ac822d0 [37mTRACE  [00m [00;01;31;44m     GST_REFCOUNTING gstobject.c:280:gst_object_unref:<vaapidecode1:sink>[00m 0x55932ac5aff0 unref 3->2
0:00:00.197666624 [332m  601[00m 0x55932ac61f20 [37mTRACE  [00m [00;01;31;44m     GST_REFCOUNTING gstminiobject.c:495:gst_mini_object_replace:[00m replace (nil) (0) with 0x7f838c006b20 (4)
0:00:00.197685968 [332m  601[00m 0x55932ac822d0 [37mTRACE  [00m [00;01;31;44m     GST_REFCOUNTING gstminiobject.c:440:gst_mini_object_unref:[00m 0x7f838c005c80 unref 4->3
0:00:00.197704428 [332m  601[00m 0x55932ac61f20 [37mTRACE  [00m [00;01;31;44m     GST_REFCOUNTING gstminiobject.c:360:gst_mini_object_ref:[00m 0x7f838c006b20 ref 4->5
0:00:00.197723756 [332m  601[00m 0x55932ac822d0 [37mTRACE  [00m [00;01;31;44m     GST_REFCOUNTING gstminiobject.c:440:gst_mini_object_unref:[00m 0x7f838c005c80 unref 3->2
0:00:00.197758663 [332m  601[00m 0x55932ac822d0 [37mTRACE  [00m [00;01;31;44m     GST_REFCOUNTING gstminiobject.c:360:gst_mini_object_ref:[00m 0x7f838c006400 ref 1->2
0:00:00.197760612 [332m  601[00m 0x55932ac61f20 [37mTRACE  [00m [00;01;31;44m     GST_REFCOUNTING gstobject.c:221:gst_object_init:<GstObject@0x7f838c01cf30>[00m 0x7f838c01cf30 new
0:00:00.197781893 [332m  601[00m 0x55932ac822d0 [37mTRACE  [00m [00;01;31;44m     GST_REFCOUNTING gstminiobject.c:360:gst_mini_object_ref:[00m 0x7f838c005d60 ref 1->2
0:00:00.197814058 [332m  601[00m 0x55932ac822d0 [37mTRACE  [00m [00;01;31;44m     GST_REFCOUNTING gstminiobject.c:360:gst_mini_object_ref:[00m 0x55932ac815d0 ref 4->5
0:00:00.197828151 [332m  601[00m 0x55932ac822d0 [37mTRACE  [00m [00;01;31;44m     GST_REFCOUNTING gstminiobject.c:440:gst_mini_object_unref:[00m 0x55932ac815d0 unref 5->4
0:00:00.197841474 [332m  601[00m 0x55932ac822d0 [37mTRACE  [00m [00;01;31;44m     GST_REFCOUNTING gstminiobject.c:360:gst_mini_object_ref:[00m 0x55932ac81640 ref 2->3
0:00:00.197854622 [332m  601[00m 0x55932ac822d0 [37mTRACE  [00m [00;01;31;44m     GST_REFCOUNTING gstminiobject.c:440:gst_mini_object_unref:[00m 0x55932ac81640 unref 3->2
0:00:00.197873159 [332m  601[00m 0x55932ac822d0 [37mTRACE  [00m [00;01;31;44m     GST_REFCOUNTING gstminiobject.c:360:gst_mini_object_ref:[00m 0x55932ac81720 ref 3->4
0:00:00.197858460 [332m  601[00m 0x55932ac61f20 [37mDEBUG  [00m [00m         vaapidecode gstvaapipluginbase.c:452:ensure_sinkpad_buffer_pool:[00m assume video buffer pool format is NV12
0:00:00.197892316 [332m  601[00m 0x55932ac822d0 [37mTRACE  [00m [00;01;31;44m     GST_REFCOUNTING gstminiobject.c:440:gst_mini_object_unref:[00m 0x55932ac81720 unref 4->3
0:00:00.197919579 [332m  601[00m 0x55932ac61f20 [37mTRACE  [00m [00;01;31;44m     GST_REFCOUNTING gstminiobject.c:360:gst_mini_object_ref:[00m 0x7f838c006b20 ref 5->6
0:00:00.197944663 [332m  601[00m 0x55932ac822d0 [37mTRACE  [00m [00;01;31;44m     GST_REFCOUNTING gstminiobject.c:360:gst_mini_object_ref:[00m 0x7f838c005c80 ref 2->3
0:00:00.197980600 [332m  601[00m 0x55932ac61f20 [37mTRACE  [00m [00;01;31;44m     GST_REFCOUNTING gstobject.c:221:gst_object_init:<GstObject@0x7f838c020ab0>[00m 0x7f838c020ab0 new
0:00:00.197979910 [332m  601[00m 0x55932ac822d0 [37mTRACE  [00m [00;01;31;44m     GST_REFCOUNTING gstminiobject.c:440:gst_mini_object_unref:[00m 0x7f838c005c80 unref 3->2
0:00:00.198010872 [332m  601[00m 0x55932ac61f20 [37mDEBUG  [00m [00m               vaapi gstvaapiimage.c:248:gst_vaapi_image_new:[00m format I420, size 1920x1080
0:00:00.198014921 [332m  601[00m 0x55932ac822d0 [37mTRACE  [00m [00;01;31;44m     GST_REFCOUNTING gstminiobject.c:360:gst_mini_object_ref:[00m 0x7f838c005d60 ref 2->3
0:00:00.198047007 [332m  601[00m 0x55932ac822d0 [37mTRACE  [00m [00;01;31;44m     GST_REFCOUNTING gstminiobject.c:360:gst_mini_object_ref:[00m 0x7f838c005d60 ref 3->4
0:00:00.198061777 [332m  601[00m 0x55932ac61f20 [37mDEBUG  [00m [00m               vaapi gstvaapiimage.c:201:gst_vaapi_image_create:[00m image 0xa000000
0:00:00.198062339 [332m  601[00m 0x55932ac822d0 [37mTRACE  [00m [00;01;31;44m     GST_REFCOUNTING gstobject.c:254:gst_object_ref:<vaapidecode1:sink>[00m 0x55932ac5aff0 ref 2->3
0:00:00.198098532 [332m  601[00m 0x55932ac822d0 [37mTRACE  [00m [00;01;31;44m     GST_REFCOUNTING gstobject.c:254:gst_object_ref:<vaapidecode1>[00m 0x55932ac884b0 ref 1->2
0:00:00.198103354 [332m  601[00m 0x55932ac61f20 [37mDEBUG  [00m [00m               vaapi gstvaapiimage.c:115:gst_vaapi_image_destroy:[00m image 0xa000000
0:00:00.198118078 [332m  601[00m 0x55932ac822d0 [37mTRACE  [00m [00;01;31;44m     GST_REFCOUNTING gstminiobject.c:360:gst_mini_object_ref:[00m 0x7f838c005d60 ref 4->5
0:00:00.198155837 [332m  601[00m 0x55932ac822d0 [37mTRACE  [00m [00;01;31;44m     GST_REFCOUNTING gstobject.c:280:gst_object_unref:<vaapidecode1>[00m 0x55932ac884b0 unref 2->1
0:00:00.198171206 [332m  601[00m 0x55932ac822d0 [37mTRACE  [00m [00;01;31;44m     GST_REFCOUNTING gstminiobject.c:360:gst_mini_object_ref:[00m 0x7f838c005d60 ref 5->6
0:00:00.198185857 [332m  601[00m 0x55932ac822d0 [37mTRACE  [00m [00;01;31;44m     GST_REFCOUNTING gstminiobject.c:440:gst_mini_object_unref:[00m 0x7f838c005d60 unref 6->5
0:00:00.198183376 [332m  601[00m 0x55932ac61f20 [37mTRACE  [00m [00;01;31;44m     GST_REFCOUNTING gstobject.c:337:gst_object_replace:[00m replace (nil) (NONE) (0) with 0x7f838c020ab0 vaapivideoallocator1 (1)
0:00:00.198206098 [332m  601[00m 0x55932ac822d0 [37mTRACE  [00m [00;01;31;44m     GST_REFCOUNTING gstobject.c:280:gst_object_unref:<vaapidecode1:sink>[00m 0x55932ac5aff0 unref 3->2
0:00:00.198226710 [332m  601[00m 0x55932ac61f20 [37mTRACE  [00m [00;01;31;44m     GST_REFCOUNTING gstobject.c:254:gst_object_ref:<vaapivideoallocator1>[00m 0x7f838c020ab0 ref 1->2
0:00:00.198244347 [332m  601[00m 0x55932ac822d0 [37mTRACE  [00m [00;01;31;44m     GST_REFCOUNTING gstminiobject.c:440:gst_mini_object_unref:[00m 0x7f838c005d60 unref 5->4
0:00:00.198264032 [332m  601[00m 0x55932ac61f20 [37mTRACE  [00m [00;01;31;44m     GST_REFCOUNTING gstobject.c:280:gst_object_unref:<vaapivideoallocator1>[00m 0x7f838c020ab0 unref 2->1
0:00:00.198281165 [332m  601[00m 0x55932ac822d0 [37mTRACE  [00m [00;01;31;44m     GST_REFCOUNTING gstminiobject.c:440:gst_mini_object_unref:[00m 0x7f838c005d60 unref 4->3
0:00:00.198307987 [332m  601[00m 0x55932ac61f20 [37mTRACE  [00m [00;01;31;44m     GST_REFCOUNTING gstminiobject.c:495:gst_mini_object_replace:[00m replace (nil) (0) with (nil) (0)
0:00:00.198327234 [332m  601[00m 0x55932ac61f20 [37mTRACE  [00m [00;01;31;44m     GST_REFCOUNTING gstobject.c:254:gst_object_ref:<vaapidecode0>[00m 0x55932ac7d9a0 ref 2->3
0:00:00.198327158 [332m  601[00m 0x55932ac822d0 [37mTRACE  [00m [00;01;31;44m     GST_REFCOUNTING gstobject.c:254:gst_object_ref:<filesrc1:src>[00m 0x55932ac5ab70 ref 1->2
0:00:00.198363145 [332m  601[00m 0x55932ac61f20 [37mTRACE  [00m [00;01;31;44m     GST_REFCOUNTING gstobject.c:280:gst_object_unref:<vaapidecode0>[00m 0x55932ac7d9a0 unref 3->2
0:00:00.198382217 [332m  601[00m 0x55932ac822d0 [37mTRACE  [00m [00;01;31;44m     GST_REFCOUNTING gstobject.c:254:gst_object_ref:<filesrc1>[00m 0x55932ac58490 ref 1->2
0:00:00.198407109 [332m  601[00m 0x55932ac61f20 [37mTRACE  [00m [00;01;31;44m     GST_REFCOUNTING gstminiobject.c:440:gst_mini_object_unref:[00m 0x7f83840060a0 unref 1->0
0:00:00.198427395 [332m  601[00m 0x55932ac61f20 [37mTRACE  [00m [00;01;31;44m     GST_REFCOUNTING gstminiobject.c:440:gst_mini_object_unref:[00m 0x7f8384006000 unref 1->0
0:00:00.198434153 [332m  601[00m 0x55932ac822d0 [37mTRACE  [00m [00;01;31;44m     GST_REFCOUNTING gstobject.c:254:gst_object_ref:<allocatorsysmem0>[00m 0x55932aa75850 ref 9->10
0:00:00.198462053 [332m  601[00m 0x55932ac822d0 [37mTRACE  [00m [00;01;31;44m     GST_REFCOUNTING gstminiobject.c:360:gst_mini_object_ref:[00m 0x7f838c025ee0 ref 1->2
0:00:00.198483785 [332m  601[00m 0x55932ac61f20 [37mTRACE  [00m [00;01;31;44m     GST_REFCOUNTING gstminiobject.c:440:gst_mini_object_unref:[00m 0x7f8384005c50 unref 1->0
0:00:00.198504212 [332m  601[00m 0x55932ac61f20 [37mTRACE  [00m [00;01;31;44m     GST_REFCOUNTING gstminiobject.c:440:gst_mini_object_unref:[00m 0x7f8384005e30 unref 1->0
0:00:00.198547167 [332m  601[00m 0x55932ac61f20 [37mTRACE  [00m [00;01;31;44m     GST_REFCOUNTING gstminiobject.c:360:gst_mini_object_ref:[00m 0x7f838c003b30 ref 3->4
0:00:00.198570312 [332m  601[00m 0x55932ac61f20 [37mTRACE  [00m [00;01;31;44m     GST_REFCOUNTING gstminiobject.c:495:gst_mini_object_replace:[00m replace (nil) (0) with 0x7f838c003b30 (4)
0:00:00.198586210 [332m  601[00m 0x55932ac61f20 [37mTRACE  [00m [00;01;31;44m     GST_REFCOUNTING gstminiobject.c:360:gst_mini_object_ref:[00m 0x7f838c003b30 ref 4->5
0:00:00.198603853 [332m  601[00m 0x55932ac61f20 [37mTRACE  [00m [00;01;31;44m     GST_REFCOUNTING gstminiobject.c:360:gst_mini_object_ref:[00m 0x7f838c006b20 ref 6->7
0:00:00.198619510 [332m  601[00m 0x55932ac61f20 [37mTRACE  [00m [00;01;31;44m     GST_REFCOUNTING gstminiobject.c:440:gst_mini_object_unref:[00m 0x7f838c012d70 unref 4->3
0:00:00.198627142 [332m  601[00m 0x55932ac822d0 [37mTRACE  [00m [00;01;31;44m     GST_REFCOUNTING gstminiobject.c:440:gst_mini_object_unref:[00m 0x7f838c025ee0 unref 2->1
0:00:00.198636603 [332m  601[00m 0x55932ac61f20 [37mTRACE  [00m [00;01;31;44m     GST_REFCOUNTING gstobject.c:280:gst_object_unref:<vaapidecode0>[00m 0x55932ac7d9a0 unref 2->1
0:00:00.198663384 [332m  601[00m 0x55932ac822d0 [37mTRACE  [00m [00;01;31;44m     GST_REFCOUNTING gstobject.c:280:gst_object_unref:<filesrc1>[00m 0x55932ac58490 unref 2->1
0:00:00.198683102 [332m  601[00m 0x55932ac61f20 [37mTRACE  [00m [00;01;31;44m     GST_REFCOUNTING gstminiobject.c:360:gst_mini_object_ref:[00m 0x7f838c012d70 ref 3->4
0:00:00.198703626 [332m  601[00m 0x55932ac822d0 [37mTRACE  [00m [00;01;31;44m     GST_REFCOUNTING gstobject.c:280:gst_object_unref:<filesrc1:src>[00m 0x55932ac5ab70 unref 2->1
0:00:00.198729030 [332m  601[00m 0x55932ac61f20 [37mTRACE  [00m [00;01;31;44m     GST_REFCOUNTING gstobject.c:254:gst_object_ref:<vaapidecode0>[00m 0x55932ac7d9a0 ref 1->2
0:00:00.198742733 [332m  601[00m 0x55932ac822d0 [37mTRACE  [00m [00;01;31;44m     GST_REFCOUNTING gstobject.c:254:gst_object_ref:<vaapidecode1:sink>[00m 0x55932ac5aff0 ref 2->3
0:00:00.198748640 [332m  601[00m 0x55932ac61f20 [37mTRACE  [00m [00;01;31;44m     GST_REFCOUNTING gstobject.c:254:gst_object_ref:<pipeline0>[00m 0x55932ac8c1c0 ref 1->2
0:00:00.198765842 [332m  601[00m 0x55932ac822d0 [37mTRACE  [00m [00;01;31;44m     GST_REFCOUNTING gstobject.c:254:gst_object_ref:<vaapidecode1>[00m 0x55932ac884b0 ref 1->2
0:00:00.198784071 [332m  601[00m 0x55932ac61f20 [37mTRACE  [00m [00;01;31;44m     GST_REFCOUNTING gstobject.c:280:gst_object_unref:<vaapidecode0>[00m 0x55932ac7d9a0 unref 2->1
0:00:00.198861411 [332m  601[00m 0x55932ac61f20 [37mTRACE  [00m [00;01;31;44m     GST_REFCOUNTING gstminiobject.c:360:gst_mini_object_ref:[00m 0x7f838c006b20 ref 7->8
0:00:00.198889536 [332m  601[00m 0x55932ac61f20 [37mTRACE  [00m [00;01;31;44m     GST_REFCOUNTING gstminiobject.c:360:gst_mini_object_ref:[00m 0x7f838c004540 ref 1->2
0:00:00.198913710 [332m  601[00m 0x55932ac61f20 [37mTRACE  [00m [00;01;31;44m     GST_REFCOUNTING gstminiobject.c:440:gst_mini_object_unref:[00m 0x7f838c004540 unref 2->1
0:00:00.198944975 [332m  601[00m 0x55932ac61f20 [37mTRACE  [00m [00;01;31;44m     GST_REFCOUNTING gstobject.c:254:gst_object_ref:<vaapidecode0:sink>[00m 0x55932ac5a4b0 ref 5->6
0:00:00.198961554 [332m  601[00m 0x55932ac61f20 [37mTRACE  [00m [00;01;31;44m     GST_REFCOUNTING gstobject.c:254:gst_object_ref:<vaapidecode0>[00m 0x55932ac7d9a0 ref 1->2
0:00:00.198976571 [332m  601[00m 0x55932ac61f20 [37mTRACE  [00m [00;01;31;44m     GST_REFCOUNTING gstobject.c:254:gst_object_ref:<pipeline0>[00m 0x55932ac8c1c0 ref 3->4
0:00:00.198993546 [332m  601[00m 0x55932ac61f20 [37mTRACE  [00m [00;01;31;44m     GST_REFCOUNTING gstobject.c:280:gst_object_unref:<pipeline0>[00m 0x55932ac8c1c0 unref 4->3
0:00:00.198995962 [332m  601[00m 0x55932ac822d0 [37mTRACE  [00m [00;01;31;44m     GST_REFCOUNTING gstminiobject.c:360:gst_mini_object_ref:[00m 0x55932aa75f00 ref 1->2
0:00:00.199021751 [332m  601[00m 0x55932ac61f20 [37mTRACE  [00m [00;01;31;44m     GST_REFCOUNTING gstobject.c:280:gst_object_unref:<vaapidecode0>[00m 0x55932ac7d9a0 unref 2->1
0:00:00.199052490 [332m  601[00m 0x55932ac822d0 [37mDEBUG  [00m [00m               vaapi gstvaapidecoder_h264.c:1649:parse_sps:[00m parse SPS
0:00:00.199059005 [332m  601[00m 0x55932ac61f20 [37mTRACE  [00m [00;01;31;44m     GST_REFCOUNTING gstobject.c:280:gst_object_unref:<vaapidecode0:sink>[00m 0x55932ac5a4b0 unref 6->5
0:00:00.199091438 [332m  601[00m 0x55932ac822d0 [37mDEBUG  [00m [00m               vaapi gstvaapidecoder_h264.c:1803:decode_sps:[00m decode SPS
0:00:00.199106636 [332m  601[00m 0x55932ac822d0 [37mDEBUG  [00m [00m               vaapi gstvaapidecoder_h264.c:1696:parse_pps:[00m parse PPS
0:00:00.199120408 [332m  601[00m 0x55932ac822d0 [37mDEBUG  [00m [00m               vaapi gstvaapidecoder_h264.c:1829:decode_pps:[00m decode PPS
