0:00:00.452332783 [332m  601[00m 0x55932ac822d0 [37mTRACE  [00m [00;01;31;44m     GST_REFCOUNTING gstobject.c:254:gst_object_ref:<filesrc1>[00m 0x55932ac58490 ref 1->2
0:00:00.452370913 [332m  601[00m 0x55932ac61f20 [37mTRACE  [00m [00;01;31;44m     GST_REFCOUNTING gstminiobject.c:360:gst_mini_object_ref:[00m 0x7f838c08f250 ref 0->1
0:00:00.452431526 [332m  601[00m 0x55932ac822d0 [37mTRACE  [00m [00;01;31;44m     GST_REFCOUNTING gstobject.c:254:gst_object_ref:<allocatorsysmem0>[00m 0x55932aa75850 ref 15->16
0:00:00.452490258 [332m  601[00m 0x55932ac822d0 [37mTRACE  [00m [00;01;31;44m     GST_REFCOUNTING gstminiobject.c:360:gst_mini_object_ref:[00m 0x7f838c0af4a0 ref 1->2
0:00:00.452506812 [332m  601[00m 0x55932ac61f20 [37mTRACE  [00m [00;01;31;44m     GST_REFCOUNTING gstobject.c:280:gst_object_unref:<vaapivideobufferpool7>[00m 0x7f838c01d860 unref 5->4
0:00:00.452629662 [332m  601[00m 0x55932ac61f20 [37mTRACE  [00m [00;01;31;44m     GST_REFCOUNTING gstobject.c:280:gst_object_unref:<vaapidecode0>[00m 0x55932ac7d9a0 unref 4->3
0:00:00.452680701 [332m  601[00m 0x55932ac61f20 [37mTRACE  [00m [00;01;31;44m     GST_REFCOUNTING gstobject.c:280:gst_object_unref:<vaapidecode0>[00m 0x55932ac7d9a0 unref 3->2
0:00:00.452682945 [332m  601[00m 0x55932ac822d0 [37mTRACE  [00m [00;01;31;44m     GST_REFCOUNTING gstminiobject.c:440:gst_mini_object_unref:[00m 0x7f838c0af4a0 unref 2->1
0:00:00.452728340 [332m  601[00m 0x55932ac61f20 [37mTRACE  [00m [00;01;31;44m     GST_REFCOUNTING gstobject.c:280:gst_object_unref:<vaapidecode0:sink>[00m 0x55932ac5a4b0 unref 3->2
0:00:00.452771872 [332m  601[00m 0x55932ac822d0 [37mTRACE  [00m [00;01;31;44m     GST_REFCOUNTING gstobject.c:254:gst_object_ref:<GstSystemClock>[00m 0x55932acb2130 ref 10->11
0:00:00.452816509 [332m  601[00m 0x55932ac61f20 [37mTRACE  [00m [00;01;31;44m     GST_REFCOUNTING gstobject.c:280:gst_object_unref:<qtdemux0>[00m 0x55932ac66600 unref 2->1
0:00:00.452852698 [332m  601[00m 0x55932ac822d0 [37mTRACE  [00m [00;01;31;44m     GST_REFCOUNTING gstobject.c:280:gst_object_unref:<GstSystemClock>[00m 0x55932acb2130 unref 11->10
0:00:00.452891623 [332m  601[00m 0x55932ac61f20 [37mTRACE  [00m [00;01;31;44m     GST_REFCOUNTING gstobject.c:254:gst_object_ref:<qtdemux0>[00m 0x55932ac66600 ref 1->2
0:00:00.452932314 [332m  601[00m 0x55932ac822d0 [37mTRACE  [00m [00;01;31;44m     GST_REFCOUNTING gstobject.c:280:gst_object_unref:<filesrc1>[00m 0x55932ac58490 unref 2->1
0:00:00.452976497 [332m  601[00m 0x55932ac61f20 [37mTRACE  [00m [00;01;31;44m     GST_REFCOUNTING gstobject.c:254:gst_object_ref:<filesrc0:src>[00m 0x55932ac5a030 ref 1->2
0:00:00.453012874 [332m  601[00m 0x55932ac822d0 [37mTRACE  [00m [00;01;31;44m     GST_REFCOUNTING gstobject.c:280:gst_object_unref:<filesrc1:src>[00m 0x55932ac5ab70 unref 2->1
0:00:00.453050526 [332m  601[00m 0x55932ac61f20 [37mTRACE  [00m [00;01;31;44m     GST_REFCOUNTING gstobject.c:254:gst_object_ref:<filesrc0>[00m 0x55932ac58110 ref 1->2
0:00:00.453096199 [332m  601[00m 0x55932ac822d0 [37mTRACE  [00m [00;01;31;44m     GST_REFCOUNTING gstobject.c:254:gst_object_ref:<vaapidecode1:sink>[00m 0x55932ac5aff0 ref 2->3
0:00:00.453175347 [332m  601[00m 0x55932ac61f20 [37mTRACE  [00m [00;01;31;44m     GST_REFCOUNTING gstobject.c:254:gst_object_ref:<allocatorsysmem0>[00m 0x55932aa75850 ref 16->17
0:00:00.453230426 [332m  601[00m 0x55932ac61f20 [37mTRACE  [00m [00;01;31;44m     GST_REFCOUNTING gstminiobject.c:360:gst_mini_object_ref:[00m 0x7f83840a09f0 ref 1->2
0:00:00.453241922 [332m  601[00m 0x55932ac822d0 [37mTRACE  [00m [00;01;31;44m     GST_REFCOUNTING gstobject.c:254:gst_object_ref:<vaapidecode1>[00m 0x55932ac884b0 ref 2->3
0:00:00.453312901 [332m  601[00m 0x55932ac61f20 [37mTRACE  [00m [00;01;31;44m     GST_REFCOUNTING gstminiobject.c:440:gst_mini_object_unref:[00m 0x7f83840a09f0 unref 2->1
0:00:00.453337947 [332m  601[00m 0x55932ac822d0 [37mTRACE  [00m [00;01;31;44m     GST_REFCOUNTING gstminiobject.c:360:gst_mini_object_ref:[00m 0x7f838c0af4a0 ref 1->2
0:00:00.453356056 [332m  601[00m 0x55932ac61f20 [37mTRACE  [00m [00;01;31;44m     GST_REFCOUNTING gstobject.c:254:gst_object_ref:<GstSystemClock>[00m 0x55932acb2130 ref 10->11
0:00:00.453387557 [332m  601[00m 0x55932ac822d0 [37mTRACE  [00m [00;01;31;44m     GST_REFCOUNTING gstminiobject.c:440:gst_mini_object_unref:[00m 0x7f838c0af4a0 unref 2->1
0:00:00.453430847 [332m  601[00m 0x55932ac61f20 [37mTRACE  [00m [00;01;31;44m     GST_REFCOUNTING gstobject.c:280:gst_object_unref:<GstSystemClock>[00m 0x55932acb2130 unref 11->10
0:00:00.453470130 [332m  601[00m 0x55932ac822d0 [37mTRACE  [00m [00;01;31;44m     GST_REFCOUNTING gstminiobject.c:360:gst_mini_object_ref:[00m 0x7f838c0af4a0 ref 1->2
0:00:00.453512571 [332m  601[00m 0x55932ac61f20 [37mTRACE  [00m [00;01;31;44m     GST_REFCOUNTING gstobject.c:280:gst_object_unref:<filesrc0>[00m 0x55932ac58110 unref 2->1
0:00:00.453587292 [332m  601[00m 0x55932ac822d0 [37mDEBUG  [00m [00m               vaapi gstvaapidecoder_h264.c:1742:parse_slice:[00m parse slice
0:00:00.453624970 [332m  601[00m 0x55932ac61f20 [37mTRACE  [00m [00;01;31;44m     GST_REFCOUNTING gstobject.c:280:gst_object_unref:<filesrc0:src>[00m 0x55932ac5a030 unref 2->1
0:00:00.453676899 [332m  601[00m 0x55932ac822d0 [37mTRACE  [00m [00;01;31;44m     GST_REFCOUNTING gstminiobject.c:360:gst_mini_object_ref:[00m 0x7f838c003d50 ref 1->2
0:00:00.453702571 [332m  601[00m 0x55932ac61f20 [37mTRACE  [00m [00;01;31;44m     GST_REFCOUNTING gstobject.c:254:gst_object_ref:<vaapidecode0:sink>[00m 0x55932ac5a4b0 ref 2->3
0:00:00.453754325 [332m  601[00m 0x55932ac61f20 [37mTRACE  [00m [00;01;31;44m     GST_REFCOUNTING gstobject.c:254:gst_object_ref:<vaapidecode0>[00m 0x55932ac7d9a0 ref 2->3
0:00:00.453762530 [332m  601[00m 0x55932ac822d0 [37mTRACE  [00m [00;01;31;44m     GST_REFCOUNTING gstminiobject.c:440:gst_mini_object_unref:[00m 0x7f838c0af4a0 unref 2->1
0:00:00.453812907 [332m  601[00m 0x55932ac61f20 [37mTRACE  [00m [00;01;31;44m     GST_REFCOUNTING gstminiobject.c:360:gst_mini_object_ref:[00m 0x7f83840a09f0 ref 1->2
0:00:00.453832068 [332m  601[00m 0x55932ac822d0 [37mTRACE  [00m [00;01;31;44m     GST_REFCOUNTING gstminiobject.c:440:gst_mini_object_unref:[00m 0x7f838c003d50 unref 2->1
0:00:00.453863824 [332m  601[00m 0x55932ac61f20 [37mTRACE  [00m [00;01;31;44m     GST_REFCOUNTING gstminiobject.c:440:gst_mini_object_unref:[00m 0x7f83840a09f0 unref 2->1
0:00:00.453907109 [332m  601[00m 0x55932ac822d0 [37mTRACE  [00m [00;01;31;44m     GST_REFCOUNTING gstminiobject.c:360:gst_mini_object_ref:[00m 0x7f838c003d50 ref 1->2
0:00:00.453945011 [332m  601[00m 0x55932ac61f20 [37mTRACE  [00m [00;01;31;44m     GST_REFCOUNTING gstminiobject.c:360:gst_mini_object_ref:[00m 0x7f83840a09f0 ref 1->2
0:00:00.453983907 [332m  601[00m 0x55932ac822d0 [37mTRACE  [00m [00;01;31;44m     GST_REFCOUNTING gstminiobject.c:440:gst_mini_object_unref:[00m 0x7f838c003d50 unref 2->1
0:00:00.454029013 [332m  601[00m 0x55932ac61f20 [37mDEBUG  [00m [00m               vaapi gstvaapidecoder_h264.c:1742:parse_slice:[00m parse slice
0:00:00.454136409 [332m  601[00m 0x55932ac822d0 [37mDEBUG  [00m [00m               vaapi gstvaapidecoder_h264.c:2026:init_picture_poc_2:[00m decode picture order count type 2
0:00:00.454140148 [332m  601[00m 0x55932ac61f20 [37mTRACE  [00m [00;01;31;44m     GST_REFCOUNTING gstminiobject.c:360:gst_mini_object_ref:[00m 0x7f838c08a440 ref 1->2
0:00:00.454183472 [332m  601[00m 0x55932ac822d0 [37mDEBUG  [00m [00m               vaapi gstvaapidecoder_h264.c:4128:decode_slice:[00m slice (71444 bytes)
0:00:00.454222656 [332m  601[00m 0x55932ac61f20 [37mTRACE  [00m [00;01;31;44m     GST_REFCOUNTING gstminiobject.c:440:gst_mini_object_unref:[00m 0x7f83840a09f0 unref 2->1
0:00:00.454263467 [332m  601[00m 0x55932ac822d0 [37mTRACE  [00m [00;01;31;44m     GST_REFCOUNTING gstminiobject.c:360:gst_mini_object_ref:[00m 0x7f838c0af4a0 ref 1->2
0:00:00.454303569 [332m  601[00m 0x55932ac61f20 [37mTRACE  [00m [00;01;31;44m     GST_REFCOUNTING gstminiobject.c:440:gst_mini_object_unref:[00m 0x7f838c08a440 unref 2->1
0:00:00.454381828 [332m  601[00m 0x55932ac61f20 [37mTRACE  [00m [00;01;31;44m     GST_REFCOUNTING gstminiobject.c:360:gst_mini_object_ref:[00m 0x7f838c08a440 ref 1->2
0:00:00.454421013 [332m  601[00m 0x55932ac61f20 [37mTRACE  [00m [00;01;31;44m     GST_REFCOUNTING gstminiobject.c:440:gst_mini_object_unref:[00m 0x7f838c08a440 unref 2->1
0:00:00.454434325 [332m  601[00m 0x55932ac822d0 [37mTRACE  [00m [00;01;31;44m     GST_REFCOUNTING gstminiobject.c:440:gst_mini_object_unref:[00m 0x7f838c0af4a0 unref 2->1
0:00:00.454492202 [332m  601[00m 0x55932ac61f20 [37mDEBUG  [00m [00m               vaapi gstvaapidecoder_h264.c:2026:init_picture_poc_2:[00m decode picture order count type 2
0:00:00.454555738 [332m  601[00m 0x55932ac61f20 [37mDEBUG  [00m [00m               vaapi gstvaapidecoder_h264.c:4128:decode_slice:[00m slice (71444 bytes)
0:00:00.454565636 [332m  601[00m 0x55932ac822d0 [37mDEBUG  [00m [00m               vaapi gstvaapidecoder_h264.c:2147:init_picture_refs_pic_num:[00m decode picture numbers
0:00:00.454643825 [332m  601[00m 0x55932ac822d0 [37mDEBUG  [00m [00m               vaapi gstvaapidecoder_h264.c:2394:init_picture_refs_p_slice:[00m decode reference picture list for P and SP slices
0:00:00.454603565 [332m  601[00m 0x55932ac61f20 [37mTRACE  [00m [00;01;31;44m     GST_REFCOUNTING gstminiobject.c:360:gst_mini_object_ref:[00m 0x7f83840a09f0 ref 1->2
0:00:00.454684227 [332m  601[00m 0x55932ac822d0 [37mDEBUG  [00m [00m               vaapi gstvaapidecoder_h264.c:2826:exec_picture_refs_modification:[00m execute ref_pic_list_modification()
0:00:00.454758448 [332m  601[00m 0x55932ac822d0 [37mDEBUG  [00m [00m               vaapi gstvaapidecoder_objects.c:262:gst_vaapi_picture_decode:[00m decode picture 0x04000009
0:00:00.454793485 [332m  601[00m 0x55932ac61f20 [37mTRACE  [00m [00;01;31;44m     GST_REFCOUNTING gstminiobject.c:440:gst_mini_object_unref:[00m 0x7f83840a09f0 unref 2->1
0:00:00.454838721 [332m  601[00m 0x55932ac61f20 [37mDEBUG  [00m [00m               vaapi gstvaapidecoder_h264.c:2147:init_picture_refs_pic_num:[00m decode picture numbers
0:00:00.454865388 [332m  601[00m 0x55932ac61f20 [37mDEBUG  [00m [00m               vaapi gstvaapidecoder_h264.c:2394:init_picture_refs_p_slice:[00m decode reference picture list for P and SP slices
0:00:00.454892964 [332m  601[00m 0x55932ac61f20 [37mDEBUG  [00m [00m               vaapi gstvaapidecoder_h264.c:2826:exec_picture_refs_modification:[00m execute ref_pic_list_modification()
0:00:00.454922746 [332m  601[00m 0x55932ac61f20 [37mDEBUG  [00m [00m               vaapi gstvaapidecoder_objects.c:262:gst_vaapi_picture_decode:[00m decode picture 0x04000002
0:00:00.455090070 [332m  601[00m 0x55932ac822d0 [37mDEBUG  [00m [00m               vaapi gstvaapidecoder_h264.c:3326:exec_ref_pic_marking_sliding_window:[00m reference picture marking process (sliding window)
0:00:00.455259272 [332m  601[00m 0x55932ac822d0 [37mDEBUG  [00m [00m               vaapi gstvaapidecoder.c:376:push_frame:[00m push frame 5 (surface 0x0400000c)
0:00:00.455345256 [332m  601[00m 0x55932ac822d0 [37mDEBUG  [00m [00m               vaapi gstvaapidecoder.c:397:pop_frame:[00m pop frame 5 (surface 0x0400000c)
0:00:00.455386766 [332m  601[00m 0x55932ac822d0 [37mTRACE  [00m [00;01;31;44m     GST_REFCOUNTING gstobject.c:254:gst_object_ref:<vaapidecode1>[00m 0x55932ac884b0 ref 3->4
0:00:00.455432783 [332m  601[00m 0x55932ac822d0 [37mTRACE  [00m [00;01;31;44m     GST_REFCOUNTING gstobject.c:254:gst_object_ref:<vaapivideobufferpool6>[00m 0x7f838c01cc20 ref 4->5
0:00:00.455445238 [332m  601[00m 0x55932ac61f20 [37mDEBUG  [00m [00m               vaapi gstvaapidecoder_h264.c:3326:exec_ref_pic_marking_sliding_window:[00m reference picture marking process (sliding window)
0:00:00.455492131 [332m  601[00m 0x55932ac822d0 [37mTRACE  [00m [00;01;31;44m     GST_REFCOUNTING gstminiobject.c:360:gst_mini_object_ref:[00m 0x7f838c08aaa0 ref 1->2
0:00:00.455578219 [332m  601[00m 0x55932ac822d0 [37mTRACE  [00m [00;01;31;44m     GST_REFCOUNTING gstobject.c:254:gst_object_ref:<vaapisink1:sink>[00m 0x55932ac5b470 ref 2->3
0:00:00.455585529 [332m  601[00m 0x55932ac61f20 [37mDEBUG  [00m [00m               vaapi gstvaapidecoder.c:376:push_frame:[00m push frame 5 (surface 0x04000005)
0:00:00.455632384 [332m  601[00m 0x55932ac822d0 [37mTRACE  [00m [00;01;31;44m     GST_REFCOUNTING gstobject.c:254:gst_object_ref:<vaapisink1>[00m 0x55932ac8ade0 ref 2->3
0:00:00.455678623 [332m  601[00m 0x55932ac61f20 [37mDEBUG  [00m [00m               vaapi gstvaapidecoder.c:397:pop_frame:[00m pop frame 5 (surface 0x04000005)
0:00:00.455739029 [332m  601[00m 0x55932ac822d0 [37mTRACE  [00m [00;01;31;44m     GST_REFCOUNTING gstminiobject.c:360:gst_mini_object_ref:[00m 0x7f838c08aaa0 ref 2->3
0:00:00.455752800 [332m  601[00m 0x55932ac61f20 [37mTRACE  [00m [00;01;31;44m     GST_REFCOUNTING gstobject.c:254:gst_object_ref:<vaapidecode0>[00m 0x55932ac7d9a0 ref 3->4
0:00:00.455789033 [332m  601[00m 0x55932ac822d0 [37mTRACE  [00m [00;01;31;44m     GST_REFCOUNTING gstminiobject.c:495:gst_mini_object_replace:[00m replace 0x7f838c0290a0 (9) with 0x7f838c0290a0 (9)
0:00:00.455837325 [332m  601[00m 0x55932ac61f20 [37mTRACE  [00m [00;01;31;44m     GST_REFCOUNTING gstobject.c:254:gst_object_ref:<vaapivideobufferpool7>[00m 0x7f838c01d860 ref 4->5
0:00:00.455870828 [332m  601[00m 0x55932ac822d0 [37mTRACE  [00m [00;01;31;44m     GST_REFCOUNTING gstminiobject.c:440:gst_mini_object_unref:[00m 0x7f838c0031a0 unref 2->1
0:00:00.455923387 [332m  601[00m 0x55932ac61f20 [37mTRACE  [00m [00;01;31;44m     GST_REFCOUNTING gstminiobject.c:360:gst_mini_object_ref:[00m 0x7f838c08f250 ref 1->2
0:00:00.455962675 [332m  601[00m 0x55932ac822d0 [37mTRACE  [00m [00;01;31;44m     GST_REFCOUNTING gstminiobject.c:360:gst_mini_object_ref:[00m 0x7f838c08aaa0 ref 3->4
0:00:00.456004929 [332m  601[00m 0x55932ac61f20 [37mTRACE  [00m [00;01;31;44m     GST_REFCOUNTING gstobject.c:254:gst_object_ref:<vaapisink0:sink>[00m 0x55932ac5a930 ref 2->3
0:00:00.456041696 [332m  601[00m 0x55932ac822d0 [37mDEBUG  [00m [00m           vaapisink gstvaapisink.c:1393:gst_vaapisink_show_frame_unlocked:[00m render surface 0x400000c
0:00:00.456079549 [332m  601[00m 0x55932ac61f20 [37mTRACE  [00m [00;01;31;44m     GST_REFCOUNTING gstobject.c:254:gst_object_ref:<vaapisink0>[00m 0x55932ac86220 ref 2->3
0:00:00.456115726 [332m  601[00m 0x55932ac822d0 [37mDEBUG  [00m [00m           vaapisink gstvaapisink.c:1402:gst_vaapisink_show_frame_unlocked:[00m render rect (0,0), size 1920x1080
0:00:00.456169062 [332m  601[00m 0x55932ac61f20 [37mTRACE  [00m [00;01;31;44m     GST_REFCOUNTING gstminiobject.c:360:gst_mini_object_ref:[00m 0x7f838c08f250 ref 2->3
0:00:00.456220767 [332m  601[00m 0x55932ac61f20 [37mTRACE  [00m [00;01;31;44m     GST_REFCOUNTING gstminiobject.c:495:gst_mini_object_replace:[00m replace 0x7f8384006370 (9) with 0x7f8384006370 (9)
0:00:00.456299122 [332m  601[00m 0x55932ac61f20 [37mTRACE  [00m [00;01;31;44m     GST_REFCOUNTING gstminiobject.c:440:gst_mini_object_unref:[00m 0x7f838c003800 unref 2->1
0:00:00.475801409 [332m  601[00m 0x55932ac822d0 [37mTRACE  [00m [00;01;31;44m     GST_REFCOUNTING gstminiobject.c:495:gst_mini_object_replace:[00m replace 0x7f838c0031a0 (1) with 0x7f838c08aaa0 (4)
0:00:00.475910383 [332m  601[00m 0x55932ac822d0 [37mTRACE  [00m [00;01;31;44m     GST_REFCOUNTING gstminiobject.c:360:gst_mini_object_ref:[00m 0x7f838c08aaa0 ref 4->5
0:00:00.475924594 [332m  601[00m 0x55932ac61f20 [37mTRACE  [00m [00;01;31;44m     GST_REFCOUNTING gstminiobject.c:360:gst_mini_object_ref:[00m 0x7f838c08f250 ref 3->4
0:00:00.475947607 [332m  601[00m 0x55932ac822d0 [37mTRACE  [00m [00;01;31;44m     GST_REFCOUNTING gstminiobject.c:440:gst_mini_object_unref:[00m 0x7f838c0031a0 unref 1->0
0:00:00.476003767 [332m  601[00m 0x55932ac61f20 [37mDEBUG  [00m [00m           vaapisink gstvaapisink.c:1393:gst_vaapisink_show_frame_unlocked:[00m render surface 0x4000005
0:00:00.476039987 [332m  601[00m 0x55932ac822d0 [37mTRACE  [00m [00;01;31;44m     GST_REFCOUNTING gstminiobject.c:360:gst_mini_object_ref:[00m 0x7f838c0031a0 ref 0->1
0:00:00.476083669 [332m  601[00m 0x55932ac61f20 [37mDEBUG  [00m [00m           vaapisink gstvaapisink.c:1402:gst_vaapisink_show_frame_unlocked:[00m render rect (0,0), size 1920x1080
0:00:00.476144008 [332m  601[00m 0x55932ac822d0 [37mTRACE  [00m [00;01;31;44m     GST_REFCOUNTING gstobject.c:280:gst_object_unref:<vaapidecode1>[00m 0x55932ac884b0 unref 4->3
0:00:00.476198257 [332m  601[00m 0x55932ac822d0 [37mTRACE  [00m [00;01;31;44m     GST_REFCOUNTING gstobject.c:280:gst_object_unref:<vaapivideobufferpool6>[00m 0x7f838c01cc20 unref 5->4
0:00:00.509415386 [332m  601[00m 0x55932ac61f20 [37mTRACE  [00m [00;01;31;44m     GST_REFCOUNTING gstminiobject.c:495:gst_mini_object_replace:[00m replace 0x7f838c003800 (1) with 0x7f838c08f250 (4)
0:00:00.509555927 [332m  601[00m 0x55932ac822d0 [37mTRACE  [00m [00;01;31;44m     GST_REFCOUNTING gstminiobject.c:440:gst_mini_object_unref:[00m 0x7f838c08aaa0 unref 5->4
0:00:00.509577606 [332m  601[00m 0x55932ac61f20 [37mTRACE  [00m [00;01;31;44m     GST_REFCOUNTING gstminiobject.c:360:gst_mini_object_ref:[00m 0x7f838c08f250 ref 4->5
0:00:00.509709210 [332m  601[00m 0x55932ac822d0 [37mTRACE  [00m [00;01;31;44m     GST_REFCOUNTING gstobject.c:254:gst_object_ref:<vaapidecode1:src>[00m 0x55932ac5b230 ref 2->3
0:00:00.509718944 [332m  601[00m 0x55932ac61f20 [37mTRACE  [00m [00;01;31;44m     GST_REFCOUNTING gstminiobject.c:440:gst_mini_object_unref:[00m 0x7f838c003800 unref 1->0
0:00:00.509772416 [332m  601[00m 0x55932ac822d0 [37mTRACE  [00m [00;01;31;44m     GST_REFCOUNTING gstobject.c:254:gst_object_ref:<vaapidecode1>[00m 0x55932ac884b0 ref 3->4
0:00:00.509826902 [332m  601[00m 0x55932ac61f20 [37mTRACE  [00m [00;01;31;44m     GST_REFCOUNTING gstminiobject.c:360:gst_mini_object_ref:[00m 0x7f838c003800 ref 0->1
0:00:00.509888752 [332m  601[00m 0x55932ac822d0 [37mTRACE  [00m [00;01;31;44m     GST_REFCOUNTING gstobject.c:254:gst_object_ref:<qtdemux1:video_0>[00m 0x55932ac5bb30 ref 2->3
0:00:00.509951280 [332m  601[00m 0x55932ac61f20 [37mTRACE  [00m [00;01;31;44m     GST_REFCOUNTING gstobject.c:280:gst_object_unref:<vaapidecode0>[00m 0x55932ac7d9a0 unref 4->3
0:00:00.509974976 [332m  601[00m 0x55932ac822d0 [37mTRACE  [00m [00;01;31;44m     GST_REFCOUNTING gstobject.c:254:gst_object_ref:<qtdemux1>[00m 0x55932ac86810 ref 2->3
0:00:00.510025719 [332m  601[00m 0x55932ac61f20 [37mTRACE  [00m [00;01;31;44m     GST_REFCOUNTING gstobject.c:280:gst_object_unref:<vaapivideobufferpool7>[00m 0x7f838c01d860 unref 5->4
0:00:00.510081206 [332m  601[00m 0x55932ac61f20 [37mTRACE  [00m [00;01;31;44m     GST_REFCOUNTING gstminiobject.c:440:gst_mini_object_unref:[00m 0x7f838c08f250 unref 5->4
0:00:00.510092363 [332m  601[00m 0x55932ac822d0 [37mTRACE  [00m [00;01;31;44m     GST_REFCOUNTING gstminiobject.c:440:gst_mini_object_unref:[00m 0x7f838c04c500 unref 1->0
0:00:00.510223203 [332m  601[00m 0x55932ac61f20 [37mTRACE  [00m [00;01;31;44m     GST_REFCOUNTING gstobject.c:254:gst_object_ref:<vaapidecode0:src>[00m 0x55932ac5a6f0 ref 2->3
0:00:00.510249022 [332m  601[00m 0x55932ac822d0 [37mTRACE  [00m [00;01;31;44m     GST_REFCOUNTING gstobject.c:280:gst_object_unref:<qtdemux1>[00m 0x55932ac86810 unref 3->2
0:00:00.510288856 [332m  601[00m 0x55932ac61f20 [37mTRACE  [00m [00;01;31;44m     GST_REFCOUNTING gstobject.c:254:gst_object_ref:<vaapidecode0>[00m 0x55932ac7d9a0 ref 3->4
0:00:00.510332321 [332m  601[00m 0x55932ac822d0 [37mTRACE  [00m [00;01;31;44m     GST_REFCOUNTING gstobject.c:280:gst_object_unref:<qtdemux1:video_0>[00m 0x55932ac5bb30 unref 3->2
0:00:00.510381854 [332m  601[00m 0x55932ac61f20 [37mTRACE  [00m [00;01;31;44m     GST_REFCOUNTING gstobject.c:254:gst_object_ref:<qtdemux0:video_0>[00m 0x7f838c0144f0 ref 2->3
0:00:00.510421786 [332m  601[00m 0x55932ac822d0 [37mTRACE  [00m [00;01;31;44m     GST_REFCOUNTING gstobject.c:280:gst_object_unref:<vaapidecode1>[00m 0x55932ac884b0 unref 4->3
0:00:00.510466731 [332m  601[00m 0x55932ac61f20 [37mTRACE  [00m [00;01;31;44m     GST_REFCOUNTING gstobject.c:254:gst_object_ref:<qtdemux0>[00m 0x55932ac66600 ref 2->3
0:00:00.510510937 [332m  601[00m 0x55932ac822d0 [37mTRACE  [00m [00;01;31;44m     GST_REFCOUNTING gstobject.c:280:gst_object_unref:<vaapidecode1:src>[00m 0x55932ac5b230 unref 3->2
0:00:00.510577085 [332m  601[00m 0x55932ac61f20 [37mTRACE  [00m [00;01;31;44m     GST_REFCOUNTING gstminiobject.c:440:gst_mini_object_unref:[00m 0x7f83840121c0 unref 1->0
0:00:00.510638596 [332m  601[00m 0x55932ac822d0 [37mTRACE  [00m [00;01;31;44m     GST_REFCOUNTING gstminiobject.c:440:gst_mini_object_unref:[00m 0x7f838c08aaa0 unref 4->3
0:00:00.510688465 [332m  601[00m 0x55932ac61f20 [37mTRACE  [00m [00;01;31;44m     GST_REFCOUNTING gstobject.c:280:gst_object_unref:<qtdemux0>[00m 0x55932ac66600 unref 3->2
0:00:00.510735801 [332m  601[00m 0x55932ac822d0 [37mTRACE  [00m [00;01;31;44m     GST_REFCOUNTING gstobject.c:280:gst_object_unref:<vaapisink1>[00m 0x55932ac8ade0 unref 3->2
0:00:00.510777098 [332m  601[00m 0x55932ac61f20 [37mTRACE  [00m [00;01;31;44m     GST_REFCOUNTING gstobject.c:280:gst_object_unref:<qtdemux0:video_0>[00m 0x7f838c0144f0 unref 3->2
0:00:00.510819202 [332m  601[00m 0x55932ac822d0 [37mTRACE  [00m [00;01;31;44m     GST_REFCOUNTING gstobject.c:280:gst_object_unref:<vaapisink1:sink>[00m 0x55932ac5b470 unref 3->2
0:00:00.510862438 [332m  601[00m 0x55932ac61f20 [37mTRACE  [00m [00;01;31;44m     GST_REFCOUNTING gstobject.c:280:gst_object_unref:<vaapidecode0>[00m 0x55932ac7d9a0 unref 4->3
0:00:00.510951890 [332m  601[00m 0x55932ac61f20 [37mTRACE  [00m [00;01;31;44m     GST_REFCOUNTING gstobject.c:280:gst_object_unref:<vaapidecode0:src>[00m 0x55932ac5a6f0 unref 3->2
0:00:00.510907001 [332m  601[00m 0x55932ac822d0 [37mTRACE  [00m [00;01;31;44m     GST_REFCOUNTING gstminiobject.c:440:gst_mini_object_unref:[00m 0x7f838c08abb0 unref 1->0
0:00:00.511004834 [332m  601[00m 0x55932ac61f20 [37mTRACE  [00m [00;01;31;44m     GST_REFCOUNTING gstminiobject.c:440:gst_mini_object_unref:[00m 0x7f838c08f250 unref 4->3
0:00:00.511051198 [332m  601[00m 0x55932ac822d0 [37mTRACE  [00m [00;01;31;44m     GST_REFCOUNTING gstminiobject.c:440:gst_mini_object_unref:[00m 0x7f838c02b000 unref 1->0
0:00:00.511099797 [332m  601[00m 0x55932ac61f20 [37mTRACE  [00m [00;01;31;44m     GST_REFCOUNTING gstobject.c:280:gst_object_unref:<vaapisink0>[00m 0x55932ac86220 unref 3->2
0:00:00.511147006 [332m  601[00m 0x55932ac822d0 [37mTRACE  [00m [00;01;31;44m     GST_REFCOUNTING gstobject.c:280:gst_object_unref:<allocatorsysmem0>[00m 0x55932aa75850 unref 17->16
0:00:00.511188075 [332m  601[00m 0x55932ac61f20 [37mTRACE  [00m [00;01;31;44m     GST_REFCOUNTING gstobject.c:280:gst_object_unref:<vaapisink0:sink>[00m 0x55932ac5a930 unref 3->2
0:00:00.511226053 [332m  601[00m 0x55932ac822d0 [37mTRACE  [00m [00;01;31;44m     GST_REFCOUNTING gstminiobject.c:440:gst_mini_object_unref:[00m 0x7f838c08aaa0 unref 3->2
0:00:00.511307236 [332m  601[00m 0x55932ac61f20 [37mTRACE  [00m [00;01;31;44m     GST_REFCOUNTING gstminiobject.c:440:gst_mini_object_unref:[00m 0x7f838c08f360 unref 1->0
0:00:00.511365868 [332m  601[00m 0x55932ac822d0 [37mTRACE  [00m [00;01;31;44m     GST_REFCOUNTING gstobject.c:280:gst_object_unref:<vaapidecode1>[00m 0x55932ac884b0 unref 3->2
0:00:00.511400310 [332m  601[00m 0x55932ac61f20 [37mTRACE  [00m [00;01;31;44m     GST_REFCOUNTING gstminiobject.c:440:gst_mini_object_unref:[00m 0x7f838401c170 unref 1->0
0:00:00.511449104 [332m  601[00m 0x55932ac822d0 [37mTRACE  [00m [00;01;31;44m     GST_REFCOUNTING gstobject.c:280:gst_object_unref:<vaapidecode1:sink>[00m 0x55932ac5aff0 unref 3->2
0:00:00.511494974 [332m  601[00m 0x55932ac61f20 [37mTRACE  [00m [00;01;31;44m     GST_REFCOUNTING gstobject.c:280:gst_object_unref:<allocatorsysmem0>[00m 0x55932aa75850 unref 16->15
0:00:00.511568779 [332m  601[00m 0x55932ac822d0 [37mTRACE  [00m [00;01;31;44m     GST_REFCOUNTING gstobject.c:280:gst_object_unref:<qtdemux1>[00m 0x55932ac86810 unref 2->1
0:00:00.511605480 [332m  601[00m 0x55932ac61f20 [37mTRACE  [00m [00;01;31;44m     GST_REFCOUNTING gstminiobject.c:440:gst_mini_object_unref:[00m 0x7f838c08f250 unref 3->2
0:00:00.511654573 [332m  601[00m 0x55932ac822d0 [37mTRACE  [00m [00;01;31;44m     GST_REFCOUNTING gstobject.c:254:gst_object_ref:<qtdemux1>[00m 0x55932ac86810 ref 1->2
0:00:00.511703159 [332m  601[00m 0x55932ac61f20 [37mTRACE  [00m [00;01;31;44m     GST_REFCOUNTING gstobject.c:280:gst_object_unref:<vaapidecode0>[00m 0x55932ac7d9a0 unref 3->2
0:00:00.511748734 [332m  601[00m 0x55932ac822d0 [37mTRACE  [00m [00;01;31;44m     GST_REFCOUNTING gstobject.c:254:gst_object_ref:<filesrc1:src>[00m 0x55932ac5ab70 ref 1->2
0:00:00.511787698 [332m  601[00m 0x55932ac61f20 [37mTRACE  [00m [00;01;31;44m     GST_REFCOUNTING gstobject.c:280:gst_object_unref:<vaapidecode0:sink>[00m 0x55932ac5a4b0 unref 3->2
0:00:00.511831612 [332m  601[00m 0x55932ac822d0 [37mTRACE  [00m [00;01;31;44m     GST_REFCOUNTING gstobject.c:254:gst_object_ref:<filesrc1>[00m 0x55932ac58490 ref 1->2
0:00:00.511881763 [332m  601[00m 0x55932ac61f20 [37mTRACE  [00m [00;01;31;44m     GST_REFCOUNTING gstobject.c:280:gst_object_unref:<qtdemux0>[00m 0x55932ac66600 unref 2->1
0:00:00.511934982 [332m  601[00m 0x55932ac822d0 [37mTRACE  [00m [00;01;31;44m     GST_REFCOUNTING gstobject.c:254:gst_object_ref:<allocatorsysmem0>[00m 0x55932aa75850 ref 15->16
0:00:00.511958040 [332m  601[00m 0x55932ac61f20 [37mTRACE  [00m [00;01;31;44m     GST_REFCOUNTING gstobject.c:254:gst_object_ref:<qtdemux0>[00m 0x55932ac66600 ref 1->2
0:00:00.511997417 [332m  601[00m 0x55932ac822d0 [37mTRACE  [00m [00;01;31;44m     GST_REFCOUNTING gstminiobject.c:360:gst_mini_object_ref:[00m 0x7f838c0c0c60 ref 1->2
0:00:00.512044402 [332m  601[00m 0x55932ac61f20 [37mTRACE  [00m [00;01;31;44m     GST_REFCOUNTING gstobject.c:254:gst_object_ref:<filesrc0:src>[00m 0x55932ac5a030 ref 1->2
0:00:00.512127265 [332m  601[00m 0x55932ac61f20 [37mTRACE  [00m [00;01;31;44m     GST_REFCOUNTING gstobject.c:254:gst_object_ref:<filesrc0>[00m 0x55932ac58110 ref 1->2
0:00:00.512147698 [332m  601[00m 0x55932ac822d0 [37mTRACE  [00m [00;01;31;44m     GST_REFCOUNTING gstminiobject.c:440:gst_mini_object_unref:[00m 0x7f838c0c0c60 unref 2->1
0:00:00.512210285 [332m  601[00m 0x55932ac822d0 [37mTRACE  [00m [00;01;31;44m     GST_REFCOUNTING gstobject.c:254:gst_object_ref:<GstSystemClock>[00m 0x55932acb2130 ref 10->11
0:00:00.512228814 [332m  601[00m 0x55932ac61f20 [37mTRACE  [00m [00;01;31;44m     GST_REFCOUNTING gstobject.c:254:gst_object_ref:<allocatorsysmem0>[00m 0x55932aa75850 ref 16->17
0:00:00.512267871 [332m  601[00m 0x55932ac822d0 [37mTRACE  [00m [00;01;31;44m     GST_REFCOUNTING gstobject.c:280:gst_object_unref:<GstSystemClock>[00m 0x55932acb2130 unref 11->10
0:00:00.512310495 [332m  601[00m 0x55932ac61f20 [37mTRACE  [00m [00;01;31;44m     GST_REFCOUNTING gstminiobject.c:360:gst_mini_object_ref:[00m 0x7f83840b21b0 ref 1->2
0:00:00.512463656 [332m  601[00m 0x55932ac822d0 [37mTRACE  [00m [00;01;31;44m     GST_REFCOUNTING gstobject.c:280:gst_object_unref:<filesrc1>[00m 0x55932ac58490 unref 2->1
0:00:00.512573322 [332m  601[00m 0x55932ac61f20 [37mTRACE  [00m [00;01;31;44m     GST_REFCOUNTING gstminiobject.c:440:gst_mini_object_unref:[00m 0x7f83840b21b0 unref 2->1
0:00:00.512576652 [332m  601[00m 0x55932ac822d0 [37mTRACE  [00m [00;01;31;44m     GST_REFCOUNTING gstobject.c:280:gst_object_unref:<filesrc1:src>[00m 0x55932ac5ab70 unref 2->1
0:00:00.512635614 [332m  601[00m 0x55932ac61f20 [37mTRACE  [00m [00;01;31;44m     GST_REFCOUNTING gstobject.c:254:gst_object_ref:<GstSystemClock>[00m 0x55932acb2130 ref 10->11
0:00:00.512688643 [332m  601[00m 0x55932ac822d0 [37mTRACE  [00m [00;01;31;44m     GST_REFCOUNTING gstobject.c:254:gst_object_ref:<vaapidecode1:sink>[00m 0x55932ac5aff0 ref 2->3
0:00:00.512728204 [332m  601[00m 0x55932ac61f20 [37mTRACE  [00m [00;01;31;44m     GST_REFCOUNTING gstobject.c:280:gst_object_unref:<GstSystemClock>[00m 0x55932acb2130 unref 11->10
0:00:00.512770770 [332m  601[00m 0x55932ac822d0 [37mTRACE  [00m [00;01;31;44m     GST_REFCOUNTING gstobject.c:254:gst_object_ref:<vaapidecode1>[00m 0x55932ac884b0 ref 2->3
0:00:00.512816226 [332m  601[00m 0x55932ac61f20 [37mTRACE  [00m [00;01;31;44m     GST_REFCOUNTING gstobject.c:280:gst_object_unref:<filesrc0>[00m 0x55932ac58110 unref 2->1
0:00:00.512885554 [332m  601[00m 0x55932ac822d0 [37mTRACE  [00m [00;01;31;44m     GST_REFCOUNTING gstminiobject.c:360:gst_mini_object_ref:[00m 0x7f838c0c0c60 ref 1->2
0:00:00.512897735 [332m  601[00m 0x55932ac61f20 [37mTRACE  [00m [00;01;31;44m     GST_REFCOUNTING gstobject.c:280:gst_object_unref:<filesrc0:src>[00m 0x55932ac5a030 unref 2->1
0:00:00.512941301 [332m  601[00m 0x55932ac822d0 [37mTRACE  [00m [00;01;31;44m     GST_REFCOUNTING gstminiobject.c:440:gst_mini_object_unref:[00m 0x7f838c0c0c60 unref 2->1
0:00:00.512994438 [332m  601[00m 0x55932ac61f20 [37mTRACE  [00m [00;01;31;44m     GST_REFCOUNTING gstobject.c:254:gst_object_ref:<vaapidecode0:sink>[00m 0x55932ac5a4b0 ref 2->3
0:00:00.513034616 [332m  601[00m 0x55932ac822d0 [37mTRACE  [00m [00;01;31;44m     GST_REFCOUNTING gstminiobject.c:360:gst_mini_object_ref:[00m 0x7f838c0c0c60 ref 1->2
0:00:00.513077930 [332m  601[00m 0x55932ac61f20 [37mTRACE  [00m [00;01;31;44m     GST_REFCOUNTING gstobject.c:254:gst_object_ref:<vaapidecode0>[00m 0x55932ac7d9a0 ref 2->3
0:00:00.513125412 [332m  601[00m 0x55932ac822d0 [37mDEBUG  [00m [00m               vaapi gstvaapidecoder_h264.c:1742:parse_slice:[00m parse slice
0:00:00.513179304 [332m  601[00m 0x55932ac61f20 [37mTRACE  [00m [00;01;31;44m     GST_REFCOUNTING gstminiobject.c:360:gst_mini_object_ref:[00m 0x7f83840b21b0 ref 1->2
0:00:00.513215725 [332m  601[00m 0x55932ac822d0 [37mTRACE  [00m [00;01;31;44m     GST_REFCOUNTING gstminiobject.c:360:gst_mini_object_ref:[00m 0x7f838c08a330 ref 1->2
0:00:00.513226094 [332m  601[00m 0x55932ac61f20 [37mTRACE  [00m [00;01;31;44m     GST_REFCOUNTING gstminiobject.c:440:gst_mini_object_unref:[00m 0x7f83840b21b0 unref 2->1
0:00:00.513272250 [332m  601[00m 0x55932ac822d0 [37mTRACE  [00m [00;01;31;44m     GST_REFCOUNTING gstminiobject.c:440:gst_mini_object_unref:[00m 0x7f838c0c0c60 unref 2->1
0:00:00.513318443 [332m  601[00m 0x55932ac61f20 [37mTRACE  [00m [00;01;31;44m     GST_REFCOUNTING gstminiobject.c:360:gst_mini_object_ref:[00m 0x7f83840b21b0 ref 1->2
0:00:00.513361179 [332m  601[00m 0x55932ac822d0 [37mTRACE  [00m [00;01;31;44m     GST_REFCOUNTING gstminiobject.c:440:gst_mini_object_unref:[00m 0x7f838c08a330 unref 2->1
0:00:00.513412506 [332m  601[00m 0x55932ac61f20 [37mDEBUG  [00m [00m               vaapi gstvaapidecoder_h264.c:1742:parse_slice:[00m parse slice
0:00:00.513455457 [332m  601[00m 0x55932ac822d0 [37mTRACE  [00m [00;01;31;44m     GST_REFCOUNTING gstminiobject.c:360:gst_mini_object_ref:[00m 0x7f838c08a330 ref 1->2
0:00:00.513565450 [332m  601[00m 0x55932ac61f20 [37mTRACE  [00m [00;01;31;44m     GST_REFCOUNTING gstminiobject.c:360:gst_mini_object_ref:[00m 0x7f838c08a990 ref 1->2
0:00:00.513605480 [332m  601[00m 0x55932ac822d0 [37mTRACE  [00m [00;01;31;44m     GST_REFCOUNTING gstminiobject.c:440:gst_mini_object_unref:[00m 0x7f838c08a330 unref 2->1
0:00:00.513651550 [332m  601[00m 0x55932ac61f20 [37mTRACE  [00m [00;01;31;44m     GST_REFCOUNTING gstminiobject.c:440:gst_mini_object_unref:[00m 0x7f83840b21b0 unref 2->1
0:00:00.513740557 [332m  601[00m 0x55932ac822d0 [37mDEBUG  [00m [00m               vaapi gstvaapidecoder_h264.c:2026:init_picture_poc_2:[00m decode picture order count type 2
0:00:00.513732600 [332m  601[00m 0x55932ac61f20 [37mTRACE  [00m [00;01;31;44m     GST_REFCOUNTING gstminiobject.c:440:gst_mini_object_unref:[00m 0x7f838c08a990 unref 2->1
0:00:00.513791706 [332m  601[00m 0x55932ac822d0 [37mDEBUG  [00m [00m               vaapi gstvaapidecoder_h264.c:4128:decode_slice:[00m slice (88547 bytes)
0:00:00.513836700 [332m  601[00m 0x55932ac61f20 [37mTRACE  [00m [00;01;31;44m     GST_REFCOUNTING gstminiobject.c:360:gst_mini_object_ref:[00m 0x7f838c08a990 ref 1->2
0:00:00.513876834 [332m  601[00m 0x55932ac822d0 [37mTRACE  [00m [00;01;31;44m     GST_REFCOUNTING gstminiobject.c:360:gst_mini_object_ref:[00m 0x7f838c0c0c60 ref 1->2
0:00:00.513920936 [332m  601[00m 0x55932ac61f20 [37mTRACE  [00m [00;01;31;44m     GST_REFCOUNTING gstminiobject.c:440:gst_mini_object_unref:[00m 0x7f838c08a990 unref 2->1
0:00:00.514027897 [332m  601[00m 0x55932ac61f20 [37mDEBUG  [00m [00m               vaapi gstvaapidecoder_h264.c:2026:init_picture_poc_2:[00m decode picture order count type 2
0:00:00.514068123 [332m  601[00m 0x55932ac61f20 [37mDEBUG  [00m [00m               vaapi gstvaapidecoder_h264.c:4128:decode_slice:[00m slice (88547 bytes)
0:00:00.514075705 [332m  601[00m 0x55932ac822d0 [37mTRACE  [00m [00;01;31;44m     GST_REFCOUNTING gstminiobject.c:440:gst_mini_object_unref:[00m 0x7f838c0c0c60 unref 2->1
0:00:00.514117935 [332m  601[00m 0x55932ac61f20 [37mTRACE  [00m [00;01;31;44m     GST_REFCOUNTING gstminiobject.c:360:gst_mini_object_ref:[00m 0x7f83840b21b0 ref 1->2
0:00:00.514163999 [332m  601[00m 0x55932ac822d0 [37mDEBUG  [00m [00m               vaapi gstvaapidecoder_h264.c:2147:init_picture_refs_pic_num:[00m decode picture numbers
0:00:00.514244492 [332m  601[00m 0x55932ac822d0 [37mDEBUG  [00m [00m               vaapi gstvaapidecoder_h264.c:2394:init_picture_refs_p_slice:[00m decode reference picture list for P and SP slices
0:00:00.514280735 [332m  601[00m 0x55932ac822d0 [37mDEBUG  [00m [00m               vaapi gstvaapidecoder_h264.c:2826:exec_picture_refs_modification:[00m execute ref_pic_list_modification()
0:00:00.514297257 [332m  601[00m 0x55932ac61f20 [37mTRACE  [00m [00;01;31;44m     GST_REFCOUNTING gstminiobject.c:440:gst_mini_object_unref:[00m 0x7f83840b21b0 unref 2->1
0:00:00.514314758 [332m  601[00m 0x55932ac822d0 [37mDEBUG  [00m [00m               vaapi gstvaapidecoder_objects.c:262:gst_vaapi_picture_decode:[00m decode picture 0x04000008
0:00:00.514356002 [332m  601[00m 0x55932ac61f20 [37mDEBUG  [00m [00m               vaapi gstvaapidecoder_h264.c:2147:init_picture_refs_pic_num:[00m decode picture numbers
0:00:00.514443359 [332m  601[00m 0x55932ac61f20 [37mDEBUG  [00m [00m               vaapi gstvaapidecoder_h264.c:2394:init_picture_refs_p_slice:[00m decode reference picture list for P and SP slices
0:00:00.514476263 [332m  601[00m 0x55932ac61f20 [37mDEBUG  [00m [00m               vaapi gstvaapidecoder_h264.c:2826:exec_picture_refs_modification:[00m execute ref_pic_list_modification()
0:00:00.514509961 [332m  601[00m 0x55932ac61f20 [37mDEBUG  [00m [00m               vaapi gstvaapidecoder_objects.c:262:gst_vaapi_picture_decode:[00m decode picture 0x04000001
0:00:00.514781780 [332m  601[00m 0x55932ac822d0 [37mDEBUG  [00m [00m               vaapi gstvaapidecoder_h264.c:3326:exec_ref_pic_marking_sliding_window:[00m reference picture marking process (sliding window)
0:00:00.514865597 [332m  601[00m 0x55932ac822d0 [37mDEBUG  [00m [00m               vaapi gstvaapidecoder.c:376:push_frame:[00m push frame 6 (surface 0x0400000d)
0:00:00.514956382 [332m  601[00m 0x55932ac822d0 [37mDEBUG  [00m [00m               vaapi gstvaapidecoder.c:397:pop_frame:[00m pop frame 6 (surface 0x0400000d)
0:00:00.515003878 [332m  601[00m 0x55932ac822d0 [37mTRACE  [00m [00;01;31;44m     GST_REFCOUNTING gstobject.c:254:gst_object_ref:<vaapidecode1>[00m 0x55932ac884b0 ref 3->4
0:00:00.515056927 [332m  601[00m 0x55932ac822d0 [37mTRACE  [00m [00;01;31;44m     GST_REFCOUNTING gstobject.c:254:gst_object_ref:<vaapivideobufferpool6>[00m 0x7f838c01cc20 ref 4->5
0:00:00.515081393 [332m  601[00m 0x55932ac61f20 [37mDEBUG  [00m [00m               vaapi gstvaapidecoder_h264.c:3326:exec_ref_pic_marking_sliding_window:[00m reference picture marking process (sliding window)
0:00:00.515114058 [332m  601[00m 0x55932ac822d0 [37mTRACE  [00m [00;01;31;44m     GST_REFCOUNTING gstminiobject.c:360:gst_mini_object_ref:[00m 0x7f838c0031a0 ref 1->2
0:00:00.515134475 [332m  601[00m 0x55932ac61f20 [37mDEBUG  [00m [00m               vaapi gstvaapidecoder.c:376:push_frame:[00m push frame 6 (surface 0x04000006)
0:00:00.515185590 [332m  601[00m 0x55932ac822d0 [37mTRACE  [00m [00;01;31;44m     GST_REFCOUNTING gstobject.c:254:gst_object_ref:<vaapisink1:sink>[00m 0x55932ac5b470 ref 2->3
0:00:00.515230218 [332m  601[00m 0x55932ac61f20 [37mDEBUG  [00m [00m               vaapi gstvaapidecoder.c:397:pop_frame:[00m pop frame 6 (surface 0x04000006)
0:00:00.515272594 [332m  601[00m 0x55932ac822d0 [37mTRACE  [00m [00;01;31;44m     GST_REFCOUNTING gstobject.c:254:gst_object_ref:<vaapisink1>[00m 0x55932ac8ade0 ref 2->3
0:00:00.515319757 [332m  601[00m 0x55932ac61f20 [37mTRACE  [00m [00;01;31;44m     GST_REFCOUNTING gstobject.c:254:gst_object_ref:<vaapidecode0>[00m 0x55932ac7d9a0 ref 3->4
0:00:00.515405099 [332m  601[00m 0x55932ac61f20 [37mTRACE  [00m [00;01;31;44m     GST_REFCOUNTING gstobject.c:254:gst_object_ref:<vaapivideobufferpool7>[00m 0x7f838c01d860 ref 4->5
0:00:00.515411977 [332m  601[00m 0x55932ac822d0 [37mTRACE  [00m [00;01;31;44m     GST_REFCOUNTING gstobject.c:254:gst_object_ref:<vaapisink1>[00m 0x55932ac8ade0 ref 3->4
0:00:00.515468089 [332m  601[00m 0x55932ac61f20 [37mTRACE  [00m [00;01;31;44m     GST_REFCOUNTING gstminiobject.c:360:gst_mini_object_ref:[00m 0x7f838c003800 ref 1->2
0:00:00.515518580 [332m  601[00m 0x55932ac822d0 [37mTRACE  [00m [00;01;31;44m     GST_REFCOUNTING gstobject.c:254:gst_object_ref:<bus0>[00m 0x55932aaa0a10 ref 9->10
0:00:00.515584767 [332m  601[00m 0x55932ac61f20 [37mTRACE  [00m [00;01;31;44m     GST_REFCOUNTING gstobject.c:254:gst_object_ref:<vaapisink0:sink>[00m 0x55932ac5a930 ref 2->3
0:00:00.515625352 [332m  601[00m 0x55932ac822d0 [37mTRACE  [00m [00;01;31;44m     GST_REFCOUNTING gstminiobject.c:360:gst_mini_object_ref:[00m 0x55932ac85aa0 ref 1->2
0:00:00.515666653 [332m  601[00m 0x55932ac61f20 [37mTRACE  [00m [00;01;31;44m     GST_REFCOUNTING gstobject.c:254:gst_object_ref:<vaapisink0>[00m 0x55932ac86220 ref 2->3
0:00:00.515707622 [332m  601[00m 0x55932ac822d0 [37mTRACE  [00m [00;01;31;44m     GST_REFCOUNTING gstobject.c:254:gst_object_ref:<bus1>[00m 0x55932aaa0ae0 ref 3->4
0:00:00.515780918 [332m  601[00m 0x55932ac61f20 [37mTRACE  [00m [00;01;31;44m     GST_REFCOUNTING gstobject.c:254:gst_object_ref:<vaapisink0>[00m 0x55932ac86220 ref 3->4
0:00:00.515834519 [332m  601[00m 0x55932ac61f20 [37mTRACE  [00m [00;01;31;44m     GST_REFCOUNTING gstobject.c:254:gst_object_ref:<bus0>[00m 0x55932aaa0a10 ref 10->11
0:00:00.515877782 [332m  601[00m 0x55932ac61f20 [37mTRACE  [00m [00;01;31;44m     GST_REFCOUNTING gstminiobject.c:360:gst_mini_object_ref:[00m 0x55932acb0110 ref 1->2
0:00:00.515873095 [332m  601[00m 0x55932aa72200 [37mTRACE  [00m [00;01;31;44m     GST_REFCOUNTING gstminiobject.c:360:gst_mini_object_ref:[00m 0x55932ac85aa0 ref 2->3
0:00:00.515914809 [332m  601[00m 0x55932ac822d0 [37mTRACE  [00m [00;01;31;44m     GST_REFCOUNTING gstobject.c:280:gst_object_unref:<bus1>[00m 0x55932aaa0ae0 unref 5->4
0:00:00.515982289 [332m  601[00m 0x55932ac61f20 [37mTRACE  [00m [00;01;31;44m     GST_REFCOUNTING gstobject.c:254:gst_object_ref:<bus1>[00m 0x55932aaa0ae0 ref 5->6
0:00:00.516029630 [332m  601[00m 0x55932aa72200 [37mTRACE  [00m [00;01;31;44m     GST_REFCOUNTING gstminiobject.c:360:gst_mini_object_ref:[00m 0x55932ac85aa0 ref 3->4
0:00:00.516177082 [332m  601[00m 0x55932aa72200 [37mTRACE  [00m [00;01;31;44m     GST_REFCOUNTING gstminiobject.c:440:gst_mini_object_unref:[00m 0x55932ac85aa0 unref 4->3
0:00:00.516224147 [332m  601[00m 0x55932aa72200 [37mTRACE  [00m [00;01;31;44m     GST_REFCOUNTING gstminiobject.c:440:gst_mini_object_unref:[00m 0x55932ac85aa0 unref 3->2
0:00:00.516280495 [332m  601[00m 0x55932aa72200 [37mTRACE  [00m [00;01;31;44m     GST_REFCOUNTING gstobject.c:280:gst_object_unref:<bus1>[00m 0x55932aaa0ae0 unref 4->3
0:00:00.516328714 [332m  601[00m 0x55932aa72200 [37mTRACE  [00m [00;01;31;44m     GST_REFCOUNTING gstminiobject.c:440:gst_mini_object_unref:[00m 0x55932ac85aa0 unref 2->1
0:00:00.516391219 [332m  601[00m 0x55932aa72200 [37mTRACE  [00m [00;01;31;44m     GST_REFCOUNTING gstobject.c:254:gst_object_ref:<bus1>[00m 0x55932aaa0ae0 ref 3->4
0:00:00.516467763 [332m  601[00m 0x55932aa72200 [37mTRACE  [00m [00;01;31;44m     GST_REFCOUNTING gstminiobject.c:360:gst_mini_object_ref:[00m 0x55932acb0110 ref 2->3
0:00:00.516512196 [332m  601[00m 0x55932aa72200 [37mTRACE  [00m [00;01;31;44m     GST_REFCOUNTING gstminiobject.c:360:gst_mini_object_ref:[00m 0x55932acb0110 ref 3->4
0:00:00.516587720 [332m  601[00m 0x55932aa72200 [37mTRACE  [00m [00;01;31;44m     GST_REFCOUNTING gstminiobject.c:440:gst_mini_object_unref:[00m 0x55932acb0110 unref 4->3
0:00:00.516630190 [332m  601[00m 0x55932aa72200 [37mTRACE  [00m [00;01;31;44m     GST_REFCOUNTING gstminiobject.c:440:gst_mini_object_unref:[00m 0x55932acb0110 unref 3->2
0:00:00.516680619 [332m  601[00m 0x55932aa72200 [37mTRACE  [00m [00;01;31;44m     GST_REFCOUNTING gstobject.c:280:gst_object_unref:<bus1>[00m 0x55932aaa0ae0 unref 4->3
0:00:00.516724292 [332m  601[00m 0x55932aa72200 [37mTRACE  [00m [00;01;31;44m     GST_REFCOUNTING gstminiobject.c:440:gst_mini_object_unref:[00m 0x55932acb0110 unref 2->1
0:00:00.516776185 [332m  601[00m 0x55932aa72200 [37mTRACE  [00m [00;01;31;44m     GST_REFCOUNTING gstobject.c:254:gst_object_ref:<bus1>[00m 0x55932aaa0ae0 ref 3->4
0:00:00.516079414 [332m  601[00m 0x55932ac822d0 [37mTRACE  [00m [00;01;31;44m     GST_REFCOUNTING gstminiobject.c:440:gst_mini_object_unref:[00m 0x55932ac85aa0 unref 3->2
0:00:00.516137256 [332m  601[00m 0x55932ac61f20 [37mTRACE  [00m [00;01;31;44m     GST_REFCOUNTING gstobject.c:280:gst_object_unref:<bus1>[00m 0x55932aaa0ae0 unref 5->4
0:00:00.516884081 [332m  601[00m 0x55932ac822d0 [37mTRACE  [00m [00;01;31;44m     GST_REFCOUNTING gstobject.c:280:gst_object_unref:<vaapisink1>[00m 0x55932ac8ade0 unref 4->3
0:00:00.516926578 [332m  601[00m 0x55932ac61f20 [37mTRACE  [00m [00;01;31;44m     GST_REFCOUNTING gstminiobject.c:440:gst_mini_object_unref:[00m 0x55932acb0110 unref 1->0
0:00:00.516982087 [332m  601[00m 0x55932ac822d0 [37mTRACE  [00m [00;01;31;44m     GST_REFCOUNTING gstobject.c:280:gst_object_unref:<bus0>[00m 0x55932aaa0a10 unref 11->10
0:00:00.517021266 [332m  601[00m 0x55932ac61f20 [37mTRACE  [00m [00;01;31;44m     GST_REFCOUNTING gstobject.c:280:gst_object_unref:<vaapisink0>[00m 0x55932ac86220 unref 4->3
0:00:00.517080676 [332m  601[00m 0x55932ac822d0 [37mTRACE  [00m [00;01;31;44m     GST_REFCOUNTING gstobject.c:254:gst_object_ref:<vaapidecode1:src>[00m 0x55932ac5b230 ref 2->3
0:00:00.517106016 [332m  601[00m 0x55932ac61f20 [37mTRACE  [00m [00;01;31;44m     GST_REFCOUNTING gstobject.c:280:gst_object_unref:<bus0>[00m 0x55932aaa0a10 unref 10->9
0:00:00.517173806 [332m  601[00m 0x55932ac822d0 [37mTRACE  [00m [00;01;31;44m     GST_REFCOUNTING gstobject.c:254:gst_object_ref:<vaapidecode1>[00m 0x55932ac884b0 ref 4->5
0:00:00.517230285 [332m  601[00m 0x55932ac61f20 [37mTRACE  [00m [00;01;31;44m     GST_REFCOUNTING gstobject.c:254:gst_object_ref:<vaapidecode0:src>[00m 0x55932ac5a6f0 ref 2->3
0:00:00.517288806 [332m  601[00m 0x55932ac61f20 [37mTRACE  [00m [00;01;31;44m     GST_REFCOUNTING gstobject.c:254:gst_object_ref:<vaapidecode0>[00m 0x55932ac7d9a0 ref 4->5
0:00:00.517308476 [332m  601[00m 0x55932ac822d0 [37mTRACE  [00m [00;01;31;44m     GST_REFCOUNTING gstobject.c:254:gst_object_ref:<qtdemux1:video_0>[00m 0x55932ac5bb30 ref 2->3
0:00:00.517350510 [332m  601[00m 0x55932ac61f20 [37mTRACE  [00m [00;01;31;44m     GST_REFCOUNTING gstobject.c:254:gst_object_ref:<qtdemux0:video_0>[00m 0x7f838c0144f0 ref 2->3
0:00:00.517389652 [332m  601[00m 0x55932ac822d0 [37mTRACE  [00m [00;01;31;44m     GST_REFCOUNTING gstobject.c:254:gst_object_ref:<qtdemux1>[00m 0x55932ac86810 ref 2->3
0:00:00.517434208 [332m  601[00m 0x55932ac61f20 [37mTRACE  [00m [00;01;31;44m     GST_REFCOUNTING gstobject.c:254:gst_object_ref:<qtdemux0>[00m 0x55932ac66600 ref 2->3
0:00:00.517476353 [332m  601[00m 0x55932ac822d0 [37mTRACE  [00m [00;01;31;44m     GST_REFCOUNTING gstminiobject.c:440:gst_mini_object_unref:[00m 0x7f838c04c5e0 unref 1->0
0:00:00.517520074 [332m  601[00m 0x55932ac61f20 [37mTRACE  [00m [00;01;31;44m     GST_REFCOUNTING gstminiobject.c:440:gst_mini_object_unref:[00m 0x7f83840122a0 unref 1->0
0:00:00.517592498 [332m  601[00m 0x55932ac822d0 [37mTRACE  [00m [00;01;31;44m     GST_REFCOUNTING gstobject.c:280:gst_object_unref:<qtdemux1>[00m 0x55932ac86810 unref 3->2
0:00:00.517637417 [332m  601[00m 0x55932ac61f20 [37mTRACE  [00m [00;01;31;44m     GST_REFCOUNTING gstobject.c:280:gst_object_unref:<qtdemux0>[00m 0x55932ac66600 unref 3->2
0:00:00.517677203 [332m  601[00m 0x55932ac822d0 [37mTRACE  [00m [00;01;31;44m     GST_REFCOUNTING gstobject.c:280:gst_object_unref:<qtdemux1:video_0>[00m 0x55932ac5bb30 unref 3->2
0:00:00.517720173 [332m  601[00m 0x55932ac61f20 [37mTRACE  [00m [00;01;31;44m     GST_REFCOUNTING gstobject.c:280:gst_object_unref:<qtdemux0:video_0>[00m 0x7f838c0144f0 unref 3->2
0:00:00.517766300 [332m  601[00m 0x55932ac822d0 [37mTRACE  [00m [00;01;31;44m     GST_REFCOUNTING gstobject.c:280:gst_object_unref:<vaapidecode1>[00m 0x55932ac884b0 unref 5->4
0:00:00.517811542 [332m  601[00m 0x55932ac61f20 [37mTRACE  [00m [00;01;31;44m     GST_REFCOUNTING gstobject.c:280:gst_object_unref:<vaapidecode0>[00m 0x55932ac7d9a0 unref 5->4
0:00:00.517855098 [332m  601[00m 0x55932ac822d0 [37mTRACE  [00m [00;01;31;44m     GST_REFCOUNTING gstobject.c:280:gst_object_unref:<vaapidecode1:src>[00m 0x55932ac5b230 unref 3->2
0:00:00.517900396 [332m  601[00m 0x55932ac61f20 [37mTRACE  [00m [00;01;31;44m     GST_REFCOUNTING gstobject.c:280:gst_object_unref:<vaapidecode0:src>[00m 0x55932ac5a6f0 unref 3->2
0:00:00.517941166 [332m  601[00m 0x55932ac822d0 [37mTRACE  [00m [00;01;31;44m     GST_REFCOUNTING gstminiobject.c:440:gst_mini_object_unref:[00m 0x7f838c0031a0 unref 2->1
0:00:00.517985675 [332m  601[00m 0x55932ac61f20 [37mTRACE  [00m [00;01;31;44m     GST_REFCOUNTING gstminiobject.c:440:gst_mini_object_unref:[00m 0x7f838c003800 unref 2->1
0:00:00.518034217 [332m  601[00m 0x55932ac822d0 [37mTRACE  [00m [00;01;31;44m     GST_REFCOUNTING gstobject.c:280:gst_object_unref:<vaapisink1>[00m 0x55932ac8ade0 unref 3->2
0:00:00.518078575 [332m  601[00m 0x55932ac61f20 [37mTRACE  [00m [00;01;31;44m     GST_REFCOUNTING gstobject.c:280:gst_object_unref:<vaapisink0>[00m 0x55932ac86220 unref 3->2
0:00:00.518121943 [332m  601[00m 0x55932ac822d0 [37mTRACE  [00m [00;01;31;44m     GST_REFCOUNTING gstobject.c:280:gst_object_unref:<vaapisink1:sink>[00m 0x55932ac5b470 unref 3->2
0:00:00.518166460 [332m  601[00m 0x55932ac61f20 [37mTRACE  [00m [00;01;31;44m     GST_REFCOUNTING gstobject.c:280:gst_object_unref:<vaapisink0:sink>[00m 0x55932ac5a930 unref 3->2
0:00:00.518241480 [332m  601[00m 0x55932ac822d0 [37mTRACE  [00m [00;01;31;44m     GST_REFCOUNTING gstminiobject.c:440:gst_mini_object_unref:[00m 0x7f838c08add0 unref 1->0
0:00:00.518285350 [332m  601[00m 0x55932ac61f20 [37mTRACE  [00m [00;01;31;44m     GST_REFCOUNTING gstminiobject.c:440:gst_mini_object_unref:[00m 0x7f838c08f580 unref 1->0
0:00:00.518330027 [332m  601[00m 0x55932ac822d0 [37mTRACE  [00m [00;01;31;44m     GST_REFCOUNTING gstminiobject.c:440:gst_mini_object_unref:[00m 0x7f838c090000 unref 1->0
0:00:00.518374070 [332m  601[00m 0x55932ac61f20 [37mTRACE  [00m [00;01;31;44m     GST_REFCOUNTING gstminiobject.c:440:gst_mini_object_unref:[00m 0x7f8384081550 unref 1->0
0:00:00.518424735 [332m  601[00m 0x55932ac822d0 [37mTRACE  [00m [00;01;31;44m     GST_REFCOUNTING gstobject.c:280:gst_object_unref:<allocatorsysmem0>[00m 0x55932aa75850 unref 17->16
0:00:00.518467679 [332m  601[00m 0x55932ac61f20 [37mTRACE  [00m [00;01;31;44m     GST_REFCOUNTING gstobject.c:280:gst_object_unref:<allocatorsysmem0>[00m 0x55932aa75850 unref 17->16
0:00:00.518508790 [332m  601[00m 0x55932ac822d0 [37mTRACE  [00m [00;01;31;44m     GST_REFCOUNTING gstminiobject.c:440:gst_mini_object_unref:[00m 0x7f838c0031a0 unref 1->0
0:00:00.518612393 [332m  601[00m 0x55932ac61f20 [37mTRACE  [00m [00;01;31;44m     GST_REFCOUNTING gstminiobject.c:440:gst_mini_object_unref:[00m 0x7f838c003800 unref 1->0
0:00:00.518656668 [332m  601[00m 0x55932ac822d0 [37mTRACE  [00m [00;01;31;44m     GST_REFCOUNTING gstminiobject.c:360:gst_mini_object_ref:[00m 0x7f838c0031a0 ref 0->1
