0:00:00.584517116 [332m  601[00m 0x55932ac61f20 [37mTRACE  [00m [00;01;31;44m     GST_REFCOUNTING gstminiobject.c:440:gst_mini_object_unref:[00m 0x7f838c08f250 unref 1->0
0:00:00.584587302 [332m  601[00m 0x55932ac61f20 [37mTRACE  [00m [00;01;31;44m     GST_REFCOUNTING gstminiobject.c:360:gst_mini_object_ref:[00m 0x7f838c08f250 ref 0->1
0:00:00.584639912 [332m  601[00m 0x55932ac61f20 [37mTRACE  [00m [00;01;31;44m     GST_REFCOUNTING gstobject.c:280:gst_object_unref:<vaapivideobufferpool7>[00m 0x7f838c01d860 unref 5->4
0:00:00.584690942 [332m  601[00m 0x55932ac61f20 [37mTRACE  [00m [00;01;31;44m     GST_REFCOUNTING gstobject.c:280:gst_object_unref:<vaapidecode0>[00m 0x55932ac7d9a0 unref 4->3
0:00:00.584741104 [332m  601[00m 0x55932ac61f20 [37mTRACE  [00m [00;01;31;44m     GST_REFCOUNTING gstobject.c:280:gst_object_unref:<vaapidecode0>[00m 0x55932ac7d9a0 unref 3->2
0:00:00.584783144 [332m  601[00m 0x55932ac61f20 [37mTRACE  [00m [00;01;31;44m     GST_REFCOUNTING gstobject.c:280:gst_object_unref:<vaapidecode0:sink>[00m 0x55932ac5a4b0 unref 3->2
0:00:00.584835750 [332m  601[00m 0x55932ac61f20 [37mTRACE  [00m [00;01;31;44m     GST_REFCOUNTING gstobject.c:280:gst_object_unref:<qtdemux0>[00m 0x55932ac66600 unref 2->1
0:00:00.584879605 [332m  601[00m 0x55932ac61f20 [37mTRACE  [00m [00;01;31;44m     GST_REFCOUNTING gstobject.c:254:gst_object_ref:<qtdemux0>[00m 0x55932ac66600 ref 1->2
0:00:00.584961875 [332m  601[00m 0x55932ac61f20 [37mTRACE  [00m [00;01;31;44m     GST_REFCOUNTING gstobject.c:254:gst_object_ref:<filesrc0:src>[00m 0x55932ac5a030 ref 1->2
0:00:00.585009059 [332m  601[00m 0x55932ac61f20 [37mTRACE  [00m [00;01;31;44m     GST_REFCOUNTING gstobject.c:254:gst_object_ref:<filesrc0>[00m 0x55932ac58110 ref 1->2
0:00:00.585060641 [332m  601[00m 0x55932ac61f20 [37mTRACE  [00m [00;01;31;44m     GST_REFCOUNTING gstobject.c:254:gst_object_ref:<allocatorsysmem0>[00m 0x55932aa75850 ref 16->17
0:00:00.585105390 [332m  601[00m 0x55932ac61f20 [37mTRACE  [00m [00;01;31;44m     GST_REFCOUNTING gstminiobject.c:360:gst_mini_object_ref:[00m 0x7f838401c170 ref 1->2
0:00:00.585172190 [332m  601[00m 0x55932ac61f20 [37mTRACE  [00m [00;01;31;44m     GST_REFCOUNTING gstminiobject.c:440:gst_mini_object_unref:[00m 0x7f838401c170 unref 2->1
0:00:00.585218329 [332m  601[00m 0x55932ac61f20 [37mTRACE  [00m [00;01;31;44m     GST_REFCOUNTING gstobject.c:254:gst_object_ref:<GstSystemClock>[00m 0x55932acb2130 ref 10->11
0:00:00.585260398 [332m  601[00m 0x55932ac61f20 [37mTRACE  [00m [00;01;31;44m     GST_REFCOUNTING gstobject.c:280:gst_object_unref:<GstSystemClock>[00m 0x55932acb2130 unref 11->10
0:00:00.585302318 [332m  601[00m 0x55932ac61f20 [37mTRACE  [00m [00;01;31;44m     GST_REFCOUNTING gstobject.c:280:gst_object_unref:<filesrc0>[00m 0x55932ac58110 unref 2->1
0:00:00.585343778 [332m  601[00m 0x55932ac61f20 [37mTRACE  [00m [00;01;31;44m     GST_REFCOUNTING gstobject.c:280:gst_object_unref:<filesrc0:src>[00m 0x55932ac5a030 unref 2->1
0:00:00.585389154 [332m  601[00m 0x55932ac61f20 [37mTRACE  [00m [00;01;31;44m     GST_REFCOUNTING gstobject.c:254:gst_object_ref:<vaapidecode0:sink>[00m 0x55932ac5a4b0 ref 2->3
0:00:00.585430830 [332m  601[00m 0x55932ac61f20 [37mTRACE  [00m [00;01;31;44m     GST_REFCOUNTING gstobject.c:254:gst_object_ref:<vaapidecode0>[00m 0x55932ac7d9a0 ref 2->3
0:00:00.585490735 [332m  601[00m 0x55932ac61f20 [37mTRACE  [00m [00;01;31;44m     GST_REFCOUNTING gstminiobject.c:360:gst_mini_object_ref:[00m 0x7f838401c170 ref 1->2
0:00:00.585557850 [332m  601[00m 0x55932ac61f20 [37mTRACE  [00m [00;01;31;44m     GST_REFCOUNTING gstminiobject.c:440:gst_mini_object_unref:[00m 0x7f838401c170 unref 2->1
0:00:00.585606670 [332m  601[00m 0x55932ac61f20 [37mTRACE  [00m [00;01;31;44m     GST_REFCOUNTING gstminiobject.c:360:gst_mini_object_ref:[00m 0x7f838401c170 ref 1->2
0:00:00.585655926 [332m  601[00m 0x55932ac61f20 [37mDEBUG  [00m [00m               vaapi gstvaapidecoder_h264.c:1742:parse_slice:[00m parse slice
0:00:00.585702346 [332m  601[00m 0x55932ac61f20 [37mTRACE  [00m [00;01;31;44m     GST_REFCOUNTING gstminiobject.c:360:gst_mini_object_ref:[00m 0x7f838c08f360 ref 1->2
0:00:00.585746045 [332m  601[00m 0x55932ac61f20 [37mTRACE  [00m [00;01;31;44m     GST_REFCOUNTING gstminiobject.c:440:gst_mini_object_unref:[00m 0x7f838401c170 unref 2->1
0:00:00.585785688 [332m  601[00m 0x55932ac61f20 [37mTRACE  [00m [00;01;31;44m     GST_REFCOUNTING gstminiobject.c:440:gst_mini_object_unref:[00m 0x7f838c08f360 unref 2->1
0:00:00.585828730 [332m  601[00m 0x55932ac61f20 [37mTRACE  [00m [00;01;31;44m     GST_REFCOUNTING gstminiobject.c:360:gst_mini_object_ref:[00m 0x7f838c08f360 ref 1->2
0:00:00.585867763 [332m  601[00m 0x55932ac61f20 [37mTRACE  [00m [00;01;31;44m     GST_REFCOUNTING gstminiobject.c:440:gst_mini_object_unref:[00m 0x7f838c08f360 unref 2->1
0:00:00.585946855 [332m  601[00m 0x55932ac61f20 [37mDEBUG  [00m [00m               vaapi gstvaapidecoder_h264.c:2026:init_picture_poc_2:[00m decode picture order count type 2
0:00:00.585985480 [332m  601[00m 0x55932ac61f20 [37mDEBUG  [00m [00m               vaapi gstvaapidecoder_h264.c:4128:decode_slice:[00m slice (24803 bytes)
0:00:00.586020129 [332m  601[00m 0x55932ac61f20 [37mTRACE  [00m [00;01;31;44m     GST_REFCOUNTING gstminiobject.c:360:gst_mini_object_ref:[00m 0x7f838401c170 ref 1->2
0:00:00.586183510 [332m  601[00m 0x55932ac61f20 [37mTRACE  [00m [00;01;31;44m     GST_REFCOUNTING gstminiobject.c:440:gst_mini_object_unref:[00m 0x7f838401c170 unref 2->1
0:00:00.586269991 [332m  601[00m 0x55932ac61f20 [37mDEBUG  [00m [00m               vaapi gstvaapidecoder_h264.c:2147:init_picture_refs_pic_num:[00m decode picture numbers
0:00:00.586303925 [332m  601[00m 0x55932ac61f20 [37mDEBUG  [00m [00m               vaapi gstvaapidecoder_h264.c:2394:init_picture_refs_p_slice:[00m decode reference picture list for P and SP slices
0:00:00.586336799 [332m  601[00m 0x55932ac61f20 [37mDEBUG  [00m [00m               vaapi gstvaapidecoder_h264.c:2826:exec_picture_refs_modification:[00m execute ref_pic_list_modification()
0:00:00.586369922 [332m  601[00m 0x55932ac61f20 [37mDEBUG  [00m [00m               vaapi gstvaapidecoder_objects.c:262:gst_vaapi_picture_decode:[00m decode picture 0x04000006
0:00:00.586747589 [332m  601[00m 0x55932ac61f20 [37mDEBUG  [00m [00m               vaapi gstvaapidecoder_h264.c:3326:exec_ref_pic_marking_sliding_window:[00m reference picture marking process (sliding window)
0:00:00.586844718 [332m  601[00m 0x55932ac61f20 [37mDEBUG  [00m [00m               vaapi gstvaapidecoder.c:376:push_frame:[00m push frame 9 (surface 0x04000001)
0:00:00.586933060 [332m  601[00m 0x55932ac61f20 [37mDEBUG  [00m [00m               vaapi gstvaapidecoder.c:397:pop_frame:[00m pop frame 9 (surface 0x04000001)
0:00:00.586977034 [332m  601[00m 0x55932ac61f20 [37mTRACE  [00m [00;01;31;44m     GST_REFCOUNTING gstobject.c:254:gst_object_ref:<vaapidecode0>[00m 0x55932ac7d9a0 ref 3->4
0:00:00.587025166 [332m  601[00m 0x55932ac61f20 [37mTRACE  [00m [00;01;31;44m     GST_REFCOUNTING gstobject.c:254:gst_object_ref:<vaapivideobufferpool7>[00m 0x7f838c01d860 ref 4->5
0:00:00.587077170 [332m  601[00m 0x55932ac61f20 [37mTRACE  [00m [00;01;31;44m     GST_REFCOUNTING gstminiobject.c:360:gst_mini_object_ref:[00m 0x7f838c08f250 ref 1->2
0:00:00.587129496 [332m  601[00m 0x55932ac61f20 [37mTRACE  [00m [00;01;31;44m     GST_REFCOUNTING gstobject.c:254:gst_object_ref:<vaapisink0:sink>[00m 0x55932ac5a930 ref 2->3
0:00:00.587172103 [332m  601[00m 0x55932ac61f20 [37mTRACE  [00m [00;01;31;44m     GST_REFCOUNTING gstobject.c:254:gst_object_ref:<vaapisink0>[00m 0x55932ac86220 ref 2->3
0:00:00.587232202 [332m  601[00m 0x55932ac61f20 [37mTRACE  [00m [00;01;31;44m     GST_REFCOUNTING gstminiobject.c:360:gst_mini_object_ref:[00m 0x7f838c08f250 ref 2->3
0:00:00.587274476 [332m  601[00m 0x55932ac61f20 [37mTRACE  [00m [00;01;31;44m     GST_REFCOUNTING gstminiobject.c:495:gst_mini_object_replace:[00m replace 0x7f8384006370 (9) with 0x7f8384006370 (9)
0:00:00.587317569 [332m  601[00m 0x55932ac61f20 [37mTRACE  [00m [00;01;31;44m     GST_REFCOUNTING gstminiobject.c:440:gst_mini_object_unref:[00m 0x7f838c003800 unref 2->1
0:00:00.587361326 [332m  601[00m 0x55932ac61f20 [37mTRACE  [00m [00;01;31;44m     GST_REFCOUNTING gstminiobject.c:360:gst_mini_object_ref:[00m 0x7f838c08f250 ref 3->4
0:00:00.587405719 [332m  601[00m 0x55932ac61f20 [37mDEBUG  [00m [00m           vaapisink gstvaapisink.c:1393:gst_vaapisink_show_frame_unlocked:[00m render surface 0x4000001
0:00:00.587439095 [332m  601[00m 0x55932ac61f20 [37mDEBUG  [00m [00m           vaapisink gstvaapisink.c:1402:gst_vaapisink_show_frame_unlocked:[00m render rect (0,0), size 1920x1080
0:00:00.583919935 [332m  601[00m 0x55932ac822d0 [37mTRACE  [00m [00;01;31;44m     GST_REFCOUNTING gstminiobject.c:440:gst_mini_object_unref:[00m 0x7f838c003d50 unref 1->0
0:00:00.583981306 [332m  601[00m 0x55932aa72200 [37mTRACE  [00m [00;01;31;44m     GST_REFCOUNTING gstobject.c:254:gst_object_ref:<bus1>[00m 0x55932aaa0ae0 ref 2->3
0:00:00.588753677 [332m  601[00m 0x55932ac822d0 [37mTRACE  [00m [00;01;31;44m     GST_REFCOUNTING gstminiobject.c:440:gst_mini_object_unref:[00m 0x7f838c0af4a0 unref 1->0
0:00:00.588863276 [332m  601[00m 0x55932ac822d0 [37mTRACE  [00m [00;01;31;44m     GST_REFCOUNTING gstobject.c:280:gst_object_unref:<allocatorsysmem0>[00m 0x55932aa75850 unref 17->16
0:00:00.588964822 [332m  601[00m 0x55932ac822d0 [37mTRACE  [00m [00;01;31;44m     GST_REFCOUNTING gstminiobject.c:440:gst_mini_object_unref:[00m 0x7f838c08aaa0 unref 1->0
0:00:00.589007941 [332m  601[00m 0x55932ac822d0 [37mTRACE  [00m [00;01;31;44m     GST_REFCOUNTING gstminiobject.c:360:gst_mini_object_ref:[00m 0x7f838c08aaa0 ref 0->1
0:00:00.589063306 [332m  601[00m 0x55932ac822d0 [37mTRACE  [00m [00;01;31;44m     GST_REFCOUNTING gstobject.c:280:gst_object_unref:<vaapivideobufferpool6>[00m 0x7f838c01cc20 unref 5->4
0:00:00.589115675 [332m  601[00m 0x55932ac822d0 [37mTRACE  [00m [00;01;31;44m     GST_REFCOUNTING gstobject.c:280:gst_object_unref:<vaapidecode1>[00m 0x55932ac884b0 unref 4->3
0:00:00.589170557 [332m  601[00m 0x55932ac822d0 [37mTRACE  [00m [00;01;31;44m     GST_REFCOUNTING gstobject.c:280:gst_object_unref:<vaapidecode1>[00m 0x55932ac884b0 unref 3->2
0:00:00.589213856 [332m  601[00m 0x55932ac822d0 [37mTRACE  [00m [00;01;31;44m     GST_REFCOUNTING gstobject.c:280:gst_object_unref:<vaapidecode1:sink>[00m 0x55932ac5aff0 unref 3->2
0:00:00.589267859 [332m  601[00m 0x55932ac822d0 [37mTRACE  [00m [00;01;31;44m     GST_REFCOUNTING gstobject.c:280:gst_object_unref:<qtdemux1>[00m 0x55932ac86810 unref 2->1
0:00:00.589311449 [332m  601[00m 0x55932ac822d0 [37mTRACE  [00m [00;01;31;44m     GST_REFCOUNTING gstobject.c:254:gst_object_ref:<qtdemux1>[00m 0x55932ac86810 ref 1->2
0:00:00.589359131 [332m  601[00m 0x55932ac822d0 [37mTRACE  [00m [00;01;31;44m     GST_REFCOUNTING gstobject.c:254:gst_object_ref:<filesrc1:src>[00m 0x55932ac5ab70 ref 1->2
0:00:00.589401727 [332m  601[00m 0x55932ac822d0 [37mTRACE  [00m [00;01;31;44m     GST_REFCOUNTING gstobject.c:254:gst_object_ref:<filesrc1>[00m 0x55932ac58490 ref 1->2
0:00:00.589453211 [332m  601[00m 0x55932ac822d0 [37mTRACE  [00m [00;01;31;44m     GST_REFCOUNTING gstobject.c:254:gst_object_ref:<allocatorsysmem0>[00m 0x55932aa75850 ref 16->17
0:00:00.589497279 [332m  601[00m 0x55932ac822d0 [37mTRACE  [00m [00;01;31;44m     GST_REFCOUNTING gstminiobject.c:360:gst_mini_object_ref:[00m 0x7f838c02b000 ref 1->2
0:00:00.589594212 [332m  601[00m 0x55932ac822d0 [37mTRACE  [00m [00;01;31;44m     GST_REFCOUNTING gstminiobject.c:440:gst_mini_object_unref:[00m 0x7f838c02b000 unref 2->1
0:00:00.589642627 [332m  601[00m 0x55932ac822d0 [37mTRACE  [00m [00;01;31;44m     GST_REFCOUNTING gstobject.c:254:gst_object_ref:<GstSystemClock>[00m 0x55932acb2130 ref 10->11
0:00:00.589684614 [332m  601[00m 0x55932ac822d0 [37mTRACE  [00m [00;01;31;44m     GST_REFCOUNTING gstobject.c:280:gst_object_unref:<GstSystemClock>[00m 0x55932acb2130 unref 11->10
0:00:00.589725800 [332m  601[00m 0x55932ac822d0 [37mTRACE  [00m [00;01;31;44m     GST_REFCOUNTING gstobject.c:280:gst_object_unref:<filesrc1>[00m 0x55932ac58490 unref 2->1
0:00:00.589767315 [332m  601[00m 0x55932ac822d0 [37mTRACE  [00m [00;01;31;44m     GST_REFCOUNTING gstobject.c:280:gst_object_unref:<filesrc1:src>[00m 0x55932ac5ab70 unref 2->1
0:00:00.589814457 [332m  601[00m 0x55932ac822d0 [37mTRACE  [00m [00;01;31;44m     GST_REFCOUNTING gstobject.c:254:gst_object_ref:<vaapidecode1:sink>[00m 0x55932ac5aff0 ref 2->3
0:00:00.589855604 [332m  601[00m 0x55932ac822d0 [37mTRACE  [00m [00;01;31;44m     GST_REFCOUNTING gstobject.c:254:gst_object_ref:<vaapidecode1>[00m 0x55932ac884b0 ref 2->3
0:00:00.589917167 [332m  601[00m 0x55932ac822d0 [37mTRACE  [00m [00;01;31;44m     GST_REFCOUNTING gstminiobject.c:360:gst_mini_object_ref:[00m 0x7f838c02b000 ref 1->2
0:00:00.589959428 [332m  601[00m 0x55932ac822d0 [37mTRACE  [00m [00;01;31;44m     GST_REFCOUNTING gstminiobject.c:440:gst_mini_object_unref:[00m 0x7f838c02b000 unref 2->1
0:00:00.590001905 [332m  601[00m 0x55932ac822d0 [37mTRACE  [00m [00;01;31;44m     GST_REFCOUNTING gstminiobject.c:360:gst_mini_object_ref:[00m 0x7f838c02b000 ref 1->2
0:00:00.590048630 [332m  601[00m 0x55932ac822d0 [37mDEBUG  [00m [00m               vaapi gstvaapidecoder_h264.c:1742:parse_slice:[00m parse slice
0:00:00.590129130 [332m  601[00m 0x55932ac822d0 [37mTRACE  [00m [00;01;31;44m     GST_REFCOUNTING gstminiobject.c:360:gst_mini_object_ref:[00m 0x7f838c08abb0 ref 1->2
0:00:00.590175506 [332m  601[00m 0x55932ac822d0 [37mTRACE  [00m [00;01;31;44m     GST_REFCOUNTING gstminiobject.c:440:gst_mini_object_unref:[00m 0x7f838c02b000 unref 2->1
0:00:00.590215425 [332m  601[00m 0x55932ac822d0 [37mTRACE  [00m [00;01;31;44m     GST_REFCOUNTING gstminiobject.c:440:gst_mini_object_unref:[00m 0x7f838c08abb0 unref 2->1
0:00:00.590258589 [332m  601[00m 0x55932ac822d0 [37mTRACE  [00m [00;01;31;44m     GST_REFCOUNTING gstminiobject.c:360:gst_mini_object_ref:[00m 0x7f838c08abb0 ref 1->2
0:00:00.590297665 [332m  601[00m 0x55932ac822d0 [37mTRACE  [00m [00;01;31;44m     GST_REFCOUNTING gstminiobject.c:440:gst_mini_object_unref:[00m 0x7f838c08abb0 unref 2->1
0:00:00.590373363 [332m  601[00m 0x55932ac822d0 [37mDEBUG  [00m [00m               vaapi gstvaapidecoder_h264.c:2026:init_picture_poc_2:[00m decode picture order count type 2
0:00:00.590412422 [332m  601[00m 0x55932ac822d0 [37mDEBUG  [00m [00m               vaapi gstvaapidecoder_h264.c:4128:decode_slice:[00m slice (24803 bytes)
0:00:00.590446892 [332m  601[00m 0x55932ac822d0 [37mTRACE  [00m [00;01;31;44m     GST_REFCOUNTING gstminiobject.c:360:gst_mini_object_ref:[00m 0x7f838c02b000 ref 1->2
0:00:00.590610798 [332m  601[00m 0x55932ac822d0 [37mTRACE  [00m [00;01;31;44m     GST_REFCOUNTING gstminiobject.c:440:gst_mini_object_unref:[00m 0x7f838c02b000 unref 2->1
0:00:00.590664340 [332m  601[00m 0x55932ac822d0 [37mDEBUG  [00m [00m               vaapi gstvaapidecoder_h264.c:2147:init_picture_refs_pic_num:[00m decode picture numbers
0:00:00.590695455 [332m  601[00m 0x55932ac822d0 [37mDEBUG  [00m [00m               vaapi gstvaapidecoder_h264.c:2394:init_picture_refs_p_slice:[00m decode reference picture list for P and SP slices
0:00:00.590727976 [332m  601[00m 0x55932ac822d0 [37mDEBUG  [00m [00m               vaapi gstvaapidecoder_h264.c:2826:exec_picture_refs_modification:[00m execute ref_pic_list_modification()
0:00:00.590761454 [332m  601[00m 0x55932ac822d0 [37mDEBUG  [00m [00m               vaapi gstvaapidecoder_objects.c:262:gst_vaapi_picture_decode:[00m decode picture 0x0400000d
0:00:00.591094205 [332m  601[00m 0x55932ac822d0 [37mDEBUG  [00m [00m               vaapi gstvaapidecoder_h264.c:3326:exec_ref_pic_marking_sliding_window:[00m reference picture marking process (sliding window)
0:00:00.591145546 [332m  601[00m 0x55932ac822d0 [37mDEBUG  [00m [00m               vaapi gstvaapidecoder.c:376:push_frame:[00m push frame 9 (surface 0x04000008)
0:00:00.591193745 [332m  601[00m 0x55932ac822d0 [37mDEBUG  [00m [00m               vaapi gstvaapidecoder.c:397:pop_frame:[00m pop frame 9 (surface 0x04000008)
0:00:00.591236407 [332m  601[00m 0x55932ac822d0 [37mTRACE  [00m [00;01;31;44m     GST_REFCOUNTING gstobject.c:254:gst_object_ref:<vaapidecode1>[00m 0x55932ac884b0 ref 3->4
0:00:00.591284557 [332m  601[00m 0x55932ac822d0 [37mTRACE  [00m [00;01;31;44m     GST_REFCOUNTING gstobject.c:254:gst_object_ref:<vaapivideobufferpool6>[00m 0x7f838c01cc20 ref 4->5
0:00:00.591336536 [332m  601[00m 0x55932ac822d0 [37mTRACE  [00m [00;01;31;44m     GST_REFCOUNTING gstminiobject.c:360:gst_mini_object_ref:[00m 0x7f838c08aaa0 ref 1->2
0:00:00.591389576 [332m  601[00m 0x55932ac822d0 [37mTRACE  [00m [00;01;31;44m     GST_REFCOUNTING gstobject.c:254:gst_object_ref:<vaapisink1:sink>[00m 0x55932ac5b470 ref 2->3
0:00:00.591432304 [332m  601[00m 0x55932ac822d0 [37mTRACE  [00m [00;01;31;44m     GST_REFCOUNTING gstobject.c:254:gst_object_ref:<vaapisink1>[00m 0x55932ac8ade0 ref 2->3
0:00:00.591493671 [332m  601[00m 0x55932ac822d0 [37mTRACE  [00m [00;01;31;44m     GST_REFCOUNTING gstminiobject.c:360:gst_mini_object_ref:[00m 0x7f838c08aaa0 ref 2->3
0:00:00.591588599 [332m  601[00m 0x55932ac822d0 [37mTRACE  [00m [00;01;31;44m     GST_REFCOUNTING gstminiobject.c:495:gst_mini_object_replace:[00m replace 0x7f838c0290a0 (9) with 0x7f838c0290a0 (9)
0:00:00.591674825 [332m  601[00m 0x55932ac822d0 [37mTRACE  [00m [00;01;31;44m     GST_REFCOUNTING gstminiobject.c:440:gst_mini_object_unref:[00m 0x7f838c0031a0 unref 2->1
0:00:00.609218145 [332m  601[00m 0x55932ac61f20 [37mTRACE  [00m [00;01;31;44m     GST_REFCOUNTING gstminiobject.c:495:gst_mini_object_replace:[00m replace 0x7f838c003800 (1) with 0x7f838c08f250 (4)
0:00:00.609311211 [332m  601[00m 0x55932ac61f20 [37mTRACE  [00m [00;01;31;44m     GST_REFCOUNTING gstminiobject.c:360:gst_mini_object_ref:[00m 0x7f838c08f250 ref 4->5
0:00:00.609346738 [332m  601[00m 0x55932ac61f20 [37mTRACE  [00m [00;01;31;44m     GST_REFCOUNTING gstminiobject.c:440:gst_mini_object_unref:[00m 0x7f838c003800 unref 1->0
0:00:00.609380617 [332m  601[00m 0x55932ac61f20 [37mTRACE  [00m [00;01;31;44m     GST_REFCOUNTING gstminiobject.c:360:gst_mini_object_ref:[00m 0x7f838c003800 ref 0->1
0:00:00.609433060 [332m  601[00m 0x55932ac61f20 [37mTRACE  [00m [00;01;31;44m     GST_REFCOUNTING gstobject.c:280:gst_object_unref:<vaapidecode0>[00m 0x55932ac7d9a0 unref 4->3
0:00:00.609481152 [332m  601[00m 0x55932ac61f20 [37mTRACE  [00m [00;01;31;44m     GST_REFCOUNTING gstobject.c:280:gst_object_unref:<vaapivideobufferpool7>[00m 0x7f838c01d860 unref 5->4
0:00:00.609516104 [332m  601[00m 0x55932ac61f20 [37mTRACE  [00m [00;01;31;44m     GST_REFCOUNTING gstminiobject.c:440:gst_mini_object_unref:[00m 0x7f838c08f250 unref 5->4
0:00:00.609623483 [332m  601[00m 0x55932ac61f20 [37mTRACE  [00m [00;01;31;44m     GST_REFCOUNTING gstobject.c:254:gst_object_ref:<vaapidecode0:src>[00m 0x55932ac5a6f0 ref 2->3
0:00:00.609664254 [332m  601[00m 0x55932ac61f20 [37mTRACE  [00m [00;01;31;44m     GST_REFCOUNTING gstobject.c:254:gst_object_ref:<vaapidecode0>[00m 0x55932ac7d9a0 ref 3->4
0:00:00.609710686 [332m  601[00m 0x55932ac61f20 [37mTRACE  [00m [00;01;31;44m     GST_REFCOUNTING gstobject.c:254:gst_object_ref:<qtdemux0:video_0>[00m 0x7f838c0144f0 ref 2->3
0:00:00.609748199 [332m  601[00m 0x55932ac61f20 [37mTRACE  [00m [00;01;31;44m     GST_REFCOUNTING gstobject.c:254:gst_object_ref:<qtdemux0>[00m 0x55932ac66600 ref 2->3
0:00:00.609782533 [332m  601[00m 0x55932ac61f20 [37mTRACE  [00m [00;01;31;44m     GST_REFCOUNTING gstminiobject.c:440:gst_mini_object_unref:[00m 0x7f838c012de0 unref 1->0
0:00:00.609823256 [332m  601[00m 0x55932ac61f20 [37mTRACE  [00m [00;01;31;44m     GST_REFCOUNTING gstobject.c:280:gst_object_unref:<qtdemux0>[00m 0x55932ac66600 unref 3->2
0:00:00.609860437 [332m  601[00m 0x55932ac61f20 [37mTRACE  [00m [00;01;31;44m     GST_REFCOUNTING gstobject.c:280:gst_object_unref:<qtdemux0:video_0>[00m 0x7f838c0144f0 unref 3->2
0:00:00.609897012 [332m  601[00m 0x55932ac61f20 [37mTRACE  [00m [00;01;31;44m     GST_REFCOUNTING gstobject.c:280:gst_object_unref:<vaapidecode0>[00m 0x55932ac7d9a0 unref 4->3
0:00:00.609933115 [332m  601[00m 0x55932ac61f20 [37mTRACE  [00m [00;01;31;44m     GST_REFCOUNTING gstobject.c:280:gst_object_unref:<vaapidecode0:src>[00m 0x55932ac5a6f0 unref 3->2
0:00:00.609967515 [332m  601[00m 0x55932ac61f20 [37mTRACE  [00m [00;01;31;44m     GST_REFCOUNTING gstminiobject.c:440:gst_mini_object_unref:[00m 0x7f838c08f250 unref 4->3
0:00:00.610008242 [332m  601[00m 0x55932ac61f20 [37mTRACE  [00m [00;01;31;44m     GST_REFCOUNTING gstobject.c:280:gst_object_unref:<vaapisink0>[00m 0x55932ac86220 unref 3->2
0:00:00.610044375 [332m  601[00m 0x55932ac61f20 [37mTRACE  [00m [00;01;31;44m     GST_REFCOUNTING gstobject.c:280:gst_object_unref:<vaapisink0:sink>[00m 0x55932ac5a930 unref 3->2
0:00:00.610080937 [332m  601[00m 0x55932ac61f20 [37mTRACE  [00m [00;01;31;44m     GST_REFCOUNTING gstminiobject.c:440:gst_mini_object_unref:[00m 0x7f838c08a990 unref 1->0
0:00:00.610115931 [332m  601[00m 0x55932ac61f20 [37mTRACE  [00m [00;01;31;44m     GST_REFCOUNTING gstminiobject.c:440:gst_mini_object_unref:[00m 0x7f83840b21b0 unref 1->0
0:00:00.610157112 [332m  601[00m 0x55932ac61f20 [37mTRACE  [00m [00;01;31;44m     GST_REFCOUNTING gstobject.c:280:gst_object_unref:<allocatorsysmem0>[00m 0x55932aa75850 unref 17->16
0:00:00.610249870 [332m  601[00m 0x55932ac61f20 [37mTRACE  [00m [00;01;31;44m     GST_REFCOUNTING gstminiobject.c:440:gst_mini_object_unref:[00m 0x7f838c08f250 unref 3->2
0:00:00.610301741 [332m  601[00m 0x55932ac61f20 [37mTRACE  [00m [00;01;31;44m     GST_REFCOUNTING gstobject.c:280:gst_object_unref:<vaapidecode0>[00m 0x55932ac7d9a0 unref 3->2
0:00:00.610339993 [332m  601[00m 0x55932ac61f20 [37mTRACE  [00m [00;01;31;44m     GST_REFCOUNTING gstobject.c:280:gst_object_unref:<vaapidecode0:sink>[00m 0x55932ac5a4b0 unref 3->2
0:00:00.610386831 [332m  601[00m 0x55932ac61f20 [37mTRACE  [00m [00;01;31;44m     GST_REFCOUNTING gstobject.c:280:gst_object_unref:<qtdemux0>[00m 0x55932ac66600 unref 2->1
0:00:00.610425768 [332m  601[00m 0x55932ac61f20 [37mTRACE  [00m [00;01;31;44m     GST_REFCOUNTING gstobject.c:254:gst_object_ref:<qtdemux0>[00m 0x55932ac66600 ref 1->2
0:00:00.610468691 [332m  601[00m 0x55932ac61f20 [37mTRACE  [00m [00;01;31;44m     GST_REFCOUNTING gstobject.c:254:gst_object_ref:<filesrc0:src>[00m 0x55932ac5a030 ref 1->2
0:00:00.610506473 [332m  601[00m 0x55932ac61f20 [37mTRACE  [00m [00;01;31;44m     GST_REFCOUNTING gstobject.c:254:gst_object_ref:<filesrc0>[00m 0x55932ac58110 ref 1->2
0:00:00.610576408 [332m  601[00m 0x55932ac61f20 [37mTRACE  [00m [00;01;31;44m     GST_REFCOUNTING gstobject.c:254:gst_object_ref:<allocatorsysmem0>[00m 0x55932aa75850 ref 16->17
0:00:00.610617531 [332m  601[00m 0x55932ac61f20 [37mTRACE  [00m [00;01;31;44m     GST_REFCOUNTING gstminiobject.c:360:gst_mini_object_ref:[00m 0x7f8384022300 ref 1->2
0:00:00.610674381 [332m  601[00m 0x55932ac61f20 [37mTRACE  [00m [00;01;31;44m     GST_REFCOUNTING gstminiobject.c:440:gst_mini_object_unref:[00m 0x7f8384022300 unref 2->1
0:00:00.610715172 [332m  601[00m 0x55932ac61f20 [37mTRACE  [00m [00;01;31;44m     GST_REFCOUNTING gstobject.c:254:gst_object_ref:<GstSystemClock>[00m 0x55932acb2130 ref 10->11
0:00:00.610752291 [332m  601[00m 0x55932ac61f20 [37mTRACE  [00m [00;01;31;44m     GST_REFCOUNTING gstobject.c:280:gst_object_unref:<GstSystemClock>[00m 0x55932acb2130 unref 11->10
0:00:00.610789329 [332m  601[00m 0x55932ac61f20 [37mTRACE  [00m [00;01;31;44m     GST_REFCOUNTING gstobject.c:280:gst_object_unref:<filesrc0>[00m 0x55932ac58110 unref 2->1
0:00:00.610826420 [332m  601[00m 0x55932ac61f20 [37mTRACE  [00m [00;01;31;44m     GST_REFCOUNTING gstobject.c:280:gst_object_unref:<filesrc0:src>[00m 0x55932ac5a030 unref 2->1
0:00:00.610867968 [332m  601[00m 0x55932ac61f20 [37mTRACE  [00m [00;01;31;44m     GST_REFCOUNTING gstobject.c:254:gst_object_ref:<vaapidecode0:sink>[00m 0x55932ac5a4b0 ref 2->3
0:00:00.610904917 [332m  601[00m 0x55932ac61f20 [37mTRACE  [00m [00;01;31;44m     GST_REFCOUNTING gstobject.c:254:gst_object_ref:<vaapidecode0>[00m 0x55932ac7d9a0 ref 2->3
0:00:00.610958993 [332m  601[00m 0x55932ac61f20 [37mTRACE  [00m [00;01;31;44m     GST_REFCOUNTING gstminiobject.c:360:gst_mini_object_ref:[00m 0x7f8384022300 ref 1->2
0:00:00.610997095 [332m  601[00m 0x55932ac61f20 [37mTRACE  [00m [00;01;31;44m     GST_REFCOUNTING gstminiobject.c:440:gst_mini_object_unref:[00m 0x7f8384022300 unref 2->1
0:00:00.611034344 [332m  601[00m 0x55932ac61f20 [37mTRACE  [00m [00;01;31;44m     GST_REFCOUNTING gstminiobject.c:360:gst_mini_object_ref:[00m 0x7f8384022300 ref 1->2
0:00:00.611076518 [332m  601[00m 0x55932ac61f20 [37mDEBUG  [00m [00m               vaapi gstvaapidecoder_h264.c:1742:parse_slice:[00m parse slice
0:00:00.611118172 [332m  601[00m 0x55932ac61f20 [37mTRACE  [00m [00;01;31;44m     GST_REFCOUNTING gstminiobject.c:360:gst_mini_object_ref:[00m 0x7f838c0036f0 ref 1->2
0:00:00.611156183 [332m  601[00m 0x55932ac61f20 [37mTRACE  [00m [00;01;31;44m     GST_REFCOUNTING gstminiobject.c:440:gst_mini_object_unref:[00m 0x7f8384022300 unref 2->1
0:00:00.611190987 [332m  601[00m 0x55932ac61f20 [37mTRACE  [00m [00;01;31;44m     GST_REFCOUNTING gstminiobject.c:440:gst_mini_object_unref:[00m 0x7f838c0036f0 unref 2->1
0:00:00.611259088 [332m  601[00m 0x55932ac61f20 [37mTRACE  [00m [00;01;31;44m     GST_REFCOUNTING gstminiobject.c:360:gst_mini_object_ref:[00m 0x7f838c0036f0 ref 1->2
0:00:00.611297745 [332m  601[00m 0x55932ac61f20 [37mTRACE  [00m [00;01;31;44m     GST_REFCOUNTING gstminiobject.c:440:gst_mini_object_unref:[00m 0x7f838c0036f0 unref 2->1
0:00:00.611370534 [332m  601[00m 0x55932ac61f20 [37mDEBUG  [00m [00m               vaapi gstvaapidecoder_h264.c:2026:init_picture_poc_2:[00m decode picture order count type 2
0:00:00.611405240 [332m  601[00m 0x55932ac61f20 [37mDEBUG  [00m [00m               vaapi gstvaapidecoder_h264.c:4128:decode_slice:[00m slice (16552 bytes)
0:00:00.611435813 [332m  601[00m 0x55932ac61f20 [37mTRACE  [00m [00;01;31;44m     GST_REFCOUNTING gstminiobject.c:360:gst_mini_object_ref:[00m 0x7f8384022300 ref 1->2
0:00:00.611590383 [332m  601[00m 0x55932ac61f20 [37mTRACE  [00m [00;01;31;44m     GST_REFCOUNTING gstminiobject.c:440:gst_mini_object_unref:[00m 0x7f8384022300 unref 2->1
0:00:00.611639133 [332m  601[00m 0x55932ac61f20 [37mDEBUG  [00m [00m               vaapi gstvaapidecoder_h264.c:2147:init_picture_refs_pic_num:[00m decode picture numbers
0:00:00.611665728 [332m  601[00m 0x55932ac61f20 [37mDEBUG  [00m [00m               vaapi gstvaapidecoder_h264.c:2394:init_picture_refs_p_slice:[00m decode reference picture list for P and SP slices
0:00:00.611695490 [332m  601[00m 0x55932ac61f20 [37mDEBUG  [00m [00m               vaapi gstvaapidecoder_h264.c:2826:exec_picture_refs_modification:[00m execute ref_pic_list_modification()
0:00:00.611696032 [332m  601[00m 0x55932ac822d0 [37mTRACE  [00m [00;01;31;44m     GST_REFCOUNTING gstminiobject.c:360:gst_mini_object_ref:[00m 0x7f838c08aaa0 ref 3->4
0:00:00.611725674 [332m  601[00m 0x55932ac61f20 [37mDEBUG  [00m [00m               vaapi gstvaapidecoder_objects.c:262:gst_vaapi_picture_decode:[00m decode picture 0x04000005
0:00:00.611781151 [332m  601[00m 0x55932ac822d0 [37mDEBUG  [00m [00m           vaapisink gstvaapisink.c:1393:gst_vaapisink_show_frame_unlocked:[00m render surface 0x4000008
0:00:00.611867195 [332m  601[00m 0x55932ac822d0 [37mDEBUG  [00m [00m           vaapisink gstvaapisink.c:1402:gst_vaapisink_show_frame_unlocked:[00m render rect (0,0), size 1920x1080
0:00:00.612150070 [332m  601[00m 0x55932ac61f20 [37mDEBUG  [00m [00m               vaapi gstvaapidecoder_h264.c:3326:exec_ref_pic_marking_sliding_window:[00m reference picture marking process (sliding window)
0:00:00.612198625 [332m  601[00m 0x55932ac61f20 [37mDEBUG  [00m [00m               vaapi gstvaapidecoder.c:376:push_frame:[00m push frame 10 (surface 0x04000004)
0:00:00.612244763 [332m  601[00m 0x55932ac61f20 [37mDEBUG  [00m [00m               vaapi gstvaapidecoder.c:397:pop_frame:[00m pop frame 10 (surface 0x04000004)
0:00:00.612287158 [332m  601[00m 0x55932ac61f20 [37mTRACE  [00m [00;01;31;44m     GST_REFCOUNTING gstobject.c:254:gst_object_ref:<vaapidecode0>[00m 0x55932ac7d9a0 ref 3->4
0:00:00.612334441 [332m  601[00m 0x55932ac61f20 [37mTRACE  [00m [00;01;31;44m     GST_REFCOUNTING gstobject.c:254:gst_object_ref:<vaapivideobufferpool7>[00m 0x7f838c01d860 ref 4->5
0:00:00.612386794 [332m  601[00m 0x55932ac61f20 [37mTRACE  [00m [00;01;31;44m     GST_REFCOUNTING gstminiobject.c:360:gst_mini_object_ref:[00m 0x7f838c003800 ref 1->2
0:00:00.612437489 [332m  601[00m 0x55932ac61f20 [37mTRACE  [00m [00;01;31;44m     GST_REFCOUNTING gstobject.c:254:gst_object_ref:<vaapisink0:sink>[00m 0x55932ac5a930 ref 2->3
0:00:00.612477690 [332m  601[00m 0x55932ac61f20 [37mTRACE  [00m [00;01;31;44m     GST_REFCOUNTING gstobject.c:254:gst_object_ref:<vaapisink0>[00m 0x55932ac86220 ref 2->3
0:00:00.612576036 [332m  601[00m 0x55932ac61f20 [37mTRACE  [00m [00;01;31;44m     GST_REFCOUNTING gstminiobject.c:360:gst_mini_object_ref:[00m 0x7f838c003800 ref 2->3
0:00:00.612687537 [332m  601[00m 0x55932ac61f20 [37mTRACE  [00m [00;01;31;44m     GST_REFCOUNTING gstminiobject.c:495:gst_mini_object_replace:[00m replace 0x7f8384006370 (9) with 0x7f8384006370 (9)
0:00:00.612732317 [332m  601[00m 0x55932ac61f20 [37mTRACE  [00m [00;01;31;44m     GST_REFCOUNTING gstminiobject.c:440:gst_mini_object_unref:[00m 0x7f838c08f250 unref 2->1
0:00:00.642602560 [332m  601[00m 0x55932ac822d0 [37mTRACE  [00m [00;01;31;44m     GST_REFCOUNTING gstminiobject.c:495:gst_mini_object_replace:[00m replace 0x7f838c0031a0 (1) with 0x7f838c08aaa0 (4)
0:00:00.642719270 [332m  601[00m 0x55932ac822d0 [37mTRACE  [00m [00;01;31;44m     GST_REFCOUNTING gstminiobject.c:360:gst_mini_object_ref:[00m 0x7f838c08aaa0 ref 4->5
0:00:00.642734661 [332m  601[00m 0x55932ac61f20 [37mTRACE  [00m [00;01;31;44m     GST_REFCOUNTING gstminiobject.c:360:gst_mini_object_ref:[00m 0x7f838c003800 ref 3->4
0:00:00.642816906 [332m  601[00m 0x55932ac61f20 [37mDEBUG  [00m [00m           vaapisink gstvaapisink.c:1393:gst_vaapisink_show_frame_unlocked:[00m render surface 0x4000004
0:00:00.642756688 [332m  601[00m 0x55932ac822d0 [37mTRACE  [00m [00;01;31;44m     GST_REFCOUNTING gstminiobject.c:440:gst_mini_object_unref:[00m 0x7f838c0031a0 unref 1->0
0:00:00.642858453 [332m  601[00m 0x55932ac61f20 [37mDEBUG  [00m [00m           vaapisink gstvaapisink.c:1402:gst_vaapisink_show_frame_unlocked:[00m render rect (0,0), size 1920x1080
0:00:00.642908537 [332m  601[00m 0x55932ac822d0 [37mTRACE  [00m [00;01;31;44m     GST_REFCOUNTING gstminiobject.c:360:gst_mini_object_ref:[00m 0x7f838c0031a0 ref 0->1
0:00:00.643016924 [332m  601[00m 0x55932ac822d0 [37mTRACE  [00m [00;01;31;44m     GST_REFCOUNTING gstobject.c:280:gst_object_unref:<vaapidecode1>[00m 0x55932ac884b0 unref 4->3
0:00:00.643068062 [332m  601[00m 0x55932ac822d0 [37mTRACE  [00m [00;01;31;44m     GST_REFCOUNTING gstobject.c:280:gst_object_unref:<vaapivideobufferpool6>[00m 0x7f838c01cc20 unref 5->4
0:00:00.675963015 [332m  601[00m 0x55932ac61f20 [37mTRACE  [00m [00;01;31;44m     GST_REFCOUNTING gstminiobject.c:495:gst_mini_object_replace:[00m replace 0x7f838c08f250 (1) with 0x7f838c003800 (4)
0:00:00.676078726 [332m  601[00m 0x55932ac61f20 [37mTRACE  [00m [00;01;31;44m     GST_REFCOUNTING gstminiobject.c:360:gst_mini_object_ref:[00m 0x7f838c003800 ref 4->5
0:00:00.676088607 [332m  601[00m 0x55932ac822d0 [37mTRACE  [00m [00;01;31;44m     GST_REFCOUNTING gstminiobject.c:440:gst_mini_object_unref:[00m 0x7f838c08aaa0 unref 5->4
0:00:00.676185330 [332m  601[00m 0x55932ac61f20 [37mTRACE  [00m [00;01;31;44m     GST_REFCOUNTING gstminiobject.c:440:gst_mini_object_unref:[00m 0x7f838c08f250 unref 1->0
0:00:00.676202228 [332m  601[00m 0x55932ac822d0 [37mTRACE  [00m [00;01;31;44m     GST_REFCOUNTING gstobject.c:254:gst_object_ref:<vaapidecode1:src>[00m 0x55932ac5b230 ref 2->3
0:00:00.676239032 [332m  601[00m 0x55932ac61f20 [37mTRACE  [00m [00;01;31;44m     GST_REFCOUNTING gstminiobject.c:360:gst_mini_object_ref:[00m 0x7f838c08f250 ref 0->1
0:00:00.676290130 [332m  601[00m 0x55932ac822d0 [37mTRACE  [00m [00;01;31;44m     GST_REFCOUNTING gstobject.c:254:gst_object_ref:<vaapidecode1>[00m 0x55932ac884b0 ref 3->4
0:00:00.676352711 [332m  601[00m 0x55932ac61f20 [37mTRACE  [00m [00;01;31;44m     GST_REFCOUNTING gstobject.c:280:gst_object_unref:<vaapidecode0>[00m 0x55932ac7d9a0 unref 4->3
0:00:00.676382368 [332m  601[00m 0x55932ac822d0 [37mTRACE  [00m [00;01;31;44m     GST_REFCOUNTING gstobject.c:254:gst_object_ref:<qtdemux1:video_0>[00m 0x55932ac5bb30 ref 2->3
0:00:00.676407563 [332m  601[00m 0x55932ac61f20 [37mTRACE  [00m [00;01;31;44m     GST_REFCOUNTING gstobject.c:280:gst_object_unref:<vaapivideobufferpool7>[00m 0x7f838c01d860 unref 5->4
0:00:00.676424419 [332m  601[00m 0x55932ac822d0 [37mTRACE  [00m [00;01;31;44m     GST_REFCOUNTING gstobject.c:254:gst_object_ref:<qtdemux1>[00m 0x55932ac86810 ref 2->3
0:00:00.676493848 [332m  601[00m 0x55932ac822d0 [37mTRACE  [00m [00;01;31;44m     GST_REFCOUNTING gstminiobject.c:440:gst_mini_object_unref:[00m 0x7f838c012c90 unref 1->0
0:00:00.676455634 [332m  601[00m 0x55932ac61f20 [37mTRACE  [00m [00;01;31;44m     GST_REFCOUNTING gstminiobject.c:440:gst_mini_object_unref:[00m 0x7f838c003800 unref 5->4
0:00:00.676631695 [332m  601[00m 0x55932ac822d0 [37mTRACE  [00m [00;01;31;44m     GST_REFCOUNTING gstobject.c:280:gst_object_unref:<qtdemux1>[00m 0x55932ac86810 unref 3->2
0:00:00.676689151 [332m  601[00m 0x55932ac61f20 [37mTRACE  [00m [00;01;31;44m     GST_REFCOUNTING gstobject.c:254:gst_object_ref:<vaapidecode0:src>[00m 0x55932ac5a6f0 ref 2->3
0:00:00.676709113 [332m  601[00m 0x55932ac822d0 [37mTRACE  [00m [00;01;31;44m     GST_REFCOUNTING gstobject.c:280:gst_object_unref:<qtdemux1:video_0>[00m 0x55932ac5bb30 unref 3->2
0:00:00.676782932 [332m  601[00m 0x55932ac822d0 [37mTRACE  [00m [00;01;31;44m     GST_REFCOUNTING gstobject.c:280:gst_object_unref:<vaapidecode1>[00m 0x55932ac884b0 unref 4->3
0:00:00.676830873 [332m  601[00m 0x55932ac822d0 [37mTRACE  [00m [00;01;31;44m     GST_REFCOUNTING gstobject.c:280:gst_object_unref:<vaapidecode1:src>[00m 0x55932ac5b230 unref 3->2
0:00:00.676867009 [332m  601[00m 0x55932ac822d0 [37mTRACE  [00m [00;01;31;44m     GST_REFCOUNTING gstminiobject.c:440:gst_mini_object_unref:[00m 0x7f838c08aaa0 unref 4->3
0:00:00.676744627 [332m  601[00m 0x55932ac61f20 [37mTRACE  [00m [00;01;31;44m     GST_REFCOUNTING gstobject.c:254:gst_object_ref:<vaapidecode0>[00m 0x55932ac7d9a0 ref 3->4
0:00:00.676924104 [332m  601[00m 0x55932ac822d0 [37mTRACE  [00m [00;01;31;44m     GST_REFCOUNTING gstobject.c:280:gst_object_unref:<vaapisink1>[00m 0x55932ac8ade0 unref 3->2
0:00:00.676986873 [332m  601[00m 0x55932ac61f20 [37mTRACE  [00m [00;01;31;44m     GST_REFCOUNTING gstobject.c:254:gst_object_ref:<qtdemux0:video_0>[00m 0x7f838c0144f0 ref 2->3
0:00:00.677010899 [332m  601[00m 0x55932ac822d0 [37mTRACE  [00m [00;01;31;44m     GST_REFCOUNTING gstobject.c:280:gst_object_unref:<vaapisink1:sink>[00m 0x55932ac5b470 unref 3->2
0:00:00.677047526 [332m  601[00m 0x55932ac61f20 [37mTRACE  [00m [00;01;31;44m     GST_REFCOUNTING gstobject.c:254:gst_object_ref:<qtdemux0>[00m 0x55932ac66600 ref 2->3
0:00:00.677084875 [332m  601[00m 0x55932ac822d0 [37mTRACE  [00m [00;01;31;44m     GST_REFCOUNTING gstminiobject.c:440:gst_mini_object_unref:[00m 0x7f838c08a330 unref 1->0
0:00:00.677162980 [332m  601[00m 0x55932ac822d0 [37mTRACE  [00m [00;01;31;44m     GST_REFCOUNTING gstminiobject.c:440:gst_mini_object_unref:[00m 0x7f838c0c0c60 unref 1->0
0:00:00.677122680 [332m  601[00m 0x55932ac61f20 [37mTRACE  [00m [00;01;31;44m     GST_REFCOUNTING gstminiobject.c:440:gst_mini_object_unref:[00m 0x7f83840120e0 unref 1->0
0:00:00.677219026 [332m  601[00m 0x55932ac822d0 [37mTRACE  [00m [00;01;31;44m     GST_REFCOUNTING gstobject.c:280:gst_object_unref:<allocatorsysmem0>[00m 0x55932aa75850 unref 17->16
0:00:00.677258440 [332m  601[00m 0x55932ac61f20 [37mTRACE  [00m [00;01;31;44m     GST_REFCOUNTING gstobject.c:280:gst_object_unref:<qtdemux0>[00m 0x55932ac66600 unref 3->2
0:00:00.677290655 [332m  601[00m 0x55932ac822d0 [37mTRACE  [00m [00;01;31;44m     GST_REFCOUNTING gstminiobject.c:440:gst_mini_object_unref:[00m 0x7f838c08aaa0 unref 3->2
0:00:00.677334972 [332m  601[00m 0x55932ac61f20 [37mTRACE  [00m [00;01;31;44m     GST_REFCOUNTING gstobject.c:280:gst_object_unref:<qtdemux0:video_0>[00m 0x7f838c0144f0 unref 3->2
0:00:00.677384217 [332m  601[00m 0x55932ac822d0 [37mTRACE  [00m [00;01;31;44m     GST_REFCOUNTING gstobject.c:280:gst_object_unref:<vaapidecode1>[00m 0x55932ac884b0 unref 3->2
0:00:00.677436404 [332m  601[00m 0x55932ac822d0 [37mTRACE  [00m [00;01;31;44m     GST_REFCOUNTING gstobject.c:280:gst_object_unref:<vaapidecode1:sink>[00m 0x55932ac5aff0 unref 3->2
0:00:00.677447944 [332m  601[00m 0x55932ac61f20 [37mTRACE  [00m [00;01;31;44m     GST_REFCOUNTING gstobject.c:280:gst_object_unref:<vaapidecode0>[00m 0x55932ac7d9a0 unref 4->3
0:00:00.677495388 [332m  601[00m 0x55932ac822d0 [37mTRACE  [00m [00;01;31;44m     GST_REFCOUNTING gstobject.c:280:gst_object_unref:<qtdemux1>[00m 0x55932ac86810 unref 2->1
0:00:00.677600442 [332m  601[00m 0x55932ac61f20 [37mTRACE  [00m [00;01;31;44m     GST_REFCOUNTING gstobject.c:280:gst_object_unref:<vaapidecode0:src>[00m 0x55932ac5a6f0 unref 3->2
0:00:00.677653915 [332m  601[00m 0x55932ac822d0 [37mTRACE  [00m [00;01;31;44m     GST_REFCOUNTING gstobject.c:254:gst_object_ref:<qtdemux1>[00m 0x55932ac86810 ref 1->2
0:00:00.677686762 [332m  601[00m 0x55932ac61f20 [37mTRACE  [00m [00;01;31;44m     GST_REFCOUNTING gstminiobject.c:440:gst_mini_object_unref:[00m 0x7f838c003800 unref 4->3
0:00:00.677735032 [332m  601[00m 0x55932ac822d0 [37mTRACE  [00m [00;01;31;44m     GST_REFCOUNTING gstobject.c:254:gst_object_ref:<filesrc1:src>[00m 0x55932ac5ab70 ref 1->2
0:00:00.677771319 [332m  601[00m 0x55932ac61f20 [37mTRACE  [00m [00;01;31;44m     GST_REFCOUNTING gstobject.c:280:gst_object_unref:<vaapisink0>[00m 0x55932ac86220 unref 3->2
0:00:00.677849673 [332m  601[00m 0x55932ac61f20 [37mTRACE  [00m [00;01;31;44m     GST_REFCOUNTING gstobject.c:280:gst_object_unref:<vaapisink0:sink>[00m 0x55932ac5a930 unref 3->2
0:00:00.677811004 [332m  601[00m 0x55932ac822d0 [37mTRACE  [00m [00;01;31;44m     GST_REFCOUNTING gstobject.c:254:gst_object_ref:<filesrc1>[00m 0x55932ac58490 ref 1->2
0:00:00.677897994 [332m  601[00m 0x55932ac61f20 [37mTRACE  [00m [00;01;31;44m     GST_REFCOUNTING gstminiobject.c:440:gst_mini_object_unref:[00m 0x7f838c08a770 unref 1->0
0:00:00.677951679 [332m  601[00m 0x55932ac822d0 [37mTRACE  [00m [00;01;31;44m     GST_REFCOUNTING gstobject.c:254:gst_object_ref:<allocatorsysmem0>[00m 0x55932aa75850 ref 16->17
0:00:00.678004473 [332m  601[00m 0x55932ac822d0 [37mTRACE  [00m [00;01;31;44m     GST_REFCOUNTING gstminiobject.c:360:gst_mini_object_ref:[00m 0x7f838c031190 ref 1->2
0:00:00.678010111 [332m  601[00m 0x55932ac61f20 [37mTRACE  [00m [00;01;31;44m     GST_REFCOUNTING gstminiobject.c:440:gst_mini_object_unref:[00m 0x7f8384030850 unref 1->0
0:00:00.678070931 [332m  601[00m 0x55932ac822d0 [37mTRACE  [00m [00;01;31;44m     GST_REFCOUNTING gstminiobject.c:440:gst_mini_object_unref:[00m 0x7f838c031190 unref 2->1
0:00:00.678088096 [332m  601[00m 0x55932ac61f20 [37mTRACE  [00m [00;01;31;44m     GST_REFCOUNTING gstobject.c:280:gst_object_unref:<allocatorsysmem0>[00m 0x55932aa75850 unref 17->16
0:00:00.678124194 [332m  601[00m 0x55932ac822d0 [37mTRACE  [00m [00;01;31;44m     GST_REFCOUNTING gstobject.c:254:gst_object_ref:<GstSystemClock>[00m 0x55932acb2130 ref 10->11
0:00:00.678158465 [332m  601[00m 0x55932ac61f20 [37mTRACE  [00m [00;01;31;44m     GST_REFCOUNTING gstminiobject.c:440:gst_mini_object_unref:[00m 0x7f838c003800 unref 3->2
0:00:00.678256096 [332m  601[00m 0x55932ac822d0 [37mTRACE  [00m [00;01;31;44m     GST_REFCOUNTING gstobject.c:280:gst_object_unref:<GstSystemClock>[00m 0x55932acb2130 unref 11->10
0:00:00.678301165 [332m  601[00m 0x55932ac61f20 [37mTRACE  [00m [00;01;31;44m     GST_REFCOUNTING gstobject.c:280:gst_object_unref:<vaapidecode0>[00m 0x55932ac7d9a0 unref 3->2
0:00:00.678337148 [332m  601[00m 0x55932ac822d0 [37mTRACE  [00m [00;01;31;44m     GST_REFCOUNTING gstobject.c:280:gst_object_unref:<filesrc1>[00m 0x55932ac58490 unref 2->1
0:00:00.678375894 [332m  601[00m 0x55932ac61f20 [37mTRACE  [00m [00;01;31;44m     GST_REFCOUNTING gstobject.c:280:gst_object_unref:<vaapidecode0:sink>[00m 0x55932ac5a4b0 unref 3->2
0:00:00.678416552 [332m  601[00m 0x55932ac822d0 [37mTRACE  [00m [00;01;31;44m     GST_REFCOUNTING gstobject.c:280:gst_object_unref:<filesrc1:src>[00m 0x55932ac5ab70 unref 2->1
0:00:00.678462171 [332m  601[00m 0x55932ac61f20 [37mTRACE  [00m [00;01;31;44m     GST_REFCOUNTING gstobject.c:280:gst_object_unref:<qtdemux0>[00m 0x55932ac66600 unref 2->1
0:00:00.678504307 [332m  601[00m 0x55932ac822d0 [37mTRACE  [00m [00;01;31;44m     GST_REFCOUNTING gstobject.c:254:gst_object_ref:<vaapidecode1:sink>[00m 0x55932ac5aff0 ref 2->3
0:00:00.678551512 [332m  601[00m 0x55932ac61f20 [37mTRACE  [00m [00;01;31;44m     GST_REFCOUNTING gstobject.c:254:gst_object_ref:<qtdemux0>[00m 0x55932ac66600 ref 1->2
0:00:00.678628304 [332m  601[00m 0x55932ac822d0 [37mTRACE  [00m [00;01;31;44m     GST_REFCOUNTING gstobject.c:254:gst_object_ref:<vaapidecode1>[00m 0x55932ac884b0 ref 2->3
0:00:00.678674538 [332m  601[00m 0x55932ac61f20 [37mTRACE  [00m [00;01;31;44m     GST_REFCOUNTING gstobject.c:254:gst_object_ref:<filesrc0:src>[00m 0x55932ac5a030 ref 1->2
0:00:00.678732328 [332m  601[00m 0x55932ac822d0 [37mTRACE  [00m [00;01;31;44m     GST_REFCOUNTING gstminiobject.c:360:gst_mini_object_ref:[00m 0x7f838c031190 ref 1->2
0:00:00.678747376 [332m  601[00m 0x55932ac61f20 [37mTRACE  [00m [00;01;31;44m     GST_REFCOUNTING gstobject.c:254:gst_object_ref:<filesrc0>[00m 0x55932ac58110 ref 1->2
0:00:00.678782606 [332m  601[00m 0x55932ac822d0 [37mTRACE  [00m [00;01;31;44m     GST_REFCOUNTING gstminiobject.c:440:gst_mini_object_unref:[00m 0x7f838c031190 unref 2->1
0:00:00.678835900 [332m  601[00m 0x55932ac61f20 [37mTRACE  [00m [00;01;31;44m     GST_REFCOUNTING gstobject.c:254:gst_object_ref:<allocatorsysmem0>[00m 0x55932aa75850 ref 16->17
0:00:00.678870310 [332m  601[00m 0x55932ac822d0 [37mTRACE  [00m [00;01;31;44m     GST_REFCOUNTING gstminiobject.c:360:gst_mini_object_ref:[00m 0x7f838c031190 ref 1->2
0:00:00.678910813 [332m  601[00m 0x55932ac61f20 [37mTRACE  [00m [00;01;31;44m     GST_REFCOUNTING gstminiobject.c:360:gst_mini_object_ref:[00m 0x7f8384026450 ref 1->2
0:00:00.678956091 [332m  601[00m 0x55932ac822d0 [37mDEBUG  [00m [00m               vaapi gstvaapidecoder_h264.c:1742:parse_slice:[00m parse slice
0:00:00.679008695 [332m  601[00m 0x55932ac61f20 [37mTRACE  [00m [00;01;31;44m     GST_REFCOUNTING gstminiobject.c:440:gst_mini_object_unref:[00m 0x7f8384026450 unref 2->1
0:00:00.679038185 [332m  601[00m 0x55932ac822d0 [37mTRACE  [00m [00;01;31;44m     GST_REFCOUNTING gstminiobject.c:360:gst_mini_object_ref:[00m 0x7f838c003090 ref 1->2
0:00:00.679053916 [332m  601[00m 0x55932ac61f20 [37mTRACE  [00m [00;01;31;44m     GST_REFCOUNTING gstobject.c:254:gst_object_ref:<GstSystemClock>[00m 0x55932acb2130 ref 10->11
0:00:00.679087382 [332m  601[00m 0x55932ac822d0 [37mTRACE  [00m [00;01;31;44m     GST_REFCOUNTING gstminiobject.c:440:gst_mini_object_unref:[00m 0x7f838c031190 unref 2->1
0:00:00.679132341 [332m  601[00m 0x55932ac61f20 [37mTRACE  [00m [00;01;31;44m     GST_REFCOUNTING gstobject.c:280:gst_object_unref:<GstSystemClock>[00m 0x55932acb2130 unref 11->10
0:00:00.679168949 [332m  601[00m 0x55932ac822d0 [37mTRACE  [00m [00;01;31;44m     GST_REFCOUNTING gstminiobject.c:440:gst_mini_object_unref:[00m 0x7f838c003090 unref 2->1
0:00:00.679213261 [332m  601[00m 0x55932ac61f20 [37mTRACE  [00m [00;01;31;44m     GST_REFCOUNTING gstobject.c:280:gst_object_unref:<filesrc0>[00m 0x55932ac58110 unref 2->1
0:00:00.679252987 [332m  601[00m 0x55932ac822d0 [37mTRACE  [00m [00;01;31;44m     GST_REFCOUNTING gstminiobject.c:360:gst_mini_object_ref:[00m 0x7f838c003090 ref 1->2
0:00:00.679293254 [332m  601[00m 0x55932ac61f20 [37mTRACE  [00m [00;01;31;44m     GST_REFCOUNTING gstobject.c:280:gst_object_unref:<filesrc0:src>[00m 0x55932ac5a030 unref 2->1
0:00:00.679329150 [332m  601[00m 0x55932ac822d0 [37mTRACE  [00m [00;01;31;44m     GST_REFCOUNTING gstminiobject.c:440:gst_mini_object_unref:[00m 0x7f838c003090 unref 2->1
0:00:00.679376312 [332m  601[00m 0x55932ac61f20 [37mTRACE  [00m [00;01;31;44m     GST_REFCOUNTING gstobject.c:254:gst_object_ref:<vaapidecode0:sink>[00m 0x55932ac5a4b0 ref 2->3
0:00:00.679445272 [332m  601[00m 0x55932ac61f20 [37mTRACE  [00m [00;01;31;44m     GST_REFCOUNTING gstobject.c:254:gst_object_ref:<vaapidecode0>[00m 0x55932ac7d9a0 ref 2->3
0:00:00.679452086 [332m  601[00m 0x55932ac822d0 [37mDEBUG  [00m [00m               vaapi gstvaapidecoder_h264.c:2026:init_picture_poc_2:[00m decode picture order count type 2
0:00:00.679506309 [332m  601[00m 0x55932ac61f20 [37mTRACE  [00m [00;01;31;44m     GST_REFCOUNTING gstminiobject.c:360:gst_mini_object_ref:[00m 0x7f8384026450 ref 1->2
0:00:00.679592961 [332m  601[00m 0x55932ac822d0 [37mDEBUG  [00m [00m               vaapi gstvaapidecoder_h264.c:4128:decode_slice:[00m slice (16552 bytes)
0:00:00.679634776 [332m  601[00m 0x55932ac61f20 [37mTRACE  [00m [00;01;31;44m     GST_REFCOUNTING gstminiobject.c:440:gst_mini_object_unref:[00m 0x7f8384026450 unref 2->1
0:00:00.679678356 [332m  601[00m 0x55932ac822d0 [37mTRACE  [00m [00;01;31;44m     GST_REFCOUNTING gstminiobject.c:360:gst_mini_object_ref:[00m 0x7f838c031190 ref 1->2
0:00:00.679720597 [332m  601[00m 0x55932ac61f20 [37mTRACE  [00m [00;01;31;44m     GST_REFCOUNTING gstminiobject.c:360:gst_mini_object_ref:[00m 0x7f8384026450 ref 1->2
0:00:00.679798147 [332m  601[00m 0x55932ac61f20 [37mDEBUG  [00m [00m               vaapi gstvaapidecoder_h264.c:1742:parse_slice:[00m parse slice
0:00:00.679836442 [332m  601[00m 0x55932ac61f20 [37mTRACE  [00m [00;01;31;44m     GST_REFCOUNTING gstminiobject.c:360:gst_mini_object_ref:[00m 0x7f838c08a990 ref 1->2
0:00:00.679868173 [332m  601[00m 0x55932ac822d0 [37mTRACE  [00m [00;01;31;44m     GST_REFCOUNTING gstminiobject.c:440:gst_mini_object_unref:[00m 0x7f838c031190 unref 2->1
0:00:00.679877507 [332m  601[00m 0x55932ac61f20 [37mTRACE  [00m [00;01;31;44m     GST_REFCOUNTING gstminiobject.c:440:gst_mini_object_unref:[00m 0x7f8384026450 unref 2->1
0:00:00.679923272 [332m  601[00m 0x55932ac822d0 [37mDEBUG  [00m [00m               vaapi gstvaapidecoder_h264.c:2147:init_picture_refs_pic_num:[00m decode picture numbers
0:00:00.679964017 [332m  601[00m 0x55932ac61f20 [37mTRACE  [00m [00;01;31;44m     GST_REFCOUNTING gstminiobject.c:440:gst_mini_object_unref:[00m 0x7f838c08a990 unref 2->1
0:00:00.680004277 [332m  601[00m 0x55932ac822d0 [37mDEBUG  [00m [00m               vaapi gstvaapidecoder_h264.c:2394:init_picture_refs_p_slice:[00m decode reference picture list for P and SP slices
0:00:00.680048519 [332m  601[00m 0x55932ac61f20 [37mTRACE  [00m [00;01;31;44m     GST_REFCOUNTING gstminiobject.c:360:gst_mini_object_ref:[00m 0x7f838c08a990 ref 1->2
0:00:00.680087028 [332m  601[00m 0x55932ac822d0 [37mDEBUG  [00m [00m               vaapi gstvaapidecoder_h264.c:2826:exec_picture_refs_modification:[00m execute ref_pic_list_modification()
0:00:00.680125862 [332m  601[00m 0x55932ac61f20 [37mTRACE  [00m [00;01;31;44m     GST_REFCOUNTING gstminiobject.c:440:gst_mini_object_unref:[00m 0x7f838c08a990 unref 2->1
0:00:00.680168538 [332m  601[00m 0x55932ac822d0 [37mDEBUG  [00m [00m               vaapi gstvaapidecoder_objects.c:262:gst_vaapi_picture_decode:[00m decode picture 0x0400000c
0:00:00.680229151 [332m  601[00m 0x55932ac61f20 [37mDEBUG  [00m [00m               vaapi gstvaapidecoder_h264.c:2026:init_picture_poc_2:[00m decode picture order count type 2
0:00:00.680265584 [332m  601[00m 0x55932ac61f20 [37mDEBUG  [00m [00m               vaapi gstvaapidecoder_h264.c:4128:decode_slice:[00m slice (22532 bytes)
0:00:00.680296546 [332m  601[00m 0x55932ac61f20 [37mTRACE  [00m [00;01;31;44m     GST_REFCOUNTING gstminiobject.c:360:gst_mini_object_ref:[00m 0x7f8384026450 ref 1->2
