0:00:00.282489994 [332m  601[00m 0x55932ac822d0 [37mTRACE  [00m [00;01;31;44m     GST_REFCOUNTING gstobject.c:254:gst_object_ref:<vaapivideoallocator6>[00m 0x7f838c020810 ref 4->5
0:00:00.282504951 [332m  601[00m 0x55932ac822d0 [37mTRACE  [00m [00;01;31;44m     GST_REFCOUNTING gstminiobject.c:360:gst_mini_object_ref:[00m 0x7f838c002c30 ref 1->2
0:00:00.282518034 [332m  601[00m 0x55932ac822d0 [37mTRACE  [00m [00;01;31;44m     GST_REFCOUNTING gstminiobject.c:440:gst_mini_object_unref:[00m 0x7f838c002c30 unref 2->1
0:00:00.282593512 [332m  601[00m 0x55932ac822d0 [37mTRACE  [00m [00;01;31;44m     GST_REFCOUNTING gstobject.c:254:gst_object_ref:<vaapivideobufferpool6>[00m 0x7f838c01cc20 ref 4->5
0:00:00.282618306 [332m  601[00m 0x55932ac822d0 [37mTRACE  [00m [00;01;31;44m     GST_REFCOUNTING gstminiobject.c:360:gst_mini_object_ref:[00m 0x7f838c08aaa0 ref 1->2
0:00:00.282640080 [332m  601[00m 0x55932ac822d0 [37mTRACE  [00m [00;01;31;44m     GST_REFCOUNTING gstobject.c:254:gst_object_ref:<vaapisink1:sink>[00m 0x55932ac5b470 ref 2->3
0:00:00.282655371 [332m  601[00m 0x55932ac822d0 [37mTRACE  [00m [00;01;31;44m     GST_REFCOUNTING gstobject.c:254:gst_object_ref:<vaapisink1>[00m 0x55932ac8ade0 ref 2->3
0:00:00.291688933 [332m  601[00m 0x55932ac822d0 [37mTRACE  [00m [00;01;31;44m     GST_REFCOUNTING gstminiobject.c:360:gst_mini_object_ref:[00m 0x7f838c08aaa0 ref 2->3
0:00:00.291781538 [332m  601[00m 0x55932ac822d0 [37mTRACE  [00m [00;01;31;44m     GST_REFCOUNTING gstminiobject.c:495:gst_mini_object_replace:[00m replace 0x7f838c0290a0 (9) with 0x7f838c0290a0 (9)
0:00:00.291798572 [332m  601[00m 0x55932ac822d0 [37mTRACE  [00m [00;01;31;44m     GST_REFCOUNTING gstminiobject.c:440:gst_mini_object_unref:[00m 0x7f838c0031a0 unref 2->1
0:00:00.308978980 [332m  601[00m 0x55932ac61f20 [37mTRACE  [00m [00;01;31;44m     GST_REFCOUNTING gstminiobject.c:495:gst_mini_object_replace:[00m replace 0x7f838c003800 (5) with 0x7f838c003800 (5)
0:00:00.309058793 [332m  601[00m 0x55932ac61f20 [37mTRACE  [00m [00;01;31;44m     GST_REFCOUNTING gstminiobject.c:440:gst_mini_object_unref:[00m 0x7f838c003800 unref 5->4
0:00:00.309080220 [332m  601[00m 0x55932ac61f20 [37mTRACE  [00m [00;01;31;44m     GST_REFCOUNTING gstminiobject.c:440:gst_mini_object_unref:[00m 0x7f838c003800 unref 4->3
0:00:00.309102841 [332m  601[00m 0x55932ac61f20 [37mTRACE  [00m [00;01;31;44m     GST_REFCOUNTING gstobject.c:280:gst_object_unref:<vaapisink0>[00m 0x55932ac86220 unref 3->2
0:00:00.309100317 [332m  601[00m 0x55932ac822d0 [37mTRACE  [00m [00;01;31;44m     GST_REFCOUNTING gstminiobject.c:360:gst_mini_object_ref:[00m 0x7f838c08aaa0 ref 3->4
0:00:00.309146428 [332m  601[00m 0x55932ac822d0 [37mDEBUG  [00m [00m           vaapisink gstvaapisink.c:1393:gst_vaapisink_show_frame_unlocked:[00m render surface 0x4000008
0:00:00.309165545 [332m  601[00m 0x55932ac822d0 [37mDEBUG  [00m [00m           vaapisink gstvaapisink.c:1402:gst_vaapisink_show_frame_unlocked:[00m render rect (0,0), size 1920x1080
0:00:00.309192397 [332m  601[00m 0x55932ac822d0 [37mDEBUG  [00m [00m               vaapi gstvaapisurface.c:334:gst_vaapi_surface_new:[00m size 1920x1088, chroma type 0x1
0:00:00.309203882 [332m  601[00m 0x55932ac61f20 [37mTRACE  [00m [00;01;31;44m     GST_REFCOUNTING gstobject.c:280:gst_object_unref:<vaapisink0:sink>[00m 0x55932ac5a930 unref 3->2
0:00:00.309215832 [332m  601[00m 0x55932ac822d0 [37mDEBUG  [00m [00m               vaapi gstvaapisurface.c:121:gst_vaapi_surface_create:[00m surface 0x4000012
0:00:00.309234924 [332m  601[00m 0x55932ac61f20 [37mTRACE  [00m [00;01;31;44m     GST_REFCOUNTING gstminiobject.c:440:gst_mini_object_unref:[00m 0x7f838c08a550 unref 1->0
0:00:00.309277743 [332m  601[00m 0x55932ac61f20 [37mTRACE  [00m [00;01;31;44m     GST_REFCOUNTING gstminiobject.c:440:gst_mini_object_unref:[00m 0x7f838c0055a0 unref 1->0
0:00:00.309298131 [332m  601[00m 0x55932ac61f20 [37mTRACE  [00m [00;01;31;44m     GST_REFCOUNTING gstobject.c:280:gst_object_unref:<allocatorsysmem0>[00m 0x55932aa75850 unref 17->16
0:00:00.309312367 [332m  601[00m 0x55932ac61f20 [37mTRACE  [00m [00;01;31;44m     GST_REFCOUNTING gstminiobject.c:440:gst_mini_object_unref:[00m 0x7f838c003800 unref 3->2
0:00:00.309335694 [332m  601[00m 0x55932ac61f20 [37mTRACE  [00m [00;01;31;44m     GST_REFCOUNTING gstobject.c:280:gst_object_unref:<vaapidecode0>[00m 0x55932ac7d9a0 unref 3->2
0:00:00.309395335 [332m  601[00m 0x55932ac61f20 [37mTRACE  [00m [00;01;31;44m     GST_REFCOUNTING gstobject.c:280:gst_object_unref:<vaapidecode0:sink>[00m 0x55932ac5a4b0 unref 3->2
0:00:00.309426398 [332m  601[00m 0x55932ac61f20 [37mTRACE  [00m [00;01;31;44m     GST_REFCOUNTING gstobject.c:280:gst_object_unref:<qtdemux0>[00m 0x55932ac66600 unref 2->1
0:00:00.309443849 [332m  601[00m 0x55932ac61f20 [37mTRACE  [00m [00;01;31;44m     GST_REFCOUNTING gstobject.c:254:gst_object_ref:<qtdemux0>[00m 0x55932ac66600 ref 1->2
0:00:00.309464863 [332m  601[00m 0x55932ac61f20 [37mTRACE  [00m [00;01;31;44m     GST_REFCOUNTING gstobject.c:254:gst_object_ref:<filesrc0:src>[00m 0x55932ac5a030 ref 1->2
0:00:00.309482129 [332m  601[00m 0x55932ac61f20 [37mTRACE  [00m [00;01;31;44m     GST_REFCOUNTING gstobject.c:254:gst_object_ref:<filesrc0>[00m 0x55932ac58110 ref 1->2
0:00:00.309507059 [332m  601[00m 0x55932ac61f20 [37mTRACE  [00m [00;01;31;44m     GST_REFCOUNTING gstobject.c:254:gst_object_ref:<allocatorsysmem0>[00m 0x55932aa75850 ref 16->17
0:00:00.309567054 [332m  601[00m 0x55932ac61f20 [37mTRACE  [00m [00;01;31;44m     GST_REFCOUNTING gstminiobject.c:360:gst_mini_object_ref:[00m 0x7f838403d080 ref 1->2
0:00:00.309602515 [332m  601[00m 0x55932ac61f20 [37mTRACE  [00m [00;01;31;44m     GST_REFCOUNTING gstminiobject.c:440:gst_mini_object_unref:[00m 0x7f838403d080 unref 2->1
0:00:00.309622667 [332m  601[00m 0x55932ac61f20 [37mTRACE  [00m [00;01;31;44m     GST_REFCOUNTING gstobject.c:254:gst_object_ref:<GstSystemClock>[00m 0x55932acb2130 ref 10->11
0:00:00.309673990 [332m  601[00m 0x55932ac61f20 [37mTRACE  [00m [00;01;31;44m     GST_REFCOUNTING gstobject.c:280:gst_object_unref:<GstSystemClock>[00m 0x55932acb2130 unref 11->10
0:00:00.309691295 [332m  601[00m 0x55932ac61f20 [37mTRACE  [00m [00;01;31;44m     GST_REFCOUNTING gstobject.c:280:gst_object_unref:<filesrc0>[00m 0x55932ac58110 unref 2->1
0:00:00.309708583 [332m  601[00m 0x55932ac61f20 [37mTRACE  [00m [00;01;31;44m     GST_REFCOUNTING gstobject.c:280:gst_object_unref:<filesrc0:src>[00m 0x55932ac5a030 unref 2->1
0:00:00.309732745 [332m  601[00m 0x55932ac61f20 [37mTRACE  [00m [00;01;31;44m     GST_REFCOUNTING gstobject.c:254:gst_object_ref:<vaapidecode0:sink>[00m 0x55932ac5a4b0 ref 2->3
0:00:00.309750733 [332m  601[00m 0x55932ac61f20 [37mTRACE  [00m [00;01;31;44m     GST_REFCOUNTING gstobject.c:254:gst_object_ref:<vaapidecode0>[00m 0x55932ac7d9a0 ref 2->3
0:00:00.309821722 [332m  601[00m 0x55932ac61f20 [37mTRACE  [00m [00;01;31;44m     GST_REFCOUNTING gstminiobject.c:360:gst_mini_object_ref:[00m 0x7f838403d080 ref 1->2
0:00:00.309838509 [332m  601[00m 0x55932ac61f20 [37mTRACE  [00m [00;01;31;44m     GST_REFCOUNTING gstminiobject.c:440:gst_mini_object_unref:[00m 0x7f838403d080 unref 2->1
0:00:00.309855154 [332m  601[00m 0x55932ac61f20 [37mTRACE  [00m [00;01;31;44m     GST_REFCOUNTING gstminiobject.c:360:gst_mini_object_ref:[00m 0x7f838403d080 ref 1->2
0:00:00.309875585 [332m  601[00m 0x55932ac61f20 [37mDEBUG  [00m [00m               vaapi gstvaapidecoder_h264.c:1742:parse_slice:[00m parse slice
0:00:00.309900302 [332m  601[00m 0x55932ac61f20 [37mTRACE  [00m [00;01;31;44m     GST_REFCOUNTING gstminiobject.c:360:gst_mini_object_ref:[00m 0x7f838c0036f0 ref 1->2
0:00:00.309916686 [332m  601[00m 0x55932ac61f20 [37mTRACE  [00m [00;01;31;44m     GST_REFCOUNTING gstminiobject.c:440:gst_mini_object_unref:[00m 0x7f838403d080 unref 2->1
0:00:00.309931834 [332m  601[00m 0x55932ac61f20 [37mTRACE  [00m [00;01;31;44m     GST_REFCOUNTING gstminiobject.c:440:gst_mini_object_unref:[00m 0x7f838c0036f0 unref 2->1
0:00:00.309948018 [332m  601[00m 0x55932ac61f20 [37mTRACE  [00m [00;01;31;44m     GST_REFCOUNTING gstminiobject.c:360:gst_mini_object_ref:[00m 0x7f838c0036f0 ref 1->2
0:00:00.309962291 [332m  601[00m 0x55932ac61f20 [37mTRACE  [00m [00;01;31;44m     GST_REFCOUNTING gstminiobject.c:440:gst_mini_object_unref:[00m 0x7f838c0036f0 unref 2->1
0:00:00.310057234 [332m  601[00m 0x55932ac61f20 [37mDEBUG  [00m [00m               vaapi gstvaapidecoder_h264.c:2026:init_picture_poc_2:[00m decode picture order count type 2
0:00:00.310079744 [332m  601[00m 0x55932ac61f20 [37mDEBUG  [00m [00m               vaapi gstvaapidecoder_h264.c:4128:decode_slice:[00m slice (4968 bytes)
0:00:00.310094672 [332m  601[00m 0x55932ac61f20 [37mTRACE  [00m [00;01;31;44m     GST_REFCOUNTING gstminiobject.c:360:gst_mini_object_ref:[00m 0x7f838403d080 ref 1->2
0:00:00.312604200 [332m  601[00m 0x55932ac61f20 [37mTRACE  [00m [00;01;31;44m     GST_REFCOUNTING gstminiobject.c:440:gst_mini_object_unref:[00m 0x7f838403d080 unref 2->1
0:00:00.312687513 [332m  601[00m 0x55932ac61f20 [37mDEBUG  [00m [00m               vaapi gstvaapidecoder_h264.c:2147:init_picture_refs_pic_num:[00m decode picture numbers
0:00:00.312702013 [332m  601[00m 0x55932ac61f20 [37mDEBUG  [00m [00m               vaapi gstvaapidecoder_h264.c:2394:init_picture_refs_p_slice:[00m decode reference picture list for P and SP slices
0:00:00.312716054 [332m  601[00m 0x55932ac61f20 [37mDEBUG  [00m [00m               vaapi gstvaapidecoder_h264.c:2826:exec_picture_refs_modification:[00m execute ref_pic_list_modification()
0:00:00.312731478 [332m  601[00m 0x55932ac61f20 [37mDEBUG  [00m [00m               vaapi gstvaapidecoder_objects.c:262:gst_vaapi_picture_decode:[00m decode picture 0x04000004
0:00:00.315847528 [332m  601[00m 0x55932ac61f20 [37mDEBUG  [00m [00m               vaapi gstvaapidecoder_h264.c:3326:exec_ref_pic_marking_sliding_window:[00m reference picture marking process (sliding window)
0:00:00.315934295 [332m  601[00m 0x55932ac61f20 [37mDEBUG  [00m [00m               vaapi gstvaapidecoder.c:376:push_frame:[00m push frame 1 (surface 0x04000001)
0:00:00.315964087 [332m  601[00m 0x55932ac61f20 [37mDEBUG  [00m [00m               vaapi gstvaapidecoder.c:397:pop_frame:[00m pop frame 1 (surface 0x04000001)
0:00:00.315985898 [332m  601[00m 0x55932ac61f20 [37mTRACE  [00m [00;01;31;44m     GST_REFCOUNTING gstobject.c:254:gst_object_ref:<vaapidecode0>[00m 0x55932ac7d9a0 ref 3->4
0:00:00.316019392 [332m  601[00m 0x55932ac61f20 [37mTRACE  [00m [00;01;31;44m     GST_REFCOUNTING gstobject.c:254:gst_object_ref:<vaapivideoallocator7>[00m 0x7f838c021290 ref 3->4
0:00:00.316034615 [332m  601[00m 0x55932ac61f20 [37mTRACE  [00m [00;01;31;44m     GST_REFCOUNTING gstobject.c:254:gst_object_ref:<vaapivideoallocator7>[00m 0x7f838c021290 ref 4->5
0:00:00.316049388 [332m  601[00m 0x55932ac61f20 [37mTRACE  [00m [00;01;31;44m     GST_REFCOUNTING gstminiobject.c:360:gst_mini_object_ref:[00m 0x7f83840032c0 ref 1->2
0:00:00.316062708 [332m  601[00m 0x55932ac61f20 [37mTRACE  [00m [00;01;31;44m     GST_REFCOUNTING gstminiobject.c:440:gst_mini_object_unref:[00m 0x7f83840032c0 unref 2->1
0:00:00.316080857 [332m  601[00m 0x55932ac61f20 [37mTRACE  [00m [00;01;31;44m     GST_REFCOUNTING gstobject.c:254:gst_object_ref:<vaapivideobufferpool7>[00m 0x7f838c01d860 ref 4->5
0:00:00.316103895 [332m  601[00m 0x55932ac61f20 [37mTRACE  [00m [00;01;31;44m     GST_REFCOUNTING gstminiobject.c:360:gst_mini_object_ref:[00m 0x7f838c08f250 ref 1->2
0:00:00.316125526 [332m  601[00m 0x55932ac61f20 [37mTRACE  [00m [00;01;31;44m     GST_REFCOUNTING gstobject.c:254:gst_object_ref:<vaapisink0:sink>[00m 0x55932ac5a930 ref 2->3
0:00:00.316140864 [332m  601[00m 0x55932ac61f20 [37mTRACE  [00m [00;01;31;44m     GST_REFCOUNTING gstobject.c:254:gst_object_ref:<vaapisink0>[00m 0x55932ac86220 ref 2->3
0:00:00.316174657 [332m  601[00m 0x55932ac61f20 [37mTRACE  [00m [00;01;31;44m     GST_REFCOUNTING gstminiobject.c:360:gst_mini_object_ref:[00m 0x7f838c08f250 ref 2->3
0:00:00.316189935 [332m  601[00m 0x55932ac61f20 [37mTRACE  [00m [00;01;31;44m     GST_REFCOUNTING gstminiobject.c:495:gst_mini_object_replace:[00m replace 0x7f8384006370 (9) with 0x7f8384006370 (9)
0:00:00.316204788 [332m  601[00m 0x55932ac61f20 [37mTRACE  [00m [00;01;31;44m     GST_REFCOUNTING gstminiobject.c:440:gst_mini_object_unref:[00m 0x7f838c003800 unref 2->1
0:00:00.342340447 [332m  601[00m 0x55932ac822d0 [37mTRACE  [00m [00;01;31;44m     GST_REFCOUNTING gstminiobject.c:495:gst_mini_object_replace:[00m replace 0x7f838c0031a0 (1) with 0x7f838c08aaa0 (4)
0:00:00.342422127 [332m  601[00m 0x55932ac822d0 [37mTRACE  [00m [00;01;31;44m     GST_REFCOUNTING gstminiobject.c:360:gst_mini_object_ref:[00m 0x7f838c08aaa0 ref 4->5
0:00:00.342437962 [332m  601[00m 0x55932ac822d0 [37mTRACE  [00m [00;01;31;44m     GST_REFCOUNTING gstminiobject.c:440:gst_mini_object_unref:[00m 0x7f838c0031a0 unref 1->0
0:00:00.342451867 [332m  601[00m 0x55932ac822d0 [37mTRACE  [00m [00;01;31;44m     GST_REFCOUNTING gstminiobject.c:360:gst_mini_object_ref:[00m 0x7f838c0031a0 ref 0->1
0:00:00.342460793 [332m  601[00m 0x55932ac61f20 [37mTRACE  [00m [00;01;31;44m     GST_REFCOUNTING gstminiobject.c:360:gst_mini_object_ref:[00m 0x7f838c08f250 ref 3->4
0:00:00.342481072 [332m  601[00m 0x55932ac822d0 [37mTRACE  [00m [00;01;31;44m     GST_REFCOUNTING gstobject.c:280:gst_object_unref:<vaapidecode1>[00m 0x55932ac884b0 unref 4->3
0:00:00.342506033 [332m  601[00m 0x55932ac61f20 [37mDEBUG  [00m [00m           vaapisink gstvaapisink.c:1393:gst_vaapisink_show_frame_unlocked:[00m render surface 0x4000001
0:00:00.342556219 [332m  601[00m 0x55932ac61f20 [37mDEBUG  [00m [00m           vaapisink gstvaapisink.c:1402:gst_vaapisink_show_frame_unlocked:[00m render rect (0,0), size 1920x1080
0:00:00.342577120 [332m  601[00m 0x55932ac61f20 [37mDEBUG  [00m [00m               vaapi gstvaapisurface.c:334:gst_vaapi_surface_new:[00m size 1920x1088, chroma type 0x1
0:00:00.342586733 [332m  601[00m 0x55932ac822d0 [37mTRACE  [00m [00;01;31;44m     GST_REFCOUNTING gstobject.c:280:gst_object_unref:<vaapivideobufferpool6>[00m 0x7f838c01cc20 unref 5->4
0:00:00.342599192 [332m  601[00m 0x55932ac61f20 [37mDEBUG  [00m [00m               vaapi gstvaapisurface.c:121:gst_vaapi_surface_create:[00m surface 0x4000013
0:00:00.375649316 [332m  601[00m 0x55932ac61f20 [37mTRACE  [00m [00;01;31;44m     GST_REFCOUNTING gstminiobject.c:495:gst_mini_object_replace:[00m replace 0x7f838c003800 (1) with 0x7f838c08f250 (4)
0:00:00.375730037 [332m  601[00m 0x55932ac61f20 [37mTRACE  [00m [00;01;31;44m     GST_REFCOUNTING gstminiobject.c:360:gst_mini_object_ref:[00m 0x7f838c08f250 ref 4->5
0:00:00.375745949 [332m  601[00m 0x55932ac61f20 [37mTRACE  [00m [00;01;31;44m     GST_REFCOUNTING gstminiobject.c:440:gst_mini_object_unref:[00m 0x7f838c003800 unref 1->0
0:00:00.375759818 [332m  601[00m 0x55932ac61f20 [37mTRACE  [00m [00;01;31;44m     GST_REFCOUNTING gstminiobject.c:360:gst_mini_object_ref:[00m 0x7f838c003800 ref 0->1
0:00:00.375762223 [332m  601[00m 0x55932ac822d0 [37mTRACE  [00m [00;01;31;44m     GST_REFCOUNTING gstminiobject.c:440:gst_mini_object_unref:[00m 0x7f838c08aaa0 unref 5->4
0:00:00.375789550 [332m  601[00m 0x55932ac61f20 [37mTRACE  [00m [00;01;31;44m     GST_REFCOUNTING gstobject.c:280:gst_object_unref:<vaapidecode0>[00m 0x55932ac7d9a0 unref 4->3
0:00:00.375816854 [332m  601[00m 0x55932ac61f20 [37mTRACE  [00m [00;01;31;44m     GST_REFCOUNTING gstobject.c:280:gst_object_unref:<vaapivideobufferpool7>[00m 0x7f838c01d860 unref 5->4
0:00:00.375818880 [332m  601[00m 0x55932ac822d0 [37mTRACE  [00m [00;01;31;44m     GST_REFCOUNTING gstobject.c:254:gst_object_ref:<vaapidecode1:src>[00m 0x55932ac5b230 ref 2->3
0:00:00.375864652 [332m  601[00m 0x55932ac822d0 [37mTRACE  [00m [00;01;31;44m     GST_REFCOUNTING gstobject.c:254:gst_object_ref:<vaapidecode1>[00m 0x55932ac884b0 ref 3->4
0:00:00.375840020 [332m  601[00m 0x55932ac61f20 [37mTRACE  [00m [00;01;31;44m     GST_REFCOUNTING gstminiobject.c:440:gst_mini_object_unref:[00m 0x7f838c08f250 unref 5->4
0:00:00.375895060 [332m  601[00m 0x55932ac822d0 [37mTRACE  [00m [00;01;31;44m     GST_REFCOUNTING gstobject.c:254:gst_object_ref:<qtdemux1:video_0>[00m 0x55932ac5bb30 ref 2->3
0:00:00.375941541 [332m  601[00m 0x55932ac822d0 [37mTRACE  [00m [00;01;31;44m     GST_REFCOUNTING gstobject.c:254:gst_object_ref:<qtdemux1>[00m 0x55932ac86810 ref 2->3
0:00:00.376026278 [332m  601[00m 0x55932ac822d0 [37mTRACE  [00m [00;01;31;44m     GST_REFCOUNTING gstminiobject.c:440:gst_mini_object_unref:[00m 0x7f838c0894f0 unref 1->0
0:00:00.376063126 [332m  601[00m 0x55932ac822d0 [37mTRACE  [00m [00;01;31;44m     GST_REFCOUNTING gstobject.c:280:gst_object_unref:<qtdemux1>[00m 0x55932ac86810 unref 3->2
0:00:00.375924405 [332m  601[00m 0x55932ac61f20 [37mTRACE  [00m [00;01;31;44m     GST_REFCOUNTING gstobject.c:254:gst_object_ref:<vaapidecode0:src>[00m 0x55932ac5a6f0 ref 2->3
0:00:00.376078188 [332m  601[00m 0x55932ac822d0 [37mTRACE  [00m [00;01;31;44m     GST_REFCOUNTING gstobject.c:280:gst_object_unref:<qtdemux1:video_0>[00m 0x55932ac5bb30 unref 3->2
0:00:00.376105521 [332m  601[00m 0x55932ac61f20 [37mTRACE  [00m [00;01;31;44m     GST_REFCOUNTING gstobject.c:254:gst_object_ref:<vaapidecode0>[00m 0x55932ac7d9a0 ref 3->4
0:00:00.376124943 [332m  601[00m 0x55932ac822d0 [37mTRACE  [00m [00;01;31;44m     GST_REFCOUNTING gstobject.c:280:gst_object_unref:<vaapidecode1>[00m 0x55932ac884b0 unref 4->3
0:00:00.376164547 [332m  601[00m 0x55932ac822d0 [37mTRACE  [00m [00;01;31;44m     GST_REFCOUNTING gstobject.c:280:gst_object_unref:<vaapidecode1:src>[00m 0x55932ac5b230 unref 3->2
0:00:00.376185307 [332m  601[00m 0x55932ac822d0 [37mTRACE  [00m [00;01;31;44m     GST_REFCOUNTING gstminiobject.c:440:gst_mini_object_unref:[00m 0x7f838c08aaa0 unref 4->3
0:00:00.376209282 [332m  601[00m 0x55932ac822d0 [37mTRACE  [00m [00;01;31;44m     GST_REFCOUNTING gstobject.c:280:gst_object_unref:<vaapisink1>[00m 0x55932ac8ade0 unref 3->2
0:00:00.376148083 [332m  601[00m 0x55932ac61f20 [37mTRACE  [00m [00;01;31;44m     GST_REFCOUNTING gstobject.c:254:gst_object_ref:<qtdemux0:video_0>[00m 0x7f838c0144f0 ref 2->3
0:00:00.376229829 [332m  601[00m 0x55932ac822d0 [37mTRACE  [00m [00;01;31;44m     GST_REFCOUNTING gstobject.c:280:gst_object_unref:<vaapisink1:sink>[00m 0x55932ac5b470 unref 3->2
0:00:00.376251126 [332m  601[00m 0x55932ac61f20 [37mTRACE  [00m [00;01;31;44m     GST_REFCOUNTING gstobject.c:254:gst_object_ref:<qtdemux0>[00m 0x55932ac66600 ref 2->3
0:00:00.376271844 [332m  601[00m 0x55932ac822d0 [37mTRACE  [00m [00;01;31;44m     GST_REFCOUNTING gstminiobject.c:440:gst_mini_object_unref:[00m 0x7f838c08a110 unref 1->0
0:00:00.376289449 [332m  601[00m 0x55932ac61f20 [37mTRACE  [00m [00;01;31;44m     GST_REFCOUNTING gstminiobject.c:440:gst_mini_object_unref:[00m 0x7f838c012de0 unref 1->0
0:00:00.376309685 [332m  601[00m 0x55932ac822d0 [37mTRACE  [00m [00;01;31;44m     GST_REFCOUNTING gstminiobject.c:440:gst_mini_object_unref:[00m 0x7f838c02b000 unref 1->0
0:00:00.376332608 [332m  601[00m 0x55932ac61f20 [37mTRACE  [00m [00;01;31;44m     GST_REFCOUNTING gstobject.c:280:gst_object_unref:<qtdemux0>[00m 0x55932ac66600 unref 3->2
0:00:00.376355093 [332m  601[00m 0x55932ac822d0 [37mTRACE  [00m [00;01;31;44m     GST_REFCOUNTING gstobject.c:280:gst_object_unref:<allocatorsysmem0>[00m 0x55932aa75850 unref 17->16
0:00:00.376371844 [332m  601[00m 0x55932ac61f20 [37mTRACE  [00m [00;01;31;44m     GST_REFCOUNTING gstobject.c:280:gst_object_unref:<qtdemux0:video_0>[00m 0x7f838c0144f0 unref 3->2
0:00:00.376390499 [332m  601[00m 0x55932ac822d0 [37mTRACE  [00m [00;01;31;44m     GST_REFCOUNTING gstminiobject.c:440:gst_mini_object_unref:[00m 0x7f838c08aaa0 unref 3->2
0:00:00.376411993 [332m  601[00m 0x55932ac61f20 [37mTRACE  [00m [00;01;31;44m     GST_REFCOUNTING gstobject.c:280:gst_object_unref:<vaapidecode0>[00m 0x55932ac7d9a0 unref 4->3
0:00:00.376438417 [332m  601[00m 0x55932ac822d0 [37mTRACE  [00m [00;01;31;44m     GST_REFCOUNTING gstobject.c:280:gst_object_unref:<vaapidecode1>[00m 0x55932ac884b0 unref 3->2
0:00:00.376447207 [332m  601[00m 0x55932ac61f20 [37mTRACE  [00m [00;01;31;44m     GST_REFCOUNTING gstobject.c:280:gst_object_unref:<vaapidecode0:src>[00m 0x55932ac5a6f0 unref 3->2
0:00:00.376462634 [332m  601[00m 0x55932ac822d0 [37mTRACE  [00m [00;01;31;44m     GST_REFCOUNTING gstobject.c:280:gst_object_unref:<vaapidecode1:sink>[00m 0x55932ac5aff0 unref 3->2
0:00:00.376498755 [332m  601[00m 0x55932ac61f20 [37mTRACE  [00m [00;01;31;44m     GST_REFCOUNTING gstminiobject.c:440:gst_mini_object_unref:[00m 0x7f838c08f250 unref 4->3
0:00:00.376549900 [332m  601[00m 0x55932ac822d0 [37mTRACE  [00m [00;01;31;44m     GST_REFCOUNTING gstobject.c:280:gst_object_unref:<qtdemux1>[00m 0x55932ac86810 unref 2->1
0:00:00.376556581 [332m  601[00m 0x55932ac61f20 [37mTRACE  [00m [00;01;31;44m     GST_REFCOUNTING gstobject.c:280:gst_object_unref:<vaapisink0>[00m 0x55932ac86220 unref 3->2
0:00:00.376575227 [332m  601[00m 0x55932ac822d0 [37mTRACE  [00m [00;01;31;44m     GST_REFCOUNTING gstobject.c:254:gst_object_ref:<qtdemux1>[00m 0x55932ac86810 ref 1->2
0:00:00.376593867 [332m  601[00m 0x55932ac61f20 [37mTRACE  [00m [00;01;31;44m     GST_REFCOUNTING gstobject.c:280:gst_object_unref:<vaapisink0:sink>[00m 0x55932ac5a930 unref 3->2
0:00:00.376659658 [332m  601[00m 0x55932ac822d0 [37mTRACE  [00m [00;01;31;44m     GST_REFCOUNTING gstobject.c:254:gst_object_ref:<filesrc1:src>[00m 0x55932ac5ab70 ref 1->2
0:00:00.376678624 [332m  601[00m 0x55932ac61f20 [37mTRACE  [00m [00;01;31;44m     GST_REFCOUNTING gstminiobject.c:440:gst_mini_object_unref:[00m 0x7f838c08a770 unref 1->0
0:00:00.376701954 [332m  601[00m 0x55932ac822d0 [37mTRACE  [00m [00;01;31;44m     GST_REFCOUNTING gstobject.c:254:gst_object_ref:<filesrc1>[00m 0x55932ac58490 ref 1->2
0:00:00.376721417 [332m  601[00m 0x55932ac61f20 [37mTRACE  [00m [00;01;31;44m     GST_REFCOUNTING gstminiobject.c:440:gst_mini_object_unref:[00m 0x7f838401c170 unref 1->0
0:00:00.376750852 [332m  601[00m 0x55932ac822d0 [37mTRACE  [00m [00;01;31;44m     GST_REFCOUNTING gstobject.c:254:gst_object_ref:<allocatorsysmem0>[00m 0x55932aa75850 ref 16->17
0:00:00.376778418 [332m  601[00m 0x55932ac822d0 [37mTRACE  [00m [00;01;31;44m     GST_REFCOUNTING gstminiobject.c:360:gst_mini_object_ref:[00m 0x7f838c02b000 ref 1->2
0:00:00.376814995 [332m  601[00m 0x55932ac61f20 [37mTRACE  [00m [00;01;31;44m     GST_REFCOUNTING gstobject.c:280:gst_object_unref:<allocatorsysmem0>[00m 0x55932aa75850 unref 17->16
0:00:00.376833318 [332m  601[00m 0x55932ac61f20 [37mTRACE  [00m [00;01;31;44m     GST_REFCOUNTING gstminiobject.c:440:gst_mini_object_unref:[00m 0x7f838c08f250 unref 3->2
0:00:00.376851858 [332m  601[00m 0x55932ac822d0 [37mTRACE  [00m [00;01;31;44m     GST_REFCOUNTING gstminiobject.c:440:gst_mini_object_unref:[00m 0x7f838c02b000 unref 2->1
0:00:00.376853733 [332m  601[00m 0x55932ac61f20 [37mTRACE  [00m [00;01;31;44m     GST_REFCOUNTING gstobject.c:280:gst_object_unref:<vaapidecode0>[00m 0x55932ac7d9a0 unref 3->2
0:00:00.376875298 [332m  601[00m 0x55932ac822d0 [37mTRACE  [00m [00;01;31;44m     GST_REFCOUNTING gstobject.c:254:gst_object_ref:<GstSystemClock>[00m 0x55932acb2130 ref 10->11
0:00:00.376893988 [332m  601[00m 0x55932ac61f20 [37mTRACE  [00m [00;01;31;44m     GST_REFCOUNTING gstobject.c:280:gst_object_unref:<vaapidecode0:sink>[00m 0x55932ac5a4b0 unref 3->2
0:00:00.376914217 [332m  601[00m 0x55932ac822d0 [37mTRACE  [00m [00;01;31;44m     GST_REFCOUNTING gstobject.c:280:gst_object_unref:<GstSystemClock>[00m 0x55932acb2130 unref 11->10
0:00:00.376936981 [332m  601[00m 0x55932ac61f20 [37mTRACE  [00m [00;01;31;44m     GST_REFCOUNTING gstobject.c:280:gst_object_unref:<qtdemux0>[00m 0x55932ac66600 unref 2->1
0:00:00.376953668 [332m  601[00m 0x55932ac822d0 [37mTRACE  [00m [00;01;31;44m     GST_REFCOUNTING gstobject.c:280:gst_object_unref:<filesrc1>[00m 0x55932ac58490 unref 2->1
0:00:00.376973449 [332m  601[00m 0x55932ac61f20 [37mTRACE  [00m [00;01;31;44m     GST_REFCOUNTING gstobject.c:254:gst_object_ref:<qtdemux0>[00m 0x55932ac66600 ref 1->2
0:00:00.376992955 [332m  601[00m 0x55932ac822d0 [37mTRACE  [00m [00;01;31;44m     GST_REFCOUNTING gstobject.c:280:gst_object_unref:<filesrc1:src>[00m 0x55932ac5ab70 unref 2->1
0:00:00.377015077 [332m  601[00m 0x55932ac61f20 [37mTRACE  [00m [00;01;31;44m     GST_REFCOUNTING gstobject.c:254:gst_object_ref:<filesrc0:src>[00m 0x55932ac5a030 ref 1->2
0:00:00.377050672 [332m  601[00m 0x55932ac822d0 [37mTRACE  [00m [00;01;31;44m     GST_REFCOUNTING gstobject.c:254:gst_object_ref:<vaapidecode1:sink>[00m 0x55932ac5aff0 ref 2->3
0:00:00.377067922 [332m  601[00m 0x55932ac61f20 [37mTRACE  [00m [00;01;31;44m     GST_REFCOUNTING gstobject.c:254:gst_object_ref:<filesrc0>[00m 0x55932ac58110 ref 1->2
0:00:00.377088138 [332m  601[00m 0x55932ac822d0 [37mTRACE  [00m [00;01;31;44m     GST_REFCOUNTING gstobject.c:254:gst_object_ref:<vaapidecode1>[00m 0x55932ac884b0 ref 2->3
0:00:00.377111213 [332m  601[00m 0x55932ac61f20 [37mTRACE  [00m [00;01;31;44m     GST_REFCOUNTING gstobject.c:254:gst_object_ref:<allocatorsysmem0>[00m 0x55932aa75850 ref 16->17
0:00:00.377141036 [332m  601[00m 0x55932ac822d0 [37mTRACE  [00m [00;01;31;44m     GST_REFCOUNTING gstminiobject.c:360:gst_mini_object_ref:[00m 0x7f838c02b000 ref 1->2
0:00:00.377143862 [332m  601[00m 0x55932ac61f20 [37mTRACE  [00m [00;01;31;44m     GST_REFCOUNTING gstminiobject.c:360:gst_mini_object_ref:[00m 0x7f838401c170 ref 1->2
0:00:00.377202179 [332m  601[00m 0x55932ac61f20 [37mTRACE  [00m [00;01;31;44m     GST_REFCOUNTING gstminiobject.c:440:gst_mini_object_unref:[00m 0x7f838401c170 unref 2->1
0:00:00.377163074 [332m  601[00m 0x55932ac822d0 [37mTRACE  [00m [00;01;31;44m     GST_REFCOUNTING gstminiobject.c:440:gst_mini_object_unref:[00m 0x7f838c02b000 unref 2->1
0:00:00.377225889 [332m  601[00m 0x55932ac61f20 [37mTRACE  [00m [00;01;31;44m     GST_REFCOUNTING gstobject.c:254:gst_object_ref:<GstSystemClock>[00m 0x55932acb2130 ref 10->11
0:00:00.377246295 [332m  601[00m 0x55932ac822d0 [37mTRACE  [00m [00;01;31;44m     GST_REFCOUNTING gstminiobject.c:360:gst_mini_object_ref:[00m 0x7f838c02b000 ref 1->2
0:00:00.377266361 [332m  601[00m 0x55932ac61f20 [37mTRACE  [00m [00;01;31;44m     GST_REFCOUNTING gstobject.c:280:gst_object_unref:<GstSystemClock>[00m 0x55932acb2130 unref 11->10
0:00:00.377289827 [332m  601[00m 0x55932ac822d0 [37mDEBUG  [00m [00m               vaapi gstvaapidecoder_h264.c:1742:parse_slice:[00m parse slice
0:00:00.377305723 [332m  601[00m 0x55932ac61f20 [37mTRACE  [00m [00;01;31;44m     GST_REFCOUNTING gstobject.c:280:gst_object_unref:<filesrc0>[00m 0x55932ac58110 unref 2->1
0:00:00.377335122 [332m  601[00m 0x55932ac822d0 [37mTRACE  [00m [00;01;31;44m     GST_REFCOUNTING gstminiobject.c:360:gst_mini_object_ref:[00m 0x7f838c08abb0 ref 1->2
0:00:00.377341968 [332m  601[00m 0x55932ac61f20 [37mTRACE  [00m [00;01;31;44m     GST_REFCOUNTING gstobject.c:280:gst_object_unref:<filesrc0:src>[00m 0x55932ac5a030 unref 2->1
0:00:00.377357667 [332m  601[00m 0x55932ac822d0 [37mTRACE  [00m [00;01;31;44m     GST_REFCOUNTING gstminiobject.c:440:gst_mini_object_unref:[00m 0x7f838c02b000 unref 2->1
0:00:00.377380754 [332m  601[00m 0x55932ac61f20 [37mTRACE  [00m [00;01;31;44m     GST_REFCOUNTING gstobject.c:254:gst_object_ref:<vaapidecode0:sink>[00m 0x55932ac5a4b0 ref 2->3
0:00:00.377397496 [332m  601[00m 0x55932ac822d0 [37mTRACE  [00m [00;01;31;44m     GST_REFCOUNTING gstminiobject.c:440:gst_mini_object_unref:[00m 0x7f838c08abb0 unref 2->1
0:00:00.377418289 [332m  601[00m 0x55932ac61f20 [37mTRACE  [00m [00;01;31;44m     GST_REFCOUNTING gstobject.c:254:gst_object_ref:<vaapidecode0>[00m 0x55932ac7d9a0 ref 2->3
0:00:00.377438737 [332m  601[00m 0x55932ac822d0 [37mTRACE  [00m [00;01;31;44m     GST_REFCOUNTING gstminiobject.c:360:gst_mini_object_ref:[00m 0x7f838c08abb0 ref 1->2
0:00:00.377464762 [332m  601[00m 0x55932ac61f20 [37mTRACE  [00m [00;01;31;44m     GST_REFCOUNTING gstminiobject.c:360:gst_mini_object_ref:[00m 0x7f838401c170 ref 1->2
0:00:00.377471827 [332m  601[00m 0x55932ac822d0 [37mTRACE  [00m [00;01;31;44m     GST_REFCOUNTING gstminiobject.c:440:gst_mini_object_unref:[00m 0x7f838c08abb0 unref 2->1
0:00:00.377487586 [332m  601[00m 0x55932ac61f20 [37mTRACE  [00m [00;01;31;44m     GST_REFCOUNTING gstminiobject.c:440:gst_mini_object_unref:[00m 0x7f838401c170 unref 2->1
0:00:00.377541566 [332m  601[00m 0x55932ac61f20 [37mTRACE  [00m [00;01;31;44m     GST_REFCOUNTING gstminiobject.c:360:gst_mini_object_ref:[00m 0x7f838401c170 ref 1->2
0:00:00.377558988 [332m  601[00m 0x55932ac61f20 [37mDEBUG  [00m [00m               vaapi gstvaapidecoder_h264.c:1742:parse_slice:[00m parse slice
0:00:00.377561864 [332m  601[00m 0x55932ac822d0 [37mDEBUG  [00m [00m               vaapi gstvaapidecoder_h264.c:2026:init_picture_poc_2:[00m decode picture order count type 2
0:00:00.377580102 [332m  601[00m 0x55932ac61f20 [37mTRACE  [00m [00;01;31;44m     GST_REFCOUNTING gstminiobject.c:360:gst_mini_object_ref:[00m 0x7f838c08f360 ref 1->2
0:00:00.377598563 [332m  601[00m 0x55932ac822d0 [37mDEBUG  [00m [00m               vaapi gstvaapidecoder_h264.c:4128:decode_slice:[00m slice (52783 bytes)
0:00:00.377616114 [332m  601[00m 0x55932ac61f20 [37mTRACE  [00m [00;01;31;44m     GST_REFCOUNTING gstminiobject.c:440:gst_mini_object_unref:[00m 0x7f838401c170 unref 2->1
0:00:00.377635752 [332m  601[00m 0x55932ac822d0 [37mTRACE  [00m [00;01;31;44m     GST_REFCOUNTING gstminiobject.c:360:gst_mini_object_ref:[00m 0x7f838c02b000 ref 1->2
0:00:00.377654959 [332m  601[00m 0x55932ac61f20 [37mTRACE  [00m [00;01;31;44m     GST_REFCOUNTING gstminiobject.c:440:gst_mini_object_unref:[00m 0x7f838c08f360 unref 2->1
0:00:00.377691915 [332m  601[00m 0x55932ac61f20 [37mTRACE  [00m [00;01;31;44m     GST_REFCOUNTING gstminiobject.c:360:gst_mini_object_ref:[00m 0x7f838c08f360 ref 1->2
0:00:00.377706787 [332m  601[00m 0x55932ac61f20 [37mTRACE  [00m [00;01;31;44m     GST_REFCOUNTING gstminiobject.c:440:gst_mini_object_unref:[00m 0x7f838c08f360 unref 2->1
0:00:00.377731209 [332m  601[00m 0x55932ac61f20 [37mDEBUG  [00m [00m               vaapi gstvaapidecoder_h264.c:2026:init_picture_poc_2:[00m decode picture order count type 2
0:00:00.377745585 [332m  601[00m 0x55932ac61f20 [37mDEBUG  [00m [00m               vaapi gstvaapidecoder_h264.c:4128:decode_slice:[00m slice (52783 bytes)
0:00:00.377759055 [332m  601[00m 0x55932ac61f20 [37mTRACE  [00m [00;01;31;44m     GST_REFCOUNTING gstminiobject.c:360:gst_mini_object_ref:[00m 0x7f838401c170 ref 1->2
0:00:00.377766693 [332m  601[00m 0x55932ac822d0 [37mTRACE  [00m [00;01;31;44m     GST_REFCOUNTING gstminiobject.c:440:gst_mini_object_unref:[00m 0x7f838c02b000 unref 2->1
0:00:00.377787700 [332m  601[00m 0x55932ac822d0 [37mDEBUG  [00m [00m               vaapi gstvaapidecoder_h264.c:2147:init_picture_refs_pic_num:[00m decode picture numbers
0:00:00.377799334 [332m  601[00m 0x55932ac822d0 [37mDEBUG  [00m [00m               vaapi gstvaapidecoder_h264.c:2394:init_picture_refs_p_slice:[00m decode reference picture list for P and SP slices
0:00:00.377812939 [332m  601[00m 0x55932ac822d0 [37mDEBUG  [00m [00m               vaapi gstvaapidecoder_h264.c:2826:exec_picture_refs_modification:[00m execute ref_pic_list_modification()
0:00:00.377826782 [332m  601[00m 0x55932ac822d0 [37mDEBUG  [00m [00m               vaapi gstvaapidecoder_objects.c:262:gst_vaapi_picture_decode:[00m decode picture 0x0400000c
0:00:00.377837588 [332m  601[00m 0x55932ac61f20 [37mTRACE  [00m [00;01;31;44m     GST_REFCOUNTING gstminiobject.c:440:gst_mini_object_unref:[00m 0x7f838401c170 unref 2->1
0:00:00.377856720 [332m  601[00m 0x55932ac61f20 [37mDEBUG  [00m [00m               vaapi gstvaapidecoder_h264.c:2147:init_picture_refs_pic_num:[00m decode picture numbers
0:00:00.377867518 [332m  601[00m 0x55932ac61f20 [37mDEBUG  [00m [00m               vaapi gstvaapidecoder_h264.c:2394:init_picture_refs_p_slice:[00m decode reference picture list for P and SP slices
0:00:00.377878394 [332m  601[00m 0x55932ac61f20 [37mDEBUG  [00m [00m               vaapi gstvaapidecoder_h264.c:2826:exec_picture_refs_modification:[00m execute ref_pic_list_modification()
0:00:00.377914358 [332m  601[00m 0x55932ac61f20 [37mDEBUG  [00m [00m               vaapi gstvaapidecoder_objects.c:262:gst_vaapi_picture_decode:[00m decode picture 0x04000005
0:00:00.380954905 [332m  601[00m 0x55932ac822d0 [37mDEBUG  [00m [00m               vaapi gstvaapidecoder_h264.c:3326:exec_ref_pic_marking_sliding_window:[00m reference picture marking process (sliding window)
0:00:00.381036714 [332m  601[00m 0x55932ac822d0 [37mDEBUG  [00m [00m               vaapi gstvaapidecoder.c:376:push_frame:[00m push frame 2 (surface 0x04000009)
0:00:00.381066892 [332m  601[00m 0x55932ac822d0 [37mDEBUG  [00m [00m               vaapi gstvaapidecoder.c:397:pop_frame:[00m pop frame 2 (surface 0x04000009)
0:00:00.381089938 [332m  601[00m 0x55932ac822d0 [37mTRACE  [00m [00;01;31;44m     GST_REFCOUNTING gstobject.c:254:gst_object_ref:<vaapidecode1>[00m 0x55932ac884b0 ref 3->4
0:00:00.381114809 [332m  601[00m 0x55932ac822d0 [37mTRACE  [00m [00;01;31;44m     GST_REFCOUNTING gstobject.c:254:gst_object_ref:<vaapivideobufferpool6>[00m 0x7f838c01cc20 ref 4->5
0:00:00.381145231 [332m  601[00m 0x55932ac822d0 [37mTRACE  [00m [00;01;31;44m     GST_REFCOUNTING gstminiobject.c:360:gst_mini_object_ref:[00m 0x7f838c0031a0 ref 1->2
0:00:00.381168517 [332m  601[00m 0x55932ac822d0 [37mTRACE  [00m [00;01;31;44m     GST_REFCOUNTING gstobject.c:254:gst_object_ref:<vaapisink1:sink>[00m 0x55932ac5b470 ref 2->3
0:00:00.381185114 [332m  601[00m 0x55932ac822d0 [37mTRACE  [00m [00;01;31;44m     GST_REFCOUNTING gstobject.c:254:gst_object_ref:<vaapisink1>[00m 0x55932ac8ade0 ref 2->3
0:00:00.381236898 [332m  601[00m 0x55932ac822d0 [37mTRACE  [00m [00;01;31;44m     GST_REFCOUNTING gstobject.c:254:gst_object_ref:<vaapisink1>[00m 0x55932ac8ade0 ref 3->4
0:00:00.381259106 [332m  601[00m 0x55932ac822d0 [37mTRACE  [00m [00;01;31;44m     GST_REFCOUNTING gstobject.c:254:gst_object_ref:<bus0>[00m 0x55932aaa0a10 ref 9->10
0:00:00.381276748 [332m  601[00m 0x55932ac822d0 [37mTRACE  [00m [00;01;31;44m     GST_REFCOUNTING gstminiobject.c:360:gst_mini_object_ref:[00m 0x55932ac80d40 ref 1->2
0:00:00.381292829 [332m  601[00m 0x55932ac822d0 [37mTRACE  [00m [00;01;31;44m     GST_REFCOUNTING gstobject.c:254:gst_object_ref:<bus1>[00m 0x55932aaa0ae0 ref 3->4
0:00:00.381342133 [332m  601[00m 0x55932ac822d0 [37mTRACE  [00m [00;01;31;44m     GST_REFCOUNTING gstobject.c:280:gst_object_unref:<bus1>[00m 0x55932aaa0ae0 unref 4->3
0:00:00.381359242 [332m  601[00m 0x55932ac822d0 [37mTRACE  [00m [00;01;31;44m     GST_REFCOUNTING gstminiobject.c:440:gst_mini_object_unref:[00m 0x55932ac80d40 unref 2->1
0:00:00.381374484 [332m  601[00m 0x55932ac822d0 [37mTRACE  [00m [00;01;31;44m     GST_REFCOUNTING gstobject.c:280:gst_object_unref:<bus0>[00m 0x55932aaa0a10 unref 10->9
0:00:00.381400679 [332m  601[00m 0x55932ac822d0 [37mTRACE  [00m [00;01;31;44m     GST_REFCOUNTING gstobject.c:254:gst_object_ref:<vaapidecode1:src>[00m 0x55932ac5b230 ref 2->3
0:00:00.381417956 [332m  601[00m 0x55932ac822d0 [37mTRACE  [00m [00;01;31;44m     GST_REFCOUNTING gstobject.c:254:gst_object_ref:<vaapidecode1>[00m 0x55932ac884b0 ref 4->5
0:00:00.381440130 [332m  601[00m 0x55932ac822d0 [37mTRACE  [00m [00;01;31;44m     GST_REFCOUNTING gstobject.c:254:gst_object_ref:<qtdemux1:video_0>[00m 0x55932ac5bb30 ref 2->3
0:00:00.381456279 [332m  601[00m 0x55932ac822d0 [37mTRACE  [00m [00;01;31;44m     GST_REFCOUNTING gstobject.c:254:gst_object_ref:<qtdemux1>[00m 0x55932ac86810 ref 2->3
0:00:00.381470997 [332m  601[00m 0x55932ac822d0 [37mTRACE  [00m [00;01;31;44m     GST_REFCOUNTING gstminiobject.c:440:gst_mini_object_unref:[00m 0x7f838c0895d0 unref 1->0
0:00:00.381489316 [332m  601[00m 0x55932ac822d0 [37mTRACE  [00m [00;01;31;44m     GST_REFCOUNTING gstobject.c:280:gst_object_unref:<qtdemux1>[00m 0x55932ac86810 unref 3->2
0:00:00.381504668 [332m  601[00m 0x55932ac822d0 [37mTRACE  [00m [00;01;31;44m     GST_REFCOUNTING gstobject.c:280:gst_object_unref:<qtdemux1:video_0>[00m 0x55932ac5bb30 unref 3->2
0:00:00.381603191 [332m  601[00m 0x55932ac822d0 [37mTRACE  [00m [00;01;31;44m     GST_REFCOUNTING gstobject.c:280:gst_object_unref:<vaapidecode1>[00m 0x55932ac884b0 unref 5->4
0:00:00.381625530 [332m  601[00m 0x55932ac822d0 [37mTRACE  [00m [00;01;31;44m     GST_REFCOUNTING gstobject.c:280:gst_object_unref:<vaapidecode1:src>[00m 0x55932ac5b230 unref 3->2
0:00:00.381641219 [332m  601[00m 0x55932ac822d0 [37mTRACE  [00m [00;01;31;44m     GST_REFCOUNTING gstminiobject.c:440:gst_mini_object_unref:[00m 0x7f838c0031a0 unref 2->1
0:00:00.381659980 [332m  601[00m 0x55932ac822d0 [37mTRACE  [00m [00;01;31;44m     GST_REFCOUNTING gstobject.c:280:gst_object_unref:<vaapisink1>[00m 0x55932ac8ade0 unref 4->3
0:00:00.381675767 [332m  601[00m 0x55932ac822d0 [37mTRACE  [00m [00;01;31;44m     GST_REFCOUNTING gstobject.c:280:gst_object_unref:<vaapisink1:sink>[00m 0x55932ac5b470 unref 3->2
0:00:00.381693237 [332m  601[00m 0x55932ac822d0 [37mTRACE  [00m [00;01;31;44m     GST_REFCOUNTING gstminiobject.c:440:gst_mini_object_unref:[00m 0x7f838c08a330 unref 1->0
0:00:00.381708714 [332m  601[00m 0x55932ac822d0 [37mTRACE  [00m [00;01;31;44m     GST_REFCOUNTING gstminiobject.c:440:gst_mini_object_unref:[00m 0x7f838c0b1600 unref 1->0
0:00:00.381729617 [332m  601[00m 0x55932ac822d0 [37mTRACE  [00m [00;01;31;44m     GST_REFCOUNTING gstobject.c:280:gst_object_unref:<allocatorsysmem0>[00m 0x55932aa75850 unref 17->16
0:00:00.381745259 [332m  601[00m 0x55932ac822d0 [37mTRACE  [00m [00;01;31;44m     GST_REFCOUNTING gstminiobject.c:440:gst_mini_object_unref:[00m 0x7f838c0031a0 unref 1->0
0:00:00.381759070 [332m  601[00m 0x55932ac822d0 [37mTRACE  [00m [00;01;31;44m     GST_REFCOUNTING gstminiobject.c:360:gst_mini_object_ref:[00m 0x7f838c0031a0 ref 0->1
0:00:00.381735188 [332m  601[00m 0x55932aa72200 [37mTRACE  [00m [00;01;31;44m     GST_REFCOUNTING gstminiobject.c:360:gst_mini_object_ref:[00m 0x55932ac80d40 ref 1->2
0:00:00.381833220 [332m  601[00m 0x55932aa72200 [37mTRACE  [00m [00;01;31;44m     GST_REFCOUNTING gstminiobject.c:360:gst_mini_object_ref:[00m 0x55932ac80d40 ref 2->3
0:00:00.381852339 [332m  601[00m 0x55932aa72200 [37mTRACE  [00m [00;01;31;44m     GST_REFCOUNTING gstminiobject.c:440:gst_mini_object_unref:[00m 0x55932ac80d40 unref 3->2
0:00:00.381868558 [332m  601[00m 0x55932aa72200 [37mTRACE  [00m [00;01;31;44m     GST_REFCOUNTING gstminiobject.c:440:gst_mini_object_unref:[00m 0x55932ac80d40 unref 2->1
0:00:00.381907873 [332m  601[00m 0x55932aa72200 [37mTRACE  [00m [00;01;31;44m     GST_REFCOUNTING gstobject.c:280:gst_object_unref:<bus1>[00m 0x55932aaa0ae0 unref 3->2
0:00:00.381919374 [332m  601[00m 0x55932ac822d0 [37mTRACE  [00m [00;01;31;44m     GST_REFCOUNTING gstobject.c:280:gst_object_unref:<vaapivideobufferpool6>[00m 0x7f838c01cc20 unref 5->4
0:00:00.381929629 [332m  601[00m 0x55932aa72200 [37mTRACE  [00m [00;01;31;44m     GST_REFCOUNTING gstminiobject.c:440:gst_mini_object_unref:[00m 0x55932ac80d40 unref 1->0
0:00:00.381987630 [332m  601[00m 0x55932aa72200 [37mTRACE  [00m [00;01;31;44m     GST_REFCOUNTING gstobject.c:280:gst_object_unref:<vaapisink1>[00m 0x55932ac8ade0 unref 3->2
0:00:00.381963950 [332m  601[00m 0x55932ac822d0 [37mTRACE  [00m [00;01;31;44m     GST_REFCOUNTING gstobject.c:280:gst_object_unref:<vaapidecode1>[00m 0x55932ac884b0 unref 4->3
0:00:00.382026976 [332m  601[00m 0x55932aa72200 [37mTRACE  [00m [00;01;31;44m     GST_REFCOUNTING gstobject.c:254:gst_object_ref:<bus1>[00m 0x55932aaa0ae0 ref 2->3
0:00:00.382042595 [332m  601[00m 0x55932ac822d0 [37mTRACE  [00m [00;01;31;44m     GST_REFCOUNTING gstobject.c:280:gst_object_unref:<vaapidecode1>[00m 0x55932ac884b0 unref 3->2
0:00:00.382061347 [332m  601[00m 0x55932ac822d0 [37mTRACE  [00m [00;01;31;44m     GST_REFCOUNTING gstobject.c:280:gst_object_unref:<vaapidecode1:sink>[00m 0x55932ac5aff0 unref 3->2
0:00:00.382087547 [332m  601[00m 0x55932ac822d0 [37mTRACE  [00m [00;01;31;44m     GST_REFCOUNTING gstobject.c:280:gst_object_unref:<qtdemux1>[00m 0x55932ac86810 unref 2->1
0:00:00.382144862 [332m  601[00m 0x55932ac822d0 [37mTRACE  [00m [00;01;31;44m     GST_REFCOUNTING gstobject.c:254:gst_object_ref:<qtdemux1>[00m 0x55932ac86810 ref 1->2
0:00:00.382165635 [332m  601[00m 0x55932ac822d0 [37mTRACE  [00m [00;01;31;44m     GST_REFCOUNTING gstobject.c:254:gst_object_ref:<filesrc1:src>[00m 0x55932ac5ab70 ref 1->2
0:00:00.382182199 [332m  601[00m 0x55932ac822d0 [37mTRACE  [00m [00;01;31;44m     GST_REFCOUNTING gstobject.c:254:gst_object_ref:<filesrc1>[00m 0x55932ac58490 ref 1->2
0:00:00.382206409 [332m  601[00m 0x55932ac822d0 [37mTRACE  [00m [00;01;31;44m     GST_REFCOUNTING gstobject.c:254:gst_object_ref:<allocatorsysmem0>[00m 0x55932aa75850 ref 16->17
0:00:00.382223817 [332m  601[00m 0x55932ac822d0 [37mTRACE  [00m [00;01;31;44m     GST_REFCOUNTING gstminiobject.c:360:gst_mini_object_ref:[00m 0x7f838c090000 ref 1->2
0:00:00.382273416 [332m  601[00m 0x55932ac822d0 [37mTRACE  [00m [00;01;31;44m     GST_REFCOUNTING gstminiobject.c:440:gst_mini_object_unref:[00m 0x7f838c090000 unref 2->1
0:00:00.382291009 [332m  601[00m 0x55932ac822d0 [37mTRACE  [00m [00;01;31;44m     GST_REFCOUNTING gstobject.c:254:gst_object_ref:<GstSystemClock>[00m 0x55932acb2130 ref 10->11
0:00:00.382306087 [332m  601[00m 0x55932ac822d0 [37mTRACE  [00m [00;01;31;44m     GST_REFCOUNTING gstobject.c:280:gst_object_unref:<GstSystemClock>[00m 0x55932acb2130 unref 11->10
0:00:00.382320823 [332m  601[00m 0x55932ac822d0 [37mTRACE  [00m [00;01;31;44m     GST_REFCOUNTING gstobject.c:280:gst_object_unref:<filesrc1>[00m 0x55932ac58490 unref 2->1
0:00:00.382335222 [332m  601[00m 0x55932ac822d0 [37mTRACE  [00m [00;01;31;44m     GST_REFCOUNTING gstobject.c:280:gst_object_unref:<filesrc1:src>[00m 0x55932ac5ab70 unref 2->1
0:00:00.382353845 [332m  601[00m 0x55932ac822d0 [37mTRACE  [00m [00;01;31;44m     GST_REFCOUNTING gstobject.c:254:gst_object_ref:<vaapidecode1:sink>[00m 0x55932ac5aff0 ref 2->3
0:00:00.382368402 [332m  601[00m 0x55932ac822d0 [37mTRACE  [00m [00;01;31;44m     GST_REFCOUNTING gstobject.c:254:gst_object_ref:<vaapidecode1>[00m 0x55932ac884b0 ref 2->3
0:00:00.382397150 [332m  601[00m 0x55932ac822d0 [37mTRACE  [00m [00;01;31;44m     GST_REFCOUNTING gstminiobject.c:360:gst_mini_object_ref:[00m 0x7f838c090000 ref 1->2
0:00:00.382412590 [332m  601[00m 0x55932ac822d0 [37mTRACE  [00m [00;01;31;44m     GST_REFCOUNTING gstminiobject.c:440:gst_mini_object_unref:[00m 0x7f838c090000 unref 2->1
0:00:00.382427773 [332m  601[00m 0x55932ac822d0 [37mTRACE  [00m [00;01;31;44m     GST_REFCOUNTING gstminiobject.c:360:gst_mini_object_ref:[00m 0x7f838c090000 ref 1->2
0:00:00.382446720 [332m  601[00m 0x55932ac822d0 [37mDEBUG  [00m [00m               vaapi gstvaapidecoder_h264.c:1742:parse_slice:[00m parse slice
0:00:00.382468796 [332m  601[00m 0x55932ac822d0 [37mTRACE  [00m [00;01;31;44m     GST_REFCOUNTING gstminiobject.c:360:gst_mini_object_ref:[00m 0x7f838c08add0 ref 1->2
0:00:00.382483958 [332m  601[00m 0x55932ac822d0 [37mTRACE  [00m [00;01;31;44m     GST_REFCOUNTING gstminiobject.c:440:gst_mini_object_unref:[00m 0x7f838c090000 unref 2->1
0:00:00.382497883 [332m  601[00m 0x55932ac822d0 [37mTRACE  [00m [00;01;31;44m     GST_REFCOUNTING gstminiobject.c:440:gst_mini_object_unref:[00m 0x7f838c08add0 unref 2->1
0:00:00.382513174 [332m  601[00m 0x55932ac822d0 [37mTRACE  [00m [00;01;31;44m     GST_REFCOUNTING gstminiobject.c:360:gst_mini_object_ref:[00m 0x7f838c08add0 ref 1->2
0:00:00.382566375 [332m  601[00m 0x55932ac822d0 [37mTRACE  [00m [00;01;31;44m     GST_REFCOUNTING gstminiobject.c:440:gst_mini_object_unref:[00m 0x7f838c08add0 unref 2->1
0:00:00.382610169 [332m  601[00m 0x55932ac822d0 [37mDEBUG  [00m [00m               vaapi gstvaapidecoder_h264.c:2026:init_picture_poc_2:[00m decode picture order count type 2
0:00:00.382625627 [332m  601[00m 0x55932ac822d0 [37mDEBUG  [00m [00m               vaapi gstvaapidecoder_h264.c:4128:decode_slice:[00m slice (63878 bytes)
0:00:00.382638718 [332m  601[00m 0x55932ac822d0 [37mTRACE  [00m [00;01;31;44m     GST_REFCOUNTING gstminiobject.c:360:gst_mini_object_ref:[00m 0x7f838c090000 ref 1->2
0:00:00.384190963 [332m  601[00m 0x55932ac61f20 [37mDEBUG  [00m [00m               vaapi gstvaapidecoder_h264.c:3326:exec_ref_pic_marking_sliding_window:[00m reference picture marking process (sliding window)
0:00:00.384278487 [332m  601[00m 0x55932ac61f20 [37mDEBUG  [00m [00m               vaapi gstvaapidecoder.c:376:push_frame:[00m push frame 2 (surface 0x04000002)
0:00:00.384310620 [332m  601[00m 0x55932ac61f20 [37mDEBUG  [00m [00m               vaapi gstvaapidecoder.c:397:pop_frame:[00m pop frame 2 (surface 0x04000002)
0:00:00.384334037 [332m  601[00m 0x55932ac61f20 [37mTRACE  [00m [00;01;31;44m     GST_REFCOUNTING gstobject.c:254:gst_object_ref:<vaapidecode0>[00m 0x55932ac7d9a0 ref 3->4
0:00:00.384359227 [332m  601[00m 0x55932ac61f20 [37mTRACE  [00m [00;01;31;44m     GST_REFCOUNTING gstobject.c:254:gst_object_ref:<vaapivideobufferpool7>[00m 0x7f838c01d860 ref 4->5
0:00:00.384390125 [332m  601[00m 0x55932ac61f20 [37mTRACE  [00m [00;01;31;44m     GST_REFCOUNTING gstminiobject.c:360:gst_mini_object_ref:[00m 0x7f838c003800 ref 1->2
0:00:00.384414207 [332m  601[00m 0x55932ac61f20 [37mTRACE  [00m [00;01;31;44m     GST_REFCOUNTING gstobject.c:254:gst_object_ref:<vaapisink0:sink>[00m 0x55932ac5a930 ref 2->3
0:00:00.384431804 [332m  601[00m 0x55932ac61f20 [37mTRACE  [00m [00;01;31;44m     GST_REFCOUNTING gstobject.c:254:gst_object_ref:<vaapisink0>[00m 0x55932ac86220 ref 2->3
0:00:00.384432692 [332m  601[00m 0x55932ac822d0 [37mTRACE  [00m [00;01;31;44m     GST_REFCOUNTING gstminiobject.c:440:gst_mini_object_unref:[00m 0x7f838c090000 unref 2->1
0:00:00.384482111 [332m  601[00m 0x55932ac61f20 [37mTRACE  [00m [00;01;31;44m     GST_REFCOUNTING gstobject.c:254:gst_object_ref:<vaapisink0>[00m 0x55932ac86220 ref 3->4
0:00:00.384565326 [332m  601[00m 0x55932ac61f20 [37mTRACE  [00m [00;01;31;44m     GST_REFCOUNTING gstobject.c:254:gst_object_ref:<bus0>[00m 0x55932aaa0a10 ref 9->10
0:00:00.384590731 [332m  601[00m 0x55932ac61f20 [37mTRACE  [00m [00;01;31;44m     GST_REFCOUNTING gstminiobject.c:360:gst_mini_object_ref:[00m 0x55932ac85ea0 ref 1->2
0:00:00.384612933 [332m  601[00m 0x55932ac61f20 [37mTRACE  [00m [00;01;31;44m     GST_REFCOUNTING gstobject.c:254:gst_object_ref:<bus1>[00m 0x55932aaa0ae0 ref 3->4
0:00:00.384570878 [332m  601[00m 0x55932ac822d0 [37mDEBUG  [00m [00m               vaapi gstvaapidecoder_h264.c:2147:init_picture_refs_pic_num:[00m decode picture numbers
0:00:00.384644212 [332m  601[00m 0x55932ac822d0 [37mDEBUG  [00m [00m               vaapi gstvaapidecoder_h264.c:2394:init_picture_refs_p_slice:[00m decode reference picture list for P and SP slices
0:00:00.384652775 [332m  601[00m 0x55932ac61f20 [37mTRACE  [00m [00;01;31;44m     GST_REFCOUNTING gstobject.c:280:gst_object_unref:<bus1>[00m 0x55932aaa0ae0 unref 4->3
0:00:00.384677061 [332m  601[00m 0x55932ac61f20 [37mTRACE  [00m [00;01;31;44m     GST_REFCOUNTING gstminiobject.c:440:gst_mini_object_unref:[00m 0x55932ac85ea0 unref 2->1
0:00:00.384698778 [332m  601[00m 0x55932ac61f20 [37mTRACE  [00m [00;01;31;44m     GST_REFCOUNTING gstobject.c:280:gst_object_unref:<bus0>[00m 0x55932aaa0a10 unref 10->9
0:00:00.384659139 [332m  601[00m 0x55932ac822d0 [37mDEBUG  [00m [00m               vaapi gstvaapidecoder_h264.c:2826:exec_picture_refs_modification:[00m execute ref_pic_list_modification()
0:00:00.384694041 [332m  601[00m 0x55932aa72200 [37mTRACE  [00m [00;01;31;44m     GST_REFCOUNTING gstminiobject.c:360:gst_mini_object_ref:[00m 0x55932ac85ea0 ref 2->3
0:00:00.384745330 [332m  601[00m 0x55932aa72200 [37mTRACE  [00m [00;01;31;44m     GST_REFCOUNTING gstminiobject.c:360:gst_mini_object_ref:[00m 0x55932ac85ea0 ref 2->3
0:00:00.384761831 [332m  601[00m 0x55932ac822d0 [37mDEBUG  [00m [00m               vaapi gstvaapidecoder_objects.c:262:gst_vaapi_picture_decode:[00m decode picture 0x0400000d
0:00:00.384766002 [332m  601[00m 0x55932aa72200 [37mTRACE  [00m [00;01;31;44m     GST_REFCOUNTING gstminiobject.c:440:gst_mini_object_unref:[00m 0x55932ac85ea0 unref 3->2
0:00:00.384778520 [332m  601[00m 0x55932ac61f20 [37mTRACE  [00m [00;01;31;44m     GST_REFCOUNTING gstobject.c:254:gst_object_ref:<vaapidecode0:src>[00m 0x55932ac5a6f0 ref 2->3
