0:00:00.518697039 [332m  601[00m 0x55932ac61f20 [37mTRACE  [00m [00;01;31;44m     GST_REFCOUNTING gstminiobject.c:360:gst_mini_object_ref:[00m 0x7f838c003800 ref 0->1
0:00:00.518749728 [332m  601[00m 0x55932ac822d0 [37mTRACE  [00m [00;01;31;44m     GST_REFCOUNTING gstobject.c:280:gst_object_unref:<vaapivideobufferpool6>[00m 0x7f838c01cc20 unref 5->4
0:00:00.518789519 [332m  601[00m 0x55932ac61f20 [37mTRACE  [00m [00;01;31;44m     GST_REFCOUNTING gstobject.c:280:gst_object_unref:<vaapivideobufferpool7>[00m 0x7f838c01d860 unref 5->4
0:00:00.518831392 [332m  601[00m 0x55932ac822d0 [37mTRACE  [00m [00;01;31;44m     GST_REFCOUNTING gstobject.c:280:gst_object_unref:<vaapidecode1>[00m 0x55932ac884b0 unref 4->3
0:00:00.518870440 [332m  601[00m 0x55932ac61f20 [37mTRACE  [00m [00;01;31;44m     GST_REFCOUNTING gstobject.c:280:gst_object_unref:<vaapidecode0>[00m 0x55932ac7d9a0 unref 4->3
0:00:00.518911928 [332m  601[00m 0x55932ac822d0 [37mTRACE  [00m [00;01;31;44m     GST_REFCOUNTING gstobject.c:280:gst_object_unref:<vaapidecode1>[00m 0x55932ac884b0 unref 3->2
0:00:00.518950639 [332m  601[00m 0x55932ac61f20 [37mTRACE  [00m [00;01;31;44m     GST_REFCOUNTING gstobject.c:280:gst_object_unref:<vaapidecode0>[00m 0x55932ac7d9a0 unref 3->2
0:00:00.518985238 [332m  601[00m 0x55932ac822d0 [37mTRACE  [00m [00;01;31;44m     GST_REFCOUNTING gstobject.c:280:gst_object_unref:<vaapidecode1:sink>[00m 0x55932ac5aff0 unref 3->2
0:00:00.519023787 [332m  601[00m 0x55932ac61f20 [37mTRACE  [00m [00;01;31;44m     GST_REFCOUNTING gstobject.c:280:gst_object_unref:<vaapidecode0:sink>[00m 0x55932ac5a4b0 unref 3->2
0:00:00.519075353 [332m  601[00m 0x55932ac822d0 [37mTRACE  [00m [00;01;31;44m     GST_REFCOUNTING gstobject.c:280:gst_object_unref:<qtdemux1>[00m 0x55932ac86810 unref 2->1
0:00:00.519127530 [332m  601[00m 0x55932ac822d0 [37mTRACE  [00m [00;01;31;44m     GST_REFCOUNTING gstobject.c:254:gst_object_ref:<qtdemux1>[00m 0x55932ac86810 ref 1->2
0:00:00.519142829 [332m  601[00m 0x55932ac61f20 [37mTRACE  [00m [00;01;31;44m     GST_REFCOUNTING gstobject.c:280:gst_object_unref:<qtdemux0>[00m 0x55932ac66600 unref 2->1
0:00:00.519183726 [332m  601[00m 0x55932ac822d0 [37mTRACE  [00m [00;01;31;44m     GST_REFCOUNTING gstobject.c:254:gst_object_ref:<filesrc1:src>[00m 0x55932ac5ab70 ref 1->2
0:00:00.519251844 [332m  601[00m 0x55932ac61f20 [37mTRACE  [00m [00;01;31;44m     GST_REFCOUNTING gstobject.c:254:gst_object_ref:<qtdemux0>[00m 0x55932ac66600 ref 1->2
0:00:00.519293069 [332m  601[00m 0x55932ac822d0 [37mTRACE  [00m [00;01;31;44m     GST_REFCOUNTING gstobject.c:254:gst_object_ref:<filesrc1>[00m 0x55932ac58490 ref 1->2
0:00:00.519338232 [332m  601[00m 0x55932ac61f20 [37mTRACE  [00m [00;01;31;44m     GST_REFCOUNTING gstobject.c:254:gst_object_ref:<filesrc0:src>[00m 0x55932ac5a030 ref 1->2
0:00:00.519385426 [332m  601[00m 0x55932ac822d0 [37mTRACE  [00m [00;01;31;44m     GST_REFCOUNTING gstobject.c:254:gst_object_ref:<allocatorsysmem0>[00m 0x55932aa75850 ref 15->16
0:00:00.519421644 [332m  601[00m 0x55932ac61f20 [37mTRACE  [00m [00;01;31;44m     GST_REFCOUNTING gstobject.c:254:gst_object_ref:<filesrc0>[00m 0x55932ac58110 ref 1->2
0:00:00.519462128 [332m  601[00m 0x55932ac822d0 [37mTRACE  [00m [00;01;31;44m     GST_REFCOUNTING gstminiobject.c:360:gst_mini_object_ref:[00m 0x7f838c03e9e0 ref 1->2
0:00:00.519508986 [332m  601[00m 0x55932ac61f20 [37mTRACE  [00m [00;01;31;44m     GST_REFCOUNTING gstobject.c:254:gst_object_ref:<allocatorsysmem0>[00m 0x55932aa75850 ref 16->17
0:00:00.519575698 [332m  601[00m 0x55932ac822d0 [37mTRACE  [00m [00;01;31;44m     GST_REFCOUNTING gstminiobject.c:440:gst_mini_object_unref:[00m 0x7f838c03e9e0 unref 2->1
0:00:00.519613610 [332m  601[00m 0x55932ac61f20 [37mTRACE  [00m [00;01;31;44m     GST_REFCOUNTING gstminiobject.c:360:gst_mini_object_ref:[00m 0x7f8384030850 ref 1->2
0:00:00.519655790 [332m  601[00m 0x55932ac822d0 [37mTRACE  [00m [00;01;31;44m     GST_REFCOUNTING gstobject.c:254:gst_object_ref:<GstSystemClock>[00m 0x55932acb2130 ref 10->11
0:00:00.519698986 [332m  601[00m 0x55932ac61f20 [37mTRACE  [00m [00;01;31;44m     GST_REFCOUNTING gstminiobject.c:440:gst_mini_object_unref:[00m 0x7f8384030850 unref 2->1
0:00:00.519736559 [332m  601[00m 0x55932ac822d0 [37mTRACE  [00m [00;01;31;44m     GST_REFCOUNTING gstobject.c:280:gst_object_unref:<GstSystemClock>[00m 0x55932acb2130 unref 11->10
0:00:00.519774756 [332m  601[00m 0x55932ac61f20 [37mTRACE  [00m [00;01;31;44m     GST_REFCOUNTING gstobject.c:254:gst_object_ref:<GstSystemClock>[00m 0x55932acb2130 ref 11->12
0:00:00.519815313 [332m  601[00m 0x55932ac822d0 [37mTRACE  [00m [00;01;31;44m     GST_REFCOUNTING gstobject.c:280:gst_object_unref:<filesrc1>[00m 0x55932ac58490 unref 2->1
0:00:00.519855444 [332m  601[00m 0x55932ac61f20 [37mTRACE  [00m [00;01;31;44m     GST_REFCOUNTING gstobject.c:280:gst_object_unref:<GstSystemClock>[00m 0x55932acb2130 unref 11->10
0:00:00.519895795 [332m  601[00m 0x55932ac822d0 [37mTRACE  [00m [00;01;31;44m     GST_REFCOUNTING gstobject.c:280:gst_object_unref:<filesrc1:src>[00m 0x55932ac5ab70 unref 2->1
0:00:00.519935527 [332m  601[00m 0x55932ac61f20 [37mTRACE  [00m [00;01;31;44m     GST_REFCOUNTING gstobject.c:280:gst_object_unref:<filesrc0>[00m 0x55932ac58110 unref 2->1
0:00:00.519980808 [332m  601[00m 0x55932ac822d0 [37mTRACE  [00m [00;01;31;44m     GST_REFCOUNTING gstobject.c:254:gst_object_ref:<vaapidecode1:sink>[00m 0x55932ac5aff0 ref 2->3
0:00:00.520016852 [332m  601[00m 0x55932ac61f20 [37mTRACE  [00m [00;01;31;44m     GST_REFCOUNTING gstobject.c:280:gst_object_unref:<filesrc0:src>[00m 0x55932ac5a030 unref 2->1
0:00:00.520054092 [332m  601[00m 0x55932ac822d0 [37mTRACE  [00m [00;01;31;44m     GST_REFCOUNTING gstobject.c:254:gst_object_ref:<vaapidecode1>[00m 0x55932ac884b0 ref 2->3
0:00:00.520097217 [332m  601[00m 0x55932ac61f20 [37mTRACE  [00m [00;01;31;44m     GST_REFCOUNTING gstobject.c:254:gst_object_ref:<vaapidecode0:sink>[00m 0x55932ac5a4b0 ref 2->3
0:00:00.520165695 [332m  601[00m 0x55932ac822d0 [37mTRACE  [00m [00;01;31;44m     GST_REFCOUNTING gstminiobject.c:360:gst_mini_object_ref:[00m 0x7f838c03e9e0 ref 1->2
0:00:00.520169950 [332m  601[00m 0x55932ac61f20 [37mTRACE  [00m [00;01;31;44m     GST_REFCOUNTING gstobject.c:254:gst_object_ref:<vaapidecode0>[00m 0x55932ac7d9a0 ref 2->3
0:00:00.520247154 [332m  601[00m 0x55932ac822d0 [37mTRACE  [00m [00;01;31;44m     GST_REFCOUNTING gstminiobject.c:440:gst_mini_object_unref:[00m 0x7f838c03e9e0 unref 2->1
0:00:00.520302702 [332m  601[00m 0x55932ac61f20 [37mTRACE  [00m [00;01;31;44m     GST_REFCOUNTING gstminiobject.c:360:gst_mini_object_ref:[00m 0x7f8384030850 ref 1->2
0:00:00.520353406 [332m  601[00m 0x55932ac61f20 [37mTRACE  [00m [00;01;31;44m     GST_REFCOUNTING gstminiobject.c:440:gst_mini_object_unref:[00m 0x7f8384030850 unref 2->1
0:00:00.520367362 [332m  601[00m 0x55932ac822d0 [37mTRACE  [00m [00;01;31;44m     GST_REFCOUNTING gstminiobject.c:360:gst_mini_object_ref:[00m 0x7f838c03e9e0 ref 1->2
0:00:00.520400404 [332m  601[00m 0x55932ac61f20 [37mTRACE  [00m [00;01;31;44m     GST_REFCOUNTING gstminiobject.c:360:gst_mini_object_ref:[00m 0x7f8384030850 ref 1->2
0:00:00.520452440 [332m  601[00m 0x55932ac822d0 [37mDEBUG  [00m [00m               vaapi gstvaapidecoder_h264.c:1742:parse_slice:[00m parse slice
0:00:00.520483145 [332m  601[00m 0x55932ac61f20 [37mDEBUG  [00m [00m               vaapi gstvaapidecoder_h264.c:1742:parse_slice:[00m parse slice
0:00:00.520547656 [332m  601[00m 0x55932ac822d0 [37mTRACE  [00m [00;01;31;44m     GST_REFCOUNTING gstminiobject.c:360:gst_mini_object_ref:[00m 0x7f838c08a110 ref 1->2
0:00:00.520577366 [332m  601[00m 0x55932ac61f20 [37mTRACE  [00m [00;01;31;44m     GST_REFCOUNTING gstminiobject.c:360:gst_mini_object_ref:[00m 0x7f838c08a770 ref 1->2
0:00:00.520591889 [332m  601[00m 0x55932ac822d0 [37mTRACE  [00m [00;01;31;44m     GST_REFCOUNTING gstminiobject.c:440:gst_mini_object_unref:[00m 0x7f838c03e9e0 unref 2->1
0:00:00.520627933 [332m  601[00m 0x55932ac61f20 [37mTRACE  [00m [00;01;31;44m     GST_REFCOUNTING gstminiobject.c:440:gst_mini_object_unref:[00m 0x7f8384030850 unref 2->1
0:00:00.520669703 [332m  601[00m 0x55932ac822d0 [37mTRACE  [00m [00;01;31;44m     GST_REFCOUNTING gstminiobject.c:440:gst_mini_object_unref:[00m 0x7f838c08a110 unref 2->1
0:00:00.520709746 [332m  601[00m 0x55932ac61f20 [37mTRACE  [00m [00;01;31;44m     GST_REFCOUNTING gstminiobject.c:440:gst_mini_object_unref:[00m 0x7f838c08a770 unref 2->1
0:00:00.520754523 [332m  601[00m 0x55932ac822d0 [37mTRACE  [00m [00;01;31;44m     GST_REFCOUNTING gstminiobject.c:360:gst_mini_object_ref:[00m 0x7f838c08a110 ref 1->2
0:00:00.520794481 [332m  601[00m 0x55932ac61f20 [37mTRACE  [00m [00;01;31;44m     GST_REFCOUNTING gstminiobject.c:360:gst_mini_object_ref:[00m 0x7f838c08a770 ref 1->2
0:00:00.520832125 [332m  601[00m 0x55932ac822d0 [37mTRACE  [00m [00;01;31;44m     GST_REFCOUNTING gstminiobject.c:440:gst_mini_object_unref:[00m 0x7f838c08a110 unref 2->1
0:00:00.520872560 [332m  601[00m 0x55932ac61f20 [37mTRACE  [00m [00;01;31;44m     GST_REFCOUNTING gstminiobject.c:440:gst_mini_object_unref:[00m 0x7f838c08a770 unref 2->1
0:00:00.520950851 [332m  601[00m 0x55932ac822d0 [37mDEBUG  [00m [00m               vaapi gstvaapidecoder_h264.c:2026:init_picture_poc_2:[00m decode picture order count type 2
0:00:00.520968674 [332m  601[00m 0x55932ac61f20 [37mDEBUG  [00m [00m               vaapi gstvaapidecoder_h264.c:2026:init_picture_poc_2:[00m decode picture order count type 2
0:00:00.520996106 [332m  601[00m 0x55932ac822d0 [37mDEBUG  [00m [00m               vaapi gstvaapidecoder_h264.c:4128:decode_slice:[00m slice (4943 bytes)
0:00:00.521035296 [332m  601[00m 0x55932ac61f20 [37mDEBUG  [00m [00m               vaapi gstvaapidecoder_h264.c:4128:decode_slice:[00m slice (4943 bytes)
0:00:00.521074427 [332m  601[00m 0x55932ac822d0 [37mTRACE  [00m [00;01;31;44m     GST_REFCOUNTING gstminiobject.c:360:gst_mini_object_ref:[00m 0x7f838c03e9e0 ref 1->2
0:00:00.521113939 [332m  601[00m 0x55932ac61f20 [37mTRACE  [00m [00;01;31;44m     GST_REFCOUNTING gstminiobject.c:360:gst_mini_object_ref:[00m 0x7f8384030850 ref 1->2
0:00:00.521202491 [332m  601[00m 0x55932ac822d0 [37mTRACE  [00m [00;01;31;44m     GST_REFCOUNTING gstminiobject.c:440:gst_mini_object_unref:[00m 0x7f838c03e9e0 unref 2->1
0:00:00.521248933 [332m  601[00m 0x55932ac822d0 [37mDEBUG  [00m [00m               vaapi gstvaapidecoder_h264.c:2147:init_picture_refs_pic_num:[00m decode picture numbers
0:00:00.521286402 [332m  601[00m 0x55932ac822d0 [37mDEBUG  [00m [00m               vaapi gstvaapidecoder_h264.c:2394:init_picture_refs_p_slice:[00m decode reference picture list for P and SP slices
0:00:00.521245733 [332m  601[00m 0x55932ac61f20 [37mTRACE  [00m [00;01;31;44m     GST_REFCOUNTING gstminiobject.c:440:gst_mini_object_unref:[00m 0x7f8384030850 unref 2->1
0:00:00.521325549 [332m  601[00m 0x55932ac822d0 [37mDEBUG  [00m [00m               vaapi gstvaapidecoder_h264.c:2826:exec_picture_refs_modification:[00m execute ref_pic_list_modification()
0:00:00.521364412 [332m  601[00m 0x55932ac61f20 [37mDEBUG  [00m [00m               vaapi gstvaapidecoder_h264.c:2147:init_picture_refs_pic_num:[00m decode picture numbers
0:00:00.521407697 [332m  601[00m 0x55932ac822d0 [37mDEBUG  [00m [00m               vaapi gstvaapidecoder_objects.c:262:gst_vaapi_picture_decode:[00m decode picture 0x0400000b
0:00:00.521444354 [332m  601[00m 0x55932ac61f20 [37mDEBUG  [00m [00m               vaapi gstvaapidecoder_h264.c:2394:init_picture_refs_p_slice:[00m decode reference picture list for P and SP slices
0:00:00.521519288 [332m  601[00m 0x55932ac61f20 [37mDEBUG  [00m [00m               vaapi gstvaapidecoder_h264.c:2826:exec_picture_refs_modification:[00m execute ref_pic_list_modification()
0:00:00.521573439 [332m  601[00m 0x55932ac61f20 [37mDEBUG  [00m [00m               vaapi gstvaapidecoder_objects.c:262:gst_vaapi_picture_decode:[00m decode picture 0x04000004
0:00:00.521808749 [332m  601[00m 0x55932ac822d0 [37mDEBUG  [00m [00m               vaapi gstvaapidecoder_h264.c:3326:exec_ref_pic_marking_sliding_window:[00m reference picture marking process (sliding window)
0:00:00.521876974 [332m  601[00m 0x55932ac822d0 [37mDEBUG  [00m [00m               vaapi gstvaapidecoder.c:376:push_frame:[00m push frame 7 (surface 0x04000007)
0:00:00.521966888 [332m  601[00m 0x55932ac822d0 [37mDEBUG  [00m [00m               vaapi gstvaapidecoder.c:397:pop_frame:[00m pop frame 7 (surface 0x04000007)
0:00:00.522007359 [332m  601[00m 0x55932ac822d0 [37mTRACE  [00m [00;01;31;44m     GST_REFCOUNTING gstobject.c:254:gst_object_ref:<vaapidecode1>[00m 0x55932ac884b0 ref 3->4
0:00:00.522052293 [332m  601[00m 0x55932ac822d0 [37mTRACE  [00m [00;01;31;44m     GST_REFCOUNTING gstobject.c:254:gst_object_ref:<vaapivideobufferpool6>[00m 0x7f838c01cc20 ref 4->5
0:00:00.522065176 [332m  601[00m 0x55932ac61f20 [37mDEBUG  [00m [00m               vaapi gstvaapidecoder_h264.c:3326:exec_ref_pic_marking_sliding_window:[00m reference picture marking process (sliding window)
0:00:00.522109999 [332m  601[00m 0x55932ac822d0 [37mTRACE  [00m [00;01;31;44m     GST_REFCOUNTING gstminiobject.c:360:gst_mini_object_ref:[00m 0x7f838c0031a0 ref 1->2
0:00:00.522150526 [332m  601[00m 0x55932ac61f20 [37mDEBUG  [00m [00m               vaapi gstvaapidecoder.c:376:push_frame:[00m push frame 7 (surface 0x04000000)
0:00:00.522194927 [332m  601[00m 0x55932ac822d0 [37mTRACE  [00m [00;01;31;44m     GST_REFCOUNTING gstobject.c:254:gst_object_ref:<vaapisink1:sink>[00m 0x55932ac5b470 ref 2->3
0:00:00.522232522 [332m  601[00m 0x55932ac61f20 [37mDEBUG  [00m [00m               vaapi gstvaapidecoder.c:397:pop_frame:[00m pop frame 7 (surface 0x04000000)
0:00:00.522268803 [332m  601[00m 0x55932ac822d0 [37mTRACE  [00m [00;01;31;44m     GST_REFCOUNTING gstobject.c:254:gst_object_ref:<vaapisink1>[00m 0x55932ac8ade0 ref 2->3
0:00:00.522310932 [332m  601[00m 0x55932ac61f20 [37mTRACE  [00m [00;01;31;44m     GST_REFCOUNTING gstobject.c:254:gst_object_ref:<vaapidecode0>[00m 0x55932ac7d9a0 ref 3->4
0:00:00.522369787 [332m  601[00m 0x55932ac822d0 [37mTRACE  [00m [00;01;31;44m     GST_REFCOUNTING gstminiobject.c:360:gst_mini_object_ref:[00m 0x7f838c0031a0 ref 2->3
0:00:00.522431067 [332m  601[00m 0x55932ac61f20 [37mTRACE  [00m [00;01;31;44m     GST_REFCOUNTING gstobject.c:254:gst_object_ref:<vaapivideobufferpool7>[00m 0x7f838c01d860 ref 4->5
0:00:00.522464709 [332m  601[00m 0x55932ac822d0 [37mTRACE  [00m [00;01;31;44m     GST_REFCOUNTING gstminiobject.c:495:gst_mini_object_replace:[00m replace 0x7f838c0290a0 (9) with 0x7f838c0290a0 (9)
0:00:00.522512936 [332m  601[00m 0x55932ac61f20 [37mTRACE  [00m [00;01;31;44m     GST_REFCOUNTING gstminiobject.c:360:gst_mini_object_ref:[00m 0x7f838c003800 ref 1->2
0:00:00.522568407 [332m  601[00m 0x55932ac822d0 [37mTRACE  [00m [00;01;31;44m     GST_REFCOUNTING gstminiobject.c:440:gst_mini_object_unref:[00m 0x7f838c08aaa0 unref 2->1
0:00:00.522708504 [332m  601[00m 0x55932ac61f20 [37mTRACE  [00m [00;01;31;44m     GST_REFCOUNTING gstobject.c:254:gst_object_ref:<vaapisink0:sink>[00m 0x55932ac5a930 ref 2->3
0:00:00.522790840 [332m  601[00m 0x55932ac61f20 [37mTRACE  [00m [00;01;31;44m     GST_REFCOUNTING gstobject.c:254:gst_object_ref:<vaapisink0>[00m 0x55932ac86220 ref 2->3
0:00:00.522804741 [332m  601[00m 0x55932ac822d0 [37mTRACE  [00m [00;01;31;44m     GST_REFCOUNTING gstminiobject.c:360:gst_mini_object_ref:[00m 0x7f838c0031a0 ref 3->4
0:00:00.522865913 [332m  601[00m 0x55932ac61f20 [37mTRACE  [00m [00;01;31;44m     GST_REFCOUNTING gstminiobject.c:360:gst_mini_object_ref:[00m 0x7f838c003800 ref 2->3
0:00:00.522880103 [332m  601[00m 0x55932ac822d0 [37mDEBUG  [00m [00m           vaapisink gstvaapisink.c:1393:gst_vaapisink_show_frame_unlocked:[00m render surface 0x4000007
0:00:00.522917067 [332m  601[00m 0x55932ac61f20 [37mTRACE  [00m [00;01;31;44m     GST_REFCOUNTING gstminiobject.c:495:gst_mini_object_replace:[00m replace 0x7f8384006370 (9) with 0x7f8384006370 (9)
0:00:00.522958866 [332m  601[00m 0x55932ac822d0 [37mDEBUG  [00m [00m           vaapisink gstvaapisink.c:1402:gst_vaapisink_show_frame_unlocked:[00m render rect (0,0), size 1920x1080
0:00:00.522999234 [332m  601[00m 0x55932ac61f20 [37mTRACE  [00m [00;01;31;44m     GST_REFCOUNTING gstminiobject.c:440:gst_mini_object_unref:[00m 0x7f838c08f250 unref 2->1
0:00:00.542473728 [332m  601[00m 0x55932ac822d0 [37mTRACE  [00m [00;01;31;44m     GST_REFCOUNTING gstminiobject.c:495:gst_mini_object_replace:[00m replace 0x7f838c08aaa0 (1) with 0x7f838c0031a0 (4)
0:00:00.542556922 [332m  601[00m 0x55932ac61f20 [37mTRACE  [00m [00;01;31;44m     GST_REFCOUNTING gstminiobject.c:360:gst_mini_object_ref:[00m 0x7f838c003800 ref 3->4
0:00:00.542595447 [332m  601[00m 0x55932ac822d0 [37mTRACE  [00m [00;01;31;44m     GST_REFCOUNTING gstminiobject.c:360:gst_mini_object_ref:[00m 0x7f838c0031a0 ref 4->5
0:00:00.542717185 [332m  601[00m 0x55932ac822d0 [37mTRACE  [00m [00;01;31;44m     GST_REFCOUNTING gstminiobject.c:440:gst_mini_object_unref:[00m 0x7f838c08aaa0 unref 1->0
0:00:00.542762046 [332m  601[00m 0x55932ac822d0 [37mTRACE  [00m [00;01;31;44m     GST_REFCOUNTING gstminiobject.c:360:gst_mini_object_ref:[00m 0x7f838c08aaa0 ref 0->1
0:00:00.542675086 [332m  601[00m 0x55932ac61f20 [37mDEBUG  [00m [00m           vaapisink gstvaapisink.c:1393:gst_vaapisink_show_frame_unlocked:[00m render surface 0x4000000
0:00:00.542823430 [332m  601[00m 0x55932ac822d0 [37mTRACE  [00m [00;01;31;44m     GST_REFCOUNTING gstobject.c:280:gst_object_unref:<vaapidecode1>[00m 0x55932ac884b0 unref 4->3
0:00:00.542861721 [332m  601[00m 0x55932ac61f20 [37mDEBUG  [00m [00m           vaapisink gstvaapisink.c:1402:gst_vaapisink_show_frame_unlocked:[00m render rect (0,0), size 1920x1080
0:00:00.542921536 [332m  601[00m 0x55932ac822d0 [37mTRACE  [00m [00;01;31;44m     GST_REFCOUNTING gstobject.c:280:gst_object_unref:<vaapivideobufferpool6>[00m 0x7f838c01cc20 unref 5->4
0:00:00.575720709 [332m  601[00m 0x55932ac61f20 [37mTRACE  [00m [00;01;31;44m     GST_REFCOUNTING gstminiobject.c:495:gst_mini_object_replace:[00m replace 0x7f838c08f250 (1) with 0x7f838c003800 (4)
0:00:00.575845834 [332m  601[00m 0x55932ac822d0 [37mTRACE  [00m [00;01;31;44m     GST_REFCOUNTING gstminiobject.c:440:gst_mini_object_unref:[00m 0x7f838c0031a0 unref 5->4
0:00:00.575863363 [332m  601[00m 0x55932ac61f20 [37mTRACE  [00m [00;01;31;44m     GST_REFCOUNTING gstminiobject.c:360:gst_mini_object_ref:[00m 0x7f838c003800 ref 4->5
0:00:00.575961590 [332m  601[00m 0x55932ac822d0 [37mTRACE  [00m [00;01;31;44m     GST_REFCOUNTING gstobject.c:254:gst_object_ref:<vaapidecode1:src>[00m 0x55932ac5b230 ref 2->3
0:00:00.575960936 [332m  601[00m 0x55932ac61f20 [37mTRACE  [00m [00;01;31;44m     GST_REFCOUNTING gstminiobject.c:440:gst_mini_object_unref:[00m 0x7f838c08f250 unref 1->0
0:00:00.576018289 [332m  601[00m 0x55932ac822d0 [37mTRACE  [00m [00;01;31;44m     GST_REFCOUNTING gstobject.c:254:gst_object_ref:<vaapidecode1>[00m 0x55932ac884b0 ref 3->4
0:00:00.576052868 [332m  601[00m 0x55932ac61f20 [37mTRACE  [00m [00;01;31;44m     GST_REFCOUNTING gstminiobject.c:360:gst_mini_object_ref:[00m 0x7f838c08f250 ref 0->1
0:00:00.576109592 [332m  601[00m 0x55932ac822d0 [37mTRACE  [00m [00;01;31;44m     GST_REFCOUNTING gstobject.c:254:gst_object_ref:<qtdemux1:video_0>[00m 0x55932ac5bb30 ref 2->3
0:00:00.576164299 [332m  601[00m 0x55932ac822d0 [37mTRACE  [00m [00;01;31;44m     GST_REFCOUNTING gstobject.c:254:gst_object_ref:<qtdemux1>[00m 0x55932ac86810 ref 2->3
0:00:00.576187619 [332m  601[00m 0x55932ac61f20 [37mTRACE  [00m [00;01;31;44m     GST_REFCOUNTING gstobject.c:280:gst_object_unref:<vaapidecode0>[00m 0x55932ac7d9a0 unref 4->3
0:00:00.576201276 [332m  601[00m 0x55932ac822d0 [37mTRACE  [00m [00;01;31;44m     GST_REFCOUNTING gstminiobject.c:440:gst_mini_object_unref:[00m 0x7f838c089560 unref 1->0
0:00:00.576250761 [332m  601[00m 0x55932ac61f20 [37mTRACE  [00m [00;01;31;44m     GST_REFCOUNTING gstobject.c:280:gst_object_unref:<vaapivideobufferpool7>[00m 0x7f838c01d860 unref 5->4
0:00:00.576289471 [332m  601[00m 0x55932ac822d0 [37mTRACE  [00m [00;01;31;44m     GST_REFCOUNTING gstobject.c:280:gst_object_unref:<qtdemux1>[00m 0x55932ac86810 unref 3->2
0:00:00.576322031 [332m  601[00m 0x55932ac61f20 [37mTRACE  [00m [00;01;31;44m     GST_REFCOUNTING gstminiobject.c:440:gst_mini_object_unref:[00m 0x7f838c003800 unref 5->4
0:00:00.576365922 [332m  601[00m 0x55932ac822d0 [37mTRACE  [00m [00;01;31;44m     GST_REFCOUNTING gstobject.c:280:gst_object_unref:<qtdemux1:video_0>[00m 0x55932ac5bb30 unref 3->2
0:00:00.576420013 [332m  601[00m 0x55932ac61f20 [37mTRACE  [00m [00;01;31;44m     GST_REFCOUNTING gstobject.c:254:gst_object_ref:<vaapidecode0:src>[00m 0x55932ac5a6f0 ref 2->3
0:00:00.576439824 [332m  601[00m 0x55932ac822d0 [37mTRACE  [00m [00;01;31;44m     GST_REFCOUNTING gstobject.c:280:gst_object_unref:<vaapidecode1>[00m 0x55932ac884b0 unref 4->3
0:00:00.576474727 [332m  601[00m 0x55932ac61f20 [37mTRACE  [00m [00;01;31;44m     GST_REFCOUNTING gstobject.c:254:gst_object_ref:<vaapidecode0>[00m 0x55932ac7d9a0 ref 3->4
0:00:00.576513253 [332m  601[00m 0x55932ac822d0 [37mTRACE  [00m [00;01;31;44m     GST_REFCOUNTING gstobject.c:280:gst_object_unref:<vaapidecode1:src>[00m 0x55932ac5b230 unref 3->2
0:00:00.576608210 [332m  601[00m 0x55932ac61f20 [37mTRACE  [00m [00;01;31;44m     GST_REFCOUNTING gstobject.c:254:gst_object_ref:<qtdemux0:video_0>[00m 0x7f838c0144f0 ref 2->3
0:00:00.576660078 [332m  601[00m 0x55932ac822d0 [37mTRACE  [00m [00;01;31;44m     GST_REFCOUNTING gstminiobject.c:440:gst_mini_object_unref:[00m 0x7f838c0031a0 unref 4->3
0:00:00.576709244 [332m  601[00m 0x55932ac61f20 [37mTRACE  [00m [00;01;31;44m     GST_REFCOUNTING gstobject.c:254:gst_object_ref:<qtdemux0>[00m 0x55932ac66600 ref 2->3
0:00:00.576758411 [332m  601[00m 0x55932ac822d0 [37mTRACE  [00m [00;01;31;44m     GST_REFCOUNTING gstobject.c:280:gst_object_unref:<vaapisink1>[00m 0x55932ac8ade0 unref 3->2
0:00:00.576794160 [332m  601[00m 0x55932ac61f20 [37mTRACE  [00m [00;01;31;44m     GST_REFCOUNTING gstminiobject.c:440:gst_mini_object_unref:[00m 0x7f83840122a0 unref 1->0
0:00:00.576842352 [332m  601[00m 0x55932ac822d0 [37mTRACE  [00m [00;01;31;44m     GST_REFCOUNTING gstobject.c:280:gst_object_unref:<vaapisink1:sink>[00m 0x55932ac5b470 unref 3->2
0:00:00.576924013 [332m  601[00m 0x55932ac61f20 [37mTRACE  [00m [00;01;31;44m     GST_REFCOUNTING gstobject.c:280:gst_object_unref:<qtdemux0>[00m 0x55932ac66600 unref 3->2
0:00:00.576965811 [332m  601[00m 0x55932ac822d0 [37mTRACE  [00m [00;01;31;44m     GST_REFCOUNTING gstminiobject.c:440:gst_mini_object_unref:[00m 0x7f838c08f140 unref 1->0
0:00:00.577009025 [332m  601[00m 0x55932ac61f20 [37mTRACE  [00m [00;01;31;44m     GST_REFCOUNTING gstobject.c:280:gst_object_unref:<qtdemux0:video_0>[00m 0x7f838c0144f0 unref 3->2
0:00:00.577046295 [332m  601[00m 0x55932ac822d0 [37mTRACE  [00m [00;01;31;44m     GST_REFCOUNTING gstminiobject.c:440:gst_mini_object_unref:[00m 0x7f838c09fa30 unref 1->0
0:00:00.577095403 [332m  601[00m 0x55932ac61f20 [37mTRACE  [00m [00;01;31;44m     GST_REFCOUNTING gstobject.c:280:gst_object_unref:<vaapidecode0>[00m 0x55932ac7d9a0 unref 4->3
0:00:00.577146448 [332m  601[00m 0x55932ac822d0 [37mTRACE  [00m [00;01;31;44m     GST_REFCOUNTING gstobject.c:280:gst_object_unref:<allocatorsysmem0>[00m 0x55932aa75850 unref 17->16
0:00:00.577186086 [332m  601[00m 0x55932ac61f20 [37mTRACE  [00m [00;01;31;44m     GST_REFCOUNTING gstobject.c:280:gst_object_unref:<vaapidecode0:src>[00m 0x55932ac5a6f0 unref 3->2
0:00:00.577226588 [332m  601[00m 0x55932ac822d0 [37mTRACE  [00m [00;01;31;44m     GST_REFCOUNTING gstminiobject.c:440:gst_mini_object_unref:[00m 0x7f838c0031a0 unref 3->2
0:00:00.577271156 [332m  601[00m 0x55932ac61f20 [37mTRACE  [00m [00;01;31;44m     GST_REFCOUNTING gstminiobject.c:440:gst_mini_object_unref:[00m 0x7f838c003800 unref 4->3
0:00:00.577329538 [332m  601[00m 0x55932ac822d0 [37mTRACE  [00m [00;01;31;44m     GST_REFCOUNTING gstobject.c:280:gst_object_unref:<vaapidecode1>[00m 0x55932ac884b0 unref 3->2
0:00:00.577388053 [332m  601[00m 0x55932ac822d0 [37mTRACE  [00m [00;01;31;44m     GST_REFCOUNTING gstobject.c:280:gst_object_unref:<vaapidecode1:sink>[00m 0x55932ac5aff0 unref 3->2
0:00:00.577400825 [332m  601[00m 0x55932ac61f20 [37mTRACE  [00m [00;01;31;44m     GST_REFCOUNTING gstobject.c:280:gst_object_unref:<vaapisink0>[00m 0x55932ac86220 unref 3->2
0:00:00.577454397 [332m  601[00m 0x55932ac822d0 [37mTRACE  [00m [00;01;31;44m     GST_REFCOUNTING gstobject.c:280:gst_object_unref:<qtdemux1>[00m 0x55932ac86810 unref 2->1
0:00:00.577513272 [332m  601[00m 0x55932ac822d0 [37mTRACE  [00m [00;01;31;44m     GST_REFCOUNTING gstobject.c:254:gst_object_ref:<qtdemux1>[00m 0x55932ac86810 ref 1->2
0:00:00.577542381 [332m  601[00m 0x55932ac61f20 [37mTRACE  [00m [00;01;31;44m     GST_REFCOUNTING gstobject.c:280:gst_object_unref:<vaapisink0:sink>[00m 0x55932ac5a930 unref 3->2
0:00:00.577604182 [332m  601[00m 0x55932ac822d0 [37mTRACE  [00m [00;01;31;44m     GST_REFCOUNTING gstobject.c:254:gst_object_ref:<filesrc1:src>[00m 0x55932ac5ab70 ref 1->2
0:00:00.577642733 [332m  601[00m 0x55932ac61f20 [37mTRACE  [00m [00;01;31;44m     GST_REFCOUNTING gstminiobject.c:440:gst_mini_object_unref:[00m 0x7f838c08f7a0 unref 1->0
0:00:00.577688422 [332m  601[00m 0x55932ac822d0 [37mTRACE  [00m [00;01;31;44m     GST_REFCOUNTING gstobject.c:254:gst_object_ref:<filesrc1>[00m 0x55932ac58490 ref 1->2
0:00:00.577727780 [332m  601[00m 0x55932ac61f20 [37mTRACE  [00m [00;01;31;44m     GST_REFCOUNTING gstminiobject.c:440:gst_mini_object_unref:[00m 0x7f8384090f80 unref 1->0
0:00:00.577788095 [332m  601[00m 0x55932ac822d0 [37mTRACE  [00m [00;01;31;44m     GST_REFCOUNTING gstobject.c:254:gst_object_ref:<allocatorsysmem0>[00m 0x55932aa75850 ref 16->17
0:00:00.577847864 [332m  601[00m 0x55932ac822d0 [37mTRACE  [00m [00;01;31;44m     GST_REFCOUNTING gstminiobject.c:360:gst_mini_object_ref:[00m 0x7f838c090000 ref 1->2
0:00:00.577862128 [332m  601[00m 0x55932ac61f20 [37mTRACE  [00m [00;01;31;44m     GST_REFCOUNTING gstobject.c:280:gst_object_unref:<allocatorsysmem0>[00m 0x55932aa75850 unref 17->16
0:00:00.577983921 [332m  601[00m 0x55932ac61f20 [37mTRACE  [00m [00;01;31;44m     GST_REFCOUNTING gstminiobject.c:440:gst_mini_object_unref:[00m 0x7f838c003800 unref 3->2
0:00:00.578037525 [332m  601[00m 0x55932ac61f20 [37mTRACE  [00m [00;01;31;44m     GST_REFCOUNTING gstobject.c:280:gst_object_unref:<vaapidecode0>[00m 0x55932ac7d9a0 unref 3->2
0:00:00.578049307 [332m  601[00m 0x55932ac822d0 [37mTRACE  [00m [00;01;31;44m     GST_REFCOUNTING gstminiobject.c:440:gst_mini_object_unref:[00m 0x7f838c090000 unref 2->1
0:00:00.578093196 [332m  601[00m 0x55932ac61f20 [37mTRACE  [00m [00;01;31;44m     GST_REFCOUNTING gstobject.c:280:gst_object_unref:<vaapidecode0:sink>[00m 0x55932ac5a4b0 unref 3->2
0:00:00.578142636 [332m  601[00m 0x55932ac822d0 [37mTRACE  [00m [00;01;31;44m     GST_REFCOUNTING gstobject.c:254:gst_object_ref:<GstSystemClock>[00m 0x55932acb2130 ref 10->11
0:00:00.578191338 [332m  601[00m 0x55932ac61f20 [37mTRACE  [00m [00;01;31;44m     GST_REFCOUNTING gstobject.c:280:gst_object_unref:<qtdemux0>[00m 0x55932ac66600 unref 2->1
0:00:00.578231056 [332m  601[00m 0x55932ac822d0 [37mTRACE  [00m [00;01;31;44m     GST_REFCOUNTING gstobject.c:280:gst_object_unref:<GstSystemClock>[00m 0x55932acb2130 unref 11->10
0:00:00.578271131 [332m  601[00m 0x55932ac61f20 [37mTRACE  [00m [00;01;31;44m     GST_REFCOUNTING gstobject.c:254:gst_object_ref:<qtdemux0>[00m 0x55932ac66600 ref 1->2
0:00:00.578312167 [332m  601[00m 0x55932ac822d0 [37mTRACE  [00m [00;01;31;44m     GST_REFCOUNTING gstobject.c:280:gst_object_unref:<filesrc1>[00m 0x55932ac58490 unref 2->1
0:00:00.578360200 [332m  601[00m 0x55932ac61f20 [37mTRACE  [00m [00;01;31;44m     GST_REFCOUNTING gstobject.c:254:gst_object_ref:<filesrc0:src>[00m 0x55932ac5a030 ref 1->2
0:00:00.578400402 [332m  601[00m 0x55932ac822d0 [37mTRACE  [00m [00;01;31;44m     GST_REFCOUNTING gstobject.c:280:gst_object_unref:<filesrc1:src>[00m 0x55932ac5ab70 unref 2->1
0:00:00.578442467 [332m  601[00m 0x55932ac61f20 [37mTRACE  [00m [00;01;31;44m     GST_REFCOUNTING gstobject.c:254:gst_object_ref:<filesrc0>[00m 0x55932ac58110 ref 1->2
0:00:00.578492145 [332m  601[00m 0x55932ac822d0 [37mTRACE  [00m [00;01;31;44m     GST_REFCOUNTING gstobject.c:254:gst_object_ref:<vaapidecode1:sink>[00m 0x55932ac5aff0 ref 2->3
0:00:00.578586881 [332m  601[00m 0x55932ac822d0 [37mTRACE  [00m [00;01;31;44m     GST_REFCOUNTING gstobject.c:254:gst_object_ref:<vaapidecode1>[00m 0x55932ac884b0 ref 2->3
0:00:00.578600702 [332m  601[00m 0x55932ac61f20 [37mTRACE  [00m [00;01;31;44m     GST_REFCOUNTING gstobject.c:254:gst_object_ref:<allocatorsysmem0>[00m 0x55932aa75850 ref 16->17
0:00:00.578664375 [332m  601[00m 0x55932ac822d0 [37mTRACE  [00m [00;01;31;44m     GST_REFCOUNTING gstminiobject.c:360:gst_mini_object_ref:[00m 0x7f838c090000 ref 1->2
0:00:00.578679314 [332m  601[00m 0x55932ac61f20 [37mTRACE  [00m [00;01;31;44m     GST_REFCOUNTING gstminiobject.c:360:gst_mini_object_ref:[00m 0x7f8384081500 ref 1->2
0:00:00.578720332 [332m  601[00m 0x55932ac822d0 [37mTRACE  [00m [00;01;31;44m     GST_REFCOUNTING gstminiobject.c:440:gst_mini_object_unref:[00m 0x7f838c090000 unref 2->1
0:00:00.578804579 [332m  601[00m 0x55932ac61f20 [37mTRACE  [00m [00;01;31;44m     GST_REFCOUNTING gstminiobject.c:440:gst_mini_object_unref:[00m 0x7f8384081500 unref 2->1
0:00:00.578808861 [332m  601[00m 0x55932ac822d0 [37mTRACE  [00m [00;01;31;44m     GST_REFCOUNTING gstminiobject.c:360:gst_mini_object_ref:[00m 0x7f838c090000 ref 1->2
0:00:00.578863901 [332m  601[00m 0x55932ac61f20 [37mTRACE  [00m [00;01;31;44m     GST_REFCOUNTING gstobject.c:254:gst_object_ref:<GstSystemClock>[00m 0x55932acb2130 ref 10->11
0:00:00.578912904 [332m  601[00m 0x55932ac822d0 [37mDEBUG  [00m [00m               vaapi gstvaapidecoder_h264.c:1742:parse_slice:[00m parse slice
0:00:00.578953261 [332m  601[00m 0x55932ac61f20 [37mTRACE  [00m [00;01;31;44m     GST_REFCOUNTING gstobject.c:280:gst_object_unref:<GstSystemClock>[00m 0x55932acb2130 unref 11->10
0:00:00.579052931 [332m  601[00m 0x55932ac822d0 [37mTRACE  [00m [00;01;31;44m     GST_REFCOUNTING gstminiobject.c:360:gst_mini_object_ref:[00m 0x7f838c08add0 ref 1->2
0:00:00.579077874 [332m  601[00m 0x55932ac61f20 [37mTRACE  [00m [00;01;31;44m     GST_REFCOUNTING gstobject.c:280:gst_object_unref:<filesrc0>[00m 0x55932ac58110 unref 2->1
0:00:00.579112808 [332m  601[00m 0x55932ac822d0 [37mTRACE  [00m [00;01;31;44m     GST_REFCOUNTING gstminiobject.c:440:gst_mini_object_unref:[00m 0x7f838c090000 unref 2->1
0:00:00.579160594 [332m  601[00m 0x55932ac61f20 [37mTRACE  [00m [00;01;31;44m     GST_REFCOUNTING gstobject.c:280:gst_object_unref:<filesrc0:src>[00m 0x55932ac5a030 unref 2->1
0:00:00.579200036 [332m  601[00m 0x55932ac822d0 [37mTRACE  [00m [00;01;31;44m     GST_REFCOUNTING gstminiobject.c:440:gst_mini_object_unref:[00m 0x7f838c08add0 unref 2->1
0:00:00.579253655 [332m  601[00m 0x55932ac61f20 [37mTRACE  [00m [00;01;31;44m     GST_REFCOUNTING gstobject.c:254:gst_object_ref:<vaapidecode0:sink>[00m 0x55932ac5a4b0 ref 2->3
0:00:00.579294776 [332m  601[00m 0x55932ac822d0 [37mTRACE  [00m [00;01;31;44m     GST_REFCOUNTING gstminiobject.c:360:gst_mini_object_ref:[00m 0x7f838c08add0 ref 1->2
0:00:00.579335468 [332m  601[00m 0x55932ac61f20 [37mTRACE  [00m [00;01;31;44m     GST_REFCOUNTING gstobject.c:254:gst_object_ref:<vaapidecode0>[00m 0x55932ac7d9a0 ref 2->3
0:00:00.579372857 [332m  601[00m 0x55932ac822d0 [37mTRACE  [00m [00;01;31;44m     GST_REFCOUNTING gstminiobject.c:440:gst_mini_object_unref:[00m 0x7f838c08add0 unref 2->1
0:00:00.579436780 [332m  601[00m 0x55932ac61f20 [37mTRACE  [00m [00;01;31;44m     GST_REFCOUNTING gstminiobject.c:360:gst_mini_object_ref:[00m 0x7f8384081500 ref 1->2
0:00:00.579484289 [332m  601[00m 0x55932ac61f20 [37mTRACE  [00m [00;01;31;44m     GST_REFCOUNTING gstminiobject.c:440:gst_mini_object_unref:[00m 0x7f8384081500 unref 2->1
0:00:00.579499821 [332m  601[00m 0x55932ac822d0 [37mDEBUG  [00m [00m               vaapi gstvaapidecoder_h264.c:2026:init_picture_poc_2:[00m decode picture order count type 2
0:00:00.579552708 [332m  601[00m 0x55932ac61f20 [37mTRACE  [00m [00;01;31;44m     GST_REFCOUNTING gstminiobject.c:360:gst_mini_object_ref:[00m 0x7f8384081500 ref 1->2
0:00:00.579606263 [332m  601[00m 0x55932ac822d0 [37mDEBUG  [00m [00m               vaapi gstvaapidecoder_h264.c:4128:decode_slice:[00m slice (65561 bytes)
0:00:00.579652941 [332m  601[00m 0x55932ac61f20 [37mDEBUG  [00m [00m               vaapi gstvaapidecoder_h264.c:1742:parse_slice:[00m parse slice
0:00:00.579691903 [332m  601[00m 0x55932ac822d0 [37mTRACE  [00m [00;01;31;44m     GST_REFCOUNTING gstminiobject.c:360:gst_mini_object_ref:[00m 0x7f838c090000 ref 1->2
0:00:00.579745914 [332m  601[00m 0x55932ac61f20 [37mTRACE  [00m [00;01;31;44m     GST_REFCOUNTING gstminiobject.c:360:gst_mini_object_ref:[00m 0x7f838c08f580 ref 1->2
0:00:00.579820639 [332m  601[00m 0x55932ac61f20 [37mTRACE  [00m [00;01;31;44m     GST_REFCOUNTING gstminiobject.c:440:gst_mini_object_unref:[00m 0x7f8384081500 unref 2->1
0:00:00.579864396 [332m  601[00m 0x55932ac61f20 [37mTRACE  [00m [00;01;31;44m     GST_REFCOUNTING gstminiobject.c:440:gst_mini_object_unref:[00m 0x7f838c08f580 unref 2->1
0:00:00.579862844 [332m  601[00m 0x55932ac822d0 [37mTRACE  [00m [00;01;31;44m     GST_REFCOUNTING gstminiobject.c:440:gst_mini_object_unref:[00m 0x7f838c090000 unref 2->1
0:00:00.579916718 [332m  601[00m 0x55932ac61f20 [37mTRACE  [00m [00;01;31;44m     GST_REFCOUNTING gstminiobject.c:360:gst_mini_object_ref:[00m 0x7f838c08f580 ref 1->2
0:00:00.579959872 [332m  601[00m 0x55932ac822d0 [37mDEBUG  [00m [00m               vaapi gstvaapidecoder_h264.c:2147:init_picture_refs_pic_num:[00m decode picture numbers
0:00:00.580004723 [332m  601[00m 0x55932ac61f20 [37mTRACE  [00m [00;01;31;44m     GST_REFCOUNTING gstminiobject.c:440:gst_mini_object_unref:[00m 0x7f838c08f580 unref 2->1
0:00:00.580053191 [332m  601[00m 0x55932ac822d0 [37mDEBUG  [00m [00m               vaapi gstvaapidecoder_h264.c:2394:init_picture_refs_p_slice:[00m decode reference picture list for P and SP slices
0:00:00.580166063 [332m  601[00m 0x55932ac61f20 [37mDEBUG  [00m [00m               vaapi gstvaapidecoder_h264.c:2026:init_picture_poc_2:[00m decode picture order count type 2
0:00:00.580180992 [332m  601[00m 0x55932ac822d0 [37mDEBUG  [00m [00m               vaapi gstvaapidecoder_h264.c:2826:exec_picture_refs_modification:[00m execute ref_pic_list_modification()
0:00:00.580217276 [332m  601[00m 0x55932ac61f20 [37mDEBUG  [00m [00m               vaapi gstvaapidecoder_h264.c:4128:decode_slice:[00m slice (65561 bytes)
0:00:00.580262547 [332m  601[00m 0x55932ac822d0 [37mDEBUG  [00m [00m               vaapi gstvaapidecoder_objects.c:262:gst_vaapi_picture_decode:[00m decode picture 0x0400000a
0:00:00.580303517 [332m  601[00m 0x55932ac61f20 [37mTRACE  [00m [00;01;31;44m     GST_REFCOUNTING gstminiobject.c:360:gst_mini_object_ref:[00m 0x7f8384081500 ref 1->2
0:00:00.580475239 [332m  601[00m 0x55932ac61f20 [37mTRACE  [00m [00;01;31;44m     GST_REFCOUNTING gstminiobject.c:440:gst_mini_object_unref:[00m 0x7f8384081500 unref 2->1
0:00:00.580549884 [332m  601[00m 0x55932ac61f20 [37mDEBUG  [00m [00m               vaapi gstvaapidecoder_h264.c:2147:init_picture_refs_pic_num:[00m decode picture numbers
0:00:00.580588526 [332m  601[00m 0x55932ac61f20 [37mDEBUG  [00m [00m               vaapi gstvaapidecoder_h264.c:2394:init_picture_refs_p_slice:[00m decode reference picture list for P and SP slices
0:00:00.580620458 [332m  601[00m 0x55932ac61f20 [37mDEBUG  [00m [00m               vaapi gstvaapidecoder_h264.c:2826:exec_picture_refs_modification:[00m execute ref_pic_list_modification()
0:00:00.580652625 [332m  601[00m 0x55932ac61f20 [37mDEBUG  [00m [00m               vaapi gstvaapidecoder_objects.c:262:gst_vaapi_picture_decode:[00m decode picture 0x04000003
0:00:00.580837495 [332m  601[00m 0x55932ac822d0 [37mDEBUG  [00m [00m               vaapi gstvaapidecoder_h264.c:3326:exec_ref_pic_marking_sliding_window:[00m reference picture marking process (sliding window)
0:00:00.580975574 [332m  601[00m 0x55932ac822d0 [37mDEBUG  [00m [00m               vaapi gstvaapidecoder.c:376:push_frame:[00m push frame 8 (surface 0x04000009)
0:00:00.581040087 [332m  601[00m 0x55932ac822d0 [37mDEBUG  [00m [00m               vaapi gstvaapidecoder.c:397:pop_frame:[00m pop frame 8 (surface 0x04000009)
0:00:00.581088108 [332m  601[00m 0x55932ac61f20 [37mDEBUG  [00m [00m               vaapi gstvaapidecoder_h264.c:3326:exec_ref_pic_marking_sliding_window:[00m reference picture marking process (sliding window)
0:00:00.581091162 [332m  601[00m 0x55932ac822d0 [37mTRACE  [00m [00;01;31;44m     GST_REFCOUNTING gstobject.c:254:gst_object_ref:<vaapidecode1>[00m 0x55932ac884b0 ref 3->4
0:00:00.581155685 [332m  601[00m 0x55932ac61f20 [37mDEBUG  [00m [00m               vaapi gstvaapidecoder.c:376:push_frame:[00m push frame 8 (surface 0x04000002)
0:00:00.581219145 [332m  601[00m 0x55932ac822d0 [37mTRACE  [00m [00;01;31;44m     GST_REFCOUNTING gstobject.c:254:gst_object_ref:<vaapivideobufferpool6>[00m 0x7f838c01cc20 ref 4->5
0:00:00.581276511 [332m  601[00m 0x55932ac61f20 [37mDEBUG  [00m [00m               vaapi gstvaapidecoder.c:397:pop_frame:[00m pop frame 8 (surface 0x04000002)
0:00:00.581345417 [332m  601[00m 0x55932ac822d0 [37mTRACE  [00m [00;01;31;44m     GST_REFCOUNTING gstminiobject.c:360:gst_mini_object_ref:[00m 0x7f838c08aaa0 ref 1->2
0:00:00.581390978 [332m  601[00m 0x55932ac61f20 [37mTRACE  [00m [00;01;31;44m     GST_REFCOUNTING gstobject.c:254:gst_object_ref:<vaapidecode0>[00m 0x55932ac7d9a0 ref 3->4
0:00:00.581440382 [332m  601[00m 0x55932ac822d0 [37mTRACE  [00m [00;01;31;44m     GST_REFCOUNTING gstobject.c:254:gst_object_ref:<vaapisink1:sink>[00m 0x55932ac5b470 ref 2->3
0:00:00.581483347 [332m  601[00m 0x55932ac61f20 [37mTRACE  [00m [00;01;31;44m     GST_REFCOUNTING gstobject.c:254:gst_object_ref:<vaapivideobufferpool7>[00m 0x7f838c01d860 ref 4->5
0:00:00.581632996 [332m  601[00m 0x55932ac822d0 [37mTRACE  [00m [00;01;31;44m     GST_REFCOUNTING gstobject.c:254:gst_object_ref:<vaapisink1>[00m 0x55932ac8ade0 ref 2->3
0:00:00.581690567 [332m  601[00m 0x55932ac61f20 [37mTRACE  [00m [00;01;31;44m     GST_REFCOUNTING gstminiobject.c:360:gst_mini_object_ref:[00m 0x7f838c08f250 ref 1->2
0:00:00.581795421 [332m  601[00m 0x55932ac822d0 [37mTRACE  [00m [00;01;31;44m     GST_REFCOUNTING gstobject.c:254:gst_object_ref:<vaapisink1>[00m 0x55932ac8ade0 ref 3->4
0:00:00.581799695 [332m  601[00m 0x55932ac61f20 [37mTRACE  [00m [00;01;31;44m     GST_REFCOUNTING gstobject.c:254:gst_object_ref:<vaapisink0:sink>[00m 0x55932ac5a930 ref 2->3
0:00:00.581861723 [332m  601[00m 0x55932ac822d0 [37mTRACE  [00m [00;01;31;44m     GST_REFCOUNTING gstobject.c:254:gst_object_ref:<bus0>[00m 0x55932aaa0a10 ref 9->10
0:00:00.581900720 [332m  601[00m 0x55932ac61f20 [37mTRACE  [00m [00;01;31;44m     GST_REFCOUNTING gstobject.c:254:gst_object_ref:<vaapisink0>[00m 0x55932ac86220 ref 2->3
0:00:00.581942744 [332m  601[00m 0x55932ac822d0 [37mTRACE  [00m [00;01;31;44m     GST_REFCOUNTING gstminiobject.c:360:gst_mini_object_ref:[00m 0x55932ac85a20 ref 1->2
0:00:00.582010723 [332m  601[00m 0x55932ac61f20 [37mTRACE  [00m [00;01;31;44m     GST_REFCOUNTING gstobject.c:254:gst_object_ref:<vaapisink0>[00m 0x55932ac86220 ref 3->4
0:00:00.582020623 [332m  601[00m 0x55932ac822d0 [37mTRACE  [00m [00;01;31;44m     GST_REFCOUNTING gstobject.c:254:gst_object_ref:<bus1>[00m 0x55932aaa0ae0 ref 3->4
0:00:00.582073676 [332m  601[00m 0x55932ac61f20 [37mTRACE  [00m [00;01;31;44m     GST_REFCOUNTING gstobject.c:254:gst_object_ref:<bus0>[00m 0x55932aaa0a10 ref 10->11
0:00:00.582161589 [332m  601[00m 0x55932ac61f20 [37mTRACE  [00m [00;01;31;44m     GST_REFCOUNTING gstminiobject.c:360:gst_mini_object_ref:[00m 0x55932acb0090 ref 1->2
0:00:00.582208067 [332m  601[00m 0x55932ac61f20 [37mTRACE  [00m [00;01;31;44m     GST_REFCOUNTING gstobject.c:254:gst_object_ref:<bus1>[00m 0x55932aaa0ae0 ref 5->6
0:00:00.582204809 [332m  601[00m 0x55932aa72200 [37mTRACE  [00m [00;01;31;44m     GST_REFCOUNTING gstminiobject.c:360:gst_mini_object_ref:[00m 0x55932ac85a20 ref 2->3
0:00:00.582247088 [332m  601[00m 0x55932ac822d0 [37mTRACE  [00m [00;01;31;44m     GST_REFCOUNTING gstobject.c:280:gst_object_unref:<bus1>[00m 0x55932aaa0ae0 unref 5->4
0:00:00.582295496 [332m  601[00m 0x55932aa72200 [37mTRACE  [00m [00;01;31;44m     GST_REFCOUNTING gstminiobject.c:360:gst_mini_object_ref:[00m 0x55932ac85a20 ref 3->4
0:00:00.582405945 [332m  601[00m 0x55932aa72200 [37mTRACE  [00m [00;01;31;44m     GST_REFCOUNTING gstminiobject.c:440:gst_mini_object_unref:[00m 0x55932ac85a20 unref 4->3
0:00:00.582353579 [332m  601[00m 0x55932ac822d0 [37mTRACE  [00m [00;01;31;44m     GST_REFCOUNTING gstminiobject.c:440:gst_mini_object_unref:[00m 0x55932ac85a20 unref 3->2
0:00:00.582498061 [332m  601[00m 0x55932ac822d0 [37mTRACE  [00m [00;01;31;44m     GST_REFCOUNTING gstobject.c:280:gst_object_unref:<bus0>[00m 0x55932aaa0a10 unref 11->10
0:00:00.582513034 [332m  601[00m 0x55932aa72200 [37mTRACE  [00m [00;01;31;44m     GST_REFCOUNTING gstminiobject.c:440:gst_mini_object_unref:[00m 0x55932ac85a20 unref 2->1
0:00:00.582582567 [332m  601[00m 0x55932ac822d0 [37mTRACE  [00m [00;01;31;44m     GST_REFCOUNTING gstobject.c:254:gst_object_ref:<vaapidecode1:src>[00m 0x55932ac5b230 ref 2->3
0:00:00.582609025 [332m  601[00m 0x55932aa72200 [37mTRACE  [00m [00;01;31;44m     GST_REFCOUNTING gstobject.c:280:gst_object_unref:<bus1>[00m 0x55932aaa0ae0 unref 4->3
0:00:00.582630253 [332m  601[00m 0x55932ac822d0 [37mTRACE  [00m [00;01;31;44m     GST_REFCOUNTING gstobject.c:254:gst_object_ref:<vaapidecode1>[00m 0x55932ac884b0 ref 4->5
0:00:00.582429613 [332m  601[00m 0x55932ac61f20 [37mTRACE  [00m [00;01;31;44m     GST_REFCOUNTING gstobject.c:280:gst_object_unref:<bus1>[00m 0x55932aaa0ae0 unref 5->4
0:00:00.582674976 [332m  601[00m 0x55932aa72200 [37mTRACE  [00m [00;01;31;44m     GST_REFCOUNTING gstminiobject.c:440:gst_mini_object_unref:[00m 0x55932ac85a20 unref 1->0
0:00:00.582824657 [332m  601[00m 0x55932ac822d0 [37mTRACE  [00m [00;01;31;44m     GST_REFCOUNTING gstobject.c:254:gst_object_ref:<qtdemux1:video_0>[00m 0x55932ac5bb30 ref 2->3
0:00:00.582884396 [332m  601[00m 0x55932ac822d0 [37mTRACE  [00m [00;01;31;44m     GST_REFCOUNTING gstobject.c:254:gst_object_ref:<qtdemux1>[00m 0x55932ac86810 ref 2->3
0:00:00.582795191 [332m  601[00m 0x55932ac61f20 [37mTRACE  [00m [00;01;31;44m     GST_REFCOUNTING gstminiobject.c:440:gst_mini_object_unref:[00m 0x55932acb0090 unref 2->1
0:00:00.582901590 [332m  601[00m 0x55932aa72200 [37mTRACE  [00m [00;01;31;44m     GST_REFCOUNTING gstobject.c:280:gst_object_unref:<vaapisink1>[00m 0x55932ac8ade0 unref 4->3
0:00:00.582995506 [332m  601[00m 0x55932ac822d0 [37mTRACE  [00m [00;01;31;44m     GST_REFCOUNTING gstminiobject.c:440:gst_mini_object_unref:[00m 0x7f838c04c5e0 unref 1->0
0:00:00.583060331 [332m  601[00m 0x55932aa72200 [37mTRACE  [00m [00;01;31;44m     GST_REFCOUNTING gstobject.c:254:gst_object_ref:<bus1>[00m 0x55932aaa0ae0 ref 2->3
0:00:00.583075630 [332m  601[00m 0x55932ac822d0 [37mTRACE  [00m [00;01;31;44m     GST_REFCOUNTING gstobject.c:280:gst_object_unref:<qtdemux1>[00m 0x55932ac86810 unref 3->2
0:00:00.583150288 [332m  601[00m 0x55932aa72200 [37mTRACE  [00m [00;01;31;44m     GST_REFCOUNTING gstminiobject.c:360:gst_mini_object_ref:[00m 0x55932acb0090 ref 1->2
0:00:00.583155153 [332m  601[00m 0x55932ac822d0 [37mTRACE  [00m [00;01;31;44m     GST_REFCOUNTING gstobject.c:280:gst_object_unref:<qtdemux1:video_0>[00m 0x55932ac5bb30 unref 3->2
0:00:00.582981684 [332m  601[00m 0x55932ac61f20 [37mTRACE  [00m [00;01;31;44m     GST_REFCOUNTING gstobject.c:280:gst_object_unref:<bus0>[00m 0x55932aaa0a10 unref 10->9
0:00:00.583206620 [332m  601[00m 0x55932aa72200 [37mTRACE  [00m [00;01;31;44m     GST_REFCOUNTING gstminiobject.c:360:gst_mini_object_ref:[00m 0x55932acb0090 ref 2->3
0:00:00.583313379 [332m  601[00m 0x55932ac822d0 [37mTRACE  [00m [00;01;31;44m     GST_REFCOUNTING gstobject.c:280:gst_object_unref:<vaapidecode1>[00m 0x55932ac884b0 unref 5->4
0:00:00.583353203 [332m  601[00m 0x55932aa72200 [37mTRACE  [00m [00;01;31;44m     GST_REFCOUNTING gstminiobject.c:440:gst_mini_object_unref:[00m 0x55932acb0090 unref 3->2
0:00:00.583400867 [332m  601[00m 0x55932ac822d0 [37mTRACE  [00m [00;01;31;44m     GST_REFCOUNTING gstobject.c:280:gst_object_unref:<vaapidecode1:src>[00m 0x55932ac5b230 unref 3->2
0:00:00.583386261 [332m  601[00m 0x55932ac61f20 [37mTRACE  [00m [00;01;31;44m     GST_REFCOUNTING gstobject.c:254:gst_object_ref:<vaapidecode0:src>[00m 0x55932ac5a6f0 ref 2->3
0:00:00.583436641 [332m  601[00m 0x55932aa72200 [37mTRACE  [00m [00;01;31;44m     GST_REFCOUNTING gstminiobject.c:440:gst_mini_object_unref:[00m 0x55932acb0090 unref 2->1
0:00:00.583557185 [332m  601[00m 0x55932ac822d0 [37mTRACE  [00m [00;01;31;44m     GST_REFCOUNTING gstminiobject.c:440:gst_mini_object_unref:[00m 0x7f838c08aaa0 unref 2->1
0:00:00.583612765 [332m  601[00m 0x55932aa72200 [37mTRACE  [00m [00;01;31;44m     GST_REFCOUNTING gstobject.c:280:gst_object_unref:<bus1>[00m 0x55932aaa0ae0 unref 3->2
0:00:00.583656709 [332m  601[00m 0x55932ac822d0 [37mTRACE  [00m [00;01;31;44m     GST_REFCOUNTING gstobject.c:280:gst_object_unref:<vaapisink1>[00m 0x55932ac8ade0 unref 3->2
0:00:00.583545027 [332m  601[00m 0x55932ac61f20 [37mTRACE  [00m [00;01;31;44m     GST_REFCOUNTING gstobject.c:254:gst_object_ref:<vaapidecode0>[00m 0x55932ac7d9a0 ref 4->5
0:00:00.583697276 [332m  601[00m 0x55932aa72200 [37mTRACE  [00m [00;01;31;44m     GST_REFCOUNTING gstminiobject.c:440:gst_mini_object_unref:[00m 0x55932acb0090 unref 1->0
0:00:00.583797084 [332m  601[00m 0x55932ac822d0 [37mTRACE  [00m [00;01;31;44m     GST_REFCOUNTING gstobject.c:280:gst_object_unref:<vaapisink1:sink>[00m 0x55932ac5b470 unref 3->2
0:00:00.583835324 [332m  601[00m 0x55932aa72200 [37mTRACE  [00m [00;01;31;44m     GST_REFCOUNTING gstobject.c:280:gst_object_unref:<vaapisink0>[00m 0x55932ac86220 unref 4->3
0:00:00.583786962 [332m  601[00m 0x55932ac61f20 [37mTRACE  [00m [00;01;31;44m     GST_REFCOUNTING gstobject.c:254:gst_object_ref:<qtdemux0:video_0>[00m 0x7f838c0144f0 ref 2->3
0:00:00.584015576 [332m  601[00m 0x55932ac61f20 [37mTRACE  [00m [00;01;31;44m     GST_REFCOUNTING gstobject.c:254:gst_object_ref:<qtdemux0>[00m 0x55932ac66600 ref 2->3
0:00:00.584058211 [332m  601[00m 0x55932ac61f20 [37mTRACE  [00m [00;01;31;44m     GST_REFCOUNTING gstminiobject.c:440:gst_mini_object_unref:[00m 0x7f838c012de0 unref 1->0
0:00:00.584103999 [332m  601[00m 0x55932ac61f20 [37mTRACE  [00m [00;01;31;44m     GST_REFCOUNTING gstobject.c:280:gst_object_unref:<qtdemux0>[00m 0x55932ac66600 unref 3->2
0:00:00.584145600 [332m  601[00m 0x55932ac61f20 [37mTRACE  [00m [00;01;31;44m     GST_REFCOUNTING gstobject.c:280:gst_object_unref:<qtdemux0:video_0>[00m 0x7f838c0144f0 unref 3->2
0:00:00.584187191 [332m  601[00m 0x55932ac61f20 [37mTRACE  [00m [00;01;31;44m     GST_REFCOUNTING gstobject.c:280:gst_object_unref:<vaapidecode0>[00m 0x55932ac7d9a0 unref 5->4
0:00:00.584228084 [332m  601[00m 0x55932ac61f20 [37mTRACE  [00m [00;01;31;44m     GST_REFCOUNTING gstobject.c:280:gst_object_unref:<vaapidecode0:src>[00m 0x55932ac5a6f0 unref 3->2
0:00:00.584265982 [332m  601[00m 0x55932ac61f20 [37mTRACE  [00m [00;01;31;44m     GST_REFCOUNTING gstminiobject.c:440:gst_mini_object_unref:[00m 0x7f838c08f250 unref 2->1
0:00:00.584308794 [332m  601[00m 0x55932ac61f20 [37mTRACE  [00m [00;01;31;44m     GST_REFCOUNTING gstobject.c:280:gst_object_unref:<vaapisink0>[00m 0x55932ac86220 unref 3->2
0:00:00.584349778 [332m  601[00m 0x55932ac61f20 [37mTRACE  [00m [00;01;31;44m     GST_REFCOUNTING gstobject.c:280:gst_object_unref:<vaapisink0:sink>[00m 0x55932ac5a930 unref 3->2
0:00:00.584388866 [332m  601[00m 0x55932ac61f20 [37mTRACE  [00m [00;01;31;44m     GST_REFCOUNTING gstminiobject.c:440:gst_mini_object_unref:[00m 0x7f838c08a440 unref 1->0
0:00:00.584428454 [332m  601[00m 0x55932ac61f20 [37mTRACE  [00m [00;01;31;44m     GST_REFCOUNTING gstminiobject.c:440:gst_mini_object_unref:[00m 0x7f83840a09f0 unref 1->0
0:00:00.584476651 [332m  601[00m 0x55932ac61f20 [37mTRACE  [00m [00;01;31;44m     GST_REFCOUNTING gstobject.c:280:gst_object_unref:<allocatorsysmem0>[00m 0x55932aa75850 unref 17->16
