06-06 22:07:27.095  4906  4906 D GStreamer+GST_BUS: 0:02:30.925788588 0xe8df3e00 gstbus.c:309:gst_bus_post:<bus9> [msg 0xe9012228] posting on bus need-context message: 0xe9012228, time 99:99:99.999999999, seq-num 778, element 'glcolorbalance1', GstMessageNeedContext, context-type=(string)gst.gl.app_context;
06-06 22:07:27.095  4906  4906 D GStreamer+GST_BUS: 0:02:30.925822807 0xe8df3e00 gstbus.c:348:gst_bus_post:<bus9> [msg 0xe9012228] pushing on async queue
06-06 22:07:27.095  4906  4906 D GStreamer+GST_BUS: 0:02:30.925846973 0xe8df3e00 gstbus.c:351:gst_bus_post:<bus9> [msg 0xe9012228] pushed on async queue
06-06 22:07:27.095  4906  4906 D GStreamer+GST_BUS: 0:02:30.925868327 0xe8df3e00 gstbus.c:344:gst_bus_post:<bus8> [msg 0xe9012228] dropped
06-06 22:07:27.095  4906  5116 D GStreamer+GST_BUS: 0:02:30.925867182 0xe93d1d00 gstbus.c:521:gst_bus_timed_pop_filtered:<bus9> got message 0xe9012228, need-context from glcolorbalance1, type mask is 4294967295
06-06 22:07:27.095  4906  4906 D GStreamer+GST_BUS: 0:02:30.925896973 0xe8df3e00 gstbus.c:344:gst_bus_post:<bus5> [msg 0xe9012228] dropped
06-06 22:07:27.095  4906  4906 D GStreamer+GST_STATES: 0:02:30.925923588 0xe8df3e00 gstelement.c:2686:gst_element_change_state:<glcolorbalance1> element changed state SUCCESS
06-06 22:07:27.095  4906  5116 D GStreamer+GST_BUS: 0:02:30.925906713 0xe93d1d00 gstbus.c:789:gst_bus_source_dispatch:<bus9> source 0xe95618d8 calling dispatch with need-context message: 0xe9012228, time 99:99:99.999999999, seq-num 778, element 'glcolorbalance1', GstMessageNeedContext, context-type=(string)gst.gl.app_context;
06-06 22:07:27.095  4906  4906 I GStreamer+GST_STATES: 0:02:30.925946817 0xe8df3e00 gstelement.c:2374:gst_element_continue_state:<glcolorbalance1> completed state change to READY
06-06 22:07:27.095  4906  5116 D GStreamer+GST_BUS: 0:02:30.925958432 0xe93d1d00 gstbus.c:794:gst_bus_source_dispatch:<bus9> source 0xe95618d8 handler returns 1
06-06 22:07:27.095  4906  4906 I GStreamer+GST_STATES: 0:02:30.925968015 0xe8df3e00 gstelement.c:2279:_priv_gst_element_state_changed:<glcolorbalance1> notifying about state-changed NULL to READY (VOID_PENDING pending)
06-06 22:07:27.095  4906  4906 D GStreamer+GST_BUS: 0:02:30.925994161 0xe8df3e00 gstbus.c:309:gst_bus_post:<bus5> [msg 0xe9012388] posting on bus state-changed message: 0xe9012388, time 99:99:99.999999999, seq-num 779, element 'glcolorbalance1', GstMessageStateChanged, old-state=(GstState)GST_STATE_NULL, new-state=(GstState)GST_STATE_READY, pending-state=(GstState)GST_STATE_VOID_PENDING;
06-06 22:07:27.095  4906  4906 D GStreamer+bin: 0:02:30.926040671 0xe8df3e00 gstbin.c:3654:gst_bin_handle_message_func:<glimagesinkbin1> [msg 0xe9012388] handling child glcolorbalance1 message of type state-changed
06-06 22:07:27.095  4906  4906 D GStreamer+bin: 0:02:30.926064421 0xe8df3e00 gstbin.c:3991:gst_bin_handle_message_func:<glimagesinkbin1> posting message upward
06-06 22:07:27.095  4906  4906 D GStreamer+GST_BUS: 0:02:30.926082859 0xe8df3e00 gstbus.c:309:gst_bus_post:<bus8> [msg 0xe9012388] posting on bus state-changed message: 0xe9012388, time 99:99:99.999999999, seq-num 779, element 'glcolorbalance1', GstMessageStateChanged, old-state=(GstState)GST_STATE_NULL, new-state=(GstState)GST_STATE_READY, pending-state=(GstState)GST_STATE_VOID_PENDING;
06-06 22:07:27.095  4906  4906 D GStreamer+bin: 0:02:30.926128119 0xe8df3e00 gstbin.c:3654:gst_bin_handle_message_func:<pipeline1> [msg 0xe9012388] handling child glcolorbalance1 message of type state-changed
06-06 22:07:27.095  4906  4906 D GStreamer+bin: 0:02:30.926149838 0xe8df3e00 gstbin.c:3991:gst_bin_handle_message_func:<pipeline1> posting message upward
06-06 22:07:27.095  4906  4906 D GStreamer+GST_BUS: 0:02:30.926166921 0xe8df3e00 gstbus.c:309:gst_bus_post:<bus9> [msg 0xe9012388] posting on bus state-changed message: 0xe9012388, time 99:99:99.999999999, seq-num 779, element 'glcolorbalance1', GstMessageStateChanged, old-state=(GstState)GST_STATE_NULL, new-state=(GstState)GST_STATE_READY, pending-state=(GstState)GST_STATE_VOID_PENDING;
06-06 22:07:27.095  4906  4906 D GStreamer+GST_BUS: 0:02:30.926209629 0xe8df3e00 gstbus.c:348:gst_bus_post:<bus9> [msg 0xe9012388] pushing on async queue
06-06 22:07:27.095  4906  4906 D GStreamer+GST_BUS: 0:02:30.926232338 0xe8df3e00 gstbus.c:351:gst_bus_post:<bus9> [msg 0xe9012388] pushed on async queue
06-06 22:07:27.095  4906  4906 D GStreamer+GST_BUS: 0:02:30.926251557 0xe8df3e00 gstbus.c:344:gst_bus_post:<bus8> [msg 0xe9012388] dropped
06-06 22:07:27.095  4906  5116 D GStreamer+GST_BUS: 0:02:30.926245463 0xe93d1d00 gstbus.c:521:gst_bus_timed_pop_filtered:<bus9> got message 0xe9012388, state-changed from glcolorbalance1, type mask is 4294967295
06-06 22:07:27.095  4906  4906 D GStreamer+GST_BUS: 0:02:30.926277182 0xe8df3e00 gstbus.c:344:gst_bus_post:<bus5> [msg 0xe9012388] dropped
06-06 22:07:27.095  4906  4906 D GStreamer+GST_STATES: 0:02:30.926306088 0xe8df3e00 gstelement.c:2609:gst_element_set_state_func:<glcolorbalance1> returned SUCCESS
06-06 22:07:27.095  4906  5116 D GStreamer+GST_BUS: 0:02:30.926279369 0xe93d1d00 gstbus.c:789:gst_bus_source_dispatch:<bus9> source 0xe95618d8 calling dispatch with state-changed message: 0xe9012388, time 99:99:99.999999999, seq-num 779, element 'glcolorbalance1', GstMessageStateChanged, old-state=(GstState)GST_STATE_NULL, new-state=(GstState)GST_STATE_READY, pending-state=(GstState)GST_STATE_VOID_PENDING;
06-06 22:07:27.095  4906  4906 I GStreamer+GST_STATES: 0:02:30.926333015 0xe8df3e00 gstbin.c:2892:gst_bin_change_state_func:<glimagesinkbin1> child 'glcolorbalance1' changed state to 2(READY) successfully
06-06 22:07:27.095  4906  5116 D GStreamer+GST_BUS: 0:02:30.926344421 0xe93d1d00 gstbus.c:794:gst_bus_source_dispatch:<bus9> source 0xe95618d8 handler returns 1
06-06 22:07:27.095  4906  4906 D GStreamer+bin: 0:02:30.926358432 0xe8df3e00 gstbin.c:2310:gst_bin_sort_iterator_next:<glimagesinkbin1> queue head gives glcolorconvertelement1
06-06 22:07:27.095  4906  4906 D GStreamer+bin: 0:02:30.926378327 0xe8df3e00 gstbin.c:911:find_message:<glimagesinkbin1> no message found matching types 00001000
06-06 22:07:27.095  4906  4906 D GStreamer+bin: 0:02:30.926396504 0xe8df3e00 gstbin.c:918:find_message:<glimagesinkbin1>   structure-change
06-06 22:07:27.095  4906  4906 D GStreamer+bin: 0:02:30.926426192 0xe8df3e00 gstbin.c:2226:update_degree:<glimagesinkbin1> change element gluploadelement1, degree 1->0, linked to glcolorconvertelement1
06-06 22:07:27.095  4906  4906 D GStreamer+bin: 0:02:30.926450984 0xe8df3e00 gstbin.c:2109:add_to_queue:<glimagesinkbin1> adding 'gluploadelement1' to queue
06-06 22:07:27.095  4906  4906 I GStreamer+GST_STATES: 0:02:30.926472442 0xe8df3e00 gstbin.c:2444:gst_bin_element_set_state:<glcolorconvertelement1> current NULL pending VOID_PENDING, desired next READY
06-06 22:07:27.095  4906  4906 D GStreamer+bin: 0:02:30.926494786 0xe8df3e00 gstbin.c:911:find_message:<glimagesinkbin1> no message found matching types 00100000
06-06 22:07:27.095  4906  4906 D GStreamer+bin: 0:02:30.926512494 0xe8df3e00 gstbin.c:918:find_message:<glimagesinkbin1>   async-start
06-06 22:07:27.095  4906  4906 D GStreamer+bin: 0:02:30.926529629 0xe8df3e00 gstbin.c:2539:gst_bin_element_set_state:<glimagesinkbin1> setting element glcolorconvertelement1 to READY, base_time 0:00:00.000000000
06-06 22:07:27.095  4906  4906 D GStreamer+GST_STATES: 0:02:30.926553379 0xe8df3e00 gstelement.c:2525:gst_element_set_state_func:<glcolorconvertelement1> set_state to READY
06-06 22:07:27.096  4906  4906 D GStreamer+GST_STATES: 0:02:30.926574265 0xe8df3e00 gstelement.c:2550:gst_element_set_state_func:<glcolorconvertelement1> setting target state to READY
06-06 22:07:27.096  4906  4906 D GStreamer+GST_STATES: 0:02:30.926593484 0xe8df3e00 gstelement.c:2563:gst_element_set_state_func:<glcolorconvertelement1> current NULL, old_pending VOID_PENDING, next VOID_PENDING, old return SUCCESS
06-06 22:07:27.096  4906  4906 D GStreamer+GST_STATES: 0:02:30.926616661 0xe8df3e00 gstelement.c:2597:gst_element_set_state_func:<glcolorconvertelement1> final: setting state from NULL to READY
06-06 22:07:27.096  4906  4906 D GStreamer+glbasefilter: 0:02:30.926639004 0xe8df3e00 gstglbasefilter.c:479:gst_gl_base_filter_change_state:<glcolorconvertelement1> changing state: NULL => READY
06-06 22:07:27.096  4906  4906 D GStreamer+query: 0:02:30.926661088 0xe8df3e00 gstquery.c:674:gst_query_new_custom creating new query 0xe900d460 context
06-06 22:07:27.096  4906  4906 D GStreamer+GST_PADS: 0:02:30.926680463 0xe8df3e00 gstpad.c:4049:gst_pad_peer_query:<glcolorconvertelement1:src> peer query 0xe900d460 (context)
06-06 22:07:27.096  4906  4906 D GStreamer+GST_PADS: 0:02:30.926701869 0xe8df3e00 gstpad.c:3922:gst_pad_query:<glcolorbalance1:sink> doing query 0xe900d460 (context)
06-06 22:07:27.096  4906  4906 D GStreamer+GST_PADS: 0:02:30.926729629 0xe8df3e00 gstpad.c:3945:gst_pad_query:<glcolorbalance1:sink> sent query 0xe900d460 (context), result 1
06-06 22:07:27.096  4906  4906 I GStreamer+GST_CONTEXT: 0:02:30.926753640 0xe8df3e00 gstglutils.c:573:_gst_context_query:<glcolorconvertelement1> found context (0xe900d430) in downstream query
06-06 22:07:27.096  4906  4906 D GStreamer+GST_CONTEXT: 0:02:30.926772546 0xe8df3e00 gstelement.c:3153:gst_element_set_context:<glcolorconvertelement1> set context 0xe900d430 context, gst.gl.GLDisplay=(GstGLDisplay)"\(GstGLDisplayEGL\)\ gldisplayegl1";
06-06 22:07:27.096  4906  4906 D GStreamer+query: 0:02:30.926814682 0xe8df3e00 gstquery.c:674:gst_query_new_custom creating new query 0xe900d400 context
06-06 22:07:27.096  4906  4906 D GStreamer+GST_PADS: 0:02:30.926835515 0xe8df3e00 gstpad.c:4049:gst_pad_peer_query:<glcolorconvertelement1:src> peer query 0xe900d400 (context)
06-06 22:07:27.096  4906  4906 D GStreamer+GST_PADS: 0:02:30.926857025 0xe8df3e00 gstpad.c:3922:gst_pad_query:<glcolorbalance1:sink> doing query 0xe900d400 (context)
06-06 22:07:27.096  4906  4906 D GStreamer+GST_PADS: 0:02:30.926883379 0xe8df3e00 gstpad.c:4049:gst_pad_peer_query:<glcolorbalance1:src> peer query 0xe900d400 (context)
06-06 22:07:27.096  4906  4906 D GStreamer+GST_PADS: 0:02:30.926904004 0xe8df3e00 gstpad.c:3922:gst_pad_query:<sink:sink> doing query 0xe900d400 (context)
06-06 22:07:27.096  4906  4906 D GStreamer+GST_PADS: 0:02:30.926932859 0xe8df3e00 gstpad.c:3945:gst_pad_query:<sink:sink> sent query 0xe900d400 (context), result 0
06-06 22:07:27.096  4906  4906 D GStreamer+GST_PADS: 0:02:30.926954004 0xe8df3e00 gstpad.c:3990:gst_pad_query:<sink:sink> query failed
06-06 22:07:27.096  4906  4906 D GStreamer+GST_PADS: 0:02:30.926971973 0xe8df3e00 gstpad.c:4111:gst_pad_peer_query:<glcolorbalance1:src> query failed
06-06 22:07:27.096  4906  4906 D GStreamer+GST_PADS: 0:02:30.926989057 0xe8df3e00 gstpad.c:3945:gst_pad_query:<glcolorbalance1:sink> sent query 0xe900d400 (context), result 0
06-06 22:07:27.096  4906  4906 D GStreamer+GST_PADS: 0:02:30.927009421 0xe8df3e00 gstpad.c:3990:gst_pad_query:<glcolorbalance1:sink> query failed
06-06 22:07:27.096  4906  4906 D GStreamer+GST_PADS: 0:02:30.927025671 0xe8df3e00 gstpad.c:4111:gst_pad_peer_query:<glcolorconvertelement1:src> query failed
06-06 22:07:27.096  4906  4906 I GStreamer+GST_CONTEXT: 0:02:30.927042390 0xe8df3e00 gstglutils.c:528:pad_query:<glcolorconvertelement1:src> pad peer query failed
06-06 22:07:27.096  4906  4906 D GStreamer+GST_PADS: 0:02:30.927062859 0xe8df3e00 gstpad.c:4049:gst_pad_peer_query:<glcolorconvertelement1:sink> peer query 0xe900d400 (context)
06-06 22:07:27.096  4906  4906 D GStreamer+GST_PADS: 0:02:30.927083796 0xe8df3e00 gstpad.c:3922:gst_pad_query:<gluploadelement1:src> doing query 0xe900d400 (context)
06-06 22:07:27.096  4906  4906 D GStreamer+GST_PADS: 0:02:30.927112234 0xe8df3e00 gstpad.c:4049:gst_pad_peer_query:<gluploadelement1:sink> peer query 0xe900d400 (context)
06-06 22:07:27.096  4906  4906 D GStreamer+GST_PADS: 0:02:30.927134265 0xe8df3e00 gstpad.c:3922:gst_pad_query:<sink:proxypad4> doing query 0xe900d400 (context)
06-06 22:07:27.096  4906  4906 D GStreamer+GST_PADS: 0:02:30.927154265 0xe8df3e00 gstpad.c:3367:gst_pad_query_default:<sink:proxypad4> forwarding 0xe900d400 (context) query
06-06 22:07:27.096  4906  4906 D GStreamer+GST_PADS: 0:02:30.927178952 0xe8df3e00 gstpad.c:4049:gst_pad_peer_query:<glimagesinkbin1:sink> peer query 0xe900d400 (context)
06-06 22:07:27.096  4906  4906 D GStreamer+GST_PADS: 0:02:30.927199786 0xe8df3e00 gstpad.c:3922:gst_pad_query:<forhalffps:src> doing query 0xe900d400 (context)
06-06 22:07:27.096  4906  4906 D GStreamer+GST_PADS: 0:02:30.927221504 0xe8df3e00 gstpad.c:4049:gst_pad_peer_query:<forhalffps:sink> peer query 0xe900d400 (context)
06-06 22:07:27.096  4906  4906 D GStreamer+GST_PADS: 0:02:30.927241921 0xe8df3e00 gstpad.c:3690:do_probe_callbacks:<forhalffps:sink> data is passed
06-06 22:07:27.096  4906  4906 D GStreamer+GST_PADS: 0:02:30.927259369 0xe8df3e00 gstpad.c:3922:gst_pad_query:<queue3:src> doing query 0xe900d400 (context)
06-06 22:07:27.096  4906  4906 D GStreamer+GST_PADS: 0:02:30.927281765 0xe8df3e00 gstpad.c:3367:gst_pad_query_default:<queue3:src> forwarding 0xe900d400 (context) query
06-06 22:07:27.096  4906  4906 D GStreamer+GST_PADS: 0:02:30.927303900 0xe8df3e00 gstpad.c:2827:gst_pad_iterate_internal_links_default:<queue3:src> Making iterator
06-06 22:07:27.096  4906  4906 D GStreamer+GST_PADS: 0:02:30.927323848 0xe8df3e00 gstpad.c:4049:gst_pad_peer_query:<queue3:sink> peer query 0xe900d400 (context)
06-06 22:07:27.096  4906  4906 I GStreamer+GST_PADS: 0:02:30.927344161 0xe8df3e00 gstpad.c:4105:gst_pad_peer_query:<queue3:sink> pad has no peer
06-06 22:07:27.096  4906  4906 D GStreamer+GST_PADS: 0:02:30.927362234 0xe8df3e00 gstpad.c:3945:gst_pad_query:<queue3:src> sent query 0xe900d400 (context), result 0
06-06 22:07:27.096  4906  4906 D GStreamer+GST_PADS: 0:02:30.927383015 0xe8df3e00 gstpad.c:3990:gst_pad_query:<queue3:src> query failed
06-06 22:07:27.096  4906  4906 D GStreamer+GST_PADS: 0:02:30.927399421 0xe8df3e00 gstpad.c:4111:gst_pad_peer_query:<forhalffps:sink> query failed
06-06 22:07:27.096  4906  4906 D GStreamer+GST_PADS: 0:02:30.927424265 0xe8df3e00 gstpad.c:3945:gst_pad_query:<forhalffps:src> sent query 0xe900d400 (context), result 0
06-06 22:07:27.096  4906  4906 D GStreamer+GST_PADS: 0:02:30.927446609 0xe8df3e00 gstpad.c:3990:gst_pad_query:<forhalffps:src> query failed
06-06 22:07:27.096  4906  4906 D GStreamer+GST_PADS: 0:02:30.927463379 0xe8df3e00 gstpad.c:4111:gst_pad_peer_query:<glimagesinkbin1:sink> query failed
06-06 22:07:27.096  4906  4906 D GStreamer+GST_PADS: 0:02:30.927482807 0xe8df3e00 gstpad.c:3945:gst_pad_query:<sink:proxypad4> sent query 0xe900d400 (context), result 0
06-06 22:07:27.096  4906  4906 D GStreamer+GST_PADS: 0:02:30.927504786 0xe8df3e00 gstpad.c:3990:gst_pad_query:<sink:proxypad4> query failed
06-06 22:07:27.096  4906  4906 D GStreamer+GST_PADS: 0:02:30.927523692 0xe8df3e00 gstpad.c:4111:gst_pad_peer_query:<gluploadelement1:sink> query failed
06-06 22:07:27.096  4906  4906 D GStreamer+GST_PADS: 0:02:30.927541348 0xe8df3e00 gstpad.c:3945:gst_pad_query:<gluploadelement1:src> sent query 0xe900d400 (context), result 0
06-06 22:07:27.096  4906  4906 D GStreamer+GST_PADS: 0:02:30.927561348 0xe8df3e00 gstpad.c:3990:gst_pad_query:<gluploadelement1:src> query failed
06-06 22:07:27.097  4906  4906 D GStreamer+GST_PADS: 0:02:30.927577754 0xe8df3e00 gstpad.c:4111:gst_pad_peer_query:<glcolorconvertelement1:sink> query failed
06-06 22:07:27.097  4906  4906 I GStreamer+GST_CONTEXT: 0:02:30.927594682 0xe8df3e00 gstglutils.c:528:pad_query:<glcolorconvertelement1:sink> pad peer query failed
06-06 22:07:27.097  4906  4906 I GStreamer+GST_CONTEXT: 0:02:30.927612650 0xe8df3e00 gstglutils.c:590:_gst_context_query:<glcolorconvertelement1> posting need context message
06-06 22:07:27.097  4906  4906 D GStreamer+GST_BUS: 0:02:30.927633119 0xe8df3e00 gstbus.c:309:gst_bus_post:<bus5> [msg 0xe8ffaed8] posting on bus need-context message: 0xe8ffaed8, time 99:99:99.999999999, seq-num 780, element 'glcolorconvertelement1', GstMessageNeedContext, context-type=(string)gst.gl.app_context;
06-06 22:07:27.097  4906  4906 D GStreamer+bin: 0:02:30.927671973 0xe8df3e00 gstbin.c:3654:gst_bin_handle_message_func:<glimagesinkbin1> [msg 0xe8ffaed8] handling child glcolorconvertelement1 message of type need-context
06-06 22:07:27.097  4906  4906 D GStreamer+bin: 0:02:30.927695932 0xe8df3e00 gstbin.c:3991:gst_bin_handle_message_func:<glimagesinkbin1> posting message upward
06-06 22:07:27.097  4906  4906 D GStreamer+GST_BUS: 0:02:30.927713640 0xe8df3e00 gstbus.c:309:gst_bus_post:<bus8> [msg 0xe8ffaed8] posting on bus need-context message: 0xe8ffaed8, time 99:99:99.999999999, seq-num 780, element 'glcolorconvertelement1', GstMessageNeedContext, context-type=(string)gst.gl.app_context;
06-06 22:07:27.097  4906  4906 D GStreamer+bin: 0:02:30.927749109 0xe8df3e00 gstbin.c:3654:gst_bin_handle_message_func:<pipeline1> [msg 0xe8ffaed8] handling child glcolorconvertelement1 message of type need-context
06-06 22:07:27.097  4906  4906 D GStreamer+bin: 0:02:30.927770515 0xe8df3e00 gstbin.c:3991:gst_bin_handle_message_func:<pipeline1> posting message upward
06-06 22:07:27.097  4906  4906 D GStreamer+GST_BUS: 0:02:30.927787911 0xe8df3e00 gstbus.c:309:gst_bus_post:<bus9> [msg 0xe8ffaed8] posting on bus need-context message: 0xe8ffaed8, time 99:99:99.999999999, seq-num 780, element 'glcolorconvertelement1', GstMessageNeedContext, context-type=(string)gst.gl.app_context;
06-06 22:07:27.097  4906  4906 D GStreamer+GST_BUS: 0:02:30.927822546 0xe8df3e00 gstbus.c:348:gst_bus_post:<bus9> [msg 0xe8ffaed8] pushing on async queue
06-06 22:07:27.097  4906  4906 D GStreamer+GST_BUS: 0:02:30.927847077 0xe8df3e00 gstbus.c:351:gst_bus_post:<bus9> [msg 0xe8ffaed8] pushed on async queue
06-06 22:07:27.097  4906  4906 D GStreamer+GST_BUS: 0:02:30.927868067 0xe8df3e00 gstbus.c:344:gst_bus_post:<bus8> [msg 0xe8ffaed8] dropped
06-06 22:07:27.097  4906  5116 D GStreamer+GST_BUS: 0:02:30.927861869 0xe93d1d00 gstbus.c:521:gst_bus_timed_pop_filtered:<bus9> got message 0xe8ffaed8, need-context from glcolorconvertelement1, type mask is 4294967295
06-06 22:07:27.097  4906  4906 D GStreamer+GST_BUS: 0:02:30.927892390 0xe8df3e00 gstbus.c:344:gst_bus_post:<bus5> [msg 0xe8ffaed8] dropped
06-06 22:07:27.097  4906  4906 D GStreamer+GST_STATES: 0:02:30.927919942 0xe8df3e00 gstelement.c:2686:gst_element_change_state:<glcolorconvertelement1> element changed state SUCCESS
06-06 22:07:27.097  4906  5116 D GStreamer+GST_BUS: 0:02:30.927900567 0xe93d1d00 gstbus.c:789:gst_bus_source_dispatch:<bus9> source 0xe95618d8 calling dispatch with need-context message: 0xe8ffaed8, time 99:99:99.999999999, seq-num 780, element 'glcolorconvertelement1', GstMessageNeedContext, context-type=(string)gst.gl.app_context;
06-06 22:07:27.097  4906  4906 I GStreamer+GST_STATES: 0:02:30.927948015 0xe8df3e00 gstelement.c:2374:gst_element_continue_state:<glcolorconvertelement1> completed state change to READY
06-06 22:07:27.097  4906  5116 D GStreamer+GST_BUS: 0:02:30.927953796 0xe93d1d00 gstbus.c:794:gst_bus_source_dispatch:<bus9> source 0xe95618d8 handler returns 1
06-06 22:07:27.097  4906  4906 I GStreamer+GST_STATES: 0:02:30.927968067 0xe8df3e00 gstelement.c:2279:_priv_gst_element_state_changed:<glcolorconvertelement1> notifying about state-changed NULL to READY (VOID_PENDING pending)
06-06 22:07:27.097  4906  4906 D GStreamer+GST_BUS: 0:02:30.927994682 0xe8df3e00 gstbus.c:309:gst_bus_post:<bus5> [msg 0xe9567ed0] posting on bus state-changed message: 0xe9567ed0, time 99:99:99.999999999, seq-num 781, element 'glcolorconvertelement1', GstMessageStateChanged, old-state=(GstState)GST_STATE_NULL, new-state=(GstState)GST_STATE_READY, pending-state=(GstState)GST_STATE_VOID_PENDING;
06-06 22:07:27.097  4906  4906 D GStreamer+bin: 0:02:30.928039525 0xe8df3e00 gstbin.c:3654:gst_bin_handle_message_func:<glimagesinkbin1> [msg 0xe9567ed0] handling child glcolorconvertelement1 message of type state-changed
06-06 22:07:27.097  4906  4906 D GStreamer+bin: 0:02:30.928061400 0xe8df3e00 gstbin.c:3991:gst_bin_handle_message_func:<glimagesinkbin1> posting message upward
06-06 22:07:27.097  4906  4906 D GStreamer+GST_BUS: 0:02:30.928078171 0xe8df3e00 gstbus.c:309:gst_bus_post:<bus8> [msg 0xe9567ed0] posting on bus state-changed message: 0xe9567ed0, time 99:99:99.999999999, seq-num 781, element 'glcolorconvertelement1', GstMessageStateChanged, old-state=(GstState)GST_STATE_NULL, new-state=(GstState)GST_STATE_READY, pending-state=(GstState)GST_STATE_VOID_PENDING;
06-06 22:07:27.097  4906  4906 D GStreamer+bin: 0:02:30.928122025 0xe8df3e00 gstbin.c:3654:gst_bin_handle_message_func:<pipeline1> [msg 0xe9567ed0] handling child glcolorconvertelement1 message of type state-changed
06-06 22:07:27.097  4906  4906 D GStreamer+bin: 0:02:30.928144473 0xe8df3e00 gstbin.c:3991:gst_bin_handle_message_func:<pipeline1> posting message upward
06-06 22:07:27.097  4906  4906 D GStreamer+GST_BUS: 0:02:30.928161244 0xe8df3e00 gstbus.c:309:gst_bus_post:<bus9> [msg 0xe9567ed0] posting on bus state-changed message: 0xe9567ed0, time 99:99:99.999999999, seq-num 781, element 'glcolorconvertelement1', GstMessageStateChanged, old-state=(GstState)GST_STATE_NULL, new-state=(GstState)GST_STATE_READY, pending-state=(GstState)GST_STATE_VOID_PENDING;
06-06 22:07:27.097  4906  4906 D GStreamer+GST_BUS: 0:02:30.928203536 0xe8df3e00 gstbus.c:348:gst_bus_post:<bus9> [msg 0xe9567ed0] pushing on async queue
06-06 22:07:27.097  4906  4906 D GStreamer+GST_BUS: 0:02:30.928226088 0xe8df3e00 gstbus.c:351:gst_bus_post:<bus9> [msg 0xe9567ed0] pushed on async queue
06-06 22:07:27.097  4906  4906 D GStreamer+GST_BUS: 0:02:30.928245671 0xe8df3e00 gstbus.c:344:gst_bus_post:<bus8> [msg 0xe9567ed0] dropped
06-06 22:07:27.097  4906  5116 D GStreamer+GST_BUS: 0:02:30.928239057 0xe93d1d00 gstbus.c:521:gst_bus_timed_pop_filtered:<bus9> got message 0xe9567ed0, state-changed from glcolorconvertelement1, type mask is 4294967295
06-06 22:07:27.097  4906  4906 D GStreamer+GST_BUS: 0:02:30.928268015 0xe8df3e00 gstbus.c:344:gst_bus_post:<bus5> [msg 0xe9567ed0] dropped
06-06 22:07:27.097  4906  4906 D GStreamer+GST_STATES: 0:02:30.928289369 0xe8df3e00 gstelement.c:2609:gst_element_set_state_func:<glcolorconvertelement1> returned SUCCESS
06-06 22:07:27.097  4906  5116 D GStreamer+GST_BUS: 0:02:30.928275879 0xe93d1d00 gstbus.c:789:gst_bus_source_dispatch:<bus9> source 0xe95618d8 calling dispatch with state-changed message: 0xe9567ed0, time 99:99:99.999999999, seq-num 781, element 'glcolorconvertelement1', GstMessageStateChanged, old-state=(GstState)GST_STATE_NULL, new-state=(GstState)GST_STATE_READY, pending-state=(GstState)GST_STATE_VOID_PENDING;
06-06 22:07:27.097  4906  4906 I GStreamer+GST_STATES: 0:02:30.928314525 0xe8df3e00 gstbin.c:2892:gst_bin_change_state_func:<glimagesinkbin1> child 'glcolorconvertelement1' changed state to 2(READY) successfully
06-06 22:07:27.097  4906  5116 D GStreamer+GST_BUS: 0:02:30.928334004 0xe93d1d00 gstbus.c:794:gst_bus_source_dispatch:<bus9> source 0xe95618d8 handler returns 1
06-06 22:07:27.097  4906  4906 D GStreamer+bin: 0:02:30.928340515 0xe8df3e00 gstbin.c:2310:gst_bin_sort_iterator_next:<glimagesinkbin1> queue head gives gluploadelement1
06-06 22:07:27.097  4906  4906 D GStreamer+bin: 0:02:30.928364786 0xe8df3e00 gstbin.c:911:find_message:<glimagesinkbin1> no message found matching types 00001000
06-06 22:07:27.097  4906  4906 D GStreamer+bin: 0:02:30.928383275 0xe8df3e00 gstbin.c:918:find_message:<glimagesinkbin1>   structure-change
06-06 22:07:27.097  4906  4906 D GStreamer+bin: 0:02:30.928402390 0xe8df3e00 gstbin.c:2249:update_degree:<glimagesinkbin1> element gluploadelement1 not linked on any sinkpads
06-06 22:07:27.097  4906  4906 I GStreamer+GST_STATES: 0:02:30.928431140 0xe8df3e00 gstbin.c:2444:gst_bin_element_set_state:<gluploadelement1> current NULL pending VOID_PENDING, desired next READY
06-06 22:07:27.097  4906  4906 D GStreamer+bin: 0:02:30.928453588 0xe8df3e00 gstbin.c:911:find_message:<glimagesinkbin1> no message found matching types 00100000
06-06 22:07:27.097  4906  4906 D GStreamer+bin: 0:02:30.928471504 0xe8df3e00 gstbin.c:918:find_message:<glimagesinkbin1>   async-start
06-06 22:07:27.097  4906  4906 D GStreamer+bin: 0:02:30.928488744 0xe8df3e00 gstbin.c:2539:gst_bin_element_set_state:<glimagesinkbin1> setting element gluploadelement1 to READY, base_time 0:00:00.000000000
06-06 22:07:27.097  4906  4906 D GStreamer+GST_STATES: 0:02:30.928514109 0xe8df3e00 gstelement.c:2525:gst_element_set_state_func:<gluploadelement1> set_state to READY
06-06 22:07:27.097  4906  4906 D GStreamer+GST_STATES: 0:02:30.928532702 0xe8df3e00 gstelement.c:2550:gst_element_set_state_func:<gluploadelement1> setting target state to READY
06-06 22:07:27.097  4906  4906 D GStreamer+GST_STATES: 0:02:30.928550984 0xe8df3e00 gstelement.c:2563:gst_element_set_state_func:<gluploadelement1> current NULL, old_pending VOID_PENDING, next VOID_PENDING, old return SUCCESS
06-06 22:07:27.098  4906  4906 D GStreamer+GST_STATES: 0:02:30.928572963 0xe8df3e00 gstelement.c:2597:gst_element_set_state_func:<gluploadelement1> final: setting state from NULL to READY
06-06 22:07:27.098  4906  4906 D GStreamer+glbasefilter: 0:02:30.928593900 0xe8df3e00 gstglbasefilter.c:479:gst_gl_base_filter_change_state:<gluploadelement1> changing state: NULL => READY
06-06 22:07:27.098  4906  4906 D GStreamer+query: 0:02:30.928616817 0xe8df3e00 gstquery.c:674:gst_query_new_custom creating new query 0xe900d320 context
06-06 22:07:27.098  4906  4906 D GStreamer+GST_PADS: 0:02:30.928636765 0xe8df3e00 gstpad.c:4049:gst_pad_peer_query:<gluploadelement1:src> peer query 0xe900d320 (context)
06-06 22:07:27.098  4906  4906 D GStreamer+GST_PADS: 0:02:30.928658379 0xe8df3e00 gstpad.c:3922:gst_pad_query:<glcolorconvertelement1:sink> doing query 0xe900d320 (context)
06-06 22:07:27.098  4906  4906 D GStreamer+GST_PADS: 0:02:30.928687129 0xe8df3e00 gstpad.c:3945:gst_pad_query:<glcolorconvertelement1:sink> sent query 0xe900d320 (context), result 1
06-06 22:07:27.098  4906  4906 I GStreamer+GST_CONTEXT: 0:02:30.928710411 0xe8df3e00 gstglutils.c:573:_gst_context_query:<gluploadelement1> found context (0xe900d2c0) in downstream query
06-06 22:07:27.098  4906  4906 D GStreamer+GST_CONTEXT: 0:02:30.928729161 0xe8df3e00 gstelement.c:3153:gst_element_set_context:<gluploadelement1> set context 0xe900d2c0 context, gst.gl.GLDisplay=(GstGLDisplay)"\(GstGLDisplayEGL\)\ gldisplayegl1";
06-06 22:07:27.098  4906  4906 D GStreamer+query: 0:02:30.928767911 0xe8df3e00 gstquery.c:674:gst_query_new_custom creating new query 0xe900d260 context
06-06 22:07:27.098  4906  4906 D GStreamer+GST_PADS: 0:02:30.928788327 0xe8df3e00 gstpad.c:4049:gst_pad_peer_query:<gluploadelement1:src> peer query 0xe900d260 (context)
06-06 22:07:27.098  4906  4906 D GStreamer+GST_PADS: 0:02:30.928808692 0xe8df3e00 gstpad.c:3922:gst_pad_query:<glcolorconvertelement1:sink> doing query 0xe900d260 (context)
06-06 22:07:27.098  4906  4906 D GStreamer+GST_PADS: 0:02:30.928834213 0xe8df3e00 gstpad.c:4049:gst_pad_peer_query:<glcolorconvertelement1:src> peer query 0xe900d260 (context)
06-06 22:07:27.098  4906  4906 D GStreamer+GST_PADS: 0:02:30.928856192 0xe8df3e00 gstpad.c:3922:gst_pad_query:<glcolorbalance1:sink> doing query 0xe900d260 (context)
06-06 22:07:27.098  4906  4906 D GStreamer+GST_PADS: 0:02:30.928886504 0xe8df3e00 gstpad.c:4049:gst_pad_peer_query:<glcolorbalance1:src> peer query 0xe900d260 (context)
06-06 22:07:27.098  4906  4906 D GStreamer+GST_PADS: 0:02:30.928908015 0xe8df3e00 gstpad.c:3922:gst_pad_query:<sink:sink> doing query 0xe900d260 (context)
06-06 22:07:27.098  4906  4906 D GStreamer+GST_PADS: 0:02:30.928936869 0xe8df3e00 gstpad.c:3945:gst_pad_query:<sink:sink> sent query 0xe900d260 (context), result 0
06-06 22:07:27.098  4906  4906 D GStreamer+GST_PADS: 0:02:30.928959161 0xe8df3e00 gstpad.c:3990:gst_pad_query:<sink:sink> query failed
06-06 22:07:27.098  4906  4906 D GStreamer+GST_PADS: 0:02:30.928977442 0xe8df3e00 gstpad.c:4111:gst_pad_peer_query:<glcolorbalance1:src> query failed
06-06 22:07:27.098  4906  4906 D GStreamer+GST_PADS: 0:02:30.928995984 0xe8df3e00 gstpad.c:3945:gst_pad_query:<glcolorbalance1:sink> sent query 0xe900d260 (context), result 0
06-06 22:07:27.098  4906  4906 D GStreamer+GST_PADS: 0:02:30.929017234 0xe8df3e00 gstpad.c:3990:gst_pad_query:<glcolorbalance1:sink> query failed
06-06 22:07:27.098  4906  4906 D GStreamer+GST_PADS: 0:02:30.929034265 0xe8df3e00 gstpad.c:4111:gst_pad_peer_query:<glcolorconvertelement1:src> query failed
06-06 22:07:27.098  4906  4906 D GStreamer+GST_PADS: 0:02:30.929051973 0xe8df3e00 gstpad.c:3945:gst_pad_query:<glcolorconvertelement1:sink> sent query 0xe900d260 (context), result 0
06-06 22:07:27.098  4906  4906 D GStreamer+GST_PADS: 0:02:30.929072650 0xe8df3e00 gstpad.c:3990:gst_pad_query:<glcolorconvertelement1:sink> query failed
06-06 22:07:27.098  4906  4906 D GStreamer+GST_PADS: 0:02:30.929092286 0xe8df3e00 gstpad.c:4111:gst_pad_peer_query:<gluploadelement1:src> query failed
06-06 22:07:27.098  4906  4906 I GStreamer+GST_CONTEXT: 0:02:30.929109161 0xe8df3e00 gstglutils.c:528:pad_query:<gluploadelement1:src> pad peer query failed
06-06 22:07:27.098  4906  4906 D GStreamer+GST_PADS: 0:02:30.929128796 0xe8df3e00 gstpad.c:4049:gst_pad_peer_query:<gluploadelement1:sink> peer query 0xe900d260 (context)
06-06 22:07:27.104  4906  4906 D GStreamer+bin: 0:02:30.935399317 0xe8df3e00 gstbin.c:2299:gst_bin_sort_iterator_next:<forhwgl> queue empty, elements exhausted
06-06 22:07:27.105  4906  4906 D GStreamer+GST_STATES: 0:02:30.936443796 0xe8df3e00 gstbin.c:2951:gst_bin_change_state_func:<forhwgl> iterator done
06-06 22:07:27.105  4906  4906 D GStreamer+bin: 0:02:30.936471973 0xe8df3e00 gstbin.c:2341:gst_bin_sort_iterator_free:<forhwgl> free
06-06 22:07:27.105  4906  4906 D GStreamer+bin: 0:02:30.936492338 0xe8df3e00 gstbin.c:2986:gst_bin_change_state_func:<forhwgl> no async elements
06-06 22:07:27.105  4906  4906 D GStreamer+GST_STATES: 0:02:30.936509734 0xe8df3e00 gstbin.c:3020:gst_bin_change_state_func:<forhwgl> done changing bin's state from NULL to READY, now in NULL, ret SUCCESS
06-06 22:07:27.105  4906  4906 D GStreamer+GST_STATES: 0:02:30.936532129 0xe8df3e00 gstelement.c:2686:gst_element_change_state:<forhwgl> element changed state SUCCESS
06-06 22:07:27.105  4906  4906 I GStreamer+GST_STATES: 0:02:30.936549890 0xe8df3e00 gstelement.c:2374:gst_element_continue_state:<forhwgl> completed state change to READY
06-06 22:07:27.105  4906  4906 I GStreamer+GST_STATES: 0:02:30.936568275 0xe8df3e00 gstelement.c:2279:_priv_gst_element_state_changed:<forhwgl> notifying about state-changed NULL to READY (VOID_PENDING pending)
06-06 22:07:27.106  4906  4906 D GStreamer+GST_BUS: 0:02:30.936593119 0xe8df3e00 gstbus.c:309:gst_bus_post:<bus8> [msg 0xe92f7800] posting on bus state-changed message: 0xe92f7800, time 99:99:99.999999999, seq-num 792, element 'forhwgl', GstMessageStateChanged, old-state=(GstState)GST_STATE_NULL, new-state=(GstState)GST_STATE_READY, pending-state=(GstState)GST_STATE_VOID_PENDING;
06-06 22:07:27.106  4906  4906 D GStreamer+bin: 0:02:30.936640879 0xe8df3e00 gstbin.c:3654:gst_bin_handle_message_func:<pipeline1> [msg 0xe92f7800] handling child forhwgl message of type state-changed
06-06 22:07:27.106  4906  4906 D GStreamer+bin: 0:02:30.936662025 0xe8df3e00 gstbin.c:3991:gst_bin_handle_message_func:<pipeline1> posting message upward
06-06 22:07:27.106  4906  4906 D GStreamer+GST_BUS: 0:02:30.936679421 0xe8df3e00 gstbus.c:309:gst_bus_post:<bus9> [msg 0xe92f7800] posting on bus state-changed message: 0xe92f7800, time 99:99:99.999999999, seq-num 792, element 'forhwgl', GstMessageStateChanged, old-state=(GstState)GST_STATE_NULL, new-state=(GstState)GST_STATE_READY, pending-state=(GstState)GST_STATE_VOID_PENDING;
06-06 22:07:27.106  4906  4906 D GStreamer+GST_BUS: 0:02:30.936722442 0xe8df3e00 gstbus.c:348:gst_bus_post:<bus9> [msg 0xe92f7800] pushing on async queue
06-06 22:07:27.106  4906  4906 D GStreamer+GST_BUS: 0:02:30.936746765 0xe8df3e00 gstbus.c:351:gst_bus_post:<bus9> [msg 0xe92f7800] pushed on async queue
06-06 22:07:27.106  4906  4906 D GStreamer+GST_BUS: 0:02:30.936767598 0xe8df3e00 gstbus.c:344:gst_bus_post:<bus8> [msg 0xe92f7800] dropped
06-06 22:07:27.106  4906  5116 D GStreamer+GST_BUS: 0:02:30.936761400 0xe93d1d00 gstbus.c:521:gst_bus_timed_pop_filtered:<bus9> got message 0xe92f7800, state-changed from forhwgl, type mask is 4294967295
06-06 22:07:27.106  4906  4906 D GStreamer+GST_STATES: 0:02:30.936797077 0xe8df3e00 gstelement.c:2609:gst_element_set_state_func:<forhwgl> returned SUCCESS
06-06 22:07:27.106  4906  4906 I GStreamer+GST_STATES: 0:02:30.936820254 0xe8df3e00 gstbin.c:2892:gst_bin_change_state_func:<pipeline1> child 'forhwgl' changed state to 2(READY) successfully
06-06 22:07:27.106  4906  5116 D GStreamer+GST_BUS: 0:02:30.936799629 0xe93d1d00 gstbus.c:789:gst_bus_source_dispatch:<bus9> source 0xe95618d8 calling dispatch with state-changed message: 0xe92f7800, time 99:99:99.999999999, seq-num 792, element 'forhwgl', GstMessageStateChanged, old-state=(GstState)GST_STATE_NULL, new-state=(GstState)GST_STATE_READY, pending-state=(GstState)GST_STATE_VOID_PENDING;
06-06 22:07:27.106  4906  4906 D GStreamer+bin: 0:02:30.936853744 0xe8df3e00 gstbin.c:2310:gst_bin_sort_iterator_next:<pipeline1> queue head gives queue2
06-06 22:07:27.106  4906  5116 D GStreamer+GST_BUS: 0:02:30.936863952 0xe93d1d00 gstbus.c:794:gst_bus_source_dispatch:<bus9> source 0xe95618d8 handler returns 1
06-06 22:07:27.106  4906  4906 D GStreamer+bin: 0:02:30.936875359 0xe8df3e00 gstbin.c:911:find_message:<pipeline1> no message found matching types 00001000
06-06 22:07:27.106  4906  4906 D GStreamer+bin: 0:02:30.936893900 0xe8df3e00 gstbin.c:918:find_message:<pipeline1>   structure-change
06-06 22:07:27.106  4906  4906 D GStreamer+bin: 0:02:30.936911921 0xe8df3e00 gstbin.c:2249:update_degree:<pipeline1> element queue2 not linked on any sinkpads
06-06 22:07:27.106  4906  4906 I GStreamer+GST_STATES: 0:02:30.936931244 0xe8df3e00 gstbin.c:2444:gst_bin_element_set_state:<queue2> current NULL pending VOID_PENDING, desired next READY
06-06 22:07:27.106  4906  4906 D GStreamer+bin: 0:02:30.936952963 0xe8df3e00 gstbin.c:911:find_message:<pipeline1> no message found matching types 00100000
06-06 22:07:27.106  4906  4906 D GStreamer+bin: 0:02:30.936972129 0xe8df3e00 gstbin.c:918:find_message:<pipeline1>   async-start
06-06 22:07:27.106  4906  4906 D GStreamer+bin: 0:02:30.936989838 0xe8df3e00 gstbin.c:2539:gst_bin_element_set_state:<pipeline1> setting element queue2 to READY, base_time 0:00:00.000000000
06-06 22:07:27.106  4906  4906 D GStreamer+GST_STATES: 0:02:30.937012494 0xe8df3e00 gstelement.c:2525:gst_element_set_state_func:<queue2> set_state to READY
06-06 22:07:27.106  4906  4906 D GStreamer+GST_STATES: 0:02:30.937030046 0xe8df3e00 gstelement.c:2550:gst_element_set_state_func:<queue2> setting target state to READY
06-06 22:07:27.106  4906  4906 D GStreamer+GST_STATES: 0:02:30.937047390 0xe8df3e00 gstelement.c:2563:gst_element_set_state_func:<queue2> current NULL, old_pending VOID_PENDING, next VOID_PENDING, old return SUCCESS
06-06 22:07:27.106  4906  4906 D GStreamer+GST_STATES: 0:02:30.937069057 0xe8df3e00 gstelement.c:2597:gst_element_set_state_func:<queue2> final: setting state from NULL to READY
06-06 22:07:27.106  4906  4906 D GStreamer+GST_STATES: 0:02:30.937090254 0xe8df3e00 gstelement.c:2686:gst_element_change_state:<queue2> element changed state SUCCESS
06-06 22:07:27.106  4906  4906 I GStreamer+GST_STATES: 0:02:30.937107234 0xe8df3e00 gstelement.c:2374:gst_element_continue_state:<queue2> completed state change to READY
06-06 22:07:27.106  4906  4906 I GStreamer+GST_STATES: 0:02:30.937124682 0xe8df3e00 gstelement.c:2279:_priv_gst_element_state_changed:<queue2> notifying about state-changed NULL to READY (VOID_PENDING pending)
06-06 22:07:27.106  4906  4906 D GStreamer+GST_BUS: 0:02:30.937148900 0xe8df3e00 gstbus.c:309:gst_bus_post:<bus8> [msg 0xe8ffae80] posting on bus state-changed message: 0xe8ffae80, time 99:99:99.999999999, seq-num 793, element 'queue2', GstMessageStateChanged, old-state=(GstState)GST_STATE_NULL, new-state=(GstState)GST_STATE_READY, pending-state=(GstState)GST_STATE_VOID_PENDING;
06-06 22:07:27.106  4906  4906 D GStreamer+bin: 0:02:30.937193796 0xe8df3e00 gstbin.c:3654:gst_bin_handle_message_func:<pipeline1> [msg 0xe8ffae80] handling child queue2 message of type state-changed
06-06 22:07:27.106  4906  4906 D GStreamer+bin: 0:02:30.937214369 0xe8df3e00 gstbin.c:3991:gst_bin_handle_message_func:<pipeline1> posting message upward
06-06 22:07:27.106  4906  4906 D GStreamer+GST_BUS: 0:02:30.937231296 0xe8df3e00 gstbus.c:309:gst_bus_post:<bus9> [msg 0xe8ffae80] posting on bus state-changed message: 0xe8ffae80, time 99:99:99.999999999, seq-num 793, element 'queue2', GstMessageStateChanged, old-state=(GstState)GST_STATE_NULL, new-state=(GstState)GST_STATE_READY, pending-state=(GstState)GST_STATE_VOID_PENDING;
06-06 22:07:27.106  4906  4906 D GStreamer+GST_BUS: 0:02:30.937272494 0xe8df3e00 gstbus.c:348:gst_bus_post:<bus9> [msg 0xe8ffae80] pushing on async queue
06-06 22:07:27.106  4906  4906 D GStreamer+GST_BUS: 0:02:30.937294682 0xe8df3e00 gstbus.c:351:gst_bus_post:<bus9> [msg 0xe8ffae80] pushed on async queue
06-06 22:07:27.106  4906  5116 D GStreamer+GST_BUS: 0:02:30.937307338 0xe93d1d00 gstbus.c:521:gst_bus_timed_pop_filtered:<bus9> got message 0xe8ffae80, state-changed from queue2, type mask is 4294967295
06-06 22:07:27.106  4906  4906 D GStreamer+GST_BUS: 0:02:30.937313536 0xe8df3e00 gstbus.c:344:gst_bus_post:<bus8> [msg 0xe8ffae80] dropped
06-06 22:07:27.106  4906  4906 D GStreamer+GST_STATES: 0:02:30.937340775 0xe8df3e00 gstelement.c:2609:gst_element_set_state_func:<queue2> returned SUCCESS
06-06 22:07:27.106  4906  4906 I GStreamer+GST_STATES: 0:02:30.937363379 0xe8df3e00 gstbin.c:2892:gst_bin_change_state_func:<pipeline1> child 'queue2' changed state to 2(READY) successfully
06-06 22:07:27.106  4906  5116 D GStreamer+GST_BUS: 0:02:30.937338640 0xe93d1d00 gstbus.c:789:gst_bus_source_dispatch:<bus9> source 0xe95618d8 calling dispatch with state-changed message: 0xe8ffae80, time 99:99:99.999999999, seq-num 793, element 'queue2', GstMessageStateChanged, old-state=(GstState)GST_STATE_NULL, new-state=(GstState)GST_STATE_READY, pending-state=(GstState)GST_STATE_VOID_PENDING;
06-06 22:07:27.106  4906  4906 D GStreamer+bin: 0:02:30.937395619 0xe8df3e00 gstbin.c:2295:gst_bin_sort_iterator_next:<pipeline1> queue empty, next best: q
06-06 22:07:27.106  4906  5116 D GStreamer+GST_BUS: 0:02:30.937401244 0xe93d1d00 gstbus.c:794:gst_bus_source_dispatch:<bus9> source 0xe95618d8 handler returns 1
06-06 22:07:27.106  4906  4906 D GStreamer+bin: 0:02:30.937431765 0xe8df3e00 gstbin.c:2310:gst_bin_sort_iterator_next:<pipeline1> queue head gives q
06-06 22:07:27.106  4906  4906 D GStreamer+bin: 0:02:30.937452911 0xe8df3e00 gstbin.c:911:find_message:<pipeline1> no message found matching types 00001000
06-06 22:07:27.106  4906  4906 D GStreamer+bin: 0:02:30.937470619 0xe8df3e00 gstbin.c:918:find_message:<pipeline1>   structure-change
06-06 22:07:27.106  4906  4906 D GStreamer+bin: 0:02:30.937490098 0xe8df3e00 gstbin.c:2226:update_degree:<pipeline1> change element filesrc1, degree 1->0, linked to q
06-06 22:07:27.106  4906  4906 D GStreamer+bin: 0:02:30.937510775 0xe8df3e00 gstbin.c:2109:add_to_queue:<pipeline1> adding 'filesrc1' to queue
06-06 22:07:27.106  4906  4906 I GStreamer+GST_STATES: 0:02:30.937531557 0xe8df3e00 gstbin.c:2444:gst_bin_element_set_state:<q> current NULL pending VOID_PENDING, desired next READY
06-06 22:07:27.106  4906  4906 D GStreamer+bin: 0:02:30.937552859 0xe8df3e00 gstbin.c:911:find_message:<pipeline1> no message found matching types 00100000
06-06 22:07:27.106  4906  4906 D GStreamer+bin: 0:02:30.937571296 0xe8df3e00 gstbin.c:918:find_message:<pipeline1>   async-start
06-06 22:07:27.107  4906  4906 D GStreamer+bin: 0:02:30.937588536 0xe8df3e00 gstbin.c:2539:gst_bin_element_set_state:<pipeline1> setting element q to READY, base_time 0:00:00.000000000
06-06 22:07:27.107  4906  4906 D GStreamer+GST_STATES: 0:02:30.937611244 0xe8df3e00 gstelement.c:2525:gst_element_set_state_func:<q> set_state to READY
06-06 22:07:27.107  4906  4906 D GStreamer+GST_STATES: 0:02:30.937629734 0xe8df3e00 gstelement.c:2550:gst_element_set_state_func:<q> setting target state to READY
06-06 22:07:27.107  4906  4906 D GStreamer+GST_STATES: 0:02:30.937647650 0xe8df3e00 gstelement.c:2563:gst_element_set_state_func:<q> current NULL, old_pending VOID_PENDING, next VOID_PENDING, old return SUCCESS
06-06 22:07:27.107  4906  4906 D GStreamer+GST_STATES: 0:02:30.937668327 0xe8df3e00 gstelement.c:2597:gst_element_set_state_func:<q> final: setting state from NULL to READY
06-06 22:07:27.107  4906  4906 D GStreamer+GST_STATES: 0:02:30.937690827 0xe8df3e00 gstelement.c:2686:gst_element_change_state:<q> element changed state SUCCESS
06-06 22:07:27.107  4906  4906 I GStreamer+GST_STATES: 0:02:30.937708015 0xe8df3e00 gstelement.c:2374:gst_element_continue_state:<q> completed state change to READY
06-06 22:07:27.107  4906  4906 I GStreamer+GST_STATES: 0:02:30.937725254 0xe8df3e00 gstelement.c:2279:_priv_gst_element_state_changed:<q> notifying about state-changed NULL to READY (VOID_PENDING pending)
06-06 22:07:27.107  4906  4906 D GStreamer+GST_BUS: 0:02:30.937748848 0xe8df3e00 gstbus.c:309:gst_bus_post:<bus8> [msg 0xe92f68b8] posting on bus state-changed message: 0xe92f68b8, time 99:99:99.999999999, seq-num 794, element 'q', GstMessageStateChanged, old-state=(GstState)GST_STATE_NULL, new-state=(GstState)GST_STATE_READY, pending-state=(GstState)GST_STATE_VOID_PENDING;
06-06 22:07:27.107  4906  4906 D GStreamer+bin: 0:02:30.937794213 0xe8df3e00 gstbin.c:3654:gst_bin_handle_message_func:<pipeline1> [msg 0xe92f68b8] handling child q message of type state-changed
06-06 22:07:27.107  4906  4906 D GStreamer+bin: 0:02:30.937817182 0xe8df3e00 gstbin.c:3991:gst_bin_handle_message_func:<pipeline1> posting message upward
06-06 22:07:27.107  4906  4906 D GStreamer+GST_BUS: 0:02:30.937835098 0xe8df3e00 gstbus.c:309:gst_bus_post:<bus9> [msg 0xe92f68b8] posting on bus state-changed message: 0xe92f68b8, time 99:99:99.999999999, seq-num 794, element 'q', GstMessageStateChanged, old-state=(GstState)GST_STATE_NULL, new-state=(GstState)GST_STATE_READY, pending-state=(GstState)GST_STATE_VOID_PENDING;
06-06 22:07:27.107  4906  4906 D GStreamer+GST_BUS: 0:02:30.937878015 0xe8df3e00 gstbus.c:348:gst_bus_post:<bus9> [msg 0xe92f68b8] pushing on async queue
06-06 22:07:27.107  4906  4906 D GStreamer+GST_BUS: 0:02:30.937901713 0xe8df3e00 gstbus.c:351:gst_bus_post:<bus9> [msg 0xe92f68b8] pushed on async queue
06-06 22:07:27.107  4906  4906 D GStreamer+GST_BUS: 0:02:30.937921296 0xe8df3e00 gstbus.c:344:gst_bus_post:<bus8> [msg 0xe92f68b8] dropped
06-06 22:07:27.107  4906  5116 D GStreamer+GST_BUS: 0:02:30.937914890 0xe93d1d00 gstbus.c:521:gst_bus_timed_pop_filtered:<bus9> got message 0xe92f68b8, state-changed from q, type mask is 4294967295
06-06 22:07:27.107  4906  4906 D GStreamer+GST_STATES: 0:02:30.937943588 0xe8df3e00 gstelement.c:2609:gst_element_set_state_func:<q> returned SUCCESS
06-06 22:07:27.107  4906  4906 I GStreamer+GST_STATES: 0:02:30.937965046 0xe8df3e00 gstbin.c:2892:gst_bin_change_state_func:<pipeline1> child 'q' changed state to 2(READY) successfully
06-06 22:07:27.107  4906  5116 D GStreamer+GST_BUS: 0:02:30.937945567 0xe93d1d00 gstbus.c:789:gst_bus_source_dispatch:<bus9> source 0xe95618d8 calling dispatch with state-changed message: 0xe92f68b8, time 99:99:99.999999999, seq-num 794, element 'q', GstMessageStateChanged, old-state=(GstState)GST_STATE_NULL, new-state=(GstState)GST_STATE_READY, pending-state=(GstState)GST_STATE_VOID_PENDING;
06-06 22:07:27.107  4906  4906 D GStreamer+bin: 0:02:30.937993536 0xe8df3e00 gstbin.c:2310:gst_bin_sort_iterator_next:<pipeline1> queue head gives filesrc1
06-06 22:07:27.107  4906  5116 D GStreamer+GST_BUS: 0:02:30.938003744 0xe93d1d00 gstbus.c:794:gst_bus_source_dispatch:<bus9> source 0xe95618d8 handler returns 1
06-06 22:07:27.107  4906  4906 D GStreamer+bin: 0:02:30.938014629 0xe8df3e00 gstbin.c:2249:update_degree:<pipeline1> element filesrc1 not linked on any sinkpads
06-06 22:07:27.107  4906  4906 I GStreamer+GST_STATES: 0:02:30.938033900 0xe8df3e00 gstbin.c:2444:gst_bin_element_set_state:<filesrc1> current NULL pending VOID_PENDING, desired next READY
06-06 22:07:27.107  4906  4906 D GStreamer+bin: 0:02:30.938055307 0xe8df3e00 gstbin.c:911:find_message:<pipeline1> no message found matching types 00100000
06-06 22:07:27.107  4906  4906 D GStreamer+bin: 0:02:30.938073432 0xe8df3e00 gstbin.c:918:find_message:<pipeline1>   async-start
06-06 22:07:27.107  4906  4906 D GStreamer+bin: 0:02:30.938091765 0xe8df3e00 gstbin.c:2539:gst_bin_element_set_state:<pipeline1> setting element filesrc1 to READY, base_time 0:00:00.000000000
06-06 22:07:27.107  4906  4906 D GStreamer+GST_STATES: 0:02:30.938115254 0xe8df3e00 gstelement.c:2525:gst_element_set_state_func:<filesrc1> set_state to READY
06-06 22:07:27.107  4906  4906 D GStreamer+GST_STATES: 0:02:30.938132702 0xe8df3e00 gstelement.c:2550:gst_element_set_state_func:<filesrc1> setting target state to READY
06-06 22:07:27.107  4906  4906 D GStreamer+GST_STATES: 0:02:30.938149890 0xe8df3e00 gstelement.c:2563:gst_element_set_state_func:<filesrc1> current NULL, old_pending VOID_PENDING, next VOID_PENDING, old return SUCCESS
06-06 22:07:27.107  4906  4906 D GStreamer+GST_STATES: 0:02:30.938170515 0xe8df3e00 gstelement.c:2597:gst_element_set_state_func:<filesrc1> final: setting state from NULL to READY
06-06 22:07:27.107  4906  4906 D GStreamer+GST_STATES: 0:02:30.938192702 0xe8df3e00 gstelement.c:2686:gst_element_change_state:<filesrc1> element changed state SUCCESS
06-06 22:07:27.107  4906  4906 I GStreamer+GST_STATES: 0:02:30.938209734 0xe8df3e00 gstelement.c:2374:gst_element_continue_state:<filesrc1> completed state change to READY
06-06 22:07:27.107  4906  4906 I GStreamer+GST_STATES: 0:02:30.938227442 0xe8df3e00 gstelement.c:2279:_priv_gst_element_state_changed:<filesrc1> notifying about state-changed NULL to READY (VOID_PENDING pending)
06-06 22:07:27.107  4906  4906 D GStreamer+GST_BUS: 0:02:30.938251661 0xe8df3e00 gstbus.c:309:gst_bus_post:<bus8> [msg 0xe92f6a18] posting on bus state-changed message: 0xe92f6a18, time 99:99:99.999999999, seq-num 795, element 'filesrc1', GstMessageStateChanged, old-state=(GstState)GST_STATE_NULL, new-state=(GstState)GST_STATE_READY, pending-state=(GstState)GST_STATE_VOID_PENDING;
06-06 22:07:27.107  4906  4906 D GStreamer+bin: 0:02:30.938295567 0xe8df3e00 gstbin.c:3654:gst_bin_handle_message_func:<pipeline1> [msg 0xe92f6a18] handling child filesrc1 message of type state-changed
06-06 22:07:27.107  4906  4906 D GStreamer+bin: 0:02:30.938317077 0xe8df3e00 gstbin.c:3991:gst_bin_handle_message_func:<pipeline1> posting message upward
06-06 22:07:27.107  4906  4906 D GStreamer+GST_BUS: 0:02:30.938333900 0xe8df3e00 gstbus.c:309:gst_bus_post:<bus9> [msg 0xe92f6a18] posting on bus state-changed message: 0xe92f6a18, time 99:99:99.999999999, seq-num 795, element 'filesrc1', GstMessageStateChanged, old-state=(GstState)GST_STATE_NULL, new-state=(GstState)GST_STATE_READY, pending-state=(GstState)GST_STATE_VOID_PENDING;
06-06 22:07:27.107  4906  4906 D GStreamer+GST_BUS: 0:02:30.938377286 0xe8df3e00 gstbus.c:348:gst_bus_post:<bus9> [msg 0xe92f6a18] pushing on async queue
06-06 22:07:27.107  4906  4906 D GStreamer+GST_BUS: 0:02:30.938399577 0xe8df3e00 gstbus.c:351:gst_bus_post:<bus9> [msg 0xe92f6a18] pushed on async queue
06-06 22:07:27.107  4906  5116 D GStreamer+GST_BUS: 0:02:30.938411973 0xe93d1d00 gstbus.c:521:gst_bus_timed_pop_filtered:<bus9> got message 0xe92f6a18, state-changed from filesrc1, type mask is 4294967295
06-06 22:07:27.107  4906  4906 D GStreamer+GST_BUS: 0:02:30.938437546 0xe8df3e00 gstbus.c:344:gst_bus_post:<bus8> [msg 0xe92f6a18] dropped
06-06 22:07:27.107  4906  4906 D GStreamer+GST_STATES: 0:02:30.938460827 0xe8df3e00 gstelement.c:2609:gst_element_set_state_func:<filesrc1> returned SUCCESS
06-06 22:07:27.107  4906  5116 D GStreamer+GST_BUS: 0:02:30.938449525 0xe93d1d00 gstbus.c:789:gst_bus_source_dispatch:<bus9> source 0xe95618d8 calling dispatch with state-changed message: 0xe92f6a18, time 99:99:99.999999999, seq-num 795, element 'filesrc1', GstMessageStateChanged, old-state=(GstState)GST_STATE_NULL, new-state=(GstState)GST_STATE_READY, pending-state=(GstState)GST_STATE_VOID_PENDING;
06-06 22:07:27.107  4906  4906 I GStreamer+GST_STATES: 0:02:30.938483327 0xe8df3e00 gstbin.c:2892:gst_bin_change_state_func:<pipeline1> child 'filesrc1' changed state to 2(READY) successfully
06-06 22:07:27.107  4906  5116 D GStreamer+GST_BUS: 0:02:30.938499057 0xe93d1d00 gstbus.c:794:gst_bus_source_dispatch:<bus9> source 0xe95618d8 handler returns 1
06-06 22:07:27.107  4906  4906 D GStreamer+bin: 0:02:30.938506504 0xe8df3e00 gstbin.c:2299:gst_bin_sort_iterator_next:<pipeline1> queue empty, elements exhausted
06-06 22:07:27.107  4906  4906 D GStreamer+GST_STATES: 0:02:30.938525879 0xe8df3e00 gstbin.c:2951:gst_bin_change_state_func:<pipeline1> iterator done
06-06 22:07:27.107  4906  4906 D GStreamer+bin: 0:02:30.938545723 0xe8df3e00 gstbin.c:2341:gst_bin_sort_iterator_free:<pipeline1> free
06-06 22:07:27.107  4906  4906 D GStreamer+bin: 0:02:30.938564734 0xe8df3e00 gstbin.c:2986:gst_bin_change_state_func:<pipeline1> no async elements
06-06 22:07:27.108  4906  4906 D GStreamer+GST_STATES: 0:02:30.938581713 0xe8df3e00 gstbin.c:3020:gst_bin_change_state_func:<pipeline1> done changing bin's state from NULL to READY, now in NULL, ret SUCCESS
