06-06 22:07:23.951  4906  5127 D GStreamer+basetransform: 0:02:27.782225047 0xe900d230 gstbasetransform.c:1356:gst_base_transform_setcaps:<capsfilter1:sink> have new caps 0xe952e540 video/x-h264, stream-format=(string)byte-stream, alignment=(string)au, level=(string)4, profile=(string)baseline, width=(int)1280, height=(int)1440, framerate=(fraction)151/3, pixel-aspect-ratio=(fraction)1/1, parsed=(boolean)true
06-06 22:07:23.951  4906  5116 I GStreamer+GST_EVENT: 0:02:27.782257547 0xe93d1d00 gstevent.c:1382:gst_event_new_reconfigure creating reconfigure event
06-06 22:07:23.951  4906  5127 D GStreamer+basetransform: 0:02:27.782270464 0xe900d230 gstbasetransform.c:533:gst_base_transform_transform_caps:<capsfilter1> transform caps (direction = 2)
06-06 22:07:23.951  4906  5116 D GStreamer+GST_EVENT: 0:02:27.782293120 0xe93d1d00 gstevent.c:302:gst_event_new_custom creating new event 0xe93d4448 reconfigure 61441
06-06 22:07:23.951  4906  5116 D GStreamer+GST_EVENT: 0:02:27.782323589 0xe93d1d00 gstpad.c:5536:gst_pad_send_event_unchecked:<sink:proxypad6> have event type reconfigure event: 0xe93d4448, time 99:99:99.999999999, seq-num 688, (NULL)
06-06 22:07:23.951  4906  5127 D GStreamer+capsfilter: 0:02:27.782360204 0xe900d230 gstcapsfilter.c:296:gst_capsfilter_transform_caps:<capsfilter1> input:     video/x-h264, stream-format=(string)byte-stream, alignment=(string)au, level=(string)4, profile=(string)baseline, width=(int)1280, height=(int)1440, framerate=(fraction)151/3, pixel-aspect-ratio=(fraction)1/1, parsed=(boolean)true
06-06 22:07:23.951  4906  5116 I GStreamer+GST_EVENT: 0:02:27.782362183 0xe93d1d00 gstpad.c:5641:gst_pad_send_event_unchecked:<sink:proxypad6> Received event on flushing pad. Discarding
06-06 22:07:23.951  4906  5127 D GStreamer+capsfilter: 0:02:27.782404266 0xe900d230 gstcapsfilter.c:297:gst_capsfilter_transform_caps:<capsfilter1> filter:    (NULL)
06-06 22:07:23.951  4906  5116 D GStreamer+GST_STATES: 0:02:27.782406089 0xe93d1d00 gstelement.c:2686:gst_element_change_state:<autoaudiosink0> element changed state SUCCESS
06-06 22:07:23.951  4906  5116 I GStreamer+GST_STATES: 0:02:27.782438381 0xe93d1d00 gstelement.c:2374:gst_element_continue_state:<autoaudiosink0> completed state change to NULL
06-06 22:07:23.951  4906  5116 I GStreamer+GST_STATES: 0:02:27.782463849 0xe93d1d00 gstelement.c:2279:_priv_gst_element_state_changed:<autoaudiosink0> notifying about state-changed READY to NULL (VOID_PENDING pending)
06-06 22:07:23.951  4906  5127 D GStreamer+capsfilter: 0:02:27.782437079 0xe900d230 gstcapsfilter.c:299:gst_capsfilter_transform_caps:<capsfilter1> caps filter:    video/x-h264, width=(int)[ 16, 4096 ], height=(int)[ 16, 4096 ], framerate=(fraction)[ 0/1, 2147483647/1 ], parsed=(boolean)true, stream-format=(string)byte-stream, alignment=(string)au, profile=(string)high; video/x-h264, width=(int)[ 16, 4096 ], height=(int)[ 16, 4096 ], framerate=(fraction)[ 0/1, 2147483647/1 ], parsed=(boolean)true, stream-format=(string)byte-stream, alignment=(string)au, profile=(string)main; video/x-h264, width=(int)[ 16, 4096 ], height=(int)[ 16, 4096 ], framerate=(fraction)[ 0/1, 2147483647/1 ], parsed=(boolean)true, stream-format=(string)byte-stream, alignment=(string)au, profile=(string)baseline; video/x-h264, width=(int)[ 16, 4096 ], height=(int)[ 16, 4096 ], framerate=(fraction)[ 0/1, 2147483647/1 ], parsed=(boolean)true, stream-format=(string)byte-stream, alignment=(string)au, profile=(string)constrained-baseline; video/x-h264, stream-format=(string)byte-stream, alignment
06-06 22:07:23.951  4906  5116 D GStreamer+GST_BUS: 0:02:27.782515047 0xe93d1d00 gstbus.c:309:gst_bus_post:<bus8> [msg 0xe92ef870] posting on bus state-changed message: 0xe92ef870, time 99:99:99.999999999, seq-num 689, element 'autoaudiosink0', GstMessageStateChanged, old-state=(GstState)GST_STATE_READY, new-state=(GstState)GST_STATE_NULL, pending-state=(GstState)GST_STATE_VOID_PENDING;
06-06 22:07:23.952  4906  5127 D GStreamer+capsfilter: 0:02:27.782575412 0xe900d230 gstcapsfilter.c:300:gst_capsfilter_transform_caps:<capsfilter1> intersect: video/x-h264, width=(int)1280, height=(int)1440, framerate=(fraction)151/3, parsed=(boolean)true, stream-format=(string)byte-stream, alignment=(string)au, profile=(string)baseline, level=(string)4, pixel-aspect-ratio=(fraction)1/1
06-06 22:07:23.952  4906  5116 D GStreamer+bin: 0:02:27.782578954 0xe93d1d00 gstbin.c:3654:gst_bin_handle_message_func:<pipeline1> [msg 0xe92ef870] handling child autoaudiosink0 message of type state-changed
06-06 22:07:23.952  4906  5116 D GStreamer+bin: 0:02:27.782625412 0xe93d1d00 gstbin.c:3991:gst_bin_handle_message_func:<pipeline1> posting message upward
06-06 22:07:23.952  4906  5127 D GStreamer+basetransform: 0:02:27.782619683 0xe900d230 gstbasetransform.c:560:gst_base_transform_transform_caps:<capsfilter1> to: video/x-h264, width=(int)1280, height=(int)1440, framerate=(fraction)151/3, parsed=(boolean)true, stream-format=(string)byte-stream, alignment=(string)au, profile=(string)baseline, level=(string)4, pixel-aspect-ratio=(fraction)1/1
06-06 22:07:23.952  4906  5127 D GStreamer+basetransform: 0:02:27.782660620 0xe900d230 gstbasetransform.c:1142:gst_base_transform_find_transform:<capsfilter1> intersecting against padtemplate ANY
06-06 22:07:23.952  4906  5116 D GStreamer+GST_BUS: 0:02:27.782651141 0xe93d1d00 gstbus.c:309:gst_bus_post:<bus9> [msg 0xe92ef870] posting on bus state-changed message: 0xe92ef870, time 99:99:99.999999999, seq-num 689, element 'autoaudiosink0', GstMessageStateChanged, old-state=(GstState)GST_STATE_READY, new-state=(GstState)GST_STATE_NULL, pending-state=(GstState)GST_STATE_VOID_PENDING;
06-06 22:07:23.952  4906  5127 D GStreamer+basetransform: 0:02:27.782688745 0xe900d230 gstbasetransform.c:1217:gst_base_transform_find_transform have fixed caps video/x-h264, width=(int)1280, height=(int)1440, framerate=(fraction)151/3, parsed=(boolean)true, stream-format=(string)byte-stream, alignment=(string)au, profile=(string)baseline, level=(string)4, pixel-aspect-ratio=(fraction)1/1
06-06 22:07:23.952  4906  5116 D GStreamer+GST_BUS: 0:02:27.782701714 0xe93d1d00 gstbus.c:348:gst_bus_post:<bus9> [msg 0xe92ef870] pushing on async queue
06-06 22:07:23.952  4906  5116 D GStreamer+GST_BUS: 0:02:27.782752235 0xe93d1d00 gstbus.c:351:gst_bus_post:<bus9> [msg 0xe92ef870] pushed on async queue
06-06 22:07:23.952  4906  5127 D GStreamer+basetransform: 0:02:27.782729110 0xe900d230 gstbasetransform.c:1224:gst_base_transform_find_transform:<capsfilter1> calling fixate_caps for video/x-h264, width=(int)1280, height=(int)1440, framerate=(fraction)151/3, parsed=(boolean)true, stream-format=(string)byte-stream, alignment=(string)au, profile=(string)baseline, level=(string)4, pixel-aspect-ratio=(fraction)1/1 using caps video/x-h264, stream-format=(string)byte-stream, alignment=(string)au, level=(string)4, profile=(string)baseline, width=(int)1280, height=(int)1440, framerate=(fraction)151/3, pixel-aspect-ratio=(fraction)1/1, parsed=(boolean)true on pad capsfilter1:src
06-06 22:07:23.952  4906  5116 D GStreamer+GST_BUS: 0:02:27.782779422 0xe93d1d00 gstbus.c:344:gst_bus_post:<bus8> [msg 0xe92ef870] dropped
06-06 22:07:23.952  4906  5116 D GStreamer+GST_STATES: 0:02:27.782803589 0xe93d1d00 gstelement.c:2609:gst_element_set_state_func:<autoaudiosink0> returned SUCCESS
06-06 22:07:23.952  4906  5127 D GStreamer+basetransform: 0:02:27.782801193 0xe900d230 gstbasetransform.c:1091:gst_base_transform_default_fixate_caps:<capsfilter1> fixated to video/x-h264, width=(int)1280, height=(int)1440, framerate=(fraction)151/3, parsed=(boolean)true, stream-format=(string)byte-stream, alignment=(string)au, profile=(string)baseline, level=(string)4, pixel-aspect-ratio=(fraction)1/1
06-06 22:07:23.952  4906  5116 I GStreamer+GST_STATES: 0:02:27.782843797 0xe93d1d00 gstbin.c:2892:gst_bin_change_state_func:<pipeline1> child 'autoaudiosink0' changed state to 1(NULL) successfully
06-06 22:07:23.952  4906  5127 D GStreamer+basetransform: 0:02:27.782841297 0xe900d230 gstbasetransform.c:1230:gst_base_transform_find_transform:<capsfilter1> after fixating video/x-h264, width=(int)1280, height=(int)1440, framerate=(fraction)151/3, parsed=(boolean)true, stream-format=(string)byte-stream, alignment=(string)au, profile=(string)baseline, level=(string)4, pixel-aspect-ratio=(fraction)1/1
06-06 22:07:23.952  4906  5116 D GStreamer+bin: 0:02:27.782875360 0xe93d1d00 gstbin.c:2310:gst_bin_sort_iterator_next:<pipeline1> queue head gives glimagesinkbin1
06-06 22:07:23.952  4906  5116 D GStreamer+bin: 0:02:27.782897443 0xe93d1d00 gstbin.c:911:find_message:<pipeline1> no message found matching types 00001000
06-06 22:07:23.952  4906  5127 D GStreamer+basetransform: 0:02:27.782881714 0xe900d230 gstbasetransform.c:1242:gst_base_transform_find_transform:<capsfilter1> Input caps were video/x-h264, stream-format=(string)byte-stream, alignment=(string)au, level=(string)4, profile=(string)baseline, width=(int)1280, height=(int)1440, framerate=(fraction)151/3, pixel-aspect-ratio=(fraction)1/1, parsed=(boolean)true, and got final caps video/x-h264, width=(int)1280, height=(int)1440, framerate=(fraction)151/3, parsed=(boolean)true, stream-format=(string)byte-stream, alignment=(string)au, profile=(string)baseline, level=(string)4, pixel-aspect-ratio=(fraction)1/1
06-06 22:07:23.952  4906  5116 D GStreamer+bin: 0:02:27.782922547 0xe93d1d00 gstbin.c:918:find_message:<pipeline1>   structure-change
06-06 22:07:23.952  4906  5127 I GStreamer+basetransform: 0:02:27.782945881 0xe900d230 gstbasetransform.c:1367:gst_base_transform_setcaps:<capsfilter1> reuse caps
06-06 22:07:23.952  4906  5116 D GStreamer+bin: 0:02:27.782969474 0xe93d1d00 gstbin.c:2226:update_degree:<pipeline1> change element forhalffps, degree 1->0, linked to glimagesinkbin1
06-06 22:07:23.952  4906  5127 D GStreamer+GST_CAPS: 0:02:27.782968485 0xe900d230 gstpad.c:2672:gst_pad_get_current_caps:<capsfilter1:sink> get current pad caps video/x-h264, parsed=(boolean)true, stream-format=(string)avc, alignment=(string)au, width=(int)1280, height=(int)1440, framerate=(fraction)151/3, profile=(string)baseline
06-06 22:07:23.952  4906  5116 D GStreamer+bin: 0:02:27.783002756 0xe93d1d00 gstbin.c:2109:add_to_queue:<pipeline1> adding 'forhalffps' to queue
06-06 22:07:23.952  4906  5127 D GStreamer+GST_CAPS: 0:02:27.783012026 0xe900d230 gstpad.c:2672:gst_pad_get_current_caps:<capsfilter1:src> get current pad caps video/x-h264, parsed=(boolean)true, stream-format=(string)avc, alignment=(string)au, width=(int)1280, height=(int)1440, framerate=(fraction)151/3, profile=(string)baseline
06-06 22:07:23.952  4906  5127 D GStreamer+basetransform: 0:02:27.783055724 0xe900d230 gstbasetransform.c:1061:gst_base_transform_configure_caps:<capsfilter1> in caps:  video/x-h264, stream-format=(string)byte-stream, alignment=(string)au, level=(string)4, profile=(string)baseline, width=(int)1280, height=(int)1440, framerate=(fraction)151/3, pixel-aspect-ratio=(fraction)1/1, parsed=(boolean)true
06-06 22:07:23.952  4906  5127 D GStreamer+basetransform: 0:02:27.783097599 0xe900d230 gstbasetransform.c:1062:gst_base_transform_configure_caps:<capsfilter1> out caps: video/x-h264, stream-format=(string)byte-stream, alignment=(string)au, level=(string)4, profile=(string)baseline, width=(int)1280, height=(int)1440, framerate=(fraction)151/3, pixel-aspect-ratio=(fraction)1/1, parsed=(boolean)true
06-06 22:07:23.952  4906  5127 D GStreamer+basetransform: 0:02:27.783152131 0xe900d230 gstbasetransform.c:1070:gst_base_transform_configure_caps:<capsfilter1> have_same_caps: 1
06-06 22:07:23.952  4906  5116 I GStreamer+GST_STATES: 0:02:27.783023797 0xe93d1d00 gstbin.c:2444:gst_bin_element_set_state:<glimagesinkbin1> current READY pending PAUSED, desired next NULL
06-06 22:07:23.952  4906  5127 I GStreamer+GST_EVENT: 0:02:27.783178797 0xe900d230 gstevent.c:679:gst_event_new_caps creating caps event video/x-h264, stream-format=(string)byte-stream, alignment=(string)au, level=(string)4, profile=(string)baseline, width=(int)1280, height=(int)1440, framerate=(fraction)151/3, pixel-aspect-ratio=(fraction)1/1, parsed=(boolean)true
06-06 22:07:23.952  4906  5116 D GStreamer+bin: 0:02:27.783219787 0xe93d1d00 gstbin.c:911:find_message:<pipeline1> no message found matching types 00100000
06-06 22:07:23.952  4906  5127 D GStreamer+GST_EVENT: 0:02:27.783224318 0xe900d230 gstevent.c:302:gst_event_new_custom creating new event 0xe93c86f0 caps 12814
06-06 22:07:23.952  4906  5116 D GStreamer+bin: 0:02:27.783246766 0xe93d1d00 gstbin.c:918:find_message:<pipeline1>   async-start
06-06 22:07:23.952  4906  5127 D GStreamer+GST_PADS: 0:02:27.783250724 0xe900d230 gstpad.c:5093:store_sticky_event:<capsfilter1:src> notify caps
06-06 22:07:23.952  4906  5127 D GStreamer+GST_PADS: 0:02:27.783341454 0xe900d230 gstpad.c:3853:check_sticky:<capsfilter1:src> pushing all sticky events
06-06 22:07:23.952  4906  5116 D GStreamer+bin: 0:02:27.783331662 0xe93d1d00 gstbin.c:2539:gst_bin_element_set_state:<pipeline1> setting element glimagesinkbin1 to NULL, base_time 0:00:00.000000000
06-06 22:07:23.952  4906  5127 D GStreamer+GST_PADS: 0:02:27.783368276 0xe900d230 gstpad.c:3785:push_sticky:<capsfilter1:src> event stream-start was already received
06-06 22:07:23.952  4906  5127 D GStreamer+GST_PADS: 0:02:27.783391193 0xe900d230 gstpad.c:5306:gst_pad_push_event_unchecked:<capsfilter1:src> Dropping event caps because pad is not linked
06-06 22:07:23.952  4906  5127 D GStreamer+GST_PADS: 0:02:27.783424579 0xe900d230 gstpad.c:3824:push_sticky:<capsfilter1:src> pad was not linked, mark pending
06-06 22:07:23.952  4906  5127 D GStreamer+basetransform: 0:02:27.783449422 0xe900d230 gstbasetransform.c:994:gst_base_transform_do_bufferpool:<capsfilter1> we're passthough, delay bufferpool
06-06 22:07:23.952  4906  5127 D GStreamer+GST_PADS: 0:02:27.783474526 0xe900d230 gstpad.c:5609:gst_pad_send_event_unchecked:<capsfilter1:sink> sent event, ret ok
06-06 22:07:23.952  4906  5127 D GStreamer+GST_PADS: 0:02:27.783504943 0xe900d230 gstpad.c:5093:store_sticky_event:<capsfilter1:sink> notify caps
06-06 22:07:23.952  4906  5116 D GStreamer+GST_STATES: 0:02:27.783368224 0xe93d1d00 gstelement.c:2525:gst_element_set_state_func:<glimagesinkbin1> set_state to NULL
06-06 22:07:23.952  4906  5116 D GStreamer+GST_STATES: 0:02:27.783538537 0xe93d1d00 gstelement.c:2550:gst_element_set_state_func:<glimagesinkbin1> setting target state to NULL
06-06 22:07:23.952  4906  5126 D GStreamer+GST_PADS: 0:02:27.783534214 0xe900d1b0 gstpad.c:5978:gst_pad_start_task:<amcaudiodec-omxgooglemp3decoder0:src> start task
06-06 22:07:23.952  4906  5127 D GStreamer+GST_PADS: 0:02:27.783536714 0xe900d230 gstpad.c:3805:push_sticky:<h264parse1:src> event caps marked received
06-06 22:07:23.953  4906  5116 D GStreamer+GST_STATES: 0:02:27.783567547 0xe93d1d00 gstelement.c:2563:gst_element_set_state_func:<glimagesinkbin1> current READY, old_pending PAUSED, next PAUSED, old return ASYNC
06-06 22:07:23.953  4906  5127 D GStreamer+GST_PADS: 0:02:27.783578016 0xe900d230 gstpad.c:3785:push_sticky:<h264parse1:src> event segment was already received
06-06 22:07:23.953  4906  5126 D GStreamer+task: 0:02:27.783599891 0xe900d1b0 gsttask.c:427:gst_task_new Created task 0xe924e028
06-06 22:07:23.953  4906  5127 D GStreamer+GST_PADS: 0:02:27.783603641 0xe900d230 gstpad.c:3785:push_sticky:<h264parse1:src> event tag was already received
06-06 22:07:23.953  4906  5126 I GStreamer+task: 0:02:27.783623329 0xe900d1b0 gsttask.c:453:gst_task_set_lock setting stream lock 0xe952c464 on task 0xe924e028
06-06 22:07:23.953  4906  5127 D GStreamer+GST_PADS: 0:02:27.783626141 0xe900d230 gstpad.c:3785:push_sticky:<h264parse1:src> event tag was already received
06-06 22:07:23.953  4906  5127 D GStreamer+h264parse: 0:02:27.783660829 0xe900d230 gsth264parse.c:1934:gst_h264_parse_get_timestamp:<h264parse1> unable to compute timestamp: VUI not present
06-06 22:07:23.953  4906  5126 I GStreamer+GST_PADS: 0:02:27.783659006 0xe900d1b0 gstpad.c:5987:gst_pad_start_task:<amcaudiodec-omxgooglemp3decoder0:src> created task 0xe924e028
06-06 22:07:23.953  4906  5126 D GStreamer+GST_PADS: 0:02:27.783689735 0xe900d1b0 gstpad.c:5904:do_stream_status:<amcaudiodec-omxgooglemp3decoder0:src> doing stream-status 0
06-06 22:07:23.953  4906  5127 D GStreamer+adapter: 0:02:27.783690412 0xe900d230 gstadapter.c:296:copy_into_unchecked bsize 14, skip 0, csize 14
06-06 22:07:23.953  4906  5126 D GStreamer+GST_PADS: 0:02:27.783727860 0xe900d1b0 gstpad.c:5933:do_stream_status:<amcaudiodec-omxgooglemp3decoder0:src> posting stream-status 0
06-06 22:07:23.953  4906  5127 D GStreamer+GST_MEMORY: 0:02:27.783740724 0xe900d230 gstmemory.c:138:gst_memory_init new memory 0xe92a7af0, maxsize:45550 offset:0 size:45550
06-06 22:07:23.953  4906  5116 D GStreamer+GST_STATES: 0:02:27.783620933 0xe93d1d00 gstelement.c:2597:gst_element_set_state_func:<glimagesinkbin1> intermediate: setting state from PAUSED to READY
06-06 22:07:23.953  4906  5127 D GStreamer+GST_MEMORY: 0:02:27.783769579 0xe900d230 gstmemory.c:87:_gst_memory_free free memory 0xe92f99c8
06-06 22:07:23.953  4906  5127 D GStreamer+GST_MEMORY: 0:02:27.783790099 0xe900d230 gstmemory.c:87:_gst_memory_free free memory 0xe92be0c8
06-06 22:07:23.953  4906  5116 D GStreamer+glimagesink: 0:02:27.783790672 0xe93d1d00 gstglsinkbin.c:374:gst_gl_sink_bin_change_state changing state: PAUSED => READY
06-06 22:07:23.953  4906  5126 D GStreamer+GST_BUS: 0:02:27.783754735 0xe900d1b0 gstbus.c:309:gst_bus_post:<bus6> [msg 0xe9012330] posting on bus stream-status message: 0xe9012330, time 99:99:99.999999999, seq-num 691, element 'src', GstMessageStreamStatus, type=(GstStreamStatusType)GST_STREAM_STATUS_TYPE_CREATE, owner=(GstElement)"\(GstAmcAudioDec-OmxGoogleMp3Decoder\)\ amcaudiodec-omxgooglemp3decoder0", object=(GstTask)"\(GstTask\)\ task9";
06-06 22:07:23.953  4906  5127 D GStreamer+GST_MEMORY: 0:02:27.783820204 0xe900d230 gstmemory.c:87:_gst_memory_free free memory 0xe92f9960
06-06 22:07:23.953  4906  5116 D GStreamer+GST_STATES: 0:02:27.783822235 0xe93d1d00 gstbin.c:2792:gst_bin_change_state_func:<glimagesinkbin1> changing state of children from PAUSED to READY
06-06 22:07:23.953  4906  5127 D GStreamer+GST_MEMORY: 0:02:27.783840256 0xe900d230 gstmemory.c:87:_gst_memory_free free memory 0xe956c0d0
06-06 22:07:23.953  4906  5127 D GStreamer+GST_MEMORY: 0:02:27.783863016 0xe900d230 gstmemory.c:87:_gst_memory_free free memory 0xe94a3028
06-06 22:07:23.953  4906  5116 D GStreamer+bin: 0:02:27.783869006 0xe93d1d00 gstbin.c:2829:gst_bin_change_state_func:<glimagesinkbin1> clearing all cached messages
06-06 22:07:23.953  4906  5126 D GStreamer+decodebin: 0:02:27.783836922 0xe900d1b0 gstdecodebin2.c:5492:gst_decode_bin_handle_message:<decodebin2> Forwarding msg stream-status message: 0xe9012330, time 99:99:99.999999999, seq-num 691, element 'src', GstMessageStreamStatus, type=(GstStreamStatusType)GST_STREAM_STATUS_TYPE_CREATE, owner=(GstElement)"\(GstAmcAudioDec-OmxGoogleMp3Decoder\)\ amcaudiodec-omxgooglemp3decoder0", object=(GstTask)"\(GstTask\)\ task9";
06-06 22:07:23.953  4906  5116 D GStreamer+bin: 0:02:27.783894110 0xe93d1d00 gstbin.c:986:bin_remove_messages:<sink> deleting message 0xe92ef678 of types 0xffffffff
06-06 22:07:23.953  4906  5127 D GStreamer+query: 0:02:27.783896766 0xe900d230 gstquery.c:674:gst_query_new_custom creating new query 0xe92fd7b0 seeking
06-06 22:07:23.953  4906  5126 D GStreamer+bin: 0:02:27.783915933 0xe900d1b0 gstbin.c:3654:gst_bin_handle_message_func:<decodebin2> [msg 0xe9012330] handling child src message of type stream-status
06-06 22:07:23.953  4906  5116 D GStreamer+bin: 0:02:27.783926245 0xe93d1d00 gstbin.c:2637:gst_bin_src_pads_activate:<glimagesinkbin1> deactivate pads
06-06 22:07:23.953  4906  5127 D GStreamer+GST_PADS: 0:02:27.783926610 0xe900d230 gstpad.c:4049:gst_pad_peer_query:<h264parse1:sink> peer query 0xe92fd7b0 (seeking)
06-06 22:07:23.953  4906  5126 D GStreamer+bin: 0:02:27.783941714 0xe900d1b0 gstbin.c:3991:gst_bin_handle_message_func:<decodebin2> posting message upward
06-06 22:07:23.953  4906  5127 D GStreamer+GST_PADS: 0:02:27.783960516 0xe900d230 gstpad.c:3922:gst_pad_query:<typefind:src> doing query 0xe92fd7b0 (seeking)
06-06 22:07:23.953  4906  5116 D GStreamer+bin: 0:02:27.783956297 0xe93d1d00 gstbin.c:2645:gst_bin_src_pads_activate:<glimagesinkbin1> pad deactivation successful
06-06 22:07:23.953  4906  5127 D GStreamer+typefind: 0:02:27.783992235 0xe900d230 gsttypefindelement.c:417:gst_type_find_handle_src_query:<typefind> Handling src query seeking
06-06 22:07:23.953  4906  5116 D GStreamer+bin: 0:02:27.784006089 0xe93d1d00 gstbin.c:2323:gst_bin_sort_iterator_resync:<glimagesinkbin1> resync
06-06 22:07:23.953  4906  5126 D GStreamer+GST_BUS: 0:02:27.783962339 0xe900d1b0 gstbus.c:309:gst_bus_post:<bus8> [msg 0xe9012330] posting on bus stream-status message: 0xe9012330, time 99:99:99.999999999, seq-num 691, element 'src', GstMessageStreamStatus, type=(GstStreamStatusType)GST_STREAM_STATUS_TYPE_CREATE, owner=(GstElement)"\(GstAmcAudioDec-OmxGoogleMp3Decoder\)\ amcaudiodec-omxgooglemp3decoder0", object=(GstTask)"\(GstTask\)\ task9";
06-06 22:07:23.953  4906  5127 D GStreamer+GST_PADS: 0:02:27.784021870 0xe900d230 gstpad.c:3367:gst_pad_query_default:<typefind:src> forwarding 0xe92fd7b0 (seeking) query
06-06 22:07:23.953  4906  5116 D GStreamer+bin: 0:02:27.784026610 0xe93d1d00 gstbin.c:2109:add_to_queue:<glimagesinkbin1> adding 'sink' to queue
06-06 22:07:23.953  4906  5126 D GStreamer+bin: 0:02:27.784036245 0xe900d1b0 gstbin.c:3654:gst_bin_handle_message_func:<pipeline1> [msg 0xe9012330] handling child src message of type stream-status
06-06 22:07:23.953  4906  5127 D GStreamer+GST_PADS: 0:02:27.784062860 0xe900d230 gstpad.c:2827:gst_pad_iterate_internal_links_default:<typefind:src> Making iterator
06-06 22:07:23.953  4906  5126 D GStreamer+bin: 0:02:27.784091714 0xe900d1b0 gstbin.c:3991:gst_bin_handle_message_func:<pipeline1> posting message upward
06-06 22:07:23.953  4906  5127 D GStreamer+GST_PADS: 0:02:27.784094214 0xe900d230 gstpad.c:4049:gst_pad_peer_query:<typefind:sink> peer query 0xe92fd7b0 (seeking)
06-06 22:07:23.953  4906  5116 D GStreamer+bin: 0:02:27.784092599 0xe93d1d00 gstbin.c:911:find_message:<glimagesinkbin1> no message found matching types 00001000
06-06 22:07:23.953  4906  5116 D GStreamer+bin: 0:02:27.784145360 0xe93d1d00 gstbin.c:918:find_message:<glimagesinkbin1>   structure-change
06-06 22:07:23.953  4906  5127 D GStreamer+GST_PADS: 0:02:27.784140047 0xe900d230 gstpad.c:3922:gst_pad_query:<sink:proxypad3> doing query 0xe92fd7b0 (seeking)
06-06 22:07:23.953  4906  5126 D GStreamer+GST_BUS: 0:02:27.784123693 0xe900d1b0 gstbus.c:309:gst_bus_post:<bus9> [msg 0xe9012330] posting on bus stream-status message: 0xe9012330, time 99:99:99.999999999, seq-num 691, element 'src', GstMessageStreamStatus, type=(GstStreamStatusType)GST_STREAM_STATUS_TYPE_CREATE, owner=(GstElement)"\(GstAmcAudioDec-OmxGoogleMp3Decoder\)\ amcaudiodec-omxgooglemp3decoder0", object=(GstTask)"\(GstTask\)\ task9";
06-06 22:07:23.953  4906  5127 D GStreamer+GST_PADS: 0:02:27.784186922 0xe900d230 gstpad.c:3367:gst_pad_query_default:<sink:proxypad3> forwarding 0xe92fd7b0 (seeking) query
06-06 22:07:23.953  4906  5126 D GStreamer+GST_BUS: 0:02:27.784203433 0xe900d1b0 gstbus.c:348:gst_bus_post:<bus9> [msg 0xe9012330] pushing on async queue
06-06 22:07:23.953  4906  5116 D GStreamer+bin: 0:02:27.784177339 0xe93d1d00 gstbin.c:2226:update_degree:<glimagesinkbin1> change element glcolorbalance1, degree 0->1, linked to sink
06-06 22:07:23.953  4906  5126 D GStreamer+GST_BUS: 0:02:27.784231818 0xe900d1b0 gstbus.c:351:gst_bus_post:<bus9> [msg 0xe9012330] pushed on async queue
06-06 22:07:23.953  4906  5116 D GStreamer+bin: 0:02:27.784239318 0xe93d1d00 gstbin.c:911:find_message:<glimagesinkbin1> no message found matching types 00001000
06-06 22:07:23.953  4906  5127 D GStreamer+GST_PADS: 0:02:27.784231714 0xe900d230 gstpad.c:4049:gst_pad_peer_query:<forhwgl:sink> peer query 0xe92fd7b0 (seeking)
06-06 22:07:23.953  4906  5126 D GStreamer+GST_BUS: 0:02:27.784267391 0xe900d1b0 gstbus.c:344:gst_bus_post:<bus8> [msg 0xe9012330] dropped
06-06 22:07:23.953  4906  5127 D GStreamer+GST_PADS: 0:02:27.784277860 0xe900d230 gstpad.c:3922:gst_pad_query:<queue2:src> doing query 0xe92fd7b0 (seeking)
06-06 22:07:23.953  4906  5126 D GStreamer+GST_BUS: 0:02:27.784299162 0xe900d1b0 gstbus.c:344:gst_bus_post:<bus6> [msg 0xe9012330] dropped
06-06 22:07:23.953  4906  5116 D GStreamer+bin: 0:02:27.784274162 0xe93d1d00 gstbin.c:918:find_message:<glimagesinkbin1>   structure-change
06-06 22:07:23.953  4906  5127 D GStreamer+GST_PADS: 0:02:27.784307339 0xe900d230 gstpad.c:3367:gst_pad_query_default:<queue2:src> forwarding 0xe92fd7b0 (seeking) query
06-06 22:07:23.953  4906  5126 D GStreamer+task: 0:02:27.784330151 0xe900d1b0 gsttask.c:684:gst_task_set_state:<task9> Changing task 0xe924e028 to state 0
06-06 22:07:23.953  4906  5127 D GStreamer+GST_PADS: 0:02:27.784337339 0xe900d230 gstpad.c:2827:gst_pad_iterate_internal_links_default:<queue2:src> Making iterator
06-06 22:07:23.953  4906  5116 D GStreamer+bin: 0:02:27.784337860 0xe93d1d00 gstbin.c:2226:update_degree:<glimagesinkbin1> change element glcolorconvertelement1, degree 0->1, linked to glcolorbalance1
06-06 22:07:23.953  4906  5127 D GStreamer+GST_PADS: 0:02:27.784373901 0xe900d230 gstpad.c:4049:gst_pad_peer_query:<queue2:sink> peer query 0xe92fd7b0 (seeking)
06-06 22:07:23.953  4906  5127 D GStreamer+GST_PADS: 0:02:27.784398224 0xe900d230 gstpad.c:3922:gst_pad_query:<q:video_0> doing query 0xe92fd7b0 (seeking)
06-06 22:07:23.953  4906  5116 D GStreamer+bin: 0:02:27.784386141 0xe93d1d00 gstbin.c:911:find_message:<glimagesinkbin1> no message found matching types 00001000
06-06 22:07:23.953  4906  5127 D GStreamer+GST_PADS: 0:02:27.784434995 0xe900d230 gstpad.c:3367:gst_pad_query_default:<q:video_0> forwarding 0xe92fd7b0 (seeking) query
06-06 22:07:23.953  4906  5116 D GStreamer+bin: 0:02:27.784454631 0xe93d1d00 gstbin.c:918:find_message:<glimagesinkbin1>   structure-change
06-06 22:07:23.953  4906  5126 D GStreamer+GST_PADS: 0:02:27.784435620 0xe900d1b0 gstpad.c:5609:gst_pad_send_event_unchecked:<amcaudiodec-omxgooglemp3decoder0:sink> sent event, ret ok
06-06 22:07:23.953  4906  5127 D GStreamer+GST_PADS: 0:02:27.784467756 0xe900d230 gstpad.c:2827:gst_pad_iterate_internal_links_default:<q:video_0> Making iterator
06-06 22:07:23.953  4906  5126 D GStreamer+GST_PADS: 0:02:27.784488849 0xe900d1b0 gstpad.c:5093:store_sticky_event:<amcaudiodec-omxgooglemp3decoder0:sink> notify caps
06-06 22:07:23.953  4906  5127 D GStreamer+GST_PADS: 0:02:27.784490724 0xe900d230 gstpad.c:4049:gst_pad_peer_query:<q:sink> peer query 0xe92fd7b0 (seeking)
06-06 22:07:23.953  4906  5116 D GStreamer+bin: 0:02:27.784481454 0xe93d1d00 gstbin.c:2226:update_degree:<glimagesinkbin1> change element gluploadelement1, degree 0->1, linked to glcolorconvertelement1
06-06 22:07:23.953  4906  5132 D GStreamer+task: 0:02:27.784511662 0xe95393b0 gsttask.c:289:gst_task_func Entering task 0xe924e028, thread 0xe95393b0
06-06 22:07:23.953  4906  5116 D GStreamer+bin: 0:02:27.784555099 0xe93d1d00 gstbin.c:911:find_message:<glimagesinkbin1> no message found matching types 00001000
06-06 22:07:23.953  4906  5127 D GStreamer+GST_PADS: 0:02:27.784532912 0xe900d230 gstpad.c:3922:gst_pad_query:<filesrc1:src> doing query 0xe92fd7b0 (seeking)
06-06 22:07:23.953  4906  5126 D GStreamer+GST_STATES: 0:02:27.784536818 0xe900d1b0 gstelement.c:1972:gst_element_set_locked_state unlocking state of element amcaudiodec-omxgooglemp3decoder0
06-06 22:07:23.953  4906  5132 D GStreamer+GST_PADS: 0:02:27.784550985 0xe95393b0 gstpad.c:5904:do_stream_status:<amcaudiodec-omxgooglemp3decoder0:src> doing stream-status 1
06-06 22:07:23.954  4906  5116 D GStreamer+bin: 0:02:27.784584318 0xe93d1d00 gstbin.c:918:find_message:<glimagesinkbin1>   structure-change
06-06 22:07:23.954  4906  5127 D GStreamer+basesrc: 0:02:27.784589422 0xe900d230 gstbasesrc.c:1295:gst_base_src_default_query:<filesrc1> query seeking returns 1
06-06 22:07:23.954  4906  5126 D GStreamer+GST_CAPS: 0:02:27.784588016 0xe900d1b0 gstpad.c:2672:gst_pad_get_current_caps:<amcaudiodec-omxgooglemp3decoder0:src> get current pad caps (NULL)
06-06 22:07:23.954  4906  5127 D GStreamer+GST_PADS: 0:02:27.784618641 0xe900d230 gstpad.c:3945:gst_pad_query:<filesrc1:src> sent query 0xe92fd7b0 (seeking), result 1
06-06 22:07:23.954  4906  5126 D GStreamer+GST_CAPS: 0:02:27.784623485 0xe900d1b0 gstutils.c:2872:gst_pad_query_caps:<amcaudiodec-omxgooglemp3decoder0:src> get pad caps with filter (NULL)
06-06 22:07:23.954  4906  5116 D GStreamer+bin: 0:02:27.784613224 0xe93d1d00 gstbin.c:2249:update_degree:<glimagesinkbin1> element gluploadelement1 not linked on any sinkpads
06-06 22:07:23.954  4906  5127 D GStreamer+GST_PADS: 0:02:27.784648797 0xe900d230 gstpad.c:3945:gst_pad_query:<q:video_0> sent query 0xe92fd7b0 (seeking), result 1
06-06 22:07:23.954  4906  5126 D GStreamer+query: 0:02:27.784653901 0xe900d1b0 gstquery.c:674:gst_query_new_custom creating new query 0xe95394c0 caps
06-06 22:07:23.954  4906  5116 D GStreamer+bin: 0:02:27.784660516 0xe93d1d00 gstbin.c:2310:gst_bin_sort_iterator_next:<glimagesinkbin1> queue head gives sink
06-06 22:07:23.954  4906  5116 D GStreamer+bin: 0:02:27.784682495 0xe93d1d00 gstbin.c:911:find_message:<glimagesinkbin1> no message found matching types 00001000
06-06 22:07:23.954  4906  5127 D GStreamer+GST_PADS: 0:02:27.784677651 0xe900d230 gstpad.c:3945:gst_pad_query:<queue2:src> sent query 0xe92fd7b0 (seeking), result 1
06-06 22:07:23.954  4906  5126 D GStreamer+GST_PADS: 0:02:27.784678589 0xe900d1b0 gstpad.c:3922:gst_pad_query:<amcaudiodec-omxgooglemp3decoder0:src> doing query 0xe95394c0 (caps)
06-06 22:07:23.954  4906  5127 D GStreamer+GST_PADS: 0:02:27.784718797 0xe900d230 gstpad.c:3945:gst_pad_query:<sink:proxypad3> sent query 0xe92fd7b0 (seeking), result 1
06-06 22:07:23.954  4906  5116 D GStreamer+bin: 0:02:27.784714370 0xe93d1d00 gstbin.c:918:find_message:<glimagesinkbin1>   structure-change
06-06 22:07:23.954  4906  5126 D GStreamer+audiodecoder: 0:02:27.784728589 0xe900d1b0 gstaudiodecoder.c:2888:gst_audio_decoder_src_query:<amcaudiodec-omxgooglemp3decoder0:src> received query caps query: 0xe95394c0, GstQueryCaps, filter=(GstCaps)"NULL", caps=(GstCaps)"NULL";
06-06 22:07:23.954  4906  5127 D GStreamer+GST_PADS: 0:02:27.784754318 0xe900d230 gstpad.c:3945:gst_pad_query:<typefind:src> sent query 0xe92fd7b0 (seeking), result 1
06-06 22:07:23.954  4906  5116 D GStreamer+bin: 0:02:27.784757808 0xe93d1d00 gstbin.c:2226:update_degree:<glimagesinkbin1> change element glcolorbalance1, degree 1->0, linked to sink
06-06 22:07:23.954  4906  5127 D GStreamer+baseparse: 0:02:27.784794579 0xe900d230 gstbaseparse.c:2005:gst_base_parse_check_seekability:<h264parse1> Limiting index entries to 4096, indexing byte interval 3663 bytes
06-06 22:07:23.954  4906  5126 D GStreamer+GST_CAPS: 0:02:27.784773641 0xe900d1b0 gstpad.c:3112:gst_pad_query_caps_default:<amcaudiodec-omxgooglemp3decoder0:src> query caps caps query: 0xe95394c0, GstQueryCaps, filter=(GstCaps)"NULL", caps=(GstCaps)"NULL";
06-06 22:07:23.954  4906  5116 D GStreamer+bin: 0:02:27.784799787 0xe93d1d00 gstbin.c:2109:add_to_queue:<glimagesinkbin1> adding 'glcolorbalance1' to queue
06-06 22:07:23.954  4906  5126 D GStreamer+GST_CAPS: 0:02:27.784841506 0xe900d1b0 gstpad.c:3135:gst_pad_query_caps_default:<amcaudiodec-omxgooglemp3decoder0:src> trying pad template caps
06-06 22:07:23.954  4906  5127 D GStreamer+baseparse: 0:02:27.784840047 0xe900d230 gstbaseparse.c:2012:gst_base_parse_check_seekability:<h264parse1> seekable: 1 (0 - 15003960)
06-06 22:07:23.954  4906  5132 D GStreamer+GST_PADS: 0:02:27.784850829 0xe95393b0 gstpad.c:5933:do_stream_status:<amcaudiodec-omxgooglemp3decoder0:src> posting stream-status 1
06-06 22:07:23.954  4906  5116 I GStreamer+GST_STATES: 0:02:27.784865568 0xe93d1d00 gstbin.c:2444:gst_bin_element_set_state:<sink> current READY pending PAUSED, desired next READY
06-06 22:07:23.954  4906  5127 D GStreamer+baseparse: 0:02:27.784880047 0xe900d230 gstbaseparse.c:2016:gst_base_parse_check_seekability:<h264parse1> idx_interval: 500ms
06-06 22:07:23.954  4906  5126 D GStreamer+GST_CAPS: 0:02:27.784881506 0xe900d1b0 gstpad.c:3165:gst_pad_query_caps_default:<amcaudiodec-omxgooglemp3decoder0:src> using caps 0xe8f68b18 audio/x-raw, rate=(int)[ 1, 2147483647 ], channels=(int)[ 1, 2147483647 ], format=(string)S16LE, layout=(string)interleaved
06-06 22:07:23.954  4906  5127 D GStreamer+query: 0:02:27.784920724 0xe900d230 gstquery.c:674:gst_query_new_custom creating new query 0xe92fd580 duration
06-06 22:07:23.954  4906  5116 D GStreamer+bin: 0:02:27.784918589 0xe93d1d00 gstbin.c:911:find_message:<glimagesinkbin1> no message found matching types 00100000
06-06 22:07:23.954  4906  5126 D GStreamer+GST_PADS: 0:02:27.784964214 0xe900d1b0 gstpad.c:3367:gst_pad_query_default:<amcaudiodec-omxgooglemp3decoder0:src> not forwarding 0xe95394c0 (caps) query
06-06 22:07:23.954  4906  5127 D GStreamer+GST_PADS: 0:02:27.784970412 0xe900d230 gstpad.c:4049:gst_pad_peer_query:<h264parse1:sink> peer query 0xe92fd580 (duration)
06-06 22:07:23.954  4906  5116 D GStreamer+bin: 0:02:27.784979891 0xe93d1d00 gstbin.c:918:find_message:<glimagesinkbin1>   async-start
06-06 22:07:23.954  4906  5127 D GStreamer+GST_PADS: 0:02:27.785002391 0xe900d230 gstpad.c:3922:gst_pad_query:<typefind:src> doing query 0xe92fd580 (duration)
06-06 22:07:23.954  4906  5126 D GStreamer+GST_PADS: 0:02:27.784999891 0xe900d1b0 gstpad.c:3945:gst_pad_query:<amcaudiodec-omxgooglemp3decoder0:src> sent query 0xe95394c0 (caps), result 1
06-06 22:07:23.954  4906  5127 D GStreamer+typefind: 0:02:27.785063641 0xe900d230 gsttypefindelement.c:417:gst_type_find_handle_src_query:<typefind> Handling src query duration
06-06 22:07:23.954  4906  5116 D GStreamer+bin: 0:02:27.785015672 0xe93d1d00 gstbin.c:2539:gst_bin_element_set_state:<glimagesinkbin1> setting element sink to READY, base_time 0:00:00.000000000
06-06 22:07:23.954  4906  5127 D GStreamer+GST_PADS: 0:02:27.785082651 0xe900d230 gstpad.c:3367:gst_pad_query_default:<typefind:src> forwarding 0xe92fd580 (duration) query
06-06 22:07:23.954  4906  5116 D GStreamer+GST_STATES: 0:02:27.785092443 0xe93d1d00 gstelement.c:2525:gst_element_set_state_func:<sink> set_state to READY
06-06 22:07:23.954  4906  5126 D GStreamer+GST_CAPS: 0:02:27.785072912 0xe900d1b0 gstutils.c:2879:gst_pad_query_caps:<amcaudiodec-omxgooglemp3decoder0:src> query returned audio/x-raw, rate=(int)[ 1, 2147483647 ], channels=(int)[ 1, 2147483647 ], format=(string)S16LE, layout=(string)interleaved
06-06 22:07:23.954  4906  5127 D GStreamer+GST_PADS: 0:02:27.785110776 0xe900d230 gstpad.c:2827:gst_pad_iterate_internal_links_default:<typefind:src> Making iterator
06-06 22:07:23.954  4906  5116 D GStreamer+GST_STATES: 0:02:27.785134787 0xe93d1d00 gstelement.c:2550:gst_element_set_state_func:<sink> setting target state to READY
06-06 22:07:23.954  4906  5126 D GStreamer+decodebin: 0:02:27.785125829 0xe900d1b0 gstdecodebin2.c:2777:expose_pad:<decodebin2> pad amcaudiodec-omxgooglemp3decoder0:src, chain:0xe9277df8
06-06 22:07:23.954  4906  5127 D GStreamer+GST_PADS: 0:02:27.785148641 0xe900d230 gstpad.c:4049:gst_pad_peer_query:<typefind:sink> peer query 0xe92fd580 (duration)
06-06 22:07:23.954  4906  5126 D GStreamer+GST_PADS: 0:02:27.785176245 0xe900d1b0 gstpad.c:1069:gst_pad_set_active:<'':decodepad2> pad was active in push mode
06-06 22:07:23.954  4906  5127 D GStreamer+GST_PADS: 0:02:27.785180308 0xe900d230 gstpad.c:3922:gst_pad_query:<sink:proxypad3> doing query 0xe92fd580 (duration)
06-06 22:07:23.954  4906  5116 D GStreamer+GST_STATES: 0:02:27.785170620 0xe93d1d00 gstelement.c:2563:gst_element_set_state_func:<sink> current READY, old_pending PAUSED, next PAUSED, old return ASYNC
06-06 22:07:23.954  4906  5126 D GStreamer+decodebin: 0:02:27.785203016 0xe900d1b0 gstdecodebin2.c:4925:gst_decode_pad_set_blocked:<'':decodepad2> blocking pad: 1
06-06 22:07:23.954  4906  5127 D GStreamer+GST_PADS: 0:02:27.785211297 0xe900d230 gstpad.c:3367:gst_pad_query_default:<sink:proxypad3> forwarding 0xe92fd580 (duration) query
06-06 22:07:23.954  4906  5116 D GStreamer+GST_STATES: 0:02:27.785216401 0xe93d1d00 gstelement.c:2597:gst_element_set_state_func:<sink> final: setting state from PAUSED to READY
06-06 22:07:23.954  4906  5126 D GStreamer+GST_PADS: 0:02:27.785229683 0xe900d1b0 gstghostpad.c:808:gst_ghost_pad_get_target:<'':decodepad2> get target amcaudiodec-omxgooglemp3decoder0:src
06-06 22:07:23.954  4906  5116 D GStreamer+glimagesink: 0:02:27.785246922 0xe93d1d00 gstglimagesink.c:1172:gst_glimage_sink_change_state changing state: PAUSED => READY
06-06 22:07:23.954  4906  5127 D GStreamer+GST_PADS: 0:02:27.785246349 0xe900d230 gstpad.c:4049:gst_pad_peer_query:<forhwgl:sink> peer query 0xe92fd580 (duration)
06-06 22:07:23.954  4906  5126 D GStreamer+GST_CAPS: 0:02:27.785270099 0xe900d1b0 gstpad.c:2644:gst_pad_has_current_caps:<'':decodepad2> check current pad caps (NULL)
06-06 22:07:23.954  4906  5127 D GStreamer+GST_PADS: 0:02:27.785286506 0xe900d230 gstpad.c:3922:gst_pad_query:<queue2:src> doing query 0xe92fd580 (duration)
06-06 22:07:23.954  4906  5126 D GStreamer+decodebin: 0:02:27.785294318 0xe900d1b0 gstdecodebin2.c:3968:gst_decode_chain_is_complete:<decodebin2> Chain 0xe9277df8 is complete: 0
06-06 22:07:23.954  4906  5116 D GStreamer+GST_ELEMENT_PADS: 0:02:27.785301349 0xe93d1d00 gstelement.c:2795:gst_element_pads_activate:<sink> deactivate pads
06-06 22:07:23.954  4906  5127 D GStreamer+GST_PADS: 0:02:27.785312964 0xe900d230 gstpad.c:3367:gst_pad_query_default:<queue2:src> forwarding 0xe92fd580 (duration) query
06-06 22:07:23.954  4906  5132 D GStreamer+GST_BUS: 0:02:27.784893329 0xe95393b0 gstbus.c:309:gst_bus_post:<bus6> [msg 0xe9012070] posting on bus stream-status message: 0xe9012070, time 99:99:99.999999999, seq-num 692, element 'src', GstMessageStreamStatus, type=(GstStreamStatusType)GST_STREAM_STATUS_TYPE_ENTER, owner=(GstElement)"\(GstAmcAudioDec-OmxGoogleMp3Decoder\)\ amcaudiodec-omxgooglemp3decoder0", object=(GstTask)"\(GstTask\)\ amcaudiodec-omxgooglemp3decoder0:src";
06-06 22:07:23.954  4906  5116 D GStreamer+GST_PADS: 0:02:27.785339839 0xe93d1d00 gstpad.c:1078:gst_pad_set_active:<sink:sink> deactivating pad from push mode
06-06 22:07:23.954  4906  5127 D GStreamer+GST_PADS: 0:02:27.785341662 0xe900d230 gstpad.c:2827:gst_pad_iterate_internal_links_default:<queue2:src> Making iterator
06-06 22:07:23.954  4906  5126 D GStreamer+GST_PADS: 0:02:27.785350724 0xe900d1b0 gstpad.c:3853:check_sticky:<mpegaudioparse0:src> pushing all sticky events
06-06 22:07:23.954  4906  5116 D GStreamer+GST_PADS: 0:02:27.785371506 0xe93d1d00 gstpad.c:967:pre_activate:<sink:sink> setting PAD_MODE NONE, set flushing
06-06 22:07:23.954  4906  5127 D GStreamer+GST_PADS: 0:02:27.785375672 0xe900d230 gstpad.c:4049:gst_pad_peer_query:<queue2:sink> peer query 0xe92fd580 (duration)
06-06 22:07:23.954  4906  5116 D GStreamer+basesink: 0:02:27.785425776 0xe93d1d00 gstbasesink.c:4143:gst_base_sink_set_flushing:<sink> flushing out data thread, need preroll to TRUE
06-06 22:07:23.954  4906  5127 D GStreamer+GST_PADS: 0:02:27.785411818 0xe900d230 gstpad.c:3922:gst_pad_query:<q:video_0> doing query 0xe92fd580 (duration)
06-06 22:07:23.954  4906  5126 D GStreamer+GST_EVENT: 0:02:27.785379422 0xe900d1b0 gstpad.c:5536:gst_pad_send_event_unchecked:<amcaudiodec-omxgooglemp3decoder0:sink> have event type stream-start event: 0xe9191748, time 99:99:99.999999999, seq-num 572, GstEventStreamStart, stream-id=(string)71ab440d261a1bb43c19b397eec2373651540427aed1e7b0deb4be62a10a7f25/002, flags=(GstStreamFlags)GST_STREAM_FLAG_NONE, group-id=(uint)1;
06-06 22:07:23.954  4906  5116 D GStreamer+GST_PADS: 0:02:27.785453901 0xe93d1d00 gstpad.c:1015:post_activate:<sink:sink> stopped streaming
06-06 22:07:23.954  4906  5127 D GStreamer+GST_PADS: 0:02:27.785461454 0xe900d230 gstpad.c:3367:gst_pad_query_default:<q:video_0> forwarding 0xe92fd580 (duration) query
06-06 22:07:23.954  4906  5116 D GStreamer+GST_PADS: 0:02:27.785479318 0xe93d1d00 gstpad.c:1188:activate_mode_internal:<sink:sink> deactivated in push mode
06-06 22:07:23.954  4906  5126 D GStreamer+audiodecoder: 0:02:27.785477860 0xe900d1b0 gstaudiodecoder.c:2332:gst_audio_decoder_sink_event:<amcaudiodec-omxgooglemp3decoder0> received event 10254, stream-start
06-06 22:07:23.954  4906  5127 D GStreamer+GST_PADS: 0:02:27.785486714 0xe900d230 gstpad.c:2827:gst_pad_iterate_internal_links_default:<q:video_0> Making iterator
06-06 22:07:23.954  4906  5116 D GStreamer+GST_ELEMENT_PADS: 0:02:27.785546349 0xe93d1d00 gstelement.c:2814:gst_element_pads_activate:<sink> pad deactivation successful
06-06 22:07:23.954  4906  5126 D GStreamer+audiodecoder: 0:02:27.785556193 0xe900d1b0 gstaudiodecoder.c:494:gst_audio_decoder_reset:<amcaudiodec-omxgooglemp3decoder0> gst_audio_decoder_reset
06-06 22:07:23.955  4906  5127 D GStreamer+GST_PADS: 0:02:27.785563276 0xe900d230 gstpad.c:4049:gst_pad_peer_query:<q:sink> peer query 0xe92fd580 (duration)
06-06 22:07:23.955  4906  5132 D GStreamer+decodebin: 0:02:27.785366506 0xe95393b0 gstdecodebin2.c:5492:gst_decode_bin_handle_message:<decodebin2> Forwarding msg stream-status message: 0xe9012070, time 99:99:99.999999999, seq-num 692, element 'src', GstMessageStreamStatus, type=(GstStreamStatusType)GST_STREAM_STATUS_TYPE_ENTER, owner=(GstElement)"\(GstAmcAudioDec-OmxGoogleMp3Decoder\)\ amcaudiodec-omxgooglemp3decoder0", object=(GstTask)"\(GstTask\)\ amcaudiodec-omxgooglemp3decoder0:src";
06-06 22:07:23.955  4906  5116 D GStreamer+basesink: 0:02:27.785589891 0xe93d1d00 gstbasesink.c:5204:gst_base_sink_change_state:<sink> PAUSED to READY, posting async-done
06-06 22:07:23.955  4906  5126 D GStreamer+audiodecoder: 0:02:27.785594943 0xe900d1b0 gstaudiodecoder.c:2146:gst_audio_decoder_sink_eventfunc:<amcaudiodec-omxgooglemp3decoder0> received STREAM_START. Clearing taglist
06-06 22:07:23.955  4906  5127 D GStreamer+GST_PADS: 0:02:27.785596610 0xe900d230 gstpad.c:3922:gst_pad_query:<filesrc1:src> doing query 0xe92fd580 (duration)
06-06 22:07:23.955  4906  5132 D GStreamer+bin: 0:02:27.785617912 0xe95393b0 gstbin.c:3654:gst_bin_handle_message_func:<decodebin2> [msg 0xe9012070] handling child src message of type stream-status
06-06 22:07:23.955  4906  5126 D GStreamer+GST_PADS: 0:02:27.785639735 0xe900d1b0 gstpad.c:5609:gst_pad_send_event_unchecked:<amcaudiodec-omxgooglemp3decoder0:sink> sent event, ret ok
06-06 22:07:23.955  4906  5127 D GStreamer+basesrc: 0:02:27.785651766 0xe900d230 gstbasesrc.c:1055:gst_base_src_default_query:<filesrc1> duration query in format time
06-06 22:07:23.955  4906  5132 D GStreamer+bin: 0:02:27.785665985 0xe95393b0 gstbin.c:3991:gst_bin_handle_message_func:<decodebin2> posting message upward
06-06 22:07:23.955  4906  5126 D GStreamer+GST_PADS: 0:02:27.785684474 0xe900d1b0 gstpad.c:3805:push_sticky:<mpegaudioparse0:src> event stream-start marked received
06-06 22:07:23.955  4906  5116 D GStreamer+GST_BUS: 0:02:27.785644579 0xe93d1d00 gstbus.c:309:gst_bus_post:<bus5> [msg 0xe9568330] posting on bus state-changed message: 0xe9568330, time 99:99:99.999999999, seq-num 693, element 'sink', GstMessageStateChanged, old-state=(GstState)GST_STATE_PLAYING, new-state=(GstState)GST_STATE_PAUSED, pending-state=(GstState)GST_STATE_READY;
06-06 22:07:23.955  4906  5127 D GStreamer+basesrc: 0:02:27.785710672 0xe900d230 gstbasesrc.c:2354:gst_base_src_update_length:<filesrc1> reading offset 0, length 0, size 15003960, segment.stop -1, maxsize 15003960
06-06 22:07:23.955  4906  5132 D GStreamer+GST_BUS: 0:02:27.785718485 0xe95393b0 gstbus.c:309:gst_bus_post:<bus8> [msg 0xe9012070] posting on bus stream-status message: 0xe9012070, time 99:99:99.999999999, seq-num 692, element 'src', GstMessageStreamStatus, type=(GstStreamStatusType)GST_STREAM_STATUS_TYPE_ENTER, owner=(GstElement)"\(GstAmcAudioDec-OmxGoogleMp3Decoder\)\ amcaudiodec-omxgooglemp3decoder0", object=(GstTask)"\(GstTask\)\ amcaudiodec-omxgooglemp3decoder0:src";
06-06 22:07:23.955  4906  5116 D GStreamer+bin: 0:02:27.785811714 0xe93d1d00 gstbin.c:3654:gst_bin_handle_message_func:<glimagesinkbin1> [msg 0xe9568330] handling child sink message of type state-changed
06-06 22:07:23.955  4906  5127 D GStreamer+query: 0:02:27.785898589 0xe900d230 gstquery.c:674:gst_query_new_custom creating new query 0xe92fd4c0 convert
06-06 22:07:23.955  4906  5132 D GStreamer+bin: 0:02:27.785909579 0xe95393b0 gstbin.c:3654:gst_bin_handle_message_func:<pipeline1> [msg 0xe9012070] handling child src message of type stream-status
06-06 22:07:23.955  4906  5126 D GStreamer+GST_EVENT: 0:02:27.785770308 0xe900d1b0 gstpad.c:5536:gst_pad_send_event_unchecked:<amcaudiodec-omxgooglemp3decoder0:sink> have event type caps event: 0xe9576880, time 99:99:99.999999999, seq-num 635, GstEventCaps, caps=(GstCaps)"audio/mpeg\,\ mpegversion\=\(int\)1\,\ mpegaudioversion\=\(int\)2\,\ layer\=\(int\)3\,\ rate\=\(int\)24000\,\ channels\=\(int\)1\,\ parsed\=\(boolean\)true";
06-06 22:07:23.955  4906  5132 D GStreamer+bin: 0:02:27.785951818 0xe95393b0 gstbin.c:3991:gst_bin_handle_message_func:<pipeline1> posting message upward
06-06 22:07:23.955  4906  5127 D GStreamer+GST_PADS: 0:02:27.785947912 0xe900d230 gstpad.c:3922:gst_pad_query:<filesrc1:src> doing query 0xe92fd4c0 (convert)
06-06 22:07:23.955  4906  5116 D GStreamer+bin: 0:02:27.785933485 0xe93d1d00 gstbin.c:3991:gst_bin_handle_message_func:<glimagesinkbin1> posting message upward
06-06 22:07:23.955  4906  5126 D GStreamer+GST_CAPS: 0:02:27.785965724 0xe900d1b0 gstutils.c:2955:gst_pad_query_accept_caps:<amcaudiodec-omxgooglemp3decoder0:sink> accept caps of audio/mpeg, mpegversion=(int)1, mpegaudioversion=(int)2, layer=(int)3, rate=(int)24000, channels=(int)1, parsed=(boolean)true
06-06 22:07:23.955  4906  5127 D GStreamer+basesrc: 0:02:27.785984474 0xe900d230 gstbasesrc.c:1295:gst_base_src_default_query:<filesrc1> query convert returns 0
06-06 22:07:23.955  4906  5132 D GStreamer+GST_BUS: 0:02:27.785976037 0xe95393b0 gstbus.c:309:gst_bus_post:<bus9> [msg 0xe9012070] posting on bus stream-status message: 0xe9012070, time 99:99:99.999999999, seq-num 692, element 'src', GstMessageStreamStatus, type=(GstStreamStatusType)GST_STREAM_STATUS_TYPE_ENTER, owner=(GstElement)"\(GstAmcAudioDec-OmxGoogleMp3Decoder\)\ amcaudiodec-omxgooglemp3decoder0", object=(GstTask)"\(GstTask\)\ amcaudiodec-omxgooglemp3decoder0:src";
06-06 22:07:23.955  4906  5126 D GStreamer+query: 0:02:27.786059370 0xe900d1b0 gstquery.c:674:gst_query_new_custom creating new query 0xe9539230 accept-caps
06-06 22:07:23.955  4906  5127 D GStreamer+GST_PADS: 0:02:27.786063693 0xe900d230 gstpad.c:3945:gst_pad_query:<filesrc1:src> sent query 0xe92fd4c0 (convert), result 0
06-06 22:07:23.955  4906  5116 D GStreamer+GST_BUS: 0:02:27.785987651 0xe93d1d00 gstbus.c:309:gst_bus_post:<bus8> [msg 0xe9568330] posting on bus state-changed message: 0xe9568330, time 99:99:99.999999999, seq-num 693, element 'sink', GstMessageStateChanged, old-state=(GstState)GST_STATE_PLAYING, new-state=(GstState)GST_STATE_PAUSED, pending-state=(GstState)GST_STATE_READY;
06-06 22:07:23.955  4906  5132 D GStreamer+GST_BUS: 0:02:27.786072860 0xe95393b0 gstbus.c:348:gst_bus_post:<bus9> [msg 0xe9012070] pushing on async queue
06-06 22:07:23.955  4906  5126 D GStreamer+GST_PADS: 0:02:27.786090412 0xe900d1b0 gstpad.c:3922:gst_pad_query:<amcaudiodec-omxgooglemp3decoder0:sink> doing query 0xe9539230 (accept-caps)
06-06 22:07:23.955  4906  5127 D GStreamer+GST_PADS: 0:02:27.786106662 0xe900d230 gstpad.c:3990:gst_pad_query:<filesrc1:src> query failed
06-06 22:07:23.955  4906  5116 D GStreamer+bin: 0:02:27.786118745 0xe93d1d00 gstbin.c:3654:gst_bin_handle_message_func:<pipeline1> [msg 0xe9568330] handling child sink message of type state-changed
06-06 22:07:23.955  4906  5132 D GStreamer+GST_BUS: 0:02:27.786123901 0xe95393b0 gstbus.c:351:gst_bus_post:<bus9> [msg 0xe9012070] pushed on async queue
06-06 22:07:23.955  4906  5127 D GStreamer+basesrc: 0:02:27.786136818 0xe900d230 gstbasesrc.c:1295:gst_base_src_default_query:<filesrc1> query duration returns 0
06-06 22:07:23.955  4906  5132 D GStreamer+GST_BUS: 0:02:27.786177964 0xe95393b0 gstbus.c:344:gst_bus_post:<bus8> [msg 0xe9012070] dropped
06-06 22:07:23.955  4906  5116 D GStreamer+bin: 0:02:27.786192808 0xe93d1d00 gstbin.c:3991:gst_bin_handle_message_func:<pipeline1> posting message upward
06-06 22:07:23.955  4906  5126 D GStreamer+audiodecoder: 0:02:27.786133120 0xe900d1b0 gstaudiodecoder.c:2748:gst_audio_decoder_sink_query:<amcaudiodec-omxgooglemp3decoder0:sink> received query accept-caps query: 0xe9539230, GstQueryAcceptCaps, caps=(GstCaps)"audio/mpeg\,\ mpegversion\=\(int\)1\,\ mpegaudioversion\=\(int\)2\,\ layer\=\(int\)3\,\ rate\=\(int\)24000\,\ channels\=\(int\)1\,\ parsed\=\(boolean\)true", result=(boolean)false;
06-06 22:07:23.955  4906  5127 D GStreamer+GST_PADS: 0:02:27.786191558 0xe900d230 gstpad.c:3945:gst_pad_query:<filesrc1:src> sent query 0xe92fd580 (duration), result 0
06-06 22:07:23.955  4906  5132 D GStreamer+GST_BUS: 0:02:27.786212183 0xe95393b0 gstbus.c:344:gst_bus_post:<bus6> [msg 0xe9012070] dropped
06-06 22:07:23.955  4906  5127 D GStreamer+GST_PADS: 0:02:27.786243433 0xe900d230 gstpad.c:3990:gst_pad_query:<filesrc1:src> query failed
06-06 22:07:23.955  4906  5132 D GStreamer+task: 0:02:27.786251037 0xe95393b0 gsttask.c:251:gst_task_configure_name:<amcaudiodec-omxgooglemp3decoder0:src> Setting thread name to 'amcaudiodec-omxg'
06-06 22:07:23.955  4906  5127 D GStreamer+GST_PADS: 0:02:27.786281401 0xe900d230 gstpad.c:4111:gst_pad_peer_query:<q:sink> query failed
06-06 22:07:23.955  4906  5132 D GStreamer+amcaudiodec: 0:02:27.786286610 0xe95393b0 gstamcaudiodec.c:424:gst_amc_audio_dec_loop:<amcaudiodec-omxgooglemp3decoder0> Waiting for available output buffer
