06-06 22:07:23.830  4906  4906 I GStreamer+GST_STATES: 0:02:27.661561714 0xe8df3e00 gstbin.c:2898:gst_bin_change_state_func:<pipeline1> child 'autoaudiosink0' is changing state asynchronously to PAUSED
06-06 22:07:23.831  4906  4906 D GStreamer+bin: 0:02:27.661583485 0xe8df3e00 gstbin.c:2310:gst_bin_sort_iterator_next:<pipeline1> queue head gives glimagesinkbin1
06-06 22:07:23.831  4906  4906 D GStreamer+bin: 0:02:27.661601974 0xe8df3e00 gstbin.c:911:find_message:<pipeline1> no message found matching types 00001000
06-06 22:07:23.831  4906  4906 D GStreamer+bin: 0:02:27.661619787 0xe8df3e00 gstbin.c:918:find_message:<pipeline1>   structure-change
06-06 22:07:23.831  4906  4906 D GStreamer+bin: 0:02:27.661639110 0xe8df3e00 gstbin.c:2226:update_degree:<pipeline1> change element forhalffps, degree 1->0, linked to glimagesinkbin1
06-06 22:07:23.831  4906  4906 D GStreamer+bin: 0:02:27.661661141 0xe8df3e00 gstbin.c:2109:add_to_queue:<pipeline1> adding 'forhalffps' to queue
06-06 22:07:23.831  4906  4906 I GStreamer+GST_STATES: 0:02:27.661681037 0xe8df3e00 gstbin.c:2444:gst_bin_element_set_state:<glimagesinkbin1> current READY pending VOID_PENDING, desired next PAUSED
06-06 22:07:23.831  4906  4906 D GStreamer+bin: 0:02:27.661702183 0xe8df3e00 gstbin.c:911:find_message:<pipeline1> no message found matching types 00100000
06-06 22:07:23.831  4906  4906 D GStreamer+bin: 0:02:27.661719631 0xe8df3e00 gstbin.c:918:find_message:<pipeline1>   async-start
06-06 22:07:23.831  4906  4906 D GStreamer+bin: 0:02:27.661736766 0xe8df3e00 gstbin.c:2539:gst_bin_element_set_state:<pipeline1> setting element glimagesinkbin1 to PAUSED, base_time 0:00:00.000000000
06-06 22:07:23.831  4906  4906 D GStreamer+GST_STATES: 0:02:27.661759527 0xe8df3e00 gstelement.c:2525:gst_element_set_state_func:<glimagesinkbin1> set_state to PAUSED
06-06 22:07:23.831  4906  4906 D GStreamer+GST_STATES: 0:02:27.661777391 0xe8df3e00 gstelement.c:2550:gst_element_set_state_func:<glimagesinkbin1> setting target state to PAUSED
06-06 22:07:23.831  4906  4906 D GStreamer+GST_STATES: 0:02:27.661795047 0xe8df3e00 gstelement.c:2563:gst_element_set_state_func:<glimagesinkbin1> current READY, old_pending VOID_PENDING, next VOID_PENDING, old return SUCCESS
06-06 22:07:23.831  4906  4906 D GStreamer+GST_STATES: 0:02:27.661816245 0xe8df3e00 gstelement.c:2597:gst_element_set_state_func:<glimagesinkbin1> final: setting state from READY to PAUSED
06-06 22:07:23.831  4906  4906 D GStreamer+glimagesink: 0:02:27.661839318 0xe8df3e00 gstglsinkbin.c:374:gst_gl_sink_bin_change_state changing state: READY => PAUSED
06-06 22:07:23.831  4906  4906 D GStreamer+GST_STATES: 0:02:27.661858849 0xe8df3e00 gstbin.c:2792:gst_bin_change_state_func:<glimagesinkbin1> changing state of children from READY to PAUSED
06-06 22:07:23.831  4906  4906 D GStreamer+bin: 0:02:27.661877808 0xe8df3e00 gstbin.c:2816:gst_bin_change_state_func:<glimagesinkbin1> clearing EOS elements
06-06 22:07:23.831  4906  4906 D GStreamer+bin: 0:02:27.661895047 0xe8df3e00 gstbin.c:2637:gst_bin_src_pads_activate:<glimagesinkbin1> activate pads
06-06 22:07:23.831  4906  4906 D GStreamer+bin: 0:02:27.661914891 0xe8df3e00 gstbin.c:2645:gst_bin_src_pads_activate:<glimagesinkbin1> pad activation successful
06-06 22:07:23.831  4906  4906 D GStreamer+bin: 0:02:27.661934683 0xe8df3e00 gstbin.c:2323:gst_bin_sort_iterator_resync:<glimagesinkbin1> resync
06-06 22:07:23.831  4906  4906 D GStreamer+bin: 0:02:27.661952027 0xe8df3e00 gstbin.c:2109:add_to_queue:<glimagesinkbin1> adding 'sink' to queue
06-06 22:07:23.831  4906  4906 D GStreamer+bin: 0:02:27.661973797 0xe8df3e00 gstbin.c:911:find_message:<glimagesinkbin1> no message found matching types 00001000
06-06 22:07:23.831  4906  4906 D GStreamer+bin: 0:02:27.661992131 0xe8df3e00 gstbin.c:918:find_message:<glimagesinkbin1>   structure-change
06-06 22:07:23.831  4906  4906 D GStreamer+bin: 0:02:27.662012495 0xe8df3e00 gstbin.c:2226:update_degree:<glimagesinkbin1> change element glcolorbalance1, degree 0->1, linked to sink
06-06 22:07:23.831  4906  4906 D GStreamer+bin: 0:02:27.662034943 0xe8df3e00 gstbin.c:911:find_message:<glimagesinkbin1> no message found matching types 00001000
06-06 22:07:23.831  4906  4906 D GStreamer+bin: 0:02:27.662053172 0xe8df3e00 gstbin.c:918:find_message:<glimagesinkbin1>   structure-change
06-06 22:07:23.831  4906  4906 D GStreamer+bin: 0:02:27.662072808 0xe8df3e00 gstbin.c:2226:update_degree:<glimagesinkbin1> change element glcolorconvertelement1, degree 0->1, linked to glcolorbalance1
06-06 22:07:23.831  4906  4906 D GStreamer+bin: 0:02:27.662096245 0xe8df3e00 gstbin.c:911:find_message:<glimagesinkbin1> no message found matching types 00001000
06-06 22:07:23.831  4906  4906 D GStreamer+bin: 0:02:27.662114162 0xe8df3e00 gstbin.c:918:find_message:<glimagesinkbin1>   structure-change
06-06 22:07:23.831  4906  4906 D GStreamer+bin: 0:02:27.662133954 0xe8df3e00 gstbin.c:2226:update_degree:<glimagesinkbin1> change element gluploadelement1, degree 0->1, linked to glcolorconvertelement1
06-06 22:07:23.831  4906  4906 D GStreamer+bin: 0:02:27.662156402 0xe8df3e00 gstbin.c:911:find_message:<glimagesinkbin1> no message found matching types 00001000
06-06 22:07:23.831  4906  4906 D GStreamer+bin: 0:02:27.662174474 0xe8df3e00 gstbin.c:918:find_message:<glimagesinkbin1>   structure-change
06-06 22:07:23.831  4906  4906 D GStreamer+bin: 0:02:27.662193954 0xe8df3e00 gstbin.c:2249:update_degree:<glimagesinkbin1> element gluploadelement1 not linked on any sinkpads
06-06 22:07:23.831  4906  4906 D GStreamer+bin: 0:02:27.662215152 0xe8df3e00 gstbin.c:2310:gst_bin_sort_iterator_next:<glimagesinkbin1> queue head gives sink
06-06 22:07:23.831  4906  4906 D GStreamer+bin: 0:02:27.662233224 0xe8df3e00 gstbin.c:911:find_message:<glimagesinkbin1> no message found matching types 00001000
06-06 22:07:23.831  4906  4906 D GStreamer+bin: 0:02:27.662251818 0xe8df3e00 gstbin.c:918:find_message:<glimagesinkbin1>   structure-change
06-06 22:07:23.831  4906  4906 D GStreamer+bin: 0:02:27.662270412 0xe8df3e00 gstbin.c:2226:update_degree:<glimagesinkbin1> change element glcolorbalance1, degree 1->0, linked to sink
06-06 22:07:23.831  4906  4906 D GStreamer+bin: 0:02:27.662291402 0xe8df3e00 gstbin.c:2109:add_to_queue:<glimagesinkbin1> adding 'glcolorbalance1' to queue
06-06 22:07:23.831  4906  4906 I GStreamer+GST_STATES: 0:02:27.662311506 0xe8df3e00 gstbin.c:2444:gst_bin_element_set_state:<sink> current READY pending VOID_PENDING, desired next PAUSED
06-06 22:07:23.831  4906  4906 D GStreamer+bin: 0:02:27.662332756 0xe8df3e00 gstbin.c:911:find_message:<glimagesinkbin1> no message found matching types 00100000
06-06 22:07:23.831  4906  4906 D GStreamer+bin: 0:02:27.662350724 0xe8df3e00 gstbin.c:918:find_message:<glimagesinkbin1>   async-start
06-06 22:07:23.831  4906  4906 D GStreamer+bin: 0:02:27.662368381 0xe8df3e00 gstbin.c:2539:gst_bin_element_set_state:<glimagesinkbin1> setting element sink to PAUSED, base_time 0:00:00.000000000
06-06 22:07:23.831  4906  4906 D GStreamer+GST_STATES: 0:02:27.662391662 0xe8df3e00 gstelement.c:2525:gst_element_set_state_func:<sink> set_state to PAUSED
06-06 22:07:23.831  4906  4906 D GStreamer+GST_STATES: 0:02:27.662409839 0xe8df3e00 gstelement.c:2550:gst_element_set_state_func:<sink> setting target state to PAUSED
06-06 22:07:23.831  4906  4906 D GStreamer+GST_STATES: 0:02:27.662437808 0xe8df3e00 gstelement.c:2563:gst_element_set_state_func:<sink> current READY, old_pending VOID_PENDING, next VOID_PENDING, old return SUCCESS
06-06 22:07:23.831  4906  4906 D GStreamer+GST_STATES: 0:02:27.662460464 0xe8df3e00 gstelement.c:2597:gst_element_set_state_func:<sink> final: setting state from READY to PAUSED
06-06 22:07:23.831  4906  4906 D GStreamer+glimagesink: 0:02:27.662484058 0xe8df3e00 gstglimagesink.c:1172:gst_glimage_sink_change_state changing state: READY => PAUSED
06-06 22:07:23.831  4906  4906 D GStreamer+basesink: 0:02:27.662504110 0xe8df3e00 gstbasesink.c:5043:gst_base_sink_change_state:<sink> READY to PAUSED
06-06 22:07:23.831  4906  4906 D GStreamer+basesink: 0:02:27.662521506 0xe8df3e00 gstbasesink.c:5064:gst_base_sink_change_state:<sink> doing async state change
06-06 22:07:23.831  4906  4906 D GStreamer+GST_BUS: 0:02:27.662540620 0xe8df3e00 gstbus.c:309:gst_bus_post:<bus5> [msg 0xe92ef678] posting on bus async-start message: 0xe92ef678, time 99:99:99.999999999, seq-num 537, element 'sink', (NULL)
06-06 22:07:23.832  4906  4906 D GStreamer+bin: 0:02:27.662574006 0xe8df3e00 gstbin.c:3654:gst_bin_handle_message_func:<glimagesinkbin1> [msg 0xe92ef678] handling child sink message of type async-start
06-06 22:07:23.832  4906  4906 D GStreamer+bin: 0:02:27.662594787 0xe8df3e00 gstbin.c:3844:gst_bin_handle_message_func:<glimagesinkbin1> ASYNC_START message 0xe92ef678, sink
06-06 22:07:23.832  4906  4906 D GStreamer+bin: 0:02:27.662614527 0xe8df3e00 gstbin.c:911:find_message:<glimagesinkbin1> no message found matching types 00100000
06-06 22:07:23.832  4906  4906 D GStreamer+bin: 0:02:27.662633329 0xe8df3e00 gstbin.c:918:find_message:<glimagesinkbin1>   async-start
06-06 22:07:23.832  4906  4906 D GStreamer+bin: 0:02:27.662651454 0xe8df3e00 gstbin.c:958:bin_replace_message:<glimagesinkbin1> got new message 0xe92ef678, async-start from sink
06-06 22:07:23.832  4906  4906 D GStreamer+GST_STATES: 0:02:27.662672860 0xe8df3e00 gstbin.c:3304:bin_handle_async_start:<glimagesinkbin1> state change busy
06-06 22:07:23.832  4906  4906 D GStreamer+bin: 0:02:27.662690152 0xe8df3e00 gstbin.c:3290:bin_handle_async_start:<glimagesinkbin1> posting ASYNC_START to parent
06-06 22:07:23.832  4906  4906 D GStreamer+GST_BUS: 0:02:27.662707704 0xe8df3e00 gstbus.c:309:gst_bus_post:<bus8> [msg 0xe92ef620] posting on bus async-start message: 0xe92ef620, time 99:99:99.999999999, seq-num 538, element 'glimagesinkbin1', (NULL)
06-06 22:07:23.832  4906  4906 D GStreamer+bin: 0:02:27.662738537 0xe8df3e00 gstbin.c:3654:gst_bin_handle_message_func:<pipeline1> [msg 0xe92ef620] handling child glimagesinkbin1 message of type async-start
06-06 22:07:23.832  4906  4906 D GStreamer+bin: 0:02:27.662759266 0xe8df3e00 gstbin.c:3844:gst_bin_handle_message_func:<pipeline1> ASYNC_START message 0xe92ef620, glimagesinkbin1
06-06 22:07:23.832  4906  4906 D GStreamer+bin: 0:02:27.662778641 0xe8df3e00 gstbin.c:911:find_message:<pipeline1> no message found matching types 00100000
06-06 22:07:23.832  4906  4906 D GStreamer+bin: 0:02:27.662796714 0xe8df3e00 gstbin.c:918:find_message:<pipeline1>   async-start
06-06 22:07:23.832  4906  4906 D GStreamer+bin: 0:02:27.662814110 0xe8df3e00 gstbin.c:958:bin_replace_message:<pipeline1> got new message 0xe92ef620, async-start from glimagesinkbin1
06-06 22:07:23.832  4906  4906 D GStreamer+GST_STATES: 0:02:27.662834110 0xe8df3e00 gstbin.c:3304:bin_handle_async_start:<pipeline1> state change busy
06-06 22:07:23.832  4906  4906 D GStreamer+GST_BUS: 0:02:27.662851297 0xe8df3e00 gstbus.c:344:gst_bus_post:<bus8> [msg 0xe92ef620] dropped
06-06 22:07:23.832  4906  4906 D GStreamer+GST_BUS: 0:02:27.662870099 0xe8df3e00 gstbus.c:344:gst_bus_post:<bus5> [msg 0xe92ef678] dropped
06-06 22:07:23.832  4906  4906 D GStreamer+GST_ELEMENT_PADS: 0:02:27.662888537 0xe8df3e00 gstelement.c:2795:gst_element_pads_activate:<sink> activate pads
06-06 22:07:23.832  4906  4906 D GStreamer+GST_PADS: 0:02:27.662910464 0xe8df3e00 gstpad.c:1063:gst_pad_set_active:<sink:sink> activating pad from none
06-06 22:07:23.832  4906  4906 D GStreamer+basesink: 0:02:27.662928537 0xe8df3e00 gstbasesink.c:4191:gst_base_sink_pad_activate:<sink> Trying pull mode first
06-06 22:07:23.832  4906  4906 D GStreamer+basesink: 0:02:27.662945933 0xe8df3e00 gstbasesink.c:4197:gst_base_sink_pad_activate:<sink> pull mode disabled
06-06 22:07:23.832  4906  4906 D GStreamer+basesink: 0:02:27.662962235 0xe8df3e00 gstbasesink.c:4247:gst_base_sink_pad_activate:<sink> Falling back to push mode
06-06 22:07:23.832  4906  4906 D GStreamer+GST_PADS: 0:02:27.662979266 0xe8df3e00 gstpad.c:979:pre_activate:<sink:sink> setting pad into push mode, unset flushing
06-06 22:07:23.832  4906  4906 D GStreamer+GST_PADS: 0:02:27.662998849 0xe8df3e00 gstpad.c:991:pre_activate:<sink:sink> reschedule events on peer glcolorbalance1:src
06-06 22:07:23.832  4906  4906 D GStreamer+GST_PADS: 0:02:27.663021089 0xe8df3e00 gstpad.c:1188:activate_mode_internal:<sink:sink> activated in push mode
06-06 22:07:23.832  4906  4906 D GStreamer+basesink: 0:02:27.663040516 0xe8df3e00 gstbasesink.c:4249:gst_base_sink_pad_activate:<sink> Success activating push mode
06-06 22:07:23.832  4906  4906 D GStreamer+GST_ELEMENT_PADS: 0:02:27.663058589 0xe8df3e00 gstelement.c:2814:gst_element_pads_activate:<sink> pad activation successful
06-06 22:07:23.832  4906  4906 D GStreamer+GST_STATES: 0:02:27.663077235 0xe8df3e00 gstelement.c:2668:gst_element_change_state:<sink> element will change state ASYNC
06-06 22:07:23.832  4906  4906 D GStreamer+GST_STATES: 0:02:27.663094474 0xe8df3e00 gstelement.c:2609:gst_element_set_state_func:<sink> returned ASYNC
06-06 22:07:23.832  4906  4906 I GStreamer+GST_STATES: 0:02:27.663112339 0xe8df3e00 gstbin.c:2898:gst_bin_change_state_func:<glimagesinkbin1> child 'sink' is changing state asynchronously to PAUSED
06-06 22:07:23.832  4906  4906 D GStreamer+bin: 0:02:27.663134110 0xe8df3e00 gstbin.c:2310:gst_bin_sort_iterator_next:<glimagesinkbin1> queue head gives glcolorbalance1
06-06 22:07:23.832  4906  4906 D GStreamer+bin: 0:02:27.663152652 0xe8df3e00 gstbin.c:911:find_message:<glimagesinkbin1> no message found matching types 00001000
06-06 22:07:23.832  4906  4906 D GStreamer+bin: 0:02:27.663171193 0xe8df3e00 gstbin.c:918:find_message:<glimagesinkbin1>   structure-change
06-06 22:07:23.832  4906  4906 D GStreamer+bin: 0:02:27.663190724 0xe8df3e00 gstbin.c:2226:update_degree:<glimagesinkbin1> change element glcolorconvertelement1, degree 1->0, linked to glcolorbalance1
06-06 22:07:23.832  4906  4906 D GStreamer+bin: 0:02:27.663213172 0xe8df3e00 gstbin.c:2109:add_to_queue:<glimagesinkbin1> adding 'glcolorconvertelement1' to queue
06-06 22:07:23.832  4906  4906 I GStreamer+GST_STATES: 0:02:27.663234995 0xe8df3e00 gstbin.c:2444:gst_bin_element_set_state:<glcolorbalance1> current READY pending VOID_PENDING, desired next PAUSED
06-06 22:07:23.832  4906  4906 D GStreamer+bin: 0:02:27.663256610 0xe8df3e00 gstbin.c:911:find_message:<glimagesinkbin1> no message found matching types 00100000
06-06 22:07:23.832  4906  4906 D GStreamer+bin: 0:02:27.663274787 0xe8df3e00 gstbin.c:918:find_message:<glimagesinkbin1>   async-start
06-06 22:07:23.832  4906  4906 D GStreamer+bin: 0:02:27.663292756 0xe8df3e00 gstbin.c:2539:gst_bin_element_set_state:<glimagesinkbin1> setting element glcolorbalance1 to PAUSED, base_time 0:00:00.000000000
06-06 22:07:23.832  4906  4906 D GStreamer+GST_STATES: 0:02:27.663316558 0xe8df3e00 gstelement.c:2525:gst_element_set_state_func:<glcolorbalance1> set_state to PAUSED
06-06 22:07:23.832  4906  4906 D GStreamer+GST_STATES: 0:02:27.663334839 0xe8df3e00 gstelement.c:2550:gst_element_set_state_func:<glcolorbalance1> setting target state to PAUSED
06-06 22:07:23.832  4906  4906 D GStreamer+GST_STATES: 0:02:27.663353329 0xe8df3e00 gstelement.c:2563:gst_element_set_state_func:<glcolorbalance1> current READY, old_pending VOID_PENDING, next VOID_PENDING, old return SUCCESS
06-06 22:07:23.832  4906  4906 D GStreamer+GST_STATES: 0:02:27.663374735 0xe8df3e00 gstelement.c:2597:gst_element_set_state_func:<glcolorbalance1> final: setting state from READY to PAUSED
06-06 22:07:23.832  4906  4906 D GStreamer+glbasefilter: 0:02:27.663397912 0xe8df3e00 gstglbasefilter.c:479:gst_gl_base_filter_change_state:<glcolorbalance1> changing state: READY => PAUSED
06-06 22:07:23.832  4906  4906 D GStreamer+GST_ELEMENT_PADS: 0:02:27.663429266 0xe8df3e00 gstelement.c:2795:gst_element_pads_activate:<glcolorbalance1> activate pads
06-06 22:07:23.832  4906  4906 D GStreamer+GST_PADS: 0:02:27.663454527 0xe8df3e00 gstpad.c:1063:gst_pad_set_active:<glcolorbalance1:src> activating pad from none
06-06 22:07:23.832  4906  4906 D GStreamer+GST_PADS: 0:02:27.663473589 0xe8df3e00 gstpad.c:979:pre_activate:<glcolorbalance1:src> setting pad into push mode, unset flushing
06-06 22:07:23.832  4906  4906 D GStreamer+GST_PADS: 0:02:27.663493172 0xe8df3e00 gstpad.c:1188:activate_mode_internal:<glcolorbalance1:src> activated in push mode
06-06 22:07:23.832  4906  4906 D GStreamer+GST_PADS: 0:02:27.663515360 0xe8df3e00 gstpad.c:1063:gst_pad_set_active:<glcolorbalance1:sink> activating pad from none
06-06 22:07:23.832  4906  4906 D GStreamer+GST_PADS: 0:02:27.663533589 0xe8df3e00 gstpad.c:979:pre_activate:<glcolorbalance1:sink> setting pad into push mode, unset flushing
06-06 22:07:23.832  4906  4906 D GStreamer+GST_PADS: 0:02:27.663552183 0xe8df3e00 gstpad.c:991:pre_activate:<glcolorbalance1:sink> reschedule events on peer glcolorconvertelement1:src
06-06 22:07:23.833  4906  4906 D GStreamer+GST_CAPS: 0:02:27.663574995 0xe8df3e00 gstpad.c:2672:gst_pad_get_current_caps:<glcolorbalance1:sink> get current pad caps (NULL)
06-06 22:07:23.833  4906  4906 D GStreamer+GST_CAPS: 0:02:27.663594631 0xe8df3e00 gstpad.c:2672:gst_pad_get_current_caps:<glcolorbalance1:src> get current pad caps (NULL)
06-06 22:07:23.833  4906  4906 D GStreamer+basetransform: 0:02:27.663614318 0xe8df3e00 gstbasetransform.c:2449:gst_base_transform_activate:<glcolorbalance1> have_same_caps 1
06-06 22:07:23.833  4906  4906 D GStreamer+GST_PADS: 0:02:27.663634058 0xe8df3e00 gstpad.c:1188:activate_mode_internal:<glcolorbalance1:sink> activated in push mode
06-06 22:07:23.833  4906  4906 D GStreamer+GST_ELEMENT_PADS: 0:02:27.663654631 0xe8df3e00 gstelement.c:2814:gst_element_pads_activate:<glcolorbalance1> pad activation successful
06-06 22:07:23.833  4906  4906 D GStreamer+GST_STATES: 0:02:27.663674735 0xe8df3e00 gstelement.c:2686:gst_element_change_state:<glcolorbalance1> element changed state SUCCESS
06-06 22:07:23.833  4906  4906 I GStreamer+GST_STATES: 0:02:27.663692443 0xe8df3e00 gstelement.c:2374:gst_element_continue_state:<glcolorbalance1> completed state change to PAUSED
06-06 22:07:23.833  4906  4906 I GStreamer+GST_STATES: 0:02:27.663711506 0xe8df3e00 gstelement.c:2279:_priv_gst_element_state_changed:<glcolorbalance1> notifying about state-changed READY to PAUSED (VOID_PENDING pending)
06-06 22:07:23.833  4906  4906 D GStreamer+GST_BUS: 0:02:27.663736974 0xe8df3e00 gstbus.c:309:gst_bus_post:<bus5> [msg 0xe92ef5c8] posting on bus state-changed message: 0xe92ef5c8, time 99:99:99.999999999, seq-num 539, element 'glcolorbalance1', GstMessageStateChanged, old-state=(GstState)GST_STATE_READY, new-state=(GstState)GST_STATE_PAUSED, pending-state=(GstState)GST_STATE_VOID_PENDING;
06-06 22:07:23.833  4906  4906 D GStreamer+bin: 0:02:27.663783954 0xe8df3e00 gstbin.c:3654:gst_bin_handle_message_func:<glimagesinkbin1> [msg 0xe92ef5c8] handling child glcolorbalance1 message of type state-changed
06-06 22:07:23.833  4906  4906 D GStreamer+bin: 0:02:27.663804943 0xe8df3e00 gstbin.c:3991:gst_bin_handle_message_func:<glimagesinkbin1> posting message upward
06-06 22:07:23.833  4906  4906 D GStreamer+GST_BUS: 0:02:27.663822652 0xe8df3e00 gstbus.c:309:gst_bus_post:<bus8> [msg 0xe92ef5c8] posting on bus state-changed message: 0xe92ef5c8, time 99:99:99.999999999, seq-num 539, element 'glcolorbalance1', GstMessageStateChanged, old-state=(GstState)GST_STATE_READY, new-state=(GstState)GST_STATE_PAUSED, pending-state=(GstState)GST_STATE_VOID_PENDING;
06-06 22:07:23.833  4906  4906 D GStreamer+bin: 0:02:27.663863849 0xe8df3e00 gstbin.c:3654:gst_bin_handle_message_func:<pipeline1> [msg 0xe92ef5c8] handling child glcolorbalance1 message of type state-changed
06-06 22:07:23.833  4906  4906 D GStreamer+bin: 0:02:27.663884474 0xe8df3e00 gstbin.c:3991:gst_bin_handle_message_func:<pipeline1> posting message upward
06-06 22:07:23.833  4906  4906 D GStreamer+GST_BUS: 0:02:27.663902027 0xe8df3e00 gstbus.c:309:gst_bus_post:<bus9> [msg 0xe92ef5c8] posting on bus state-changed message: 0xe92ef5c8, time 99:99:99.999999999, seq-num 539, element 'glcolorbalance1', GstMessageStateChanged, old-state=(GstState)GST_STATE_READY, new-state=(GstState)GST_STATE_PAUSED, pending-state=(GstState)GST_STATE_VOID_PENDING;
06-06 22:07:23.833  4906  4906 D GStreamer+GST_BUS: 0:02:27.663942235 0xe8df3e00 gstbus.c:348:gst_bus_post:<bus9> [msg 0xe92ef5c8] pushing on async queue
06-06 22:07:23.833  4906  4906 D GStreamer+GST_BUS: 0:02:27.663970829 0xe8df3e00 gstbus.c:351:gst_bus_post:<bus9> [msg 0xe92ef5c8] pushed on async queue
06-06 22:07:23.833  4906  4906 D GStreamer+GST_BUS: 0:02:27.663990152 0xe8df3e00 gstbus.c:344:gst_bus_post:<bus8> [msg 0xe92ef5c8] dropped
06-06 22:07:23.833  4906  4906 D GStreamer+GST_BUS: 0:02:27.664008954 0xe8df3e00 gstbus.c:344:gst_bus_post:<bus5> [msg 0xe92ef5c8] dropped
06-06 22:07:23.833  4906  5116 D GStreamer+GST_BUS: 0:02:27.664007027 0xe93d1d00 gstbus.c:521:gst_bus_timed_pop_filtered:<bus9> got message 0xe92ef5c8, state-changed from glcolorbalance1, type mask is 4294967295
06-06 22:07:23.833  4906  4906 D GStreamer+GST_STATES: 0:02:27.664033589 0xe8df3e00 gstelement.c:2609:gst_element_set_state_func:<glcolorbalance1> returned SUCCESS
06-06 22:07:23.833  4906  4906 I GStreamer+GST_STATES: 0:02:27.664053485 0xe8df3e00 gstbin.c:2892:gst_bin_change_state_func:<glimagesinkbin1> child 'glcolorbalance1' changed state to 3(PAUSED) successfully
06-06 22:07:23.833  4906  4906 D GStreamer+bin: 0:02:27.664082912 0xe8df3e00 gstbin.c:2310:gst_bin_sort_iterator_next:<glimagesinkbin1> queue head gives glcolorconvertelement1
06-06 22:07:23.833  4906  5116 D GStreamer+GST_BUS: 0:02:27.664049631 0xe93d1d00 gstbus.c:789:gst_bus_source_dispatch:<bus9> source 0xe95618d8 calling dispatch with state-changed message: 0xe92ef5c8, time 99:99:99.999999999, seq-num 539, element 'glcolorbalance1', GstMessageStateChanged, old-state=(GstState)GST_STATE_READY, new-state=(GstState)GST_STATE_PAUSED, pending-state=(GstState)GST_STATE_VOID_PENDING;
06-06 22:07:23.833  4906  4906 D GStreamer+bin: 0:02:27.664105464 0xe8df3e00 gstbin.c:911:find_message:<glimagesinkbin1> no message found matching types 00001000
06-06 22:07:23.833  4906  4906 D GStreamer+bin: 0:02:27.664124370 0xe8df3e00 gstbin.c:918:find_message:<glimagesinkbin1>   structure-change
06-06 22:07:23.833  4906  5116 D GStreamer+GST_BUS: 0:02:27.664131141 0xe93d1d00 gstbus.c:794:gst_bus_source_dispatch:<bus9> source 0xe95618d8 handler returns 1
06-06 22:07:23.833  4906  4906 D GStreamer+bin: 0:02:27.664145985 0xe8df3e00 gstbin.c:2226:update_degree:<glimagesinkbin1> change element gluploadelement1, degree 1->0, linked to glcolorconvertelement1
06-06 22:07:23.833  4906  4906 D GStreamer+bin: 0:02:27.664172547 0xe8df3e00 gstbin.c:2109:add_to_queue:<glimagesinkbin1> adding 'gluploadelement1' to queue
06-06 22:07:23.833  4906  4906 I GStreamer+GST_STATES: 0:02:27.664194527 0xe8df3e00 gstbin.c:2444:gst_bin_element_set_state:<glcolorconvertelement1> current READY pending VOID_PENDING, desired next PAUSED
06-06 22:07:23.833  4906  4906 D GStreamer+bin: 0:02:27.664216766 0xe8df3e00 gstbin.c:911:find_message:<glimagesinkbin1> no message found matching types 00100000
06-06 22:07:23.833  4906  4906 D GStreamer+bin: 0:02:27.664234995 0xe8df3e00 gstbin.c:918:find_message:<glimagesinkbin1>   async-start
06-06 22:07:23.833  4906  4906 D GStreamer+bin: 0:02:27.664252912 0xe8df3e00 gstbin.c:2539:gst_bin_element_set_state:<glimagesinkbin1> setting element glcolorconvertelement1 to PAUSED, base_time 0:00:00.000000000
06-06 22:07:23.833  4906  4906 D GStreamer+GST_STATES: 0:02:27.664277131 0xe8df3e00 gstelement.c:2525:gst_element_set_state_func:<glcolorconvertelement1> set_state to PAUSED
06-06 22:07:23.833  4906  4906 D GStreamer+GST_STATES: 0:02:27.664295829 0xe8df3e00 gstelement.c:2550:gst_element_set_state_func:<glcolorconvertelement1> setting target state to PAUSED
06-06 22:07:23.833  4906  4906 D GStreamer+GST_STATES: 0:02:27.664314318 0xe8df3e00 gstelement.c:2563:gst_element_set_state_func:<glcolorconvertelement1> current READY, old_pending VOID_PENDING, next VOID_PENDING, old return SUCCESS
06-06 22:07:23.833  4906  4906 D GStreamer+GST_STATES: 0:02:27.664336141 0xe8df3e00 gstelement.c:2597:gst_element_set_state_func:<glcolorconvertelement1> final: setting state from READY to PAUSED
06-06 22:07:23.833  4906  4906 D GStreamer+glbasefilter: 0:02:27.664358433 0xe8df3e00 gstglbasefilter.c:479:gst_gl_base_filter_change_state:<glcolorconvertelement1> changing state: READY => PAUSED
06-06 22:07:23.833  4906  4906 D GStreamer+GST_ELEMENT_PADS: 0:02:27.664379735 0xe8df3e00 gstelement.c:2795:gst_element_pads_activate:<glcolorconvertelement1> activate pads
06-06 22:07:23.833  4906  4906 D GStreamer+GST_PADS: 0:02:27.664401454 0xe8df3e00 gstpad.c:1063:gst_pad_set_active:<glcolorconvertelement1:src> activating pad from none
06-06 22:07:23.833  4906  4906 D GStreamer+GST_PADS: 0:02:27.664430360 0xe8df3e00 gstpad.c:979:pre_activate:<glcolorconvertelement1:src> setting pad into push mode, unset flushing
06-06 22:07:23.833  4906  4906 D GStreamer+GST_PADS: 0:02:27.664451870 0xe8df3e00 gstpad.c:1188:activate_mode_internal:<glcolorconvertelement1:src> activated in push mode
06-06 22:07:23.833  4906  4906 D GStreamer+GST_PADS: 0:02:27.664476141 0xe8df3e00 gstpad.c:1063:gst_pad_set_active:<glcolorconvertelement1:sink> activating pad from none
06-06 22:07:23.833  4906  4906 D GStreamer+GST_PADS: 0:02:27.664495881 0xe8df3e00 gstpad.c:979:pre_activate:<glcolorconvertelement1:sink> setting pad into push mode, unset flushing
06-06 22:07:23.833  4906  4906 D GStreamer+GST_PADS: 0:02:27.664515933 0xe8df3e00 gstpad.c:991:pre_activate:<glcolorconvertelement1:sink> reschedule events on peer gluploadelement1:src
06-06 22:07:23.833  4906  4906 D GStreamer+GST_CAPS: 0:02:27.664538381 0xe8df3e00 gstpad.c:2672:gst_pad_get_current_caps:<glcolorconvertelement1:sink> get current pad caps (NULL)
06-06 22:07:23.833  4906  4906 D GStreamer+GST_CAPS: 0:02:27.664558902 0xe8df3e00 gstpad.c:2672:gst_pad_get_current_caps:<glcolorconvertelement1:src> get current pad caps (NULL)
06-06 22:07:23.834  4906  4906 D GStreamer+basetransform: 0:02:27.664578485 0xe8df3e00 gstbasetransform.c:2449:gst_base_transform_activate:<glcolorconvertelement1> have_same_caps 0
06-06 22:07:23.834  4906  4906 D GStreamer+GST_PADS: 0:02:27.664597547 0xe8df3e00 gstpad.c:1188:activate_mode_internal:<glcolorconvertelement1:sink> activated in push mode
06-06 22:07:23.834  4906  4906 D GStreamer+GST_ELEMENT_PADS: 0:02:27.664619058 0xe8df3e00 gstelement.c:2814:gst_element_pads_activate:<glcolorconvertelement1> pad activation successful
06-06 22:07:23.834  4906  4906 D GStreamer+GST_STATES: 0:02:27.664638902 0xe8df3e00 gstelement.c:2686:gst_element_change_state:<glcolorconvertelement1> element changed state SUCCESS
06-06 22:07:23.834  4906  4906 I GStreamer+GST_STATES: 0:02:27.664656662 0xe8df3e00 gstelement.c:2374:gst_element_continue_state:<glcolorconvertelement1> completed state change to PAUSED
06-06 22:07:23.834  4906  4906 I GStreamer+GST_STATES: 0:02:27.664675099 0xe8df3e00 gstelement.c:2279:_priv_gst_element_state_changed:<glcolorconvertelement1> notifying about state-changed READY to PAUSED (VOID_PENDING pending)
06-06 22:07:23.834  4906  4906 D GStreamer+GST_BUS: 0:02:27.664699579 0xe8df3e00 gstbus.c:309:gst_bus_post:<bus5> [msg 0xe92ef570] posting on bus state-changed message: 0xe92ef570, time 99:99:99.999999999, seq-num 540, element 'glcolorconvertelement1', GstMessageStateChanged, old-state=(GstState)GST_STATE_READY, new-state=(GstState)GST_STATE_PAUSED, pending-state=(GstState)GST_STATE_VOID_PENDING;
06-06 22:07:23.834  4906  4906 D GStreamer+bin: 0:02:27.664743693 0xe8df3e00 gstbin.c:3654:gst_bin_handle_message_func:<glimagesinkbin1> [msg 0xe92ef570] handling child glcolorconvertelement1 message of type state-changed
06-06 22:07:23.834  4906  4906 D GStreamer+bin: 0:02:27.664764839 0xe8df3e00 gstbin.c:3991:gst_bin_handle_message_func:<glimagesinkbin1> posting message upward
06-06 22:07:23.834  4906  4906 D GStreamer+GST_BUS: 0:02:27.664782599 0xe8df3e00 gstbus.c:309:gst_bus_post:<bus8> [msg 0xe92ef570] posting on bus state-changed message: 0xe92ef570, time 99:99:99.999999999, seq-num 540, element 'glcolorconvertelement1', GstMessageStateChanged, old-state=(GstState)GST_STATE_READY, new-state=(GstState)GST_STATE_PAUSED, pending-state=(GstState)GST_STATE_VOID_PENDING;
06-06 22:07:23.834  4906  4906 D GStreamer+bin: 0:02:27.664822287 0xe8df3e00 gstbin.c:3654:gst_bin_handle_message_func:<pipeline1> [msg 0xe92ef570] handling child glcolorconvertelement1 message of type state-changed
06-06 22:07:23.834  4906  4906 D GStreamer+bin: 0:02:27.664843381 0xe8df3e00 gstbin.c:3991:gst_bin_handle_message_func:<pipeline1> posting message upward
06-06 22:07:23.834  4906  4906 D GStreamer+GST_BUS: 0:02:27.664860568 0xe8df3e00 gstbus.c:309:gst_bus_post:<bus9> [msg 0xe92ef570] posting on bus state-changed message: 0xe92ef570, time 99:99:99.999999999, seq-num 540, element 'glcolorconvertelement1', GstMessageStateChanged, old-state=(GstState)GST_STATE_READY, new-state=(GstState)GST_STATE_PAUSED, pending-state=(GstState)GST_STATE_VOID_PENDING;
06-06 22:07:23.834  4906  4906 D GStreamer+GST_BUS: 0:02:27.664899683 0xe8df3e00 gstbus.c:348:gst_bus_post:<bus9> [msg 0xe92ef570] pushing on async queue
06-06 22:07:23.834  4906  4906 D GStreamer+GST_BUS: 0:02:27.664922756 0xe8df3e00 gstbus.c:351:gst_bus_post:<bus9> [msg 0xe92ef570] pushed on async queue
06-06 22:07:23.834  4906  4906 D GStreamer+GST_BUS: 0:02:27.664942079 0xe8df3e00 gstbus.c:344:gst_bus_post:<bus8> [msg 0xe92ef570] dropped
06-06 22:07:23.834  4906  5116 D GStreamer+GST_BUS: 0:02:27.664946141 0xe93d1d00 gstbus.c:521:gst_bus_timed_pop_filtered:<bus9> got message 0xe92ef570, state-changed from glcolorconvertelement1, type mask is 4294967295
06-06 22:07:23.834  4906  4906 D GStreamer+GST_BUS: 0:02:27.664961818 0xe8df3e00 gstbus.c:344:gst_bus_post:<bus5> [msg 0xe92ef570] dropped
06-06 22:07:23.834  4906  4906 D GStreamer+GST_STATES: 0:02:27.664982860 0xe8df3e00 gstelement.c:2609:gst_element_set_state_func:<glcolorconvertelement1> returned SUCCESS
06-06 22:07:23.834  4906  4906 I GStreamer+GST_STATES: 0:02:27.665007131 0xe8df3e00 gstbin.c:2892:gst_bin_change_state_func:<glimagesinkbin1> child 'glcolorconvertelement1' changed state to 3(PAUSED) successfully
06-06 22:07:23.834  4906  5116 D GStreamer+GST_BUS: 0:02:27.664981193 0xe93d1d00 gstbus.c:789:gst_bus_source_dispatch:<bus9> source 0xe95618d8 calling dispatch with state-changed message: 0xe92ef570, time 99:99:99.999999999, seq-num 540, element 'glcolorconvertelement1', GstMessageStateChanged, old-state=(GstState)GST_STATE_READY, new-state=(GstState)GST_STATE_PAUSED, pending-state=(GstState)GST_STATE_VOID_PENDING;
06-06 22:07:23.834  4906  4906 D GStreamer+bin: 0:02:27.665040724 0xe8df3e00 gstbin.c:2310:gst_bin_sort_iterator_next:<glimagesinkbin1> queue head gives gluploadelement1
06-06 22:07:23.834  4906  5116 D GStreamer+GST_BUS: 0:02:27.665050777 0xe93d1d00 gstbus.c:794:gst_bus_source_dispatch:<bus9> source 0xe95618d8 handler returns 1
06-06 22:07:23.834  4906  4906 D GStreamer+bin: 0:02:27.665063329 0xe8df3e00 gstbin.c:911:find_message:<glimagesinkbin1> no message found matching types 00001000
06-06 22:07:23.834  4906  4906 D GStreamer+bin: 0:02:27.665081349 0xe8df3e00 gstbin.c:918:find_message:<glimagesinkbin1>   structure-change
06-06 22:07:23.834  4906  4906 D GStreamer+bin: 0:02:27.665101558 0xe8df3e00 gstbin.c:2249:update_degree:<glimagesinkbin1> element gluploadelement1 not linked on any sinkpads
06-06 22:07:23.834  4906  4906 I GStreamer+GST_STATES: 0:02:27.665121870 0xe8df3e00 gstbin.c:2444:gst_bin_element_set_state:<gluploadelement1> current READY pending VOID_PENDING, desired next PAUSED
06-06 22:07:23.834  4906  4906 D GStreamer+bin: 0:02:27.665143589 0xe8df3e00 gstbin.c:911:find_message:<glimagesinkbin1> no message found matching types 00100000
06-06 22:07:23.834  4906  4906 D GStreamer+bin: 0:02:27.665161662 0xe8df3e00 gstbin.c:918:find_message:<glimagesinkbin1>   async-start
06-06 22:07:23.834  4906  4906 D GStreamer+bin: 0:02:27.665179527 0xe8df3e00 gstbin.c:2539:gst_bin_element_set_state:<glimagesinkbin1> setting element gluploadelement1 to PAUSED, base_time 0:00:00.000000000
06-06 22:07:23.834  4906  4906 D GStreamer+GST_STATES: 0:02:27.665203329 0xe8df3e00 gstelement.c:2525:gst_element_set_state_func:<gluploadelement1> set_state to PAUSED
06-06 22:07:23.834  4906  4906 D GStreamer+GST_STATES: 0:02:27.665222443 0xe8df3e00 gstelement.c:2550:gst_element_set_state_func:<gluploadelement1> setting target state to PAUSED
06-06 22:07:23.834  4906  4906 D GStreamer+GST_STATES: 0:02:27.665240724 0xe8df3e00 gstelement.c:2563:gst_element_set_state_func:<gluploadelement1> current READY, old_pending VOID_PENDING, next VOID_PENDING, old return SUCCESS
06-06 22:07:23.834  4906  4906 D GStreamer+GST_STATES: 0:02:27.665262495 0xe8df3e00 gstelement.c:2597:gst_element_set_state_func:<gluploadelement1> final: setting state from READY to PAUSED
06-06 22:07:23.834  4906  4906 D GStreamer+glbasefilter: 0:02:27.665284318 0xe8df3e00 gstglbasefilter.c:479:gst_gl_base_filter_change_state:<gluploadelement1> changing state: READY => PAUSED
06-06 22:07:23.834  4906  4906 D GStreamer+GST_ELEMENT_PADS: 0:02:27.665304839 0xe8df3e00 gstelement.c:2795:gst_element_pads_activate:<gluploadelement1> activate pads
06-06 22:07:23.834  4906  4906 D GStreamer+GST_PADS: 0:02:27.665325724 0xe8df3e00 gstpad.c:1063:gst_pad_set_active:<gluploadelement1:src> activating pad from none
06-06 22:07:23.834  4906  4906 D GStreamer+GST_PADS: 0:02:27.665344579 0xe8df3e00 gstpad.c:979:pre_activate:<gluploadelement1:src> setting pad into push mode, unset flushing
06-06 22:07:23.834  4906  4906 D GStreamer+GST_PADS: 0:02:27.665363693 0xe8df3e00 gstpad.c:1188:activate_mode_internal:<gluploadelement1:src> activated in push mode
06-06 22:07:23.834  4906  4906 D GStreamer+GST_PADS: 0:02:27.665386454 0xe8df3e00 gstpad.c:1063:gst_pad_set_active:<gluploadelement1:sink> activating pad from none
06-06 22:07:23.834  4906  4906 D GStreamer+GST_PADS: 0:02:27.665404891 0xe8df3e00 gstpad.c:979:pre_activate:<gluploadelement1:sink> setting pad into push mode, unset flushing
06-06 22:07:23.834  4906  4906 D GStreamer+GST_PADS: 0:02:27.665443797 0xe8df3e00 gstpad.c:991:pre_activate:<gluploadelement1:sink> reschedule events on peer sink:proxypad4
06-06 22:07:23.834  4906  4906 D GStreamer+GST_CAPS: 0:02:27.665467131 0xe8df3e00 gstpad.c:2672:gst_pad_get_current_caps:<gluploadelement1:sink> get current pad caps (NULL)
06-06 22:07:23.834  4906  4906 D GStreamer+GST_CAPS: 0:02:27.665487495 0xe8df3e00 gstpad.c:2672:gst_pad_get_current_caps:<gluploadelement1:src> get current pad caps (NULL)
06-06 22:07:23.834  4906  4906 D GStreamer+basetransform: 0:02:27.665506610 0xe8df3e00 gstbasetransform.c:2449:gst_base_transform_activate:<gluploadelement1> have_same_caps 0
06-06 22:07:23.834  4906  4906 D GStreamer+GST_PADS: 0:02:27.665525360 0xe8df3e00 gstpad.c:1188:activate_mode_internal:<gluploadelement1:sink> activated in push mode
06-06 22:07:23.834  4906  4906 D GStreamer+GST_ELEMENT_PADS: 0:02:27.665546141 0xe8df3e00 gstelement.c:2814:gst_element_pads_activate:<gluploadelement1> pad activation successful
06-06 22:07:23.834  4906  4906 D GStreamer+GST_STATES: 0:02:27.665565412 0xe8df3e00 gstelement.c:2686:gst_element_change_state:<gluploadelement1> element changed state SUCCESS
06-06 22:07:23.835  4906  4906 I GStreamer+GST_STATES: 0:02:27.665583068 0xe8df3e00 gstelement.c:2374:gst_element_continue_state:<gluploadelement1> completed state change to PAUSED
06-06 22:07:23.835  4906  4906 I GStreamer+GST_STATES: 0:02:27.665601558 0xe8df3e00 gstelement.c:2279:_priv_gst_element_state_changed:<gluploadelement1> notifying about state-changed READY to PAUSED (VOID_PENDING pending)
06-06 22:07:23.835  4906  4906 D GStreamer+GST_BUS: 0:02:27.665626245 0xe8df3e00 gstbus.c:309:gst_bus_post:<bus5> [msg 0xe92ef518] posting on bus state-changed message: 0xe92ef518, time 99:99:99.999999999, seq-num 541, element 'gluploadelement1', GstMessageStateChanged, old-state=(GstState)GST_STATE_READY, new-state=(GstState)GST_STATE_PAUSED, pending-state=(GstState)GST_STATE_VOID_PENDING;
06-06 22:07:23.835  4906  4906 D GStreamer+bin: 0:02:27.665669110 0xe8df3e00 gstbin.c:3654:gst_bin_handle_message_func:<glimagesinkbin1> [msg 0xe92ef518] handling child gluploadelement1 message of type state-changed
06-06 22:07:23.835  4906  4906 D GStreamer+bin: 0:02:27.665690881 0xe8df3e00 gstbin.c:3991:gst_bin_handle_message_func:<glimagesinkbin1> posting message upward
06-06 22:07:23.835  4906  4906 D GStreamer+GST_BUS: 0:02:27.665708641 0xe8df3e00 gstbus.c:309:gst_bus_post:<bus8> [msg 0xe92ef518] posting on bus state-changed message: 0xe92ef518, time 99:99:99.999999999, seq-num 541, element 'gluploadelement1', GstMessageStateChanged, old-state=(GstState)GST_STATE_READY, new-state=(GstState)GST_STATE_PAUSED, pending-state=(GstState)GST_STATE_VOID_PENDING;
06-06 22:07:23.835  4906  4906 D GStreamer+bin: 0:02:27.665748745 0xe8df3e00 gstbin.c:3654:gst_bin_handle_message_func:<pipeline1> [msg 0xe92ef518] handling child gluploadelement1 message of type state-changed
06-06 22:07:23.835  4906  4906 D GStreamer+bin: 0:02:27.665769631 0xe8df3e00 gstbin.c:3991:gst_bin_handle_message_func:<pipeline1> posting message upward
06-06 22:07:23.835  4906  4906 D GStreamer+GST_BUS: 0:02:27.665787079 0xe8df3e00 gstbus.c:309:gst_bus_post:<bus9> [msg 0xe92ef518] posting on bus state-changed message: 0xe92ef518, time 99:99:99.999999999, seq-num 541, element 'gluploadelement1', GstMessageStateChanged, old-state=(GstState)GST_STATE_READY, new-state=(GstState)GST_STATE_PAUSED, pending-state=(GstState)GST_STATE_VOID_PENDING;
06-06 22:07:23.835  4906  4906 D GStreamer+GST_BUS: 0:02:27.665825829 0xe8df3e00 gstbus.c:348:gst_bus_post:<bus9> [msg 0xe92ef518] pushing on async queue
06-06 22:07:23.835  4906  4906 D GStreamer+GST_BUS: 0:02:27.665848224 0xe8df3e00 gstbus.c:351:gst_bus_post:<bus9> [msg 0xe92ef518] pushed on async queue
06-06 22:07:23.835  4906  4906 D GStreamer+GST_BUS: 0:02:27.665867443 0xe8df3e00 gstbus.c:344:gst_bus_post:<bus8> [msg 0xe92ef518] dropped
06-06 22:07:23.835  4906  5116 D GStreamer+GST_BUS: 0:02:27.665867443 0xe93d1d00 gstbus.c:521:gst_bus_timed_pop_filtered:<bus9> got message 0xe92ef518, state-changed from gluploadelement1, type mask is 4294967295
06-06 22:07:23.835  4906  4906 D GStreamer+GST_BUS: 0:02:27.665894214 0xe8df3e00 gstbus.c:344:gst_bus_post:<bus5> [msg 0xe92ef518] dropped
06-06 22:07:23.835  4906  4906 D GStreamer+GST_STATES: 0:02:27.665918797 0xe8df3e00 gstelement.c:2609:gst_element_set_state_func:<gluploadelement1> returned SUCCESS
06-06 22:07:23.835  4906  5116 D GStreamer+GST_BUS: 0:02:27.665902339 0xe93d1d00 gstbus.c:789:gst_bus_source_dispatch:<bus9> source 0xe95618d8 calling dispatch with state-changed message: 0xe92ef518, time 99:99:99.999999999, seq-num 541, element 'gluploadelement1', GstMessageStateChanged, old-state=(GstState)GST_STATE_READY, new-state=(GstState)GST_STATE_PAUSED, pending-state=(GstState)GST_STATE_VOID_PENDING;
06-06 22:07:23.835  4906  4906 I GStreamer+GST_STATES: 0:02:27.665941506 0xe8df3e00 gstbin.c:2892:gst_bin_change_state_func:<glimagesinkbin1> child 'gluploadelement1' changed state to 3(PAUSED) successfully
06-06 22:07:23.835  4906  5116 D GStreamer+GST_BUS: 0:02:27.665958485 0xe93d1d00 gstbus.c:794:gst_bus_source_dispatch:<bus9> source 0xe95618d8 handler returns 1
06-06 22:07:23.835  4906  4906 D GStreamer+bin: 0:02:27.665972027 0xe8df3e00 gstbin.c:2299:gst_bin_sort_iterator_next:<glimagesinkbin1> queue empty, elements exhausted
06-06 22:07:23.835  4906  4906 D GStreamer+GST_STATES: 0:02:27.665990256 0xe8df3e00 gstbin.c:2951:gst_bin_change_state_func:<glimagesinkbin1> iterator done
06-06 22:07:23.835  4906  4906 D GStreamer+GST_ELEMENT_PADS: 0:02:27.666006454 0xe8df3e00 gstelement.c:2795:gst_element_pads_activate:<glimagesinkbin1> activate pads
06-06 22:07:23.835  4906  4906 D GStreamer+GST_PADS: 0:02:27.666028693 0xe8df3e00 gstpad.c:1063:gst_pad_set_active:<glimagesinkbin1:sink> activating pad from none
06-06 22:07:23.835  4906  4906 D GStreamer+GST_PADS: 0:02:27.666047391 0xe8df3e00 gstpad.c:979:pre_activate:<glimagesinkbin1:sink> setting pad into push mode, unset flushing
06-06 22:07:23.835  4906  4906 D GStreamer+GST_PADS: 0:02:27.666066974 0xe8df3e00 gstpad.c:991:pre_activate:<glimagesinkbin1:sink> reschedule events on peer forhalffps:src
06-06 22:07:23.835  4906  4906 D GStreamer+GST_PADS: 0:02:27.666089006 0xe8df3e00 gstpad.c:979:pre_activate:<sink:proxypad4> setting pad into push mode, unset flushing
06-06 22:07:23.835  4906  4906 D GStreamer+GST_PADS: 0:02:27.666109422 0xe8df3e00 gstpad.c:1207:activate_mode_internal:<glimagesinkbin1:sink> already activated in push mode
06-06 22:07:23.835  4906  4906 D GStreamer+GST_PADS: 0:02:27.666129474 0xe8df3e00 gstpad.c:1188:activate_mode_internal:<sink:proxypad4> activated in push mode
06-06 22:07:23.835  4906  4906 D GStreamer+GST_PADS: 0:02:27.666149110 0xe8df3e00 gstpad.c:1188:activate_mode_internal:<glimagesinkbin1:sink> activated in push mode
06-06 22:07:23.835  4906  4906 D GStreamer+GST_ELEMENT_PADS: 0:02:27.666169422 0xe8df3e00 gstelement.c:2814:gst_element_pads_activate:<glimagesinkbin1> pad activation successful
06-06 22:07:23.835  4906  4906 D GStreamer+GST_STATES: 0:02:27.666188433 0xe8df3e00 gstbin.c:2969:gst_bin_change_state_func:<glimagesinkbin1> we have ASYNC elements SUCCESS -> ASYNC
06-06 22:07:23.835  4906  4906 D GStreamer+bin: 0:02:27.666207391 0xe8df3e00 gstbin.c:2341:gst_bin_sort_iterator_free:<glimagesinkbin1> free
06-06 22:07:23.835  4906  4906 D GStreamer+bin: 0:02:27.666226402 0xe8df3e00 gstbin.c:2997:gst_bin_change_state_func:<glimagesinkbin1> check async elements
06-06 22:07:23.835  4906  4906 D GStreamer+bin: 0:02:27.666243537 0xe8df3e00 gstbin.c:909:find_message:<glimagesinkbin1> we found a message 0xe92ef678 from sink matching types 00100000
06-06 22:07:23.835  4906  4906 D GStreamer+GST_STATES: 0:02:27.666264735 0xe8df3e00 gstbin.c:3020:gst_bin_change_state_func:<glimagesinkbin1> done changing bin's state from READY to PAUSED, now in READY, ret ASYNC
06-06 22:07:23.835  4906  4906 D GStreamer+GST_STATES: 0:02:27.666286402 0xe8df3e00 gstelement.c:2668:gst_element_change_state:<glimagesinkbin1> element will change state ASYNC
06-06 22:07:23.835  4906  4906 D GStreamer+GST_STATES: 0:02:27.666303433 0xe8df3e00 gstelement.c:2609:gst_element_set_state_func:<glimagesinkbin1> returned ASYNC
06-06 22:07:23.835  4906  4906 I GStreamer+GST_STATES: 0:02:27.666321870 0xe8df3e00 gstbin.c:2898:gst_bin_change_state_func:<pipeline1> child 'glimagesinkbin1' is changing state asynchronously to PAUSED
06-06 22:07:23.835  4906  4906 D GStreamer+bin: 0:02:27.666343537 0xe8df3e00 gstbin.c:2310:gst_bin_sort_iterator_next:<pipeline1> queue head gives queue5
06-06 22:07:23.835  4906  4906 D GStreamer+bin: 0:02:27.666362287 0xe8df3e00 gstbin.c:911:find_message:<pipeline1> no message found matching types 00001000
06-06 22:07:23.835  4906  4906 D GStreamer+bin: 0:02:27.666380412 0xe8df3e00 gstbin.c:918:find_message:<pipeline1>   structure-change
06-06 22:07:23.835  4906  4906 D GStreamer+bin: 0:02:27.666398277 0xe8df3e00 gstbin.c:2249:update_degree:<pipeline1> element queue5 not linked on any sinkpads
06-06 22:07:23.835  4906  4906 I GStreamer+GST_STATES: 0:02:27.666424891 0xe8df3e00 gstbin.c:2444:gst_bin_element_set_state:<queue5> current READY pending VOID_PENDING, desired next PAUSED
06-06 22:07:23.835  4906  4906 D GStreamer+bin: 0:02:27.666448120 0xe8df3e00 gstbin.c:911:find_message:<pipeline1> no message found matching types 00100000
06-06 22:07:23.835  4906  4906 D GStreamer+bin: 0:02:27.666466662 0xe8df3e00 gstbin.c:918:find_message:<pipeline1>   async-start
06-06 22:07:23.835  4906  4906 D GStreamer+bin: 0:02:27.666484266 0xe8df3e00 gstbin.c:2539:gst_bin_element_set_state:<pipeline1> setting element queue5 to PAUSED, base_time 0:00:00.000000000
06-06 22:07:23.835  4906  4906 D GStreamer+GST_STATES: 0:02:27.666507704 0xe8df3e00 gstelement.c:2525:gst_element_set_state_func:<queue5> set_state to PAUSED
06-06 22:07:23.835  4906  4906 D GStreamer+GST_STATES: 0:02:27.666525829 0xe8df3e00 gstelement.c:2550:gst_element_set_state_func:<queue5> setting target state to PAUSED
06-06 22:07:23.835  4906  4906 D GStreamer+GST_STATES: 0:02:27.666544214 0xe8df3e00 gstelement.c:2563:gst_element_set_state_func:<queue5> current READY, old_pending VOID_PENDING, next VOID_PENDING, old return SUCCESS
06-06 22:07:23.835  4906  4906 D GStreamer+GST_STATES: 0:02:27.666565933 0xe8df3e00 gstelement.c:2597:gst_element_set_state_func:<queue5> final: setting state from READY to PAUSED
06-06 22:07:23.836  4906  4906 D GStreamer+GST_ELEMENT_PADS: 0:02:27.666587652 0xe8df3e00 gstelement.c:2795:gst_element_pads_activate:<queue5> activate pads
06-06 22:07:23.836  4906  4906 D GStreamer+GST_PADS: 0:02:27.666608902 0xe8df3e00 gstpad.c:1063:gst_pad_set_active:<queue5:src> activating pad from none
06-06 22:07:23.836  4906  4906 D GStreamer+GST_PADS: 0:02:27.666627391 0xe8df3e00 gstpad.c:979:pre_activate:<queue5:src> setting pad into push mode, unset flushing
06-06 22:07:23.836  4906  4906 D GStreamer+GST_PADS: 0:02:27.666647287 0xe8df3e00 gstpad.c:5978:gst_pad_start_task:<queue5:src> start task
06-06 22:07:23.836  4906  4906 D GStreamer+task: 0:02:27.666690412 0xe8df3e00 gsttask.c:427:gst_task_new Created task 0xe92f6220
06-06 22:07:23.836  4906  4906 I GStreamer+task: 0:02:27.666709370 0xe8df3e00 gsttask.c:453:gst_task_set_lock setting stream lock 0xe9160c44 on task 0xe92f6220
06-06 22:07:23.836  4906  4906 I GStreamer+GST_PADS: 0:02:27.666728849 0xe8df3e00 gstpad.c:5987:gst_pad_start_task:<queue5:src> created task 0xe92f6220
06-06 22:07:23.836  4906  4906 D GStreamer+GST_PADS: 0:02:27.666748745 0xe8df3e00 gstpad.c:5904:do_stream_status:<queue5:src> doing stream-status 0
06-06 22:07:23.836  4906  4906 D GStreamer+GST_PADS: 0:02:27.666775412 0xe8df3e00 gstpad.c:5933:do_stream_status:<queue5:src> posting stream-status 0
06-06 22:07:23.836  4906  4906 D GStreamer+GST_BUS: 0:02:27.666796089 0xe8df3e00 gstbus.c:309:gst_bus_post:<bus8> [msg 0xe92ef468] posting on bus stream-status message: 0xe92ef468, time 99:99:99.999999999, seq-num 542, element 'src', GstMessageStreamStatus, type=(GstStreamStatusType)GST_STREAM_STATUS_TYPE_CREATE, owner=(GstElement)"\(GstQueue\)\ queue5", object=(GstTask)"\(GstTask\)\ task4";
06-06 22:07:23.836  4906  4906 D GStreamer+bin: 0:02:27.666853120 0xe8df3e00 gstbin.c:3654:gst_bin_handle_message_func:<pipeline1> [msg 0xe92ef468] handling child src message of type stream-status
06-06 22:07:23.836  4906  4906 D GStreamer+bin: 0:02:27.666874891 0xe8df3e00 gstbin.c:3991:gst_bin_handle_message_func:<pipeline1> posting message upward
06-06 22:07:23.836  4906  4906 D GStreamer+GST_BUS: 0:02:27.666892756 0xe8df3e00 gstbus.c:309:gst_bus_post:<bus9> [msg 0xe92ef468] posting on bus stream-status message: 0xe92ef468, time 99:99:99.999999999, seq-num 542, element 'src', GstMessageStreamStatus, type=(GstStreamStatusType)GST_STREAM_STATUS_TYPE_CREATE, owner=(GstElement)"\(GstQueue\)\ queue5", object=(GstTask)"\(GstTask\)\ task4";
06-06 22:07:23.836  4906  4906 D GStreamer+GST_BUS: 0:02:27.666940724 0xe8df3e00 gstbus.c:348:gst_bus_post:<bus9> [msg 0xe92ef468] pushing on async queue
06-06 22:07:23.836  4906  4906 D GStreamer+GST_BUS: 0:02:27.666964058 0xe8df3e00 gstbus.c:351:gst_bus_post:<bus9> [msg 0xe92ef468] pushed on async queue
06-06 22:07:23.836  4906  4906 D GStreamer+GST_BUS: 0:02:27.666983381 0xe8df3e00 gstbus.c:344:gst_bus_post:<bus8> [msg 0xe92ef468] dropped
06-06 22:07:23.836  4906  5116 D GStreamer+GST_BUS: 0:02:27.666983954 0xe93d1d00 gstbus.c:521:gst_bus_timed_pop_filtered:<bus9> got message 0xe92ef468, stream-status from src, type mask is 4294967295
06-06 22:07:23.836  4906  4906 D GStreamer+task: 0:02:27.667007756 0xe8df3e00 gsttask.c:684:gst_task_set_state:<task4> Changing task 0xe92f6220 to state 0
06-06 22:07:23.836  4906  5116 D GStreamer+GST_BUS: 0:02:27.667015933 0xe93d1d00 gstbus.c:789:gst_bus_source_dispatch:<bus9> source 0xe95618d8 calling dispatch with stream-status message: 0xe92ef468, time 99:99:99.999999999, seq-num 542, element 'src', GstMessageStreamStatus, type=(GstStreamStatusType)GST_STREAM_STATUS_TYPE_CREATE, owner=(GstElement)"\(GstQueue\)\ queue5", object=(GstTask)"\(GstTask\)\ task4";
06-06 22:07:23.836  4906  5116 D GStreamer+GST_BUS: 0:02:27.667076193 0xe93d1d00 gstbus.c:794:gst_bus_source_dispatch:<bus9> source 0xe95618d8 handler returns 1
06-06 22:07:23.836  4906  4906 D GStreamer+GST_PADS: 0:02:27.667090152 0xe8df3e00 gstpad.c:1188:activate_mode_internal:<queue5:src> activated in push mode
06-06 22:07:23.836  4906  4906 D GStreamer+GST_PADS: 0:02:27.667119318 0xe8df3e00 gstpad.c:1063:gst_pad_set_active:<queue5:sink> activating pad from none
06-06 22:07:23.836  4906  5124 D GStreamer+task: 0:02:27.667118902 0xe900d120 gsttask.c:289:gst_task_func Entering task 0xe92f6220, thread 0xe900d120
06-06 22:07:23.836  4906  4906 D GStreamer+GST_PADS: 0:02:27.667138433 0xe8df3e00 gstpad.c:979:pre_activate:<queue5:sink> setting pad into push mode, unset flushing
06-06 22:07:23.836  4906  4906 D GStreamer+GST_PADS: 0:02:27.667159474 0xe8df3e00 gstpad.c:1188:activate_mode_internal:<queue5:sink> activated in push mode
06-06 22:07:23.836  4906  5124 D GStreamer+GST_PADS: 0:02:27.667157964 0xe900d120 gstpad.c:5904:do_stream_status:<queue5:src> doing stream-status 1
06-06 22:07:23.836  4906  4906 D GStreamer+GST_ELEMENT_PADS: 0:02:27.667192443 0xe8df3e00 gstelement.c:2814:gst_element_pads_activate:<queue5> pad activation successful
06-06 22:07:23.836  4906  5124 D GStreamer+GST_PADS: 0:02:27.667210777 0xe900d120 gstpad.c:5933:do_stream_status:<queue5:src> posting stream-status 1
