06-06 22:07:23.955  4906  5126 D GStreamer+GST_CAPS: 0:02:27.786246089 0xe900d1b0 gstutils.c:2872:gst_pad_query_caps:<amcaudiodec-omxgooglemp3decoder0:sink> get pad caps with filter audio/mpeg, mpegversion=(int)1, mpegaudioversion=(int)2, layer=(int)3, rate=(int)24000, channels=(int)1, parsed=(boolean)true
06-06 22:07:23.955  4906  5132 D GStreamer+default: 0:02:27.786311401 0xe95393b0 gstjniutils.c:476:gst_amc_jni_attach_current_thread Attaching thread 0xe95393b0
06-06 22:07:23.955  4906  5126 D GStreamer+query: 0:02:27.786323276 0xe900d1b0 gstquery.c:674:gst_query_new_custom creating new query 0xe9539490 caps
06-06 22:07:23.955  4906  5116 D GStreamer+GST_BUS: 0:02:27.786238224 0xe93d1d00 gstbus.c:309:gst_bus_post:<bus9> [msg 0xe9568330] posting on bus state-changed message: 0xe9568330, time 99:99:99.999999999, seq-num 693, element 'sink', GstMessageStateChanged, old-state=(GstState)GST_STATE_PLAYING, new-state=(GstState)GST_STATE_PAUSED, pending-state=(GstState)GST_STATE_READY;
06-06 22:07:23.955  4906  5127 D GStreamer+GST_PADS: 0:02:27.786313537 0xe900d230 gstpad.c:3945:gst_pad_query:<q:video_0> sent query 0xe92fd580 (duration), result 1
06-06 22:07:23.955  4906  5126 D GStreamer+GST_PADS: 0:02:27.786352026 0xe900d1b0 gstpad.c:3922:gst_pad_query:<amcaudiodec-omxgooglemp3decoder0:sink> doing query 0xe9539490 (caps)
06-06 22:07:23.955  4906  5116 D GStreamer+GST_BUS: 0:02:27.786363016 0xe93d1d00 gstbus.c:348:gst_bus_post:<bus9> [msg 0xe9568330] pushing on async queue
06-06 22:07:23.955  4906  5127 D GStreamer+GST_PADS: 0:02:27.786367547 0xe900d230 gstpad.c:3945:gst_pad_query:<queue2:src> sent query 0xe92fd580 (duration), result 1
06-06 22:07:23.955  4906  5127 D GStreamer+GST_PADS: 0:02:27.786397599 0xe900d230 gstpad.c:3945:gst_pad_query:<sink:proxypad3> sent query 0xe92fd580 (duration), result 1
06-06 22:07:23.955  4906  5126 D GStreamer+audiodecoder: 0:02:27.786381297 0xe900d1b0 gstaudiodecoder.c:2748:gst_audio_decoder_sink_query:<amcaudiodec-omxgooglemp3decoder0:sink> received query caps query: 0xe9539490, GstQueryCaps, filter=(GstCaps)"audio/mpeg\,\ mpegversion\=\(int\)1\,\ mpegaudioversion\=\(int\)2\,\ layer\=\(int\)3\,\ rate\=\(int\)24000\,\ channels\=\(int\)1\,\ parsed\=\(boolean\)true", caps=(GstCaps)"NULL";
06-06 22:07:23.955  4906  5116 D GStreamer+GST_BUS: 0:02:27.786407339 0xe93d1d00 gstbus.c:351:gst_bus_post:<bus9> [msg 0xe9568330] pushed on async queue
06-06 22:07:23.955  4906  5127 D GStreamer+GST_PADS: 0:02:27.786444214 0xe900d230 gstpad.c:3945:gst_pad_query:<typefind:src> sent query 0xe92fd580 (duration), result 1
06-06 22:07:23.955  4906  5116 D GStreamer+GST_BUS: 0:02:27.786459162 0xe93d1d00 gstbus.c:344:gst_bus_post:<bus8> [msg 0xe9568330] dropped
06-06 22:07:23.955  4906  5126 D GStreamer+GST_CAPS: 0:02:27.786468693 0xe900d1b0 gstutils.c:2918:gst_pad_peer_query_caps:<amcaudiodec-omxgooglemp3decoder0:src> get pad peer caps with filter audio/x-raw, rate=(int)24000, channels=(int)1
06-06 22:07:23.955  4906  5127 D GStreamer+GST_BUS: 0:02:27.786475620 0xe900d230 gstbus.c:309:gst_bus_post:<bus4> [msg 0xe92f7800] posting on bus duration-changed message: 0xe92f7800, time 99:99:99.999999999, seq-num 694, element 'h264parse1', GstMessageDurationChanged;
06-06 22:07:23.955  4906  5126 D GStreamer+query: 0:02:27.786512339 0xe900d1b0 gstquery.c:674:gst_query_new_custom creating new query 0xe9539430 caps
06-06 22:07:23.955  4906  5116 D GStreamer+GST_BUS: 0:02:27.786485256 0xe93d1d00 gstbus.c:344:gst_bus_post:<bus5> [msg 0xe9568330] dropped
06-06 22:07:23.955  4906  5126 D GStreamer+GST_PADS: 0:02:27.786535412 0xe900d1b0 gstpad.c:4049:gst_pad_peer_query:<amcaudiodec-omxgooglemp3decoder0:src> peer query 0xe9539430 (caps)
06-06 22:07:23.955  4906  5127 D GStreamer+decodebin: 0:02:27.786524943 0xe900d230 gstdecodebin2.c:5492:gst_decode_bin_handle_message:<forhwgl> Forwarding msg duration-changed message: 0xe92f7800, time 99:99:99.999999999, seq-num 694, element 'h264parse1', GstMessageDurationChanged;
06-06 22:07:23.956  4906  5127 D GStreamer+bin: 0:02:27.786580672 0xe900d230 gstbin.c:3654:gst_bin_handle_message_func:<forhwgl> [msg 0xe92f7800] handling child h264parse1 message of type duration-changed
06-06 22:07:23.956  4906  5126 D GStreamer+GST_PADS: 0:02:27.786575724 0xe900d1b0 gstpad.c:3489:probe_hook_marshal:<amcaudiodec-omxgooglemp3decoder0:src> asked to pass item
06-06 22:07:23.956  4906  5127 D GStreamer+bin: 0:02:27.786610568 0xe900d230 gstbin.c:3991:gst_bin_handle_message_func:<forhwgl> posting message upward
06-06 22:07:23.956  4906  5126 D GStreamer+GST_PADS: 0:02:27.786618120 0xe900d1b0 gstpad.c:3690:do_probe_callbacks:<amcaudiodec-omxgooglemp3decoder0:src> data is passed
06-06 22:07:23.956  4906  5116 D GStreamer+GST_BUS: 0:02:27.786539422 0xe93d1d00 gstbus.c:309:gst_bus_post:<bus5> [msg 0xe9568228] posting on bus async-done message: 0xe9568228, time 99:99:99.999999999, seq-num 695, element 'sink', GstMessageAsyncDone, running-time=(guint64)18446744073709551615;
06-06 22:07:23.956  4906  5127 D GStreamer+GST_BUS: 0:02:27.786629579 0xe900d230 gstbus.c:309:gst_bus_post:<bus8> [msg 0xe92f7800] posting on bus duration-changed message: 0xe92f7800, time 99:99:99.999999999, seq-num 694, element 'h264parse1', GstMessageDurationChanged;
06-06 22:07:23.956  4906  5126 D GStreamer+GST_PADS: 0:02:27.786639162 0xe900d1b0 gstpad.c:3922:gst_pad_query:<decodepad2:proxypad8> doing query 0xe9539430 (caps)
06-06 22:07:23.956  4906  5116 D GStreamer+bin: 0:02:27.786642183 0xe93d1d00 gstbin.c:3654:gst_bin_handle_message_func:<glimagesinkbin1> [msg 0xe9568228] handling child sink message of type async-done
06-06 22:07:23.956  4906  5127 D GStreamer+bin: 0:02:27.786683797 0xe900d230 gstbin.c:3654:gst_bin_handle_message_func:<pipeline1> [msg 0xe92f7800] handling child h264parse1 message of type duration-changed
06-06 22:07:23.956  4906  5127 D GStreamer+bin: 0:02:27.786714891 0xe900d230 gstbin.c:3991:gst_bin_handle_message_func:<pipeline1> posting message upward
06-06 22:07:23.956  4906  5116 D GStreamer+bin: 0:02:27.786710151 0xe93d1d00 gstbin.c:3875:gst_bin_handle_message_func:<glimagesinkbin1> ASYNC_DONE message 0xe9568228, sink
06-06 22:07:23.956  4906  5126 D GStreamer+decodebin: 0:02:27.786690204 0xe900d1b0 gstdecodebin2.c:5045:gst_decode_pad_query:<decodebin2> calling autoplug-query for decodepad2 (element amcaudiodec-omxgooglemp3decoder0): caps query: 0xe9539430, GstQueryCaps, filter=(GstCaps)"audio/x-raw\,\ rate\=\(int\)24000\,\ channels\=\(int\)1", caps=(GstCaps)"NULL";
06-06 22:07:23.956  4906  5127 D GStreamer+GST_BUS: 0:02:27.786737287 0xe900d230 gstbus.c:309:gst_bus_post:<bus9> [msg 0xe92f7800] posting on bus duration-changed message: 0xe92f7800, time 99:99:99.999999999, seq-num 694, element 'h264parse1', GstMessageDurationChanged;
06-06 22:07:23.956  4906  5126 D GStreamer+decodebin: 0:02:27.786779579 0xe900d1b0 gstdecodebin2.c:5054:gst_decode_pad_query:<decodebin2> autoplug-query returned 0
06-06 22:07:23.956  4906  5127 D GStreamer+GST_BUS: 0:02:27.786789370 0xe900d230 gstbus.c:348:gst_bus_post:<bus9> [msg 0xe92f7800] pushing on async queue
06-06 22:07:23.956  4906  5116 D GStreamer+bin: 0:02:27.786764735 0xe93d1d00 gstbin.c:3910:gst_bin_handle_message_func:<glimagesinkbin1> ignoring message, target NULL
06-06 22:07:23.956  4906  5127 D GStreamer+GST_BUS: 0:02:27.786814214 0xe900d230 gstbus.c:351:gst_bus_post:<bus9> [msg 0xe92f7800] pushed on async queue
06-06 22:07:23.956  4906  5126 D GStreamer+GST_CAPS: 0:02:27.786806089 0xe900d1b0 gstpad.c:3112:gst_pad_query_caps_default:<decodepad2:proxypad8> query caps caps query: 0xe9539430, GstQueryCaps, filter=(GstCaps)"audio/x-raw\,\ rate\=\(int\)24000\,\ channels\=\(int\)1", caps=(GstCaps)"NULL";
06-06 22:07:23.956  4906  5127 D GStreamer+GST_BUS: 0:02:27.786834214 0xe900d230 gstbus.c:344:gst_bus_post:<bus8> [msg 0xe92f7800] dropped
06-06 22:07:23.956  4906  5116 D GStreamer+GST_BUS: 0:02:27.786827235 0xe93d1d00 gstbus.c:344:gst_bus_post:<bus5> [msg 0xe9568228] dropped
06-06 22:07:23.956  4906  5127 D GStreamer+GST_BUS: 0:02:27.786859683 0xe900d230 gstbus.c:344:gst_bus_post:<bus4> [msg 0xe92f7800] dropped
06-06 22:07:23.956  4906  5126 D GStreamer+GST_PADS: 0:02:27.786856037 0xe900d1b0 gstutils.c:2633:gst_pad_proxy_query_caps:<decodepad2:proxypad8> proxying caps query for decodepad2:proxypad8
06-06 22:07:23.956  4906  5116 D GStreamer+GST_STATES: 0:02:27.786887079 0xe93d1d00 gstelement.c:2686:gst_element_change_state:<sink> element changed state SUCCESS
06-06 22:07:23.956  4906  5127 D GStreamer+baseparse: 0:02:27.786886766 0xe900d230 gstbaseparse.c:3749:gst_base_parse_set_duration:<h264parse1> set duration: 7199000000
06-06 22:07:23.956  4906  5116 I GStreamer+GST_STATES: 0:02:27.786907704 0xe93d1d00 gstelement.c:2374:gst_element_continue_state:<sink> completed state change to READY
06-06 22:07:23.956  4906  5126 D GStreamer+GST_PADS: 0:02:27.786905881 0xe900d1b0 gstpad.c:4049:gst_pad_peer_query:<'':decodepad2> peer query 0xe9539430 (caps)
06-06 22:07:23.956  4906  5127 D GStreamer+baseparse: 0:02:27.786915724 0xe900d230 gstbaseparse.c:3756:gst_base_parse_set_duration:<h264parse1> set update interval: 0
06-06 22:07:23.956  4906  5127 D GStreamer+baseparse: 0:02:27.786951558 0xe900d230 gstbaseparse.c:2035:gst_base_parse_check_upstream:<h264parse1> upstream_has_duration: 1
06-06 22:07:23.956  4906  5126 D GStreamer+GST_PADS: 0:02:27.786951349 0xe900d1b0 gstpad.c:3690:do_probe_callbacks:<'':decodepad2> data is passed
06-06 22:07:23.956  4906  5116 I GStreamer+GST_STATES: 0:02:27.786966610 0xe93d1d00 gstelement.c:2279:_priv_gst_element_state_changed:<sink> notifying about state-changed READY to READY (VOID_PENDING pending)
06-06 22:07:23.956  4906  5126 I GStreamer+GST_PADS: 0:02:27.786977391 0xe900d1b0 gstpad.c:4105:gst_pad_peer_query:<'':decodepad2> pad has no peer
06-06 22:07:23.956  4906  5127 D GStreamer+GST_MEMORY: 0:02:27.786979214 0xe900d230 gstmemory.c:87:_gst_memory_free free memory 0xe92c2578
06-06 22:07:23.956  4906  5126 D GStreamer+GST_PADS: 0:02:27.787005151 0xe900d1b0 gstpad.c:3367:gst_pad_query_default:<decodepad2:proxypad8> not forwarding 0xe9539430 (caps) query
06-06 22:07:23.956  4906  5116 D GStreamer+GST_BUS: 0:02:27.786996506 0xe93d1d00 gstbus.c:309:gst_bus_post:<bus5> [msg 0xe8ffae80] posting on bus state-changed message: 0xe8ffae80, time 99:99:99.999999999, seq-num 696, element 'sink', GstMessageStateChanged, old-state=(GstState)GST_STATE_READY, new-state=(GstState)GST_STATE_READY, pending-state=(GstState)GST_STATE_VOID_PENDING;
06-06 22:07:23.956  4906  5127 D GStreamer+GST_CAPS: 0:02:27.787007339 0xe900d230 gstpad.c:2644:gst_pad_has_current_caps:<h264parse1:src> check current pad caps video/x-h264, stream-format=(string)byte-stream, alignment=(string)au, level=(string)4, profile=(string)baseline, width=(int)1280, height=(int)1440, framerate=(fraction)151/3, pixel-aspect-ratio=(fraction)1/1, parsed=(boolean)true
06-06 22:07:23.956  4906  5126 D GStreamer+GST_PADS: 0:02:27.787085985 0xe900d1b0 gstpad.c:3945:gst_pad_query:<decodepad2:proxypad8> sent query 0xe9539430 (caps), result 1
06-06 22:07:23.956  4906  5116 D GStreamer+bin: 0:02:27.787099735 0xe93d1d00 gstbin.c:3654:gst_bin_handle_message_func:<glimagesinkbin1> [msg 0xe8ffae80] handling child sink message of type state-changed
06-06 22:07:23.956  4906  5116 D GStreamer+bin: 0:02:27.787131974 0xe93d1d00 gstbin.c:3991:gst_bin_handle_message_func:<glimagesinkbin1> posting message upward
06-06 22:07:23.956  4906  5126 D GStreamer+GST_CAPS: 0:02:27.787126297 0xe900d1b0 gstutils.c:2925:gst_pad_peer_query_caps:<amcaudiodec-omxgooglemp3decoder0:src> peer query returned audio/x-raw, rate=(int)24000, channels=(int)1
06-06 22:07:23.956  4906  5127 D GStreamer+GST_CAPS: 0:02:27.787117495 0xe900d230 gstpad.c:2672:gst_pad_get_current_caps:<h264parse1:src> get current pad caps video/x-h264, stream-format=(string)byte-stream, alignment=(string)au, level=(string)4, profile=(string)baseline, width=(int)1280, height=(int)1440, framerate=(fraction)151/3, pixel-aspect-ratio=(fraction)1/1, parsed=(boolean)true
06-06 22:07:23.956  4906  5127 D GStreamer+baseparse: 0:02:27.787187131 0xe900d230 gstbaseparse.c:2058:gst_base_parse_check_media:<h264parse1> media is video: 1
06-06 22:07:23.956  4906  5116 D GStreamer+GST_BUS: 0:02:27.787165933 0xe93d1d00 gstbus.c:309:gst_bus_post:<bus8> [msg 0xe8ffae80] posting on bus state-changed message: 0xe8ffae80, time 99:99:99.999999999, seq-num 696, element 'sink', GstMessageStateChanged, old-state=(GstState)GST_STATE_READY, new-state=(GstState)GST_STATE_READY, pending-state=(GstState)GST_STATE_VOID_PENDING;
06-06 22:07:23.956  4906  5127 D GStreamer+GST_PADS: 0:02:27.787233537 0xe900d230 gstpad.c:3853:check_sticky:<h264parse1:src> pushing all sticky events
06-06 22:07:23.956  4906  5126 D GStreamer+GST_PADS: 0:02:27.787228954 0xe900d1b0 gstpad.c:3945:gst_pad_query:<amcaudiodec-omxgooglemp3decoder0:sink> sent query 0xe9539490 (caps), result 1
06-06 22:07:23.956  4906  5116 D GStreamer+bin: 0:02:27.787259110 0xe93d1d00 gstbin.c:3654:gst_bin_handle_message_func:<pipeline1> [msg 0xe8ffae80] handling child sink message of type state-changed
06-06 22:07:23.956  4906  5127 D GStreamer+GST_PADS: 0:02:27.787261089 0xe900d230 gstpad.c:3785:push_sticky:<h264parse1:src> event stream-start was already received
06-06 22:07:23.956  4906  5116 D GStreamer+bin: 0:02:27.787312339 0xe93d1d00 gstbin.c:3991:gst_bin_handle_message_func:<pipeline1> posting message upward
06-06 22:07:23.956  4906  5127 D GStreamer+GST_PADS: 0:02:27.787324683 0xe900d230 gstpad.c:3785:push_sticky:<h264parse1:src> event caps was already received
06-06 22:07:23.956  4906  5126 D GStreamer+GST_CAPS: 0:02:27.787273224 0xe900d1b0 gstutils.c:2879:gst_pad_query_caps:<amcaudiodec-omxgooglemp3decoder0:sink> query returned audio/mpeg, rate=(int)24000, channels=(int)1, mpegversion=(int)1, layer=(int)3, parsed=(boolean)true, mpegaudioversion=(int)2
06-06 22:07:23.956  4906  5116 D GStreamer+GST_BUS: 0:02:27.787340308 0xe93d1d00 gstbus.c:309:gst_bus_post:<bus9> [msg 0xe8ffae80] posting on bus state-changed message: 0xe8ffae80, time 99:99:99.999999999, seq-num 696, element 'sink', GstMessageStateChanged, old-state=(GstState)GST_STATE_READY, new-state=(GstState)GST_STATE_READY, pending-state=(GstState)GST_STATE_VOID_PENDING;
06-06 22:07:23.956  4906  5126 D GStreamer+GST_PADS: 0:02:27.787376922 0xe900d1b0 gstpad.c:3945:gst_pad_query:<amcaudiodec-omxgooglemp3decoder0:sink> sent query 0xe9539230 (accept-caps), result 1
06-06 22:07:23.956  4906  5116 D GStreamer+GST_BUS: 0:02:27.787432912 0xe93d1d00 gstbus.c:348:gst_bus_post:<bus9> [msg 0xe8ffae80] pushing on async queue
06-06 22:07:23.956  4906  5126 D GStreamer+default: 0:02:27.787449631 0xe900d1b0 gstutils.c:2960:gst_pad_query_accept_caps:<amcaudiodec-omxgooglemp3decoder0:sink> query returned 1
06-06 22:07:23.956  4906  5116 D GStreamer+GST_BUS: 0:02:27.787456558 0xe93d1d00 gstbus.c:351:gst_bus_post:<bus9> [msg 0xe8ffae80] pushed on async queue
06-06 22:07:23.956  4906  5126 D GStreamer+audiodecoder: 0:02:27.787475672 0xe900d1b0 gstaudiodecoder.c:2332:gst_audio_decoder_sink_event:<amcaudiodec-omxgooglemp3decoder0> received event 12814, caps
06-06 22:07:23.956  4906  5116 D GStreamer+GST_BUS: 0:02:27.787480516 0xe93d1d00 gstbus.c:344:gst_bus_post:<bus8> [msg 0xe8ffae80] dropped
06-06 22:07:23.956  4906  5126 D GStreamer+audiodecoder: 0:02:27.787510776 0xe900d1b0 gstaudiodecoder.c:846:gst_audio_decoder_sink_setcaps:<amcaudiodec-omxgooglemp3decoder0> caps: audio/mpeg, mpegversion=(int)1, mpegaudioversion=(int)2, layer=(int)3, rate=(int)24000, channels=(int)1, parsed=(boolean)true
06-06 22:07:23.956  4906  5116 D GStreamer+GST_BUS: 0:02:27.787534735 0xe93d1d00 gstbus.c:344:gst_bus_post:<bus5> [msg 0xe8ffae80] dropped
06-06 22:07:23.956  4906  5127 D GStreamer+GST_EVENT: 0:02:27.787355099 0xe900d230 gstpad.c:5536:gst_pad_send_event_unchecked:<capsfilter1:sink> have event type segment event: 0xe9305670, time 99:99:99.999999999, seq-num 633, GstEventSegment, segment=(GstSegment)"GstSegment, flags=(GstSegmentFlags)GST_SEGMENT_FLAG_NONE, rate=(double)1, applied-rate=(double)1, format=(GstFormat)GST_FORMAT_TIME, base=(guint64)311000000, offset=(guint64)0, start=(guint64)0, stop=(guint64)7199000000, time=(guint64)311000000, position=(guint64)0, duration=(guint64)18446744073709551615;";
06-06 22:07:23.956  4906  5126 D GStreamer+audiodecoder: 0:02:27.787557339 0xe900d1b0 gstaudiodecoder.c:852:gst_audio_decoder_sink_setcaps:<amcaudiodec-omxgooglemp3decoder0> Caps did not change, not setting again
06-06 22:07:23.956  4906  5116 D GStreamer+GST_STATES: 0:02:27.787564422 0xe93d1d00 gstelement.c:2609:gst_element_set_state_func:<sink> returned SUCCESS
06-06 22:07:23.957  4906  5126 D GStreamer+GST_PADS: 0:02:27.787577131 0xe900d1b0 gstpad.c:5609:gst_pad_send_event_unchecked:<amcaudiodec-omxgooglemp3decoder0:sink> sent event, ret ok
06-06 22:07:23.957  4906  5126 D GStreamer+GST_PADS: 0:02:27.787605099 0xe900d1b0 gstpad.c:3805:push_sticky:<mpegaudioparse0:src> event caps marked received
06-06 22:07:23.957  4906  5116 I GStreamer+GST_STATES: 0:02:27.787585464 0xe93d1d00 gstbin.c:2892:gst_bin_change_state_func:<glimagesinkbin1> child 'sink' changed state to 2(READY) successfully
06-06 22:07:23.957  4906  5127 D GStreamer+basetransform: 0:02:27.787574318 0xe900d230 gstbasetransform.c:1950:gst_base_transform_sink_eventfunc:<capsfilter1> received SEGMENT time segment start=0:00:00.000000000, offset=0:00:00.000000000, stop=0:00:07.199000000, rate=1.000000, applied_rate=1.000000, flags=0x00, time=0:00:00.311000000, base=0:00:00.311000000, position 0:00:00.000000000, duration 99:99:99.999999999
06-06 22:07:23.957  4906  5126 D GStreamer+query: 0:02:27.787634787 0xe900d1b0 gstquery.c:674:gst_query_new_custom creating new query 0xe92be4f0 duration
06-06 22:07:23.957  4906  5116 D GStreamer+bin: 0:02:27.787644683 0xe93d1d00 gstbin.c:2310:gst_bin_sort_iterator_next:<glimagesinkbin1> queue head gives glcolorbalance1
06-06 22:07:23.957  4906  5127 D GStreamer+GST_PADS: 0:02:27.787646297 0xe900d230 gstpad.c:3853:check_sticky:<capsfilter1:src> pushing all sticky events
06-06 22:07:23.957  4906  5126 D GStreamer+GST_PADS: 0:02:27.787655724 0xe900d1b0 gstpad.c:4049:gst_pad_peer_query:<mpegaudioparse0:sink> peer query 0xe92be4f0 (duration)
06-06 22:07:23.957  4906  5116 D GStreamer+bin: 0:02:27.787678433 0xe93d1d00 gstbin.c:911:find_message:<glimagesinkbin1> no message found matching types 00001000
06-06 22:07:23.957  4906  5127 D GStreamer+GST_PADS: 0:02:27.787690568 0xe900d230 gstpad.c:3785:push_sticky:<capsfilter1:src> event stream-start was already received
06-06 22:07:23.957  4906  5126 D GStreamer+GST_PADS: 0:02:27.787702443 0xe900d1b0 gstpad.c:3922:gst_pad_query:<typefind:src> doing query 0xe92be4f0 (duration)
06-06 22:07:23.957  4906  5127 D GStreamer+GST_PADS: 0:02:27.787714526 0xe900d230 gstpad.c:3785:push_sticky:<capsfilter1:src> event caps was already received
06-06 22:07:23.957  4906  5116 D GStreamer+bin: 0:02:27.787703120 0xe93d1d00 gstbin.c:918:find_message:<glimagesinkbin1>   structure-change
06-06 22:07:23.957  4906  5126 D GStreamer+typefind: 0:02:27.787734683 0xe900d1b0 gsttypefindelement.c:417:gst_type_find_handle_src_query:<typefind> Handling src query duration
06-06 22:07:23.957  4906  5127 D GStreamer+GST_PADS: 0:02:27.787738641 0xe900d230 gstpad.c:5306:gst_pad_push_event_unchecked:<capsfilter1:src> Dropping event segment because pad is not linked
06-06 22:07:23.957  4906  5126 D GStreamer+GST_PADS: 0:02:27.787755308 0xe900d1b0 gstpad.c:3367:gst_pad_query_default:<typefind:src> forwarding 0xe92be4f0 (duration) query
06-06 22:07:23.957  4906  5127 D GStreamer+GST_PADS: 0:02:27.787758693 0xe900d230 gstpad.c:3824:push_sticky:<capsfilter1:src> pad was not linked, mark pending
06-06 22:07:23.957  4906  5116 D GStreamer+bin: 0:02:27.787751818 0xe93d1d00 gstbin.c:2226:update_degree:<glimagesinkbin1> change element glcolorconvertelement1, degree 1->0, linked to glcolorbalance1
06-06 22:07:23.957  4906  5126 D GStreamer+GST_PADS: 0:02:27.787799006 0xe900d1b0 gstpad.c:2827:gst_pad_iterate_internal_links_default:<typefind:src> Making iterator
06-06 22:07:23.957  4906  5127 D GStreamer+GST_PADS: 0:02:27.787804214 0xe900d230 gstpad.c:5609:gst_pad_send_event_unchecked:<capsfilter1:sink> sent event, ret ok
06-06 22:07:23.957  4906  5126 D GStreamer+GST_PADS: 0:02:27.787821766 0xe900d1b0 gstpad.c:4049:gst_pad_peer_query:<typefind:sink> peer query 0xe92be4f0 (duration)
06-06 22:07:23.957  4906  5127 D GStreamer+GST_PADS: 0:02:27.787826870 0xe900d230 gstpad.c:3805:push_sticky:<h264parse1:src> event segment marked received
06-06 22:07:23.957  4906  5116 D GStreamer+bin: 0:02:27.787813276 0xe93d1d00 gstbin.c:2109:add_to_queue:<glimagesinkbin1> adding 'glcolorconvertelement1' to queue
06-06 22:07:23.957  4906  5126 D GStreamer+GST_PADS: 0:02:27.787847339 0xe900d1b0 gstpad.c:3922:gst_pad_query:<sink:proxypad5> doing query 0xe92be4f0 (duration)
06-06 22:07:23.957  4906  5127 D GStreamer+GST_PADS: 0:02:27.787852131 0xe900d230 gstpad.c:3785:push_sticky:<h264parse1:src> event tag was already received
06-06 22:07:23.957  4906  5116 I GStreamer+GST_STATES: 0:02:27.787857704 0xe93d1d00 gstbin.c:2444:gst_bin_element_set_state:<glcolorbalance1> current PAUSED pending VOID_PENDING, desired next READY
06-06 22:07:23.957  4906  5126 D GStreamer+GST_PADS: 0:02:27.787883276 0xe900d1b0 gstpad.c:3367:gst_pad_query_default:<sink:proxypad5> forwarding 0xe92be4f0 (duration) query
06-06 22:07:23.957  4906  5116 D GStreamer+bin: 0:02:27.787895724 0xe93d1d00 gstbin.c:911:find_message:<glimagesinkbin1> no message found matching types 00100000
06-06 22:07:23.957  4906  5127 D GStreamer+GST_PADS: 0:02:27.787894839 0xe900d230 gstpad.c:3785:push_sticky:<h264parse1:src> event tag was already received
06-06 22:07:23.957  4906  5126 D GStreamer+GST_PADS: 0:02:27.787915776 0xe900d1b0 gstpad.c:4049:gst_pad_peer_query:<decodebin2:sink> peer query 0xe92be4f0 (duration)
06-06 22:07:23.957  4906  5116 D GStreamer+bin: 0:02:27.787925985 0xe93d1d00 gstbin.c:918:find_message:<glimagesinkbin1>   async-start
06-06 22:07:23.957  4906  5126 D GStreamer+GST_PADS: 0:02:27.787938485 0xe900d1b0 gstpad.c:3922:gst_pad_query:<queue4:src> doing query 0xe92be4f0 (duration)
06-06 22:07:23.957  4906  5127 D GStreamer+GST_CAPS: 0:02:27.787931922 0xe900d230 gstpad.c:2672:gst_pad_get_current_caps:<h264parse1:src> get current pad caps video/x-h264, stream-format=(string)byte-stream, alignment=(string)au, level=(string)4, profile=(string)baseline, width=(int)1280, height=(int)1440, framerate=(fraction)151/3, pixel-aspect-ratio=(fraction)1/1, parsed=(boolean)true
06-06 22:07:23.957  4906  5126 D GStreamer+GST_PADS: 0:02:27.787967026 0xe900d1b0 gstpad.c:3367:gst_pad_query_default:<queue4:src> forwarding 0xe92be4f0 (duration) query
06-06 22:07:23.957  4906  5116 D GStreamer+bin: 0:02:27.787975464 0xe93d1d00 gstbin.c:2539:gst_bin_element_set_state:<glimagesinkbin1> setting element glcolorbalance1 to READY, base_time 0:00:00.000000000
06-06 22:07:23.957  4906  5126 D GStreamer+GST_PADS: 0:02:27.787999735 0xe900d1b0 gstpad.c:2827:gst_pad_iterate_internal_links_default:<queue4:src> Making iterator
06-06 22:07:23.957  4906  5116 D GStreamer+GST_STATES: 0:02:27.788007912 0xe93d1d00 gstelement.c:2525:gst_element_set_state_func:<glcolorbalance1> set_state to READY
06-06 22:07:23.957  4906  5127 D GStreamer+baseparse: 0:02:27.788021506 0xe900d230 gstbaseparse.c:4905:gst_base_parse_merge_tags:<h264parse1> setting parser tags to taglist, video-codec=(string)"H.264\ \(Baseline\ Profile\)"; (mode 2)
06-06 22:07:23.957  4906  5126 D GStreamer+GST_PADS: 0:02:27.788024266 0xe900d1b0 gstpad.c:4049:gst_pad_peer_query:<queue4:sink> peer query 0xe92be4f0 (duration)
06-06 22:07:23.957  4906  5116 D GStreamer+GST_STATES: 0:02:27.788035256 0xe93d1d00 gstelement.c:2550:gst_element_set_state_func:<glcolorbalance1> setting target state to READY
06-06 22:07:23.957  4906  5126 D GStreamer+GST_PADS: 0:02:27.788073433 0xe900d1b0 gstpad.c:3922:gst_pad_query:<q:audio_0> doing query 0xe92be4f0 (duration)
06-06 22:07:23.957  4906  5127 D GStreamer+h264parse: 0:02:27.788079266 0xe900d230 gsth264parse.c:182:gst_h264_parse_reset_frame:<h264parse1> reset frame
06-06 22:07:23.957  4906  5116 D GStreamer+GST_STATES: 0:02:27.788091454 0xe93d1d00 gstelement.c:2563:gst_element_set_state_func:<glcolorbalance1> current PAUSED, old_pending VOID_PENDING, next VOID_PENDING, old return SUCCESS
06-06 22:07:23.957  4906  5126 D GStreamer+GST_PADS: 0:02:27.788108068 0xe900d1b0 gstpad.c:3945:gst_pad_query:<q:audio_0> sent query 0xe92be4f0 (duration), result 0
06-06 22:07:23.957  4906  5116 D GStreamer+GST_STATES: 0:02:27.788116870 0xe93d1d00 gstelement.c:2597:gst_element_set_state_func:<glcolorbalance1> final: setting state from PAUSED to READY
06-06 22:07:23.957  4906  5127 D GStreamer+baseparse: 0:02:27.788114474 0xe900d230 gstbaseparse.c:945:gst_base_parse_queue_tag_event_update:<h264parse1> merged   : taglist, video-codec=(string)"H.264\ \(Baseline\ Profile\)", bitrate=(uint)16613441, language-code=(string)en;
06-06 22:07:23.957  4906  5126 D GStreamer+GST_PADS: 0:02:27.788145985 0xe900d1b0 gstpad.c:3990:gst_pad_query:<q:audio_0> query failed
06-06 22:07:23.957  4906  5126 D GStreamer+GST_PADS: 0:02:27.788164058 0xe900d1b0 gstpad.c:4111:gst_pad_peer_query:<queue4:sink> query failed
06-06 22:07:23.957  4906  5127 D GStreamer+GST_EVENT: 0:02:27.788162860 0xe900d230 gstevent.c:302:gst_event_new_custom creating new event 0xe93c8738 tag 20510
06-06 22:07:23.957  4906  5116 D GStreamer+glbasefilter: 0:02:27.788152026 0xe93d1d00 gstglbasefilter.c:479:gst_gl_base_filter_change_state:<glcolorbalance1> changing state: PAUSED => READY
06-06 22:07:23.957  4906  5126 D GStreamer+GST_PADS: 0:02:27.788190776 0xe900d1b0 gstpad.c:3945:gst_pad_query:<queue4:src> sent query 0xe92be4f0 (duration), result 0
06-06 22:07:23.957  4906  5127 D GStreamer+GST_PADS: 0:02:27.788194995 0xe900d230 gstpad.c:3853:check_sticky:<h264parse1:src> pushing all sticky events
06-06 22:07:23.957  4906  5116 D GStreamer+GST_ELEMENT_PADS: 0:02:27.788199631 0xe93d1d00 gstelement.c:2795:gst_element_pads_activate:<glcolorbalance1> deactivate pads
06-06 22:07:23.957  4906  5126 D GStreamer+GST_PADS: 0:02:27.788223172 0xe900d1b0 gstpad.c:3990:gst_pad_query:<queue4:src> query failed
06-06 22:07:23.957  4906  5127 D GStreamer+GST_PADS: 0:02:27.788227443 0xe900d230 gstpad.c:3785:push_sticky:<h264parse1:src> event stream-start was already received
06-06 22:07:23.957  4906  5116 D GStreamer+GST_PADS: 0:02:27.788236766 0xe93d1d00 gstpad.c:1078:gst_pad_set_active:<glcolorbalance1:src> deactivating pad from push mode
06-06 22:07:23.957  4906  5126 D GStreamer+GST_PADS: 0:02:27.788241037 0xe900d1b0 gstpad.c:4111:gst_pad_peer_query:<decodebin2:sink> query failed
06-06 22:07:23.957  4906  5127 D GStreamer+GST_PADS: 0:02:27.788250464 0xe900d230 gstpad.c:3785:push_sticky:<h264parse1:src> event caps was already received
06-06 22:07:23.957  4906  5126 D GStreamer+GST_PADS: 0:02:27.788263172 0xe900d1b0 gstpad.c:3945:gst_pad_query:<sink:proxypad5> sent query 0xe92be4f0 (duration), result 0
06-06 22:07:23.957  4906  5127 D GStreamer+GST_PADS: 0:02:27.788271245 0xe900d230 gstpad.c:3785:push_sticky:<h264parse1:src> event segment was already received
06-06 22:07:23.957  4906  5116 D GStreamer+GST_PADS: 0:02:27.788260620 0xe93d1d00 gstpad.c:967:pre_activate:<glcolorbalance1:src> setting PAD_MODE NONE, set flushing
06-06 22:07:23.957  4906  5116 D GStreamer+GST_PADS: 0:02:27.788306558 0xe93d1d00 gstpad.c:1015:post_activate:<glcolorbalance1:src> stopped streaming
06-06 22:07:23.957  4906  5126 D GStreamer+GST_PADS: 0:02:27.788291558 0xe900d1b0 gstpad.c:3990:gst_pad_query:<sink:proxypad5> query failed
06-06 22:07:23.957  4906  5127 D GStreamer+GST_EVENT: 0:02:27.788295881 0xe900d230 gstpad.c:5536:gst_pad_send_event_unchecked:<capsfilter1:sink> have event type tag event: 0xe93c8738, time 99:99:99.999999999, seq-num 697, GstTagList-stream, taglist=(taglist)"taglist\,\ video-codec\=\(string\)\"H.264\\\ \\\(Baseline\\\ Profile\\\)\"\,\ bitrate\=\(uint\)16613441\,\ language-code\=\(string\)en\;";
06-06 22:07:23.957  4906  5116 D GStreamer+GST_PADS: 0:02:27.788337443 0xe93d1d00 gstpad.c:1188:activate_mode_internal:<glcolorbalance1:src> deactivated in push mode
06-06 22:07:23.957  4906  5126 D GStreamer+GST_PADS: 0:02:27.788340360 0xe900d1b0 gstpad.c:4111:gst_pad_peer_query:<typefind:sink> query failed
06-06 22:07:23.957  4906  5127 D GStreamer+GST_PADS: 0:02:27.788369318 0xe900d230 gstpad.c:3853:check_sticky:<capsfilter1:src> pushing all sticky events
06-06 22:07:23.957  4906  5126 D GStreamer+GST_PADS: 0:02:27.788376714 0xe900d1b0 gstpad.c:3945:gst_pad_query:<typefind:src> sent query 0xe92be4f0 (duration), result 0
06-06 22:07:23.957  4906  5126 D GStreamer+GST_PADS: 0:02:27.788402964 0xe900d1b0 gstpad.c:3990:gst_pad_query:<typefind:src> query failed
06-06 22:07:23.957  4906  5116 D GStreamer+GST_PADS: 0:02:27.788399995 0xe93d1d00 gstpad.c:1078:gst_pad_set_active:<glcolorbalance1:sink> deactivating pad from push mode
06-06 22:07:23.957  4906  5127 D GStreamer+GST_PADS: 0:02:27.788396193 0xe900d230 gstpad.c:3785:push_sticky:<capsfilter1:src> event stream-start was already received
06-06 22:07:23.957  4906  5126 D GStreamer+GST_PADS: 0:02:27.788439266 0xe900d1b0 gstpad.c:4111:gst_pad_peer_query:<mpegaudioparse0:sink> query failed
06-06 22:07:23.957  4906  5116 D GStreamer+GST_PADS: 0:02:27.788441037 0xe93d1d00 gstpad.c:967:pre_activate:<glcolorbalance1:sink> setting PAD_MODE NONE, set flushing
06-06 22:07:23.957  4906  5127 D GStreamer+GST_PADS: 0:02:27.788441922 0xe900d230 gstpad.c:3785:push_sticky:<capsfilter1:src> event caps was already received
06-06 22:07:23.957  4906  5127 D GStreamer+GST_PADS: 0:02:27.788473381 0xe900d230 gstpad.c:3785:push_sticky:<capsfilter1:src> event segment was already received
06-06 22:07:23.957  4906  5126 D GStreamer+mpegaudioparse: 0:02:27.788473068 0xe900d1b0 gstmpegaudioparse.c:1130:gst_mpeg_audio_parse_handle_first_frame:<mpegaudioparse0> Xing, LAME or VBRI header not found in first frame
06-06 22:07:23.957  4906  5116 D GStreamer+GST_PADS: 0:02:27.788475881 0xe93d1d00 gstpad.c:1015:post_activate:<glcolorbalance1:sink> stopped streaming
06-06 22:07:23.957  4906  5127 D GStreamer+GST_PADS: 0:02:27.788506506 0xe900d230 gstpad.c:5306:gst_pad_push_event_unchecked:<capsfilter1:src> Dropping event tag because pad is not linked
06-06 22:07:23.957  4906  5126 D GStreamer+baseparse: 0:02:27.788514110 0xe900d1b0 gstbaseparse.c:3779:gst_base_parse_set_average_bitrate:<mpegaudioparse0> bitrate 0
06-06 22:07:23.957  4906  5127 D GStreamer+GST_PADS: 0:02:27.788529110 0xe900d230 gstpad.c:3824:push_sticky:<capsfilter1:src> pad was not linked, mark pending
06-06 22:07:23.957  4906  5116 D GStreamer+GST_PADS: 0:02:27.788523276 0xe93d1d00 gstpad.c:1188:activate_mode_internal:<glcolorbalance1:sink> deactivated in push mode
06-06 22:07:23.957  4906  5126 D GStreamer+query: 0:02:27.788548797 0xe900d1b0 gstquery.c:674:gst_query_new_custom creating new query 0xe95396c0 seeking
06-06 22:07:23.957  4906  5127 D GStreamer+GST_PADS: 0:02:27.788559526 0xe900d230 gstpad.c:5609:gst_pad_send_event_unchecked:<capsfilter1:sink> sent event, ret ok
06-06 22:07:23.958  4906  5116 D GStreamer+GST_ELEMENT_PADS: 0:02:27.788564162 0xe93d1d00 gstelement.c:2814:gst_element_pads_activate:<glcolorbalance1> pad deactivation successful
06-06 22:07:23.958  4906  5126 D GStreamer+GST_PADS: 0:02:27.788572704 0xe900d1b0 gstpad.c:4049:gst_pad_peer_query:<mpegaudioparse0:sink> peer query 0xe95396c0 (seeking)
06-06 22:07:23.958  4906  5127 D GStreamer+GST_PADS: 0:02:27.788589683 0xe900d230 gstpad.c:3805:push_sticky:<h264parse1:src> event tag marked received
06-06 22:07:23.958  4906  5126 D GStreamer+GST_PADS: 0:02:27.788597756 0xe900d1b0 gstpad.c:3922:gst_pad_query:<typefind:src> doing query 0xe95396c0 (seeking)
06-06 22:07:23.958  4906  5116 D GStreamer+GST_STATES: 0:02:27.788592860 0xe93d1d00 gstelement.c:2686:gst_element_change_state:<glcolorbalance1> element changed state SUCCESS
06-06 22:07:23.958  4906  5127 D GStreamer+GST_PADS: 0:02:27.788614214 0xe900d230 gstpad.c:3785:push_sticky:<h264parse1:src> event tag was already received
06-06 22:07:23.958  4906  5126 D GStreamer+typefind: 0:02:27.788621349 0xe900d1b0 gsttypefindelement.c:417:gst_type_find_handle_src_query:<typefind> Handling src query seeking
06-06 22:07:23.958  4906  5116 I GStreamer+GST_STATES: 0:02:27.788644110 0xe93d1d00 gstelement.c:2374:gst_element_continue_state:<glcolorbalance1> completed state change to READY
06-06 22:07:23.958  4906  5126 D GStreamer+GST_PADS: 0:02:27.788656766 0xe900d1b0 gstpad.c:3367:gst_pad_query_default:<typefind:src> forwarding 0xe95396c0 (seeking) query
06-06 22:07:23.958  4906  5116 I GStreamer+GST_STATES: 0:02:27.788666870 0xe93d1d00 gstelement.c:2279:_priv_gst_element_state_changed:<glcolorbalance1> notifying about state-changed PAUSED to READY (VOID_PENDING pending)
06-06 22:07:23.958  4906  5126 D GStreamer+GST_PADS: 0:02:27.788692964 0xe900d1b0 gstpad.c:2827:gst_pad_iterate_internal_links_default:<typefind:src> Making iterator
06-06 22:07:23.958  4906  5127 D GStreamer+GST_SCHEDULING: 0:02:27.788650516 0xe900d230 gstpad.c:4193:gst_pad_chain_data_unchecked:<capsfilter1:sink> calling chainfunction &gst_base_transform_chain with buffer buffer: 0xe91f98e0, pts 0:00:00.000000000, dts 0:00:00.000000000, dur 0:00:00.019867549, size 45550, offset 0, offset_end none, flags 0x440
06-06 22:07:23.958  4906  5126 D GStreamer+GST_PADS: 0:02:27.788746193 0xe900d1b0 gstpad.c:4049:gst_pad_peer_query:<typefind:sink> peer query 0xe95396c0 (seeking)
06-06 22:07:23.958  4906  5127 D GStreamer+basetransform: 0:02:27.788753329 0xe900d230 gstbasetransform.c:2321:gst_base_transform_chain:<capsfilter1> got DISCONT buffer 0xe91f98e0
06-06 22:07:23.958  4906  5116 D GStreamer+GST_BUS: 0:02:27.788731037 0xe93d1d00 gstbus.c:309:gst_bus_post:<bus5> [msg 0xe92f68b8] posting on bus state-changed message: 0xe92f68b8, time 99:99:99.999999999, seq-num 698, element 'glcolorbalance1', GstMessageStateChanged, old-state=(GstState)GST_STATE_PAUSED, new-state=(GstState)GST_STATE_READY, pending-state=(GstState)GST_STATE_VOID_PENDING;
06-06 22:07:23.958  4906  5127 D GStreamer+basetransform: 0:02:27.788813693 0xe900d230 gstbasetransform.c:2033:default_submit_input_buffer:<capsfilter1> handling buffer 0xe91f98e0 of size 45550, PTS 0:00:00.000000000 and offset 0
06-06 22:07:23.958  4906  5127 D GStreamer+basetransform: 0:02:27.788847860 0xe900d230 gstbasetransform.c:2150:default_generate_output:<capsfilter1> calling prepare buffer
06-06 22:07:23.958  4906  5126 D GStreamer+GST_PADS: 0:02:27.788807235 0xe900d1b0 gstpad.c:3922:gst_pad_query:<sink:proxypad5> doing query 0xe95396c0 (seeking)
06-06 22:07:23.958  4906  5116 D GStreamer+bin: 0:02:27.788816037 0xe93d1d00 gstbin.c:3654:gst_bin_handle_message_func:<glimagesinkbin1> [msg 0xe92f68b8] handling child glcolorbalance1 message of type state-changed
06-06 22:07:23.958  4906  5116 D GStreamer+bin: 0:02:27.788881922 0xe93d1d00 gstbin.c:3991:gst_bin_handle_message_func:<glimagesinkbin1> posting message upward
06-06 22:07:23.958  4906  5126 D GStreamer+GST_PADS: 0:02:27.788880829 0xe900d1b0 gstpad.c:3367:gst_pad_query_default:<sink:proxypad5> forwarding 0xe95396c0 (seeking) query
06-06 22:07:23.958  4906  5127 D GStreamer+basetransform: 0:02:27.788879631 0xe900d230 gstbasetransform.c:1950:gst_base_transform_sink_eventfunc:<capsfilter1> received SEGMENT time segment start=0:00:00.000000000, offset=0:00:00.000000000, stop=0:00:00.311000000, rate=1.000000, applied_rate=1.000000, flags=0x00, time=0:00:00.000000000, base=0:00:00.000000000, position 0:00:00.000000000, duration 99:99:99.999999999
06-06 22:07:23.958  4906  5126 D GStreamer+GST_PADS: 0:02:27.788937704 0xe900d1b0 gstpad.c:4049:gst_pad_peer_query:<decodebin2:sink> peer query 0xe95396c0 (seeking)
06-06 22:07:23.958  4906  5127 D GStreamer+GST_PADS: 0:02:27.788956974 0xe900d230 gstpad.c:3853:check_sticky:<capsfilter1:src> pushing all sticky events
06-06 22:07:23.958  4906  5116 D GStreamer+GST_BUS: 0:02:27.788912704 0xe93d1d00 gstbus.c:309:gst_bus_post:<bus8> [msg 0xe92f68b8] posting on bus state-changed message: 0xe92f68b8, time 99:99:99.999999999, seq-num 698, element 'glcolorbalance1', GstMessageStateChanged, old-state=(GstState)GST_STATE_PAUSED, new-state=(GstState)GST_STATE_READY, pending-state=(GstState)GST_STATE_VOID_PENDING;
06-06 22:07:23.958  4906  5126 D GStreamer+GST_PADS: 0:02:27.788965776 0xe900d1b0 gstpad.c:3922:gst_pad_query:<queue4:src> doing query 0xe95396c0 (seeking)
06-06 22:07:23.958  4906  5127 D GStreamer+GST_PADS: 0:02:27.788988537 0xe900d230 gstpad.c:3785:push_sticky:<capsfilter1:src> event stream-start was already received
06-06 22:07:23.958  4906  5116 D GStreamer+bin: 0:02:27.789000985 0xe93d1d00 gstbin.c:3654:gst_bin_handle_message_func:<pipeline1> [msg 0xe92f68b8] handling child glcolorbalance1 message of type state-changed
06-06 22:07:23.958  4906  5127 D GStreamer+GST_PADS: 0:02:27.789017026 0xe900d230 gstpad.c:3785:push_sticky:<capsfilter1:src> event caps was already received
06-06 22:07:23.958  4906  5126 D GStreamer+GST_PADS: 0:02:27.789014474 0xe900d1b0 gstpad.c:3367:gst_pad_query_default:<queue4:src> forwarding 0xe95396c0 (seeking) query
06-06 22:07:23.958  4906  5116 D GStreamer+bin: 0:02:27.789028485 0xe93d1d00 gstbin.c:3991:gst_bin_handle_message_func:<pipeline1> posting message upward
06-06 22:07:23.958  4906  5127 D GStreamer+GST_PADS: 0:02:27.789050829 0xe900d230 gstpad.c:5306:gst_pad_push_event_unchecked:<capsfilter1:src> Dropping event segment because pad is not linked
06-06 22:07:23.958  4906  5126 D GStreamer+GST_PADS: 0:02:27.789059474 0xe900d1b0 gstpad.c:2827:gst_pad_iterate_internal_links_default:<queue4:src> Making iterator
06-06 22:07:23.958  4906  5127 D GStreamer+GST_PADS: 0:02:27.789073797 0xe900d230 gstpad.c:3824:push_sticky:<capsfilter1:src> pad was not linked, mark pending
06-06 22:07:23.958  4906  5126 D GStreamer+GST_PADS: 0:02:27.789081662 0xe900d1b0 gstpad.c:4049:gst_pad_peer_query:<queue4:sink> peer query 0xe95396c0 (seeking)
06-06 22:07:23.958  4906  5116 D GStreamer+GST_BUS: 0:02:27.789075360 0xe93d1d00 gstbus.c:309:gst_bus_post:<bus9> [msg 0xe92f68b8] posting on bus state-changed message: 0xe92f68b8, time 99:99:99.999999999, seq-num 698, element 'glcolorbalance1', GstMessageStateChanged, old-state=(GstState)GST_STATE_PAUSED, new-state=(GstState)GST_STATE_READY, pending-state=(GstState)GST_STATE_VOID_PENDING;
06-06 22:07:23.958  4906  5127 D GStreamer+GST_PADS: 0:02:27.789112235 0xe900d230 gstpad.c:3785:push_sticky:<capsfilter1:src> event tag was already received
06-06 22:07:23.958  4906  5126 D GStreamer+GST_PADS: 0:02:27.789113120 0xe900d1b0 gstpad.c:3922:gst_pad_query:<q:audio_0> doing query 0xe95396c0 (seeking)
06-06 22:07:23.958  4906  5127 D GStreamer+GST_PADS: 0:02:27.789150776 0xe900d230 gstpad.c:3853:check_sticky:<capsfilter1:src> pushing all sticky events
06-06 22:07:23.958  4906  5126 D GStreamer+GST_PADS: 0:02:27.789150568 0xe900d1b0 gstpad.c:3367:gst_pad_query_default:<q:audio_0> forwarding 0xe95396c0 (seeking) query
06-06 22:07:23.958  4906  5116 D GStreamer+GST_BUS: 0:02:27.789167964 0xe93d1d00 gstbus.c:348:gst_bus_post:<bus9> [msg 0xe92f68b8] pushing on async queue
06-06 22:07:23.958  4906  5126 D GStreamer+GST_PADS: 0:02:27.789176818 0xe900d1b0 gstpad.c:2827:gst_pad_iterate_internal_links_default:<q:audio_0> Making iterator
06-06 22:07:23.958  4906  5127 D GStreamer+GST_PADS: 0:02:27.789172964 0xe900d230 gstpad.c:3785:push_sticky:<capsfilter1:src> event stream-start was already received
06-06 22:07:23.958  4906  5127 D GStreamer+GST_PADS: 0:02:27.789204995 0xe900d230 gstpad.c:3785:push_sticky:<capsfilter1:src> event caps was already received
06-06 22:07:23.958  4906  5116 D GStreamer+GST_BUS: 0:02:27.789203329 0xe93d1d00 gstbus.c:351:gst_bus_post:<bus9> [msg 0xe92f68b8] pushed on async queue
06-06 22:07:23.958  4906  5126 D GStreamer+GST_PADS: 0:02:27.789205933 0xe900d1b0 gstpad.c:4049:gst_pad_peer_query:<q:sink> peer query 0xe95396c0 (seeking)
06-06 22:07:23.958  4906  5127 D GStreamer+GST_PADS: 0:02:27.789239474 0xe900d230 gstpad.c:3785:push_sticky:<capsfilter1:src> event segment was already received
06-06 22:07:23.958  4906  5126 D GStreamer+GST_PADS: 0:02:27.789252599 0xe900d1b0 gstpad.c:3922:gst_pad_query:<filesrc1:src> doing query 0xe95396c0 (seeking)
06-06 22:07:23.958  4906  5127 D GStreamer+GST_PADS: 0:02:27.789266037 0xe900d230 gstpad.c:5306:gst_pad_push_event_unchecked:<capsfilter1:src> Dropping event tag because pad is not linked
06-06 22:07:23.958  4906  5116 D GStreamer+GST_BUS: 0:02:27.789243693 0xe93d1d00 gstbus.c:344:gst_bus_post:<bus8> [msg 0xe92f68b8] dropped
06-06 22:07:23.958  4906  5127 D GStreamer+GST_PADS: 0:02:27.789286089 0xe900d230 gstpad.c:3824:push_sticky:<capsfilter1:src> pad was not linked, mark pending
06-06 22:07:23.958  4906  5116 D GStreamer+GST_BUS: 0:02:27.789288641 0xe93d1d00 gstbus.c:344:gst_bus_post:<bus5> [msg 0xe92f68b8] dropped
06-06 22:07:23.958  4906  5126 D GStreamer+basesrc: 0:02:27.789286141 0xe900d1b0 gstbasesrc.c:1295:gst_base_src_default_query:<filesrc1> query seeking returns 1
06-06 22:07:23.958  4906  5127 D GStreamer+GST_PADS: 0:02:27.789310516 0xe900d230 gstpad.c:3853:check_sticky:<capsfilter1:src> pushing all sticky events
06-06 22:07:23.958  4906  5126 D GStreamer+GST_PADS: 0:02:27.789316714 0xe900d1b0 gstpad.c:3945:gst_pad_query:<filesrc1:src> sent query 0xe95396c0 (seeking), result 1
06-06 22:07:23.958  4906  5116 D GStreamer+GST_STATES: 0:02:27.789316349 0xe93d1d00 gstelement.c:2609:gst_element_set_state_func:<glcolorbalance1> returned SUCCESS
06-06 22:07:23.958  4906  5127 D GStreamer+GST_PADS: 0:02:27.789332808 0xe900d230 gstpad.c:3785:push_sticky:<capsfilter1:src> event stream-start was already received
06-06 22:07:23.958  4906  5127 D GStreamer+GST_PADS: 0:02:27.789357131 0xe900d230 gstpad.c:3785:push_sticky:<capsfilter1:src> event caps was already received
06-06 22:07:23.958  4906  5126 D GStreamer+GST_PADS: 0:02:27.789351610 0xe900d1b0 gstpad.c:3945:gst_pad_query:<q:audio_0> sent query 0xe95396c0 (seeking), result 1
06-06 22:07:23.958  4906  5116 I GStreamer+GST_STATES: 0:02:27.789350412 0xe93d1d00 gstbin.c:2892:gst_bin_change_state_func:<glimagesinkbin1> child 'glcolorbalance1' changed state to 2(READY) successfully
06-06 22:07:23.958  4906  5127 D GStreamer+GST_PADS: 0:02:27.789389474 0xe900d230 gstpad.c:3785:push_sticky:<capsfilter1:src> event segment was already received
06-06 22:07:23.958  4906  5126 D GStreamer+GST_PADS: 0:02:27.789393693 0xe900d1b0 gstpad.c:3945:gst_pad_query:<queue4:src> sent query 0xe95396c0 (seeking), result 1
06-06 22:07:23.958  4906  5127 D GStreamer+GST_PADS: 0:02:27.789428381 0xe900d230 gstpad.c:3785:push_sticky:<capsfilter1:src> event tag was already received
06-06 22:07:23.958  4906  5126 D GStreamer+GST_PADS: 0:02:27.789436037 0xe900d1b0 gstpad.c:3945:gst_pad_query:<sink:proxypad5> sent query 0xe95396c0 (seeking), result 1
06-06 22:07:23.958  4906  5116 D GStreamer+bin: 0:02:27.789415256 0xe93d1d00 gstbin.c:2310:gst_bin_sort_iterator_next:<glimagesinkbin1> queue head gives glcolorconvertelement1
06-06 22:07:23.958  4906  5127 D GStreamer+GST_PADS: 0:02:27.789473693 0xe900d230 gstpad.c:5306:gst_pad_push_event_unchecked:<capsfilter1:src> Dropping event tag because pad is not linked
06-06 22:07:23.958  4906  5126 D GStreamer+GST_PADS: 0:02:27.789478068 0xe900d1b0 gstpad.c:3945:gst_pad_query:<typefind:src> sent query 0xe95396c0 (seeking), result 1
06-06 22:07:23.958  4906  5127 D GStreamer+GST_PADS: 0:02:27.789497339 0xe900d230 gstpad.c:3824:push_sticky:<capsfilter1:src> pad was not linked, mark pending
06-06 22:07:23.958  4906  5116 D GStreamer+bin: 0:02:27.789498849 0xe93d1d00 gstbin.c:911:find_message:<glimagesinkbin1> no message found matching types 00001000
06-06 22:07:23.958  4906  5126 D GStreamer+baseparse: 0:02:27.789505464 0xe900d1b0 gstbaseparse.c:2005:gst_base_parse_check_seekability:<mpegaudioparse0> Limiting index entries to 4096, indexing byte interval 3663 bytes
06-06 22:07:23.958  4906  5127 D GStreamer+basetransform: 0:02:27.789520829 0xe900d230 gstbasetransform.c:2157:default_generate_output:<capsfilter1> using allocated buffer in 0xe91f98e0, out 0xe91f98e0
06-06 22:07:23.958  4906  5116 D GStreamer+bin: 0:02:27.789530776 0xe93d1d00 gstbin.c:918:find_message:<glimagesinkbin1>   structure-change
06-06 22:07:23.958  4906  5127 D GStreamer+basetransform: 0:02:27.789550672 0xe900d230 gstbasetransform.c:2174:default_generate_output:<capsfilter1> doing inplace transform
06-06 22:07:23.958  4906  5116 D GStreamer+bin: 0:02:27.789558276 0xe93d1d00 gstbin.c:2226:update_degree:<glimagesinkbin1> change element gluploadelement1, degree 1->0, linked to glcolorconvertelement1
06-06 22:07:23.958  4906  5126 D GStreamer+baseparse: 0:02:27.789544006 0xe900d1b0 gstbaseparse.c:2012:gst_base_parse_check_seekability:<mpegaudioparse0> seekable: 1 (0 - 15003960)
06-06 22:07:23.959  4906  5127 D GStreamer+basetransform: 0:02:27.789580151 0xe900d230 gstbasetransform.c:2359:gst_base_transform_chain:<capsfilter1> we have a pending DISCONT
06-06 22:07:23.959  4906  5126 D GStreamer+baseparse: 0:02:27.789590933 0xe900d1b0 gstbaseparse.c:2016:gst_base_parse_check_seekability:<mpegaudioparse0> idx_interval: 500ms
06-06 22:07:23.959  4906  5127 D GStreamer+GST_PADS: 0:02:27.789598954 0xe900d230 gstpad.c:3853:check_sticky:<capsfilter1:src> pushing all sticky events
06-06 22:07:23.959  4906  5116 D GStreamer+bin: 0:02:27.789586870 0xe93d1d00 gstbin.c:2109:add_to_queue:<glimagesinkbin1> adding 'gluploadelement1' to queue
06-06 22:07:23.959  4906  5126 D GStreamer+query: 0:02:27.789617183 0xe900d1b0 gstquery.c:674:gst_query_new_custom creating new query 0xe9539290 duration
06-06 22:07:23.959  4906  5127 D GStreamer+GST_PADS: 0:02:27.789617860 0xe900d230 gstpad.c:3785:push_sticky:<capsfilter1:src> event stream-start was already received
06-06 22:07:23.959  4906  5116 I GStreamer+GST_STATES: 0:02:27.789634579 0xe93d1d00 gstbin.c:2444:gst_bin_element_set_state:<glcolorconvertelement1> current PAUSED pending VOID_PENDING, desired next READY
06-06 22:07:23.959  4906  5127 D GStreamer+GST_PADS: 0:02:27.789644735 0xe900d230 gstpad.c:3785:push_sticky:<capsfilter1:src> event caps was already received
06-06 22:07:23.959  4906  5126 D GStreamer+GST_PADS: 0:02:27.789646558 0xe900d1b0 gstpad.c:4049:gst_pad_peer_query:<mpegaudioparse0:sink> peer query 0xe9539290 (duration)
06-06 22:07:23.959  4906  5116 D GStreamer+bin: 0:02:27.789663224 0xe93d1d00 gstbin.c:911:find_message:<glimagesinkbin1> no message found matching types 00100000
06-06 22:07:23.959  4906  5127 D GStreamer+GST_PADS: 0:02:27.789673693 0xe900d230 gstpad.c:3785:push_sticky:<capsfilter1:src> event segment was already received
06-06 22:07:23.959  4906  5126 D GStreamer+GST_PADS: 0:02:27.789675308 0xe900d1b0 gstpad.c:3922:gst_pad_query:<typefind:src> doing query 0xe9539290 (duration)
06-06 22:07:23.959  4906  5127 D GStreamer+GST_PADS: 0:02:27.789701662 0xe900d230 gstpad.c:3785:push_sticky:<capsfilter1:src> event tag was already received
06-06 22:07:23.959  4906  5116 D GStreamer+bin: 0:02:27.789694474 0xe93d1d00 gstbin.c:918:find_message:<glimagesinkbin1>   async-start
06-06 22:07:23.959  4906  5127 D GStreamer+GST_PADS: 0:02:27.789721870 0xe900d230 gstpad.c:3785:push_sticky:<capsfilter1:src> event tag was already received
06-06 22:07:23.959  4906  5126 D GStreamer+typefind: 0:02:27.789721818 0xe900d1b0 gsttypefindelement.c:417:gst_type_find_handle_src_query:<typefind> Handling src query duration
06-06 22:07:23.959  4906  5116 D GStreamer+bin: 0:02:27.789735516 0xe93d1d00 gstbin.c:2539:gst_bin_element_set_state:<glimagesinkbin1> setting element glcolorconvertelement1 to READY, base_time 0:00:00.000000000
06-06 22:07:23.959  4906  5127 D GStreamer+GST_MEMORY: 0:02:27.789745985 0xe900d230 gstmemory.c:87:_gst_memory_free free memory 0xe92a7af0
06-06 22:07:23.959  4906  5126 D GStreamer+GST_PADS: 0:02:27.789744631 0xe900d1b0 gstpad.c:3367:gst_pad_query_default:<typefind:src> forwarding 0xe9539290 (duration) query
06-06 22:07:23.959  4906  5116 D GStreamer+GST_STATES: 0:02:27.789776454 0xe93d1d00 gstelement.c:2525:gst_element_set_state_func:<glcolorconvertelement1> set_state to READY
06-06 22:07:23.959  4906  5126 D GStreamer+GST_PADS: 0:02:27.789788276 0xe900d1b0 gstpad.c:2827:gst_pad_iterate_internal_links_default:<typefind:src> Making iterator
06-06 22:07:23.959  4906  5127 D GStreamer+GST_SCHEDULING: 0:02:27.789779891 0xe900d230 gstpad.c:4199:gst_pad_chain_data_unchecked:<capsfilter1:sink> called chainfunction &gst_base_transform_chain with buffer 0xe91f98e0, returned not-linked
06-06 22:07:23.959  4906  5116 D GStreamer+GST_STATES: 0:02:27.789802704 0xe93d1d00 gstelement.c:2550:gst_element_set_state_func:<glcolorconvertelement1> setting target state to READY
06-06 22:07:23.959  4906  5126 D GStreamer+GST_PADS: 0:02:27.789816818 0xe900d1b0 gstpad.c:4049:gst_pad_peer_query:<typefind:sink> peer query 0xe9539290 (duration)
06-06 22:07:23.959  4906  5127 D GStreamer+baseparse: 0:02:27.789819526 0xe900d230 gstbaseparse.c:3165:gst_base_parse_chain:<h264parse1> not enough data available (only 0 bytes)
06-06 22:07:23.959  4906  5116 D GStreamer+GST_STATES: 0:02:27.789843016 0xe93d1d00 gstelement.c:2563:gst_element_set_state_func:<glcolorconvertelement1> current PAUSED, old_pending VOID_PENDING, next VOID_PENDING, old return SUCCESS
06-06 22:07:23.959  4906  5126 D GStreamer+GST_PADS: 0:02:27.789845933 0xe900d1b0 gstpad.c:3922:gst_pad_query:<sink:proxypad5> doing query 0xe9539290 (duration)
06-06 22:07:23.959  4906  5127 D GStreamer+GST_SCHEDULING: 0:02:27.789846037 0xe900d230 gstpad.c:4199:gst_pad_chain_data_unchecked:<h264parse1:sink> called chainfunction &gst_base_parse_chain with buffer 0xe9537d40, returned not-linked
