06-06 22:07:23.859  4906  5128 D GStreamer+GST_PADS: 0:02:27.689661349 0xe900d290 gstpad.c:3922:gst_pad_query:<typefind:sink> doing query 0xe915d8f0 (caps)
06-06 22:07:23.859  4906  5128 D GStreamer+GST_CAPS: 0:02:27.689692131 0xe900d290 gstpad.c:3112:gst_pad_query_caps_default:<typefind:sink> query caps caps query: 0xe915d8f0, GstQueryCaps, filter=(GstCaps)"NULL", caps=(GstCaps)"NULL";
06-06 22:07:23.859  4906  5128 D GStreamer+GST_CAPS: 0:02:27.689739318 0xe900d290 gstpad.c:3135:gst_pad_query_caps_default:<typefind:sink> trying pad template caps
06-06 22:07:23.859  4906  5128 D GStreamer+GST_CAPS: 0:02:27.689764214 0xe900d290 gstpad.c:3165:gst_pad_query_caps_default:<typefind:sink> using caps 0xe8e15518 ANY
06-06 22:07:23.859  4906  5128 D GStreamer+GST_PADS: 0:02:27.689795829 0xe900d290 gstpad.c:3367:gst_pad_query_default:<typefind:sink> not forwarding 0xe915d8f0 (caps) query
06-06 22:07:23.859  4906  5128 D GStreamer+GST_PADS: 0:02:27.689822235 0xe900d290 gstpad.c:3945:gst_pad_query:<typefind:sink> sent query 0xe915d8f0 (caps), result 1
06-06 22:07:23.859  4906  5128 D GStreamer+default: 0:02:27.689844839 0xe900d290 gstutils.c:2595:query_caps_func:<sink:proxypad3> intersect with result ANY
06-06 22:07:23.859  4906  5128 D GStreamer+default: 0:02:27.689866193 0xe900d290 gstutils.c:2597:query_caps_func:<sink:proxypad3> intersected ANY
06-06 22:07:23.859  4906  5128 D GStreamer+GST_PADS: 0:02:27.689894579 0xe900d290 gstpad.c:3367:gst_pad_query_default:<forhwgl:sink> not forwarding 0xe915d8f0 (caps) query
06-06 22:07:23.859  4906  5128 D GStreamer+GST_PADS: 0:02:27.689920152 0xe900d290 gstpad.c:3945:gst_pad_query:<forhwgl:sink> sent query 0xe915d8f0 (caps), result 1
06-06 22:07:23.859  4906  5128 D GStreamer+default: 0:02:27.689943120 0xe900d290 gstutils.c:2595:query_caps_func:<queue2:src> intersect with result ANY
06-06 22:07:23.859  4906  5128 D GStreamer+default: 0:02:27.689964839 0xe900d290 gstutils.c:2597:query_caps_func:<queue2:src> intersected ANY
06-06 22:07:23.859  4906  5128 D GStreamer+GST_PADS: 0:02:27.689989943 0xe900d290 gstpad.c:3367:gst_pad_query_default:<queue2:sink> not forwarding 0xe915d8f0 (caps) query
06-06 22:07:23.859  4906  5128 D GStreamer+GST_PADS: 0:02:27.690013277 0xe900d290 gstpad.c:3945:gst_pad_query:<queue2:sink> sent query 0xe915d8f0 (caps), result 1
06-06 22:07:23.859  4906  5128 D GStreamer+GST_CAPS: 0:02:27.690036245 0xe900d290 gstutils.c:2879:gst_pad_query_caps:<queue2:sink> query returned ANY
06-06 22:07:23.859  4906  5128 D GStreamer+GST_ELEMENT_PADS: 0:02:27.690057495 0xe900d290 gstutils.c:1061:gst_element_get_compatible_pad found existing unlinked compatible pad queue2:sink
06-06 22:07:23.859  4906  5128 I GStreamer+GST_PADS: 0:02:27.690078954 0xe900d290 gstutils.c:1446:prepare_link_maybe_ghosting q and queue2 in same bin, no need for ghost pads
06-06 22:07:23.859  4906  5128 D GStreamer+GST_BUS: 0:02:27.690110308 0xe900d290 gstbus.c:309:gst_bus_post:<bus8> [msg 0xe9567e20] posting on bus structure-change message: 0xe9567e20, time 99:99:99.999999999, seq-num 569, element 'sink', GstMessageStructureChange, type=(GstStructureChangeType)GST_STRUCTURE_CHANGE_TYPE_PAD_LINK, owner=(GstElement)"\(GstQTDemux\)\ q", busy=(boolean)true;
06-06 22:07:23.859  4906  5128 D GStreamer+bin: 0:02:27.690187704 0xe900d290 gstbin.c:3654:gst_bin_handle_message_func:<pipeline1> [msg 0xe9567e20] handling child sink message of type structure-change
06-06 22:07:23.859  4906  5128 D GStreamer+bin: 0:02:27.690247235 0xe900d290 gstbin.c:911:find_message:<pipeline1> no message found matching types 00001000
06-06 22:07:23.859  4906  5128 D GStreamer+bin: 0:02:27.690275412 0xe900d290 gstbin.c:918:find_message:<pipeline1>   structure-change
06-06 22:07:23.859  4906  5128 D GStreamer+bin: 0:02:27.690294631 0xe900d290 gstbin.c:958:bin_replace_message:<pipeline1> got new message 0xe9567e20, structure-change from sink
06-06 22:07:23.859  4906  5128 D GStreamer+GST_BUS: 0:02:27.690315516 0xe900d290 gstbus.c:344:gst_bus_post:<bus8> [msg 0xe9567e20] dropped
06-06 22:07:23.859  4906  5128 I GStreamer+GST_PADS: 0:02:27.690338329 0xe900d290 gstpad.c:2315:gst_pad_link_prepare trying to link q:video_0 and queue2:sink
06-06 22:07:23.859  4906  5128 D GStreamer+GST_CAPS: 0:02:27.690361662 0xe900d290 gstutils.c:2872:gst_pad_query_caps:<q:video_0> get pad caps with filter (NULL)
06-06 22:07:23.859  4906  5128 D GStreamer+query: 0:02:27.690386089 0xe900d290 gstquery.c:674:gst_query_new_custom creating new query 0xe915d8f0 caps
06-06 22:07:23.859  4906  5128 D GStreamer+GST_PADS: 0:02:27.690405620 0xe900d290 gstpad.c:3922:gst_pad_query:<q:video_0> doing query 0xe915d8f0 (caps)
06-06 22:07:23.859  4906  5128 D GStreamer+GST_CAPS: 0:02:27.690443381 0xe900d290 gstpad.c:3112:gst_pad_query_caps_default:<q:video_0> query caps caps query: 0xe915d8f0, GstQueryCaps, filter=(GstCaps)"NULL", caps=(GstCaps)"NULL";
06-06 22:07:23.859  4906  5128 D GStreamer+GST_CAPS: 0:02:27.690478589 0xe900d290 gstpad.c:3129:gst_pad_query_caps_default:<q:video_0> fixed pad caps: trying pad caps
06-06 22:07:23.859  4906  5128 D GStreamer+GST_CAPS: 0:02:27.690497912 0xe900d290 gstpad.c:3165:gst_pad_query_caps_default:<q:video_0> using caps 0xe952e9b8 video/x-h264, stream-format=(string)avc, alignment=(string)au, level=(string)4, profile=(string)baseline, codec_data=(buffer)01428028ffe1000a27428028e54028016b2001000528de01ae20, width=(int)1280, height=(int)1440, framerate=(fraction)151/3, pixel-aspect-ratio=(fraction)1/1
06-06 22:07:23.859  4906  5128 D GStreamer+GST_PADS: 0:02:27.690561454 0xe900d290 gstpad.c:3367:gst_pad_query_default:<q:video_0> not forwarding 0xe915d8f0 (caps) query
06-06 22:07:23.860  4906  5128 D GStreamer+GST_PADS: 0:02:27.690583693 0xe900d290 gstpad.c:3945:gst_pad_query:<q:video_0> sent query 0xe915d8f0 (caps), result 1
06-06 22:07:23.860  4906  5128 D GStreamer+GST_CAPS: 0:02:27.690605933 0xe900d290 gstutils.c:2879:gst_pad_query_caps:<q:video_0> query returned video/x-h264, stream-format=(string)avc, alignment=(string)au, level=(string)4, profile=(string)baseline, codec_data=(buffer)01428028ffe1000a27428028e54028016b2001000528de01ae20, width=(int)1280, height=(int)1440, framerate=(fraction)151/3, pixel-aspect-ratio=(fraction)1/1
06-06 22:07:23.860  4906  5128 D GStreamer+GST_CAPS: 0:02:27.690658797 0xe900d290 gstutils.c:2872:gst_pad_query_caps:<queue2:sink> get pad caps with filter (NULL)
06-06 22:07:23.860  4906  5128 D GStreamer+query: 0:02:27.690680464 0xe900d290 gstquery.c:674:gst_query_new_custom creating new query 0xe915d920 caps
06-06 22:07:23.860  4906  5128 D GStreamer+GST_PADS: 0:02:27.690700047 0xe900d290 gstpad.c:3922:gst_pad_query:<queue2:sink> doing query 0xe915d920 (caps)
06-06 22:07:23.860  4906  5128 D GStreamer+GST_CAPS: 0:02:27.690721037 0xe900d290 gstpad.c:3112:gst_pad_query_caps_default:<queue2:sink> query caps caps query: 0xe915d920, GstQueryCaps, filter=(GstCaps)"NULL", caps=(GstCaps)"NULL";
06-06 22:07:23.860  4906  5128 D GStreamer+GST_PADS: 0:02:27.690748849 0xe900d290 gstutils.c:2633:gst_pad_proxy_query_caps:<queue2:sink> proxying caps query for queue2:sink
06-06 22:07:23.860  4906  5128 D GStreamer+GST_PADS: 0:02:27.690770204 0xe900d290 gstpad.c:2827:gst_pad_iterate_internal_links_default:<queue2:sink> Making iterator
06-06 22:07:23.860  4906  5128 D GStreamer+GST_PADS: 0:02:27.690791089 0xe900d290 gstpad.c:4049:gst_pad_peer_query:<queue2:src> peer query 0xe915d920 (caps)
06-06 22:07:23.860  4906  5128 D GStreamer+GST_PADS: 0:02:27.690813537 0xe900d290 gstpad.c:3922:gst_pad_query:<forhwgl:sink> doing query 0xe915d920 (caps)
06-06 22:07:23.860  4906  5128 D GStreamer+GST_CAPS: 0:02:27.690834839 0xe900d290 gstpad.c:3112:gst_pad_query_caps_default:<forhwgl:sink> query caps caps query: 0xe915d920, GstQueryCaps, filter=(GstCaps)"NULL", caps=(GstCaps)"NULL";
06-06 22:07:23.860  4906  5128 D GStreamer+GST_PADS: 0:02:27.690863954 0xe900d290 gstutils.c:2633:gst_pad_proxy_query_caps:<forhwgl:sink> proxying caps query for forhwgl:sink
06-06 22:07:23.860  4906  5128 D GStreamer+GST_PADS: 0:02:27.690890620 0xe900d290 gstpad.c:4049:gst_pad_peer_query:<sink:proxypad3> peer query 0xe915d920 (caps)
06-06 22:07:23.860  4906  5128 D GStreamer+GST_PADS: 0:02:27.690913277 0xe900d290 gstpad.c:3922:gst_pad_query:<typefind:sink> doing query 0xe915d920 (caps)
06-06 22:07:23.860  4906  5128 D GStreamer+GST_CAPS: 0:02:27.690934214 0xe900d290 gstpad.c:3112:gst_pad_query_caps_default:<typefind:sink> query caps caps query: 0xe915d920, GstQueryCaps, filter=(GstCaps)"NULL", caps=(GstCaps)"NULL";
06-06 22:07:23.860  4906  5128 D GStreamer+GST_CAPS: 0:02:27.690962860 0xe900d290 gstpad.c:3135:gst_pad_query_caps_default:<typefind:sink> trying pad template caps
06-06 22:07:23.860  4906  5128 D GStreamer+GST_CAPS: 0:02:27.690980881 0xe900d290 gstpad.c:3165:gst_pad_query_caps_default:<typefind:sink> using caps 0xe8e15518 ANY
06-06 22:07:23.860  4906  5128 D GStreamer+GST_PADS: 0:02:27.691002339 0xe900d290 gstpad.c:3367:gst_pad_query_default:<typefind:sink> not forwarding 0xe915d920 (caps) query
06-06 22:07:23.860  4906  5128 D GStreamer+GST_PADS: 0:02:27.691022808 0xe900d290 gstpad.c:3945:gst_pad_query:<typefind:sink> sent query 0xe915d920 (caps), result 1
06-06 22:07:23.860  4906  5128 D GStreamer+default: 0:02:27.691043381 0xe900d290 gstutils.c:2595:query_caps_func:<sink:proxypad3> intersect with result ANY
06-06 22:07:23.860  4906  5128 D GStreamer+default: 0:02:27.691064839 0xe900d290 gstutils.c:2597:query_caps_func:<sink:proxypad3> intersected ANY
06-06 22:07:23.860  4906  5128 D GStreamer+GST_PADS: 0:02:27.691087652 0xe900d290 gstpad.c:3367:gst_pad_query_default:<forhwgl:sink> not forwarding 0xe915d920 (caps) query
06-06 22:07:23.860  4906  5128 D GStreamer+GST_PADS: 0:02:27.691108902 0xe900d290 gstpad.c:3945:gst_pad_query:<forhwgl:sink> sent query 0xe915d920 (caps), result 1
06-06 22:07:23.860  4906  5128 D GStreamer+default: 0:02:27.691130672 0xe900d290 gstutils.c:2595:query_caps_func:<queue2:src> intersect with result ANY
06-06 22:07:23.860  4906  5128 D GStreamer+default: 0:02:27.691150152 0xe900d290 gstutils.c:2597:query_caps_func:<queue2:src> intersected ANY
06-06 22:07:23.860  4906  5128 D GStreamer+GST_PADS: 0:02:27.691172339 0xe900d290 gstpad.c:3367:gst_pad_query_default:<queue2:sink> not forwarding 0xe915d920 (caps) query
06-06 22:07:23.860  4906  5128 D GStreamer+GST_PADS: 0:02:27.691193537 0xe900d290 gstpad.c:3945:gst_pad_query:<queue2:sink> sent query 0xe915d920 (caps), result 1
06-06 22:07:23.860  4906  5128 D GStreamer+GST_CAPS: 0:02:27.691214110 0xe900d290 gstutils.c:2879:gst_pad_query_caps:<queue2:sink> query returned ANY
06-06 22:07:23.860  4906  5128 D GStreamer+GST_CAPS: 0:02:27.691234631 0xe900d290 gstpad.c:2215:gst_pad_link_check_compatible_unlocked:<q:video_0> src caps video/x-h264, stream-format=(string)avc, alignment=(string)au, level=(string)4, profile=(string)baseline, codec_data=(buffer)01428028ffe1000a27428028e54028016b2001000528de01ae20, width=(int)1280, height=(int)1440, framerate=(fraction)151/3, pixel-aspect-ratio=(fraction)1/1
06-06 22:07:23.860  4906  5128 D GStreamer+GST_CAPS: 0:02:27.691288797 0xe900d290 gstpad.c:2217:gst_pad_link_check_compatible_unlocked:<queue2:sink> sink caps ANY
06-06 22:07:23.860  4906  5128 D GStreamer+GST_CAPS: 0:02:27.691308693 0xe900d290 gstpad.c:2235:gst_pad_link_check_compatible_unlocked caps are compatible
06-06 22:07:23.860  4906  5128 I GStreamer+GST_PADS: 0:02:27.691327808 0xe900d290 gstpad.c:2521:gst_pad_link_full linked q:video_0 and queue2:sink, successful
06-06 22:07:23.860  4906  5128 I GStreamer+GST_EVENT: 0:02:27.691348068 0xe900d290 gstevent.c:1382:gst_event_new_reconfigure creating reconfigure event
06-06 22:07:23.860  4906  5128 D GStreamer+GST_EVENT: 0:02:27.691364683 0xe900d290 gstevent.c:302:gst_event_new_custom creating new event 0xe9191700 reconfigure 61441
06-06 22:07:23.860  4906  5128 D GStreamer+GST_EVENT: 0:02:27.691384787 0xe900d290 gstpad.c:5536:gst_pad_send_event_unchecked:<q:video_0> have event type reconfigure event: 0xe9191700, time 99:99:99.999999999, seq-num 570, (NULL)
06-06 22:07:23.860  4906  5128 D GStreamer+GST_PADS: 0:02:27.691430672 0xe900d290 gstpad.c:2827:gst_pad_iterate_internal_links_default:<q:video_0> Making iterator
06-06 22:07:23.860  4906  5128 D GStreamer+GST_EVENT: 0:02:27.691455620 0xe900d290 gstpad.c:5536:gst_pad_send_event_unchecked:<filesrc1:src> have event type reconfigure event: 0xe9191700, time 99:99:99.999999999, seq-num 570, (NULL)
06-06 22:07:23.860  4906  5128 D GStreamer+basesrc: 0:02:27.691490099 0xe900d290 gstbasesrc.c:1986:gst_base_src_default_event:<filesrc1> handle event reconfigure event: 0xe9191700, time 99:99:99.999999999, seq-num 570, (NULL)
06-06 22:07:23.860  4906  5128 D GStreamer+GST_PADS: 0:02:27.691520933 0xe900d290 gstpad.c:5609:gst_pad_send_event_unchecked:<filesrc1:src> sent event, ret ok
06-06 22:07:23.860  4906  5128 D GStreamer+GST_PADS: 0:02:27.691542027 0xe900d290 gstpad.c:5609:gst_pad_send_event_unchecked:<q:video_0> sent event, ret ok
06-06 22:07:23.861  4906  5128 D GStreamer+GST_BUS: 0:02:27.691567704 0xe900d290 gstbus.c:309:gst_bus_post:<bus8> [msg 0xe9567dc8] posting on bus structure-change message: 0xe9567dc8, time 99:99:99.999999999, seq-num 571, element 'sink', GstMessageStructureChange, type=(GstStructureChangeType)GST_STRUCTURE_CHANGE_TYPE_PAD_LINK, owner=(GstElement)"\(GstQTDemux\)\ q", busy=(boolean)false;
06-06 22:07:23.861  4906  5128 D GStreamer+bin: 0:02:27.691624474 0xe900d290 gstbin.c:3654:gst_bin_handle_message_func:<pipeline1> [msg 0xe9567dc8] handling child sink message of type structure-change
06-06 22:07:23.861  4906  5128 D GStreamer+bin: 0:02:27.691648902 0xe900d290 gstbin.c:986:bin_remove_messages:<queue2:sink> deleting message 0xe9567e20 of types 0x00001000
06-06 22:07:23.861  4906  5128 D GStreamer+bin: 0:02:27.691672756 0xe900d290 gstbin.c:992:bin_remove_messages:<forhwgl> not deleting message 0xe90120c8 of type 0x00100000
06-06 22:07:23.861  4906  5128 D GStreamer+bin: 0:02:27.691693277 0xe900d290 gstbin.c:992:bin_remove_messages:<decodebin2> not deleting message 0xe92ef780 of type 0x00100000
06-06 22:07:23.861  4906  5128 D GStreamer+bin: 0:02:27.691712495 0xe900d290 gstbin.c:992:bin_remove_messages:<glimagesinkbin1> not deleting message 0xe92ef620 of type 0x00100000
06-06 22:07:23.861  4906  5128 D GStreamer+bin: 0:02:27.691732547 0xe900d290 gstbin.c:992:bin_remove_messages:<autoaudiosink0> not deleting message 0xe92ef6d0 of type 0x00100000
06-06 22:07:23.861  4906  5128 D GStreamer+GST_BUS: 0:02:27.691754735 0xe900d290 gstbus.c:344:gst_bus_post:<bus8> [msg 0xe9567dc8] dropped
06-06 22:07:23.861  4906  5128 D GStreamer+GST_ELEMENT_PADS: 0:02:27.691773902 0xe900d290 gstutils.c:1735:gst_element_link_pads_full linked pad q:video_0 to pad queue2:sink
06-06 22:07:23.861  4906  5128 D GStreamer+GST_PIPELINE: 0:02:27.691796610 0xe900d290 ./grammar.y:527:gst_parse_found_pad delayed linking pad  video_0 of GstQTDemux named q to some pad of GstQueue named queue2 worked
06-06 22:07:23.861  4906  5128 I GStreamer+GST_PIPELINE: 0:02:27.691831662 0xe900d290 ./grammar.y:518:gst_parse_found_pad trying delayed linking pad  audio_0 of GstQTDemux named q to some pad of GstQueue named queue4
06-06 22:07:23.861  4906  5128 I GStreamer+GST_ELEMENT_PADS: 0:02:27.691857235 0xe900d290 gstutils.c:1605:gst_element_link_pads_full trying to link element q:audio_0 to element queue4:(any)
06-06 22:07:23.861  4906  5128 I GStreamer+GST_ELEMENT_PADS: 0:02:27.691878849 0xe900d290 gstelement.c:906:gst_element_get_static_pad no such pad 'audio_0' in element "q"
06-06 22:07:23.861  4906  5128 D GStreamer+GST_ELEMENT_PADS: 0:02:27.691899839 0xe900d290 gstutils.c:1619:gst_element_link_pads_full no pad q:audio_0
06-06 22:07:23.861  4906  5128 I GStreamer+default: 0:02:27.691917339 0xe900d290 gstutils.c:1994:gst_element_link_pads_filtered Could not link pads: q:audio_0 - queue4:(null)
06-06 22:07:23.861  4906  5128 D GStreamer+qtdemux: 0:02:27.691946662 0xe900d290 qtdemux.c:10993:qtdemux_expose_streams:<q> stream 1, id 2, fourcc mp4a
06-06 22:07:23.861  4906  5128 D GStreamer+GST_PADS: 0:02:27.692039110 0xe900d290 gstpad.c:1849:gst_pad_set_event_function_full:<'':audio_0> eventfunc for set to 0xd10ad841
06-06 22:07:23.861  4906  5128 D GStreamer+GST_PADS: 0:02:27.692063381 0xe900d290 gstpad.c:1929:gst_pad_set_query_function_full:<'':audio_0> queryfunc set to 0xd10ad2b1
06-06 22:07:23.861  4906  5128 D GStreamer+GST_PADS: 0:02:27.692083277 0xe900d290 gstpad.c:1063:gst_pad_set_active:<'':audio_0> activating pad from none
06-06 22:07:23.861  4906  5128 D GStreamer+GST_PADS: 0:02:27.692101141 0xe900d290 gstpad.c:979:pre_activate:<'':audio_0> setting pad into push mode, unset flushing
06-06 22:07:23.861  4906  5128 D GStreamer+GST_PADS: 0:02:27.692119787 0xe900d290 gstpad.c:1188:activate_mode_internal:<'':audio_0> activated in push mode
06-06 22:07:23.861  4906  5128 D GStreamer+qtdemux: 0:02:27.692139631 0xe900d290 qtdemux.c:7466:gst_qtdemux_configure_stream:<q> setting caps audio/mpeg, mpegversion=(int)1, parsed=(boolean)true, rate=(int)24000, channels=(int)1
06-06 22:07:23.861  4906  5128 I GStreamer+GST_ELEMENT_PADS: 0:02:27.692175724 0xe900d290 gstelement.c:909:gst_element_get_static_pad found pad q:sink
06-06 22:07:23.861  4906  5128 D GStreamer+query: 0:02:27.692197235 0xe900d290 gstquery.c:674:gst_query_new_custom creating new query 0xe915d950 uri
06-06 22:07:23.861  4906  5128 D GStreamer+GST_ELEMENT_PADS: 0:02:27.692216245 0xe900d290 gstelement.c:1700:gst_element_query send query on element q
06-06 22:07:23.861  4906  5128 D GStreamer+GST_ELEMENT_PADS: 0:02:27.692233381 0xe900d290 gstelement.c:1484:gst_element_get_random_pad getting a random pad
06-06 22:07:23.861  4906  5128 D GStreamer+GST_ELEMENT_PADS: 0:02:27.692249631 0xe900d290 gstelement.c:1503:gst_element_get_random_pad checking pad q:video_0
06-06 22:07:23.861  4906  5128 D GStreamer+GST_ELEMENT_PADS: 0:02:27.692266766 0xe900d290 gstelement.c:1515:gst_element_get_random_pad found pad q:video_0
06-06 22:07:23.861  4906  5128 D GStreamer+GST_PADS: 0:02:27.692283745 0xe900d290 gstpad.c:3922:gst_pad_query:<q:video_0> doing query 0xe915d950 (uri)
06-06 22:07:23.861  4906  5128 D GStreamer+GST_PADS: 0:02:27.692303849 0xe900d290 gstpad.c:3367:gst_pad_query_default:<q:video_0> forwarding 0xe915d950 (uri) query
06-06 22:07:23.861  4906  5128 D GStreamer+GST_PADS: 0:02:27.692325672 0xe900d290 gstpad.c:2827:gst_pad_iterate_internal_links_default:<q:video_0> Making iterator
06-06 22:07:23.861  4906  5128 D GStreamer+GST_PADS: 0:02:27.692345099 0xe900d290 gstpad.c:4049:gst_pad_peer_query:<q:sink> peer query 0xe915d950 (uri)
06-06 22:07:23.861  4906  5128 D GStreamer+GST_PADS: 0:02:27.692365360 0xe900d290 gstpad.c:3922:gst_pad_query:<filesrc1:src> doing query 0xe915d950 (uri)
06-06 22:07:23.861  4906  5128 D GStreamer+basesrc: 0:02:27.692390933 0xe900d290 gstbasesrc.c:1295:gst_base_src_default_query:<filesrc1> query uri returns 1
06-06 22:07:23.861  4906  5128 D GStreamer+GST_PADS: 0:02:27.692410724 0xe900d290 gstpad.c:3945:gst_pad_query:<filesrc1:src> sent query 0xe915d950 (uri), result 1
06-06 22:07:23.861  4906  5128 D GStreamer+GST_PADS: 0:02:27.692447131 0xe900d290 gstpad.c:3945:gst_pad_query:<q:video_0> sent query 0xe915d950 (uri), result 1
06-06 22:07:23.861  4906  5128 D GStreamer+GST_EVENT: 0:02:27.692482599 0xe900d290 gstevent.c:302:gst_event_new_custom creating new event 0xe9191748 stream-start 10254
06-06 22:07:23.861  4906  5128 D GStreamer+GST_PADS: 0:02:27.692508068 0xe900d290 gstpad.c:3853:check_sticky:<'':audio_0> pushing all sticky events
06-06 22:07:23.861  4906  5128 D GStreamer+GST_PADS: 0:02:27.692526297 0xe900d290 gstpad.c:5306:gst_pad_push_event_unchecked:<'':audio_0> Dropping event stream-start because pad is not linked
06-06 22:07:23.861  4906  5128 D GStreamer+GST_PADS: 0:02:27.692544891 0xe900d290 gstpad.c:3824:push_sticky:<'':audio_0> pad was not linked, mark pending
06-06 22:07:23.862  4906  5128 I GStreamer+GST_EVENT: 0:02:27.692564787 0xe900d290 gstevent.c:679:gst_event_new_caps creating caps event audio/mpeg, mpegversion=(int)1, parsed=(boolean)true, rate=(int)24000, channels=(int)1
06-06 22:07:23.862  4906  5128 D GStreamer+GST_EVENT: 0:02:27.692594370 0xe900d290 gstevent.c:302:gst_event_new_custom creating new event 0xe9191790 caps 12814
06-06 22:07:23.862  4906  5128 D GStreamer+GST_PADS: 0:02:27.692614214 0xe900d290 gstpad.c:5093:store_sticky_event:<'':audio_0> notify caps
06-06 22:07:23.862  4906  5128 D GStreamer+GST_PADS: 0:02:27.692634006 0xe900d290 gstpad.c:3853:check_sticky:<'':audio_0> pushing all sticky events
06-06 22:07:23.862  4906  5128 D GStreamer+GST_PADS: 0:02:27.692653224 0xe900d290 gstpad.c:3785:push_sticky:<'':audio_0> event stream-start was already received
06-06 22:07:23.862  4906  5128 D GStreamer+GST_PADS: 0:02:27.692671922 0xe900d290 gstpad.c:5306:gst_pad_push_event_unchecked:<'':audio_0> Dropping event caps because pad is not linked
06-06 22:07:23.862  4906  5128 D GStreamer+GST_PADS: 0:02:27.692690412 0xe900d290 gstpad.c:3824:push_sticky:<'':audio_0> pad was not linked, mark pending
06-06 22:07:23.862  4906  5128 D GStreamer+qtdemux: 0:02:27.692707912 0xe900d290 qtdemux.c:7582:gst_qtdemux_add_stream:<q> adding pad audio_0 0xe901e028 to qtdemux 0xe9232018
06-06 22:07:23.862  4906  5128 I GStreamer+GST_ELEMENT_PADS: 0:02:27.692729422 0xe900d290 gstelement.c:661:gst_element_add_pad:<q> adding pad 'audio_0'
06-06 22:07:23.862  4906  5128 D GStreamer+GST_REFCOUNTING: 0:02:27.692748693 0xe900d290 gstobject.c:700:gst_object_set_parent:<'':audio_0> set parent (ref and sink)
06-06 22:07:23.885  4906  5128 D GStreamer+GST_EVENT: 0:02:27.716433954 0xe900d290 gstpad.c:5536:gst_pad_send_event_unchecked:<queue2:sink> have event type tag event: 0xe9305508, time 99:99:99.999999999, seq-num 589, GstTagList-global, taglist=(taglist)"taglist\,\ datetime\=\(datetime\)2016-05-10T02:46:01Z\,\ container-format\=\(string\)\"ISO\\\ MP4/M4A\"\;";
06-06 22:07:23.885  4906  5128 D GStreamer+GST_PADS: 0:02:27.716537391 0xe900d290 gstpad.c:5609:gst_pad_send_event_unchecked:<queue2:sink> sent event, ret ok
06-06 22:07:23.885  4906  5128 D GStreamer+GST_PADS: 0:02:27.716561610 0xe900d290 gstpad.c:3805:push_sticky:<q:video_0> event tag marked received
06-06 22:07:23.886  4906  5128 D GStreamer+qtdemux: 0:02:27.716584318 0xe900d290 qtdemux.c:4644:gst_qtdemux_activate_segment:<q:video_0> No need to look for keyframe, this is an empty segment
06-06 22:07:23.886  4906  5128 D GStreamer+qtdemux: 0:02:27.716604527 0xe900d290 qtdemux.c:5512:gst_qtdemux_loop_state_movie:<q> pushing from stream 0, empty 1 offset 0, size 0, dts=0:00:00.000000000, pts=0:00:00.000000000, duration 0:00:00.311000000
06-06 22:07:23.886  4906  5128 D GStreamer+GST_EVENT: 0:02:27.716647391 0xe900d290 gstevent.c:302:gst_event_new_custom creating new event 0xe9305550 gap 40966
06-06 22:07:23.886  4906  5128 D GStreamer+GST_EVENT: 0:02:27.716669735 0xe900d290 gstpad.c:5536:gst_pad_send_event_unchecked:<queue2:sink> have event type gap event: 0xe9305550, time 99:99:99.999999999, seq-num 604, GstEventGap, timestamp=(guint64)0, duration=(guint64)311000000;
06-06 22:07:23.886  4906  5128 D GStreamer+GST_PADS: 0:02:27.716716558 0xe900d290 gstpad.c:5609:gst_pad_send_event_unchecked:<queue2:sink> sent event, ret ok
06-06 22:07:23.886  4906  5128 D GStreamer+qtdemux: 0:02:27.716736870 0xe900d290 qtdemux.c:4810:gst_qtdemux_advance_sample:<q> Empty segment, no samples to advance
06-06 22:07:23.886  4906  5128 D GStreamer+qtdemux: 0:02:27.716754370 0xe900d290 qtdemux.c:4859:gst_qtdemux_advance_sample:<q> segment 0 ended 
06-06 22:07:23.886  4906  5128 D GStreamer+qtdemux: 0:02:27.716780256 0xe900d290 qtdemux.c:4542:gst_qtdemux_stream_update_segment:<q:audio_0> new segment 0 from 0:00:00.000000000 to 0:00:07.176000000, time 0:00:00.000000000
06-06 22:07:23.886  4906  5128 D GStreamer+qtdemux: 0:02:27.716813954 0xe900d290 qtdemux.c:4563:gst_qtdemux_stream_update_segment:<q:audio_0> New segment: time segment start=0:00:00.000000000, offset=0:00:00.000000000, stop=0:00:07.176000000, rate=1.000000, applied_rate=1.000000, flags=0x00, time=0:00:00.000000000, base=0:00:00.000000000, position 0:00:00.000000000, duration 99:99:99.999999999
06-06 22:07:23.886  4906  5128 I GStreamer+GST_EVENT: 0:02:27.716871402 0xe900d290 gstevent.c:760:gst_event_new_segment creating segment event time segment start=0:00:00.000000000, offset=0:00:00.000000000, stop=0:00:07.176000000, rate=1.000000, applied_rate=1.000000, flags=0x00, time=0:00:00.000000000, base=0:00:00.000000000, position 0:00:00.000000000, duration 99:99:99.999999999
06-06 22:07:23.886  4906  5128 D GStreamer+GST_EVENT: 0:02:27.716922027 0xe900d290 gstevent.c:302:gst_event_new_custom creating new event 0xe9305598 segment 17934
06-06 22:07:23.886  4906  5128 D GStreamer+GST_PADS: 0:02:27.716943120 0xe900d290 gstpad.c:3853:check_sticky:<q:audio_0> pushing all sticky events
06-06 22:07:23.886  4906  5128 D GStreamer+GST_EVENT: 0:02:27.716961037 0xe900d290 gstpad.c:5536:gst_pad_send_event_unchecked:<queue4:sink> have event type stream-start event: 0xe9191748, time 99:99:99.999999999, seq-num 572, GstEventStreamStart, stream-id=(string)71ab440d261a1bb43c19b397eec2373651540427aed1e7b0deb4be62a10a7f25/002, flags=(GstStreamFlags)GST_STREAM_FLAG_NONE, group-id=(uint)1;
06-06 22:07:23.886  4906  5126 D GStreamer+queue_dataflow: 0:02:27.717031974 0xe900d1b0 gstqueue.c:1500:gst_queue_loop:<queue4> queue is not empty
06-06 22:07:23.886  4906  5126 D GStreamer+GST_PADS: 0:02:27.717059370 0xe900d1b0 gstpad.c:3853:check_sticky:<queue4:src> pushing all sticky events
06-06 22:07:23.886  4906  5126 D GStreamer+GST_EVENT: 0:02:27.717079995 0xe900d1b0 gstpad.c:5536:gst_pad_send_event_unchecked:<decodebin2:sink> have event type stream-start event: 0xe9191748, time 99:99:99.999999999, seq-num 572, GstEventStreamStart, stream-id=(string)71ab440d261a1bb43c19b397eec2373651540427aed1e7b0deb4be62a10a7f25/002, flags=(GstStreamFlags)GST_STREAM_FLAG_NONE, group-id=(uint)1;
06-06 22:07:23.886  4906  5126 D GStreamer+GST_PADS: 0:02:27.717133016 0xe900d1b0 gstpad.c:3853:check_sticky:<sink:proxypad5> pushing all sticky events
06-06 22:07:23.886  4906  5126 D GStreamer+GST_EVENT: 0:02:27.717152131 0xe900d1b0 gstpad.c:5536:gst_pad_send_event_unchecked:<typefind:sink> have event type stream-start event: 0xe9191748, time 99:99:99.999999999, seq-num 572, GstEventStreamStart, stream-id=(string)71ab440d261a1bb43c19b397eec2373651540427aed1e7b0deb4be62a10a7f25/002, flags=(GstStreamFlags)GST_STREAM_FLAG_NONE, group-id=(uint)1;
06-06 22:07:23.886  4906  5126 D GStreamer+typefind: 0:02:27.717205724 0xe900d1b0 gsttypefindelement.c:665:gst_type_find_element_sink_event:<typefind> got stream-start event in mode 1
06-06 22:07:23.886  4906  5126 D GStreamer+GST_PADS: 0:02:27.717227287 0xe900d1b0 gstpad.c:3853:check_sticky:<typefind:src> pushing all sticky events
06-06 22:07:23.886  4906  5126 D GStreamer+GST_PADS: 0:02:27.717244891 0xe900d1b0 gstpad.c:5306:gst_pad_push_event_unchecked:<typefind:src> Dropping event stream-start because pad is not linked
06-06 22:07:23.886  4906  5126 D GStreamer+GST_PADS: 0:02:27.717263797 0xe900d1b0 gstpad.c:3824:push_sticky:<typefind:src> pad was not linked, mark pending
06-06 22:07:23.886  4906  5126 D GStreamer+GST_PADS: 0:02:27.717280881 0xe900d1b0 gstpad.c:5609:gst_pad_send_event_unchecked:<typefind:sink> sent event, ret ok
06-06 22:07:23.886  4906  5126 D GStreamer+GST_PADS: 0:02:27.717299995 0xe900d1b0 gstpad.c:3805:push_sticky:<sink:proxypad5> event stream-start marked received
06-06 22:07:23.886  4906  5126 D GStreamer+GST_PADS: 0:02:27.717320933 0xe900d1b0 gstpad.c:5609:gst_pad_send_event_unchecked:<decodebin2:sink> sent event, ret ok
06-06 22:07:23.886  4906  5126 D GStreamer+GST_PADS: 0:02:27.717341454 0xe900d1b0 gstpad.c:3805:push_sticky:<queue4:src> event stream-start marked received
06-06 22:07:23.886  4906  5126 D GStreamer+queue_dataflow: 0:02:27.717362027 0xe900d1b0 gstqueue.c:1488:gst_queue_loop:<queue4> queue is empty
06-06 22:07:23.886  4906  5128 D GStreamer+GST_PADS: 0:02:27.717385099 0xe900d290 gstpad.c:5609:gst_pad_send_event_unchecked:<queue4:sink> sent event, ret ok
06-06 22:07:23.886  4906  5128 D GStreamer+GST_PADS: 0:02:27.717406714 0xe900d290 gstpad.c:3805:push_sticky:<q:audio_0> event stream-start marked received
06-06 22:07:23.886  4906  5128 D GStreamer+GST_EVENT: 0:02:27.717437912 0xe900d290 gstpad.c:5536:gst_pad_send_event_unchecked:<queue4:sink> have event type caps event: 0xe9191790, time 99:99:99.999999999, seq-num 573, GstEventCaps, caps=(GstCaps)"audio/mpeg\,\ mpegversion\=\(int\)1\,\ parsed\=\(boolean\)true\,\ rate\=\(int\)24000\,\ channels\=\(int\)1";
06-06 22:07:23.886  4906  5128 D GStreamer+GST_CAPS: 0:02:27.717491245 0xe900d290 gstutils.c:2955:gst_pad_query_accept_caps:<queue4:sink> accept caps of audio/mpeg, mpegversion=(int)1, parsed=(boolean)true, rate=(int)24000, channels=(int)1
06-06 22:07:23.886  4906  5128 D GStreamer+query: 0:02:27.717524527 0xe900d290 gstquery.c:674:gst_query_new_custom creating new query 0xe915d950 accept-caps
06-06 22:07:23.886  4906  5128 D GStreamer+GST_PADS: 0:02:27.717543172 0xe900d290 gstpad.c:3922:gst_pad_query:<queue4:sink> doing query 0xe915d950 (accept-caps)
06-06 22:07:23.887  4906  5128 D GStreamer+GST_PADS: 0:02:27.717564527 0xe900d290 gstpad.c:3059:gst_pad_query_accept_caps_default:<queue4:sink> query accept-caps accept-caps query: 0xe915d950, GstQueryAcceptCaps, caps=(GstCaps)"audio/mpeg\,\ mpegversion\=\(int\)1\,\ parsed\=\(boolean\)true\,\ rate\=\(int\)24000\,\ channels\=\(int\)1", result=(boolean)false;
06-06 22:07:23.887  4906  5128 D GStreamer+GST_PADS: 0:02:27.717605412 0xe900d290 gstutils.c:2564:gst_pad_proxy_query_accept_caps:<queue4:sink> proxying accept caps query for queue4:sink
06-06 22:07:23.887  4906  5128 D GStreamer+GST_PADS: 0:02:27.717627131 0xe900d290 gstpad.c:2827:gst_pad_iterate_internal_links_default:<queue4:sink> Making iterator
06-06 22:07:23.887  4906  5128 D GStreamer+GST_PADS: 0:02:27.717648485 0xe900d290 gstpad.c:4049:gst_pad_peer_query:<queue4:src> peer query 0xe915d950 (accept-caps)
06-06 22:07:23.887  4906  5128 D GStreamer+GST_PADS: 0:02:27.717669839 0xe900d290 gstpad.c:3922:gst_pad_query:<decodebin2:sink> doing query 0xe915d950 (accept-caps)
06-06 22:07:23.887  4906  5128 D GStreamer+GST_PADS: 0:02:27.717689527 0xe900d290 gstpad.c:3059:gst_pad_query_accept_caps_default:<decodebin2:sink> query accept-caps accept-caps query: 0xe915d950, GstQueryAcceptCaps, caps=(GstCaps)"audio/mpeg\,\ mpegversion\=\(int\)1\,\ parsed\=\(boolean\)true\,\ rate\=\(int\)24000\,\ channels\=\(int\)1", result=(boolean)false;
06-06 22:07:23.887  4906  5128 D GStreamer+GST_PADS: 0:02:27.717728433 0xe900d290 gstutils.c:2564:gst_pad_proxy_query_accept_caps:<decodebin2:sink> proxying accept caps query for decodebin2:sink
06-06 22:07:23.887  4906  5128 D GStreamer+GST_PADS: 0:02:27.717751662 0xe900d290 gstpad.c:4049:gst_pad_peer_query:<sink:proxypad5> peer query 0xe915d950 (accept-caps)
06-06 22:07:23.887  4906  5128 D GStreamer+GST_PADS: 0:02:27.717771714 0xe900d290 gstpad.c:3922:gst_pad_query:<typefind:sink> doing query 0xe915d950 (accept-caps)
06-06 22:07:23.887  4906  5128 D GStreamer+GST_PADS: 0:02:27.717790777 0xe900d290 gstpad.c:3059:gst_pad_query_accept_caps_default:<typefind:sink> query accept-caps accept-caps query: 0xe915d950, GstQueryAcceptCaps, caps=(GstCaps)"audio/mpeg\,\ mpegversion\=\(int\)1\,\ parsed\=\(boolean\)true\,\ rate\=\(int\)24000\,\ channels\=\(int\)1", result=(boolean)false;
06-06 22:07:23.887  4906  5128 D GStreamer+GST_PERFORMANCE: 0:02:27.717829162 0xe900d290 gstpad.c:3074:gst_pad_query_accept_caps_default:<typefind:sink> fallback ACCEPT_CAPS query, consider implementing a specialized version
06-06 22:07:23.887  4906  5128 D GStreamer+GST_CAPS: 0:02:27.717846870 0xe900d290 gstutils.c:2872:gst_pad_query_caps:<typefind:sink> get pad caps with filter audio/mpeg, mpegversion=(int)1, parsed=(boolean)true, rate=(int)24000, channels=(int)1
06-06 22:07:23.887  4906  5128 D GStreamer+query: 0:02:27.717877704 0xe900d290 gstquery.c:674:gst_query_new_custom creating new query 0xe915d980 caps
06-06 22:07:23.887  4906  5128 D GStreamer+GST_PADS: 0:02:27.717895672 0xe900d290 gstpad.c:3922:gst_pad_query:<typefind:sink> doing query 0xe915d980 (caps)
06-06 22:07:23.887  4906  5128 D GStreamer+GST_CAPS: 0:02:27.717916714 0xe900d290 gstpad.c:3112:gst_pad_query_caps_default:<typefind:sink> query caps caps query: 0xe915d980, GstQueryCaps, filter=(GstCaps)"audio/mpeg\,\ mpegversion\=\(int\)1\,\ parsed\=\(boolean\)true\,\ rate\=\(int\)24000\,\ channels\=\(int\)1", caps=(GstCaps)"NULL";
06-06 22:07:23.887  4906  5128 D GStreamer+GST_CAPS: 0:02:27.717955985 0xe900d290 gstpad.c:3135:gst_pad_query_caps_default:<typefind:sink> trying pad template caps
06-06 22:07:23.887  4906  5128 D GStreamer+GST_CAPS: 0:02:27.717975047 0xe900d290 gstpad.c:3159:gst_pad_query_caps_default:<typefind:sink> using caps 0xe8e15518 ANY with filter 0xe952e768 audio/mpeg, mpegversion=(int)1, parsed=(boolean)true, rate=(int)24000, channels=(int)1
06-06 22:07:23.887  4906  5128 D GStreamer+GST_CAPS: 0:02:27.718008537 0xe900d290 gstpad.c:3162:gst_pad_query_caps_default:<typefind:sink> result 0xe952e768 audio/mpeg, mpegversion=(int)1, parsed=(boolean)true, rate=(int)24000, channels=(int)1
06-06 22:07:23.887  4906  5128 D GStreamer+GST_PADS: 0:02:27.718040412 0xe900d290 gstpad.c:3367:gst_pad_query_default:<typefind:sink> not forwarding 0xe915d980 (caps) query
06-06 22:07:23.887  4906  5128 D GStreamer+GST_PADS: 0:02:27.718062027 0xe900d290 gstpad.c:3945:gst_pad_query:<typefind:sink> sent query 0xe915d980 (caps), result 1
06-06 22:07:23.887  4906  5128 D GStreamer+GST_CAPS: 0:02:27.718082599 0xe900d290 gstutils.c:2879:gst_pad_query_caps:<typefind:sink> query returned audio/mpeg, mpegversion=(int)1, parsed=(boolean)true, rate=(int)24000, channels=(int)1
06-06 22:07:23.887  4906  5128 D GStreamer+GST_PADS: 0:02:27.718114527 0xe900d290 gstpad.c:3089:gst_pad_query_accept_caps_default:<typefind:sink> allowed caps subset audio/mpeg, mpegversion=(int)1, parsed=(boolean)true, rate=(int)24000, channels=(int)1, caps audio/mpeg, mpegversion=(int)1, parsed=(boolean)true, rate=(int)24000, channels=(int)1
06-06 22:07:23.887  4906  5128 D GStreamer+GST_PADS: 0:02:27.718156349 0xe900d290 gstpad.c:3367:gst_pad_query_default:<typefind:sink> not forwarding 0xe915d950 (accept-caps) query
06-06 22:07:23.887  4906  5128 D GStreamer+GST_PADS: 0:02:27.718177652 0xe900d290 gstpad.c:3945:gst_pad_query:<typefind:sink> sent query 0xe915d950 (accept-caps), result 1
06-06 22:07:23.887  4906  5128 D GStreamer+GST_PADS: 0:02:27.718202756 0xe900d290 gstutils.c:2575:gst_pad_proxy_query_accept_caps:<decodebin2:sink> proxying accept caps query: 1
06-06 22:07:23.887  4906  5128 D GStreamer+GST_PADS: 0:02:27.718223954 0xe900d290 gstpad.c:3089:gst_pad_query_accept_caps_default:<decodebin2:sink> allowed caps subset ANY, caps audio/mpeg, mpegversion=(int)1, parsed=(boolean)true, rate=(int)24000, channels=(int)1
06-06 22:07:23.887  4906  5128 D GStreamer+GST_PADS: 0:02:27.718256610 0xe900d290 gstpad.c:3367:gst_pad_query_default:<decodebin2:sink> not forwarding 0xe915d950 (accept-caps) query
06-06 22:07:23.887  4906  5128 D GStreamer+GST_PADS: 0:02:27.718277860 0xe900d290 gstpad.c:3945:gst_pad_query:<decodebin2:sink> sent query 0xe915d950 (accept-caps), result 1
06-06 22:07:23.887  4906  5128 D GStreamer+GST_PADS: 0:02:27.718300881 0xe900d290 gstutils.c:2575:gst_pad_proxy_query_accept_caps:<queue4:sink> proxying accept caps query: 1
06-06 22:07:23.887  4906  5128 D GStreamer+GST_PADS: 0:02:27.718320829 0xe900d290 gstpad.c:3089:gst_pad_query_accept_caps_default:<queue4:sink> allowed caps subset ANY, caps audio/mpeg, mpegversion=(int)1, parsed=(boolean)true, rate=(int)24000, channels=(int)1
06-06 22:07:23.887  4906  5128 D GStreamer+GST_PADS: 0:02:27.718351870 0xe900d290 gstpad.c:3367:gst_pad_query_default:<queue4:sink> not forwarding 0xe915d950 (accept-caps) query
06-06 22:07:23.887  4906  5128 D GStreamer+GST_PADS: 0:02:27.718373172 0xe900d290 gstpad.c:3945:gst_pad_query:<queue4:sink> sent query 0xe915d950 (accept-caps), result 1
06-06 22:07:23.887  4906  5128 D GStreamer+default: 0:02:27.718393849 0xe900d290 gstutils.c:2960:gst_pad_query_accept_caps:<queue4:sink> query returned 1
06-06 22:07:23.887  4906  5126 D GStreamer+queue_dataflow: 0:02:27.718473797 0xe900d1b0 gstqueue.c:1500:gst_queue_loop:<queue4> queue is not empty
06-06 22:07:23.887  4906  5126 D GStreamer+GST_PADS: 0:02:27.718504422 0xe900d1b0 gstpad.c:5093:store_sticky_event:<queue4:src> notify caps
06-06 22:07:23.887  4906  5126 D GStreamer+GST_PADS: 0:02:27.718529995 0xe900d1b0 gstpad.c:3853:check_sticky:<queue4:src> pushing all sticky events
06-06 22:07:23.887  4906  5126 D GStreamer+GST_PADS: 0:02:27.718547599 0xe900d1b0 gstpad.c:3785:push_sticky:<queue4:src> event stream-start was already received
06-06 22:07:23.888  4906  5126 D GStreamer+GST_EVENT: 0:02:27.718568068 0xe900d1b0 gstpad.c:5536:gst_pad_send_event_unchecked:<decodebin2:sink> have event type caps event: 0xe9191790, time 99:99:99.999999999, seq-num 573, GstEventCaps, caps=(GstCaps)"audio/mpeg\,\ mpegversion\=\(int\)1\,\ parsed\=\(boolean\)true\,\ rate\=\(int\)24000\,\ channels\=\(int\)1";
06-06 22:07:23.888  4906  5126 D GStreamer+GST_CAPS: 0:02:27.718619422 0xe900d1b0 gstutils.c:2955:gst_pad_query_accept_caps:<decodebin2:sink> accept caps of audio/mpeg, mpegversion=(int)1, parsed=(boolean)true, rate=(int)24000, channels=(int)1
06-06 22:07:23.888  4906  5126 D GStreamer+query: 0:02:27.718653902 0xe900d1b0 gstquery.c:674:gst_query_new_custom creating new query 0xe92be460 accept-caps
06-06 22:07:23.888  4906  5126 D GStreamer+GST_PADS: 0:02:27.718672443 0xe900d1b0 gstpad.c:3922:gst_pad_query:<decodebin2:sink> doing query 0xe92be460 (accept-caps)
06-06 22:07:23.888  4906  5126 D GStreamer+GST_PADS: 0:02:27.718693120 0xe900d1b0 gstpad.c:3059:gst_pad_query_accept_caps_default:<decodebin2:sink> query accept-caps accept-caps query: 0xe92be460, GstQueryAcceptCaps, caps=(GstCaps)"audio/mpeg\,\ mpegversion\=\(int\)1\,\ parsed\=\(boolean\)true\,\ rate\=\(int\)24000\,\ channels\=\(int\)1", result=(boolean)false;
06-06 22:07:23.888  4906  5126 D GStreamer+GST_PADS: 0:02:27.718734683 0xe900d1b0 gstutils.c:2564:gst_pad_proxy_query_accept_caps:<decodebin2:sink> proxying accept caps query for decodebin2:sink
06-06 22:07:23.888  4906  5126 D GStreamer+GST_PADS: 0:02:27.718759058 0xe900d1b0 gstpad.c:4049:gst_pad_peer_query:<sink:proxypad5> peer query 0xe92be460 (accept-caps)
06-06 22:07:23.888  4906  5126 D GStreamer+GST_PADS: 0:02:27.718779787 0xe900d1b0 gstpad.c:3922:gst_pad_query:<typefind:sink> doing query 0xe92be460 (accept-caps)
06-06 22:07:23.888  4906  5126 D GStreamer+GST_PADS: 0:02:27.718800047 0xe900d1b0 gstpad.c:3059:gst_pad_query_accept_caps_default:<typefind:sink> query accept-caps accept-caps query: 0xe92be460, GstQueryAcceptCaps, caps=(GstCaps)"audio/mpeg\,\ mpegversion\=\(int\)1\,\ parsed\=\(boolean\)true\,\ rate\=\(int\)24000\,\ channels\=\(int\)1", result=(boolean)false;
06-06 22:07:23.888  4906  5126 D GStreamer+GST_PERFORMANCE: 0:02:27.718840516 0xe900d1b0 gstpad.c:3074:gst_pad_query_accept_caps_default:<typefind:sink> fallback ACCEPT_CAPS query, consider implementing a specialized version
06-06 22:07:23.888  4906  5126 D GStreamer+GST_CAPS: 0:02:27.718858485 0xe900d1b0 gstutils.c:2872:gst_pad_query_caps:<typefind:sink> get pad caps with filter audio/mpeg, mpegversion=(int)1, parsed=(boolean)true, rate=(int)24000, channels=(int)1
06-06 22:07:23.888  4906  5126 D GStreamer+query: 0:02:27.718889683 0xe900d1b0 gstquery.c:674:gst_query_new_custom creating new query 0xe92fd980 caps
06-06 22:07:23.888  4906  5126 D GStreamer+GST_PADS: 0:02:27.718906922 0xe900d1b0 gstpad.c:3922:gst_pad_query:<typefind:sink> doing query 0xe92fd980 (caps)
06-06 22:07:23.888  4906  5126 D GStreamer+GST_CAPS: 0:02:27.718928537 0xe900d1b0 gstpad.c:3112:gst_pad_query_caps_default:<typefind:sink> query caps caps query: 0xe92fd980, GstQueryCaps, filter=(GstCaps)"audio/mpeg\,\ mpegversion\=\(int\)1\,\ parsed\=\(boolean\)true\,\ rate\=\(int\)24000\,\ channels\=\(int\)1", caps=(GstCaps)"NULL";
06-06 22:07:23.888  4906  5126 D GStreamer+GST_CAPS: 0:02:27.718969318 0xe900d1b0 gstpad.c:3135:gst_pad_query_caps_default:<typefind:sink> trying pad template caps
06-06 22:07:23.888  4906  5126 D GStreamer+GST_CAPS: 0:02:27.718986349 0xe900d1b0 gstpad.c:3159:gst_pad_query_caps_default:<typefind:sink> using caps 0xe8e15518 ANY with filter 0xe952e768 audio/mpeg, mpegversion=(int)1, parsed=(boolean)true, rate=(int)24000, channels=(int)1
06-06 22:07:23.888  4906  5126 D GStreamer+GST_CAPS: 0:02:27.719020256 0xe900d1b0 gstpad.c:3162:gst_pad_query_caps_default:<typefind:sink> result 0xe952e768 audio/mpeg, mpegversion=(int)1, parsed=(boolean)true, rate=(int)24000, channels=(int)1
06-06 22:07:23.888  4906  5126 D GStreamer+GST_PADS: 0:02:27.719051714 0xe900d1b0 gstpad.c:3367:gst_pad_query_default:<typefind:sink> not forwarding 0xe92fd980 (caps) query
06-06 22:07:23.888  4906  5126 D GStreamer+GST_PADS: 0:02:27.719072495 0xe900d1b0 gstpad.c:3945:gst_pad_query:<typefind:sink> sent query 0xe92fd980 (caps), result 1
06-06 22:07:23.888  4906  5126 D GStreamer+GST_CAPS: 0:02:27.719093068 0xe900d1b0 gstutils.c:2879:gst_pad_query_caps:<typefind:sink> query returned audio/mpeg, mpegversion=(int)1, parsed=(boolean)true, rate=(int)24000, channels=(int)1
06-06 22:07:23.900  4906  5116 D GStreamer+GST_BUS: 0:02:27.731539162 0xe93d1d00 gstbus.c:794:gst_bus_source_dispatch:<bus9> source 0xe95618d8 handler returns 1
06-06 22:07:23.915  4906  5126 D GStreamer+decodebin: 0:02:27.746380047 0xe900d1b0 gstdecodebin2.c:1490:copy_sticky_events:<'':decodepad2> store sticky event caps event: 0xe9576880, time 99:99:99.999999999, seq-num 635, GstEventCaps, caps=(GstCaps)"audio/mpeg\,\ mpegversion\=\(int\)1\,\ mpegaudioversion\=\(int\)2\,\ layer\=\(int\)3\,\ rate\=\(int\)24000\,\ channels\=\(int\)1\,\ parsed\=\(boolean\)true";
06-06 22:07:23.915  4906  5126 D GStreamer+GST_PADS: 0:02:27.746471506 0xe900d1b0 gstpad.c:5093:store_sticky_event:<'':decodepad2> notify caps
06-06 22:07:23.915  4906  5126 D GStreamer+decodebin: 0:02:27.746509370 0xe900d1b0 gstdecodebin2.c:1385:gst_decode_bin_autoplug_continue:<decodebin2> autoplug-continue returns TRUE
06-06 22:07:23.916  4906  5126 D GStreamer+GST_CAPS: 0:02:27.746544162 0xe900d1b0 gstpad.c:2672:gst_pad_get_current_caps:<mpegaudioparse0:src> get current pad caps audio/mpeg, mpegversion=(int)1, mpegaudioversion=(int)2, layer=(int)3, rate=(int)24000, channels=(int)1, parsed=(boolean)true
06-06 22:07:23.916  4906  5126 D GStreamer+decodebin: 0:02:27.746598224 0xe900d1b0 gstdecodebin2.c:1399:gst_decode_bin_autoplug_factories:<decodebin2> finding factories
06-06 22:07:23.916  4906  5126 D GStreamer+GST_ELEMENT_FACTORY: 0:02:27.746623849 0xe900d1b0 gstelementfactory.c:840:gst_element_factory_list_filter finding factories
06-06 22:07:23.916  4906  5126 D GStreamer+GST_ELEMENT_FACTORY: 0:02:27.746644527 0xe900d1b0 gstelementfactory.c:851:gst_element_factory_list_filter Trying mpegaudioparse
06-06 22:07:23.916  4906  5126 D GStreamer+GST_ELEMENT_FACTORY: 0:02:27.746668849 0xe900d1b0 gstelementfactory.c:851:gst_element_factory_list_filter Trying aacparse
06-06 22:07:23.916  4906  5127 D GStreamer+capsfilter: 0:02:27.746566818 0xe900d230 gstcapsfilter.c:296:gst_capsfilter_transform_caps:<capsfilter1> input:     video/x-h264, width=(int)[ 16, 4096 ], height=(int)[ 16, 4096 ], framerate=(fraction)[ 0/1, 2147483647/1 ], parsed=(boolean)true, stream-format=(string)byte-stream, alignment=(string)au, profile=(string)high; video/x-h264, width=(int)[ 16, 4096 ], height=(int)[ 16, 4096 ], framerate=(fraction)[ 0/1, 2147483647/1 ], parsed=(boolean)true, stream-format=(string)byte-stream, alignment=(string)au, profile=(string)main; video/x-h264, width=(int)[ 16, 4096 ], height=(int)[ 16, 4096 ], framerate=(fraction)[ 0/1, 2147483647/1 ], parsed=(boolean)true, stream-format=(string)byte-stream, alignment=(string)au, profile=(string)baseline; video/x-h264, width=(int)[ 16, 4096 ], height=(int)[ 16, 4096 ], framerate=(fraction)[ 0/1, 2147483647/1 ], parsed=(boolean)true, stream-format=(string)byte-stream, alignment=(string)au, profile=(string)constrained-baseline; video/x-h264, stream-format=(string)byte-stream, alignment=(str
06-06 22:07:23.916  4906  5126 D GStreamer+GST_ELEMENT_FACTORY: 0:02:27.746698797 0xe900d1b0 gstelementfactory.c:851:gst_element_factory_list_filter Trying ac3parse
06-06 22:07:23.916  4906  5127 D GStreamer+capsfilter: 0:02:27.746706141 0xe900d230 gstcapsfilter.c:297:gst_capsfilter_transform_caps:<capsfilter1> filter:    video/x-h264, parsed=(boolean)true, stream-format=(string){ avc, avc3, byte-stream }, alignment=(string){ au, nal }
06-06 22:07:23.916  4906  5126 D GStreamer+GST_ELEMENT_FACTORY: 0:02:27.746722287 0xe900d1b0 gstelementfactory.c:851:gst_element_factory_list_filter Trying amrparse
06-06 22:07:23.916  4906  5126 D GStreamer+GST_ELEMENT_FACTORY: 0:02:27.746744266 0xe900d1b0 gstelementfactory.c:851:gst_element_factory_list_filter Trying dcaparse
06-06 22:07:23.916  4906  5126 D GStreamer+GST_ELEMENT_FACTORY: 0:02:27.746766454 0xe900d1b0 gstelementfactory.c:851:gst_element_factory_list_filter Trying flacparse
06-06 22:07:23.916  4906  5126 D GStreamer+GST_ELEMENT_FACTORY: 0:02:27.746788902 0xe900d1b0 gstelementfactory.c:851:gst_element_factory_list_filter Trying h263parse
06-06 22:07:23.916  4906  5126 D GStreamer+GST_ELEMENT_FACTORY: 0:02:27.746809266 0xe900d1b0 gstelementfactory.c:851:gst_element_factory_list_filter Trying h264parse
06-06 22:07:23.916  4906  5126 D GStreamer+GST_ELEMENT_FACTORY: 0:02:27.746830985 0xe900d1b0 gstelementfactory.c:851:gst_element_factory_list_filter Trying mpeg4videoparse
06-06 22:07:23.916  4906  5127 D GStreamer+capsfilter: 0:02:27.746741089 0xe900d230 gstcapsfilter.c:299:gst_capsfilter_transform_caps:<capsfilter1> caps filter:    video/x-h264, parsed=(boolean)true, stream-format=(string)byte-stream, alignment=(string)au, width=(int)[ 16, 4096 ], height=(int)[ 16, 4096 ], framerate=(fraction)[ 0/1, 2147483647/1 ], profile=(string)high; video/x-h264, parsed=(boolean)true, stream-format=(string)byte-stream, alignment=(string)au, width=(int)[ 16, 4096 ], height=(int)[ 16, 4096 ], framerate=(fraction)[ 0/1, 2147483647/1 ], profile=(string)main; video/x-h264, parsed=(boolean)true, stream-format=(string)byte-stream, alignment=(string)au, width=(int)[ 16, 4096 ], height=(int)[ 16, 4096 ], framerate=(fraction)[ 0/1, 2147483647/1 ], profile=(string)baseline; video/x-h264, parsed=(boolean)true, stream-format=(string)byte-stream, alignment=(string)au, width=(int)[ 16, 4096 ], height=(int)[ 16, 4096 ], framerate=(fraction)[ 0/1, 2147483647/1 ], profile=(string)constrained-baseline; video/x-h264, parsed=(boolean)true, stream-format=(string)
06-06 22:07:23.916  4906  5126 D GStreamer+GST_ELEMENT_FACTORY: 0:02:27.746855724 0xe900d1b0 gstelementfactory.c:851:gst_element_factory_list_filter Trying mpegvideoparse
06-06 22:07:23.916  4906  5126 D GStreamer+GST_ELEMENT_FACTORY: 0:02:27.746873485 0xe900d1b0 gstelementfactory.c:851:gst_element_factory_list_filter Trying sbcparse
06-06 22:07:23.916  4906  5126 D GStreamer+GST_ELEMENT_FACTORY: 0:02:27.746896245 0xe900d1b0 gstelementfactory.c:851:gst_element_factory_list_filter Trying wavpackparse
06-06 22:07:23.916  4906  5126 D GStreamer+GST_ELEMENT_FACTORY: 0:02:27.746919370 0xe900d1b0 gstelementfactory.c:851:gst_element_factory_list_filter Trying avisubtitle
06-06 22:07:23.916  4906  5126 D GStreamer+GST_ELEMENT_FACTORY: 0:02:27.746942027 0xe900d1b0 gstelementfactory.c:851:gst_element_factory_list_filter Trying oggaviparse
06-06 22:07:23.916  4906  5126 D GStreamer+GST_ELEMENT_FACTORY: 0:02:27.746965933 0xe900d1b0 gstelementfactory.c:851:gst_element_factory_list_filter Trying pngparse
06-06 22:07:23.916  4906  5127 D GStreamer+capsfilter: 0:02:27.746868902 0xe900d230 gstcapsfilter.c:300:gst_capsfilter_transform_caps:<capsfilter1> intersect: video/x-h264, parsed=(boolean)true, stream-format=(string)byte-stream, alignment=(string)au, width=(int)[ 16, 4096 ], height=(int)[ 16, 4096 ], framerate=(fraction)[ 0/1, 2147483647/1 ], profile=(string)high; video/x-h264, parsed=(boolean)true, stream-format=(string)byte-stream, alignment=(string)au, width=(int)[ 16, 4096 ], height=(int)[ 16, 4096 ], framerate=(fraction)[ 0/1, 2147483647/1 ], profile=(string)main; video/x-h264, parsed=(boolean)true, stream-format=(string)byte-stream, alignment=(string)au, width=(int)[ 16, 4096 ], height=(int)[ 16, 4096 ], framerate=(fraction)[ 0/1, 2147483647/1 ], profile=(string)baseline; video/x-h264, parsed=(boolean)true, stream-format=(string)byte-stream, alignment=(string)au, width=(int)[ 16, 4096 ], height=(int)[ 16, 4096 ], framerate=(fraction)[ 0/1, 2147483647/1 ], profile=(string)constrained-baseline; video/x-h264, parsed=(boolean)true, stream-format=(string)byte-
06-06 22:07:23.916  4906  5126 D GStreamer+GST_ELEMENT_FACTORY: 0:02:27.746988381 0xe900d1b0 gstelementfactory.c:851:gst_element_factory_list_filter Trying ssaparse
06-06 22:07:23.916  4906  5126 D GStreamer+GST_ELEMENT_FACTORY: 0:02:27.747006558 0xe900d1b0 gstelementfactory.c:851:gst_element_factory_list_filter Trying subparse
06-06 22:07:23.916  4906  5126 D GStreamer+GST_ELEMENT_FACTORY: 0:02:27.747029162 0xe900d1b0 gstelementfactory.c:851:gst_element_factory_list_filter Trying h265parse
06-06 22:07:23.916  4906  5126 D GStreamer+GST_ELEMENT_FACTORY: 0:02:27.747052391 0xe900d1b0 gstelementfactory.c:851:gst_element_factory_list_filter Trying adpcmdec
06-06 22:07:23.916  4906  5126 D GStreamer+GST_ELEMENT_FACTORY: 0:02:27.747079110 0xe900d1b0 gstelementfactory.c:851:gst_element_factory_list_filter Trying alawdec
