06-06 22:07:27.138  4906  5116 D GStreamer+bin: 0:02:30.969224890 0xe93d1d00 gstbin.c:986:bin_remove_messages:<autoaudiosink0-actual-sink-opensles> deleting message 0xe9567e78 of types 0xffffffff
06-06 22:07:27.138  4906  5116 D GStreamer+bin: 0:02:30.969253952 0xe93d1d00 gstbin.c:2637:gst_bin_src_pads_activate:<autoaudiosink0> deactivate pads
06-06 22:07:27.138  4906  5140 D GStreamer+GST_EVENT: 0:02:30.969264161 0xe9646860 gstevent.c:302:gst_event_new_custom creating new event 0xe93c8618 segment 17934
06-06 22:07:27.138  4906  5116 D GStreamer+bin: 0:02:30.969275932 0xe93d1d00 gstbin.c:2645:gst_bin_src_pads_activate:<autoaudiosink0> pad deactivation successful
06-06 22:07:27.138  4906  5140 D GStreamer+GST_PADS: 0:02:30.969289369 0xe9646860 gstpad.c:3853:check_sticky:<q:video_0> pushing all sticky events
06-06 22:07:27.138  4906  5116 D GStreamer+bin: 0:02:30.969297546 0xe93d1d00 gstbin.c:2323:gst_bin_sort_iterator_resync:<autoaudiosink0> resync
06-06 22:07:27.138  4906  5140 D GStreamer+GST_PADS: 0:02:30.969307182 0xe9646860 gstpad.c:3785:push_sticky:<q:video_0> event stream-start was already received
06-06 22:07:27.138  4906  5116 D GStreamer+bin: 0:02:30.969316192 0xe93d1d00 gstbin.c:2109:add_to_queue:<autoaudiosink0> adding 'autoaudiosink0-actual-sink-opensles' to queue
06-06 22:07:27.138  4906  5140 D GStreamer+GST_PADS: 0:02:30.969325984 0xe9646860 gstpad.c:3785:push_sticky:<q:video_0> event caps was already received
06-06 22:07:27.138  4906  5116 D GStreamer+bin: 0:02:30.969337338 0xe93d1d00 gstbin.c:911:find_message:<autoaudiosink0> no message found matching types 00001000
06-06 22:07:27.138  4906  5116 D GStreamer+bin: 0:02:30.969356296 0xe93d1d00 gstbin.c:918:find_message:<autoaudiosink0>   structure-change
06-06 22:07:27.138  4906  5140 D GStreamer+GST_PADS: 0:02:30.969344838 0xe9646860 gstpad.c:5306:gst_pad_push_event_unchecked:<q:video_0> Dropping event segment because pad is not linked
06-06 22:07:27.138  4906  5116 D GStreamer+bin: 0:02:30.969376609 0xe93d1d00 gstbin.c:2249:update_degree:<autoaudiosink0> element autoaudiosink0-actual-sink-opensles not linked on any sinkpads
06-06 22:07:27.138  4906  5140 D GStreamer+GST_PADS: 0:02:30.969381817 0xe9646860 gstpad.c:3824:push_sticky:<q:video_0> pad was not linked, mark pending
06-06 22:07:27.138  4906  5116 D GStreamer+bin: 0:02:30.969401765 0xe93d1d00 gstbin.c:2310:gst_bin_sort_iterator_next:<autoaudiosink0> queue head gives autoaudiosink0-actual-sink-opensles
06-06 22:07:27.138  4906  5140 D GStreamer+qtdemux: 0:02:30.969402442 0xe9646860 qtdemux.c:940:gst_qtdemux_push_tags:<q> Checking pad q:video_0 for tags
06-06 22:07:27.138  4906  5116 D GStreamer+bin: 0:02:30.969438900 0xe93d1d00 gstbin.c:911:find_message:<autoaudiosink0> no message found matching types 00001000
06-06 22:07:27.138  4906  5116 D GStreamer+bin: 0:02:30.969457702 0xe93d1d00 gstbin.c:918:find_message:<autoaudiosink0>   structure-change
06-06 22:07:27.138  4906  5140 D GStreamer+qtdemux: 0:02:30.969448223 0xe9646860 qtdemux.c:944:gst_qtdemux_push_tags:<q> Sending tags taglist, video-codec=(string)"H.264\ /\ AVC", bitrate=(uint)16613441, language-code=(string)en;
06-06 22:07:27.138  4906  5116 D GStreamer+bin: 0:02:30.969480202 0xe93d1d00 gstbin.c:2249:update_degree:<autoaudiosink0> element autoaudiosink0-actual-sink-opensles not linked on any sinkpads
06-06 22:07:27.138  4906  5140 D GStreamer+GST_EVENT: 0:02:30.969490827 0xe9646860 gstevent.c:302:gst_event_new_custom creating new event 0xe93c84f8 tag 20510
06-06 22:07:27.138  4906  5116 I GStreamer+GST_STATES: 0:02:30.969502859 0xe93d1d00 gstbin.c:2444:gst_bin_element_set_state:<autoaudiosink0-actual-sink-opensles> current READY pending PAUSED, desired next READY
06-06 22:07:27.138  4906  5140 D GStreamer+GST_PADS: 0:02:30.969516036 0xe9646860 gstpad.c:3853:check_sticky:<q:video_0> pushing all sticky events
06-06 22:07:27.138  4906  5116 D GStreamer+bin: 0:02:30.969525254 0xe93d1d00 gstbin.c:911:find_message:<autoaudiosink0> no message found matching types 00100000
06-06 22:07:27.138  4906  5116 D GStreamer+bin: 0:02:30.969543952 0xe93d1d00 gstbin.c:918:find_message:<autoaudiosink0>   async-start
06-06 22:07:27.138  4906  5140 D GStreamer+GST_PADS: 0:02:30.969549421 0xe9646860 gstpad.c:3785:push_sticky:<q:video_0> event stream-start was already received
06-06 22:07:27.139  4906  5116 D GStreamer+bin: 0:02:30.969567442 0xe93d1d00 gstbin.c:2539:gst_bin_element_set_state:<autoaudiosink0> setting element autoaudiosink0-actual-sink-opensles to READY, base_time 0:00:00.000000000
06-06 22:07:27.139  4906  5140 D GStreamer+GST_PADS: 0:02:30.969575411 0xe9646860 gstpad.c:3785:push_sticky:<q:video_0> event caps was already received
06-06 22:07:27.139  4906  5140 D GStreamer+GST_PADS: 0:02:30.969598432 0xe9646860 gstpad.c:3785:push_sticky:<q:video_0> event segment was already received
06-06 22:07:27.139  4906  5116 D GStreamer+GST_STATES: 0:02:30.969599004 0xe93d1d00 gstelement.c:2525:gst_element_set_state_func:<autoaudiosink0-actual-sink-opensles> set_state to READY
06-06 22:07:27.139  4906  5116 D GStreamer+GST_STATES: 0:02:30.969624369 0xe93d1d00 gstelement.c:2550:gst_element_set_state_func:<autoaudiosink0-actual-sink-opensles> setting target state to READY
06-06 22:07:27.139  4906  5140 D GStreamer+GST_PADS: 0:02:30.969623952 0xe9646860 gstpad.c:5306:gst_pad_push_event_unchecked:<q:video_0> Dropping event tag because pad is not linked
06-06 22:07:27.139  4906  5116 D GStreamer+GST_STATES: 0:02:30.969647286 0xe93d1d00 gstelement.c:2563:gst_element_set_state_func:<autoaudiosink0-actual-sink-opensles> current READY, old_pending PAUSED, next PAUSED, old return ASYNC
06-06 22:07:27.139  4906  5140 D GStreamer+GST_PADS: 0:02:30.969664265 0xe9646860 gstpad.c:3824:push_sticky:<q:video_0> pad was not linked, mark pending
06-06 22:07:27.139  4906  5116 D GStreamer+GST_STATES: 0:02:30.969669421 0xe93d1d00 gstelement.c:2597:gst_element_set_state_func:<autoaudiosink0-actual-sink-opensles> final: setting state from PAUSED to READY
06-06 22:07:27.139  4906  5140 D GStreamer+qtdemux: 0:02:30.969685150 0xe9646860 qtdemux.c:952:gst_qtdemux_push_tags:<q> Sending global tags taglist, datetime=(datetime)2016-05-10T02:46:01Z, container-format=(string)"ISO\ MP4/M4A";
06-06 22:07:27.139  4906  5116 D GStreamer+GST_BUS: 0:02:30.969701296 0xe93d1d00 gstbus.c:309:gst_bus_post:<bus7> [msg 0xe92f7b70] posting on bus clock-lost message: 0xe92f7b70, time 99:99:99.999999999, seq-num 836, element 'autoaudiosink0-actual-sink-opensles', GstMessageClockLost, clock=(GstClock)"\(GstAudioClock\)\ GstAudioSinkClock";
06-06 22:07:27.139  4906  5140 D GStreamer+GST_EVENT: 0:02:30.969731192 0xe9646860 gstevent.c:302:gst_event_new_custom creating new event 0xe93c84b0 tag 20510
06-06 22:07:27.139  4906  5116 D GStreamer+bin: 0:02:30.969767129 0xe93d1d00 gstbin.c:3654:gst_bin_handle_message_func:<autoaudiosink0> [msg 0xe92f7b70] handling child autoaudiosink0-actual-sink-opensles message of type clock-lost
06-06 22:07:27.139  4906  5140 D GStreamer+GST_PADS: 0:02:30.969777390 0xe9646860 gstpad.c:3853:check_sticky:<q:video_0> pushing all sticky events
06-06 22:07:27.139  4906  5116 D GStreamer+bin: 0:02:30.969789265 0xe93d1d00 gstbin.c:3811:gst_bin_handle_message_func:<autoaudiosink0> provided 0, playing 0, forward 0
06-06 22:07:27.139  4906  5140 D GStreamer+GST_PADS: 0:02:30.969797025 0xe9646860 gstpad.c:3785:push_sticky:<q:video_0> event stream-start was already received
06-06 22:07:27.139  4906  5116 D GStreamer+GST_BUS: 0:02:30.969818119 0xe93d1d00 gstbus.c:344:gst_bus_post:<bus7> [msg 0xe92f7b70] dropped
06-06 22:07:27.139  4906  5140 D GStreamer+GST_PADS: 0:02:30.969820254 0xe9646860 gstpad.c:3785:push_sticky:<q:video_0> event caps was already received
06-06 22:07:27.139  4906  5116 D GStreamer+ringbuffer: 0:02:30.969844421 0xe93d1d00 gstaudioringbuffer.c:991:gst_audio_ring_buffer_pause_unlocked:<openslesringbuffer1> pausing ringbuffer
06-06 22:07:27.139  4906  5140 D GStreamer+GST_PADS: 0:02:30.969844473 0xe9646860 gstpad.c:3785:push_sticky:<q:video_0> event segment was already received
06-06 22:07:27.139  4906  5116 D GStreamer+ringbuffer: 0:02:30.969866557 0xe93d1d00 gstaudioringbuffer.c:1020:gst_audio_ring_buffer_pause_unlocked:<openslesringbuffer1> was not started
06-06 22:07:27.139  4906  5140 D GStreamer+GST_PADS: 0:02:30.969882702 0xe9646860 gstpad.c:3785:push_sticky:<q:video_0> event tag was already received
06-06 22:07:27.139  4906  5116 D GStreamer+GST_ELEMENT_PADS: 0:02:30.969884942 0xe93d1d00 gstelement.c:2795:gst_element_pads_activate:<autoaudiosink0-actual-sink-opensles> deactivate pads
06-06 22:07:27.139  4906  5140 D GStreamer+GST_PADS: 0:02:30.969905411 0xe9646860 gstpad.c:5306:gst_pad_push_event_unchecked:<q:video_0> Dropping event tag because pad is not linked
06-06 22:07:27.139  4906  5116 D GStreamer+GST_PADS: 0:02:30.969913432 0xe93d1d00 gstpad.c:1078:gst_pad_set_active:<autoaudiosink0-actual-sink-opensles:sink> deactivating pad from push mode
06-06 22:07:27.139  4906  5140 D GStreamer+GST_PADS: 0:02:30.969925150 0xe9646860 gstpad.c:3824:push_sticky:<q:video_0> pad was not linked, mark pending
06-06 22:07:27.139  4906  5116 D GStreamer+GST_PADS: 0:02:30.969934786 0xe93d1d00 gstpad.c:967:pre_activate:<autoaudiosink0-actual-sink-opensles:sink> setting PAD_MODE NONE, set flushing
06-06 22:07:27.139  4906  5140 D GStreamer+qtdemux: 0:02:30.969942807 0xe9646860 qtdemux.c:4644:gst_qtdemux_activate_segment:<q:video_0> No need to look for keyframe, this is an empty segment
06-06 22:07:27.139  4906  5116 D GStreamer+basesink: 0:02:30.969954682 0xe93d1d00 gstbasesink.c:4143:gst_base_sink_set_flushing:<autoaudiosink0-actual-sink-opensles> flushing out data thread, need preroll to TRUE
06-06 22:07:27.139  4906  5116 D GStreamer+GST_PADS: 0:02:30.969976713 0xe93d1d00 gstpad.c:1015:post_activate:<autoaudiosink0-actual-sink-opensles:sink> stopped streaming
06-06 22:07:27.139  4906  5140 D GStreamer+qtdemux: 0:02:30.969961609 0xe9646860 qtdemux.c:5512:gst_qtdemux_loop_state_movie:<q> pushing from stream 0, empty 1 offset 0, size 0, dts=0:00:00.000000000, pts=0:00:00.000000000, duration 0:00:00.311000000
06-06 22:07:27.139  4906  5116 D GStreamer+GST_PADS: 0:02:30.969997494 0xe93d1d00 gstpad.c:1188:activate_mode_internal:<autoaudiosink0-actual-sink-opensles:sink> deactivated in push mode
06-06 22:07:27.139  4906  5116 D GStreamer+GST_ELEMENT_PADS: 0:02:30.970021609 0xe93d1d00 gstelement.c:2814:gst_element_pads_activate:<autoaudiosink0-actual-sink-opensles> pad deactivation successful
06-06 22:07:27.139  4906  5140 D GStreamer+GST_EVENT: 0:02:30.970021192 0xe9646860 gstevent.c:302:gst_event_new_custom creating new event 0xe93c8468 gap 40966
06-06 22:07:27.139  4906  5116 D GStreamer+basesink: 0:02:30.970050046 0xe93d1d00 gstbasesink.c:5204:gst_base_sink_change_state:<autoaudiosink0-actual-sink-opensles> PAUSED to READY, posting async-done
06-06 22:07:27.139  4906  5140 D GStreamer+GST_PADS: 0:02:30.970050254 0xe9646860 gstpad.c:3853:check_sticky:<q:video_0> pushing all sticky events
06-06 22:07:27.139  4906  5140 D GStreamer+GST_PADS: 0:02:30.970072129 0xe9646860 gstpad.c:3785:push_sticky:<q:video_0> event stream-start was already received
06-06 22:07:27.139  4906  5116 D GStreamer+GST_BUS: 0:02:30.970075932 0xe93d1d00 gstbus.c:309:gst_bus_post:<bus7> [msg 0xe92f7f20] posting on bus state-changed message: 0xe92f7f20, time 99:99:99.999999999, seq-num 839, element 'autoaudiosink0-actual-sink-opensles', GstMessageStateChanged, old-state=(GstState)GST_STATE_PLAYING, new-state=(GstState)GST_STATE_PAUSED, pending-state=(GstState)GST_STATE_READY;
06-06 22:07:27.139  4906  5140 D GStreamer+GST_PADS: 0:02:30.970110046 0xe9646860 gstpad.c:3785:push_sticky:<q:video_0> event caps was already received
06-06 22:07:27.139  4906  5140 D GStreamer+GST_PADS: 0:02:30.970134994 0xe9646860 gstpad.c:3785:push_sticky:<q:video_0> event segment was already received
06-06 22:07:27.139  4906  5116 D GStreamer+bin: 0:02:30.970132390 0xe93d1d00 gstbin.c:3654:gst_bin_handle_message_func:<autoaudiosink0> [msg 0xe92f7f20] handling child autoaudiosink0-actual-sink-opensles message of type state-changed
06-06 22:07:27.139  4906  5140 D GStreamer+GST_PADS: 0:02:30.970159577 0xe9646860 gstpad.c:3785:push_sticky:<q:video_0> event tag was already received
06-06 22:07:27.139  4906  5116 D GStreamer+bin: 0:02:30.970162963 0xe93d1d00 gstbin.c:3991:gst_bin_handle_message_func:<autoaudiosink0> posting message upward
06-06 22:07:27.139  4906  5140 D GStreamer+GST_PADS: 0:02:30.970180463 0xe9646860 gstpad.c:3785:push_sticky:<q:video_0> event tag was already received
06-06 22:07:27.139  4906  5140 D GStreamer+GST_PADS: 0:02:30.970220619 0xe9646860 gstpad.c:5306:gst_pad_push_event_unchecked:<q:video_0> Dropping event gap because pad is not linked
06-06 22:07:27.139  4906  5116 D GStreamer+GST_BUS: 0:02:30.970184838 0xe93d1d00 gstbus.c:309:gst_bus_post:<bus8> [msg 0xe92f7f20] posting on bus state-changed message: 0xe92f7f20, time 99:99:99.999999999, seq-num 839, element 'autoaudiosink0-actual-sink-opensles', GstMessageStateChanged, old-state=(GstState)GST_STATE_PLAYING, new-state=(GstState)GST_STATE_PAUSED, pending-state=(GstState)GST_STATE_READY;
06-06 22:07:27.139  4906  5140 D GStreamer+qtdemux: 0:02:30.970247598 0xe9646860 qtdemux.c:4810:gst_qtdemux_advance_sample:<q> Empty segment, no samples to advance
06-06 22:07:27.139  4906  5116 D GStreamer+bin: 0:02:30.970257702 0xe93d1d00 gstbin.c:3654:gst_bin_handle_message_func:<pipeline1> [msg 0xe92f7f20] handling child autoaudiosink0-actual-sink-opensles message of type state-changed
06-06 22:07:27.139  4906  5140 D GStreamer+qtdemux: 0:02:30.970265723 0xe9646860 qtdemux.c:4859:gst_qtdemux_advance_sample:<q> segment 0 ended 
06-06 22:07:27.139  4906  5116 D GStreamer+bin: 0:02:30.970282182 0xe93d1d00 gstbin.c:3991:gst_bin_handle_message_func:<pipeline1> posting message upward
06-06 22:07:27.139  4906  5140 D GStreamer+qtdemux: 0:02:30.970291609 0xe9646860 qtdemux.c:4542:gst_qtdemux_stream_update_segment:<q:audio_0> new segment 0 from 0:00:00.000000000 to 0:00:07.176000000, time 0:00:00.000000000
06-06 22:07:27.139  4906  5116 D GStreamer+GST_BUS: 0:02:30.970320619 0xe93d1d00 gstbus.c:309:gst_bus_post:<bus9> [msg 0xe92f7f20] posting on bus state-changed message: 0xe92f7f20, time 99:99:99.999999999, seq-num 839, element 'autoaudiosink0-actual-sink-opensles', GstMessageStateChanged, old-state=(GstState)GST_STATE_PLAYING, new-state=(GstState)GST_STATE_PAUSED, pending-state=(GstState)GST_STATE_READY;
06-06 22:07:27.139  4906  5116 D GStreamer+GST_BUS: 0:02:30.970381504 0xe93d1d00 gstbus.c:348:gst_bus_post:<bus9> [msg 0xe92f7f20] pushing on async queue
06-06 22:07:27.139  4906  5140 D GStreamer+qtdemux: 0:02:30.970341973 0xe9646860 qtdemux.c:4563:gst_qtdemux_stream_update_segment:<q:audio_0> New segment: time segment start=0:00:00.000000000, offset=0:00:00.000000000, stop=0:00:07.176000000, rate=1.000000, applied_rate=1.000000, flags=0x00, time=0:00:00.000000000, base=0:00:00.000000000, position 0:00:00.000000000, duration 99:99:99.999999999
06-06 22:07:27.139  4906  5116 D GStreamer+GST_BUS: 0:02:30.970409057 0xe93d1d00 gstbus.c:351:gst_bus_post:<bus9> [msg 0xe92f7f20] pushed on async queue
06-06 22:07:27.139  4906  5116 D GStreamer+GST_BUS: 0:02:30.970438536 0xe93d1d00 gstbus.c:344:gst_bus_post:<bus8> [msg 0xe92f7f20] dropped
06-06 22:07:27.139  4906  5116 D GStreamer+GST_BUS: 0:02:30.970461661 0xe93d1d00 gstbus.c:344:gst_bus_post:<bus7> [msg 0xe92f7f20] dropped
06-06 22:07:27.139  4906  5140 I GStreamer+GST_EVENT: 0:02:30.970431088 0xe9646860 gstevent.c:760:gst_event_new_segment creating segment event time segment start=0:00:00.000000000, offset=0:00:00.000000000, stop=0:00:07.176000000, rate=1.000000, applied_rate=1.000000, flags=0x00, time=0:00:00.000000000, base=0:00:00.000000000, position 0:00:00.000000000, duration 99:99:99.999999999
06-06 22:07:27.139  4906  5140 D GStreamer+GST_EVENT: 0:02:30.970493952 0xe9646860 gstevent.c:302:gst_event_new_custom creating new event 0xe93c8420 segment 17934
06-06 22:07:27.139  4906  5116 D GStreamer+GST_BUS: 0:02:30.970484682 0xe93d1d00 gstbus.c:309:gst_bus_post:<bus7> [msg 0xe9567c68] posting on bus async-done message: 0xe9567c68, time 99:99:99.999999999, seq-num 840, element 'autoaudiosink0-actual-sink-opensles', GstMessageAsyncDone, running-time=(guint64)18446744073709551615;
06-06 22:07:27.139  4906  5140 D GStreamer+GST_PADS: 0:02:30.970515932 0xe9646860 gstpad.c:3853:check_sticky:<q:audio_0> pushing all sticky events
06-06 22:07:27.139  4906  5116 D GStreamer+bin: 0:02:30.970541817 0xe93d1d00 gstbin.c:3654:gst_bin_handle_message_func:<autoaudiosink0> [msg 0xe9567c68] handling child autoaudiosink0-actual-sink-opensles message of type async-done
06-06 22:07:27.139  4906  5140 D GStreamer+GST_PADS: 0:02:30.970553900 0xe9646860 gstpad.c:3785:push_sticky:<q:audio_0> event stream-start was already received
06-06 22:07:27.139  4906  5116 D GStreamer+bin: 0:02:30.970564838 0xe93d1d00 gstbin.c:3875:gst_bin_handle_message_func:<autoaudiosink0> ASYNC_DONE message 0xe9567c68, autoaudiosink0-actual-sink-opensles
06-06 22:07:27.140  4906  5140 D GStreamer+GST_PADS: 0:02:30.970574734 0xe9646860 gstpad.c:3785:push_sticky:<q:audio_0> event caps was already received
06-06 22:07:27.140  4906  5116 D GStreamer+bin: 0:02:30.970588588 0xe93d1d00 gstbin.c:3910:gst_bin_handle_message_func:<autoaudiosink0> ignoring message, target READY
06-06 22:07:27.140  4906  5140 D GStreamer+GST_PADS: 0:02:30.970595098 0xe9646860 gstpad.c:5306:gst_pad_push_event_unchecked:<q:audio_0> Dropping event segment because pad is not linked
06-06 22:07:27.140  4906  5140 D GStreamer+GST_PADS: 0:02:30.970616192 0xe9646860 gstpad.c:3824:push_sticky:<q:audio_0> pad was not linked, mark pending
06-06 22:07:27.140  4906  5116 D GStreamer+GST_BUS: 0:02:30.970615150 0xe93d1d00 gstbus.c:344:gst_bus_post:<bus7> [msg 0xe9567c68] dropped
06-06 22:07:27.140  4906  5116 D GStreamer+ringbuffer: 0:02:30.970639161 0xe93d1d00 gstaudioringbuffer.c:771:gst_audio_ring_buffer_activate:<openslesringbuffer1> activate device
06-06 22:07:27.140  4906  5140 D GStreamer+qtdemux: 0:02:30.970650463 0xe9646860 qtdemux.c:940:gst_qtdemux_push_tags:<q> Checking pad q:audio_0 for tags
06-06 22:07:27.140  4906  5116 D GStreamer+ringbuffer: 0:02:30.970658432 0xe93d1d00 gstaudioringbuffer.c:809:gst_audio_ring_buffer_activate:<openslesringbuffer1> device was active in mode 0
06-06 22:07:27.140  4906  5116 D GStreamer+ringbuffer: 0:02:30.970680411 0xe93d1d00 gstaudioringbuffer.c:667:gst_audio_ring_buffer_release:<openslesringbuffer1> releasing device
06-06 22:07:27.140  4906  5140 D GStreamer+qtdemux: 0:02:30.970677598 0xe9646860 qtdemux.c:944:gst_qtdemux_push_tags:<q> Sending tags taglist, audio-codec=(string)"MPEG-1\ audio", maximum-bitrate=(uint)48000, bitrate=(uint)48000, language-code=(string)en;
06-06 22:07:27.140  4906  5116 D GStreamer+ringbuffer: 0:02:30.970702077 0xe93d1d00 gstaudioringbuffer.c:1087:gst_audio_ring_buffer_stop:<openslesringbuffer1> stopping
06-06 22:07:27.140  4906  5116 D GStreamer+ringbuffer: 0:02:30.970720359 0xe93d1d00 gstaudioringbuffer.c:1096:gst_audio_ring_buffer_stop:<openslesringbuffer1> was not started, try paused
06-06 22:07:27.140  4906  5140 D GStreamer+GST_EVENT: 0:02:30.970721140 0xe9646860 gstevent.c:302:gst_event_new_custom creating new event 0xe93d4760 tag 20510
06-06 22:07:27.140  4906  5116 D GStreamer+ringbuffer: 0:02:30.970740827 0xe93d1d00 gstaudioringbuffer.c:1104:gst_audio_ring_buffer_stop:<openslesringbuffer1> was not paused, must have been stopped
06-06 22:07:27.140  4906  5116 D GStreamer+ringbuffer: 0:02:30.970759004 0xe93d1d00 gstaudioringbuffer.c:716:gst_audio_ring_buffer_release:<openslesringbuffer1> device was released
06-06 22:07:27.140  4906  5140 D GStreamer+GST_PADS: 0:02:30.970760879 0xe9646860 gstpad.c:3853:check_sticky:<q:audio_0> pushing all sticky events
06-06 22:07:27.140  4906  5116 D GStreamer+GST_STATES: 0:02:30.970779004 0xe93d1d00 gstelement.c:2686:gst_element_change_state:<autoaudiosink0-actual-sink-opensles> element changed state SUCCESS
06-06 22:07:27.140  4906  5140 D GStreamer+GST_PADS: 0:02:30.970781973 0xe9646860 gstpad.c:3785:push_sticky:<q:audio_0> event stream-start was already received
06-06 22:07:27.140  4906  5116 I GStreamer+GST_STATES: 0:02:30.970802807 0xe93d1d00 gstelement.c:2374:gst_element_continue_state:<autoaudiosink0-actual-sink-opensles> completed state change to READY
06-06 22:07:27.140  4906  5140 D GStreamer+GST_PADS: 0:02:30.970802963 0xe9646860 gstpad.c:3785:push_sticky:<q:audio_0> event caps was already received
06-06 22:07:27.140  4906  5116 I GStreamer+GST_STATES: 0:02:30.970825254 0xe93d1d00 gstelement.c:2279:_priv_gst_element_state_changed:<autoaudiosink0-actual-sink-opensles> notifying about state-changed READY to READY (VOID_PENDING pending)
06-06 22:07:27.140  4906  5140 D GStreamer+GST_PADS: 0:02:30.970828327 0xe9646860 gstpad.c:3785:push_sticky:<q:audio_0> event segment was already received
06-06 22:07:27.140  4906  5140 D GStreamer+GST_PADS: 0:02:30.970870463 0xe9646860 gstpad.c:5306:gst_pad_push_event_unchecked:<q:audio_0> Dropping event tag because pad is not linked
06-06 22:07:27.140  4906  5116 D GStreamer+GST_BUS: 0:02:30.970855775 0xe93d1d00 gstbus.c:309:gst_bus_post:<bus7> [msg 0xe92efb30] posting on bus state-changed message: 0xe92efb30, time 99:99:99.999999999, seq-num 843, element 'autoaudiosink0-actual-sink-opensles', GstMessageStateChanged, old-state=(GstState)GST_STATE_READY, new-state=(GstState)GST_STATE_READY, pending-state=(GstState)GST_STATE_VOID_PENDING;
06-06 22:07:27.140  4906  5140 D GStreamer+GST_PADS: 0:02:30.970895932 0xe9646860 gstpad.c:3824:push_sticky:<q:audio_0> pad was not linked, mark pending
06-06 22:07:27.140  4906  5116 D GStreamer+bin: 0:02:30.970907598 0xe93d1d00 gstbin.c:3654:gst_bin_handle_message_func:<autoaudiosink0> [msg 0xe92efb30] handling child autoaudiosink0-actual-sink-opensles message of type state-changed
06-06 22:07:27.140  4906  5116 D GStreamer+bin: 0:02:30.970934838 0xe93d1d00 gstbin.c:3991:gst_bin_handle_message_func:<autoaudiosink0> posting message upward
06-06 22:07:27.140  4906  5140 D GStreamer+qtdemux: 0:02:30.970914473 0xe9646860 qtdemux.c:952:gst_qtdemux_push_tags:<q> Sending global tags taglist, datetime=(datetime)2016-05-10T02:46:01Z, container-format=(string)"ISO\ MP4/M4A";
06-06 22:07:27.140  4906  5116 D GStreamer+GST_BUS: 0:02:30.970956713 0xe93d1d00 gstbus.c:309:gst_bus_post:<bus8> [msg 0xe92efb30] posting on bus state-changed message: 0xe92efb30, time 99:99:99.999999999, seq-num 843, element 'autoaudiosink0-actual-sink-opensles', GstMessageStateChanged, old-state=(GstState)GST_STATE_READY, new-state=(GstState)GST_STATE_READY, pending-state=(GstState)GST_STATE_VOID_PENDING;
06-06 22:07:27.140  4906  5140 D GStreamer+GST_EVENT: 0:02:30.970981088 0xe9646860 gstevent.c:302:gst_event_new_custom creating new event 0xe93d4718 tag 20510
06-06 22:07:27.140  4906  5140 D GStreamer+GST_PADS: 0:02:30.971014421 0xe9646860 gstpad.c:3853:check_sticky:<q:audio_0> pushing all sticky events
06-06 22:07:27.140  4906  5116 D GStreamer+bin: 0:02:30.971008900 0xe93d1d00 gstbin.c:3654:gst_bin_handle_message_func:<pipeline1> [msg 0xe92efb30] handling child autoaudiosink0-actual-sink-opensles message of type state-changed
06-06 22:07:27.140  4906  5116 D GStreamer+bin: 0:02:30.971037182 0xe93d1d00 gstbin.c:3991:gst_bin_handle_message_func:<pipeline1> posting message upward
06-06 22:07:27.140  4906  5140 D GStreamer+GST_PADS: 0:02:30.971038119 0xe9646860 gstpad.c:3785:push_sticky:<q:audio_0> event stream-start was already received
06-06 22:07:27.140  4906  5140 D GStreamer+GST_PADS: 0:02:30.971061192 0xe9646860 gstpad.c:3785:push_sticky:<q:audio_0> event caps was already received
06-06 22:07:27.140  4906  5116 D GStreamer+GST_BUS: 0:02:30.971057442 0xe93d1d00 gstbus.c:309:gst_bus_post:<bus9> [msg 0xe92efb30] posting on bus state-changed message: 0xe92efb30, time 99:99:99.999999999, seq-num 843, element 'autoaudiosink0-actual-sink-opensles', GstMessageStateChanged, old-state=(GstState)GST_STATE_READY, new-state=(GstState)GST_STATE_READY, pending-state=(GstState)GST_STATE_VOID_PENDING;
06-06 22:07:27.140  4906  5140 D GStreamer+GST_PADS: 0:02:30.971099213 0xe9646860 gstpad.c:3785:push_sticky:<q:audio_0> event segment was already received
06-06 22:07:27.140  4906  5116 D GStreamer+GST_BUS: 0:02:30.971104265 0xe93d1d00 gstbus.c:348:gst_bus_post:<bus9> [msg 0xe92efb30] pushing on async queue
06-06 22:07:27.140  4906  5140 D GStreamer+GST_PADS: 0:02:30.971121973 0xe9646860 gstpad.c:3785:push_sticky:<q:audio_0> event tag was already received
06-06 22:07:27.140  4906  5116 D GStreamer+GST_BUS: 0:02:30.971124213 0xe93d1d00 gstbus.c:351:gst_bus_post:<bus9> [msg 0xe92efb30] pushed on async queue
06-06 22:07:27.140  4906  5116 D GStreamer+GST_BUS: 0:02:30.971146713 0xe93d1d00 gstbus.c:344:gst_bus_post:<bus8> [msg 0xe92efb30] dropped
06-06 22:07:27.140  4906  5140 D GStreamer+GST_PADS: 0:02:30.971145567 0xe9646860 gstpad.c:5306:gst_pad_push_event_unchecked:<q:audio_0> Dropping event tag because pad is not linked
06-06 22:07:27.140  4906  5116 D GStreamer+GST_BUS: 0:02:30.971168796 0xe93d1d00 gstbus.c:344:gst_bus_post:<bus7> [msg 0xe92efb30] dropped
06-06 22:07:27.140  4906  5140 D GStreamer+GST_PADS: 0:02:30.971169109 0xe9646860 gstpad.c:3824:push_sticky:<q:audio_0> pad was not linked, mark pending
06-06 22:07:27.140  4906  5116 D GStreamer+GST_STATES: 0:02:30.971192598 0xe93d1d00 gstelement.c:2609:gst_element_set_state_func:<autoaudiosink0-actual-sink-opensles> returned SUCCESS
06-06 22:07:27.140  4906  5116 I GStreamer+GST_STATES: 0:02:30.971211557 0xe93d1d00 gstbin.c:2892:gst_bin_change_state_func:<autoaudiosink0> child 'autoaudiosink0-actual-sink-opensles' changed state to 2(READY) successfully
06-06 22:07:27.140  4906  5140 D GStreamer+qtdemux: 0:02:30.971207025 0xe9646860 qtdemux.c:4633:gst_qtdemux_activate_segment:<q:audio_0> moving data pointer to 0:00:00.000000000, index: 0, pts 0:00:00.000000000
06-06 22:07:27.140  4906  5116 D GStreamer+bin: 0:02:30.971243119 0xe93d1d00 gstbin.c:2299:gst_bin_sort_iterator_next:<autoaudiosink0> queue empty, elements exhausted
06-06 22:07:27.140  4906  5140 D GStreamer+qtdemux: 0:02:30.971249838 0xe9646860 qtdemux.c:1176:gst_qtdemux_find_keyframe:<q> searching for keyframe index before index 0 gave 0
06-06 22:07:27.140  4906  5116 D GStreamer+GST_STATES: 0:02:30.971261400 0xe93d1d00 gstbin.c:2951:gst_bin_change_state_func:<autoaudiosink0> iterator done
06-06 22:07:27.140  4906  5140 D GStreamer+qtdemux: 0:02:30.971274421 0xe9646860 qtdemux.c:4686:gst_qtdemux_activate_segment:<q:audio_0> moving backwards to keyframe at 0 (pts 0:00:00.000000000 dts 0:00:00.000000000 )
06-06 22:07:27.147  4906  5140 D GStreamer+GST_PADS: 0:02:30.978510619 0xe9646860 gstpad.c:3785:push_sticky:<q:audio_0> event tag was already received
06-06 22:07:27.147  4906  5124 D GStreamer+GST_PADS: 0:02:30.978507702 0xe900d120 gstpad.c:5904:do_stream_status:<queue5:src> doing stream-status 2
06-06 22:07:27.147  4906  5124 D GStreamer+GST_PADS: 0:02:30.978545359 0xe900d120 gstpad.c:5933:do_stream_status:<queue5:src> posting stream-status 2
06-06 22:07:27.147  4906  5140 D GStreamer+GST_PADS: 0:02:30.978554734 0xe9646860 gstpad.c:5306:gst_pad_push_event_unchecked:<q:audio_0> Dropping event eos because pad is not linked
06-06 22:07:27.148  4906  5140 D GStreamer+GST_PADS: 0:02:30.978579942 0xe9646860 gstpad.c:3824:push_sticky:<q:audio_0> pad was not linked, mark pending
06-06 22:07:27.148  4906  5140 I GStreamer+task: 0:02:30.978600984 0xe9646860 gsttask.c:318:gst_task_func:<q:sink> Task going to paused
06-06 22:07:27.148  4906  5124 D GStreamer+GST_BUS: 0:02:30.978570932 0xe900d120 gstbus.c:309:gst_bus_post:<bus8> [msg 0xe92f7b18] posting on bus stream-status message: 0xe92f7b18, time 99:99:99.999999999, seq-num 856, element 'src', GstMessageStreamStatus, type=(GstStreamStatusType)GST_STREAM_STATUS_TYPE_LEAVE, owner=(GstElement)"\(GstQueue\)\ queue5", object=(GstTask)"\(GstTask\)\ queue5:src";
06-06 22:07:27.148  4906  5124 D GStreamer+bin: 0:02:30.978642077 0xe900d120 gstbin.c:3654:gst_bin_handle_message_func:<pipeline1> [msg 0xe92f7b18] handling child src message of type stream-status
06-06 22:07:27.148  4906  5124 D GStreamer+bin: 0:02:30.978664682 0xe900d120 gstbin.c:3991:gst_bin_handle_message_func:<pipeline1> posting message upward
06-06 22:07:27.148  4906  5124 D GStreamer+GST_BUS: 0:02:30.978681921 0xe900d120 gstbus.c:309:gst_bus_post:<bus9> [msg 0xe92f7b18] posting on bus stream-status message: 0xe92f7b18, time 99:99:99.999999999, seq-num 856, element 'src', GstMessageStreamStatus, type=(GstStreamStatusType)GST_STREAM_STATUS_TYPE_LEAVE, owner=(GstElement)"\(GstQueue\)\ queue5", object=(GstTask)"\(GstTask\)\ queue5:src";
06-06 22:07:27.148  4906  5124 D GStreamer+GST_BUS: 0:02:30.978734838 0xe900d120 gstbus.c:348:gst_bus_post:<bus9> [msg 0xe92f7b18] pushing on async queue
06-06 22:07:27.148  4906  5124 D GStreamer+GST_BUS: 0:02:30.978753015 0xe900d120 gstbus.c:351:gst_bus_post:<bus9> [msg 0xe92f7b18] pushed on async queue
06-06 22:07:27.148  4906  5124 D GStreamer+GST_BUS: 0:02:30.978770984 0xe900d120 gstbus.c:344:gst_bus_post:<bus8> [msg 0xe92f7b18] dropped
06-06 22:07:27.148  4906  5124 D GStreamer+task: 0:02:30.978789838 0xe900d120 gsttask.c:361:gst_task_func Exit task 0xe92f6568, thread 0xe900d120
06-06 22:07:27.148  4906  5116 D GStreamer+task: 0:02:30.979432598 0xe93d1d00 gsttask.c:811:gst_task_join:<queue5:src> Joining task 0xe92f6568, thread 0xe93d1d00
06-06 22:07:27.148  4906  5116 D GStreamer+task: 0:02:30.979463067 0xe93d1d00 gsttask.c:841:gst_task_join:<queue5:src> Joined task 0xe92f6568
06-06 22:07:27.148  4906  5116 D GStreamer+GST_PADS: 0:02:30.979482702 0xe93d1d00 gstpad.c:1015:post_activate:<queue5:src> stopped streaming
06-06 22:07:27.148  4906  5116 D GStreamer+GST_PADS: 0:02:30.979500932 0xe93d1d00 gstpad.c:1188:activate_mode_internal:<queue5:src> deactivated in push mode
06-06 22:07:27.148  4906  5116 D GStreamer+GST_PADS: 0:02:30.979525775 0xe93d1d00 gstpad.c:1078:gst_pad_set_active:<queue5:sink> deactivating pad from push mode
06-06 22:07:27.148  4906  5116 D GStreamer+GST_PADS: 0:02:30.979545567 0xe93d1d00 gstpad.c:967:pre_activate:<queue5:sink> setting PAD_MODE NONE, set flushing
06-06 22:07:27.148  4906  5116 D GStreamer+GST_PADS: 0:02:30.979565150 0xe93d1d00 gstpad.c:1015:post_activate:<queue5:sink> stopped streaming
06-06 22:07:27.149  4906  5116 D GStreamer+GST_PADS: 0:02:30.979582338 0xe93d1d00 gstpad.c:1188:activate_mode_internal:<queue5:sink> deactivated in push mode
06-06 22:07:27.149  4906  5116 D GStreamer+GST_ELEMENT_PADS: 0:02:30.979603223 0xe93d1d00 gstelement.c:2814:gst_element_pads_activate:<queue5> pad deactivation successful
06-06 22:07:27.149  4906  5116 D GStreamer+GST_STATES: 0:02:30.979624109 0xe93d1d00 gstelement.c:2686:gst_element_change_state:<queue5> element changed state SUCCESS
06-06 22:07:27.149  4906  5116 I GStreamer+GST_STATES: 0:02:30.979640411 0xe93d1d00 gstelement.c:2374:gst_element_continue_state:<queue5> completed state change to READY
06-06 22:07:27.149  4906  5116 I GStreamer+GST_STATES: 0:02:30.979658223 0xe93d1d00 gstelement.c:2279:_priv_gst_element_state_changed:<queue5> notifying about state-changed PAUSED to READY (VOID_PENDING pending)
06-06 22:07:27.149  4906  5116 D GStreamer+GST_BUS: 0:02:30.979683796 0xe93d1d00 gstbus.c:309:gst_bus_post:<bus8> [msg 0xe9568228] posting on bus state-changed message: 0xe9568228, time 99:99:99.999999999, seq-num 857, element 'queue5', GstMessageStateChanged, old-state=(GstState)GST_STATE_PAUSED, new-state=(GstState)GST_STATE_READY, pending-state=(GstState)GST_STATE_VOID_PENDING;
06-06 22:07:27.149  4906  5116 D GStreamer+bin: 0:02:30.979732807 0xe93d1d00 gstbin.c:3654:gst_bin_handle_message_func:<pipeline1> [msg 0xe9568228] handling child queue5 message of type state-changed
06-06 22:07:27.149  4906  5116 D GStreamer+bin: 0:02:30.979754786 0xe93d1d00 gstbin.c:3991:gst_bin_handle_message_func:<pipeline1> posting message upward
06-06 22:07:27.149  4906  5116 D GStreamer+GST_BUS: 0:02:30.979771244 0xe93d1d00 gstbus.c:309:gst_bus_post:<bus9> [msg 0xe9568228] posting on bus state-changed message: 0xe9568228, time 99:99:99.999999999, seq-num 857, element 'queue5', GstMessageStateChanged, old-state=(GstState)GST_STATE_PAUSED, new-state=(GstState)GST_STATE_READY, pending-state=(GstState)GST_STATE_VOID_PENDING;
06-06 22:07:27.149  4906  5116 D GStreamer+GST_BUS: 0:02:30.979812963 0xe93d1d00 gstbus.c:348:gst_bus_post:<bus9> [msg 0xe9568228] pushing on async queue
06-06 22:07:27.149  4906  5116 D GStreamer+GST_BUS: 0:02:30.979830932 0xe93d1d00 gstbus.c:351:gst_bus_post:<bus9> [msg 0xe9568228] pushed on async queue
06-06 22:07:27.149  4906  5116 D GStreamer+GST_BUS: 0:02:30.979848640 0xe93d1d00 gstbus.c:344:gst_bus_post:<bus8> [msg 0xe9568228] dropped
06-06 22:07:27.149  4906  5116 D GStreamer+GST_STATES: 0:02:30.979867598 0xe93d1d00 gstelement.c:2609:gst_element_set_state_func:<queue5> returned SUCCESS
06-06 22:07:27.149  4906  5116 I GStreamer+GST_STATES: 0:02:30.979886921 0xe93d1d00 gstbin.c:2892:gst_bin_change_state_func:<pipeline1> child 'queue5' changed state to 2(READY) successfully
06-06 22:07:27.149  4906  5116 D GStreamer+bin: 0:02:30.979910671 0xe93d1d00 gstbin.c:2310:gst_bin_sort_iterator_next:<pipeline1> queue head gives forhalffps
06-06 22:07:27.149  4906  5116 D GStreamer+bin: 0:02:30.979929317 0xe93d1d00 gstbin.c:911:find_message:<pipeline1> no message found matching types 00001000
06-06 22:07:27.149  4906  5116 D GStreamer+bin: 0:02:30.979946452 0xe93d1d00 gstbin.c:918:find_message:<pipeline1>   structure-change
06-06 22:07:27.149  4906  5116 D GStreamer+bin: 0:02:30.979965619 0xe93d1d00 gstbin.c:2226:update_degree:<pipeline1> change element queue3, degree 1->0, linked to forhalffps
06-06 22:07:27.149  4906  5116 D GStreamer+bin: 0:02:30.979985827 0xe93d1d00 gstbin.c:2109:add_to_queue:<pipeline1> adding 'queue3' to queue
06-06 22:07:27.149  4906  5116 I GStreamer+GST_STATES: 0:02:30.980005515 0xe93d1d00 gstbin.c:2444:gst_bin_element_set_state:<forhalffps> current PAUSED pending VOID_PENDING, desired next READY
06-06 22:07:27.149  4906  5116 D GStreamer+bin: 0:02:30.980026036 0xe93d1d00 gstbin.c:911:find_message:<pipeline1> no message found matching types 00100000
06-06 22:07:27.149  4906  5116 D GStreamer+bin: 0:02:30.980043952 0xe93d1d00 gstbin.c:918:find_message:<pipeline1>   async-start
06-06 22:07:27.149  4906  5116 D GStreamer+bin: 0:02:30.980062963 0xe93d1d00 gstbin.c:2539:gst_bin_element_set_state:<pipeline1> setting element forhalffps to READY, base_time 0:00:00.000000000
06-06 22:07:27.149  4906  5116 D GStreamer+GST_STATES: 0:02:30.980086088 0xe93d1d00 gstelement.c:2525:gst_element_set_state_func:<forhalffps> set_state to READY
06-06 22:07:27.149  4906  5116 D GStreamer+GST_STATES: 0:02:30.980104004 0xe93d1d00 gstelement.c:2550:gst_element_set_state_func:<forhalffps> setting target state to READY
06-06 22:07:27.149  4906  5116 D GStreamer+GST_STATES: 0:02:30.980121348 0xe93d1d00 gstelement.c:2563:gst_element_set_state_func:<forhalffps> current PAUSED, old_pending VOID_PENDING, next VOID_PENDING, old return SUCCESS
06-06 22:07:27.149  4906  5116 D GStreamer+GST_STATES: 0:02:30.980142234 0xe93d1d00 gstelement.c:2597:gst_element_set_state_func:<forhalffps> final: setting state from PAUSED to READY
06-06 22:07:27.149  4906  5116 D GStreamer+GST_ELEMENT_PADS: 0:02:30.980166140 0xe93d1d00 gstelement.c:2795:gst_element_pads_activate:<forhalffps> deactivate pads
06-06 22:07:27.149  4906  5116 D GStreamer+GST_PADS: 0:02:30.980187234 0xe93d1d00 gstpad.c:1078:gst_pad_set_active:<forhalffps:src> deactivating pad from push mode
06-06 22:07:27.149  4906  5116 D GStreamer+GST_PADS: 0:02:30.980205671 0xe93d1d00 gstpad.c:967:pre_activate:<forhalffps:src> setting PAD_MODE NONE, set flushing
06-06 22:07:27.149  4906  5116 D GStreamer+GST_PADS: 0:02:30.980223900 0xe93d1d00 gstpad.c:1015:post_activate:<forhalffps:src> stopped streaming
06-06 22:07:27.149  4906  5116 D GStreamer+GST_PADS: 0:02:30.980240567 0xe93d1d00 gstpad.c:1188:activate_mode_internal:<forhalffps:src> deactivated in push mode
06-06 22:07:27.149  4906  5116 D GStreamer+GST_PADS: 0:02:30.980263275 0xe93d1d00 gstpad.c:1078:gst_pad_set_active:<forhalffps:sink> deactivating pad from push mode
06-06 22:07:27.149  4906  5116 D GStreamer+GST_PADS: 0:02:30.980283119 0xe93d1d00 gstpad.c:967:pre_activate:<forhalffps:sink> setting PAD_MODE NONE, set flushing
06-06 22:07:27.149  4906  5116 D GStreamer+GST_PADS: 0:02:30.980302859 0xe93d1d00 gstpad.c:1015:post_activate:<forhalffps:sink> stopped streaming
06-06 22:07:27.149  4906  5116 D GStreamer+GST_PADS: 0:02:30.980320463 0xe93d1d00 gstpad.c:1188:activate_mode_internal:<forhalffps:sink> deactivated in push mode
06-06 22:07:27.149  4906  5116 D GStreamer+GST_ELEMENT_PADS: 0:02:30.980340671 0xe93d1d00 gstelement.c:2814:gst_element_pads_activate:<forhalffps> pad deactivation successful
06-06 22:07:27.149  4906  5116 D GStreamer+GST_STATES: 0:02:30.980359317 0xe93d1d00 gstelement.c:2686:gst_element_change_state:<forhalffps> element changed state SUCCESS
06-06 22:07:27.149  4906  5116 I GStreamer+GST_STATES: 0:02:30.980375411 0xe93d1d00 gstelement.c:2374:gst_element_continue_state:<forhalffps> completed state change to READY
06-06 22:07:27.149  4906  5116 I GStreamer+GST_STATES: 0:02:30.980396244 0xe93d1d00 gstelement.c:2279:_priv_gst_element_state_changed:<forhalffps> notifying about state-changed PAUSED to READY (VOID_PENDING pending)
06-06 22:07:27.149  4906  5116 D GStreamer+GST_BUS: 0:02:30.980430775 0xe93d1d00 gstbus.c:309:gst_bus_post:<bus8> [msg 0xe9012018] posting on bus state-changed message: 0xe9012018, time 99:99:99.999999999, seq-num 858, element 'forhalffps', GstMessageStateChanged, old-state=(GstState)GST_STATE_PAUSED, new-state=(GstState)GST_STATE_READY, pending-state=(GstState)GST_STATE_VOID_PENDING;
06-06 22:07:27.149  4906  5116 D GStreamer+bin: 0:02:30.980476869 0xe93d1d00 gstbin.c:3654:gst_bin_handle_message_func:<pipeline1> [msg 0xe9012018] handling child forhalffps message of type state-changed
06-06 22:07:27.149  4906  5116 D GStreamer+bin: 0:02:30.980500359 0xe93d1d00 gstbin.c:3991:gst_bin_handle_message_func:<pipeline1> posting message upward
06-06 22:07:27.149  4906  5116 D GStreamer+GST_BUS: 0:02:30.980517598 0xe93d1d00 gstbus.c:309:gst_bus_post:<bus9> [msg 0xe9012018] posting on bus state-changed message: 0xe9012018, time 99:99:99.999999999, seq-num 858, element 'forhalffps', GstMessageStateChanged, old-state=(GstState)GST_STATE_PAUSED, new-state=(GstState)GST_STATE_READY, pending-state=(GstState)GST_STATE_VOID_PENDING;
06-06 22:07:27.149  4906  5116 D GStreamer+GST_BUS: 0:02:30.980561244 0xe93d1d00 gstbus.c:348:gst_bus_post:<bus9> [msg 0xe9012018] pushing on async queue
06-06 22:07:27.150  4906  5116 D GStreamer+GST_BUS: 0:02:30.980578900 0xe93d1d00 gstbus.c:351:gst_bus_post:<bus9> [msg 0xe9012018] pushed on async queue
06-06 22:07:27.150  4906  5116 D GStreamer+GST_BUS: 0:02:30.980596713 0xe93d1d00 gstbus.c:344:gst_bus_post:<bus8> [msg 0xe9012018] dropped
06-06 22:07:27.150  4906  5116 D GStreamer+GST_STATES: 0:02:30.980615046 0xe93d1d00 gstelement.c:2609:gst_element_set_state_func:<forhalffps> returned SUCCESS
06-06 22:07:27.150  4906  5116 I GStreamer+GST_STATES: 0:02:30.980632911 0xe93d1d00 gstbin.c:2892:gst_bin_change_state_func:<pipeline1> child 'forhalffps' changed state to 2(READY) successfully
06-06 22:07:27.150  4906  5116 D GStreamer+bin: 0:02:30.980654734 0xe93d1d00 gstbin.c:2310:gst_bin_sort_iterator_next:<pipeline1> queue head gives queue3
06-06 22:07:27.150  4906  5116 D GStreamer+bin: 0:02:30.980674317 0xe93d1d00 gstbin.c:911:find_message:<pipeline1> no message found matching types 00001000
06-06 22:07:27.150  4906  5116 D GStreamer+bin: 0:02:30.980692025 0xe93d1d00 gstbin.c:918:find_message:<pipeline1>   structure-change
06-06 22:07:27.150  4906  5116 D GStreamer+bin: 0:02:30.980709734 0xe93d1d00 gstbin.c:2249:update_degree:<pipeline1> element queue3 not linked on any sinkpads
06-06 22:07:27.150  4906  5116 I GStreamer+GST_STATES: 0:02:30.980728015 0xe93d1d00 gstbin.c:2444:gst_bin_element_set_state:<queue3> current PAUSED pending VOID_PENDING, desired next READY
06-06 22:07:27.150  4906  5116 D GStreamer+bin: 0:02:30.980748171 0xe93d1d00 gstbin.c:911:find_message:<pipeline1> no message found matching types 00100000
06-06 22:07:27.150  4906  5116 D GStreamer+bin: 0:02:30.980767442 0xe93d1d00 gstbin.c:918:find_message:<pipeline1>   async-start
06-06 22:07:27.150  4906  5116 D GStreamer+bin: 0:02:30.980785098 0xe93d1d00 gstbin.c:2539:gst_bin_element_set_state:<pipeline1> setting element queue3 to READY, base_time 0:00:00.000000000
06-06 22:07:27.150  4906  5116 D GStreamer+GST_STATES: 0:02:30.980807494 0xe93d1d00 gstelement.c:2525:gst_element_set_state_func:<queue3> set_state to READY
06-06 22:07:27.150  4906  5116 D GStreamer+GST_STATES: 0:02:30.980827129 0xe93d1d00 gstelement.c:2550:gst_element_set_state_func:<queue3> setting target state to READY
06-06 22:07:27.150  4906  5116 D GStreamer+GST_STATES: 0:02:30.980844734 0xe93d1d00 gstelement.c:2563:gst_element_set_state_func:<queue3> current PAUSED, old_pending VOID_PENDING, next VOID_PENDING, old return SUCCESS
06-06 22:07:27.150  4906  5116 D GStreamer+GST_STATES: 0:02:30.980866973 0xe93d1d00 gstelement.c:2597:gst_element_set_state_func:<queue3> final: setting state from PAUSED to READY
06-06 22:07:27.150  4906  5116 D GStreamer+GST_ELEMENT_PADS: 0:02:30.980888796 0xe93d1d00 gstelement.c:2795:gst_element_pads_activate:<queue3> deactivate pads
06-06 22:07:27.150  4906  5116 D GStreamer+GST_PADS: 0:02:30.980909942 0xe93d1d00 gstpad.c:1078:gst_pad_set_active:<queue3:src> deactivating pad from push mode
06-06 22:07:27.150  4906  5116 D GStreamer+GST_PADS: 0:02:30.980928796 0xe93d1d00 gstpad.c:967:pre_activate:<queue3:src> setting PAD_MODE NONE, set flushing
06-06 22:07:27.150  4906  5116 D GStreamer+GST_PADS: 0:02:30.980950567 0xe93d1d00 gstpad.c:6082:gst_pad_stop_task:<queue3:src> stop task
06-06 22:07:27.150  4906  5137 D GStreamer+GST_PADS: 0:02:30.980957390 0xe900d060 gstpad.c:6034:gst_pad_pause_task:<queue3:src> pause task
06-06 22:07:27.150  4906  5116 D GStreamer+task: 0:02:30.980967859 0xe93d1d00 gsttask.c:684:gst_task_set_state:<queue3:src> Changing task 0xe924e0d0 to state 1
06-06 22:07:27.150  4906  5137 D GStreamer+GST_PADS: 0:02:30.980994942 0xe900d060 gstpad.c:6052:gst_pad_pause_task:<queue3:src> pad has no task
06-06 22:07:27.150  4906  5137 D GStreamer+GST_PADS: 0:02:30.981019838 0xe900d060 gstpad.c:5904:do_stream_status:<queue3:src> doing stream-status 2
06-06 22:07:27.150  4906  5116 D GStreamer+task: 0:02:30.981026557 0xe93d1d00 gsttask.c:811:gst_task_join:<queue3:src> Joining task 0xe924e0d0, thread 0xe93d1d00
06-06 22:07:27.150  4906  5137 D GStreamer+GST_PADS: 0:02:30.981052286 0xe900d060 gstpad.c:5933:do_stream_status:<queue3:src> posting stream-status 2
06-06 22:07:27.150  4906  5137 D GStreamer+GST_BUS: 0:02:30.981072182 0xe900d060 gstbus.c:309:gst_bus_post:<bus8> [msg 0xe9567d70] posting on bus stream-status message: 0xe9567d70, time 99:99:99.999999999, seq-num 859, element 'src', GstMessageStreamStatus, type=(GstStreamStatusType)GST_STREAM_STATUS_TYPE_LEAVE, owner=(GstElement)"\(GstQueue\)\ queue3", object=(GstTask)"\(GstTask\)\ queue3:src";
06-06 22:07:27.150  4906  5137 D GStreamer+bin: 0:02:30.981130984 0xe900d060 gstbin.c:3654:gst_bin_handle_message_func:<pipeline1> [msg 0xe9567d70] handling child src message of type stream-status
06-06 22:07:27.150  4906  5137 D GStreamer+bin: 0:02:30.981152390 0xe900d060 gstbin.c:3991:gst_bin_handle_message_func:<pipeline1> posting message upward
06-06 22:07:27.150  4906  5137 D GStreamer+GST_BUS: 0:02:30.981170723 0xe900d060 gstbus.c:309:gst_bus_post:<bus9> [msg 0xe9567d70] posting on bus stream-status message: 0xe9567d70, time 99:99:99.999999999, seq-num 859, element 'src', GstMessageStreamStatus, type=(GstStreamStatusType)GST_STREAM_STATUS_TYPE_LEAVE, owner=(GstElement)"\(GstQueue\)\ queue3", object=(GstTask)"\(GstTask\)\ queue3:src";
06-06 22:07:27.150  4906  5137 D GStreamer+GST_BUS: 0:02:30.981224317 0xe900d060 gstbus.c:348:gst_bus_post:<bus9> [msg 0xe9567d70] pushing on async queue
06-06 22:07:27.150  4906  5137 D GStreamer+GST_BUS: 0:02:30.981242442 0xe900d060 gstbus.c:351:gst_bus_post:<bus9> [msg 0xe9567d70] pushed on async queue
06-06 22:07:27.150  4906  5137 D GStreamer+GST_BUS: 0:02:30.981260046 0xe900d060 gstbus.c:344:gst_bus_post:<bus8> [msg 0xe9567d70] dropped
06-06 22:07:27.150  4906  5137 D GStreamer+task: 0:02:30.981280723 0xe900d060 gsttask.c:361:gst_task_func Exit task 0xe924e0d0, thread 0xe900d060
06-06 22:07:27.150  4906  5116 D GStreamer+task: 0:02:30.981286817 0xe93d1d00 gsttask.c:841:gst_task_join:<queue3:src> Joined task 0xe924e0d0
06-06 22:07:27.150  4906  5116 D GStreamer+GST_PADS: 0:02:30.981310046 0xe93d1d00 gstpad.c:1015:post_activate:<queue3:src> stopped streaming
06-06 22:07:27.150  4906  5116 D GStreamer+GST_PADS: 0:02:30.981327546 0xe93d1d00 gstpad.c:1188:activate_mode_internal:<queue3:src> deactivated in push mode
06-06 22:07:27.150  4906  5116 D GStreamer+GST_PADS: 0:02:30.981351192 0xe93d1d00 gstpad.c:1078:gst_pad_set_active:<queue3:sink> deactivating pad from push mode
06-06 22:07:27.150  4906  5116 D GStreamer+GST_PADS: 0:02:30.981370723 0xe93d1d00 gstpad.c:967:pre_activate:<queue3:sink> setting PAD_MODE NONE, set flushing
06-06 22:07:27.150  4906  5116 D GStreamer+GST_PADS: 0:02:30.981389994 0xe93d1d00 gstpad.c:1015:post_activate:<queue3:sink> stopped streaming
06-06 22:07:27.150  4906  5116 D GStreamer+GST_PADS: 0:02:30.981407025 0xe93d1d00 gstpad.c:1188:activate_mode_internal:<queue3:sink> deactivated in push mode
06-06 22:07:27.150  4906  5116 D GStreamer+GST_ELEMENT_PADS: 0:02:30.981439057 0xe93d1d00 gstelement.c:2814:gst_element_pads_activate:<queue3> pad deactivation successful
06-06 22:07:27.150  4906  5116 D GStreamer+GST_STATES: 0:02:30.981460411 0xe93d1d00 gstelement.c:2686:gst_element_change_state:<queue3> element changed state SUCCESS
06-06 22:07:27.150  4906  5116 I GStreamer+GST_STATES: 0:02:30.981476817 0xe93d1d00 gstelement.c:2374:gst_element_continue_state:<queue3> completed state change to READY
06-06 22:07:27.150  4906  5116 I GStreamer+GST_STATES: 0:02:30.981494890 0xe93d1d00 gstelement.c:2279:_priv_gst_element_state_changed:<queue3> notifying about state-changed PAUSED to READY (VOID_PENDING pending)
06-06 22:07:27.150  4906  5116 D GStreamer+GST_BUS: 0:02:30.981520150 0xe93d1d00 gstbus.c:309:gst_bus_post:<bus8> [msg 0xe93bcdc8] posting on bus state-changed message: 0xe93bcdc8, time 99:99:99.999999999, seq-num 860, element 'queue3', GstMessageStateChanged, old-state=(GstState)GST_STATE_PAUSED, new-state=(GstState)GST_STATE_READY, pending-state=(GstState)GST_STATE_VOID_PENDING;
06-06 22:07:27.150  4906  5116 D GStreamer+bin: 0:02:30.981567338 0xe93d1d00 gstbin.c:3654:gst_bin_handle_message_func:<pipeline1> [msg 0xe93bcdc8] handling child queue3 message of type state-changed
06-06 22:07:27.151  4906  5116 D GStreamer+bin: 0:02:30.981590984 0xe93d1d00 gstbin.c:3991:gst_bin_handle_message_func:<pipeline1> posting message upward
06-06 22:07:27.151  4906  5116 D GStreamer+GST_BUS: 0:02:30.981608275 0xe93d1d00 gstbus.c:309:gst_bus_post:<bus9> [msg 0xe93bcdc8] posting on bus state-changed message: 0xe93bcdc8, time 99:99:99.999999999, seq-num 860, element 'queue3', GstMessageStateChanged, old-state=(GstState)GST_STATE_PAUSED, new-state=(GstState)GST_STATE_READY, pending-state=(GstState)GST_STATE_VOID_PENDING;
06-06 22:07:27.151  4906  5116 D GStreamer+GST_BUS: 0:02:30.981652598 0xe93d1d00 gstbus.c:348:gst_bus_post:<bus9> [msg 0xe93bcdc8] pushing on async queue
06-06 22:07:27.151  4906  5116 D GStreamer+GST_BUS: 0:02:30.981671140 0xe93d1d00 gstbus.c:351:gst_bus_post:<bus9> [msg 0xe93bcdc8] pushed on async queue
06-06 22:07:27.151  4906  5116 D GStreamer+GST_BUS: 0:02:30.981688900 0xe93d1d00 gstbus.c:344:gst_bus_post:<bus8> [msg 0xe93bcdc8] dropped
06-06 22:07:27.151  4906  5116 D GStreamer+GST_STATES: 0:02:30.981707911 0xe93d1d00 gstelement.c:2609:gst_element_set_state_func:<queue3> returned SUCCESS
06-06 22:07:27.151  4906  5116 I GStreamer+GST_STATES: 0:02:30.981726192 0xe93d1d00 gstbin.c:2892:gst_bin_change_state_func:<pipeline1> child 'queue3' changed state to 2(READY) successfully
06-06 22:07:27.151  4906  5116 D GStreamer+bin: 0:02:30.981751452 0xe93d1d00 gstbin.c:2295:gst_bin_sort_iterator_next:<pipeline1> queue empty, next best: decodebin2
06-06 22:07:27.151  4906  5116 D GStreamer+bin: 0:02:30.981771140 0xe93d1d00 gstbin.c:2310:gst_bin_sort_iterator_next:<pipeline1> queue head gives decodebin2
06-06 22:07:27.151  4906  5116 D GStreamer+bin: 0:02:30.981789161 0xe93d1d00 gstbin.c:911:find_message:<pipeline1> no message found matching types 00001000
06-06 22:07:27.151  4906  5116 D GStreamer+bin: 0:02:30.981806348 0xe93d1d00 gstbin.c:918:find_message:<pipeline1>   structure-change
06-06 22:07:27.151  4906  5116 D GStreamer+bin: 0:02:30.981826088 0xe93d1d00 gstbin.c:2226:update_degree:<pipeline1> change element queue4, degree 1->0, linked to decodebin2
06-06 22:07:27.151  4906  5116 D GStreamer+bin: 0:02:30.981847286 0xe93d1d00 gstbin.c:2109:add_to_queue:<pipeline1> adding 'queue4' to queue
06-06 22:07:27.151  4906  5116 I GStreamer+GST_STATES: 0:02:30.981868327 0xe93d1d00 gstbin.c:2444:gst_bin_element_set_state:<decodebin2> current READY pending PAUSED, desired next READY
06-06 22:07:27.151  4906  5116 D GStreamer+bin: 0:02:30.981890307 0xe93d1d00 gstbin.c:911:find_message:<pipeline1> no message found matching types 00100000
06-06 22:07:27.151  4906  5116 D GStreamer+bin: 0:02:30.981907234 0xe93d1d00 gstbin.c:918:find_message:<pipeline1>   async-start
