06-06 22:07:23.836  4906  4906 D GStreamer+GST_STATES: 0:02:27.667216454 0xe8df3e00 gstelement.c:2686:gst_element_change_state:<queue5> element changed state SUCCESS
06-06 22:07:23.836  4906  4906 I GStreamer+GST_STATES: 0:02:27.667238485 0xe8df3e00 gstelement.c:2374:gst_element_continue_state:<queue5> completed state change to PAUSED
06-06 22:07:23.836  4906  4906 I GStreamer+GST_STATES: 0:02:27.667262183 0xe8df3e00 gstelement.c:2279:_priv_gst_element_state_changed:<queue5> notifying about state-changed READY to PAUSED (VOID_PENDING pending)
06-06 22:07:23.836  4906  5124 D GStreamer+GST_BUS: 0:02:27.667238172 0xe900d120 gstbus.c:309:gst_bus_post:<bus8> [msg 0xe92f78b0] posting on bus stream-status message: 0xe92f78b0, time 99:99:99.999999999, seq-num 543, element 'src', GstMessageStreamStatus, type=(GstStreamStatusType)GST_STREAM_STATUS_TYPE_ENTER, owner=(GstElement)"\(GstQueue\)\ queue5", object=(GstTask)"\(GstTask\)\ queue5:src";
06-06 22:07:23.836  4906  5124 D GStreamer+bin: 0:02:27.667316922 0xe900d120 gstbin.c:3654:gst_bin_handle_message_func:<pipeline1> [msg 0xe92f78b0] handling child src message of type stream-status
06-06 22:07:23.836  4906  4906 D GStreamer+GST_BUS: 0:02:27.667295881 0xe8df3e00 gstbus.c:309:gst_bus_post:<bus8> [msg 0xe92ef410] posting on bus state-changed message: 0xe92ef410, time 99:99:99.999999999, seq-num 544, element 'queue5', GstMessageStateChanged, old-state=(GstState)GST_STATE_READY, new-state=(GstState)GST_STATE_PAUSED, pending-state=(GstState)GST_STATE_VOID_PENDING;
06-06 22:07:23.836  4906  5124 D GStreamer+bin: 0:02:27.667345308 0xe900d120 gstbin.c:3991:gst_bin_handle_message_func:<pipeline1> posting message upward
06-06 22:07:23.836  4906  4906 D GStreamer+bin: 0:02:27.667350152 0xe8df3e00 gstbin.c:3654:gst_bin_handle_message_func:<pipeline1> [msg 0xe92ef410] handling child queue5 message of type state-changed
06-06 22:07:23.836  4906  4906 D GStreamer+bin: 0:02:27.667373641 0xe8df3e00 gstbin.c:3991:gst_bin_handle_message_func:<pipeline1> posting message upward
06-06 22:07:23.836  4906  5124 D GStreamer+GST_BUS: 0:02:27.667368537 0xe900d120 gstbus.c:309:gst_bus_post:<bus9> [msg 0xe92f78b0] posting on bus stream-status message: 0xe92f78b0, time 99:99:99.999999999, seq-num 543, element 'src', GstMessageStreamStatus, type=(GstStreamStatusType)GST_STREAM_STATUS_TYPE_ENTER, owner=(GstElement)"\(GstQueue\)\ queue5", object=(GstTask)"\(GstTask\)\ queue5:src";
06-06 22:07:23.836  4906  4906 D GStreamer+GST_BUS: 0:02:27.667393797 0xe8df3e00 gstbus.c:309:gst_bus_post:<bus9> [msg 0xe92ef410] posting on bus state-changed message: 0xe92ef410, time 99:99:99.999999999, seq-num 544, element 'queue5', GstMessageStateChanged, old-state=(GstState)GST_STATE_READY, new-state=(GstState)GST_STATE_PAUSED, pending-state=(GstState)GST_STATE_VOID_PENDING;
06-06 22:07:23.836  4906  5124 D GStreamer+GST_BUS: 0:02:27.667451818 0xe900d120 gstbus.c:348:gst_bus_post:<bus9> [msg 0xe92f78b0] pushing on async queue
06-06 22:07:23.836  4906  4906 D GStreamer+GST_BUS: 0:02:27.667458797 0xe8df3e00 gstbus.c:348:gst_bus_post:<bus9> [msg 0xe92ef410] pushing on async queue
06-06 22:07:23.836  4906  4906 D GStreamer+GST_BUS: 0:02:27.667482860 0xe8df3e00 gstbus.c:351:gst_bus_post:<bus9> [msg 0xe92ef410] pushed on async queue
06-06 22:07:23.836  4906  5124 D GStreamer+GST_BUS: 0:02:27.667488381 0xe900d120 gstbus.c:351:gst_bus_post:<bus9> [msg 0xe92f78b0] pushed on async queue
06-06 22:07:23.836  4906  4906 D GStreamer+GST_BUS: 0:02:27.667502599 0xe8df3e00 gstbus.c:344:gst_bus_post:<bus8> [msg 0xe92ef410] dropped
06-06 22:07:23.836  4906  5124 D GStreamer+GST_BUS: 0:02:27.667512547 0xe900d120 gstbus.c:344:gst_bus_post:<bus8> [msg 0xe92f78b0] dropped
06-06 22:07:23.836  4906  5116 D GStreamer+GST_BUS: 0:02:27.667500829 0xe93d1d00 gstbus.c:521:gst_bus_timed_pop_filtered:<bus9> got message 0xe92f78b0, stream-status from src, type mask is 4294967295
06-06 22:07:23.836  4906  4906 D GStreamer+GST_STATES: 0:02:27.667527079 0xe8df3e00 gstelement.c:2609:gst_element_set_state_func:<queue5> returned SUCCESS
06-06 22:07:23.836  4906  5124 D GStreamer+task: 0:02:27.667539422 0xe900d120 gsttask.c:251:gst_task_configure_name:<queue5:src> Setting thread name to 'queue5:src'
06-06 22:07:23.836  4906  4906 I GStreamer+GST_STATES: 0:02:27.667548849 0xe8df3e00 gstbin.c:2892:gst_bin_change_state_func:<pipeline1> child 'queue5' changed state to 3(PAUSED) successfully
06-06 22:07:23.836  4906  5124 D GStreamer+queue_dataflow: 0:02:27.667568485 0xe900d120 gstqueue.c:1488:gst_queue_loop:<queue5> queue is empty
06-06 22:07:23.837  4906  4906 D GStreamer+bin: 0:02:27.667581037 0xe8df3e00 gstbin.c:2310:gst_bin_sort_iterator_next:<pipeline1> queue head gives forhalffps
06-06 22:07:23.837  4906  5116 D GStreamer+GST_BUS: 0:02:27.667545464 0xe93d1d00 gstbus.c:789:gst_bus_source_dispatch:<bus9> source 0xe95618d8 calling dispatch with stream-status message: 0xe92f78b0, time 99:99:99.999999999, seq-num 543, element 'src', GstMessageStreamStatus, type=(GstStreamStatusType)GST_STREAM_STATUS_TYPE_ENTER, owner=(GstElement)"\(GstQueue\)\ queue5", object=(GstTask)"\(GstTask\)\ queue5:src";
06-06 22:07:23.837  4906  4906 D GStreamer+bin: 0:02:27.667609006 0xe8df3e00 gstbin.c:911:find_message:<pipeline1> no message found matching types 00001000
06-06 22:07:23.837  4906  5116 D GStreamer+GST_BUS: 0:02:27.667622079 0xe93d1d00 gstbus.c:794:gst_bus_source_dispatch:<bus9> source 0xe95618d8 handler returns 1
06-06 22:07:23.837  4906  4906 D GStreamer+bin: 0:02:27.667629214 0xe8df3e00 gstbin.c:918:find_message:<pipeline1>   structure-change
06-06 22:07:23.837  4906  4906 D GStreamer+bin: 0:02:27.667649006 0xe8df3e00 gstbin.c:2226:update_degree:<pipeline1> change element queue3, degree 1->0, linked to forhalffps
06-06 22:07:23.837  4906  5116 D GStreamer+GST_BUS: 0:02:27.667658693 0xe93d1d00 gstbus.c:521:gst_bus_timed_pop_filtered:<bus9> got message 0xe92ef410, state-changed from queue5, type mask is 4294967295
06-06 22:07:23.837  4906  4906 D GStreamer+bin: 0:02:27.667670412 0xe8df3e00 gstbin.c:2109:add_to_queue:<pipeline1> adding 'queue3' to queue
06-06 22:07:23.837  4906  4906 I GStreamer+GST_STATES: 0:02:27.667692495 0xe8df3e00 gstbin.c:2444:gst_bin_element_set_state:<forhalffps> current READY pending VOID_PENDING, desired next PAUSED
06-06 22:07:23.837  4906  5116 D GStreamer+GST_BUS: 0:02:27.667684839 0xe93d1d00 gstbus.c:789:gst_bus_source_dispatch:<bus9> source 0xe95618d8 calling dispatch with state-changed message: 0xe92ef410, time 99:99:99.999999999, seq-num 544, element 'queue5', GstMessageStateChanged, old-state=(GstState)GST_STATE_READY, new-state=(GstState)GST_STATE_PAUSED, pending-state=(GstState)GST_STATE_VOID_PENDING;
06-06 22:07:23.837  4906  4906 D GStreamer+bin: 0:02:27.667721245 0xe8df3e00 gstbin.c:911:find_message:<pipeline1> no message found matching types 00100000
06-06 22:07:23.837  4906  4906 D GStreamer+bin: 0:02:27.667741141 0xe8df3e00 gstbin.c:918:find_message:<pipeline1>   async-start
06-06 22:07:23.837  4906  5116 D GStreamer+GST_BUS: 0:02:27.667743902 0xe93d1d00 gstbus.c:794:gst_bus_source_dispatch:<bus9> source 0xe95618d8 handler returns 1
06-06 22:07:23.837  4906  4906 D GStreamer+bin: 0:02:27.667762964 0xe8df3e00 gstbin.c:2539:gst_bin_element_set_state:<pipeline1> setting element forhalffps to PAUSED, base_time 0:00:00.000000000
06-06 22:07:23.837  4906  4906 D GStreamer+GST_STATES: 0:02:27.667788224 0xe8df3e00 gstelement.c:2525:gst_element_set_state_func:<forhalffps> set_state to PAUSED
06-06 22:07:23.837  4906  4906 D GStreamer+GST_STATES: 0:02:27.667807079 0xe8df3e00 gstelement.c:2550:gst_element_set_state_func:<forhalffps> setting target state to PAUSED
06-06 22:07:23.837  4906  4906 D GStreamer+GST_STATES: 0:02:27.667824474 0xe8df3e00 gstelement.c:2563:gst_element_set_state_func:<forhalffps> current READY, old_pending VOID_PENDING, next VOID_PENDING, old return SUCCESS
06-06 22:07:23.837  4906  4906 D GStreamer+GST_STATES: 0:02:27.667845672 0xe8df3e00 gstelement.c:2597:gst_element_set_state_func:<forhalffps> final: setting state from READY to PAUSED
06-06 22:07:23.837  4906  4906 D GStreamer+GST_ELEMENT_PADS: 0:02:27.667869006 0xe8df3e00 gstelement.c:2795:gst_element_pads_activate:<forhalffps> activate pads
06-06 22:07:23.837  4906  4906 D GStreamer+GST_PADS: 0:02:27.667890516 0xe8df3e00 gstpad.c:1063:gst_pad_set_active:<forhalffps:src> activating pad from none
06-06 22:07:23.837  4906  4906 D GStreamer+GST_PADS: 0:02:27.667908381 0xe8df3e00 gstpad.c:979:pre_activate:<forhalffps:src> setting pad into push mode, unset flushing
06-06 22:07:23.837  4906  4906 D GStreamer+GST_PADS: 0:02:27.667927287 0xe8df3e00 gstpad.c:1188:activate_mode_internal:<forhalffps:src> activated in push mode
06-06 22:07:23.837  4906  4906 D GStreamer+GST_PADS: 0:02:27.667949110 0xe8df3e00 gstpad.c:1063:gst_pad_set_active:<forhalffps:sink> activating pad from none
06-06 22:07:23.837  4906  4906 D GStreamer+GST_PADS: 0:02:27.667966974 0xe8df3e00 gstpad.c:979:pre_activate:<forhalffps:sink> setting pad into push mode, unset flushing
06-06 22:07:23.837  4906  4906 D GStreamer+GST_PADS: 0:02:27.667985412 0xe8df3e00 gstpad.c:991:pre_activate:<forhalffps:sink> reschedule events on peer queue3:src
06-06 22:07:23.837  4906  4906 D GStreamer+GST_CAPS: 0:02:27.668006193 0xe8df3e00 gstpad.c:2672:gst_pad_get_current_caps:<forhalffps:sink> get current pad caps (NULL)
06-06 22:07:23.837  4906  4906 D GStreamer+GST_CAPS: 0:02:27.668028537 0xe8df3e00 gstpad.c:2672:gst_pad_get_current_caps:<forhalffps:src> get current pad caps (NULL)
06-06 22:07:23.837  4906  4906 D GStreamer+basetransform: 0:02:27.668049058 0xe8df3e00 gstbasetransform.c:2449:gst_base_transform_activate:<forhalffps> have_same_caps 0
06-06 22:07:23.837  4906  4906 D GStreamer+GST_PADS: 0:02:27.668068641 0xe8df3e00 gstpad.c:1188:activate_mode_internal:<forhalffps:sink> activated in push mode
06-06 22:07:23.837  4906  4906 D GStreamer+GST_ELEMENT_PADS: 0:02:27.668090360 0xe8df3e00 gstelement.c:2814:gst_element_pads_activate:<forhalffps> pad activation successful
06-06 22:07:23.837  4906  4906 D GStreamer+GST_STATES: 0:02:27.668109995 0xe8df3e00 gstelement.c:2686:gst_element_change_state:<forhalffps> element changed state SUCCESS
06-06 22:07:23.837  4906  4906 I GStreamer+GST_STATES: 0:02:27.668127808 0xe8df3e00 gstelement.c:2374:gst_element_continue_state:<forhalffps> completed state change to PAUSED
06-06 22:07:23.837  4906  4906 I GStreamer+GST_STATES: 0:02:27.668146610 0xe8df3e00 gstelement.c:2279:_priv_gst_element_state_changed:<forhalffps> notifying about state-changed READY to PAUSED (VOID_PENDING pending)
06-06 22:07:23.837  4906  4906 D GStreamer+GST_BUS: 0:02:27.668171349 0xe8df3e00 gstbus.c:309:gst_bus_post:<bus8> [msg 0xe915d330] posting on bus state-changed message: 0xe915d330, time 99:99:99.999999999, seq-num 545, element 'forhalffps', GstMessageStateChanged, old-state=(GstState)GST_STATE_READY, new-state=(GstState)GST_STATE_PAUSED, pending-state=(GstState)GST_STATE_VOID_PENDING;
06-06 22:07:23.837  4906  4906 D GStreamer+bin: 0:02:27.668214995 0xe8df3e00 gstbin.c:3654:gst_bin_handle_message_func:<pipeline1> [msg 0xe915d330] handling child forhalffps message of type state-changed
06-06 22:07:23.837  4906  4906 D GStreamer+bin: 0:02:27.668237131 0xe8df3e00 gstbin.c:3991:gst_bin_handle_message_func:<pipeline1> posting message upward
06-06 22:07:23.837  4906  4906 D GStreamer+GST_BUS: 0:02:27.668254735 0xe8df3e00 gstbus.c:309:gst_bus_post:<bus9> [msg 0xe915d330] posting on bus state-changed message: 0xe915d330, time 99:99:99.999999999, seq-num 545, element 'forhalffps', GstMessageStateChanged, old-state=(GstState)GST_STATE_READY, new-state=(GstState)GST_STATE_PAUSED, pending-state=(GstState)GST_STATE_VOID_PENDING;
06-06 22:07:23.837  4906  4906 D GStreamer+GST_BUS: 0:02:27.668294943 0xe8df3e00 gstbus.c:348:gst_bus_post:<bus9> [msg 0xe915d330] pushing on async queue
06-06 22:07:23.837  4906  4906 D GStreamer+GST_BUS: 0:02:27.668318016 0xe8df3e00 gstbus.c:351:gst_bus_post:<bus9> [msg 0xe915d330] pushed on async queue
06-06 22:07:23.837  4906  4906 D GStreamer+GST_BUS: 0:02:27.668337443 0xe8df3e00 gstbus.c:344:gst_bus_post:<bus8> [msg 0xe915d330] dropped
06-06 22:07:23.837  4906  5116 D GStreamer+GST_BUS: 0:02:27.668336349 0xe93d1d00 gstbus.c:521:gst_bus_timed_pop_filtered:<bus9> got message 0xe915d330, state-changed from forhalffps, type mask is 4294967295
06-06 22:07:23.837  4906  4906 D GStreamer+GST_STATES: 0:02:27.668362183 0xe8df3e00 gstelement.c:2609:gst_element_set_state_func:<forhalffps> returned SUCCESS
06-06 22:07:23.837  4906  4906 I GStreamer+GST_STATES: 0:02:27.668380985 0xe8df3e00 gstbin.c:2892:gst_bin_change_state_func:<pipeline1> child 'forhalffps' changed state to 3(PAUSED) successfully
06-06 22:07:23.837  4906  5116 D GStreamer+GST_BUS: 0:02:27.668370881 0xe93d1d00 gstbus.c:789:gst_bus_source_dispatch:<bus9> source 0xe95618d8 calling dispatch with state-changed message: 0xe915d330, time 99:99:99.999999999, seq-num 545, element 'forhalffps', GstMessageStateChanged, old-state=(GstState)GST_STATE_READY, new-state=(GstState)GST_STATE_PAUSED, pending-state=(GstState)GST_STATE_VOID_PENDING;
06-06 22:07:23.837  4906  4906 D GStreamer+bin: 0:02:27.668410412 0xe8df3e00 gstbin.c:2310:gst_bin_sort_iterator_next:<pipeline1> queue head gives queue3
06-06 22:07:23.837  4906  4906 D GStreamer+bin: 0:02:27.668438589 0xe8df3e00 gstbin.c:911:find_message:<pipeline1> no message found matching types 00001000
06-06 22:07:23.837  4906  4906 D GStreamer+bin: 0:02:27.668458329 0xe8df3e00 gstbin.c:918:find_message:<pipeline1>   structure-change
06-06 22:07:23.837  4906  5116 D GStreamer+GST_BUS: 0:02:27.668458224 0xe93d1d00 gstbus.c:794:gst_bus_source_dispatch:<bus9> source 0xe95618d8 handler returns 1
06-06 22:07:23.837  4906  4906 D GStreamer+bin: 0:02:27.668480777 0xe8df3e00 gstbin.c:2249:update_degree:<pipeline1> element queue3 not linked on any sinkpads
06-06 22:07:23.837  4906  4906 I GStreamer+GST_STATES: 0:02:27.668500204 0xe8df3e00 gstbin.c:2444:gst_bin_element_set_state:<queue3> current READY pending VOID_PENDING, desired next PAUSED
06-06 22:07:23.837  4906  4906 D GStreamer+bin: 0:02:27.668521818 0xe8df3e00 gstbin.c:911:find_message:<pipeline1> no message found matching types 00100000
06-06 22:07:23.837  4906  4906 D GStreamer+bin: 0:02:27.668540516 0xe8df3e00 gstbin.c:918:find_message:<pipeline1>   async-start
06-06 22:07:23.837  4906  4906 D GStreamer+bin: 0:02:27.668558797 0xe8df3e00 gstbin.c:2539:gst_bin_element_set_state:<pipeline1> setting element queue3 to PAUSED, base_time 0:00:00.000000000
06-06 22:07:23.838  4906  4906 D GStreamer+GST_STATES: 0:02:27.668582339 0xe8df3e00 gstelement.c:2525:gst_element_set_state_func:<queue3> set_state to PAUSED
06-06 22:07:23.838  4906  4906 D GStreamer+GST_STATES: 0:02:27.668601037 0xe8df3e00 gstelement.c:2550:gst_element_set_state_func:<queue3> setting target state to PAUSED
06-06 22:07:23.838  4906  4906 D GStreamer+GST_STATES: 0:02:27.668619631 0xe8df3e00 gstelement.c:2563:gst_element_set_state_func:<queue3> current READY, old_pending VOID_PENDING, next VOID_PENDING, old return SUCCESS
06-06 22:07:23.838  4906  4906 D GStreamer+GST_STATES: 0:02:27.668641870 0xe8df3e00 gstelement.c:2597:gst_element_set_state_func:<queue3> final: setting state from READY to PAUSED
06-06 22:07:23.838  4906  4906 D GStreamer+GST_ELEMENT_PADS: 0:02:27.668664058 0xe8df3e00 gstelement.c:2795:gst_element_pads_activate:<queue3> activate pads
06-06 22:07:23.838  4906  4906 D GStreamer+GST_PADS: 0:02:27.668685777 0xe8df3e00 gstpad.c:1063:gst_pad_set_active:<queue3:src> activating pad from none
06-06 22:07:23.838  4906  4906 D GStreamer+GST_PADS: 0:02:27.668705047 0xe8df3e00 gstpad.c:979:pre_activate:<queue3:src> setting pad into push mode, unset flushing
06-06 22:07:23.838  4906  4906 D GStreamer+GST_PADS: 0:02:27.668725724 0xe8df3e00 gstpad.c:5978:gst_pad_start_task:<queue3:src> start task
06-06 22:07:23.838  4906  4906 D GStreamer+task: 0:02:27.668760777 0xe8df3e00 gsttask.c:427:gst_task_new Created task 0xe92f62c8
06-06 22:07:23.838  4906  4906 I GStreamer+task: 0:02:27.668779318 0xe8df3e00 gsttask.c:453:gst_task_set_lock setting stream lock 0xe9160464 on task 0xe92f62c8
06-06 22:07:23.838  4906  4906 I GStreamer+GST_PADS: 0:02:27.668798381 0xe8df3e00 gstpad.c:5987:gst_pad_start_task:<queue3:src> created task 0xe92f62c8
06-06 22:07:23.838  4906  4906 D GStreamer+GST_PADS: 0:02:27.668817964 0xe8df3e00 gstpad.c:5904:do_stream_status:<queue3:src> doing stream-status 0
06-06 22:07:23.838  4906  4906 D GStreamer+GST_PADS: 0:02:27.668842547 0xe8df3e00 gstpad.c:5933:do_stream_status:<queue3:src> posting stream-status 0
06-06 22:07:23.838  4906  4906 D GStreamer+GST_BUS: 0:02:27.668862808 0xe8df3e00 gstbus.c:309:gst_bus_post:<bus8> [msg 0xe915d388] posting on bus stream-status message: 0xe915d388, time 99:99:99.999999999, seq-num 546, element 'src', GstMessageStreamStatus, type=(GstStreamStatusType)GST_STREAM_STATUS_TYPE_CREATE, owner=(GstElement)"\(GstQueue\)\ queue3", object=(GstTask)"\(GstTask\)\ task5";
06-06 22:07:23.838  4906  4906 D GStreamer+bin: 0:02:27.668914995 0xe8df3e00 gstbin.c:3654:gst_bin_handle_message_func:<pipeline1> [msg 0xe915d388] handling child src message of type stream-status
06-06 22:07:23.838  4906  4906 D GStreamer+bin: 0:02:27.668936558 0xe8df3e00 gstbin.c:3991:gst_bin_handle_message_func:<pipeline1> posting message upward
06-06 22:07:23.838  4906  4906 D GStreamer+GST_BUS: 0:02:27.668954318 0xe8df3e00 gstbus.c:309:gst_bus_post:<bus9> [msg 0xe915d388] posting on bus stream-status message: 0xe915d388, time 99:99:99.999999999, seq-num 546, element 'src', GstMessageStreamStatus, type=(GstStreamStatusType)GST_STREAM_STATUS_TYPE_CREATE, owner=(GstElement)"\(GstQueue\)\ queue3", object=(GstTask)"\(GstTask\)\ task5";
06-06 22:07:23.838  4906  4906 D GStreamer+GST_BUS: 0:02:27.669003589 0xe8df3e00 gstbus.c:348:gst_bus_post:<bus9> [msg 0xe915d388] pushing on async queue
06-06 22:07:23.838  4906  4906 D GStreamer+GST_BUS: 0:02:27.669027391 0xe8df3e00 gstbus.c:351:gst_bus_post:<bus9> [msg 0xe915d388] pushed on async queue
06-06 22:07:23.838  4906  4906 D GStreamer+GST_BUS: 0:02:27.669046922 0xe8df3e00 gstbus.c:344:gst_bus_post:<bus8> [msg 0xe915d388] dropped
06-06 22:07:23.838  4906  5116 D GStreamer+GST_BUS: 0:02:27.669040985 0xe93d1d00 gstbus.c:521:gst_bus_timed_pop_filtered:<bus9> got message 0xe915d388, stream-status from src, type mask is 4294967295
06-06 22:07:23.838  4906  4906 D GStreamer+task: 0:02:27.669073589 0xe8df3e00 gsttask.c:684:gst_task_set_state:<task5> Changing task 0xe92f62c8 to state 0
06-06 22:07:23.838  4906  5116 D GStreamer+GST_BUS: 0:02:27.669075568 0xe93d1d00 gstbus.c:789:gst_bus_source_dispatch:<bus9> source 0xe95618d8 calling dispatch with stream-status message: 0xe915d388, time 99:99:99.999999999, seq-num 546, element 'src', GstMessageStreamStatus, type=(GstStreamStatusType)GST_STREAM_STATUS_TYPE_CREATE, owner=(GstElement)"\(GstQueue\)\ queue3", object=(GstTask)"\(GstTask\)\ task5";
06-06 22:07:23.838  4906  4906 D GStreamer+GST_PADS: 0:02:27.669134474 0xe8df3e00 gstpad.c:1188:activate_mode_internal:<queue3:src> activated in push mode
06-06 22:07:23.838  4906  5116 D GStreamer+GST_BUS: 0:02:27.669141402 0xe93d1d00 gstbus.c:794:gst_bus_source_dispatch:<bus9> source 0xe95618d8 handler returns 1
06-06 22:07:23.838  4906  5125 D GStreamer+task: 0:02:27.669155204 0xe900d150 gsttask.c:289:gst_task_func Entering task 0xe92f62c8, thread 0xe900d150
06-06 22:07:23.838  4906  4906 D GStreamer+GST_PADS: 0:02:27.669165256 0xe8df3e00 gstpad.c:1063:gst_pad_set_active:<queue3:sink> activating pad from none
06-06 22:07:23.838  4906  5125 D GStreamer+GST_PADS: 0:02:27.669184995 0xe900d150 gstpad.c:5904:do_stream_status:<queue3:src> doing stream-status 1
06-06 22:07:23.838  4906  4906 D GStreamer+GST_PADS: 0:02:27.669188381 0xe8df3e00 gstpad.c:979:pre_activate:<queue3:sink> setting pad into push mode, unset flushing
06-06 22:07:23.838  4906  4906 D GStreamer+GST_PADS: 0:02:27.669212756 0xe8df3e00 gstpad.c:1188:activate_mode_internal:<queue3:sink> activated in push mode
06-06 22:07:23.838  4906  5125 D GStreamer+GST_PADS: 0:02:27.669227912 0xe900d150 gstpad.c:5933:do_stream_status:<queue3:src> posting stream-status 1
06-06 22:07:23.838  4906  4906 D GStreamer+GST_ELEMENT_PADS: 0:02:27.669238589 0xe8df3e00 gstelement.c:2814:gst_element_pads_activate:<queue3> pad activation successful
06-06 22:07:23.838  4906  4906 D GStreamer+GST_STATES: 0:02:27.669258277 0xe8df3e00 gstelement.c:2686:gst_element_change_state:<queue3> element changed state SUCCESS
06-06 22:07:23.838  4906  4906 I GStreamer+GST_STATES: 0:02:27.669275516 0xe8df3e00 gstelement.c:2374:gst_element_continue_state:<queue3> completed state change to PAUSED
06-06 22:07:23.838  4906  5125 D GStreamer+GST_BUS: 0:02:27.669250464 0xe900d150 gstbus.c:309:gst_bus_post:<bus8> [msg 0xe915d1d0] posting on bus stream-status message: 0xe915d1d0, time 99:99:99.999999999, seq-num 547, element 'src', GstMessageStreamStatus, type=(GstStreamStatusType)GST_STREAM_STATUS_TYPE_ENTER, owner=(GstElement)"\(GstQueue\)\ queue3", object=(GstTask)"\(GstTask\)\ queue3:src";
06-06 22:07:23.838  4906  4906 I GStreamer+GST_STATES: 0:02:27.669299631 0xe8df3e00 gstelement.c:2279:_priv_gst_element_state_changed:<queue3> notifying about state-changed READY to PAUSED (VOID_PENDING pending)
06-06 22:07:23.838  4906  5125 D GStreamer+bin: 0:02:27.669319006 0xe900d150 gstbin.c:3654:gst_bin_handle_message_func:<pipeline1> [msg 0xe915d1d0] handling child src message of type stream-status
06-06 22:07:23.838  4906  5125 D GStreamer+bin: 0:02:27.669349787 0xe900d150 gstbin.c:3991:gst_bin_handle_message_func:<pipeline1> posting message upward
06-06 22:07:23.838  4906  4906 D GStreamer+GST_BUS: 0:02:27.669329631 0xe8df3e00 gstbus.c:309:gst_bus_post:<bus8> [msg 0xe92ef978] posting on bus state-changed message: 0xe92ef978, time 99:99:99.999999999, seq-num 548, element 'queue3', GstMessageStateChanged, old-state=(GstState)GST_STATE_READY, new-state=(GstState)GST_STATE_PAUSED, pending-state=(GstState)GST_STATE_VOID_PENDING;
06-06 22:07:23.838  4906  4906 D GStreamer+bin: 0:02:27.669379683 0xe8df3e00 gstbin.c:3654:gst_bin_handle_message_func:<pipeline1> [msg 0xe92ef978] handling child queue3 message of type state-changed
06-06 22:07:23.838  4906  4906 D GStreamer+bin: 0:02:27.669406662 0xe8df3e00 gstbin.c:3991:gst_bin_handle_message_func:<pipeline1> posting message upward
06-06 22:07:23.838  4906  4906 D GStreamer+GST_BUS: 0:02:27.669444579 0xe8df3e00 gstbus.c:309:gst_bus_post:<bus9> [msg 0xe92ef978] posting on bus state-changed message: 0xe92ef978, time 99:99:99.999999999, seq-num 548, element 'queue3', GstMessageStateChanged, old-state=(GstState)GST_STATE_READY, new-state=(GstState)GST_STATE_PAUSED, pending-state=(GstState)GST_STATE_VOID_PENDING;
06-06 22:07:23.838  4906  4906 D GStreamer+GST_BUS: 0:02:27.669487704 0xe8df3e00 gstbus.c:348:gst_bus_post:<bus9> [msg 0xe92ef978] pushing on async queue
06-06 22:07:23.838  4906  4906 D GStreamer+GST_BUS: 0:02:27.669510412 0xe8df3e00 gstbus.c:351:gst_bus_post:<bus9> [msg 0xe92ef978] pushed on async queue
06-06 22:07:23.838  4906  4906 D GStreamer+GST_BUS: 0:02:27.669529787 0xe8df3e00 gstbus.c:344:gst_bus_post:<bus8> [msg 0xe92ef978] dropped
06-06 22:07:23.838  4906  4906 D GStreamer+GST_STATES: 0:02:27.669548589 0xe8df3e00 gstelement.c:2609:gst_element_set_state_func:<queue3> returned SUCCESS
06-06 22:07:23.838  4906  5116 D GStreamer+GST_BUS: 0:02:27.669553485 0xe93d1d00 gstbus.c:521:gst_bus_timed_pop_filtered:<bus9> got message 0xe92ef978, state-changed from queue3, type mask is 4294967295
06-06 22:07:23.838  4906  4906 I GStreamer+GST_STATES: 0:02:27.669567183 0xe8df3e00 gstbin.c:2892:gst_bin_change_state_func:<pipeline1> child 'queue3' changed state to 3(PAUSED) successfully
06-06 22:07:23.839  4906  4906 D GStreamer+bin: 0:02:27.669595047 0xe8df3e00 gstbin.c:2295:gst_bin_sort_iterator_next:<pipeline1> queue empty, next best: decodebin2
06-06 22:07:23.839  4906  5116 D GStreamer+GST_BUS: 0:02:27.669583849 0xe93d1d00 gstbus.c:789:gst_bus_source_dispatch:<bus9> source 0xe95618d8 calling dispatch with state-changed message: 0xe92ef978, time 99:99:99.999999999, seq-num 548, element 'queue3', GstMessageStateChanged, old-state=(GstState)GST_STATE_READY, new-state=(GstState)GST_STATE_PAUSED, pending-state=(GstState)GST_STATE_VOID_PENDING;
06-06 22:07:23.839  4906  4906 D GStreamer+bin: 0:02:27.669618589 0xe8df3e00 gstbin.c:2310:gst_bin_sort_iterator_next:<pipeline1> queue head gives decodebin2
06-06 22:07:23.839  4906  4906 D GStreamer+bin: 0:02:27.669637860 0xe8df3e00 gstbin.c:911:find_message:<pipeline1> no message found matching types 00001000
06-06 22:07:23.839  4906  5116 D GStreamer+GST_BUS: 0:02:27.669647079 0xe93d1d00 gstbus.c:794:gst_bus_source_dispatch:<bus9> source 0xe95618d8 handler returns 1
06-06 22:07:23.839  4906  4906 D GStreamer+bin: 0:02:27.669655308 0xe8df3e00 gstbin.c:918:find_message:<pipeline1>   structure-change
06-06 22:07:23.839  4906  4906 D GStreamer+bin: 0:02:27.669676766 0xe8df3e00 gstbin.c:2226:update_degree:<pipeline1> change element queue4, degree 1->0, linked to decodebin2
06-06 22:07:23.839  4906  4906 D GStreamer+bin: 0:02:27.669699422 0xe8df3e00 gstbin.c:2109:add_to_queue:<pipeline1> adding 'queue4' to queue
06-06 22:07:23.839  4906  4906 I GStreamer+GST_STATES: 0:02:27.669720360 0xe8df3e00 gstbin.c:2444:gst_bin_element_set_state:<decodebin2> current READY pending VOID_PENDING, desired next PAUSED
06-06 22:07:23.839  4906  4906 D GStreamer+bin: 0:02:27.669802131 0xe8df3e00 gstbin.c:911:find_message:<pipeline1> no message found matching types 00100000
06-06 22:07:23.839  4906  4906 D GStreamer+bin: 0:02:27.669828120 0xe8df3e00 gstbin.c:918:find_message:<pipeline1>   async-start
06-06 22:07:23.839  4906  4906 D GStreamer+bin: 0:02:27.669844891 0xe8df3e00 gstbin.c:2539:gst_bin_element_set_state:<pipeline1> setting element decodebin2 to PAUSED, base_time 0:00:00.000000000
06-06 22:07:23.839  4906  4906 D GStreamer+GST_STATES: 0:02:27.669868954 0xe8df3e00 gstelement.c:2525:gst_element_set_state_func:<decodebin2> set_state to PAUSED
06-06 22:07:23.839  4906  4906 D GStreamer+GST_STATES: 0:02:27.669888120 0xe8df3e00 gstelement.c:2550:gst_element_set_state_func:<decodebin2> setting target state to PAUSED
06-06 22:07:23.839  4906  4906 D GStreamer+GST_STATES: 0:02:27.669905308 0xe8df3e00 gstelement.c:2563:gst_element_set_state_func:<decodebin2> current READY, old_pending VOID_PENDING, next VOID_PENDING, old return SUCCESS
06-06 22:07:23.839  4906  4906 D GStreamer+GST_STATES: 0:02:27.669927391 0xe8df3e00 gstelement.c:2597:gst_element_set_state_func:<decodebin2> final: setting state from READY to PAUSED
06-06 22:07:23.839  4906  4906 D GStreamer+bin: 0:02:27.669953016 0xe8df3e00 gstbin.c:3654:gst_bin_handle_message_func:<decodebin2> [msg 0xe92f6968] handling child decodebin2 message of type async-start
06-06 22:07:23.839  4906  4906 D GStreamer+bin: 0:02:27.669975099 0xe8df3e00 gstbin.c:3844:gst_bin_handle_message_func:<decodebin2> ASYNC_START message 0xe92f6968, decodebin2
06-06 22:07:23.839  4906  4906 D GStreamer+bin: 0:02:27.669994943 0xe8df3e00 gstbin.c:911:find_message:<decodebin2> no message found matching types 00100000
06-06 22:07:23.839  4906  4906 D GStreamer+bin: 0:02:27.670012287 0xe8df3e00 gstbin.c:918:find_message:<decodebin2>   async-start
06-06 22:07:23.839  4906  4906 D GStreamer+bin: 0:02:27.670029683 0xe8df3e00 gstbin.c:958:bin_replace_message:<decodebin2> got new message 0xe92f6968, async-start from decodebin2
06-06 22:07:23.839  4906  4906 D GStreamer+GST_STATES: 0:02:27.670050672 0xe8df3e00 gstbin.c:3304:bin_handle_async_start:<decodebin2> state change busy
06-06 22:07:23.839  4906  4906 D GStreamer+bin: 0:02:27.670069110 0xe8df3e00 gstbin.c:3290:bin_handle_async_start:<decodebin2> posting ASYNC_START to parent
06-06 22:07:23.839  4906  4906 D GStreamer+GST_BUS: 0:02:27.670085829 0xe8df3e00 gstbus.c:309:gst_bus_post:<bus8> [msg 0xe92ef780] posting on bus async-start message: 0xe92ef780, time 99:99:99.999999999, seq-num 550, element 'decodebin2', (NULL)
06-06 22:07:23.839  4906  4906 D GStreamer+bin: 0:02:27.670118329 0xe8df3e00 gstbin.c:3654:gst_bin_handle_message_func:<pipeline1> [msg 0xe92ef780] handling child decodebin2 message of type async-start
06-06 22:07:23.839  4906  4906 D GStreamer+bin: 0:02:27.670140308 0xe8df3e00 gstbin.c:3844:gst_bin_handle_message_func:<pipeline1> ASYNC_START message 0xe92ef780, decodebin2
06-06 22:07:23.839  4906  4906 D GStreamer+bin: 0:02:27.670159995 0xe8df3e00 gstbin.c:911:find_message:<pipeline1> no message found matching types 00100000
06-06 22:07:23.839  4906  4906 D GStreamer+bin: 0:02:27.670177912 0xe8df3e00 gstbin.c:918:find_message:<pipeline1>   async-start
06-06 22:07:23.839  4906  4906 D GStreamer+bin: 0:02:27.670194839 0xe8df3e00 gstbin.c:958:bin_replace_message:<pipeline1> got new message 0xe92ef780, async-start from decodebin2
06-06 22:07:23.839  4906  4906 D GStreamer+GST_STATES: 0:02:27.670214370 0xe8df3e00 gstbin.c:3304:bin_handle_async_start:<pipeline1> state change busy
06-06 22:07:23.839  4906  4906 D GStreamer+GST_BUS: 0:02:27.670230620 0xe8df3e00 gstbus.c:344:gst_bus_post:<bus8> [msg 0xe92ef780] dropped
06-06 22:07:23.839  4906  4906 D GStreamer+GST_STATES: 0:02:27.670257808 0xe8df3e00 gstbin.c:2792:gst_bin_change_state_func:<decodebin2> changing state of children from READY to PAUSED
06-06 22:07:23.839  4906  4906 D GStreamer+bin: 0:02:27.670279943 0xe8df3e00 gstbin.c:2816:gst_bin_change_state_func:<decodebin2> clearing EOS elements
06-06 22:07:23.839  4906  4906 D GStreamer+bin: 0:02:27.670296089 0xe8df3e00 gstbin.c:992:bin_remove_messages:<decodebin2> not deleting message 0xe92f6968 of type 0x00100000
06-06 22:07:23.839  4906  4906 D GStreamer+bin: 0:02:27.670314631 0xe8df3e00 gstbin.c:992:bin_remove_messages:<decodebin2> not deleting message 0xe92f6968 of type 0x00100000
06-06 22:07:23.839  4906  4906 D GStreamer+bin: 0:02:27.670333224 0xe8df3e00 gstbin.c:2637:gst_bin_src_pads_activate:<decodebin2> activate pads
06-06 22:07:23.839  4906  4906 D GStreamer+bin: 0:02:27.670354995 0xe8df3e00 gstbin.c:2645:gst_bin_src_pads_activate:<decodebin2> pad activation successful
06-06 22:07:23.839  4906  4906 D GStreamer+bin: 0:02:27.670376037 0xe8df3e00 gstbin.c:2323:gst_bin_sort_iterator_resync:<decodebin2> resync
06-06 22:07:23.839  4906  4906 D GStreamer+bin: 0:02:27.670395568 0xe8df3e00 gstbin.c:911:find_message:<decodebin2> no message found matching types 00001000
06-06 22:07:23.839  4906  4906 D GStreamer+bin: 0:02:27.670413641 0xe8df3e00 gstbin.c:918:find_message:<decodebin2>   structure-change
06-06 22:07:23.839  4906  4906 D GStreamer+bin: 0:02:27.670449943 0xe8df3e00 gstbin.c:2249:update_degree:<decodebin2> element typefind not linked on any sinkpads
06-06 22:07:23.839  4906  4906 D GStreamer+bin: 0:02:27.670470360 0xe8df3e00 gstbin.c:2295:gst_bin_sort_iterator_next:<decodebin2> queue empty, next best: typefind
06-06 22:07:23.839  4906  4906 D GStreamer+bin: 0:02:27.670488745 0xe8df3e00 gstbin.c:2310:gst_bin_sort_iterator_next:<decodebin2> queue head gives typefind
06-06 22:07:23.839  4906  4906 D GStreamer+bin: 0:02:27.670505829 0xe8df3e00 gstbin.c:911:find_message:<decodebin2> no message found matching types 00001000
06-06 22:07:23.839  4906  4906 D GStreamer+bin: 0:02:27.670522599 0xe8df3e00 gstbin.c:918:find_message:<decodebin2>   structure-change
06-06 22:07:23.839  4906  4906 D GStreamer+bin: 0:02:27.670541974 0xe8df3e00 gstbin.c:2249:update_degree:<decodebin2> element typefind not linked on any sinkpads
06-06 22:07:23.839  4906  4906 I GStreamer+GST_STATES: 0:02:27.670561454 0xe8df3e00 gstbin.c:2444:gst_bin_element_set_state:<typefind> current READY pending VOID_PENDING, desired next PAUSED
06-06 22:07:23.840  4906  4906 D GStreamer+bin: 0:02:27.670583745 0xe8df3e00 gstbin.c:911:find_message:<decodebin2> no message found matching types 00100000
06-06 22:07:23.840  4906  4906 D GStreamer+bin: 0:02:27.670601089 0xe8df3e00 gstbin.c:918:find_message:<decodebin2>   async-start
06-06 22:07:23.840  4906  4906 D GStreamer+bin: 0:02:27.670618016 0xe8df3e00 gstbin.c:2539:gst_bin_element_set_state:<decodebin2> setting element typefind to PAUSED, base_time 0:00:00.000000000
06-06 22:07:23.840  4906  4906 D GStreamer+GST_STATES: 0:02:27.670640568 0xe8df3e00 gstelement.c:2525:gst_element_set_state_func:<typefind> set_state to PAUSED
06-06 22:07:23.840  4906  4906 D GStreamer+GST_STATES: 0:02:27.670658433 0xe8df3e00 gstelement.c:2550:gst_element_set_state_func:<typefind> setting target state to PAUSED
06-06 22:07:23.840  4906  4906 D GStreamer+GST_STATES: 0:02:27.670676402 0xe8df3e00 gstelement.c:2563:gst_element_set_state_func:<typefind> current READY, old_pending VOID_PENDING, next VOID_PENDING, old return SUCCESS
06-06 22:07:23.840  4906  4906 D GStreamer+GST_STATES: 0:02:27.670697287 0xe8df3e00 gstelement.c:2597:gst_element_set_state_func:<typefind> final: setting state from READY to PAUSED
06-06 22:07:23.840  4906  4906 D GStreamer+GST_ELEMENT_PADS: 0:02:27.670719474 0xe8df3e00 gstelement.c:2795:gst_element_pads_activate:<typefind> activate pads
06-06 22:07:23.840  4906  4906 D GStreamer+GST_PADS: 0:02:27.670741193 0xe8df3e00 gstpad.c:1063:gst_pad_set_active:<typefind:src> activating pad from none
06-06 22:07:23.840  4906  4906 D GStreamer+GST_PADS: 0:02:27.670759631 0xe8df3e00 gstpad.c:979:pre_activate:<typefind:src> setting pad into push mode, unset flushing
06-06 22:07:23.840  4906  4906 D GStreamer+GST_PADS: 0:02:27.670777964 0xe8df3e00 gstpad.c:1188:activate_mode_internal:<typefind:src> activated in push mode
06-06 22:07:23.840  4906  4906 D GStreamer+GST_PADS: 0:02:27.670799735 0xe8df3e00 gstpad.c:1063:gst_pad_set_active:<typefind:sink> activating pad from none
06-06 22:07:23.840  4906  4906 D GStreamer+query: 0:02:27.670822287 0xe8df3e00 gstquery.c:674:gst_query_new_custom creating new query 0xe900d180 scheduling
06-06 22:07:23.840  4906  5125 D GStreamer+GST_BUS: 0:02:27.669369995 0xe900d150 gstbus.c:309:gst_bus_post:<bus9> [msg 0xe915d1d0] posting on bus stream-status message: 0xe915d1d0, time 99:99:99.999999999, seq-num 547, element 'src', GstMessageStreamStatus, type=(GstStreamStatusType)GST_STREAM_STATUS_TYPE_ENTER, owner=(GstElement)"\(GstQueue\)\ queue3", object=(GstTask)"\(GstTask\)\ queue3:src";
06-06 22:07:23.840  4906  4906 D GStreamer+GST_PADS: 0:02:27.670843797 0xe8df3e00 gstpad.c:4049:gst_pad_peer_query:<typefind:sink> peer query 0xe900d180 (scheduling)
06-06 22:07:23.840  4906  5125 D GStreamer+GST_BUS: 0:02:27.670866558 0xe900d150 gstbus.c:348:gst_bus_post:<bus9> [msg 0xe915d1d0] pushing on async queue
06-06 22:07:23.840  4906  4906 D GStreamer+GST_PADS: 0:02:27.670868745 0xe8df3e00 gstpad.c:3922:gst_pad_query:<sink:proxypad5> doing query 0xe900d180 (scheduling)
06-06 22:07:23.840  4906  4906 D GStreamer+GST_PADS: 0:02:27.670898902 0xe8df3e00 gstpad.c:3367:gst_pad_query_default:<sink:proxypad5> forwarding 0xe900d180 (scheduling) query
06-06 22:07:23.840  4906  5125 D GStreamer+GST_BUS: 0:02:27.670901610 0xe900d150 gstbus.c:351:gst_bus_post:<bus9> [msg 0xe915d1d0] pushed on async queue
06-06 22:07:23.840  4906  5125 D GStreamer+GST_BUS: 0:02:27.670928589 0xe900d150 gstbus.c:344:gst_bus_post:<bus8> [msg 0xe915d1d0] dropped
06-06 22:07:23.840  4906  4906 D GStreamer+GST_PADS: 0:02:27.670928537 0xe8df3e00 gstpad.c:4049:gst_pad_peer_query:<decodebin2:sink> peer query 0xe900d180 (scheduling)
06-06 22:07:23.840  4906  5125 D GStreamer+task: 0:02:27.670969370 0xe900d150 gsttask.c:251:gst_task_configure_name:<queue3:src> Setting thread name to 'queue3:src'
06-06 22:07:23.840  4906  5116 D GStreamer+GST_BUS: 0:02:27.670920881 0xe93d1d00 gstbus.c:521:gst_bus_timed_pop_filtered:<bus9> got message 0xe915d1d0, stream-status from src, type mask is 4294967295
06-06 22:07:23.840  4906  4906 D GStreamer+GST_PADS: 0:02:27.670985620 0xe8df3e00 gstpad.c:3922:gst_pad_query:<queue4:src> doing query 0xe900d180 (scheduling)
06-06 22:07:23.840  4906  5125 D GStreamer+queue_dataflow: 0:02:27.670992912 0xe900d150 gstqueue.c:1488:gst_queue_loop:<queue3> queue is empty
06-06 22:07:23.840  4906  4906 D GStreamer+GST_PADS: 0:02:27.671012704 0xe8df3e00 gstpad.c:3945:gst_pad_query:<queue4:src> sent query 0xe900d180 (scheduling), result 1
06-06 22:07:23.840  4906  4906 D GStreamer+GST_PADS: 0:02:27.671040099 0xe8df3e00 gstpad.c:3945:gst_pad_query:<sink:proxypad5> sent query 0xe900d180 (scheduling), result 1
06-06 22:07:23.840  4906  5116 D GStreamer+GST_BUS: 0:02:27.670999579 0xe93d1d00 gstbus.c:789:gst_bus_source_dispatch:<bus9> source 0xe95618d8 calling dispatch with stream-status message: 0xe915d1d0, time 99:99:99.999999999, seq-num 547, element 'src', GstMessageStreamStatus, type=(GstStreamStatusType)GST_STREAM_STATUS_TYPE_ENTER, owner=(GstElement)"\(GstQueue\)\ queue3", object=(GstTask)"\(GstTask\)\ queue3:src";
06-06 22:07:23.840  4906  4906 D GStreamer+GST_PADS: 0:02:27.671072443 0xe8df3e00 gstpad.c:979:pre_activate:<typefind:sink> setting pad into push mode, unset flushing
06-06 22:07:23.840  4906  5116 D GStreamer+GST_BUS: 0:02:27.671084318 0xe93d1d00 gstbus.c:794:gst_bus_source_dispatch:<bus9> source 0xe95618d8 handler returns 1
06-06 22:07:23.840  4906  4906 D GStreamer+GST_PADS: 0:02:27.671093329 0xe8df3e00 gstpad.c:991:pre_activate:<typefind:sink> reschedule events on peer sink:proxypad5
06-06 22:07:23.840  4906  4906 D GStreamer+typefind: 0:02:27.671114527 0xe8df3e00 gsttypefindelement.c:577:start_typefinding:<typefind> starting typefinding
06-06 22:07:23.840  4906  4906 D GStreamer+GST_PADS: 0:02:27.671130724 0xe8df3e00 gstpad.c:1188:activate_mode_internal:<typefind:sink> activated in push mode
06-06 22:07:23.840  4906  4906 D GStreamer+GST_ELEMENT_PADS: 0:02:27.671151193 0xe8df3e00 gstelement.c:2814:gst_element_pads_activate:<typefind> pad activation successful
06-06 22:07:23.840  4906  4906 D GStreamer+GST_STATES: 0:02:27.671169579 0xe8df3e00 gstelement.c:2686:gst_element_change_state:<typefind> element changed state SUCCESS
06-06 22:07:23.840  4906  4906 I GStreamer+GST_STATES: 0:02:27.671184995 0xe8df3e00 gstelement.c:2374:gst_element_continue_state:<typefind> completed state change to PAUSED
06-06 22:07:23.840  4906  4906 I GStreamer+GST_STATES: 0:02:27.671203902 0xe8df3e00 gstelement.c:2279:_priv_gst_element_state_changed:<typefind> notifying about state-changed READY to PAUSED (VOID_PENDING pending)
06-06 22:07:23.840  4906  4906 D GStreamer+GST_BUS: 0:02:27.671231089 0xe8df3e00 gstbus.c:309:gst_bus_post:<bus6> [msg 0xe90122d8] posting on bus state-changed message: 0xe90122d8, time 99:99:99.999999999, seq-num 551, element 'typefind', GstMessageStateChanged, old-state=(GstState)GST_STATE_READY, new-state=(GstState)GST_STATE_PAUSED, pending-state=(GstState)GST_STATE_VOID_PENDING;
06-06 22:07:23.840  4906  4906 D GStreamer+decodebin: 0:02:27.671277912 0xe8df3e00 gstdecodebin2.c:5492:gst_decode_bin_handle_message:<decodebin2> Forwarding msg state-changed message: 0xe90122d8, time 99:99:99.999999999, seq-num 551, element 'typefind', GstMessageStateChanged, old-state=(GstState)GST_STATE_READY, new-state=(GstState)GST_STATE_PAUSED, pending-state=(GstState)GST_STATE_VOID_PENDING;
06-06 22:07:23.840  4906  4906 D GStreamer+bin: 0:02:27.671319683 0xe8df3e00 gstbin.c:3654:gst_bin_handle_message_func:<decodebin2> [msg 0xe90122d8] handling child typefind message of type state-changed
06-06 22:07:23.840  4906  4906 D GStreamer+bin: 0:02:27.671341193 0xe8df3e00 gstbin.c:3991:gst_bin_handle_message_func:<decodebin2> posting message upward
06-06 22:07:23.840  4906  4906 D GStreamer+GST_BUS: 0:02:27.671358954 0xe8df3e00 gstbus.c:309:gst_bus_post:<bus8> [msg 0xe90122d8] posting on bus state-changed message: 0xe90122d8, time 99:99:99.999999999, seq-num 551, element 'typefind', GstMessageStateChanged, old-state=(GstState)GST_STATE_READY, new-state=(GstState)GST_STATE_PAUSED, pending-state=(GstState)GST_STATE_VOID_PENDING;
06-06 22:07:23.840  4906  4906 D GStreamer+bin: 0:02:27.671398954 0xe8df3e00 gstbin.c:3654:gst_bin_handle_message_func:<pipeline1> [msg 0xe90122d8] handling child typefind message of type state-changed
06-06 22:07:23.840  4906  4906 D GStreamer+bin: 0:02:27.671430881 0xe8df3e00 gstbin.c:3991:gst_bin_handle_message_func:<pipeline1> posting message upward
06-06 22:07:23.840  4906  4906 D GStreamer+GST_BUS: 0:02:27.671450412 0xe8df3e00 gstbus.c:309:gst_bus_post:<bus9> [msg 0xe90122d8] posting on bus state-changed message: 0xe90122d8, time 99:99:99.999999999, seq-num 551, element 'typefind', GstMessageStateChanged, old-state=(GstState)GST_STATE_READY, new-state=(GstState)GST_STATE_PAUSED, pending-state=(GstState)GST_STATE_VOID_PENDING;
06-06 22:07:23.840  4906  4906 D GStreamer+GST_BUS: 0:02:27.671490672 0xe8df3e00 gstbus.c:348:gst_bus_post:<bus9> [msg 0xe90122d8] pushing on async queue
06-06 22:07:23.840  4906  4906 D GStreamer+GST_BUS: 0:02:27.671514735 0xe8df3e00 gstbus.c:351:gst_bus_post:<bus9> [msg 0xe90122d8] pushed on async queue
06-06 22:07:23.840  4906  4906 D GStreamer+GST_BUS: 0:02:27.671534474 0xe8df3e00 gstbus.c:344:gst_bus_post:<bus8> [msg 0xe90122d8] dropped
06-06 22:07:23.840  4906  5116 D GStreamer+GST_BUS: 0:02:27.671528797 0xe93d1d00 gstbus.c:521:gst_bus_timed_pop_filtered:<bus9> got message 0xe90122d8, state-changed from typefind, type mask is 4294967295
06-06 22:07:23.840  4906  4906 D GStreamer+GST_BUS: 0:02:27.671556089 0xe8df3e00 gstbus.c:344:gst_bus_post:<bus6> [msg 0xe90122d8] dropped
06-06 22:07:23.841  4906  4906 D GStreamer+GST_STATES: 0:02:27.671574839 0xe8df3e00 gstelement.c:2609:gst_element_set_state_func:<typefind> returned SUCCESS
06-06 22:07:23.841  4906  5116 D GStreamer+GST_BUS: 0:02:27.671566089 0xe93d1d00 gstbus.c:789:gst_bus_source_dispatch:<bus9> source 0xe95618d8 calling dispatch with state-changed message: 0xe90122d8, time 99:99:99.999999999, seq-num 551, element 'typefind', GstMessageStateChanged, old-state=(GstState)GST_STATE_READY, new-state=(GstState)GST_STATE_PAUSED, pending-state=(GstState)GST_STATE_VOID_PENDING;
06-06 22:07:23.841  4906  4906 I GStreamer+GST_STATES: 0:02:27.671595256 0xe8df3e00 gstbin.c:2892:gst_bin_change_state_func:<decodebin2> child 'typefind' changed state to 3(PAUSED) successfully
06-06 22:07:23.841  4906  4906 D GStreamer+bin: 0:02:27.671621245 0xe8df3e00 gstbin.c:2299:gst_bin_sort_iterator_next:<decodebin2> queue empty, elements exhausted
06-06 22:07:23.841  4906  5116 D GStreamer+GST_BUS: 0:02:27.671623329 0xe93d1d00 gstbus.c:794:gst_bus_source_dispatch:<bus9> source 0xe95618d8 handler returns 1
06-06 22:07:23.841  4906  4906 D GStreamer+GST_STATES: 0:02:27.671640933 0xe8df3e00 gstbin.c:2951:gst_bin_change_state_func:<decodebin2> iterator done
06-06 22:07:23.841  4906  4906 D GStreamer+GST_ELEMENT_PADS: 0:02:27.671659839 0xe8df3e00 gstelement.c:2795:gst_element_pads_activate:<decodebin2> activate pads
06-06 22:07:23.841  4906  4906 D GStreamer+GST_PADS: 0:02:27.671683120 0xe8df3e00 gstpad.c:1069:gst_pad_set_active:<decodebin2:sink> pad was active in push mode
06-06 22:07:23.841  4906  4906 D GStreamer+GST_ELEMENT_PADS: 0:02:27.671704058 0xe8df3e00 gstelement.c:2814:gst_element_pads_activate:<decodebin2> pad activation successful
06-06 22:07:23.841  4906  4906 D GStreamer+bin: 0:02:27.671723433 0xe8df3e00 gstbin.c:2341:gst_bin_sort_iterator_free:<decodebin2> free
06-06 22:07:23.841  4906  4906 D GStreamer+bin: 0:02:27.671742391 0xe8df3e00 gstbin.c:2986:gst_bin_change_state_func:<decodebin2> no async elements
06-06 22:07:23.841  4906  4906 D GStreamer+GST_STATES: 0:02:27.671759527 0xe8df3e00 gstbin.c:3020:gst_bin_change_state_func:<decodebin2> done changing bin's state from READY to PAUSED, now in READY, ret SUCCESS
06-06 22:07:23.841  4906  4906 D GStreamer+GST_STATES: 0:02:27.671781922 0xe8df3e00 gstelement.c:2668:gst_element_change_state:<decodebin2> element will change state ASYNC
06-06 22:07:23.841  4906  4906 D GStreamer+GST_STATES: 0:02:27.671799787 0xe8df3e00 gstelement.c:2609:gst_element_set_state_func:<decodebin2> returned ASYNC
06-06 22:07:23.841  4906  4906 I GStreamer+GST_STATES: 0:02:27.671818329 0xe8df3e00 gstbin.c:2898:gst_bin_change_state_func:<pipeline1> child 'decodebin2' is changing state asynchronously to PAUSED
06-06 22:07:23.841  4906  4906 D GStreamer+bin: 0:02:27.671839214 0xe8df3e00 gstbin.c:2310:gst_bin_sort_iterator_next:<pipeline1> queue head gives queue4
06-06 22:07:23.841  4906  4906 D GStreamer+bin: 0:02:27.671859110 0xe8df3e00 gstbin.c:911:find_message:<pipeline1> no message found matching types 00001000
06-06 22:07:23.841  4906  4906 D GStreamer+bin: 0:02:27.671877235 0xe8df3e00 gstbin.c:918:find_message:<pipeline1>   structure-change
06-06 22:07:23.841  4906  4906 D GStreamer+bin: 0:02:27.671895933 0xe8df3e00 gstbin.c:2249:update_degree:<pipeline1> element queue4 not linked on any sinkpads
06-06 22:07:23.841  4906  4906 I GStreamer+GST_STATES: 0:02:27.671915099 0xe8df3e00 gstbin.c:2444:gst_bin_element_set_state:<queue4> current READY pending VOID_PENDING, desired next PAUSED
06-06 22:07:23.841  4906  4906 D GStreamer+bin: 0:02:27.671936454 0xe8df3e00 gstbin.c:911:find_message:<pipeline1> no message found matching types 00100000
06-06 22:07:23.841  4906  4906 D GStreamer+bin: 0:02:27.671954683 0xe8df3e00 gstbin.c:918:find_message:<pipeline1>   async-start
06-06 22:07:23.841  4906  4906 D GStreamer+bin: 0:02:27.671972287 0xe8df3e00 gstbin.c:2539:gst_bin_element_set_state:<pipeline1> setting element queue4 to PAUSED, base_time 0:00:00.000000000
06-06 22:07:23.841  4906  4906 D GStreamer+GST_STATES: 0:02:27.671994995 0xe8df3e00 gstelement.c:2525:gst_element_set_state_func:<queue4> set_state to PAUSED
06-06 22:07:23.841  4906  4906 D GStreamer+GST_STATES: 0:02:27.672012235 0xe8df3e00 gstelement.c:2550:gst_element_set_state_func:<queue4> setting target state to PAUSED
06-06 22:07:23.841  4906  4906 D GStreamer+GST_STATES: 0:02:27.672029318 0xe8df3e00 gstelement.c:2563:gst_element_set_state_func:<queue4> current READY, old_pending VOID_PENDING, next VOID_PENDING, old return SUCCESS
06-06 22:07:23.841  4906  4906 D GStreamer+GST_STATES: 0:02:27.672050360 0xe8df3e00 gstelement.c:2597:gst_element_set_state_func:<queue4> final: setting state from READY to PAUSED
06-06 22:07:23.841  4906  4906 D GStreamer+GST_ELEMENT_PADS: 0:02:27.672072079 0xe8df3e00 gstelement.c:2795:gst_element_pads_activate:<queue4> activate pads
06-06 22:07:23.841  4906  4906 D GStreamer+GST_PADS: 0:02:27.672094579 0xe8df3e00 gstpad.c:1063:gst_pad_set_active:<queue4:src> activating pad from none
06-06 22:07:23.841  4906  4906 D GStreamer+GST_PADS: 0:02:27.672114214 0xe8df3e00 gstpad.c:979:pre_activate:<queue4:src> setting pad into push mode, unset flushing
06-06 22:07:23.841  4906  4906 D GStreamer+GST_PADS: 0:02:27.672135256 0xe8df3e00 gstpad.c:5978:gst_pad_start_task:<queue4:src> start task
06-06 22:07:23.841  4906  4906 D GStreamer+task: 0:02:27.672174683 0xe8df3e00 gsttask.c:427:gst_task_new Created task 0xe92f6370
06-06 22:07:23.841  4906  4906 I GStreamer+task: 0:02:27.672194474 0xe8df3e00 gsttask.c:453:gst_task_set_lock setting stream lock 0xe953006c on task 0xe92f6370
06-06 22:07:23.841  4906  4906 I GStreamer+GST_PADS: 0:02:27.672213381 0xe8df3e00 gstpad.c:5987:gst_pad_start_task:<queue4:src> created task 0xe92f6370
06-06 22:07:23.841  4906  4906 D GStreamer+GST_PADS: 0:02:27.672233329 0xe8df3e00 gstpad.c:5904:do_stream_status:<queue4:src> doing stream-status 0
06-06 22:07:23.841  4906  4906 D GStreamer+GST_PADS: 0:02:27.672260204 0xe8df3e00 gstpad.c:5933:do_stream_status:<queue4:src> posting stream-status 0
06-06 22:07:23.841  4906  4906 D GStreamer+GST_BUS: 0:02:27.672281349 0xe8df3e00 gstbus.c:309:gst_bus_post:<bus8> [msg 0xe92f69c0] posting on bus stream-status message: 0xe92f69c0, time 99:99:99.999999999, seq-num 552, element 'src', GstMessageStreamStatus, type=(GstStreamStatusType)GST_STREAM_STATUS_TYPE_CREATE, owner=(GstElement)"\(GstQueue\)\ queue4", object=(GstTask)"\(GstTask\)\ task6";
06-06 22:07:23.841  4906  4906 D GStreamer+bin: 0:02:27.672337183 0xe8df3e00 gstbin.c:3654:gst_bin_handle_message_func:<pipeline1> [msg 0xe92f69c0] handling child src message of type stream-status
06-06 22:07:23.841  4906  4906 D GStreamer+bin: 0:02:27.672359422 0xe8df3e00 gstbin.c:3991:gst_bin_handle_message_func:<pipeline1> posting message upward
06-06 22:07:23.841  4906  4906 D GStreamer+GST_BUS: 0:02:27.672378485 0xe8df3e00 gstbus.c:309:gst_bus_post:<bus9> [msg 0xe92f69c0] posting on bus stream-status message: 0xe92f69c0, time 99:99:99.999999999, seq-num 552, element 'src', GstMessageStreamStatus, type=(GstStreamStatusType)GST_STREAM_STATUS_TYPE_CREATE, owner=(GstElement)"\(GstQueue\)\ queue4", object=(GstTask)"\(GstTask\)\ task6";
06-06 22:07:23.841  4906  4906 D GStreamer+GST_BUS: 0:02:27.672442547 0xe8df3e00 gstbus.c:348:gst_bus_post:<bus9> [msg 0xe92f69c0] pushing on async queue
06-06 22:07:23.841  4906  4906 D GStreamer+GST_BUS: 0:02:27.672474943 0xe8df3e00 gstbus.c:351:gst_bus_post:<bus9> [msg 0xe92f69c0] pushed on async queue
06-06 22:07:23.841  4906  4906 D GStreamer+GST_BUS: 0:02:27.672496922 0xe8df3e00 gstbus.c:344:gst_bus_post:<bus8> [msg 0xe92f69c0] dropped
06-06 22:07:23.841  4906  4906 D GStreamer+task: 0:02:27.672516766 0xe8df3e00 gsttask.c:684:gst_task_set_state:<task6> Changing task 0xe92f6370 to state 0
06-06 22:07:23.842  4906  4906 D GStreamer+GST_PADS: 0:02:27.672589787 0xe8df3e00 gstpad.c:1188:activate_mode_internal:<queue4:src> activated in push mode
06-06 22:07:23.842  4906  4906 D GStreamer+GST_PADS: 0:02:27.672623693 0xe8df3e00 gstpad.c:1063:gst_pad_set_active:<queue4:sink> activating pad from none
06-06 22:07:23.842  4906  5126 D GStreamer+task: 0:02:27.672610516 0xe900d1b0 gsttask.c:289:gst_task_func Entering task 0xe92f6370, thread 0xe900d1b0
06-06 22:07:23.842  4906  4906 D GStreamer+GST_PADS: 0:02:27.672651089 0xe8df3e00 gstpad.c:979:pre_activate:<queue4:sink> setting pad into push mode, unset flushing
