06-06 22:07:27.123  4906  4906 D GStreamer+GST_PADS: 0:02:30.954084577 0xe8df3e00 gstpad.c:4049:gst_pad_peer_query:<typefind:sink> peer query 0xe900d180 (scheduling)
06-06 22:07:27.123  4906  4906 D GStreamer+GST_PADS: 0:02:30.954107442 0xe8df3e00 gstpad.c:3922:gst_pad_query:<sink:proxypad3> doing query 0xe900d180 (scheduling)
06-06 22:07:27.123  4906  4906 D GStreamer+GST_PADS: 0:02:30.954131348 0xe8df3e00 gstpad.c:3367:gst_pad_query_default:<sink:proxypad3> forwarding 0xe900d180 (scheduling) query
06-06 22:07:27.123  4906  4906 D GStreamer+GST_PADS: 0:02:30.954158692 0xe8df3e00 gstpad.c:4049:gst_pad_peer_query:<forhwgl:sink> peer query 0xe900d180 (scheduling)
06-06 22:07:27.123  4906  4906 D GStreamer+GST_PADS: 0:02:30.954180619 0xe8df3e00 gstpad.c:3922:gst_pad_query:<queue2:src> doing query 0xe900d180 (scheduling)
06-06 22:07:27.123  4906  4906 D GStreamer+GST_PADS: 0:02:30.954205254 0xe8df3e00 gstpad.c:3945:gst_pad_query:<queue2:src> sent query 0xe900d180 (scheduling), result 1
06-06 22:07:27.123  4906  4906 D GStreamer+GST_PADS: 0:02:30.954230984 0xe8df3e00 gstpad.c:3945:gst_pad_query:<sink:proxypad3> sent query 0xe900d180 (scheduling), result 1
06-06 22:07:27.123  4906  4906 D GStreamer+GST_PADS: 0:02:30.954257234 0xe8df3e00 gstpad.c:979:pre_activate:<typefind:sink> setting pad into push mode, unset flushing
06-06 22:07:27.123  4906  4906 D GStreamer+GST_PADS: 0:02:30.954277546 0xe8df3e00 gstpad.c:991:pre_activate:<typefind:sink> reschedule events on peer sink:proxypad3
06-06 22:07:27.123  4906  4906 D GStreamer+typefind: 0:02:30.954299890 0xe8df3e00 gsttypefindelement.c:577:start_typefinding:<typefind> starting typefinding
06-06 22:07:27.123  4906  4906 D GStreamer+GST_PADS: 0:02:30.954317494 0xe8df3e00 gstpad.c:1188:activate_mode_internal:<typefind:sink> activated in push mode
06-06 22:07:27.123  4906  4906 D GStreamer+GST_ELEMENT_PADS: 0:02:30.954339213 0xe8df3e00 gstelement.c:2814:gst_element_pads_activate:<typefind> pad activation successful
06-06 22:07:27.123  4906  4906 D GStreamer+GST_STATES: 0:02:30.954359213 0xe8df3e00 gstelement.c:2686:gst_element_change_state:<typefind> element changed state SUCCESS
06-06 22:07:27.123  4906  4906 I GStreamer+GST_STATES: 0:02:30.954376609 0xe8df3e00 gstelement.c:2374:gst_element_continue_state:<typefind> completed state change to PAUSED
06-06 22:07:27.123  4906  4906 I GStreamer+GST_STATES: 0:02:30.954395098 0xe8df3e00 gstelement.c:2279:_priv_gst_element_state_changed:<typefind> notifying about state-changed READY to PAUSED (VOID_PENDING pending)
06-06 22:07:27.123  4906  4906 D GStreamer+GST_BUS: 0:02:30.954428171 0xe8df3e00 gstbus.c:309:gst_bus_post:<bus4> [msg 0xe92f7f20] posting on bus state-changed message: 0xe92f7f20, time 99:99:99.999999999, seq-num 820, element 'typefind', GstMessageStateChanged, old-state=(GstState)GST_STATE_READY, new-state=(GstState)GST_STATE_PAUSED, pending-state=(GstState)GST_STATE_VOID_PENDING;
06-06 22:07:27.123  4906  4906 D GStreamer+decodebin: 0:02:30.954476973 0xe8df3e00 gstdecodebin2.c:5492:gst_decode_bin_handle_message:<forhwgl> Forwarding msg state-changed message: 0xe92f7f20, time 99:99:99.999999999, seq-num 820, element 'typefind', GstMessageStateChanged, old-state=(GstState)GST_STATE_READY, new-state=(GstState)GST_STATE_PAUSED, pending-state=(GstState)GST_STATE_VOID_PENDING;
06-06 22:07:27.123  4906  4906 D GStreamer+bin: 0:02:30.954519890 0xe8df3e00 gstbin.c:3654:gst_bin_handle_message_func:<forhwgl> [msg 0xe92f7f20] handling child typefind message of type state-changed
06-06 22:07:27.123  4906  4906 D GStreamer+bin: 0:02:30.954542025 0xe8df3e00 gstbin.c:3991:gst_bin_handle_message_func:<forhwgl> posting message upward
06-06 22:07:27.124  4906  4906 D GStreamer+GST_BUS: 0:02:30.954560567 0xe8df3e00 gstbus.c:309:gst_bus_post:<bus8> [msg 0xe92f7f20] posting on bus state-changed message: 0xe92f7f20, time 99:99:99.999999999, seq-num 820, element 'typefind', GstMessageStateChanged, old-state=(GstState)GST_STATE_READY, new-state=(GstState)GST_STATE_PAUSED, pending-state=(GstState)GST_STATE_VOID_PENDING;
06-06 22:07:27.124  4906  4906 D GStreamer+bin: 0:02:30.954603379 0xe8df3e00 gstbin.c:3654:gst_bin_handle_message_func:<pipeline1> [msg 0xe92f7f20] handling child typefind message of type state-changed
06-06 22:07:27.124  4906  4906 D GStreamer+bin: 0:02:30.954625098 0xe8df3e00 gstbin.c:3991:gst_bin_handle_message_func:<pipeline1> posting message upward
06-06 22:07:27.124  4906  4906 D GStreamer+GST_BUS: 0:02:30.954642650 0xe8df3e00 gstbus.c:309:gst_bus_post:<bus9> [msg 0xe92f7f20] posting on bus state-changed message: 0xe92f7f20, time 99:99:99.999999999, seq-num 820, element 'typefind', GstMessageStateChanged, old-state=(GstState)GST_STATE_READY, new-state=(GstState)GST_STATE_PAUSED, pending-state=(GstState)GST_STATE_VOID_PENDING;
06-06 22:07:27.124  4906  4906 D GStreamer+GST_BUS: 0:02:30.954684890 0xe8df3e00 gstbus.c:348:gst_bus_post:<bus9> [msg 0xe92f7f20] pushing on async queue
06-06 22:07:27.124  4906  4906 D GStreamer+GST_BUS: 0:02:30.954708171 0xe8df3e00 gstbus.c:351:gst_bus_post:<bus9> [msg 0xe92f7f20] pushed on async queue
06-06 22:07:27.124  4906  4906 D GStreamer+GST_BUS: 0:02:30.954726713 0xe8df3e00 gstbus.c:344:gst_bus_post:<bus8> [msg 0xe92f7f20] dropped
06-06 22:07:27.124  4906  5116 D GStreamer+GST_BUS: 0:02:30.954724213 0xe93d1d00 gstbus.c:521:gst_bus_timed_pop_filtered:<bus9> got message 0xe92f7f20, state-changed from typefind, type mask is 4294967295
06-06 22:07:27.124  4906  4906 D GStreamer+GST_BUS: 0:02:30.954750515 0xe8df3e00 gstbus.c:344:gst_bus_post:<bus4> [msg 0xe92f7f20] dropped
06-06 22:07:27.124  4906  4906 D GStreamer+GST_STATES: 0:02:30.954770202 0xe8df3e00 gstelement.c:2609:gst_element_set_state_func:<typefind> returned SUCCESS
06-06 22:07:27.124  4906  5116 D GStreamer+GST_BUS: 0:02:30.954761088 0xe93d1d00 gstbus.c:789:gst_bus_source_dispatch:<bus9> source 0xe95618d8 calling dispatch with state-changed message: 0xe92f7f20, time 99:99:99.999999999, seq-num 820, element 'typefind', GstMessageStateChanged, old-state=(GstState)GST_STATE_READY, new-state=(GstState)GST_STATE_PAUSED, pending-state=(GstState)GST_STATE_VOID_PENDING;
06-06 22:07:27.124  4906  4906 I GStreamer+GST_STATES: 0:02:30.954790046 0xe8df3e00 gstbin.c:2892:gst_bin_change_state_func:<forhwgl> child 'typefind' changed state to 3(PAUSED) successfully
06-06 22:07:27.124  4906  4906 D GStreamer+bin: 0:02:30.954820254 0xe8df3e00 gstbin.c:2299:gst_bin_sort_iterator_next:<forhwgl> queue empty, elements exhausted
06-06 22:07:27.124  4906  5116 D GStreamer+GST_BUS: 0:02:30.954823067 0xe93d1d00 gstbus.c:794:gst_bus_source_dispatch:<bus9> source 0xe95618d8 handler returns 1
06-06 22:07:27.124  4906  4906 D GStreamer+GST_STATES: 0:02:30.954837546 0xe8df3e00 gstbin.c:2951:gst_bin_change_state_func:<forhwgl> iterator done
06-06 22:07:27.124  4906  4906 D GStreamer+GST_ELEMENT_PADS: 0:02:30.954855463 0xe8df3e00 gstelement.c:2795:gst_element_pads_activate:<forhwgl> activate pads
06-06 22:07:27.124  4906  4906 D GStreamer+GST_PADS: 0:02:30.954877077 0xe8df3e00 gstpad.c:1063:gst_pad_set_active:<forhwgl:sink> activating pad from none
06-06 22:07:27.124  4906  4906 D GStreamer+GST_PADS: 0:02:30.954894682 0xe8df3e00 gstpad.c:979:pre_activate:<forhwgl:sink> setting pad into push mode, unset flushing
06-06 22:07:27.124  4906  4906 D GStreamer+GST_PADS: 0:02:30.954913952 0xe8df3e00 gstpad.c:991:pre_activate:<forhwgl:sink> reschedule events on peer queue2:src
06-06 22:07:27.124  4906  4906 D GStreamer+GST_PADS: 0:02:30.954934473 0xe8df3e00 gstpad.c:979:pre_activate:<sink:proxypad3> setting pad into push mode, unset flushing
06-06 22:07:27.124  4906  4906 D GStreamer+GST_PADS: 0:02:30.954954473 0xe8df3e00 gstpad.c:1207:activate_mode_internal:<forhwgl:sink> already activated in push mode
06-06 22:07:27.124  4906  4906 D GStreamer+GST_PADS: 0:02:30.954974369 0xe8df3e00 gstpad.c:1188:activate_mode_internal:<sink:proxypad3> activated in push mode
06-06 22:07:27.124  4906  4906 D GStreamer+GST_PADS: 0:02:30.954995567 0xe8df3e00 gstpad.c:1188:activate_mode_internal:<forhwgl:sink> activated in push mode
06-06 22:07:27.124  4906  4906 D GStreamer+GST_ELEMENT_PADS: 0:02:30.955018327 0xe8df3e00 gstelement.c:2814:gst_element_pads_activate:<forhwgl> pad activation successful
06-06 22:07:27.124  4906  4906 D GStreamer+bin: 0:02:30.955039525 0xe8df3e00 gstbin.c:2341:gst_bin_sort_iterator_free:<forhwgl> free
06-06 22:07:27.124  4906  4906 D GStreamer+bin: 0:02:30.955058432 0xe8df3e00 gstbin.c:2986:gst_bin_change_state_func:<forhwgl> no async elements
06-06 22:07:27.124  4906  4906 D GStreamer+GST_STATES: 0:02:30.955076088 0xe8df3e00 gstbin.c:3020:gst_bin_change_state_func:<forhwgl> done changing bin's state from READY to PAUSED, now in READY, ret SUCCESS
06-06 22:07:27.124  4906  4906 D GStreamer+GST_STATES: 0:02:30.955098640 0xe8df3e00 gstelement.c:2668:gst_element_change_state:<forhwgl> element will change state ASYNC
06-06 22:07:27.124  4906  4906 D GStreamer+GST_STATES: 0:02:30.955116140 0xe8df3e00 gstelement.c:2609:gst_element_set_state_func:<forhwgl> returned ASYNC
06-06 22:07:27.124  4906  4906 I GStreamer+GST_STATES: 0:02:30.955134994 0xe8df3e00 gstbin.c:2898:gst_bin_change_state_func:<pipeline1> child 'forhwgl' is changing state asynchronously to PAUSED
06-06 22:07:27.124  4906  4906 D GStreamer+bin: 0:02:30.955157234 0xe8df3e00 gstbin.c:2310:gst_bin_sort_iterator_next:<pipeline1> queue head gives queue2
06-06 22:07:27.124  4906  4906 D GStreamer+bin: 0:02:30.955176713 0xe8df3e00 gstbin.c:911:find_message:<pipeline1> no message found matching types 00001000
06-06 22:07:27.124  4906  4906 D GStreamer+bin: 0:02:30.955195671 0xe8df3e00 gstbin.c:918:find_message:<pipeline1>   structure-change
06-06 22:07:27.124  4906  4906 D GStreamer+bin: 0:02:30.955214473 0xe8df3e00 gstbin.c:2249:update_degree:<pipeline1> element queue2 not linked on any sinkpads
06-06 22:07:27.124  4906  4906 I GStreamer+GST_STATES: 0:02:30.955233952 0xe8df3e00 gstbin.c:2444:gst_bin_element_set_state:<queue2> current READY pending VOID_PENDING, desired next PAUSED
06-06 22:07:27.124  4906  4906 D GStreamer+bin: 0:02:30.955255879 0xe8df3e00 gstbin.c:911:find_message:<pipeline1> no message found matching types 00100000
06-06 22:07:27.124  4906  4906 D GStreamer+bin: 0:02:30.955274629 0xe8df3e00 gstbin.c:918:find_message:<pipeline1>   async-start
06-06 22:07:27.124  4906  4906 D GStreamer+bin: 0:02:30.955292546 0xe8df3e00 gstbin.c:2539:gst_bin_element_set_state:<pipeline1> setting element queue2 to PAUSED, base_time 0:00:00.000000000
06-06 22:07:27.124  4906  4906 D GStreamer+GST_STATES: 0:02:30.955316348 0xe8df3e00 gstelement.c:2525:gst_element_set_state_func:<queue2> set_state to PAUSED
06-06 22:07:27.124  4906  4906 D GStreamer+GST_STATES: 0:02:30.955334734 0xe8df3e00 gstelement.c:2550:gst_element_set_state_func:<queue2> setting target state to PAUSED
06-06 22:07:27.124  4906  4906 D GStreamer+GST_STATES: 0:02:30.955353171 0xe8df3e00 gstelement.c:2563:gst_element_set_state_func:<queue2> current READY, old_pending VOID_PENDING, next VOID_PENDING, old return SUCCESS
06-06 22:07:27.124  4906  4906 D GStreamer+GST_STATES: 0:02:30.955375150 0xe8df3e00 gstelement.c:2597:gst_element_set_state_func:<queue2> final: setting state from READY to PAUSED
06-06 22:07:27.124  4906  4906 D GStreamer+GST_ELEMENT_PADS: 0:02:30.955397598 0xe8df3e00 gstelement.c:2795:gst_element_pads_activate:<queue2> activate pads
06-06 22:07:27.124  4906  4906 D GStreamer+GST_PADS: 0:02:30.955426452 0xe8df3e00 gstpad.c:1063:gst_pad_set_active:<queue2:src> activating pad from none
06-06 22:07:27.124  4906  4906 D GStreamer+GST_PADS: 0:02:30.955446765 0xe8df3e00 gstpad.c:979:pre_activate:<queue2:src> setting pad into push mode, unset flushing
06-06 22:07:27.124  4906  4906 D GStreamer+GST_PADS: 0:02:30.955468223 0xe8df3e00 gstpad.c:5978:gst_pad_start_task:<queue2:src> start task
06-06 22:07:27.124  4906  4906 D GStreamer+task: 0:02:30.955503952 0xe8df3e00 gsttask.c:427:gst_task_new Created task 0xe95738d0
06-06 22:07:27.124  4906  4906 I GStreamer+task: 0:02:30.955522963 0xe8df3e00 gsttask.c:453:gst_task_set_lock setting stream lock 0xe901eee4 on task 0xe95738d0
06-06 22:07:27.124  4906  4906 I GStreamer+GST_PADS: 0:02:30.955541869 0xe8df3e00 gstpad.c:5987:gst_pad_start_task:<queue2:src> created task 0xe95738d0
06-06 22:07:27.124  4906  4906 D GStreamer+GST_PADS: 0:02:30.955561348 0xe8df3e00 gstpad.c:5904:do_stream_status:<queue2:src> doing stream-status 0
06-06 22:07:27.125  4906  4906 D GStreamer+GST_PADS: 0:02:30.955586869 0xe8df3e00 gstpad.c:5933:do_stream_status:<queue2:src> posting stream-status 0
06-06 22:07:27.125  4906  4906 D GStreamer+GST_BUS: 0:02:30.955607494 0xe8df3e00 gstbus.c:309:gst_bus_post:<bus8> [msg 0xe92f7b70] posting on bus stream-status message: 0xe92f7b70, time 99:99:99.999999999, seq-num 821, element 'src', GstMessageStreamStatus, type=(GstStreamStatusType)GST_STREAM_STATUS_TYPE_CREATE, owner=(GstElement)"\(GstQueue\)\ queue2", object=(GstTask)"\(GstTask\)\ task13";
06-06 22:07:27.125  4906  4906 D GStreamer+bin: 0:02:30.955662546 0xe8df3e00 gstbin.c:3654:gst_bin_handle_message_func:<pipeline1> [msg 0xe92f7b70] handling child src message of type stream-status
06-06 22:07:27.125  4906  4906 D GStreamer+bin: 0:02:30.955684629 0xe8df3e00 gstbin.c:3991:gst_bin_handle_message_func:<pipeline1> posting message upward
06-06 22:07:27.125  4906  4906 D GStreamer+GST_BUS: 0:02:30.955702859 0xe8df3e00 gstbus.c:309:gst_bus_post:<bus9> [msg 0xe92f7b70] posting on bus stream-status message: 0xe92f7b70, time 99:99:99.999999999, seq-num 821, element 'src', GstMessageStreamStatus, type=(GstStreamStatusType)GST_STREAM_STATUS_TYPE_CREATE, owner=(GstElement)"\(GstQueue\)\ queue2", object=(GstTask)"\(GstTask\)\ task13";
06-06 22:07:27.125  4906  4906 D GStreamer+GST_BUS: 0:02:30.955754265 0xe8df3e00 gstbus.c:348:gst_bus_post:<bus9> [msg 0xe92f7b70] pushing on async queue
06-06 22:07:27.125  4906  4906 D GStreamer+GST_BUS: 0:02:30.955778015 0xe8df3e00 gstbus.c:351:gst_bus_post:<bus9> [msg 0xe92f7b70] pushed on async queue
06-06 22:07:27.125  4906  4906 D GStreamer+GST_BUS: 0:02:30.955797494 0xe8df3e00 gstbus.c:344:gst_bus_post:<bus8> [msg 0xe92f7b70] dropped
06-06 22:07:27.125  4906  5116 D GStreamer+GST_BUS: 0:02:30.955792650 0xe93d1d00 gstbus.c:521:gst_bus_timed_pop_filtered:<bus9> got message 0xe92f7b70, stream-status from src, type mask is 4294967295
06-06 22:07:27.125  4906  4906 D GStreamer+task: 0:02:30.955822129 0xe8df3e00 gsttask.c:684:gst_task_set_state:<task13> Changing task 0xe95738d0 to state 0
06-06 22:07:27.125  4906  5116 D GStreamer+GST_BUS: 0:02:30.955831557 0xe93d1d00 gstbus.c:789:gst_bus_source_dispatch:<bus9> source 0xe95618d8 calling dispatch with stream-status message: 0xe92f7b70, time 99:99:99.999999999, seq-num 821, element 'src', GstMessageStreamStatus, type=(GstStreamStatusType)GST_STREAM_STATUS_TYPE_CREATE, owner=(GstElement)"\(GstQueue\)\ queue2", object=(GstTask)"\(GstTask\)\ task13";
06-06 22:07:27.125  4906  4906 D GStreamer+GST_PADS: 0:02:30.955876973 0xe8df3e00 gstpad.c:1188:activate_mode_internal:<queue2:src> activated in push mode
06-06 22:07:27.125  4906  5116 D GStreamer+GST_BUS: 0:02:30.955892650 0xe93d1d00 gstbus.c:794:gst_bus_source_dispatch:<bus9> source 0xe95618d8 handler returns 1
06-06 22:07:27.125  4906  5139 D GStreamer+task: 0:02:30.955893223 0xe900d200 gsttask.c:289:gst_task_func Entering task 0xe95738d0, thread 0xe900d200
06-06 22:07:27.125  4906  4906 D GStreamer+GST_PADS: 0:02:30.955910984 0xe8df3e00 gstpad.c:1063:gst_pad_set_active:<queue2:sink> activating pad from none
06-06 22:07:27.125  4906  5139 D GStreamer+GST_PADS: 0:02:30.955924161 0xe900d200 gstpad.c:5904:do_stream_status:<queue2:src> doing stream-status 1
06-06 22:07:27.125  4906  4906 D GStreamer+GST_PADS: 0:02:30.955930463 0xe8df3e00 gstpad.c:979:pre_activate:<queue2:sink> setting pad into push mode, unset flushing
06-06 22:07:27.125  4906  4906 D GStreamer+GST_PADS: 0:02:30.955953640 0xe8df3e00 gstpad.c:1188:activate_mode_internal:<queue2:sink> activated in push mode
06-06 22:07:27.125  4906  5139 D GStreamer+GST_PADS: 0:02:30.955964213 0xe900d200 gstpad.c:5933:do_stream_status:<queue2:src> posting stream-status 1
06-06 22:07:27.125  4906  4906 D GStreamer+GST_ELEMENT_PADS: 0:02:30.955996192 0xe8df3e00 gstelement.c:2814:gst_element_pads_activate:<queue2> pad activation successful
06-06 22:07:27.125  4906  4906 D GStreamer+GST_STATES: 0:02:30.956019577 0xe8df3e00 gstelement.c:2686:gst_element_change_state:<queue2> element changed state SUCCESS
06-06 22:07:27.125  4906  4906 I GStreamer+GST_STATES: 0:02:30.956039421 0xe8df3e00 gstelement.c:2374:gst_element_continue_state:<queue2> completed state change to PAUSED
06-06 22:07:27.125  4906  5139 D GStreamer+GST_BUS: 0:02:30.956003223 0xe900d200 gstbus.c:309:gst_bus_post:<bus8> [msg 0xe92f6860] posting on bus stream-status message: 0xe92f6860, time 99:99:99.999999999, seq-num 822, element 'src', GstMessageStreamStatus, type=(GstStreamStatusType)GST_STREAM_STATUS_TYPE_ENTER, owner=(GstElement)"\(GstQueue\)\ queue2", object=(GstTask)"\(GstTask\)\ queue2:src";
06-06 22:07:27.125  4906  4906 I GStreamer+GST_STATES: 0:02:30.956061348 0xe8df3e00 gstelement.c:2279:_priv_gst_element_state_changed:<queue2> notifying about state-changed READY to PAUSED (VOID_PENDING pending)
06-06 22:07:27.125  4906  5139 D GStreamer+bin: 0:02:30.956069942 0xe900d200 gstbin.c:3654:gst_bin_handle_message_func:<pipeline1> [msg 0xe92f6860] handling child src message of type stream-status
06-06 22:07:27.125  4906  5139 D GStreamer+bin: 0:02:30.956110619 0xe900d200 gstbin.c:3991:gst_bin_handle_message_func:<pipeline1> posting message upward
06-06 22:07:27.125  4906  4906 D GStreamer+GST_BUS: 0:02:30.956090254 0xe8df3e00 gstbus.c:309:gst_bus_post:<bus8> [msg 0xe92f7cb8] posting on bus state-changed message: 0xe92f7cb8, time 99:99:99.999999999, seq-num 823, element 'queue2', GstMessageStateChanged, old-state=(GstState)GST_STATE_READY, new-state=(GstState)GST_STATE_PAUSED, pending-state=(GstState)GST_STATE_VOID_PENDING;
06-06 22:07:27.125  4906  4906 D GStreamer+bin: 0:02:30.956139994 0xe8df3e00 gstbin.c:3654:gst_bin_handle_message_func:<pipeline1> [msg 0xe92f7cb8] handling child queue2 message of type state-changed
06-06 22:07:27.125  4906  4906 D GStreamer+bin: 0:02:30.956165463 0xe8df3e00 gstbin.c:3991:gst_bin_handle_message_func:<pipeline1> posting message upward
06-06 22:07:27.125  4906  5139 D GStreamer+GST_BUS: 0:02:30.956135671 0xe900d200 gstbus.c:309:gst_bus_post:<bus9> [msg 0xe92f6860] posting on bus stream-status message: 0xe92f6860, time 99:99:99.999999999, seq-num 822, element 'src', GstMessageStreamStatus, type=(GstStreamStatusType)GST_STREAM_STATUS_TYPE_ENTER, owner=(GstElement)"\(GstQueue\)\ queue2", object=(GstTask)"\(GstTask\)\ queue2:src";
06-06 22:07:27.125  4906  4906 D GStreamer+GST_BUS: 0:02:30.956184942 0xe8df3e00 gstbus.c:309:gst_bus_post:<bus9> [msg 0xe92f7cb8] posting on bus state-changed message: 0xe92f7cb8, time 99:99:99.999999999, seq-num 823, element 'queue2', GstMessageStateChanged, old-state=(GstState)GST_STATE_READY, new-state=(GstState)GST_STATE_PAUSED, pending-state=(GstState)GST_STATE_VOID_PENDING;
06-06 22:07:27.125  4906  5139 D GStreamer+GST_BUS: 0:02:30.956209838 0xe900d200 gstbus.c:348:gst_bus_post:<bus9> [msg 0xe92f6860] pushing on async queue
06-06 22:07:27.125  4906  4906 D GStreamer+GST_BUS: 0:02:30.956231921 0xe8df3e00 gstbus.c:348:gst_bus_post:<bus9> [msg 0xe92f7cb8] pushing on async queue
06-06 22:07:27.125  4906  5139 D GStreamer+GST_BUS: 0:02:30.956241400 0xe900d200 gstbus.c:351:gst_bus_post:<bus9> [msg 0xe92f6860] pushed on async queue
06-06 22:07:27.125  4906  5139 D GStreamer+GST_BUS: 0:02:30.956261192 0xe900d200 gstbus.c:344:gst_bus_post:<bus8> [msg 0xe92f6860] dropped
06-06 22:07:27.125  4906  4906 D GStreamer+GST_BUS: 0:02:30.956256348 0xe8df3e00 gstbus.c:351:gst_bus_post:<bus9> [msg 0xe92f7cb8] pushed on async queue
06-06 22:07:27.125  4906  5116 D GStreamer+GST_BUS: 0:02:30.956255932 0xe93d1d00 gstbus.c:521:gst_bus_timed_pop_filtered:<bus9> got message 0xe92f6860, stream-status from src, type mask is 4294967295
06-06 22:07:27.125  4906  4906 D GStreamer+GST_BUS: 0:02:30.956297390 0xe8df3e00 gstbus.c:344:gst_bus_post:<bus8> [msg 0xe92f7cb8] dropped
06-06 22:07:27.125  4906  5139 D GStreamer+task: 0:02:30.956291557 0xe900d200 gsttask.c:251:gst_task_configure_name:<queue2:src> Setting thread name to 'queue2:src'
06-06 22:07:27.125  4906  4906 D GStreamer+GST_STATES: 0:02:30.956320515 0xe8df3e00 gstelement.c:2609:gst_element_set_state_func:<queue2> returned SUCCESS
06-06 22:07:27.125  4906  5139 D GStreamer+queue_dataflow: 0:02:30.956328640 0xe900d200 gstqueue.c:1488:gst_queue_loop:<queue2> queue is empty
06-06 22:07:27.125  4906  5116 D GStreamer+GST_BUS: 0:02:30.956305307 0xe93d1d00 gstbus.c:789:gst_bus_source_dispatch:<bus9> source 0xe95618d8 calling dispatch with stream-status message: 0xe92f6860, time 99:99:99.999999999, seq-num 822, element 'src', GstMessageStreamStatus, type=(GstStreamStatusType)GST_STREAM_STATUS_TYPE_ENTER, owner=(GstElement)"\(GstQueue\)\ queue2", object=(GstTask)"\(GstTask\)\ queue2:src";
06-06 22:07:27.125  4906  4906 I GStreamer+GST_STATES: 0:02:30.956346244 0xe8df3e00 gstbin.c:2892:gst_bin_change_state_func:<pipeline1> child 'queue2' changed state to 3(PAUSED) successfully
06-06 22:07:27.125  4906  5116 D GStreamer+GST_BUS: 0:02:30.956381713 0xe93d1d00 gstbus.c:794:gst_bus_source_dispatch:<bus9> source 0xe95618d8 handler returns 1
06-06 22:07:27.125  4906  4906 D GStreamer+bin: 0:02:30.956391921 0xe8df3e00 gstbin.c:2295:gst_bin_sort_iterator_next:<pipeline1> queue empty, next best: q
06-06 22:07:27.125  4906  4906 D GStreamer+bin: 0:02:30.956413067 0xe8df3e00 gstbin.c:2310:gst_bin_sort_iterator_next:<pipeline1> queue head gives q
06-06 22:07:27.125  4906  5116 D GStreamer+GST_BUS: 0:02:30.956426088 0xe93d1d00 gstbus.c:521:gst_bus_timed_pop_filtered:<bus9> got message 0xe92f7cb8, state-changed from queue2, type mask is 4294967295
06-06 22:07:27.125  4906  4906 D GStreamer+bin: 0:02:30.956445098 0xe8df3e00 gstbin.c:911:find_message:<pipeline1> no message found matching types 00001000
06-06 22:07:27.125  4906  4906 D GStreamer+bin: 0:02:30.956463432 0xe8df3e00 gstbin.c:918:find_message:<pipeline1>   structure-change
06-06 22:07:27.125  4906  5116 D GStreamer+GST_BUS: 0:02:30.956454629 0xe93d1d00 gstbus.c:789:gst_bus_source_dispatch:<bus9> source 0xe95618d8 calling dispatch with state-changed message: 0xe92f7cb8, time 99:99:99.999999999, seq-num 823, element 'queue2', GstMessageStateChanged, old-state=(GstState)GST_STATE_READY, new-state=(GstState)GST_STATE_PAUSED, pending-state=(GstState)GST_STATE_VOID_PENDING;
06-06 22:07:27.125  4906  4906 D GStreamer+bin: 0:02:30.956486452 0xe8df3e00 gstbin.c:2226:update_degree:<pipeline1> change element filesrc1, degree 1->0, linked to q
06-06 22:07:27.125  4906  4906 D GStreamer+bin: 0:02:30.956511557 0xe8df3e00 gstbin.c:2109:add_to_queue:<pipeline1> adding 'filesrc1' to queue
06-06 22:07:27.125  4906  5116 D GStreamer+GST_BUS: 0:02:30.956510307 0xe93d1d00 gstbus.c:794:gst_bus_source_dispatch:<bus9> source 0xe95618d8 handler returns 1
06-06 22:07:27.125  4906  4906 I GStreamer+GST_STATES: 0:02:30.956539004 0xe8df3e00 gstbin.c:2444:gst_bin_element_set_state:<q> current READY pending VOID_PENDING, desired next PAUSED
06-06 22:07:27.125  4906  4906 D GStreamer+bin: 0:02:30.956560567 0xe8df3e00 gstbin.c:911:find_message:<pipeline1> no message found matching types 00100000
06-06 22:07:27.126  4906  4906 D GStreamer+bin: 0:02:30.956577807 0xe8df3e00 gstbin.c:918:find_message:<pipeline1>   async-start
06-06 22:07:27.126  4906  4906 D GStreamer+bin: 0:02:30.956594890 0xe8df3e00 gstbin.c:2539:gst_bin_element_set_state:<pipeline1> setting element q to PAUSED, base_time 0:00:00.000000000
06-06 22:07:27.126  4906  4906 D GStreamer+GST_STATES: 0:02:30.956617650 0xe8df3e00 gstelement.c:2525:gst_element_set_state_func:<q> set_state to PAUSED
06-06 22:07:27.126  4906  4906 D GStreamer+GST_STATES: 0:02:30.956634734 0xe8df3e00 gstelement.c:2550:gst_element_set_state_func:<q> setting target state to PAUSED
06-06 22:07:27.126  4906  4906 D GStreamer+GST_STATES: 0:02:30.956652077 0xe8df3e00 gstelement.c:2563:gst_element_set_state_func:<q> current READY, old_pending VOID_PENDING, next VOID_PENDING, old return SUCCESS
06-06 22:07:27.126  4906  4906 D GStreamer+GST_STATES: 0:02:30.956672754 0xe8df3e00 gstelement.c:2597:gst_element_set_state_func:<q> final: setting state from READY to PAUSED
06-06 22:07:27.126  4906  4906 D GStreamer+GST_ELEMENT_PADS: 0:02:30.956694890 0xe8df3e00 gstelement.c:2795:gst_element_pads_activate:<q> activate pads
06-06 22:07:27.126  4906  4906 D GStreamer+GST_PADS: 0:02:30.956716036 0xe8df3e00 gstpad.c:1063:gst_pad_set_active:<q:sink> activating pad from none
06-06 22:07:27.126  4906  4906 D GStreamer+query: 0:02:30.956736609 0xe8df3e00 gstquery.c:674:gst_query_new_custom creating new query 0xe900d320 scheduling
06-06 22:07:27.126  4906  4906 D GStreamer+GST_PADS: 0:02:30.956755723 0xe8df3e00 gstpad.c:4049:gst_pad_peer_query:<q:sink> peer query 0xe900d320 (scheduling)
06-06 22:07:27.126  4906  4906 D GStreamer+GST_PADS: 0:02:30.956776817 0xe8df3e00 gstpad.c:3922:gst_pad_query:<filesrc1:src> doing query 0xe900d320 (scheduling)
06-06 22:07:27.126  4906  4906 I GStreamer+filesrc: 0:02:30.956802442 0xe8df3e00 gstfilesrc.c:465:gst_file_src_start:<filesrc1> opening file /storage/emulated/0/aiTennis3D/videoaudio/videov.mp4
06-06 22:07:27.126  4906  4906 D GStreamer+basesrc: 0:02:30.957286869 0xe8df3e00 gstbasesrc.c:3382:gst_base_src_start_complete:<filesrc1> starting source
06-06 22:07:27.126  4906  4906 D GStreamer+basesrc: 0:02:30.957315567 0xe8df3e00 gstbasesrc.c:3395:gst_base_src_start_complete:<filesrc1> setting size 15003960
06-06 22:07:27.126  4906  4906 D GStreamer+basesrc: 0:02:30.957339890 0xe8df3e00 gstbasesrc.c:3406:gst_base_src_start_complete:<filesrc1> format: bytes, have size: 1, size: 15003960, duration: 15003960
06-06 22:07:27.126  4906  4906 D GStreamer+basesrc: 0:02:30.957367754 0xe8df3e00 gstbasesrc.c:3409:gst_base_src_start_complete:<filesrc1> is seekable: 1
06-06 22:07:27.126  4906  4906 D GStreamer+basesrc: 0:02:30.957386348 0xe8df3e00 gstbasesrc.c:3414:gst_base_src_start_complete:<filesrc1> is random_access: 1
06-06 22:07:27.126  4906  4906 D GStreamer+basesrc: 0:02:30.957405307 0xe8df3e00 gstbasesrc.c:3577:gst_base_src_set_flushing:<filesrc1> flushing 0, live_play 0
06-06 22:07:27.126  4906  4906 D GStreamer+basesrc: 0:02:30.957462911 0xe8df3e00 gstbasesrc.c:3534:gst_base_src_stop:<filesrc1> stopping source
06-06 22:07:27.126  4906  4906 D GStreamer+basesrc: 0:02:30.957482859 0xe8df3e00 gstbasesrc.c:3577:gst_base_src_set_flushing:<filesrc1> flushing 1, live_play 0
06-06 22:07:27.126  4906  4906 D GStreamer+GST_PADS: 0:02:30.957505150 0xe8df3e00 gstpad.c:6082:gst_pad_stop_task:<filesrc1:src> stop task
06-06 22:07:27.126  4906  4906 D GStreamer+GST_PADS: 0:02:30.957523432 0xe8df3e00 gstpad.c:6104:gst_pad_stop_task:<filesrc1:src> no task
06-06 22:07:27.127  4906  4906 W GStreamer+basesrc: 0:02:30.957579994 0xe8df3e00 gstbasesrc.c:3488:gst_base_src_start_complete:<filesrc1> pad not activated yet
06-06 22:07:27.127  4906  4906 D GStreamer+basesrc: 0:02:30.957602859 0xe8df3e00 gstbasesrc.c:3523:gst_base_src_start_wait:<filesrc1> got error
06-06 22:07:27.127  4906  4906 D GStreamer+basesrc: 0:02:30.957628692 0xe8df3e00 gstbasesrc.c:1295:gst_base_src_default_query:<filesrc1> query scheduling returns 1
06-06 22:07:27.127  4906  4906 D GStreamer+GST_PADS: 0:02:30.957650775 0xe8df3e00 gstpad.c:3945:gst_pad_query:<filesrc1:src> sent query 0xe900d320 (scheduling), result 1
06-06 22:07:27.127  4906  4906 D GStreamer+qtdemux: 0:02:30.957677963 0xe8df3e00 qtdemux.c:6637:qtdemux_sink_activate:<q:sink> activating pull
06-06 22:07:27.127  4906  4906 D GStreamer+GST_PADS: 0:02:30.957699004 0xe8df3e00 gstpad.c:1148:activate_mode_internal:<q:sink> calling peer
06-06 22:07:27.127  4906  4906 D GStreamer+GST_PADS: 0:02:30.957718171 0xe8df3e00 gstpad.c:979:pre_activate:<filesrc1:src> setting pad into pull mode, unset flushing
06-06 22:07:27.127  4906  4906 D GStreamer+basesrc: 0:02:30.957739057 0xe8df3e00 gstbasesrc.c:3775:gst_base_src_activate_mode:<filesrc1:src> activating in mode 2
06-06 22:07:27.127  4906  4906 D GStreamer+basesrc: 0:02:30.957758379 0xe8df3e00 gstbasesrc.c:3743:gst_base_src_activate_pull:<filesrc1> Activating in pull mode
06-06 22:07:27.127  4906  4906 I GStreamer+filesrc: 0:02:30.957775984 0xe8df3e00 gstfilesrc.c:465:gst_file_src_start:<filesrc1> opening file /storage/emulated/0/aiTennis3D/videoaudio/videov.mp4
06-06 22:07:27.127  4906  4906 D GStreamer+basesrc: 0:02:30.957836296 0xe8df3e00 gstbasesrc.c:3382:gst_base_src_start_complete:<filesrc1> starting source
06-06 22:07:27.127  4906  4906 D GStreamer+basesrc: 0:02:30.957857754 0xe8df3e00 gstbasesrc.c:3395:gst_base_src_start_complete:<filesrc1> setting size 15003960
06-06 22:07:27.127  4906  4906 D GStreamer+basesrc: 0:02:30.957878952 0xe8df3e00 gstbasesrc.c:3406:gst_base_src_start_complete:<filesrc1> format: bytes, have size: 1, size: 15003960, duration: 15003960
06-06 22:07:27.127  4906  4906 D GStreamer+basesrc: 0:02:30.957905567 0xe8df3e00 gstbasesrc.c:3409:gst_base_src_start_complete:<filesrc1> is seekable: 1
06-06 22:07:27.127  4906  4906 D GStreamer+basesrc: 0:02:30.957924213 0xe8df3e00 gstbasesrc.c:3414:gst_base_src_start_complete:<filesrc1> is random_access: 1
06-06 22:07:27.127  4906  4906 D GStreamer+basesrc: 0:02:30.957942911 0xe8df3e00 gstbasesrc.c:3577:gst_base_src_set_flushing:<filesrc1> flushing 0, live_play 0
06-06 22:07:27.127  4906  4906 D GStreamer+basesrc: 0:02:30.957964838 0xe8df3e00 gstbasesrc.c:3523:gst_base_src_start_wait:<filesrc1> got ok
06-06 22:07:27.127  4906  4906 D GStreamer+GST_PADS: 0:02:30.957983796 0xe8df3e00 gstpad.c:1188:activate_mode_internal:<filesrc1:src> activated in pull mode
06-06 22:07:27.127  4906  4906 D GStreamer+GST_PADS: 0:02:30.958005463 0xe8df3e00 gstpad.c:979:pre_activate:<q:sink> setting pad into pull mode, unset flushing
06-06 22:07:27.127  4906  4906 D GStreamer+GST_PADS: 0:02:30.958025202 0xe8df3e00 gstpad.c:991:pre_activate:<q:sink> reschedule events on peer filesrc1:src
06-06 22:07:27.127  4906  4906 D GStreamer+GST_PADS: 0:02:30.958047390 0xe8df3e00 gstpad.c:5978:gst_pad_start_task:<q:sink> start task
06-06 22:07:27.127  4906  4906 D GStreamer+task: 0:02:30.958084004 0xe8df3e00 gsttask.c:427:gst_task_new Created task 0xe9573828
06-06 22:07:27.127  4906  4906 I GStreamer+task: 0:02:30.958102077 0xe8df3e00 gsttask.c:453:gst_task_set_lock setting stream lock 0xe901e9a4 on task 0xe9573828
06-06 22:07:27.127  4906  4906 I GStreamer+GST_PADS: 0:02:30.958122025 0xe8df3e00 gstpad.c:5987:gst_pad_start_task:<q:sink> created task 0xe9573828
06-06 22:07:27.127  4906  4906 D GStreamer+GST_PADS: 0:02:30.958141713 0xe8df3e00 gstpad.c:5904:do_stream_status:<q:sink> doing stream-status 0
06-06 22:07:27.127  4906  4906 D GStreamer+GST_PADS: 0:02:30.958168067 0xe8df3e00 gstpad.c:5933:do_stream_status:<q:sink> posting stream-status 0
06-06 22:07:27.127  4906  4906 D GStreamer+GST_BUS: 0:02:30.958189317 0xe8df3e00 gstbus.c:309:gst_bus_post:<bus8> [msg 0xe90121d0] posting on bus stream-status message: 0xe90121d0, time 99:99:99.999999999, seq-num 826, element 'sink', GstMessageStreamStatus, type=(GstStreamStatusType)GST_STREAM_STATUS_TYPE_CREATE, owner=(GstElement)"\(GstQTDemux\)\ q", object=(GstTask)"\(GstTask\)\ task14";
06-06 22:07:27.127  4906  4906 D GStreamer+bin: 0:02:30.958250775 0xe8df3e00 gstbin.c:3654:gst_bin_handle_message_func:<pipeline1> [msg 0xe90121d0] handling child sink message of type stream-status
06-06 22:07:27.127  4906  4906 D GStreamer+bin: 0:02:30.958273952 0xe8df3e00 gstbin.c:3991:gst_bin_handle_message_func:<pipeline1> posting message upward
06-06 22:07:27.127  4906  4906 D GStreamer+GST_BUS: 0:02:30.958292286 0xe8df3e00 gstbus.c:309:gst_bus_post:<bus9> [msg 0xe90121d0] posting on bus stream-status message: 0xe90121d0, time 99:99:99.999999999, seq-num 826, element 'sink', GstMessageStreamStatus, type=(GstStreamStatusType)GST_STREAM_STATUS_TYPE_CREATE, owner=(GstElement)"\(GstQTDemux\)\ q", object=(GstTask)"\(GstTask\)\ task14";
06-06 22:07:27.127  4906  4906 D GStreamer+GST_BUS: 0:02:30.958346088 0xe8df3e00 gstbus.c:348:gst_bus_post:<bus9> [msg 0xe90121d0] pushing on async queue
06-06 22:07:27.127  4906  4906 D GStreamer+GST_BUS: 0:02:30.958370150 0xe8df3e00 gstbus.c:351:gst_bus_post:<bus9> [msg 0xe90121d0] pushed on async queue
06-06 22:07:27.127  4906  4906 D GStreamer+GST_BUS: 0:02:30.958389525 0xe8df3e00 gstbus.c:344:gst_bus_post:<bus8> [msg 0xe90121d0] dropped
06-06 22:07:27.127  4906  5116 D GStreamer+GST_BUS: 0:02:30.958390202 0xe93d1d00 gstbus.c:521:gst_bus_timed_pop_filtered:<bus9> got message 0xe90121d0, stream-status from sink, type mask is 4294967295
06-06 22:07:27.127  4906  4906 D GStreamer+task: 0:02:30.958424942 0xe8df3e00 gsttask.c:684:gst_task_set_state:<task14> Changing task 0xe9573828 to state 0
06-06 22:07:27.127  4906  5116 D GStreamer+GST_BUS: 0:02:30.958439994 0xe93d1d00 gstbus.c:789:gst_bus_source_dispatch:<bus9> source 0xe95618d8 calling dispatch with stream-status message: 0xe90121d0, time 99:99:99.999999999, seq-num 826, element 'sink', GstMessageStreamStatus, type=(GstStreamStatusType)GST_STREAM_STATUS_TYPE_CREATE, owner=(GstElement)"\(GstQTDemux\)\ q", object=(GstTask)"\(GstTask\)\ task14";
06-06 22:07:27.127  4906  4906 D GStreamer+GST_PADS: 0:02:30.958485879 0xe8df3e00 gstpad.c:1188:activate_mode_internal:<q:sink> activated in pull mode
06-06 22:07:27.127  4906  5140 D GStreamer+task: 0:02:30.958501765 0xe9646860 gsttask.c:289:gst_task_func Entering task 0xe9573828, thread 0xe9646860
06-06 22:07:27.127  4906  4906 D GStreamer+GST_ELEMENT_PADS: 0:02:30.958512963 0xe8df3e00 gstelement.c:2814:gst_element_pads_activate:<q> pad activation successful
06-06 22:07:27.127  4906  5116 D GStreamer+GST_BUS: 0:02:30.958508692 0xe93d1d00 gstbus.c:794:gst_bus_source_dispatch:<bus9> source 0xe95618d8 handler returns 1
06-06 22:07:27.127  4906  4906 D GStreamer+GST_STATES: 0:02:30.958545202 0xe8df3e00 gstelement.c:2686:gst_element_change_state:<q> element changed state SUCCESS
06-06 22:07:27.127  4906  5140 D GStreamer+GST_PADS: 0:02:30.958540046 0xe9646860 gstpad.c:5904:do_stream_status:<q:sink> doing stream-status 1
06-06 22:07:27.127  4906  4906 I GStreamer+GST_STATES: 0:02:30.958565202 0xe8df3e00 gstelement.c:2374:gst_element_continue_state:<q> completed state change to PAUSED
06-06 22:07:27.128  4906  4906 I GStreamer+GST_STATES: 0:02:30.958585463 0xe8df3e00 gstelement.c:2279:_priv_gst_element_state_changed:<q> notifying about state-changed READY to PAUSED (VOID_PENDING pending)
06-06 22:07:27.128  4906  5140 D GStreamer+GST_PADS: 0:02:30.958607546 0xe9646860 gstpad.c:5933:do_stream_status:<q:sink> posting stream-status 1
06-06 22:07:27.128  4906  4906 D GStreamer+GST_BUS: 0:02:30.958615150 0xe8df3e00 gstbus.c:309:gst_bus_post:<bus8> [msg 0xe92f7858] posting on bus state-changed message: 0xe92f7858, time 99:99:99.999999999, seq-num 828, element 'q', GstMessageStateChanged, old-state=(GstState)GST_STATE_READY, new-state=(GstState)GST_STATE_PAUSED, pending-state=(GstState)GST_STATE_VOID_PENDING;
06-06 22:07:27.128  4906  4906 D GStreamer+bin: 0:02:30.958667286 0xe8df3e00 gstbin.c:3654:gst_bin_handle_message_func:<pipeline1> [msg 0xe92f7858] handling child q message of type state-changed
06-06 22:07:27.128  4906  4906 D GStreamer+bin: 0:02:30.958688744 0xe8df3e00 gstbin.c:3991:gst_bin_handle_message_func:<pipeline1> posting message upward
06-06 22:07:27.128  4906  5140 D GStreamer+GST_BUS: 0:02:30.958633119 0xe9646860 gstbus.c:309:gst_bus_post:<bus8> [msg 0xe92f68b8] posting on bus stream-status message: 0xe92f68b8, time 99:99:99.999999999, seq-num 827, element 'sink', GstMessageStreamStatus, type=(GstStreamStatusType)GST_STREAM_STATUS_TYPE_ENTER, owner=(GstElement)"\(GstQTDemux\)\ q", object=(GstTask)"\(GstTask\)\ q:sink";
06-06 22:07:27.128  4906  5140 D GStreamer+bin: 0:02:30.958717911 0xe9646860 gstbin.c:3654:gst_bin_handle_message_func:<pipeline1> [msg 0xe92f68b8] handling child sink message of type stream-status
06-06 22:07:27.128  4906  4906 D GStreamer+GST_BUS: 0:02:30.958712807 0xe8df3e00 gstbus.c:309:gst_bus_post:<bus9> [msg 0xe92f7858] posting on bus state-changed message: 0xe92f7858, time 99:99:99.999999999, seq-num 828, element 'q', GstMessageStateChanged, old-state=(GstState)GST_STATE_READY, new-state=(GstState)GST_STATE_PAUSED, pending-state=(GstState)GST_STATE_VOID_PENDING;
06-06 22:07:27.128  4906  5140 D GStreamer+bin: 0:02:30.958749004 0xe9646860 gstbin.c:3991:gst_bin_handle_message_func:<pipeline1> posting message upward
06-06 22:07:27.128  4906  4906 D GStreamer+GST_BUS: 0:02:30.958768379 0xe8df3e00 gstbus.c:348:gst_bus_post:<bus9> [msg 0xe92f7858] pushing on async queue
06-06 22:07:27.128  4906  4906 D GStreamer+GST_BUS: 0:02:30.958793171 0xe8df3e00 gstbus.c:351:gst_bus_post:<bus9> [msg 0xe92f7858] pushed on async queue
06-06 22:07:27.128  4906  5116 D GStreamer+GST_BUS: 0:02:30.958808119 0xe93d1d00 gstbus.c:521:gst_bus_timed_pop_filtered:<bus9> got message 0xe92f7858, state-changed from q, type mask is 4294967295
06-06 22:07:27.128  4906  4906 D GStreamer+GST_BUS: 0:02:30.958833692 0xe8df3e00 gstbus.c:344:gst_bus_post:<bus8> [msg 0xe92f7858] dropped
06-06 22:07:27.128  4906  5140 D GStreamer+GST_BUS: 0:02:30.958771557 0xe9646860 gstbus.c:309:gst_bus_post:<bus9> [msg 0xe92f68b8] posting on bus stream-status message: 0xe92f68b8, time 99:99:99.999999999, seq-num 827, element 'sink', GstMessageStreamStatus, type=(GstStreamStatusType)GST_STREAM_STATUS_TYPE_ENTER, owner=(GstElement)"\(GstQTDemux\)\ q", object=(GstTask)"\(GstTask\)\ q:sink";
06-06 22:07:27.128  4906  4906 D GStreamer+GST_STATES: 0:02:30.958857390 0xe8df3e00 gstelement.c:2609:gst_element_set_state_func:<q> returned SUCCESS
06-06 22:07:27.128  4906  5140 D GStreamer+GST_BUS: 0:02:30.958868275 0xe9646860 gstbus.c:348:gst_bus_post:<bus9> [msg 0xe92f68b8] pushing on async queue
06-06 22:07:27.128  4906  4906 I GStreamer+GST_STATES: 0:02:30.958885515 0xe8df3e00 gstbin.c:2892:gst_bin_change_state_func:<pipeline1> child 'q' changed state to 3(PAUSED) successfully
06-06 22:07:27.128  4906  5116 D GStreamer+GST_BUS: 0:02:30.958853536 0xe93d1d00 gstbus.c:789:gst_bus_source_dispatch:<bus9> source 0xe95618d8 calling dispatch with state-changed message: 0xe92f7858, time 99:99:99.999999999, seq-num 828, element 'q', GstMessageStateChanged, old-state=(GstState)GST_STATE_READY, new-state=(GstState)GST_STATE_PAUSED, pending-state=(GstState)GST_STATE_VOID_PENDING;
06-06 22:07:27.128  4906  5140 D GStreamer+GST_BUS: 0:02:30.958914369 0xe9646860 gstbus.c:351:gst_bus_post:<bus9> [msg 0xe92f68b8] pushed on async queue
06-06 22:07:27.128  4906  4906 D GStreamer+bin: 0:02:30.958917234 0xe8df3e00 gstbin.c:2310:gst_bin_sort_iterator_next:<pipeline1> queue head gives filesrc1
06-06 22:07:27.128  4906  5116 D GStreamer+GST_BUS: 0:02:30.958943119 0xe93d1d00 gstbus.c:794:gst_bus_source_dispatch:<bus9> source 0xe95618d8 handler returns 1
06-06 22:07:27.128  4906  5140 D GStreamer+GST_BUS: 0:02:30.958943640 0xe9646860 gstbus.c:344:gst_bus_post:<bus8> [msg 0xe92f68b8] dropped
06-06 22:07:27.128  4906  4906 D GStreamer+bin: 0:02:30.958968640 0xe8df3e00 gstbin.c:2249:update_degree:<pipeline1> element filesrc1 not linked on any sinkpads
06-06 22:07:27.128  4906  5140 D GStreamer+task: 0:02:30.958981973 0xe9646860 gsttask.c:251:gst_task_configure_name:<q:sink> Setting thread name to 'q:sink'
06-06 22:07:27.128  4906  5116 D GStreamer+GST_BUS: 0:02:30.958986921 0xe93d1d00 gstbus.c:521:gst_bus_timed_pop_filtered:<bus9> got message 0xe92f68b8, stream-status from sink, type mask is 4294967295
06-06 22:07:27.128  4906  4906 I GStreamer+GST_STATES: 0:02:30.958995827 0xe8df3e00 gstbin.c:2444:gst_bin_element_set_state:<filesrc1> current READY pending VOID_PENDING, desired next PAUSED
06-06 22:07:27.128  4906  5140 D GStreamer+basesrc: 0:02:30.959021088 0xe9646860 gstbasesrc.c:2354:gst_base_src_update_length:<filesrc1> reading offset 0, length 16, size 15003960, segment.stop -1, maxsize 15003960
06-06 22:07:27.128  4906  4906 D GStreamer+bin: 0:02:30.959027182 0xe8df3e00 gstbin.c:911:find_message:<pipeline1> no message found matching types 00100000
06-06 22:07:27.128  4906  4906 D GStreamer+bin: 0:02:30.959067338 0xe8df3e00 gstbin.c:918:find_message:<pipeline1>   async-start
06-06 22:07:27.128  4906  5140 D GStreamer+basesrc: 0:02:30.959064525 0xe9646860 gstbasesrc.c:2455:gst_base_src_get_range:<filesrc1> calling create offset 0 length 16, time 0
06-06 22:07:27.128  4906  5116 D GStreamer+GST_BUS: 0:02:30.959016817 0xe93d1d00 gstbus.c:789:gst_bus_source_dispatch:<bus9> source 0xe95618d8 calling dispatch with stream-status message: 0xe92f68b8, time 99:99:99.999999999, seq-num 827, element 'sink', GstMessageStreamStatus, type=(GstStreamStatusType)GST_STREAM_STATUS_TYPE_ENTER, owner=(GstElement)"\(GstQTDemux\)\ q", object=(GstTask)"\(GstTask\)\ q:sink";
06-06 22:07:27.128  4906  4906 D GStreamer+bin: 0:02:30.959094786 0xe8df3e00 gstbin.c:2539:gst_bin_element_set_state:<pipeline1> setting element filesrc1 to PAUSED, base_time 0:00:00.000000000
06-06 22:07:27.128  4906  5116 D GStreamer+GST_BUS: 0:02:30.959108327 0xe93d1d00 gstbus.c:794:gst_bus_source_dispatch:<bus9> source 0xe95618d8 handler returns 1
06-06 22:07:27.128  4906  5140 D GStreamer+GST_MEMORY: 0:02:30.959123119 0xe9646860 gstmemory.c:138:gst_memory_init new memory 0xe93d3028, maxsize:19 offset:0 size:16
06-06 22:07:27.128  4906  4906 D GStreamer+GST_STATES: 0:02:30.959124161 0xe8df3e00 gstelement.c:2525:gst_element_set_state_func:<filesrc1> set_state to PAUSED
06-06 22:07:27.128  4906  4906 D GStreamer+GST_STATES: 0:02:30.959158536 0xe8df3e00 gstelement.c:2550:gst_element_set_state_func:<filesrc1> setting target state to PAUSED
06-06 22:07:27.128  4906  4906 D GStreamer+GST_STATES: 0:02:30.959212702 0xe8df3e00 gstelement.c:2563:gst_element_set_state_func:<filesrc1> current READY, old_pending VOID_PENDING, next VOID_PENDING, old return SUCCESS
06-06 22:07:27.128  4906  5140 D GStreamer+basesrc: 0:02:30.959231765 0xe9646860 gstbasesrc.c:2500:gst_base_src_get_range:<filesrc1> setting first timestamp to 0
06-06 22:07:27.128  4906  4906 D GStreamer+GST_STATES: 0:02:30.959239057 0xe8df3e00 gstelement.c:2597:gst_element_set_state_func:<filesrc1> final: setting state from READY to PAUSED
06-06 22:07:27.128  4906  4906 D GStreamer+GST_ELEMENT_PADS: 0:02:30.959263952 0xe8df3e00 gstelement.c:2795:gst_element_pads_activate:<filesrc1> activate pads
06-06 22:07:27.128  4906  5140 D GStreamer+basesrc: 0:02:30.959268067 0xe9646860 gstbasesrc.c:2309:gst_base_src_do_sync:<filesrc1> we have no clock
06-06 22:07:27.128  4906  5140 D GStreamer+basesrc: 0:02:30.959292286 0xe9646860 gstbasesrc.c:2519:gst_base_src_get_range:<filesrc1> buffer ok
06-06 22:07:27.128  4906  4906 D GStreamer+GST_PADS: 0:02:30.959300098 0xe8df3e00 gstpad.c:1069:gst_pad_set_active:<filesrc1:src> pad was active in pull mode
06-06 22:07:27.128  4906  4906 D GStreamer+GST_ELEMENT_PADS: 0:02:30.959325046 0xe8df3e00 gstelement.c:2814:gst_element_pads_activate:<filesrc1> pad activation successful
06-06 22:07:27.128  4906  5140 D GStreamer+qtdemux: 0:02:30.959312129 0xe9646860 qtdemux.c:2766:extract_initial_length_and_fourcc length 0x00000020
06-06 22:07:27.128  4906  4906 D GStreamer+GST_STATES: 0:02:30.959343900 0xe8df3e00 gstelement.c:2686:gst_element_change_state:<filesrc1> element changed state SUCCESS
06-06 22:07:27.128  4906  5140 D GStreamer+qtdemux: 0:02:30.959345723 0xe9646860 qtdemux.c:2768:extract_initial_length_and_fourcc atom type ftyp
06-06 22:07:27.128  4906  4906 I GStreamer+GST_STATES: 0:02:30.959362129 0xe8df3e00 gstelement.c:2374:gst_element_continue_state:<filesrc1> completed state change to PAUSED
06-06 22:07:27.128  4906  5140 D GStreamer+GST_MEMORY: 0:02:30.959370671 0xe9646860 gstmemory.c:87:_gst_memory_free free memory 0xe93d3028
06-06 22:07:27.128  4906  4906 I GStreamer+GST_STATES: 0:02:30.959379994 0xe8df3e00 gstelement.c:2279:_priv_gst_element_state_changed:<filesrc1> notifying about state-changed READY to PAUSED (VOID_PENDING pending)
06-06 22:07:27.128  4906  5140 D GStreamer+basesrc: 0:02:30.959391296 0xe9646860 gstbasesrc.c:2354:gst_base_src_update_length:<filesrc1> reading offset 0, length 32, size 15003960, segment.stop -1, maxsize 15003960
06-06 22:07:27.128  4906  4906 D GStreamer+GST_BUS: 0:02:30.959406713 0xe8df3e00 gstbus.c:309:gst_bus_post:<bus8> [msg 0xe93bce20] posting on bus state-changed message: 0xe93bce20, time 99:99:99.999999999, seq-num 829, element 'filesrc1', GstMessageStateChanged, old-state=(GstState)GST_STATE_READY, new-state=(GstState)GST_STATE_PAUSED, pending-state=(GstState)GST_STATE_VOID_PENDING;
06-06 22:07:27.128  4906  5140 D GStreamer+basesrc: 0:02:30.959445827 0xe9646860 gstbasesrc.c:2455:gst_base_src_get_range:<filesrc1> calling create offset 0 length 32, time 0
06-06 22:07:27.128  4906  4906 D GStreamer+bin: 0:02:30.959473171 0xe8df3e00 gstbin.c:3654:gst_bin_handle_message_func:<pipeline1> [msg 0xe93bce20] handling child filesrc1 message of type state-changed
06-06 22:07:27.128  4906  5140 D GStreamer+GST_MEMORY: 0:02:30.959477182 0xe9646860 gstmemory.c:138:gst_memory_init new memory 0xe8df5760, maxsize:35 offset:0 size:32
06-06 22:07:27.128  4906  4906 D GStreamer+bin: 0:02:30.959500202 0xe8df3e00 gstbin.c:3991:gst_bin_handle_message_func:<pipeline1> posting message upward
06-06 22:07:27.128  4906  5140 D GStreamer+basesrc: 0:02:30.959511609 0xe9646860 gstbasesrc.c:2500:gst_base_src_get_range:<filesrc1> setting first timestamp to 0
06-06 22:07:27.128  4906  4906 D GStreamer+GST_BUS: 0:02:30.959518640 0xe8df3e00 gstbus.c:309:gst_bus_post:<bus9> [msg 0xe93bce20] posting on bus state-changed message: 0xe93bce20, time 99:99:99.999999999, seq-num 829, element 'filesrc1', GstMessageStateChanged, old-state=(GstState)GST_STATE_READY, new-state=(GstState)GST_STATE_PAUSED, pending-state=(GstState)GST_STATE_VOID_PENDING;
06-06 22:07:27.128  4906  5140 D GStreamer+basesrc: 0:02:30.959547286 0xe9646860 gstbasesrc.c:2309:gst_base_src_do_sync:<filesrc1> we have no clock
06-06 22:07:27.128  4906  4906 D GStreamer+GST_BUS: 0:02:30.959567182 0xe8df3e00 gstbus.c:348:gst_bus_post:<bus9> [msg 0xe93bce20] pushing on async queue
06-06 22:07:27.128  4906  5140 D GStreamer+basesrc: 0:02:30.959571296 0xe9646860 gstbasesrc.c:2519:gst_base_src_get_range:<filesrc1> buffer ok
06-06 22:07:27.129  4906  4906 D GStreamer+GST_BUS: 0:02:30.959594994 0xe8df3e00 gstbus.c:351:gst_bus_post:<bus9> [msg 0xe93bce20] pushed on async queue
06-06 22:07:27.129  4906  5140 D GStreamer+qtdemux: 0:02:30.959593067 0xe9646860 qtdemux.c:2474:qtdemux_parse_ftyp:<q> major brand: mp42
06-06 22:07:27.129  4906  5116 D GStreamer+GST_BUS: 0:02:30.959611817 0xe93d1d00 gstbus.c:521:gst_bus_timed_pop_filtered:<bus9> got message 0xe93bce20, state-changed from filesrc1, type mask is 4294967295
06-06 22:07:27.129  4906  4906 D GStreamer+GST_BUS: 0:02:30.959623588 0xe8df3e00 gstbus.c:344:gst_bus_post:<bus8> [msg 0xe93bce20] dropped
06-06 22:07:27.129  4906  5140 D GStreamer+GST_MEMORY: 0:02:30.959623119 0xe9646860 gstmemory.c:138:gst_memory_init new memory 0xe93d2f60, maxsize:19 offset:0 size:16
06-06 22:07:27.129  4906  5140 D GStreamer+GST_MEMORY: 0:02:30.959675202 0xe9646860 gstmemory.c:87:_gst_memory_free free memory 0xe8df5760
06-06 22:07:27.129  4906  4906 D GStreamer+GST_STATES: 0:02:30.959669838 0xe8df3e00 gstelement.c:2609:gst_element_set_state_func:<filesrc1> returned SUCCESS
06-06 22:07:27.129  4906  4906 I GStreamer+GST_STATES: 0:02:30.959703588 0xe8df3e00 gstbin.c:2892:gst_bin_change_state_func:<pipeline1> child 'filesrc1' changed state to 3(PAUSED) successfully
06-06 22:07:27.129  4906  5116 D GStreamer+GST_BUS: 0:02:30.959661765 0xe93d1d00 gstbus.c:789:gst_bus_source_dispatch:<bus9> source 0xe95618d8 calling dispatch with state-changed message: 0xe93bce20, time 99:99:99.999999999, seq-num 829, element 'filesrc1', GstMessageStateChanged, old-state=(GstState)GST_STATE_READY, new-state=(GstState)GST_STATE_PAUSED, pending-state=(GstState)GST_STATE_VOID_PENDING;
06-06 22:07:27.129  4906  4906 D GStreamer+bin: 0:02:30.959735775 0xe8df3e00 gstbin.c:2299:gst_bin_sort_iterator_next:<pipeline1> queue empty, elements exhausted
06-06 22:07:27.129  4906  5116 D GStreamer+GST_BUS: 0:02:30.959746713 0xe93d1d00 gstbus.c:794:gst_bus_source_dispatch:<bus9> source 0xe95618d8 handler returns 1
06-06 22:07:27.129  4906  5140 D GStreamer+basesrc: 0:02:30.959707286 0xe9646860 gstbasesrc.c:2354:gst_base_src_update_length:<filesrc1> reading offset 32, length 16, size 15003960, segment.stop -1, maxsize 15003960
06-06 22:07:27.129  4906  4906 D GStreamer+GST_STATES: 0:02:30.959770567 0xe8df3e00 gstbin.c:2951:gst_bin_change_state_func:<pipeline1> iterator done
06-06 22:07:27.129  4906  5140 D GStreamer+basesrc: 0:02:30.959775359 0xe9646860 gstbasesrc.c:2455:gst_base_src_get_range:<filesrc1> calling create offset 32 length 16, time 0
06-06 22:07:27.129  4906  4906 D GStreamer+GST_ELEMENT_PADS: 0:02:30.959789161 0xe8df3e00 gstelement.c:2795:gst_element_pads_activate:<pipeline1> activate pads
06-06 22:07:27.129  4906  5140 D GStreamer+GST_MEMORY: 0:02:30.959797702 0xe9646860 gstmemory.c:138:gst_memory_init new memory 0xe93d2ef8, maxsize:19 offset:0 size:16
06-06 22:07:27.129  4906  4906 D GStreamer+GST_ELEMENT_PADS: 0:02:30.959811973 0xe8df3e00 gstelement.c:2814:gst_element_pads_activate:<pipeline1> pad activation successful
06-06 22:07:27.129  4906  5140 D GStreamer+basesrc: 0:02:30.959823796 0xe9646860 gstbasesrc.c:2309:gst_base_src_do_sync:<filesrc1> we have no clock
