06-06 22:07:23.842  4906  5126 D GStreamer+GST_PADS: 0:02:27.672655568 0xe900d1b0 gstpad.c:5904:do_stream_status:<queue4:src> doing stream-status 1
06-06 22:07:23.842  4906  4906 D GStreamer+GST_PADS: 0:02:27.672674683 0xe8df3e00 gstpad.c:1188:activate_mode_internal:<queue4:sink> activated in push mode
06-06 22:07:23.842  4906  4906 D GStreamer+GST_ELEMENT_PADS: 0:02:27.672697131 0xe8df3e00 gstelement.c:2814:gst_element_pads_activate:<queue4> pad activation successful
06-06 22:07:23.842  4906  5126 D GStreamer+GST_PADS: 0:02:27.672705724 0xe900d1b0 gstpad.c:5933:do_stream_status:<queue4:src> posting stream-status 1
06-06 22:07:23.842  4906  4906 D GStreamer+GST_STATES: 0:02:27.672719839 0xe8df3e00 gstelement.c:2686:gst_element_change_state:<queue4> element changed state SUCCESS
06-06 22:07:23.842  4906  4906 I GStreamer+GST_STATES: 0:02:27.672737079 0xe8df3e00 gstelement.c:2374:gst_element_continue_state:<queue4> completed state change to PAUSED
06-06 22:07:23.842  4906  4906 I GStreamer+GST_STATES: 0:02:27.672754683 0xe8df3e00 gstelement.c:2279:_priv_gst_element_state_changed:<queue4> notifying about state-changed READY to PAUSED (VOID_PENDING pending)
06-06 22:07:23.842  4906  5126 D GStreamer+GST_BUS: 0:02:27.672727079 0xe900d1b0 gstbus.c:309:gst_bus_post:<bus8> [msg 0xe92f7ac0] posting on bus stream-status message: 0xe92f7ac0, time 99:99:99.999999999, seq-num 553, element 'src', GstMessageStreamStatus, type=(GstStreamStatusType)GST_STREAM_STATUS_TYPE_ENTER, owner=(GstElement)"\(GstQueue\)\ queue4", object=(GstTask)"\(GstTask\)\ queue4:src";
06-06 22:07:23.842  4906  5126 D GStreamer+bin: 0:02:27.672793172 0xe900d1b0 gstbin.c:3654:gst_bin_handle_message_func:<pipeline1> [msg 0xe92f7ac0] handling child src message of type stream-status
06-06 22:07:23.842  4906  4906 D GStreamer+GST_BUS: 0:02:27.672783016 0xe8df3e00 gstbus.c:309:gst_bus_post:<bus8> [msg 0xe9012280] posting on bus state-changed message: 0xe9012280, time 99:99:99.999999999, seq-num 554, element 'queue4', GstMessageStateChanged, old-state=(GstState)GST_STATE_READY, new-state=(GstState)GST_STATE_PAUSED, pending-state=(GstState)GST_STATE_VOID_PENDING;
06-06 22:07:23.842  4906  5126 D GStreamer+bin: 0:02:27.672821245 0xe900d1b0 gstbin.c:3991:gst_bin_handle_message_func:<pipeline1> posting message upward
06-06 22:07:23.842  4906  4906 D GStreamer+bin: 0:02:27.672833277 0xe8df3e00 gstbin.c:3654:gst_bin_handle_message_func:<pipeline1> [msg 0xe9012280] handling child queue4 message of type state-changed
06-06 22:07:23.842  4906  4906 D GStreamer+bin: 0:02:27.672859006 0xe8df3e00 gstbin.c:3991:gst_bin_handle_message_func:<pipeline1> posting message upward
06-06 22:07:23.842  4906  5126 D GStreamer+GST_BUS: 0:02:27.672839683 0xe900d1b0 gstbus.c:309:gst_bus_post:<bus9> [msg 0xe92f7ac0] posting on bus stream-status message: 0xe92f7ac0, time 99:99:99.999999999, seq-num 553, element 'src', GstMessageStreamStatus, type=(GstStreamStatusType)GST_STREAM_STATUS_TYPE_ENTER, owner=(GstElement)"\(GstQueue\)\ queue4", object=(GstTask)"\(GstTask\)\ queue4:src";
06-06 22:07:23.842  4906  5126 D GStreamer+GST_BUS: 0:02:27.672907860 0xe900d1b0 gstbus.c:348:gst_bus_post:<bus9> [msg 0xe92f7ac0] pushing on async queue
06-06 22:07:23.842  4906  4906 D GStreamer+GST_BUS: 0:02:27.672883277 0xe8df3e00 gstbus.c:309:gst_bus_post:<bus9> [msg 0xe9012280] posting on bus state-changed message: 0xe9012280, time 99:99:99.999999999, seq-num 554, element 'queue4', GstMessageStateChanged, old-state=(GstState)GST_STATE_READY, new-state=(GstState)GST_STATE_PAUSED, pending-state=(GstState)GST_STATE_VOID_PENDING;
06-06 22:07:23.842  4906  4906 D GStreamer+GST_BUS: 0:02:27.672934683 0xe8df3e00 gstbus.c:348:gst_bus_post:<bus9> [msg 0xe9012280] pushing on async queue
06-06 22:07:23.842  4906  4906 D GStreamer+GST_BUS: 0:02:27.672953329 0xe8df3e00 gstbus.c:351:gst_bus_post:<bus9> [msg 0xe9012280] pushed on async queue
06-06 22:07:23.842  4906  4906 D GStreamer+GST_BUS: 0:02:27.672971297 0xe8df3e00 gstbus.c:344:gst_bus_post:<bus8> [msg 0xe9012280] dropped
06-06 22:07:23.842  4906  4906 D GStreamer+GST_STATES: 0:02:27.672990985 0xe8df3e00 gstelement.c:2609:gst_element_set_state_func:<queue4> returned SUCCESS
06-06 22:07:23.842  4906  5116 D GStreamer+GST_BUS: 0:02:27.672986610 0xe93d1d00 gstbus.c:521:gst_bus_timed_pop_filtered:<bus9> got message 0xe92f69c0, stream-status from src, type mask is 4294967295
06-06 22:07:23.842  4906  4906 I GStreamer+GST_STATES: 0:02:27.673016558 0xe8df3e00 gstbin.c:2892:gst_bin_change_state_func:<pipeline1> child 'queue4' changed state to 3(PAUSED) successfully
06-06 22:07:23.842  4906  4906 D GStreamer+bin: 0:02:27.673042287 0xe8df3e00 gstbin.c:2295:gst_bin_sort_iterator_next:<pipeline1> queue empty, next best: forhwgl
06-06 22:07:23.842  4906  4906 D GStreamer+bin: 0:02:27.673065672 0xe8df3e00 gstbin.c:2310:gst_bin_sort_iterator_next:<pipeline1> queue head gives forhwgl
06-06 22:07:23.842  4906  4906 D GStreamer+bin: 0:02:27.673084943 0xe8df3e00 gstbin.c:911:find_message:<pipeline1> no message found matching types 00001000
06-06 22:07:23.842  4906  5116 D GStreamer+GST_BUS: 0:02:27.673027443 0xe93d1d00 gstbus.c:789:gst_bus_source_dispatch:<bus9> source 0xe95618d8 calling dispatch with stream-status message: 0xe92f69c0, time 99:99:99.999999999, seq-num 552, element 'src', GstMessageStreamStatus, type=(GstStreamStatusType)GST_STREAM_STATUS_TYPE_CREATE, owner=(GstElement)"\(GstQueue\)\ queue4", object=(GstTask)"\(GstTask\)\ queue4:src";
06-06 22:07:23.842  4906  4906 D GStreamer+bin: 0:02:27.673104735 0xe8df3e00 gstbin.c:918:find_message:<pipeline1>   structure-change
06-06 22:07:23.842  4906  5116 D GStreamer+GST_BUS: 0:02:27.673124943 0xe93d1d00 gstbus.c:794:gst_bus_source_dispatch:<bus9> source 0xe95618d8 handler returns 1
06-06 22:07:23.842  4906  4906 D GStreamer+bin: 0:02:27.673124527 0xe8df3e00 gstbin.c:2226:update_degree:<pipeline1> change element queue2, degree 1->0, linked to forhwgl
06-06 22:07:23.842  4906  4906 D GStreamer+bin: 0:02:27.673153381 0xe8df3e00 gstbin.c:2109:add_to_queue:<pipeline1> adding 'queue2' to queue
06-06 22:07:23.842  4906  4906 I GStreamer+GST_STATES: 0:02:27.673175568 0xe8df3e00 gstbin.c:2444:gst_bin_element_set_state:<forhwgl> current READY pending VOID_PENDING, desired next PAUSED
06-06 22:07:23.842  4906  5116 D GStreamer+GST_BUS: 0:02:27.673162912 0xe93d1d00 gstbus.c:521:gst_bus_timed_pop_filtered:<bus9> got message 0xe92f7ac0, stream-status from src, type mask is 4294967295
06-06 22:07:23.842  4906  4906 D GStreamer+bin: 0:02:27.673197704 0xe8df3e00 gstbin.c:911:find_message:<pipeline1> no message found matching types 00100000
06-06 22:07:23.842  4906  4906 D GStreamer+bin: 0:02:27.673215777 0xe8df3e00 gstbin.c:918:find_message:<pipeline1>   async-start
06-06 22:07:23.842  4906  4906 D GStreamer+bin: 0:02:27.673234474 0xe8df3e00 gstbin.c:2539:gst_bin_element_set_state:<pipeline1> setting element forhwgl to PAUSED, base_time 0:00:00.000000000
06-06 22:07:23.842  4906  5116 D GStreamer+GST_BUS: 0:02:27.673211297 0xe93d1d00 gstbus.c:789:gst_bus_source_dispatch:<bus9> source 0xe95618d8 calling dispatch with stream-status message: 0xe92f7ac0, time 99:99:99.999999999, seq-num 553, element 'src', GstMessageStreamStatus, type=(GstStreamStatusType)GST_STREAM_STATUS_TYPE_ENTER, owner=(GstElement)"\(GstQueue\)\ queue4", object=(GstTask)"\(GstTask\)\ queue4:src";
06-06 22:07:23.842  4906  4906 D GStreamer+GST_STATES: 0:02:27.673266766 0xe8df3e00 gstelement.c:2525:gst_element_set_state_func:<forhwgl> set_state to PAUSED
06-06 22:07:23.842  4906  5116 D GStreamer+GST_BUS: 0:02:27.673276349 0xe93d1d00 gstbus.c:794:gst_bus_source_dispatch:<bus9> source 0xe95618d8 handler returns 1
06-06 22:07:23.842  4906  4906 D GStreamer+GST_STATES: 0:02:27.673323120 0xe8df3e00 gstelement.c:2550:gst_element_set_state_func:<forhwgl> setting target state to PAUSED
06-06 22:07:23.842  4906  5126 D GStreamer+GST_BUS: 0:02:27.672929162 0xe900d1b0 gstbus.c:351:gst_bus_post:<bus9> [msg 0xe92f7ac0] pushed on async queue
06-06 22:07:23.842  4906  5116 D GStreamer+GST_BUS: 0:02:27.673338172 0xe93d1d00 gstbus.c:521:gst_bus_timed_pop_filtered:<bus9> got message 0xe9012280, state-changed from queue4, type mask is 4294967295
06-06 22:07:23.842  4906  4906 D GStreamer+GST_STATES: 0:02:27.673347704 0xe8df3e00 gstelement.c:2563:gst_element_set_state_func:<forhwgl> current READY, old_pending VOID_PENDING, next VOID_PENDING, old return SUCCESS
06-06 22:07:23.842  4906  5126 D GStreamer+GST_BUS: 0:02:27.673380099 0xe900d1b0 gstbus.c:344:gst_bus_post:<bus8> [msg 0xe92f7ac0] dropped
06-06 22:07:23.842  4906  4906 D GStreamer+GST_STATES: 0:02:27.673382547 0xe8df3e00 gstelement.c:2597:gst_element_set_state_func:<forhwgl> final: setting state from READY to PAUSED
06-06 22:07:23.842  4906  5126 D GStreamer+task: 0:02:27.673410724 0xe900d1b0 gsttask.c:251:gst_task_configure_name:<queue4:src> Setting thread name to 'queue4:src'
06-06 22:07:23.842  4906  4906 D GStreamer+bin: 0:02:27.673427808 0xe8df3e00 gstbin.c:3654:gst_bin_handle_message_func:<forhwgl> [msg 0xe90121d0] handling child forhwgl message of type async-start
06-06 22:07:23.842  4906  5126 D GStreamer+queue_dataflow: 0:02:27.673448485 0xe900d1b0 gstqueue.c:1488:gst_queue_loop:<queue4> queue is empty
06-06 22:07:23.842  4906  5116 D GStreamer+GST_BUS: 0:02:27.673377079 0xe93d1d00 gstbus.c:789:gst_bus_source_dispatch:<bus9> source 0xe95618d8 calling dispatch with state-changed message: 0xe9012280, time 99:99:99.999999999, seq-num 554, element 'queue4', GstMessageStateChanged, old-state=(GstState)GST_STATE_READY, new-state=(GstState)GST_STATE_PAUSED, pending-state=(GstState)GST_STATE_VOID_PENDING;
06-06 22:07:23.842  4906  4906 D GStreamer+bin: 0:02:27.673457860 0xe8df3e00 gstbin.c:3844:gst_bin_handle_message_func:<forhwgl> ASYNC_START message 0xe90121d0, forhwgl
06-06 22:07:23.842  4906  4906 D GStreamer+bin: 0:02:27.673488902 0xe8df3e00 gstbin.c:911:find_message:<forhwgl> no message found matching types 00100000
06-06 22:07:23.842  4906  5116 D GStreamer+GST_BUS: 0:02:27.673498016 0xe93d1d00 gstbus.c:794:gst_bus_source_dispatch:<bus9> source 0xe95618d8 handler returns 1
06-06 22:07:23.842  4906  4906 D GStreamer+bin: 0:02:27.673536349 0xe8df3e00 gstbin.c:918:find_message:<forhwgl>   async-start
06-06 22:07:23.842  4906  4906 D GStreamer+bin: 0:02:27.673560672 0xe8df3e00 gstbin.c:958:bin_replace_message:<forhwgl> got new message 0xe90121d0, async-start from forhwgl
06-06 22:07:23.843  4906  4906 D GStreamer+GST_STATES: 0:02:27.673585516 0xe8df3e00 gstbin.c:3304:bin_handle_async_start:<forhwgl> state change busy
06-06 22:07:23.843  4906  4906 D GStreamer+bin: 0:02:27.673603433 0xe8df3e00 gstbin.c:3290:bin_handle_async_start:<forhwgl> posting ASYNC_START to parent
06-06 22:07:23.843  4906  4906 D GStreamer+GST_BUS: 0:02:27.673621245 0xe8df3e00 gstbus.c:309:gst_bus_post:<bus8> [msg 0xe90120c8] posting on bus async-start message: 0xe90120c8, time 99:99:99.999999999, seq-num 556, element 'forhwgl', (NULL)
06-06 22:07:23.843  4906  4906 D GStreamer+bin: 0:02:27.673654266 0xe8df3e00 gstbin.c:3654:gst_bin_handle_message_func:<pipeline1> [msg 0xe90120c8] handling child forhwgl message of type async-start
06-06 22:07:23.843  4906  4906 D GStreamer+bin: 0:02:27.673674995 0xe8df3e00 gstbin.c:3844:gst_bin_handle_message_func:<pipeline1> ASYNC_START message 0xe90120c8, forhwgl
06-06 22:07:23.843  4906  4906 D GStreamer+bin: 0:02:27.673694631 0xe8df3e00 gstbin.c:911:find_message:<pipeline1> no message found matching types 00100000
06-06 22:07:23.843  4906  4906 D GStreamer+bin: 0:02:27.673712860 0xe8df3e00 gstbin.c:918:find_message:<pipeline1>   async-start
06-06 22:07:23.843  4906  4906 D GStreamer+bin: 0:02:27.673730777 0xe8df3e00 gstbin.c:958:bin_replace_message:<pipeline1> got new message 0xe90120c8, async-start from forhwgl
06-06 22:07:23.843  4906  4906 D GStreamer+GST_STATES: 0:02:27.673750777 0xe8df3e00 gstbin.c:3304:bin_handle_async_start:<pipeline1> state change busy
06-06 22:07:23.843  4906  4906 D GStreamer+GST_BUS: 0:02:27.673767912 0xe8df3e00 gstbus.c:344:gst_bus_post:<bus8> [msg 0xe90120c8] dropped
06-06 22:07:23.843  4906  4906 D GStreamer+GST_STATES: 0:02:27.673794579 0xe8df3e00 gstbin.c:2792:gst_bin_change_state_func:<forhwgl> changing state of children from READY to PAUSED
06-06 22:07:23.843  4906  4906 D GStreamer+bin: 0:02:27.673815881 0xe8df3e00 gstbin.c:2816:gst_bin_change_state_func:<forhwgl> clearing EOS elements
06-06 22:07:23.843  4906  4906 D GStreamer+bin: 0:02:27.673832652 0xe8df3e00 gstbin.c:992:bin_remove_messages:<forhwgl> not deleting message 0xe90121d0 of type 0x00100000
06-06 22:07:23.843  4906  4906 D GStreamer+bin: 0:02:27.673852912 0xe8df3e00 gstbin.c:992:bin_remove_messages:<forhwgl> not deleting message 0xe90121d0 of type 0x00100000
06-06 22:07:23.843  4906  4906 D GStreamer+bin: 0:02:27.673872860 0xe8df3e00 gstbin.c:2637:gst_bin_src_pads_activate:<forhwgl> activate pads
06-06 22:07:23.843  4906  4906 D GStreamer+bin: 0:02:27.673894110 0xe8df3e00 gstbin.c:2645:gst_bin_src_pads_activate:<forhwgl> pad activation successful
06-06 22:07:23.843  4906  4906 D GStreamer+bin: 0:02:27.673915672 0xe8df3e00 gstbin.c:2323:gst_bin_sort_iterator_resync:<forhwgl> resync
06-06 22:07:23.843  4906  4906 D GStreamer+bin: 0:02:27.673934474 0xe8df3e00 gstbin.c:911:find_message:<forhwgl> no message found matching types 00001000
06-06 22:07:23.843  4906  4906 D GStreamer+bin: 0:02:27.673952808 0xe8df3e00 gstbin.c:918:find_message:<forhwgl>   structure-change
06-06 22:07:23.843  4906  4906 D GStreamer+bin: 0:02:27.673973693 0xe8df3e00 gstbin.c:2249:update_degree:<forhwgl> element typefind not linked on any sinkpads
06-06 22:07:23.843  4906  4906 D GStreamer+bin: 0:02:27.673994162 0xe8df3e00 gstbin.c:2295:gst_bin_sort_iterator_next:<forhwgl> queue empty, next best: typefind
06-06 22:07:23.843  4906  4906 D GStreamer+bin: 0:02:27.674013537 0xe8df3e00 gstbin.c:2310:gst_bin_sort_iterator_next:<forhwgl> queue head gives typefind
06-06 22:07:23.843  4906  4906 D GStreamer+bin: 0:02:27.674031870 0xe8df3e00 gstbin.c:911:find_message:<forhwgl> no message found matching types 00001000
06-06 22:07:23.843  4906  4906 D GStreamer+bin: 0:02:27.674049735 0xe8df3e00 gstbin.c:918:find_message:<forhwgl>   structure-change
06-06 22:07:23.843  4906  4906 D GStreamer+bin: 0:02:27.674068537 0xe8df3e00 gstbin.c:2249:update_degree:<forhwgl> element typefind not linked on any sinkpads
06-06 22:07:23.843  4906  4906 I GStreamer+GST_STATES: 0:02:27.674088068 0xe8df3e00 gstbin.c:2444:gst_bin_element_set_state:<typefind> current READY pending VOID_PENDING, desired next PAUSED
06-06 22:07:23.843  4906  4906 D GStreamer+bin: 0:02:27.674109422 0xe8df3e00 gstbin.c:911:find_message:<forhwgl> no message found matching types 00100000
06-06 22:07:23.843  4906  4906 D GStreamer+bin: 0:02:27.674127652 0xe8df3e00 gstbin.c:918:find_message:<forhwgl>   async-start
06-06 22:07:23.843  4906  4906 D GStreamer+bin: 0:02:27.674145464 0xe8df3e00 gstbin.c:2539:gst_bin_element_set_state:<forhwgl> setting element typefind to PAUSED, base_time 0:00:00.000000000
06-06 22:07:23.843  4906  4906 D GStreamer+GST_STATES: 0:02:27.674169631 0xe8df3e00 gstelement.c:2525:gst_element_set_state_func:<typefind> set_state to PAUSED
06-06 22:07:23.843  4906  4906 D GStreamer+GST_STATES: 0:02:27.674187912 0xe8df3e00 gstelement.c:2550:gst_element_set_state_func:<typefind> setting target state to PAUSED
06-06 22:07:23.843  4906  4906 D GStreamer+GST_STATES: 0:02:27.674206245 0xe8df3e00 gstelement.c:2563:gst_element_set_state_func:<typefind> current READY, old_pending VOID_PENDING, next VOID_PENDING, old return SUCCESS
06-06 22:07:23.843  4906  4906 D GStreamer+GST_STATES: 0:02:27.674228537 0xe8df3e00 gstelement.c:2597:gst_element_set_state_func:<typefind> final: setting state from READY to PAUSED
06-06 22:07:23.843  4906  4906 D GStreamer+GST_ELEMENT_PADS: 0:02:27.674252027 0xe8df3e00 gstelement.c:2795:gst_element_pads_activate:<typefind> activate pads
06-06 22:07:23.843  4906  4906 D GStreamer+GST_PADS: 0:02:27.674273954 0xe8df3e00 gstpad.c:1063:gst_pad_set_active:<typefind:src> activating pad from none
06-06 22:07:23.843  4906  4906 D GStreamer+GST_PADS: 0:02:27.674293589 0xe8df3e00 gstpad.c:979:pre_activate:<typefind:src> setting pad into push mode, unset flushing
06-06 22:07:23.843  4906  4906 D GStreamer+GST_PADS: 0:02:27.674313016 0xe8df3e00 gstpad.c:1188:activate_mode_internal:<typefind:src> activated in push mode
06-06 22:07:23.843  4906  4906 D GStreamer+GST_PADS: 0:02:27.674336558 0xe8df3e00 gstpad.c:1063:gst_pad_set_active:<typefind:sink> activating pad from none
06-06 22:07:23.843  4906  4906 D GStreamer+query: 0:02:27.674359162 0xe8df3e00 gstquery.c:674:gst_query_new_custom creating new query 0xe900d200 scheduling
06-06 22:07:23.843  4906  4906 D GStreamer+GST_PADS: 0:02:27.674378589 0xe8df3e00 gstpad.c:4049:gst_pad_peer_query:<typefind:sink> peer query 0xe900d200 (scheduling)
06-06 22:07:23.843  4906  4906 D GStreamer+GST_PADS: 0:02:27.674400360 0xe8df3e00 gstpad.c:3922:gst_pad_query:<sink:proxypad3> doing query 0xe900d200 (scheduling)
06-06 22:07:23.843  4906  4906 D GStreamer+GST_PADS: 0:02:27.674431922 0xe8df3e00 gstpad.c:3367:gst_pad_query_default:<sink:proxypad3> forwarding 0xe900d200 (scheduling) query
06-06 22:07:23.843  4906  4906 D GStreamer+GST_PADS: 0:02:27.674459891 0xe8df3e00 gstpad.c:4049:gst_pad_peer_query:<forhwgl:sink> peer query 0xe900d200 (scheduling)
06-06 22:07:23.843  4906  4906 D GStreamer+GST_PADS: 0:02:27.674481402 0xe8df3e00 gstpad.c:3922:gst_pad_query:<queue2:src> doing query 0xe900d200 (scheduling)
06-06 22:07:23.843  4906  4906 D GStreamer+GST_PADS: 0:02:27.674504579 0xe8df3e00 gstpad.c:3945:gst_pad_query:<queue2:src> sent query 0xe900d200 (scheduling), result 1
06-06 22:07:23.843  4906  4906 D GStreamer+GST_PADS: 0:02:27.674527339 0xe8df3e00 gstpad.c:3945:gst_pad_query:<sink:proxypad3> sent query 0xe900d200 (scheduling), result 1
06-06 22:07:23.843  4906  4906 D GStreamer+GST_PADS: 0:02:27.674553797 0xe8df3e00 gstpad.c:979:pre_activate:<typefind:sink> setting pad into push mode, unset flushing
06-06 22:07:23.844  4906  4906 D GStreamer+GST_PADS: 0:02:27.674573797 0xe8df3e00 gstpad.c:991:pre_activate:<typefind:sink> reschedule events on peer sink:proxypad3
06-06 22:07:23.844  4906  4906 D GStreamer+typefind: 0:02:27.674594683 0xe8df3e00 gsttypefindelement.c:577:start_typefinding:<typefind> starting typefinding
06-06 22:07:23.844  4906  4906 D GStreamer+GST_PADS: 0:02:27.674612547 0xe8df3e00 gstpad.c:1188:activate_mode_internal:<typefind:sink> activated in push mode
06-06 22:07:23.844  4906  4906 D GStreamer+GST_ELEMENT_PADS: 0:02:27.674633589 0xe8df3e00 gstelement.c:2814:gst_element_pads_activate:<typefind> pad activation successful
06-06 22:07:23.844  4906  4906 D GStreamer+GST_STATES: 0:02:27.674652704 0xe8df3e00 gstelement.c:2686:gst_element_change_state:<typefind> element changed state SUCCESS
06-06 22:07:23.844  4906  4906 I GStreamer+GST_STATES: 0:02:27.674670308 0xe8df3e00 gstelement.c:2374:gst_element_continue_state:<typefind> completed state change to PAUSED
06-06 22:07:23.844  4906  4906 I GStreamer+GST_STATES: 0:02:27.674688485 0xe8df3e00 gstelement.c:2279:_priv_gst_element_state_changed:<typefind> notifying about state-changed READY to PAUSED (VOID_PENDING pending)
06-06 22:07:23.844  4906  4906 D GStreamer+GST_BUS: 0:02:27.674712704 0xe8df3e00 gstbus.c:309:gst_bus_post:<bus4> [msg 0xe9012070] posting on bus state-changed message: 0xe9012070, time 99:99:99.999999999, seq-num 557, element 'typefind', GstMessageStateChanged, old-state=(GstState)GST_STATE_READY, new-state=(GstState)GST_STATE_PAUSED, pending-state=(GstState)GST_STATE_VOID_PENDING;
06-06 22:07:23.844  4906  4906 D GStreamer+decodebin: 0:02:27.674756610 0xe8df3e00 gstdecodebin2.c:5492:gst_decode_bin_handle_message:<forhwgl> Forwarding msg state-changed message: 0xe9012070, time 99:99:99.999999999, seq-num 557, element 'typefind', GstMessageStateChanged, old-state=(GstState)GST_STATE_READY, new-state=(GstState)GST_STATE_PAUSED, pending-state=(GstState)GST_STATE_VOID_PENDING;
06-06 22:07:23.844  4906  4906 D GStreamer+bin: 0:02:27.674797235 0xe8df3e00 gstbin.c:3654:gst_bin_handle_message_func:<forhwgl> [msg 0xe9012070] handling child typefind message of type state-changed
06-06 22:07:23.844  4906  4906 D GStreamer+bin: 0:02:27.674818693 0xe8df3e00 gstbin.c:3991:gst_bin_handle_message_func:<forhwgl> posting message upward
06-06 22:07:23.844  4906  4906 D GStreamer+GST_BUS: 0:02:27.674836974 0xe8df3e00 gstbus.c:309:gst_bus_post:<bus8> [msg 0xe9012070] posting on bus state-changed message: 0xe9012070, time 99:99:99.999999999, seq-num 557, element 'typefind', GstMessageStateChanged, old-state=(GstState)GST_STATE_READY, new-state=(GstState)GST_STATE_PAUSED, pending-state=(GstState)GST_STATE_VOID_PENDING;
06-06 22:07:23.844  4906  4906 D GStreamer+bin: 0:02:27.674876818 0xe8df3e00 gstbin.c:3654:gst_bin_handle_message_func:<pipeline1> [msg 0xe9012070] handling child typefind message of type state-changed
06-06 22:07:23.844  4906  4906 D GStreamer+bin: 0:02:27.674897547 0xe8df3e00 gstbin.c:3991:gst_bin_handle_message_func:<pipeline1> posting message upward
06-06 22:07:23.844  4906  4906 D GStreamer+GST_BUS: 0:02:27.674914943 0xe8df3e00 gstbus.c:309:gst_bus_post:<bus9> [msg 0xe9012070] posting on bus state-changed message: 0xe9012070, time 99:99:99.999999999, seq-num 557, element 'typefind', GstMessageStateChanged, old-state=(GstState)GST_STATE_READY, new-state=(GstState)GST_STATE_PAUSED, pending-state=(GstState)GST_STATE_VOID_PENDING;
06-06 22:07:23.844  4906  4906 D GStreamer+GST_BUS: 0:02:27.674953849 0xe8df3e00 gstbus.c:348:gst_bus_post:<bus9> [msg 0xe9012070] pushing on async queue
06-06 22:07:23.844  4906  4906 D GStreamer+GST_BUS: 0:02:27.674977495 0xe8df3e00 gstbus.c:351:gst_bus_post:<bus9> [msg 0xe9012070] pushed on async queue
06-06 22:07:23.844  4906  4906 D GStreamer+GST_BUS: 0:02:27.674996766 0xe8df3e00 gstbus.c:344:gst_bus_post:<bus8> [msg 0xe9012070] dropped
06-06 22:07:23.844  4906  5116 D GStreamer+GST_BUS: 0:02:27.674992287 0xe93d1d00 gstbus.c:521:gst_bus_timed_pop_filtered:<bus9> got message 0xe9012070, state-changed from typefind, type mask is 4294967295
06-06 22:07:23.844  4906  4906 D GStreamer+GST_BUS: 0:02:27.675024735 0xe8df3e00 gstbus.c:344:gst_bus_post:<bus4> [msg 0xe9012070] dropped
06-06 22:07:23.844  4906  4906 D GStreamer+GST_STATES: 0:02:27.675046037 0xe8df3e00 gstelement.c:2609:gst_element_set_state_func:<typefind> returned SUCCESS
06-06 22:07:23.844  4906  4906 I GStreamer+GST_STATES: 0:02:27.675065152 0xe8df3e00 gstbin.c:2892:gst_bin_change_state_func:<forhwgl> child 'typefind' changed state to 3(PAUSED) successfully
06-06 22:07:23.844  4906  5116 D GStreamer+GST_BUS: 0:02:27.675029527 0xe93d1d00 gstbus.c:789:gst_bus_source_dispatch:<bus9> source 0xe95618d8 calling dispatch with state-changed message: 0xe9012070, time 99:99:99.999999999, seq-num 557, element 'typefind', GstMessageStateChanged, old-state=(GstState)GST_STATE_READY, new-state=(GstState)GST_STATE_PAUSED, pending-state=(GstState)GST_STATE_VOID_PENDING;
06-06 22:07:23.844  4906  4906 D GStreamer+bin: 0:02:27.675089006 0xe8df3e00 gstbin.c:2299:gst_bin_sort_iterator_next:<forhwgl> queue empty, elements exhausted
06-06 22:07:23.844  4906  4906 D GStreamer+GST_STATES: 0:02:27.675105985 0xe8df3e00 gstbin.c:2951:gst_bin_change_state_func:<forhwgl> iterator done
06-06 22:07:23.844  4906  5116 D GStreamer+GST_BUS: 0:02:27.675104995 0xe93d1d00 gstbus.c:794:gst_bus_source_dispatch:<bus9> source 0xe95618d8 handler returns 1
06-06 22:07:23.844  4906  4906 D GStreamer+GST_ELEMENT_PADS: 0:02:27.675123902 0xe8df3e00 gstelement.c:2795:gst_element_pads_activate:<forhwgl> activate pads
06-06 22:07:23.844  4906  4906 D GStreamer+GST_PADS: 0:02:27.675145777 0xe8df3e00 gstpad.c:1069:gst_pad_set_active:<forhwgl:sink> pad was active in push mode
06-06 22:07:23.844  4906  4906 D GStreamer+GST_ELEMENT_PADS: 0:02:27.675166297 0xe8df3e00 gstelement.c:2814:gst_element_pads_activate:<forhwgl> pad activation successful
06-06 22:07:23.844  4906  4906 D GStreamer+bin: 0:02:27.675186141 0xe8df3e00 gstbin.c:2341:gst_bin_sort_iterator_free:<forhwgl> free
06-06 22:07:23.844  4906  4906 D GStreamer+bin: 0:02:27.675205099 0xe8df3e00 gstbin.c:2986:gst_bin_change_state_func:<forhwgl> no async elements
06-06 22:07:23.844  4906  4906 D GStreamer+GST_STATES: 0:02:27.675222027 0xe8df3e00 gstbin.c:3020:gst_bin_change_state_func:<forhwgl> done changing bin's state from READY to PAUSED, now in READY, ret SUCCESS
06-06 22:07:23.844  4906  4906 D GStreamer+GST_STATES: 0:02:27.675244422 0xe8df3e00 gstelement.c:2668:gst_element_change_state:<forhwgl> element will change state ASYNC
06-06 22:07:23.844  4906  4906 D GStreamer+GST_STATES: 0:02:27.675261558 0xe8df3e00 gstelement.c:2609:gst_element_set_state_func:<forhwgl> returned ASYNC
06-06 22:07:23.844  4906  4906 I GStreamer+GST_STATES: 0:02:27.675280464 0xe8df3e00 gstbin.c:2898:gst_bin_change_state_func:<pipeline1> child 'forhwgl' is changing state asynchronously to PAUSED
06-06 22:07:23.844  4906  4906 D GStreamer+bin: 0:02:27.675302079 0xe8df3e00 gstbin.c:2310:gst_bin_sort_iterator_next:<pipeline1> queue head gives queue2
06-06 22:07:23.844  4906  4906 D GStreamer+bin: 0:02:27.675321506 0xe8df3e00 gstbin.c:911:find_message:<pipeline1> no message found matching types 00001000
06-06 22:07:23.844  4906  4906 D GStreamer+bin: 0:02:27.675339683 0xe8df3e00 gstbin.c:918:find_message:<pipeline1>   structure-change
06-06 22:07:23.844  4906  4906 D GStreamer+bin: 0:02:27.675358381 0xe8df3e00 gstbin.c:2249:update_degree:<pipeline1> element queue2 not linked on any sinkpads
06-06 22:07:23.844  4906  4906 I GStreamer+GST_STATES: 0:02:27.675377912 0xe8df3e00 gstbin.c:2444:gst_bin_element_set_state:<queue2> current READY pending VOID_PENDING, desired next PAUSED
06-06 22:07:23.844  4906  4906 D GStreamer+bin: 0:02:27.675399266 0xe8df3e00 gstbin.c:911:find_message:<pipeline1> no message found matching types 00100000
06-06 22:07:23.844  4906  4906 D GStreamer+bin: 0:02:27.675426245 0xe8df3e00 gstbin.c:918:find_message:<pipeline1>   async-start
06-06 22:07:23.844  4906  4906 D GStreamer+bin: 0:02:27.675444891 0xe8df3e00 gstbin.c:2539:gst_bin_element_set_state:<pipeline1> setting element queue2 to PAUSED, base_time 0:00:00.000000000
06-06 22:07:23.844  4906  4906 D GStreamer+GST_STATES: 0:02:27.675468277 0xe8df3e00 gstelement.c:2525:gst_element_set_state_func:<queue2> set_state to PAUSED
06-06 22:07:23.844  4906  4906 D GStreamer+GST_STATES: 0:02:27.675487495 0xe8df3e00 gstelement.c:2550:gst_element_set_state_func:<queue2> setting target state to PAUSED
06-06 22:07:23.844  4906  4906 D GStreamer+GST_STATES: 0:02:27.675506297 0xe8df3e00 gstelement.c:2563:gst_element_set_state_func:<queue2> current READY, old_pending VOID_PENDING, next VOID_PENDING, old return SUCCESS
06-06 22:07:23.844  4906  4906 D GStreamer+GST_STATES: 0:02:27.675528381 0xe8df3e00 gstelement.c:2597:gst_element_set_state_func:<queue2> final: setting state from READY to PAUSED
06-06 22:07:23.844  4906  4906 D GStreamer+GST_ELEMENT_PADS: 0:02:27.675550568 0xe8df3e00 gstelement.c:2795:gst_element_pads_activate:<queue2> activate pads
06-06 22:07:23.844  4906  4906 D GStreamer+GST_PADS: 0:02:27.675571714 0xe8df3e00 gstpad.c:1063:gst_pad_set_active:<queue2:src> activating pad from none
06-06 22:07:23.845  4906  4906 D GStreamer+GST_PADS: 0:02:27.675590099 0xe8df3e00 gstpad.c:979:pre_activate:<queue2:src> setting pad into push mode, unset flushing
06-06 22:07:23.845  4906  4906 D GStreamer+GST_PADS: 0:02:27.675610881 0xe8df3e00 gstpad.c:5978:gst_pad_start_task:<queue2:src> start task
06-06 22:07:23.845  4906  4906 D GStreamer+task: 0:02:27.675647339 0xe8df3e00 gsttask.c:427:gst_task_new Created task 0xe92f6418
06-06 22:07:23.845  4906  4906 I GStreamer+task: 0:02:27.675665881 0xe8df3e00 gsttask.c:453:gst_task_set_lock setting stream lock 0xe901eee4 on task 0xe92f6418
06-06 22:07:23.845  4906  4906 I GStreamer+GST_PADS: 0:02:27.675684995 0xe8df3e00 gstpad.c:5987:gst_pad_start_task:<queue2:src> created task 0xe92f6418
06-06 22:07:23.845  4906  4906 D GStreamer+GST_PADS: 0:02:27.675704474 0xe8df3e00 gstpad.c:5904:do_stream_status:<queue2:src> doing stream-status 0
06-06 22:07:23.845  4906  4906 D GStreamer+GST_PADS: 0:02:27.675730047 0xe8df3e00 gstpad.c:5933:do_stream_status:<queue2:src> posting stream-status 0
06-06 22:07:23.845  4906  4906 D GStreamer+GST_BUS: 0:02:27.675750620 0xe8df3e00 gstbus.c:309:gst_bus_post:<bus8> [msg 0xe9012018] posting on bus stream-status message: 0xe9012018, time 99:99:99.999999999, seq-num 558, element 'src', GstMessageStreamStatus, type=(GstStreamStatusType)GST_STREAM_STATUS_TYPE_CREATE, owner=(GstElement)"\(GstQueue\)\ queue2", object=(GstTask)"\(GstTask\)\ task7";
06-06 22:07:23.845  4906  4906 D GStreamer+bin: 0:02:27.675803381 0xe8df3e00 gstbin.c:3654:gst_bin_handle_message_func:<pipeline1> [msg 0xe9012018] handling child src message of type stream-status
06-06 22:07:23.845  4906  4906 D GStreamer+bin: 0:02:27.675824943 0xe8df3e00 gstbin.c:3991:gst_bin_handle_message_func:<pipeline1> posting message upward
06-06 22:07:23.845  4906  4906 D GStreamer+GST_BUS: 0:02:27.675843068 0xe8df3e00 gstbus.c:309:gst_bus_post:<bus9> [msg 0xe9012018] posting on bus stream-status message: 0xe9012018, time 99:99:99.999999999, seq-num 558, element 'src', GstMessageStreamStatus, type=(GstStreamStatusType)GST_STREAM_STATUS_TYPE_CREATE, owner=(GstElement)"\(GstQueue\)\ queue2", object=(GstTask)"\(GstTask\)\ task7";
06-06 22:07:23.845  4906  4906 D GStreamer+GST_BUS: 0:02:27.675891193 0xe8df3e00 gstbus.c:348:gst_bus_post:<bus9> [msg 0xe9012018] pushing on async queue
06-06 22:07:23.845  4906  4906 D GStreamer+GST_BUS: 0:02:27.675915360 0xe8df3e00 gstbus.c:351:gst_bus_post:<bus9> [msg 0xe9012018] pushed on async queue
06-06 22:07:23.845  4906  4906 D GStreamer+GST_BUS: 0:02:27.675935099 0xe8df3e00 gstbus.c:344:gst_bus_post:<bus8> [msg 0xe9012018] dropped
06-06 22:07:23.845  4906  5116 D GStreamer+GST_BUS: 0:02:27.675946349 0xe93d1d00 gstbus.c:521:gst_bus_timed_pop_filtered:<bus9> got message 0xe9012018, stream-status from src, type mask is 4294967295
06-06 22:07:23.845  4906  4906 D GStreamer+task: 0:02:27.675955777 0xe8df3e00 gsttask.c:684:gst_task_set_state:<task7> Changing task 0xe92f6418 to state 0
06-06 22:07:23.845  4906  5116 D GStreamer+GST_BUS: 0:02:27.675981766 0xe93d1d00 gstbus.c:789:gst_bus_source_dispatch:<bus9> source 0xe95618d8 calling dispatch with stream-status message: 0xe9012018, time 99:99:99.999999999, seq-num 558, element 'src', GstMessageStreamStatus, type=(GstStreamStatusType)GST_STREAM_STATUS_TYPE_CREATE, owner=(GstElement)"\(GstQueue\)\ queue2", object=(GstTask)"\(GstTask\)\ task7";
06-06 22:07:23.845  4906  4906 D GStreamer+GST_PADS: 0:02:27.676021818 0xe8df3e00 gstpad.c:1188:activate_mode_internal:<queue2:src> activated in push mode
06-06 22:07:23.845  4906  4906 D GStreamer+GST_PADS: 0:02:27.676050256 0xe8df3e00 gstpad.c:1063:gst_pad_set_active:<queue2:sink> activating pad from none
06-06 22:07:23.845  4906  5127 D GStreamer+task: 0:02:27.676043902 0xe900d230 gsttask.c:289:gst_task_func Entering task 0xe92f6418, thread 0xe900d230
06-06 22:07:23.845  4906  5116 D GStreamer+GST_BUS: 0:02:27.676065099 0xe93d1d00 gstbus.c:794:gst_bus_source_dispatch:<bus9> source 0xe95618d8 handler returns 1
06-06 22:07:23.845  4906  4906 D GStreamer+GST_PADS: 0:02:27.676077547 0xe8df3e00 gstpad.c:979:pre_activate:<queue2:sink> setting pad into push mode, unset flushing
06-06 22:07:23.845  4906  5127 D GStreamer+GST_PADS: 0:02:27.676081766 0xe900d230 gstpad.c:5904:do_stream_status:<queue2:src> doing stream-status 1
06-06 22:07:23.845  4906  4906 D GStreamer+GST_PADS: 0:02:27.676106610 0xe8df3e00 gstpad.c:1188:activate_mode_internal:<queue2:sink> activated in push mode
06-06 22:07:23.845  4906  5127 D GStreamer+GST_PADS: 0:02:27.676123329 0xe900d230 gstpad.c:5933:do_stream_status:<queue2:src> posting stream-status 1
06-06 22:07:23.845  4906  4906 D GStreamer+GST_ELEMENT_PADS: 0:02:27.676132027 0xe8df3e00 gstelement.c:2814:gst_element_pads_activate:<queue2> pad activation successful
06-06 22:07:23.845  4906  4906 D GStreamer+GST_STATES: 0:02:27.676153902 0xe8df3e00 gstelement.c:2686:gst_element_change_state:<queue2> element changed state SUCCESS
06-06 22:07:23.845  4906  4906 I GStreamer+GST_STATES: 0:02:27.676174735 0xe8df3e00 gstelement.c:2374:gst_element_continue_state:<queue2> completed state change to PAUSED
06-06 22:07:23.845  4906  5127 D GStreamer+GST_BUS: 0:02:27.676148954 0xe900d230 gstbus.c:309:gst_bus_post:<bus8> [msg 0xe93bcdc8] posting on bus stream-status message: 0xe93bcdc8, time 99:99:99.999999999, seq-num 559, element 'src', GstMessageStreamStatus, type=(GstStreamStatusType)GST_STREAM_STATUS_TYPE_ENTER, owner=(GstElement)"\(GstQueue\)\ queue2", object=(GstTask)"\(GstTask\)\ queue2:src";
06-06 22:07:23.845  4906  4906 I GStreamer+GST_STATES: 0:02:27.676197495 0xe8df3e00 gstelement.c:2279:_priv_gst_element_state_changed:<queue2> notifying about state-changed READY to PAUSED (VOID_PENDING pending)
06-06 22:07:23.845  4906  5127 D GStreamer+bin: 0:02:27.676213641 0xe900d230 gstbin.c:3654:gst_bin_handle_message_func:<pipeline1> [msg 0xe93bcdc8] handling child src message of type stream-status
06-06 22:07:23.845  4906  5127 D GStreamer+bin: 0:02:27.676239422 0xe900d230 gstbin.c:3991:gst_bin_handle_message_func:<pipeline1> posting message upward
06-06 22:07:23.845  4906  4906 D GStreamer+GST_BUS: 0:02:27.676222652 0xe8df3e00 gstbus.c:309:gst_bus_post:<bus8> [msg 0xe93bce78] posting on bus state-changed message: 0xe93bce78, time 99:99:99.999999999, seq-num 560, element 'queue2', GstMessageStateChanged, old-state=(GstState)GST_STATE_READY, new-state=(GstState)GST_STATE_PAUSED, pending-state=(GstState)GST_STATE_VOID_PENDING;
06-06 22:07:23.845  4906  4906 D GStreamer+bin: 0:02:27.676268068 0xe8df3e00 gstbin.c:3654:gst_bin_handle_message_func:<pipeline1> [msg 0xe93bce78] handling child queue2 message of type state-changed
06-06 22:07:23.845  4906  4906 D GStreamer+bin: 0:02:27.676293381 0xe8df3e00 gstbin.c:3991:gst_bin_handle_message_func:<pipeline1> posting message upward
06-06 22:07:23.845  4906  5127 D GStreamer+GST_BUS: 0:02:27.676257912 0xe900d230 gstbus.c:309:gst_bus_post:<bus9> [msg 0xe93bcdc8] posting on bus stream-status message: 0xe93bcdc8, time 99:99:99.999999999, seq-num 559, element 'src', GstMessageStreamStatus, type=(GstStreamStatusType)GST_STREAM_STATUS_TYPE_ENTER, owner=(GstElement)"\(GstQueue\)\ queue2", object=(GstTask)"\(GstTask\)\ queue2:src";
06-06 22:07:23.845  4906  5127 D GStreamer+GST_BUS: 0:02:27.676323068 0xe900d230 gstbus.c:348:gst_bus_post:<bus9> [msg 0xe93bcdc8] pushing on async queue
06-06 22:07:23.845  4906  4906 D GStreamer+GST_BUS: 0:02:27.676317287 0xe8df3e00 gstbus.c:309:gst_bus_post:<bus9> [msg 0xe93bce78] posting on bus state-changed message: 0xe93bce78, time 99:99:99.999999999, seq-num 560, element 'queue2', GstMessageStateChanged, old-state=(GstState)GST_STATE_READY, new-state=(GstState)GST_STATE_PAUSED, pending-state=(GstState)GST_STATE_VOID_PENDING;
06-06 22:07:23.845  4906  5127 D GStreamer+GST_BUS: 0:02:27.676349266 0xe900d230 gstbus.c:351:gst_bus_post:<bus9> [msg 0xe93bcdc8] pushed on async queue
06-06 22:07:23.845  4906  4906 D GStreamer+GST_BUS: 0:02:27.676361245 0xe8df3e00 gstbus.c:348:gst_bus_post:<bus9> [msg 0xe93bce78] pushing on async queue
06-06 22:07:23.845  4906  5127 D GStreamer+GST_BUS: 0:02:27.676369579 0xe900d230 gstbus.c:344:gst_bus_post:<bus8> [msg 0xe93bcdc8] dropped
06-06 22:07:23.845  4906  5116 D GStreamer+GST_BUS: 0:02:27.676380412 0xe93d1d00 gstbus.c:521:gst_bus_timed_pop_filtered:<bus9> got message 0xe93bcdc8, stream-status from src, type mask is 4294967295
06-06 22:07:23.845  4906  5127 D GStreamer+task: 0:02:27.676397912 0xe900d230 gsttask.c:251:gst_task_configure_name:<queue2:src> Setting thread name to 'queue2:src'
06-06 22:07:23.845  4906  4906 D GStreamer+GST_BUS: 0:02:27.676384266 0xe8df3e00 gstbus.c:351:gst_bus_post:<bus9> [msg 0xe93bce78] pushed on async queue
06-06 22:07:23.845  4906  4906 D GStreamer+GST_BUS: 0:02:27.676450620 0xe8df3e00 gstbus.c:344:gst_bus_post:<bus8> [msg 0xe93bce78] dropped
06-06 22:07:23.845  4906  4906 D GStreamer+GST_STATES: 0:02:27.676477704 0xe8df3e00 gstelement.c:2609:gst_element_set_state_func:<queue2> returned SUCCESS
06-06 22:07:23.845  4906  4906 I GStreamer+GST_STATES: 0:02:27.676496766 0xe8df3e00 gstbin.c:2892:gst_bin_change_state_func:<pipeline1> child 'queue2' changed state to 3(PAUSED) successfully
06-06 22:07:23.845  4906  5116 D GStreamer+GST_BUS: 0:02:27.676439631 0xe93d1d00 gstbus.c:789:gst_bus_source_dispatch:<bus9> source 0xe95618d8 calling dispatch with stream-status message: 0xe93bcdc8, time 99:99:99.999999999, seq-num 559, element 'src', GstMessageStreamStatus, type=(GstStreamStatusType)GST_STREAM_STATUS_TYPE_ENTER, owner=(GstElement)"\(GstQueue\)\ queue2", object=(GstTask)"\(GstTask\)\ queue2:src";
06-06 22:07:23.845  4906  4906 D GStreamer+bin: 0:02:27.676526922 0xe8df3e00 gstbin.c:2295:gst_bin_sort_iterator_next:<pipeline1> queue empty, next best: q
06-06 22:07:23.845  4906  5116 D GStreamer+GST_BUS: 0:02:27.676540620 0xe93d1d00 gstbus.c:794:gst_bus_source_dispatch:<bus9> source 0xe95618d8 handler returns 1
06-06 22:07:23.845  4906  4906 D GStreamer+bin: 0:02:27.676548589 0xe8df3e00 gstbin.c:2310:gst_bin_sort_iterator_next:<pipeline1> queue head gives q
06-06 22:07:23.845  4906  4906 D GStreamer+bin: 0:02:27.676570099 0xe8df3e00 gstbin.c:911:find_message:<pipeline1> no message found matching types 00001000
06-06 22:07:23.846  4906  4906 D GStreamer+bin: 0:02:27.676588433 0xe8df3e00 gstbin.c:918:find_message:<pipeline1>   structure-change
06-06 22:07:23.846  4906  5116 D GStreamer+GST_BUS: 0:02:27.676577860 0xe93d1d00 gstbus.c:521:gst_bus_timed_pop_filtered:<bus9> got message 0xe93bce78, state-changed from queue2, type mask is 4294967295
06-06 22:07:23.846  4906  4906 D GStreamer+bin: 0:02:27.676607964 0xe8df3e00 gstbin.c:2226:update_degree:<pipeline1> change element filesrc1, degree 1->0, linked to q
06-06 22:07:23.846  4906  4906 D GStreamer+bin: 0:02:27.676634370 0xe8df3e00 gstbin.c:2109:add_to_queue:<pipeline1> adding 'filesrc1' to queue
06-06 22:07:23.846  4906  5116 D GStreamer+GST_BUS: 0:02:27.676628693 0xe93d1d00 gstbus.c:789:gst_bus_source_dispatch:<bus9> source 0xe95618d8 calling dispatch with state-changed message: 0xe93bce78, time 99:99:99.999999999, seq-num 560, element 'queue2', GstMessageStateChanged, old-state=(GstState)GST_STATE_READY, new-state=(GstState)GST_STATE_PAUSED, pending-state=(GstState)GST_STATE_VOID_PENDING;
06-06 22:07:23.846  4906  4906 I GStreamer+GST_STATES: 0:02:27.676657495 0xe8df3e00 gstbin.c:2444:gst_bin_element_set_state:<q> current READY pending VOID_PENDING, desired next PAUSED
06-06 22:07:23.846  4906  4906 D GStreamer+bin: 0:02:27.676690099 0xe8df3e00 gstbin.c:911:find_message:<pipeline1> no message found matching types 00100000
06-06 22:07:23.846  4906  4906 D GStreamer+bin: 0:02:27.676707912 0xe8df3e00 gstbin.c:918:find_message:<pipeline1>   async-start
06-06 22:07:23.846  4906  5116 D GStreamer+GST_BUS: 0:02:27.676713537 0xe93d1d00 gstbus.c:794:gst_bus_source_dispatch:<bus9> source 0xe95618d8 handler returns 1
06-06 22:07:23.846  4906  4906 D GStreamer+bin: 0:02:27.676726974 0xe8df3e00 gstbin.c:2539:gst_bin_element_set_state:<pipeline1> setting element q to PAUSED, base_time 0:00:00.000000000
06-06 22:07:23.846  4906  4906 D GStreamer+GST_STATES: 0:02:27.676751974 0xe8df3e00 gstelement.c:2525:gst_element_set_state_func:<q> set_state to PAUSED
06-06 22:07:23.846  4906  4906 D GStreamer+GST_STATES: 0:02:27.676769527 0xe8df3e00 gstelement.c:2550:gst_element_set_state_func:<q> setting target state to PAUSED
06-06 22:07:23.846  4906  4906 D GStreamer+GST_STATES: 0:02:27.676786454 0xe8df3e00 gstelement.c:2563:gst_element_set_state_func:<q> current READY, old_pending VOID_PENDING, next VOID_PENDING, old return SUCCESS
06-06 22:07:23.846  4906  5127 D GStreamer+queue_dataflow: 0:02:27.676440204 0xe900d230 gstqueue.c:1488:gst_queue_loop:<queue2> queue is empty
06-06 22:07:23.846  4906  4906 D GStreamer+GST_STATES: 0:02:27.676808641 0xe8df3e00 gstelement.c:2597:gst_element_set_state_func:<q> final: setting state from READY to PAUSED
06-06 22:07:23.846  4906  4906 D GStreamer+GST_ELEMENT_PADS: 0:02:27.676835204 0xe8df3e00 gstelement.c:2795:gst_element_pads_activate:<q> activate pads
06-06 22:07:23.846  4906  4906 D GStreamer+GST_PADS: 0:02:27.676856662 0xe8df3e00 gstpad.c:1063:gst_pad_set_active:<q:sink> activating pad from none
06-06 22:07:23.846  4906  4906 D GStreamer+query: 0:02:27.676877756 0xe8df3e00 gstquery.c:674:gst_query_new_custom creating new query 0xe900d260 scheduling
06-06 22:07:23.846  4906  4906 D GStreamer+GST_PADS: 0:02:27.676897808 0xe8df3e00 gstpad.c:4049:gst_pad_peer_query:<q:sink> peer query 0xe900d260 (scheduling)
06-06 22:07:23.846  4906  4906 D GStreamer+GST_PADS: 0:02:27.676919110 0xe8df3e00 gstpad.c:3922:gst_pad_query:<filesrc1:src> doing query 0xe900d260 (scheduling)
06-06 22:07:23.846  4906  4906 I GStreamer+filesrc: 0:02:27.676945256 0xe8df3e00 gstfilesrc.c:465:gst_file_src_start:<filesrc1> opening file /storage/emulated/0/aiTennis3D/videoaudio/videov.mp4
06-06 22:07:23.846  4906  4906 D GStreamer+basesrc: 0:02:27.677181349 0xe8df3e00 gstbasesrc.c:3382:gst_base_src_start_complete:<filesrc1> starting source
06-06 22:07:23.846  4906  4906 D GStreamer+basesrc: 0:02:27.677213016 0xe8df3e00 gstbasesrc.c:3395:gst_base_src_start_complete:<filesrc1> setting size 15003960
06-06 22:07:23.846  4906  4906 D GStreamer+basesrc: 0:02:27.677238016 0xe8df3e00 gstbasesrc.c:3406:gst_base_src_start_complete:<filesrc1> format: bytes, have size: 1, size: 15003960, duration: 15003960
06-06 22:07:23.846  4906  4906 D GStreamer+basesrc: 0:02:27.677264735 0xe8df3e00 gstbasesrc.c:3409:gst_base_src_start_complete:<filesrc1> is seekable: 1
06-06 22:07:23.846  4906  4906 D GStreamer+basesrc: 0:02:27.677282964 0xe8df3e00 gstbasesrc.c:3414:gst_base_src_start_complete:<filesrc1> is random_access: 1
06-06 22:07:23.846  4906  4906 D GStreamer+basesrc: 0:02:27.677301402 0xe8df3e00 gstbasesrc.c:3577:gst_base_src_set_flushing:<filesrc1> flushing 0, live_play 0
06-06 22:07:23.846  4906  4906 D GStreamer+basesrc: 0:02:27.677324474 0xe8df3e00 gstbasesrc.c:3534:gst_base_src_stop:<filesrc1> stopping source
06-06 22:07:23.846  4906  4906 D GStreamer+basesrc: 0:02:27.677341454 0xe8df3e00 gstbasesrc.c:3577:gst_base_src_set_flushing:<filesrc1> flushing 1, live_play 0
06-06 22:07:23.846  4906  4906 D GStreamer+GST_PADS: 0:02:27.677361766 0xe8df3e00 gstpad.c:6082:gst_pad_stop_task:<filesrc1:src> stop task
06-06 22:07:23.846  4906  4906 D GStreamer+GST_PADS: 0:02:27.677379162 0xe8df3e00 gstpad.c:6104:gst_pad_stop_task:<filesrc1:src> no task
06-06 22:07:23.846  4906  4906 W GStreamer+basesrc: 0:02:27.677436662 0xe8df3e00 gstbasesrc.c:3488:gst_base_src_start_complete:<filesrc1> pad not activated yet
06-06 22:07:23.846  4906  4906 D GStreamer+basesrc: 0:02:27.677459058 0xe8df3e00 gstbasesrc.c:3523:gst_base_src_start_wait:<filesrc1> got error
06-06 22:07:23.846  4906  4906 D GStreamer+basesrc: 0:02:27.677483641 0xe8df3e00 gstbasesrc.c:1295:gst_base_src_default_query:<filesrc1> query scheduling returns 1
06-06 22:07:23.846  4906  4906 D GStreamer+GST_PADS: 0:02:27.677506558 0xe8df3e00 gstpad.c:3945:gst_pad_query:<filesrc1:src> sent query 0xe900d260 (scheduling), result 1
06-06 22:07:23.846  4906  4906 D GStreamer+qtdemux: 0:02:27.677532235 0xe8df3e00 qtdemux.c:6637:qtdemux_sink_activate:<q:sink> activating pull
06-06 22:07:23.846  4906  4906 D GStreamer+GST_PADS: 0:02:27.677552339 0xe8df3e00 gstpad.c:1148:activate_mode_internal:<q:sink> calling peer
06-06 22:07:23.846  4906  4906 D GStreamer+GST_PADS: 0:02:27.677570777 0xe8df3e00 gstpad.c:979:pre_activate:<filesrc1:src> setting pad into pull mode, unset flushing
06-06 22:07:23.847  4906  4906 D GStreamer+basesrc: 0:02:27.677590516 0xe8df3e00 gstbasesrc.c:3775:gst_base_src_activate_mode:<filesrc1:src> activating in mode 2
06-06 22:07:23.847  4906  4906 D GStreamer+basesrc: 0:02:27.677609006 0xe8df3e00 gstbasesrc.c:3743:gst_base_src_activate_pull:<filesrc1> Activating in pull mode
06-06 22:07:23.847  4906  4906 I GStreamer+filesrc: 0:02:27.677626662 0xe8df3e00 gstfilesrc.c:465:gst_file_src_start:<filesrc1> opening file /storage/emulated/0/aiTennis3D/videoaudio/videov.mp4
06-06 22:07:23.847  4906  4906 D GStreamer+basesrc: 0:02:27.677687443 0xe8df3e00 gstbasesrc.c:3382:gst_base_src_start_complete:<filesrc1> starting source
06-06 22:07:23.847  4906  4906 D GStreamer+basesrc: 0:02:27.677708329 0xe8df3e00 gstbasesrc.c:3395:gst_base_src_start_complete:<filesrc1> setting size 15003960
06-06 22:07:23.847  4906  4906 D GStreamer+basesrc: 0:02:27.677729162 0xe8df3e00 gstbasesrc.c:3406:gst_base_src_start_complete:<filesrc1> format: bytes, have size: 1, size: 15003960, duration: 15003960
06-06 22:07:23.847  4906  4906 D GStreamer+basesrc: 0:02:27.677755568 0xe8df3e00 gstbasesrc.c:3409:gst_base_src_start_complete:<filesrc1> is seekable: 1
06-06 22:07:23.847  4906  4906 D GStreamer+basesrc: 0:02:27.677773589 0xe8df3e00 gstbasesrc.c:3414:gst_base_src_start_complete:<filesrc1> is random_access: 1
06-06 22:07:23.847  4906  4906 D GStreamer+basesrc: 0:02:27.677791349 0xe8df3e00 gstbasesrc.c:3577:gst_base_src_set_flushing:<filesrc1> flushing 0, live_play 0
06-06 22:07:23.847  4906  4906 D GStreamer+basesrc: 0:02:27.677813745 0xe8df3e00 gstbasesrc.c:3523:gst_base_src_start_wait:<filesrc1> got ok
06-06 22:07:23.847  4906  4906 D GStreamer+GST_PADS: 0:02:27.677833068 0xe8df3e00 gstpad.c:1188:activate_mode_internal:<filesrc1:src> activated in pull mode
06-06 22:07:23.847  4906  4906 D GStreamer+GST_PADS: 0:02:27.677854110 0xe8df3e00 gstpad.c:979:pre_activate:<q:sink> setting pad into pull mode, unset flushing
06-06 22:07:23.847  4906  4906 D GStreamer+GST_PADS: 0:02:27.677873068 0xe8df3e00 gstpad.c:991:pre_activate:<q:sink> reschedule events on peer filesrc1:src
06-06 22:07:23.847  4906  4906 D GStreamer+GST_PADS: 0:02:27.677895047 0xe8df3e00 gstpad.c:5978:gst_pad_start_task:<q:sink> start task
06-06 22:07:23.847  4906  4906 D GStreamer+task: 0:02:27.677932183 0xe8df3e00 gsttask.c:427:gst_task_new Created task 0xe92f64c0
06-06 22:07:23.847  4906  4906 I GStreamer+task: 0:02:27.677951610 0xe8df3e00 gsttask.c:453:gst_task_set_lock setting stream lock 0xe901e9a4 on task 0xe92f64c0
06-06 22:07:23.847  4906  4906 I GStreamer+GST_PADS: 0:02:27.677970152 0xe8df3e00 gstpad.c:5987:gst_pad_start_task:<q:sink> created task 0xe92f64c0
06-06 22:07:23.847  4906  4906 D GStreamer+GST_PADS: 0:02:27.677989891 0xe8df3e00 gstpad.c:5904:do_stream_status:<q:sink> doing stream-status 0
06-06 22:07:23.847  4906  4906 D GStreamer+GST_PADS: 0:02:27.678015256 0xe8df3e00 gstpad.c:5933:do_stream_status:<q:sink> posting stream-status 0
06-06 22:07:23.847  4906  4906 D GStreamer+GST_BUS: 0:02:27.678036766 0xe8df3e00 gstbus.c:309:gst_bus_post:<bus8> [msg 0xe8ffaf88] posting on bus stream-status message: 0xe8ffaf88, time 99:99:99.999999999, seq-num 563, element 'sink', GstMessageStreamStatus, type=(GstStreamStatusType)GST_STREAM_STATUS_TYPE_CREATE, owner=(GstElement)"\(GstQTDemux\)\ q", object=(GstTask)"\(GstTask\)\ task8";
06-06 22:07:23.847  4906  4906 D GStreamer+bin: 0:02:27.678093381 0xe8df3e00 gstbin.c:3654:gst_bin_handle_message_func:<pipeline1> [msg 0xe8ffaf88] handling child sink message of type stream-status
06-06 22:07:23.847  4906  4906 D GStreamer+bin: 0:02:27.678116193 0xe8df3e00 gstbin.c:3991:gst_bin_handle_message_func:<pipeline1> posting message upward
06-06 22:07:23.847  4906  4906 D GStreamer+GST_BUS: 0:02:27.678134631 0xe8df3e00 gstbus.c:309:gst_bus_post:<bus9> [msg 0xe8ffaf88] posting on bus stream-status message: 0xe8ffaf88, time 99:99:99.999999999, seq-num 563, element 'sink', GstMessageStreamStatus, type=(GstStreamStatusType)GST_STREAM_STATUS_TYPE_CREATE, owner=(GstElement)"\(GstQTDemux\)\ q", object=(GstTask)"\(GstTask\)\ task8";
06-06 22:07:23.847  4906  4906 D GStreamer+GST_BUS: 0:02:27.678184787 0xe8df3e00 gstbus.c:348:gst_bus_post:<bus9> [msg 0xe8ffaf88] pushing on async queue
06-06 22:07:23.847  4906  4906 D GStreamer+GST_BUS: 0:02:27.678210256 0xe8df3e00 gstbus.c:351:gst_bus_post:<bus9> [msg 0xe8ffaf88] pushed on async queue
06-06 22:07:23.847  4906  4906 D GStreamer+GST_BUS: 0:02:27.678229527 0xe8df3e00 gstbus.c:344:gst_bus_post:<bus8> [msg 0xe8ffaf88] dropped
06-06 22:07:23.847  4906  5116 D GStreamer+GST_BUS: 0:02:27.678227183 0xe93d1d00 gstbus.c:521:gst_bus_timed_pop_filtered:<bus9> got message 0xe8ffaf88, stream-status from sink, type mask is 4294967295
06-06 22:07:23.847  4906  4906 D GStreamer+task: 0:02:27.678258120 0xe8df3e00 gsttask.c:684:gst_task_set_state:<task8> Changing task 0xe92f64c0 to state 0
06-06 22:07:23.847  4906  5116 D GStreamer+GST_BUS: 0:02:27.678265099 0xe93d1d00 gstbus.c:789:gst_bus_source_dispatch:<bus9> source 0xe95618d8 calling dispatch with stream-status message: 0xe8ffaf88, time 99:99:99.999999999, seq-num 563, element 'sink', GstMessageStreamStatus, type=(GstStreamStatusType)GST_STREAM_STATUS_TYPE_CREATE, owner=(GstElement)"\(GstQTDemux\)\ q", object=(GstTask)"\(GstTask\)\ task8";
06-06 22:07:23.847  4906  4906 D GStreamer+GST_PADS: 0:02:27.678322235 0xe8df3e00 gstpad.c:1188:activate_mode_internal:<q:sink> activated in pull mode
06-06 22:07:23.847  4906  4906 D GStreamer+GST_ELEMENT_PADS: 0:02:27.678351870 0xe8df3e00 gstelement.c:2814:gst_element_pads_activate:<q> pad activation successful
06-06 22:07:23.847  4906  4906 D GStreamer+GST_STATES: 0:02:27.678388485 0xe8df3e00 gstelement.c:2686:gst_element_change_state:<q> element changed state SUCCESS
06-06 22:07:23.847  4906  4906 I GStreamer+GST_STATES: 0:02:27.678405620 0xe8df3e00 gstelement.c:2374:gst_element_continue_state:<q> completed state change to PAUSED
