06-06 22:07:23.981  4906  5126 D GStreamer+GST_MEMORY: 0:02:27.812448797 0xe900d1b0 gstmemory.c:87:_gst_memory_free free memory 0xe952d6f0
06-06 22:07:23.981  4906  5116 I GStreamer+GST_STATES: 0:02:27.812452651 0xe93d1d00 gstbin.c:2561:gst_bin_element_set_state:<glcolorbalance1> skipping transition from NULL to  NULL
06-06 22:07:23.981  4906  5126 D GStreamer+GST_MEMORY: 0:02:27.812466349 0xe900d1b0 gstmemory.c:87:_gst_memory_free free memory 0xe915e0a0
06-06 22:07:23.981  4906  5116 I GStreamer+GST_STATES: 0:02:27.812473954 0xe93d1d00 gstbin.c:2892:gst_bin_change_state_func:<glimagesinkbin1> child 'glcolorbalance1' changed state to 1(NULL) successfully
06-06 22:07:23.981  4906  5126 D GStreamer+GST_MEMORY: 0:02:27.812482860 0xe900d1b0 gstmemory.c:87:_gst_memory_free free memory 0xe915e188
06-06 22:07:23.981  4906  5126 D GStreamer+GST_MEMORY: 0:02:27.812499683 0xe900d1b0 gstmemory.c:87:_gst_memory_free free memory 0xe915e270
06-06 22:07:23.981  4906  5116 D GStreamer+bin: 0:02:27.812499318 0xe93d1d00 gstbin.c:2310:gst_bin_sort_iterator_next:<glimagesinkbin1> queue head gives glcolorconvertelement1
06-06 22:07:23.981  4906  5126 D GStreamer+GST_MEMORY: 0:02:27.812526401 0xe900d1b0 gstmemory.c:87:_gst_memory_free free memory 0xe915e358
06-06 22:07:23.981  4906  5116 D GStreamer+bin: 0:02:27.812539006 0xe93d1d00 gstbin.c:911:find_message:<glimagesinkbin1> no message found matching types 00001000
06-06 22:07:23.981  4906  5126 D GStreamer+GST_MEMORY: 0:02:27.812544110 0xe900d1b0 gstmemory.c:87:_gst_memory_free free memory 0xe915e440
06-06 22:07:23.981  4906  5116 D GStreamer+bin: 0:02:27.812559631 0xe93d1d00 gstbin.c:918:find_message:<glimagesinkbin1>   structure-change
06-06 22:07:23.981  4906  5126 D GStreamer+GST_MEMORY: 0:02:27.812564735 0xe900d1b0 gstmemory.c:87:_gst_memory_free free memory 0xe915e528
06-06 22:07:23.982  4906  5126 D GStreamer+GST_MEMORY: 0:02:27.812582131 0xe900d1b0 gstmemory.c:87:_gst_memory_free free memory 0xe915e610
06-06 22:07:23.982  4906  5116 D GStreamer+bin: 0:02:27.812579474 0xe93d1d00 gstbin.c:2226:update_degree:<glimagesinkbin1> change element gluploadelement1, degree 1->0, linked to glcolorconvertelement1
06-06 22:07:23.982  4906  5126 D GStreamer+GST_MEMORY: 0:02:27.812603433 0xe900d1b0 gstmemory.c:87:_gst_memory_free free memory 0xe915e6f8
06-06 22:07:23.982  4906  5126 D GStreamer+GST_MEMORY: 0:02:27.812623016 0xe900d1b0 gstmemory.c:87:_gst_memory_free free memory 0xe9528800
06-06 22:07:23.982  4906  5116 D GStreamer+bin: 0:02:27.812608693 0xe93d1d00 gstbin.c:2109:add_to_queue:<glimagesinkbin1> adding 'gluploadelement1' to queue
06-06 22:07:23.982  4906  5126 D GStreamer+GST_MEMORY: 0:02:27.812639735 0xe900d1b0 gstmemory.c:87:_gst_memory_free free memory 0xe95288e8
06-06 22:07:23.982  4906  5116 I GStreamer+GST_STATES: 0:02:27.812648276 0xe93d1d00 gstbin.c:2444:gst_bin_element_set_state:<glcolorconvertelement1> current NULL pending VOID_PENDING, desired next NULL
06-06 22:07:23.982  4906  5126 D GStreamer+GST_MEMORY: 0:02:27.812660256 0xe900d1b0 gstmemory.c:87:_gst_memory_free free memory 0xe95289d0
06-06 22:07:23.982  4906  5116 I GStreamer+GST_STATES: 0:02:27.812672495 0xe93d1d00 gstbin.c:2561:gst_bin_element_set_state:<glcolorconvertelement1> skipping transition from NULL to  NULL
06-06 22:07:23.982  4906  5126 D GStreamer+GST_MEMORY: 0:02:27.812677912 0xe900d1b0 gstmemory.c:87:_gst_memory_free free memory 0xe9528ab8
06-06 22:07:23.982  4906  5126 D GStreamer+GST_MEMORY: 0:02:27.812697599 0xe900d1b0 gstmemory.c:87:_gst_memory_free free memory 0xe9528ba0
06-06 22:07:23.982  4906  5116 I GStreamer+GST_STATES: 0:02:27.812694735 0xe93d1d00 gstbin.c:2892:gst_bin_change_state_func:<glimagesinkbin1> child 'glcolorconvertelement1' changed state to 1(NULL) successfully
06-06 22:07:23.982  4906  5126 D GStreamer+GST_MEMORY: 0:02:27.812718276 0xe900d1b0 gstmemory.c:87:_gst_memory_free free memory 0xe9528c88
06-06 22:07:23.982  4906  5126 D GStreamer+GST_MEMORY: 0:02:27.812735412 0xe900d1b0 gstmemory.c:87:_gst_memory_free free memory 0xe9528d70
06-06 22:07:23.982  4906  5116 D GStreamer+bin: 0:02:27.812724735 0xe93d1d00 gstbin.c:2310:gst_bin_sort_iterator_next:<glimagesinkbin1> queue head gives gluploadelement1
06-06 22:07:23.982  4906  5126 D GStreamer+GST_MEMORY: 0:02:27.812751714 0xe900d1b0 gstmemory.c:87:_gst_memory_free free memory 0xe9528e58
06-06 22:07:23.982  4906  5116 D GStreamer+bin: 0:02:27.812758849 0xe93d1d00 gstbin.c:911:find_message:<glimagesinkbin1> no message found matching types 00001000
06-06 22:07:23.982  4906  5126 D GStreamer+GST_MEMORY: 0:02:27.812767704 0xe900d1b0 gstmemory.c:87:_gst_memory_free free memory 0xe94d0008
06-06 22:07:23.982  4906  5116 D GStreamer+bin: 0:02:27.812778485 0xe93d1d00 gstbin.c:918:find_message:<glimagesinkbin1>   structure-change
06-06 22:07:23.982  4906  5126 D GStreamer+GST_MEMORY: 0:02:27.812784370 0xe900d1b0 gstmemory.c:87:_gst_memory_free free memory 0xe94d00f0
06-06 22:07:23.982  4906  5116 D GStreamer+bin: 0:02:27.812798068 0xe93d1d00 gstbin.c:2249:update_degree:<glimagesinkbin1> element gluploadelement1 not linked on any sinkpads
06-06 22:07:23.982  4906  5126 D GStreamer+GST_MEMORY: 0:02:27.812801349 0xe900d1b0 gstmemory.c:87:_gst_memory_free free memory 0xe94d01d8
06-06 22:07:23.982  4906  5126 D GStreamer+GST_MEMORY: 0:02:27.812824266 0xe900d1b0 gstmemory.c:87:_gst_memory_free free memory 0xe94d02c0
06-06 22:07:23.982  4906  5126 D GStreamer+GST_MEMORY: 0:02:27.812844683 0xe900d1b0 gstmemory.c:87:_gst_memory_free free memory 0xe94d03a8
06-06 22:07:23.982  4906  5116 I GStreamer+GST_STATES: 0:02:27.812826818 0xe93d1d00 gstbin.c:2444:gst_bin_element_set_state:<gluploadelement1> current NULL pending VOID_PENDING, desired next NULL
06-06 22:07:23.982  4906  5126 D GStreamer+GST_MEMORY: 0:02:27.812862391 0xe900d1b0 gstmemory.c:87:_gst_memory_free free memory 0xe94d0490
06-06 22:07:23.982  4906  5116 I GStreamer+GST_STATES: 0:02:27.812868224 0xe93d1d00 gstbin.c:2561:gst_bin_element_set_state:<gluploadelement1> skipping transition from NULL to  NULL
06-06 22:07:23.982  4906  5126 D GStreamer+GST_MEMORY: 0:02:27.812879058 0xe900d1b0 gstmemory.c:87:_gst_memory_free free memory 0xe94d0578
06-06 22:07:23.982  4906  5116 I GStreamer+GST_STATES: 0:02:27.812888485 0xe93d1d00 gstbin.c:2892:gst_bin_change_state_func:<glimagesinkbin1> child 'gluploadelement1' changed state to 1(NULL) successfully
06-06 22:07:23.982  4906  5126 D GStreamer+GST_MEMORY: 0:02:27.812895412 0xe900d1b0 gstmemory.c:87:_gst_memory_free free memory 0xe94d0660
06-06 22:07:23.982  4906  5126 D GStreamer+GST_MEMORY: 0:02:27.812914318 0xe900d1b0 gstmemory.c:87:_gst_memory_free free memory 0xe95d6030
06-06 22:07:23.982  4906  5116 D GStreamer+bin: 0:02:27.812914474 0xe93d1d00 gstbin.c:2299:gst_bin_sort_iterator_next:<glimagesinkbin1> queue empty, elements exhausted
06-06 22:07:23.982  4906  5126 D GStreamer+GST_MEMORY: 0:02:27.812935204 0xe900d1b0 gstmemory.c:87:_gst_memory_free free memory 0xe95d6118
06-06 22:07:23.982  4906  5116 D GStreamer+GST_STATES: 0:02:27.812937131 0xe93d1d00 gstbin.c:2951:gst_bin_change_state_func:<glimagesinkbin1> iterator done
06-06 22:07:23.982  4906  5126 D GStreamer+GST_MEMORY: 0:02:27.812952131 0xe900d1b0 gstmemory.c:87:_gst_memory_free free memory 0xe95d6200
06-06 22:07:23.982  4906  5126 D GStreamer+GST_MEMORY: 0:02:27.812968485 0xe900d1b0 gstmemory.c:87:_gst_memory_free free memory 0xe95d62e8
06-06 22:07:23.982  4906  5116 D GStreamer+GST_STATES: 0:02:27.812970881 0xe93d1d00 gstelement.c:2914:gst_element_change_state_func:<glimagesinkbin1> element is already in the NULL state
06-06 22:07:23.982  4906  5126 D GStreamer+GST_MEMORY: 0:02:27.812987287 0xe900d1b0 gstmemory.c:87:_gst_memory_free free memory 0xe95d63d0
06-06 22:07:23.982  4906  5116 D GStreamer+bin: 0:02:27.812993641 0xe93d1d00 gstbin.c:2341:gst_bin_sort_iterator_free:<glimagesinkbin1> free
06-06 22:07:23.982  4906  5126 D GStreamer+GST_MEMORY: 0:02:27.813003693 0xe900d1b0 gstmemory.c:87:_gst_memory_free free memory 0xe95d64b8
06-06 22:07:23.982  4906  5116 D GStreamer+bin: 0:02:27.813013120 0xe93d1d00 gstbin.c:2986:gst_bin_change_state_func:<glimagesinkbin1> no async elements
06-06 22:07:23.982  4906  5126 D GStreamer+GST_MEMORY: 0:02:27.813020516 0xe900d1b0 gstmemory.c:87:_gst_memory_free free memory 0xe95d65a0
06-06 22:07:23.982  4906  5126 D GStreamer+GST_MEMORY: 0:02:27.813037391 0xe900d1b0 gstmemory.c:87:_gst_memory_free free memory 0xe95d6688
06-06 22:07:23.982  4906  5116 D GStreamer+GST_STATES: 0:02:27.813029995 0xe93d1d00 gstbin.c:3020:gst_bin_change_state_func:<glimagesinkbin1> done changing bin's state from NULL to NULL, now in NULL, ret SUCCESS
06-06 22:07:23.982  4906  5126 D GStreamer+GST_MEMORY: 0:02:27.813059006 0xe900d1b0 gstmemory.c:87:_gst_memory_free free memory 0xe92ea838
06-06 22:07:23.982  4906  5116 D GStreamer+GST_STATES: 0:02:27.813057756 0xe93d1d00 gstelement.c:2686:gst_element_change_state:<glimagesinkbin1> element changed state SUCCESS
06-06 22:07:23.982  4906  5126 D GStreamer+GST_MEMORY: 0:02:27.813077599 0xe900d1b0 gstmemory.c:87:_gst_memory_free free memory 0xe92ea920
06-06 22:07:23.982  4906  5126 D GStreamer+GST_MEMORY: 0:02:27.813096506 0xe900d1b0 gstmemory.c:87:_gst_memory_free free memory 0xe92eaa08
06-06 22:07:23.982  4906  5116 I GStreamer+GST_STATES: 0:02:27.813094631 0xe93d1d00 gstelement.c:2374:gst_element_continue_state:<glimagesinkbin1> completed state change to NULL
06-06 22:07:23.982  4906  5126 D GStreamer+GST_MEMORY: 0:02:27.813116454 0xe900d1b0 gstmemory.c:87:_gst_memory_free free memory 0xe92eaaf0
06-06 22:07:23.982  4906  5116 D GStreamer+GST_STATES: 0:02:27.813119370 0xe93d1d00 gstelement.c:2609:gst_element_set_state_func:<glimagesinkbin1> returned SUCCESS
06-06 22:07:23.982  4906  5126 D GStreamer+GST_MEMORY: 0:02:27.813132860 0xe900d1b0 gstmemory.c:87:_gst_memory_free free memory 0xe92eabd8
06-06 22:07:23.982  4906  5116 I GStreamer+GST_STATES: 0:02:27.813138381 0xe93d1d00 gstbin.c:2892:gst_bin_change_state_func:<pipeline1> child 'glimagesinkbin1' changed state to 1(NULL) successfully
06-06 22:07:23.982  4906  5126 D GStreamer+GST_MEMORY: 0:02:27.813149579 0xe900d1b0 gstmemory.c:87:_gst_memory_free free memory 0xe92eacc0
06-06 22:07:23.982  4906  5126 I GStreamer+task: 0:02:27.813172287 0xe900d1b0 gsttask.c:318:gst_task_func:<queue4:src> Task going to paused
06-06 22:07:23.982  4906  5116 D GStreamer+bin: 0:02:27.813160829 0xe93d1d00 gstbin.c:2310:gst_bin_sort_iterator_next:<pipeline1> queue head gives queue5
06-06 22:07:23.982  4906  5128 D GStreamer+GST_MEMORY: 0:02:27.813180464 0xe900d290 gstmemory.c:87:_gst_memory_free free memory 0xe92eada8
06-06 22:07:23.982  4906  5116 D GStreamer+bin: 0:02:27.813195881 0xe93d1d00 gstbin.c:911:find_message:<pipeline1> no message found matching types 00001000
06-06 22:07:23.982  4906  5128 D GStreamer+GST_SCHEDULING: 0:02:27.813204995 0xe900d290 gstpad.c:4199:gst_pad_chain_data_unchecked:<queue4:sink> called chainfunction &gst_queue_chain with buffer 0xe91fd358, returned flushing
06-06 22:07:23.982  4906  5116 D GStreamer+bin: 0:02:27.813215620 0xe93d1d00 gstbin.c:918:find_message:<pipeline1>   structure-change
06-06 22:07:23.982  4906  5128 D GStreamer+qtdemux: 0:02:27.813231297 0xe900d290 qtdemux.c:8014:qtdemux_parse_samples:<q> parsing up to sample 47
06-06 22:07:23.982  4906  5116 D GStreamer+bin: 0:02:27.813237860 0xe93d1d00 gstbin.c:2226:update_degree:<pipeline1> change element decodebin2, degree 1->0, linked to queue5
06-06 22:07:23.982  4906  5128 D GStreamer+qtdemux: 0:02:27.813259214 0xe900d290 qtdemux.c:8221:qtdemux_parse_samples:<q> sample 47: index 47, timestamp 0:00:01.128000000
06-06 22:07:23.982  4906  5116 D GStreamer+bin: 0:02:27.813263276 0xe93d1d00 gstbin.c:2109:add_to_queue:<pipeline1> adding 'decodebin2' to queue
06-06 22:07:23.982  4906  5128 D GStreamer+qtdemux: 0:02:27.813293797 0xe900d290 qtdemux.c:8321:qtdemux_parse_samples:<q> setting all keyframes
06-06 22:07:23.982  4906  5116 I GStreamer+GST_STATES: 0:02:27.813304370 0xe93d1d00 gstbin.c:2444:gst_bin_element_set_state:<queue5> current PAUSED pending VOID_PENDING, desired next NULL
06-06 22:07:23.982  4906  5128 D GStreamer+GST_PADS: 0:02:27.813314943 0xe900d290 gstpad.c:6034:gst_pad_pause_task:<q:sink> pause task
06-06 22:07:23.982  4906  5116 D GStreamer+bin: 0:02:27.813329526 0xe93d1d00 gstbin.c:911:find_message:<pipeline1> no message found matching types 00100000
06-06 22:07:23.982  4906  5128 D GStreamer+task: 0:02:27.813333849 0xe900d290 gsttask.c:684:gst_task_set_state:<q:sink> Changing task 0xe92f64c0 to state 2
06-06 22:07:23.982  4906  5116 D GStreamer+bin: 0:02:27.813349787 0xe93d1d00 gstbin.c:918:find_message:<pipeline1>   async-start
06-06 22:07:23.982  4906  5128 I GStreamer+task: 0:02:27.813357131 0xe900d290 gsttask.c:318:gst_task_func:<q:sink> Task going to paused
06-06 22:07:23.982  4906  5116 D GStreamer+bin: 0:02:27.813370829 0xe93d1d00 gstbin.c:2539:gst_bin_element_set_state:<pipeline1> setting element queue5 to NULL, base_time 0:00:00.000000000
06-06 22:07:23.982  4906  5116 D GStreamer+GST_STATES: 0:02:27.813410204 0xe93d1d00 gstelement.c:2525:gst_element_set_state_func:<queue5> set_state to NULL
06-06 22:07:23.982  4906  5116 D GStreamer+GST_STATES: 0:02:27.813445204 0xe93d1d00 gstelement.c:2550:gst_element_set_state_func:<queue5> setting target state to NULL
06-06 22:07:23.982  4906  5116 D GStreamer+GST_STATES: 0:02:27.813463433 0xe93d1d00 gstelement.c:2563:gst_element_set_state_func:<queue5> current PAUSED, old_pending VOID_PENDING, next VOID_PENDING, old return SUCCESS
06-06 22:07:23.982  4906  5116 D GStreamer+GST_STATES: 0:02:27.813485672 0xe93d1d00 gstelement.c:2597:gst_element_set_state_func:<queue5> intermediate: setting state from PAUSED to READY
06-06 22:07:23.982  4906  5116 D GStreamer+GST_ELEMENT_PADS: 0:02:27.813523797 0xe93d1d00 gstelement.c:2795:gst_element_pads_activate:<queue5> deactivate pads
06-06 22:07:23.982  4906  5116 D GStreamer+GST_PADS: 0:02:27.813547339 0xe93d1d00 gstpad.c:1078:gst_pad_set_active:<queue5:src> deactivating pad from push mode
06-06 22:07:23.982  4906  5116 D GStreamer+GST_PADS: 0:02:27.813567443 0xe93d1d00 gstpad.c:967:pre_activate:<queue5:src> setting PAD_MODE NONE, set flushing
06-06 22:07:23.983  4906  5116 D GStreamer+GST_PADS: 0:02:27.813586870 0xe93d1d00 gstpad.c:6082:gst_pad_stop_task:<queue5:src> stop task
06-06 22:07:23.983  4906  5116 D GStreamer+task: 0:02:27.813603901 0xe93d1d00 gsttask.c:684:gst_task_set_state:<queue5:src> Changing task 0xe92f6220 to state 1
06-06 22:07:23.983  4906  5116 D GStreamer+task: 0:02:27.813644370 0xe93d1d00 gsttask.c:811:gst_task_join:<queue5:src> Joining task 0xe92f6220, thread 0xe93d1d00
06-06 22:07:23.983  4906  5124 I GStreamer+task: 0:02:27.813649631 0xe900d120 gsttask.c:320:gst_task_func:<queue5:src> Task resume from paused
06-06 22:07:23.983  4906  5124 D GStreamer+GST_PADS: 0:02:27.813676401 0xe900d120 gstpad.c:5904:do_stream_status:<queue5:src> doing stream-status 2
06-06 22:07:23.983  4906  5124 D GStreamer+GST_PADS: 0:02:27.813705620 0xe900d120 gstpad.c:5933:do_stream_status:<queue5:src> posting stream-status 2
06-06 22:07:23.983  4906  5124 D GStreamer+GST_BUS: 0:02:27.813726245 0xe900d120 gstbus.c:309:gst_bus_post:<bus8> [msg 0xe92f7908] posting on bus stream-status message: 0xe92f7908, time 99:99:99.999999999, seq-num 718, element 'src', GstMessageStreamStatus, type=(GstStreamStatusType)GST_STREAM_STATUS_TYPE_LEAVE, owner=(GstElement)"\(GstQueue\)\ queue5", object=(GstTask)"\(GstTask\)\ queue5:src";
06-06 22:07:23.983  4906  5124 D GStreamer+bin: 0:02:27.813794006 0xe900d120 gstbin.c:3654:gst_bin_handle_message_func:<pipeline1> [msg 0xe92f7908] handling child src message of type stream-status
06-06 22:07:23.983  4906  5124 D GStreamer+bin: 0:02:27.813815568 0xe900d120 gstbin.c:3991:gst_bin_handle_message_func:<pipeline1> posting message upward
06-06 22:07:23.983  4906  5124 D GStreamer+GST_BUS: 0:02:27.813832547 0xe900d120 gstbus.c:309:gst_bus_post:<bus9> [msg 0xe92f7908] posting on bus stream-status message: 0xe92f7908, time 99:99:99.999999999, seq-num 718, element 'src', GstMessageStreamStatus, type=(GstStreamStatusType)GST_STREAM_STATUS_TYPE_LEAVE, owner=(GstElement)"\(GstQueue\)\ queue5", object=(GstTask)"\(GstTask\)\ queue5:src";
06-06 22:07:23.983  4906  5124 D GStreamer+GST_BUS: 0:02:27.813886714 0xe900d120 gstbus.c:348:gst_bus_post:<bus9> [msg 0xe92f7908] pushing on async queue
06-06 22:07:23.983  4906  5124 D GStreamer+GST_BUS: 0:02:27.813905881 0xe900d120 gstbus.c:351:gst_bus_post:<bus9> [msg 0xe92f7908] pushed on async queue
06-06 22:07:23.983  4906  5124 D GStreamer+GST_BUS: 0:02:27.813924006 0xe900d120 gstbus.c:344:gst_bus_post:<bus8> [msg 0xe92f7908] dropped
06-06 22:07:23.983  4906  5124 D GStreamer+task: 0:02:27.813944579 0xe900d120 gsttask.c:361:gst_task_func Exit task 0xe92f6220, thread 0xe900d120
06-06 22:07:23.983  4906  5116 D GStreamer+task: 0:02:27.813948068 0xe93d1d00 gsttask.c:841:gst_task_join:<queue5:src> Joined task 0xe92f6220
06-06 22:07:23.983  4906  5116 D GStreamer+GST_PADS: 0:02:27.813972964 0xe93d1d00 gstpad.c:1015:post_activate:<queue5:src> stopped streaming
06-06 22:07:23.983  4906  5116 D GStreamer+GST_PADS: 0:02:27.813992183 0xe93d1d00 gstpad.c:453:remove_events:<queue5:src> notify caps
06-06 22:07:23.983  4906  5116 D GStreamer+GST_PADS: 0:02:27.814016610 0xe93d1d00 gstpad.c:1188:activate_mode_internal:<queue5:src> deactivated in push mode
06-06 22:07:23.983  4906  5116 D GStreamer+GST_PADS: 0:02:27.814056401 0xe93d1d00 gstpad.c:1078:gst_pad_set_active:<queue5:sink> deactivating pad from push mode
06-06 22:07:23.983  4906  5116 D GStreamer+GST_PADS: 0:02:27.814078589 0xe93d1d00 gstpad.c:967:pre_activate:<queue5:sink> setting PAD_MODE NONE, set flushing
06-06 22:07:23.983  4906  5116 D GStreamer+GST_PADS: 0:02:27.814099214 0xe93d1d00 gstpad.c:1015:post_activate:<queue5:sink> stopped streaming
06-06 22:07:23.983  4906  5116 D GStreamer+GST_PADS: 0:02:27.814118016 0xe93d1d00 gstpad.c:453:remove_events:<queue5:sink> notify caps
06-06 22:07:23.983  4906  5116 D GStreamer+GST_PADS: 0:02:27.814139162 0xe93d1d00 gstpad.c:1188:activate_mode_internal:<queue5:sink> deactivated in push mode
06-06 22:07:23.983  4906  5116 D GStreamer+GST_ELEMENT_PADS: 0:02:27.814177235 0xe93d1d00 gstelement.c:2814:gst_element_pads_activate:<queue5> pad deactivation successful
06-06 22:07:23.983  4906  5116 D GStreamer+GST_STATES: 0:02:27.814197756 0xe93d1d00 gstelement.c:2686:gst_element_change_state:<queue5> element changed state SUCCESS
06-06 22:07:23.983  4906  5116 I GStreamer+GST_STATES: 0:02:27.814214266 0xe93d1d00 gstelement.c:2349:gst_element_continue_state:<queue5> committing state from PAUSED to READY, pending NULL, next NULL
06-06 22:07:23.983  4906  5116 I GStreamer+GST_STATES: 0:02:27.814236297 0xe93d1d00 gstelement.c:2279:_priv_gst_element_state_changed:<queue5> notifying about state-changed PAUSED to READY (NULL pending)
06-06 22:07:23.983  4906  5116 D GStreamer+GST_BUS: 0:02:27.814274891 0xe93d1d00 gstbus.c:309:gst_bus_post:<bus8> [msg 0xe92ef678] posting on bus state-changed message: 0xe92ef678, time 99:99:99.999999999, seq-num 719, element 'queue5', GstMessageStateChanged, old-state=(GstState)GST_STATE_PAUSED, new-state=(GstState)GST_STATE_READY, pending-state=(GstState)GST_STATE_NULL;
06-06 22:07:23.983  4906  5116 D GStreamer+bin: 0:02:27.814328276 0xe93d1d00 gstbin.c:3654:gst_bin_handle_message_func:<pipeline1> [msg 0xe92ef678] handling child queue5 message of type state-changed
06-06 22:07:23.983  4906  5116 D GStreamer+bin: 0:02:27.814350881 0xe93d1d00 gstbin.c:3991:gst_bin_handle_message_func:<pipeline1> posting message upward
06-06 22:07:23.983  4906  5116 D GStreamer+GST_BUS: 0:02:27.814369058 0xe93d1d00 gstbus.c:309:gst_bus_post:<bus9> [msg 0xe92ef678] posting on bus state-changed message: 0xe92ef678, time 99:99:99.999999999, seq-num 719, element 'queue5', GstMessageStateChanged, old-state=(GstState)GST_STATE_PAUSED, new-state=(GstState)GST_STATE_READY, pending-state=(GstState)GST_STATE_NULL;
06-06 22:07:23.983  4906  5116 D GStreamer+GST_BUS: 0:02:27.814444683 0xe93d1d00 gstbus.c:348:gst_bus_post:<bus9> [msg 0xe92ef678] pushing on async queue
06-06 22:07:23.983  4906  5116 D GStreamer+GST_BUS: 0:02:27.814464579 0xe93d1d00 gstbus.c:351:gst_bus_post:<bus9> [msg 0xe92ef678] pushed on async queue
06-06 22:07:23.983  4906  5116 D GStreamer+GST_BUS: 0:02:27.814496193 0xe93d1d00 gstbus.c:344:gst_bus_post:<bus8> [msg 0xe92ef678] dropped
06-06 22:07:23.983  4906  5116 I GStreamer+GST_STATES: 0:02:27.814517391 0xe93d1d00 gstelement.c:2356:gst_element_continue_state:<queue5> continue state change READY to NULL, final NULL
06-06 22:07:23.983  4906  5116 D GStreamer+GST_ELEMENT_PADS: 0:02:27.814538433 0xe93d1d00 gstelement.c:2795:gst_element_pads_activate:<queue5> deactivate pads
06-06 22:07:23.983  4906  5116 D GStreamer+GST_PADS: 0:02:27.814558954 0xe93d1d00 gstpad.c:1074:gst_pad_set_active:<queue5:src> pad was inactive
06-06 22:07:23.984  4906  5116 D GStreamer+GST_PADS: 0:02:27.814581245 0xe93d1d00 gstpad.c:1074:gst_pad_set_active:<queue5:sink> pad was inactive
06-06 22:07:23.984  4906  5116 D GStreamer+GST_ELEMENT_PADS: 0:02:27.814615776 0xe93d1d00 gstelement.c:2814:gst_element_pads_activate:<queue5> pad deactivation successful
06-06 22:07:23.984  4906  5116 D GStreamer+GST_STATES: 0:02:27.814637026 0xe93d1d00 gstelement.c:2686:gst_element_change_state:<queue5> element changed state SUCCESS
06-06 22:07:23.984  4906  5116 I GStreamer+GST_STATES: 0:02:27.814653485 0xe93d1d00 gstelement.c:2374:gst_element_continue_state:<queue5> completed state change to NULL
06-06 22:07:23.984  4906  5116 I GStreamer+GST_STATES: 0:02:27.814670672 0xe93d1d00 gstelement.c:2279:_priv_gst_element_state_changed:<queue5> notifying about state-changed READY to NULL (VOID_PENDING pending)
06-06 22:07:23.984  4906  5116 D GStreamer+GST_BUS: 0:02:27.814695412 0xe93d1d00 gstbus.c:309:gst_bus_post:<bus8> [msg 0xe92ef780] posting on bus state-changed message: 0xe92ef780, time 99:99:99.999999999, seq-num 720, element 'queue5', GstMessageStateChanged, old-state=(GstState)GST_STATE_READY, new-state=(GstState)GST_STATE_NULL, pending-state=(GstState)GST_STATE_VOID_PENDING;
06-06 22:07:23.984  4906  5116 D GStreamer+bin: 0:02:27.814758641 0xe93d1d00 gstbin.c:3654:gst_bin_handle_message_func:<pipeline1> [msg 0xe92ef780] handling child queue5 message of type state-changed
06-06 22:07:23.984  4906  5116 D GStreamer+bin: 0:02:27.814780047 0xe93d1d00 gstbin.c:3991:gst_bin_handle_message_func:<pipeline1> posting message upward
06-06 22:07:23.984  4906  5116 D GStreamer+GST_BUS: 0:02:27.814797599 0xe93d1d00 gstbus.c:309:gst_bus_post:<bus9> [msg 0xe92ef780] posting on bus state-changed message: 0xe92ef780, time 99:99:99.999999999, seq-num 720, element 'queue5', GstMessageStateChanged, old-state=(GstState)GST_STATE_READY, new-state=(GstState)GST_STATE_NULL, pending-state=(GstState)GST_STATE_VOID_PENDING;
06-06 22:07:23.984  4906  5116 D GStreamer+GST_BUS: 0:02:27.814857964 0xe93d1d00 gstbus.c:348:gst_bus_post:<bus9> [msg 0xe92ef780] pushing on async queue
06-06 22:07:23.984  4906  5116 D GStreamer+GST_BUS: 0:02:27.814877704 0xe93d1d00 gstbus.c:351:gst_bus_post:<bus9> [msg 0xe92ef780] pushed on async queue
06-06 22:07:23.984  4906  5116 D GStreamer+GST_BUS: 0:02:27.814896974 0xe93d1d00 gstbus.c:344:gst_bus_post:<bus8> [msg 0xe92ef780] dropped
06-06 22:07:23.984  4906  5116 D GStreamer+GST_STATES: 0:02:27.814916141 0xe93d1d00 gstelement.c:2609:gst_element_set_state_func:<queue5> returned SUCCESS
06-06 22:07:23.984  4906  5116 I GStreamer+GST_STATES: 0:02:27.814949891 0xe93d1d00 gstbin.c:2892:gst_bin_change_state_func:<pipeline1> child 'queue5' changed state to 1(NULL) successfully
06-06 22:07:23.984  4906  5116 D GStreamer+bin: 0:02:27.814973641 0xe93d1d00 gstbin.c:2310:gst_bin_sort_iterator_next:<pipeline1> queue head gives forhalffps
06-06 22:07:23.984  4906  5116 D GStreamer+bin: 0:02:27.814991714 0xe93d1d00 gstbin.c:911:find_message:<pipeline1> no message found matching types 00001000
06-06 22:07:23.984  4906  5116 D GStreamer+bin: 0:02:27.815009318 0xe93d1d00 gstbin.c:918:find_message:<pipeline1>   structure-change
06-06 22:07:23.984  4906  5116 D GStreamer+bin: 0:02:27.815029006 0xe93d1d00 gstbin.c:2226:update_degree:<pipeline1> change element queue3, degree 1->0, linked to forhalffps
06-06 22:07:23.984  4906  5116 D GStreamer+bin: 0:02:27.815066245 0xe93d1d00 gstbin.c:2109:add_to_queue:<pipeline1> adding 'queue3' to queue
06-06 22:07:23.984  4906  5116 I GStreamer+GST_STATES: 0:02:27.815086089 0xe93d1d00 gstbin.c:2444:gst_bin_element_set_state:<forhalffps> current PAUSED pending VOID_PENDING, desired next NULL
06-06 22:07:23.984  4906  5116 D GStreamer+bin: 0:02:27.815107131 0xe93d1d00 gstbin.c:911:find_message:<pipeline1> no message found matching types 00100000
06-06 22:07:23.984  4906  5116 D GStreamer+bin: 0:02:27.815124058 0xe93d1d00 gstbin.c:918:find_message:<pipeline1>   async-start
06-06 22:07:23.984  4906  5116 D GStreamer+bin: 0:02:27.815155256 0xe93d1d00 gstbin.c:2539:gst_bin_element_set_state:<pipeline1> setting element forhalffps to NULL, base_time 0:00:00.000000000
06-06 22:07:23.984  4906  5116 D GStreamer+GST_STATES: 0:02:27.815181662 0xe93d1d00 gstelement.c:2525:gst_element_set_state_func:<forhalffps> set_state to NULL
06-06 22:07:23.984  4906  5116 D GStreamer+GST_STATES: 0:02:27.815199787 0xe93d1d00 gstelement.c:2550:gst_element_set_state_func:<forhalffps> setting target state to NULL
06-06 22:07:23.984  4906  5116 D GStreamer+GST_STATES: 0:02:27.815217131 0xe93d1d00 gstelement.c:2563:gst_element_set_state_func:<forhalffps> current PAUSED, old_pending VOID_PENDING, next VOID_PENDING, old return SUCCESS
06-06 22:07:23.984  4906  5116 D GStreamer+GST_STATES: 0:02:27.815238537 0xe93d1d00 gstelement.c:2597:gst_element_set_state_func:<forhalffps> intermediate: setting state from PAUSED to READY
06-06 22:07:23.984  4906  5116 D GStreamer+GST_ELEMENT_PADS: 0:02:27.815276349 0xe93d1d00 gstelement.c:2795:gst_element_pads_activate:<forhalffps> deactivate pads
06-06 22:07:23.984  4906  5116 D GStreamer+GST_PADS: 0:02:27.815298016 0xe93d1d00 gstpad.c:1078:gst_pad_set_active:<forhalffps:src> deactivating pad from push mode
06-06 22:07:23.984  4906  5116 D GStreamer+GST_PADS: 0:02:27.815317287 0xe93d1d00 gstpad.c:967:pre_activate:<forhalffps:src> setting PAD_MODE NONE, set flushing
06-06 22:07:23.984  4906  5116 D GStreamer+GST_PADS: 0:02:27.815335204 0xe93d1d00 gstpad.c:1015:post_activate:<forhalffps:src> stopped streaming
06-06 22:07:23.984  4906  5116 D GStreamer+GST_PADS: 0:02:27.815354474 0xe93d1d00 gstpad.c:1188:activate_mode_internal:<forhalffps:src> deactivated in push mode
06-06 22:07:23.984  4906  5116 D GStreamer+GST_PADS: 0:02:27.815393901 0xe93d1d00 gstpad.c:1078:gst_pad_set_active:<forhalffps:sink> deactivating pad from push mode
06-06 22:07:23.984  4906  5116 D GStreamer+GST_PADS: 0:02:27.815412964 0xe93d1d00 gstpad.c:967:pre_activate:<forhalffps:sink> setting PAD_MODE NONE, set flushing
06-06 22:07:23.984  4906  5116 D GStreamer+GST_PADS: 0:02:27.815455985 0xe93d1d00 gstpad.c:1015:post_activate:<forhalffps:sink> stopped streaming
06-06 22:07:23.984  4906  5116 D GStreamer+GST_PADS: 0:02:27.815473589 0xe93d1d00 gstpad.c:1188:activate_mode_internal:<forhalffps:sink> deactivated in push mode
06-06 22:07:23.984  4906  5116 D GStreamer+GST_ELEMENT_PADS: 0:02:27.815495099 0xe93d1d00 gstelement.c:2814:gst_element_pads_activate:<forhalffps> pad deactivation successful
06-06 22:07:23.984  4906  5116 D GStreamer+GST_STATES: 0:02:27.815514839 0xe93d1d00 gstelement.c:2686:gst_element_change_state:<forhalffps> element changed state SUCCESS
06-06 22:07:23.984  4906  5116 I GStreamer+GST_STATES: 0:02:27.815545829 0xe93d1d00 gstelement.c:2349:gst_element_continue_state:<forhalffps> committing state from PAUSED to READY, pending NULL, next NULL
06-06 22:07:23.985  4906  5116 I GStreamer+GST_STATES: 0:02:27.815570568 0xe93d1d00 gstelement.c:2279:_priv_gst_element_state_changed:<forhalffps> notifying about state-changed PAUSED to READY (NULL pending)
06-06 22:07:23.985  4906  5116 D GStreamer+GST_BUS: 0:02:27.815594891 0xe93d1d00 gstbus.c:309:gst_bus_post:<bus8> [msg 0xe92ef6d0] posting on bus state-changed message: 0xe92ef6d0, time 99:99:99.999999999, seq-num 721, element 'forhalffps', GstMessageStateChanged, old-state=(GstState)GST_STATE_PAUSED, new-state=(GstState)GST_STATE_READY, pending-state=(GstState)GST_STATE_NULL;
06-06 22:07:23.985  4906  5116 D GStreamer+bin: 0:02:27.815655308 0xe93d1d00 gstbin.c:3654:gst_bin_handle_message_func:<pipeline1> [msg 0xe92ef6d0] handling child forhalffps message of type state-changed
06-06 22:07:23.985  4906  5116 D GStreamer+bin: 0:02:27.815678068 0xe93d1d00 gstbin.c:3991:gst_bin_handle_message_func:<pipeline1> posting message upward
06-06 22:07:23.985  4906  5116 D GStreamer+GST_BUS: 0:02:27.815694891 0xe93d1d00 gstbus.c:309:gst_bus_post:<bus9> [msg 0xe92ef6d0] posting on bus state-changed message: 0xe92ef6d0, time 99:99:99.999999999, seq-num 721, element 'forhalffps', GstMessageStateChanged, old-state=(GstState)GST_STATE_PAUSED, new-state=(GstState)GST_STATE_READY, pending-state=(GstState)GST_STATE_NULL;
06-06 22:07:23.985  4906  5116 D GStreamer+GST_BUS: 0:02:27.815738120 0xe93d1d00 gstbus.c:348:gst_bus_post:<bus9> [msg 0xe92ef6d0] pushing on async queue
06-06 22:07:23.985  4906  5116 D GStreamer+GST_BUS: 0:02:27.815771037 0xe93d1d00 gstbus.c:351:gst_bus_post:<bus9> [msg 0xe92ef6d0] pushed on async queue
06-06 22:07:23.985  4906  5116 D GStreamer+GST_BUS: 0:02:27.815792339 0xe93d1d00 gstbus.c:344:gst_bus_post:<bus8> [msg 0xe92ef6d0] dropped
06-06 22:07:23.985  4906  5116 I GStreamer+GST_STATES: 0:02:27.815810672 0xe93d1d00 gstelement.c:2356:gst_element_continue_state:<forhalffps> continue state change READY to NULL, final NULL
06-06 22:07:23.985  4906  5116 D GStreamer+GST_ELEMENT_PADS: 0:02:27.815831818 0xe93d1d00 gstelement.c:2795:gst_element_pads_activate:<forhalffps> deactivate pads
06-06 22:07:23.985  4906  5116 D GStreamer+GST_PADS: 0:02:27.815852912 0xe93d1d00 gstpad.c:1074:gst_pad_set_active:<forhalffps:src> pad was inactive
06-06 22:07:23.985  4906  5116 D GStreamer+GST_PADS: 0:02:27.815889579 0xe93d1d00 gstpad.c:1074:gst_pad_set_active:<forhalffps:sink> pad was inactive
06-06 22:07:23.985  4906  5116 D GStreamer+GST_ELEMENT_PADS: 0:02:27.815909943 0xe93d1d00 gstelement.c:2814:gst_element_pads_activate:<forhalffps> pad deactivation successful
06-06 22:07:23.985  4906  5116 D GStreamer+GST_STATES: 0:02:27.815930829 0xe93d1d00 gstelement.c:2686:gst_element_change_state:<forhalffps> element changed state SUCCESS
06-06 22:07:23.985  4906  5116 I GStreamer+GST_STATES: 0:02:27.815948641 0xe93d1d00 gstelement.c:2374:gst_element_continue_state:<forhalffps> completed state change to NULL
06-06 22:07:23.985  4906  5116 I GStreamer+GST_STATES: 0:02:27.815980151 0xe93d1d00 gstelement.c:2279:_priv_gst_element_state_changed:<forhalffps> notifying about state-changed READY to NULL (VOID_PENDING pending)
06-06 22:07:23.985  4906  5116 D GStreamer+GST_BUS: 0:02:27.816009631 0xe93d1d00 gstbus.c:309:gst_bus_post:<bus8> [msg 0xe92ef728] posting on bus state-changed message: 0xe92ef728, time 99:99:99.999999999, seq-num 722, element 'forhalffps', GstMessageStateChanged, old-state=(GstState)GST_STATE_READY, new-state=(GstState)GST_STATE_NULL, pending-state=(GstState)GST_STATE_VOID_PENDING;
06-06 22:07:23.985  4906  5116 D GStreamer+bin: 0:02:27.816056454 0xe93d1d00 gstbin.c:3654:gst_bin_handle_message_func:<pipeline1> [msg 0xe92ef728] handling child forhalffps message of type state-changed
06-06 22:07:23.985  4906  5116 D GStreamer+bin: 0:02:27.816092079 0xe93d1d00 gstbin.c:3991:gst_bin_handle_message_func:<pipeline1> posting message upward
06-06 22:07:23.985  4906  5116 D GStreamer+GST_BUS: 0:02:27.816112964 0xe93d1d00 gstbus.c:309:gst_bus_post:<bus9> [msg 0xe92ef728] posting on bus state-changed message: 0xe92ef728, time 99:99:99.999999999, seq-num 722, element 'forhalffps', GstMessageStateChanged, old-state=(GstState)GST_STATE_READY, new-state=(GstState)GST_STATE_NULL, pending-state=(GstState)GST_STATE_VOID_PENDING;
06-06 22:07:23.985  4906  5116 D GStreamer+GST_BUS: 0:02:27.816158172 0xe93d1d00 gstbus.c:348:gst_bus_post:<bus9> [msg 0xe92ef728] pushing on async queue
06-06 22:07:23.985  4906  5116 D GStreamer+GST_BUS: 0:02:27.816177495 0xe93d1d00 gstbus.c:351:gst_bus_post:<bus9> [msg 0xe92ef728] pushed on async queue
06-06 22:07:23.985  4906  5116 D GStreamer+GST_BUS: 0:02:27.816211714 0xe93d1d00 gstbus.c:344:gst_bus_post:<bus8> [msg 0xe92ef728] dropped
06-06 22:07:23.985  4906  5116 D GStreamer+GST_STATES: 0:02:27.816234110 0xe93d1d00 gstelement.c:2609:gst_element_set_state_func:<forhalffps> returned SUCCESS
06-06 22:07:23.985  4906  5116 I GStreamer+GST_STATES: 0:02:27.816254318 0xe93d1d00 gstbin.c:2892:gst_bin_change_state_func:<pipeline1> child 'forhalffps' changed state to 1(NULL) successfully
06-06 22:07:23.985  4906  5116 D GStreamer+bin: 0:02:27.816279474 0xe93d1d00 gstbin.c:2310:gst_bin_sort_iterator_next:<pipeline1> queue head gives decodebin2
06-06 22:07:23.985  4906  5116 D GStreamer+bin: 0:02:27.816312183 0xe93d1d00 gstbin.c:911:find_message:<pipeline1> no message found matching types 00001000
06-06 22:07:23.985  4906  5116 D GStreamer+bin: 0:02:27.816333537 0xe93d1d00 gstbin.c:918:find_message:<pipeline1>   structure-change
06-06 22:07:23.985  4906  5116 D GStreamer+bin: 0:02:27.816353954 0xe93d1d00 gstbin.c:2226:update_degree:<pipeline1> change element queue4, degree 1->0, linked to decodebin2
06-06 22:07:23.985  4906  5116 D GStreamer+bin: 0:02:27.816376349 0xe93d1d00 gstbin.c:2109:add_to_queue:<pipeline1> adding 'queue4' to queue
06-06 22:07:23.985  4906  5116 I GStreamer+GST_STATES: 0:02:27.816398485 0xe93d1d00 gstbin.c:2444:gst_bin_element_set_state:<decodebin2> current PAUSED pending VOID_PENDING, desired next NULL
06-06 22:07:23.985  4906  5116 D GStreamer+bin: 0:02:27.816444474 0xe93d1d00 gstbin.c:911:find_message:<pipeline1> no message found matching types 00100000
06-06 22:07:23.985  4906  5116 D GStreamer+bin: 0:02:27.816463901 0xe93d1d00 gstbin.c:918:find_message:<pipeline1>   async-start
06-06 22:07:23.985  4906  5116 D GStreamer+bin: 0:02:27.816482131 0xe93d1d00 gstbin.c:2539:gst_bin_element_set_state:<pipeline1> setting element decodebin2 to NULL, base_time 0:00:00.000000000
06-06 22:07:23.985  4906  5116 D GStreamer+GST_STATES: 0:02:27.816507443 0xe93d1d00 gstelement.c:2525:gst_element_set_state_func:<decodebin2> set_state to NULL
06-06 22:07:23.985  4906  5116 D GStreamer+GST_STATES: 0:02:27.816542391 0xe93d1d00 gstelement.c:2550:gst_element_set_state_func:<decodebin2> setting target state to NULL
06-06 22:07:23.985  4906  5116 D GStreamer+GST_STATES: 0:02:27.816561818 0xe93d1d00 gstelement.c:2563:gst_element_set_state_func:<decodebin2> current PAUSED, old_pending VOID_PENDING, next VOID_PENDING, old return SUCCESS
06-06 22:07:23.986  4906  5116 D GStreamer+GST_STATES: 0:02:27.816585151 0xe93d1d00 gstelement.c:2597:gst_element_set_state_func:<decodebin2> intermediate: setting state from PAUSED to READY
06-06 22:07:23.986  4906  5116 D GStreamer+GST_STATES: 0:02:27.816613797 0xe93d1d00 gstbin.c:2792:gst_bin_change_state_func:<decodebin2> changing state of children from PAUSED to READY
06-06 22:07:23.986  4906  5116 D GStreamer+bin: 0:02:27.816651974 0xe93d1d00 gstbin.c:2829:gst_bin_change_state_func:<decodebin2> clearing all cached messages
06-06 22:07:23.986  4906  5116 D GStreamer+bin: 0:02:27.816671714 0xe93d1d00 gstbin.c:2637:gst_bin_src_pads_activate:<decodebin2> deactivate pads
06-06 22:07:23.986  4906  5116 D GStreamer+GST_PADS: 0:02:27.816693693 0xe93d1d00 gstpad.c:1078:gst_pad_set_active:<decodebin2:src_0> deactivating pad from push mode
06-06 22:07:23.986  4906  5116 D GStreamer+GST_PADS: 0:02:27.816714110 0xe93d1d00 gstpad.c:967:pre_activate:<decodebin2:src_0> setting PAD_MODE NONE, set flushing
06-06 22:07:23.986  4906  5116 D GStreamer+GST_PADS: 0:02:27.816748901 0xe93d1d00 gstpad.c:967:pre_activate:<src_0:proxypad8> setting PAD_MODE NONE, set flushing
06-06 22:07:23.986  4906  5116 D GStreamer+GST_PADS: 0:02:27.816772079 0xe93d1d00 gstpad.c:1207:activate_mode_internal:<decodebin2:src_0> already deactivated in push mode
06-06 22:07:23.986  4906  5116 D GStreamer+GST_PADS: 0:02:27.816794318 0xe93d1d00 gstpad.c:1015:post_activate:<src_0:proxypad8> stopped streaming
06-06 22:07:23.986  4906  5116 D GStreamer+GST_PADS: 0:02:27.816814579 0xe93d1d00 gstpad.c:453:remove_events:<src_0:proxypad8> notify caps
06-06 22:07:23.986  4906  5116 D GStreamer+GST_PADS: 0:02:27.816853901 0xe93d1d00 gstpad.c:1188:activate_mode_internal:<src_0:proxypad8> deactivated in push mode
06-06 22:07:23.986  4906  5116 D GStreamer+GST_PADS: 0:02:27.816878693 0xe93d1d00 gstpad.c:1015:post_activate:<decodebin2:src_0> stopped streaming
06-06 22:07:23.986  4906  5116 D GStreamer+GST_PADS: 0:02:27.816898068 0xe93d1d00 gstpad.c:453:remove_events:<decodebin2:src_0> notify caps
06-06 22:07:23.986  4906  5116 D GStreamer+GST_PADS: 0:02:27.816920308 0xe93d1d00 gstpad.c:1188:activate_mode_internal:<decodebin2:src_0> deactivated in push mode
06-06 22:07:23.986  4906  5116 D GStreamer+bin: 0:02:27.816943641 0xe93d1d00 gstbin.c:2645:gst_bin_src_pads_activate:<decodebin2> pad deactivation successful
06-06 22:07:23.986  4906  5116 D GStreamer+bin: 0:02:27.816981037 0xe93d1d00 gstbin.c:2323:gst_bin_sort_iterator_resync:<decodebin2> resync
06-06 22:07:23.986  4906  5116 D GStreamer+bin: 0:02:27.817002443 0xe93d1d00 gstbin.c:911:find_message:<decodebin2> no message found matching types 00001000
06-06 22:07:23.986  4906  5116 D GStreamer+bin: 0:02:27.817022026 0xe93d1d00 gstbin.c:918:find_message:<decodebin2>   structure-change
06-06 22:07:23.986  4906  5116 D GStreamer+bin: 0:02:27.817042339 0xe93d1d00 gstbin.c:2226:update_degree:<decodebin2> change element mpegaudioparse0, degree 0->1, linked to amcaudiodec-omxgooglemp3decoder0
06-06 22:07:23.986  4906  5116 D GStreamer+bin: 0:02:27.817081089 0xe93d1d00 gstbin.c:911:find_message:<decodebin2> no message found matching types 00001000
06-06 22:07:23.986  4906  5116 D GStreamer+bin: 0:02:27.817101297 0xe93d1d00 gstbin.c:918:find_message:<decodebin2>   structure-change
06-06 22:07:23.986  4906  5116 D GStreamer+bin: 0:02:27.817122026 0xe93d1d00 gstbin.c:2226:update_degree:<decodebin2> change element typefind, degree 0->1, linked to mpegaudioparse0
06-06 22:07:23.986  4906  5116 D GStreamer+bin: 0:02:27.817146506 0xe93d1d00 gstbin.c:911:find_message:<decodebin2> no message found matching types 00001000
06-06 22:07:23.986  4906  5116 D GStreamer+bin: 0:02:27.817165516 0xe93d1d00 gstbin.c:918:find_message:<decodebin2>   structure-change
06-06 22:07:23.986  4906  5116 D GStreamer+bin: 0:02:27.817201974 0xe93d1d00 gstbin.c:2249:update_degree:<decodebin2> element typefind not linked on any sinkpads
06-06 22:07:23.986  4906  5116 D GStreamer+bin: 0:02:27.817224370 0xe93d1d00 gstbin.c:2295:gst_bin_sort_iterator_next:<decodebin2> queue empty, next best: amcaudiodec-omxgooglemp3decoder0
06-06 22:07:23.986  4906  5116 D GStreamer+bin: 0:02:27.817244995 0xe93d1d00 gstbin.c:2310:gst_bin_sort_iterator_next:<decodebin2> queue head gives amcaudiodec-omxgooglemp3decoder0
06-06 22:07:23.986  4906  5116 D GStreamer+bin: 0:02:27.817264735 0xe93d1d00 gstbin.c:911:find_message:<decodebin2> no message found matching types 00001000
06-06 22:07:23.986  4906  5116 D GStreamer+bin: 0:02:27.817297599 0xe93d1d00 gstbin.c:918:find_message:<decodebin2>   structure-change
06-06 22:07:23.986  4906  5116 D GStreamer+bin: 0:02:27.817318016 0xe93d1d00 gstbin.c:2226:update_degree:<decodebin2> change element mpegaudioparse0, degree 1->0, linked to amcaudiodec-omxgooglemp3decoder0
06-06 22:07:23.986  4906  5116 D GStreamer+bin: 0:02:27.817341245 0xe93d1d00 gstbin.c:2109:add_to_queue:<decodebin2> adding 'mpegaudioparse0' to queue
06-06 22:07:23.986  4906  5116 I GStreamer+GST_STATES: 0:02:27.817363329 0xe93d1d00 gstbin.c:2444:gst_bin_element_set_state:<amcaudiodec-omxgooglemp3decoder0> current PAUSED pending VOID_PENDING, desired next READY
06-06 22:07:23.986  4906  5116 D GStreamer+bin: 0:02:27.817399526 0xe93d1d00 gstbin.c:911:find_message:<decodebin2> no message found matching types 00100000
06-06 22:07:23.986  4906  5116 D GStreamer+bin: 0:02:27.817441245 0xe93d1d00 gstbin.c:918:find_message:<decodebin2>   async-start
06-06 22:07:23.986  4906  5116 D GStreamer+bin: 0:02:27.817462339 0xe93d1d00 gstbin.c:2539:gst_bin_element_set_state:<decodebin2> setting element amcaudiodec-omxgooglemp3decoder0 to READY, base_time 0:00:00.000000000
06-06 22:07:23.986  4906  5116 D GStreamer+GST_STATES: 0:02:27.817487391 0xe93d1d00 gstelement.c:2525:gst_element_set_state_func:<amcaudiodec-omxgooglemp3decoder0> set_state to READY
06-06 22:07:23.986  4906  5116 D GStreamer+GST_STATES: 0:02:27.817522756 0xe93d1d00 gstelement.c:2550:gst_element_set_state_func:<amcaudiodec-omxgooglemp3decoder0> setting target state to READY
06-06 22:07:23.986  4906  5116 D GStreamer+GST_STATES: 0:02:27.817543016 0xe93d1d00 gstelement.c:2563:gst_element_set_state_func:<amcaudiodec-omxgooglemp3decoder0> current PAUSED, old_pending VOID_PENDING, next VOID_PENDING, old return SUCCESS
06-06 22:07:23.986  4906  5116 D GStreamer+GST_STATES: 0:02:27.817566349 0xe93d1d00 gstelement.c:2597:gst_element_set_state_func:<amcaudiodec-omxgooglemp3decoder0> final: setting state from PAUSED to READY
06-06 22:07:23.987  4906  5116 D GStreamer+default: 0:02:27.817592131 0xe93d1d00 gstjniutils.c:476:gst_amc_jni_attach_current_thread Attaching thread 0xe93d1d00
06-06 22:07:23.987  4906  5116 D GStreamer+GST_ELEMENT_PADS: 0:02:27.817919735 0xe93d1d00 gstelement.c:2795:gst_element_pads_activate:<amcaudiodec-omxgooglemp3decoder0> deactivate pads
06-06 22:07:23.987  4906  5116 D GStreamer+GST_PADS: 0:02:27.817956506 0xe93d1d00 gstpad.c:1078:gst_pad_set_active:<amcaudiodec-omxgooglemp3decoder0:src> deactivating pad from push mode
06-06 22:07:23.987  4906  5116 D GStreamer+GST_PADS: 0:02:27.817979006 0xe93d1d00 gstpad.c:967:pre_activate:<amcaudiodec-omxgooglemp3decoder0:src> setting PAD_MODE NONE, set flushing
06-06 22:07:23.987  4906  5116 D GStreamer+GST_PADS: 0:02:27.817999474 0xe93d1d00 gstpad.c:1015:post_activate:<amcaudiodec-omxgooglemp3decoder0:src> stopped streaming
06-06 22:07:23.987  4906  5116 D GStreamer+GST_PADS: 0:02:27.818042079 0xe93d1d00 gstpad.c:453:remove_events:<amcaudiodec-omxgooglemp3decoder0:src> notify caps
06-06 22:07:23.987  4906  5116 D GStreamer+GST_PADS: 0:02:27.818069579 0xe93d1d00 gstpad.c:1188:activate_mode_internal:<amcaudiodec-omxgooglemp3decoder0:src> deactivated in push mode
06-06 22:07:23.987  4906  5116 D GStreamer+GST_PADS: 0:02:27.818095776 0xe93d1d00 gstpad.c:1078:gst_pad_set_active:<amcaudiodec-omxgooglemp3decoder0:sink> deactivating pad from push mode
06-06 22:07:23.987  4906  5116 D GStreamer+GST_PADS: 0:02:27.818116349 0xe93d1d00 gstpad.c:967:pre_activate:<amcaudiodec-omxgooglemp3decoder0:sink> setting PAD_MODE NONE, set flushing
06-06 22:07:23.987  4906  5116 D GStreamer+GST_PADS: 0:02:27.818153068 0xe93d1d00 gstpad.c:1015:post_activate:<amcaudiodec-omxgooglemp3decoder0:sink> stopped streaming
06-06 22:07:23.987  4906  5116 D GStreamer+GST_PADS: 0:02:27.818173537 0xe93d1d00 gstpad.c:453:remove_events:<amcaudiodec-omxgooglemp3decoder0:sink> notify caps
06-06 22:07:23.987  4906  5116 D GStreamer+GST_PADS: 0:02:27.818196662 0xe93d1d00 gstpad.c:1188:activate_mode_internal:<amcaudiodec-omxgooglemp3decoder0:sink> deactivated in push mode
06-06 22:07:23.987  4906  5116 D GStreamer+GST_ELEMENT_PADS: 0:02:27.818220620 0xe93d1d00 gstelement.c:2814:gst_element_pads_activate:<amcaudiodec-omxgooglemp3decoder0> pad deactivation successful
06-06 22:07:23.987  4906  5116 D GStreamer+audiodecoder: 0:02:27.818256974 0xe93d1d00 gstaudiodecoder.c:2902:gst_audio_decoder_stop:<amcaudiodec-omxgooglemp3decoder0> gst_audio_decoder_stop
06-06 22:07:23.987  4906  5116 D GStreamer+amcaudiodec: 0:02:27.818276870 0xe93d1d00 gstamcaudiodec.c:781:gst_amc_audio_dec_stop:<amcaudiodec-omxgooglemp3decoder0> Stopping decoder
06-06 22:07:23.988  4906  5116 D GStreamer+GST_PADS: 0:02:27.819010620 0xe93d1d00 gstpad.c:6082:gst_pad_stop_task:<amcaudiodec-omxgooglemp3decoder0:src> stop task
06-06 22:07:23.988  4906  5116 D GStreamer+task: 0:02:27.819042131 0xe93d1d00 gsttask.c:684:gst_task_set_state:<amcaudiodec-omxgooglemp3decoder0:src> Changing task 0xe924e028 to state 1
06-06 22:07:23.988  4906  5116 D GStreamer+task: 0:02:27.819067391 0xe93d1d00 gsttask.c:811:gst_task_join:<amcaudiodec-omxgooglemp3decoder0:src> Joining task 0xe924e028, thread 0xe93d1d00
06-06 22:07:23.988  4906  5132 I GStreamer+task: 0:02:27.819074110 0xe95393b0 gsttask.c:320:gst_task_func:<amcaudiodec-omxgooglemp3decoder0:src> Task resume from paused
06-06 22:07:23.988  4906  5132 D GStreamer+GST_PADS: 0:02:27.819104891 0xe95393b0 gstpad.c:5904:do_stream_status:<amcaudiodec-omxgooglemp3decoder0:src> doing stream-status 2
06-06 22:07:23.988  4906  5132 D GStreamer+GST_PADS: 0:02:27.819135881 0xe95393b0 gstpad.c:5933:do_stream_status:<amcaudiodec-omxgooglemp3decoder0:src> posting stream-status 2
06-06 22:07:23.988  4906  5132 D GStreamer+GST_BUS: 0:02:27.819158224 0xe95393b0 gstbus.c:309:gst_bus_post:<bus6> [msg 0xe915d388] posting on bus stream-status message: 0xe915d388, time 99:99:99.999999999, seq-num 723, element 'src', GstMessageStreamStatus, type=(GstStreamStatusType)GST_STREAM_STATUS_TYPE_LEAVE, owner=(GstElement)"\(GstAmcAudioDec-OmxGoogleMp3Decoder\)\ amcaudiodec-omxgooglemp3decoder0", object=(GstTask)"\(GstTask\)\ amcaudiodec-omxgooglemp3decoder0:src";
06-06 22:07:23.988  4906  5132 D GStreamer+decodebin: 0:02:27.819227235 0xe95393b0 gstdecodebin2.c:5492:gst_decode_bin_handle_message:<decodebin2> Forwarding msg stream-status message: 0xe915d388, time 99:99:99.999999999, seq-num 723, element 'src', GstMessageStreamStatus, type=(GstStreamStatusType)GST_STREAM_STATUS_TYPE_LEAVE, owner=(GstElement)"\(GstAmcAudioDec-OmxGoogleMp3Decoder\)\ amcaudiodec-omxgooglemp3decoder0", object=(GstTask)"\(GstTask\)\ amcaudiodec-omxgooglemp3decoder0:src";
06-06 22:07:23.988  4906  5132 D GStreamer+bin: 0:02:27.819283068 0xe95393b0 gstbin.c:3654:gst_bin_handle_message_func:<decodebin2> [msg 0xe915d388] handling child src message of type stream-status
06-06 22:07:23.988  4906  5132 D GStreamer+bin: 0:02:27.819303954 0xe95393b0 gstbin.c:3991:gst_bin_handle_message_func:<decodebin2> posting message upward
06-06 22:07:23.988  4906  5132 D GStreamer+GST_BUS: 0:02:27.819322079 0xe95393b0 gstbus.c:309:gst_bus_post:<bus8> [msg 0xe915d388] posting on bus stream-status message: 0xe915d388, time 99:99:99.999999999, seq-num 723, element 'src', GstMessageStreamStatus, type=(GstStreamStatusType)GST_STREAM_STATUS_TYPE_LEAVE, owner=(GstElement)"\(GstAmcAudioDec-OmxGoogleMp3Decoder\)\ amcaudiodec-omxgooglemp3decoder0", object=(GstTask)"\(GstTask\)\ amcaudiodec-omxgooglemp3decoder0:src";
06-06 22:07:23.988  4906  5132 D GStreamer+bin: 0:02:27.819377026 0xe95393b0 gstbin.c:3654:gst_bin_handle_message_func:<pipeline1> [msg 0xe915d388] handling child src message of type stream-status
06-06 22:07:23.988  4906  5132 D GStreamer+bin: 0:02:27.819397651 0xe95393b0 gstbin.c:3991:gst_bin_handle_message_func:<pipeline1> posting message upward
06-06 22:07:23.988  4906  5132 D GStreamer+GST_BUS: 0:02:27.819414318 0xe95393b0 gstbus.c:309:gst_bus_post:<bus9> [msg 0xe915d388] posting on bus stream-status message: 0xe915d388, time 99:99:99.999999999, seq-num 723, element 'src', GstMessageStreamStatus, type=(GstStreamStatusType)GST_STREAM_STATUS_TYPE_LEAVE, owner=(GstElement)"\(GstAmcAudioDec-OmxGoogleMp3Decoder\)\ amcaudiodec-omxgooglemp3decoder0", object=(GstTask)"\(GstTask\)\ amcaudiodec-omxgooglemp3decoder0:src";
06-06 22:07:23.988  4906  5132 D GStreamer+GST_BUS: 0:02:27.819484318 0xe95393b0 gstbus.c:348:gst_bus_post:<bus9> [msg 0xe915d388] pushing on async queue
06-06 22:07:23.988  4906  5132 D GStreamer+GST_BUS: 0:02:27.819503745 0xe95393b0 gstbus.c:351:gst_bus_post:<bus9> [msg 0xe915d388] pushed on async queue
06-06 22:07:23.988  4906  5132 D GStreamer+GST_BUS: 0:02:27.819521245 0xe95393b0 gstbus.c:344:gst_bus_post:<bus8> [msg 0xe915d388] dropped
06-06 22:07:23.988  4906  5132 D GStreamer+GST_BUS: 0:02:27.819538693 0xe95393b0 gstbus.c:344:gst_bus_post:<bus6> [msg 0xe915d388] dropped
06-06 22:07:23.988  4906  5132 D GStreamer+task: 0:02:27.819558224 0xe95393b0 gsttask.c:361:gst_task_func Exit task 0xe924e028, thread 0xe95393b0
06-06 22:07:23.988  4906  5116 D GStreamer+task: 0:02:27.819562860 0xe93d1d00 gsttask.c:841:gst_task_join:<amcaudiodec-omxgooglemp3decoder0:src> Joined task 0xe924e028
06-06 22:07:23.989  4906  5116 D GStreamer+GST_MEMORY: 0:02:27.819590568 0xe93d1d00 gstmemory.c:87:_gst_memory_free free memory 0xe930b830
06-06 22:07:23.989  4906  5116 D GStreamer+amcaudiodec: 0:02:27.819610829 0xe93d1d00 gstamcaudiodec.c:810:gst_amc_audio_dec_stop:<amcaudiodec-omxgooglemp3decoder0> Stopped decoder
06-06 22:07:23.989  4906  5116 D GStreamer+audiodecoder: 0:02:27.819629370 0xe93d1d00 gstaudiodecoder.c:494:gst_audio_decoder_reset:<amcaudiodec-omxgooglemp3decoder0> gst_audio_decoder_reset
06-06 22:07:23.989  4906  5116 D GStreamer+GST_MEMORY: 0:02:27.819667860 0xe93d1d00 gstmemory.c:87:_gst_memory_free free memory 0xe952d268
06-06 22:07:23.989  4906  5116 D GStreamer+GST_MEMORY: 0:02:27.819688433 0xe93d1d00 gstmemory.c:87:_gst_memory_free free memory 0xe952d350
06-06 22:07:23.989  4906  5116 D GStreamer+GST_STATES: 0:02:27.819706506 0xe93d1d00 gstelement.c:2686:gst_element_change_state:<amcaudiodec-omxgooglemp3decoder0> element changed state SUCCESS
06-06 22:07:23.989  4906  5116 I GStreamer+GST_STATES: 0:02:27.819724214 0xe93d1d00 gstelement.c:2374:gst_element_continue_state:<amcaudiodec-omxgooglemp3decoder0> completed state change to READY
