06-06 22:07:23.847  4906  5128 D GStreamer+task: 0:02:27.678340985 0xe900d290 gsttask.c:289:gst_task_func Entering task 0xe92f64c0, thread 0xe900d290
06-06 22:07:23.847  4906  5116 D GStreamer+GST_BUS: 0:02:27.678352027 0xe93d1d00 gstbus.c:794:gst_bus_source_dispatch:<bus9> source 0xe95618d8 handler returns 1
06-06 22:07:23.847  4906  4906 I GStreamer+GST_STATES: 0:02:27.678436037 0xe8df3e00 gstelement.c:2279:_priv_gst_element_state_changed:<q> notifying about state-changed READY to PAUSED (VOID_PENDING pending)
06-06 22:07:23.847  4906  4906 D GStreamer+GST_BUS: 0:02:27.678466610 0xe8df3e00 gstbus.c:309:gst_bus_post:<bus8> [msg 0xe92ef8c8] posting on bus state-changed message: 0xe92ef8c8, time 99:99:99.999999999, seq-num 564, element 'q', GstMessageStateChanged, old-state=(GstState)GST_STATE_READY, new-state=(GstState)GST_STATE_PAUSED, pending-state=(GstState)GST_STATE_VOID_PENDING;
06-06 22:07:23.847  4906  5128 D GStreamer+GST_PADS: 0:02:27.678448381 0xe900d290 gstpad.c:5904:do_stream_status:<q:sink> doing stream-status 1
06-06 22:07:23.847  4906  4906 D GStreamer+bin: 0:02:27.678512808 0xe8df3e00 gstbin.c:3654:gst_bin_handle_message_func:<pipeline1> [msg 0xe92ef8c8] handling child q message of type state-changed
06-06 22:07:23.847  4906  4906 D GStreamer+bin: 0:02:27.678534474 0xe8df3e00 gstbin.c:3991:gst_bin_handle_message_func:<pipeline1> posting message upward
06-06 22:07:23.847  4906  5128 D GStreamer+GST_PADS: 0:02:27.678538849 0xe900d290 gstpad.c:5933:do_stream_status:<q:sink> posting stream-status 1
06-06 22:07:23.848  4906  4906 D GStreamer+GST_BUS: 0:02:27.678551610 0xe8df3e00 gstbus.c:309:gst_bus_post:<bus9> [msg 0xe92ef8c8] posting on bus state-changed message: 0xe92ef8c8, time 99:99:99.999999999, seq-num 564, element 'q', GstMessageStateChanged, old-state=(GstState)GST_STATE_READY, new-state=(GstState)GST_STATE_PAUSED, pending-state=(GstState)GST_STATE_VOID_PENDING;
06-06 22:07:23.848  4906  4906 D GStreamer+GST_BUS: 0:02:27.678601974 0xe8df3e00 gstbus.c:348:gst_bus_post:<bus9> [msg 0xe92ef8c8] pushing on async queue
06-06 22:07:23.848  4906  5128 D GStreamer+GST_BUS: 0:02:27.678560464 0xe900d290 gstbus.c:309:gst_bus_post:<bus8> [msg 0xe9567e78] posting on bus stream-status message: 0xe9567e78, time 99:99:99.999999999, seq-num 565, element 'sink', GstMessageStreamStatus, type=(GstStreamStatusType)GST_STREAM_STATUS_TYPE_ENTER, owner=(GstElement)"\(GstQTDemux\)\ q", object=(GstTask)"\(GstTask\)\ q:sink";
06-06 22:07:23.848  4906  4906 D GStreamer+GST_BUS: 0:02:27.678632652 0xe8df3e00 gstbus.c:351:gst_bus_post:<bus9> [msg 0xe92ef8c8] pushed on async queue
06-06 22:07:23.848  4906  5128 D GStreamer+bin: 0:02:27.678632912 0xe900d290 gstbin.c:3654:gst_bin_handle_message_func:<pipeline1> [msg 0xe9567e78] handling child sink message of type stream-status
06-06 22:07:23.848  4906  4906 D GStreamer+GST_BUS: 0:02:27.678653954 0xe8df3e00 gstbus.c:344:gst_bus_post:<bus8> [msg 0xe92ef8c8] dropped
06-06 22:07:23.848  4906  5128 D GStreamer+bin: 0:02:27.678660516 0xe900d290 gstbin.c:3991:gst_bin_handle_message_func:<pipeline1> posting message upward
06-06 22:07:23.848  4906  5116 D GStreamer+GST_BUS: 0:02:27.678663849 0xe93d1d00 gstbus.c:521:gst_bus_timed_pop_filtered:<bus9> got message 0xe92ef8c8, state-changed from q, type mask is 4294967295
06-06 22:07:23.848  4906  4906 D GStreamer+GST_STATES: 0:02:27.678676454 0xe8df3e00 gstelement.c:2609:gst_element_set_state_func:<q> returned SUCCESS
06-06 22:07:23.848  4906  4906 I GStreamer+GST_STATES: 0:02:27.678702287 0xe8df3e00 gstbin.c:2892:gst_bin_change_state_func:<pipeline1> child 'q' changed state to 3(PAUSED) successfully
06-06 22:07:23.848  4906  5116 D GStreamer+GST_BUS: 0:02:27.678694995 0xe93d1d00 gstbus.c:789:gst_bus_source_dispatch:<bus9> source 0xe95618d8 calling dispatch with state-changed message: 0xe92ef8c8, time 99:99:99.999999999, seq-num 564, element 'q', GstMessageStateChanged, old-state=(GstState)GST_STATE_READY, new-state=(GstState)GST_STATE_PAUSED, pending-state=(GstState)GST_STATE_VOID_PENDING;
06-06 22:07:23.848  4906  4906 D GStreamer+bin: 0:02:27.678742183 0xe8df3e00 gstbin.c:2310:gst_bin_sort_iterator_next:<pipeline1> queue head gives filesrc1
06-06 22:07:23.848  4906  4906 D GStreamer+bin: 0:02:27.678760985 0xe8df3e00 gstbin.c:2249:update_degree:<pipeline1> element filesrc1 not linked on any sinkpads
06-06 22:07:23.848  4906  5116 D GStreamer+GST_BUS: 0:02:27.678781037 0xe93d1d00 gstbus.c:794:gst_bus_source_dispatch:<bus9> source 0xe95618d8 handler returns 1
06-06 22:07:23.848  4906  4906 I GStreamer+GST_STATES: 0:02:27.678780464 0xe8df3e00 gstbin.c:2444:gst_bin_element_set_state:<filesrc1> current READY pending VOID_PENDING, desired next PAUSED
06-06 22:07:23.848  4906  4906 D GStreamer+bin: 0:02:27.678812131 0xe8df3e00 gstbin.c:911:find_message:<pipeline1> no message found matching types 00100000
06-06 22:07:23.848  4906  4906 D GStreamer+bin: 0:02:27.678830308 0xe8df3e00 gstbin.c:918:find_message:<pipeline1>   async-start
06-06 22:07:23.848  4906  4906 D GStreamer+bin: 0:02:27.678847079 0xe8df3e00 gstbin.c:2539:gst_bin_element_set_state:<pipeline1> setting element filesrc1 to PAUSED, base_time 0:00:00.000000000
06-06 22:07:23.848  4906  4906 D GStreamer+GST_STATES: 0:02:27.678869370 0xe8df3e00 gstelement.c:2525:gst_element_set_state_func:<filesrc1> set_state to PAUSED
06-06 22:07:23.848  4906  4906 D GStreamer+GST_STATES: 0:02:27.678886402 0xe8df3e00 gstelement.c:2550:gst_element_set_state_func:<filesrc1> setting target state to PAUSED
06-06 22:07:23.848  4906  4906 D GStreamer+GST_STATES: 0:02:27.678903433 0xe8df3e00 gstelement.c:2563:gst_element_set_state_func:<filesrc1> current READY, old_pending VOID_PENDING, next VOID_PENDING, old return SUCCESS
06-06 22:07:23.848  4906  4906 D GStreamer+GST_STATES: 0:02:27.678923849 0xe8df3e00 gstelement.c:2597:gst_element_set_state_func:<filesrc1> final: setting state from READY to PAUSED
06-06 22:07:23.848  4906  5128 D GStreamer+GST_BUS: 0:02:27.678682391 0xe900d290 gstbus.c:309:gst_bus_post:<bus9> [msg 0xe9567e78] posting on bus stream-status message: 0xe9567e78, time 99:99:99.999999999, seq-num 565, element 'sink', GstMessageStreamStatus, type=(GstStreamStatusType)GST_STREAM_STATUS_TYPE_ENTER, owner=(GstElement)"\(GstQTDemux\)\ q", object=(GstTask)"\(GstTask\)\ q:sink";
06-06 22:07:23.848  4906  4906 D GStreamer+GST_ELEMENT_PADS: 0:02:27.678959370 0xe8df3e00 gstelement.c:2795:gst_element_pads_activate:<filesrc1> activate pads
06-06 22:07:23.848  4906  5128 D GStreamer+GST_BUS: 0:02:27.678969787 0xe900d290 gstbus.c:348:gst_bus_post:<bus9> [msg 0xe9567e78] pushing on async queue
06-06 22:07:23.848  4906  4906 D GStreamer+GST_PADS: 0:02:27.678984839 0xe8df3e00 gstpad.c:1069:gst_pad_set_active:<filesrc1:src> pad was active in pull mode
06-06 22:07:23.848  4906  5128 D GStreamer+GST_BUS: 0:02:27.678994995 0xe900d290 gstbus.c:351:gst_bus_post:<bus9> [msg 0xe9567e78] pushed on async queue
06-06 22:07:23.848  4906  4906 D GStreamer+GST_ELEMENT_PADS: 0:02:27.679007860 0xe8df3e00 gstelement.c:2814:gst_element_pads_activate:<filesrc1> pad activation successful
06-06 22:07:23.848  4906  5116 D GStreamer+GST_BUS: 0:02:27.679008537 0xe93d1d00 gstbus.c:521:gst_bus_timed_pop_filtered:<bus9> got message 0xe9567e78, stream-status from sink, type mask is 4294967295
06-06 22:07:23.848  4906  4906 D GStreamer+GST_STATES: 0:02:27.679039110 0xe8df3e00 gstelement.c:2686:gst_element_change_state:<filesrc1> element changed state SUCCESS
06-06 22:07:23.848  4906  4906 I GStreamer+GST_STATES: 0:02:27.679055412 0xe8df3e00 gstelement.c:2374:gst_element_continue_state:<filesrc1> completed state change to PAUSED
06-06 22:07:23.848  4906  4906 I GStreamer+GST_STATES: 0:02:27.679073277 0xe8df3e00 gstelement.c:2279:_priv_gst_element_state_changed:<filesrc1> notifying about state-changed READY to PAUSED (VOID_PENDING pending)
06-06 22:07:23.848  4906  5116 D GStreamer+GST_BUS: 0:02:27.679047027 0xe93d1d00 gstbus.c:789:gst_bus_source_dispatch:<bus9> source 0xe95618d8 calling dispatch with stream-status message: 0xe9567e78, time 99:99:99.999999999, seq-num 565, element 'sink', GstMessageStreamStatus, type=(GstStreamStatusType)GST_STREAM_STATUS_TYPE_ENTER, owner=(GstElement)"\(GstQTDemux\)\ q", object=(GstTask)"\(GstTask\)\ q:sink";
06-06 22:07:23.848  4906  5128 D GStreamer+GST_BUS: 0:02:27.679015568 0xe900d290 gstbus.c:344:gst_bus_post:<bus8> [msg 0xe9567e78] dropped
06-06 22:07:23.848  4906  5128 D GStreamer+task: 0:02:27.679144110 0xe900d290 gsttask.c:251:gst_task_configure_name:<q:sink> Setting thread name to 'q:sink'
06-06 22:07:23.848  4906  5116 D GStreamer+GST_BUS: 0:02:27.679138172 0xe93d1d00 gstbus.c:794:gst_bus_source_dispatch:<bus9> source 0xe95618d8 handler returns 1
06-06 22:07:23.848  4906  4906 D GStreamer+GST_BUS: 0:02:27.679097704 0xe8df3e00 gstbus.c:309:gst_bus_post:<bus8> [msg 0xe92f6a18] posting on bus state-changed message: 0xe92f6a18, time 99:99:99.999999999, seq-num 566, element 'filesrc1', GstMessageStateChanged, old-state=(GstState)GST_STATE_READY, new-state=(GstState)GST_STATE_PAUSED, pending-state=(GstState)GST_STATE_VOID_PENDING;
06-06 22:07:23.848  4906  4906 D GStreamer+bin: 0:02:27.679198329 0xe8df3e00 gstbin.c:3654:gst_bin_handle_message_func:<pipeline1> [msg 0xe92f6a18] handling child filesrc1 message of type state-changed
06-06 22:07:23.848  4906  5128 D GStreamer+basesrc: 0:02:27.679189006 0xe900d290 gstbasesrc.c:2354:gst_base_src_update_length:<filesrc1> reading offset 0, length 16, size 15003960, segment.stop -1, maxsize 15003960
06-06 22:07:23.848  4906  4906 D GStreamer+bin: 0:02:27.679223433 0xe8df3e00 gstbin.c:3991:gst_bin_handle_message_func:<pipeline1> posting message upward
06-06 22:07:23.848  4906  5128 D GStreamer+basesrc: 0:02:27.679226766 0xe900d290 gstbasesrc.c:2455:gst_base_src_get_range:<filesrc1> calling create offset 0 length 16, time 0
06-06 22:07:23.848  4906  5128 D GStreamer+GST_MEMORY: 0:02:27.679254110 0xe900d290 gstmemory.c:138:gst_memory_init new memory 0xe93d2dc0, maxsize:19 offset:0 size:16
06-06 22:07:23.848  4906  4906 D GStreamer+GST_BUS: 0:02:27.679242964 0xe8df3e00 gstbus.c:309:gst_bus_post:<bus9> [msg 0xe92f6a18] posting on bus state-changed message: 0xe92f6a18, time 99:99:99.999999999, seq-num 566, element 'filesrc1', GstMessageStateChanged, old-state=(GstState)GST_STATE_READY, new-state=(GstState)GST_STATE_PAUSED, pending-state=(GstState)GST_STATE_VOID_PENDING;
06-06 22:07:23.848  4906  4906 D GStreamer+GST_BUS: 0:02:27.679292547 0xe8df3e00 gstbus.c:348:gst_bus_post:<bus9> [msg 0xe92f6a18] pushing on async queue
06-06 22:07:23.848  4906  4906 D GStreamer+GST_BUS: 0:02:27.679315360 0xe8df3e00 gstbus.c:351:gst_bus_post:<bus9> [msg 0xe92f6a18] pushed on async queue
06-06 22:07:23.848  4906  4906 D GStreamer+GST_BUS: 0:02:27.679335724 0xe8df3e00 gstbus.c:344:gst_bus_post:<bus8> [msg 0xe92f6a18] dropped
06-06 22:07:23.848  4906  5116 D GStreamer+GST_BUS: 0:02:27.679336089 0xe93d1d00 gstbus.c:521:gst_bus_timed_pop_filtered:<bus9> got message 0xe92f6a18, state-changed from filesrc1, type mask is 4294967295
06-06 22:07:23.848  4906  4906 D GStreamer+GST_STATES: 0:02:27.679362235 0xe8df3e00 gstelement.c:2609:gst_element_set_state_func:<filesrc1> returned SUCCESS
06-06 22:07:23.848  4906  4906 I GStreamer+GST_STATES: 0:02:27.679381714 0xe8df3e00 gstbin.c:2892:gst_bin_change_state_func:<pipeline1> child 'filesrc1' changed state to 3(PAUSED) successfully
06-06 22:07:23.848  4906  4906 D GStreamer+bin: 0:02:27.679411402 0xe8df3e00 gstbin.c:2299:gst_bin_sort_iterator_next:<pipeline1> queue empty, elements exhausted
06-06 22:07:23.848  4906  4906 D GStreamer+GST_STATES: 0:02:27.679441349 0xe8df3e00 gstbin.c:2951:gst_bin_change_state_func:<pipeline1> iterator done
06-06 22:07:23.848  4906  4906 D GStreamer+GST_ELEMENT_PADS: 0:02:27.679460256 0xe8df3e00 gstelement.c:2795:gst_element_pads_activate:<pipeline1> activate pads
06-06 22:07:23.848  4906  5116 D GStreamer+GST_BUS: 0:02:27.679370777 0xe93d1d00 gstbus.c:789:gst_bus_source_dispatch:<bus9> source 0xe95618d8 calling dispatch with state-changed message: 0xe92f6a18, time 99:99:99.999999999, seq-num 566, element 'filesrc1', GstMessageStateChanged, old-state=(GstState)GST_STATE_READY, new-state=(GstState)GST_STATE_PAUSED, pending-state=(GstState)GST_STATE_VOID_PENDING;
06-06 22:07:23.848  4906  4906 D GStreamer+GST_ELEMENT_PADS: 0:02:27.679482912 0xe8df3e00 gstelement.c:2814:gst_element_pads_activate:<pipeline1> pad activation successful
06-06 22:07:23.848  4906  4906 D GStreamer+GST_STATES: 0:02:27.679501818 0xe8df3e00 gstbin.c:2969:gst_bin_change_state_func:<pipeline1> we have ASYNC elements SUCCESS -> ASYNC
06-06 22:07:23.848  4906  5116 D GStreamer+GST_BUS: 0:02:27.679501037 0xe93d1d00 gstbus.c:794:gst_bus_source_dispatch:<bus9> source 0xe95618d8 handler returns 1
06-06 22:07:23.848  4906  4906 D GStreamer+bin: 0:02:27.679529631 0xe8df3e00 gstbin.c:2341:gst_bin_sort_iterator_free:<pipeline1> free
06-06 22:07:23.848  4906  5128 D GStreamer+basesrc: 0:02:27.679536922 0xe900d290 gstbasesrc.c:2500:gst_base_src_get_range:<filesrc1> setting first timestamp to 0
06-06 22:07:23.848  4906  4906 D GStreamer+bin: 0:02:27.679549006 0xe8df3e00 gstbin.c:2997:gst_bin_change_state_func:<pipeline1> check async elements
06-06 22:07:23.848  4906  5128 D GStreamer+basesrc: 0:02:27.679560152 0xe900d290 gstbasesrc.c:2309:gst_base_src_do_sync:<filesrc1> we have no clock
06-06 22:07:23.848  4906  4906 D GStreamer+bin: 0:02:27.679567652 0xe8df3e00 gstbin.c:909:find_message:<pipeline1> we found a message 0xe90120c8 from forhwgl matching types 00100000
06-06 22:07:23.849  4906  5128 D GStreamer+basesrc: 0:02:27.679581454 0xe900d290 gstbasesrc.c:2519:gst_base_src_get_range:<filesrc1> buffer ok
06-06 22:07:23.849  4906  4906 D GStreamer+GST_STATES: 0:02:27.679588797 0xe8df3e00 gstbin.c:3020:gst_bin_change_state_func:<pipeline1> done changing bin's state from READY to PAUSED, now in READY, ret ASYNC
06-06 22:07:23.849  4906  5128 D GStreamer+qtdemux: 0:02:27.679602183 0xe900d290 qtdemux.c:2766:extract_initial_length_and_fourcc length 0x00000020
06-06 22:07:23.849  4906  4906 D GStreamer+GST_STATES: 0:02:27.679612079 0xe8df3e00 gstelement.c:2668:gst_element_change_state:<pipeline1> element will change state ASYNC
06-06 22:07:23.849  4906  5128 D GStreamer+qtdemux: 0:02:27.679620881 0xe900d290 qtdemux.c:2768:extract_initial_length_and_fourcc atom type ftyp
06-06 22:07:23.849  4906  4906 D GStreamer+GST_STATES: 0:02:27.679630308 0xe8df3e00 gstelement.c:2609:gst_element_set_state_func:<pipeline1> returned ASYNC
06-06 22:07:23.849  4906  5128 D GStreamer+GST_MEMORY: 0:02:27.679644474 0xe900d290 gstmemory.c:87:_gst_memory_free free memory 0xe93d2dc0
06-06 22:07:23.849  4906  5128 D GStreamer+basesrc: 0:02:27.679668068 0xe900d290 gstbasesrc.c:2354:gst_base_src_update_length:<filesrc1> reading offset 0, length 32, size 15003960, segment.stop -1, maxsize 15003960
06-06 22:07:23.849  4906  5128 D GStreamer+basesrc: 0:02:27.679697808 0xe900d290 gstbasesrc.c:2455:gst_base_src_get_range:<filesrc1> calling create offset 0 length 32, time 0
06-06 22:07:23.849  4906  5128 D GStreamer+GST_MEMORY: 0:02:27.679719735 0xe900d290 gstmemory.c:138:gst_memory_init new memory 0xe8df56e8, maxsize:35 offset:0 size:32
06-06 22:07:23.849  4906  5128 D GStreamer+basesrc: 0:02:27.679746402 0xe900d290 gstbasesrc.c:2500:gst_base_src_get_range:<filesrc1> setting first timestamp to 0
06-06 22:07:23.849  4906  5128 D GStreamer+basesrc: 0:02:27.679853902 0xe900d290 gstbasesrc.c:2309:gst_base_src_do_sync:<filesrc1> we have no clock
06-06 22:07:23.849  4906  5128 D GStreamer+basesrc: 0:02:27.679871870 0xe900d290 gstbasesrc.c:2519:gst_base_src_get_range:<filesrc1> buffer ok
06-06 22:07:23.849  4906  5128 D GStreamer+qtdemux: 0:02:27.679892652 0xe900d290 qtdemux.c:2474:qtdemux_parse_ftyp:<q> major brand: mp42
06-06 22:07:23.849  4906  5128 D GStreamer+GST_MEMORY: 0:02:27.679916870 0xe900d290 gstmemory.c:138:gst_memory_init new memory 0xe93d2e28, maxsize:19 offset:0 size:16
06-06 22:07:23.849  4906  5128 D GStreamer+GST_MEMORY: 0:02:27.679945152 0xe900d290 gstmemory.c:87:_gst_memory_free free memory 0xe8df56e8
06-06 22:07:23.849  4906  5128 D GStreamer+basesrc: 0:02:27.679966245 0xe900d290 gstbasesrc.c:2354:gst_base_src_update_length:<filesrc1> reading offset 32, length 16, size 15003960, segment.stop -1, maxsize 15003960
06-06 22:07:23.849  4906  5128 D GStreamer+basesrc: 0:02:27.679993954 0xe900d290 gstbasesrc.c:2455:gst_base_src_get_range:<filesrc1> calling create offset 32 length 16, time 0
06-06 22:07:23.849  4906  5128 D GStreamer+GST_MEMORY: 0:02:27.680015933 0xe900d290 gstmemory.c:138:gst_memory_init new memory 0xe93d2e90, maxsize:19 offset:0 size:16
06-06 22:07:23.849  4906  5128 D GStreamer+basesrc: 0:02:27.680041402 0xe900d290 gstbasesrc.c:2309:gst_base_src_do_sync:<filesrc1> we have no clock
06-06 22:07:23.849  4906  5128 D GStreamer+basesrc: 0:02:27.680059110 0xe900d290 gstbasesrc.c:2519:gst_base_src_get_range:<filesrc1> buffer ok
06-06 22:07:23.849  4906  5128 D GStreamer+qtdemux: 0:02:27.680078485 0xe900d290 qtdemux.c:2766:extract_initial_length_and_fourcc length 0x00000008
06-06 22:07:23.849  4906  5128 D GStreamer+qtdemux: 0:02:27.680095829 0xe900d290 qtdemux.c:2768:extract_initial_length_and_fourcc atom type free
06-06 22:07:23.849  4906  5128 D GStreamer+GST_MEMORY: 0:02:27.680115516 0xe900d290 gstmemory.c:87:_gst_memory_free free memory 0xe93d2e90
06-06 22:07:23.849  4906  5128 D GStreamer+basesrc: 0:02:27.680135360 0xe900d290 gstbasesrc.c:2354:gst_base_src_update_length:<filesrc1> reading offset 40, length 16, size 15003960, segment.stop -1, maxsize 15003960
06-06 22:07:23.849  4906  5128 D GStreamer+basesrc: 0:02:27.680166141 0xe900d290 gstbasesrc.c:2455:gst_base_src_get_range:<filesrc1> calling create offset 40 length 16, time 0
06-06 22:07:23.849  4906  5128 D GStreamer+GST_MEMORY: 0:02:27.680187808 0xe900d290 gstmemory.c:138:gst_memory_init new memory 0xe93d2ef8, maxsize:19 offset:0 size:16
06-06 22:07:23.850  4906  5128 D GStreamer+basesrc: 0:02:27.680924735 0xe900d290 gstbasesrc.c:2309:gst_base_src_do_sync:<filesrc1> we have no clock
06-06 22:07:23.850  4906  5128 D GStreamer+basesrc: 0:02:27.681173745 0xe900d290 gstbasesrc.c:2519:gst_base_src_get_range:<filesrc1> buffer ok
06-06 22:07:23.850  4906  5128 D GStreamer+qtdemux: 0:02:27.681211870 0xe900d290 qtdemux.c:2766:extract_initial_length_and_fourcc length 0x00e4c804
06-06 22:07:23.850  4906  5128 D GStreamer+qtdemux: 0:02:27.681234422 0xe900d290 qtdemux.c:2768:extract_initial_length_and_fourcc atom type mdat
06-06 22:07:23.850  4906  5128 D GStreamer+GST_MEMORY: 0:02:27.681255256 0xe900d290 gstmemory.c:87:_gst_memory_free free memory 0xe93d2ef8
06-06 22:07:23.850  4906  5128 D GStreamer+basesrc: 0:02:27.681277808 0xe900d290 gstbasesrc.c:2354:gst_base_src_update_length:<filesrc1> reading offset 14993452, length 16, size 15003960, segment.stop -1, maxsize 15003960
06-06 22:07:23.850  4906  5128 D GStreamer+basesrc: 0:02:27.681307704 0xe900d290 gstbasesrc.c:2455:gst_base_src_get_range:<filesrc1> calling create offset 14993452 length 16, time 0
06-06 22:07:23.850  4906  5128 D GStreamer+GST_MEMORY: 0:02:27.681330516 0xe900d290 gstmemory.c:138:gst_memory_init new memory 0xe93d2f60, maxsize:19 offset:0 size:16
06-06 22:07:23.850  4906  5128 D GStreamer+basesrc: 0:02:27.681398016 0xe900d290 gstbasesrc.c:2309:gst_base_src_do_sync:<filesrc1> we have no clock
06-06 22:07:23.850  4906  5128 D GStreamer+basesrc: 0:02:27.681437079 0xe900d290 gstbasesrc.c:2519:gst_base_src_get_range:<filesrc1> buffer ok
06-06 22:07:23.850  4906  5128 D GStreamer+qtdemux: 0:02:27.681458745 0xe900d290 qtdemux.c:2766:extract_initial_length_and_fourcc length 0x00002631
06-06 22:07:23.850  4906  5128 D GStreamer+qtdemux: 0:02:27.681477704 0xe900d290 qtdemux.c:2768:extract_initial_length_and_fourcc atom type moov
06-06 22:07:23.850  4906  5128 D GStreamer+GST_MEMORY: 0:02:27.681500308 0xe900d290 gstmemory.c:87:_gst_memory_free free memory 0xe93d2f60
06-06 22:07:23.850  4906  5128 D GStreamer+basesrc: 0:02:27.681522808 0xe900d290 gstbasesrc.c:2354:gst_base_src_update_length:<filesrc1> reading offset 14993452, length 9777, size 15003960, segment.stop -1, maxsize 15003960
06-06 22:07:23.850  4906  5128 D GStreamer+basesrc: 0:02:27.681557860 0xe900d290 gstbasesrc.c:2455:gst_base_src_get_range:<filesrc1> calling create offset 14993452 length 9777, time 0
06-06 22:07:23.851  4906  5128 D GStreamer+GST_MEMORY: 0:02:27.681585516 0xe900d290 gstmemory.c:138:gst_memory_init new memory 0xe9350510, maxsize:9780 offset:0 size:9777
06-06 22:07:23.851  4906  5128 D GStreamer+basesrc: 0:02:27.681659110 0xe900d290 gstbasesrc.c:2309:gst_base_src_do_sync:<filesrc1> we have no clock
06-06 22:07:23.851  4906  5128 D GStreamer+basesrc: 0:02:27.681685933 0xe900d290 gstbasesrc.c:2519:gst_base_src_get_range:<filesrc1> buffer ok
06-06 22:07:23.851  4906  5128 D GStreamer+qtdemux: 0:02:27.681708172 0xe900d290 qtdemux.c:6735:qtdemux_parse_moov:<q> parsing 'moov' atom
06-06 22:07:23.851  4906  5128 D GStreamer+qtdemux: 0:02:27.681735047 0xe900d290 qtdemux.c:6930:qtdemux_parse_node:<q> parsing stsd (sample table, sample description) atom
06-06 22:07:23.851  4906  5128 D GStreamer+qtdemux: 0:02:27.681949162 0xe900d290 qtdemux.c:6930:qtdemux_parse_node:<q> parsing stsd (sample table, sample description) atom
06-06 22:07:23.851  4906  5128 D GStreamer+qtdemux: 0:02:27.681971766 0xe900d290 qtdemux.c:6966:qtdemux_parse_node:<q> mp4a version 0x00000000
06-06 22:07:23.851  4906  5128 I GStreamer+qtdemux: 0:02:27.682021766 0xe900d290 qtdemux.c:12293:qtdemux_parse_tree:<q> timescale: 1000
06-06 22:07:23.851  4906  5128 I GStreamer+qtdemux: 0:02:27.682044943 0xe900d290 qtdemux.c:12294:qtdemux_parse_tree:<q> duration: 7199
06-06 22:07:23.851  4906  5128 D GStreamer+qtdemux: 0:02:27.682065620 0xe900d290 qtdemux.c:9060:qtdemux_parse_trak:<q> parse_trak
06-06 22:07:23.851  4906  5128 W GStreamer+qtdemux: 0:02:27.682085204 0xe900d290 qtdemux.c:2874:qtdemux_parse_trex:<q> failed to find fragment defaults for stream 1
06-06 22:07:23.851  4906  5128 D GStreamer+qtdemux: 0:02:27.682106558 0xe900d290 qtdemux_lang.c:200:qtdemux_lang_map_qt_code_to_iso mapped quicktime language code 0 to ISO 639-2T code 'eng'
06-06 22:07:23.851  4906  5128 D GStreamer+qtdemux: 0:02:27.682130620 0xe900d290 qtdemux.c:8861:qtdemux_parse_transformation_matrix:<q> Transformation matrix from atom tkhd
06-06 22:07:23.851  4906  5128 D GStreamer+qtdemux: 0:02:27.682149527 0xe900d290 qtdemux.c:8864:qtdemux_parse_transformation_matrix:<q> 1.0 0.0 0.0
06-06 22:07:23.851  4906  5128 D GStreamer+qtdemux: 0:02:27.682171454 0xe900d290 qtdemux.c:8867:qtdemux_parse_transformation_matrix:<q> 0.0 1.0 0.0
06-06 22:07:23.851  4906  5128 D GStreamer+qtdemux: 0:02:27.682196922 0xe900d290 qtdemux.c:8870:qtdemux_parse_transformation_matrix:<q> 0.0 0.0 16384.0
06-06 22:07:23.851  4906  5128 D GStreamer+qtdemux: 0:02:27.682222391 0xe900d290 qtdemux.c:8908:qtdemux_inspect_transformation_matrix:<q> Transformation matrix rotation (null)
06-06 22:07:23.851  4906  5128 D GStreamer+qtdemux: 0:02:27.682263485 0xe900d290 qtdemux.c:9526:qtdemux_parse_trak:<q> found avcC codec_data in stsd
06-06 22:07:23.851  4906  5128 D GStreamer+GST_MEMORY: 0:02:27.682365099 0xe900d290 gstmemory.c:138:gst_memory_init new memory 0xe93000c8, maxsize:29 offset:0 size:26
06-06 22:07:23.851  4906  5128 I GStreamer+qtdemux: 0:02:27.682397704 0xe900d290 qtdemux.c:9999:qtdemux_parse_trak:<q> type avc1 caps video/x-h264, stream-format=(string)avc, alignment=(string)au, level=(string)4, profile=(string)baseline, codec_data=(buffer)01428028ffe1000a27428028e54028016b2001000528de01ae20
06-06 22:07:23.851  4906  5128 D GStreamer+qtdemux: 0:02:27.682480204 0xe900d290 qtdemux.c:7841:qtdemux_stbl_init:<q> n_samples_per_chunk 1
06-06 22:07:23.851  4906  5128 D GStreamer+qtdemux: 0:02:27.682506454 0xe900d290 qtdemux.c:7886:qtdemux_stbl_init:<q> allocating n_samples 361 * 32 (0.01 MB)
06-06 22:07:23.851  4906  5128 D GStreamer+qtdemux: 0:02:27.682536558 0xe900d290 qtdemux.c:8424:qtdemux_parse_segments:<q> looking for edit list container
06-06 22:07:23.851  4906  5128 D GStreamer+qtdemux: 0:02:27.682555777 0xe900d290 qtdemux.c:8436:qtdemux_parse_segments:<q> looking for edit list
06-06 22:07:23.852  4906  5128 D GStreamer+qtdemux: 0:02:27.682575047 0xe900d290 qtdemux.c:8531:qtdemux_parse_segments:<q> created segment 0 time 0:00:00.000000000, duration 0:00:00.311000000, media_start 99:99:99.999999999 (4294967295) , media_stop 99:99:99.999999999 stop_time 0:00:00.311000000 rate 1, (65536) timescale 3000
06-06 22:07:23.852  4906  5128 D GStreamer+qtdemux: 0:02:27.682632912 0xe900d290 qtdemux.c:8531:qtdemux_parse_segments:<q> created segment 1 time 0:00:00.311000000, duration 0:00:07.199000000, media_start 0:00:00.000000000 (0) , media_stop 0:00:07.199000000 stop_time 0:00:07.510000000 rate 1, (65536) timescale 3000
06-06 22:07:23.852  4906  5128 W GStreamer+qtdemux: 0:02:27.682681089 0xe900d290 qtdemux.c:8537:qtdemux_parse_segments:<q> Segment 1  extends to 0:00:07.510000000 past the end of the file duration 0:00:07.199000000 it will be truncated
06-06 22:07:23.852  4906  5128 D GStreamer+qtdemux: 0:02:27.682711558 0xe900d290 qtdemux.c:8541:qtdemux_parse_segments:<q> found 2 segments
06-06 22:07:23.852  4906  5128 D GStreamer+qtdemux: 0:02:27.682729735 0xe900d290 qtdemux.c:8583:qtdemux_parse_segments:<q> using 2 segments
06-06 22:07:23.852  4906  5128 D GStreamer+qtdemux: 0:02:27.682758068 0xe900d290 qtdemux.c:10755:qtdemux_parse_trak:<q> n_streams is now 1
06-06 22:07:23.852  4906  5128 D GStreamer+qtdemux: 0:02:27.682778433 0xe900d290 qtdemux.c:9060:qtdemux_parse_trak:<q> parse_trak
06-06 22:07:23.852  4906  5128 W GStreamer+qtdemux: 0:02:27.682796818 0xe900d290 qtdemux.c:2874:qtdemux_parse_trex:<q> failed to find fragment defaults for stream 2
06-06 22:07:23.852  4906  5128 D GStreamer+qtdemux: 0:02:27.682817027 0xe900d290 qtdemux_lang.c:200:qtdemux_lang_map_qt_code_to_iso mapped quicktime language code 0 to ISO 639-2T code 'eng'
06-06 22:07:23.852  4906  5128 D GStreamer+qtdemux: 0:02:27.682839943 0xe900d290 qtdemux.c:13066:qtdemux_audio_caps:<q> resolve fourcc 0x6d703461
06-06 22:07:23.853  4906  5128 D GStreamer+qtdemux: 0:02:27.683644214 0xe900d290 qtdemux.c:12406:gst_qtdemux_handle_esds:<q> version/flags = 00000000
06-06 22:07:23.853  4906  5128 D GStreamer+qtdemux: 0:02:27.683682183 0xe900d290 qtdemux.c:12410:gst_qtdemux_handle_esds:<q> tag = 03
06-06 22:07:23.853  4906  5128 D GStreamer+qtdemux: 0:02:27.683704735 0xe900d290 qtdemux.c:12413:gst_qtdemux_handle_esds:<q> len = 21
06-06 22:07:23.853  4906  5128 D GStreamer+qtdemux: 0:02:27.683723224 0xe900d290 qtdemux.c:12421:gst_qtdemux_handle_esds:<q> ID 0002
06-06 22:07:23.853  4906  5128 D GStreamer+qtdemux: 0:02:27.683740933 0xe900d290 qtdemux.c:12422:gst_qtdemux_handle_esds:<q> priority 0000
06-06 22:07:23.853  4906  5128 D GStreamer+qtdemux: 0:02:27.683759110 0xe900d290 qtdemux.c:12410:gst_qtdemux_handle_esds:<q> tag = 04
06-06 22:07:23.853  4906  5128 D GStreamer+qtdemux: 0:02:27.683848693 0xe900d290 qtdemux.c:12413:gst_qtdemux_handle_esds:<q> len = 13
06-06 22:07:23.853  4906  5128 D GStreamer+qtdemux: 0:02:27.683877652 0xe900d290 qtdemux.c:12431:gst_qtdemux_handle_esds:<q> object_type_id 6b
06-06 22:07:23.853  4906  5128 D GStreamer+qtdemux: 0:02:27.683897756 0xe900d290 qtdemux.c:12432:gst_qtdemux_handle_esds:<q> stream_type 15
06-06 22:07:23.853  4906  5128 D GStreamer+qtdemux: 0:02:27.683915829 0xe900d290 qtdemux.c:12433:gst_qtdemux_handle_esds:<q> buffer_size_db 00
06-06 22:07:23.853  4906  5128 D GStreamer+qtdemux: 0:02:27.683935464 0xe900d290 qtdemux.c:12434:gst_qtdemux_handle_esds:<q> max bitrate 48000
06-06 22:07:23.853  4906  5128 D GStreamer+qtdemux: 0:02:27.683954162 0xe900d290 qtdemux.c:12435:gst_qtdemux_handle_esds:<q> avg bitrate 48000
06-06 22:07:23.853  4906  5128 D GStreamer+qtdemux: 0:02:27.683981193 0xe900d290 qtdemux.c:12410:gst_qtdemux_handle_esds:<q> tag = 06
06-06 22:07:23.853  4906  5128 D GStreamer+qtdemux: 0:02:27.683999422 0xe900d290 qtdemux.c:12413:gst_qtdemux_handle_esds:<q> len = 1
06-06 22:07:23.853  4906  5128 D GStreamer+qtdemux: 0:02:27.684017287 0xe900d290 qtdemux.c:12488:gst_qtdemux_handle_esds:<q> data 02
06-06 22:07:23.853  4906  5128 I GStreamer+qtdemux: 0:02:27.684051610 0xe900d290 qtdemux.c:10617:qtdemux_parse_trak:<q> type mp4a caps audio/mpeg, mpegversion=(int)1, parsed=(boolean)true
06-06 22:07:23.853  4906  5128 D GStreamer+qtdemux: 0:02:27.684166349 0xe900d290 qtdemux.c:7841:qtdemux_stbl_init:<q> n_samples_per_chunk 1
06-06 22:07:23.853  4906  5128 D GStreamer+qtdemux: 0:02:27.684188485 0xe900d290 qtdemux.c:7886:qtdemux_stbl_init:<q> allocating n_samples 299 * 32 (0.01 MB)
06-06 22:07:23.853  4906  5128 D GStreamer+qtdemux: 0:02:27.684215672 0xe900d290 qtdemux.c:8424:qtdemux_parse_segments:<q> looking for edit list container
06-06 22:07:23.853  4906  5128 D GStreamer+qtdemux: 0:02:27.684235047 0xe900d290 qtdemux.c:8579:qtdemux_parse_segments:<q> created dummy segment 0:00:07.176000000
06-06 22:07:23.853  4906  5128 D GStreamer+qtdemux: 0:02:27.684259735 0xe900d290 qtdemux.c:8583:qtdemux_parse_segments:<q> using 1 segments
06-06 22:07:23.853  4906  5128 D GStreamer+qtdemux: 0:02:27.684285568 0xe900d290 qtdemux.c:10755:qtdemux_parse_trak:<q> n_streams is now 2
06-06 22:07:23.853  4906  5128 D GStreamer+GST_MEMORY: 0:02:27.684319474 0xe900d290 gstmemory.c:87:_gst_memory_free free memory 0xe9350510
06-06 22:07:23.853  4906  5128 D GStreamer+basesrc: 0:02:27.684354839 0xe900d290 gstbasesrc.c:2354:gst_base_src_update_length:<filesrc1> reading offset 15003229, length 16, size 15003960, segment.stop -1, maxsize 15003960
06-06 22:07:23.853  4906  5128 D GStreamer+basesrc: 0:02:27.684387912 0xe900d290 gstbasesrc.c:2455:gst_base_src_get_range:<filesrc1> calling create offset 15003229 length 16, time 0
06-06 22:07:23.853  4906  5128 D GStreamer+GST_MEMORY: 0:02:27.684414058 0xe900d290 gstmemory.c:138:gst_memory_init new memory 0xe93d3028, maxsize:19 offset:0 size:16
06-06 22:07:23.853  4906  5128 D GStreamer+basesrc: 0:02:27.684462443 0xe900d290 gstbasesrc.c:2309:gst_base_src_do_sync:<filesrc1> we have no clock
06-06 22:07:23.853  4906  5128 D GStreamer+basesrc: 0:02:27.684482704 0xe900d290 gstbasesrc.c:2519:gst_base_src_get_range:<filesrc1> buffer ok
06-06 22:07:23.853  4906  5128 D GStreamer+qtdemux: 0:02:27.684501610 0xe900d290 qtdemux.c:2766:extract_initial_length_and_fourcc length 0x000002db
06-06 22:07:23.853  4906  5128 D GStreamer+qtdemux: 0:02:27.684519631 0xe900d290 qtdemux.c:2768:extract_initial_length_and_fourcc atom type uuid
06-06 22:07:23.853  4906  5128 D GStreamer+GST_MEMORY: 0:02:27.684539162 0xe900d290 gstmemory.c:87:_gst_memory_free free memory 0xe93d3028
06-06 22:07:23.853  4906  5128 D GStreamer+basesrc: 0:02:27.684558433 0xe900d290 gstbasesrc.c:2354:gst_base_src_update_length:<filesrc1> reading offset 15003229, length 731, size 15003960, segment.stop -1, maxsize 15003960
06-06 22:07:23.854  4906  5128 D GStreamer+basesrc: 0:02:27.684643745 0xe900d290 gstbasesrc.c:2455:gst_base_src_get_range:<filesrc1> calling create offset 15003229 length 731, time 0
06-06 22:07:23.854  4906  5128 D GStreamer+GST_MEMORY: 0:02:27.684683902 0xe900d290 gstmemory.c:138:gst_memory_init new memory 0xe9422000, maxsize:734 offset:0 size:731
06-06 22:07:23.854  4906  5128 D GStreamer+basesrc: 0:02:27.684722495 0xe900d290 gstbasesrc.c:2309:gst_base_src_do_sync:<filesrc1> we have no clock
06-06 22:07:23.854  4906  5128 D GStreamer+basesrc: 0:02:27.684742547 0xe900d290 gstbasesrc.c:2519:gst_base_src_get_range:<filesrc1> buffer ok
06-06 22:07:23.854  4906  5128 D GStreamer+GST_MEMORY: 0:02:27.684766454 0xe900d290 gstmemory.c:138:gst_memory_init new memory 0xe918d680, maxsize:707 offset:0 size:707
06-06 22:07:23.854  4906  5128 I GStreamer+xmp-tags: 0:02:27.684913954 0xe900d290 gstxmptag.c:1244:gst_tag_list_from_xmp_buffer xmp header okay
06-06 22:07:23.854  4906  5128 I GStreamer+xmp-tags: 0:02:27.684939735 0xe900d290 gstxmptag.c:1280:gst_tag_list_from_xmp_buffer xml: x:xmpmeta xmlns:x="adobe:ns:meta/" x:xmptk="GStreamer"
06-06 22:07:23.854  4906  5128 I GStreamer+xmp-tags: 0:02:27.684961818 0xe900d290 gstxmptag.c:1304:gst_tag_list_from_xmp_buffer    : [xmlns:x][adobe:ns:meta/]
06-06 22:07:23.854  4906  5128 I GStreamer+xmp-tags: 0:02:27.685397391 0xe900d290 gstxmptag.c:1304:gst_tag_list_from_xmp_buffer    : [x:xmptk][GStreamer]
06-06 22:07:23.854  4906  5128 I GStreamer+xmp-tags: 0:02:27.685458120 0xe900d290 gstxmptag.c:1280:gst_tag_list_from_xmp_buffer xml: rdf:RDF xmlns:rdf="http://www.w3.org/1999/02/22-rdf-syntax-ns#" xmlns:dc="http://purl.org/dc/elements/1.1/" xmlns:exif="http://ns.adobe.com/exif/1.0/" xmlns:tiff="http://ns.adobe.com/tiff/1.0/" xmlns:xap="http://ns.adobe.com/xap/1.0/" xmlns:photoshop="http://ns.adobe.com/photoshop/1.0/" xmlns:Iptc4xmpCore="http://iptc.org/std/Iptc4xmpCore/1.0/xmlns/" xmlns:Iptc4xmpExt="http://iptc.org/std/Iptc4xmpExt/2008-02-29/" xmlns:LocationDetails="http://iptc.org/std/Iptc4xmpExt/2008-02-29/LocationDetails/"
06-06 22:07:23.854  4906  5128 I GStreamer+xmp-tags: 0:02:27.685483433 0xe900d290 gstxmptag.c:1304:gst_tag_list_from_xmp_buffer    : [xmlns:rdf][http://www.w3.org/1999/02/22-rdf-syntax-ns#]
06-06 22:07:23.854  4906  5128 I GStreamer+xmp-tags: 0:02:27.685503381 0xe900d290 gstxmptag.c:1304:gst_tag_list_from_xmp_buffer    : [xmlns:dc][http://purl.org/dc/elements/1.1/]
06-06 22:07:23.854  4906  5128 I GStreamer+xmp-tags: 0:02:27.685522495 0xe900d290 gstxmptag.c:1304:gst_tag_list_from_xmp_buffer    : [xmlns:exif][http://ns.adobe.com/exif/1.0/]
06-06 22:07:23.854  4906  5128 I GStreamer+xmp-tags: 0:02:27.685540829 0xe900d290 gstxmptag.c:1304:gst_tag_list_from_xmp_buffer    : [xmlns:tiff][http://ns.adobe.com/tiff/1.0/]
06-06 22:07:23.854  4906  5128 I GStreamer+xmp-tags: 0:02:27.685558954 0xe900d290 gstxmptag.c:1304:gst_tag_list_from_xmp_buffer    : [xmlns:xap][http://ns.adobe.com/xap/1.0/]
06-06 22:07:23.855  4906  5128 I GStreamer+xmp-tags: 0:02:27.685578172 0xe900d290 gstxmptag.c:1304:gst_tag_list_from_xmp_buffer    : [xmlns:photoshop][http://ns.adobe.com/photoshop/1.0/]
06-06 22:07:23.855  4906  5128 I GStreamer+xmp-tags: 0:02:27.685597131 0xe900d290 gstxmptag.c:1304:gst_tag_list_from_xmp_buffer    : [xmlns:Iptc4xmpCore][http://iptc.org/std/Iptc4xmpCore/1.0/xmlns/]
06-06 22:07:23.855  4906  5128 I GStreamer+xmp-tags: 0:02:27.685616193 0xe900d290 gstxmptag.c:1304:gst_tag_list_from_xmp_buffer    : [xmlns:Iptc4xmpExt][http://iptc.org/std/Iptc4xmpExt/2008-02-29/]
06-06 22:07:23.855  4906  5128 I GStreamer+xmp-tags: 0:02:27.685639891 0xe900d290 gstxmptag.c:1304:gst_tag_list_from_xmp_buffer    : [xmlns:LocationDetails][http://iptc.org/std/Iptc4xmpExt/2008-02-29/LocationDetails/]
06-06 22:07:23.855  4906  5128 I GStreamer+xmp-tags: 0:02:27.685660933 0xe900d290 gstxmptag.c:1280:gst_tag_list_from_xmp_buffer xml: rdf:Description rdf:about=""
06-06 22:07:23.855  4906  5128 I GStreamer+xmp-tags: 0:02:27.685678485 0xe900d290 gstxmptag.c:1304:gst_tag_list_from_xmp_buffer    : [rdf:about][]
06-06 22:07:23.855  4906  5128 I GStreamer+xmp-tags: 0:02:27.685700308 0xe900d290 gstxmptag.c:1280:gst_tag_list_from_xmp_buffer xml: /rdf:Description
06-06 22:07:23.855  4906  5128 I GStreamer+xmp-tags: 0:02:27.685719474 0xe900d290 gstxmptag.c:1280:gst_tag_list_from_xmp_buffer xml: /rdf:RDF
06-06 22:07:23.855  4906  5128 I GStreamer+xmp-tags: 0:02:27.685739891 0xe900d290 gstxmptag.c:1280:gst_tag_list_from_xmp_buffer xml: /x:xmpmeta
06-06 22:07:23.855  4906  5128 D GStreamer+xmp-tags: 0:02:27.685759110 0xe900d290 gstxmptag.c:1464:gst_tag_list_from_xmp_buffer Done accumulating tags, now handling them
06-06 22:07:23.855  4906  5128 I GStreamer+xmp-tags: 0:02:27.685774943 0xe900d290 gstxmptag.c:1477:gst_tag_list_from_xmp_buffer xmp packet parsed, 0 entries
06-06 22:07:23.855  4906  5128 D GStreamer+GST_MEMORY: 0:02:27.685794162 0xe900d290 gstmemory.c:87:_gst_memory_free free memory 0xe918d680
06-06 22:07:23.855  4906  5128 D GStreamer+qtdemux: 0:02:27.685815672 0xe900d290 qtdemux.c:2495:qtdemux_handle_xmp_taglist:<q> Found XMP tags taglist;
06-06 22:07:23.855  4906  5128 D GStreamer+GST_MEMORY: 0:02:27.685843693 0xe900d290 gstmemory.c:87:_gst_memory_free free memory 0xe9422000
06-06 22:07:23.855  4906  5128 D GStreamer+basesrc: 0:02:27.685867183 0xe900d290 gstbasesrc.c:2354:gst_base_src_update_length:<filesrc1> reading offset 15003960, length 16, size 15003960, segment.stop -1, maxsize 15003960
06-06 22:07:23.855  4906  5128 W GStreamer+basesrc: 0:02:27.685901610 0xe900d290 gstbasesrc.c:2395:gst_base_src_update_length:<filesrc1> processing at or past EOS
06-06 22:07:23.855  4906  5128 D GStreamer+basesrc: 0:02:27.685920516 0xe900d290 gstbasesrc.c:2592:gst_base_src_get_range:<filesrc1> unexpected length 16 (offset=15003960, size=15003960)
06-06 22:07:23.855  4906  5128 I GStreamer+GST_SCHEDULING: 0:02:27.685956454 0xe900d290 gstpad.c:4764:gst_pad_get_range_unchecked:<filesrc1:src> getrange failed, flow: eos
06-06 22:07:23.855  4906  5128 I GStreamer+GST_SCHEDULING: 0:02:27.685982391 0xe900d290 gstpad.c:4979:gst_pad_pull_range:<q:sink> pullrange failed, flow: eos
06-06 22:07:23.855  4906  5128 D GStreamer+qtdemux: 0:02:27.686004891 0xe900d290 qtdemux.c:10926:qtdemux_prepare_streams:<q> prepare streams
06-06 22:07:23.855  4906  5128 D GStreamer+qtdemux: 0:02:27.686022860 0xe900d290 qtdemux.c:10933:qtdemux_prepare_streams:<q> stream 0, id 1, fourcc avc1
06-06 22:07:23.855  4906  5128 D GStreamer+qtdemux: 0:02:27.686199735 0xe900d290 qtdemux.c:8014:qtdemux_parse_samples:<q> parsing up to sample 0
06-06 22:07:23.855  4906  5128 D GStreamer+qtdemux: 0:02:27.686229006 0xe900d290 qtdemux.c:8221:qtdemux_parse_samples:<q> sample 0: index 0, timestamp 0:00:00.000000000
06-06 22:07:23.855  4906  5128 D GStreamer+qtdemux: 0:02:27.686254995 0xe900d290 qtdemux.c:8276:qtdemux_parse_samples:<q> samples at 0 is keyframe
06-06 22:07:23.855  4906  5128 D GStreamer+qtdemux: 0:02:27.686274214 0xe900d290 qtdemux.c:10933:qtdemux_prepare_streams:<q> stream 1, id 2, fourcc mp4a
06-06 22:07:23.855  4906  5128 D GStreamer+qtdemux: 0:02:27.686301089 0xe900d290 qtdemux.c:8014:qtdemux_parse_samples:<q> parsing up to sample 0
06-06 22:07:23.855  4906  5128 D GStreamer+qtdemux: 0:02:27.686322860 0xe900d290 qtdemux.c:8221:qtdemux_parse_samples:<q> sample 0: index 0, timestamp 0:00:00.000000000
06-06 22:07:23.855  4906  5128 D GStreamer+qtdemux: 0:02:27.686354422 0xe900d290 qtdemux.c:8321:qtdemux_parse_samples:<q> setting all keyframes
06-06 22:07:23.855  4906  5128 D GStreamer+qtdemux: 0:02:27.686372339 0xe900d290 qtdemux.c:10985:qtdemux_expose_streams:<q> exposing streams
06-06 22:07:23.855  4906  5128 D GStreamer+qtdemux: 0:02:27.686391818 0xe900d290 qtdemux.c:10993:qtdemux_expose_streams:<q> stream 0, id 1, fourcc avc1
06-06 22:07:23.857  4906  5128 D GStreamer+qtdemux: 0:02:27.686504162 0xe900d290 qtdemux.c:7367:gst_qtdemux_configure_stream:<q> Calculating framerate, timescale 3000 gave fps_n 151 fps_d 3
06-06 22:07:23.857  4906  5128 D GStreamer+qtdemux: 0:02:27.687717443 0xe900d290 qtdemux.c:7387:gst_qtdemux_configure_stream:<q> video size 1280x1440, target display size 1280x1440
06-06 22:07:23.857  4906  5128 D GStreamer+qtdemux: 0:02:27.687755308 0xe900d290 qtdemux.c:7402:gst_qtdemux_configure_stream:<q> setting PAR to 1/1
06-06 22:07:23.857  4906  5128 D GStreamer+GST_PADS: 0:02:27.687781766 0xe900d290 gstpad.c:1849:gst_pad_set_event_function_full:<'':video_0> eventfunc for set to 0xd10ad841
06-06 22:07:23.857  4906  5128 D GStreamer+GST_PADS: 0:02:27.687804995 0xe900d290 gstpad.c:1929:gst_pad_set_query_function_full:<'':video_0> queryfunc set to 0xd10ad2b1
06-06 22:07:23.857  4906  5128 D GStreamer+GST_PADS: 0:02:27.687827495 0xe900d290 gstpad.c:1063:gst_pad_set_active:<'':video_0> activating pad from none
06-06 22:07:23.857  4906  5128 D GStreamer+GST_PADS: 0:02:27.687847027 0xe900d290 gstpad.c:979:pre_activate:<'':video_0> setting pad into push mode, unset flushing
06-06 22:07:23.857  4906  5128 D GStreamer+GST_PADS: 0:02:27.687867235 0xe900d290 gstpad.c:1188:activate_mode_internal:<'':video_0> activated in push mode
06-06 22:07:23.857  4906  5128 D GStreamer+qtdemux: 0:02:27.687887495 0xe900d290 qtdemux.c:7466:gst_qtdemux_configure_stream:<q> setting caps video/x-h264, stream-format=(string)avc, alignment=(string)au, level=(string)4, profile=(string)baseline, codec_data=(buffer)01428028ffe1000a27428028e54028016b2001000528de01ae20, width=(int)1280, height=(int)1440, framerate=(fraction)151/3, pixel-aspect-ratio=(fraction)1/1
06-06 22:07:23.857  4906  5128 I GStreamer+GST_ELEMENT_PADS: 0:02:27.687962912 0xe900d290 gstelement.c:909:gst_element_get_static_pad found pad q:sink
06-06 22:07:23.857  4906  5128 D GStreamer+query: 0:02:27.687987027 0xe900d290 gstquery.c:674:gst_query_new_custom creating new query 0xe915d950 uri
06-06 22:07:23.857  4906  5128 D GStreamer+GST_ELEMENT_PADS: 0:02:27.688007027 0xe900d290 gstelement.c:1700:gst_element_query send query on element q
06-06 22:07:23.857  4906  5128 D GStreamer+GST_ELEMENT_PADS: 0:02:27.688028902 0xe900d290 gstelement.c:1484:gst_element_get_random_pad getting a random pad
06-06 22:07:23.857  4906  5128 D GStreamer+GST_ELEMENT_PADS: 0:02:27.688044683 0xe900d290 gstelement.c:1484:gst_element_get_random_pad getting a random pad
06-06 22:07:23.857  4906  5128 D GStreamer+GST_ELEMENT_PADS: 0:02:27.688062183 0xe900d290 gstelement.c:1503:gst_element_get_random_pad checking pad q:sink
06-06 22:07:23.857  4906  5128 D GStreamer+GST_ELEMENT_PADS: 0:02:27.688080829 0xe900d290 gstelement.c:1515:gst_element_get_random_pad found pad q:sink
06-06 22:07:23.857  4906  5128 D GStreamer+GST_PADS: 0:02:27.688104422 0xe900d290 gstpad.c:3922:gst_pad_query:<filesrc1:src> doing query 0xe915d950 (uri)
06-06 22:07:23.857  4906  5128 D GStreamer+basesrc: 0:02:27.688134214 0xe900d290 gstbasesrc.c:1295:gst_base_src_default_query:<filesrc1> query uri returns 1
06-06 22:07:23.857  4906  5128 D GStreamer+GST_PADS: 0:02:27.688156089 0xe900d290 gstpad.c:3945:gst_pad_query:<filesrc1:src> sent query 0xe915d950 (uri), result 1
06-06 22:07:23.857  4906  5128 D GStreamer+GST_EVENT: 0:02:27.688200152 0xe900d290 gstevent.c:302:gst_event_new_custom creating new event 0xe9191670 stream-start 10254
06-06 22:07:23.857  4906  5128 D GStreamer+GST_PADS: 0:02:27.688238954 0xe900d290 gstpad.c:3853:check_sticky:<'':video_0> pushing all sticky events
06-06 22:07:23.857  4906  5128 D GStreamer+GST_PADS: 0:02:27.688258485 0xe900d290 gstpad.c:5306:gst_pad_push_event_unchecked:<'':video_0> Dropping event stream-start because pad is not linked
06-06 22:07:23.857  4906  5128 D GStreamer+GST_PADS: 0:02:27.688282079 0xe900d290 gstpad.c:3824:push_sticky:<'':video_0> pad was not linked, mark pending
06-06 22:07:23.857  4906  5128 I GStreamer+GST_EVENT: 0:02:27.688304735 0xe900d290 gstevent.c:679:gst_event_new_caps creating caps event video/x-h264, stream-format=(string)avc, alignment=(string)au, level=(string)4, profile=(string)baseline, codec_data=(buffer)01428028ffe1000a27428028e54028016b2001000528de01ae20, width=(int)1280, height=(int)1440, framerate=(fraction)151/3, pixel-aspect-ratio=(fraction)1/1
06-06 22:07:23.857  4906  5128 D GStreamer+GST_EVENT: 0:02:27.688370047 0xe900d290 gstevent.c:302:gst_event_new_custom creating new event 0xe91916b8 caps 12814
06-06 22:07:23.857  4906  5128 D GStreamer+GST_PADS: 0:02:27.688394579 0xe900d290 gstpad.c:5093:store_sticky_event:<'':video_0> notify caps
06-06 22:07:23.857  4906  5128 D GStreamer+GST_PADS: 0:02:27.688435672 0xe900d290 gstpad.c:3853:check_sticky:<'':video_0> pushing all sticky events
06-06 22:07:23.857  4906  5128 D GStreamer+GST_PADS: 0:02:27.688459943 0xe900d290 gstpad.c:3785:push_sticky:<'':video_0> event stream-start was already received
06-06 22:07:23.857  4906  5128 D GStreamer+GST_PADS: 0:02:27.688481818 0xe900d290 gstpad.c:5306:gst_pad_push_event_unchecked:<'':video_0> Dropping event caps because pad is not linked
06-06 22:07:23.857  4906  5128 D GStreamer+GST_PADS: 0:02:27.688507547 0xe900d290 gstpad.c:3824:push_sticky:<'':video_0> pad was not linked, mark pending
06-06 22:07:23.857  4906  5128 D GStreamer+qtdemux: 0:02:27.688526766 0xe900d290 qtdemux.c:7582:gst_qtdemux_add_stream:<q> adding pad video_0 0xe901e178 to qtdemux 0xe9232018
06-06 22:07:23.857  4906  5128 I GStreamer+GST_ELEMENT_PADS: 0:02:27.688555204 0xe900d290 gstelement.c:661:gst_element_add_pad:<q> adding pad 'video_0'
06-06 22:07:23.858  4906  5128 D GStreamer+GST_REFCOUNTING: 0:02:27.688580047 0xe900d290 gstobject.c:700:gst_object_set_parent:<'':video_0> set parent (ref and sink)
06-06 22:07:23.858  4906  5128 I GStreamer+GST_PIPELINE: 0:02:27.688632235 0xe900d290 ./grammar.y:518:gst_parse_found_pad trying delayed linking pad  video_0 of GstQTDemux named q to some pad of GstQueue named queue2
06-06 22:07:23.858  4906  5128 I GStreamer+GST_ELEMENT_PADS: 0:02:27.688670152 0xe900d290 gstutils.c:1605:gst_element_link_pads_full trying to link element q:video_0 to element queue2:(any)
06-06 22:07:23.858  4906  5128 I GStreamer+GST_ELEMENT_PADS: 0:02:27.688699318 0xe900d290 gstelement.c:909:gst_element_get_static_pad found pad q:video_0
06-06 22:07:23.858  4906  5128 D GStreamer+GST_ELEMENT_PADS: 0:02:27.688719787 0xe900d290 gstutils.c:1712:gst_element_link_pads_full looping through allowed src and dest pads
06-06 22:07:23.858  4906  5128 D GStreamer+GST_ELEMENT_PADS: 0:02:27.688735881 0xe900d290 gstutils.c:1715:gst_element_link_pads_full trying src pad q:video_0
06-06 22:07:23.858  4906  5128 D GStreamer+GST_ELEMENT_PADS: 0:02:27.688757287 0xe900d290 gstutils.c:1002:gst_element_get_compatible_pad finding pad in queue2 compatible with q:video_0
06-06 22:07:23.858  4906  5128 I GStreamer+GST_PADS: 0:02:27.688784527 0xe900d290 gstutils.c:932:gst_pad_check_link trying to link q:video_0 and queue2:sink
06-06 22:07:23.858  4906  5128 D GStreamer+GST_CAPS: 0:02:27.688806558 0xe900d290 gstutils.c:2872:gst_pad_query_caps:<q:video_0> get pad caps with filter (NULL)
06-06 22:07:23.858  4906  5128 D GStreamer+query: 0:02:27.688832704 0xe900d290 gstquery.c:674:gst_query_new_custom creating new query 0xe915d920 caps
06-06 22:07:23.858  4906  5128 D GStreamer+GST_PADS: 0:02:27.688859110 0xe900d290 gstpad.c:3922:gst_pad_query:<q:video_0> doing query 0xe915d920 (caps)
06-06 22:07:23.858  4906  5128 D GStreamer+GST_CAPS: 0:02:27.688887599 0xe900d290 gstpad.c:3112:gst_pad_query_caps_default:<q:video_0> query caps caps query: 0xe915d920, GstQueryCaps, filter=(GstCaps)"NULL", caps=(GstCaps)"NULL";
06-06 22:07:23.858  4906  5128 D GStreamer+GST_CAPS: 0:02:27.688939266 0xe900d290 gstpad.c:3129:gst_pad_query_caps_default:<q:video_0> fixed pad caps: trying pad caps
06-06 22:07:23.858  4906  5128 D GStreamer+GST_CAPS: 0:02:27.688961870 0xe900d290 gstpad.c:3165:gst_pad_query_caps_default:<q:video_0> using caps 0xe952e9b8 video/x-h264, stream-format=(string)avc, alignment=(string)au, level=(string)4, profile=(string)baseline, codec_data=(buffer)01428028ffe1000a27428028e54028016b2001000528de01ae20, width=(int)1280, height=(int)1440, framerate=(fraction)151/3, pixel-aspect-ratio=(fraction)1/1
06-06 22:07:23.858  4906  5128 D GStreamer+GST_PADS: 0:02:27.689189995 0xe900d290 gstpad.c:3367:gst_pad_query_default:<q:video_0> not forwarding 0xe915d920 (caps) query
06-06 22:07:23.858  4906  5128 D GStreamer+GST_PADS: 0:02:27.689220777 0xe900d290 gstpad.c:3945:gst_pad_query:<q:video_0> sent query 0xe915d920 (caps), result 1
06-06 22:07:23.858  4906  5128 D GStreamer+GST_CAPS: 0:02:27.689253172 0xe900d290 gstutils.c:2879:gst_pad_query_caps:<q:video_0> query returned video/x-h264, stream-format=(string)avc, alignment=(string)au, level=(string)4, profile=(string)baseline, codec_data=(buffer)01428028ffe1000a27428028e54028016b2001000528de01ae20, width=(int)1280, height=(int)1440, framerate=(fraction)151/3, pixel-aspect-ratio=(fraction)1/1
06-06 22:07:23.858  4906  5128 D GStreamer+GST_CAPS: 0:02:27.689326662 0xe900d290 gstutils.c:2872:gst_pad_query_caps:<queue2:sink> get pad caps with filter (NULL)
06-06 22:07:23.858  4906  5128 D GStreamer+query: 0:02:27.689352704 0xe900d290 gstquery.c:674:gst_query_new_custom creating new query 0xe915d8f0 caps
06-06 22:07:23.858  4906  5128 D GStreamer+GST_PADS: 0:02:27.689374474 0xe900d290 gstpad.c:3922:gst_pad_query:<queue2:sink> doing query 0xe915d8f0 (caps)
06-06 22:07:23.858  4906  5128 D GStreamer+GST_CAPS: 0:02:27.689401037 0xe900d290 gstpad.c:3112:gst_pad_query_caps_default:<queue2:sink> query caps caps query: 0xe915d8f0, GstQueryCaps, filter=(GstCaps)"NULL", caps=(GstCaps)"NULL";
06-06 22:07:23.858  4906  5128 D GStreamer+GST_PADS: 0:02:27.689455152 0xe900d290 gstutils.c:2633:gst_pad_proxy_query_caps:<queue2:sink> proxying caps query for queue2:sink
06-06 22:07:23.858  4906  5128 D GStreamer+GST_PADS: 0:02:27.689482287 0xe900d290 gstpad.c:2827:gst_pad_iterate_internal_links_default:<queue2:sink> Making iterator
06-06 22:07:23.858  4906  5128 D GStreamer+GST_PADS: 0:02:27.689504214 0xe900d290 gstpad.c:4049:gst_pad_peer_query:<queue2:src> peer query 0xe915d8f0 (caps)
06-06 22:07:23.858  4906  5128 D GStreamer+GST_PADS: 0:02:27.689536245 0xe900d290 gstpad.c:3922:gst_pad_query:<forhwgl:sink> doing query 0xe915d8f0 (caps)
06-06 22:07:23.859  4906  5128 D GStreamer+GST_CAPS: 0:02:27.689565204 0xe900d290 gstpad.c:3112:gst_pad_query_caps_default:<forhwgl:sink> query caps caps query: 0xe915d8f0, GstQueryCaps, filter=(GstCaps)"NULL", caps=(GstCaps)"NULL";
06-06 22:07:23.859  4906  5128 D GStreamer+GST_PADS: 0:02:27.689605099 0xe900d290 gstutils.c:2633:gst_pad_proxy_query_caps:<forhwgl:sink> proxying caps query for forhwgl:sink
06-06 22:07:23.859  4906  5128 D GStreamer+GST_PADS: 0:02:27.689635777 0xe900d290 gstpad.c:4049:gst_pad_peer_query:<sink:proxypad3> peer query 0xe915d8f0 (caps)
