06-06 22:07:27.108  4906  4906 D GStreamer+GST_STATES: 0:02:30.938602963 0xe8df3e00 gstelement.c:2686:gst_element_change_state:<pipeline1> element changed state SUCCESS
06-06 22:07:27.108  4906  4906 I GStreamer+GST_STATES: 0:02:30.938619629 0xe8df3e00 gstelement.c:2349:gst_element_continue_state:<pipeline1> committing state from NULL to READY, pending PAUSED, next PAUSED
06-06 22:07:27.108  4906  4906 I GStreamer+GST_STATES: 0:02:30.938640359 0xe8df3e00 gstelement.c:2279:_priv_gst_element_state_changed:<pipeline1> notifying about state-changed NULL to READY (PAUSED pending)
06-06 22:07:27.108  4906  4906 D GStreamer+GST_BUS: 0:02:30.938664577 0xe8df3e00 gstbus.c:309:gst_bus_post:<bus9> [msg 0xe9568070] posting on bus state-changed message: 0xe9568070, time 99:99:99.999999999, seq-num 796, element 'pipeline1', GstMessageStateChanged, old-state=(GstState)GST_STATE_NULL, new-state=(GstState)GST_STATE_READY, pending-state=(GstState)GST_STATE_PAUSED;
06-06 22:07:27.108  4906  4906 D GStreamer+GST_BUS: 0:02:30.938711713 0xe8df3e00 gstbus.c:348:gst_bus_post:<bus9> [msg 0xe9568070] pushing on async queue
06-06 22:07:27.108  4906  4906 D GStreamer+GST_BUS: 0:02:30.938736036 0xe8df3e00 gstbus.c:351:gst_bus_post:<bus9> [msg 0xe9568070] pushed on async queue
06-06 22:07:27.108  4906  5116 D GStreamer+GST_BUS: 0:02:30.938748327 0xe93d1d00 gstbus.c:521:gst_bus_timed_pop_filtered:<bus9> got message 0xe9568070, state-changed from pipeline1, type mask is 4294967295
06-06 22:07:27.108  4906  4906 I GStreamer+GST_STATES: 0:02:30.938755932 0xe8df3e00 gstelement.c:2356:gst_element_continue_state:<pipeline1> continue state change READY to PAUSED, final PAUSED
06-06 22:07:27.108  4906  4906 D GStreamer+pipeline: 0:02:30.938783848 0xe8df3e00 gstpipeline.c:305:reset_start_time:<pipeline1> reset start_time to 0
06-06 22:07:27.108  4906  4906 D GStreamer+GST_STATES: 0:02:30.938804629 0xe8df3e00 gstbin.c:2792:gst_bin_change_state_func:<pipeline1> changing state of children from READY to PAUSED
06-06 22:07:27.108  4906  5116 D GStreamer+GST_BUS: 0:02:30.938782077 0xe93d1d00 gstbus.c:789:gst_bus_source_dispatch:<bus9> source 0xe95618d8 calling dispatch with state-changed message: 0xe9568070, time 99:99:99.999999999, seq-num 796, element 'pipeline1', GstMessageStateChanged, old-state=(GstState)GST_STATE_NULL, new-state=(GstState)GST_STATE_READY, pending-state=(GstState)GST_STATE_PAUSED;
06-06 22:07:27.108  4906  4906 D GStreamer+bin: 0:02:30.938833588 0xe8df3e00 gstbin.c:2816:gst_bin_change_state_func:<pipeline1> clearing EOS elements
06-06 22:07:27.108  4906  4906 D GStreamer+bin: 0:02:30.938851348 0xe8df3e00 gstbin.c:2637:gst_bin_src_pads_activate:<pipeline1> activate pads
06-06 22:07:27.108  4906  4906 D GStreamer+bin: 0:02:30.938873223 0xe8df3e00 gstbin.c:2645:gst_bin_src_pads_activate:<pipeline1> pad activation successful
06-06 22:07:27.108  4906  5116 I System.out: Gst setMessage (0) State changed (0) to READY
06-06 22:07:27.108  4906  4906 D GStreamer+bin: 0:02:30.938894057 0xe8df3e00 gstbin.c:2323:gst_bin_sort_iterator_resync:<pipeline1> resync
06-06 22:07:27.108  4906  5116 D GStreamer+GST_BUS: 0:02:30.938906452 0xe93d1d00 gstbus.c:794:gst_bus_source_dispatch:<bus9> source 0xe95618d8 handler returns 1
06-06 22:07:27.108  4906  4906 D GStreamer+bin: 0:02:30.938913536 0xe8df3e00 gstbin.c:2109:add_to_queue:<pipeline1> adding 'autoaudiosink0' to queue
06-06 22:07:27.108  4906  4906 D GStreamer+bin: 0:02:30.938938379 0xe8df3e00 gstbin.c:2109:add_to_queue:<pipeline1> adding 'glimagesinkbin1' to queue
06-06 22:07:27.108  4906  4906 D GStreamer+bin: 0:02:30.938961973 0xe8df3e00 gstbin.c:911:find_message:<pipeline1> no message found matching types 00001000
06-06 22:07:27.108  4906  4906 D GStreamer+bin: 0:02:30.938982598 0xe8df3e00 gstbin.c:918:find_message:<pipeline1>   structure-change
06-06 22:07:27.108  4906  4906 D GStreamer+bin: 0:02:30.939002650 0xe8df3e00 gstbin.c:2226:update_degree:<pipeline1> change element queue5, degree 0->1, linked to autoaudiosink0
06-06 22:07:27.108  4906  4906 D GStreamer+bin: 0:02:30.939025932 0xe8df3e00 gstbin.c:911:find_message:<pipeline1> no message found matching types 00001000
06-06 22:07:27.108  4906  4906 D GStreamer+bin: 0:02:30.939043848 0xe8df3e00 gstbin.c:918:find_message:<pipeline1>   structure-change
06-06 22:07:27.108  4906  4906 D GStreamer+bin: 0:02:30.939063171 0xe8df3e00 gstbin.c:2249:update_degree:<pipeline1> element queue5 not linked on any sinkpads
06-06 22:07:27.108  4906  4906 D GStreamer+bin: 0:02:30.939081609 0xe8df3e00 gstbin.c:911:find_message:<pipeline1> no message found matching types 00001000
06-06 22:07:27.113  4906  4906 D GStreamer+bin: 0:02:30.943598119 0xe8df3e00 gstbin.c:2226:update_degree:<glimagesinkbin1> change element gluploadelement1, degree 1->0, linked to glcolorconvertelement1
06-06 22:07:27.113  4906  4906 D GStreamer+bin: 0:02:30.943623275 0xe8df3e00 gstbin.c:2109:add_to_queue:<glimagesinkbin1> adding 'gluploadelement1' to queue
06-06 22:07:27.113  4906  4906 I GStreamer+GST_STATES: 0:02:30.943644109 0xe8df3e00 gstbin.c:2444:gst_bin_element_set_state:<glcolorconvertelement1> current READY pending VOID_PENDING, desired next PAUSED
06-06 22:07:27.113  4906  4906 D GStreamer+bin: 0:02:30.943665932 0xe8df3e00 gstbin.c:911:find_message:<glimagesinkbin1> no message found matching types 00100000
06-06 22:07:27.113  4906  4906 D GStreamer+bin: 0:02:30.943685307 0xe8df3e00 gstbin.c:918:find_message:<glimagesinkbin1>   async-start
06-06 22:07:27.113  4906  4906 D GStreamer+bin: 0:02:30.943703432 0xe8df3e00 gstbin.c:2539:gst_bin_element_set_state:<glimagesinkbin1> setting element glcolorconvertelement1 to PAUSED, base_time 0:00:00.000000000
06-06 22:07:27.113  4906  4906 D GStreamer+GST_STATES: 0:02:30.943727442 0xe8df3e00 gstelement.c:2525:gst_element_set_state_func:<glcolorconvertelement1> set_state to PAUSED
06-06 22:07:27.113  4906  4906 D GStreamer+GST_STATES: 0:02:30.943745463 0xe8df3e00 gstelement.c:2550:gst_element_set_state_func:<glcolorconvertelement1> setting target state to PAUSED
06-06 22:07:27.113  4906  4906 D GStreamer+GST_STATES: 0:02:30.943763015 0xe8df3e00 gstelement.c:2563:gst_element_set_state_func:<glcolorconvertelement1> current READY, old_pending VOID_PENDING, next VOID_PENDING, old return SUCCESS
06-06 22:07:27.113  4906  4906 D GStreamer+GST_STATES: 0:02:30.943784369 0xe8df3e00 gstelement.c:2597:gst_element_set_state_func:<glcolorconvertelement1> final: setting state from READY to PAUSED
06-06 22:07:27.113  4906  4906 D GStreamer+glbasefilter: 0:02:30.943805411 0xe8df3e00 gstglbasefilter.c:479:gst_gl_base_filter_change_state:<glcolorconvertelement1> changing state: READY => PAUSED
06-06 22:07:27.113  4906  4906 D GStreamer+GST_ELEMENT_PADS: 0:02:30.943824317 0xe8df3e00 gstelement.c:2795:gst_element_pads_activate:<glcolorconvertelement1> activate pads
06-06 22:07:27.113  4906  4906 D GStreamer+GST_PADS: 0:02:30.943845411 0xe8df3e00 gstpad.c:1063:gst_pad_set_active:<glcolorconvertelement1:src> activating pad from none
06-06 22:07:27.113  4906  4906 D GStreamer+GST_PADS: 0:02:30.943864421 0xe8df3e00 gstpad.c:979:pre_activate:<glcolorconvertelement1:src> setting pad into push mode, unset flushing
06-06 22:07:27.113  4906  4906 D GStreamer+GST_PADS: 0:02:30.943884057 0xe8df3e00 gstpad.c:1188:activate_mode_internal:<glcolorconvertelement1:src> activated in push mode
06-06 22:07:27.113  4906  4906 D GStreamer+GST_PADS: 0:02:30.943906348 0xe8df3e00 gstpad.c:1063:gst_pad_set_active:<glcolorconvertelement1:sink> activating pad from none
06-06 22:07:27.113  4906  4906 D GStreamer+GST_PADS: 0:02:30.943924161 0xe8df3e00 gstpad.c:979:pre_activate:<glcolorconvertelement1:sink> setting pad into push mode, unset flushing
06-06 22:07:27.113  4906  4906 D GStreamer+GST_PADS: 0:02:30.943942494 0xe8df3e00 gstpad.c:991:pre_activate:<glcolorconvertelement1:sink> reschedule events on peer gluploadelement1:src
06-06 22:07:27.113  4906  4906 D GStreamer+GST_CAPS: 0:02:30.943962025 0xe8df3e00 gstpad.c:2672:gst_pad_get_current_caps:<glcolorconvertelement1:sink> get current pad caps (NULL)
06-06 22:07:27.113  4906  4906 D GStreamer+GST_CAPS: 0:02:30.943981661 0xe8df3e00 gstpad.c:2672:gst_pad_get_current_caps:<glcolorconvertelement1:src> get current pad caps (NULL)
06-06 22:07:27.113  4906  4906 D GStreamer+basetransform: 0:02:30.944000515 0xe8df3e00 gstbasetransform.c:2449:gst_base_transform_activate:<glcolorconvertelement1> have_same_caps 0
06-06 22:07:27.113  4906  4906 D GStreamer+GST_PADS: 0:02:30.944020723 0xe8df3e00 gstpad.c:1188:activate_mode_internal:<glcolorconvertelement1:sink> activated in push mode
06-06 22:07:27.113  4906  4906 D GStreamer+GST_ELEMENT_PADS: 0:02:30.944042025 0xe8df3e00 gstelement.c:2814:gst_element_pads_activate:<glcolorconvertelement1> pad activation successful
06-06 22:07:27.113  4906  4906 D GStreamer+GST_STATES: 0:02:30.944061557 0xe8df3e00 gstelement.c:2686:gst_element_change_state:<glcolorconvertelement1> element changed state SUCCESS
06-06 22:07:27.113  4906  4906 I GStreamer+GST_STATES: 0:02:30.944078484 0xe8df3e00 gstelement.c:2374:gst_element_continue_state:<glcolorconvertelement1> completed state change to PAUSED
06-06 22:07:27.113  4906  4906 I GStreamer+GST_STATES: 0:02:30.944096609 0xe8df3e00 gstelement.c:2279:_priv_gst_element_state_changed:<glcolorconvertelement1> notifying about state-changed READY to PAUSED (VOID_PENDING pending)
06-06 22:07:27.113  4906  4906 D GStreamer+GST_BUS: 0:02:30.944120567 0xe8df3e00 gstbus.c:309:gst_bus_post:<bus5> [msg 0xe93bcdc8] posting on bus state-changed message: 0xe93bcdc8, time 99:99:99.999999999, seq-num 803, element 'glcolorconvertelement1', GstMessageStateChanged, old-state=(GstState)GST_STATE_READY, new-state=(GstState)GST_STATE_PAUSED, pending-state=(GstState)GST_STATE_VOID_PENDING;
06-06 22:07:27.113  4906  4906 D GStreamer+bin: 0:02:30.944166036 0xe8df3e00 gstbin.c:3654:gst_bin_handle_message_func:<glimagesinkbin1> [msg 0xe93bcdc8] handling child glcolorconvertelement1 message of type state-changed
06-06 22:07:27.113  4906  4906 D GStreamer+bin: 0:02:30.944189213 0xe8df3e00 gstbin.c:3991:gst_bin_handle_message_func:<glimagesinkbin1> posting message upward
06-06 22:07:27.113  4906  4906 D GStreamer+GST_BUS: 0:02:30.944206869 0xe8df3e00 gstbus.c:309:gst_bus_post:<bus8> [msg 0xe93bcdc8] posting on bus state-changed message: 0xe93bcdc8, time 99:99:99.999999999, seq-num 803, element 'glcolorconvertelement1', GstMessageStateChanged, old-state=(GstState)GST_STATE_READY, new-state=(GstState)GST_STATE_PAUSED, pending-state=(GstState)GST_STATE_VOID_PENDING;
06-06 22:07:27.113  4906  4906 D GStreamer+bin: 0:02:30.944249317 0xe8df3e00 gstbin.c:3654:gst_bin_handle_message_func:<pipeline1> [msg 0xe93bcdc8] handling child glcolorconvertelement1 message of type state-changed
06-06 22:07:27.113  4906  4906 D GStreamer+bin: 0:02:30.944269890 0xe8df3e00 gstbin.c:3991:gst_bin_handle_message_func:<pipeline1> posting message upward
06-06 22:07:27.113  4906  4906 D GStreamer+GST_BUS: 0:02:30.944286244 0xe8df3e00 gstbus.c:309:gst_bus_post:<bus9> [msg 0xe93bcdc8] posting on bus state-changed message: 0xe93bcdc8, time 99:99:99.999999999, seq-num 803, element 'glcolorconvertelement1', GstMessageStateChanged, old-state=(GstState)GST_STATE_READY, new-state=(GstState)GST_STATE_PAUSED, pending-state=(GstState)GST_STATE_VOID_PENDING;
06-06 22:07:27.113  4906  4906 D GStreamer+GST_BUS: 0:02:30.944327182 0xe8df3e00 gstbus.c:348:gst_bus_post:<bus9> [msg 0xe93bcdc8] pushing on async queue
06-06 22:07:27.113  4906  4906 D GStreamer+GST_BUS: 0:02:30.944352182 0xe8df3e00 gstbus.c:351:gst_bus_post:<bus9> [msg 0xe93bcdc8] pushed on async queue
06-06 22:07:27.113  4906  4906 D GStreamer+GST_BUS: 0:02:30.944371140 0xe8df3e00 gstbus.c:344:gst_bus_post:<bus8> [msg 0xe93bcdc8] dropped
06-06 22:07:27.113  4906  5116 D GStreamer+GST_BUS: 0:02:30.944370254 0xe93d1d00 gstbus.c:521:gst_bus_timed_pop_filtered:<bus9> got message 0xe93bcdc8, state-changed from glcolorconvertelement1, type mask is 4294967295
06-06 22:07:27.113  4906  4906 D GStreamer+GST_BUS: 0:02:30.944389473 0xe8df3e00 gstbus.c:344:gst_bus_post:<bus5> [msg 0xe93bcdc8] dropped
06-06 22:07:27.113  4906  4906 D GStreamer+GST_STATES: 0:02:30.944408692 0xe8df3e00 gstelement.c:2609:gst_element_set_state_func:<glcolorconvertelement1> returned SUCCESS
06-06 22:07:27.113  4906  5116 D GStreamer+GST_BUS: 0:02:30.944403119 0xe93d1d00 gstbus.c:789:gst_bus_source_dispatch:<bus9> source 0xe95618d8 calling dispatch with state-changed message: 0xe93bcdc8, time 99:99:99.999999999, seq-num 803, element 'glcolorconvertelement1', GstMessageStateChanged, old-state=(GstState)GST_STATE_READY, new-state=(GstState)GST_STATE_PAUSED, pending-state=(GstState)GST_STATE_VOID_PENDING;
06-06 22:07:27.113  4906  4906 I GStreamer+GST_STATES: 0:02:30.944438692 0xe8df3e00 gstbin.c:2892:gst_bin_change_state_func:<glimagesinkbin1> child 'glcolorconvertelement1' changed state to 3(PAUSED) successfully
06-06 22:07:27.113  4906  4906 D GStreamer+bin: 0:02:30.944472338 0xe8df3e00 gstbin.c:2310:gst_bin_sort_iterator_next:<glimagesinkbin1> queue head gives gluploadelement1
06-06 22:07:27.113  4906  5116 D GStreamer+GST_BUS: 0:02:30.944478484 0xe93d1d00 gstbus.c:794:gst_bus_source_dispatch:<bus9> source 0xe95618d8 handler returns 1
06-06 22:07:27.113  4906  4906 D GStreamer+bin: 0:02:30.944492650 0xe8df3e00 gstbin.c:911:find_message:<glimagesinkbin1> no message found matching types 00001000
06-06 22:07:27.113  4906  4906 D GStreamer+bin: 0:02:30.944513536 0xe8df3e00 gstbin.c:918:find_message:<glimagesinkbin1>   structure-change
06-06 22:07:27.113  4906  4906 D GStreamer+bin: 0:02:30.944532963 0xe8df3e00 gstbin.c:2249:update_degree:<glimagesinkbin1> element gluploadelement1 not linked on any sinkpads
06-06 22:07:27.113  4906  4906 I GStreamer+GST_STATES: 0:02:30.944552963 0xe8df3e00 gstbin.c:2444:gst_bin_element_set_state:<gluploadelement1> current READY pending VOID_PENDING, desired next PAUSED
06-06 22:07:27.114  4906  4906 D GStreamer+bin: 0:02:30.944575619 0xe8df3e00 gstbin.c:911:find_message:<glimagesinkbin1> no message found matching types 00100000
06-06 22:07:27.114  4906  4906 D GStreamer+bin: 0:02:30.944593484 0xe8df3e00 gstbin.c:918:find_message:<glimagesinkbin1>   async-start
06-06 22:07:27.114  4906  4906 D GStreamer+bin: 0:02:30.944610984 0xe8df3e00 gstbin.c:2539:gst_bin_element_set_state:<glimagesinkbin1> setting element gluploadelement1 to PAUSED, base_time 0:00:00.000000000
06-06 22:07:27.114  4906  4906 D GStreamer+GST_STATES: 0:02:30.944635046 0xe8df3e00 gstelement.c:2525:gst_element_set_state_func:<gluploadelement1> set_state to PAUSED
06-06 22:07:27.114  4906  4906 D GStreamer+GST_STATES: 0:02:30.944652963 0xe8df3e00 gstelement.c:2550:gst_element_set_state_func:<gluploadelement1> setting target state to PAUSED
06-06 22:07:27.114  4906  4906 D GStreamer+GST_STATES: 0:02:30.944670307 0xe8df3e00 gstelement.c:2563:gst_element_set_state_func:<gluploadelement1> current READY, old_pending VOID_PENDING, next VOID_PENDING, old return SUCCESS
06-06 22:07:27.114  4906  4906 D GStreamer+GST_STATES: 0:02:30.944692025 0xe8df3e00 gstelement.c:2597:gst_element_set_state_func:<gluploadelement1> final: setting state from READY to PAUSED
06-06 22:07:27.114  4906  4906 D GStreamer+glbasefilter: 0:02:30.944714317 0xe8df3e00 gstglbasefilter.c:479:gst_gl_base_filter_change_state:<gluploadelement1> changing state: READY => PAUSED
06-06 22:07:27.114  4906  4906 D GStreamer+GST_ELEMENT_PADS: 0:02:30.944734057 0xe8df3e00 gstelement.c:2795:gst_element_pads_activate:<gluploadelement1> activate pads
06-06 22:07:27.114  4906  4906 D GStreamer+GST_PADS: 0:02:30.944754421 0xe8df3e00 gstpad.c:1063:gst_pad_set_active:<gluploadelement1:src> activating pad from none
06-06 22:07:27.114  4906  4906 D GStreamer+GST_PADS: 0:02:30.944772494 0xe8df3e00 gstpad.c:979:pre_activate:<gluploadelement1:src> setting pad into push mode, unset flushing
06-06 22:07:27.114  4906  4906 D GStreamer+GST_PADS: 0:02:30.944791557 0xe8df3e00 gstpad.c:1188:activate_mode_internal:<gluploadelement1:src> activated in push mode
06-06 22:07:27.114  4906  4906 D GStreamer+GST_PADS: 0:02:30.944813900 0xe8df3e00 gstpad.c:1063:gst_pad_set_active:<gluploadelement1:sink> activating pad from none
06-06 22:07:27.114  4906  4906 D GStreamer+GST_PADS: 0:02:30.944831400 0xe8df3e00 gstpad.c:979:pre_activate:<gluploadelement1:sink> setting pad into push mode, unset flushing
06-06 22:07:27.114  4906  4906 D GStreamer+GST_PADS: 0:02:30.944850775 0xe8df3e00 gstpad.c:991:pre_activate:<gluploadelement1:sink> reschedule events on peer sink:proxypad4
06-06 22:07:27.114  4906  4906 D GStreamer+GST_CAPS: 0:02:30.944870723 0xe8df3e00 gstpad.c:2672:gst_pad_get_current_caps:<gluploadelement1:sink> get current pad caps (NULL)
06-06 22:07:27.114  4906  4906 D GStreamer+GST_CAPS: 0:02:30.944890359 0xe8df3e00 gstpad.c:2672:gst_pad_get_current_caps:<gluploadelement1:src> get current pad caps (NULL)
06-06 22:07:27.114  4906  4906 D GStreamer+basetransform: 0:02:30.944909004 0xe8df3e00 gstbasetransform.c:2449:gst_base_transform_activate:<gluploadelement1> have_same_caps 0
06-06 22:07:27.114  4906  4906 D GStreamer+GST_PADS: 0:02:30.944926765 0xe8df3e00 gstpad.c:1188:activate_mode_internal:<gluploadelement1:sink> activated in push mode
06-06 22:07:27.114  4906  4906 D GStreamer+GST_ELEMENT_PADS: 0:02:30.944946661 0xe8df3e00 gstelement.c:2814:gst_element_pads_activate:<gluploadelement1> pad activation successful
06-06 22:07:27.114  4906  4906 D GStreamer+GST_STATES: 0:02:30.944965984 0xe8df3e00 gstelement.c:2686:gst_element_change_state:<gluploadelement1> element changed state SUCCESS
06-06 22:07:27.114  4906  4906 I GStreamer+GST_STATES: 0:02:30.944982650 0xe8df3e00 gstelement.c:2374:gst_element_continue_state:<gluploadelement1> completed state change to PAUSED
06-06 22:07:27.114  4906  4906 I GStreamer+GST_STATES: 0:02:30.945000150 0xe8df3e00 gstelement.c:2279:_priv_gst_element_state_changed:<gluploadelement1> notifying about state-changed READY to PAUSED (VOID_PENDING pending)
06-06 22:07:27.114  4906  4906 D GStreamer+GST_BUS: 0:02:30.945024317 0xe8df3e00 gstbus.c:309:gst_bus_post:<bus5> [msg 0xe9012018] posting on bus state-changed message: 0xe9012018, time 99:99:99.999999999, seq-num 804, element 'gluploadelement1', GstMessageStateChanged, old-state=(GstState)GST_STATE_READY, new-state=(GstState)GST_STATE_PAUSED, pending-state=(GstState)GST_STATE_VOID_PENDING;
06-06 22:07:27.114  4906  4906 D GStreamer+bin: 0:02:30.945069213 0xe8df3e00 gstbin.c:3654:gst_bin_handle_message_func:<glimagesinkbin1> [msg 0xe9012018] handling child gluploadelement1 message of type state-changed
06-06 22:07:27.114  4906  4906 D GStreamer+bin: 0:02:30.945090463 0xe8df3e00 gstbin.c:3991:gst_bin_handle_message_func:<glimagesinkbin1> posting message upward
06-06 22:07:27.114  4906  4906 D GStreamer+GST_BUS: 0:02:30.945107286 0xe8df3e00 gstbus.c:309:gst_bus_post:<bus8> [msg 0xe9012018] posting on bus state-changed message: 0xe9012018, time 99:99:99.999999999, seq-num 804, element 'gluploadelement1', GstMessageStateChanged, old-state=(GstState)GST_STATE_READY, new-state=(GstState)GST_STATE_PAUSED, pending-state=(GstState)GST_STATE_VOID_PENDING;
06-06 22:07:27.114  4906  4906 D GStreamer+bin: 0:02:30.945148484 0xe8df3e00 gstbin.c:3654:gst_bin_handle_message_func:<pipeline1> [msg 0xe9012018] handling child gluploadelement1 message of type state-changed
06-06 22:07:27.114  4906  4906 D GStreamer+bin: 0:02:30.945169213 0xe8df3e00 gstbin.c:3991:gst_bin_handle_message_func:<pipeline1> posting message upward
06-06 22:07:27.114  4906  4906 D GStreamer+GST_BUS: 0:02:30.945185827 0xe8df3e00 gstbus.c:309:gst_bus_post:<bus9> [msg 0xe9012018] posting on bus state-changed message: 0xe9012018, time 99:99:99.999999999, seq-num 804, element 'gluploadelement1', GstMessageStateChanged, old-state=(GstState)GST_STATE_READY, new-state=(GstState)GST_STATE_PAUSED, pending-state=(GstState)GST_STATE_VOID_PENDING;
06-06 22:07:27.114  4906  4906 D GStreamer+GST_BUS: 0:02:30.945226557 0xe8df3e00 gstbus.c:348:gst_bus_post:<bus9> [msg 0xe9012018] pushing on async queue
06-06 22:07:27.114  4906  4906 D GStreamer+GST_BUS: 0:02:30.945249161 0xe8df3e00 gstbus.c:351:gst_bus_post:<bus9> [msg 0xe9012018] pushed on async queue
06-06 22:07:27.114  4906  4906 D GStreamer+GST_BUS: 0:02:30.945269004 0xe8df3e00 gstbus.c:344:gst_bus_post:<bus8> [msg 0xe9012018] dropped
06-06 22:07:27.114  4906  5116 D GStreamer+GST_BUS: 0:02:30.945266921 0xe93d1d00 gstbus.c:521:gst_bus_timed_pop_filtered:<bus9> got message 0xe9012018, state-changed from gluploadelement1, type mask is 4294967295
06-06 22:07:27.114  4906  4906 D GStreamer+GST_BUS: 0:02:30.945287807 0xe8df3e00 gstbus.c:344:gst_bus_post:<bus5> [msg 0xe9012018] dropped
06-06 22:07:27.114  4906  4906 D GStreamer+GST_STATES: 0:02:30.945306504 0xe8df3e00 gstelement.c:2609:gst_element_set_state_func:<gluploadelement1> returned SUCCESS
06-06 22:07:27.114  4906  5116 D GStreamer+GST_BUS: 0:02:30.945300671 0xe93d1d00 gstbus.c:789:gst_bus_source_dispatch:<bus9> source 0xe95618d8 calling dispatch with state-changed message: 0xe9012018, time 99:99:99.999999999, seq-num 804, element 'gluploadelement1', GstMessageStateChanged, old-state=(GstState)GST_STATE_READY, new-state=(GstState)GST_STATE_PAUSED, pending-state=(GstState)GST_STATE_VOID_PENDING;
06-06 22:07:27.114  4906  4906 I GStreamer+GST_STATES: 0:02:30.945327754 0xe8df3e00 gstbin.c:2892:gst_bin_change_state_func:<glimagesinkbin1> child 'gluploadelement1' changed state to 3(PAUSED) successfully
06-06 22:07:27.114  4906  4906 D GStreamer+bin: 0:02:30.945361609 0xe8df3e00 gstbin.c:2299:gst_bin_sort_iterator_next:<glimagesinkbin1> queue empty, elements exhausted
06-06 22:07:27.114  4906  5116 D GStreamer+GST_BUS: 0:02:30.945362494 0xe93d1d00 gstbus.c:794:gst_bus_source_dispatch:<bus9> source 0xe95618d8 handler returns 1
06-06 22:07:27.114  4906  4906 D GStreamer+GST_STATES: 0:02:30.945380411 0xe8df3e00 gstbin.c:2951:gst_bin_change_state_func:<glimagesinkbin1> iterator done
06-06 22:07:27.114  4906  4906 D GStreamer+GST_ELEMENT_PADS: 0:02:30.945399994 0xe8df3e00 gstelement.c:2795:gst_element_pads_activate:<glimagesinkbin1> activate pads
06-06 22:07:27.114  4906  4906 D GStreamer+GST_PADS: 0:02:30.945432807 0xe8df3e00 gstpad.c:1063:gst_pad_set_active:<glimagesinkbin1:sink> activating pad from none
06-06 22:07:27.114  4906  4906 D GStreamer+GST_PADS: 0:02:30.945452286 0xe8df3e00 gstpad.c:979:pre_activate:<glimagesinkbin1:sink> setting pad into push mode, unset flushing
06-06 22:07:27.114  4906  4906 D GStreamer+GST_PADS: 0:02:30.945472286 0xe8df3e00 gstpad.c:991:pre_activate:<glimagesinkbin1:sink> reschedule events on peer forhalffps:src
06-06 22:07:27.114  4906  4906 D GStreamer+GST_PADS: 0:02:30.945495359 0xe8df3e00 gstpad.c:979:pre_activate:<sink:proxypad4> setting pad into push mode, unset flushing
06-06 22:07:27.114  4906  4906 D GStreamer+GST_PADS: 0:02:30.945515879 0xe8df3e00 gstpad.c:1207:activate_mode_internal:<glimagesinkbin1:sink> already activated in push mode
06-06 22:07:27.114  4906  4906 D GStreamer+GST_PADS: 0:02:30.945536296 0xe8df3e00 gstpad.c:1188:activate_mode_internal:<sink:proxypad4> activated in push mode
06-06 22:07:27.114  4906  4906 D GStreamer+GST_PADS: 0:02:30.945555984 0xe8df3e00 gstpad.c:1188:activate_mode_internal:<glimagesinkbin1:sink> activated in push mode
06-06 22:07:27.115  4906  4906 D GStreamer+GST_ELEMENT_PADS: 0:02:30.945576244 0xe8df3e00 gstelement.c:2814:gst_element_pads_activate:<glimagesinkbin1> pad activation successful
06-06 22:07:27.115  4906  4906 D GStreamer+GST_STATES: 0:02:30.945595098 0xe8df3e00 gstbin.c:2969:gst_bin_change_state_func:<glimagesinkbin1> we have ASYNC elements SUCCESS -> ASYNC
06-06 22:07:27.115  4906  4906 D GStreamer+bin: 0:02:30.945613692 0xe8df3e00 gstbin.c:2341:gst_bin_sort_iterator_free:<glimagesinkbin1> free
06-06 22:07:27.115  4906  4906 D GStreamer+bin: 0:02:30.945631192 0xe8df3e00 gstbin.c:2997:gst_bin_change_state_func:<glimagesinkbin1> check async elements
06-06 22:07:27.115  4906  4906 D GStreamer+bin: 0:02:30.945647702 0xe8df3e00 gstbin.c:909:find_message:<glimagesinkbin1> we found a message 0xe92ef978 from sink matching types 00100000
06-06 22:07:27.115  4906  4906 D GStreamer+GST_STATES: 0:02:30.945670254 0xe8df3e00 gstbin.c:3020:gst_bin_change_state_func:<glimagesinkbin1> done changing bin's state from READY to PAUSED, now in READY, ret ASYNC
06-06 22:07:27.115  4906  4906 D GStreamer+GST_STATES: 0:02:30.945692390 0xe8df3e00 gstelement.c:2668:gst_element_change_state:<glimagesinkbin1> element will change state ASYNC
06-06 22:07:27.115  4906  4906 D GStreamer+GST_STATES: 0:02:30.945710411 0xe8df3e00 gstelement.c:2609:gst_element_set_state_func:<glimagesinkbin1> returned ASYNC
06-06 22:07:27.115  4906  4906 I GStreamer+GST_STATES: 0:02:30.945728432 0xe8df3e00 gstbin.c:2898:gst_bin_change_state_func:<pipeline1> child 'glimagesinkbin1' is changing state asynchronously to PAUSED
06-06 22:07:27.115  4906  4906 D GStreamer+bin: 0:02:30.945749213 0xe8df3e00 gstbin.c:2310:gst_bin_sort_iterator_next:<pipeline1> queue head gives queue5
06-06 22:07:27.115  4906  4906 D GStreamer+bin: 0:02:30.945767546 0xe8df3e00 gstbin.c:911:find_message:<pipeline1> no message found matching types 00001000
06-06 22:07:27.115  4906  4906 D GStreamer+bin: 0:02:30.945785932 0xe8df3e00 gstbin.c:918:find_message:<pipeline1>   structure-change
06-06 22:07:27.115  4906  4906 D GStreamer+bin: 0:02:30.945803171 0xe8df3e00 gstbin.c:2249:update_degree:<pipeline1> element queue5 not linked on any sinkpads
06-06 22:07:27.115  4906  4906 I GStreamer+GST_STATES: 0:02:30.945821400 0xe8df3e00 gstbin.c:2444:gst_bin_element_set_state:<queue5> current READY pending VOID_PENDING, desired next PAUSED
06-06 22:07:27.115  4906  4906 D GStreamer+bin: 0:02:30.945842390 0xe8df3e00 gstbin.c:911:find_message:<pipeline1> no message found matching types 00100000
06-06 22:07:27.115  4906  4906 D GStreamer+bin: 0:02:30.945860879 0xe8df3e00 gstbin.c:918:find_message:<pipeline1>   async-start
06-06 22:07:27.115  4906  4906 D GStreamer+bin: 0:02:30.945877650 0xe8df3e00 gstbin.c:2539:gst_bin_element_set_state:<pipeline1> setting element queue5 to PAUSED, base_time 0:00:00.000000000
06-06 22:07:27.115  4906  4906 D GStreamer+GST_STATES: 0:02:30.945900567 0xe8df3e00 gstelement.c:2525:gst_element_set_state_func:<queue5> set_state to PAUSED
06-06 22:07:27.115  4906  4906 D GStreamer+GST_STATES: 0:02:30.945917963 0xe8df3e00 gstelement.c:2550:gst_element_set_state_func:<queue5> setting target state to PAUSED
06-06 22:07:27.115  4906  4906 D GStreamer+GST_STATES: 0:02:30.945934942 0xe8df3e00 gstelement.c:2563:gst_element_set_state_func:<queue5> current READY, old_pending VOID_PENDING, next VOID_PENDING, old return SUCCESS
06-06 22:07:27.115  4906  4906 D GStreamer+GST_STATES: 0:02:30.945956244 0xe8df3e00 gstelement.c:2597:gst_element_set_state_func:<queue5> final: setting state from READY to PAUSED
06-06 22:07:27.115  4906  4906 D GStreamer+GST_ELEMENT_PADS: 0:02:30.945978692 0xe8df3e00 gstelement.c:2795:gst_element_pads_activate:<queue5> activate pads
06-06 22:07:27.115  4906  4906 D GStreamer+GST_PADS: 0:02:30.945999161 0xe8df3e00 gstpad.c:1063:gst_pad_set_active:<queue5:src> activating pad from none
06-06 22:07:27.115  4906  4906 D GStreamer+GST_PADS: 0:02:30.946016973 0xe8df3e00 gstpad.c:979:pre_activate:<queue5:src> setting pad into push mode, unset flushing
06-06 22:07:27.115  4906  4906 D GStreamer+GST_PADS: 0:02:30.946037129 0xe8df3e00 gstpad.c:5978:gst_pad_start_task:<queue5:src> start task
06-06 22:07:27.115  4906  4906 D GStreamer+task: 0:02:30.946078379 0xe8df3e00 gsttask.c:427:gst_task_new Created task 0xe92f6568
06-06 22:07:27.115  4906  4906 I GStreamer+task: 0:02:30.946096452 0xe8df3e00 gsttask.c:453:gst_task_set_lock setting stream lock 0xe9160c44 on task 0xe92f6568
06-06 22:07:27.115  4906  4906 I GStreamer+GST_PADS: 0:02:30.946114161 0xe8df3e00 gstpad.c:5987:gst_pad_start_task:<queue5:src> created task 0xe92f6568
06-06 22:07:27.115  4906  4906 D GStreamer+GST_PADS: 0:02:30.946133952 0xe8df3e00 gstpad.c:5904:do_stream_status:<queue5:src> doing stream-status 0
06-06 22:07:27.115  4906  4906 D GStreamer+GST_PADS: 0:02:30.946159004 0xe8df3e00 gstpad.c:5933:do_stream_status:<queue5:src> posting stream-status 0
06-06 22:07:27.115  4906  4906 D GStreamer+GST_BUS: 0:02:30.946179004 0xe8df3e00 gstbus.c:309:gst_bus_post:<bus8> [msg 0xe9568228] posting on bus stream-status message: 0xe9568228, time 99:99:99.999999999, seq-num 805, element 'src', GstMessageStreamStatus, type=(GstStreamStatusType)GST_STREAM_STATUS_TYPE_CREATE, owner=(GstElement)"\(GstQueue\)\ queue5", object=(GstTask)"\(GstTask\)\ task10";
06-06 22:07:27.115  4906  4906 D GStreamer+bin: 0:02:30.946236713 0xe8df3e00 gstbin.c:3654:gst_bin_handle_message_func:<pipeline1> [msg 0xe9568228] handling child src message of type stream-status
06-06 22:07:27.115  4906  4906 D GStreamer+bin: 0:02:30.946256921 0xe8df3e00 gstbin.c:3991:gst_bin_handle_message_func:<pipeline1> posting message upward
06-06 22:07:27.115  4906  4906 D GStreamer+GST_BUS: 0:02:30.946273692 0xe8df3e00 gstbus.c:309:gst_bus_post:<bus9> [msg 0xe9568228] posting on bus stream-status message: 0xe9568228, time 99:99:99.999999999, seq-num 805, element 'src', GstMessageStreamStatus, type=(GstStreamStatusType)GST_STREAM_STATUS_TYPE_CREATE, owner=(GstElement)"\(GstQueue\)\ queue5", object=(GstTask)"\(GstTask\)\ task10";
06-06 22:07:27.115  4906  4906 D GStreamer+GST_BUS: 0:02:30.946324682 0xe8df3e00 gstbus.c:348:gst_bus_post:<bus9> [msg 0xe9568228] pushing on async queue
06-06 22:07:27.115  4906  4906 D GStreamer+GST_BUS: 0:02:30.946350046 0xe8df3e00 gstbus.c:351:gst_bus_post:<bus9> [msg 0xe9568228] pushed on async queue
06-06 22:07:27.115  4906  4906 D GStreamer+GST_BUS: 0:02:30.946368744 0xe8df3e00 gstbus.c:344:gst_bus_post:<bus8> [msg 0xe9568228] dropped
06-06 22:07:27.115  4906  5116 D GStreamer+GST_BUS: 0:02:30.946367494 0xe93d1d00 gstbus.c:521:gst_bus_timed_pop_filtered:<bus9> got message 0xe9568228, stream-status from src, type mask is 4294967295
06-06 22:07:27.115  4906  4906 D GStreamer+task: 0:02:30.946388432 0xe8df3e00 gsttask.c:684:gst_task_set_state:<task10> Changing task 0xe92f6568 to state 0
06-06 22:07:27.115  4906  5116 D GStreamer+GST_BUS: 0:02:30.946399421 0xe93d1d00 gstbus.c:789:gst_bus_source_dispatch:<bus9> source 0xe95618d8 calling dispatch with stream-status message: 0xe9568228, time 99:99:99.999999999, seq-num 805, element 'src', GstMessageStreamStatus, type=(GstStreamStatusType)GST_STREAM_STATUS_TYPE_CREATE, owner=(GstElement)"\(GstQueue\)\ queue5", object=(GstTask)"\(GstTask\)\ task10";
06-06 22:07:27.115  4906  5124 D GStreamer+task: 0:02:30.946447442 0xe900d120 gsttask.c:289:gst_task_func Entering task 0xe92f6568, thread 0xe900d120
06-06 22:07:27.115  4906  5116 D GStreamer+GST_BUS: 0:02:30.946480671 0xe93d1d00 gstbus.c:794:gst_bus_source_dispatch:<bus9> source 0xe95618d8 handler returns 1
06-06 22:07:27.115  4906  5124 D GStreamer+GST_PADS: 0:02:30.946488432 0xe900d120 gstpad.c:5904:do_stream_status:<queue5:src> doing stream-status 1
06-06 22:07:27.115  4906  5124 D GStreamer+GST_PADS: 0:02:30.946531869 0xe900d120 gstpad.c:5933:do_stream_status:<queue5:src> posting stream-status 1
06-06 22:07:27.116  4906  5124 D GStreamer+GST_BUS: 0:02:30.946552807 0xe900d120 gstbus.c:309:gst_bus_post:<bus8> [msg 0xe92f7960] posting on bus stream-status message: 0xe92f7960, time 99:99:99.999999999, seq-num 806, element 'src', GstMessageStreamStatus, type=(GstStreamStatusType)GST_STREAM_STATUS_TYPE_ENTER, owner=(GstElement)"\(GstQueue\)\ queue5", object=(GstTask)"\(GstTask\)\ queue5:src";
06-06 22:07:27.116  4906  5124 D GStreamer+bin: 0:02:30.946608588 0xe900d120 gstbin.c:3654:gst_bin_handle_message_func:<pipeline1> [msg 0xe92f7960] handling child src message of type stream-status
06-06 22:07:27.116  4906  5124 D GStreamer+bin: 0:02:30.946630671 0xe900d120 gstbin.c:3991:gst_bin_handle_message_func:<pipeline1> posting message upward
06-06 22:07:27.116  4906  5124 D GStreamer+GST_BUS: 0:02:30.946647234 0xe900d120 gstbus.c:309:gst_bus_post:<bus9> [msg 0xe92f7960] posting on bus stream-status message: 0xe92f7960, time 99:99:99.999999999, seq-num 806, element 'src', GstMessageStreamStatus, type=(GstStreamStatusType)GST_STREAM_STATUS_TYPE_ENTER, owner=(GstElement)"\(GstQueue\)\ queue5", object=(GstTask)"\(GstTask\)\ queue5:src";
06-06 22:07:27.116  4906  5124 D GStreamer+GST_BUS: 0:02:30.946697182 0xe900d120 gstbus.c:348:gst_bus_post:<bus9> [msg 0xe92f7960] pushing on async queue
06-06 22:07:27.116  4906  5124 D GStreamer+GST_BUS: 0:02:30.946719629 0xe900d120 gstbus.c:351:gst_bus_post:<bus9> [msg 0xe92f7960] pushed on async queue
06-06 22:07:27.116  4906  5124 D GStreamer+GST_BUS: 0:02:30.946740202 0xe900d120 gstbus.c:344:gst_bus_post:<bus8> [msg 0xe92f7960] dropped
06-06 22:07:27.116  4906  5116 D GStreamer+GST_BUS: 0:02:30.946734109 0xe93d1d00 gstbus.c:521:gst_bus_timed_pop_filtered:<bus9> got message 0xe92f7960, stream-status from src, type mask is 4294967295
06-06 22:07:27.116  4906  5124 D GStreamer+task: 0:02:30.946766557 0xe900d120 gsttask.c:251:gst_task_configure_name:<queue5:src> Setting thread name to 'queue5:src'
06-06 22:07:27.116  4906  5124 D GStreamer+queue_dataflow: 0:02:30.946801296 0xe900d120 gstqueue.c:1488:gst_queue_loop:<queue5> queue is empty
06-06 22:07:27.116  4906  5116 D GStreamer+GST_BUS: 0:02:30.946772129 0xe93d1d00 gstbus.c:789:gst_bus_source_dispatch:<bus9> source 0xe95618d8 calling dispatch with stream-status message: 0xe92f7960, time 99:99:99.999999999, seq-num 806, element 'src', GstMessageStreamStatus, type=(GstStreamStatusType)GST_STREAM_STATUS_TYPE_ENTER, owner=(GstElement)"\(GstQueue\)\ queue5", object=(GstTask)"\(GstTask\)\ queue5:src";
06-06 22:07:27.116  4906  4906 D GStreamer+GST_PADS: 0:02:30.946829004 0xe8df3e00 gstpad.c:1188:activate_mode_internal:<queue5:src> activated in push mode
06-06 22:07:27.116  4906  5116 D GStreamer+GST_BUS: 0:02:30.946832807 0xe93d1d00 gstbus.c:794:gst_bus_source_dispatch:<bus9> source 0xe95618d8 handler returns 1
06-06 22:07:27.116  4906  4906 D GStreamer+GST_PADS: 0:02:30.946860254 0xe8df3e00 gstpad.c:1063:gst_pad_set_active:<queue5:sink> activating pad from none
06-06 22:07:27.116  4906  4906 D GStreamer+GST_PADS: 0:02:30.946878744 0xe8df3e00 gstpad.c:979:pre_activate:<queue5:sink> setting pad into push mode, unset flushing
06-06 22:07:27.116  4906  4906 D GStreamer+GST_PADS: 0:02:30.946898796 0xe8df3e00 gstpad.c:1188:activate_mode_internal:<queue5:sink> activated in push mode
06-06 22:07:27.116  4906  4906 D GStreamer+GST_ELEMENT_PADS: 0:02:30.946919682 0xe8df3e00 gstelement.c:2814:gst_element_pads_activate:<queue5> pad activation successful
06-06 22:07:27.116  4906  4906 D GStreamer+GST_STATES: 0:02:30.946939265 0xe8df3e00 gstelement.c:2686:gst_element_change_state:<queue5> element changed state SUCCESS
06-06 22:07:27.116  4906  4906 I GStreamer+GST_STATES: 0:02:30.946955775 0xe8df3e00 gstelement.c:2374:gst_element_continue_state:<queue5> completed state change to PAUSED
06-06 22:07:27.116  4906  4906 I GStreamer+GST_STATES: 0:02:30.946973171 0xe8df3e00 gstelement.c:2279:_priv_gst_element_state_changed:<queue5> notifying about state-changed READY to PAUSED (VOID_PENDING pending)
06-06 22:07:27.116  4906  4906 D GStreamer+GST_BUS: 0:02:30.946998744 0xe8df3e00 gstbus.c:309:gst_bus_post:<bus8> [msg 0xe92f7908] posting on bus state-changed message: 0xe92f7908, time 99:99:99.999999999, seq-num 807, element 'queue5', GstMessageStateChanged, old-state=(GstState)GST_STATE_READY, new-state=(GstState)GST_STATE_PAUSED, pending-state=(GstState)GST_STATE_VOID_PENDING;
06-06 22:07:27.116  4906  4906 D GStreamer+bin: 0:02:30.947043432 0xe8df3e00 gstbin.c:3654:gst_bin_handle_message_func:<pipeline1> [msg 0xe92f7908] handling child queue5 message of type state-changed
06-06 22:07:27.116  4906  4906 D GStreamer+bin: 0:02:30.947065046 0xe8df3e00 gstbin.c:3991:gst_bin_handle_message_func:<pipeline1> posting message upward
06-06 22:07:27.116  4906  4906 D GStreamer+GST_BUS: 0:02:30.947082702 0xe8df3e00 gstbus.c:309:gst_bus_post:<bus9> [msg 0xe92f7908] posting on bus state-changed message: 0xe92f7908, time 99:99:99.999999999, seq-num 807, element 'queue5', GstMessageStateChanged, old-state=(GstState)GST_STATE_READY, new-state=(GstState)GST_STATE_PAUSED, pending-state=(GstState)GST_STATE_VOID_PENDING;
06-06 22:07:27.116  4906  4906 D GStreamer+GST_BUS: 0:02:30.947124786 0xe8df3e00 gstbus.c:348:gst_bus_post:<bus9> [msg 0xe92f7908] pushing on async queue
06-06 22:07:27.116  4906  4906 D GStreamer+GST_BUS: 0:02:30.947147754 0xe8df3e00 gstbus.c:351:gst_bus_post:<bus9> [msg 0xe92f7908] pushed on async queue
06-06 22:07:27.116  4906  4906 D GStreamer+GST_BUS: 0:02:30.947166348 0xe8df3e00 gstbus.c:344:gst_bus_post:<bus8> [msg 0xe92f7908] dropped
06-06 22:07:27.116  4906  5116 D GStreamer+GST_BUS: 0:02:30.947163171 0xe93d1d00 gstbus.c:521:gst_bus_timed_pop_filtered:<bus9> got message 0xe92f7908, state-changed from queue5, type mask is 4294967295
06-06 22:07:27.116  4906  4906 D GStreamer+GST_STATES: 0:02:30.947198119 0xe8df3e00 gstelement.c:2609:gst_element_set_state_func:<queue5> returned SUCCESS
06-06 22:07:27.116  4906  4906 I GStreamer+GST_STATES: 0:02:30.947221296 0xe8df3e00 gstbin.c:2892:gst_bin_change_state_func:<pipeline1> child 'queue5' changed state to 3(PAUSED) successfully
06-06 22:07:27.116  4906  5116 D GStreamer+GST_BUS: 0:02:30.947202702 0xe93d1d00 gstbus.c:789:gst_bus_source_dispatch:<bus9> source 0xe95618d8 calling dispatch with state-changed message: 0xe92f7908, time 99:99:99.999999999, seq-num 807, element 'queue5', GstMessageStateChanged, old-state=(GstState)GST_STATE_READY, new-state=(GstState)GST_STATE_PAUSED, pending-state=(GstState)GST_STATE_VOID_PENDING;
06-06 22:07:27.116  4906  4906 D GStreamer+bin: 0:02:30.947252025 0xe8df3e00 gstbin.c:2310:gst_bin_sort_iterator_next:<pipeline1> queue head gives forhalffps
06-06 22:07:27.116  4906  5116 D GStreamer+GST_BUS: 0:02:30.947264421 0xe93d1d00 gstbus.c:794:gst_bus_source_dispatch:<bus9> source 0xe95618d8 handler returns 1
06-06 22:07:27.116  4906  4906 D GStreamer+bin: 0:02:30.947273171 0xe8df3e00 gstbin.c:911:find_message:<pipeline1> no message found matching types 00001000
06-06 22:07:27.116  4906  4906 D GStreamer+bin: 0:02:30.947294057 0xe8df3e00 gstbin.c:918:find_message:<pipeline1>   structure-change
06-06 22:07:27.116  4906  4906 D GStreamer+bin: 0:02:30.947312546 0xe8df3e00 gstbin.c:2226:update_degree:<pipeline1> change element queue3, degree 1->0, linked to forhalffps
06-06 22:07:27.116  4906  4906 D GStreamer+bin: 0:02:30.947333432 0xe8df3e00 gstbin.c:2109:add_to_queue:<pipeline1> adding 'queue3' to queue
06-06 22:07:27.116  4906  4906 I GStreamer+GST_STATES: 0:02:30.947353067 0xe8df3e00 gstbin.c:2444:gst_bin_element_set_state:<forhalffps> current READY pending VOID_PENDING, desired next PAUSED
06-06 22:07:27.116  4906  4906 D GStreamer+bin: 0:02:30.947374369 0xe8df3e00 gstbin.c:911:find_message:<pipeline1> no message found matching types 00100000
06-06 22:07:27.116  4906  4906 D GStreamer+bin: 0:02:30.947391921 0xe8df3e00 gstbin.c:918:find_message:<pipeline1>   async-start
06-06 22:07:27.116  4906  4906 D GStreamer+bin: 0:02:30.947409421 0xe8df3e00 gstbin.c:2539:gst_bin_element_set_state:<pipeline1> setting element forhalffps to PAUSED, base_time 0:00:00.000000000
06-06 22:07:27.116  4906  4906 D GStreamer+GST_STATES: 0:02:30.947442650 0xe8df3e00 gstelement.c:2525:gst_element_set_state_func:<forhalffps> set_state to PAUSED
06-06 22:07:27.116  4906  4906 D GStreamer+GST_STATES: 0:02:30.947460879 0xe8df3e00 gstelement.c:2550:gst_element_set_state_func:<forhalffps> setting target state to PAUSED
06-06 22:07:27.116  4906  4906 D GStreamer+GST_STATES: 0:02:30.947478327 0xe8df3e00 gstelement.c:2563:gst_element_set_state_func:<forhalffps> current READY, old_pending VOID_PENDING, next VOID_PENDING, old return SUCCESS
06-06 22:07:27.116  4906  4906 D GStreamer+GST_STATES: 0:02:30.947500932 0xe8df3e00 gstelement.c:2597:gst_element_set_state_func:<forhalffps> final: setting state from READY to PAUSED
06-06 22:07:27.116  4906  4906 D GStreamer+GST_ELEMENT_PADS: 0:02:30.947524421 0xe8df3e00 gstelement.c:2795:gst_element_pads_activate:<forhalffps> activate pads
06-06 22:07:27.116  4906  4906 D GStreamer+GST_PADS: 0:02:30.947546765 0xe8df3e00 gstpad.c:1063:gst_pad_set_active:<forhalffps:src> activating pad from none
06-06 22:07:27.116  4906  4906 D GStreamer+GST_PADS: 0:02:30.947565463 0xe8df3e00 gstpad.c:979:pre_activate:<forhalffps:src> setting pad into push mode, unset flushing
06-06 22:07:27.117  4906  4906 D GStreamer+GST_PADS: 0:02:30.947585879 0xe8df3e00 gstpad.c:1188:activate_mode_internal:<forhalffps:src> activated in push mode
06-06 22:07:27.117  4906  4906 D GStreamer+GST_PADS: 0:02:30.947609682 0xe8df3e00 gstpad.c:1063:gst_pad_set_active:<forhalffps:sink> activating pad from none
06-06 22:07:27.117  4906  4906 D GStreamer+GST_PADS: 0:02:30.947628327 0xe8df3e00 gstpad.c:979:pre_activate:<forhalffps:sink> setting pad into push mode, unset flushing
06-06 22:07:27.117  4906  4906 D GStreamer+GST_PADS: 0:02:30.947648015 0xe8df3e00 gstpad.c:991:pre_activate:<forhalffps:sink> reschedule events on peer queue3:src
06-06 22:07:27.117  4906  4906 D GStreamer+GST_CAPS: 0:02:30.947670671 0xe8df3e00 gstpad.c:2672:gst_pad_get_current_caps:<forhalffps:sink> get current pad caps (NULL)
06-06 22:07:27.117  4906  4906 D GStreamer+GST_CAPS: 0:02:30.947690671 0xe8df3e00 gstpad.c:2672:gst_pad_get_current_caps:<forhalffps:src> get current pad caps (NULL)
06-06 22:07:27.117  4906  4906 D GStreamer+basetransform: 0:02:30.947710359 0xe8df3e00 gstbasetransform.c:2449:gst_base_transform_activate:<forhalffps> have_same_caps 0
06-06 22:07:27.117  4906  4906 D GStreamer+GST_PADS: 0:02:30.947729890 0xe8df3e00 gstpad.c:1188:activate_mode_internal:<forhalffps:sink> activated in push mode
06-06 22:07:27.117  4906  4906 D GStreamer+GST_ELEMENT_PADS: 0:02:30.947751557 0xe8df3e00 gstelement.c:2814:gst_element_pads_activate:<forhalffps> pad activation successful
06-06 22:07:27.117  4906  4906 D GStreamer+GST_STATES: 0:02:30.947771296 0xe8df3e00 gstelement.c:2686:gst_element_change_state:<forhalffps> element changed state SUCCESS
06-06 22:07:27.117  4906  4906 I GStreamer+GST_STATES: 0:02:30.947788692 0xe8df3e00 gstelement.c:2374:gst_element_continue_state:<forhalffps> completed state change to PAUSED
06-06 22:07:27.117  4906  4906 I GStreamer+GST_STATES: 0:02:30.947807182 0xe8df3e00 gstelement.c:2279:_priv_gst_element_state_changed:<forhalffps> notifying about state-changed READY to PAUSED (VOID_PENDING pending)
06-06 22:07:27.117  4906  4906 D GStreamer+GST_BUS: 0:02:30.947832911 0xe8df3e00 gstbus.c:309:gst_bus_post:<bus8> [msg 0xe92ef678] posting on bus state-changed message: 0xe92ef678, time 99:99:99.999999999, seq-num 808, element 'forhalffps', GstMessageStateChanged, old-state=(GstState)GST_STATE_READY, new-state=(GstState)GST_STATE_PAUSED, pending-state=(GstState)GST_STATE_VOID_PENDING;
06-06 22:07:27.117  4906  4906 D GStreamer+bin: 0:02:30.947878536 0xe8df3e00 gstbin.c:3654:gst_bin_handle_message_func:<pipeline1> [msg 0xe92ef678] handling child forhalffps message of type state-changed
06-06 22:07:27.117  4906  4906 D GStreamer+bin: 0:02:30.947900359 0xe8df3e00 gstbin.c:3991:gst_bin_handle_message_func:<pipeline1> posting message upward
06-06 22:07:27.117  4906  4906 D GStreamer+GST_BUS: 0:02:30.947918327 0xe8df3e00 gstbus.c:309:gst_bus_post:<bus9> [msg 0xe92ef678] posting on bus state-changed message: 0xe92ef678, time 99:99:99.999999999, seq-num 808, element 'forhalffps', GstMessageStateChanged, old-state=(GstState)GST_STATE_READY, new-state=(GstState)GST_STATE_PAUSED, pending-state=(GstState)GST_STATE_VOID_PENDING;
06-06 22:07:27.117  4906  4906 D GStreamer+GST_BUS: 0:02:30.947960411 0xe8df3e00 gstbus.c:348:gst_bus_post:<bus9> [msg 0xe92ef678] pushing on async queue
06-06 22:07:27.117  4906  4906 D GStreamer+GST_BUS: 0:02:30.947984369 0xe8df3e00 gstbus.c:351:gst_bus_post:<bus9> [msg 0xe92ef678] pushed on async queue
06-06 22:07:27.117  4906  4906 D GStreamer+GST_BUS: 0:02:30.948003223 0xe8df3e00 gstbus.c:344:gst_bus_post:<bus8> [msg 0xe92ef678] dropped
06-06 22:07:27.117  4906  5116 D GStreamer+GST_BUS: 0:02:30.947999057 0xe93d1d00 gstbus.c:521:gst_bus_timed_pop_filtered:<bus9> got message 0xe92ef678, state-changed from forhalffps, type mask is 4294967295
06-06 22:07:27.117  4906  4906 D GStreamer+GST_STATES: 0:02:30.948032442 0xe8df3e00 gstelement.c:2609:gst_element_set_state_func:<forhalffps> returned SUCCESS
06-06 22:07:27.117  4906  4906 I GStreamer+GST_STATES: 0:02:30.948056348 0xe8df3e00 gstbin.c:2892:gst_bin_change_state_func:<pipeline1> child 'forhalffps' changed state to 3(PAUSED) successfully
06-06 22:07:27.117  4906  5116 D GStreamer+GST_BUS: 0:02:30.948038692 0xe93d1d00 gstbus.c:789:gst_bus_source_dispatch:<bus9> source 0xe95618d8 calling dispatch with state-changed message: 0xe92ef678, time 99:99:99.999999999, seq-num 808, element 'forhalffps', GstMessageStateChanged, old-state=(GstState)GST_STATE_READY, new-state=(GstState)GST_STATE_PAUSED, pending-state=(GstState)GST_STATE_VOID_PENDING;
06-06 22:07:27.117  4906  4906 D GStreamer+bin: 0:02:30.948086244 0xe8df3e00 gstbin.c:2310:gst_bin_sort_iterator_next:<pipeline1> queue head gives queue3
06-06 22:07:27.117  4906  5116 D GStreamer+GST_BUS: 0:02:30.948101713 0xe93d1d00 gstbus.c:794:gst_bus_source_dispatch:<bus9> source 0xe95618d8 handler returns 1
06-06 22:07:27.117  4906  4906 D GStreamer+bin: 0:02:30.948105932 0xe8df3e00 gstbin.c:911:find_message:<pipeline1> no message found matching types 00001000
06-06 22:07:27.117  4906  4906 D GStreamer+bin: 0:02:30.948129109 0xe8df3e00 gstbin.c:918:find_message:<pipeline1>   structure-change
06-06 22:07:27.117  4906  4906 D GStreamer+bin: 0:02:30.948146765 0xe8df3e00 gstbin.c:2249:update_degree:<pipeline1> element queue3 not linked on any sinkpads
06-06 22:07:27.117  4906  4906 I GStreamer+GST_STATES: 0:02:30.948164838 0xe8df3e00 gstbin.c:2444:gst_bin_element_set_state:<queue3> current READY pending VOID_PENDING, desired next PAUSED
06-06 22:07:27.117  4906  4906 D GStreamer+bin: 0:02:30.948185411 0xe8df3e00 gstbin.c:911:find_message:<pipeline1> no message found matching types 00100000
06-06 22:07:27.117  4906  4906 D GStreamer+bin: 0:02:30.948203015 0xe8df3e00 gstbin.c:918:find_message:<pipeline1>   async-start
06-06 22:07:27.117  4906  4906 D GStreamer+bin: 0:02:30.948219682 0xe8df3e00 gstbin.c:2539:gst_bin_element_set_state:<pipeline1> setting element queue3 to PAUSED, base_time 0:00:00.000000000
06-06 22:07:27.117  4906  4906 D GStreamer+GST_STATES: 0:02:30.948241713 0xe8df3e00 gstelement.c:2525:gst_element_set_state_func:<queue3> set_state to PAUSED
06-06 22:07:27.117  4906  4906 D GStreamer+GST_STATES: 0:02:30.948258848 0xe8df3e00 gstelement.c:2550:gst_element_set_state_func:<queue3> setting target state to PAUSED
06-06 22:07:27.117  4906  4906 D GStreamer+GST_STATES: 0:02:30.948277390 0xe8df3e00 gstelement.c:2563:gst_element_set_state_func:<queue3> current READY, old_pending VOID_PENDING, next VOID_PENDING, old return SUCCESS
06-06 22:07:27.117  4906  4906 D GStreamer+GST_STATES: 0:02:30.948299890 0xe8df3e00 gstelement.c:2597:gst_element_set_state_func:<queue3> final: setting state from READY to PAUSED
06-06 22:07:27.117  4906  4906 D GStreamer+GST_ELEMENT_PADS: 0:02:30.948322546 0xe8df3e00 gstelement.c:2795:gst_element_pads_activate:<queue3> activate pads
06-06 22:07:27.117  4906  4906 D GStreamer+GST_PADS: 0:02:30.948344682 0xe8df3e00 gstpad.c:1063:gst_pad_set_active:<queue3:src> activating pad from none
06-06 22:07:27.117  4906  4906 D GStreamer+GST_PADS: 0:02:30.948363640 0xe8df3e00 gstpad.c:979:pre_activate:<queue3:src> setting pad into push mode, unset flushing
06-06 22:07:27.117  4906  4906 D GStreamer+GST_PADS: 0:02:30.948384473 0xe8df3e00 gstpad.c:5978:gst_pad_start_task:<queue3:src> start task
06-06 22:07:27.117  4906  4906 D GStreamer+task: 0:02:30.948428640 0xe8df3e00 gsttask.c:427:gst_task_new Created task 0xe924e0d0
06-06 22:07:27.117  4906  4906 I GStreamer+task: 0:02:30.948447754 0xe8df3e00 gsttask.c:453:gst_task_set_lock setting stream lock 0xe9160464 on task 0xe924e0d0
06-06 22:07:27.117  4906  4906 I GStreamer+GST_PADS: 0:02:30.948467129 0xe8df3e00 gstpad.c:5987:gst_pad_start_task:<queue3:src> created task 0xe924e0d0
06-06 22:07:27.117  4906  4906 D GStreamer+GST_PADS: 0:02:30.948486609 0xe8df3e00 gstpad.c:5904:do_stream_status:<queue3:src> doing stream-status 0
06-06 22:07:27.117  4906  4906 D GStreamer+GST_PADS: 0:02:30.948511921 0xe8df3e00 gstpad.c:5933:do_stream_status:<queue3:src> posting stream-status 0
06-06 22:07:27.117  4906  4906 D GStreamer+GST_BUS: 0:02:30.948532859 0xe8df3e00 gstbus.c:309:gst_bus_post:<bus8> [msg 0xe92ef780] posting on bus stream-status message: 0xe92ef780, time 99:99:99.999999999, seq-num 809, element 'src', GstMessageStreamStatus, type=(GstStreamStatusType)GST_STREAM_STATUS_TYPE_CREATE, owner=(GstElement)"\(GstQueue\)\ queue3", object=(GstTask)"\(GstTask\)\ task11";
06-06 22:07:27.118  4906  4906 D GStreamer+bin: 0:02:30.948586817 0xe8df3e00 gstbin.c:3654:gst_bin_handle_message_func:<pipeline1> [msg 0xe92ef780] handling child src message of type stream-status
06-06 22:07:27.118  4906  4906 D GStreamer+bin: 0:02:30.948609057 0xe8df3e00 gstbin.c:3991:gst_bin_handle_message_func:<pipeline1> posting message upward
06-06 22:07:27.118  4906  4906 D GStreamer+GST_BUS: 0:02:30.948626921 0xe8df3e00 gstbus.c:309:gst_bus_post:<bus9> [msg 0xe92ef780] posting on bus stream-status message: 0xe92ef780, time 99:99:99.999999999, seq-num 809, element 'src', GstMessageStreamStatus, type=(GstStreamStatusType)GST_STREAM_STATUS_TYPE_CREATE, owner=(GstElement)"\(GstQueue\)\ queue3", object=(GstTask)"\(GstTask\)\ task11";
