06-06 22:07:27.118  4906  4906 D GStreamer+GST_BUS: 0:02:30.948677442 0xe8df3e00 gstbus.c:348:gst_bus_post:<bus9> [msg 0xe92ef780] pushing on async queue
06-06 22:07:27.118  4906  4906 D GStreamer+GST_BUS: 0:02:30.948701452 0xe8df3e00 gstbus.c:351:gst_bus_post:<bus9> [msg 0xe92ef780] pushed on async queue
06-06 22:07:27.118  4906  4906 D GStreamer+GST_BUS: 0:02:30.948720515 0xe8df3e00 gstbus.c:344:gst_bus_post:<bus8> [msg 0xe92ef780] dropped
06-06 22:07:27.118  4906  5116 D GStreamer+GST_BUS: 0:02:30.948716140 0xe93d1d00 gstbus.c:521:gst_bus_timed_pop_filtered:<bus9> got message 0xe92ef780, stream-status from src, type mask is 4294967295
06-06 22:07:27.118  4906  4906 D GStreamer+task: 0:02:30.948748744 0xe8df3e00 gsttask.c:684:gst_task_set_state:<task11> Changing task 0xe924e0d0 to state 0
06-06 22:07:27.118  4906  5116 D GStreamer+GST_BUS: 0:02:30.948760254 0xe93d1d00 gstbus.c:789:gst_bus_source_dispatch:<bus9> source 0xe95618d8 calling dispatch with stream-status message: 0xe92ef780, time 99:99:99.999999999, seq-num 809, element 'src', GstMessageStreamStatus, type=(GstStreamStatusType)GST_STREAM_STATUS_TYPE_CREATE, owner=(GstElement)"\(GstQueue\)\ queue3", object=(GstTask)"\(GstTask\)\ task11";
06-06 22:07:27.118  4906  5116 D GStreamer+GST_BUS: 0:02:30.948821192 0xe93d1d00 gstbus.c:794:gst_bus_source_dispatch:<bus9> source 0xe95618d8 handler returns 1
06-06 22:07:27.118  4906  4906 D GStreamer+GST_PADS: 0:02:30.948816400 0xe8df3e00 gstpad.c:1188:activate_mode_internal:<queue3:src> activated in push mode
06-06 22:07:27.118  4906  5137 D GStreamer+task: 0:02:30.948837754 0xe900d060 gsttask.c:289:gst_task_func Entering task 0xe924e0d0, thread 0xe900d060
06-06 22:07:27.118  4906  4906 D GStreamer+GST_PADS: 0:02:30.948855307 0xe8df3e00 gstpad.c:1063:gst_pad_set_active:<queue3:sink> activating pad from none
06-06 22:07:27.118  4906  4906 D GStreamer+GST_PADS: 0:02:30.948877494 0xe8df3e00 gstpad.c:979:pre_activate:<queue3:sink> setting pad into push mode, unset flushing
06-06 22:07:27.118  4906  5137 D GStreamer+GST_PADS: 0:02:30.948878588 0xe900d060 gstpad.c:5904:do_stream_status:<queue3:src> doing stream-status 1
06-06 22:07:27.118  4906  4906 D GStreamer+GST_PADS: 0:02:30.948905046 0xe8df3e00 gstpad.c:1188:activate_mode_internal:<queue3:sink> activated in push mode
06-06 22:07:27.118  4906  4906 D GStreamer+GST_ELEMENT_PADS: 0:02:30.948928952 0xe8df3e00 gstelement.c:2814:gst_element_pads_activate:<queue3> pad activation successful
06-06 22:07:27.118  4906  5137 D GStreamer+GST_PADS: 0:02:30.948945515 0xe900d060 gstpad.c:5933:do_stream_status:<queue3:src> posting stream-status 1
06-06 22:07:27.118  4906  4906 D GStreamer+GST_STATES: 0:02:30.948952702 0xe8df3e00 gstelement.c:2686:gst_element_change_state:<queue3> element changed state SUCCESS
06-06 22:07:27.118  4906  4906 I GStreamer+GST_STATES: 0:02:30.948975515 0xe8df3e00 gstelement.c:2374:gst_element_continue_state:<queue3> completed state change to PAUSED
06-06 22:07:27.118  4906  4906 I GStreamer+GST_STATES: 0:02:30.948996140 0xe8df3e00 gstelement.c:2279:_priv_gst_element_state_changed:<queue3> notifying about state-changed READY to PAUSED (VOID_PENDING pending)
06-06 22:07:27.118  4906  4906 D GStreamer+GST_BUS: 0:02:30.949022598 0xe8df3e00 gstbus.c:309:gst_bus_post:<bus8> [msg 0xe92ef6d0] posting on bus state-changed message: 0xe92ef6d0, time 99:99:99.999999999, seq-num 811, element 'queue3', GstMessageStateChanged, old-state=(GstState)GST_STATE_READY, new-state=(GstState)GST_STATE_PAUSED, pending-state=(GstState)GST_STATE_VOID_PENDING;
06-06 22:07:27.118  4906  5137 D GStreamer+GST_BUS: 0:02:30.949002129 0xe900d060 gstbus.c:309:gst_bus_post:<bus8> [msg 0xe9567d18] posting on bus stream-status message: 0xe9567d18, time 99:99:99.999999999, seq-num 810, element 'src', GstMessageStreamStatus, type=(GstStreamStatusType)GST_STREAM_STATUS_TYPE_ENTER, owner=(GstElement)"\(GstQueue\)\ queue3", object=(GstTask)"\(GstTask\)\ queue3:src";
06-06 22:07:27.118  4906  4906 D GStreamer+bin: 0:02:30.949080463 0xe8df3e00 gstbin.c:3654:gst_bin_handle_message_func:<pipeline1> [msg 0xe92ef6d0] handling child queue3 message of type state-changed
06-06 22:07:27.118  4906  4906 D GStreamer+bin: 0:02:30.949103588 0xe8df3e00 gstbin.c:3991:gst_bin_handle_message_func:<pipeline1> posting message upward
06-06 22:07:27.118  4906  5137 D GStreamer+bin: 0:02:30.949093379 0xe900d060 gstbin.c:3654:gst_bin_handle_message_func:<pipeline1> [msg 0xe9567d18] handling child src message of type stream-status
06-06 22:07:27.118  4906  5137 D GStreamer+bin: 0:02:30.949137963 0xe900d060 gstbin.c:3991:gst_bin_handle_message_func:<pipeline1> posting message upward
06-06 22:07:27.118  4906  4906 D GStreamer+GST_BUS: 0:02:30.949123796 0xe8df3e00 gstbus.c:309:gst_bus_post:<bus9> [msg 0xe92ef6d0] posting on bus state-changed message: 0xe92ef6d0, time 99:99:99.999999999, seq-num 811, element 'queue3', GstMessageStateChanged, old-state=(GstState)GST_STATE_READY, new-state=(GstState)GST_STATE_PAUSED, pending-state=(GstState)GST_STATE_VOID_PENDING;
06-06 22:07:27.118  4906  4906 D GStreamer+GST_BUS: 0:02:30.949173692 0xe8df3e00 gstbus.c:348:gst_bus_post:<bus9> [msg 0xe92ef6d0] pushing on async queue
06-06 22:07:27.118  4906  4906 D GStreamer+GST_BUS: 0:02:30.949198171 0xe8df3e00 gstbus.c:351:gst_bus_post:<bus9> [msg 0xe92ef6d0] pushed on async queue
06-06 22:07:27.118  4906  5137 D GStreamer+GST_BUS: 0:02:30.949164786 0xe900d060 gstbus.c:309:gst_bus_post:<bus9> [msg 0xe9567d18] posting on bus stream-status message: 0xe9567d18, time 99:99:99.999999999, seq-num 810, element 'src', GstMessageStreamStatus, type=(GstStreamStatusType)GST_STREAM_STATUS_TYPE_ENTER, owner=(GstElement)"\(GstQueue\)\ queue3", object=(GstTask)"\(GstTask\)\ queue3:src";
06-06 22:07:27.118  4906  5116 D GStreamer+GST_BUS: 0:02:30.949213432 0xe93d1d00 gstbus.c:521:gst_bus_timed_pop_filtered:<bus9> got message 0xe92ef6d0, state-changed from queue3, type mask is 4294967295
06-06 22:07:27.118  4906  4906 D GStreamer+GST_BUS: 0:02:30.949225307 0xe8df3e00 gstbus.c:344:gst_bus_post:<bus8> [msg 0xe92ef6d0] dropped
06-06 22:07:27.118  4906  5137 D GStreamer+GST_BUS: 0:02:30.949241036 0xe900d060 gstbus.c:348:gst_bus_post:<bus9> [msg 0xe9567d18] pushing on async queue
06-06 22:07:27.118  4906  4906 D GStreamer+GST_STATES: 0:02:30.949250984 0xe8df3e00 gstelement.c:2609:gst_element_set_state_func:<queue3> returned SUCCESS
06-06 22:07:27.118  4906  4906 I GStreamer+GST_STATES: 0:02:30.949275723 0xe8df3e00 gstbin.c:2892:gst_bin_change_state_func:<pipeline1> child 'queue3' changed state to 3(PAUSED) successfully
06-06 22:07:27.118  4906  5137 D GStreamer+GST_BUS: 0:02:30.949274838 0xe900d060 gstbus.c:351:gst_bus_post:<bus9> [msg 0xe9567d18] pushed on async queue
06-06 22:07:27.118  4906  5116 D GStreamer+GST_BUS: 0:02:30.949247129 0xe93d1d00 gstbus.c:789:gst_bus_source_dispatch:<bus9> source 0xe95618d8 calling dispatch with state-changed message: 0xe92ef6d0, time 99:99:99.999999999, seq-num 811, element 'queue3', GstMessageStateChanged, old-state=(GstState)GST_STATE_READY, new-state=(GstState)GST_STATE_PAUSED, pending-state=(GstState)GST_STATE_VOID_PENDING;
06-06 22:07:27.118  4906  4906 D GStreamer+bin: 0:02:30.949312859 0xe8df3e00 gstbin.c:2295:gst_bin_sort_iterator_next:<pipeline1> queue empty, next best: decodebin2
06-06 22:07:27.118  4906  5137 D GStreamer+GST_BUS: 0:02:30.949316296 0xe900d060 gstbus.c:344:gst_bus_post:<bus8> [msg 0xe9567d18] dropped
06-06 22:07:27.118  4906  4906 D GStreamer+bin: 0:02:30.949354577 0xe8df3e00 gstbin.c:2310:gst_bin_sort_iterator_next:<pipeline1> queue head gives decodebin2
06-06 22:07:27.118  4906  5116 D GStreamer+GST_BUS: 0:02:30.949354577 0xe93d1d00 gstbus.c:794:gst_bus_source_dispatch:<bus9> source 0xe95618d8 handler returns 1
06-06 22:07:27.118  4906  5137 D GStreamer+task: 0:02:30.949357650 0xe900d060 gsttask.c:251:gst_task_configure_name:<queue3:src> Setting thread name to 'queue3:src'
06-06 22:07:27.118  4906  4906 D GStreamer+bin: 0:02:30.949377546 0xe8df3e00 gstbin.c:911:find_message:<pipeline1> no message found matching types 00001000
06-06 22:07:27.118  4906  5137 D GStreamer+queue_dataflow: 0:02:30.949388379 0xe900d060 gstqueue.c:1488:gst_queue_loop:<queue3> queue is empty
06-06 22:07:27.118  4906  4906 D GStreamer+bin: 0:02:30.949399109 0xe8df3e00 gstbin.c:918:find_message:<pipeline1>   structure-change
06-06 22:07:27.118  4906  5116 D GStreamer+GST_BUS: 0:02:30.949396921 0xe93d1d00 gstbus.c:521:gst_bus_timed_pop_filtered:<bus9> got message 0xe9567d18, stream-status from src, type mask is 4294967295
06-06 22:07:27.118  4906  4906 D GStreamer+bin: 0:02:30.949439734 0xe8df3e00 gstbin.c:2226:update_degree:<pipeline1> change element queue4, degree 1->0, linked to decodebin2
06-06 22:07:27.118  4906  4906 D GStreamer+bin: 0:02:30.949463692 0xe8df3e00 gstbin.c:2109:add_to_queue:<pipeline1> adding 'queue4' to queue
06-06 22:07:27.118  4906  5116 D GStreamer+GST_BUS: 0:02:30.949449421 0xe93d1d00 gstbus.c:789:gst_bus_source_dispatch:<bus9> source 0xe95618d8 calling dispatch with stream-status message: 0xe9567d18, time 99:99:99.999999999, seq-num 810, element 'src', GstMessageStreamStatus, type=(GstStreamStatusType)GST_STREAM_STATUS_TYPE_ENTER, owner=(GstElement)"\(GstQueue\)\ queue3", object=(GstTask)"\(GstTask\)\ queue3:src";
06-06 22:07:27.118  4906  4906 I GStreamer+GST_STATES: 0:02:30.949489369 0xe8df3e00 gstbin.c:2444:gst_bin_element_set_state:<decodebin2> current READY pending VOID_PENDING, desired next PAUSED
06-06 22:07:27.118  4906  4906 D GStreamer+bin: 0:02:30.949522077 0xe8df3e00 gstbin.c:911:find_message:<pipeline1> no message found matching types 00100000
06-06 22:07:27.118  4906  5116 D GStreamer+GST_BUS: 0:02:30.949519786 0xe93d1d00 gstbus.c:794:gst_bus_source_dispatch:<bus9> source 0xe95618d8 handler returns 1
06-06 22:07:27.118  4906  4906 D GStreamer+bin: 0:02:30.949548432 0xe8df3e00 gstbin.c:918:find_message:<pipeline1>   async-start
06-06 22:07:27.118  4906  4906 D GStreamer+bin: 0:02:30.949565723 0xe8df3e00 gstbin.c:2539:gst_bin_element_set_state:<pipeline1> setting element decodebin2 to PAUSED, base_time 0:00:00.000000000
06-06 22:07:27.119  4906  4906 D GStreamer+GST_STATES: 0:02:30.949588536 0xe8df3e00 gstelement.c:2525:gst_element_set_state_func:<decodebin2> set_state to PAUSED
06-06 22:07:27.119  4906  4906 D GStreamer+GST_STATES: 0:02:30.949606244 0xe8df3e00 gstelement.c:2550:gst_element_set_state_func:<decodebin2> setting target state to PAUSED
06-06 22:07:27.119  4906  4906 D GStreamer+GST_STATES: 0:02:30.949624213 0xe8df3e00 gstelement.c:2563:gst_element_set_state_func:<decodebin2> current READY, old_pending VOID_PENDING, next VOID_PENDING, old return SUCCESS
06-06 22:07:27.119  4906  4906 D GStreamer+GST_STATES: 0:02:30.949645202 0xe8df3e00 gstelement.c:2597:gst_element_set_state_func:<decodebin2> final: setting state from READY to PAUSED
06-06 22:07:27.119  4906  4906 D GStreamer+bin: 0:02:30.949668327 0xe8df3e00 gstbin.c:3654:gst_bin_handle_message_func:<decodebin2> [msg 0xe92ef728] handling child decodebin2 message of type async-start
06-06 22:07:27.119  4906  4906 D GStreamer+bin: 0:02:30.949689161 0xe8df3e00 gstbin.c:3844:gst_bin_handle_message_func:<decodebin2> ASYNC_START message 0xe92ef728, decodebin2
06-06 22:07:27.119  4906  4906 D GStreamer+bin: 0:02:30.949708275 0xe8df3e00 gstbin.c:911:find_message:<decodebin2> no message found matching types 00100000
06-06 22:07:27.119  4906  4906 D GStreamer+bin: 0:02:30.949727182 0xe8df3e00 gstbin.c:918:find_message:<decodebin2>   async-start
06-06 22:07:27.119  4906  4906 D GStreamer+bin: 0:02:30.949744890 0xe8df3e00 gstbin.c:958:bin_replace_message:<decodebin2> got new message 0xe92ef728, async-start from decodebin2
06-06 22:07:27.119  4906  4906 D GStreamer+GST_STATES: 0:02:30.949765775 0xe8df3e00 gstbin.c:3304:bin_handle_async_start:<decodebin2> state change busy
06-06 22:07:27.119  4906  4906 D GStreamer+bin: 0:02:30.949782650 0xe8df3e00 gstbin.c:3290:bin_handle_async_start:<decodebin2> posting ASYNC_START to parent
06-06 22:07:27.119  4906  4906 D GStreamer+GST_BUS: 0:02:30.949799577 0xe8df3e00 gstbus.c:309:gst_bus_post:<bus8> [msg 0xe915d388] posting on bus async-start message: 0xe915d388, time 99:99:99.999999999, seq-num 813, element 'decodebin2', (NULL)
06-06 22:07:27.119  4906  4906 D GStreamer+bin: 0:02:30.949834265 0xe8df3e00 gstbin.c:3654:gst_bin_handle_message_func:<pipeline1> [msg 0xe915d388] handling child decodebin2 message of type async-start
06-06 22:07:27.119  4906  4906 D GStreamer+bin: 0:02:30.949855515 0xe8df3e00 gstbin.c:3844:gst_bin_handle_message_func:<pipeline1> ASYNC_START message 0xe915d388, decodebin2
06-06 22:07:27.119  4906  4906 D GStreamer+bin: 0:02:30.949875879 0xe8df3e00 gstbin.c:911:find_message:<pipeline1> no message found matching types 00100000
06-06 22:07:27.119  4906  4906 D GStreamer+bin: 0:02:30.949894109 0xe8df3e00 gstbin.c:918:find_message:<pipeline1>   async-start
06-06 22:07:27.119  4906  4906 D GStreamer+bin: 0:02:30.949912390 0xe8df3e00 gstbin.c:958:bin_replace_message:<pipeline1> got new message 0xe915d388, async-start from decodebin2
06-06 22:07:27.119  4906  4906 D GStreamer+GST_STATES: 0:02:30.949933327 0xe8df3e00 gstbin.c:3304:bin_handle_async_start:<pipeline1> state change busy
06-06 22:07:27.119  4906  4906 D GStreamer+GST_BUS: 0:02:30.949950515 0xe8df3e00 gstbus.c:344:gst_bus_post:<bus8> [msg 0xe915d388] dropped
06-06 22:07:27.119  4906  4906 D GStreamer+GST_STATES: 0:02:30.949977338 0xe8df3e00 gstbin.c:2792:gst_bin_change_state_func:<decodebin2> changing state of children from READY to PAUSED
06-06 22:07:27.119  4906  4906 D GStreamer+bin: 0:02:30.949999161 0xe8df3e00 gstbin.c:2816:gst_bin_change_state_func:<decodebin2> clearing EOS elements
06-06 22:07:27.119  4906  4906 D GStreamer+bin: 0:02:30.950016609 0xe8df3e00 gstbin.c:992:bin_remove_messages:<decodebin2> not deleting message 0xe92ef728 of type 0x00100000
06-06 22:07:27.119  4906  4906 D GStreamer+bin: 0:02:30.950037598 0xe8df3e00 gstbin.c:992:bin_remove_messages:<decodebin2> not deleting message 0xe92ef728 of type 0x00100000
06-06 22:07:27.119  4906  4906 D GStreamer+bin: 0:02:30.950058379 0xe8df3e00 gstbin.c:2637:gst_bin_src_pads_activate:<decodebin2> activate pads
06-06 22:07:27.119  4906  4906 D GStreamer+bin: 0:02:30.950080723 0xe8df3e00 gstbin.c:2645:gst_bin_src_pads_activate:<decodebin2> pad activation successful
06-06 22:07:27.119  4906  4906 D GStreamer+bin: 0:02:30.950102702 0xe8df3e00 gstbin.c:2323:gst_bin_sort_iterator_resync:<decodebin2> resync
06-06 22:07:27.119  4906  4906 D GStreamer+bin: 0:02:30.950121713 0xe8df3e00 gstbin.c:911:find_message:<decodebin2> no message found matching types 00001000
06-06 22:07:27.119  4906  4906 D GStreamer+bin: 0:02:30.950140879 0xe8df3e00 gstbin.c:918:find_message:<decodebin2>   structure-change
06-06 22:07:27.119  4906  4906 D GStreamer+bin: 0:02:30.950161973 0xe8df3e00 gstbin.c:2249:update_degree:<decodebin2> element typefind not linked on any sinkpads
06-06 22:07:27.119  4906  4906 D GStreamer+bin: 0:02:30.950183536 0xe8df3e00 gstbin.c:2295:gst_bin_sort_iterator_next:<decodebin2> queue empty, next best: typefind
06-06 22:07:27.119  4906  4906 D GStreamer+bin: 0:02:30.950204577 0xe8df3e00 gstbin.c:2310:gst_bin_sort_iterator_next:<decodebin2> queue head gives typefind
06-06 22:07:27.119  4906  4906 D GStreamer+bin: 0:02:30.950223327 0xe8df3e00 gstbin.c:911:find_message:<decodebin2> no message found matching types 00001000
06-06 22:07:27.119  4906  4906 D GStreamer+bin: 0:02:30.950242077 0xe8df3e00 gstbin.c:918:find_message:<decodebin2>   structure-change
06-06 22:07:27.119  4906  4906 D GStreamer+bin: 0:02:30.950261192 0xe8df3e00 gstbin.c:2249:update_degree:<decodebin2> element typefind not linked on any sinkpads
06-06 22:07:27.119  4906  4906 I GStreamer+GST_STATES: 0:02:30.950281504 0xe8df3e00 gstbin.c:2444:gst_bin_element_set_state:<typefind> current READY pending VOID_PENDING, desired next PAUSED
06-06 22:07:27.119  4906  4906 D GStreamer+bin: 0:02:30.950303536 0xe8df3e00 gstbin.c:911:find_message:<decodebin2> no message found matching types 00100000
06-06 22:07:27.119  4906  4906 D GStreamer+bin: 0:02:30.950322546 0xe8df3e00 gstbin.c:918:find_message:<decodebin2>   async-start
06-06 22:07:27.119  4906  4906 D GStreamer+bin: 0:02:30.950340879 0xe8df3e00 gstbin.c:2539:gst_bin_element_set_state:<decodebin2> setting element typefind to PAUSED, base_time 0:00:00.000000000
06-06 22:07:27.119  4906  4906 D GStreamer+GST_STATES: 0:02:30.950364994 0xe8df3e00 gstelement.c:2525:gst_element_set_state_func:<typefind> set_state to PAUSED
06-06 22:07:27.119  4906  4906 D GStreamer+GST_STATES: 0:02:30.950383484 0xe8df3e00 gstelement.c:2550:gst_element_set_state_func:<typefind> setting target state to PAUSED
06-06 22:07:27.119  4906  4906 D GStreamer+GST_STATES: 0:02:30.950402234 0xe8df3e00 gstelement.c:2563:gst_element_set_state_func:<typefind> current READY, old_pending VOID_PENDING, next VOID_PENDING, old return SUCCESS
06-06 22:07:27.119  4906  4906 D GStreamer+GST_STATES: 0:02:30.950434057 0xe8df3e00 gstelement.c:2597:gst_element_set_state_func:<typefind> final: setting state from READY to PAUSED
06-06 22:07:27.119  4906  4906 D GStreamer+GST_ELEMENT_PADS: 0:02:30.950458900 0xe8df3e00 gstelement.c:2795:gst_element_pads_activate:<typefind> activate pads
06-06 22:07:27.119  4906  4906 D GStreamer+GST_PADS: 0:02:30.950481452 0xe8df3e00 gstpad.c:1063:gst_pad_set_active:<typefind:src> activating pad from none
06-06 22:07:27.119  4906  4906 D GStreamer+GST_PADS: 0:02:30.950501452 0xe8df3e00 gstpad.c:979:pre_activate:<typefind:src> setting pad into push mode, unset flushing
06-06 22:07:27.119  4906  4906 D GStreamer+GST_PADS: 0:02:30.950522546 0xe8df3e00 gstpad.c:1188:activate_mode_internal:<typefind:src> activated in push mode
06-06 22:07:27.119  4906  4906 D GStreamer+GST_PADS: 0:02:30.950547077 0xe8df3e00 gstpad.c:1063:gst_pad_set_active:<typefind:sink> activating pad from none
06-06 22:07:27.119  4906  4906 D GStreamer+query: 0:02:30.950570619 0xe8df3e00 gstquery.c:674:gst_query_new_custom creating new query 0xe900d260 scheduling
06-06 22:07:27.120  4906  4906 D GStreamer+GST_PADS: 0:02:30.950592129 0xe8df3e00 gstpad.c:4049:gst_pad_peer_query:<typefind:sink> peer query 0xe900d260 (scheduling)
06-06 22:07:27.120  4906  4906 D GStreamer+GST_PADS: 0:02:30.950615150 0xe8df3e00 gstpad.c:3922:gst_pad_query:<sink:proxypad5> doing query 0xe900d260 (scheduling)
06-06 22:07:27.120  4906  4906 D GStreamer+GST_PADS: 0:02:30.950639213 0xe8df3e00 gstpad.c:3367:gst_pad_query_default:<sink:proxypad5> forwarding 0xe900d260 (scheduling) query
06-06 22:07:27.120  4906  4906 D GStreamer+GST_PADS: 0:02:30.950665359 0xe8df3e00 gstpad.c:4049:gst_pad_peer_query:<decodebin2:sink> peer query 0xe900d260 (scheduling)
06-06 22:07:27.120  4906  4906 D GStreamer+GST_PADS: 0:02:30.950688171 0xe8df3e00 gstpad.c:3922:gst_pad_query:<queue4:src> doing query 0xe900d260 (scheduling)
06-06 22:07:27.120  4906  4906 D GStreamer+GST_PADS: 0:02:30.950713067 0xe8df3e00 gstpad.c:3945:gst_pad_query:<queue4:src> sent query 0xe900d260 (scheduling), result 1
06-06 22:07:27.120  4906  4906 D GStreamer+GST_PADS: 0:02:30.950737807 0xe8df3e00 gstpad.c:3945:gst_pad_query:<sink:proxypad5> sent query 0xe900d260 (scheduling), result 1
06-06 22:07:27.120  4906  4906 D GStreamer+GST_PADS: 0:02:30.950764994 0xe8df3e00 gstpad.c:979:pre_activate:<typefind:sink> setting pad into push mode, unset flushing
06-06 22:07:27.120  4906  4906 D GStreamer+GST_PADS: 0:02:30.950785619 0xe8df3e00 gstpad.c:991:pre_activate:<typefind:sink> reschedule events on peer sink:proxypad5
06-06 22:07:27.120  4906  4906 D GStreamer+typefind: 0:02:30.950807546 0xe8df3e00 gsttypefindelement.c:577:start_typefinding:<typefind> starting typefinding
06-06 22:07:27.120  4906  4906 D GStreamer+GST_PADS: 0:02:30.950825619 0xe8df3e00 gstpad.c:1188:activate_mode_internal:<typefind:sink> activated in push mode
06-06 22:07:27.120  4906  4906 D GStreamer+GST_ELEMENT_PADS: 0:02:30.950847598 0xe8df3e00 gstelement.c:2814:gst_element_pads_activate:<typefind> pad activation successful
06-06 22:07:27.120  4906  4906 D GStreamer+GST_STATES: 0:02:30.950868171 0xe8df3e00 gstelement.c:2686:gst_element_change_state:<typefind> element changed state SUCCESS
06-06 22:07:27.120  4906  4906 I GStreamer+GST_STATES: 0:02:30.950886192 0xe8df3e00 gstelement.c:2374:gst_element_continue_state:<typefind> completed state change to PAUSED
06-06 22:07:27.120  4906  4906 I GStreamer+GST_STATES: 0:02:30.950905046 0xe8df3e00 gstelement.c:2279:_priv_gst_element_state_changed:<typefind> notifying about state-changed READY to PAUSED (VOID_PENDING pending)
06-06 22:07:27.120  4906  4906 D GStreamer+GST_BUS: 0:02:30.950929838 0xe8df3e00 gstbus.c:309:gst_bus_post:<bus6> [msg 0xe92ef9d0] posting on bus state-changed message: 0xe92ef9d0, time 99:99:99.999999999, seq-num 814, element 'typefind', GstMessageStateChanged, old-state=(GstState)GST_STATE_READY, new-state=(GstState)GST_STATE_PAUSED, pending-state=(GstState)GST_STATE_VOID_PENDING;
06-06 22:07:27.120  4906  4906 D GStreamer+decodebin: 0:02:30.950977546 0xe8df3e00 gstdecodebin2.c:5492:gst_decode_bin_handle_message:<decodebin2> Forwarding msg state-changed message: 0xe92ef9d0, time 99:99:99.999999999, seq-num 814, element 'typefind', GstMessageStateChanged, old-state=(GstState)GST_STATE_READY, new-state=(GstState)GST_STATE_PAUSED, pending-state=(GstState)GST_STATE_VOID_PENDING;
06-06 22:07:27.120  4906  4906 D GStreamer+bin: 0:02:30.951021088 0xe8df3e00 gstbin.c:3654:gst_bin_handle_message_func:<decodebin2> [msg 0xe92ef9d0] handling child typefind message of type state-changed
06-06 22:07:27.120  4906  4906 D GStreamer+bin: 0:02:30.951043327 0xe8df3e00 gstbin.c:3991:gst_bin_handle_message_func:<decodebin2> posting message upward
06-06 22:07:27.120  4906  4906 D GStreamer+GST_BUS: 0:02:30.951061557 0xe8df3e00 gstbus.c:309:gst_bus_post:<bus8> [msg 0xe92ef9d0] posting on bus state-changed message: 0xe92ef9d0, time 99:99:99.999999999, seq-num 814, element 'typefind', GstMessageStateChanged, old-state=(GstState)GST_STATE_READY, new-state=(GstState)GST_STATE_PAUSED, pending-state=(GstState)GST_STATE_VOID_PENDING;
06-06 22:07:27.120  4906  4906 D GStreamer+bin: 0:02:30.951105202 0xe8df3e00 gstbin.c:3654:gst_bin_handle_message_func:<pipeline1> [msg 0xe92ef9d0] handling child typefind message of type state-changed
06-06 22:07:27.120  4906  4906 D GStreamer+bin: 0:02:30.951127025 0xe8df3e00 gstbin.c:3991:gst_bin_handle_message_func:<pipeline1> posting message upward
06-06 22:07:27.120  4906  4906 D GStreamer+GST_BUS: 0:02:30.951144525 0xe8df3e00 gstbus.c:309:gst_bus_post:<bus9> [msg 0xe92ef9d0] posting on bus state-changed message: 0xe92ef9d0, time 99:99:99.999999999, seq-num 814, element 'typefind', GstMessageStateChanged, old-state=(GstState)GST_STATE_READY, new-state=(GstState)GST_STATE_PAUSED, pending-state=(GstState)GST_STATE_VOID_PENDING;
06-06 22:07:27.120  4906  4906 D GStreamer+GST_BUS: 0:02:30.951186348 0xe8df3e00 gstbus.c:348:gst_bus_post:<bus9> [msg 0xe92ef9d0] pushing on async queue
06-06 22:07:27.120  4906  4906 D GStreamer+GST_BUS: 0:02:30.951209942 0xe8df3e00 gstbus.c:351:gst_bus_post:<bus9> [msg 0xe92ef9d0] pushed on async queue
06-06 22:07:27.120  4906  4906 D GStreamer+GST_BUS: 0:02:30.951228640 0xe8df3e00 gstbus.c:344:gst_bus_post:<bus8> [msg 0xe92ef9d0] dropped
06-06 22:07:27.120  4906  5116 D GStreamer+GST_BUS: 0:02:30.951224942 0xe93d1d00 gstbus.c:521:gst_bus_timed_pop_filtered:<bus9> got message 0xe92ef9d0, state-changed from typefind, type mask is 4294967295
06-06 22:07:27.120  4906  4906 D GStreamer+GST_BUS: 0:02:30.951254942 0xe8df3e00 gstbus.c:344:gst_bus_post:<bus6> [msg 0xe92ef9d0] dropped
06-06 22:07:27.120  4906  4906 D GStreamer+GST_STATES: 0:02:30.951274473 0xe8df3e00 gstelement.c:2609:gst_element_set_state_func:<typefind> returned SUCCESS
06-06 22:07:27.120  4906  5116 D GStreamer+GST_BUS: 0:02:30.951263432 0xe93d1d00 gstbus.c:789:gst_bus_source_dispatch:<bus9> source 0xe95618d8 calling dispatch with state-changed message: 0xe92ef9d0, time 99:99:99.999999999, seq-num 814, element 'typefind', GstMessageStateChanged, old-state=(GstState)GST_STATE_READY, new-state=(GstState)GST_STATE_PAUSED, pending-state=(GstState)GST_STATE_VOID_PENDING;
06-06 22:07:27.120  4906  4906 I GStreamer+GST_STATES: 0:02:30.951296557 0xe8df3e00 gstbin.c:2892:gst_bin_change_state_func:<decodebin2> child 'typefind' changed state to 3(PAUSED) successfully
06-06 22:07:27.120  4906  4906 D GStreamer+bin: 0:02:30.951324317 0xe8df3e00 gstbin.c:2299:gst_bin_sort_iterator_next:<decodebin2> queue empty, elements exhausted
06-06 22:07:27.120  4906  5116 D GStreamer+GST_BUS: 0:02:30.951326452 0xe93d1d00 gstbus.c:794:gst_bus_source_dispatch:<bus9> source 0xe95618d8 handler returns 1
06-06 22:07:27.120  4906  4906 D GStreamer+GST_STATES: 0:02:30.951343692 0xe8df3e00 gstbin.c:2951:gst_bin_change_state_func:<decodebin2> iterator done
06-06 22:07:27.120  4906  4906 D GStreamer+GST_ELEMENT_PADS: 0:02:30.951361400 0xe8df3e00 gstelement.c:2795:gst_element_pads_activate:<decodebin2> activate pads
06-06 22:07:27.120  4906  4906 D GStreamer+GST_PADS: 0:02:30.951383015 0xe8df3e00 gstpad.c:1063:gst_pad_set_active:<decodebin2:sink> activating pad from none
06-06 22:07:27.120  4906  4906 D GStreamer+GST_PADS: 0:02:30.951402129 0xe8df3e00 gstpad.c:979:pre_activate:<decodebin2:sink> setting pad into push mode, unset flushing
06-06 22:07:27.120  4906  4906 D GStreamer+GST_PADS: 0:02:30.951429734 0xe8df3e00 gstpad.c:991:pre_activate:<decodebin2:sink> reschedule events on peer queue4:src
06-06 22:07:27.120  4906  4906 D GStreamer+GST_PADS: 0:02:30.951451973 0xe8df3e00 gstpad.c:979:pre_activate:<sink:proxypad5> setting pad into push mode, unset flushing
06-06 22:07:27.120  4906  4906 D GStreamer+GST_PADS: 0:02:30.951471713 0xe8df3e00 gstpad.c:1207:activate_mode_internal:<decodebin2:sink> already activated in push mode
06-06 22:07:27.120  4906  4906 D GStreamer+GST_PADS: 0:02:30.951491296 0xe8df3e00 gstpad.c:1188:activate_mode_internal:<sink:proxypad5> activated in push mode
06-06 22:07:27.120  4906  4906 D GStreamer+GST_PADS: 0:02:30.951512077 0xe8df3e00 gstpad.c:1188:activate_mode_internal:<decodebin2:sink> activated in push mode
06-06 22:07:27.120  4906  4906 D GStreamer+GST_ELEMENT_PADS: 0:02:30.951534109 0xe8df3e00 gstelement.c:2814:gst_element_pads_activate:<decodebin2> pad activation successful
06-06 22:07:27.120  4906  4906 D GStreamer+bin: 0:02:30.951555046 0xe8df3e00 gstbin.c:2341:gst_bin_sort_iterator_free:<decodebin2> free
06-06 22:07:27.121  4906  4906 D GStreamer+bin: 0:02:30.951574421 0xe8df3e00 gstbin.c:2986:gst_bin_change_state_func:<decodebin2> no async elements
06-06 22:07:27.121  4906  4906 D GStreamer+GST_STATES: 0:02:30.951591869 0xe8df3e00 gstbin.c:3020:gst_bin_change_state_func:<decodebin2> done changing bin's state from READY to PAUSED, now in READY, ret SUCCESS
06-06 22:07:27.121  4906  4906 D GStreamer+GST_STATES: 0:02:30.951615150 0xe8df3e00 gstelement.c:2668:gst_element_change_state:<decodebin2> element will change state ASYNC
06-06 22:07:27.121  4906  4906 D GStreamer+GST_STATES: 0:02:30.951632754 0xe8df3e00 gstelement.c:2609:gst_element_set_state_func:<decodebin2> returned ASYNC
06-06 22:07:27.121  4906  4906 I GStreamer+GST_STATES: 0:02:30.951652025 0xe8df3e00 gstbin.c:2898:gst_bin_change_state_func:<pipeline1> child 'decodebin2' is changing state asynchronously to PAUSED
06-06 22:07:27.121  4906  4906 D GStreamer+bin: 0:02:30.951674421 0xe8df3e00 gstbin.c:2310:gst_bin_sort_iterator_next:<pipeline1> queue head gives queue4
06-06 22:07:27.121  4906  4906 D GStreamer+bin: 0:02:30.951694369 0xe8df3e00 gstbin.c:911:find_message:<pipeline1> no message found matching types 00001000
06-06 22:07:27.121  4906  4906 D GStreamer+bin: 0:02:30.951712859 0xe8df3e00 gstbin.c:918:find_message:<pipeline1>   structure-change
06-06 22:07:27.121  4906  4906 D GStreamer+bin: 0:02:30.951731661 0xe8df3e00 gstbin.c:2249:update_degree:<pipeline1> element queue4 not linked on any sinkpads
06-06 22:07:27.121  4906  4906 I GStreamer+GST_STATES: 0:02:30.951751765 0xe8df3e00 gstbin.c:2444:gst_bin_element_set_state:<queue4> current READY pending VOID_PENDING, desired next PAUSED
06-06 22:07:27.121  4906  4906 D GStreamer+bin: 0:02:30.951773796 0xe8df3e00 gstbin.c:911:find_message:<pipeline1> no message found matching types 00100000
06-06 22:07:27.121  4906  4906 D GStreamer+bin: 0:02:30.951792390 0xe8df3e00 gstbin.c:918:find_message:<pipeline1>   async-start
06-06 22:07:27.121  4906  4906 D GStreamer+bin: 0:02:30.951810307 0xe8df3e00 gstbin.c:2539:gst_bin_element_set_state:<pipeline1> setting element queue4 to PAUSED, base_time 0:00:00.000000000
06-06 22:07:27.121  4906  4906 D GStreamer+GST_STATES: 0:02:30.951833848 0xe8df3e00 gstelement.c:2525:gst_element_set_state_func:<queue4> set_state to PAUSED
06-06 22:07:27.121  4906  4906 D GStreamer+GST_STATES: 0:02:30.951852077 0xe8df3e00 gstelement.c:2550:gst_element_set_state_func:<queue4> setting target state to PAUSED
06-06 22:07:27.121  4906  4906 D GStreamer+GST_STATES: 0:02:30.951870307 0xe8df3e00 gstelement.c:2563:gst_element_set_state_func:<queue4> current READY, old_pending VOID_PENDING, next VOID_PENDING, old return SUCCESS
06-06 22:07:27.121  4906  4906 D GStreamer+GST_STATES: 0:02:30.951892494 0xe8df3e00 gstelement.c:2597:gst_element_set_state_func:<queue4> final: setting state from READY to PAUSED
06-06 22:07:27.121  4906  4906 D GStreamer+GST_ELEMENT_PADS: 0:02:30.951914890 0xe8df3e00 gstelement.c:2795:gst_element_pads_activate:<queue4> activate pads
06-06 22:07:27.121  4906  4906 D GStreamer+GST_PADS: 0:02:30.951936609 0xe8df3e00 gstpad.c:1063:gst_pad_set_active:<queue4:src> activating pad from none
06-06 22:07:27.121  4906  4906 D GStreamer+GST_PADS: 0:02:30.951955359 0xe8df3e00 gstpad.c:979:pre_activate:<queue4:src> setting pad into push mode, unset flushing
06-06 22:07:27.121  4906  4906 D GStreamer+GST_PADS: 0:02:30.951976088 0xe8df3e00 gstpad.c:5978:gst_pad_start_task:<queue4:src> start task
06-06 22:07:27.121  4906  4906 D GStreamer+task: 0:02:30.952010202 0xe8df3e00 gsttask.c:427:gst_task_new Created task 0xe9573978
06-06 22:07:27.121  4906  4906 I GStreamer+task: 0:02:30.952028692 0xe8df3e00 gsttask.c:453:gst_task_set_lock setting stream lock 0xe953006c on task 0xe9573978
06-06 22:07:27.121  4906  4906 I GStreamer+GST_PADS: 0:02:30.952047182 0xe8df3e00 gstpad.c:5987:gst_pad_start_task:<queue4:src> created task 0xe9573978
06-06 22:07:27.121  4906  4906 D GStreamer+GST_PADS: 0:02:30.952066557 0xe8df3e00 gstpad.c:5904:do_stream_status:<queue4:src> doing stream-status 0
06-06 22:07:27.121  4906  4906 D GStreamer+GST_PADS: 0:02:30.952092754 0xe8df3e00 gstpad.c:5933:do_stream_status:<queue4:src> posting stream-status 0
06-06 22:07:27.121  4906  4906 D GStreamer+GST_BUS: 0:02:30.952113848 0xe8df3e00 gstbus.c:309:gst_bus_post:<bus8> [msg 0xe92efb88] posting on bus stream-status message: 0xe92efb88, time 99:99:99.999999999, seq-num 815, element 'src', GstMessageStreamStatus, type=(GstStreamStatusType)GST_STREAM_STATUS_TYPE_CREATE, owner=(GstElement)"\(GstQueue\)\ queue4", object=(GstTask)"\(GstTask\)\ task12";
06-06 22:07:27.121  4906  4906 D GStreamer+bin: 0:02:30.952168900 0xe8df3e00 gstbin.c:3654:gst_bin_handle_message_func:<pipeline1> [msg 0xe92efb88] handling child src message of type stream-status
06-06 22:07:27.121  4906  4906 D GStreamer+bin: 0:02:30.952191140 0xe8df3e00 gstbin.c:3991:gst_bin_handle_message_func:<pipeline1> posting message upward
06-06 22:07:27.121  4906  4906 D GStreamer+GST_BUS: 0:02:30.952209004 0xe8df3e00 gstbus.c:309:gst_bus_post:<bus9> [msg 0xe92efb88] posting on bus stream-status message: 0xe92efb88, time 99:99:99.999999999, seq-num 815, element 'src', GstMessageStreamStatus, type=(GstStreamStatusType)GST_STREAM_STATUS_TYPE_CREATE, owner=(GstElement)"\(GstQueue\)\ queue4", object=(GstTask)"\(GstTask\)\ task12";
06-06 22:07:27.121  4906  4906 D GStreamer+GST_BUS: 0:02:30.952259838 0xe8df3e00 gstbus.c:348:gst_bus_post:<bus9> [msg 0xe92efb88] pushing on async queue
06-06 22:07:27.121  4906  4906 D GStreamer+GST_BUS: 0:02:30.952283119 0xe8df3e00 gstbus.c:351:gst_bus_post:<bus9> [msg 0xe92efb88] pushed on async queue
06-06 22:07:27.121  4906  4906 D GStreamer+GST_BUS: 0:02:30.952301869 0xe8df3e00 gstbus.c:344:gst_bus_post:<bus8> [msg 0xe92efb88] dropped
06-06 22:07:27.121  4906  5116 D GStreamer+GST_BUS: 0:02:30.952297754 0xe93d1d00 gstbus.c:521:gst_bus_timed_pop_filtered:<bus9> got message 0xe92efb88, stream-status from src, type mask is 4294967295
06-06 22:07:27.121  4906  4906 D GStreamer+task: 0:02:30.952326713 0xe8df3e00 gsttask.c:684:gst_task_set_state:<task12> Changing task 0xe9573978 to state 0
06-06 22:07:27.121  4906  4906 D GStreamer+GST_PADS: 0:02:30.952380827 0xe8df3e00 gstpad.c:1188:activate_mode_internal:<queue4:src> activated in push mode
06-06 22:07:27.121  4906  5116 D GStreamer+GST_BUS: 0:02:30.952334942 0xe93d1d00 gstbus.c:789:gst_bus_source_dispatch:<bus9> source 0xe95618d8 calling dispatch with stream-status message: 0xe92efb88, time 99:99:99.999999999, seq-num 815, element 'src', GstMessageStreamStatus, type=(GstStreamStatusType)GST_STREAM_STATUS_TYPE_CREATE, owner=(GstElement)"\(GstQueue\)\ queue4", object=(GstTask)"\(GstTask\)\ task12";
06-06 22:07:27.121  4906  4906 D GStreamer+GST_PADS: 0:02:30.952409473 0xe8df3e00 gstpad.c:1063:gst_pad_set_active:<queue4:sink> activating pad from none
06-06 22:07:27.121  4906  5138 D GStreamer+task: 0:02:30.952410463 0xe900d0c0 gsttask.c:289:gst_task_func Entering task 0xe9573978, thread 0xe900d0c0
06-06 22:07:27.121  4906  4906 D GStreamer+GST_PADS: 0:02:30.952439734 0xe8df3e00 gstpad.c:979:pre_activate:<queue4:sink> setting pad into push mode, unset flushing
06-06 22:07:27.121  4906  5116 D GStreamer+GST_BUS: 0:02:30.952443379 0xe93d1d00 gstbus.c:794:gst_bus_source_dispatch:<bus9> source 0xe95618d8 handler returns 1
06-06 22:07:27.121  4906  5138 D GStreamer+GST_PADS: 0:02:30.952454629 0xe900d0c0 gstpad.c:5904:do_stream_status:<queue4:src> doing stream-status 1
06-06 22:07:27.121  4906  4906 D GStreamer+GST_PADS: 0:02:30.952464473 0xe8df3e00 gstpad.c:1188:activate_mode_internal:<queue4:sink> activated in push mode
06-06 22:07:27.121  4906  4906 D GStreamer+GST_ELEMENT_PADS: 0:02:30.952488588 0xe8df3e00 gstelement.c:2814:gst_element_pads_activate:<queue4> pad activation successful
06-06 22:07:27.121  4906  4906 D GStreamer+GST_STATES: 0:02:30.952507650 0xe8df3e00 gstelement.c:2686:gst_element_change_state:<queue4> element changed state SUCCESS
06-06 22:07:27.121  4906  5138 D GStreamer+GST_PADS: 0:02:30.952512077 0xe900d0c0 gstpad.c:5933:do_stream_status:<queue4:src> posting stream-status 1
06-06 22:07:27.121  4906  4906 I GStreamer+GST_STATES: 0:02:30.952527234 0xe8df3e00 gstelement.c:2374:gst_element_continue_state:<queue4> completed state change to PAUSED
06-06 22:07:27.121  4906  4906 I GStreamer+GST_STATES: 0:02:30.952547963 0xe8df3e00 gstelement.c:2279:_priv_gst_element_state_changed:<queue4> notifying about state-changed READY to PAUSED (VOID_PENDING pending)
06-06 22:07:27.122  4906  4906 D GStreamer+GST_BUS: 0:02:30.952574942 0xe8df3e00 gstbus.c:309:gst_bus_post:<bus8> [msg 0xe92efb30] posting on bus state-changed message: 0xe92efb30, time 99:99:99.999999999, seq-num 817, element 'queue4', GstMessageStateChanged, old-state=(GstState)GST_STATE_READY, new-state=(GstState)GST_STATE_PAUSED, pending-state=(GstState)GST_STATE_VOID_PENDING;
06-06 22:07:27.122  4906  5138 D GStreamer+GST_BUS: 0:02:30.952554057 0xe900d0c0 gstbus.c:309:gst_bus_post:<bus8> [msg 0xe9567c68] posting on bus stream-status message: 0xe9567c68, time 99:99:99.999999999, seq-num 816, element 'src', GstMessageStreamStatus, type=(GstStreamStatusType)GST_STREAM_STATUS_TYPE_ENTER, owner=(GstElement)"\(GstQueue\)\ queue4", object=(GstTask)"\(GstTask\)\ queue4:src";
06-06 22:07:27.122  4906  4906 D GStreamer+bin: 0:02:30.952625879 0xe8df3e00 gstbin.c:3654:gst_bin_handle_message_func:<pipeline1> [msg 0xe92efb30] handling child queue4 message of type state-changed
06-06 22:07:27.122  4906  4906 D GStreamer+bin: 0:02:30.952651296 0xe8df3e00 gstbin.c:3991:gst_bin_handle_message_func:<pipeline1> posting message upward
06-06 22:07:27.122  4906  5138 D GStreamer+bin: 0:02:30.952647546 0xe900d0c0 gstbin.c:3654:gst_bin_handle_message_func:<pipeline1> [msg 0xe9567c68] handling child src message of type stream-status
06-06 22:07:27.122  4906  5138 D GStreamer+bin: 0:02:30.952680775 0xe900d0c0 gstbin.c:3991:gst_bin_handle_message_func:<pipeline1> posting message upward
06-06 22:07:27.122  4906  4906 D GStreamer+GST_BUS: 0:02:30.952675671 0xe8df3e00 gstbus.c:309:gst_bus_post:<bus9> [msg 0xe92efb30] posting on bus state-changed message: 0xe92efb30, time 99:99:99.999999999, seq-num 817, element 'queue4', GstMessageStateChanged, old-state=(GstState)GST_STATE_READY, new-state=(GstState)GST_STATE_PAUSED, pending-state=(GstState)GST_STATE_VOID_PENDING;
06-06 22:07:27.122  4906  4906 D GStreamer+GST_BUS: 0:02:30.952724890 0xe8df3e00 gstbus.c:348:gst_bus_post:<bus9> [msg 0xe92efb30] pushing on async queue
06-06 22:07:27.122  4906  4906 D GStreamer+GST_BUS: 0:02:30.952754629 0xe8df3e00 gstbus.c:351:gst_bus_post:<bus9> [msg 0xe92efb30] pushed on async queue
06-06 22:07:27.122  4906  5138 D GStreamer+GST_BUS: 0:02:30.952702963 0xe900d0c0 gstbus.c:309:gst_bus_post:<bus9> [msg 0xe9567c68] posting on bus stream-status message: 0xe9567c68, time 99:99:99.999999999, seq-num 816, element 'src', GstMessageStreamStatus, type=(GstStreamStatusType)GST_STREAM_STATUS_TYPE_ENTER, owner=(GstElement)"\(GstQueue\)\ queue4", object=(GstTask)"\(GstTask\)\ queue4:src";
06-06 22:07:27.122  4906  4906 D GStreamer+GST_BUS: 0:02:30.952781504 0xe8df3e00 gstbus.c:344:gst_bus_post:<bus8> [msg 0xe92efb30] dropped
06-06 22:07:27.122  4906  5116 D GStreamer+GST_BUS: 0:02:30.952769004 0xe93d1d00 gstbus.c:521:gst_bus_timed_pop_filtered:<bus9> got message 0xe92efb30, state-changed from queue4, type mask is 4294967295
06-06 22:07:27.122  4906  5138 D GStreamer+GST_BUS: 0:02:30.952784161 0xe900d0c0 gstbus.c:348:gst_bus_post:<bus9> [msg 0xe9567c68] pushing on async queue
06-06 22:07:27.122  4906  4906 D GStreamer+GST_STATES: 0:02:30.952808484 0xe8df3e00 gstelement.c:2609:gst_element_set_state_func:<queue4> returned SUCCESS
06-06 22:07:27.122  4906  4906 I GStreamer+GST_STATES: 0:02:30.952835411 0xe8df3e00 gstbin.c:2892:gst_bin_change_state_func:<pipeline1> child 'queue4' changed state to 3(PAUSED) successfully
06-06 22:07:27.122  4906  5116 D GStreamer+GST_BUS: 0:02:30.952809525 0xe93d1d00 gstbus.c:789:gst_bus_source_dispatch:<bus9> source 0xe95618d8 calling dispatch with state-changed message: 0xe92efb30, time 99:99:99.999999999, seq-num 817, element 'queue4', GstMessageStateChanged, old-state=(GstState)GST_STATE_READY, new-state=(GstState)GST_STATE_PAUSED, pending-state=(GstState)GST_STATE_VOID_PENDING;
06-06 22:07:27.122  4906  5138 D GStreamer+GST_BUS: 0:02:30.952835359 0xe900d0c0 gstbus.c:351:gst_bus_post:<bus9> [msg 0xe9567c68] pushed on async queue
06-06 22:07:27.122  4906  4906 D GStreamer+bin: 0:02:30.952876140 0xe8df3e00 gstbin.c:2295:gst_bin_sort_iterator_next:<pipeline1> queue empty, next best: forhwgl
06-06 22:07:27.122  4906  5138 D GStreamer+GST_BUS: 0:02:30.952878796 0xe900d0c0 gstbus.c:344:gst_bus_post:<bus8> [msg 0xe9567c68] dropped
06-06 22:07:27.122  4906  5116 D GStreamer+GST_BUS: 0:02:30.952883484 0xe93d1d00 gstbus.c:794:gst_bus_source_dispatch:<bus9> source 0xe95618d8 handler returns 1
06-06 22:07:27.122  4906  4906 D GStreamer+bin: 0:02:30.952899577 0xe8df3e00 gstbin.c:2310:gst_bin_sort_iterator_next:<pipeline1> queue head gives forhwgl
06-06 22:07:27.122  4906  5138 D GStreamer+task: 0:02:30.952911192 0xe900d0c0 gsttask.c:251:gst_task_configure_name:<queue4:src> Setting thread name to 'queue4:src'
06-06 22:07:27.122  4906  4906 D GStreamer+bin: 0:02:30.952919265 0xe8df3e00 gstbin.c:911:find_message:<pipeline1> no message found matching types 00001000
06-06 22:07:27.122  4906  5116 D GStreamer+GST_BUS: 0:02:30.952924473 0xe93d1d00 gstbus.c:521:gst_bus_timed_pop_filtered:<bus9> got message 0xe9567c68, stream-status from src, type mask is 4294967295
06-06 22:07:27.122  4906  4906 D GStreamer+bin: 0:02:30.952940984 0xe8df3e00 gstbin.c:918:find_message:<pipeline1>   structure-change
06-06 22:07:27.122  4906  5138 D GStreamer+queue_dataflow: 0:02:30.952952754 0xe900d0c0 gstqueue.c:1488:gst_queue_loop:<queue4> queue is empty
06-06 22:07:27.122  4906  4906 D GStreamer+bin: 0:02:30.952968588 0xe8df3e00 gstbin.c:2226:update_degree:<pipeline1> change element queue2, degree 1->0, linked to forhwgl
06-06 22:07:27.122  4906  4906 D GStreamer+bin: 0:02:30.952998588 0xe8df3e00 gstbin.c:2109:add_to_queue:<pipeline1> adding 'queue2' to queue
06-06 22:07:27.122  4906  5116 D GStreamer+GST_BUS: 0:02:30.952953744 0xe93d1d00 gstbus.c:789:gst_bus_source_dispatch:<bus9> source 0xe95618d8 calling dispatch with stream-status message: 0xe9567c68, time 99:99:99.999999999, seq-num 816, element 'src', GstMessageStreamStatus, type=(GstStreamStatusType)GST_STREAM_STATUS_TYPE_ENTER, owner=(GstElement)"\(GstQueue\)\ queue4", object=(GstTask)"\(GstTask\)\ queue4:src";
06-06 22:07:27.122  4906  4906 I GStreamer+GST_STATES: 0:02:30.953022598 0xe8df3e00 gstbin.c:2444:gst_bin_element_set_state:<forhwgl> current READY pending VOID_PENDING, desired next PAUSED
06-06 22:07:27.122  4906  5116 D GStreamer+GST_BUS: 0:02:30.953036661 0xe93d1d00 gstbus.c:794:gst_bus_source_dispatch:<bus9> source 0xe95618d8 handler returns 1
06-06 22:07:27.122  4906  4906 D GStreamer+bin: 0:02:30.953044629 0xe8df3e00 gstbin.c:911:find_message:<pipeline1> no message found matching types 00100000
06-06 22:07:27.122  4906  4906 D GStreamer+bin: 0:02:30.953063796 0xe8df3e00 gstbin.c:918:find_message:<pipeline1>   async-start
06-06 22:07:27.122  4906  4906 D GStreamer+bin: 0:02:30.953080307 0xe8df3e00 gstbin.c:2539:gst_bin_element_set_state:<pipeline1> setting element forhwgl to PAUSED, base_time 0:00:00.000000000
06-06 22:07:27.122  4906  4906 D GStreamer+GST_STATES: 0:02:30.953102807 0xe8df3e00 gstelement.c:2525:gst_element_set_state_func:<forhwgl> set_state to PAUSED
06-06 22:07:27.122  4906  4906 D GStreamer+GST_STATES: 0:02:30.953119786 0xe8df3e00 gstelement.c:2550:gst_element_set_state_func:<forhwgl> setting target state to PAUSED
06-06 22:07:27.122  4906  4906 D GStreamer+GST_STATES: 0:02:30.953137077 0xe8df3e00 gstelement.c:2563:gst_element_set_state_func:<forhwgl> current READY, old_pending VOID_PENDING, next VOID_PENDING, old return SUCCESS
06-06 22:07:27.122  4906  4906 D GStreamer+GST_STATES: 0:02:30.953157546 0xe8df3e00 gstelement.c:2597:gst_element_set_state_func:<forhwgl> final: setting state from READY to PAUSED
06-06 22:07:27.122  4906  4906 D GStreamer+bin: 0:02:30.953180775 0xe8df3e00 gstbin.c:3654:gst_bin_handle_message_func:<forhwgl> [msg 0xe92efad8] handling child forhwgl message of type async-start
06-06 22:07:27.122  4906  4906 D GStreamer+bin: 0:02:30.953202598 0xe8df3e00 gstbin.c:3844:gst_bin_handle_message_func:<forhwgl> ASYNC_START message 0xe92efad8, forhwgl
06-06 22:07:27.122  4906  4906 D GStreamer+bin: 0:02:30.953221140 0xe8df3e00 gstbin.c:911:find_message:<forhwgl> no message found matching types 00100000
06-06 22:07:27.122  4906  4906 D GStreamer+bin: 0:02:30.953238223 0xe8df3e00 gstbin.c:918:find_message:<forhwgl>   async-start
06-06 22:07:27.122  4906  4906 D GStreamer+bin: 0:02:30.953255307 0xe8df3e00 gstbin.c:958:bin_replace_message:<forhwgl> got new message 0xe92efad8, async-start from forhwgl
06-06 22:07:27.122  4906  4906 D GStreamer+GST_STATES: 0:02:30.953275879 0xe8df3e00 gstbin.c:3304:bin_handle_async_start:<forhwgl> state change busy
06-06 22:07:27.122  4906  4906 D GStreamer+bin: 0:02:30.953291869 0xe8df3e00 gstbin.c:3290:bin_handle_async_start:<forhwgl> posting ASYNC_START to parent
06-06 22:07:27.122  4906  4906 D GStreamer+GST_BUS: 0:02:30.953307754 0xe8df3e00 gstbus.c:309:gst_bus_post:<bus8> [msg 0xe92efa80] posting on bus async-start message: 0xe92efa80, time 99:99:99.999999999, seq-num 819, element 'forhwgl', (NULL)
06-06 22:07:27.122  4906  4906 D GStreamer+bin: 0:02:30.953342286 0xe8df3e00 gstbin.c:3654:gst_bin_handle_message_func:<pipeline1> [msg 0xe92efa80] handling child forhwgl message of type async-start
06-06 22:07:27.122  4906  4906 D GStreamer+bin: 0:02:30.953364213 0xe8df3e00 gstbin.c:3844:gst_bin_handle_message_func:<pipeline1> ASYNC_START message 0xe92efa80, forhwgl
06-06 22:07:27.122  4906  4906 D GStreamer+bin: 0:02:30.953384213 0xe8df3e00 gstbin.c:911:find_message:<pipeline1> no message found matching types 00100000
06-06 22:07:27.122  4906  4906 D GStreamer+bin: 0:02:30.953402859 0xe8df3e00 gstbin.c:918:find_message:<pipeline1>   async-start
06-06 22:07:27.122  4906  4906 D GStreamer+bin: 0:02:30.953429525 0xe8df3e00 gstbin.c:958:bin_replace_message:<pipeline1> got new message 0xe92efa80, async-start from forhwgl
06-06 22:07:27.122  4906  4906 D GStreamer+GST_STATES: 0:02:30.953451609 0xe8df3e00 gstbin.c:3304:bin_handle_async_start:<pipeline1> state change busy
06-06 22:07:27.122  4906  4906 D GStreamer+GST_BUS: 0:02:30.953469057 0xe8df3e00 gstbus.c:344:gst_bus_post:<bus8> [msg 0xe92efa80] dropped
06-06 22:07:27.122  4906  4906 D GStreamer+GST_STATES: 0:02:30.953493223 0xe8df3e00 gstbin.c:2792:gst_bin_change_state_func:<forhwgl> changing state of children from READY to PAUSED
06-06 22:07:27.122  4906  4906 D GStreamer+bin: 0:02:30.953514161 0xe8df3e00 gstbin.c:2816:gst_bin_change_state_func:<forhwgl> clearing EOS elements
06-06 22:07:27.122  4906  4906 D GStreamer+bin: 0:02:30.953531609 0xe8df3e00 gstbin.c:992:bin_remove_messages:<forhwgl> not deleting message 0xe92efad8 of type 0x00100000
06-06 22:07:27.122  4906  4906 D GStreamer+bin: 0:02:30.953551869 0xe8df3e00 gstbin.c:992:bin_remove_messages:<forhwgl> not deleting message 0xe92efad8 of type 0x00100000
06-06 22:07:27.122  4906  4906 D GStreamer+bin: 0:02:30.953572338 0xe8df3e00 gstbin.c:2637:gst_bin_src_pads_activate:<forhwgl> activate pads
06-06 22:07:27.123  4906  4906 D GStreamer+bin: 0:02:30.953592702 0xe8df3e00 gstbin.c:2645:gst_bin_src_pads_activate:<forhwgl> pad activation successful
06-06 22:07:27.123  4906  4906 D GStreamer+bin: 0:02:30.953613692 0xe8df3e00 gstbin.c:2323:gst_bin_sort_iterator_resync:<forhwgl> resync
06-06 22:07:27.123  4906  4906 D GStreamer+bin: 0:02:30.953632911 0xe8df3e00 gstbin.c:911:find_message:<forhwgl> no message found matching types 00001000
06-06 22:07:27.123  4906  4906 D GStreamer+bin: 0:02:30.953651869 0xe8df3e00 gstbin.c:918:find_message:<forhwgl>   structure-change
06-06 22:07:27.123  4906  4906 D GStreamer+bin: 0:02:30.953672911 0xe8df3e00 gstbin.c:2249:update_degree:<forhwgl> element typefind not linked on any sinkpads
06-06 22:07:27.123  4906  4906 D GStreamer+bin: 0:02:30.953694317 0xe8df3e00 gstbin.c:2295:gst_bin_sort_iterator_next:<forhwgl> queue empty, next best: typefind
06-06 22:07:27.123  4906  4906 D GStreamer+bin: 0:02:30.953713796 0xe8df3e00 gstbin.c:2310:gst_bin_sort_iterator_next:<forhwgl> queue head gives typefind
06-06 22:07:27.123  4906  4906 D GStreamer+bin: 0:02:30.953732234 0xe8df3e00 gstbin.c:911:find_message:<forhwgl> no message found matching types 00001000
06-06 22:07:27.123  4906  4906 D GStreamer+bin: 0:02:30.953750515 0xe8df3e00 gstbin.c:918:find_message:<forhwgl>   structure-change
06-06 22:07:27.123  4906  4906 D GStreamer+bin: 0:02:30.953769473 0xe8df3e00 gstbin.c:2249:update_degree:<forhwgl> element typefind not linked on any sinkpads
06-06 22:07:27.123  4906  4906 I GStreamer+GST_STATES: 0:02:30.953789890 0xe8df3e00 gstbin.c:2444:gst_bin_element_set_state:<typefind> current READY pending VOID_PENDING, desired next PAUSED
06-06 22:07:27.123  4906  4906 D GStreamer+bin: 0:02:30.953811504 0xe8df3e00 gstbin.c:911:find_message:<forhwgl> no message found matching types 00100000
06-06 22:07:27.123  4906  4906 D GStreamer+bin: 0:02:30.953829994 0xe8df3e00 gstbin.c:918:find_message:<forhwgl>   async-start
06-06 22:07:27.123  4906  4906 D GStreamer+bin: 0:02:30.953848015 0xe8df3e00 gstbin.c:2539:gst_bin_element_set_state:<forhwgl> setting element typefind to PAUSED, base_time 0:00:00.000000000
06-06 22:07:27.123  4906  4906 D GStreamer+GST_STATES: 0:02:30.953871661 0xe8df3e00 gstelement.c:2525:gst_element_set_state_func:<typefind> set_state to PAUSED
06-06 22:07:27.123  4906  4906 D GStreamer+GST_STATES: 0:02:30.953890046 0xe8df3e00 gstelement.c:2550:gst_element_set_state_func:<typefind> setting target state to PAUSED
06-06 22:07:27.123  4906  4906 D GStreamer+GST_STATES: 0:02:30.953908379 0xe8df3e00 gstelement.c:2563:gst_element_set_state_func:<typefind> current READY, old_pending VOID_PENDING, next VOID_PENDING, old return SUCCESS
06-06 22:07:27.123  4906  4906 D GStreamer+GST_STATES: 0:02:30.953930098 0xe8df3e00 gstelement.c:2597:gst_element_set_state_func:<typefind> final: setting state from READY to PAUSED
06-06 22:07:27.123  4906  4906 D GStreamer+GST_ELEMENT_PADS: 0:02:30.953953536 0xe8df3e00 gstelement.c:2795:gst_element_pads_activate:<typefind> activate pads
06-06 22:07:27.123  4906  4906 D GStreamer+GST_PADS: 0:02:30.953976609 0xe8df3e00 gstpad.c:1063:gst_pad_set_active:<typefind:src> activating pad from none
06-06 22:07:27.123  4906  4906 D GStreamer+GST_PADS: 0:02:30.953996713 0xe8df3e00 gstpad.c:979:pre_activate:<typefind:src> setting pad into push mode, unset flushing
06-06 22:07:27.123  4906  4906 D GStreamer+GST_PADS: 0:02:30.954017338 0xe8df3e00 gstpad.c:1188:activate_mode_internal:<typefind:src> activated in push mode
06-06 22:07:27.123  4906  4906 D GStreamer+GST_PADS: 0:02:30.954041140 0xe8df3e00 gstpad.c:1063:gst_pad_set_active:<typefind:sink> activating pad from none
06-06 22:07:27.123  4906  4906 D GStreamer+query: 0:02:30.954064369 0xe8df3e00 gstquery.c:674:gst_query_new_custom creating new query 0xe900d180 scheduling
