06-06 22:07:27.129  4906  4906 D GStreamer+GST_STATES: 0:02:30.959832650 0xe8df3e00 gstbin.c:2969:gst_bin_change_state_func:<pipeline1> we have ASYNC elements SUCCESS -> ASYNC
06-06 22:07:27.129  4906  5140 D GStreamer+basesrc: 0:02:30.959842234 0xe9646860 gstbasesrc.c:2519:gst_base_src_get_range:<filesrc1> buffer ok
06-06 22:07:27.129  4906  4906 D GStreamer+bin: 0:02:30.959851296 0xe8df3e00 gstbin.c:2341:gst_bin_sort_iterator_free:<pipeline1> free
06-06 22:07:27.129  4906  4906 D GStreamer+bin: 0:02:30.959869838 0xe8df3e00 gstbin.c:2997:gst_bin_change_state_func:<pipeline1> check async elements
06-06 22:07:27.129  4906  5140 D GStreamer+qtdemux: 0:02:30.959860046 0xe9646860 qtdemux.c:2766:extract_initial_length_and_fourcc length 0x00000008
06-06 22:07:27.129  4906  4906 D GStreamer+bin: 0:02:30.959886869 0xe8df3e00 gstbin.c:909:find_message:<pipeline1> we found a message 0xe92efa80 from forhwgl matching types 00100000
06-06 22:07:27.129  4906  5140 D GStreamer+qtdemux: 0:02:30.959893327 0xe9646860 qtdemux.c:2768:extract_initial_length_and_fourcc atom type free
06-06 22:07:27.129  4906  4906 D GStreamer+GST_STATES: 0:02:30.959908067 0xe8df3e00 gstbin.c:3020:gst_bin_change_state_func:<pipeline1> done changing bin's state from READY to PAUSED, now in READY, ret ASYNC
06-06 22:07:27.129  4906  5140 D GStreamer+GST_MEMORY: 0:02:30.959914265 0xe9646860 gstmemory.c:87:_gst_memory_free free memory 0xe93d2ef8
06-06 22:07:27.129  4906  4906 D GStreamer+GST_STATES: 0:02:30.959933432 0xe8df3e00 gstelement.c:2668:gst_element_change_state:<pipeline1> element will change state ASYNC
06-06 22:07:27.129  4906  5140 D GStreamer+basesrc: 0:02:30.959939213 0xe9646860 gstbasesrc.c:2354:gst_base_src_update_length:<filesrc1> reading offset 40, length 16, size 15003960, segment.stop -1, maxsize 15003960
06-06 22:07:27.129  4906  4906 D GStreamer+GST_STATES: 0:02:30.959950463 0xe8df3e00 gstelement.c:2609:gst_element_set_state_func:<pipeline1> returned ASYNC
06-06 22:07:27.129  4906  5140 D GStreamer+basesrc: 0:02:30.959967077 0xe9646860 gstbasesrc.c:2455:gst_base_src_get_range:<filesrc1> calling create offset 40 length 16, time 0
06-06 22:07:27.129  4906  5140 D GStreamer+GST_MEMORY: 0:02:30.960005932 0xe9646860 gstmemory.c:138:gst_memory_init new memory 0xe93d2e90, maxsize:19 offset:0 size:16
06-06 22:07:27.129  4906  5140 D GStreamer+basesrc: 0:02:30.960033223 0xe9646860 gstbasesrc.c:2309:gst_base_src_do_sync:<filesrc1> we have no clock
06-06 22:07:27.129  4906  5140 D GStreamer+basesrc: 0:02:30.960053952 0xe9646860 gstbasesrc.c:2519:gst_base_src_get_range:<filesrc1> buffer ok
06-06 22:07:27.129  4906  5140 D GStreamer+qtdemux: 0:02:30.960073796 0xe9646860 qtdemux.c:2766:extract_initial_length_and_fourcc length 0x00e4c804
06-06 22:07:27.129  4906  5140 D GStreamer+qtdemux: 0:02:30.960111609 0xe9646860 qtdemux.c:2768:extract_initial_length_and_fourcc atom type mdat
06-06 22:07:27.129  4906  5140 D GStreamer+GST_MEMORY: 0:02:30.960135879 0xe9646860 gstmemory.c:87:_gst_memory_free free memory 0xe93d2e90
06-06 22:07:27.129  4906  5140 D GStreamer+basesrc: 0:02:30.960157390 0xe9646860 gstbasesrc.c:2354:gst_base_src_update_length:<filesrc1> reading offset 14993452, length 16, size 15003960, segment.stop -1, maxsize 15003960
06-06 22:07:27.129  4906  5140 D GStreamer+basesrc: 0:02:30.960188171 0xe9646860 gstbasesrc.c:2455:gst_base_src_get_range:<filesrc1> calling create offset 14993452 length 16, time 0
06-06 22:07:27.129  4906  5140 D GStreamer+GST_MEMORY: 0:02:30.960230515 0xe9646860 gstmemory.c:138:gst_memory_init new memory 0xe93d2dc0, maxsize:19 offset:0 size:16
06-06 22:07:27.129  4906  5140 D GStreamer+basesrc: 0:02:30.960299161 0xe9646860 gstbasesrc.c:2309:gst_base_src_do_sync:<filesrc1> we have no clock
06-06 22:07:27.129  4906  5140 D GStreamer+basesrc: 0:02:30.960337963 0xe9646860 gstbasesrc.c:2519:gst_base_src_get_range:<filesrc1> buffer ok
06-06 22:07:27.129  4906  5140 D GStreamer+qtdemux: 0:02:30.960357129 0xe9646860 qtdemux.c:2766:extract_initial_length_and_fourcc length 0x00002631
06-06 22:07:27.129  4906  5140 D GStreamer+qtdemux: 0:02:30.960375775 0xe9646860 qtdemux.c:2768:extract_initial_length_and_fourcc atom type moov
06-06 22:07:27.129  4906  5140 D GStreamer+GST_MEMORY: 0:02:30.960396140 0xe9646860 gstmemory.c:87:_gst_memory_free free memory 0xe93d2dc0
06-06 22:07:27.129  4906  5140 D GStreamer+basesrc: 0:02:30.960442754 0xe9646860 gstbasesrc.c:2354:gst_base_src_update_length:<filesrc1> reading offset 14993452, length 9777, size 15003960, segment.stop -1, maxsize 15003960
06-06 22:07:27.129  4906  5140 D GStreamer+basesrc: 0:02:30.960477911 0xe9646860 gstbasesrc.c:2455:gst_base_src_get_range:<filesrc1> calling create offset 14993452 length 9777, time 0
06-06 22:07:27.129  4906  5140 D GStreamer+GST_MEMORY: 0:02:30.960503379 0xe9646860 gstmemory.c:138:gst_memory_init new memory 0xe937db48, maxsize:9780 offset:0 size:9777
06-06 22:07:27.130  4906  5140 D GStreamer+basesrc: 0:02:30.960595411 0xe9646860 gstbasesrc.c:2309:gst_base_src_do_sync:<filesrc1> we have no clock
06-06 22:07:27.130  4906  5140 D GStreamer+basesrc: 0:02:30.960620359 0xe9646860 gstbasesrc.c:2519:gst_base_src_get_range:<filesrc1> buffer ok
06-06 22:07:27.130  4906  5140 D GStreamer+qtdemux: 0:02:30.960642702 0xe9646860 qtdemux.c:6735:qtdemux_parse_moov:<q> parsing 'moov' atom
06-06 22:07:27.131  4906  5140 D GStreamer+qtdemux: 0:02:30.961449109 0xe9646860 qtdemux.c:6930:qtdemux_parse_node:<q> parsing stsd (sample table, sample description) atom
06-06 22:07:27.131  4906  5140 D GStreamer+qtdemux: 0:02:30.962199317 0xe9646860 qtdemux.c:6930:qtdemux_parse_node:<q> parsing stsd (sample table, sample description) atom
06-06 22:07:27.131  4906  5140 D GStreamer+qtdemux: 0:02:30.962243119 0xe9646860 qtdemux.c:6966:qtdemux_parse_node:<q> mp4a version 0x00000000
06-06 22:07:27.131  4906  5140 I GStreamer+qtdemux: 0:02:30.962297390 0xe9646860 qtdemux.c:12293:qtdemux_parse_tree:<q> timescale: 1000
06-06 22:07:27.131  4906  5140 I GStreamer+qtdemux: 0:02:30.962320879 0xe9646860 qtdemux.c:12294:qtdemux_parse_tree:<q> duration: 7199
06-06 22:07:27.131  4906  5140 D GStreamer+qtdemux: 0:02:30.962362390 0xe9646860 qtdemux.c:9060:qtdemux_parse_trak:<q> parse_trak
06-06 22:07:27.131  4906  5140 W GStreamer+qtdemux: 0:02:30.962384057 0xe9646860 qtdemux.c:2874:qtdemux_parse_trex:<q> failed to find fragment defaults for stream 1
06-06 22:07:27.131  4906  5140 D GStreamer+qtdemux: 0:02:30.962409213 0xe9646860 qtdemux_lang.c:200:qtdemux_lang_map_qt_code_to_iso mapped quicktime language code 0 to ISO 639-2T code 'eng'
06-06 22:07:27.131  4906  5140 D GStreamer+qtdemux: 0:02:30.962461192 0xe9646860 qtdemux.c:8861:qtdemux_parse_transformation_matrix:<q> Transformation matrix from atom tkhd
06-06 22:07:27.131  4906  5140 D GStreamer+qtdemux: 0:02:30.962482754 0xe9646860 qtdemux.c:8864:qtdemux_parse_transformation_matrix:<q> 1.0 0.0 0.0
06-06 22:07:27.131  4906  5140 D GStreamer+qtdemux: 0:02:30.962506817 0xe9646860 qtdemux.c:8867:qtdemux_parse_transformation_matrix:<q> 0.0 1.0 0.0
06-06 22:07:27.131  4906  5140 D GStreamer+qtdemux: 0:02:30.962529994 0xe9646860 qtdemux.c:8870:qtdemux_parse_transformation_matrix:<q> 0.0 0.0 16384.0
06-06 22:07:27.131  4906  5140 D GStreamer+qtdemux: 0:02:30.962571452 0xe9646860 qtdemux.c:8908:qtdemux_inspect_transformation_matrix:<q> Transformation matrix rotation (null)
06-06 22:07:27.132  4906  5140 D GStreamer+qtdemux: 0:02:30.962609421 0xe9646860 qtdemux.c:9526:qtdemux_parse_trak:<q> found avcC codec_data in stsd
06-06 22:07:27.132  4906  5140 D GStreamer+GST_MEMORY: 0:02:30.962728744 0xe9646860 gstmemory.c:138:gst_memory_init new memory 0xe9300138, maxsize:29 offset:0 size:26
06-06 22:07:27.132  4906  5140 I GStreamer+qtdemux: 0:02:30.962777754 0xe9646860 qtdemux.c:9999:qtdemux_parse_trak:<q> type avc1 caps video/x-h264, stream-format=(string)avc, alignment=(string)au, level=(string)4, profile=(string)baseline, codec_data=(buffer)01428028ffe1000a27428028e54028016b2001000528de01ae20
06-06 22:07:27.132  4906  5140 D GStreamer+qtdemux: 0:02:30.962838171 0xe9646860 qtdemux.c:7841:qtdemux_stbl_init:<q> n_samples_per_chunk 1
06-06 22:07:27.132  4906  5140 D GStreamer+qtdemux: 0:02:30.962861192 0xe9646860 qtdemux.c:7886:qtdemux_stbl_init:<q> allocating n_samples 361 * 32 (0.01 MB)
06-06 22:07:27.132  4906  5140 D GStreamer+qtdemux: 0:02:30.962906348 0xe9646860 qtdemux.c:8424:qtdemux_parse_segments:<q> looking for edit list container
06-06 22:07:27.132  4906  5140 D GStreamer+qtdemux: 0:02:30.962926609 0xe9646860 qtdemux.c:8436:qtdemux_parse_segments:<q> looking for edit list
06-06 22:07:27.132  4906  5140 D GStreamer+qtdemux: 0:02:30.962947234 0xe9646860 qtdemux.c:8531:qtdemux_parse_segments:<q> created segment 0 time 0:00:00.000000000, duration 0:00:00.311000000, media_start 99:99:99.999999999 (4294967295) , media_stop 99:99:99.999999999 stop_time 0:00:00.311000000 rate 1, (65536) timescale 3000
06-06 22:07:27.132  4906  5140 D GStreamer+qtdemux: 0:02:30.963021244 0xe9646860 qtdemux.c:8531:qtdemux_parse_segments:<q> created segment 1 time 0:00:00.311000000, duration 0:00:07.199000000, media_start 0:00:00.000000000 (0) , media_stop 0:00:07.199000000 stop_time 0:00:07.510000000 rate 1, (65536) timescale 3000
06-06 22:07:27.132  4906  5140 W GStreamer+qtdemux: 0:02:30.963071504 0xe9646860 qtdemux.c:8537:qtdemux_parse_segments:<q> Segment 1  extends to 0:00:07.510000000 past the end of the file duration 0:00:07.199000000 it will be truncated
06-06 22:07:27.132  4906  5140 D GStreamer+qtdemux: 0:02:30.963120202 0xe9646860 qtdemux.c:8541:qtdemux_parse_segments:<q> found 2 segments
06-06 22:07:27.132  4906  5140 D GStreamer+qtdemux: 0:02:30.963140411 0xe9646860 qtdemux.c:8583:qtdemux_parse_segments:<q> using 2 segments
06-06 22:07:27.132  4906  5140 D GStreamer+qtdemux: 0:02:30.963167963 0xe9646860 qtdemux.c:10755:qtdemux_parse_trak:<q> n_streams is now 1
06-06 22:07:27.132  4906  5140 D GStreamer+qtdemux: 0:02:30.963188640 0xe9646860 qtdemux.c:9060:qtdemux_parse_trak:<q> parse_trak
06-06 22:07:27.132  4906  5140 W GStreamer+qtdemux: 0:02:30.963223744 0xe9646860 qtdemux.c:2874:qtdemux_parse_trex:<q> failed to find fragment defaults for stream 2
06-06 22:07:27.132  4906  5140 D GStreamer+qtdemux: 0:02:30.963246192 0xe9646860 qtdemux_lang.c:200:qtdemux_lang_map_qt_code_to_iso mapped quicktime language code 0 to ISO 639-2T code 'eng'
06-06 22:07:27.132  4906  5140 D GStreamer+qtdemux: 0:02:30.963268536 0xe9646860 qtdemux.c:13066:qtdemux_audio_caps:<q> resolve fourcc 0x6d703461
06-06 22:07:27.132  4906  5140 D GStreamer+qtdemux: 0:02:30.963371244 0xe9646860 qtdemux.c:12406:gst_qtdemux_handle_esds:<q> version/flags = 00000000
06-06 22:07:27.132  4906  5140 D GStreamer+qtdemux: 0:02:30.963393796 0xe9646860 qtdemux.c:12410:gst_qtdemux_handle_esds:<q> tag = 03
06-06 22:07:27.132  4906  5140 D GStreamer+qtdemux: 0:02:30.963432859 0xe9646860 qtdemux.c:12413:gst_qtdemux_handle_esds:<q> len = 21
06-06 22:07:27.132  4906  5140 D GStreamer+qtdemux: 0:02:30.963455098 0xe9646860 qtdemux.c:12421:gst_qtdemux_handle_esds:<q> ID 0002
06-06 22:07:27.132  4906  5140 D GStreamer+qtdemux: 0:02:30.963473536 0xe9646860 qtdemux.c:12422:gst_qtdemux_handle_esds:<q> priority 0000
06-06 22:07:27.132  4906  5140 D GStreamer+qtdemux: 0:02:30.963491088 0xe9646860 qtdemux.c:12410:gst_qtdemux_handle_esds:<q> tag = 04
06-06 22:07:27.132  4906  5140 D GStreamer+qtdemux: 0:02:30.963508484 0xe9646860 qtdemux.c:12413:gst_qtdemux_handle_esds:<q> len = 13
06-06 22:07:27.132  4906  5140 D GStreamer+qtdemux: 0:02:30.963526504 0xe9646860 qtdemux.c:12431:gst_qtdemux_handle_esds:<q> object_type_id 6b
06-06 22:07:27.132  4906  5140 D GStreamer+qtdemux: 0:02:30.963561244 0xe9646860 qtdemux.c:12432:gst_qtdemux_handle_esds:<q> stream_type 15
06-06 22:07:27.133  4906  5140 D GStreamer+qtdemux: 0:02:30.963578952 0xe9646860 qtdemux.c:12433:gst_qtdemux_handle_esds:<q> buffer_size_db 00
06-06 22:07:27.133  4906  5140 D GStreamer+qtdemux: 0:02:30.963596088 0xe9646860 qtdemux.c:12434:gst_qtdemux_handle_esds:<q> max bitrate 48000
06-06 22:07:27.133  4906  5140 D GStreamer+qtdemux: 0:02:30.963613275 0xe9646860 qtdemux.c:12435:gst_qtdemux_handle_esds:<q> avg bitrate 48000
06-06 22:07:27.133  4906  5140 D GStreamer+qtdemux: 0:02:30.963636609 0xe9646860 qtdemux.c:12410:gst_qtdemux_handle_esds:<q> tag = 06
06-06 22:07:27.133  4906  5140 D GStreamer+qtdemux: 0:02:30.963671921 0xe9646860 qtdemux.c:12413:gst_qtdemux_handle_esds:<q> len = 1
06-06 22:07:27.133  4906  5140 D GStreamer+qtdemux: 0:02:30.963690567 0xe9646860 qtdemux.c:12488:gst_qtdemux_handle_esds:<q> data 02
06-06 22:07:27.133  4906  5140 I GStreamer+qtdemux: 0:02:30.963718900 0xe9646860 qtdemux.c:10617:qtdemux_parse_trak:<q> type mp4a caps audio/mpeg, mpegversion=(int)1, parsed=(boolean)true
06-06 22:07:27.133  4906  5140 D GStreamer+qtdemux: 0:02:30.963770671 0xe9646860 qtdemux.c:7841:qtdemux_stbl_init:<q> n_samples_per_chunk 1
06-06 22:07:27.133  4906  5140 D GStreamer+qtdemux: 0:02:30.963797442 0xe9646860 qtdemux.c:7886:qtdemux_stbl_init:<q> allocating n_samples 299 * 32 (0.01 MB)
06-06 22:07:27.133  4906  5140 D GStreamer+qtdemux: 0:02:30.963846140 0xe9646860 qtdemux.c:8424:qtdemux_parse_segments:<q> looking for edit list container
06-06 22:07:27.133  4906  5140 D GStreamer+qtdemux: 0:02:30.963883275 0xe9646860 qtdemux.c:8579:qtdemux_parse_segments:<q> created dummy segment 0:00:07.176000000
06-06 22:07:27.133  4906  5140 D GStreamer+qtdemux: 0:02:30.963909994 0xe9646860 qtdemux.c:8583:qtdemux_parse_segments:<q> using 1 segments
06-06 22:07:27.133  4906  5140 D GStreamer+qtdemux: 0:02:30.963935671 0xe9646860 qtdemux.c:10755:qtdemux_parse_trak:<q> n_streams is now 2
06-06 22:07:27.133  4906  5140 D GStreamer+GST_MEMORY: 0:02:30.963982754 0xe9646860 gstmemory.c:87:_gst_memory_free free memory 0xe937db48
06-06 22:07:27.133  4906  5140 D GStreamer+basesrc: 0:02:30.964013692 0xe9646860 gstbasesrc.c:2354:gst_base_src_update_length:<filesrc1> reading offset 15003229, length 16, size 15003960, segment.stop -1, maxsize 15003960
06-06 22:07:27.133  4906  5140 D GStreamer+basesrc: 0:02:30.964047859 0xe9646860 gstbasesrc.c:2455:gst_base_src_get_range:<filesrc1> calling create offset 15003229 length 16, time 0
06-06 22:07:27.133  4906  5140 D GStreamer+GST_MEMORY: 0:02:30.964074109 0xe9646860 gstmemory.c:138:gst_memory_init new memory 0xe93d2dc0, maxsize:19 offset:0 size:16
06-06 22:07:27.133  4906  5140 D GStreamer+basesrc: 0:02:30.964123692 0xe9646860 gstbasesrc.c:2309:gst_base_src_do_sync:<filesrc1> we have no clock
06-06 22:07:27.133  4906  5140 D GStreamer+basesrc: 0:02:30.964146192 0xe9646860 gstbasesrc.c:2519:gst_base_src_get_range:<filesrc1> buffer ok
06-06 22:07:27.133  4906  5140 D GStreamer+qtdemux: 0:02:30.964165879 0xe9646860 qtdemux.c:2766:extract_initial_length_and_fourcc length 0x000002db
06-06 22:07:27.133  4906  5140 D GStreamer+qtdemux: 0:02:30.964184786 0xe9646860 qtdemux.c:2768:extract_initial_length_and_fourcc atom type uuid
06-06 22:07:27.133  4906  5140 D GStreamer+GST_MEMORY: 0:02:30.964223952 0xe9646860 gstmemory.c:87:_gst_memory_free free memory 0xe93d2dc0
06-06 22:07:27.133  4906  5140 D GStreamer+basesrc: 0:02:30.964245879 0xe9646860 gstbasesrc.c:2354:gst_base_src_update_length:<filesrc1> reading offset 15003229, length 731, size 15003960, segment.stop -1, maxsize 15003960
06-06 22:07:27.133  4906  5140 D GStreamer+basesrc: 0:02:30.964408484 0xe9646860 gstbasesrc.c:2455:gst_base_src_get_range:<filesrc1> calling create offset 15003229 length 731, time 0
06-06 22:07:27.133  4906  5140 D GStreamer+GST_MEMORY: 0:02:30.964465150 0xe9646860 gstmemory.c:138:gst_memory_init new memory 0xe95b6000, maxsize:734 offset:0 size:731
06-06 22:07:27.133  4906  5140 D GStreamer+basesrc: 0:02:30.964498432 0xe9646860 gstbasesrc.c:2309:gst_base_src_do_sync:<filesrc1> we have no clock
06-06 22:07:27.133  4906  5140 D GStreamer+basesrc: 0:02:30.964519004 0xe9646860 gstbasesrc.c:2519:gst_base_src_get_range:<filesrc1> buffer ok
06-06 22:07:27.133  4906  5140 D GStreamer+GST_MEMORY: 0:02:30.964556140 0xe9646860 gstmemory.c:138:gst_memory_init new memory 0xe92a7af0, maxsize:707 offset:0 size:707
06-06 22:07:27.134  4906  5140 I GStreamer+xmp-tags: 0:02:30.964583379 0xe9646860 gstxmptag.c:1244:gst_tag_list_from_xmp_buffer xmp header okay
06-06 22:07:27.134  4906  5140 I GStreamer+xmp-tags: 0:02:30.964602650 0xe9646860 gstxmptag.c:1280:gst_tag_list_from_xmp_buffer xml: x:xmpmeta xmlns:x="adobe:ns:meta/" x:xmptk="GStreamer"
06-06 22:07:27.134  4906  5140 I GStreamer+xmp-tags: 0:02:30.964619994 0xe9646860 gstxmptag.c:1304:gst_tag_list_from_xmp_buffer    : [xmlns:x][adobe:ns:meta/]
06-06 22:07:27.134  4906  5140 I GStreamer+xmp-tags: 0:02:30.964653640 0xe9646860 gstxmptag.c:1304:gst_tag_list_from_xmp_buffer    : [x:xmptk][GStreamer]
06-06 22:07:27.134  4906  5140 I GStreamer+xmp-tags: 0:02:30.964688067 0xe9646860 gstxmptag.c:1280:gst_tag_list_from_xmp_buffer xml: rdf:RDF xmlns:rdf="http://www.w3.org/1999/02/22-rdf-syntax-ns#" xmlns:dc="http://purl.org/dc/elements/1.1/" xmlns:exif="http://ns.adobe.com/exif/1.0/" xmlns:tiff="http://ns.adobe.com/tiff/1.0/" xmlns:xap="http://ns.adobe.com/xap/1.0/" xmlns:photoshop="http://ns.adobe.com/photoshop/1.0/" xmlns:Iptc4xmpCore="http://iptc.org/std/Iptc4xmpCore/1.0/xmlns/" xmlns:Iptc4xmpExt="http://iptc.org/std/Iptc4xmpExt/2008-02-29/" xmlns:LocationDetails="http://iptc.org/std/Iptc4xmpExt/2008-02-29/LocationDetails/"
06-06 22:07:27.134  4906  5140 I GStreamer+xmp-tags: 0:02:30.964708379 0xe9646860 gstxmptag.c:1304:gst_tag_list_from_xmp_buffer    : [xmlns:rdf][http://www.w3.org/1999/02/22-rdf-syntax-ns#]
06-06 22:07:27.134  4906  5140 I GStreamer+xmp-tags: 0:02:30.964729369 0xe9646860 gstxmptag.c:1304:gst_tag_list_from_xmp_buffer    : [xmlns:dc][http://purl.org/dc/elements/1.1/]
06-06 22:07:27.134  4906  5140 I GStreamer+xmp-tags: 0:02:30.964762598 0xe9646860 gstxmptag.c:1304:gst_tag_list_from_xmp_buffer    : [xmlns:exif][http://ns.adobe.com/exif/1.0/]
06-06 22:07:27.134  4906  5140 I GStreamer+xmp-tags: 0:02:30.964784786 0xe9646860 gstxmptag.c:1304:gst_tag_list_from_xmp_buffer    : [xmlns:tiff][http://ns.adobe.com/tiff/1.0/]
06-06 22:07:27.134  4906  5140 I GStreamer+xmp-tags: 0:02:30.964803588 0xe9646860 gstxmptag.c:1304:gst_tag_list_from_xmp_buffer    : [xmlns:xap][http://ns.adobe.com/xap/1.0/]
06-06 22:07:27.134  4906  5140 I GStreamer+xmp-tags: 0:02:30.964822494 0xe9646860 gstxmptag.c:1304:gst_tag_list_from_xmp_buffer    : [xmlns:photoshop][http://ns.adobe.com/photoshop/1.0/]
06-06 22:07:27.134  4906  5140 I GStreamer+xmp-tags: 0:02:30.964841973 0xe9646860 gstxmptag.c:1304:gst_tag_list_from_xmp_buffer    : [xmlns:Iptc4xmpCore][http://iptc.org/std/Iptc4xmpCore/1.0/xmlns/]
06-06 22:07:27.134  4906  5140 I GStreamer+xmp-tags: 0:02:30.964876557 0xe9646860 gstxmptag.c:1304:gst_tag_list_from_xmp_buffer    : [xmlns:Iptc4xmpExt][http://iptc.org/std/Iptc4xmpExt/2008-02-29/]
06-06 22:07:27.134  4906  5140 I GStreamer+xmp-tags: 0:02:30.964903796 0xe9646860 gstxmptag.c:1304:gst_tag_list_from_xmp_buffer    : [xmlns:LocationDetails][http://iptc.org/std/Iptc4xmpExt/2008-02-29/LocationDetails/]
06-06 22:07:27.134  4906  5140 I GStreamer+xmp-tags: 0:02:30.965325046 0xe9646860 gstxmptag.c:1280:gst_tag_list_from_xmp_buffer xml: rdf:Description rdf:about=""
06-06 22:07:27.134  4906  5140 I GStreamer+xmp-tags: 0:02:30.965546348 0xe9646860 gstxmptag.c:1304:gst_tag_list_from_xmp_buffer    : [rdf:about][]
06-06 22:07:27.135  4906  5140 I GStreamer+xmp-tags: 0:02:30.965575463 0xe9646860 gstxmptag.c:1280:gst_tag_list_from_xmp_buffer xml: /rdf:Description
06-06 22:07:27.135  4906  5140 I GStreamer+xmp-tags: 0:02:30.965597338 0xe9646860 gstxmptag.c:1280:gst_tag_list_from_xmp_buffer xml: /rdf:RDF
06-06 22:07:27.135  4906  5140 I GStreamer+xmp-tags: 0:02:30.965618119 0xe9646860 gstxmptag.c:1280:gst_tag_list_from_xmp_buffer xml: /x:xmpmeta
06-06 22:07:27.135  4906  5140 D GStreamer+xmp-tags: 0:02:30.965657234 0xe9646860 gstxmptag.c:1464:gst_tag_list_from_xmp_buffer Done accumulating tags, now handling them
06-06 22:07:27.135  4906  5140 I GStreamer+xmp-tags: 0:02:30.965675567 0xe9646860 gstxmptag.c:1477:gst_tag_list_from_xmp_buffer xmp packet parsed, 0 entries
06-06 22:07:27.135  4906  5140 D GStreamer+GST_MEMORY: 0:02:30.965695932 0xe9646860 gstmemory.c:87:_gst_memory_free free memory 0xe92a7af0
06-06 22:07:27.135  4906  5140 D GStreamer+qtdemux: 0:02:30.965718327 0xe9646860 qtdemux.c:2495:qtdemux_handle_xmp_taglist:<q> Found XMP tags taglist;
06-06 22:07:27.135  4906  5140 D GStreamer+GST_MEMORY: 0:02:30.965763379 0xe9646860 gstmemory.c:87:_gst_memory_free free memory 0xe95b6000
06-06 22:07:27.135  4906  5140 D GStreamer+basesrc: 0:02:30.965788900 0xe9646860 gstbasesrc.c:2354:gst_base_src_update_length:<filesrc1> reading offset 15003960, length 16, size 15003960, segment.stop -1, maxsize 15003960
06-06 22:07:27.135  4906  5140 W GStreamer+basesrc: 0:02:30.965824004 0xe9646860 gstbasesrc.c:2395:gst_base_src_update_length:<filesrc1> processing at or past EOS
06-06 22:07:27.135  4906  5140 D GStreamer+basesrc: 0:02:30.965842859 0xe9646860 gstbasesrc.c:2592:gst_base_src_get_range:<filesrc1> unexpected length 16 (offset=15003960, size=15003960)
06-06 22:07:27.135  4906  5140 I GStreamer+GST_SCHEDULING: 0:02:30.965886973 0xe9646860 gstpad.c:4764:gst_pad_get_range_unchecked:<filesrc1:src> getrange failed, flow: eos
06-06 22:07:27.135  4906  5140 I GStreamer+GST_SCHEDULING: 0:02:30.965909004 0xe9646860 gstpad.c:4979:gst_pad_pull_range:<q:sink> pullrange failed, flow: eos
06-06 22:07:27.135  4906  5140 D GStreamer+qtdemux: 0:02:30.965930307 0xe9646860 qtdemux.c:10926:qtdemux_prepare_streams:<q> prepare streams
06-06 22:07:27.135  4906  5140 D GStreamer+qtdemux: 0:02:30.965949161 0xe9646860 qtdemux.c:10933:qtdemux_prepare_streams:<q> stream 0, id 1, fourcc avc1
06-06 22:07:27.135  4906  5140 D GStreamer+qtdemux: 0:02:30.965990515 0xe9646860 qtdemux.c:8014:qtdemux_parse_samples:<q> parsing up to sample 0
06-06 22:07:27.135  4906  5140 D GStreamer+qtdemux: 0:02:30.966013796 0xe9646860 qtdemux.c:8221:qtdemux_parse_samples:<q> sample 0: index 0, timestamp 0:00:00.000000000
06-06 22:07:27.135  4906  5140 D GStreamer+qtdemux: 0:02:30.966039525 0xe9646860 qtdemux.c:8276:qtdemux_parse_samples:<q> samples at 0 is keyframe
06-06 22:07:27.135  4906  5140 D GStreamer+qtdemux: 0:02:30.966059265 0xe9646860 qtdemux.c:10933:qtdemux_prepare_streams:<q> stream 1, id 2, fourcc mp4a
06-06 22:07:27.135  4906  5140 D GStreamer+qtdemux: 0:02:30.966099421 0xe9646860 qtdemux.c:8014:qtdemux_parse_samples:<q> parsing up to sample 0
06-06 22:07:27.135  4906  5140 D GStreamer+qtdemux: 0:02:30.966121557 0xe9646860 qtdemux.c:8221:qtdemux_parse_samples:<q> sample 0: index 0, timestamp 0:00:00.000000000
06-06 22:07:27.135  4906  5140 D GStreamer+qtdemux: 0:02:30.966146296 0xe9646860 qtdemux.c:8321:qtdemux_parse_samples:<q> setting all keyframes
06-06 22:07:27.135  4906  5140 D GStreamer+qtdemux: 0:02:30.966165202 0xe9646860 qtdemux.c:10985:qtdemux_expose_streams:<q> exposing streams
06-06 22:07:27.135  4906  5140 D GStreamer+qtdemux: 0:02:30.966198067 0xe9646860 qtdemux.c:10993:qtdemux_expose_streams:<q> stream 0, id 1, fourcc avc1
06-06 22:07:27.135  4906  4906 D GStreamer+aiTennis3D: 0:02:30.966293379 0xe8df3e00 gstreamer/aigstreamer.c:956:gst_native_surface_finalize Releasing Native Window 0xe9279320
06-06 22:07:27.135  4906  5140 D GStreamer+qtdemux: 0:02:30.966307077 0xe9646860 qtdemux.c:7367:gst_qtdemux_configure_stream:<q> Calculating framerate, timescale 3000 gave fps_n 151 fps_d 3
06-06 22:07:27.135  4906  4906 D GStreamer+glimagesink: 0:02:30.966339734 0xe8df3e00 gstglimagesink.c:1812:gst_glimage_sink_set_window_handle set_xwindow_id 0
06-06 22:07:27.135  4906  5140 D GStreamer+qtdemux: 0:02:30.966341817 0xe9646860 qtdemux.c:7387:gst_qtdemux_configure_stream:<q> video size 1280x1440, target display size 1280x1440
06-06 22:07:27.135  4906  5140 D GStreamer+qtdemux: 0:02:30.966373171 0xe9646860 qtdemux.c:7402:gst_qtdemux_configure_stream:<q> setting PAR to 1/1
06-06 22:07:27.135  4906  5140 D GStreamer+GST_PADS: 0:02:30.966442911 0xe9646860 gstpad.c:1849:gst_pad_set_event_function_full:<'':video_0> eventfunc for set to 0xd10ad841
06-06 22:07:27.135  4906  5140 D GStreamer+GST_PADS: 0:02:30.966467129 0xe9646860 gstpad.c:1929:gst_pad_set_query_function_full:<'':video_0> queryfunc set to 0xd10ad2b1
06-06 22:07:27.135  4906  5140 D GStreamer+GST_PADS: 0:02:30.966489734 0xe9646860 gstpad.c:1063:gst_pad_set_active:<'':video_0> activating pad from none
06-06 22:07:27.135  4906  5140 D GStreamer+GST_PADS: 0:02:30.966526921 0xe9646860 gstpad.c:979:pre_activate:<'':video_0> setting pad into push mode, unset flushing
06-06 22:07:27.135  4906  5140 D GStreamer+GST_PADS: 0:02:30.966549942 0xe9646860 gstpad.c:1188:activate_mode_internal:<'':video_0> activated in push mode
06-06 22:07:27.136  4906  5140 D GStreamer+qtdemux: 0:02:30.966571192 0xe9646860 qtdemux.c:7466:gst_qtdemux_configure_stream:<q> setting caps video/x-h264, stream-format=(string)avc, alignment=(string)au, level=(string)4, profile=(string)baseline, codec_data=(buffer)01428028ffe1000a27428028e54028016b2001000528de01ae20, width=(int)1280, height=(int)1440, framerate=(fraction)151/3, pixel-aspect-ratio=(fraction)1/1
06-06 22:07:27.136  4906  5140 I GStreamer+GST_ELEMENT_PADS: 0:02:30.966658171 0xe9646860 gstelement.c:909:gst_element_get_static_pad found pad q:sink
06-06 22:07:27.136  4906  5140 D GStreamer+query: 0:02:30.966682754 0xe9646860 gstquery.c:674:gst_query_new_custom creating new query 0xe92fd4c0 uri
06-06 22:07:27.136  4906  5140 D GStreamer+GST_ELEMENT_PADS: 0:02:30.966703952 0xe9646860 gstelement.c:1700:gst_element_query send query on element q
06-06 22:07:27.136  4906  5140 D GStreamer+GST_ELEMENT_PADS: 0:02:30.966737963 0xe9646860 gstelement.c:1484:gst_element_get_random_pad getting a random pad
06-06 22:07:27.136  4906  5140 D GStreamer+GST_ELEMENT_PADS: 0:02:30.966757859 0xe9646860 gstelement.c:1484:gst_element_get_random_pad getting a random pad
06-06 22:07:27.136  4906  5140 D GStreamer+GST_ELEMENT_PADS: 0:02:30.966774421 0xe9646860 gstelement.c:1503:gst_element_get_random_pad checking pad q:sink
06-06 22:07:27.136  4906  5140 D GStreamer+GST_ELEMENT_PADS: 0:02:30.966793588 0xe9646860 gstelement.c:1515:gst_element_get_random_pad found pad q:sink
06-06 22:07:27.136  4906  5140 D GStreamer+GST_PADS: 0:02:30.966813588 0xe9646860 gstpad.c:3922:gst_pad_query:<filesrc1:src> doing query 0xe92fd4c0 (uri)
06-06 22:07:27.136  4906  5140 D GStreamer+basesrc: 0:02:30.966856973 0xe9646860 gstbasesrc.c:1295:gst_base_src_default_query:<filesrc1> query uri returns 1
06-06 22:07:27.136  4906  5140 D GStreamer+GST_PADS: 0:02:30.966881557 0xe9646860 gstpad.c:3945:gst_pad_query:<filesrc1:src> sent query 0xe92fd4c0 (uri), result 1
06-06 22:07:27.136  4906  5140 D GStreamer+GST_EVENT: 0:02:30.966926036 0xe9646860 gstevent.c:302:gst_event_new_custom creating new event 0xe93c8588 stream-start 10254
06-06 22:07:27.136  4906  5140 D GStreamer+GST_PADS: 0:02:30.966969994 0xe9646860 gstpad.c:3853:check_sticky:<'':video_0> pushing all sticky events
06-06 22:07:27.136  4906  5140 D GStreamer+GST_PADS: 0:02:30.966991869 0xe9646860 gstpad.c:5306:gst_pad_push_event_unchecked:<'':video_0> Dropping event stream-start because pad is not linked
06-06 22:07:27.136  4906  5140 D GStreamer+GST_PADS: 0:02:30.967012859 0xe9646860 gstpad.c:3824:push_sticky:<'':video_0> pad was not linked, mark pending
06-06 22:07:27.136  4906  5140 I GStreamer+GST_EVENT: 0:02:30.967034109 0xe9646860 gstevent.c:679:gst_event_new_caps creating caps event video/x-h264, stream-format=(string)avc, alignment=(string)au, level=(string)4, profile=(string)baseline, codec_data=(buffer)01428028ffe1000a27428028e54028016b2001000528de01ae20, width=(int)1280, height=(int)1440, framerate=(fraction)151/3, pixel-aspect-ratio=(fraction)1/1
06-06 22:07:27.136  4906  5140 D GStreamer+GST_EVENT: 0:02:30.967109317 0xe9646860 gstevent.c:302:gst_event_new_custom creating new event 0xe93c85d0 caps 12814
06-06 22:07:27.136  4906  5140 D GStreamer+GST_PADS: 0:02:30.967133536 0xe9646860 gstpad.c:5093:store_sticky_event:<'':video_0> notify caps
06-06 22:07:27.136  4906  5140 D GStreamer+GST_PADS: 0:02:30.967157234 0xe9646860 gstpad.c:3853:check_sticky:<'':video_0> pushing all sticky events
06-06 22:07:27.136  4906  5140 D GStreamer+GST_PADS: 0:02:30.967193379 0xe9646860 gstpad.c:3785:push_sticky:<'':video_0> event stream-start was already received
06-06 22:07:27.136  4906  5140 D GStreamer+GST_PADS: 0:02:30.967214369 0xe9646860 gstpad.c:5306:gst_pad_push_event_unchecked:<'':video_0> Dropping event caps because pad is not linked
06-06 22:07:27.136  4906  5140 D GStreamer+GST_PADS: 0:02:30.967235359 0xe9646860 gstpad.c:3824:push_sticky:<'':video_0> pad was not linked, mark pending
06-06 22:07:27.136  4906  5140 D GStreamer+qtdemux: 0:02:30.967254629 0xe9646860 qtdemux.c:7582:gst_qtdemux_add_stream:<q> adding pad video_0 0xe952c028 to qtdemux 0xe9232018
06-06 22:07:27.136  4906  5140 I GStreamer+GST_ELEMENT_PADS: 0:02:30.967293379 0xe9646860 gstelement.c:661:gst_element_add_pad:<q> adding pad 'video_0'
06-06 22:07:27.136  4906  5140 D GStreamer+GST_REFCOUNTING: 0:02:30.967315359 0xe9646860 gstobject.c:700:gst_object_set_parent:<'':video_0> set parent (ref and sink)
06-06 22:07:27.136  4906  5140 D GStreamer+qtdemux: 0:02:30.967339161 0xe9646860 qtdemux.c:10993:qtdemux_expose_streams:<q> stream 1, id 2, fourcc mp4a
06-06 22:07:27.136  4906  5140 D GStreamer+GST_PADS: 0:02:30.967444734 0xe9646860 gstpad.c:1849:gst_pad_set_event_function_full:<'':audio_0> eventfunc for set to 0xd10ad841
06-06 22:07:27.136  4906  5140 D GStreamer+GST_PADS: 0:02:30.967470775 0xe9646860 gstpad.c:1929:gst_pad_set_query_function_full:<'':audio_0> queryfunc set to 0xd10ad2b1
06-06 22:07:27.136  4906  5140 D GStreamer+GST_PADS: 0:02:30.967491192 0xe9646860 gstpad.c:1063:gst_pad_set_active:<'':audio_0> activating pad from none
06-06 22:07:27.136  4906  5140 D GStreamer+GST_PADS: 0:02:30.967528223 0xe9646860 gstpad.c:979:pre_activate:<'':audio_0> setting pad into push mode, unset flushing
06-06 22:07:27.136  4906  5140 D GStreamer+GST_PADS: 0:02:30.967549057 0xe9646860 gstpad.c:1188:activate_mode_internal:<'':audio_0> activated in push mode
06-06 22:07:27.137  4906  5140 D GStreamer+qtdemux: 0:02:30.967570567 0xe9646860 qtdemux.c:7466:gst_qtdemux_configure_stream:<q> setting caps audio/mpeg, mpegversion=(int)1, parsed=(boolean)true, rate=(int)24000, channels=(int)1
06-06 22:07:27.137  4906  4906 D GStreamer+aiTennis3D: 0:02:30.967607182 0xe8df3e00 gstreamer/aigstreamer.c:736:gst_native_finalize Quitting main loops...
06-06 22:07:27.137  4906  5140 I GStreamer+GST_ELEMENT_PADS: 0:02:30.967626973 0xe9646860 gstelement.c:909:gst_element_get_static_pad found pad q:sink
06-06 22:07:27.137  4906  4906 D GStreamer+aiTennis3D: 0:02:30.967642390 0xe8df3e00 gstreamer/aigstreamer.c:739:gst_native_finalize Waiting for thread0 to finish...
06-06 22:07:27.137  4906  5140 D GStreamer+query: 0:02:30.967649109 0xe9646860 gstquery.c:674:gst_query_new_custom creating new query 0xe92fd7b0 uri
06-06 22:07:27.137  4906  5116 D GStreamer+aiTennis3D: 0:02:30.967657182 0xe93d1d00 gstreamer/aigstreamer.c:685:app_function Exited main loop
06-06 22:07:27.137  4906  5140 D GStreamer+GST_ELEMENT_PADS: 0:02:30.967667859 0xe9646860 gstelement.c:1700:gst_element_query send query on element q
06-06 22:07:27.137  4906  5140 D GStreamer+GST_ELEMENT_PADS: 0:02:30.967687807 0xe9646860 gstelement.c:1484:gst_element_get_random_pad getting a random pad
06-06 22:07:27.137  4906  5116 D GStreamer+GST_BUS: 0:02:30.967695307 0xe93d1d00 gstbus.c:815:gst_bus_source_finalize:<bus9> finalize source 0xe95618d8
06-06 22:07:27.137  4906  5140 D GStreamer+GST_ELEMENT_PADS: 0:02:30.967705984 0xe9646860 gstelement.c:1503:gst_element_get_random_pad checking pad q:video_0
06-06 22:07:27.137  4906  5116 D GStreamer+GST_STATES: 0:02:30.967737702 0xe93d1d00 gstelement.c:2525:gst_element_set_state_func:<pipeline1> set_state to NULL
06-06 22:07:27.137  4906  5140 D GStreamer+GST_ELEMENT_PADS: 0:02:30.967742286 0xe9646860 gstelement.c:1515:gst_element_get_random_pad found pad q:video_0
06-06 22:07:27.137  4906  5116 D GStreamer+GST_STATES: 0:02:30.967768848 0xe93d1d00 gstelement.c:2550:gst_element_set_state_func:<pipeline1> setting target state to NULL
06-06 22:07:27.137  4906  5140 D GStreamer+GST_PADS: 0:02:30.967769890 0xe9646860 gstpad.c:3922:gst_pad_query:<q:video_0> doing query 0xe92fd7b0 (uri)
06-06 22:07:27.137  4906  5116 D GStreamer+GST_STATES: 0:02:30.967790879 0xe93d1d00 gstelement.c:2563:gst_element_set_state_func:<pipeline1> current READY, old_pending PAUSED, next PAUSED, old return ASYNC
06-06 22:07:27.137  4906  5140 D GStreamer+GST_PADS: 0:02:30.967800307 0xe9646860 gstpad.c:3367:gst_pad_query_default:<q:video_0> forwarding 0xe92fd7b0 (uri) query
06-06 22:07:27.137  4906  5116 D GStreamer+GST_STATES: 0:02:30.967816661 0xe93d1d00 gstelement.c:2597:gst_element_set_state_func:<pipeline1> intermediate: setting state from PAUSED to READY
06-06 22:07:27.137  4906  5140 D GStreamer+GST_PADS: 0:02:30.967839629 0xe9646860 gstpad.c:2827:gst_pad_iterate_internal_links_default:<q:video_0> Making iterator
06-06 22:07:27.137  4906  5116 D GStreamer+pipeline: 0:02:30.967841504 0xe93d1d00 gstpipeline.c:305:reset_start_time:<pipeline1> reset start_time to 0
06-06 22:07:27.137  4906  5116 D GStreamer+GST_STATES: 0:02:30.967862650 0xe93d1d00 gstbin.c:2792:gst_bin_change_state_func:<pipeline1> changing state of children from PAUSED to READY
06-06 22:07:27.137  4906  5140 D GStreamer+GST_PADS: 0:02:30.967864265 0xe9646860 gstpad.c:4049:gst_pad_peer_query:<q:sink> peer query 0xe92fd7b0 (uri)
06-06 22:07:27.137  4906  5116 D GStreamer+bin: 0:02:30.967884213 0xe93d1d00 gstbin.c:2829:gst_bin_change_state_func:<pipeline1> clearing all cached messages
06-06 22:07:27.137  4906  5140 D GStreamer+GST_PADS: 0:02:30.967888952 0xe9646860 gstpad.c:3922:gst_pad_query:<filesrc1:src> doing query 0xe92fd7b0 (uri)
06-06 22:07:27.137  4906  5116 D GStreamer+bin: 0:02:30.967904109 0xe93d1d00 gstbin.c:986:bin_remove_messages:<forhwgl> deleting message 0xe92efa80 of types 0xffffffff
06-06 22:07:27.137  4906  5140 D GStreamer+basesrc: 0:02:30.967915984 0xe9646860 gstbasesrc.c:1295:gst_base_src_default_query:<filesrc1> query uri returns 1
06-06 22:07:27.137  4906  5116 D GStreamer+bin: 0:02:30.967927754 0xe93d1d00 gstbin.c:986:bin_remove_messages:<decodebin2> deleting message 0xe915d388 of types 0xffffffff
06-06 22:07:27.137  4906  5116 D GStreamer+bin: 0:02:30.967948848 0xe93d1d00 gstbin.c:986:bin_remove_messages:<glimagesinkbin1> deleting message 0xe8ffaf88 of types 0xffffffff
06-06 22:07:27.137  4906  5140 D GStreamer+GST_PADS: 0:02:30.967951817 0xe9646860 gstpad.c:3945:gst_pad_query:<filesrc1:src> sent query 0xe92fd7b0 (uri), result 1
06-06 22:07:27.137  4906  5116 D GStreamer+bin: 0:02:30.967977182 0xe93d1d00 gstbin.c:986:bin_remove_messages:<autoaudiosink0> deleting message 0xe92f7a10 of types 0xffffffff
06-06 22:07:27.137  4906  5140 D GStreamer+GST_PADS: 0:02:30.967983900 0xe9646860 gstpad.c:3945:gst_pad_query:<q:video_0> sent query 0xe92fd7b0 (uri), result 1
06-06 22:07:27.137  4906  5116 D GStreamer+bin: 0:02:30.968004213 0xe93d1d00 gstbin.c:2637:gst_bin_src_pads_activate:<pipeline1> deactivate pads
06-06 22:07:27.137  4906  5116 D GStreamer+bin: 0:02:30.968026973 0xe93d1d00 gstbin.c:2645:gst_bin_src_pads_activate:<pipeline1> pad deactivation successful
06-06 22:07:27.137  4906  5140 D GStreamer+GST_EVENT: 0:02:30.968024473 0xe9646860 gstevent.c:302:gst_event_new_custom creating new event 0xe9305550 stream-start 10254
06-06 22:07:27.137  4906  5116 D GStreamer+bin: 0:02:30.968065723 0xe93d1d00 gstbin.c:2323:gst_bin_sort_iterator_resync:<pipeline1> resync
06-06 22:07:27.137  4906  5140 D GStreamer+GST_PADS: 0:02:30.968074942 0xe9646860 gstpad.c:3853:check_sticky:<'':audio_0> pushing all sticky events
06-06 22:07:27.137  4906  5116 D GStreamer+bin: 0:02:30.968083379 0xe93d1d00 gstbin.c:2109:add_to_queue:<pipeline1> adding 'autoaudiosink0' to queue
06-06 22:07:27.137  4906  5140 D GStreamer+GST_PADS: 0:02:30.968095879 0xe9646860 gstpad.c:5306:gst_pad_push_event_unchecked:<'':audio_0> Dropping event stream-start because pad is not linked
06-06 22:07:27.137  4906  5116 D GStreamer+bin: 0:02:30.968106452 0xe93d1d00 gstbin.c:2109:add_to_queue:<pipeline1> adding 'glimagesinkbin1' to queue
06-06 22:07:27.137  4906  5140 D GStreamer+GST_PADS: 0:02:30.968119057 0xe9646860 gstpad.c:3824:push_sticky:<'':audio_0> pad was not linked, mark pending
06-06 22:07:27.137  4906  5116 D GStreamer+bin: 0:02:30.968133536 0xe93d1d00 gstbin.c:911:find_message:<pipeline1> no message found matching types 00001000
06-06 22:07:27.137  4906  5116 D GStreamer+bin: 0:02:30.968153484 0xe93d1d00 gstbin.c:918:find_message:<pipeline1>   structure-change
06-06 22:07:27.137  4906  5140 I GStreamer+GST_EVENT: 0:02:30.968138848 0xe9646860 gstevent.c:679:gst_event_new_caps creating caps event audio/mpeg, mpegversion=(int)1, parsed=(boolean)true, rate=(int)24000, channels=(int)1
06-06 22:07:27.137  4906  5116 D GStreamer+bin: 0:02:30.968174994 0xe93d1d00 gstbin.c:2226:update_degree:<pipeline1> change element queue5, degree 0->1, linked to autoaudiosink0
06-06 22:07:27.137  4906  5140 D GStreamer+GST_EVENT: 0:02:30.968192598 0xe9646860 gstevent.c:302:gst_event_new_custom creating new event 0xe93c8660 caps 12814
06-06 22:07:27.137  4906  5116 D GStreamer+bin: 0:02:30.968201244 0xe93d1d00 gstbin.c:911:find_message:<pipeline1> no message found matching types 00001000
06-06 22:07:27.137  4906  5140 D GStreamer+GST_PADS: 0:02:30.968213744 0xe9646860 gstpad.c:5093:store_sticky_event:<'':audio_0> notify caps
06-06 22:07:27.137  4906  5116 D GStreamer+bin: 0:02:30.968220254 0xe93d1d00 gstbin.c:918:find_message:<pipeline1>   structure-change
06-06 22:07:27.137  4906  5140 D GStreamer+GST_PADS: 0:02:30.968236348 0xe9646860 gstpad.c:3853:check_sticky:<'':audio_0> pushing all sticky events
06-06 22:07:27.137  4906  5116 D GStreamer+bin: 0:02:30.968238432 0xe93d1d00 gstbin.c:2249:update_degree:<pipeline1> element queue5 not linked on any sinkpads
06-06 22:07:27.137  4906  5116 D GStreamer+bin: 0:02:30.968262286 0xe93d1d00 gstbin.c:911:find_message:<pipeline1> no message found matching types 00001000
06-06 22:07:27.137  4906  5116 D GStreamer+bin: 0:02:30.968279629 0xe93d1d00 gstbin.c:918:find_message:<pipeline1>   structure-change
06-06 22:07:27.137  4906  5140 D GStreamer+GST_PADS: 0:02:30.968261609 0xe9646860 gstpad.c:3785:push_sticky:<'':audio_0> event stream-start was already received
06-06 22:07:27.137  4906  5140 D GStreamer+GST_PADS: 0:02:30.968304629 0xe9646860 gstpad.c:5306:gst_pad_push_event_unchecked:<'':audio_0> Dropping event caps because pad is not linked
06-06 22:07:27.137  4906  5116 D GStreamer+bin: 0:02:30.968302129 0xe93d1d00 gstbin.c:2226:update_degree:<pipeline1> change element queue4, degree 0->1, linked to decodebin2
06-06 22:07:27.137  4906  5140 D GStreamer+GST_PADS: 0:02:30.968330984 0xe9646860 gstpad.c:3824:push_sticky:<'':audio_0> pad was not linked, mark pending
06-06 22:07:27.137  4906  5116 D GStreamer+bin: 0:02:30.968332598 0xe93d1d00 gstbin.c:911:find_message:<pipeline1> no message found matching types 00001000
06-06 22:07:27.137  4906  5116 D GStreamer+bin: 0:02:30.968353379 0xe93d1d00 gstbin.c:918:find_message:<pipeline1>   structure-change
06-06 22:07:27.137  4906  5140 D GStreamer+qtdemux: 0:02:30.968350202 0xe9646860 qtdemux.c:7582:gst_qtdemux_add_stream:<q> adding pad audio_0 0xe952c6b8 to qtdemux 0xe9232018
06-06 22:07:27.137  4906  5116 D GStreamer+bin: 0:02:30.968377025 0xe93d1d00 gstbin.c:2249:update_degree:<pipeline1> element queue4 not linked on any sinkpads
06-06 22:07:27.137  4906  5140 I GStreamer+GST_ELEMENT_PADS: 0:02:30.968391140 0xe9646860 gstelement.c:661:gst_element_add_pad:<q> adding pad 'audio_0'
06-06 22:07:27.137  4906  5116 D GStreamer+bin: 0:02:30.968396921 0xe93d1d00 gstbin.c:911:find_message:<pipeline1> no message found matching types 00001000
06-06 22:07:27.137  4906  5140 D GStreamer+GST_REFCOUNTING: 0:02:30.968425254 0xe9646860 gstobject.c:700:gst_object_set_parent:<'':audio_0> set parent (ref and sink)
06-06 22:07:27.137  4906  5116 D GStreamer+bin: 0:02:30.968432598 0xe93d1d00 gstbin.c:918:find_message:<pipeline1>   structure-change
06-06 22:07:27.137  4906  5140 D GStreamer+qtdemux: 0:02:30.968450619 0xe9646860 qtdemux.c:10835:gst_qtdemux_guess_bitrate:<q> Looking for streams with unknown bitrate
06-06 22:07:27.137  4906  5116 D GStreamer+bin: 0:02:30.968455515 0xe93d1d00 gstbin.c:2226:update_degree:<pipeline1> change element forhalffps, degree 0->1, linked to glimagesinkbin1
06-06 22:07:27.137  4906  5116 D GStreamer+bin: 0:02:30.968480515 0xe93d1d00 gstbin.c:911:find_message:<pipeline1> no message found matching types 00001000
06-06 22:07:27.137  4906  5140 D GStreamer+query: 0:02:30.968472234 0xe9646860 gstquery.c:674:gst_query_new_custom creating new query 0xe92fd550 duration
06-06 22:07:27.137  4906  5116 D GStreamer+bin: 0:02:30.968498275 0xe93d1d00 gstbin.c:918:find_message:<pipeline1>   structure-change
06-06 22:07:27.137  4906  5140 D GStreamer+GST_PADS: 0:02:30.968506557 0xe9646860 gstpad.c:4049:gst_pad_peer_query:<q:sink> peer query 0xe92fd550 (duration)
06-06 22:07:27.137  4906  5116 D GStreamer+bin: 0:02:30.968518640 0xe93d1d00 gstbin.c:2226:update_degree:<pipeline1> change element queue3, degree 0->1, linked to forhalffps
06-06 22:07:27.137  4906  5140 D GStreamer+GST_PADS: 0:02:30.968530254 0xe9646860 gstpad.c:3922:gst_pad_query:<filesrc1:src> doing query 0xe92fd550 (duration)
06-06 22:07:27.137  4906  5116 D GStreamer+bin: 0:02:30.968542182 0xe93d1d00 gstbin.c:911:find_message:<pipeline1> no message found matching types 00001000
06-06 22:07:27.137  4906  5140 D GStreamer+basesrc: 0:02:30.968552494 0xe9646860 gstbasesrc.c:1055:gst_base_src_default_query:<filesrc1> duration query in format bytes
06-06 22:07:27.137  4906  5116 D GStreamer+bin: 0:02:30.968559942 0xe93d1d00 gstbin.c:918:find_message:<pipeline1>   structure-change
06-06 22:07:27.138  4906  5116 D GStreamer+bin: 0:02:30.968578432 0xe93d1d00 gstbin.c:2249:update_degree:<pipeline1> element queue3 not linked on any sinkpads
06-06 22:07:27.138  4906  5140 D GStreamer+basesrc: 0:02:30.968570879 0xe9646860 gstbasesrc.c:2354:gst_base_src_update_length:<filesrc1> reading offset 0, length 0, size 15003960, segment.stop -1, maxsize 15003960
06-06 22:07:27.138  4906  5116 D GStreamer+bin: 0:02:30.968599473 0xe93d1d00 gstbin.c:911:find_message:<pipeline1> no message found matching types 00001000
06-06 22:07:27.138  4906  5116 D GStreamer+bin: 0:02:30.968616557 0xe93d1d00 gstbin.c:918:find_message:<pipeline1>   structure-change
06-06 22:07:27.138  4906  5140 D GStreamer+basesrc: 0:02:30.968622390 0xe9646860 gstbasesrc.c:1295:gst_base_src_default_query:<filesrc1> query duration returns 1
06-06 22:07:27.138  4906  5116 D GStreamer+bin: 0:02:30.968635359 0xe93d1d00 gstbin.c:2226:update_degree:<pipeline1> change element queue2, degree 0->1, linked to forhwgl
06-06 22:07:27.138  4906  5140 D GStreamer+GST_PADS: 0:02:30.968644942 0xe9646860 gstpad.c:3945:gst_pad_query:<filesrc1:src> sent query 0xe92fd550 (duration), result 1
06-06 22:07:27.138  4906  5140 D GStreamer+qtdemux: 0:02:30.968668484 0xe9646860 qtdemux.c:10846:gst_qtdemux_guess_bitrate:<q> Total size 15003960, header size 10540
06-06 22:07:27.138  4906  5116 D GStreamer+bin: 0:02:30.968661400 0xe93d1d00 gstbin.c:911:find_message:<pipeline1> no message found matching types 00001000
06-06 22:07:27.138  4906  5116 D GStreamer+bin: 0:02:30.968740411 0xe93d1d00 gstbin.c:918:find_message:<pipeline1>   structure-change
06-06 22:07:27.138  4906  5140 D GStreamer+qtdemux: 0:02:30.968693223 0xe9646860 qtdemux.c:10863:gst_qtdemux_guess_bitrate:<q> checking bitrate for video/x-h264, stream-format=(string)avc, alignment=(string)au, level=(string)4, profile=(string)baseline, codec_data=(buffer)01428028ffe1000a27428028e54028016b2001000528de01ae20, width=(int)1280, height=(int)1440, framerate=(fraction)151/3, pixel-aspect-ratio=(fraction)1/1
06-06 22:07:27.138  4906  5116 D GStreamer+bin: 0:02:30.968761452 0xe93d1d00 gstbin.c:2249:update_degree:<pipeline1> element queue2 not linked on any sinkpads
06-06 22:07:27.138  4906  5116 D GStreamer+bin: 0:02:30.968779369 0xe93d1d00 gstbin.c:911:find_message:<pipeline1> no message found matching types 00001000
06-06 22:07:27.138  4906  5140 D GStreamer+qtdemux: 0:02:30.968777807 0xe9646860 qtdemux.c:10869:gst_qtdemux_guess_bitrate:<q> max-bitrate: 0
06-06 22:07:27.138  4906  5116 D GStreamer+bin: 0:02:30.968801869 0xe93d1d00 gstbin.c:918:find_message:<pipeline1>   structure-change
06-06 22:07:27.138  4906  5140 D GStreamer+qtdemux: 0:02:30.968807598 0xe9646860 qtdemux.c:10872:gst_qtdemux_guess_bitrate:<q> nominal-bitrate: 0
06-06 22:07:27.138  4906  5116 D GStreamer+bin: 0:02:30.968827025 0xe93d1d00 gstbin.c:2226:update_degree:<pipeline1> change element filesrc1, degree 0->1, linked to q
06-06 22:07:27.138  4906  5140 D GStreamer+qtdemux: 0:02:30.968848848 0xe9646860 qtdemux.c:10875:gst_qtdemux_guess_bitrate:<q> bitrate: 16613441
06-06 22:07:27.138  4906  5116 D GStreamer+bin: 0:02:30.968853379 0xe93d1d00 gstbin.c:2249:update_degree:<pipeline1> element filesrc1 not linked on any sinkpads
06-06 22:07:27.138  4906  5116 D GStreamer+bin: 0:02:30.968879057 0xe93d1d00 gstbin.c:2310:gst_bin_sort_iterator_next:<pipeline1> queue head gives autoaudiosink0
06-06 22:07:27.138  4906  5140 D GStreamer+qtdemux: 0:02:30.968873848 0xe9646860 qtdemux.c:10863:gst_qtdemux_guess_bitrate:<q> checking bitrate for audio/mpeg, mpegversion=(int)1, parsed=(boolean)true, rate=(int)24000, channels=(int)1
06-06 22:07:27.138  4906  5116 D GStreamer+bin: 0:02:30.968902077 0xe93d1d00 gstbin.c:911:find_message:<pipeline1> no message found matching types 00001000
06-06 22:07:27.138  4906  5116 D GStreamer+bin: 0:02:30.968921192 0xe93d1d00 gstbin.c:918:find_message:<pipeline1>   structure-change
06-06 22:07:27.138  4906  5140 D GStreamer+qtdemux: 0:02:30.968910411 0xe9646860 qtdemux.c:10869:gst_qtdemux_guess_bitrate:<q> max-bitrate: 48000
06-06 22:07:27.138  4906  5116 D GStreamer+bin: 0:02:30.968939682 0xe93d1d00 gstbin.c:2226:update_degree:<pipeline1> change element queue5, degree 1->0, linked to autoaudiosink0
06-06 22:07:27.138  4906  5140 D GStreamer+qtdemux: 0:02:30.968947025 0xe9646860 qtdemux.c:10872:gst_qtdemux_guess_bitrate:<q> nominal-bitrate: 48000
06-06 22:07:27.138  4906  5116 D GStreamer+bin: 0:02:30.968966088 0xe93d1d00 gstbin.c:2109:add_to_queue:<pipeline1> adding 'queue5' to queue
06-06 22:07:27.138  4906  5140 D GStreamer+qtdemux: 0:02:30.968970827 0xe9646860 qtdemux.c:10875:gst_qtdemux_guess_bitrate:<q> bitrate: 48000
06-06 22:07:27.138  4906  5140 D GStreamer+qtdemux: 0:02:30.968992338 0xe9646860 qtdemux.c:10895:gst_qtdemux_guess_bitrate:<q> All stream bitrates are known
06-06 22:07:27.138  4906  5116 I GStreamer+GST_STATES: 0:02:30.968987182 0xe93d1d00 gstbin.c:2444:gst_bin_element_set_state:<autoaudiosink0> current READY pending PAUSED, desired next READY
06-06 22:07:27.138  4906  5116 D GStreamer+bin: 0:02:30.969017911 0xe93d1d00 gstbin.c:911:find_message:<pipeline1> no message found matching types 00100000
06-06 22:07:27.138  4906  5140 D GStreamer+qtdemux: 0:02:30.969018327 0xe9646860 qtdemux.c:4251:gst_qtdemux_loop_state_header:<q> switching state to STATE_MOVIE (2)
06-06 22:07:27.138  4906  5116 D GStreamer+bin: 0:02:30.969039682 0xe93d1d00 gstbin.c:918:find_message:<pipeline1>   async-start
06-06 22:07:27.138  4906  5116 D GStreamer+bin: 0:02:30.969057911 0xe93d1d00 gstbin.c:2539:gst_bin_element_set_state:<pipeline1> setting element autoaudiosink0 to READY, base_time 0:00:00.000000000
06-06 22:07:27.138  4906  5140 D GStreamer+qtdemux: 0:02:30.969064421 0xe9646860 qtdemux.c:4542:gst_qtdemux_stream_update_segment:<q:video_0> new segment 0 from 0:00:00.000000000 to 0:00:00.311000000, time 0:00:00.000000000
06-06 22:07:27.138  4906  5116 D GStreamer+GST_STATES: 0:02:30.969082025 0xe93d1d00 gstelement.c:2525:gst_element_set_state_func:<autoaudiosink0> set_state to READY
06-06 22:07:27.138  4906  5116 D GStreamer+GST_STATES: 0:02:30.969106609 0xe93d1d00 gstelement.c:2550:gst_element_set_state_func:<autoaudiosink0> setting target state to READY
06-06 22:07:27.138  4906  5116 D GStreamer+GST_STATES: 0:02:30.969130723 0xe93d1d00 gstelement.c:2563:gst_element_set_state_func:<autoaudiosink0> current READY, old_pending PAUSED, next PAUSED, old return ASYNC
06-06 22:07:27.138  4906  5116 D GStreamer+GST_STATES: 0:02:30.969153275 0xe93d1d00 gstelement.c:2597:gst_element_set_state_func:<autoaudiosink0> final: setting state from PAUSED to READY
06-06 22:07:27.138  4906  5140 D GStreamer+qtdemux: 0:02:30.969101869 0xe9646860 qtdemux.c:4563:gst_qtdemux_stream_update_segment:<q:video_0> New segment: time segment start=0:00:00.000000000, offset=0:00:00.000000000, stop=0:00:00.311000000, rate=1.000000, applied_rate=1.000000, flags=0x00, time=0:00:00.000000000, base=0:00:00.000000000, position 0:00:00.000000000, duration 99:99:99.999999999
06-06 22:07:27.138  4906  5116 D GStreamer+GST_STATES: 0:02:30.969181296 0xe93d1d00 gstbin.c:2792:gst_bin_change_state_func:<autoaudiosink0> changing state of children from PAUSED to READY
06-06 22:07:27.138  4906  5116 D GStreamer+bin: 0:02:30.969206817 0xe93d1d00 gstbin.c:2829:gst_bin_change_state_func:<autoaudiosink0> clearing all cached messages
06-06 22:07:27.138  4906  5140 I GStreamer+GST_EVENT: 0:02:30.969185827 0xe9646860 gstevent.c:760:gst_event_new_segment creating segment event time segment start=0:00:00.000000000, offset=0:00:00.000000000, stop=0:00:00.311000000, rate=1.000000, applied_rate=1.000000, flags=0x00, time=0:00:00.000000000, base=0:00:00.000000000, position 0:00:00.000000000, duration 99:99:99.999999999
