06-06 22:07:23.963  4906  5132 D GStreamer+GST_PADS: 0:02:27.794439058 0xe95393b0 gstpad.c:3824:push_sticky:<'':decodepad2> pad was not linked, mark pending
06-06 22:07:23.963  4906  5116 D GStreamer+bin: 0:02:27.794443485 0xe93d1d00 gstbin.c:2539:gst_bin_element_set_state:<glimagesinkbin1> setting element sink to NULL, base_time 0:00:00.000000000
06-06 22:07:23.963  4906  5132 D GStreamer+decodebin: 0:02:27.794460256 0xe95393b0 gstdecodebin2.c:3968:gst_decode_chain_is_complete:<decodebin2> Chain 0xe9277df8 is complete: 1
06-06 22:07:23.963  4906  5116 D GStreamer+GST_STATES: 0:02:27.794470933 0xe93d1d00 gstelement.c:2525:gst_element_set_state_func:<sink> set_state to NULL
06-06 22:07:23.963  4906  5132 D GStreamer+decodebin: 0:02:27.794482860 0xe95393b0 gstdecodebin2.c:4567:gst_decode_bin_expose:<decodebin2> Exposing currently active chains/groups
06-06 22:07:23.963  4906  5132 D GStreamer+decodebin: 0:02:27.794504735 0xe95393b0 gstdecodebin2.c:4673:gst_decode_bin_expose:<decodebin2> About to expose dpad decodepad2 as src_0
06-06 22:07:23.963  4906  5116 D GStreamer+GST_STATES: 0:02:27.794509214 0xe93d1d00 gstelement.c:2550:gst_element_set_state_func:<sink> setting target state to NULL
06-06 22:07:23.963  4906  5116 D GStreamer+GST_STATES: 0:02:27.794531245 0xe93d1d00 gstelement.c:2563:gst_element_set_state_func:<sink> current READY, old_pending VOID_PENDING, next VOID_PENDING, old return SUCCESS
06-06 22:07:23.963  4906  5132 D GStreamer+decodebin: 0:02:27.794534006 0xe95393b0 gstdecodebin2.c:4543:debug_sticky_event:<'':src_0> sticky event stream-start (0xe9191748)
06-06 22:07:23.963  4906  5132 D GStreamer+decodebin: 0:02:27.794562547 0xe95393b0 gstdecodebin2.c:4543:debug_sticky_event:<'':src_0> sticky event caps (0xe921c990)
06-06 22:07:23.963  4906  5116 D GStreamer+GST_STATES: 0:02:27.794561297 0xe93d1d00 gstelement.c:2597:gst_element_set_state_func:<sink> final: setting state from READY to NULL
06-06 22:07:23.964  4906  5132 I GStreamer+GST_ELEMENT_PADS: 0:02:27.794590464 0xe95393b0 gstelement.c:661:gst_element_add_pad:<decodebin2> adding pad 'src_0'
06-06 22:07:23.964  4906  5116 D GStreamer+glimagesink: 0:02:27.794589839 0xe93d1d00 gstglimagesink.c:1172:gst_glimage_sink_change_state changing state: READY => NULL
06-06 22:07:23.964  4906  5132 D GStreamer+GST_REFCOUNTING: 0:02:27.794615464 0xe95393b0 gstobject.c:700:gst_object_set_parent:<'':src_0> set parent (ref and sink)
06-06 22:07:23.964  4906  5116 D GStreamer+GST_ELEMENT_PADS: 0:02:27.794635464 0xe93d1d00 gstelement.c:2795:gst_element_pads_activate:<sink> deactivate pads
06-06 22:07:23.964  4906  5132 I GStreamer+GST_PIPELINE: 0:02:27.794638797 0xe95393b0 ./grammar.y:518:gst_parse_found_pad trying delayed linking some pad of GstDecodeBin named decodebin2 to some pad of GstQueue named queue5
06-06 22:07:23.964  4906  5116 D GStreamer+GST_PADS: 0:02:27.794664162 0xe93d1d00 gstpad.c:1074:gst_pad_set_active:<sink:sink> pad was inactive
06-06 22:07:23.964  4906  5132 I GStreamer+GST_ELEMENT_PADS: 0:02:27.794672964 0xe95393b0 gstutils.c:1605:gst_element_link_pads_full trying to link element decodebin2:(any) to element queue5:(any)
06-06 22:07:23.964  4906  5116 D GStreamer+GST_ELEMENT_PADS: 0:02:27.794684422 0xe93d1d00 gstelement.c:2814:gst_element_pads_activate:<sink> pad deactivation successful
06-06 22:07:23.964  4906  5132 D GStreamer+GST_ELEMENT_PADS: 0:02:27.794695881 0xe95393b0 gstutils.c:1712:gst_element_link_pads_full looping through allowed src and dest pads
06-06 22:07:23.964  4906  5132 D GStreamer+GST_ELEMENT_PADS: 0:02:27.794711193 0xe95393b0 gstutils.c:1715:gst_element_link_pads_full trying src pad decodebin2:sink
06-06 22:07:23.964  4906  5132 D GStreamer+GST_ELEMENT_PADS: 0:02:27.794728849 0xe95393b0 gstutils.c:1715:gst_element_link_pads_full trying src pad decodebin2:src_0
06-06 22:07:23.964  4906  5132 D GStreamer+GST_ELEMENT_PADS: 0:02:27.794747599 0xe95393b0 gstutils.c:1002:gst_element_get_compatible_pad finding pad in queue5 compatible with decodebin2:src_0
06-06 22:07:23.964  4906  5132 I GStreamer+GST_PADS: 0:02:27.794770672 0xe95393b0 gstutils.c:932:gst_pad_check_link trying to link decodebin2:src_0 and queue5:sink
06-06 22:07:23.964  4906  5116 I GStreamer+glcontext: 0:02:27.794781662 0xe93d1d00 gstglcontext.c:641:gst_gl_context_finalize:<glcontextegl1> send quit gl window loop
06-06 22:07:23.964  4906  5132 D GStreamer+GST_CAPS: 0:02:27.794793381 0xe95393b0 gstutils.c:2872:gst_pad_query_caps:<decodebin2:src_0> get pad caps with filter (NULL)
06-06 22:07:23.964  4906  5132 D GStreamer+query: 0:02:27.794816454 0xe95393b0 gstquery.c:674:gst_query_new_custom creating new query 0xe9539600 caps
06-06 22:07:23.964  4906  5119 I GStreamer+glcontext: 0:02:27.794826870 0xe9646800 gstglcontext.c:1224:gst_gl_context_create_thread:<glcontextegl1> loop exited
06-06 22:07:23.964  4906  5132 D GStreamer+GST_PADS: 0:02:27.794835829 0xe95393b0 gstpad.c:3922:gst_pad_query:<decodebin2:src_0> doing query 0xe9539600 (caps)
06-06 22:07:23.964  4906  5119 D GStreamer+glcontext: 0:02:27.794848849 0xe9646800 gstglcontext.c:699:gst_gl_context_activate:<glcontextegl1> activate:0
06-06 22:07:23.964  4906  5132 D GStreamer+GST_PADS: 0:02:27.794857183 0xe95393b0 gstpad.c:3690:do_probe_callbacks:<decodebin2:src_0> data is passed
06-06 22:07:23.964  4906  5132 D GStreamer+GST_CAPS: 0:02:27.794875568 0xe95393b0 gstpad.c:3112:gst_pad_query_caps_default:<decodebin2:src_0> query caps caps query: 0xe9539600, GstQueryCaps, filter=(GstCaps)"NULL", caps=(GstCaps)"NULL";
06-06 22:07:23.964  4906  5132 D GStreamer+GST_PADS: 0:02:27.794917547 0xe95393b0 gstutils.c:2633:gst_pad_proxy_query_caps:<decodebin2:src_0> proxying caps query for decodebin2:src_0
06-06 22:07:23.964  4906  5116 I GStreamer+glwindow: 0:02:27.795054370 0xe93d1d00 gstglwindow.c:593:gst_gl_window_quit quit sent to gl window loop
06-06 22:07:23.964  4906  5116 I GStreamer+glcontext: 0:02:27.795082339 0xe93d1d00 gstglcontext.c:644:gst_gl_context_finalize:<glcontextegl1> joining gl thread
06-06 22:07:23.964  4906  5132 D GStreamer+GST_PADS: 0:02:27.794947808 0xe95393b0 gstpad.c:4049:gst_pad_peer_query:<src_0:proxypad8> peer query 0xe9539600 (caps)
06-06 22:07:23.964  4906  5132 D GStreamer+GST_PADS: 0:02:27.795166141 0xe95393b0 gstpad.c:3922:gst_pad_query:<amcaudiodec-omxgooglemp3decoder0:src> doing query 0xe9539600 (caps)
06-06 22:07:23.964  4906  5132 D GStreamer+GST_PADS: 0:02:27.795192599 0xe95393b0 gstpad.c:3690:do_probe_callbacks:<amcaudiodec-omxgooglemp3decoder0:src> data is passed
06-06 22:07:23.964  4906  5132 D GStreamer+audiodecoder: 0:02:27.795212079 0xe95393b0 gstaudiodecoder.c:2888:gst_audio_decoder_src_query:<amcaudiodec-omxgooglemp3decoder0:src> received query caps query: 0xe9539600, GstQueryCaps, filter=(GstCaps)"NULL", caps=(GstCaps)"NULL";
06-06 22:07:23.964  4906  5132 D GStreamer+GST_CAPS: 0:02:27.795247131 0xe95393b0 gstpad.c:3112:gst_pad_query_caps_default:<amcaudiodec-omxgooglemp3decoder0:src> query caps caps query: 0xe9539600, GstQueryCaps, filter=(GstCaps)"NULL", caps=(GstCaps)"NULL";
06-06 22:07:23.964  4906  5132 D GStreamer+GST_CAPS: 0:02:27.795275724 0xe95393b0 gstpad.c:3135:gst_pad_query_caps_default:<amcaudiodec-omxgooglemp3decoder0:src> trying pad template caps
06-06 22:07:23.964  4906  5132 D GStreamer+GST_CAPS: 0:02:27.795294110 0xe95393b0 gstpad.c:3165:gst_pad_query_caps_default:<amcaudiodec-omxgooglemp3decoder0:src> using caps 0xe8f68b18 audio/x-raw, rate=(int)[ 1, 2147483647 ], channels=(int)[ 1, 2147483647 ], format=(string)S16LE, layout=(string)interleaved
06-06 22:07:23.964  4906  5132 D GStreamer+GST_PADS: 0:02:27.795332912 0xe95393b0 gstpad.c:3367:gst_pad_query_default:<amcaudiodec-omxgooglemp3decoder0:src> not forwarding 0xe9539600 (caps) query
06-06 22:07:23.964  4906  5132 D GStreamer+GST_PADS: 0:02:27.795355464 0xe95393b0 gstpad.c:3945:gst_pad_query:<amcaudiodec-omxgooglemp3decoder0:src> sent query 0xe9539600 (caps), result 1
06-06 22:07:23.964  4906  5132 D GStreamer+default: 0:02:27.795377599 0xe95393b0 gstutils.c:2595:query_caps_func:<src_0:proxypad8> intersect with result audio/x-raw, rate=(int)[ 1, 2147483647 ], channels=(int)[ 1, 2147483647 ], format=(string)S16LE, layout=(string)interleaved
06-06 22:07:23.964  4906  5132 D GStreamer+default: 0:02:27.795413589 0xe95393b0 gstutils.c:2597:query_caps_func:<src_0:proxypad8> intersected audio/x-raw, rate=(int)[ 1, 2147483647 ], channels=(int)[ 1, 2147483647 ], format=(string)S16LE, layout=(string)interleaved
06-06 22:07:23.964  4906  5132 D GStreamer+GST_PADS: 0:02:27.795466193 0xe95393b0 gstpad.c:3367:gst_pad_query_default:<decodebin2:src_0> not forwarding 0xe9539600 (caps) query
06-06 22:07:23.964  4906  5132 D GStreamer+GST_PADS: 0:02:27.795488537 0xe95393b0 gstpad.c:3945:gst_pad_query:<decodebin2:src_0> sent query 0xe9539600 (caps), result 1
06-06 22:07:23.964  4906  5132 D GStreamer+GST_CAPS: 0:02:27.795509683 0xe95393b0 gstutils.c:2879:gst_pad_query_caps:<decodebin2:src_0> query returned audio/x-raw, rate=(int)[ 1, 2147483647 ], channels=(int)[ 1, 2147483647 ], format=(string)S16LE, layout=(string)interleaved
06-06 22:07:23.964  4906  5132 D GStreamer+GST_CAPS: 0:02:27.795542964 0xe95393b0 gstutils.c:2872:gst_pad_query_caps:<queue5:sink> get pad caps with filter (NULL)
06-06 22:07:23.964  4906  5132 D GStreamer+query: 0:02:27.795564162 0xe95393b0 gstquery.c:674:gst_query_new_custom creating new query 0xe9539200 caps
06-06 22:07:23.965  4906  5132 D GStreamer+GST_PADS: 0:02:27.795582547 0xe95393b0 gstpad.c:3922:gst_pad_query:<queue5:sink> doing query 0xe9539200 (caps)
06-06 22:07:23.965  4906  5132 D GStreamer+GST_CAPS: 0:02:27.795603641 0xe95393b0 gstpad.c:3112:gst_pad_query_caps_default:<queue5:sink> query caps caps query: 0xe9539200, GstQueryCaps, filter=(GstCaps)"NULL", caps=(GstCaps)"NULL";
06-06 22:07:23.965  4906  5132 D GStreamer+GST_PADS: 0:02:27.795637912 0xe95393b0 gstutils.c:2633:gst_pad_proxy_query_caps:<queue5:sink> proxying caps query for queue5:sink
06-06 22:07:23.965  4906  5132 D GStreamer+GST_PADS: 0:02:27.795717756 0xe95393b0 gstpad.c:2827:gst_pad_iterate_internal_links_default:<queue5:sink> Making iterator
06-06 22:07:23.965  4906  5132 D GStreamer+GST_PADS: 0:02:27.795757339 0xe95393b0 gstpad.c:4049:gst_pad_peer_query:<queue5:src> peer query 0xe9539200 (caps)
06-06 22:07:23.965  4906  5132 D GStreamer+GST_PADS: 0:02:27.795789110 0xe95393b0 gstpad.c:3922:gst_pad_query:<autoaudiosink0:sink> doing query 0xe9539200 (caps)
06-06 22:07:23.965  4906  5132 D GStreamer+GST_CAPS: 0:02:27.795812808 0xe95393b0 gstpad.c:3112:gst_pad_query_caps_default:<autoaudiosink0:sink> query caps caps query: 0xe9539200, GstQueryCaps, filter=(GstCaps)"NULL", caps=(GstCaps)"NULL";
06-06 22:07:23.965  4906  5132 D GStreamer+GST_PADS: 0:02:27.795843901 0xe95393b0 gstutils.c:2633:gst_pad_proxy_query_caps:<autoaudiosink0:sink> proxying caps query for autoaudiosink0:sink
06-06 22:07:23.965  4906  5132 D GStreamer+GST_PADS: 0:02:27.795868589 0xe95393b0 gstpad.c:4049:gst_pad_peer_query:<sink:proxypad6> peer query 0xe9539200 (caps)
06-06 22:07:23.965  4906  5132 D GStreamer+GST_PADS: 0:02:27.795890985 0xe95393b0 gstpad.c:3922:gst_pad_query:<fake-audio-sink:sink> doing query 0xe9539200 (caps)
06-06 22:07:23.965  4906  5132 D GStreamer+GST_PADS: 0:02:27.795918381 0xe95393b0 gstpad.c:3945:gst_pad_query:<fake-audio-sink:sink> sent query 0xe9539200 (caps), result 1
06-06 22:07:23.965  4906  5132 D GStreamer+default: 0:02:27.795944943 0xe95393b0 gstutils.c:2595:query_caps_func:<sink:proxypad6> intersect with result ANY
06-06 22:07:23.965  4906  5132 D GStreamer+default: 0:02:27.795964839 0xe95393b0 gstutils.c:2597:query_caps_func:<sink:proxypad6> intersected ANY
06-06 22:07:23.965  4906  5132 D GStreamer+GST_PADS: 0:02:27.795989683 0xe95393b0 gstpad.c:3367:gst_pad_query_default:<autoaudiosink0:sink> not forwarding 0xe9539200 (caps) query
06-06 22:07:23.965  4906  5132 D GStreamer+GST_PADS: 0:02:27.796015881 0xe95393b0 gstpad.c:3945:gst_pad_query:<autoaudiosink0:sink> sent query 0xe9539200 (caps), result 1
06-06 22:07:23.965  4906  5132 D GStreamer+default: 0:02:27.796042599 0xe95393b0 gstutils.c:2595:query_caps_func:<queue5:src> intersect with result ANY
06-06 22:07:23.965  4906  5132 D GStreamer+default: 0:02:27.796085933 0xe95393b0 gstutils.c:2597:query_caps_func:<queue5:src> intersected ANY
06-06 22:07:23.965  4906  5132 D GStreamer+GST_PADS: 0:02:27.796127131 0xe95393b0 gstpad.c:3367:gst_pad_query_default:<queue5:sink> not forwarding 0xe9539200 (caps) query
06-06 22:07:23.965  4906  5132 D GStreamer+GST_PADS: 0:02:27.796156922 0xe95393b0 gstpad.c:3945:gst_pad_query:<queue5:sink> sent query 0xe9539200 (caps), result 1
06-06 22:07:23.965  4906  5132 D GStreamer+GST_CAPS: 0:02:27.796179266 0xe95393b0 gstutils.c:2879:gst_pad_query_caps:<queue5:sink> query returned ANY
06-06 22:07:23.965  4906  5132 D GStreamer+GST_ELEMENT_PADS: 0:02:27.796201974 0xe95393b0 gstutils.c:1061:gst_element_get_compatible_pad found existing unlinked compatible pad queue5:sink
06-06 22:07:23.965  4906  5132 I GStreamer+GST_PADS: 0:02:27.796223276 0xe95393b0 gstutils.c:1446:prepare_link_maybe_ghosting decodebin2 and queue5 in same bin, no need for ghost pads
06-06 22:07:23.965  4906  5132 D GStreamer+GST_BUS: 0:02:27.796268016 0xe95393b0 gstbus.c:309:gst_bus_post:<bus8> [msg 0xe9012280] posting on bus structure-change message: 0xe9012280, time 99:99:99.999999999, seq-num 707, element 'sink', GstMessageStructureChange, type=(GstStructureChangeType)GST_STRUCTURE_CHANGE_TYPE_PAD_LINK, owner=(GstElement)"\(GstDecodeBin\)\ decodebin2", busy=(boolean)true;
06-06 22:07:23.965  4906  5132 D GStreamer+bin: 0:02:27.796333849 0xe95393b0 gstbin.c:3654:gst_bin_handle_message_func:<pipeline1> [msg 0xe9012280] handling child sink message of type structure-change
06-06 22:07:23.965  4906  5132 D GStreamer+bin: 0:02:27.796358224 0xe95393b0 gstbin.c:911:find_message:<pipeline1> no message found matching types 00001000
06-06 22:07:23.965  4906  5132 D GStreamer+bin: 0:02:27.796377131 0xe95393b0 gstbin.c:918:find_message:<pipeline1>   structure-change
06-06 22:07:23.965  4906  5132 D GStreamer+bin: 0:02:27.796394787 0xe95393b0 gstbin.c:958:bin_replace_message:<pipeline1> got new message 0xe9012280, structure-change from sink
06-06 22:07:23.965  4906  5132 D GStreamer+GST_BUS: 0:02:27.796415047 0xe95393b0 gstbus.c:344:gst_bus_post:<bus8> [msg 0xe9012280] dropped
06-06 22:07:23.965  4906  5132 I GStreamer+GST_PADS: 0:02:27.796452912 0xe95393b0 gstpad.c:2315:gst_pad_link_prepare trying to link decodebin2:src_0 and queue5:sink
06-06 22:07:23.965  4906  5132 D GStreamer+GST_CAPS: 0:02:27.796474422 0xe95393b0 gstutils.c:2872:gst_pad_query_caps:<decodebin2:src_0> get pad caps with filter (NULL)
06-06 22:07:23.965  4906  5132 D GStreamer+query: 0:02:27.796497026 0xe95393b0 gstquery.c:674:gst_query_new_custom creating new query 0xe92fd950 caps
06-06 22:07:23.965  4906  5132 D GStreamer+GST_PADS: 0:02:27.796515256 0xe95393b0 gstpad.c:3922:gst_pad_query:<decodebin2:src_0> doing query 0xe92fd950 (caps)
06-06 22:07:23.965  4906  5132 D GStreamer+GST_PADS: 0:02:27.796537131 0xe95393b0 gstpad.c:3690:do_probe_callbacks:<decodebin2:src_0> data is passed
06-06 22:07:23.965  4906  5132 D GStreamer+GST_CAPS: 0:02:27.796555256 0xe95393b0 gstpad.c:3112:gst_pad_query_caps_default:<decodebin2:src_0> query caps caps query: 0xe92fd950, GstQueryCaps, filter=(GstCaps)"NULL", caps=(GstCaps)"NULL";
06-06 22:07:23.966  4906  5132 D GStreamer+GST_PADS: 0:02:27.796584943 0xe95393b0 gstutils.c:2633:gst_pad_proxy_query_caps:<decodebin2:src_0> proxying caps query for decodebin2:src_0
06-06 22:07:23.966  4906  5132 D GStreamer+GST_PADS: 0:02:27.796609214 0xe95393b0 gstpad.c:4049:gst_pad_peer_query:<src_0:proxypad8> peer query 0xe92fd950 (caps)
06-06 22:07:23.966  4906  5132 D GStreamer+GST_PADS: 0:02:27.796630360 0xe95393b0 gstpad.c:3922:gst_pad_query:<amcaudiodec-omxgooglemp3decoder0:src> doing query 0xe92fd950 (caps)
06-06 22:07:23.966  4906  5132 D GStreamer+GST_PADS: 0:02:27.796652235 0xe95393b0 gstpad.c:3690:do_probe_callbacks:<amcaudiodec-omxgooglemp3decoder0:src> data is passed
06-06 22:07:23.966  4906  5132 D GStreamer+audiodecoder: 0:02:27.796671141 0xe95393b0 gstaudiodecoder.c:2888:gst_audio_decoder_src_query:<amcaudiodec-omxgooglemp3decoder0:src> received query caps query: 0xe92fd950, GstQueryCaps, filter=(GstCaps)"NULL", caps=(GstCaps)"NULL";
06-06 22:07:23.966  4906  5132 D GStreamer+GST_CAPS: 0:02:27.796699214 0xe95393b0 gstpad.c:3112:gst_pad_query_caps_default:<amcaudiodec-omxgooglemp3decoder0:src> query caps caps query: 0xe92fd950, GstQueryCaps, filter=(GstCaps)"NULL", caps=(GstCaps)"NULL";
06-06 22:07:23.966  4906  5132 D GStreamer+GST_CAPS: 0:02:27.796726349 0xe95393b0 gstpad.c:3135:gst_pad_query_caps_default:<amcaudiodec-omxgooglemp3decoder0:src> trying pad template caps
06-06 22:07:23.966  4906  5132 D GStreamer+GST_CAPS: 0:02:27.796745151 0xe95393b0 gstpad.c:3165:gst_pad_query_caps_default:<amcaudiodec-omxgooglemp3decoder0:src> using caps 0xe8f68b18 audio/x-raw, rate=(int)[ 1, 2147483647 ], channels=(int)[ 1, 2147483647 ], format=(string)S16LE, layout=(string)interleaved
06-06 22:07:23.966  4906  5132 D GStreamer+GST_PADS: 0:02:27.796782964 0xe95393b0 gstpad.c:3367:gst_pad_query_default:<amcaudiodec-omxgooglemp3decoder0:src> not forwarding 0xe92fd950 (caps) query
06-06 22:07:23.966  4906  5132 D GStreamer+GST_PADS: 0:02:27.796804735 0xe95393b0 gstpad.c:3945:gst_pad_query:<amcaudiodec-omxgooglemp3decoder0:src> sent query 0xe92fd950 (caps), result 1
06-06 22:07:23.966  4906  5132 D GStreamer+default: 0:02:27.796826766 0xe95393b0 gstutils.c:2595:query_caps_func:<src_0:proxypad8> intersect with result audio/x-raw, rate=(int)[ 1, 2147483647 ], channels=(int)[ 1, 2147483647 ], format=(string)S16LE, layout=(string)interleaved
06-06 22:07:23.966  4906  5132 D GStreamer+default: 0:02:27.796860360 0xe95393b0 gstutils.c:2597:query_caps_func:<src_0:proxypad8> intersected audio/x-raw, rate=(int)[ 1, 2147483647 ], channels=(int)[ 1, 2147483647 ], format=(string)S16LE, layout=(string)interleaved
06-06 22:07:23.966  4906  5132 D GStreamer+GST_PADS: 0:02:27.796895464 0xe95393b0 gstpad.c:3367:gst_pad_query_default:<decodebin2:src_0> not forwarding 0xe92fd950 (caps) query
06-06 22:07:23.966  4906  5132 D GStreamer+GST_PADS: 0:02:27.796916870 0xe95393b0 gstpad.c:3945:gst_pad_query:<decodebin2:src_0> sent query 0xe92fd950 (caps), result 1
06-06 22:07:23.966  4906  5132 D GStreamer+GST_CAPS: 0:02:27.796937704 0xe95393b0 gstutils.c:2879:gst_pad_query_caps:<decodebin2:src_0> query returned audio/x-raw, rate=(int)[ 1, 2147483647 ], channels=(int)[ 1, 2147483647 ], format=(string)S16LE, layout=(string)interleaved
06-06 22:07:23.966  4906  5132 D GStreamer+GST_CAPS: 0:02:27.796973120 0xe95393b0 gstutils.c:2872:gst_pad_query_caps:<queue5:sink> get pad caps with filter (NULL)
06-06 22:07:23.966  4906  5132 D GStreamer+query: 0:02:27.796994214 0xe95393b0 gstquery.c:674:gst_query_new_custom creating new query 0xe9539660 caps
06-06 22:07:23.966  4906  5132 D GStreamer+GST_PADS: 0:02:27.797011766 0xe95393b0 gstpad.c:3922:gst_pad_query:<queue5:sink> doing query 0xe9539660 (caps)
06-06 22:07:23.966  4906  5132 D GStreamer+GST_CAPS: 0:02:27.797031297 0xe95393b0 gstpad.c:3112:gst_pad_query_caps_default:<queue5:sink> query caps caps query: 0xe9539660, GstQueryCaps, filter=(GstCaps)"NULL", caps=(GstCaps)"NULL";
06-06 22:07:23.966  4906  5132 D GStreamer+GST_PADS: 0:02:27.797058276 0xe95393b0 gstutils.c:2633:gst_pad_proxy_query_caps:<queue5:sink> proxying caps query for queue5:sink
06-06 22:07:23.966  4906  5132 D GStreamer+GST_PADS: 0:02:27.797079058 0xe95393b0 gstpad.c:2827:gst_pad_iterate_internal_links_default:<queue5:sink> Making iterator
06-06 22:07:23.966  4906  5132 D GStreamer+GST_PADS: 0:02:27.797097912 0xe95393b0 gstpad.c:4049:gst_pad_peer_query:<queue5:src> peer query 0xe9539660 (caps)
06-06 22:07:23.966  4906  5132 D GStreamer+GST_PADS: 0:02:27.797117860 0xe95393b0 gstpad.c:3922:gst_pad_query:<autoaudiosink0:sink> doing query 0xe9539660 (caps)
06-06 22:07:23.966  4906  5132 D GStreamer+GST_CAPS: 0:02:27.797137964 0xe95393b0 gstpad.c:3112:gst_pad_query_caps_default:<autoaudiosink0:sink> query caps caps query: 0xe9539660, GstQueryCaps, filter=(GstCaps)"NULL", caps=(GstCaps)"NULL";
06-06 22:07:23.966  4906  5132 D GStreamer+GST_PADS: 0:02:27.797164631 0xe95393b0 gstutils.c:2633:gst_pad_proxy_query_caps:<autoaudiosink0:sink> proxying caps query for autoaudiosink0:sink
06-06 22:07:23.966  4906  5132 D GStreamer+GST_PADS: 0:02:27.797188954 0xe95393b0 gstpad.c:4049:gst_pad_peer_query:<sink:proxypad6> peer query 0xe9539660 (caps)
06-06 22:07:23.966  4906  5132 D GStreamer+GST_PADS: 0:02:27.797209058 0xe95393b0 gstpad.c:3922:gst_pad_query:<fake-audio-sink:sink> doing query 0xe9539660 (caps)
06-06 22:07:23.966  4906  5132 D GStreamer+GST_PADS: 0:02:27.797230568 0xe95393b0 gstpad.c:3945:gst_pad_query:<fake-audio-sink:sink> sent query 0xe9539660 (caps), result 1
06-06 22:07:23.966  4906  5132 D GStreamer+default: 0:02:27.797251349 0xe95393b0 gstutils.c:2595:query_caps_func:<sink:proxypad6> intersect with result ANY
06-06 22:07:23.966  4906  5132 D GStreamer+default: 0:02:27.797269891 0xe95393b0 gstutils.c:2597:query_caps_func:<sink:proxypad6> intersected ANY
06-06 22:07:23.966  4906  5132 D GStreamer+GST_PADS: 0:02:27.797290620 0xe95393b0 gstpad.c:3367:gst_pad_query_default:<autoaudiosink0:sink> not forwarding 0xe9539660 (caps) query
06-06 22:07:23.966  4906  5132 D GStreamer+GST_PADS: 0:02:27.797311818 0xe95393b0 gstpad.c:3945:gst_pad_query:<autoaudiosink0:sink> sent query 0xe9539660 (caps), result 1
06-06 22:07:23.966  4906  5132 D GStreamer+default: 0:02:27.797332756 0xe95393b0 gstutils.c:2595:query_caps_func:<queue5:src> intersect with result ANY
06-06 22:07:23.966  4906  5132 D GStreamer+default: 0:02:27.797351558 0xe95393b0 gstutils.c:2597:query_caps_func:<queue5:src> intersected ANY
06-06 22:07:23.966  4906  5132 D GStreamer+GST_PADS: 0:02:27.797372131 0xe95393b0 gstpad.c:3367:gst_pad_query_default:<queue5:sink> not forwarding 0xe9539660 (caps) query
06-06 22:07:23.966  4906  5132 D GStreamer+GST_PADS: 0:02:27.797394110 0xe95393b0 gstpad.c:3945:gst_pad_query:<queue5:sink> sent query 0xe9539660 (caps), result 1
06-06 22:07:23.966  4906  5132 D GStreamer+GST_CAPS: 0:02:27.797414631 0xe95393b0 gstutils.c:2879:gst_pad_query_caps:<queue5:sink> query returned ANY
06-06 22:07:23.966  4906  5132 D GStreamer+GST_CAPS: 0:02:27.797445047 0xe95393b0 gstpad.c:2215:gst_pad_link_check_compatible_unlocked:<decodebin2:src_0> src caps audio/x-raw, rate=(int)[ 1, 2147483647 ], channels=(int)[ 1, 2147483647 ], format=(string)S16LE, layout=(string)interleaved
06-06 22:07:23.966  4906  5132 D GStreamer+GST_CAPS: 0:02:27.797478016 0xe95393b0 gstpad.c:2217:gst_pad_link_check_compatible_unlocked:<queue5:sink> sink caps ANY
06-06 22:07:23.966  4906  5132 D GStreamer+GST_CAPS: 0:02:27.797496818 0xe95393b0 gstpad.c:2235:gst_pad_link_check_compatible_unlocked caps are compatible
06-06 22:07:23.966  4906  5132 I GStreamer+GST_PADS: 0:02:27.797516141 0xe95393b0 gstpad.c:2521:gst_pad_link_full linked decodebin2:src_0 and queue5:sink, successful
06-06 22:07:23.966  4906  5132 I GStreamer+GST_EVENT: 0:02:27.797536141 0xe95393b0 gstevent.c:1382:gst_event_new_reconfigure creating reconfigure event
06-06 22:07:23.966  4906  5132 D GStreamer+GST_EVENT: 0:02:27.797551870 0xe95393b0 gstevent.c:302:gst_event_new_custom creating new event 0xe921c870 reconfigure 61441
06-06 22:07:23.967  4906  5132 D GStreamer+GST_EVENT: 0:02:27.797572235 0xe95393b0 gstpad.c:5536:gst_pad_send_event_unchecked:<decodebin2:src_0> have event type reconfigure event: 0xe921c870, time 99:99:99.999999999, seq-num 708, (NULL)
06-06 22:07:23.967  4906  5132 D GStreamer+GST_PADS: 0:02:27.797604110 0xe95393b0 gstpad.c:3690:do_probe_callbacks:<decodebin2:src_0> data is passed
06-06 22:07:23.967  4906  5132 D GStreamer+GST_EVENT: 0:02:27.797628068 0xe95393b0 gstpad.c:5536:gst_pad_send_event_unchecked:<amcaudiodec-omxgooglemp3decoder0:src> have event type reconfigure event: 0xe921c870, time 99:99:99.999999999, seq-num 708, (NULL)
06-06 22:07:23.967  4906  5132 D GStreamer+GST_PADS: 0:02:27.797659683 0xe95393b0 gstpad.c:3690:do_probe_callbacks:<amcaudiodec-omxgooglemp3decoder0:src> data is passed
06-06 22:07:23.967  4906  5132 D GStreamer+audiodecoder: 0:02:27.797677860 0xe95393b0 gstaudiodecoder.c:2477:gst_audio_decoder_src_event:<amcaudiodec-omxgooglemp3decoder0> received event 61441, reconfigure
06-06 22:07:23.967  4906  5132 D GStreamer+GST_PADS: 0:02:27.797700047 0xe95393b0 gstpad.c:2827:gst_pad_iterate_internal_links_default:<amcaudiodec-omxgooglemp3decoder0:src> Making iterator
06-06 22:07:23.967  4906  5132 D GStreamer+GST_EVENT: 0:02:27.797720776 0xe95393b0 gstpad.c:5536:gst_pad_send_event_unchecked:<mpegaudioparse0:src> have event type reconfigure event: 0xe921c870, time 99:99:99.999999999, seq-num 708, (NULL)
06-06 22:07:23.967  4906  5132 D GStreamer+baseparse: 0:02:27.797752808 0xe95393b0 gstbaseparse.c:1613:gst_base_parse_src_event:<mpegaudioparse0> event 61441, reconfigure
06-06 22:07:23.967  4906  5132 D GStreamer+GST_PADS: 0:02:27.797774162 0xe95393b0 gstpad.c:2827:gst_pad_iterate_internal_links_default:<mpegaudioparse0:src> Making iterator
06-06 22:07:23.967  4906  5132 D GStreamer+GST_EVENT: 0:02:27.797793485 0xe95393b0 gstpad.c:5536:gst_pad_send_event_unchecked:<typefind:src> have event type reconfigure event: 0xe921c870, time 99:99:99.999999999, seq-num 708, (NULL)
06-06 22:07:23.967  4906  5132 D GStreamer+GST_EVENT: 0:02:27.797828016 0xe95393b0 gstpad.c:5536:gst_pad_send_event_unchecked:<sink:proxypad5> have event type reconfigure event: 0xe921c870, time 99:99:99.999999999, seq-num 708, (NULL)
06-06 22:07:23.967  4906  5132 D GStreamer+GST_EVENT: 0:02:27.797862443 0xe95393b0 gstpad.c:5536:gst_pad_send_event_unchecked:<queue4:src> have event type reconfigure event: 0xe921c870, time 99:99:99.999999999, seq-num 708, (NULL)
06-06 22:07:23.967  4906  5132 D GStreamer+queue_dataflow: 0:02:27.797902287 0xe95393b0 gstqueue.c:1556:gst_queue_handle_src_event:<queue4> got event 0xe921c870 (61441)
06-06 22:07:23.967  4906  5132 D GStreamer+GST_EVENT: 0:02:27.797925047 0xe95393b0 gstpad.c:5536:gst_pad_send_event_unchecked:<q:audio_0> have event type reconfigure event: 0xe921c870, time 99:99:99.999999999, seq-num 708, (NULL)
06-06 22:07:23.967  4906  5132 D GStreamer+GST_PADS: 0:02:27.797956037 0xe95393b0 gstpad.c:2827:gst_pad_iterate_internal_links_default:<q:audio_0> Making iterator
06-06 22:07:23.967  4906  5132 D GStreamer+GST_EVENT: 0:02:27.797975724 0xe95393b0 gstpad.c:5536:gst_pad_send_event_unchecked:<filesrc1:src> have event type reconfigure event: 0xe921c870, time 99:99:99.999999999, seq-num 708, (NULL)
06-06 22:07:23.967  4906  5132 D GStreamer+basesrc: 0:02:27.798008485 0xe95393b0 gstbasesrc.c:1986:gst_base_src_default_event:<filesrc1> handle event reconfigure event: 0xe921c870, time 99:99:99.999999999, seq-num 708, (NULL)
06-06 22:07:23.967  4906  5132 D GStreamer+GST_PADS: 0:02:27.798037860 0xe95393b0 gstpad.c:5609:gst_pad_send_event_unchecked:<filesrc1:src> sent event, ret ok
06-06 22:07:23.967  4906  5132 D GStreamer+GST_PADS: 0:02:27.798059058 0xe95393b0 gstpad.c:5609:gst_pad_send_event_unchecked:<q:audio_0> sent event, ret ok
06-06 22:07:23.967  4906  5132 D GStreamer+GST_PADS: 0:02:27.798078381 0xe95393b0 gstpad.c:5609:gst_pad_send_event_unchecked:<queue4:src> sent event, ret ok
06-06 22:07:23.967  4906  5132 D GStreamer+GST_PADS: 0:02:27.798097912 0xe95393b0 gstpad.c:5609:gst_pad_send_event_unchecked:<sink:proxypad5> sent event, ret ok
06-06 22:07:23.967  4906  5132 D GStreamer+GST_PADS: 0:02:27.798116454 0xe95393b0 gstpad.c:5609:gst_pad_send_event_unchecked:<typefind:src> sent event, ret ok
06-06 22:07:23.967  4906  5132 D GStreamer+GST_PADS: 0:02:27.798137183 0xe95393b0 gstpad.c:5609:gst_pad_send_event_unchecked:<mpegaudioparse0:src> sent event, ret ok
06-06 22:07:23.967  4906  5132 D GStreamer+GST_PADS: 0:02:27.798157391 0xe95393b0 gstpad.c:5609:gst_pad_send_event_unchecked:<amcaudiodec-omxgooglemp3decoder0:src> sent event, ret ok
06-06 22:07:23.967  4906  5132 D GStreamer+GST_PADS: 0:02:27.798178641 0xe95393b0 gstpad.c:5609:gst_pad_send_event_unchecked:<decodebin2:src_0> sent event, ret ok
06-06 22:07:23.967  4906  5132 D GStreamer+GST_BUS: 0:02:27.798202964 0xe95393b0 gstbus.c:309:gst_bus_post:<bus8> [msg 0xe92f69c0] posting on bus structure-change message: 0xe92f69c0, time 99:99:99.999999999, seq-num 709, element 'sink', GstMessageStructureChange, type=(GstStructureChangeType)GST_STRUCTURE_CHANGE_TYPE_PAD_LINK, owner=(GstElement)"\(GstDecodeBin\)\ decodebin2", busy=(boolean)false;
06-06 22:07:23.967  4906  5132 D GStreamer+bin: 0:02:27.798254474 0xe95393b0 gstbin.c:3654:gst_bin_handle_message_func:<pipeline1> [msg 0xe92f69c0] handling child sink message of type structure-change
06-06 22:07:23.967  4906  5132 D GStreamer+bin: 0:02:27.798276558 0xe95393b0 gstbin.c:986:bin_remove_messages:<queue5:sink> deleting message 0xe9012280 of types 0x00001000
06-06 22:07:23.967  4906  5132 D GStreamer+GST_BUS: 0:02:27.798300360 0xe95393b0 gstbus.c:344:gst_bus_post:<bus8> [msg 0xe92f69c0] dropped
06-06 22:07:23.967  4906  5132 D GStreamer+GST_ELEMENT_PADS: 0:02:27.798321506 0xe95393b0 gstutils.c:1735:gst_element_link_pads_full linked pad decodebin2:src_0 to pad queue5:sink
06-06 22:07:23.967  4906  5132 D GStreamer+GST_PIPELINE: 0:02:27.798344006 0xe95393b0 ./grammar.y:527:gst_parse_found_pad delayed linking some pad of GstDecodeBin named decodebin2 to some pad of GstQueue named queue5 worked
06-06 22:07:23.967  4906  5132 I GStreamer+decodebin: 0:02:27.798378120 0xe95393b0 gstdecodebin2.c:4692:gst_decode_bin_expose:<decodebin2:src_0> added new decoded pad
06-06 22:07:23.967  4906  5132 D GStreamer+decodebin: 0:02:27.798399110 0xe95393b0 gstdecodebin2.c:4709:gst_decode_bin_expose:<decodebin2:src_0> unblocking
06-06 22:07:23.967  4906  5132 D GStreamer+decodebin: 0:02:27.798424422 0xe95393b0 gstdecodebin2.c:4925:gst_decode_pad_set_blocked:<decodebin2:src_0> blocking pad: 0
06-06 22:07:23.967  4906  5132 D GStreamer+GST_PADS: 0:02:27.798446297 0xe95393b0 gstghostpad.c:808:gst_ghost_pad_get_target:<decodebin2:src_0> get target amcaudiodec-omxgooglemp3decoder0:src
06-06 22:07:23.967  4906  5132 D GStreamer+GST_PADS: 0:02:27.798467235 0xe95393b0 gstpad.c:1324:cleanup_hook:<amcaudiodec-omxgooglemp3decoder0:src> remove blocking probe, now 0 left
06-06 22:07:23.967  4906  5132 D GStreamer+GST_PADS: 0:02:27.798487131 0xe95393b0 gstpad.c:1330:cleanup_hook:<amcaudiodec-omxgooglemp3decoder0:src> last blocking probe removed, unblocking
06-06 22:07:23.967  4906  5132 D GStreamer+decodebin: 0:02:27.798506141 0xe95393b0 gstdecodebin2.c:4711:gst_decode_bin_expose:<decodebin2:src_0> unblocked
06-06 22:07:23.967  4906  5132 D GStreamer+bin: 0:02:27.798526870 0xe95393b0 gstbin.c:3654:gst_bin_handle_message_func:<decodebin2> [msg 0xe90122d8] handling child decodebin2 message of type async-done
06-06 22:07:23.967  4906  5132 D GStreamer+bin: 0:02:27.798548849 0xe95393b0 gstbin.c:3875:gst_bin_handle_message_func:<decodebin2> ASYNC_DONE message 0xe90122d8, decodebin2
06-06 22:07:23.967  4906  5132 D GStreamer+bin: 0:02:27.798568485 0xe95393b0 gstbin.c:909:find_message:<decodebin2> we found a message 0xe92f6968 from decodebin2 matching types 00100000
06-06 22:07:23.968  4906  5132 D GStreamer+bin: 0:02:27.798588329 0xe95393b0 gstbin.c:950:bin_replace_message:<decodebin2> replace old message async-start from decodebin2 with async-done message
06-06 22:07:23.968  4906  5132 D GStreamer+bin: 0:02:27.798608693 0xe95393b0 gstbin.c:911:find_message:<decodebin2> no message found matching types 00100000
06-06 22:07:23.968  4906  5132 D GStreamer+bin: 0:02:27.798627391 0xe95393b0 gstbin.c:918:find_message:<decodebin2>   async-start
06-06 22:07:23.968  4906  5132 D GStreamer+bin: 0:02:27.798644318 0xe95393b0 gstbin.c:986:bin_remove_messages:<decodebin2> deleting message 0xe90122d8 of types 0x00200000
06-06 22:07:23.968  4906  5132 D GStreamer+bin: 0:02:27.798664683 0xe95393b0 gstbin.c:3894:gst_bin_handle_message_func:<decodebin2> async elements commited
06-06 22:07:23.968  4906  5132 I GStreamer+GST_STATES: 0:02:27.798683433 0xe95393b0 gstbin.c:3361:bin_handle_async_done:<decodebin2> committing state from READY to PAUSED, old pending PAUSED
06-06 22:07:23.968  4906  5132 I GStreamer+GST_STATES: 0:02:27.798704526 0xe95393b0 gstbin.c:3381:bin_handle_async_done:<decodebin2> completed state change, pending VOID
06-06 22:07:23.968  4906  5132 I GStreamer+GST_STATES: 0:02:27.798723224 0xe95393b0 gstelement.c:2279:_priv_gst_element_state_changed:<decodebin2> notifying about state-changed READY to PAUSED (VOID_PENDING pending)
06-06 22:07:23.968  4906  5132 D GStreamer+GST_BUS: 0:02:27.798748485 0xe95393b0 gstbus.c:309:gst_bus_post:<bus8> [msg 0xe92ef978] posting on bus state-changed message: 0xe92ef978, time 99:99:99.999999999, seq-num 712, element 'decodebin2', GstMessageStateChanged, old-state=(GstState)GST_STATE_READY, new-state=(GstState)GST_STATE_PAUSED, pending-state=(GstState)GST_STATE_VOID_PENDING;
06-06 22:07:23.968  4906  5132 D GStreamer+bin: 0:02:27.798795204 0xe95393b0 gstbin.c:3654:gst_bin_handle_message_func:<pipeline1> [msg 0xe92ef978] handling child decodebin2 message of type state-changed
06-06 22:07:23.968  4906  5132 D GStreamer+bin: 0:02:27.798817131 0xe95393b0 gstbin.c:3991:gst_bin_handle_message_func:<pipeline1> posting message upward
06-06 22:07:23.968  4906  5132 D GStreamer+GST_BUS: 0:02:27.798834214 0xe95393b0 gstbus.c:309:gst_bus_post:<bus9> [msg 0xe92ef978] posting on bus state-changed message: 0xe92ef978, time 99:99:99.999999999, seq-num 712, element 'decodebin2', GstMessageStateChanged, old-state=(GstState)GST_STATE_READY, new-state=(GstState)GST_STATE_PAUSED, pending-state=(GstState)GST_STATE_VOID_PENDING;
06-06 22:07:23.968  4906  5132 D GStreamer+GST_BUS: 0:02:27.798875308 0xe95393b0 gstbus.c:348:gst_bus_post:<bus9> [msg 0xe92ef978] pushing on async queue
06-06 22:07:23.968  4906  5132 D GStreamer+GST_BUS: 0:02:27.798894422 0xe95393b0 gstbus.c:351:gst_bus_post:<bus9> [msg 0xe92ef978] pushed on async queue
06-06 22:07:23.968  4906  5132 D GStreamer+GST_BUS: 0:02:27.798913016 0xe95393b0 gstbus.c:344:gst_bus_post:<bus8> [msg 0xe92ef978] dropped
06-06 22:07:23.968  4906  5132 D GStreamer+bin: 0:02:27.798931193 0xe95393b0 gstbin.c:3416:bin_handle_async_done:<decodebin2> posting ASYNC_DONE to parent
06-06 22:07:23.968  4906  5132 D GStreamer+GST_BUS: 0:02:27.798950672 0xe95393b0 gstbus.c:309:gst_bus_post:<bus8> [msg 0xe915d1d0] posting on bus async-done message: 0xe915d1d0, time 99:99:99.999999999, seq-num 711, element 'decodebin2', GstMessageAsyncDone, running-time=(guint64)18446744073709551615;
06-06 22:07:23.968  4906  5132 D GStreamer+bin: 0:02:27.798999422 0xe95393b0 gstbin.c:3654:gst_bin_handle_message_func:<pipeline1> [msg 0xe915d1d0] handling child decodebin2 message of type async-done
06-06 22:07:23.968  4906  5132 D GStreamer+bin: 0:02:27.799020308 0xe95393b0 gstbin.c:3875:gst_bin_handle_message_func:<pipeline1> ASYNC_DONE message 0xe915d1d0, decodebin2
06-06 22:07:23.968  4906  5132 D GStreamer+bin: 0:02:27.799039943 0xe95393b0 gstbin.c:3910:gst_bin_handle_message_func:<pipeline1> ignoring message, target NULL
06-06 22:07:23.968  4906  5132 D GStreamer+GST_BUS: 0:02:27.799058901 0xe95393b0 gstbus.c:344:gst_bus_post:<bus8> [msg 0xe915d1d0] dropped
06-06 22:07:23.968  4906  5132 D GStreamer+bin: 0:02:27.799078381 0xe95393b0 gstbin.c:3426:bin_handle_async_done:<decodebin2> state change complete
06-06 22:07:23.968  4906  5132 D GStreamer+decodebin: 0:02:27.799095776 0xe95393b0 gstdecodebin2.c:4717:gst_decode_bin_expose:<decodebin2> Exposed everything
06-06 22:07:23.968  4906  5132 D GStreamer+GST_PADS: 0:02:27.799112339 0xe95393b0 gstpad.c:3489:probe_hook_marshal:<amcaudiodec-omxgooglemp3decoder0:src> asked to pass item
06-06 22:07:23.968  4906  5132 D GStreamer+GST_PADS: 0:02:27.799130776 0xe95393b0 gstpad.c:3690:do_probe_callbacks:<amcaudiodec-omxgooglemp3decoder0:src> data is passed
06-06 22:07:23.972  4906  5132 D GStreamer+amcaudiodec: 0:02:27.803447704 0xe95393b0 gstamcaudiodec.c:600:gst_amc_audio_dec_loop:<amcaudiodec-omxgooglemp3decoder0> Finished frame: ok
06-06 22:07:23.972  4906  5132 D GStreamer+amcaudiodec: 0:02:27.803503693 0xe95393b0 gstamcaudiodec.c:424:gst_amc_audio_dec_loop:<amcaudiodec-omxgooglemp3decoder0> Waiting for available output buffer
06-06 22:07:23.973  4906  5126 D GStreamer+amcaudiodec: 0:02:27.803627026 0xe900d1b0 gstamcaudiodec.c:1170:gst_amc_audio_dec_handle_frame:<amcaudiodec-omxgooglemp3decoder0> Queueing buffer 1: size 144 time 24000 flags 0x00000001
06-06 22:07:23.973  4906  5126 D GStreamer+GST_SCHEDULING: 0:02:27.803831558 0xe900d1b0 gstpad.c:4199:gst_pad_chain_data_unchecked:<amcaudiodec-omxgooglemp3decoder0:sink> called chainfunction &gst_audio_decoder_chain with buffer 0xe91fa038, returned ok
06-06 22:07:23.973  4906  5126 D GStreamer+GST_PERFORMANCE: 0:02:27.803982547 0xe900d1b0 gstminiobject.c:327:gst_mini_object_make_writable copy GstBuffer miniobject 0xe91fd0d8 -> 0xe9537f20
06-06 22:07:23.973  4906  5126 D GStreamer+mpegaudioparse: 0:02:27.804033276 0xe900d1b0 gstmpegaudioparse.c:454:gst_mpeg_audio_parse_head_check:<mpegaudioparse0> checking mp3 header 0xfff364c0
06-06 22:07:23.973  4906  5132 D GStreamer+amcaudiodec: 0:02:27.804024839 0xe95393b0 gstamcaudiodec.c:491:gst_amc_audio_dec_loop:<amcaudiodec-omxgooglemp3decoder0> Got output buffer at index 1: offset 0 size 1152 time 24000 flags 0x00000000
06-06 22:07:23.973  4906  5116 I GStreamer+glcontext: 0:02:27.804052912 0xe93d1d00 gstglcontext.c:646:gst_gl_context_finalize:<glcontextegl1> gl thread joined
06-06 22:07:23.973  4906  5126 D GStreamer+mpegaudioparse: 0:02:27.804061766 0xe900d1b0 gstmpegaudioparse.c:335:mp3_type_frame_length_from_header:<mpegaudioparse0> Calculated mp3 frame length of 144 bytes
06-06 22:07:23.973  4906  5126 D GStreamer+mpegaudioparse: 0:02:27.804083849 0xe900d1b0 gstmpegaudioparse.c:338:mp3_type_frame_length_from_header:<mpegaudioparse0> samplerate = 24000, bitrate = 48000, version = 2, layer = 3, channels = 1, mode = mono
06-06 22:07:23.973  4906  5116 I GStreamer+glwindow: 0:02:27.804105724 0xe93d1d00 gstglwindow.c:337:gst_gl_window_finalize quit navigation loop
06-06 22:07:23.973  4906  5132 D GStreamer+audiodecoder: 0:02:27.804104683 0xe95393b0 gstaudiodecoder.c:3576:gst_audio_decoder_allocate_output_buffer alloc src buffer
06-06 22:07:23.973  4906  5132 D GStreamer+GST_PADS: 0:02:27.804132860 0xe95393b0 gstpad.c:1614:gst_pad_check_reconfigure:<amcaudiodec-omxgooglemp3decoder0:src> remove RECONFIGURE flag
06-06 22:07:23.973  4906  5126 D GStreamer+GST_CAPS: 0:02:27.804137235 0xe900d1b0 gstpad.c:2644:gst_pad_has_current_caps:<mpegaudioparse0:src> check current pad caps audio/mpeg, mpegversion=(int)1, mpegaudioversion=(int)2, layer=(int)3, rate=(int)24000, channels=(int)1, parsed=(boolean)true
06-06 22:07:23.973  4906  5118 I GStreamer+glwindow: 0:02:27.804168016 0xe956c750 gstglwindow.c:951:gst_gl_window_navigation_thread navigation loop exited
06-06 22:07:23.973  4906  5118 I GStreamer+glwindow: 
06-06 22:07:23.973  4906  5132 D GStreamer+audiodecoder: 0:02:27.804166037 0xe95393b0 gstaudiodecoder.c:647:gst_audio_decoder_negotiate_default:<amcaudiodec-omxgooglemp3decoder0> setting src caps audio/x-raw, format=(string)S16LE, layout=(string)interleaved, rate=(int)24000, channels=(int)1
06-06 22:07:23.973  4906  5132 D GStreamer+audiodecoder: 0:02:27.804207079 0xe95393b0 gstaudiodecoder.c:654:gst_audio_decoder_negotiate_default:<amcaudiodec-omxgooglemp3decoder0> Pushing pending events
06-06 22:07:23.973  4906  5126 D GStreamer+GST_SCHEDULING: 0:02:27.804194526 0xe900d1b0 gstpad.c:4193:gst_pad_chain_data_unchecked:<amcaudiodec-omxgooglemp3decoder0:sink> calling chainfunction &gst_audio_decoder_chain with buffer buffer: 0xe91fd0d8, pts 0:00:00.048000000, dts 0:00:00.048000000, dur 0:00:00.024000000, size 144, offset 288, offset_end none, flags 0x0
06-06 22:07:23.973  4906  5132 D GStreamer+GST_CAPS: 0:02:27.804245829 0xe95393b0 gstpad.c:2672:gst_pad_get_current_caps:<amcaudiodec-omxgooglemp3decoder0:src> get current pad caps audio/x-raw, format=(string)S16LE, layout=(string)interleaved, rate=(int)24000, channels=(int)1
06-06 22:07:23.973  4906  5132 D GStreamer+query: 0:02:27.804286974 0xe95393b0 gstquery.c:674:gst_query_new_custom creating new query 0xe9539600 allocation
06-06 22:07:23.973  4906  5132 D GStreamer+GST_PADS: 0:02:27.804306818 0xe95393b0 gstpad.c:4049:gst_pad_peer_query:<amcaudiodec-omxgooglemp3decoder0:src> peer query 0xe9539600 (allocation)
06-06 22:07:23.973  4906  5132 D GStreamer+GST_PADS: 0:02:27.804328589 0xe95393b0 gstpad.c:3922:gst_pad_query:<src_0:proxypad8> doing query 0xe9539600 (allocation)
06-06 22:07:23.973  4906  5116 D GStreamer+glcontext: 0:02:27.804357808 0xe93d1d00 gstglcontext.c:671:gst_gl_context_finalize:<glcontextegl1> End of finalize
06-06 22:07:23.973  4906  5132 D GStreamer+GST_PADS: 0:02:27.804357235 0xe95393b0 gstpad.c:3367:gst_pad_query_default:<src_0:proxypad8> forwarding 0xe9539600 (allocation) query
06-06 22:07:23.973  4906  5116 D GStreamer+GST_STATES: 0:02:27.804390464 0xe93d1d00 gstelement.c:2686:gst_element_change_state:<sink> element changed state SUCCESS
06-06 22:07:23.973  4906  5132 D GStreamer+GST_PADS: 0:02:27.804390099 0xe95393b0 gstpad.c:4049:gst_pad_peer_query:<decodebin2:src_0> peer query 0xe9539600 (allocation)
06-06 22:07:23.973  4906  5132 D GStreamer+GST_PADS: 0:02:27.804427964 0xe95393b0 gstpad.c:3690:do_probe_callbacks:<decodebin2:src_0> data is passed
06-06 22:07:23.973  4906  5116 I GStreamer+GST_STATES: 0:02:27.804415308 0xe93d1d00 gstelement.c:2374:gst_element_continue_state:<sink> completed state change to NULL
06-06 22:07:23.973  4906  5132 D GStreamer+GST_PADS: 0:02:27.804451089 0xe95393b0 gstpad.c:3922:gst_pad_query:<queue5:sink> doing query 0xe9539600 (allocation)
06-06 22:07:23.973  4906  5116 I GStreamer+GST_STATES: 0:02:27.804470047 0xe93d1d00 gstelement.c:2279:_priv_gst_element_state_changed:<sink> notifying about state-changed READY to NULL (VOID_PENDING pending)
06-06 22:07:23.973  4906  5124 D GStreamer+queue_dataflow: 0:02:27.804486610 0xe900d120 gstqueue.c:1500:gst_queue_loop:<queue5> queue is not empty
06-06 22:07:23.973  4906  5124 D GStreamer+GST_PADS: 0:02:27.804516401 0xe900d120 gstpad.c:4049:gst_pad_peer_query:<queue5:src> peer query 0xe9539600 (allocation)
06-06 22:07:23.973  4906  5116 D GStreamer+GST_BUS: 0:02:27.804500724 0xe93d1d00 gstbus.c:309:gst_bus_post:<bus5> [msg 0xe8ffaf88] posting on bus state-changed message: 0xe8ffaf88, time 99:99:99.999999999, seq-num 713, element 'sink', GstMessageStateChanged, old-state=(GstState)GST_STATE_READY, new-state=(GstState)GST_STATE_NULL, pending-state=(GstState)GST_STATE_VOID_PENDING;
06-06 22:07:23.973  4906  5124 D GStreamer+GST_PADS: 0:02:27.804566245 0xe900d120 gstpad.c:3853:check_sticky:<queue5:src> pushing all sticky events
06-06 22:07:23.974  4906  5116 D GStreamer+bin: 0:02:27.804586818 0xe93d1d00 gstbin.c:3654:gst_bin_handle_message_func:<glimagesinkbin1> [msg 0xe8ffaf88] handling child sink message of type state-changed
06-06 22:07:23.974  4906  5116 D GStreamer+bin: 0:02:27.804618381 0xe93d1d00 gstbin.c:3991:gst_bin_handle_message_func:<glimagesinkbin1> posting message upward
06-06 22:07:23.974  4906  5124 D GStreamer+GST_EVENT: 0:02:27.804591662 0xe900d120 gstpad.c:5536:gst_pad_send_event_unchecked:<autoaudiosink0:sink> have event type stream-start event: 0xe9191748, time 99:99:99.999999999, seq-num 572, GstEventStreamStart, stream-id=(string)71ab440d261a1bb43c19b397eec2373651540427aed1e7b0deb4be62a10a7f25/002, flags=(GstStreamFlags)GST_STREAM_FLAG_NONE, group-id=(uint)1;
06-06 22:07:23.974  4906  5124 I GStreamer+GST_EVENT: 0:02:27.804650047 0xe900d120 gstpad.c:5641:gst_pad_send_event_unchecked:<autoaudiosink0:sink> Received event on flushing pad. Discarding
06-06 22:07:23.974  4906  5124 D GStreamer+GST_PADS: 0:02:27.804669787 0xe900d120 gstpad.c:3832:push_sticky:<queue5:src> result flushing, mark pending events
06-06 22:07:23.974  4906  5116 D GStreamer+GST_BUS: 0:02:27.804641714 0xe93d1d00 gstbus.c:309:gst_bus_post:<bus8> [msg 0xe8ffaf88] posting on bus state-changed message: 0xe8ffaf88, time 99:99:99.999999999, seq-num 713, element 'sink', GstMessageStateChanged, old-state=(GstState)GST_STATE_READY, new-state=(GstState)GST_STATE_NULL, pending-state=(GstState)GST_STATE_VOID_PENDING;
06-06 22:07:23.974  4906  5124 W GStreamer+GST_PADS: 0:02:27.804694266 0xe900d120 gstpad.c:4099:gst_pad_peer_query:<queue5:src> could not send sticky events
06-06 22:07:23.974  4906  5116 D GStreamer+bin: 0:02:27.804715881 0xe93d1d00 gstbin.c:3654:gst_bin_handle_message_func:<pipeline1> [msg 0xe8ffaf88] handling child sink message of type state-changed
06-06 22:07:23.974  4906  5124 D GStreamer+queue_dataflow: 0:02:27.804719943 0xe900d120 gstqueue.c:1488:gst_queue_loop:<queue5> queue is empty
06-06 22:07:23.974  4906  5116 D GStreamer+bin: 0:02:27.804742756 0xe93d1d00 gstbin.c:3991:gst_bin_handle_message_func:<pipeline1> posting message upward
06-06 22:07:23.974  4906  5132 D GStreamer+GST_PADS: 0:02:27.804749370 0xe95393b0 gstpad.c:3945:gst_pad_query:<queue5:sink> sent query 0xe9539600 (allocation), result 0
06-06 22:07:23.974  4906  5132 D GStreamer+GST_PADS: 0:02:27.804771922 0xe95393b0 gstpad.c:3990:gst_pad_query:<queue5:sink> query failed
06-06 22:07:23.974  4906  5132 D GStreamer+GST_PADS: 0:02:27.804789162 0xe95393b0 gstpad.c:4111:gst_pad_peer_query:<decodebin2:src_0> query failed
06-06 22:07:23.974  4906  5116 D GStreamer+GST_BUS: 0:02:27.804775308 0xe93d1d00 gstbus.c:309:gst_bus_post:<bus9> [msg 0xe8ffaf88] posting on bus state-changed message: 0xe8ffaf88, time 99:99:99.999999999, seq-num 713, element 'sink', GstMessageStateChanged, old-state=(GstState)GST_STATE_READY, new-state=(GstState)GST_STATE_NULL, pending-state=(GstState)GST_STATE_VOID_PENDING;
06-06 22:07:23.974  4906  5132 D GStreamer+GST_PADS: 0:02:27.804812026 0xe95393b0 gstpad.c:3945:gst_pad_query:<src_0:proxypad8> sent query 0xe9539600 (allocation), result 0
06-06 22:07:23.974  4906  5116 D GStreamer+GST_BUS: 0:02:27.804833172 0xe93d1d00 gstbus.c:348:gst_bus_post:<bus9> [msg 0xe8ffaf88] pushing on async queue
06-06 22:07:23.974  4906  5132 D GStreamer+GST_PADS: 0:02:27.804837391 0xe95393b0 gstpad.c:3990:gst_pad_query:<src_0:proxypad8> query failed
06-06 22:07:23.974  4906  5132 D GStreamer+GST_PADS: 0:02:27.804860881 0xe95393b0 gstpad.c:4111:gst_pad_peer_query:<amcaudiodec-omxgooglemp3decoder0:src> query failed
06-06 22:07:23.974  4906  5116 D GStreamer+GST_BUS: 0:02:27.804860776 0xe93d1d00 gstbus.c:351:gst_bus_post:<bus9> [msg 0xe8ffaf88] pushed on async queue
06-06 22:07:23.974  4906  5132 D GStreamer+audiodecoder: 0:02:27.804883068 0xe95393b0 gstaudiodecoder.c:682:gst_audio_decoder_negotiate_default:<amcaudiodec-omxgooglemp3decoder0> didn't get downstream ALLOCATION hints
06-06 22:07:23.974  4906  5116 D GStreamer+GST_BUS: 0:02:27.804899006 0xe93d1d00 gstbus.c:344:gst_bus_post:<bus8> [msg 0xe8ffaf88] dropped
06-06 22:07:23.974  4906  5116 D GStreamer+GST_BUS: 0:02:27.804928954 0xe93d1d00 gstbus.c:344:gst_bus_post:<bus5> [msg 0xe8ffaf88] dropped
06-06 22:07:23.974  4906  5132 W GStreamer+structure: 0:02:27.804944943 0xe95393b0 gststructure.c:1935:priv_gst_structure_append_to_gstring No value transform to serialize field 'allocator' of type 'GArray'
06-06 22:07:23.974  4906  5116 D GStreamer+GST_STATES: 0:02:27.804952808 0xe93d1d00 gstelement.c:2609:gst_element_set_state_func:<sink> returned SUCCESS
06-06 22:07:23.974  4906  5132 D GStreamer+audiodecoder: 0:02:27.804905724 0xe95393b0 gstaudiodecoder.c:689:gst_audio_decoder_negotiate_default:<amcaudiodec-omxgooglemp3decoder0> ALLOCATION (1) params: allocation query: 0xe9539600, GstQueryAllocation, caps=(GstCaps)"audio/x-raw\,\ format\=\(string\)S16LE\,\ layout\=\(string\)interleaved\,\ rate\=\(int\)24000\,\ channels\=\(int\)1", need-pool=(boolean)true, allocator=(GArray)NULL;
06-06 22:07:23.974  4906  5116 I GStreamer+GST_STATES: 0:02:27.804973016 0xe93d1d00 gstbin.c:2892:gst_bin_change_state_func:<glimagesinkbin1> child 'sink' changed state to 1(NULL) successfully
06-06 22:07:23.974  4906  5132 D GStreamer+GST_MEMORY: 0:02:27.804995881 0xe95393b0 gstmemory.c:138:gst_memory_init new memory 0xe9620000, maxsize:1155 offset:0 size:1152
06-06 22:07:23.974  4906  5116 D GStreamer+bin: 0:02:27.805018224 0xe93d1d00 gstbin.c:2310:gst_bin_sort_iterator_next:<glimagesinkbin1> queue head gives glcolorbalance1
06-06 22:07:23.974  4906  5132 D GStreamer+adapter: 0:02:27.805034891 0xe95393b0 gstadapter.c:296:copy_into_unchecked bsize 94, skip 0, csize 94
06-06 22:07:23.974  4906  5116 D GStreamer+bin: 0:02:27.805041401 0xe93d1d00 gstbin.c:911:find_message:<glimagesinkbin1> no message found matching types 00001000
06-06 22:07:23.974  4906  5116 D GStreamer+bin: 0:02:27.805066558 0xe93d1d00 gstbin.c:918:find_message:<glimagesinkbin1>   structure-change
06-06 22:07:23.974  4906  5132 D GStreamer+GST_MEMORY: 0:02:27.805065516 0xe95393b0 gstmemory.c:138:gst_memory_init new memory 0xe93dce00, maxsize:1152 offset:0 size:1152
06-06 22:07:23.974  4906  5132 D GStreamer+GST_MEMORY: 0:02:27.805092079 0xe95393b0 gstmemory.c:87:_gst_memory_free free memory 0xe900fdc0
06-06 22:07:23.974  4906  5116 D GStreamer+bin: 0:02:27.805104735 0xe93d1d00 gstbin.c:2226:update_degree:<glimagesinkbin1> change element glcolorconvertelement1, degree 1->0, linked to glcolorbalance1
06-06 22:07:23.974  4906  5132 D GStreamer+audiodecoder: 0:02:27.805110620 0xe95393b0 gstaudiodecoder.c:1080:send_pending_events:<amcaudiodec-omxgooglemp3decoder0> Pushing pending events
06-06 22:07:23.974  4906  5116 D GStreamer+bin: 0:02:27.805137808 0xe93d1d00 gstbin.c:2109:add_to_queue:<glimagesinkbin1> adding 'glcolorconvertelement1' to queue
