06-06 22:07:27.018  4906  4906 D GStreamer+GST_PADS: 0:02:30.848568327 0xe8df3e00 gstpad.c:3922:gst_pad_query:<glcolorbalance1:src> doing query 0xe900d2f0 (context)
06-06 22:07:27.018  4906  4906 D GStreamer+GST_PADS: 0:02:30.848606661 0xe8df3e00 gstpad.c:4049:gst_pad_peer_query:<glcolorbalance1:sink> peer query 0xe900d2f0 (context)
06-06 22:07:27.018  4906  4906 D GStreamer+GST_PADS: 0:02:30.848634525 0xe8df3e00 gstpad.c:3922:gst_pad_query:<glcolorconvertelement1:src> doing query 0xe900d2f0 (context)
06-06 22:07:27.018  4906  4906 D GStreamer+GST_PADS: 0:02:30.848670150 0xe8df3e00 gstpad.c:4049:gst_pad_peer_query:<glcolorconvertelement1:sink> peer query 0xe900d2f0 (context)
06-06 22:07:27.018  4906  4906 D GStreamer+GST_PADS: 0:02:30.848698640 0xe8df3e00 gstpad.c:3922:gst_pad_query:<gluploadelement1:src> doing query 0xe900d2f0 (context)
06-06 22:07:27.018  4906  4906 D GStreamer+GST_PADS: 0:02:30.848732754 0xe8df3e00 gstpad.c:4049:gst_pad_peer_query:<gluploadelement1:sink> peer query 0xe900d2f0 (context)
06-06 22:07:27.018  4906  4906 D GStreamer+GST_PADS: 0:02:30.848759369 0xe8df3e00 gstpad.c:3922:gst_pad_query:<sink:proxypad4> doing query 0xe900d2f0 (context)
06-06 22:07:27.018  4906  4906 D GStreamer+GST_PADS: 0:02:30.848785307 0xe8df3e00 gstpad.c:3367:gst_pad_query_default:<sink:proxypad4> forwarding 0xe900d2f0 (context) query
06-06 22:07:27.018  4906  4906 D GStreamer+GST_PADS: 0:02:30.848816452 0xe8df3e00 gstpad.c:4049:gst_pad_peer_query:<glimagesinkbin1:sink> peer query 0xe900d2f0 (context)
06-06 22:07:27.018  4906  4906 D GStreamer+GST_PADS: 0:02:30.848842859 0xe8df3e00 gstpad.c:3922:gst_pad_query:<forhalffps:src> doing query 0xe900d2f0 (context)
06-06 22:07:27.018  4906  4906 D GStreamer+GST_PADS: 0:02:30.848870671 0xe8df3e00 gstpad.c:4049:gst_pad_peer_query:<forhalffps:sink> peer query 0xe900d2f0 (context)
06-06 22:07:27.018  4906  4906 D GStreamer+GST_PADS: 0:02:30.848898275 0xe8df3e00 gstpad.c:3690:do_probe_callbacks:<forhalffps:sink> data is passed
06-06 22:07:27.018  4906  4906 D GStreamer+GST_PADS: 0:02:30.848920671 0xe8df3e00 gstpad.c:3922:gst_pad_query:<queue3:src> doing query 0xe900d2f0 (context)
06-06 22:07:27.018  4906  4906 D GStreamer+GST_PADS: 0:02:30.848947546 0xe8df3e00 gstpad.c:3367:gst_pad_query_default:<queue3:src> forwarding 0xe900d2f0 (context) query
06-06 22:07:27.018  4906  4906 D GStreamer+GST_PADS: 0:02:30.848973848 0xe8df3e00 gstpad.c:2827:gst_pad_iterate_internal_links_default:<queue3:src> Making iterator
06-06 22:07:27.018  4906  4906 D GStreamer+GST_PADS: 0:02:30.848999109 0xe8df3e00 gstpad.c:4049:gst_pad_peer_query:<queue3:sink> peer query 0xe900d2f0 (context)
06-06 22:07:27.018  4906  4906 I GStreamer+GST_PADS: 0:02:30.849023692 0xe8df3e00 gstpad.c:4105:gst_pad_peer_query:<queue3:sink> pad has no peer
06-06 22:07:27.018  4906  4906 D GStreamer+GST_PADS: 0:02:30.849046869 0xe8df3e00 gstpad.c:3945:gst_pad_query:<queue3:src> sent query 0xe900d2f0 (context), result 0
06-06 22:07:27.018  4906  4906 D GStreamer+GST_PADS: 0:02:30.849071817 0xe8df3e00 gstpad.c:3990:gst_pad_query:<queue3:src> query failed
06-06 22:07:27.018  4906  4906 D GStreamer+GST_PADS: 0:02:30.849092859 0xe8df3e00 gstpad.c:4111:gst_pad_peer_query:<forhalffps:sink> query failed
06-06 22:07:27.018  4906  4906 D GStreamer+GST_PADS: 0:02:30.849114994 0xe8df3e00 gstpad.c:3945:gst_pad_query:<forhalffps:src> sent query 0xe900d2f0 (context), result 0
06-06 22:07:27.018  4906  4906 D GStreamer+GST_PADS: 0:02:30.849140254 0xe8df3e00 gstpad.c:3990:gst_pad_query:<forhalffps:src> query failed
06-06 22:07:27.018  4906  4906 D GStreamer+GST_PADS: 0:02:30.849161452 0xe8df3e00 gstpad.c:4111:gst_pad_peer_query:<glimagesinkbin1:sink> query failed
06-06 22:07:27.018  4906  4906 D GStreamer+GST_PADS: 0:02:30.849183484 0xe8df3e00 gstpad.c:3945:gst_pad_query:<sink:proxypad4> sent query 0xe900d2f0 (context), result 0
06-06 22:07:27.018  4906  4906 D GStreamer+GST_PADS: 0:02:30.849207963 0xe8df3e00 gstpad.c:3990:gst_pad_query:<sink:proxypad4> query failed
06-06 22:07:27.018  4906  4906 D GStreamer+GST_PADS: 0:02:30.849227807 0xe8df3e00 gstpad.c:4111:gst_pad_peer_query:<gluploadelement1:sink> query failed
06-06 22:07:27.018  4906  4906 D GStreamer+GST_PADS: 0:02:30.849247598 0xe8df3e00 gstpad.c:3945:gst_pad_query:<gluploadelement1:src> sent query 0xe900d2f0 (context), result 0
06-06 22:07:27.018  4906  4906 D GStreamer+GST_PADS: 0:02:30.849273952 0xe8df3e00 gstpad.c:3990:gst_pad_query:<gluploadelement1:src> query failed
06-06 22:07:27.018  4906  4906 D GStreamer+GST_PADS: 0:02:30.849293900 0xe8df3e00 gstpad.c:4111:gst_pad_peer_query:<glcolorconvertelement1:sink> query failed
06-06 22:07:27.018  4906  4906 D GStreamer+GST_PADS: 0:02:30.849315046 0xe8df3e00 gstpad.c:3945:gst_pad_query:<glcolorconvertelement1:src> sent query 0xe900d2f0 (context), result 0
06-06 22:07:27.018  4906  4906 D GStreamer+GST_PADS: 0:02:30.849339109 0xe8df3e00 gstpad.c:3990:gst_pad_query:<glcolorconvertelement1:src> query failed
06-06 22:07:27.018  4906  4906 D GStreamer+GST_PADS: 0:02:30.849357963 0xe8df3e00 gstpad.c:4111:gst_pad_peer_query:<glcolorbalance1:sink> query failed
06-06 22:07:27.018  4906  4906 D GStreamer+GST_PADS: 0:02:30.849377390 0xe8df3e00 gstpad.c:3945:gst_pad_query:<glcolorbalance1:src> sent query 0xe900d2f0 (context), result 0
06-06 22:07:27.018  4906  4906 D GStreamer+GST_PADS: 0:02:30.849400463 0xe8df3e00 gstpad.c:3990:gst_pad_query:<glcolorbalance1:src> query failed
06-06 22:07:27.018  4906  4906 D GStreamer+GST_PADS: 0:02:30.849432234 0xe8df3e00 gstpad.c:4111:gst_pad_peer_query:<sink:sink> query failed
06-06 22:07:27.018  4906  4906 I GStreamer+GST_CONTEXT: 0:02:30.849454369 0xe8df3e00 gstglutils.c:528:pad_query:<sink:sink> pad peer query failed
06-06 22:07:27.018  4906  4906 I GStreamer+GST_CONTEXT: 0:02:30.849477650 0xe8df3e00 gstglutils.c:590:_gst_context_query:<sink> posting need context message
06-06 22:07:27.018  4906  4906 D GStreamer+GST_BUS: 0:02:30.849503744 0xe8df3e00 gstbus.c:309:gst_bus_post:<bus5> [msg 0xe8ffaf30] posting on bus need-context message: 0xe8ffaf30, time 99:99:99.999999999, seq-num 775, element 'sink', GstMessageNeedContext, context-type=(string)gst.gl.GLDisplay;
06-06 22:07:27.018  4906  4906 D GStreamer+bin: 0:02:30.849555046 0xe8df3e00 gstbin.c:3654:gst_bin_handle_message_func:<glimagesinkbin1> [msg 0xe8ffaf30] handling child sink message of type need-context
06-06 22:07:27.019  4906  4906 D GStreamer+GST_CONTEXT: 0:02:30.849584317 0xe8df3e00 gstelement.c:3153:gst_element_set_context:<sink> set context 0xe9644b80 context, gst.gl.GLDisplay=(GstGLDisplay)"\(GstGLDisplayEGL\)\ gldisplayegl1";
06-06 22:07:27.019  4906  4906 D GStreamer+GST_BUS: 0:02:30.849637286 0xe8df3e00 gstbus.c:344:gst_bus_post:<bus5> [msg 0xe8ffaf30] dropped
06-06 22:07:27.019  4906  4906 D GStreamer+query: 0:02:30.849666192 0xe8df3e00 gstquery.c:674:gst_query_new_custom creating new query 0xe900d3b0 context
06-06 22:07:27.019  4906  4906 D GStreamer+GST_PADS: 0:02:30.849693432 0xe8df3e00 gstpad.c:4049:gst_pad_peer_query:<sink:sink> peer query 0xe900d3b0 (context)
06-06 22:07:27.019  4906  4906 D GStreamer+GST_PADS: 0:02:30.849719004 0xe8df3e00 gstpad.c:3922:gst_pad_query:<glcolorbalance1:src> doing query 0xe900d3b0 (context)
06-06 22:07:27.019  4906  4906 D GStreamer+GST_PADS: 0:02:30.849751192 0xe8df3e00 gstpad.c:4049:gst_pad_peer_query:<glcolorbalance1:sink> peer query 0xe900d3b0 (context)
06-06 22:07:27.019  4906  4906 D GStreamer+GST_PADS: 0:02:30.849777234 0xe8df3e00 gstpad.c:3922:gst_pad_query:<glcolorconvertelement1:src> doing query 0xe900d3b0 (context)
06-06 22:07:27.019  4906  4906 D GStreamer+GST_PADS: 0:02:30.849812390 0xe8df3e00 gstpad.c:4049:gst_pad_peer_query:<glcolorconvertelement1:sink> peer query 0xe900d3b0 (context)
06-06 22:07:27.019  4906  4906 D GStreamer+GST_PADS: 0:02:30.849838952 0xe8df3e00 gstpad.c:3922:gst_pad_query:<gluploadelement1:src> doing query 0xe900d3b0 (context)
06-06 22:07:27.019  4906  4906 D GStreamer+GST_PADS: 0:02:30.849873536 0xe8df3e00 gstpad.c:4049:gst_pad_peer_query:<gluploadelement1:sink> peer query 0xe900d3b0 (context)
06-06 22:07:27.019  4906  4906 D GStreamer+GST_PADS: 0:02:30.849900254 0xe8df3e00 gstpad.c:3922:gst_pad_query:<sink:proxypad4> doing query 0xe900d3b0 (context)
06-06 22:07:27.019  4906  4906 D GStreamer+GST_PADS: 0:02:30.849925411 0xe8df3e00 gstpad.c:3367:gst_pad_query_default:<sink:proxypad4> forwarding 0xe900d3b0 (context) query
06-06 22:07:27.019  4906  4906 D GStreamer+GST_PADS: 0:02:30.849955098 0xe8df3e00 gstpad.c:4049:gst_pad_peer_query:<glimagesinkbin1:sink> peer query 0xe900d3b0 (context)
06-06 22:07:27.019  4906  4906 D GStreamer+GST_PADS: 0:02:30.849981088 0xe8df3e00 gstpad.c:3922:gst_pad_query:<forhalffps:src> doing query 0xe900d3b0 (context)
06-06 22:07:27.019  4906  4906 D GStreamer+GST_PADS: 0:02:30.850006400 0xe8df3e00 gstpad.c:4049:gst_pad_peer_query:<forhalffps:sink> peer query 0xe900d3b0 (context)
06-06 22:07:27.019  4906  4906 D GStreamer+GST_PADS: 0:02:30.850032286 0xe8df3e00 gstpad.c:3690:do_probe_callbacks:<forhalffps:sink> data is passed
06-06 22:07:27.019  4906  4906 D GStreamer+GST_PADS: 0:02:30.850054161 0xe8df3e00 gstpad.c:3922:gst_pad_query:<queue3:src> doing query 0xe900d3b0 (context)
06-06 22:07:27.019  4906  4906 D GStreamer+GST_PADS: 0:02:30.850079629 0xe8df3e00 gstpad.c:3367:gst_pad_query_default:<queue3:src> forwarding 0xe900d3b0 (context) query
06-06 22:07:27.019  4906  4906 D GStreamer+GST_PADS: 0:02:30.850105098 0xe8df3e00 gstpad.c:2827:gst_pad_iterate_internal_links_default:<queue3:src> Making iterator
06-06 22:07:27.019  4906  4906 D GStreamer+GST_PADS: 0:02:30.850128588 0xe8df3e00 gstpad.c:4049:gst_pad_peer_query:<queue3:sink> peer query 0xe900d3b0 (context)
06-06 22:07:27.019  4906  4906 I GStreamer+GST_PADS: 0:02:30.850153067 0xe8df3e00 gstpad.c:4105:gst_pad_peer_query:<queue3:sink> pad has no peer
06-06 22:07:27.019  4906  4906 D GStreamer+GST_PADS: 0:02:30.850176140 0xe8df3e00 gstpad.c:3945:gst_pad_query:<queue3:src> sent query 0xe900d3b0 (context), result 0
06-06 22:07:27.019  4906  4906 D GStreamer+GST_PADS: 0:02:30.850200984 0xe8df3e00 gstpad.c:3990:gst_pad_query:<queue3:src> query failed
06-06 22:07:27.019  4906  4906 D GStreamer+GST_PADS: 0:02:30.850221400 0xe8df3e00 gstpad.c:4111:gst_pad_peer_query:<forhalffps:sink> query failed
06-06 22:07:27.019  4906  4906 D GStreamer+GST_PADS: 0:02:30.850242442 0xe8df3e00 gstpad.c:3945:gst_pad_query:<forhalffps:src> sent query 0xe900d3b0 (context), result 0
06-06 22:07:27.019  4906  4906 D GStreamer+GST_PADS: 0:02:30.850266921 0xe8df3e00 gstpad.c:3990:gst_pad_query:<forhalffps:src> query failed
06-06 22:07:27.019  4906  4906 D GStreamer+GST_PADS: 0:02:30.850287650 0xe8df3e00 gstpad.c:4111:gst_pad_peer_query:<glimagesinkbin1:sink> query failed
06-06 22:07:27.019  4906  4906 D GStreamer+GST_PADS: 0:02:30.850310359 0xe8df3e00 gstpad.c:3945:gst_pad_query:<sink:proxypad4> sent query 0xe900d3b0 (context), result 0
06-06 22:07:27.019  4906  4906 D GStreamer+GST_PADS: 0:02:30.850335932 0xe8df3e00 gstpad.c:3990:gst_pad_query:<sink:proxypad4> query failed
06-06 22:07:27.019  4906  4906 D GStreamer+GST_PADS: 0:02:30.850356973 0xe8df3e00 gstpad.c:4111:gst_pad_peer_query:<gluploadelement1:sink> query failed
06-06 22:07:27.019  4906  4906 D GStreamer+GST_PADS: 0:02:30.850378379 0xe8df3e00 gstpad.c:3945:gst_pad_query:<gluploadelement1:src> sent query 0xe900d3b0 (context), result 0
06-06 22:07:27.019  4906  4906 D GStreamer+GST_PADS: 0:02:30.850403484 0xe8df3e00 gstpad.c:3990:gst_pad_query:<gluploadelement1:src> query failed
06-06 22:07:27.019  4906  4906 D GStreamer+GST_PADS: 0:02:30.850451244 0xe8df3e00 gstpad.c:4111:gst_pad_peer_query:<glcolorconvertelement1:sink> query failed
06-06 22:07:27.019  4906  4906 D GStreamer+GST_PADS: 0:02:30.850474473 0xe8df3e00 gstpad.c:3945:gst_pad_query:<glcolorconvertelement1:src> sent query 0xe900d3b0 (context), result 0
06-06 22:07:27.019  4906  4906 D GStreamer+GST_PADS: 0:02:30.850499994 0xe8df3e00 gstpad.c:3990:gst_pad_query:<glcolorconvertelement1:src> query failed
06-06 22:07:27.019  4906  4906 D GStreamer+GST_PADS: 0:02:30.850520723 0xe8df3e00 gstpad.c:4111:gst_pad_peer_query:<glcolorbalance1:sink> query failed
06-06 22:07:27.019  4906  4906 D GStreamer+GST_PADS: 0:02:30.850541504 0xe8df3e00 gstpad.c:3945:gst_pad_query:<glcolorbalance1:src> sent query 0xe900d3b0 (context), result 0
06-06 22:07:27.019  4906  4906 D GStreamer+GST_PADS: 0:02:30.850566296 0xe8df3e00 gstpad.c:3990:gst_pad_query:<glcolorbalance1:src> query failed
06-06 22:07:27.020  4906  4906 D GStreamer+GST_PADS: 0:02:30.850586609 0xe8df3e00 gstpad.c:4111:gst_pad_peer_query:<sink:sink> query failed
06-06 22:07:27.020  4906  4906 I GStreamer+GST_CONTEXT: 0:02:30.850606504 0xe8df3e00 gstglutils.c:528:pad_query:<sink:sink> pad peer query failed
06-06 22:07:27.020  4906  4906 I GStreamer+GST_CONTEXT: 0:02:30.850628952 0xe8df3e00 gstglutils.c:590:_gst_context_query:<sink> posting need context message
06-06 22:07:27.020  4906  4906 D GStreamer+GST_BUS: 0:02:30.850652754 0xe8df3e00 gstbus.c:309:gst_bus_post:<bus5> [msg 0xe92f7a10] posting on bus need-context message: 0xe92f7a10, time 99:99:99.999999999, seq-num 776, element 'sink', GstMessageNeedContext, context-type=(string)gst.gl.app_context;
06-06 22:07:27.020  4906  4906 D GStreamer+bin: 0:02:30.850697859 0xe8df3e00 gstbin.c:3654:gst_bin_handle_message_func:<glimagesinkbin1> [msg 0xe92f7a10] handling child sink message of type need-context
06-06 22:07:27.020  4906  4906 D GStreamer+bin: 0:02:30.850724577 0xe8df3e00 gstbin.c:3991:gst_bin_handle_message_func:<glimagesinkbin1> posting message upward
06-06 22:07:27.020  4906  4906 D GStreamer+GST_BUS: 0:02:30.850745879 0xe8df3e00 gstbus.c:309:gst_bus_post:<bus8> [msg 0xe92f7a10] posting on bus need-context message: 0xe92f7a10, time 99:99:99.999999999, seq-num 776, element 'sink', GstMessageNeedContext, context-type=(string)gst.gl.app_context;
06-06 22:07:27.020  4906  4906 D GStreamer+bin: 0:02:30.850791244 0xe8df3e00 gstbin.c:3654:gst_bin_handle_message_func:<pipeline1> [msg 0xe92f7a10] handling child sink message of type need-context
06-06 22:07:27.020  4906  4906 D GStreamer+bin: 0:02:30.850818275 0xe8df3e00 gstbin.c:3991:gst_bin_handle_message_func:<pipeline1> posting message upward
06-06 22:07:27.020  4906  4906 D GStreamer+GST_BUS: 0:02:30.850840098 0xe8df3e00 gstbus.c:309:gst_bus_post:<bus9> [msg 0xe92f7a10] posting on bus need-context message: 0xe92f7a10, time 99:99:99.999999999, seq-num 776, element 'sink', GstMessageNeedContext, context-type=(string)gst.gl.app_context;
06-06 22:07:27.020  4906  4906 D GStreamer+GST_BUS: 0:02:30.850883588 0xe8df3e00 gstbus.c:348:gst_bus_post:<bus9> [msg 0xe92f7a10] pushing on async queue
06-06 22:07:27.020  4906  4906 D GStreamer+GST_BUS: 0:02:30.850913171 0xe8df3e00 gstbus.c:351:gst_bus_post:<bus9> [msg 0xe92f7a10] pushed on async queue
06-06 22:07:27.020  4906  4906 D GStreamer+GST_BUS: 0:02:30.850935775 0xe8df3e00 gstbus.c:344:gst_bus_post:<bus8> [msg 0xe92f7a10] dropped
06-06 22:07:27.020  4906  5116 D GStreamer+GST_BUS: 0:02:30.850933796 0xe93d1d00 gstbus.c:521:gst_bus_timed_pop_filtered:<bus9> got message 0xe92f7a10, need-context from sink, type mask is 4294967295
06-06 22:07:27.020  4906  4906 D GStreamer+GST_BUS: 0:02:30.850960359 0xe8df3e00 gstbus.c:344:gst_bus_post:<bus5> [msg 0xe92f7a10] dropped
06-06 22:07:27.020  4906  4906 D GStreamer+glimagesink: 0:02:30.850990359 0xe8df3e00 gstglimagesink.c:934:_ensure_gl_setup:<sink> No current context, creating one for <gldisplayegl1>
06-06 22:07:27.020  4906  5116 D GStreamer+GST_BUS: 0:02:30.850976713 0xe93d1d00 gstbus.c:789:gst_bus_source_dispatch:<bus9> source 0xe95618d8 calling dispatch with need-context message: 0xe92f7a10, time 99:99:99.999999999, seq-num 776, element 'sink', GstMessageNeedContext, context-type=(string)gst.gl.app_context;
06-06 22:07:27.020  4906  4906 D GStreamer+gldisplay: 0:02:30.851021504 0xe8df3e00 gstgldisplay.c:463:_get_gl_context_for_thread_unlocked:<gldisplayegl1> No GL context for thread 0x0
06-06 22:07:27.020  4906  5116 D GStreamer+GST_BUS: 0:02:30.851034161 0xe93d1d00 gstbus.c:794:gst_bus_source_dispatch:<bus9> source 0xe95618d8 handler returns 1
06-06 22:07:27.020  4906  4906 D GStreamer+gldisplay: 0:02:30.851043744 0xe8df3e00 gstgldisplay.c:488:gst_gl_display_get_gl_context_for_thread:<gldisplayegl1> returning context (NULL) for thread 0x0
06-06 22:07:27.020  4906  4906 I GStreamer+glcontext: 0:02:30.851076036 0xe8df3e00 gstglcontext.c:326:gst_gl_context_new creating a context for display <gldisplayegl1>, user choice:(null)
06-06 22:07:27.020  4906  4906 D GStreamer+glcontext: 0:02:30.851131088 0xe8df3e00 gstglcontext.c:360:gst_gl_context_new:<glcontextegl2> Done creating context for display <gldisplayegl1> (user_choice:(null))
06-06 22:07:27.020  4906  4906 D GStreamer+gldisplay: 0:02:30.851158588 0xe8df3e00 gstgldisplay.c:411:gst_gl_display_create_context:<gldisplayegl1> creating context <glcontextegl2> from other context (NULL)
06-06 22:07:27.020  4906  4906 D GStreamer+glcontext: 0:02:30.851184838 0xe8df3e00 gstglcontext.c:938:gst_gl_context_create:<glcontextegl2>  other_context:(NULL)
06-06 22:07:27.020  4906  4906 I GStreamer+glwindow: 0:02:30.851210515 0xe8df3e00 gstglwindow.c:280:gst_gl_window_new creating a window, user choice:(null)
06-06 22:07:27.020  4906  4906 D GStreamer+glwindow: 0:02:30.851232077 0xe8df3e00 gstglwindow_android_egl.c:76:gst_gl_window_android_egl_new creating Android EGL window
06-06 22:07:27.020  4906  4906 D GStreamer+glcontext: 0:02:30.851407494 0xe8df3e00 gstglcontext.c:843:gst_gl_context_set_window:<glcontextegl2> window:<glwindowandroidegl2>
06-06 22:07:27.020  4906  5135 D GStreamer+glcontext: 0:02:30.851516192 0xe900d4c0 gstglcontext.c:1096:gst_gl_context_create_thread:<glcontextegl2> Creating thread
06-06 22:07:27.021  4906  5135 I GStreamer+glcontext: 0:02:30.851564213 0xe900d4c0 gstglcontext.c:1153:gst_gl_context_create_thread:<glcontextegl2> Attempting to create opengl context. user chosen api(s) (any), compiled api support (gles2) display api (opengl opengl3 gles2)
06-06 22:07:27.021  4906  5135 D GStreamer+glcontext: 0:02:30.851595827 0xe900d4c0 gstglcontext_egl.c:321:gst_gl_context_egl_create_context:<glcontextegl2> Creating EGL context
06-06 22:07:27.021  4906  5135 I GStreamer+glcontext: 0:02:30.851644213 0xe900d4c0 gstglcontext_egl.c:367:gst_gl_context_egl_create_context egl initialized, version: 1.4
06-06 22:07:27.021  4906  5135 I GStreamer+glcontext: 0:02:30.851673952 0xe900d4c0 gstglcontext_egl.c:479:gst_gl_context_egl_create_context Bound OpenGL|ES
06-06 22:07:27.021  4906  5135 I GStreamer+glcontext: 0:02:30.851725359 0xe900d4c0 gstglcontext_egl.c:226:gst_gl_context_egl_choose_config config set: 13300523, 1
06-06 22:07:27.021  4906  5135 D GStreamer+glcontext: 0:02:30.851754838 0xe900d4c0 gstglcontext_egl.c:270:_create_context_with_flags:<glcontextegl2> attempting to create OpenGL ES context version 2.0 flags 0 profile 0
06-06 22:07:27.021  4906  5135 I GStreamer+glcontext: 0:02:30.852401088 0xe900d4c0 gstglcontext_egl.c:518:gst_gl_context_egl_create_context gl context created: 3907929256
06-06 22:07:27.021  4906  5135 D GStreamer+glcontext: 0:02:30.852471973 0xe900d4c0 gstglcontext_egl.c:585:gst_gl_context_egl_create_context No surface/handle !
06-06 22:07:27.021  4906  5135 I GStreamer+glcontext: 0:02:30.852538588 0xe900d4c0 gstglcontext.c:1164:gst_gl_context_create_thread:<glcontextegl2> created context
06-06 22:07:27.021  4906  5135 D GStreamer+glcontext: 0:02:30.852560827 0xe900d4c0 gstglcontext.c:699:gst_gl_context_activate:<glcontextegl2> activate:1
06-06 22:07:27.089  4906  5135 I GStreamer+glcontext: 0:02:30.920312598 0xe900d4c0 gstglcontext.c:1180:gst_gl_context_create_thread:<glcontextegl2> available GL APIs: gles2
06-06 22:07:27.089  4906  5135 D GStreamer+glcontext: 0:02:30.920362182 0xe900d4c0 gstglcontext.c:1199:gst_gl_context_create_thread:<glcontextegl2> Filling info
06-06 22:07:27.089  4906  5135 I GStreamer+glcontext: 0:02:30.920428640 0xe900d4c0 gstglcontext.c:993:_create_context_info:<glcontextegl2> GL_VERSION: OpenGL ES 3.2 NVIDIA 355.00
06-06 22:07:27.089  4906  5135 I GStreamer+glcontext: 0:02:30.920456036 0xe900d4c0 gstglcontext.c:996:_create_context_info:<glcontextegl2> GL_SHADING_LANGUAGE_VERSION: OpenGL ES GLSL ES 3.20
06-06 22:07:27.089  4906  5135 I GStreamer+glcontext: 0:02:30.920476817 0xe900d4c0 gstglcontext.c:998:_create_context_info:<glcontextegl2> GL_VENDOR: NVIDIA Corporation
06-06 22:07:27.089  4906  5135 I GStreamer+glcontext: 0:02:30.920497390 0xe900d4c0 gstglcontext.c:1000:_create_context_info:<glcontextegl2> GL_RENDERER: NVIDIA Tegra
06-06 22:07:27.090  4906  5135 D GStreamer+glcontext: 0:02:30.920744161 0xe900d4c0 gstglcontext.c:1335:gst_gl_context_fill_info:<glcontextegl2> GL_EXTENSIONS: GL_EXT_debug_marker GL_NV_internalformat_sample_query GL_EXT_base_instance GL_EXT_blend_func_extended GL_EXT_blend_minmax GL_EXT_buffer_storage GL_EXT_color_buffer_float GL_EXT_color_buffer_half_float GL_EXT_copy_image GL_EXT_debug_label GL_EXT_discard_framebuffer GL_EXT_disjoint_timer_query GL_EXT_draw_buffers_indexed GL_EXT_draw_elements_base_vertex GL_EXT_frag_depth GL_EXT_geometry_point_size GL_EXT_geometry_shader GL_EXT_gpu_shader5 GL_EXT_map_buffer_range GL_EXT_multi_draw_indirect GL_EXT_multisample_compatibility GL_EXT_occlusion_query_boolean GL_EXT_post_depth_coverage GL_EXT_primitive_bounding_box GL_EXT_raster_multisample GL_EXT_render_snorm GL_EXT_robustness GL_EXT_separate_shader_objects GL_EXT_shader_implicit_conversions GL_EXT_shader_integer_mix GL_EXT_shader_io_blocks GL_EXT_shader_texture_lod GL_EXT_shadow_samplers GL_EXT_sRGB GL_EXT_sRGB_write_control GL_EXT_tessellation_point_size GL_EXT_
06-06 22:07:27.090  4906  5135 D GStreamer+glfeature: 0:02:30.920776557 0xe900d4c0 gstglfeature.c:183:_gst_gl_feature_check core, 0x18003, 1.0 vs 0x10000, 3.2
06-06 22:07:27.090  4906  5135 D GStreamer+glfeature: 0:02:30.920944004 0xe900d4c0 gstglfeature.c:183:_gst_gl_feature_check texture_3d, 0x3, 255.255 vs 0x10000, 3.2
06-06 22:07:27.090  4906  5135 D GStreamer+glfeature: 0:02:30.921002390 0xe900d4c0 gstglfeature.c:247:_gst_gl_feature_check failed to find feature texture_3d
06-06 22:07:27.090  4906  5135 D GStreamer+glfeature: 0:02:30.921021921 0xe900d4c0 gstglfeature.c:183:_gst_gl_feature_check only_in_both_gles_and_gl_1_3, 0x18003, 1.0 vs 0x10000, 3.2
06-06 22:07:27.090  4906  5135 D GStreamer+glfeature: 0:02:30.921058536 0xe900d4c0 gstglfeature.c:183:_gst_gl_feature_check only_in_both_gles_and_gl_1_5, 0x18003, 1.0 vs 0x10000, 3.2
06-06 22:07:27.090  4906  5135 D GStreamer+glfeature: 0:02:30.921087598 0xe900d4c0 gstglfeature.c:183:_gst_gl_feature_check vbos, 0x18003, 1.0 vs 0x10000, 3.2
06-06 22:07:27.090  4906  5135 D GStreamer+glfeature: 0:02:30.921129369 0xe900d4c0 gstglfeature.c:183:_gst_gl_feature_check multitexture_part0, 0x18003, 1.0 vs 0x10000, 3.2
06-06 22:07:27.090  4906  5135 D GStreamer+glfeature: 0:02:30.921156817 0xe900d4c0 gstglfeature.c:183:_gst_gl_feature_check map_vbos, 0x3, 255.255 vs 0x10000, 3.2
06-06 22:07:27.090  4906  5135 D GStreamer+glfeature: 0:02:30.921286088 0xe900d4c0 gstglfeature.c:183:_gst_gl_feature_check unmap_buffer, 0x10003, 3.0 vs 0x10000, 3.2
06-06 22:07:27.090  4906  5135 D GStreamer+glfeature: 0:02:30.921314890 0xe900d4c0 gstglfeature.c:183:_gst_gl_feature_check gl3, 0x10003, 3.0 vs 0x10000, 3.2
06-06 22:07:27.090  4906  5135 D GStreamer+glfeature: 0:02:30.921346452 0xe900d4c0 gstglfeature.c:183:_gst_gl_feature_check blending, 0x10003, 2.0 vs 0x10000, 3.2
06-06 22:07:27.090  4906  5135 D GStreamer+glfeature: 0:02:30.921375619 0xe900d4c0 gstglfeature.c:183:_gst_gl_feature_check blend_func_separate, 0x10003, 2.0 vs 0x10000, 3.2
06-06 22:07:27.090  4906  5135 D GStreamer+glfeature: 0:02:30.921402702 0xe900d4c0 gstglfeature.c:183:_gst_gl_feature_check blend_equation_separate, 0x10003, 2.0 vs 0x10000, 3.2
06-06 22:07:27.090  4906  5135 D GStreamer+glfeature: 0:02:30.921446088 0xe900d4c0 gstglfeature.c:183:_gst_gl_feature_check two_point_zero_api, 0x10003, 2.0 vs 0x10000, 3.2
06-06 22:07:27.090  4906  5135 D GStreamer+glfeature: 0:02:30.921479734 0xe900d4c0 gstglfeature.c:183:_gst_gl_feature_check EGL_image, 0x0, 255.255 vs 0x10000, 3.2
06-06 22:07:27.090  4906  5135 D GStreamer+glfeature: 0:02:30.921534265 0xe900d4c0 gstglfeature.c:183:_gst_gl_feature_check offscreen, 0x10003, 2.0 vs 0x10000, 3.2
06-06 22:07:27.091  4906  5135 D GStreamer+glfeature: 0:02:30.921603952 0xe900d4c0 gstglfeature.c:183:_gst_gl_feature_check offscreen_blit, 0x0, 255.255 vs 0x10000, 3.2
06-06 22:07:27.091  4906  5135 D GStreamer+glfeature: 0:02:30.921680046 0xe900d4c0 gstglfeature.c:247:_gst_gl_feature_check failed to find feature offscreen_blit
06-06 22:07:27.091  4906  5135 D GStreamer+glfeature: 0:02:30.921698640 0xe900d4c0 gstglfeature.c:183:_gst_gl_feature_check framebuffer_discard, 0x0, 255.255 vs 0x10000, 3.2
06-06 22:07:27.091  4906  5135 D GStreamer+glfeature: 0:02:30.921747754 0xe900d4c0 gstglfeature.c:247:_gst_gl_feature_check failed to find feature framebuffer_discard
06-06 22:07:27.091  4906  5135 D GStreamer+glfeature: 0:02:30.921765307 0xe900d4c0 gstglfeature.c:183:_gst_gl_feature_check read_buffer, 0x10003, 3.0 vs 0x10000, 3.2
06-06 22:07:27.091  4906  5135 D GStreamer+glfeature: 0:02:30.921791400 0xe900d4c0 gstglfeature.c:183:_gst_gl_feature_check draw_buffers, 0x10003, 3.0 vs 0x10000, 3.2
06-06 22:07:27.091  4906  5135 D GStreamer+glfeature: 0:02:30.921818432 0xe900d4c0 gstglfeature.c:183:_gst_gl_feature_check multitexture_part1, 0x8001, 1.0 vs 0x10000, 3.2
06-06 22:07:27.091  4906  5135 D GStreamer+glfeature: 0:02:30.921868067 0xe900d4c0 gstglfeature.c:247:_gst_gl_feature_check failed to find feature multitexture_part1
06-06 22:07:27.091  4906  5135 D GStreamer+glfeature: 0:02:30.921885879 0xe900d4c0 gstglfeature.c:183:_gst_gl_feature_check fixed_function_core, 0x8001, 1.0 vs 0x10000, 3.2
06-06 22:07:27.091  4906  5135 D GStreamer+glfeature: 0:02:30.921907286 0xe900d4c0 gstglfeature.c:247:_gst_gl_feature_check failed to find feature fixed_function_core
06-06 22:07:27.091  4906  5135 D GStreamer+glfeature: 0:02:30.921925098 0xe900d4c0 gstglfeature.c:183:_gst_gl_feature_check fixed_function_gl_only, 0x1, 0.0 vs 0x10000, 3.2
06-06 22:07:27.091  4906  5135 D GStreamer+glfeature: 0:02:30.921946869 0xe900d4c0 gstglfeature.c:247:_gst_gl_feature_check failed to find feature fixed_function_gl_only
06-06 22:07:27.091  4906  5135 D GStreamer+glfeature: 0:02:30.921963692 0xe900d4c0 gstglfeature.c:183:_gst_gl_feature_check only_in_both_gles, 0x18000, 1.0 vs 0x10000, 3.2
06-06 22:07:27.091  4906  5135 D GStreamer+glfeature: 0:02:30.921992911 0xe900d4c0 gstglfeature.c:183:_gst_gl_feature_check only_in_gles1, 0x8000, 1.0 vs 0x10000, 3.2
06-06 22:07:27.091  4906  5135 D GStreamer+glfeature: 0:02:30.922015307 0xe900d4c0 gstglfeature.c:247:_gst_gl_feature_check failed to find feature only_in_gles1
06-06 22:07:27.091  4906  5135 D GStreamer+glfeature: 0:02:30.922033119 0xe900d4c0 gstglfeature.c:183:_gst_gl_feature_check gles2_only_api, 0x10000, 2.0 vs 0x10000, 3.2
06-06 22:07:27.091  4906  5135 D GStreamer+glfeature: 0:02:30.922066609 0xe900d4c0 gstglfeature.c:183:_gst_gl_feature_check IMG_multisampled_render_to_texture, 0x0, 255.255 vs 0x10000, 3.2
06-06 22:07:27.091  4906  5135 D GStreamer+glfeature: 0:02:30.922089942 0xe900d4c0 gstglfeature.c:247:_gst_gl_feature_check failed to find feature IMG_multisampled_render_to_texture
06-06 22:07:27.091  4906  5135 D GStreamer+glfeature: 0:02:30.922107077 0xe900d4c0 gstglfeature.c:183:_gst_gl_feature_check only_in_big_gl, 0x3, 255.255 vs 0x10000, 3.2
06-06 22:07:27.091  4906  5135 D GStreamer+glfeature: 0:02:30.922129161 0xe900d4c0 gstglfeature.c:247:_gst_gl_feature_check failed to find feature only_in_big_gl
06-06 22:07:27.091  4906  5135 D GStreamer+glfeature: 0:02:30.922146609 0xe900d4c0 gstglfeature.c:183:_gst_gl_feature_check only_in_big_gl_compat, 0x1, 255.255 vs 0x10000, 3.2
06-06 22:07:27.091  4906  5135 D GStreamer+glfeature: 0:02:30.922168692 0xe900d4c0 gstglfeature.c:247:_gst_gl_feature_check failed to find feature only_in_big_gl_compat
06-06 22:07:27.091  4906  5135 D GStreamer+glfeature: 0:02:30.922185463 0xe900d4c0 gstglfeature.c:183:_gst_gl_feature_check shaders_glsl_2_only, 0x10003, 2.0 vs 0x10000, 3.2
06-06 22:07:27.091  4906  5135 D GStreamer+glfeature: 0:02:30.922250723 0xe900d4c0 gstglfeature.c:183:_gst_gl_feature_check shader_objects_or_gl2, 0x10003, 2.0 vs 0x10000, 3.2
06-06 22:07:27.091  4906  5135 D GStreamer+glfeature: 0:02:30.922355359 0xe900d4c0 gstglfeature.c:183:_gst_gl_feature_check vertex_shaders, 0x10003, 2.0 vs 0x10000, 3.2
06-06 22:07:27.091  4906  5135 D GStreamer+glfeature: 0:02:30.922438275 0xe900d4c0 gstglfeature.c:183:_gst_gl_feature_check shader_objects, 0x0, 255.255 vs 0x10000, 3.2
06-06 22:07:27.091  4906  5135 D GStreamer+glfeature: 0:02:30.922489838 0xe900d4c0 gstglfeature.c:247:_gst_gl_feature_check failed to find feature shader_objects
06-06 22:07:27.091  4906  5135 D GStreamer+glfeature: 0:02:30.922508432 0xe900d4c0 gstglfeature.c:183:_gst_gl_feature_check arbfp, 0x0, 255.255 vs 0x10000, 3.2
06-06 22:07:27.091  4906  5135 D GStreamer+glfeature: 0:02:30.922556817 0xe900d4c0 gstglfeature.c:247:_gst_gl_feature_check failed to find feature arbfp
06-06 22:07:27.092  4906  5135 D GStreamer+glfeature: 0:02:30.922575879 0xe900d4c0 gstglfeature.c:183:_gst_gl_feature_check shaders_2_1, 0x10003, 3.0 vs 0x10000, 3.2
06-06 22:07:27.092  4906  5135 D GStreamer+glfeature: 0:02:30.922617286 0xe900d4c0 gstglfeature.c:183:_gst_gl_feature_check bind_frag_data, 0x3, 255.255 vs 0x10000, 3.2
06-06 22:07:27.092  4906  5135 D GStreamer+glfeature: 0:02:30.922640515 0xe900d4c0 gstglfeature.c:247:_gst_gl_feature_check failed to find feature bind_frag_data
06-06 22:07:27.092  4906  5135 D GStreamer+glfeature: 0:02:30.922657859 0xe900d4c0 gstglfeature.c:183:_gst_gl_feature_check debug, 0x2, 255.255 vs 0x10000, 3.2
06-06 22:07:27.092  4906  5135 D GStreamer+glfeature: 0:02:30.922875515 0xe900d4c0 gstglfeature.c:247:_gst_gl_feature_check failed to find feature debug
06-06 22:07:27.092  4906  5135 D GStreamer+glfeature: 0:02:30.922896609 0xe900d4c0 gstglfeature.c:255:_gst_gl_feature_check failed to find function glDebugMessageControl
06-06 22:07:27.092  4906  5135 D GStreamer+glfeature: 0:02:30.922914629 0xe900d4c0 gstglfeature.c:183:_gst_gl_feature_check khr_debug, 0x2, 255.255 vs 0x10000, 3.2
06-06 22:07:27.092  4906  5135 D GStreamer+glfeature: 0:02:30.923078692 0xe900d4c0 gstglfeature.c:247:_gst_gl_feature_check failed to find feature khr_debug
06-06 22:07:27.092  4906  5135 D GStreamer+glfeature: 0:02:30.923098379 0xe900d4c0 gstglfeature.c:255:_gst_gl_feature_check failed to find function glPushDebugGroup
06-06 22:07:27.092  4906  5135 D GStreamer+glfeature: 0:02:30.923116661 0xe900d4c0 gstglfeature.c:183:_gst_gl_feature_check ext_debug_marker, 0x0, 255.255 vs 0x10000, 3.2
06-06 22:07:27.092  4906  5135 D GStreamer+glfeature: 0:02:30.923156140 0xe900d4c0 gstglfeature.c:183:_gst_gl_feature_check gremedy_string_marker, 0x0, 255.255 vs 0x10000, 3.2
06-06 22:07:27.092  4906  5135 D GStreamer+glfeature: 0:02:30.923206088 0xe900d4c0 gstglfeature.c:247:_gst_gl_feature_check failed to find feature gremedy_string_marker
06-06 22:07:27.092  4906  5135 D GStreamer+glfeature: 0:02:30.923224161 0xe900d4c0 gstglfeature.c:183:_gst_gl_feature_check vao, 0x10002, 3.0 vs 0x10000, 3.2
06-06 22:07:27.092  4906  5135 D GStreamer+glfeature: 0:02:30.923260463 0xe900d4c0 gstglfeature.c:183:_gst_gl_feature_check sync, 0x10002, 3.0 vs 0x10000, 3.2
06-06 22:07:27.092  4906  5135 D GStreamer+glfeature: 0:02:30.923302025 0xe900d4c0 gstglfeature.c:183:_gst_gl_feature_check buffer_copy_sub_data, 0x10002, 3.0 vs 0x10000, 3.2
06-06 22:07:27.092  4906  5135 D GStreamer+glfeature: 0:02:30.923330150 0xe900d4c0 gstglfeature.c:183:_gst_gl_feature_check get_buffer_sub_data, 0x2, 255.255 vs 0x10000, 3.2
06-06 22:07:27.092  4906  5135 D GStreamer+glfeature: 0:02:30.923353379 0xe900d4c0 gstglfeature.c:247:_gst_gl_feature_check failed to find feature get_buffer_sub_data
06-06 22:07:27.092  4906  5135 D GStreamer+glfeature: 0:02:30.923370202 0xe900d4c0 gstglfeature.c:183:_gst_gl_feature_check timer_query, 0x2, 3.0 vs 0x10000, 3.2
06-06 22:07:27.092  4906  5135 I GStreamer+glcontext: 0:02:30.923568692 0xe900d4c0 gstgldebug.c:336:_gst_gl_debug_enable:<glcontextegl2> No debugging support available
06-06 22:07:27.093  4906  5135 I GStreamer+glcontext: 0:02:30.923593067 0xe900d4c0 gstglcontext.c:1053:_unlock_create_thread:<glcontextegl2> gl thread running
06-06 22:07:27.093  4906  4906 I GStreamer+glcontext: 0:02:30.923623119 0xe8df3e00 gstglcontext.c:959:gst_gl_context_create:<glcontextegl2> gl thread created
06-06 22:07:27.093  4906  4906 D GStreamer+glimagesink: 0:02:30.923653952 0xe8df3e00 gstglimagesink.c:953:_ensure_gl_setup:<sink> created context <glcontextegl2> from other context (NULL)
06-06 22:07:27.093  4906  4906 D GStreamer+glimagesink: 0:02:30.923684629 0xe8df3e00 gstglimagesink.c:957:_ensure_gl_setup:<sink> got window <glwindowandroidegl2>
06-06 22:07:27.093  4906  4906 D GStreamer+glimagesink: 0:02:30.923704890 0xe8df3e00 gstglimagesink.c:964:_ensure_gl_setup:<sink> window_id : 0 , new_window_id : 3911684896
06-06 22:07:27.093  4906  4906 D GStreamer+glimagesink: 0:02:30.923725671 0xe8df3e00 gstglimagesink.c:968:_ensure_gl_setup:<sink> Setting window handle on gl window
06-06 22:07:27.093  4906  5135 D GStreamer+glcontext: 0:02:30.923764109 0xe900d4c0 gstglcontext.c:699:gst_gl_context_activate:<glcontextegl2> activate:0
06-06 22:07:27.093  4906  4906 D GStreamer+gldisplay: 0:02:30.923768640 0xe8df3e00 gstgldisplay.c:463:_get_gl_context_for_thread_unlocked:<gldisplayegl1> No GL context for thread 0xe900d4c0
06-06 22:07:27.093  4906  4906 D GStreamer+gldisplay: 0:02:30.923798327 0xe8df3e00 gstgldisplay.c:576:gst_gl_display_add_context:<gldisplayegl1> Adding GL context <glcontextegl2>
06-06 22:07:27.093  4906  4906 D GStreamer+gldisplay: 0:02:30.923820671 0xe8df3e00 gstgldisplay.c:584:gst_gl_display_add_context:<gldisplayegl1> successfully inserted context <glcontextegl2>
06-06 22:07:27.093  4906  4906 D GStreamer+GST_STATES: 0:02:30.923846921 0xe8df3e00 gstelement.c:2686:gst_element_change_state:<sink> element changed state SUCCESS
06-06 22:07:27.093  4906  4906 I GStreamer+GST_STATES: 0:02:30.923865150 0xe8df3e00 gstelement.c:2374:gst_element_continue_state:<sink> completed state change to READY
06-06 22:07:27.093  4906  4906 I GStreamer+GST_STATES: 0:02:30.923883379 0xe8df3e00 gstelement.c:2279:_priv_gst_element_state_changed:<sink> notifying about state-changed NULL to READY (VOID_PENDING pending)
06-06 22:07:27.093  4906  4906 D GStreamer+GST_BUS: 0:02:30.923911817 0xe8df3e00 gstbus.c:309:gst_bus_post:<bus5> [msg 0xe8ffaf30] posting on bus state-changed message: 0xe8ffaf30, time 99:99:99.999999999, seq-num 777, element 'sink', GstMessageStateChanged, old-state=(GstState)GST_STATE_NULL, new-state=(GstState)GST_STATE_READY, pending-state=(GstState)GST_STATE_VOID_PENDING;
06-06 22:07:27.093  4906  4906 D GStreamer+bin: 0:02:30.923969838 0xe8df3e00 gstbin.c:3654:gst_bin_handle_message_func:<glimagesinkbin1> [msg 0xe8ffaf30] handling child sink message of type state-changed
06-06 22:07:27.093  4906  4906 D GStreamer+bin: 0:02:30.923993327 0xe8df3e00 gstbin.c:3991:gst_bin_handle_message_func:<glimagesinkbin1> posting message upward
06-06 22:07:27.093  4906  4906 D GStreamer+GST_BUS: 0:02:30.924011921 0xe8df3e00 gstbus.c:309:gst_bus_post:<bus8> [msg 0xe8ffaf30] posting on bus state-changed message: 0xe8ffaf30, time 99:99:99.999999999, seq-num 777, element 'sink', GstMessageStateChanged, old-state=(GstState)GST_STATE_NULL, new-state=(GstState)GST_STATE_READY, pending-state=(GstState)GST_STATE_VOID_PENDING;
06-06 22:07:27.093  4906  4906 D GStreamer+bin: 0:02:30.924057286 0xe8df3e00 gstbin.c:3654:gst_bin_handle_message_func:<pipeline1> [msg 0xe8ffaf30] handling child sink message of type state-changed
06-06 22:07:27.093  4906  4906 D GStreamer+bin: 0:02:30.924079109 0xe8df3e00 gstbin.c:3991:gst_bin_handle_message_func:<pipeline1> posting message upward
06-06 22:07:27.093  4906  4906 D GStreamer+GST_BUS: 0:02:30.924096817 0xe8df3e00 gstbus.c:309:gst_bus_post:<bus9> [msg 0xe8ffaf30] posting on bus state-changed message: 0xe8ffaf30, time 99:99:99.999999999, seq-num 777, element 'sink', GstMessageStateChanged, old-state=(GstState)GST_STATE_NULL, new-state=(GstState)GST_STATE_READY, pending-state=(GstState)GST_STATE_VOID_PENDING;
06-06 22:07:27.093  4906  4906 D GStreamer+GST_BUS: 0:02:30.924140463 0xe8df3e00 gstbus.c:348:gst_bus_post:<bus9> [msg 0xe8ffaf30] pushing on async queue
06-06 22:07:27.093  4906  4906 D GStreamer+GST_BUS: 0:02:30.924169421 0xe8df3e00 gstbus.c:351:gst_bus_post:<bus9> [msg 0xe8ffaf30] pushed on async queue
06-06 22:07:27.093  4906  4906 D GStreamer+GST_BUS: 0:02:30.924189161 0xe8df3e00 gstbus.c:344:gst_bus_post:<bus8> [msg 0xe8ffaf30] dropped
06-06 22:07:27.093  4906  5116 D GStreamer+GST_BUS: 0:02:30.924193327 0xe93d1d00 gstbus.c:521:gst_bus_timed_pop_filtered:<bus9> got message 0xe8ffaf30, state-changed from sink, type mask is 4294967295
06-06 22:07:27.093  4906  4906 D GStreamer+GST_BUS: 0:02:30.924209473 0xe8df3e00 gstbus.c:344:gst_bus_post:<bus5> [msg 0xe8ffaf30] dropped
06-06 22:07:27.093  4906  4906 D GStreamer+GST_STATES: 0:02:30.924230671 0xe8df3e00 gstelement.c:2609:gst_element_set_state_func:<sink> returned SUCCESS
06-06 22:07:27.093  4906  4906 I GStreamer+GST_STATES: 0:02:30.924254057 0xe8df3e00 gstbin.c:2892:gst_bin_change_state_func:<glimagesinkbin1> child 'sink' changed state to 2(READY) successfully
06-06 22:07:27.093  4906  5116 D GStreamer+GST_BUS: 0:02:30.924234890 0xe93d1d00 gstbus.c:789:gst_bus_source_dispatch:<bus9> source 0xe95618d8 calling dispatch with state-changed message: 0xe8ffaf30, time 99:99:99.999999999, seq-num 777, element 'sink', GstMessageStateChanged, old-state=(GstState)GST_STATE_NULL, new-state=(GstState)GST_STATE_READY, pending-state=(GstState)GST_STATE_VOID_PENDING;
06-06 22:07:27.093  4906  4906 D GStreamer+bin: 0:02:30.924287129 0xe8df3e00 gstbin.c:2310:gst_bin_sort_iterator_next:<glimagesinkbin1> queue head gives glcolorbalance1
06-06 22:07:27.093  4906  4906 D GStreamer+bin: 0:02:30.924308796 0xe8df3e00 gstbin.c:911:find_message:<glimagesinkbin1> no message found matching types 00001000
06-06 22:07:27.093  4906  5116 D GStreamer+GST_BUS: 0:02:30.924307442 0xe93d1d00 gstbus.c:794:gst_bus_source_dispatch:<bus9> source 0xe95618d8 handler returns 1
06-06 22:07:27.093  4906  4906 D GStreamer+bin: 0:02:30.924332598 0xe8df3e00 gstbin.c:918:find_message:<glimagesinkbin1>   structure-change
06-06 22:07:27.093  4906  4906 D GStreamer+bin: 0:02:30.924356452 0xe8df3e00 gstbin.c:2226:update_degree:<glimagesinkbin1> change element glcolorconvertelement1, degree 1->0, linked to glcolorbalance1
06-06 22:07:27.093  4906  4906 D GStreamer+bin: 0:02:30.924378796 0xe8df3e00 gstbin.c:2109:add_to_queue:<glimagesinkbin1> adding 'glcolorconvertelement1' to queue
06-06 22:07:27.093  4906  4906 I GStreamer+GST_STATES: 0:02:30.924400463 0xe8df3e00 gstbin.c:2444:gst_bin_element_set_state:<glcolorbalance1> current NULL pending VOID_PENDING, desired next READY
06-06 22:07:27.093  4906  4906 D GStreamer+bin: 0:02:30.924436036 0xe8df3e00 gstbin.c:911:find_message:<glimagesinkbin1> no message found matching types 00100000
06-06 22:07:27.093  4906  4906 D GStreamer+bin: 0:02:30.924459577 0xe8df3e00 gstbin.c:918:find_message:<glimagesinkbin1>   async-start
06-06 22:07:27.093  4906  5135 D GStreamer+glcontext: 0:02:30.924462702 0xe900d4c0 gstglcontext.c:699:gst_gl_context_activate:<glcontextegl2> activate:1
06-06 22:07:27.093  4906  4906 D GStreamer+bin: 0:02:30.924477807 0xe8df3e00 gstbin.c:2539:gst_bin_element_set_state:<glimagesinkbin1> setting element glcolorbalance1 to READY, base_time 0:00:00.000000000
06-06 22:07:27.093  4906  5135 D GStreamer+glcontext: 0:02:30.924490202 0xe900d4c0 gstglcontext_egl.c:672:gst_gl_context_egl_activate:<glcontextegl2> Handle changed (have:0x0, now:0xe9279320), switching surface
06-06 22:07:27.093  4906  4906 D GStreamer+GST_STATES: 0:02:30.924505046 0xe8df3e00 gstelement.c:2525:gst_element_set_state_func:<glcolorbalance1> set_state to READY
06-06 22:07:27.093  4906  4906 D GStreamer+GST_STATES: 0:02:30.924524265 0xe8df3e00 gstelement.c:2550:gst_element_set_state_func:<glcolorbalance1> setting target state to READY
06-06 22:07:27.093  4906  4906 D GStreamer+GST_STATES: 0:02:30.924546400 0xe8df3e00 gstelement.c:2563:gst_element_set_state_func:<glcolorbalance1> current NULL, old_pending VOID_PENDING, next VOID_PENDING, old return SUCCESS
06-06 22:07:27.094  4906  4906 D GStreamer+GST_STATES: 0:02:30.924572598 0xe8df3e00 gstelement.c:2597:gst_element_set_state_func:<glcolorbalance1> final: setting state from NULL to READY
06-06 22:07:27.094  4906  4906 D GStreamer+glbasefilter: 0:02:30.924596244 0xe8df3e00 gstglbasefilter.c:479:gst_gl_base_filter_change_state:<glcolorbalance1> changing state: NULL => READY
06-06 22:07:27.094  4906  4906 D GStreamer+query: 0:02:30.924622182 0xe8df3e00 gstquery.c:674:gst_query_new_custom creating new query 0xe900d4f0 context
06-06 22:07:27.094  4906  4906 D GStreamer+GST_PADS: 0:02:30.924646296 0xe8df3e00 gstpad.c:4049:gst_pad_peer_query:<glcolorbalance1:src> peer query 0xe900d4f0 (context)
06-06 22:07:27.094  4906  4906 D GStreamer+GST_PADS: 0:02:30.924669994 0xe8df3e00 gstpad.c:3922:gst_pad_query:<sink:sink> doing query 0xe900d4f0 (context)
06-06 22:07:27.094  4906  4906 D GStreamer+GST_PADS: 0:02:30.924703484 0xe8df3e00 gstpad.c:3945:gst_pad_query:<sink:sink> sent query 0xe900d4f0 (context), result 1
06-06 22:07:27.094  4906  4906 I GStreamer+GST_CONTEXT: 0:02:30.924728432 0xe8df3e00 gstglutils.c:573:_gst_context_query:<glcolorbalance1> found context (0xe900d520) in downstream query
06-06 22:07:27.094  4906  4906 D GStreamer+GST_CONTEXT: 0:02:30.924748223 0xe8df3e00 gstelement.c:3153:gst_element_set_context:<glcolorbalance1> set context 0xe900d520 context, gst.gl.GLDisplay=(GstGLDisplay)"\(GstGLDisplayEGL\)\ gldisplayegl1";
06-06 22:07:27.094  4906  4906 D GStreamer+query: 0:02:30.924793484 0xe8df3e00 gstquery.c:674:gst_query_new_custom creating new query 0xe900d550 context
06-06 22:07:27.094  4906  4906 D GStreamer+GST_PADS: 0:02:30.924814369 0xe8df3e00 gstpad.c:4049:gst_pad_peer_query:<glcolorbalance1:src> peer query 0xe900d550 (context)
06-06 22:07:27.094  4906  4906 D GStreamer+GST_PADS: 0:02:30.924836921 0xe8df3e00 gstpad.c:3922:gst_pad_query:<sink:sink> doing query 0xe900d550 (context)
06-06 22:07:27.094  4906  4906 D GStreamer+GST_PADS: 0:02:30.924865098 0xe8df3e00 gstpad.c:3945:gst_pad_query:<sink:sink> sent query 0xe900d550 (context), result 0
06-06 22:07:27.094  4906  4906 D GStreamer+GST_PADS: 0:02:30.924886557 0xe8df3e00 gstpad.c:3990:gst_pad_query:<sink:sink> query failed
06-06 22:07:27.094  4906  4906 D GStreamer+GST_PADS: 0:02:30.924903796 0xe8df3e00 gstpad.c:4111:gst_pad_peer_query:<glcolorbalance1:src> query failed
06-06 22:07:27.094  4906  4906 I GStreamer+GST_CONTEXT: 0:02:30.924920984 0xe8df3e00 gstglutils.c:528:pad_query:<glcolorbalance1:src> pad peer query failed
06-06 22:07:27.094  4906  4906 D GStreamer+GST_PADS: 0:02:30.924940619 0xe8df3e00 gstpad.c:4049:gst_pad_peer_query:<glcolorbalance1:sink> peer query 0xe900d550 (context)
06-06 22:07:27.094  4906  4906 D GStreamer+GST_PADS: 0:02:30.924961609 0xe8df3e00 gstpad.c:3922:gst_pad_query:<glcolorconvertelement1:src> doing query 0xe900d550 (context)
06-06 22:07:27.094  4906  4906 D GStreamer+GST_PADS: 0:02:30.924991765 0xe8df3e00 gstpad.c:4049:gst_pad_peer_query:<glcolorconvertelement1:sink> peer query 0xe900d550 (context)
06-06 22:07:27.094  4906  4906 D GStreamer+GST_PADS: 0:02:30.925013640 0xe8df3e00 gstpad.c:3922:gst_pad_query:<gluploadelement1:src> doing query 0xe900d550 (context)
06-06 22:07:27.094  4906  4906 D GStreamer+GST_PADS: 0:02:30.925042338 0xe8df3e00 gstpad.c:4049:gst_pad_peer_query:<gluploadelement1:sink> peer query 0xe900d550 (context)
06-06 22:07:27.094  4906  4906 D GStreamer+GST_PADS: 0:02:30.925064369 0xe8df3e00 gstpad.c:3922:gst_pad_query:<sink:proxypad4> doing query 0xe900d550 (context)
06-06 22:07:27.094  4906  4906 D GStreamer+GST_PADS: 0:02:30.925087859 0xe8df3e00 gstpad.c:3367:gst_pad_query_default:<sink:proxypad4> forwarding 0xe900d550 (context) query
06-06 22:07:27.094  4906  4906 D GStreamer+GST_PADS: 0:02:30.925114629 0xe8df3e00 gstpad.c:4049:gst_pad_peer_query:<glimagesinkbin1:sink> peer query 0xe900d550 (context)
06-06 22:07:27.094  4906  4906 D GStreamer+GST_PADS: 0:02:30.925136140 0xe8df3e00 gstpad.c:3922:gst_pad_query:<forhalffps:src> doing query 0xe900d550 (context)
06-06 22:07:27.094  4906  4906 D GStreamer+GST_PADS: 0:02:30.925159942 0xe8df3e00 gstpad.c:4049:gst_pad_peer_query:<forhalffps:sink> peer query 0xe900d550 (context)
06-06 22:07:27.094  4906  4906 D GStreamer+GST_PADS: 0:02:30.925182650 0xe8df3e00 gstpad.c:3690:do_probe_callbacks:<forhalffps:sink> data is passed
06-06 22:07:27.094  4906  4906 D GStreamer+GST_PADS: 0:02:30.925200723 0xe8df3e00 gstpad.c:3922:gst_pad_query:<queue3:src> doing query 0xe900d550 (context)
06-06 22:07:27.094  4906  4906 D GStreamer+GST_PADS: 0:02:30.925222338 0xe8df3e00 gstpad.c:3367:gst_pad_query_default:<queue3:src> forwarding 0xe900d550 (context) query
06-06 22:07:27.094  4906  4906 D GStreamer+GST_PADS: 0:02:30.925243640 0xe8df3e00 gstpad.c:2827:gst_pad_iterate_internal_links_default:<queue3:src> Making iterator
06-06 22:07:27.094  4906  4906 D GStreamer+GST_PADS: 0:02:30.925263692 0xe8df3e00 gstpad.c:4049:gst_pad_peer_query:<queue3:sink> peer query 0xe900d550 (context)
06-06 22:07:27.094  4906  4906 I GStreamer+GST_PADS: 0:02:30.925285307 0xe8df3e00 gstpad.c:4105:gst_pad_peer_query:<queue3:sink> pad has no peer
06-06 22:07:27.094  4906  4906 D GStreamer+GST_PADS: 0:02:30.925304369 0xe8df3e00 gstpad.c:3945:gst_pad_query:<queue3:src> sent query 0xe900d550 (context), result 0
06-06 22:07:27.094  4906  4906 D GStreamer+GST_PADS: 0:02:30.925324734 0xe8df3e00 gstpad.c:3990:gst_pad_query:<queue3:src> query failed
06-06 22:07:27.094  4906  4906 D GStreamer+GST_PADS: 0:02:30.925343171 0xe8df3e00 gstpad.c:4111:gst_pad_peer_query:<forhalffps:sink> query failed
06-06 22:07:27.094  4906  4906 D GStreamer+GST_PADS: 0:02:30.925360567 0xe8df3e00 gstpad.c:3945:gst_pad_query:<forhalffps:src> sent query 0xe900d550 (context), result 0
06-06 22:07:27.094  4906  4906 D GStreamer+GST_PADS: 0:02:30.925380567 0xe8df3e00 gstpad.c:3990:gst_pad_query:<forhalffps:src> query failed
06-06 22:07:27.094  4906  4906 D GStreamer+GST_PADS: 0:02:30.925398171 0xe8df3e00 gstpad.c:4111:gst_pad_peer_query:<glimagesinkbin1:sink> query failed
06-06 22:07:27.094  4906  4906 D GStreamer+GST_PADS: 0:02:30.925426609 0xe8df3e00 gstpad.c:3945:gst_pad_query:<sink:proxypad4> sent query 0xe900d550 (context), result 0
06-06 22:07:27.094  4906  4906 D GStreamer+GST_PADS: 0:02:30.925449994 0xe8df3e00 gstpad.c:3990:gst_pad_query:<sink:proxypad4> query failed
06-06 22:07:27.094  4906  4906 D GStreamer+GST_PADS: 0:02:30.925466504 0xe8df3e00 gstpad.c:4111:gst_pad_peer_query:<gluploadelement1:sink> query failed
06-06 22:07:27.094  4906  4906 D GStreamer+GST_PADS: 0:02:30.925484525 0xe8df3e00 gstpad.c:3945:gst_pad_query:<gluploadelement1:src> sent query 0xe900d550 (context), result 0
06-06 22:07:27.094  4906  4906 D GStreamer+GST_PADS: 0:02:30.925505463 0xe8df3e00 gstpad.c:3990:gst_pad_query:<gluploadelement1:src> query failed
06-06 22:07:27.094  4906  4906 D GStreamer+GST_PADS: 0:02:30.925521713 0xe8df3e00 gstpad.c:4111:gst_pad_peer_query:<glcolorconvertelement1:sink> query failed
06-06 22:07:27.094  4906  4906 D GStreamer+GST_PADS: 0:02:30.925539004 0xe8df3e00 gstpad.c:3945:gst_pad_query:<glcolorconvertelement1:src> sent query 0xe900d550 (context), result 0
06-06 22:07:27.094  4906  4906 D GStreamer+GST_PADS: 0:02:30.925560098 0xe8df3e00 gstpad.c:3990:gst_pad_query:<glcolorconvertelement1:src> query failed
06-06 22:07:27.095  4906  4906 D GStreamer+GST_PADS: 0:02:30.925577129 0xe8df3e00 gstpad.c:4111:gst_pad_peer_query:<glcolorbalance1:sink> query failed
06-06 22:07:27.095  4906  4906 I GStreamer+GST_CONTEXT: 0:02:30.925594734 0xe8df3e00 gstglutils.c:528:pad_query:<glcolorbalance1:sink> pad peer query failed
06-06 22:07:27.095  4906  4906 I GStreamer+GST_CONTEXT: 0:02:30.925613327 0xe8df3e00 gstglutils.c:590:_gst_context_query:<glcolorbalance1> posting need context message
06-06 22:07:27.095  4906  4906 D GStreamer+GST_BUS: 0:02:30.925633432 0xe8df3e00 gstbus.c:309:gst_bus_post:<bus5> [msg 0xe9012228] posting on bus need-context message: 0xe9012228, time 99:99:99.999999999, seq-num 778, element 'glcolorbalance1', GstMessageNeedContext, context-type=(string)gst.gl.app_context;
06-06 22:07:27.095  4906  4906 D GStreamer+bin: 0:02:30.925671088 0xe8df3e00 gstbin.c:3654:gst_bin_handle_message_func:<glimagesinkbin1> [msg 0xe9012228] handling child glcolorbalance1 message of type need-context
06-06 22:07:27.095  4906  4906 D GStreamer+bin: 0:02:30.925695463 0xe8df3e00 gstbin.c:3991:gst_bin_handle_message_func:<glimagesinkbin1> posting message upward
06-06 22:07:27.095  4906  4906 D GStreamer+GST_BUS: 0:02:30.925713848 0xe8df3e00 gstbus.c:309:gst_bus_post:<bus8> [msg 0xe9012228] posting on bus need-context message: 0xe9012228, time 99:99:99.999999999, seq-num 778, element 'glcolorbalance1', GstMessageNeedContext, context-type=(string)gst.gl.app_context;
06-06 22:07:27.095  4906  4906 D GStreamer+bin: 0:02:30.925750150 0xe8df3e00 gstbin.c:3654:gst_bin_handle_message_func:<pipeline1> [msg 0xe9012228] handling child glcolorbalance1 message of type need-context
06-06 22:07:27.095  4906  4906 D GStreamer+bin: 0:02:30.925772077 0xe8df3e00 gstbin.c:3991:gst_bin_handle_message_func:<pipeline1> posting message upward
