06-06 22:07:23.974  4906  5116 I GStreamer+GST_STATES: 0:02:27.805165881 0xe93d1d00 gstbin.c:2444:gst_bin_element_set_state:<glcolorbalance1> current READY pending VOID_PENDING, desired next NULL
06-06 22:07:23.974  4906  5132 D GStreamer+audiodecoder: 0:02:27.805140672 0xe95393b0 gstaudiodecoder.c:612:gst_audio_decoder_push_event:<amcaudiodec-omxgooglemp3decoder0> starting segment time segment start=0:00:00.000000000, offset=0:00:00.000000000, stop=0:00:07.176000000, rate=1.000000, applied_rate=1.000000, flags=0x00, time=0:00:00.000000000, base=0:00:00.000000000, position 0:00:00.000000000, duration 99:99:99.999999999
06-06 22:07:23.974  4906  5116 D GStreamer+bin: 0:02:27.805188954 0xe93d1d00 gstbin.c:911:find_message:<glimagesinkbin1> no message found matching types 00100000
06-06 22:07:23.974  4906  5132 D GStreamer+GST_PADS: 0:02:27.805208589 0xe95393b0 gstpad.c:3853:check_sticky:<amcaudiodec-omxgooglemp3decoder0:src> pushing all sticky events
06-06 22:07:23.974  4906  5116 D GStreamer+bin: 0:02:27.805226870 0xe93d1d00 gstbin.c:918:find_message:<glimagesinkbin1>   async-start
06-06 22:07:23.974  4906  5132 D GStreamer+GST_PADS: 0:02:27.805228120 0xe95393b0 gstpad.c:3785:push_sticky:<amcaudiodec-omxgooglemp3decoder0:src> event stream-start was already received
06-06 22:07:23.974  4906  5132 D GStreamer+GST_PADS: 0:02:27.805253745 0xe95393b0 gstpad.c:3785:push_sticky:<amcaudiodec-omxgooglemp3decoder0:src> event caps was already received
06-06 22:07:23.974  4906  5116 D GStreamer+bin: 0:02:27.805253120 0xe93d1d00 gstbin.c:2539:gst_bin_element_set_state:<glimagesinkbin1> setting element glcolorbalance1 to NULL, base_time 0:00:00.000000000
06-06 22:07:23.974  4906  5116 D GStreamer+GST_STATES: 0:02:27.805294943 0xe93d1d00 gstelement.c:2525:gst_element_set_state_func:<glcolorbalance1> set_state to NULL
06-06 22:07:23.974  4906  5116 D GStreamer+GST_STATES: 0:02:27.805330881 0xe93d1d00 gstelement.c:2550:gst_element_set_state_func:<glcolorbalance1> setting target state to NULL
06-06 22:07:23.974  4906  5116 D GStreamer+GST_STATES: 0:02:27.805350464 0xe93d1d00 gstelement.c:2563:gst_element_set_state_func:<glcolorbalance1> current READY, old_pending VOID_PENDING, next VOID_PENDING, old return SUCCESS
06-06 22:07:23.974  4906  5132 D GStreamer+GST_EVENT: 0:02:27.805296506 0xe95393b0 gstpad.c:5536:gst_pad_send_event_unchecked:<src_0:proxypad8> have event type segment event: 0xe9305598, time 99:99:99.999999999, seq-num 605, GstEventSegment, segment=(GstSegment)"GstSegment, flags=(GstSegmentFlags)GST_SEGMENT_FLAG_NONE, rate=(double)1, applied-rate=(double)1, format=(GstFormat)GST_FORMAT_TIME, base=(guint64)0, offset=(guint64)0, start=(guint64)0, stop=(guint64)7176000000, time=(guint64)0, position=(guint64)0, duration=(guint64)18446744073709551615;";
06-06 22:07:23.974  4906  5116 D GStreamer+GST_STATES: 0:02:27.805381401 0xe93d1d00 gstelement.c:2597:gst_element_set_state_func:<glcolorbalance1> final: setting state from READY to NULL
06-06 22:07:23.974  4906  5132 D GStreamer+GST_PADS: 0:02:27.805447651 0xe95393b0 gstpad.c:3853:check_sticky:<decodebin2:src_0> pushing all sticky events
06-06 22:07:23.974  4906  5116 D GStreamer+glbasefilter: 0:02:27.805453745 0xe93d1d00 gstglbasefilter.c:479:gst_gl_base_filter_change_state:<glcolorbalance1> changing state: READY => NULL
06-06 22:07:23.974  4906  5132 D GStreamer+GST_PADS: 0:02:27.805469474 0xe95393b0 gstpad.c:3785:push_sticky:<decodebin2:src_0> event stream-start was already received
06-06 22:07:23.974  4906  5116 D GStreamer+GST_ELEMENT_PADS: 0:02:27.805477495 0xe93d1d00 gstelement.c:2795:gst_element_pads_activate:<glcolorbalance1> deactivate pads
06-06 22:07:23.974  4906  5132 D GStreamer+GST_PADS: 0:02:27.805491662 0xe95393b0 gstpad.c:3785:push_sticky:<decodebin2:src_0> event caps was already received
06-06 22:07:23.974  4906  5116 D GStreamer+GST_PADS: 0:02:27.805500672 0xe93d1d00 gstpad.c:1074:gst_pad_set_active:<glcolorbalance1:src> pad was inactive
06-06 22:07:23.974  4906  5132 D GStreamer+GST_PADS: 0:02:27.805514058 0xe95393b0 gstpad.c:3690:do_probe_callbacks:<decodebin2:src_0> data is passed
06-06 22:07:23.974  4906  5132 D GStreamer+GST_PADS: 0:02:27.805534579 0xe95393b0 gstpad.c:3493:probe_hook_marshal:<decodebin2:src_0> probe returned OK
06-06 22:07:23.974  4906  5116 D GStreamer+GST_PADS: 0:02:27.805524214 0xe93d1d00 gstpad.c:1074:gst_pad_set_active:<glcolorbalance1:sink> pad was inactive
06-06 22:07:23.974  4906  5116 D GStreamer+GST_ELEMENT_PADS: 0:02:27.805559631 0xe93d1d00 gstelement.c:2814:gst_element_pads_activate:<glcolorbalance1> pad deactivation successful
06-06 22:07:23.975  4906  5116 D GStreamer+GST_STATES: 0:02:27.805584579 0xe93d1d00 gstelement.c:2686:gst_element_change_state:<glcolorbalance1> element changed state SUCCESS
06-06 22:07:23.975  4906  5116 I GStreamer+GST_STATES: 0:02:27.805604943 0xe93d1d00 gstelement.c:2374:gst_element_continue_state:<glcolorbalance1> completed state change to NULL
06-06 22:07:23.975  4906  5132 D GStreamer+GST_EVENT: 0:02:27.805552860 0xe95393b0 gstpad.c:5536:gst_pad_send_event_unchecked:<queue5:sink> have event type segment event: 0xe9305598, time 99:99:99.999999999, seq-num 605, GstEventSegment, segment=(GstSegment)"GstSegment, flags=(GstSegmentFlags)GST_SEGMENT_FLAG_NONE, rate=(double)1, applied-rate=(double)1, format=(GstFormat)GST_FORMAT_TIME, base=(guint64)0, offset=(guint64)0, start=(guint64)0, stop=(guint64)7176000000, time=(guint64)0, position=(guint64)0, duration=(guint64)18446744073709551615;";
06-06 22:07:23.975  4906  5116 I GStreamer+GST_STATES: 0:02:27.805624214 0xe93d1d00 gstelement.c:2279:_priv_gst_element_state_changed:<glcolorbalance1> notifying about state-changed READY to NULL (VOID_PENDING pending)
06-06 22:07:23.975  4906  5132 D GStreamer+queue: 0:02:27.805656454 0xe95393b0 gstqueue.c:578:apply_segment:<queue5> configured SEGMENT time segment start=0:00:00.000000000, offset=0:00:00.000000000, stop=0:00:07.176000000, rate=1.000000, applied_rate=1.000000, flags=0x00, time=0:00:00.000000000, base=0:00:00.000000000, position 0:00:00.000000000, duration 99:99:99.999999999
06-06 22:07:23.975  4906  5116 D GStreamer+GST_BUS: 0:02:27.805665308 0xe93d1d00 gstbus.c:309:gst_bus_post:<bus5> [msg 0xe93bce78] posting on bus state-changed message: 0xe93bce78, time 99:99:99.999999999, seq-num 714, element 'glcolorbalance1', GstMessageStateChanged, old-state=(GstState)GST_STATE_READY, new-state=(GstState)GST_STATE_NULL, pending-state=(GstState)GST_STATE_VOID_PENDING;
06-06 22:07:23.975  4906  5116 D GStreamer+bin: 0:02:27.805733693 0xe93d1d00 gstbin.c:3654:gst_bin_handle_message_func:<glimagesinkbin1> [msg 0xe93bce78] handling child glcolorbalance1 message of type state-changed
06-06 22:07:23.975  4906  5132 D GStreamer+queue: 0:02:27.805732183 0xe95393b0 gstqueue.c:578:apply_segment:<queue5> configured SEGMENT time segment start=0:00:00.000000000, offset=0:00:00.000000000, stop=0:00:07.176000000, rate=1.000000, applied_rate=1.000000, flags=0x00, time=0:00:00.000000000, base=0:00:00.000000000, position 0:00:00.000000000, duration 99:99:99.999999999
06-06 22:07:23.975  4906  5116 D GStreamer+bin: 0:02:27.805780099 0xe93d1d00 gstbin.c:3991:gst_bin_handle_message_func:<glimagesinkbin1> posting message upward
06-06 22:07:23.975  4906  5132 D GStreamer+GST_PADS: 0:02:27.805795881 0xe95393b0 gstpad.c:5609:gst_pad_send_event_unchecked:<queue5:sink> sent event, ret ok
06-06 22:07:23.975  4906  5132 D GStreamer+GST_PADS: 0:02:27.805824735 0xe95393b0 gstpad.c:3805:push_sticky:<decodebin2:src_0> event segment marked received
06-06 22:07:23.975  4906  5116 D GStreamer+GST_BUS: 0:02:27.805798797 0xe93d1d00 gstbus.c:309:gst_bus_post:<bus8> [msg 0xe93bce78] posting on bus state-changed message: 0xe93bce78, time 99:99:99.999999999, seq-num 714, element 'glcolorbalance1', GstMessageStateChanged, old-state=(GstState)GST_STATE_READY, new-state=(GstState)GST_STATE_NULL, pending-state=(GstState)GST_STATE_VOID_PENDING;
06-06 22:07:23.975  4906  5132 D GStreamer+GST_PADS: 0:02:27.805852339 0xe95393b0 gstpad.c:5609:gst_pad_send_event_unchecked:<src_0:proxypad8> sent event, ret ok
06-06 22:07:23.975  4906  5116 D GStreamer+bin: 0:02:27.805857704 0xe93d1d00 gstbin.c:3654:gst_bin_handle_message_func:<pipeline1> [msg 0xe93bce78] handling child glcolorbalance1 message of type state-changed
06-06 22:07:23.975  4906  5132 D GStreamer+GST_PADS: 0:02:27.805873537 0xe95393b0 gstpad.c:3805:push_sticky:<amcaudiodec-omxgooglemp3decoder0:src> event segment marked received
06-06 22:07:23.975  4906  5116 D GStreamer+bin: 0:02:27.805903172 0xe93d1d00 gstbin.c:3991:gst_bin_handle_message_func:<pipeline1> posting message upward
06-06 22:07:23.975  4906  5132 D GStreamer+GST_PADS: 0:02:27.805903693 0xe95393b0 gstpad.c:3853:check_sticky:<amcaudiodec-omxgooglemp3decoder0:src> pushing all sticky events
06-06 22:07:23.975  4906  5132 D GStreamer+GST_PADS: 0:02:27.805924318 0xe95393b0 gstpad.c:3785:push_sticky:<amcaudiodec-omxgooglemp3decoder0:src> event stream-start was already received
06-06 22:07:23.975  4906  5132 D GStreamer+GST_PADS: 0:02:27.805948485 0xe95393b0 gstpad.c:3785:push_sticky:<amcaudiodec-omxgooglemp3decoder0:src> event caps was already received
06-06 22:07:23.975  4906  5116 D GStreamer+GST_BUS: 0:02:27.805923537 0xe93d1d00 gstbus.c:309:gst_bus_post:<bus9> [msg 0xe93bce78] posting on bus state-changed message: 0xe93bce78, time 99:99:99.999999999, seq-num 714, element 'glcolorbalance1', GstMessageStateChanged, old-state=(GstState)GST_STATE_READY, new-state=(GstState)GST_STATE_NULL, pending-state=(GstState)GST_STATE_VOID_PENDING;
06-06 22:07:23.975  4906  5132 D GStreamer+GST_PADS: 0:02:27.805974579 0xe95393b0 gstpad.c:3785:push_sticky:<amcaudiodec-omxgooglemp3decoder0:src> event segment was already received
06-06 22:07:23.975  4906  5116 D GStreamer+GST_BUS: 0:02:27.805994995 0xe93d1d00 gstbus.c:348:gst_bus_post:<bus9> [msg 0xe93bce78] pushing on async queue
06-06 22:07:23.975  4906  5116 D GStreamer+GST_BUS: 0:02:27.806019579 0xe93d1d00 gstbus.c:351:gst_bus_post:<bus9> [msg 0xe93bce78] pushed on async queue
06-06 22:07:23.975  4906  5132 D GStreamer+GST_EVENT: 0:02:27.805997026 0xe95393b0 gstpad.c:5536:gst_pad_send_event_unchecked:<src_0:proxypad8> have event type tag event: 0xe9576a30, time 99:99:99.999999999, seq-num 702, GstTagList-stream, taglist=(taglist)"taglist\,\ audio-codec\=\(string\)\"MPEG-1\\\ audio\"\,\ maximum-bitrate\=\(uint\)48000\,\ bitrate\=\(uint\)48000\,\ language-code\=\(string\)en\;";
06-06 22:07:23.975  4906  5116 D GStreamer+GST_BUS: 0:02:27.806039318 0xe93d1d00 gstbus.c:344:gst_bus_post:<bus8> [msg 0xe93bce78] dropped
06-06 22:07:23.975  4906  5132 D GStreamer+GST_PADS: 0:02:27.806069422 0xe95393b0 gstpad.c:3853:check_sticky:<decodebin2:src_0> pushing all sticky events
06-06 22:07:23.975  4906  5116 D GStreamer+GST_BUS: 0:02:27.806065620 0xe93d1d00 gstbus.c:344:gst_bus_post:<bus5> [msg 0xe93bce78] dropped
06-06 22:07:23.975  4906  5132 D GStreamer+GST_PADS: 0:02:27.806090672 0xe95393b0 gstpad.c:3785:push_sticky:<decodebin2:src_0> event stream-start was already received
06-06 22:07:23.975  4906  5116 D GStreamer+GST_STATES: 0:02:27.806104943 0xe93d1d00 gstelement.c:2609:gst_element_set_state_func:<glcolorbalance1> returned SUCCESS
06-06 22:07:23.975  4906  5132 D GStreamer+GST_PADS: 0:02:27.806109787 0xe95393b0 gstpad.c:3785:push_sticky:<decodebin2:src_0> event caps was already received
06-06 22:07:23.975  4906  5116 I GStreamer+GST_STATES: 0:02:27.806127183 0xe93d1d00 gstbin.c:2892:gst_bin_change_state_func:<glimagesinkbin1> child 'glcolorbalance1' changed state to 1(NULL) successfully
06-06 22:07:23.975  4906  5132 D GStreamer+GST_PADS: 0:02:27.806130516 0xe95393b0 gstpad.c:3785:push_sticky:<decodebin2:src_0> event segment was already received
06-06 22:07:23.975  4906  5132 D GStreamer+GST_PADS: 0:02:27.806154943 0xe95393b0 gstpad.c:3690:do_probe_callbacks:<decodebin2:src_0> data is passed
06-06 22:07:23.975  4906  5116 D GStreamer+bin: 0:02:27.806156401 0xe93d1d00 gstbin.c:2310:gst_bin_sort_iterator_next:<glimagesinkbin1> queue head gives glcolorconvertelement1
06-06 22:07:23.975  4906  5132 D GStreamer+GST_PADS: 0:02:27.806173849 0xe95393b0 gstpad.c:3493:probe_hook_marshal:<decodebin2:src_0> probe returned OK
06-06 22:07:23.975  4906  5116 D GStreamer+bin: 0:02:27.806180412 0xe93d1d00 gstbin.c:911:find_message:<glimagesinkbin1> no message found matching types 00001000
06-06 22:07:23.975  4906  5116 D GStreamer+bin: 0:02:27.806216818 0xe93d1d00 gstbin.c:918:find_message:<glimagesinkbin1>   structure-change
06-06 22:07:23.975  4906  5132 D GStreamer+GST_EVENT: 0:02:27.806193745 0xe95393b0 gstpad.c:5536:gst_pad_send_event_unchecked:<queue5:sink> have event type tag event: 0xe9576a30, time 99:99:99.999999999, seq-num 702, GstTagList-stream, taglist=(taglist)"taglist\,\ audio-codec\=\(string\)\"MPEG-1\\\ audio\"\,\ maximum-bitrate\=\(uint\)48000\,\ bitrate\=\(uint\)48000\,\ language-code\=\(string\)en\;";
06-06 22:07:23.975  4906  5116 D GStreamer+bin: 0:02:27.806242287 0xe93d1d00 gstbin.c:2226:update_degree:<glimagesinkbin1> change element gluploadelement1, degree 1->0, linked to glcolorconvertelement1
06-06 22:07:23.975  4906  5132 D GStreamer+GST_PADS: 0:02:27.806252287 0xe95393b0 gstpad.c:5609:gst_pad_send_event_unchecked:<queue5:sink> sent event, ret ok
06-06 22:07:23.975  4906  5116 D GStreamer+bin: 0:02:27.806269787 0xe93d1d00 gstbin.c:2109:add_to_queue:<glimagesinkbin1> adding 'gluploadelement1' to queue
06-06 22:07:23.975  4906  5132 D GStreamer+GST_PADS: 0:02:27.806276141 0xe95393b0 gstpad.c:3805:push_sticky:<decodebin2:src_0> event tag marked received
06-06 22:07:23.975  4906  5116 I GStreamer+GST_STATES: 0:02:27.806292339 0xe93d1d00 gstbin.c:2444:gst_bin_element_set_state:<glcolorconvertelement1> current READY pending VOID_PENDING, desired next NULL
06-06 22:07:23.975  4906  5132 D GStreamer+GST_PADS: 0:02:27.806299735 0xe95393b0 gstpad.c:5609:gst_pad_send_event_unchecked:<src_0:proxypad8> sent event, ret ok
06-06 22:07:23.975  4906  5116 D GStreamer+bin: 0:02:27.806334006 0xe93d1d00 gstbin.c:911:find_message:<glimagesinkbin1> no message found matching types 00100000
06-06 22:07:23.975  4906  5132 D GStreamer+GST_PADS: 0:02:27.806342443 0xe95393b0 gstpad.c:3805:push_sticky:<amcaudiodec-omxgooglemp3decoder0:src> event tag marked received
06-06 22:07:23.975  4906  5116 D GStreamer+bin: 0:02:27.806354839 0xe93d1d00 gstbin.c:918:find_message:<glimagesinkbin1>   async-start
06-06 22:07:23.975  4906  5132 D GStreamer+GST_PADS: 0:02:27.806364787 0xe95393b0 gstpad.c:3853:check_sticky:<amcaudiodec-omxgooglemp3decoder0:src> pushing all sticky events
06-06 22:07:23.975  4906  5116 D GStreamer+bin: 0:02:27.806373068 0xe93d1d00 gstbin.c:2539:gst_bin_element_set_state:<glimagesinkbin1> setting element glcolorconvertelement1 to NULL, base_time 0:00:00.000000000
06-06 22:07:23.975  4906  5132 D GStreamer+GST_PADS: 0:02:27.806383537 0xe95393b0 gstpad.c:3785:push_sticky:<amcaudiodec-omxgooglemp3decoder0:src> event stream-start was already received
06-06 22:07:23.975  4906  5132 D GStreamer+GST_PADS: 0:02:27.806405047 0xe95393b0 gstpad.c:3785:push_sticky:<amcaudiodec-omxgooglemp3decoder0:src> event caps was already received
06-06 22:07:23.975  4906  5116 D GStreamer+GST_STATES: 0:02:27.806399579 0xe93d1d00 gstelement.c:2525:gst_element_set_state_func:<glcolorconvertelement1> set_state to NULL
06-06 22:07:23.975  4906  5132 D GStreamer+GST_PADS: 0:02:27.806441245 0xe95393b0 gstpad.c:3785:push_sticky:<amcaudiodec-omxgooglemp3decoder0:src> event segment was already received
06-06 22:07:23.975  4906  5116 D GStreamer+GST_STATES: 0:02:27.806447183 0xe93d1d00 gstelement.c:2550:gst_element_set_state_func:<glcolorconvertelement1> setting target state to NULL
06-06 22:07:23.975  4906  5132 D GStreamer+GST_PADS: 0:02:27.806461193 0xe95393b0 gstpad.c:3785:push_sticky:<amcaudiodec-omxgooglemp3decoder0:src> event tag was already received
06-06 22:07:23.975  4906  5116 D GStreamer+GST_STATES: 0:02:27.806467704 0xe93d1d00 gstelement.c:2563:gst_element_set_state_func:<glcolorconvertelement1> current READY, old_pending VOID_PENDING, next VOID_PENDING, old return SUCCESS
06-06 22:07:23.975  4906  5116 D GStreamer+GST_STATES: 0:02:27.806493901 0xe93d1d00 gstelement.c:2597:gst_element_set_state_func:<glcolorconvertelement1> final: setting state from READY to NULL
06-06 22:07:23.975  4906  5116 D GStreamer+glbasefilter: 0:02:27.806522339 0xe93d1d00 gstglbasefilter.c:479:gst_gl_base_filter_change_state:<glcolorconvertelement1> changing state: READY => NULL
06-06 22:07:23.975  4906  5132 D GStreamer+GST_EVENT: 0:02:27.806483901 0xe95393b0 gstpad.c:5536:gst_pad_send_event_unchecked:<src_0:proxypad8> have event type tag event: 0xe9305628, time 99:99:99.999999999, seq-num 624, GstTagList-global, taglist=(taglist)"taglist\,\ datetime\=\(datetime\)2016-05-10T02:46:01Z\,\ container-format\=\(string\)\"ISO\\\ MP4/M4A\"\;";
06-06 22:07:23.975  4906  5116 D GStreamer+GST_ELEMENT_PADS: 0:02:27.806564943 0xe93d1d00 gstelement.c:2795:gst_element_pads_activate:<glcolorconvertelement1> deactivate pads
06-06 22:07:23.976  4906  5132 D GStreamer+GST_PADS: 0:02:27.806585047 0xe95393b0 gstpad.c:3853:check_sticky:<decodebin2:src_0> pushing all sticky events
06-06 22:07:23.976  4906  5116 D GStreamer+GST_PADS: 0:02:27.806587912 0xe93d1d00 gstpad.c:1074:gst_pad_set_active:<glcolorconvertelement1:src> pad was inactive
06-06 22:07:23.976  4906  5132 D GStreamer+GST_PADS: 0:02:27.806606297 0xe95393b0 gstpad.c:3785:push_sticky:<decodebin2:src_0> event stream-start was already received
06-06 22:07:23.976  4906  5116 D GStreamer+GST_PADS: 0:02:27.806614735 0xe93d1d00 gstpad.c:1074:gst_pad_set_active:<glcolorconvertelement1:sink> pad was inactive
06-06 22:07:23.976  4906  5132 D GStreamer+GST_PADS: 0:02:27.806626818 0xe95393b0 gstpad.c:3785:push_sticky:<decodebin2:src_0> event caps was already received
06-06 22:07:23.976  4906  5124 D GStreamer+queue_dataflow: 0:02:27.806306349 0xe900d120 gstqueue.c:1500:gst_queue_loop:<queue5> queue is not empty
06-06 22:07:23.976  4906  5116 D GStreamer+GST_ELEMENT_PADS: 0:02:27.806634110 0xe93d1d00 gstelement.c:2814:gst_element_pads_activate:<glcolorconvertelement1> pad deactivation successful
06-06 22:07:23.976  4906  5116 D GStreamer+GST_STATES: 0:02:27.806679266 0xe93d1d00 gstelement.c:2686:gst_element_change_state:<glcolorconvertelement1> element changed state SUCCESS
06-06 22:07:23.976  4906  5124 D GStreamer+GST_PADS: 0:02:27.806678901 0xe900d120 gstpad.c:3853:check_sticky:<queue5:src> pushing all sticky events
06-06 22:07:23.976  4906  5116 I GStreamer+GST_STATES: 0:02:27.806704110 0xe93d1d00 gstelement.c:2374:gst_element_continue_state:<glcolorconvertelement1> completed state change to NULL
06-06 22:07:23.976  4906  5124 D GStreamer+GST_EVENT: 0:02:27.806705256 0xe900d120 gstpad.c:5536:gst_pad_send_event_unchecked:<autoaudiosink0:sink> have event type stream-start event: 0xe9191748, time 99:99:99.999999999, seq-num 572, GstEventStreamStart, stream-id=(string)71ab440d261a1bb43c19b397eec2373651540427aed1e7b0deb4be62a10a7f25/002, flags=(GstStreamFlags)GST_STREAM_FLAG_NONE, group-id=(uint)1;
06-06 22:07:23.976  4906  5116 I GStreamer+GST_STATES: 0:02:27.806728276 0xe93d1d00 gstelement.c:2279:_priv_gst_element_state_changed:<glcolorconvertelement1> notifying about state-changed READY to NULL (VOID_PENDING pending)
06-06 22:07:23.976  4906  5124 I GStreamer+GST_EVENT: 0:02:27.806763537 0xe900d120 gstpad.c:5641:gst_pad_send_event_unchecked:<autoaudiosink0:sink> Received event on flushing pad. Discarding
06-06 22:07:23.976  4906  5124 D GStreamer+GST_PADS: 0:02:27.806784839 0xe900d120 gstpad.c:3832:push_sticky:<queue5:src> result flushing, mark pending events
06-06 22:07:23.976  4906  5116 D GStreamer+GST_BUS: 0:02:27.806774943 0xe93d1d00 gstbus.c:309:gst_bus_post:<bus5> [msg 0xe93bcdc8] posting on bus state-changed message: 0xe93bcdc8, time 99:99:99.999999999, seq-num 715, element 'glcolorconvertelement1', GstMessageStateChanged, old-state=(GstState)GST_STATE_READY, new-state=(GstState)GST_STATE_NULL, pending-state=(GstState)GST_STATE_VOID_PENDING;
06-06 22:07:23.976  4906  5124 D GStreamer+GST_PADS: 0:02:27.806812495 0xe900d120 gstpad.c:3853:check_sticky:<queue5:src> pushing all sticky events
06-06 22:07:23.976  4906  5116 D GStreamer+bin: 0:02:27.806825829 0xe93d1d00 gstbin.c:3654:gst_bin_handle_message_func:<glimagesinkbin1> [msg 0xe93bcdc8] handling child glcolorconvertelement1 message of type state-changed
06-06 22:07:23.976  4906  5116 D GStreamer+bin: 0:02:27.806852495 0xe93d1d00 gstbin.c:3991:gst_bin_handle_message_func:<glimagesinkbin1> posting message upward
06-06 22:07:23.976  4906  5124 D GStreamer+GST_EVENT: 0:02:27.806832704 0xe900d120 gstpad.c:5536:gst_pad_send_event_unchecked:<autoaudiosink0:sink> have event type stream-start event: 0xe9191748, time 99:99:99.999999999, seq-num 572, GstEventStreamStart, stream-id=(string)71ab440d261a1bb43c19b397eec2373651540427aed1e7b0deb4be62a10a7f25/002, flags=(GstStreamFlags)GST_STREAM_FLAG_NONE, group-id=(uint)1;
06-06 22:07:23.976  4906  5124 I GStreamer+GST_EVENT: 0:02:27.806909943 0xe900d120 gstpad.c:5641:gst_pad_send_event_unchecked:<autoaudiosink0:sink> Received event on flushing pad. Discarding
06-06 22:07:23.976  4906  5116 D GStreamer+GST_BUS: 0:02:27.806895412 0xe93d1d00 gstbus.c:309:gst_bus_post:<bus8> [msg 0xe93bcdc8] posting on bus state-changed message: 0xe93bcdc8, time 99:99:99.999999999, seq-num 715, element 'glcolorconvertelement1', GstMessageStateChanged, old-state=(GstState)GST_STATE_READY, new-state=(GstState)GST_STATE_NULL, pending-state=(GstState)GST_STATE_VOID_PENDING;
06-06 22:07:23.976  4906  5124 D GStreamer+GST_PADS: 0:02:27.806934318 0xe900d120 gstpad.c:3832:push_sticky:<queue5:src> result flushing, mark pending events
06-06 22:07:23.976  4906  5124 D GStreamer+queue_dataflow: 0:02:27.806956610 0xe900d120 gstqueue.c:1488:gst_queue_loop:<queue5> queue is empty
06-06 22:07:23.976  4906  5116 D GStreamer+bin: 0:02:27.806948537 0xe93d1d00 gstbin.c:3654:gst_bin_handle_message_func:<pipeline1> [msg 0xe93bcdc8] handling child glcolorconvertelement1 message of type state-changed
06-06 22:07:23.976  4906  5132 D GStreamer+GST_PADS: 0:02:27.806982756 0xe95393b0 gstpad.c:3785:push_sticky:<decodebin2:src_0> event segment was already received
06-06 22:07:23.976  4906  5116 D GStreamer+bin: 0:02:27.806992964 0xe93d1d00 gstbin.c:3991:gst_bin_handle_message_func:<pipeline1> posting message upward
06-06 22:07:23.976  4906  5132 D GStreamer+GST_PADS: 0:02:27.807003172 0xe95393b0 gstpad.c:3785:push_sticky:<decodebin2:src_0> event tag was already received
06-06 22:07:23.976  4906  5132 D GStreamer+GST_PADS: 0:02:27.807027547 0xe95393b0 gstpad.c:3690:do_probe_callbacks:<decodebin2:src_0> data is passed
06-06 22:07:23.976  4906  5116 D GStreamer+GST_BUS: 0:02:27.807010933 0xe93d1d00 gstbus.c:309:gst_bus_post:<bus9> [msg 0xe93bcdc8] posting on bus state-changed message: 0xe93bcdc8, time 99:99:99.999999999, seq-num 715, element 'glcolorconvertelement1', GstMessageStateChanged, old-state=(GstState)GST_STATE_READY, new-state=(GstState)GST_STATE_NULL, pending-state=(GstState)GST_STATE_VOID_PENDING;
06-06 22:07:23.976  4906  5132 D GStreamer+GST_PADS: 0:02:27.807051766 0xe95393b0 gstpad.c:3493:probe_hook_marshal:<decodebin2:src_0> probe returned OK
06-06 22:07:23.976  4906  5116 D GStreamer+GST_BUS: 0:02:27.807062756 0xe93d1d00 gstbus.c:348:gst_bus_post:<bus9> [msg 0xe93bcdc8] pushing on async queue
06-06 22:07:23.976  4906  5116 D GStreamer+GST_BUS: 0:02:27.807098276 0xe93d1d00 gstbus.c:351:gst_bus_post:<bus9> [msg 0xe93bcdc8] pushed on async queue
06-06 22:07:23.976  4906  5132 D GStreamer+GST_EVENT: 0:02:27.807069683 0xe95393b0 gstpad.c:5536:gst_pad_send_event_unchecked:<queue5:sink> have event type tag event: 0xe9305628, time 99:99:99.999999999, seq-num 624, GstTagList-global, taglist=(taglist)"taglist\,\ datetime\=\(datetime\)2016-05-10T02:46:01Z\,\ container-format\=\(string\)\"ISO\\\ MP4/M4A\"\;";
06-06 22:07:23.976  4906  5116 D GStreamer+GST_BUS: 0:02:27.807119787 0xe93d1d00 gstbus.c:344:gst_bus_post:<bus8> [msg 0xe93bcdc8] dropped
06-06 22:07:23.976  4906  5132 D GStreamer+GST_PADS: 0:02:27.807131870 0xe95393b0 gstpad.c:5609:gst_pad_send_event_unchecked:<queue5:sink> sent event, ret ok
06-06 22:07:23.976  4906  5116 D GStreamer+GST_BUS: 0:02:27.807140151 0xe93d1d00 gstbus.c:344:gst_bus_post:<bus5> [msg 0xe93bcdc8] dropped
06-06 22:07:23.976  4906  5132 D GStreamer+GST_PADS: 0:02:27.807157339 0xe95393b0 gstpad.c:3805:push_sticky:<decodebin2:src_0> event tag marked received
06-06 22:07:23.976  4906  5116 D GStreamer+GST_STATES: 0:02:27.807160672 0xe93d1d00 gstelement.c:2609:gst_element_set_state_func:<glcolorconvertelement1> returned SUCCESS
06-06 22:07:23.976  4906  5116 I GStreamer+GST_STATES: 0:02:27.807183954 0xe93d1d00 gstbin.c:2892:gst_bin_change_state_func:<glimagesinkbin1> child 'glcolorconvertelement1' changed state to 1(NULL) successfully
06-06 22:07:23.976  4906  5132 D GStreamer+GST_PADS: 0:02:27.807183849 0xe95393b0 gstpad.c:5609:gst_pad_send_event_unchecked:<src_0:proxypad8> sent event, ret ok
06-06 22:07:23.976  4906  5116 D GStreamer+bin: 0:02:27.807231714 0xe93d1d00 gstbin.c:2310:gst_bin_sort_iterator_next:<glimagesinkbin1> queue head gives gluploadelement1
06-06 22:07:23.976  4906  5132 D GStreamer+GST_PADS: 0:02:27.807231558 0xe95393b0 gstpad.c:3805:push_sticky:<amcaudiodec-omxgooglemp3decoder0:src> event tag marked received
06-06 22:07:23.976  4906  5116 D GStreamer+bin: 0:02:27.807254006 0xe93d1d00 gstbin.c:911:find_message:<glimagesinkbin1> no message found matching types 00001000
06-06 22:07:23.976  4906  5132 D GStreamer+GST_PADS: 0:02:27.807256610 0xe95393b0 gstpad.c:3853:check_sticky:<amcaudiodec-omxgooglemp3decoder0:src> pushing all sticky events
06-06 22:07:23.976  4906  5132 D GStreamer+GST_PADS: 0:02:27.807283641 0xe95393b0 gstpad.c:3785:push_sticky:<amcaudiodec-omxgooglemp3decoder0:src> event stream-start was already received
06-06 22:07:23.976  4906  5116 D GStreamer+bin: 0:02:27.807279839 0xe93d1d00 gstbin.c:918:find_message:<glimagesinkbin1>   structure-change
06-06 22:07:23.976  4906  5132 D GStreamer+GST_PADS: 0:02:27.807308381 0xe95393b0 gstpad.c:3785:push_sticky:<amcaudiodec-omxgooglemp3decoder0:src> event caps was already received
06-06 22:07:23.976  4906  5116 D GStreamer+bin: 0:02:27.807319474 0xe93d1d00 gstbin.c:2249:update_degree:<glimagesinkbin1> element gluploadelement1 not linked on any sinkpads
06-06 22:07:23.976  4906  5132 D GStreamer+GST_PADS: 0:02:27.807329995 0xe95393b0 gstpad.c:3785:push_sticky:<amcaudiodec-omxgooglemp3decoder0:src> event segment was already received
06-06 22:07:23.976  4906  5116 I GStreamer+GST_STATES: 0:02:27.807343589 0xe93d1d00 gstbin.c:2444:gst_bin_element_set_state:<gluploadelement1> current READY pending VOID_PENDING, desired next NULL
06-06 22:07:23.976  4906  5116 D GStreamer+bin: 0:02:27.807371870 0xe93d1d00 gstbin.c:911:find_message:<glimagesinkbin1> no message found matching types 00100000
06-06 22:07:23.976  4906  5116 D GStreamer+bin: 0:02:27.807391662 0xe93d1d00 gstbin.c:918:find_message:<glimagesinkbin1>   async-start
06-06 22:07:23.976  4906  5132 D GStreamer+GST_EVENT: 0:02:27.807351037 0xe95393b0 gstpad.c:5536:gst_pad_send_event_unchecked:<src_0:proxypad8> have event type tag event: 0xe9576ac0, time 99:99:99.999999999, seq-num 704, GstTagList-stream, taglist=(taglist)"taglist\,\ audio-codec\=\(string\)\"MPEG-1\\\ Layer\\\ 3\\\ \\\(MP3\\\)\"\,\ maximum-bitrate\=\(uint\)48000\,\ bitrate\=\(uint\)48000\,\ language-code\=\(string\)en\,\ has-crc\=\(boolean\)false\,\ channel-mode\=\(string\)mono\,\ nominal-bitrate\=\(uint\)48000\;";
06-06 22:07:23.976  4906  5116 D GStreamer+bin: 0:02:27.807440151 0xe93d1d00 gstbin.c:2539:gst_bin_element_set_state:<glimagesinkbin1> setting element gluploadelement1 to NULL, base_time 0:00:00.000000000
06-06 22:07:23.976  4906  5132 D GStreamer+GST_PADS: 0:02:27.807458485 0xe95393b0 gstpad.c:3853:check_sticky:<decodebin2:src_0> pushing all sticky events
06-06 22:07:23.976  4906  5116 D GStreamer+GST_STATES: 0:02:27.807466401 0xe93d1d00 gstelement.c:2525:gst_element_set_state_func:<gluploadelement1> set_state to NULL
06-06 22:07:23.976  4906  5132 D GStreamer+GST_PADS: 0:02:27.807479891 0xe95393b0 gstpad.c:3785:push_sticky:<decodebin2:src_0> event stream-start was already received
06-06 22:07:23.976  4906  5116 D GStreamer+GST_STATES: 0:02:27.807485047 0xe93d1d00 gstelement.c:2550:gst_element_set_state_func:<gluploadelement1> setting target state to NULL
06-06 22:07:23.976  4906  5132 D GStreamer+GST_PADS: 0:02:27.807500985 0xe95393b0 gstpad.c:3785:push_sticky:<decodebin2:src_0> event caps was already received
06-06 22:07:23.976  4906  5116 D GStreamer+GST_STATES: 0:02:27.807507339 0xe93d1d00 gstelement.c:2563:gst_element_set_state_func:<gluploadelement1> current READY, old_pending VOID_PENDING, next VOID_PENDING, old return SUCCESS
06-06 22:07:23.976  4906  5132 D GStreamer+GST_PADS: 0:02:27.807529162 0xe95393b0 gstpad.c:3785:push_sticky:<decodebin2:src_0> event segment was already received
06-06 22:07:23.976  4906  5132 D GStreamer+GST_PADS: 0:02:27.807559579 0xe95393b0 gstpad.c:3690:do_probe_callbacks:<decodebin2:src_0> data is passed
06-06 22:07:23.976  4906  5116 D GStreamer+GST_STATES: 0:02:27.807557808 0xe93d1d00 gstelement.c:2597:gst_element_set_state_func:<gluploadelement1> final: setting state from READY to NULL
06-06 22:07:23.977  4906  5132 D GStreamer+GST_PADS: 0:02:27.807582026 0xe95393b0 gstpad.c:3493:probe_hook_marshal:<decodebin2:src_0> probe returned OK
06-06 22:07:23.977  4906  5116 D GStreamer+glbasefilter: 0:02:27.807586089 0xe93d1d00 gstglbasefilter.c:479:gst_gl_base_filter_change_state:<gluploadelement1> changing state: READY => NULL
06-06 22:07:23.977  4906  5116 D GStreamer+GST_ELEMENT_PADS: 0:02:27.807609735 0xe93d1d00 gstelement.c:2795:gst_element_pads_activate:<gluploadelement1> deactivate pads
06-06 22:07:23.977  4906  5132 D GStreamer+GST_EVENT: 0:02:27.807602860 0xe95393b0 gstpad.c:5536:gst_pad_send_event_unchecked:<queue5:sink> have event type tag event: 0xe9576ac0, time 99:99:99.999999999, seq-num 704, GstTagList-stream, taglist=(taglist)"taglist\,\ audio-codec\=\(string\)\"MPEG-1\\\ Layer\\\ 3\\\ \\\(MP3\\\)\"\,\ maximum-bitrate\=\(uint\)48000\,\ bitrate\=\(uint\)48000\,\ language-code\=\(string\)en\,\ has-crc\=\(boolean\)false\,\ channel-mode\=\(string\)mono\,\ nominal-bitrate\=\(uint\)48000\;";
06-06 22:07:23.977  4906  5116 D GStreamer+GST_PADS: 0:02:27.807652235 0xe93d1d00 gstpad.c:1074:gst_pad_set_active:<gluploadelement1:src> pad was inactive
06-06 22:07:23.977  4906  5124 D GStreamer+queue_dataflow: 0:02:27.807190724 0xe900d120 gstqueue.c:1500:gst_queue_loop:<queue5> queue is not empty
06-06 22:07:23.977  4906  5116 D GStreamer+GST_PADS: 0:02:27.807674526 0xe93d1d00 gstpad.c:1074:gst_pad_set_active:<gluploadelement1:sink> pad was inactive
06-06 22:07:23.977  4906  5124 D GStreamer+GST_PADS: 0:02:27.807694526 0xe900d120 gstpad.c:3853:check_sticky:<queue5:src> pushing all sticky events
06-06 22:07:23.977  4906  5116 D GStreamer+GST_ELEMENT_PADS: 0:02:27.807695985 0xe93d1d00 gstelement.c:2814:gst_element_pads_activate:<gluploadelement1> pad deactivation successful
06-06 22:07:23.977  4906  5116 D GStreamer+GST_STATES: 0:02:27.807722808 0xe93d1d00 gstelement.c:2686:gst_element_change_state:<gluploadelement1> element changed state SUCCESS
06-06 22:07:23.977  4906  5124 D GStreamer+GST_EVENT: 0:02:27.807719110 0xe900d120 gstpad.c:5536:gst_pad_send_event_unchecked:<autoaudiosink0:sink> have event type stream-start event: 0xe9191748, time 99:99:99.999999999, seq-num 572, GstEventStreamStart, stream-id=(string)71ab440d261a1bb43c19b397eec2373651540427aed1e7b0deb4be62a10a7f25/002, flags=(GstStreamFlags)GST_STREAM_FLAG_NONE, group-id=(uint)1;
06-06 22:07:23.977  4906  5116 I GStreamer+GST_STATES: 0:02:27.807759631 0xe93d1d00 gstelement.c:2374:gst_element_continue_state:<gluploadelement1> completed state change to NULL
06-06 22:07:23.977  4906  5124 I GStreamer+GST_EVENT: 0:02:27.807769422 0xe900d120 gstpad.c:5641:gst_pad_send_event_unchecked:<autoaudiosink0:sink> Received event on flushing pad. Discarding
06-06 22:07:23.977  4906  5116 I GStreamer+GST_STATES: 0:02:27.807778276 0xe93d1d00 gstelement.c:2279:_priv_gst_element_state_changed:<gluploadelement1> notifying about state-changed READY to NULL (VOID_PENDING pending)
06-06 22:07:23.977  4906  5124 D GStreamer+GST_PADS: 0:02:27.807789787 0xe900d120 gstpad.c:3832:push_sticky:<queue5:src> result flushing, mark pending events
06-06 22:07:23.977  4906  5124 D GStreamer+queue_dataflow: 0:02:27.807811037 0xe900d120 gstqueue.c:1488:gst_queue_loop:<queue5> queue is empty
06-06 22:07:23.977  4906  5132 D GStreamer+GST_PADS: 0:02:27.807840829 0xe95393b0 gstpad.c:5609:gst_pad_send_event_unchecked:<queue5:sink> sent event, ret ok
06-06 22:07:23.977  4906  5116 D GStreamer+GST_BUS: 0:02:27.807802860 0xe93d1d00 gstbus.c:309:gst_bus_post:<bus5> [msg 0xe9012018] posting on bus state-changed message: 0xe9012018, time 99:99:99.999999999, seq-num 716, element 'gluploadelement1', GstMessageStateChanged, old-state=(GstState)GST_STATE_READY, new-state=(GstState)GST_STATE_NULL, pending-state=(GstState)GST_STATE_VOID_PENDING;
06-06 22:07:23.977  4906  5132 D GStreamer+GST_PADS: 0:02:27.807863589 0xe95393b0 gstpad.c:3805:push_sticky:<decodebin2:src_0> event tag marked received
06-06 22:07:23.977  4906  5116 D GStreamer+bin: 0:02:27.807868641 0xe93d1d00 gstbin.c:3654:gst_bin_handle_message_func:<glimagesinkbin1> [msg 0xe9012018] handling child gluploadelement1 message of type state-changed
06-06 22:07:23.977  4906  5132 D GStreamer+GST_PADS: 0:02:27.807887599 0xe95393b0 gstpad.c:3785:push_sticky:<decodebin2:src_0> event tag was already received
06-06 22:07:23.977  4906  5116 D GStreamer+bin: 0:02:27.807895776 0xe93d1d00 gstbin.c:3991:gst_bin_handle_message_func:<glimagesinkbin1> posting message upward
06-06 22:07:23.977  4906  5132 D GStreamer+GST_PADS: 0:02:27.807910933 0xe95393b0 gstpad.c:5609:gst_pad_send_event_unchecked:<src_0:proxypad8> sent event, ret ok
06-06 22:07:23.977  4906  5132 D GStreamer+GST_PADS: 0:02:27.807936506 0xe95393b0 gstpad.c:3805:push_sticky:<amcaudiodec-omxgooglemp3decoder0:src> event tag marked received
06-06 22:07:23.977  4906  5132 D GStreamer+GST_PADS: 0:02:27.807957964 0xe95393b0 gstpad.c:3785:push_sticky:<amcaudiodec-omxgooglemp3decoder0:src> event tag was already received
06-06 22:07:23.977  4906  5116 D GStreamer+GST_BUS: 0:02:27.807915308 0xe93d1d00 gstbus.c:309:gst_bus_post:<bus8> [msg 0xe9012018] posting on bus state-changed message: 0xe9012018, time 99:99:99.999999999, seq-num 716, element 'gluploadelement1', GstMessageStateChanged, old-state=(GstState)GST_STATE_READY, new-state=(GstState)GST_STATE_NULL, pending-state=(GstState)GST_STATE_VOID_PENDING;
06-06 22:07:23.977  4906  5132 D GStreamer+audiodecoder: 0:02:27.807989214 0xe95393b0 gstaudiodecoder.c:1294:gst_audio_decoder_finish_frame:<amcaudiodec-omxgooglemp3decoder0> leading frame ts 0:00:00.000000000
06-06 22:07:23.977  4906  5116 D GStreamer+bin: 0:02:27.807990568 0xe93d1d00 gstbin.c:3654:gst_bin_handle_message_func:<pipeline1> [msg 0xe9012018] handling child gluploadelement1 message of type state-changed
06-06 22:07:23.977  4906  5116 D GStreamer+bin: 0:02:27.808024787 0xe93d1d00 gstbin.c:3991:gst_bin_handle_message_func:<pipeline1> posting message upward
06-06 22:07:23.977  4906  5132 D GStreamer+audiodecoder: 0:02:27.808024787 0xe95393b0 gstaudiodecoder.c:1308:gst_audio_decoder_finish_frame:<amcaudiodec-omxgooglemp3decoder0> base_ts now 0:00:00.000000000
06-06 22:07:23.977  4906  5132 D GStreamer+audiodecoder: 0:02:27.808057079 0xe95393b0 gstaudiodecoder.c:1341:gst_audio_decoder_finish_frame:<amcaudiodec-omxgooglemp3decoder0> base_ts resync
06-06 22:07:23.977  4906  5132 D GStreamer+query: 0:02:27.808082026 0xe95393b0 gstquery.c:674:gst_query_new_custom creating new query 0xe9539600 latency
06-06 22:07:23.977  4906  5116 D GStreamer+GST_BUS: 0:02:27.808049943 0xe93d1d00 gstbus.c:309:gst_bus_post:<bus9> [msg 0xe9012018] posting on bus state-changed message: 0xe9012018, time 99:99:99.999999999, seq-num 716, element 'gluploadelement1', GstMessageStateChanged, old-state=(GstState)GST_STATE_READY, new-state=(GstState)GST_STATE_NULL, pending-state=(GstState)GST_STATE_VOID_PENDING;
06-06 22:07:23.977  4906  5132 D GStreamer+GST_PADS: 0:02:27.808105256 0xe95393b0 gstpad.c:4049:gst_pad_peer_query:<amcaudiodec-omxgooglemp3decoder0:sink> peer query 0xe9539600 (latency)
06-06 22:07:23.977  4906  5116 D GStreamer+GST_BUS: 0:02:27.808117495 0xe93d1d00 gstbus.c:348:gst_bus_post:<bus9> [msg 0xe9012018] pushing on async queue
06-06 22:07:23.977  4906  5132 D GStreamer+GST_PADS: 0:02:27.808126714 0xe95393b0 gstpad.c:3922:gst_pad_query:<mpegaudioparse0:src> doing query 0xe9539600 (latency)
06-06 22:07:23.977  4906  5116 D GStreamer+GST_BUS: 0:02:27.808136401 0xe93d1d00 gstbus.c:351:gst_bus_post:<bus9> [msg 0xe9012018] pushed on async queue
06-06 22:07:23.979  4906  5116 D GStreamer+bin: 0:02:27.810018849 0xe93d1d00 gstbin.c:2109:add_to_queue:<pipeline1> adding 'queue5' to queue
06-06 22:07:23.979  4906  5116 I GStreamer+GST_STATES: 0:02:27.810047860 0xe93d1d00 gstbin.c:2444:gst_bin_element_set_state:<autoaudiosink0> current NULL pending VOID_PENDING, desired next NULL
06-06 22:07:23.979  4906  5116 D GStreamer+bin: 0:02:27.810109891 0xe93d1d00 gstbin.c:911:find_message:<pipeline1> no message found matching types 00100000
06-06 22:07:23.979  4906  5116 D GStreamer+bin: 0:02:27.810131610 0xe93d1d00 gstbin.c:918:find_message:<pipeline1>   async-start
06-06 22:07:23.979  4906  5116 D GStreamer+bin: 0:02:27.810149787 0xe93d1d00 gstbin.c:2539:gst_bin_element_set_state:<pipeline1> setting element autoaudiosink0 to NULL, base_time 0:00:00.000000000
06-06 22:07:23.979  4906  5126 D GStreamer+amcaudiodec: 0:02:27.810154526 0xe900d1b0 gstamcaudiodec.c:1170:gst_amc_audio_dec_handle_frame:<amcaudiodec-omxgooglemp3decoder0> Queueing buffer 2: size 144 time 48000 flags 0x00000001
06-06 22:07:23.979  4906  5116 D GStreamer+GST_STATES: 0:02:27.810180568 0xe93d1d00 gstelement.c:2525:gst_element_set_state_func:<autoaudiosink0> set_state to NULL
06-06 22:07:23.979  4906  5126 D GStreamer+GST_SCHEDULING: 0:02:27.810251245 0xe900d1b0 gstpad.c:4199:gst_pad_chain_data_unchecked:<amcaudiodec-omxgooglemp3decoder0:sink> called chainfunction &gst_audio_decoder_chain with buffer 0xe91fd0d8, returned ok
06-06 22:07:23.979  4906  5116 D GStreamer+GST_STATES: 0:02:27.810215308 0xe93d1d00 gstelement.c:2563:gst_element_set_state_func:<autoaudiosink0> current NULL, old_pending VOID_PENDING, next VOID_PENDING, old return SUCCESS
06-06 22:07:23.979  4906  5126 D GStreamer+baseparse: 0:02:27.810288433 0xe900d1b0 gstbaseparse.c:3165:gst_base_parse_chain:<mpegaudioparse0> not enough data available (only 0 bytes)
06-06 22:07:23.979  4906  5116 D GStreamer+GST_STATES: 0:02:27.810292339 0xe93d1d00 gstelement.c:2597:gst_element_set_state_func:<autoaudiosink0> final: setting state from NULL to NULL
06-06 22:07:23.979  4906  5126 D GStreamer+GST_SCHEDULING: 0:02:27.810315933 0xe900d1b0 gstpad.c:4199:gst_pad_chain_data_unchecked:<mpegaudioparse0:sink> called chainfunction &gst_base_parse_chain with buffer 0xe91fd0d8, returned ok
06-06 22:07:23.979  4906  5116 D GStreamer+GST_STATES: 0:02:27.810336193 0xe93d1d00 gstbin.c:2792:gst_bin_change_state_func:<autoaudiosink0> changing state of children from NULL to NULL
06-06 22:07:23.979  4906  5126 D GStreamer+GST_SCHEDULING: 0:02:27.810346922 0xe900d1b0 gstpad.c:4199:gst_pad_chain_data_unchecked:<typefind:sink> called chainfunction &gst_type_find_element_chain with buffer 0xe91fd0d8, returned ok
06-06 22:07:23.979  4906  5116 D GStreamer+bin: 0:02:27.810360151 0xe93d1d00 gstbin.c:2840:gst_bin_change_state_func:<autoaudiosink0> clearing all cached messages
06-06 22:07:23.979  4906  5126 D GStreamer+GST_SCHEDULING: 0:02:27.810371037 0xe900d1b0 gstpad.c:4199:gst_pad_chain_data_unchecked:<decodebin2:sink> called chainfunction &gst_proxy_pad_chain_default with buffer 0xe91fd0d8, returned ok
06-06 22:07:23.979  4906  5116 D GStreamer+bin: 0:02:27.810380099 0xe93d1d00 gstbin.c:2323:gst_bin_sort_iterator_resync:<autoaudiosink0> resync
06-06 22:07:23.979  4906  5116 D GStreamer+bin: 0:02:27.810398433 0xe93d1d00 gstbin.c:2109:add_to_queue:<autoaudiosink0> adding 'fake-audio-sink' to queue
06-06 22:07:23.979  4906  5128 D GStreamer+queue_dataflow: 0:02:27.810411193 0xe900d290 gstqueue.c:1228:gst_queue_chain_buffer_or_list:<queue4> queue is not full
06-06 22:07:23.979  4906  5116 D GStreamer+bin: 0:02:27.810440360 0xe93d1d00 gstbin.c:911:find_message:<autoaudiosink0> no message found matching types 00001000
06-06 22:07:23.979  4906  5126 D GStreamer+GST_SCHEDULING: 0:02:27.810406401 0xe900d1b0 gstpad.c:4193:gst_pad_chain_data_unchecked:<decodebin2:sink> calling chainfunction &gst_proxy_pad_chain_default with buffer buffer: 0xe92fa028, pts 0:00:00.072000000, dts 0:00:00.072000000, dur 0:00:00.024000000, size 144, offset none, offset_end none, flags 0x0
06-06 22:07:23.979  4906  5116 D GStreamer+bin: 0:02:27.810466558 0xe93d1d00 gstbin.c:918:find_message:<autoaudiosink0>   structure-change
06-06 22:07:23.979  4906  5128 D GStreamer+GST_SCHEDULING: 0:02:27.810455047 0xe900d290 gstpad.c:4199:gst_pad_chain_data_unchecked:<queue4:sink> called chainfunction &gst_queue_chain with buffer 0xe91fd718, returned ok
06-06 22:07:23.979  4906  5116 D GStreamer+bin: 0:02:27.810492964 0xe93d1d00 gstbin.c:2249:update_degree:<autoaudiosink0> element fake-audio-sink not linked on any sinkpads
06-06 22:07:23.979  4906  5128 D GStreamer+qtdemux: 0:02:27.810501818 0xe900d290 qtdemux.c:8014:qtdemux_parse_samples:<q> parsing up to sample 46
06-06 22:07:23.979  4906  5126 D GStreamer+GST_SCHEDULING: 0:02:27.810483901 0xe900d1b0 gstpad.c:4193:gst_pad_chain_data_unchecked:<typefind:sink> calling chainfunction &gst_type_find_element_chain with buffer buffer: 0xe92fa028, pts 0:00:00.072000000, dts 0:00:00.072000000, dur 0:00:00.024000000, size 144, offset none, offset_end none, flags 0x0
06-06 22:07:23.979  4906  5116 D GStreamer+bin: 0:02:27.810525308 0xe93d1d00 gstbin.c:2310:gst_bin_sort_iterator_next:<autoaudiosink0> queue head gives fake-audio-sink
06-06 22:07:23.979  4906  5128 D GStreamer+qtdemux: 0:02:27.810534214 0xe900d290 qtdemux.c:8221:qtdemux_parse_samples:<q> sample 46: index 46, timestamp 0:00:01.104000000
06-06 22:07:23.980  4906  5116 D GStreamer+bin: 0:02:27.810575933 0xe93d1d00 gstbin.c:911:find_message:<autoaudiosink0> no message found matching types 00001000
06-06 22:07:23.980  4906  5128 D GStreamer+qtdemux: 0:02:27.810584214 0xe900d290 qtdemux.c:8321:qtdemux_parse_samples:<q> setting all keyframes
06-06 22:07:23.980  4906  5116 D GStreamer+bin: 0:02:27.810599214 0xe93d1d00 gstbin.c:918:find_message:<autoaudiosink0>   structure-change
06-06 22:07:23.980  4906  5116 D GStreamer+bin: 0:02:27.810620985 0xe93d1d00 gstbin.c:2249:update_degree:<autoaudiosink0> element fake-audio-sink not linked on any sinkpads
06-06 22:07:23.980  4906  5128 D GStreamer+qtdemux: 0:02:27.810611766 0xe900d290 qtdemux.c:5512:gst_qtdemux_loop_state_movie:<q> pushing from stream 0, empty 0 offset 1650173, size 41469, dts=0:00:00.775666666, pts=0:00:00.775666666, duration 0:00:00.019666667
06-06 22:07:23.980  4906  5128 D GStreamer+basesrc: 0:02:27.810668172 0xe900d290 gstbasesrc.c:2354:gst_base_src_update_length:<filesrc1> reading offset 1650173, length 41469, size 15003960, segment.stop -1, maxsize 15003960
06-06 22:07:23.980  4906  5128 D GStreamer+basesrc: 0:02:27.810705933 0xe900d290 gstbasesrc.c:2455:gst_base_src_get_range:<filesrc1> calling create offset 1650173 length 41469, time 0
06-06 22:07:23.980  4906  5126 D GStreamer+GST_SCHEDULING: 0:02:27.810540099 0xe900d1b0 gstpad.c:4193:gst_pad_chain_data_unchecked:<mpegaudioparse0:sink> calling chainfunction &gst_base_parse_chain with buffer buffer: 0xe92fa028, pts 0:00:00.072000000, dts 0:00:00.072000000, dur 0:00:00.024000000, size 144, offset none, offset_end none, flags 0x0
06-06 22:07:23.980  4906  5128 D GStreamer+GST_MEMORY: 0:02:27.810748589 0xe900d290 gstmemory.c:138:gst_memory_init new memory 0xe92c2578, maxsize:41472 offset:0 size:41469
06-06 22:07:23.980  4906  5116 I GStreamer+GST_STATES: 0:02:27.810663901 0xe93d1d00 gstbin.c:2444:gst_bin_element_set_state:<fake-audio-sink> current NULL pending VOID_PENDING, desired next NULL
06-06 22:07:23.980  4906  5126 D GStreamer+baseparse: 0:02:27.810782964 0xe900d1b0 gstbaseparse.c:2996:gst_base_parse_chain:<mpegaudioparse0> chain
06-06 22:07:23.980  4906  5116 I GStreamer+GST_STATES: 0:02:27.810800099 0xe93d1d00 gstbin.c:2561:gst_bin_element_set_state:<fake-audio-sink> skipping transition from NULL to  NULL
06-06 22:07:23.980  4906  5128 D GStreamer+basesrc: 0:02:27.810815204 0xe900d290 gstbasesrc.c:2309:gst_base_src_do_sync:<filesrc1> we have no clock
06-06 22:07:23.980  4906  5116 I GStreamer+GST_STATES: 0:02:27.810822860 0xe93d1d00 gstbin.c:2892:gst_bin_change_state_func:<autoaudiosink0> child 'fake-audio-sink' changed state to 1(NULL) successfully
06-06 22:07:23.980  4906  5126 D GStreamer+GST_PERFORMANCE: 0:02:27.810814214 0xe900d1b0 gstminiobject.c:327:gst_mini_object_make_writable copy GstBuffer miniobject 0xe92fa028 -> 0xe91fd178
06-06 22:07:23.980  4906  5128 D GStreamer+basesrc: 0:02:27.810849266 0xe900d290 gstbasesrc.c:2519:gst_base_src_get_range:<filesrc1> buffer ok
06-06 22:07:23.980  4906  5126 D GStreamer+mpegaudioparse: 0:02:27.810863276 0xe900d1b0 gstmpegaudioparse.c:454:gst_mpeg_audio_parse_head_check:<mpegaudioparse0> checking mp3 header 0xfff364c0
06-06 22:07:23.980  4906  5116 D GStreamer+bin: 0:02:27.810857860 0xe93d1d00 gstbin.c:2299:gst_bin_sort_iterator_next:<autoaudiosink0> queue empty, elements exhausted
06-06 22:07:23.981  4906  5116 D GStreamer+bin: 0:02:27.812093381 0xe93d1d00 gstbin.c:2226:update_degree:<glimagesinkbin1> change element glcolorbalance1, degree 1->0, linked to sink
06-06 22:07:23.981  4906  5126 D GStreamer+amcaudiodec: 0:02:27.812132912 0xe900d1b0 gstamcaudiodec.c:1050:gst_amc_audio_dec_handle_frame:<amcaudiodec-omxgooglemp3decoder0> Handling frame
06-06 22:07:23.981  4906  5116 D GStreamer+bin: 0:02:27.812128954 0xe93d1d00 gstbin.c:2109:add_to_queue:<glimagesinkbin1> adding 'glcolorbalance1' to queue
06-06 22:07:23.981  4906  5126 E GStreamer+amcaudiodec: 0:02:27.812164526 0xe900d1b0 gstamcaudiodec.c:1189:gst_amc_audio_dec_handle_frame:<amcaudiodec-omxgooglemp3decoder0> Downstream returned flushing
06-06 22:07:23.981  4906  5116 I GStreamer+GST_STATES: 0:02:27.812161766 0xe93d1d00 gstbin.c:2444:gst_bin_element_set_state:<sink> current NULL pending VOID_PENDING, desired next NULL
06-06 22:07:23.981  4906  5126 D GStreamer+GST_SCHEDULING: 0:02:27.812196714 0xe900d1b0 gstpad.c:4199:gst_pad_chain_data_unchecked:<amcaudiodec-omxgooglemp3decoder0:sink> called chainfunction &gst_audio_decoder_chain with buffer 0xe92fa028, returned flushing
06-06 22:07:23.981  4906  5116 I GStreamer+GST_STATES: 0:02:27.812207026 0xe93d1d00 gstbin.c:2561:gst_bin_element_set_state:<sink> skipping transition from NULL to  NULL
06-06 22:07:23.981  4906  5126 D GStreamer+GST_SCHEDULING: 0:02:27.812225464 0xe900d1b0 gstpad.c:4199:gst_pad_chain_data_unchecked:<mpegaudioparse0:sink> called chainfunction &gst_base_parse_chain with buffer 0xe92fa028, returned flushing
06-06 22:07:23.981  4906  5116 I GStreamer+GST_STATES: 0:02:27.812232131 0xe93d1d00 gstbin.c:2892:gst_bin_change_state_func:<glimagesinkbin1> child 'sink' changed state to 1(NULL) successfully
06-06 22:07:23.981  4906  5126 D GStreamer+GST_SCHEDULING: 0:02:27.812255308 0xe900d1b0 gstpad.c:4199:gst_pad_chain_data_unchecked:<typefind:sink> called chainfunction &gst_type_find_element_chain with buffer 0xe92fa028, returned flushing
06-06 22:07:23.981  4906  5116 D GStreamer+bin: 0:02:27.812261401 0xe93d1d00 gstbin.c:2310:gst_bin_sort_iterator_next:<glimagesinkbin1> queue head gives glcolorbalance1
06-06 22:07:23.981  4906  5126 D GStreamer+GST_SCHEDULING: 0:02:27.812283589 0xe900d1b0 gstpad.c:4199:gst_pad_chain_data_unchecked:<decodebin2:sink> called chainfunction &gst_proxy_pad_chain_default with buffer 0xe92fa028, returned flushing
06-06 22:07:23.981  4906  5116 D GStreamer+bin: 0:02:27.812284110 0xe93d1d00 gstbin.c:911:find_message:<glimagesinkbin1> no message found matching types 00001000
06-06 22:07:23.981  4906  5126 D GStreamer+GST_PADS: 0:02:27.812310776 0xe900d1b0 gstpad.c:6034:gst_pad_pause_task:<queue4:src> pause task
06-06 22:07:23.981  4906  5116 D GStreamer+bin: 0:02:27.812323849 0xe93d1d00 gstbin.c:918:find_message:<glimagesinkbin1>   structure-change
06-06 22:07:23.981  4906  5126 D GStreamer+task: 0:02:27.812329162 0xe900d1b0 gsttask.c:684:gst_task_set_state:<queue4:src> Changing task 0xe92f6370 to state 2
06-06 22:07:23.981  4906  5116 D GStreamer+bin: 0:02:27.812345829 0xe93d1d00 gstbin.c:2226:update_degree:<glimagesinkbin1> change element glcolorconvertelement1, degree 1->0, linked to glcolorbalance1
06-06 22:07:23.981  4906  5126 D GStreamer+GST_MEMORY: 0:02:27.812355464 0xe900d1b0 gstmemory.c:87:_gst_memory_free free memory 0xe952d438
06-06 22:07:23.981  4906  5116 D GStreamer+bin: 0:02:27.812372860 0xe93d1d00 gstbin.c:2109:add_to_queue:<glimagesinkbin1> adding 'glcolorconvertelement1' to queue
06-06 22:07:23.981  4906  5126 D GStreamer+GST_MEMORY: 0:02:27.812376922 0xe900d1b0 gstmemory.c:87:_gst_memory_free free memory 0xe952d520
06-06 22:07:23.981  4906  5126 D GStreamer+GST_MEMORY: 0:02:27.812398172 0xe900d1b0 gstmemory.c:87:_gst_memory_free free memory 0xe952d608
06-06 22:07:23.981  4906  5116 I GStreamer+GST_STATES: 0:02:27.812398120 0xe93d1d00 gstbin.c:2444:gst_bin_element_set_state:<glcolorbalance1> current NULL pending VOID_PENDING, desired next NULL
