06-06 22:07:23.916  4906  5126 D GStreamer+GST_ELEMENT_FACTORY: 0:02:27.747100672 0xe900d1b0 gstelementfactory.c:851:gst_element_factory_list_filter Trying amcauddec-omxgoogleaacdecoder
06-06 22:07:23.916  4906  5126 D GStreamer+GST_ELEMENT_FACTORY: 0:02:27.747125152 0xe900d1b0 gstelementfactory.c:851:gst_element_factory_list_filter Trying amcauddec-omxgoogleamrnbdecoder
06-06 22:07:23.916  4906  5126 D GStreamer+GST_ELEMENT_FACTORY: 0:02:27.747148745 0xe900d1b0 gstelementfactory.c:851:gst_element_factory_list_filter Trying amcauddec-omxgoogleamrwbdecoder
06-06 22:07:23.916  4906  5127 D GStreamer+basetransform: 0:02:27.747046037 0xe900d230 gstbasetransform.c:560:gst_base_transform_transform_caps:<capsfilter1> to: video/x-h264, parsed=(boolean)true, stream-format=(string)byte-stream, alignment=(string)au, width=(int)[ 16, 4096 ], height=(int)[ 16, 4096 ], framerate=(fraction)[ 0/1, 2147483647/1 ], profile=(string)high; video/x-h264, parsed=(boolean)true, stream-format=(string)byte-stream, alignment=(string)au, width=(int)[ 16, 4096 ], height=(int)[ 16, 4096 ], framerate=(fraction)[ 0/1, 2147483647/1 ], profile=(string)main; video/x-h264, parsed=(boolean)true, stream-format=(string)byte-stream, alignment=(string)au, width=(int)[ 16, 4096 ], height=(int)[ 16, 4096 ], framerate=(fraction)[ 0/1, 2147483647/1 ], profile=(string)baseline; video/x-h264, parsed=(boolean)true, stream-format=(string)byte-stream, alignment=(string)au, width=(int)[ 16, 4096 ], height=(int)[ 16, 4096 ], framerate=(fraction)[ 0/1, 2147483647/1 ], profile=(string)constrained-baseline; video/x-h264, parsed=(boolean)true, stream-format=(string)byte-
06-06 22:07:23.916  4906  5126 D GStreamer+GST_ELEMENT_FACTORY: 0:02:27.747177547 0xe900d1b0 gstelementfactory.c:851:gst_element_factory_list_filter Trying amcauddec-omxgooglemp3decoder
06-06 22:07:23.916  4906  5126 D GStreamer+GST_ELEMENT_FACTORY: 0:02:27.747204006 0xe900d1b0 gstelementfactory.c:851:gst_element_factory_list_filter Trying amcauddec-omxgoogleopusdecoder
06-06 22:07:23.916  4906  5126 D GStreamer+GST_ELEMENT_FACTORY: 0:02:27.747226349 0xe900d1b0 gstelementfactory.c:851:gst_element_factory_list_filter Trying amcviddec-omxnvidiah263decode
06-06 22:07:23.916  4906  5126 D GStreamer+GST_ELEMENT_FACTORY: 0:02:27.747249683 0xe900d1b0 gstelementfactory.c:851:gst_element_factory_list_filter Trying amcviddec-omxnvidiah264decode
06-06 22:07:23.916  4906  5126 D GStreamer+GST_ELEMENT_FACTORY: 0:02:27.747273433 0xe900d1b0 gstelementfactory.c:851:gst_element_factory_list_filter Trying amcviddec-omxnvidiah265decode
06-06 22:07:23.916  4906  5127 D GStreamer+basetransform: 0:02:27.747178381 0xe900d230 gstbasetransform.c:759:gst_base_transform_query_caps:<capsfilter1:sink> transformed  video/x-h264, parsed=(boolean)true, stream-format=(string)byte-stream, alignment=(string)au, width=(int)[ 16, 4096 ], height=(int)[ 16, 4096 ], framerate=(fraction)[ 0/1, 2147483647/1 ], profile=(string)high; video/x-h264, parsed=(boolean)true, stream-format=(string)byte-stream, alignment=(string)au, width=(int)[ 16, 4096 ], height=(int)[ 16, 4096 ], framerate=(fraction)[ 0/1, 2147483647/1 ], profile=(string)main; video/x-h264, parsed=(boolean)true, stream-format=(string)byte-stream, alignment=(string)au, width=(int)[ 16, 4096 ], height=(int)[ 16, 4096 ], framerate=(fraction)[ 0/1, 2147483647/1 ], profile=(string)baseline; video/x-h264, parsed=(boolean)true, stream-format=(string)byte-stream, alignment=(string)au, width=(int)[ 16, 4096 ], height=(int)[ 16, 4096 ], framerate=(fraction)[ 0/1, 2147483647/1 ], profile=(string)constrained-baseline; video/x-h264, parsed=(boolean)true, stream-format=(st
06-06 22:07:23.916  4906  5126 D GStreamer+GST_ELEMENT_FACTORY: 0:02:27.747298902 0xe900d1b0 gstelementfactory.c:851:gst_element_factory_list_filter Trying amcviddec-omxnvidiamp4decode
06-06 22:07:23.916  4906  5127 D GStreamer+basetransform: 0:02:27.747308954 0xe900d230 gstbasetransform.c:766:gst_base_transform_query_caps:<capsfilter1:sink> our template  ANY
06-06 22:07:23.916  4906  5126 D GStreamer+GST_ELEMENT_FACTORY: 0:02:27.747316766 0xe900d1b0 gstelementfactory.c:851:gst_element_factory_list_filter Trying amcviddec-omxnvidiavp8decode
06-06 22:07:23.916  4906  5126 D GStreamer+GST_ELEMENT_FACTORY: 0:02:27.747334474 0xe900d1b0 gstelementfactory.c:851:gst_element_factory_list_filter Trying amcviddec-omxnvidiavp9decode
06-06 22:07:23.916  4906  5126 D GStreamer+GST_ELEMENT_FACTORY: 0:02:27.747358954 0xe900d1b0 gstelementfactory.c:851:gst_element_factory_list_filter Trying apedemux
06-06 22:07:23.916  4906  5126 D GStreamer+GST_ELEMENT_FACTORY: 0:02:27.747380516 0xe900d1b0 gstelementfactory.c:851:gst_element_factory_list_filter Trying avidemux
06-06 22:07:23.916  4906  5126 D GStreamer+GST_ELEMENT_FACTORY: 0:02:27.747405047 0xe900d1b0 gstelementfactory.c:851:gst_element_factory_list_filter Trying dashdemux
06-06 22:07:23.916  4906  5126 D GStreamer+GST_ELEMENT_FACTORY: 0:02:27.747439735 0xe900d1b0 gstelementfactory.c:851:gst_element_factory_list_filter Trying dvdemux
06-06 22:07:23.916  4906  5127 D GStreamer+basetransform: 0:02:27.747330724 0xe900d230 gstbasetransform.c:769:gst_base_transform_query_caps:<capsfilter1:sink> intersected video/x-h264, parsed=(boolean)true, stream-format=(string)byte-stream, alignment=(string)au, width=(int)[ 16, 4096 ], height=(int)[ 16, 4096 ], framerate=(fraction)[ 0/1, 2147483647/1 ], profile=(string)high; video/x-h264, parsed=(boolean)true, stream-format=(string)byte-stream, alignment=(string)au, width=(int)[ 16, 4096 ], height=(int)[ 16, 4096 ], framerate=(fraction)[ 0/1, 2147483647/1 ], profile=(string)main; video/x-h264, parsed=(boolean)true, stream-format=(string)byte-stream, alignment=(string)au, width=(int)[ 16, 4096 ], height=(int)[ 16, 4096 ], framerate=(fraction)[ 0/1, 2147483647/1 ], profile=(string)baseline; video/x-h264, parsed=(boolean)true, stream-format=(string)byte-stream, alignment=(string)au, width=(int)[ 16, 4096 ], height=(int)[ 16, 4096 ], framerate=(fraction)[ 0/1, 2147483647/1 ], profile=(string)constrained-baseline; video/x-h264, parsed=(boolean)true, stream-format=(str
06-06 22:07:23.916  4906  5126 D GStreamer+GST_ELEMENT_FACTORY: 0:02:27.747486766 0xe900d1b0 gstelementfactory.c:851:gst_element_factory_list_filter Trying flacdec
06-06 22:07:23.916  4906  5128 D GStreamer+qtdemux: 0:02:27.747444891 0xe900d290 qtdemux.c:5512:gst_qtdemux_loop_state_movie:<q> pushing from stream 1, empty 0 offset 473883, size 144, dts=0:00:00.504000000, pts=0:00:00.504000000, duration 0:00:00.024000000
06-06 22:07:23.916  4906  5126 D GStreamer+GST_ELEMENT_FACTORY: 0:02:27.747507339 0xe900d1b0 gstelementfactory.c:851:gst_element_factory_list_filter Trying flvdemux
06-06 22:07:23.916  4906  5126 D GStreamer+GST_ELEMENT_FACTORY: 0:02:27.747535204 0xe900d1b0 gstelementfactory.c:851:gst_element_factory_list_filter Trying flxdec
06-06 22:07:23.916  4906  5128 D GStreamer+basesrc: 0:02:27.747523537 0xe900d290 gstbasesrc.c:2354:gst_base_src_update_length:<filesrc1> reading offset 473883, length 144, size 15003960, segment.stop -1, maxsize 15003960
06-06 22:07:23.916  4906  5126 D GStreamer+GST_ELEMENT_FACTORY: 0:02:27.747562391 0xe900d1b0 gstelementfactory.c:851:gst_element_factory_list_filter Trying hlsdemux
06-06 22:07:23.917  4906  5128 D GStreamer+basesrc: 0:02:27.747563433 0xe900d290 gstbasesrc.c:2455:gst_base_src_get_range:<filesrc1> calling create offset 473883 length 144, time 0
06-06 22:07:23.917  4906  5126 D GStreamer+GST_ELEMENT_FACTORY: 0:02:27.747592652 0xe900d1b0 gstelementfactory.c:851:gst_element_factory_list_filter Trying icydemux
06-06 22:07:23.917  4906  5128 D GStreamer+GST_MEMORY: 0:02:27.747615620 0xe900d290 gstmemory.c:138:gst_memory_init new memory 0xe9528c88, maxsize:147 offset:0 size:144
06-06 22:07:23.917  4906  5126 D GStreamer+GST_ELEMENT_FACTORY: 0:02:27.747613485 0xe900d1b0 gstelementfactory.c:851:gst_element_factory_list_filter Trying id3demux
06-06 22:07:23.917  4906  5126 D GStreamer+GST_ELEMENT_FACTORY: 0:02:27.747654683 0xe900d1b0 gstelementfactory.c:851:gst_element_factory_list_filter Trying jpegdec
06-06 22:07:23.917  4906  5128 D GStreamer+basesrc: 0:02:27.747659422 0xe900d290 gstbasesrc.c:2309:gst_base_src_do_sync:<filesrc1> we have no clock
06-06 22:07:23.917  4906  5127 D GStreamer+basetransform: 0:02:27.747496558 0xe900d230 gstbasetransform.c:793:gst_base_transform_query_caps:<capsfilter1> returning  video/x-h264, parsed=(boolean)true, stream-format=(string)byte-stream, alignment=(string)au, width=(int)[ 16, 4096 ], height=(int)[ 16, 4096 ], framerate=(fraction)[ 0/1, 2147483647/1 ], profile=(string)high; video/x-h264, parsed=(boolean)true, stream-format=(string)byte-stream, alignment=(string)au, width=(int)[ 16, 4096 ], height=(int)[ 16, 4096 ], framerate=(fraction)[ 0/1, 2147483647/1 ], profile=(string)main; video/x-h264, parsed=(boolean)true, stream-format=(string)byte-stream, alignment=(string)au, width=(int)[ 16, 4096 ], height=(int)[ 16, 4096 ], framerate=(fraction)[ 0/1, 2147483647/1 ], profile=(string)baseline; video/x-h264, parsed=(boolean)true, stream-format=(string)byte-stream, alignment=(string)au, width=(int)[ 16, 4096 ], height=(int)[ 16, 4096 ], framerate=(fraction)[ 0/1, 2147483647/1 ], profile=(string)constrained-baseline; video/x-h264, parsed=(boolean)true, stream-format=(string)by
06-06 22:07:23.917  4906  5128 D GStreamer+basesrc: 0:02:27.747696037 0xe900d290 gstbasesrc.c:2519:gst_base_src_get_range:<filesrc1> buffer ok
06-06 22:07:23.917  4906  5126 D GStreamer+GST_ELEMENT_FACTORY: 0:02:27.747693224 0xe900d1b0 gstelementfactory.c:851:gst_element_factory_list_filter Trying katedec
06-06 22:07:23.917  4906  5126 D GStreamer+GST_ELEMENT_FACTORY: 0:02:27.747723329 0xe900d1b0 gstelementfactory.c:851:gst_element_factory_list_filter Trying matroskademux
06-06 22:07:23.917  4906  5126 D GStreamer+GST_ELEMENT_FACTORY: 0:02:27.747758589 0xe900d1b0 gstelementfactory.c:851:gst_element_factory_list_filter Trying midiparse
06-06 22:07:23.917  4906  5127 D GStreamer+GST_PADS: 0:02:27.747754266 0xe900d230 gstpad.c:3945:gst_pad_query:<capsfilter1:sink> sent query 0xe92fd550 (caps), result 1
06-06 22:07:23.917  4906  5126 D GStreamer+GST_ELEMENT_FACTORY: 0:02:27.747785933 0xe900d1b0 gstelementfactory.c:851:gst_element_factory_list_filter Trying mssdemux
06-06 22:07:23.917  4906  5128 D GStreamer+GST_SCHEDULING: 0:02:27.747726714 0xe900d290 gstpad.c:4193:gst_pad_chain_data_unchecked:<queue4:sink> calling chainfunction &gst_queue_chain with buffer buffer: 0xe93a55c0, pts 0:00:00.504000000, dts 0:00:00.504000000, dur 0:00:00.024000000, size 144, offset none, offset_end none, flags 0x0
06-06 22:07:23.917  4906  5126 D GStreamer+GST_ELEMENT_FACTORY: 0:02:27.747806558 0xe900d1b0 gstelementfactory.c:851:gst_element_factory_list_filter Trying mulawdec
06-06 22:07:23.917  4906  5128 D GStreamer+GST_SCHEDULING: 0:02:27.747824266 0xe900d290 gstpad.c:4199:gst_pad_chain_data_unchecked:<queue4:sink> called chainfunction &gst_queue_chain with buffer 0xe93a55c0, returned ok
06-06 22:07:23.917  4906  5126 D GStreamer+GST_ELEMENT_FACTORY: 0:02:27.747833433 0xe900d1b0 gstelementfactory.c:851:gst_element_factory_list_filter Trying multipartdemux
06-06 22:07:23.917  4906  5128 D GStreamer+qtdemux: 0:02:27.747871870 0xe900d290 qtdemux.c:8014:qtdemux_parse_samples:<q> parsing up to sample 22
06-06 22:07:23.917  4906  5126 D GStreamer+GST_ELEMENT_FACTORY: 0:02:27.747877391 0xe900d1b0 gstelementfactory.c:851:gst_element_factory_list_filter Trying mxfdemux
06-06 22:07:23.917  4906  5126 D GStreamer+GST_ELEMENT_FACTORY: 0:02:27.747900152 0xe900d1b0 gstelementfactory.c:851:gst_element_factory_list_filter Trying oggdemux
06-06 22:07:23.917  4906  5128 D GStreamer+qtdemux: 0:02:27.747900464 0xe900d290 qtdemux.c:8221:qtdemux_parse_samples:<q> sample 22: index 22, timestamp 0:00:00.528000000
06-06 22:07:23.917  4906  5126 D GStreamer+GST_ELEMENT_FACTORY: 0:02:27.747926454 0xe900d1b0 gstelementfactory.c:851:gst_element_factory_list_filter Trying ogmaudioparse
06-06 22:07:23.917  4906  5128 D GStreamer+qtdemux: 0:02:27.747938537 0xe900d290 qtdemux.c:8321:qtdemux_parse_samples:<q> setting all keyframes
06-06 22:07:23.917  4906  5127 D GStreamer+GST_CAPS: 0:02:27.747806089 0xe900d230 gstpad.c:2770:gst_pad_get_allowed_caps:<h264parse1:src> allowed caps video/x-h264, parsed=(boolean)true, stream-format=(string)byte-stream, alignment=(string)au, width=(int)[ 16, 4096 ], height=(int)[ 16, 4096 ], framerate=(fraction)[ 0/1, 2147483647/1 ], profile=(string)high; video/x-h264, parsed=(boolean)true, stream-format=(string)byte-stream, alignment=(string)au, width=(int)[ 16, 4096 ], height=(int)[ 16, 4096 ], framerate=(fraction)[ 0/1, 2147483647/1 ], profile=(string)main; video/x-h264, parsed=(boolean)true, stream-format=(string)byte-stream, alignment=(string)au, width=(int)[ 16, 4096 ], height=(int)[ 16, 4096 ], framerate=(fraction)[ 0/1, 2147483647/1 ], profile=(string)baseline; video/x-h264, parsed=(boolean)true, stream-format=(string)byte-stream, alignment=(string)au, width=(int)[ 16, 4096 ], height=(int)[ 16, 4096 ], framerate=(fraction)[ 0/1, 2147483647/1 ], profile=(string)constrained-baseline; video/x-h264, parsed=(boolean)true, stream-format=(string)byte-stream
06-06 22:07:23.917  4906  5126 D GStreamer+GST_ELEMENT_FACTORY: 0:02:27.747947652 0xe900d1b0 gstelementfactory.c:851:gst_element_factory_list_filter Trying ogmtextparse
06-06 22:07:23.917  4906  5126 D GStreamer+GST_ELEMENT_FACTORY: 0:02:27.747993068 0xe900d1b0 gstelementfactory.c:851:gst_element_factory_list_filter Trying ogmvideoparse
06-06 22:07:23.917  4906  5128 D GStreamer+qtdemux: 0:02:27.747976818 0xe900d290 qtdemux.c:5512:gst_qtdemux_loop_state_movie:<q> pushing from stream 0, empty 0 offset 430637, size 43246, dts=0:00:00.199000000, pts=0:00:00.199000000, duration 0:00:00.019666666
06-06 22:07:23.917  4906  5126 D GStreamer+GST_ELEMENT_FACTORY: 0:02:27.748017339 0xe900d1b0 gstelementfactory.c:851:gst_element_factory_list_filter Trying openjpegdec
06-06 22:07:23.917  4906  5126 D GStreamer+GST_ELEMENT_FACTORY: 0:02:27.748055881 0xe900d1b0 gstelementfactory.c:851:gst_element_factory_list_filter Trying opusdec
06-06 22:07:23.917  4906  5128 D GStreamer+basesrc: 0:02:27.748041193 0xe900d290 gstbasesrc.c:2354:gst_base_src_update_length:<filesrc1> reading offset 430637, length 43246, size 15003960, segment.stop -1, maxsize 15003960
06-06 22:07:23.917  4906  5126 D GStreamer+GST_ELEMENT_FACTORY: 0:02:27.748078485 0xe900d1b0 gstelementfactory.c:851:gst_element_factory_list_filter Trying pngdec
06-06 22:07:23.917  4906  5128 D GStreamer+basesrc: 0:02:27.748081662 0xe900d290 gstbasesrc.c:2455:gst_base_src_get_range:<filesrc1> calling create offset 430637 length 43246, time 0
06-06 22:07:23.917  4906  5126 D GStreamer+GST_ELEMENT_FACTORY: 0:02:27.748099474 0xe900d1b0 gstelementfactory.c:851:gst_element_factory_list_filter Trying pnmdec
06-06 22:07:23.917  4906  5127 D GStreamer+h264parse: 0:02:27.747989318 0xe900d230 gsth264parse.c:366:gst_h264_parse_negotiate:<h264parse1> allowed caps: video/x-h264, parsed=(boolean)true, stream-format=(string)byte-stream, alignment=(string)au, width=(int)[ 16, 4096 ], height=(int)[ 16, 4096 ], framerate=(fraction)[ 0/1, 2147483647/1 ], profile=(string)high; video/x-h264, parsed=(boolean)true, stream-format=(string)byte-stream, alignment=(string)au, width=(int)[ 16, 4096 ], height=(int)[ 16, 4096 ], framerate=(fraction)[ 0/1, 2147483647/1 ], profile=(string)main; video/x-h264, parsed=(boolean)true, stream-format=(string)byte-stream, alignment=(string)au, width=(int)[ 16, 4096 ], height=(int)[ 16, 4096 ], framerate=(fraction)[ 0/1, 2147483647/1 ], profile=(string)baseline; video/x-h264, parsed=(boolean)true, stream-format=(string)byte-stream, alignment=(string)au, width=(int)[ 16, 4096 ], height=(int)[ 16, 4096 ], framerate=(fraction)[ 0/1, 2147483647/1 ], profile=(string)constrained-baseline; video/x-h264, parsed=(boolean)true, stream-format=(string)byte-stre
06-06 22:07:23.917  4906  5128 D GStreamer+GST_MEMORY: 0:02:27.748119058 0xe900d290 gstmemory.c:138:gst_memory_init new memory 0xe93e3fb8, maxsize:43249 offset:0 size:43246
06-06 22:07:23.917  4906  5126 D GStreamer+GST_ELEMENT_FACTORY: 0:02:27.748122547 0xe900d1b0 gstelementfactory.c:851:gst_element_factory_list_filter Trying qtdemux
06-06 22:07:23.917  4906  5126 D GStreamer+GST_ELEMENT_FACTORY: 0:02:27.748169110 0xe900d1b0 gstelementfactory.c:851:gst_element_factory_list_filter Trying rsvgdec
06-06 22:07:23.917  4906  5128 D GStreamer+basesrc: 0:02:27.748188224 0xe900d290 gstbasesrc.c:2309:gst_base_src_do_sync:<filesrc1> we have no clock
06-06 22:07:23.917  4906  5126 D GStreamer+GST_ELEMENT_FACTORY: 0:02:27.748196662 0xe900d1b0 gstelementfactory.c:851:gst_element_factory_list_filter Trying rtpopusdepay
06-06 22:07:23.917  4906  5128 D GStreamer+basesrc: 0:02:27.748211922 0xe900d290 gstbasesrc.c:2519:gst_base_src_get_range:<filesrc1> buffer ok
06-06 22:07:23.917  4906  5127 D GStreamer+h264parse: 0:02:27.748181714 0xe900d230 gsth264parse.c:373:gst_h264_parse_negotiate:<h264parse1> negotiating with caps: video/x-h264, parsed=(boolean)true, stream-format=(string)byte-stream, alignment=(string)au, width=(int)[ 16, 4096 ], height=(int)[ 16, 4096 ], framerate=(fraction)[ 0/1, 2147483647/1 ], profile=(string)high
06-06 22:07:23.917  4906  5126 D GStreamer+GST_ELEMENT_FACTORY: 0:02:27.748223224 0xe900d1b0 gstelementfactory.c:851:gst_element_factory_list_filter Trying schrodec
06-06 22:07:23.917  4906  5126 D GStreamer+GST_ELEMENT_FACTORY: 0:02:27.748246141 0xe900d1b0 gstelementfactory.c:851:gst_element_factory_list_filter Trying speexdec
06-06 22:07:23.917  4906  5127 D GStreamer+h264parse: 0:02:27.748250464 0xe900d230 gsth264parse.c:326:gst_h264_parse_format_from_caps parsing caps: video/x-h264, parsed=(boolean)true, stream-format=(string)byte-stream, alignment=(string)au, width=(int)16, height=(int)16, framerate=(fraction)0/1, profile=(string)high
06-06 22:07:23.917  4906  5128 D GStreamer+GST_SCHEDULING: 0:02:27.748235881 0xe900d290 gstpad.c:4193:gst_pad_chain_data_unchecked:<queue2:sink> calling chainfunction &gst_queue_chain with buffer buffer: 0xe957ea28, pts 0:00:00.199000000, dts 0:00:00.199000000, dur 0:00:00.019666666, size 43246, offset none, offset_end none, flags 0x0
06-06 22:07:23.917  4906  5126 D GStreamer+GST_ELEMENT_FACTORY: 0:02:27.748281297 0xe900d1b0 gstelementfactory.c:851:gst_element_factory_list_filter Trying theoradec
06-06 22:07:23.917  4906  5126 D GStreamer+GST_ELEMENT_FACTORY: 0:02:27.748315881 0xe900d1b0 gstelementfactory.c:851:gst_element_factory_list_filter Trying vorbisdec
06-06 22:07:23.917  4906  5126 D GStreamer+GST_ELEMENT_FACTORY: 0:02:27.748344266 0xe900d1b0 gstelementfactory.c:851:gst_element_factory_list_filter Trying vp8dec
06-06 22:07:23.917  4906  5127 D GStreamer+h264parse: 0:02:27.748312131 0xe900d230 gsth264parse.c:404:gst_h264_parse_negotiate:<h264parse1> selected format byte-stream, alignment au
06-06 22:07:23.917  4906  5128 D GStreamer+GST_SCHEDULING: 0:02:27.748314370 0xe900d290 gstpad.c:4199:gst_pad_chain_data_unchecked:<queue2:sink> called chainfunction &gst_queue_chain with buffer 0xe957ea28, returned ok
06-06 22:07:23.917  4906  5126 D GStreamer+GST_ELEMENT_FACTORY: 0:02:27.748364162 0xe900d1b0 gstelementfactory.c:851:gst_element_factory_list_filter Trying vp9dec
06-06 22:07:23.917  4906  5128 D GStreamer+qtdemux: 0:02:27.748371245 0xe900d290 qtdemux.c:8014:qtdemux_parse_samples:<q> parsing up to sample 10
06-06 22:07:23.917  4906  5127 D GStreamer+baseparse: 0:02:27.748375464 0xe900d230 gstbaseparse.c:1486:gst_base_parse_sink_event_default:<h264parse1> event handled
06-06 22:07:23.917  4906  5126 D GStreamer+GST_ELEMENT_FACTORY: 0:02:27.748388902 0xe900d1b0 gstelementfactory.c:851:gst_element_factory_list_filter Trying wavpackdec
06-06 22:07:23.917  4906  5127 D GStreamer+GST_PADS: 0:02:27.748402964 0xe900d230 gstpad.c:5609:gst_pad_send_event_unchecked:<h264parse1:sink> sent event, ret ok
06-06 22:07:23.917  4906  5126 D GStreamer+GST_ELEMENT_FACTORY: 0:02:27.748406870 0xe900d1b0 gstelementfactory.c:851:gst_element_factory_list_filter Trying wavparse
06-06 22:07:23.917  4906  5128 D GStreamer+qtdemux: 0:02:27.748404995 0xe900d290 qtdemux.c:8221:qtdemux_parse_samples:<q> sample 10: index 0, timestamp 0:00:00.218666666
06-06 22:07:23.917  4906  5127 D GStreamer+GST_PADS: 0:02:27.748447599 0xe900d230 gstpad.c:3805:push_sticky:<typefind:src> event caps marked received
06-06 22:07:23.917  4906  5126 D GStreamer+GST_ELEMENT_FACTORY: 0:02:27.748453068 0xe900d1b0 gstelementfactory.c:851:gst_element_factory_list_filter Trying amcviddec-omxgoogleh263decoder
06-06 22:07:23.917  4906  5128 D GStreamer+qtdemux: 0:02:27.748463016 0xe900d290 qtdemux.c:8276:qtdemux_parse_samples:<q> samples at 10 is keyframe
06-06 22:07:23.917  4906  5126 D GStreamer+GST_ELEMENT_FACTORY: 0:02:27.748481193 0xe900d1b0 gstelementfactory.c:851:gst_element_factory_list_filter Trying amcviddec-omxgoogleh264decoder
06-06 22:07:23.917  4906  5126 D GStreamer+GST_ELEMENT_FACTORY: 0:02:27.748509162 0xe900d1b0 gstelementfactory.c:851:gst_element_factory_list_filter Trying amcviddec-omxgooglehevcdecoder
06-06 22:07:23.917  4906  5128 D GStreamer+qtdemux: 0:02:27.748490464 0xe900d290 qtdemux.c:5512:gst_qtdemux_loop_state_movie:<q> pushing from stream 1, empty 0 offset 517250, size 144, dts=0:00:00.528000000, pts=0:00:00.528000000, duration 0:00:00.024000000
06-06 22:07:23.917  4906  5126 D GStreamer+GST_ELEMENT_FACTORY: 0:02:27.748528589 0xe900d1b0 gstelementfactory.c:851:gst_element_factory_list_filter Trying amcviddec-omxgooglempeg4decoder
06-06 22:07:23.927  4906  5126 D GStreamer+GST_EVENT: 0:02:27.757603172 0xe900d1b0 gstpad.c:5536:gst_pad_send_event_unchecked:<filesrc1:src> have event type reconfigure event: 0xe95769a0, time 99:99:99.999999999, seq-num 655, (NULL)
06-06 22:07:23.927  4906  5127 D GStreamer+basetransform: 0:02:27.757520568 0xe900d230 gstbasetransform.c:769:gst_base_transform_query_caps:<capsfilter1:sink> intersected video/x-h264, parsed=(boolean)true, stream-format=(string)byte-stream, alignment=(string)au, width=(int)[ 16, 4096 ], height=(int)[ 16, 4096 ], framerate=(fraction)[ 0/1, 2147483647/1 ], profile=(string)high; video/x-h264, parsed=(boolean)true, stream-format=(string)byte-stream, alignment=(string)au, width=(int)[ 16, 4096 ], height=(int)[ 16, 4096 ], framerate=(fraction)[ 0/1, 2147483647/1 ], profile=(string)main; video/x-h264, parsed=(boolean)true, stream-format=(string)byte-stream, alignment=(string)au, width=(int)[ 16, 4096 ], height=(int)[ 16, 4096 ], framerate=(fraction)[ 0/1, 2147483647/1 ], profile=(string)baseline; video/x-h264, parsed=(boolean)true, stream-format=(string)byte-stream, alignment=(string)au, width=(int)[ 16, 4096 ], height=(int)[ 16, 4096 ], framerate=(fraction)[ 0/1, 2147483647/1 ], profile=(string)constrained-baseline; video/x-h264, parsed=(boolean)true, stream-format=(str
06-06 22:07:23.933  4906  5127 D GStreamer+basesrc: 0:02:27.763967860 0xe900d230 gstbasesrc.c:1986:gst_base_src_default_event:<filesrc1> handle event reconfigure event: 0xe93c8618, time 99:99:99.999999999, seq-num 662, (NULL)
06-06 22:07:23.933  4906  5128 D GStreamer+GST_SCHEDULING: 0:02:27.763977599 0xe900d290 gstpad.c:4193:gst_pad_chain_data_unchecked:<queue2:sink> calling chainfunction &gst_queue_chain with buffer buffer: 0xe91f9840, pts 0:00:00.517000000, dts 0:00:00.517000000, dur 0:00:00.020000000, size 41943, offset none, offset_end none, flags 0x0
06-06 22:07:23.933  4906  5127 D GStreamer+GST_PADS: 0:02:27.764027391 0xe900d230 gstpad.c:5609:gst_pad_send_event_unchecked:<filesrc1:src> sent event, ret ok
06-06 22:07:23.933  4906  5127 D GStreamer+bin: 0:02:27.764382808 0xe900d230 gstbin.c:3654:gst_bin_handle_message_func:<forhwgl> [msg 0xe92f7b70] handling child proxypad7 message of type structure-change
06-06 22:07:23.935  4906  5127 D GStreamer+GST_ELEMENT_FACTORY: 0:02:27.766213016 0xe900d230 gstelementfactory.c:851:gst_element_factory_list_filter Trying ogmtextparse
06-06 22:07:23.939  4906  5127 D GStreamer+decodebin: 0:02:27.770482339 0xe900d230 gstdecodebin2.c:5492:gst_decode_bin_handle_message:<forhwgl> Forwarding msg structure-change message: 0xe92f7858, time 99:99:99.999999999, seq-num 673, element 'proxypad7', GstMessageStructureChange, type=(GstStructureChangeType)GST_STRUCTURE_CHANGE_TYPE_PAD_LINK, owner=(GstElement)"\(GstCapsFilter\)\ capsfilter1", busy=(boolean)false;
06-06 22:07:23.944  4906  5116 D GStreamer+bin: 0:02:27.774693693 0xe93d1d00 gstbin.c:2226:update_degree:<pipeline1> change element filesrc1, degree 0->1, linked to q
06-06 22:07:23.945  4906  5116 D GStreamer+bin: 0:02:27.775990881 0xe93d1d00 gstbin.c:3654:gst_bin_handle_message_func:<autoaudiosink0> [msg 0xe92ef6d0] handling child autoaudiosink0-actual-sink-opensles message of type clock-lost
06-06 22:07:23.945  4906  5127 D GStreamer+GST_PADS: 0:02:27.775995620 0xe900d230 gstpad.c:3853:check_sticky:<sink:proxypad3> pushing all sticky events
06-06 22:07:23.945  4906  5127 D GStreamer+GST_PADS: 0:02:27.776021454 0xe900d230 gstpad.c:3785:push_sticky:<sink:proxypad3> event stream-start was already received
06-06 22:07:23.945  4906  5116 D GStreamer+bin: 0:02:27.776024318 0xe93d1d00 gstbin.c:3811:gst_bin_handle_message_func:<autoaudiosink0> provided 0, playing 0, forward 0
06-06 22:07:23.945  4906  5127 D GStreamer+GST_PADS: 0:02:27.776045204 0xe900d230 gstpad.c:3785:push_sticky:<sink:proxypad3> event caps was already received
06-06 22:07:23.945  4906  5116 D GStreamer+GST_BUS: 0:02:27.776062495 0xe93d1d00 gstbus.c:344:gst_bus_post:<bus7> [msg 0xe92ef6d0] dropped
06-06 22:07:23.945  4906  5116 D GStreamer+ringbuffer: 0:02:27.776091193 0xe93d1d00 gstaudioringbuffer.c:991:gst_audio_ring_buffer_pause_unlocked:<openslesringbuffer0> pausing ringbuffer
06-06 22:07:23.945  4906  5116 D GStreamer+ringbuffer: 0:02:27.776113849 0xe93d1d00 gstaudioringbuffer.c:1020:gst_audio_ring_buffer_pause_unlocked:<openslesringbuffer0> was not started
06-06 22:07:23.945  4906  5116 D GStreamer+GST_ELEMENT_PADS: 0:02:27.776133433 0xe93d1d00 gstelement.c:2795:gst_element_pads_activate:<autoaudiosink0-actual-sink-opensles> deactivate pads
06-06 22:07:23.945  4906  5127 D GStreamer+GST_EVENT: 0:02:27.776067131 0xe900d230 gstpad.c:5536:gst_pad_send_event_unchecked:<typefind:sink> have event type segment event: 0xe9305670, time 99:99:99.999999999, seq-num 633, GstEventSegment, segment=(GstSegment)"GstSegment, flags=(GstSegmentFlags)GST_SEGMENT_FLAG_NONE, rate=(double)1, applied-rate=(double)1, format=(GstFormat)GST_FORMAT_TIME, base=(guint64)311000000, offset=(guint64)0, start=(guint64)0, stop=(guint64)7199000000, time=(guint64)311000000, position=(guint64)0, duration=(guint64)18446744073709551615;";
06-06 22:07:23.945  4906  5116 D GStreamer+GST_PADS: 0:02:27.776165516 0xe93d1d00 gstpad.c:1078:gst_pad_set_active:<autoaudiosink0-actual-sink-opensles:sink> deactivating pad from push mode
06-06 22:07:23.945  4906  5127 D GStreamer+typefind: 0:02:27.776180152 0xe900d230 gsttypefindelement.c:665:gst_type_find_element_sink_event:<typefind> got segment event in mode 0
06-06 22:07:23.945  4906  5116 D GStreamer+GST_PADS: 0:02:27.776189058 0xe93d1d00 gstpad.c:967:pre_activate:<autoaudiosink0-actual-sink-opensles:sink> setting PAD_MODE NONE, set flushing
06-06 22:07:23.945  4906  5127 D GStreamer+GST_PADS: 0:02:27.776203224 0xe900d230 gstpad.c:3853:check_sticky:<typefind:src> pushing all sticky events
06-06 22:07:23.945  4906  5116 D GStreamer+basesink: 0:02:27.776209683 0xe93d1d00 gstbasesink.c:4143:gst_base_sink_set_flushing:<autoaudiosink0-actual-sink-opensles> flushing out data thread, need preroll to TRUE
06-06 22:07:23.945  4906  5127 D GStreamer+GST_PADS: 0:02:27.776222235 0xe900d230 gstpad.c:3785:push_sticky:<typefind:src> event stream-start was already received
06-06 22:07:23.945  4906  5116 D GStreamer+GST_PADS: 0:02:27.776231714 0xe93d1d00 gstpad.c:1015:post_activate:<autoaudiosink0-actual-sink-opensles:sink> stopped streaming
06-06 22:07:23.945  4906  5127 D GStreamer+GST_PADS: 0:02:27.776244110 0xe900d230 gstpad.c:3785:push_sticky:<typefind:src> event caps was already received
06-06 22:07:23.945  4906  5116 D GStreamer+GST_PADS: 0:02:27.776250464 0xe93d1d00 gstpad.c:1188:activate_mode_internal:<autoaudiosink0-actual-sink-opensles:sink> deactivated in push mode
06-06 22:07:23.945  4906  5116 D GStreamer+GST_ELEMENT_PADS: 0:02:27.776274058 0xe93d1d00 gstelement.c:2814:gst_element_pads_activate:<autoaudiosink0-actual-sink-opensles> pad deactivation successful
06-06 22:07:23.945  4906  5116 D GStreamer+basesink: 0:02:27.776325620 0xe93d1d00 gstbasesink.c:5204:gst_base_sink_change_state:<autoaudiosink0-actual-sink-opensles> PAUSED to READY, posting async-done
06-06 22:07:23.945  4906  5127 D GStreamer+GST_EVENT: 0:02:27.776265881 0xe900d230 gstpad.c:5536:gst_pad_send_event_unchecked:<h264parse1:sink> have event type segment event: 0xe9305670, time 99:99:99.999999999, seq-num 633, GstEventSegment, segment=(GstSegment)"GstSegment, flags=(GstSegmentFlags)GST_SEGMENT_FLAG_NONE, rate=(double)1, applied-rate=(double)1, format=(GstFormat)GST_FORMAT_TIME, base=(guint64)311000000, offset=(guint64)0, start=(guint64)0, stop=(guint64)7199000000, time=(guint64)311000000, position=(guint64)0, duration=(guint64)18446744073709551615;";
06-06 22:07:23.945  4906  5116 D GStreamer+GST_BUS: 0:02:27.776351506 0xe93d1d00 gstbus.c:309:gst_bus_post:<bus7> [msg 0xe92ef620] posting on bus state-changed message: 0xe92ef620, time 99:99:99.999999999, seq-num 682, element 'autoaudiosink0-actual-sink-opensles', GstMessageStateChanged, old-state=(GstState)GST_STATE_PLAYING, new-state=(GstState)GST_STATE_PAUSED, pending-state=(GstState)GST_STATE_READY;
06-06 22:07:23.945  4906  5127 D GStreamer+baseparse: 0:02:27.776381610 0xe900d230 gstbaseparse.c:1175:gst_base_parse_sink_event_default:<h264parse1> handling event 17934, segment
06-06 22:07:23.945  4906  5116 D GStreamer+bin: 0:02:27.776438954 0xe93d1d00 gstbin.c:3654:gst_bin_handle_message_func:<autoaudiosink0> [msg 0xe92ef620] handling child autoaudiosink0-actual-sink-opensles message of type state-changed
06-06 22:07:23.945  4906  5116 D GStreamer+bin: 0:02:27.776468849 0xe93d1d00 gstbin.c:3991:gst_bin_handle_message_func:<autoaudiosink0> posting message upward
06-06 22:07:23.945  4906  5127 D GStreamer+baseparse: 0:02:27.776443120 0xe900d230 gstbaseparse.c:1207:gst_base_parse_sink_event_default:<h264parse1> segment time segment start=0:00:00.000000000, offset=0:00:00.000000000, stop=0:00:07.199000000, rate=1.000000, applied_rate=1.000000, flags=0x00, time=0:00:00.311000000, base=0:00:00.311000000, position 0:00:00.000000000, duration 99:99:99.999999999
06-06 22:07:23.945  4906  5127 D GStreamer+baseparse: 0:02:27.776507599 0xe900d230 gstbaseparse.c:1297:gst_base_parse_sink_event_default:<h264parse1> draining current segment
06-06 22:07:23.945  4906  5127 D GStreamer+baseparse: 0:02:27.776524579 0xe900d230 gstbaseparse.c:2687:gst_base_parse_drain:<h264parse1> draining
06-06 22:07:23.945  4906  5116 D GStreamer+GST_BUS: 0:02:27.776487808 0xe93d1d00 gstbus.c:309:gst_bus_post:<bus8> [msg 0xe92ef620] posting on bus state-changed message: 0xe92ef620, time 99:99:99.999999999, seq-num 682, element 'autoaudiosink0-actual-sink-opensles', GstMessageStateChanged, old-state=(GstState)GST_STATE_PLAYING, new-state=(GstState)GST_STATE_PAUSED, pending-state=(GstState)GST_STATE_READY;
06-06 22:07:23.945  4906  5127 D GStreamer+baseparse: 0:02:27.776543797 0xe900d230 gstbaseparse.c:1486:gst_base_parse_sink_event_default:<h264parse1> event handled
06-06 22:07:23.945  4906  5127 D GStreamer+GST_PADS: 0:02:27.776563693 0xe900d230 gstpad.c:5609:gst_pad_send_event_unchecked:<h264parse1:sink> sent event, ret ok
06-06 22:07:23.946  4906  5116 D GStreamer+bin: 0:02:27.776566349 0xe93d1d00 gstbin.c:3654:gst_bin_handle_message_func:<pipeline1> [msg 0xe92ef620] handling child autoaudiosink0-actual-sink-opensles message of type state-changed
06-06 22:07:23.946  4906  5116 D GStreamer+bin: 0:02:27.776595829 0xe93d1d00 gstbin.c:3991:gst_bin_handle_message_func:<pipeline1> posting message upward
06-06 22:07:23.946  4906  5127 D GStreamer+GST_PADS: 0:02:27.776592495 0xe900d230 gstpad.c:3805:push_sticky:<typefind:src> event segment marked received
06-06 22:07:23.946  4906  5127 D GStreamer+GST_PADS: 0:02:27.776617235 0xe900d230 gstpad.c:3785:push_sticky:<typefind:src> event tag was already received
06-06 22:07:23.946  4906  5127 D GStreamer+GST_PADS: 0:02:27.776636349 0xe900d230 gstpad.c:3785:push_sticky:<typefind:src> event tag was already received
06-06 22:07:23.946  4906  5127 D GStreamer+GST_PADS: 0:02:27.776663277 0xe900d230 gstpad.c:5609:gst_pad_send_event_unchecked:<typefind:sink> sent event, ret ok
06-06 22:07:23.946  4906  5116 D GStreamer+GST_BUS: 0:02:27.776635152 0xe93d1d00 gstbus.c:309:gst_bus_post:<bus9> [msg 0xe92ef620] posting on bus state-changed message: 0xe92ef620, time 99:99:99.999999999, seq-num 682, element 'autoaudiosink0-actual-sink-opensles', GstMessageStateChanged, old-state=(GstState)GST_STATE_PLAYING, new-state=(GstState)GST_STATE_PAUSED, pending-state=(GstState)GST_STATE_READY;
06-06 22:07:23.946  4906  5127 D GStreamer+GST_PADS: 0:02:27.776687287 0xe900d230 gstpad.c:3805:push_sticky:<sink:proxypad3> event segment marked received
06-06 22:07:23.946  4906  5116 D GStreamer+GST_BUS: 0:02:27.776693641 0xe93d1d00 gstbus.c:348:gst_bus_post:<bus9> [msg 0xe92ef620] pushing on async queue
06-06 22:07:23.946  4906  5127 D GStreamer+GST_PADS: 0:02:27.776707756 0xe900d230 gstpad.c:3785:push_sticky:<sink:proxypad3> event tag was already received
06-06 22:07:23.946  4906  5127 D GStreamer+GST_PADS: 0:02:27.776729631 0xe900d230 gstpad.c:3785:push_sticky:<sink:proxypad3> event tag was already received
06-06 22:07:23.946  4906  5116 D GStreamer+GST_BUS: 0:02:27.776715777 0xe93d1d00 gstbus.c:351:gst_bus_post:<bus9> [msg 0xe92ef620] pushed on async queue
06-06 22:07:23.946  4906  5127 D GStreamer+GST_PADS: 0:02:27.776750308 0xe900d230 gstpad.c:5609:gst_pad_send_event_unchecked:<forhwgl:sink> sent event, ret ok
06-06 22:07:23.946  4906  5116 D GStreamer+GST_BUS: 0:02:27.776758433 0xe93d1d00 gstbus.c:344:gst_bus_post:<bus8> [msg 0xe92ef620] dropped
06-06 22:07:23.946  4906  5127 D GStreamer+GST_PADS: 0:02:27.776773277 0xe900d230 gstpad.c:3805:push_sticky:<queue2:src> event segment marked received
06-06 22:07:23.946  4906  5116 D GStreamer+GST_BUS: 0:02:27.776778381 0xe93d1d00 gstbus.c:344:gst_bus_post:<bus7> [msg 0xe92ef620] dropped
06-06 22:07:23.946  4906  5127 D GStreamer+GST_PADS: 0:02:27.776797391 0xe900d230 gstpad.c:3785:push_sticky:<queue2:src> event tag was already received
06-06 22:07:23.946  4906  5127 D GStreamer+GST_PADS: 0:02:27.776820672 0xe900d230 gstpad.c:3785:push_sticky:<queue2:src> event tag was already received
06-06 22:07:23.946  4906  5116 D GStreamer+GST_BUS: 0:02:27.776802912 0xe93d1d00 gstbus.c:309:gst_bus_post:<bus7> [msg 0xe92ef780] posting on bus async-done message: 0xe92ef780, time 99:99:99.999999999, seq-num 683, element 'autoaudiosink0-actual-sink-opensles', GstMessageAsyncDone, running-time=(guint64)18446744073709551615;
06-06 22:07:23.946  4906  5127 D GStreamer+GST_SCHEDULING: 0:02:27.776848537 0xe900d230 gstpad.c:4193:gst_pad_chain_data_unchecked:<forhwgl:sink> calling chainfunction &gst_proxy_pad_chain_default with buffer buffer: 0xe9537d40, pts 0:00:00.000000000, dts 0:00:00.000000000, dur 0:00:00.043333333, size 45527, offset none, offset_end none, flags 0x40
06-06 22:07:23.946  4906  5116 D GStreamer+bin: 0:02:27.776887860 0xe93d1d00 gstbin.c:3654:gst_bin_handle_message_func:<autoaudiosink0> [msg 0xe92ef780] handling child autoaudiosink0-actual-sink-opensles message of type async-done
06-06 22:07:23.946  4906  5116 D GStreamer+bin: 0:02:27.776911662 0xe93d1d00 gstbin.c:3875:gst_bin_handle_message_func:<autoaudiosink0> ASYNC_DONE message 0xe92ef780, autoaudiosink0-actual-sink-opensles
06-06 22:07:23.946  4906  5127 D GStreamer+GST_SCHEDULING: 0:02:27.776902808 0xe900d230 gstpad.c:4193:gst_pad_chain_data_unchecked:<typefind:sink> calling chainfunction &gst_type_find_element_chain with buffer buffer: 0xe9537d40, pts 0:00:00.000000000, dts 0:00:00.000000000, dur 0:00:00.043333333, size 45527, offset none, offset_end none, flags 0x40
06-06 22:07:23.946  4906  5116 D GStreamer+bin: 0:02:27.776935933 0xe93d1d00 gstbin.c:3910:gst_bin_handle_message_func:<autoaudiosink0> ignoring message, target NULL
06-06 22:07:23.946  4906  5127 D GStreamer+GST_SCHEDULING: 0:02:27.776947443 0xe900d230 gstpad.c:4193:gst_pad_chain_data_unchecked:<h264parse1:sink> calling chainfunction &gst_base_parse_chain with buffer buffer: 0xe9537d40, pts 0:00:00.000000000, dts 0:00:00.000000000, dur 0:00:00.043333333, size 45527, offset none, offset_end none, flags 0x40
06-06 22:07:23.946  4906  5116 D GStreamer+GST_BUS: 0:02:27.776977756 0xe93d1d00 gstbus.c:344:gst_bus_post:<bus7> [msg 0xe92ef780] dropped
06-06 22:07:23.946  4906  5127 D GStreamer+baseparse: 0:02:27.776985933 0xe900d230 gstbaseparse.c:2996:gst_base_parse_chain:<h264parse1> chain
06-06 22:07:23.946  4906  5116 D GStreamer+ringbuffer: 0:02:27.777000620 0xe93d1d00 gstaudioringbuffer.c:771:gst_audio_ring_buffer_activate:<openslesringbuffer0> activate device
06-06 22:07:23.946  4906  5127 D GStreamer+baseparse: 0:02:27.777005047 0xe900d230 gstbaseparse.c:3027:gst_base_parse_chain:<h264parse1> Looking for streamheader field on caps to prepend to the stream
06-06 22:07:23.946  4906  5116 D GStreamer+ringbuffer: 0:02:27.777023797 0xe93d1d00 gstaudioringbuffer.c:809:gst_audio_ring_buffer_activate:<openslesringbuffer0> device was active in mode 0
06-06 22:07:23.946  4906  5116 D GStreamer+ringbuffer: 0:02:27.777042860 0xe93d1d00 gstaudioringbuffer.c:667:gst_audio_ring_buffer_release:<openslesringbuffer0> releasing device
06-06 22:07:23.946  4906  5116 D GStreamer+ringbuffer: 0:02:27.777060464 0xe93d1d00 gstaudioringbuffer.c:1087:gst_audio_ring_buffer_stop:<openslesringbuffer0> stopping
06-06 22:07:23.946  4906  5116 D GStreamer+ringbuffer: 0:02:27.777102860 0xe93d1d00 gstaudioringbuffer.c:1096:gst_audio_ring_buffer_stop:<openslesringbuffer0> was not started, try paused
06-06 22:07:23.946  4906  5127 D GStreamer+GST_CAPS: 0:02:27.777029006 0xe900d230 gstpad.c:2672:gst_pad_get_current_caps:<h264parse1:sink> get current pad caps video/x-h264, stream-format=(string)avc, alignment=(string)au, level=(string)4, profile=(string)baseline, codec_data=(buffer)01428028ffe1000a27428028e54028016b2001000528de01ae20, width=(int)1280, height=(int)1440, framerate=(fraction)151/3, pixel-aspect-ratio=(fraction)1/1
06-06 22:07:23.946  4906  5116 D GStreamer+ringbuffer: 0:02:27.777125412 0xe93d1d00 gstaudioringbuffer.c:1104:gst_audio_ring_buffer_stop:<openslesringbuffer0> was not paused, must have been stopped
06-06 22:07:23.946  4906  5127 D GStreamer+baseparse: 0:02:27.777130464 0xe900d230 gstbaseparse.c:2976:gst_base_parse_process_streamheader:<h264parse1> No streamheader on caps
06-06 22:07:23.946  4906  5116 D GStreamer+ringbuffer: 0:02:27.777145047 0xe93d1d00 gstaudioringbuffer.c:716:gst_audio_ring_buffer_release:<openslesringbuffer0> device was released
06-06 22:07:23.946  4906  5127 D GStreamer+baseparse: 0:02:27.777152860 0xe900d230 gstbaseparse.c:2687:gst_base_parse_drain:<h264parse1> draining
06-06 22:07:23.946  4906  5127 D GStreamer+GST_PERFORMANCE: 0:02:27.777174058 0xe900d230 gstminiobject.c:327:gst_mini_object_make_writable copy GstBuffer miniobject 0xe9537d40 -> 0xe91fa678
06-06 22:07:23.946  4906  5116 D GStreamer+GST_STATES: 0:02:27.777163277 0xe93d1d00 gstelement.c:2686:gst_element_change_state:<autoaudiosink0-actual-sink-opensles> element changed state SUCCESS
06-06 22:07:23.946  4906  5127 D GStreamer+baseparse: 0:02:27.777198797 0xe900d230 gstbaseparse.c:793:gst_base_parse_update_frame:<h264parse1> marking DISCONT
06-06 22:07:23.946  4906  5116 I GStreamer+GST_STATES: 0:02:27.777202652 0xe93d1d00 gstelement.c:2374:gst_element_continue_state:<autoaudiosink0-actual-sink-opensles> completed state change to READY
06-06 22:07:23.946  4906  5127 D GStreamer+codecparsers_h264: 0:02:27.777219735 0xe900d230 gsth264parser.c:253:gst_h264_parse_nalu_header Nal type 7, ref_idc 1
06-06 22:07:23.946  4906  5116 I GStreamer+GST_STATES: 0:02:27.777225568 0xe93d1d00 gstelement.c:2279:_priv_gst_element_state_changed:<autoaudiosink0-actual-sink-opensles> notifying about state-changed READY to READY (VOID_PENDING pending)
06-06 22:07:23.946  4906  5127 D GStreamer+h264parse: 0:02:27.777238433 0xe900d230 gsth264parse.c:979:gst_h264_parse_handle_frame_packetized:<h264parse1> AVC nal offset 14
06-06 22:07:23.946  4906  5127 D GStreamer+h264parse: 0:02:27.777257599 0xe900d230 gsth264parse.c:714:gst_h264_parse_process_nal:<h264parse1> processing nal of type 7 SPS, size 10
06-06 22:07:23.946  4906  5127 D GStreamer+codecparsers_h264: 0:02:27.777278277 0xe900d230 gsth264parser.c:1758:gst_h264_parse_sps parsing SPS
06-06 22:07:23.946  4906  5127 D GStreamer+codecparsers_h264: 0:02:27.777297652 0xe900d230 gsth264parser.c:1484:gst_h264_parser_parse_sps adding sequence parameter set with id: 0 to array
06-06 22:07:23.946  4906  5127 D GStreamer+h264parse: 0:02:27.777317079 0xe900d230 gsth264parse.c:735:gst_h264_parse_process_nal:<h264parse1> triggering src caps check
06-06 22:07:23.946  4906  5127 D GStreamer+h264parse: 0:02:27.777336610 0xe900d230 gsth264parse.c:452:gst_h264_parser_store_nal:<h264parse1> storing sps 0
06-06 22:07:23.946  4906  5116 D GStreamer+GST_BUS: 0:02:27.777318537 0xe93d1d00 gstbus.c:309:gst_bus_post:<bus7> [msg 0xe90120c8] posting on bus state-changed message: 0xe90120c8, time 99:99:99.999999999, seq-num 684, element 'autoaudiosink0-actual-sink-opensles', GstMessageStateChanged, old-state=(GstState)GST_STATE_READY, new-state=(GstState)GST_STATE_READY, pending-state=(GstState)GST_STATE_VOID_PENDING;
06-06 22:07:23.946  4906  5127 D GStreamer+GST_MEMORY: 0:02:27.777357756 0xe900d230 gstmemory.c:138:gst_memory_init new memory 0xe92be308, maxsize:13 offset:0 size:10
06-06 22:07:23.946  4906  5127 D GStreamer+GST_MEMORY: 0:02:27.777385881 0xe900d230 gstmemory.c:87:_gst_memory_free free memory 0xe924baa0
06-06 22:07:23.946  4906  5127 D GStreamer+h264parse: 0:02:27.777406974 0xe900d230 gsth264parse.c:421:gst_h264_parse_wrap_nal:<h264parse1> nal length 10
06-06 22:07:23.946  4906  5116 D GStreamer+bin: 0:02:27.777377131 0xe93d1d00 gstbin.c:3654:gst_bin_handle_message_func:<autoaudiosink0> [msg 0xe90120c8] handling child autoaudiosink0-actual-sink-opensles message of type state-changed
06-06 22:07:23.946  4906  5127 D GStreamer+GST_MEMORY: 0:02:27.777439995 0xe900d230 gstmemory.c:138:gst_memory_init new memory 0xe92f9960, maxsize:17 offset:0 size:14
06-06 22:07:23.946  4906  5116 D GStreamer+bin: 0:02:27.777447495 0xe93d1d00 gstbin.c:3991:gst_bin_handle_message_func:<autoaudiosink0> posting message upward
06-06 22:07:23.946  4906  5127 D GStreamer+codecparsers_h264: 0:02:27.777471402 0xe900d230 gsth264parser.c:253:gst_h264_parse_nalu_header Nal type 8, ref_idc 1
06-06 22:07:23.946  4906  5127 D GStreamer+h264parse: 0:02:27.777500308 0xe900d230 gsth264parse.c:979:gst_h264_parse_handle_frame_packetized:<h264parse1> AVC nal offset 23
06-06 22:07:23.946  4906  5127 D GStreamer+h264parse: 0:02:27.777519735 0xe900d230 gsth264parse.c:714:gst_h264_parse_process_nal:<h264parse1> processing nal of type 8 PPS, size 5
06-06 22:07:23.946  4906  5116 D GStreamer+GST_BUS: 0:02:27.777471454 0xe93d1d00 gstbus.c:309:gst_bus_post:<bus8> [msg 0xe90120c8] posting on bus state-changed message: 0xe90120c8, time 99:99:99.999999999, seq-num 684, element 'autoaudiosink0-actual-sink-opensles', GstMessageStateChanged, old-state=(GstState)GST_STATE_READY, new-state=(GstState)GST_STATE_READY, pending-state=(GstState)GST_STATE_VOID_PENDING;
06-06 22:07:23.946  4906  5127 D GStreamer+codecparsers_h264: 0:02:27.777540308 0xe900d230 gsth264parser.c:1894:gst_h264_parse_pps parsing PPS
06-06 22:07:23.946  4906  5116 D GStreamer+bin: 0:02:27.777550464 0xe93d1d00 gstbin.c:3654:gst_bin_handle_message_func:<pipeline1> [msg 0xe90120c8] handling child autoaudiosink0-actual-sink-opensles message of type state-changed
06-06 22:07:23.946  4906  5127 D GStreamer+codecparsers_h264: 0:02:27.777556714 0xe900d230 gsth264parser.c:2027:gst_h264_parser_parse_pps adding picture parameter set with id: 0 to array
06-06 22:07:23.947  4906  5116 D GStreamer+bin: 0:02:27.777577131 0xe93d1d00 gstbin.c:3991:gst_bin_handle_message_func:<pipeline1> posting message upward
06-06 22:07:23.947  4906  5127 D GStreamer+h264parse: 0:02:27.777578849 0xe900d230 gsth264parse.c:768:gst_h264_parse_process_nal:<h264parse1> triggering src caps check
06-06 22:07:23.947  4906  5127 I GStreamer+h264parse: 0:02:27.777601297 0xe900d230 gsth264parse.c:775:gst_h264_parse_process_nal:<h264parse1> have SPS/PPS in stream
06-06 22:07:23.947  4906  5127 D GStreamer+h264parse: 0:02:27.777620568 0xe900d230 gsth264parse.c:456:gst_h264_parser_store_nal:<h264parse1> storing pps 0
06-06 22:07:23.947  4906  5127 D GStreamer+GST_MEMORY: 0:02:27.777640099 0xe900d230 gstmemory.c:138:gst_memory_init new memory 0xe92f7e18, maxsize:8 offset:0 size:5
06-06 22:07:23.947  4906  5116 D GStreamer+GST_BUS: 0:02:27.777599006 0xe93d1d00 gstbus.c:309:gst_bus_post:<bus9> [msg 0xe90120c8] posting on bus state-changed message: 0xe90120c8, time 99:99:99.999999999, seq-num 684, element 'autoaudiosink0-actual-sink-opensles', GstMessageStateChanged, old-state=(GstState)GST_STATE_READY, new-state=(GstState)GST_STATE_READY, pending-state=(GstState)GST_STATE_VOID_PENDING;
06-06 22:07:23.947  4906  5127 D GStreamer+GST_MEMORY: 0:02:27.777664474 0xe900d230 gstmemory.c:87:_gst_memory_free free memory 0xe92f7f20
06-06 22:07:23.947  4906  5116 D GStreamer+GST_BUS: 0:02:27.777671870 0xe93d1d00 gstbus.c:348:gst_bus_post:<bus9> [msg 0xe90120c8] pushing on async queue
06-06 22:07:23.947  4906  5127 D GStreamer+h264parse: 0:02:27.777681662 0xe900d230 gsth264parse.c:421:gst_h264_parse_wrap_nal:<h264parse1> nal length 5
06-06 22:07:23.947  4906  5116 D GStreamer+GST_BUS: 0:02:27.777690672 0xe93d1d00 gstbus.c:351:gst_bus_post:<bus9> [msg 0xe90120c8] pushed on async queue
06-06 22:07:23.947  4906  5127 D GStreamer+GST_MEMORY: 0:02:27.777699735 0xe900d230 gstmemory.c:138:gst_memory_init new memory 0xe956c0d0, maxsize:12 offset:0 size:9
06-06 22:07:23.947  4906  5116 D GStreamer+GST_BUS: 0:02:27.777709579 0xe93d1d00 gstbus.c:344:gst_bus_post:<bus8> [msg 0xe90120c8] dropped
06-06 22:07:23.947  4906  5116 D GStreamer+GST_BUS: 0:02:27.777732079 0xe93d1d00 gstbus.c:344:gst_bus_post:<bus7> [msg 0xe90120c8] dropped
06-06 22:07:23.947  4906  5127 D GStreamer+codecparsers_h264: 0:02:27.777725099 0xe900d230 gsth264parser.c:253:gst_h264_parse_nalu_header Nal type 5, ref_idc 1
06-06 22:07:23.947  4906  5116 D GStreamer+GST_STATES: 0:02:27.777776558 0xe93d1d00 gstelement.c:2609:gst_element_set_state_func:<autoaudiosink0-actual-sink-opensles> returned SUCCESS
06-06 22:07:23.947  4906  5127 D GStreamer+h264parse: 0:02:27.777777704 0xe900d230 gsth264parse.c:979:gst_h264_parse_handle_frame_packetized:<h264parse1> AVC nal offset 45527
06-06 22:07:23.947  4906  5127 D GStreamer+h264parse: 0:02:27.777803277 0xe900d230 gsth264parse.c:714:gst_h264_parse_process_nal:<h264parse1> processing nal of type 5 Slice IDR, size 45500
06-06 22:07:23.947  4906  5116 I GStreamer+GST_STATES: 0:02:27.777805360 0xe93d1d00 gstbin.c:2892:gst_bin_change_state_func:<autoaudiosink0> child 'autoaudiosink0-actual-sink-opensles' changed state to 2(READY) successfully
06-06 22:07:23.947  4906  5127 D GStreamer+h264parse: 0:02:27.777836766 0xe900d230 gsth264parse.c:820:gst_h264_parse_process_nal:<h264parse1> first_mb_in_slice = 0
06-06 22:07:23.947  4906  5127 D GStreamer+h264parse: 0:02:27.777856714 0xe900d230 gsth264parse.c:823:gst_h264_parse_process_nal:<h264parse1> frame start: 1
06-06 22:07:23.947  4906  5116 D GStreamer+bin: 0:02:27.777839266 0xe93d1d00 gstbin.c:2299:gst_bin_sort_iterator_next:<autoaudiosink0> queue empty, elements exhausted
06-06 22:07:23.947  4906  5127 D GStreamer+codecparsers_h264: 0:02:27.777875204 0xe900d230 gsth264parser.c:2089:gst_h264_parser_parse_slice_hdr parsing "Slice header", slice type 7
06-06 22:07:23.947  4906  5116 D GStreamer+GST_STATES: 0:02:27.777883485 0xe93d1d00 gstbin.c:2951:gst_bin_change_state_func:<autoaudiosink0> iterator done
06-06 22:07:23.947  4906  5127 D GStreamer+codecparsers_h264: 0:02:27.777893745 0xe900d230 gsth264parser.c:711:gst_h264_slice_parse_dec_ref_pic_marking parsing "Decoded reference picture marking"
06-06 22:07:23.947  4906  5116 D GStreamer+GST_ELEMENT_PADS: 0:02:27.777901558 0xe93d1d00 gstelement.c:2795:gst_element_pads_activate:<autoaudiosink0> deactivate pads
06-06 22:07:23.947  4906  5127 D GStreamer+h264parse: 0:02:27.777910516 0xe900d230 gsth264parse.c:833:gst_h264_parse_process_nal:<h264parse1> parse result 0, first MB: 0, slice type: 7
06-06 22:07:23.947  4906  5116 D GStreamer+GST_PADS: 0:02:27.777926245 0xe93d1d00 gstpad.c:1078:gst_pad_set_active:<autoaudiosink0:sink> deactivating pad from push mode
06-06 22:07:23.947  4906  5127 D GStreamer+h264parse: 0:02:27.777930516 0xe900d230 gsth264parse.c:856:gst_h264_parse_process_nal:<h264parse1> marking IDR in frame at offset 46
06-06 22:07:23.947  4906  5116 D GStreamer+GST_PADS: 0:02:27.777952391 0xe93d1d00 gstpad.c:967:pre_activate:<autoaudiosink0:sink> setting PAD_MODE NONE, set flushing
06-06 22:07:23.947  4906  5127 D GStreamer+h264parse: 0:02:27.777954110 0xe900d230 gsth264parse.c:421:gst_h264_parse_wrap_nal:<h264parse1> nal length 45500
06-06 22:07:23.947  4906  5116 D GStreamer+GST_PADS: 0:02:27.777997235 0xe93d1d00 gstpad.c:967:pre_activate:<sink:proxypad6> setting PAD_MODE NONE, set flushing
06-06 22:07:23.947  4906  5127 D GStreamer+GST_MEMORY: 0:02:27.778004162 0xe900d230 gstmemory.c:138:gst_memory_init new memory 0xe94a3028, maxsize:45507 offset:0 size:45504
