06-06 22:07:23.959  4906  5126 D GStreamer+GST_PADS: 0:02:27.789898068 0xe900d1b0 gstpad.c:3367:gst_pad_query_default:<sink:proxypad5> forwarding 0xe9539290 (duration) query
06-06 22:07:23.959  4906  5127 D GStreamer+GST_SCHEDULING: 0:02:27.789910047 0xe900d230 gstpad.c:4199:gst_pad_chain_data_unchecked:<typefind:sink> called chainfunction &gst_type_find_element_chain with buffer 0xe9537d40, returned not-linked
06-06 22:07:23.959  4906  5116 D GStreamer+GST_STATES: 0:02:27.789896401 0xe93d1d00 gstelement.c:2597:gst_element_set_state_func:<glcolorconvertelement1> final: setting state from PAUSED to READY
06-06 22:07:23.959  4906  5126 D GStreamer+GST_PADS: 0:02:27.789942131 0xe900d1b0 gstpad.c:4049:gst_pad_peer_query:<decodebin2:sink> peer query 0xe9539290 (duration)
06-06 22:07:23.959  4906  5116 D GStreamer+glbasefilter: 0:02:27.789955881 0xe93d1d00 gstglbasefilter.c:479:gst_gl_base_filter_change_state:<glcolorconvertelement1> changing state: PAUSED => READY
06-06 22:07:23.959  4906  5126 D GStreamer+GST_PADS: 0:02:27.789964683 0xe900d1b0 gstpad.c:3922:gst_pad_query:<queue4:src> doing query 0xe9539290 (duration)
06-06 22:07:23.959  4906  5127 D GStreamer+GST_SCHEDULING: 0:02:27.789954995 0xe900d230 gstpad.c:4199:gst_pad_chain_data_unchecked:<forhwgl:sink> called chainfunction &gst_proxy_pad_chain_default with buffer 0xe9537d40, returned not-linked
06-06 22:07:23.959  4906  5116 D GStreamer+GST_ELEMENT_PADS: 0:02:27.789996922 0xe93d1d00 gstelement.c:2795:gst_element_pads_activate:<glcolorconvertelement1> deactivate pads
06-06 22:07:23.959  4906  5126 D GStreamer+GST_PADS: 0:02:27.790002599 0xe900d1b0 gstpad.c:3367:gst_pad_query_default:<queue4:src> forwarding 0xe9539290 (duration) query
06-06 22:07:23.959  4906  5127 D GStreamer+GST_PADS: 0:02:27.790008954 0xe900d230 gstpad.c:6034:gst_pad_pause_task:<queue2:src> pause task
06-06 22:07:23.959  4906  5126 D GStreamer+GST_PADS: 0:02:27.790035412 0xe900d1b0 gstpad.c:2827:gst_pad_iterate_internal_links_default:<queue4:src> Making iterator
06-06 22:07:23.959  4906  5127 D GStreamer+task: 0:02:27.790036818 0xe900d230 gsttask.c:684:gst_task_set_state:<queue2:src> Changing task 0xe92f6418 to state 2
06-06 22:07:23.959  4906  5116 D GStreamer+GST_PADS: 0:02:27.790026401 0xe93d1d00 gstpad.c:1078:gst_pad_set_active:<glcolorconvertelement1:src> deactivating pad from push mode
06-06 22:07:23.959  4906  5126 D GStreamer+GST_PADS: 0:02:27.790060776 0xe900d1b0 gstpad.c:4049:gst_pad_peer_query:<queue4:sink> peer query 0xe9539290 (duration)
06-06 22:07:23.959  4906  5116 D GStreamer+GST_PADS: 0:02:27.790071506 0xe93d1d00 gstpad.c:967:pre_activate:<glcolorconvertelement1:src> setting PAD_MODE NONE, set flushing
06-06 22:07:23.959  4906  5127 I GStreamer+task: 0:02:27.790066506 0xe900d230 gsttask.c:318:gst_task_func:<queue2:src> Task going to paused
06-06 22:07:23.959  4906  5126 D GStreamer+GST_PADS: 0:02:27.790094943 0xe900d1b0 gstpad.c:3922:gst_pad_query:<q:audio_0> doing query 0xe9539290 (duration)
06-06 22:07:23.959  4906  5116 D GStreamer+GST_PADS: 0:02:27.790099162 0xe93d1d00 gstpad.c:1015:post_activate:<glcolorconvertelement1:src> stopped streaming
06-06 22:07:23.959  4906  5126 D GStreamer+GST_PADS: 0:02:27.790124943 0xe900d1b0 gstpad.c:3367:gst_pad_query_default:<q:audio_0> forwarding 0xe9539290 (duration) query
06-06 22:07:23.959  4906  5126 D GStreamer+GST_PADS: 0:02:27.790156818 0xe900d1b0 gstpad.c:2827:gst_pad_iterate_internal_links_default:<q:audio_0> Making iterator
06-06 22:07:23.959  4906  5116 D GStreamer+GST_PADS: 0:02:27.790124787 0xe93d1d00 gstpad.c:1188:activate_mode_internal:<glcolorconvertelement1:src> deactivated in push mode
06-06 22:07:23.959  4906  5126 D GStreamer+GST_PADS: 0:02:27.790177235 0xe900d1b0 gstpad.c:4049:gst_pad_peer_query:<q:sink> peer query 0xe9539290 (duration)
06-06 22:07:23.959  4906  5116 D GStreamer+GST_PADS: 0:02:27.790182391 0xe93d1d00 gstpad.c:1078:gst_pad_set_active:<glcolorconvertelement1:sink> deactivating pad from push mode
06-06 22:07:23.959  4906  5126 D GStreamer+GST_PADS: 0:02:27.790202704 0xe900d1b0 gstpad.c:3922:gst_pad_query:<filesrc1:src> doing query 0xe9539290 (duration)
06-06 22:07:23.959  4906  5116 D GStreamer+GST_PADS: 0:02:27.790207443 0xe93d1d00 gstpad.c:967:pre_activate:<glcolorconvertelement1:sink> setting PAD_MODE NONE, set flushing
06-06 22:07:23.959  4906  5126 D GStreamer+basesrc: 0:02:27.790232391 0xe900d1b0 gstbasesrc.c:1055:gst_base_src_default_query:<filesrc1> duration query in format time
06-06 22:07:23.959  4906  5116 D GStreamer+basetransform: 0:02:27.790235047 0xe93d1d00 gstbasetransform.c:2579:gst_base_transform_set_passthrough:<glcolorconvertelement1> set passthrough 0
06-06 22:07:23.959  4906  5126 D GStreamer+basesrc: 0:02:27.790260047 0xe900d1b0 gstbasesrc.c:2354:gst_base_src_update_length:<filesrc1> reading offset 0, length 0, size 15003960, segment.stop -1, maxsize 15003960
06-06 22:07:23.959  4906  5116 D GStreamer+GST_PADS: 0:02:27.790284370 0xe93d1d00 gstpad.c:1015:post_activate:<glcolorconvertelement1:sink> stopped streaming
06-06 22:07:23.959  4906  5126 D GStreamer+query: 0:02:27.790295672 0xe900d1b0 gstquery.c:674:gst_query_new_custom creating new query 0xe95397b0 convert
06-06 22:07:23.959  4906  5116 D GStreamer+GST_PADS: 0:02:27.790308745 0xe93d1d00 gstpad.c:1188:activate_mode_internal:<glcolorconvertelement1:sink> deactivated in push mode
06-06 22:07:23.959  4906  5126 D GStreamer+GST_PADS: 0:02:27.790315151 0xe900d1b0 gstpad.c:3922:gst_pad_query:<filesrc1:src> doing query 0xe95397b0 (convert)
06-06 22:07:23.959  4906  5116 D GStreamer+GST_ELEMENT_PADS: 0:02:27.790338954 0xe93d1d00 gstelement.c:2814:gst_element_pads_activate:<glcolorconvertelement1> pad deactivation successful
06-06 22:07:23.959  4906  5126 D GStreamer+basesrc: 0:02:27.790342339 0xe900d1b0 gstbasesrc.c:1295:gst_base_src_default_query:<filesrc1> query convert returns 0
06-06 22:07:23.959  4906  5116 D GStreamer+GST_STATES: 0:02:27.790365724 0xe93d1d00 gstelement.c:2686:gst_element_change_state:<glcolorconvertelement1> element changed state SUCCESS
06-06 22:07:23.959  4906  5126 D GStreamer+GST_PADS: 0:02:27.790365256 0xe900d1b0 gstpad.c:3945:gst_pad_query:<filesrc1:src> sent query 0xe95397b0 (convert), result 0
06-06 22:07:23.959  4906  5116 I GStreamer+GST_STATES: 0:02:27.790408589 0xe93d1d00 gstelement.c:2374:gst_element_continue_state:<glcolorconvertelement1> completed state change to READY
06-06 22:07:23.959  4906  5126 D GStreamer+GST_PADS: 0:02:27.790425047 0xe900d1b0 gstpad.c:3990:gst_pad_query:<filesrc1:src> query failed
06-06 22:07:23.959  4906  5116 I GStreamer+GST_STATES: 0:02:27.790442287 0xe93d1d00 gstelement.c:2279:_priv_gst_element_state_changed:<glcolorconvertelement1> notifying about state-changed PAUSED to READY (VOID_PENDING pending)
06-06 22:07:23.959  4906  5126 D GStreamer+basesrc: 0:02:27.790449839 0xe900d1b0 gstbasesrc.c:1295:gst_base_src_default_query:<filesrc1> query duration returns 0
06-06 22:07:23.959  4906  5126 D GStreamer+GST_PADS: 0:02:27.790474579 0xe900d1b0 gstpad.c:3945:gst_pad_query:<filesrc1:src> sent query 0xe9539290 (duration), result 0
06-06 22:07:23.959  4906  5126 D GStreamer+GST_PADS: 0:02:27.790497391 0xe900d1b0 gstpad.c:3990:gst_pad_query:<filesrc1:src> query failed
06-06 22:07:23.959  4906  5126 D GStreamer+GST_PADS: 0:02:27.790520672 0xe900d1b0 gstpad.c:4111:gst_pad_peer_query:<q:sink> query failed
06-06 22:07:23.959  4906  5116 D GStreamer+GST_BUS: 0:02:27.790474526 0xe93d1d00 gstbus.c:309:gst_bus_post:<bus5> [msg 0xe92f6a18] posting on bus state-changed message: 0xe92f6a18, time 99:99:99.999999999, seq-num 699, element 'glcolorconvertelement1', GstMessageStateChanged, old-state=(GstState)GST_STATE_PAUSED, new-state=(GstState)GST_STATE_READY, pending-state=(GstState)GST_STATE_VOID_PENDING;
06-06 22:07:23.959  4906  5126 D GStreamer+GST_PADS: 0:02:27.790543693 0xe900d1b0 gstpad.c:3945:gst_pad_query:<q:audio_0> sent query 0xe9539290 (duration), result 1
06-06 22:07:23.959  4906  5116 D GStreamer+bin: 0:02:27.790550620 0xe93d1d00 gstbin.c:3654:gst_bin_handle_message_func:<glimagesinkbin1> [msg 0xe92f6a18] handling child glcolorconvertelement1 message of type state-changed
06-06 22:07:23.960  4906  5126 D GStreamer+GST_PADS: 0:02:27.790575047 0xe900d1b0 gstpad.c:3945:gst_pad_query:<queue4:src> sent query 0xe9539290 (duration), result 1
06-06 22:07:23.960  4906  5116 D GStreamer+bin: 0:02:27.790578537 0xe93d1d00 gstbin.c:3991:gst_bin_handle_message_func:<glimagesinkbin1> posting message upward
06-06 22:07:23.960  4906  5126 D GStreamer+GST_PADS: 0:02:27.790606297 0xe900d1b0 gstpad.c:3945:gst_pad_query:<sink:proxypad5> sent query 0xe9539290 (duration), result 1
06-06 22:07:23.960  4906  5126 D GStreamer+GST_PADS: 0:02:27.790629787 0xe900d1b0 gstpad.c:3945:gst_pad_query:<typefind:src> sent query 0xe9539290 (duration), result 1
06-06 22:07:23.960  4906  5116 D GStreamer+GST_BUS: 0:02:27.790621349 0xe93d1d00 gstbus.c:309:gst_bus_post:<bus8> [msg 0xe92f6a18] posting on bus state-changed message: 0xe92f6a18, time 99:99:99.999999999, seq-num 699, element 'glcolorconvertelement1', GstMessageStateChanged, old-state=(GstState)GST_STATE_PAUSED, new-state=(GstState)GST_STATE_READY, pending-state=(GstState)GST_STATE_VOID_PENDING;
06-06 22:07:23.960  4906  5126 D GStreamer+GST_BUS: 0:02:27.790662756 0xe900d1b0 gstbus.c:309:gst_bus_post:<bus6> [msg 0xe9568070] posting on bus duration-changed message: 0xe9568070, time 99:99:99.999999999, seq-num 700, element 'mpegaudioparse0', GstMessageDurationChanged;
06-06 22:07:23.960  4906  5116 D GStreamer+bin: 0:02:27.790677495 0xe93d1d00 gstbin.c:3654:gst_bin_handle_message_func:<pipeline1> [msg 0xe92f6a18] handling child glcolorconvertelement1 message of type state-changed
06-06 22:07:23.960  4906  5126 D GStreamer+decodebin: 0:02:27.790712599 0xe900d1b0 gstdecodebin2.c:5492:gst_decode_bin_handle_message:<decodebin2> Forwarding msg duration-changed message: 0xe9568070, time 99:99:99.999999999, seq-num 700, element 'mpegaudioparse0', GstMessageDurationChanged;
06-06 22:07:23.960  4906  5116 D GStreamer+bin: 0:02:27.790729214 0xe93d1d00 gstbin.c:3991:gst_bin_handle_message_func:<pipeline1> posting message upward
06-06 22:07:23.960  4906  5126 D GStreamer+bin: 0:02:27.790753172 0xe900d1b0 gstbin.c:3654:gst_bin_handle_message_func:<decodebin2> [msg 0xe9568070] handling child mpegaudioparse0 message of type duration-changed
06-06 22:07:23.960  4906  5126 D GStreamer+bin: 0:02:27.790781818 0xe900d1b0 gstbin.c:3991:gst_bin_handle_message_func:<decodebin2> posting message upward
06-06 22:07:23.960  4906  5116 D GStreamer+GST_BUS: 0:02:27.790753485 0xe93d1d00 gstbus.c:309:gst_bus_post:<bus9> [msg 0xe92f6a18] posting on bus state-changed message: 0xe92f6a18, time 99:99:99.999999999, seq-num 699, element 'glcolorconvertelement1', GstMessageStateChanged, old-state=(GstState)GST_STATE_PAUSED, new-state=(GstState)GST_STATE_READY, pending-state=(GstState)GST_STATE_VOID_PENDING;
06-06 22:07:23.960  4906  5126 D GStreamer+GST_BUS: 0:02:27.790805776 0xe900d1b0 gstbus.c:309:gst_bus_post:<bus8> [msg 0xe9568070] posting on bus duration-changed message: 0xe9568070, time 99:99:99.999999999, seq-num 700, element 'mpegaudioparse0', GstMessageDurationChanged;
06-06 22:07:23.960  4906  5116 D GStreamer+GST_BUS: 0:02:27.790825985 0xe93d1d00 gstbus.c:348:gst_bus_post:<bus9> [msg 0xe92f6a18] pushing on async queue
06-06 22:07:23.960  4906  5126 D GStreamer+bin: 0:02:27.790842964 0xe900d1b0 gstbin.c:3654:gst_bin_handle_message_func:<pipeline1> [msg 0xe9568070] handling child mpegaudioparse0 message of type duration-changed
06-06 22:07:23.960  4906  5116 D GStreamer+GST_BUS: 0:02:27.790848797 0xe93d1d00 gstbus.c:351:gst_bus_post:<bus9> [msg 0xe92f6a18] pushed on async queue
06-06 22:07:23.960  4906  5126 D GStreamer+bin: 0:02:27.790870776 0xe900d1b0 gstbin.c:3991:gst_bin_handle_message_func:<pipeline1> posting message upward
06-06 22:07:23.960  4906  5116 D GStreamer+GST_BUS: 0:02:27.790875151 0xe93d1d00 gstbus.c:344:gst_bus_post:<bus8> [msg 0xe92f6a18] dropped
06-06 22:07:23.960  4906  5116 D GStreamer+GST_BUS: 0:02:27.790896401 0xe93d1d00 gstbus.c:344:gst_bus_post:<bus5> [msg 0xe92f6a18] dropped
06-06 22:07:23.960  4906  5126 D GStreamer+GST_BUS: 0:02:27.790893693 0xe900d1b0 gstbus.c:309:gst_bus_post:<bus9> [msg 0xe9568070] posting on bus duration-changed message: 0xe9568070, time 99:99:99.999999999, seq-num 700, element 'mpegaudioparse0', GstMessageDurationChanged;
06-06 22:07:23.960  4906  5126 D GStreamer+GST_BUS: 0:02:27.790933485 0xe900d1b0 gstbus.c:348:gst_bus_post:<bus9> [msg 0xe9568070] pushing on async queue
06-06 22:07:23.960  4906  5116 D GStreamer+GST_STATES: 0:02:27.790939839 0xe93d1d00 gstelement.c:2609:gst_element_set_state_func:<glcolorconvertelement1> returned SUCCESS
06-06 22:07:23.960  4906  5126 D GStreamer+GST_BUS: 0:02:27.790955829 0xe900d1b0 gstbus.c:351:gst_bus_post:<bus9> [msg 0xe9568070] pushed on async queue
06-06 22:07:23.960  4906  5116 I GStreamer+GST_STATES: 0:02:27.790964422 0xe93d1d00 gstbin.c:2892:gst_bin_change_state_func:<glimagesinkbin1> child 'glcolorconvertelement1' changed state to 2(READY) successfully
06-06 22:07:23.960  4906  5126 D GStreamer+GST_BUS: 0:02:27.790976506 0xe900d1b0 gstbus.c:344:gst_bus_post:<bus8> [msg 0xe9568070] dropped
06-06 22:07:23.960  4906  5116 D GStreamer+bin: 0:02:27.790988224 0xe93d1d00 gstbin.c:2310:gst_bin_sort_iterator_next:<glimagesinkbin1> queue head gives gluploadelement1
06-06 22:07:23.960  4906  5126 D GStreamer+GST_BUS: 0:02:27.790994943 0xe900d1b0 gstbus.c:344:gst_bus_post:<bus6> [msg 0xe9568070] dropped
06-06 22:07:23.960  4906  5116 D GStreamer+bin: 0:02:27.791008485 0xe93d1d00 gstbin.c:911:find_message:<glimagesinkbin1> no message found matching types 00001000
06-06 22:07:23.960  4906  5126 D GStreamer+baseparse: 0:02:27.791012651 0xe900d1b0 gstbaseparse.c:3749:gst_base_parse_set_duration:<mpegaudioparse0> set duration: 7199000000
06-06 22:07:23.960  4906  5126 D GStreamer+baseparse: 0:02:27.791038381 0xe900d1b0 gstbaseparse.c:3756:gst_base_parse_set_duration:<mpegaudioparse0> set update interval: 0
06-06 22:07:23.960  4906  5116 D GStreamer+bin: 0:02:27.791051401 0xe93d1d00 gstbin.c:918:find_message:<glimagesinkbin1>   structure-change
06-06 22:07:23.960  4906  5126 D GStreamer+baseparse: 0:02:27.791057964 0xe900d1b0 gstbaseparse.c:2035:gst_base_parse_check_upstream:<mpegaudioparse0> upstream_has_duration: 1
06-06 22:07:23.960  4906  5116 D GStreamer+bin: 0:02:27.791080672 0xe93d1d00 gstbin.c:2249:update_degree:<glimagesinkbin1> element gluploadelement1 not linked on any sinkpads
06-06 22:07:23.960  4906  5126 D GStreamer+GST_MEMORY: 0:02:27.791084943 0xe900d1b0 gstmemory.c:87:_gst_memory_free free memory 0xe9277b80
06-06 22:07:23.960  4906  5116 I GStreamer+GST_STATES: 0:02:27.791107339 0xe93d1d00 gstbin.c:2444:gst_bin_element_set_state:<gluploadelement1> current PAUSED pending VOID_PENDING, desired next READY
06-06 22:07:23.960  4906  5126 D GStreamer+GST_CAPS: 0:02:27.791111558 0xe900d1b0 gstpad.c:2644:gst_pad_has_current_caps:<mpegaudioparse0:src> check current pad caps audio/mpeg, mpegversion=(int)1, mpegaudioversion=(int)2, layer=(int)3, rate=(int)24000, channels=(int)1, parsed=(boolean)true
06-06 22:07:23.960  4906  5116 D GStreamer+bin: 0:02:27.791134370 0xe93d1d00 gstbin.c:911:find_message:<glimagesinkbin1> no message found matching types 00100000
06-06 22:07:23.960  4906  5126 D GStreamer+GST_CAPS: 0:02:27.791155360 0xe900d1b0 gstpad.c:2672:gst_pad_get_current_caps:<mpegaudioparse0:src> get current pad caps audio/mpeg, mpegversion=(int)1, mpegaudioversion=(int)2, layer=(int)3, rate=(int)24000, channels=(int)1, parsed=(boolean)true
06-06 22:07:23.960  4906  5116 D GStreamer+bin: 0:02:27.791180516 0xe93d1d00 gstbin.c:918:find_message:<glimagesinkbin1>   async-start
06-06 22:07:23.960  4906  5126 D GStreamer+baseparse: 0:02:27.791196454 0xe900d1b0 gstbaseparse.c:2058:gst_base_parse_check_media:<mpegaudioparse0> media is video: 0
06-06 22:07:23.960  4906  5116 D GStreamer+bin: 0:02:27.791203276 0xe93d1d00 gstbin.c:2539:gst_bin_element_set_state:<glimagesinkbin1> setting element gluploadelement1 to READY, base_time 0:00:00.000000000
06-06 22:07:23.960  4906  5126 D GStreamer+GST_PADS: 0:02:27.791220151 0xe900d1b0 gstpad.c:3853:check_sticky:<mpegaudioparse0:src> pushing all sticky events
06-06 22:07:23.960  4906  5116 D GStreamer+GST_STATES: 0:02:27.791228537 0xe93d1d00 gstelement.c:2525:gst_element_set_state_func:<gluploadelement1> set_state to READY
06-06 22:07:23.960  4906  5126 D GStreamer+GST_PADS: 0:02:27.791238381 0xe900d1b0 gstpad.c:3785:push_sticky:<mpegaudioparse0:src> event stream-start was already received
06-06 22:07:23.960  4906  5126 D GStreamer+GST_PADS: 0:02:27.791257443 0xe900d1b0 gstpad.c:3785:push_sticky:<mpegaudioparse0:src> event caps was already received
06-06 22:07:23.960  4906  5116 D GStreamer+GST_STATES: 0:02:27.791246662 0xe93d1d00 gstelement.c:2550:gst_element_set_state_func:<gluploadelement1> setting target state to READY
06-06 22:07:23.960  4906  5116 D GStreamer+GST_STATES: 0:02:27.791288381 0xe93d1d00 gstelement.c:2563:gst_element_set_state_func:<gluploadelement1> current PAUSED, old_pending VOID_PENDING, next VOID_PENDING, old return SUCCESS
06-06 22:07:23.960  4906  5116 D GStreamer+GST_STATES: 0:02:27.791317704 0xe93d1d00 gstelement.c:2597:gst_element_set_state_func:<gluploadelement1> final: setting state from PAUSED to READY
06-06 22:07:23.960  4906  5126 D GStreamer+GST_EVENT: 0:02:27.791277131 0xe900d1b0 gstpad.c:5536:gst_pad_send_event_unchecked:<amcaudiodec-omxgooglemp3decoder0:sink> have event type segment event: 0xe9305598, time 99:99:99.999999999, seq-num 605, GstEventSegment, segment=(GstSegment)"GstSegment, flags=(GstSegmentFlags)GST_SEGMENT_FLAG_NONE, rate=(double)1, applied-rate=(double)1, format=(GstFormat)GST_FORMAT_TIME, base=(guint64)0, offset=(guint64)0, start=(guint64)0, stop=(guint64)7176000000, time=(guint64)0, position=(guint64)0, duration=(guint64)18446744073709551615;";
06-06 22:07:23.960  4906  5116 D GStreamer+glbasefilter: 0:02:27.791340881 0xe93d1d00 gstglbasefilter.c:479:gst_gl_base_filter_change_state:<gluploadelement1> changing state: PAUSED => READY
06-06 22:07:23.960  4906  5116 D GStreamer+GST_ELEMENT_PADS: 0:02:27.791397391 0xe93d1d00 gstelement.c:2795:gst_element_pads_activate:<gluploadelement1> deactivate pads
06-06 22:07:23.960  4906  5126 D GStreamer+audiodecoder: 0:02:27.791392339 0xe900d1b0 gstaudiodecoder.c:2332:gst_audio_decoder_sink_event:<amcaudiodec-omxgooglemp3decoder0> received event 17934, segment
06-06 22:07:23.960  4906  5116 D GStreamer+GST_PADS: 0:02:27.791439318 0xe93d1d00 gstpad.c:1078:gst_pad_set_active:<gluploadelement1:src> deactivating pad from push mode
06-06 22:07:23.960  4906  5116 D GStreamer+GST_PADS: 0:02:27.791466818 0xe93d1d00 gstpad.c:967:pre_activate:<gluploadelement1:src> setting PAD_MODE NONE, set flushing
06-06 22:07:23.960  4906  5126 D GStreamer+audiodecoder: 0:02:27.791437235 0xe900d1b0 gstaudiodecoder.c:2168:gst_audio_decoder_sink_eventfunc:<amcaudiodec-omxgooglemp3decoder0> received TIME SEGMENT time segment start=0:00:00.000000000, offset=0:00:00.000000000, stop=0:00:07.176000000, rate=1.000000, applied_rate=1.000000, flags=0x00, time=0:00:00.000000000, base=0:00:00.000000000, position 0:00:00.000000000, duration 99:99:99.999999999
06-06 22:07:23.960  4906  5116 D GStreamer+GST_PADS: 0:02:27.791515412 0xe93d1d00 gstpad.c:1015:post_activate:<gluploadelement1:src> stopped streaming
06-06 22:07:23.960  4906  5126 D GStreamer+GST_PADS: 0:02:27.791530568 0xe900d1b0 gstpad.c:5609:gst_pad_send_event_unchecked:<amcaudiodec-omxgooglemp3decoder0:sink> sent event, ret ok
06-06 22:07:23.960  4906  5116 D GStreamer+GST_PADS: 0:02:27.791535360 0xe93d1d00 gstpad.c:1188:activate_mode_internal:<gluploadelement1:src> deactivated in push mode
06-06 22:07:23.960  4906  5126 D GStreamer+GST_PADS: 0:02:27.791564422 0xe900d1b0 gstpad.c:3805:push_sticky:<mpegaudioparse0:src> event segment marked received
06-06 22:07:23.961  4906  5126 D GStreamer+GST_PADS: 0:02:27.791590099 0xe900d1b0 gstpad.c:3853:check_sticky:<mpegaudioparse0:src> pushing all sticky events
06-06 22:07:23.961  4906  5116 D GStreamer+GST_PADS: 0:02:27.791568276 0xe93d1d00 gstpad.c:1078:gst_pad_set_active:<gluploadelement1:sink> deactivating pad from push mode
06-06 22:07:23.961  4906  5126 D GStreamer+GST_PADS: 0:02:27.791609162 0xe900d1b0 gstpad.c:3785:push_sticky:<mpegaudioparse0:src> event stream-start was already received
06-06 22:07:23.961  4906  5116 D GStreamer+GST_PADS: 0:02:27.791612964 0xe93d1d00 gstpad.c:967:pre_activate:<gluploadelement1:sink> setting PAD_MODE NONE, set flushing
06-06 22:07:23.961  4906  5126 D GStreamer+GST_PADS: 0:02:27.791633641 0xe900d1b0 gstpad.c:3785:push_sticky:<mpegaudioparse0:src> event caps was already received
06-06 22:07:23.961  4906  5116 D GStreamer+basetransform: 0:02:27.791637756 0xe93d1d00 gstbasetransform.c:2579:gst_base_transform_set_passthrough:<gluploadelement1> set passthrough 0
06-06 22:07:23.961  4906  5126 D GStreamer+GST_PADS: 0:02:27.791654891 0xe900d1b0 gstpad.c:3785:push_sticky:<mpegaudioparse0:src> event segment was already received
06-06 22:07:23.961  4906  5116 D GStreamer+GST_PADS: 0:02:27.791661818 0xe93d1d00 gstpad.c:1015:post_activate:<gluploadelement1:sink> stopped streaming
06-06 22:07:23.961  4906  5116 D GStreamer+GST_PADS: 0:02:27.791683016 0xe93d1d00 gstpad.c:1188:activate_mode_internal:<gluploadelement1:sink> deactivated in push mode
06-06 22:07:23.961  4906  5116 D GStreamer+GST_ELEMENT_PADS: 0:02:27.791733276 0xe93d1d00 gstelement.c:2814:gst_element_pads_activate:<gluploadelement1> pad deactivation successful
06-06 22:07:23.961  4906  5126 D GStreamer+GST_EVENT: 0:02:27.791678589 0xe900d1b0 gstpad.c:5536:gst_pad_send_event_unchecked:<amcaudiodec-omxgooglemp3decoder0:sink> have event type tag event: 0xe9576838, time 99:99:99.999999999, seq-num 634, GstTagList-stream, taglist=(taglist)"taglist\,\ audio-codec\=\(string\)\"MPEG-1\\\ audio\"\,\ maximum-bitrate\=\(uint\)48000\,\ bitrate\=\(uint\)48000\,\ language-code\=\(string\)en\;";
06-06 22:07:23.961  4906  5116 D GStreamer+GST_STATES: 0:02:27.791758068 0xe93d1d00 gstelement.c:2686:gst_element_change_state:<gluploadelement1> element changed state SUCCESS
06-06 22:07:23.961  4906  5116 I GStreamer+GST_STATES: 0:02:27.791775985 0xe93d1d00 gstelement.c:2374:gst_element_continue_state:<gluploadelement1> completed state change to READY
06-06 22:07:23.961  4906  5126 D GStreamer+audiodecoder: 0:02:27.791773120 0xe900d1b0 gstaudiodecoder.c:2332:gst_audio_decoder_sink_event:<amcaudiodec-omxgooglemp3decoder0> received event 20510, tag
06-06 22:07:23.961  4906  5126 I GStreamer+audiodecoder: 0:02:27.791806193 0xe900d1b0 gstaudiodecoder.c:2286:gst_audio_decoder_sink_eventfunc:<amcaudiodec-omxgooglemp3decoder0> upstream stream tags: taglist, audio-codec=(string)"MPEG-1\ audio", maximum-bitrate=(uint)48000, bitrate=(uint)48000, language-code=(string)en;
06-06 22:07:23.961  4906  5116 I GStreamer+GST_STATES: 0:02:27.791821922 0xe93d1d00 gstelement.c:2279:_priv_gst_element_state_changed:<gluploadelement1> notifying about state-changed PAUSED to READY (VOID_PENDING pending)
06-06 22:07:23.961  4906  5126 D GStreamer+audiodecoder: 0:02:27.791849891 0xe900d1b0 gstaudiodecoder.c:589:gst_audio_decoder_create_merged_tags_event:<amcaudiodec-omxgooglemp3decoder0> merged   : taglist, audio-codec=(string)"MPEG-1\ audio", maximum-bitrate=(uint)48000, bitrate=(uint)48000, language-code=(string)en;
06-06 22:07:23.961  4906  5116 D GStreamer+GST_BUS: 0:02:27.791853381 0xe93d1d00 gstbus.c:309:gst_bus_post:<bus5> [msg 0xe9567e78] posting on bus state-changed message: 0xe9567e78, time 99:99:99.999999999, seq-num 701, element 'gluploadelement1', GstMessageStateChanged, old-state=(GstState)GST_STATE_PAUSED, new-state=(GstState)GST_STATE_READY, pending-state=(GstState)GST_STATE_VOID_PENDING;
06-06 22:07:23.961  4906  5126 D GStreamer+GST_EVENT: 0:02:27.791893016 0xe900d1b0 gstevent.c:302:gst_event_new_custom creating new event 0xe9576a30 tag 20510
06-06 22:07:23.961  4906  5126 D GStreamer+audiodecoder: 0:02:27.791919162 0xe900d1b0 gstaudiodecoder.c:2308:gst_audio_decoder_sink_eventfunc:<amcaudiodec-omxgooglemp3decoder0> Enqueuing event 20510, tag
06-06 22:07:23.961  4906  5116 D GStreamer+bin: 0:02:27.791932026 0xe93d1d00 gstbin.c:3654:gst_bin_handle_message_func:<glimagesinkbin1> [msg 0xe9567e78] handling child gluploadelement1 message of type state-changed
06-06 22:07:23.961  4906  5126 D GStreamer+GST_PADS: 0:02:27.791944214 0xe900d1b0 gstpad.c:5609:gst_pad_send_event_unchecked:<amcaudiodec-omxgooglemp3decoder0:sink> sent event, ret ok
06-06 22:07:23.961  4906  5116 D GStreamer+bin: 0:02:27.791960672 0xe93d1d00 gstbin.c:3991:gst_bin_handle_message_func:<glimagesinkbin1> posting message upward
06-06 22:07:23.961  4906  5126 D GStreamer+GST_PADS: 0:02:27.791967599 0xe900d1b0 gstpad.c:3805:push_sticky:<mpegaudioparse0:src> event tag marked received
06-06 22:07:23.961  4906  5126 D GStreamer+GST_PADS: 0:02:27.791990464 0xe900d1b0 gstpad.c:3853:check_sticky:<mpegaudioparse0:src> pushing all sticky events
06-06 22:07:23.961  4906  5126 D GStreamer+GST_PADS: 0:02:27.792012808 0xe900d1b0 gstpad.c:3785:push_sticky:<mpegaudioparse0:src> event stream-start was already received
06-06 22:07:23.961  4906  5116 D GStreamer+GST_BUS: 0:02:27.791980672 0xe93d1d00 gstbus.c:309:gst_bus_post:<bus8> [msg 0xe9567e78] posting on bus state-changed message: 0xe9567e78, time 99:99:99.999999999, seq-num 701, element 'gluploadelement1', GstMessageStateChanged, old-state=(GstState)GST_STATE_PAUSED, new-state=(GstState)GST_STATE_READY, pending-state=(GstState)GST_STATE_VOID_PENDING;
06-06 22:07:23.961  4906  5126 D GStreamer+GST_PADS: 0:02:27.792038589 0xe900d1b0 gstpad.c:3785:push_sticky:<mpegaudioparse0:src> event caps was already received
06-06 22:07:23.961  4906  5126 D GStreamer+GST_PADS: 0:02:27.792058068 0xe900d1b0 gstpad.c:3785:push_sticky:<mpegaudioparse0:src> event segment was already received
06-06 22:07:23.961  4906  5116 D GStreamer+bin: 0:02:27.792055516 0xe93d1d00 gstbin.c:3654:gst_bin_handle_message_func:<pipeline1> [msg 0xe9567e78] handling child gluploadelement1 message of type state-changed
06-06 22:07:23.961  4906  5116 D GStreamer+bin: 0:02:27.792085360 0xe93d1d00 gstbin.c:3991:gst_bin_handle_message_func:<pipeline1> posting message upward
06-06 22:07:23.961  4906  5126 D GStreamer+GST_PADS: 0:02:27.792082964 0xe900d1b0 gstpad.c:3785:push_sticky:<mpegaudioparse0:src> event tag was already received
06-06 22:07:23.961  4906  5126 D GStreamer+GST_EVENT: 0:02:27.792106610 0xe900d1b0 gstpad.c:5536:gst_pad_send_event_unchecked:<amcaudiodec-omxgooglemp3decoder0:sink> have event type tag event: 0xe9305628, time 99:99:99.999999999, seq-num 624, GstTagList-global, taglist=(taglist)"taglist\,\ datetime\=\(datetime\)2016-05-10T02:46:01Z\,\ container-format\=\(string\)\"ISO\\\ MP4/M4A\"\;";
06-06 22:07:23.961  4906  5116 D GStreamer+GST_BUS: 0:02:27.792105516 0xe93d1d00 gstbus.c:309:gst_bus_post:<bus9> [msg 0xe9567e78] posting on bus state-changed message: 0xe9567e78, time 99:99:99.999999999, seq-num 701, element 'gluploadelement1', GstMessageStateChanged, old-state=(GstState)GST_STATE_PAUSED, new-state=(GstState)GST_STATE_READY, pending-state=(GstState)GST_STATE_VOID_PENDING;
06-06 22:07:23.961  4906  5116 D GStreamer+GST_BUS: 0:02:27.792183589 0xe93d1d00 gstbus.c:348:gst_bus_post:<bus9> [msg 0xe9567e78] pushing on async queue
06-06 22:07:23.961  4906  5126 D GStreamer+audiodecoder: 0:02:27.792183224 0xe900d1b0 gstaudiodecoder.c:2332:gst_audio_decoder_sink_event:<amcaudiodec-omxgooglemp3decoder0> received event 20510, tag
06-06 22:07:23.961  4906  5116 D GStreamer+GST_BUS: 0:02:27.792209787 0xe93d1d00 gstbus.c:351:gst_bus_post:<bus9> [msg 0xe9567e78] pushed on async queue
06-06 22:07:23.961  4906  5126 D GStreamer+audiodecoder: 0:02:27.792211297 0xe900d1b0 gstaudiodecoder.c:2308:gst_audio_decoder_sink_eventfunc:<amcaudiodec-omxgooglemp3decoder0> Enqueuing event 20510, tag
06-06 22:07:23.961  4906  5126 D GStreamer+GST_PADS: 0:02:27.792240568 0xe900d1b0 gstpad.c:5609:gst_pad_send_event_unchecked:<amcaudiodec-omxgooglemp3decoder0:sink> sent event, ret ok
06-06 22:07:23.961  4906  5116 D GStreamer+GST_BUS: 0:02:27.792232547 0xe93d1d00 gstbus.c:344:gst_bus_post:<bus8> [msg 0xe9567e78] dropped
06-06 22:07:23.961  4906  5126 D GStreamer+GST_PADS: 0:02:27.792263797 0xe900d1b0 gstpad.c:3805:push_sticky:<mpegaudioparse0:src> event tag marked received
06-06 22:07:23.961  4906  5116 D GStreamer+GST_BUS: 0:02:27.792273954 0xe93d1d00 gstbus.c:344:gst_bus_post:<bus5> [msg 0xe9567e78] dropped
06-06 22:07:23.961  4906  5116 D GStreamer+GST_STATES: 0:02:27.792296089 0xe93d1d00 gstelement.c:2609:gst_element_set_state_func:<gluploadelement1> returned SUCCESS
06-06 22:07:23.961  4906  5126 D GStreamer+GST_CAPS: 0:02:27.792296766 0xe900d1b0 gstpad.c:2672:gst_pad_get_current_caps:<mpegaudioparse0:src> get current pad caps audio/mpeg, mpegversion=(int)1, mpegaudioversion=(int)2, layer=(int)3, rate=(int)24000, channels=(int)1, parsed=(boolean)true
06-06 22:07:23.961  4906  5116 I GStreamer+GST_STATES: 0:02:27.792320516 0xe93d1d00 gstbin.c:2892:gst_bin_change_state_func:<glimagesinkbin1> child 'gluploadelement1' changed state to 2(READY) successfully
06-06 22:07:23.961  4906  5116 D GStreamer+bin: 0:02:27.792348901 0xe93d1d00 gstbin.c:2299:gst_bin_sort_iterator_next:<glimagesinkbin1> queue empty, elements exhausted
06-06 22:07:23.961  4906  5126 D GStreamer+baseparse: 0:02:27.792371454 0xe900d1b0 gstbaseparse.c:4905:gst_base_parse_merge_tags:<mpegaudioparse0> setting parser tags to taglist, has-crc=(boolean)false, channel-mode=(string)mono, audio-codec=(string)"MPEG-1\ Layer\ 3\ \(MP3\)", nominal-bitrate=(uint)48000; (mode 2)
06-06 22:07:23.961  4906  5116 D GStreamer+GST_STATES: 0:02:27.792389995 0xe93d1d00 gstbin.c:2951:gst_bin_change_state_func:<glimagesinkbin1> iterator done
06-06 22:07:23.961  4906  5116 D GStreamer+GST_ELEMENT_PADS: 0:02:27.792412287 0xe93d1d00 gstelement.c:2795:gst_element_pads_activate:<glimagesinkbin1> deactivate pads
06-06 22:07:23.961  4906  5126 D GStreamer+baseparse: 0:02:27.792435620 0xe900d1b0 gstbaseparse.c:945:gst_base_parse_queue_tag_event_update:<mpegaudioparse0> merged   : taglist, audio-codec=(string)"MPEG-1\ Layer\ 3\ \(MP3\)", maximum-bitrate=(uint)48000, bitrate=(uint)48000, language-code=(string)en, has-crc=(boolean)false, channel-mode=(string)mono, nominal-bitrate=(uint)48000;
06-06 22:07:23.961  4906  5116 D GStreamer+GST_PADS: 0:02:27.792481245 0xe93d1d00 gstpad.c:1078:gst_pad_set_active:<glimagesinkbin1:sink> deactivating pad from push mode
06-06 22:07:23.961  4906  5126 D GStreamer+GST_EVENT: 0:02:27.792480099 0xe900d1b0 gstevent.c:302:gst_event_new_custom creating new event 0xe9576a78 tag 20510
06-06 22:07:23.961  4906  5116 D GStreamer+GST_PADS: 0:02:27.792509579 0xe93d1d00 gstpad.c:967:pre_activate:<glimagesinkbin1:sink> setting PAD_MODE NONE, set flushing
06-06 22:07:23.961  4906  5126 D GStreamer+GST_PADS: 0:02:27.792511193 0xe900d1b0 gstpad.c:3853:check_sticky:<mpegaudioparse0:src> pushing all sticky events
06-06 22:07:23.961  4906  5126 D GStreamer+GST_PADS: 0:02:27.792531245 0xe900d1b0 gstpad.c:3785:push_sticky:<mpegaudioparse0:src> event stream-start was already received
06-06 22:07:23.961  4906  5126 D GStreamer+GST_PADS: 0:02:27.792550360 0xe900d1b0 gstpad.c:3785:push_sticky:<mpegaudioparse0:src> event caps was already received
06-06 22:07:23.961  4906  5116 D GStreamer+GST_PADS: 0:02:27.792552443 0xe93d1d00 gstpad.c:967:pre_activate:<sink:proxypad4> setting PAD_MODE NONE, set flushing
06-06 22:07:23.962  4906  5126 D GStreamer+GST_PADS: 0:02:27.792572756 0xe900d1b0 gstpad.c:3785:push_sticky:<mpegaudioparse0:src> event segment was already received
06-06 22:07:23.962  4906  5116 D GStreamer+GST_PADS: 0:02:27.792578433 0xe93d1d00 gstpad.c:1207:activate_mode_internal:<glimagesinkbin1:sink> already deactivated in push mode
06-06 22:07:23.962  4906  5116 D GStreamer+GST_PADS: 0:02:27.792601037 0xe93d1d00 gstpad.c:1015:post_activate:<sink:proxypad4> stopped streaming
06-06 22:07:23.962  4906  5126 D GStreamer+GST_EVENT: 0:02:27.792594266 0xe900d1b0 gstpad.c:5536:gst_pad_send_event_unchecked:<amcaudiodec-omxgooglemp3decoder0:sink> have event type tag event: 0xe9576a78, time 99:99:99.999999999, seq-num 703, GstTagList-stream, taglist=(taglist)"taglist\,\ audio-codec\=\(string\)\"MPEG-1\\\ Layer\\\ 3\\\ \\\(MP3\\\)\"\,\ maximum-bitrate\=\(uint\)48000\,\ bitrate\=\(uint\)48000\,\ language-code\=\(string\)en\,\ has-crc\=\(boolean\)false\,\ channel-mode\=\(string\)mono\,\ nominal-bitrate\=\(uint\)48000\;";
06-06 22:07:23.962  4906  5116 D GStreamer+GST_PADS: 0:02:27.792622547 0xe93d1d00 gstpad.c:1188:activate_mode_internal:<sink:proxypad4> deactivated in push mode
06-06 22:07:23.962  4906  5126 D GStreamer+audiodecoder: 0:02:27.792664058 0xe900d1b0 gstaudiodecoder.c:2332:gst_audio_decoder_sink_event:<amcaudiodec-omxgooglemp3decoder0> received event 20510, tag
06-06 22:07:23.962  4906  5116 D GStreamer+GST_PADS: 0:02:27.792674891 0xe93d1d00 gstpad.c:1015:post_activate:<glimagesinkbin1:sink> stopped streaming
06-06 22:07:23.962  4906  5116 D GStreamer+GST_PADS: 0:02:27.792696141 0xe93d1d00 gstpad.c:1188:activate_mode_internal:<glimagesinkbin1:sink> deactivated in push mode
06-06 22:07:23.962  4906  5126 I GStreamer+audiodecoder: 0:02:27.792693537 0xe900d1b0 gstaudiodecoder.c:2286:gst_audio_decoder_sink_eventfunc:<amcaudiodec-omxgooglemp3decoder0> upstream stream tags: taglist, audio-codec=(string)"MPEG-1\ Layer\ 3\ \(MP3\)", maximum-bitrate=(uint)48000, bitrate=(uint)48000, language-code=(string)en, has-crc=(boolean)false, channel-mode=(string)mono, nominal-bitrate=(uint)48000;
06-06 22:07:23.962  4906  5116 D GStreamer+GST_ELEMENT_PADS: 0:02:27.792723954 0xe93d1d00 gstelement.c:2814:gst_element_pads_activate:<glimagesinkbin1> pad deactivation successful
06-06 22:07:23.962  4906  5126 D GStreamer+audiodecoder: 0:02:27.792740412 0xe900d1b0 gstaudiodecoder.c:589:gst_audio_decoder_create_merged_tags_event:<amcaudiodec-omxgooglemp3decoder0> merged   : taglist, audio-codec=(string)"MPEG-1\ Layer\ 3\ \(MP3\)", maximum-bitrate=(uint)48000, bitrate=(uint)48000, language-code=(string)en, has-crc=(boolean)false, channel-mode=(string)mono, nominal-bitrate=(uint)48000;
06-06 22:07:23.962  4906  5116 D GStreamer+bin: 0:02:27.792750204 0xe93d1d00 gstbin.c:2341:gst_bin_sort_iterator_free:<glimagesinkbin1> free
06-06 22:07:23.962  4906  5126 D GStreamer+GST_EVENT: 0:02:27.792781454 0xe900d1b0 gstevent.c:302:gst_event_new_custom creating new event 0xe9576ac0 tag 20510
06-06 22:07:23.962  4906  5116 D GStreamer+bin: 0:02:27.792791349 0xe93d1d00 gstbin.c:2986:gst_bin_change_state_func:<glimagesinkbin1> no async elements
06-06 22:07:23.962  4906  5126 D GStreamer+audiodecoder: 0:02:27.792805256 0xe900d1b0 gstaudiodecoder.c:2308:gst_audio_decoder_sink_eventfunc:<amcaudiodec-omxgooglemp3decoder0> Enqueuing event 20510, tag
06-06 22:07:23.962  4906  5116 D GStreamer+GST_STATES: 0:02:27.792810412 0xe93d1d00 gstbin.c:3020:gst_bin_change_state_func:<glimagesinkbin1> done changing bin's state from PAUSED to READY, now in READY, ret SUCCESS
06-06 22:07:23.962  4906  5126 D GStreamer+GST_PADS: 0:02:27.792839683 0xe900d1b0 gstpad.c:5609:gst_pad_send_event_unchecked:<amcaudiodec-omxgooglemp3decoder0:sink> sent event, ret ok
06-06 22:07:23.962  4906  5116 D GStreamer+GST_STATES: 0:02:27.792843224 0xe93d1d00 gstelement.c:2686:gst_element_change_state:<glimagesinkbin1> element changed state SUCCESS
06-06 22:07:23.962  4906  5126 D GStreamer+GST_PADS: 0:02:27.792868224 0xe900d1b0 gstpad.c:3805:push_sticky:<mpegaudioparse0:src> event tag marked received
06-06 22:07:23.962  4906  5116 I GStreamer+GST_STATES: 0:02:27.792882860 0xe93d1d00 gstelement.c:2349:gst_element_continue_state:<glimagesinkbin1> committing state from READY to READY, pending NULL, next NULL
06-06 22:07:23.962  4906  5126 D GStreamer+GST_PADS: 0:02:27.792891193 0xe900d1b0 gstpad.c:3785:push_sticky:<mpegaudioparse0:src> event tag was already received
06-06 22:07:23.962  4906  5116 I GStreamer+GST_STATES: 0:02:27.792913693 0xe93d1d00 gstelement.c:2279:_priv_gst_element_state_changed:<glimagesinkbin1> notifying about state-changed READY to READY (NULL pending)
06-06 22:07:23.962  4906  5126 D GStreamer+GST_SCHEDULING: 0:02:27.792920985 0xe900d1b0 gstpad.c:4193:gst_pad_chain_data_unchecked:<amcaudiodec-omxgooglemp3decoder0:sink> calling chainfunction &gst_audio_decoder_chain with buffer buffer: 0xe91f9de0, pts 0:00:00.000000000, dts 0:00:00.000000000, dur 0:00:00.024000000, size 144, offset 0, offset_end none, flags 0x0
06-06 22:07:23.962  4906  5126 D GStreamer+audiodecoder: 0:02:27.792980204 0xe900d1b0 gstaudiodecoder.c:1480:gst_audio_decoder_push_buffers:<amcaudiodec-omxgooglemp3decoder0> available: 144
06-06 22:07:23.962  4906  5116 D GStreamer+GST_BUS: 0:02:27.792947026 0xe93d1d00 gstbus.c:309:gst_bus_post:<bus8> [msg 0xe92ef8c8] posting on bus state-changed message: 0xe92ef8c8, time 99:99:99.999999999, seq-num 705, element 'glimagesinkbin1', GstMessageStateChanged, old-state=(GstState)GST_STATE_READY, new-state=(GstState)GST_STATE_READY, pending-state=(GstState)GST_STATE_NULL;
06-06 22:07:23.962  4906  5126 D GStreamer+amcaudiodec: 0:02:27.793007599 0xe900d1b0 gstamcaudiodec.c:1050:gst_amc_audio_dec_handle_frame:<amcaudiodec-omxgooglemp3decoder0> Handling frame
06-06 22:07:23.962  4906  5116 D GStreamer+bin: 0:02:27.793023120 0xe93d1d00 gstbin.c:3654:gst_bin_handle_message_func:<pipeline1> [msg 0xe92ef8c8] handling child glimagesinkbin1 message of type state-changed
06-06 22:07:23.962  4906  5116 D GStreamer+bin: 0:02:27.793047131 0xe93d1d00 gstbin.c:3991:gst_bin_handle_message_func:<pipeline1> posting message upward
06-06 22:07:23.962  4906  5116 D GStreamer+GST_BUS: 0:02:27.793116193 0xe93d1d00 gstbus.c:309:gst_bus_post:<bus9> [msg 0xe92ef8c8] posting on bus state-changed message: 0xe92ef8c8, time 99:99:99.999999999, seq-num 705, element 'glimagesinkbin1', GstMessageStateChanged, old-state=(GstState)GST_STATE_READY, new-state=(GstState)GST_STATE_READY, pending-state=(GstState)GST_STATE_NULL;
06-06 22:07:23.962  4906  5116 D GStreamer+GST_BUS: 0:02:27.793167079 0xe93d1d00 gstbus.c:348:gst_bus_post:<bus9> [msg 0xe92ef8c8] pushing on async queue
06-06 22:07:23.962  4906  5126 D GStreamer+amcaudiodec: 0:02:27.793175829 0xe900d1b0 gstamcaudiodec.c:1170:gst_amc_audio_dec_handle_frame:<amcaudiodec-omxgooglemp3decoder0> Queueing buffer 0: size 144 time 0 flags 0x00000001
06-06 22:07:23.962  4906  5116 D GStreamer+GST_BUS: 0:02:27.793190047 0xe93d1d00 gstbus.c:351:gst_bus_post:<bus9> [msg 0xe92ef8c8] pushed on async queue
06-06 22:07:23.962  4906  5116 D GStreamer+GST_BUS: 0:02:27.793288745 0xe93d1d00 gstbus.c:344:gst_bus_post:<bus8> [msg 0xe92ef8c8] dropped
06-06 22:07:23.962  4906  5116 I GStreamer+GST_STATES: 0:02:27.793336454 0xe93d1d00 gstelement.c:2356:gst_element_continue_state:<glimagesinkbin1> continue state change READY to NULL, final NULL
06-06 22:07:23.962  4906  5116 D GStreamer+glimagesink: 0:02:27.793363433 0xe93d1d00 gstglsinkbin.c:374:gst_gl_sink_bin_change_state changing state: READY => NULL
06-06 22:07:23.962  4906  5126 D GStreamer+GST_SCHEDULING: 0:02:27.793269943 0xe900d1b0 gstpad.c:4199:gst_pad_chain_data_unchecked:<amcaudiodec-omxgooglemp3decoder0:sink> called chainfunction &gst_audio_decoder_chain with buffer 0xe91f9de0, returned ok
06-06 22:07:23.962  4906  5126 D GStreamer+adapter: 0:02:27.793447547 0xe900d1b0 gstadapter.c:296:copy_into_unchecked bsize 144, skip 0, csize 144
06-06 22:07:23.962  4906  5126 D GStreamer+GST_MEMORY: 0:02:27.793484735 0xe900d1b0 gstmemory.c:138:gst_memory_init new memory 0xe9277da8, maxsize:288 offset:0 size:288
06-06 22:07:23.962  4906  5116 D GStreamer+GST_STATES: 0:02:27.793386818 0xe93d1d00 gstbin.c:2792:gst_bin_change_state_func:<glimagesinkbin1> changing state of children from READY to NULL
06-06 22:07:23.962  4906  5132 D GStreamer+amcaudiodec: 0:02:27.793512912 0xe95393b0 gstamcaudiodec.c:449:gst_amc_audio_dec_loop:<amcaudiodec-omxgooglemp3decoder0> Output format has changed
06-06 22:07:23.962  4906  5126 D GStreamer+mpegaudioparse: 0:02:27.793517912 0xe900d1b0 gstmpegaudioparse.c:454:gst_mpeg_audio_parse_head_check:<mpegaudioparse0> checking mp3 header 0xfff364c0
06-06 22:07:23.962  4906  5126 D GStreamer+mpegaudioparse: 0:02:27.793550412 0xe900d1b0 gstmpegaudioparse.c:335:mp3_type_frame_length_from_header:<mpegaudioparse0> Calculated mp3 frame length of 144 bytes
06-06 22:07:23.963  4906  5126 D GStreamer+mpegaudioparse: 0:02:27.793572391 0xe900d1b0 gstmpegaudioparse.c:338:mp3_type_frame_length_from_header:<mpegaudioparse0> samplerate = 24000, bitrate = 48000, version = 2, layer = 3, channels = 1, mode = mono
06-06 22:07:23.963  4906  5126 D GStreamer+GST_MEMORY: 0:02:27.793603381 0xe900d1b0 gstmemory.c:87:_gst_memory_free free memory 0xe9277da8
06-06 22:07:23.963  4906  5116 D GStreamer+bin: 0:02:27.793539474 0xe93d1d00 gstbin.c:2840:gst_bin_change_state_func:<glimagesinkbin1> clearing all cached messages
06-06 22:07:23.963  4906  5116 D GStreamer+bin: 0:02:27.793640151 0xe93d1d00 gstbin.c:2637:gst_bin_src_pads_activate:<glimagesinkbin1> deactivate pads
06-06 22:07:23.963  4906  5126 D GStreamer+GST_CAPS: 0:02:27.793628068 0xe900d1b0 gstpad.c:2644:gst_pad_has_current_caps:<mpegaudioparse0:src> check current pad caps audio/mpeg, mpegversion=(int)1, mpegaudioversion=(int)2, layer=(int)3, rate=(int)24000, channels=(int)1, parsed=(boolean)true
06-06 22:07:23.963  4906  5116 D GStreamer+bin: 0:02:27.793668849 0xe93d1d00 gstbin.c:2645:gst_bin_src_pads_activate:<glimagesinkbin1> pad deactivation successful
06-06 22:07:23.963  4906  5116 D GStreamer+bin: 0:02:27.793693433 0xe93d1d00 gstbin.c:2323:gst_bin_sort_iterator_resync:<glimagesinkbin1> resync
06-06 22:07:23.963  4906  5126 D GStreamer+GST_SCHEDULING: 0:02:27.793678172 0xe900d1b0 gstpad.c:4193:gst_pad_chain_data_unchecked:<amcaudiodec-omxgooglemp3decoder0:sink> calling chainfunction &gst_audio_decoder_chain with buffer buffer: 0xe91fa038, pts 0:00:00.024000000, dts 0:00:00.024000000, dur 0:00:00.024000000, size 144, offset 144, offset_end none, flags 0x0
06-06 22:07:23.963  4906  5116 D GStreamer+bin: 0:02:27.793712131 0xe93d1d00 gstbin.c:2109:add_to_queue:<glimagesinkbin1> adding 'sink' to queue
06-06 22:07:23.963  4906  5132 D GStreamer+amcaudiodec: 0:02:27.793738537 0xe95393b0 gstamcaudiodec.c:460:gst_amc_audio_dec_loop:<amcaudiodec-omxgooglemp3decoder0> Got new output format: {channel-count=1, what=1869968451, mime=audio/raw, sample-rate=24000}
06-06 22:07:23.963  4906  5116 D GStreamer+bin: 0:02:27.793762131 0xe93d1d00 gstbin.c:911:find_message:<glimagesinkbin1> no message found matching types 00001000
06-06 22:07:23.963  4906  5116 D GStreamer+bin: 0:02:27.793783954 0xe93d1d00 gstbin.c:918:find_message:<glimagesinkbin1>   structure-change
06-06 22:07:23.963  4906  5132 D GStreamer+audiodecoder: 0:02:27.793789058 0xe95393b0 gstaudiodecoder.c:789:gst_audio_decoder_set_output_format:<amcaudiodec-omxgooglemp3decoder0> Setting output format
06-06 22:07:23.963  4906  5116 D GStreamer+bin: 0:02:27.793805933 0xe93d1d00 gstbin.c:2226:update_degree:<glimagesinkbin1> change element glcolorbalance1, degree 0->1, linked to sink
06-06 22:07:23.963  4906  5132 D GStreamer+amcaudiodec: 0:02:27.793838589 0xe95393b0 gstamcaudiodec.c:424:gst_amc_audio_dec_loop:<amcaudiodec-omxgooglemp3decoder0> Waiting for available output buffer
06-06 22:07:23.963  4906  5116 D GStreamer+bin: 0:02:27.793850672 0xe93d1d00 gstbin.c:911:find_message:<glimagesinkbin1> no message found matching types 00001000
06-06 22:07:23.963  4906  5126 D GStreamer+audiodecoder: 0:02:27.793870776 0xe900d1b0 gstaudiodecoder.c:1480:gst_audio_decoder_push_buffers:<amcaudiodec-omxgooglemp3decoder0> available: 144
06-06 22:07:23.963  4906  5116 D GStreamer+bin: 0:02:27.793876245 0xe93d1d00 gstbin.c:918:find_message:<glimagesinkbin1>   structure-change
06-06 22:07:23.963  4906  5126 D GStreamer+amcaudiodec: 0:02:27.793908954 0xe900d1b0 gstamcaudiodec.c:1050:gst_amc_audio_dec_handle_frame:<amcaudiodec-omxgooglemp3decoder0> Handling frame
06-06 22:07:23.963  4906  5132 D GStreamer+amcaudiodec: 0:02:27.793940099 0xe95393b0 gstamcaudiodec.c:491:gst_amc_audio_dec_loop:<amcaudiodec-omxgooglemp3decoder0> Got output buffer at index 0: offset 1058 size 94 time 0 flags 0x00000000
06-06 22:07:23.963  4906  5116 D GStreamer+bin: 0:02:27.793926610 0xe93d1d00 gstbin.c:2226:update_degree:<glimagesinkbin1> change element glcolorconvertelement1, degree 0->1, linked to glcolorbalance1
06-06 22:07:23.963  4906  5116 D GStreamer+bin: 0:02:27.794003485 0xe93d1d00 gstbin.c:911:find_message:<glimagesinkbin1> no message found matching types 00001000
06-06 22:07:23.963  4906  5132 D GStreamer+audiodecoder: 0:02:27.794017964 0xe95393b0 gstaudiodecoder.c:3576:gst_audio_decoder_allocate_output_buffer alloc src buffer
06-06 22:07:23.963  4906  5116 D GStreamer+bin: 0:02:27.794023120 0xe93d1d00 gstbin.c:918:find_message:<glimagesinkbin1>   structure-change
06-06 22:07:23.963  4906  5132 D GStreamer+GST_PADS: 0:02:27.794041974 0xe95393b0 gstpad.c:1614:gst_pad_check_reconfigure:<amcaudiodec-omxgooglemp3decoder0:src> remove RECONFIGURE flag
06-06 22:07:23.963  4906  5116 D GStreamer+bin: 0:02:27.794045672 0xe93d1d00 gstbin.c:2226:update_degree:<glimagesinkbin1> change element gluploadelement1, degree 0->1, linked to glcolorconvertelement1
06-06 22:07:23.963  4906  5132 D GStreamer+audiodecoder: 0:02:27.794072183 0xe95393b0 gstaudiodecoder.c:647:gst_audio_decoder_negotiate_default:<amcaudiodec-omxgooglemp3decoder0> setting src caps audio/x-raw, format=(string)S16LE, layout=(string)interleaved, rate=(int)24000, channels=(int)1
06-06 22:07:23.963  4906  5116 D GStreamer+bin: 0:02:27.794108537 0xe93d1d00 gstbin.c:911:find_message:<glimagesinkbin1> no message found matching types 00001000
06-06 22:07:23.963  4906  5132 D GStreamer+audiodecoder: 0:02:27.794116974 0xe95393b0 gstaudiodecoder.c:654:gst_audio_decoder_negotiate_default:<amcaudiodec-omxgooglemp3decoder0> Pushing pending events
06-06 22:07:23.963  4906  5116 D GStreamer+bin: 0:02:27.794128172 0xe93d1d00 gstbin.c:918:find_message:<glimagesinkbin1>   structure-change
06-06 22:07:23.963  4906  5132 D GStreamer+GST_CAPS: 0:02:27.794137183 0xe95393b0 gstpad.c:2672:gst_pad_get_current_caps:<amcaudiodec-omxgooglemp3decoder0:src> get current pad caps (NULL)
06-06 22:07:23.963  4906  5132 I GStreamer+GST_EVENT: 0:02:27.794160985 0xe95393b0 gstevent.c:679:gst_event_new_caps creating caps event audio/x-raw, format=(string)S16LE, layout=(string)interleaved, rate=(int)24000, channels=(int)1
06-06 22:07:23.963  4906  5116 D GStreamer+bin: 0:02:27.794149787 0xe93d1d00 gstbin.c:2249:update_degree:<glimagesinkbin1> element gluploadelement1 not linked on any sinkpads
06-06 22:07:23.963  4906  5132 D GStreamer+GST_EVENT: 0:02:27.794192287 0xe95393b0 gstevent.c:302:gst_event_new_custom creating new event 0xe921c990 caps 12814
06-06 22:07:23.963  4906  5116 D GStreamer+bin: 0:02:27.794196922 0xe93d1d00 gstbin.c:2310:gst_bin_sort_iterator_next:<glimagesinkbin1> queue head gives sink
06-06 22:07:23.963  4906  5132 D GStreamer+GST_PADS: 0:02:27.794216454 0xe95393b0 gstpad.c:5093:store_sticky_event:<amcaudiodec-omxgooglemp3decoder0:src> notify caps
06-06 22:07:23.963  4906  5116 D GStreamer+bin: 0:02:27.794221454 0xe93d1d00 gstbin.c:911:find_message:<glimagesinkbin1> no message found matching types 00001000
06-06 22:07:23.963  4906  5116 D GStreamer+bin: 0:02:27.794241401 0xe93d1d00 gstbin.c:918:find_message:<glimagesinkbin1>   structure-change
06-06 22:07:23.963  4906  5132 D GStreamer+GST_PADS: 0:02:27.794248485 0xe95393b0 gstpad.c:3853:check_sticky:<amcaudiodec-omxgooglemp3decoder0:src> pushing all sticky events
06-06 22:07:23.963  4906  5132 D GStreamer+GST_PADS: 0:02:27.794268849 0xe95393b0 gstpad.c:3785:push_sticky:<amcaudiodec-omxgooglemp3decoder0:src> event stream-start was already received
06-06 22:07:23.963  4906  5116 D GStreamer+bin: 0:02:27.794261037 0xe93d1d00 gstbin.c:2226:update_degree:<glimagesinkbin1> change element glcolorbalance1, degree 1->0, linked to sink
06-06 22:07:23.963  4906  5132 D GStreamer+GST_PADS: 0:02:27.794293485 0xe95393b0 gstpad.c:5093:store_sticky_event:<'':decodepad2> notify caps
06-06 22:07:23.963  4906  5116 D GStreamer+bin: 0:02:27.794306610 0xe93d1d00 gstbin.c:2109:add_to_queue:<glimagesinkbin1> adding 'glcolorbalance1' to queue
06-06 22:07:23.963  4906  5132 D GStreamer+GST_PADS: 0:02:27.794316818 0xe95393b0 gstpad.c:3853:check_sticky:<'':decodepad2> pushing all sticky events
06-06 22:07:23.963  4906  5132 D GStreamer+GST_PADS: 0:02:27.794336610 0xe95393b0 gstpad.c:3785:push_sticky:<'':decodepad2> event stream-start was already received
06-06 22:07:23.963  4906  5116 I GStreamer+GST_STATES: 0:02:27.794334579 0xe93d1d00 gstbin.c:2444:gst_bin_element_set_state:<sink> current READY pending VOID_PENDING, desired next NULL
06-06 22:07:23.963  4906  5132 D GStreamer+GST_PADS: 0:02:27.794364631 0xe95393b0 gstpad.c:3690:do_probe_callbacks:<'':decodepad2> data is passed
06-06 22:07:23.963  4906  5132 D GStreamer+GST_PADS: 0:02:27.794387651 0xe95393b0 gstpad.c:3493:probe_hook_marshal:<'':decodepad2> probe returned OK
06-06 22:07:23.963  4906  5116 D GStreamer+bin: 0:02:27.794364579 0xe93d1d00 gstbin.c:911:find_message:<glimagesinkbin1> no message found matching types 00100000
06-06 22:07:23.963  4906  5132 D GStreamer+GST_PADS: 0:02:27.794405099 0xe95393b0 gstpad.c:5306:gst_pad_push_event_unchecked:<'':decodepad2> Dropping event caps because pad is not linked
06-06 22:07:23.963  4906  5116 D GStreamer+bin: 0:02:27.794408849 0xe93d1d00 gstbin.c:918:find_message:<glimagesinkbin1>   async-start
