05-10 00:33:36.834  5448  5520 D GStreamer+basetransform: 0:00:31.274861030 0xf37eccc0 gstbasetransform.c:533:gst_base_transform_transform_caps:<glcolorconvertelement0> transform caps (direction = 2)
05-10 00:33:36.834  5448  5521 D GStreamer+structure: 0:00:31.274877228 0xf37ecd20 gststructure.c:2316:gst_structure_parse_field trying field name 'encoding-name'
05-10 00:33:36.834  5448  5521 D GStreamer+structure: 0:00:31.274918634 0xf37ecd20 gststructure.c:2367:gst_structure_parse_value trying type name 'string'
05-10 00:33:36.834  5448  5521 D GStreamer+GST_ELEMENT_FACTORY: 0:00:31.274957020 0xf37ecd20 gstelementfactory.c:848:gst_element_factory_list_filter Trying rtpj2kdepay
05-10 00:33:36.834  5448  5520 D GStreamer+basetransform: 0:00:31.274996551 0xf37eccc0 gstbasetransform.c:560:gst_base_transform_transform_caps:<glcolorconvertelement0> to: video/x-raw(memory:GLMemory), width=(int)[ 1, 2147483647 ], height=(int)[ 1, 2147483647 ], framerate=(fraction)[ 0/1, 2147483647/1 ]
05-10 00:33:36.834  5448  5521 D GStreamer+structure: 0:00:31.275012905 0xf37ecd20 gststructure.c:2316:gst_structure_parse_field trying field name 'media'
05-10 00:33:36.835  5448  5521 D GStreamer+structure: 0:00:31.275050405 0xf37ecd20 gststructure.c:2367:gst_structure_parse_value trying type name 'string'
05-10 00:33:36.835  5448  5520 D GStreamer+basetransform: 0:00:31.275075145 0xf37eccc0 gstbasetransform.c:714:gst_base_transform_query_caps:<glcolorconvertelement0:sink> transformed  video/x-raw(memory:GLMemory), width=(int)[ 1, 2147483647 ], height=(int)[ 1, 2147483647 ], framerate=(fraction)[ 0/1, 2147483647/1 ]
05-10 00:33:36.835  5448  5521 D GStreamer+structure: 0:00:31.275086707 0xf37ecd20 gststructure.c:2316:gst_structure_parse_field trying field name 'clock-rate'
05-10 00:33:36.835  5448  5521 D GStreamer+structure: 0:00:31.275131134 0xf37ecd20 gststructure.c:2367:gst_structure_parse_value trying type name 'int'
05-10 00:33:36.835  5448  5521 D GStreamer+structure: 0:00:31.275175353 0xf37ecd20 gststructure.c:2316:gst_structure_parse_field trying field name 'encoding-name'
05-10 00:33:36.835  5448  5521 D GStreamer+structure: 0:00:31.275210457 0xf37ecd20 gststructure.c:2367:gst_structure_parse_value trying type name 'string'
05-10 00:33:36.835  5448  5520 D GStreamer+basetransform: 0:00:31.275254988 0xf37eccc0 gstbasetransform.c:719:gst_base_transform_query_caps:<glcolorconvertelement0:sink> our template  video/x-raw(memory:GLMemory), format=(string){ RGBA, RGB, RGBx, BGR, BGRx, BGRA, xRGB, xBGR, ARGB, ABGR, Y444, I420, YV12, Y42B, Y41B, NV12, NV21, YUY2, UYVY, AYUV, GRAY8, GRAY16_LE, GRAY16_BE, RGB16, BGR16 }, width=(int)[ 1, 2147483647 ], height=(int)[ 1, 2147483647 ], framerate=(fraction)[ 0/1, 2147483647/1 ], texture-target=(string){ 2D, rectangle, external-oes }; video/x-raw(memory:GLMemory, meta:GstVideoOverlayComposition), format=(string){ RGBA, RGB, RGBx, BGR, BGRx, BGRA, xRGB, xBGR, ARGB, ABGR, Y444, I420, YV12, Y42B, Y41B, NV12, NV21, YUY2, UYVY, AYUV, GRAY8, GRAY16_LE, GRAY16_BE, RGB16, BGR16 }, width=(int)[ 1, 2147483647 ], height=(int)[ 1, 2147483647 ], framerate=(fraction)[ 0/1, 2147483647/1 ], texture-target=(string){ 2D, rectangle, external-oes }
05-10 00:33:36.835  5448  5521 D GStreamer+GST_ELEMENT_FACTORY: 0:00:31.275270613 0xf37ecd20 gstelementfactory.c:848:gst_element_factory_list_filter Trying rtpjpegdepay
05-10 00:33:36.835  5448  5521 D GStreamer+structure: 0:00:31.275313478 0xf37ecd20 gststructure.c:2316:gst_structure_parse_field trying field name 'media'
05-10 00:33:36.835  5448  5521 D GStreamer+structure: 0:00:31.275348374 0xf37ecd20 gststructure.c:2367:gst_structure_parse_value trying type name 'string'
05-10 00:33:36.835  5448  5520 D GStreamer+basetransform: 0:00:31.275382488 0xf37eccc0 gstbasetransform.c:724:gst_base_transform_query_caps:<glcolorconvertelement0:sink> intersected video/x-raw(memory:GLMemory), width=(int)[ 1, 2147483647 ], height=(int)[ 1, 2147483647 ], framerate=(fraction)[ 0/1, 2147483647/1 ], format=(string){ RGBA, RGB, RGBx, BGR, BGRx, BGRA, xRGB, xBGR, ARGB, ABGR, Y444, I420, YV12, Y42B, Y41B, NV12, NV21, YUY2, UYVY, AYUV, GRAY8, GRAY16_LE, GRAY16_BE, RGB16, BGR16 }, texture-target=(string){ 2D, rectangle, external-oes }
05-10 00:33:36.835  5448  5521 D GStreamer+structure: 0:00:31.275399259 0xf37ecd20 gststructure.c:2316:gst_structure_parse_field trying field name 'clock-rate'
05-10 00:33:36.835  5448  5521 D GStreamer+structure: 0:00:31.275429832 0xf37ecd20 gststructure.c:2367:gst_structure_parse_value trying type name 'int'
05-10 00:33:36.835  5448  5521 D GStreamer+structure: 0:00:31.275470874 0xf37ecd20 gststructure.c:2316:gst_structure_parse_field trying field name 'encoding-name'
05-10 00:33:36.835  5448  5520 D GStreamer+basetransform: 0:00:31.275483478 0xf37eccc0 gstbasetransform.c:730:gst_base_transform_query_caps:<glcolorconvertelement0:sink> peer filter caps video/x-raw(memory:GLMemory), width=(int)[ 1, 2147483647 ], height=(int)[ 1, 2147483647 ], framerate=(fraction)[ 0/1, 2147483647/1 ], format=(string){ RGBA, RGB, RGBx, BGR, BGRx, BGRA, xRGB, xBGR, ARGB, ABGR, Y444, I420, YV12, Y42B, Y41B, NV12, NV21, YUY2, UYVY, AYUV, GRAY8, GRAY16_LE, GRAY16_BE, RGB16, BGR16 }, texture-target=(string){ 2D, rectangle, external-oes }
05-10 00:33:36.835  5448  5521 D GStreamer+structure: 0:00:31.275502540 0xf37ecd20 gststructure.c:2367:gst_structure_parse_value trying type name 'string'
05-10 00:33:36.835  5448  5521 D GStreamer+structure: 0:00:31.275536342 0xf37ecd20 gststructure.c:2316:gst_structure_parse_field trying field name 'media'
05-10 00:33:36.835  5448  5521 D GStreamer+structure: 0:00:31.275578322 0xf37ecd20 gststructure.c:2367:gst_structure_parse_value trying type name 'string'
05-10 00:33:36.835  5448  5520 D GStreamer+GST_CAPS: 0:00:31.275596134 0xf37eccc0 gstutils.c:2884:gst_pad_peer_query_caps:<glcolorconvertelement0:src> get pad peer caps with filter video/x-raw(memory:GLMemory), width=(int)[ 1, 2147483647 ], height=(int)[ 1, 2147483647 ], framerate=(fraction)[ 0/1, 2147483647/1 ], format=(string){ RGBA, RGB, RGBx, BGR, BGRx, BGRA, xRGB, xBGR, ARGB, ABGR, Y444, I420, YV12, Y42B, Y41B, NV12, NV21, YUY2, UYVY, AYUV, GRAY8, GRAY16_LE, GRAY16_BE, RGB16, BGR16 }, texture-target=(string){ 2D, rectangle, external-oes }
05-10 00:33:36.835  5448  5521 D GStreamer+structure: 0:00:31.275616707 0xf37ecd20 gststructure.c:2316:gst_structure_parse_field trying field name 'payload'
05-10 00:33:36.835  5448  5520 D GStreamer+query: 0:00:31.275644936 0xf37eccc0 gstquery.c:674:gst_query_new_custom creating new query 0xf39ff2c0 caps
05-10 00:33:36.835  5448  5521 D GStreamer+structure: 0:00:31.275661915 0xf37ecd20 gststructure.c:2367:gst_structure_parse_value trying type name 'int'
05-10 00:33:36.835  5448  5520 D GStreamer+GST_PADS: 0:00:31.275684259 0xf37eccc0 gstpad.c:4009:gst_pad_peer_query:<glcolorconvertelement0:src> peer query 0xf39ff2c0 (caps)
05-10 00:33:36.835  5448  5521 D GStreamer+structure: 0:00:31.275698686 0xf37ecd20 gststructure.c:2316:gst_structure_parse_field trying field name 'clock-rate'
05-10 00:33:36.835  5448  5521 D GStreamer+structure: 0:00:31.275732020 0xf37ecd20 gststructure.c:2367:gst_structure_parse_value trying type name 'int'
05-10 00:33:36.835  5448  5520 D GStreamer+GST_PADS: 0:00:31.275748738 0xf37eccc0 gstpad.c:3882:gst_pad_query:<glcolorbalance0:sink> doing query 0xf39ff2c0 (caps)
05-10 00:33:36.835  5448  5521 D GStreamer+GST_ELEMENT_FACTORY: 0:00:31.275768165 0xf37ecd20 gstelementfactory.c:848:gst_element_factory_list_filter Trying rtpklvdepay
05-10 00:33:36.835  5448  5521 D GStreamer+structure: 0:00:31.275801603 0xf37ecd20 gststructure.c:2316:gst_structure_parse_field trying field name 'media'
05-10 00:33:36.835  5448  5521 D GStreamer+structure: 0:00:31.275838686 0xf37ecd20 gststructure.c:2367:gst_structure_parse_value trying type name 'string'
05-10 00:33:36.835  5448  5520 D GStreamer+basetransform: 0:00:31.275857905 0xf37eccc0 gstbasetransform.c:704:gst_base_transform_query_caps:<glcolorbalance0:sink> filter caps  video/x-raw(memory:GLMemory), width=(int)[ 1, 2147483647 ], height=(int)[ 1, 2147483647 ], framerate=(fraction)[ 0/1, 2147483647/1 ], format=(string){ RGBA, RGB, RGBx, BGR, BGRx, BGRA, xRGB, xBGR, ARGB, ABGR, Y444, I420, YV12, Y42B, Y41B, NV12, NV21, YUY2, UYVY, AYUV, GRAY8, GRAY16_LE, GRAY16_BE, RGB16, BGR16 }, texture-target=(string){ 2D, rectangle, external-oes }
05-10 00:33:36.835  5448  5521 D GStreamer+structure: 0:00:31.275872280 0xf37ecd20 gststructure.c:2316:gst_structure_parse_field trying field name 'clock-rate'
05-10 00:33:36.835  5448  5521 D GStreamer+structure: 0:00:31.275904624 0xf37ecd20 gststructure.c:2367:gst_structure_parse_value trying type name 'int'
05-10 00:33:36.835  5448  5520 D GStreamer+basetransform: 0:00:31.275943113 0xf37eccc0 gstbasetransform.c:707:gst_base_transform_query_caps:<glcolorbalance0:sink> our template  video/x-raw(memory:GLMemory), format=(string)RGBA, width=(int)[ 1, 2147483647 ], height=(int)[ 1, 2147483647 ], framerate=(fraction)[ 0/1, 2147483647/1 ], texture-target=(string)2D
05-10 00:33:36.835  5448  5521 D GStreamer+structure: 0:00:31.275959259 0xf37ecd20 gststructure.c:2316:gst_structure_parse_field trying field name 'encoding-name'
05-10 00:33:36.835  5448  5521 D GStreamer+structure: 0:00:31.275991238 0xf37ecd20 gststructure.c:2367:gst_structure_parse_value trying type name 'string'
05-10 00:33:36.835  5448  5521 D GStreamer+GST_ELEMENT_FACTORY: 0:00:31.276033686 0xf37ecd20 gstelementfactory.c:848:gst_element_factory_list_filter Trying rtpmp1sdepay
05-10 00:33:36.836  5448  5520 D GStreamer+basetransform: 0:00:31.276051499 0xf37eccc0 gstbasetransform.c:709:gst_base_transform_query_caps:<glcolorbalance0:sink> intersected video/x-raw(memory:GLMemory), width=(int)[ 1, 2147483647 ], height=(int)[ 1, 2147483647 ], framerate=(fraction)[ 0/1, 2147483647/1 ], format=(string)RGBA, texture-target=(string)2D
05-10 00:33:36.836  5448  5521 D GStreamer+structure: 0:00:31.276070249 0xf37ecd20 gststructure.c:2316:gst_structure_parse_field trying field name 'media'
05-10 00:33:36.836  5448  5520 D GStreamer+basetransform: 0:00:31.276098270 0xf37eccc0 gstbasetransform.c:533:gst_base_transform_transform_caps:<glcolorbalance0> transform caps (direction = 2)
05-10 00:33:36.836  5448  5521 D GStreamer+structure: 0:00:31.276114780 0xf37ecd20 gststructure.c:2367:gst_structure_parse_value trying type name 'string'
05-10 00:33:36.836  5448  5521 D GStreamer+structure: 0:00:31.276164207 0xf37ecd20 gststructure.c:2316:gst_structure_parse_field trying field name 'clock-rate'
05-10 00:33:36.836  5448  5520 D GStreamer+glfilter: 0:00:31.276204259 0xf37eccc0 gstglfilter.c:610:default_transform_internal_caps:<glcolorbalance0> size removal returned caps video/x-raw(memory:GLMemory), width=(int)[ 1, 2147483647 ], height=(int)[ 1, 2147483647 ], framerate=(fraction)[ 0/1, 2147483647/1 ], format=(string)RGBA, texture-target=(string)2D
05-10 00:33:36.836  5448  5521 D GStreamer+structure: 0:00:31.276220301 0xf37ecd20 gststructure.c:2367:gst_structure_parse_value trying type name 'int'
05-10 00:33:36.836  5448  5521 D GStreamer+structure: 0:00:31.276263895 0xf37ecd20 gststructure.c:2316:gst_structure_parse_field trying field name 'encoding-name'
05-10 00:33:36.836  5448  5520 D GStreamer+GST_PERFORMANCE: 0:00:31.276282488 0xf37eccc0 gstcaps.c:169:_gst_caps_copy:<0xf39ff540> doing copy 0xf39ff540 -> 0xf39ff568
05-10 00:33:36.836  5448  5521 D GStreamer+structure: 0:00:31.276300353 0xf37ecd20 gststructure.c:2367:gst_structure_parse_value trying type name 'string'
05-10 00:33:36.836  5448  5521 D GStreamer+structure: 0:00:31.276332384 0xf37ecd20 gststructure.c:2316:gst_structure_parse_field trying field name 'media'
05-10 00:33:36.836  5448  5521 D GStreamer+structure: 0:00:31.276372280 0xf37ecd20 gststructure.c:2367:gst_structure_parse_value trying type name 'string'
05-10 00:33:36.836  5448  5520 D GStreamer+glfilter: 0:00:31.276390249 0xf37eccc0 gstglfilter.c:638:gst_gl_filter_transform_caps:<glcolorbalance0> returning caps: video/x-raw(memory:GLMemory), width=(int)[ 1, 2147483647 ], height=(int)[ 1, 2147483647 ], framerate=(fraction)[ 0/1, 2147483647/1 ], format=(string)RGBA, texture-target=(string)2D
05-10 00:33:36.836  5448  5521 D GStreamer+structure: 0:00:31.276407436 0xf37ecd20 gststructure.c:2316:gst_structure_parse_field trying field name 'clock-rate'
05-10 00:33:36.836  5448  5521 D GStreamer+structure: 0:00:31.276438061 0xf37ecd20 gststructure.c:2367:gst_structure_parse_value trying type name 'int'
05-10 00:33:36.836  5448  5520 D GStreamer+basetransform: 0:00:31.276476447 0xf37eccc0 gstbasetransform.c:560:gst_base_transform_transform_caps:<glcolorbalance0> to: video/x-raw(memory:GLMemory), width=(int)[ 1, 2147483647 ], height=(int)[ 1, 2147483647 ], framerate=(fraction)[ 0/1, 2147483647/1 ], format=(string)RGBA, texture-target=(string)2D
05-10 00:33:36.836  5448  5521 D GStreamer+structure: 0:00:31.276493947 0xf37ecd20 gststructure.c:2316:gst_structure_parse_field trying field name 'encoding-name'
05-10 00:33:36.836  5448  5521 D GStreamer+structure: 0:00:31.276533270 0xf37ecd20 gststructure.c:2367:gst_structure_parse_value trying type name 'string'
05-10 00:33:36.836  5448  5520 D GStreamer+basetransform: 0:00:31.276553061 0xf37eccc0 gstbasetransform.c:714:gst_base_transform_query_caps:<glcolorbalance0:sink> transformed  video/x-raw(memory:GLMemory), width=(int)[ 1, 2147483647 ], height=(int)[ 1, 2147483647 ], framerate=(fraction)[ 0/1, 2147483647/1 ], format=(string)RGBA, texture-target=(string)2D
05-10 00:33:36.836  5448  5521 D GStreamer+GST_ELEMENT_FACTORY: 0:00:31.276573113 0xf37ecd20 gstelementfactory.c:848:gst_element_factory_list_filter Trying rtpmp2tdepay
05-10 00:33:36.836  5448  5521 D GStreamer+structure: 0:00:31.276606082 0xf37ecd20 gststructure.c:2316:gst_structure_parse_field trying field name 'media'
05-10 00:33:36.836  5448  5520 D GStreamer+basetransform: 0:00:31.276636447 0xf37eccc0 gstbasetransform.c:719:gst_base_transform_query_caps:<glcolorbalance0:sink> our template  video/x-raw(memory:GLMemory), format=(string)RGBA, width=(int)[ 1, 2147483647 ], height=(int)[ 1, 2147483647 ], framerate=(fraction)[ 0/1, 2147483647/1 ], texture-target=(string)2D
05-10 00:33:36.836  5448  5521 D GStreamer+structure: 0:00:31.276653686 0xf37ecd20 gststructure.c:2367:gst_structure_parse_value trying type name 'string'
05-10 00:33:36.836  5448  5521 D GStreamer+structure: 0:00:31.276687645 0xf37ecd20 gststructure.c:2316:gst_structure_parse_field trying field name 'clock-rate'
05-10 00:33:36.836  5448  5521 D GStreamer+structure: 0:00:31.276726603 0xf37ecd20 gststructure.c:2367:gst_structure_parse_value trying type name 'int'
05-10 00:33:36.836  5448  5520 D GStreamer+basetransform: 0:00:31.276743686 0xf37eccc0 gstbasetransform.c:724:gst_base_transform_query_caps:<glcolorbalance0:sink> intersected video/x-raw(memory:GLMemory), width=(int)[ 1, 2147483647 ], height=(int)[ 1, 2147483647 ], framerate=(fraction)[ 0/1, 2147483647/1 ], format=(string)RGBA, texture-target=(string)2D
05-10 00:33:36.836  5448  5521 D GStreamer+structure: 0:00:31.276765822 0xf37ecd20 gststructure.c:2316:gst_structure_parse_field trying field name 'encoding-name'
05-10 00:33:36.836  5448  5521 D GStreamer+structure: 0:00:31.276797697 0xf37ecd20 gststructure.c:2367:gst_structure_parse_value trying type name 'string'
05-10 00:33:36.836  5448  5520 D GStreamer+basetransform: 0:00:31.276836759 0xf37eccc0 gstbasetransform.c:730:gst_base_transform_query_caps:<glcolorbalance0:sink> peer filter caps video/x-raw(memory:GLMemory), width=(int)[ 1, 2147483647 ], height=(int)[ 1, 2147483647 ], framerate=(fraction)[ 0/1, 2147483647/1 ], format=(string)RGBA, texture-target=(string)2D
05-10 00:33:36.836  5448  5521 D GStreamer+structure: 0:00:31.276852697 0xf37ecd20 gststructure.c:2316:gst_structure_parse_field trying field name 'media'
05-10 00:33:36.836  5448  5521 D GStreamer+structure: 0:00:31.276884051 0xf37ecd20 gststructure.c:2367:gst_structure_parse_value trying type name 'string'
05-10 00:33:36.836  5448  5520 D GStreamer+GST_CAPS: 0:00:31.276912540 0xf37eccc0 gstutils.c:2884:gst_pad_peer_query_caps:<glcolorbalance0:src> get pad peer caps with filter video/x-raw(memory:GLMemory), width=(int)[ 1, 2147483647 ], height=(int)[ 1, 2147483647 ], framerate=(fraction)[ 0/1, 2147483647/1 ], format=(string)RGBA, texture-target=(string)2D
05-10 00:33:36.836  5448  5521 D GStreamer+structure: 0:00:31.276929207 0xf37ecd20 gststructure.c:2316:gst_structure_parse_field trying field name 'payload'
05-10 00:33:36.836  5448  5521 D GStreamer+structure: 0:00:31.276960353 0xf37ecd20 gststructure.c:2367:gst_structure_parse_value trying type name 'int'
05-10 00:33:36.836  5448  5520 D GStreamer+query: 0:00:31.276966499 0xf37eccc0 gstquery.c:674:gst_query_new_custom creating new query 0xf3a255b0 caps
05-10 00:33:36.836  5448  5521 D GStreamer+structure: 0:00:31.276991603 0xf37ecd20 gststructure.c:2316:gst_structure_parse_field trying field name 'clock-rate'
05-10 00:33:36.836  5448  5520 D GStreamer+GST_PADS: 0:00:31.277006915 0xf37eccc0 gstpad.c:4009:gst_pad_peer_query:<glcolorbalance0:src> peer query 0xf3a255b0 (caps)
05-10 00:33:36.836  5448  5521 D GStreamer+structure: 0:00:31.277027801 0xf37ecd20 gststructure.c:2367:gst_structure_parse_value trying type name 'int'
05-10 00:33:36.837  5448  5520 D GStreamer+GST_PADS: 0:00:31.277056030 0xf37eccc0 gstpad.c:3882:gst_pad_query:<sink:sink> doing query 0xf3a255b0 (caps)
05-10 00:33:36.837  5448  5521 D GStreamer+GST_ELEMENT_FACTORY: 0:00:31.277073061 0xf37ecd20 gstelementfactory.c:848:gst_element_factory_list_filter Trying rtpmp4adepay
05-10 00:33:36.837  5448  5521 D GStreamer+structure: 0:00:31.277113790 0xf37ecd20 gststructure.c:2316:gst_structure_parse_field trying field name 'media'
05-10 00:33:36.837  5448  5520 D GStreamer+glimagesink: 0:00:31.277151499 0xf37eccc0 gstglimagesink.c:1145:gst_glimage_sink_get_caps:<sink> intersecting with filter caps video/x-raw(memory:GLMemory), width=(int)[ 1, 2147483647 ], height=(int)[ 1, 2147483647 ], framerate=(fraction)[ 0/1, 2147483647/1 ], format=(string)RGBA, texture-target=(string)2D
05-10 00:33:36.837  5448  5521 D GStreamer+structure: 0:00:31.277170249 0xf37ecd20 gststructure.c:2367:gst_structure_parse_value trying type name 'string'
05-10 00:33:36.837  5448  5521 D GStreamer+structure: 0:00:31.277206290 0xf37ecd20 gststructure.c:2316:gst_structure_parse_field trying field name 'clock-rate'
05-10 00:33:36.837  5448  5521 D GStreamer+structure: 0:00:31.277246707 0xf37ecd20 gststructure.c:2367:gst_structure_parse_value trying type name 'int'
05-10 00:33:36.837  5448  5520 D GStreamer+GST_PERFORMANCE: 0:00:31.277263426 0xf37eccc0 gstcaps.c:169:_gst_caps_copy:<0xf39ff5b8> doing copy 0xf39ff5b8 -> 0xf39da828
05-10 00:33:36.837  5448  5521 D GStreamer+structure: 0:00:31.277282384 0xf37ecd20 gststructure.c:2316:gst_structure_parse_field trying field name 'encoding-name'
05-10 00:33:36.837  5448  5521 D GStreamer+structure: 0:00:31.277315040 0xf37ecd20 gststructure.c:2367:gst_structure_parse_value trying type name 'string'
05-10 00:33:36.837  5448  5521 D GStreamer+GST_ELEMENT_FACTORY: 0:00:31.277352332 0xf37ecd20 gstelementfactory.c:848:gst_element_factory_list_filter Trying rtpmp4gdepay
05-10 00:33:36.837  5448  5520 D GStreamer+glimagesink: 0:00:31.277389988 0xf37eccc0 gstglimagesink.c:1155:gst_glimage_sink_get_caps:<sink> returning caps: video/x-raw(memory:GLMemory, meta:GstVideoOverlayComposition), width=(int)[ 1, 2147483647 ], height=(int)[ 1, 2147483647 ], framerate=(fraction)[ 0/1, 2147483647/1 ], format=(string)RGBA, texture-target=(string)2D; video/x-raw(memory:GLMemory), width=(int)[ 1, 2147483647 ], height=(int)[ 1, 2147483647 ], framerate=(fraction)[ 0/1, 2147483647/1 ], format=(string)RGBA, texture-target=(string)2D
05-10 00:33:36.837  5448  5521 D GStreamer+structure: 0:00:31.277406915 0xf37ecd20 gststructure.c:2316:gst_structure_parse_field trying field name 'media'
05-10 00:33:36.837  5448  5520 D GStreamer+GST_PADS: 0:00:31.277435613 0xf37eccc0 gstpad.c:3905:gst_pad_query:<sink:sink> sent query 0xf3a255b0 (caps), result 1
05-10 00:33:36.837  5448  5521 D GStreamer+structure: 0:00:31.277451290 0xf37ecd20 gststructure.c:2367:gst_structure_parse_value trying type name 'string'
05-10 00:33:36.837  5448  5521 D GStreamer+structure: 0:00:31.277494728 0xf37ecd20 gststructure.c:2316:gst_structure_parse_field trying field name 'clock-rate'
05-10 00:33:36.837  5448  5521 D GStreamer+structure: 0:00:31.277537697 0xf37ecd20 gststructure.c:2367:gst_structure_parse_value trying type name 'int'
05-10 00:33:36.837  5448  5520 D GStreamer+GST_CAPS: 0:00:31.277553113 0xf37eccc0 gstutils.c:2891:gst_pad_peer_query_caps:<glcolorbalance0:src> peer query returned video/x-raw(memory:GLMemory, meta:GstVideoOverlayComposition), width=(int)[ 1, 2147483647 ], height=(int)[ 1, 2147483647 ], framerate=(fraction)[ 0/1, 2147483647/1 ], format=(string)RGBA, texture-target=(string)2D; video/x-raw(memory:GLMemory), width=(int)[ 1, 2147483647 ], height=(int)[ 1, 2147483647 ], framerate=(fraction)[ 0/1, 2147483647/1 ], format=(string)RGBA, texture-target=(string)2D
05-10 00:33:36.837  5448  5521 D GStreamer+structure: 0:00:31.277576707 0xf37ecd20 gststructure.c:2316:gst_structure_parse_field trying field name 'encoding-name'
05-10 00:33:36.837  5448  5521 D GStreamer+structure: 0:00:31.277613738 0xf37ecd20 gststructure.c:2367:gst_structure_parse_value trying type name 'string'
05-10 00:33:36.837  5448  5521 D GStreamer+structure: 0:00:31.277656134 0xf37ecd20 gststructure.c:2316:gst_structure_parse_field trying field name 'mode'
05-10 00:33:36.837  5448  5520 D GStreamer+basetransform: 0:00:31.277678217 0xf37eccc0 gstbasetransform.c:746:gst_base_transform_query_caps:<glcolorbalance0:sink> peer caps  video/x-raw(memory:GLMemory, meta:GstVideoOverlayComposition), width=(int)[ 1, 2147483647 ], height=(int)[ 1, 2147483647 ], framerate=(fraction)[ 0/1, 2147483647/1 ], format=(string)RGBA, texture-target=(string)2D; video/x-raw(memory:GLMemory), width=(int)[ 1, 2147483647 ], height=(int)[ 1, 2147483647 ], framerate=(fraction)[ 0/1, 2147483647/1 ], format=(string)RGBA, texture-target=(string)2D
05-10 00:33:36.837  5448  5521 D GStreamer+structure: 0:00:31.277691030 0xf37ecd20 gststructure.c:2367:gst_structure_parse_value trying type name 'string'
05-10 00:33:36.837  5448  5521 D GStreamer+GST_ELEMENT_FACTORY: 0:00:31.277735770 0xf37ecd20 gstelementfactory.c:848:gst_element_factory_list_filter Trying rtpmp4vdepay
05-10 00:33:36.837  5448  5520 D GStreamer+basetransform: 0:00:31.277761342 0xf37eccc0 gstbasetransform.c:749:gst_base_transform_query_caps:<glcolorbalance0:sink> our template  video/x-raw(memory:GLMemory), format=(string)RGBA, width=(int)[ 1, 2147483647 ], height=(int)[ 1, 2147483647 ], framerate=(fraction)[ 0/1, 2147483647/1 ], texture-target=(string)2D
05-10 00:33:36.837  5448  5521 D GStreamer+structure: 0:00:31.277774259 0xf37ecd20 gststructure.c:2316:gst_structure_parse_field trying field name 'media'
05-10 00:33:36.837  5448  5521 D GStreamer+structure: 0:00:31.277802436 0xf37ecd20 gststructure.c:2367:gst_structure_parse_value trying type name 'string'
05-10 00:33:36.837  5448  5521 D GStreamer+structure: 0:00:31.277837436 0xf37ecd20 gststructure.c:2316:gst_structure_parse_field trying field name 'clock-rate'
05-10 00:33:36.837  5448  5520 D GStreamer+basetransform: 0:00:31.277847540 0xf37eccc0 gstbasetransform.c:751:gst_base_transform_query_caps:<glcolorbalance0:sink> intersected video/x-raw(memory:GLMemory), width=(int)[ 1, 2147483647 ], height=(int)[ 1, 2147483647 ], framerate=(fraction)[ 0/1, 2147483647/1 ], format=(string)RGBA, texture-target=(string)2D
05-10 00:33:36.837  5448  5521 D GStreamer+structure: 0:00:31.277868374 0xf37ecd20 gststructure.c:2367:gst_structure_parse_value trying type name 'int'
05-10 00:33:36.837  5448  5520 D GStreamer+basetransform: 0:00:31.277889467 0xf37eccc0 gstbasetransform.c:533:gst_base_transform_transform_caps:<glcolorbalance0> transform caps (direction = 1)
05-10 00:33:36.837  5448  5521 D GStreamer+structure: 0:00:31.277904884 0xf37ecd20 gststructure.c:2316:gst_structure_parse_field trying field name 'encoding-name'
05-10 00:33:36.837  5448  5521 D GStreamer+structure: 0:00:31.277934311 0xf37ecd20 gststructure.c:2367:gst_structure_parse_value trying type name 'string'
05-10 00:33:36.837  5448  5520 D GStreamer+glfilter: 0:00:31.277979415 0xf37eccc0 gstglfilter.c:610:default_transform_internal_caps:<glcolorbalance0> size removal returned caps video/x-raw(memory:GLMemory), width=(int)[ 1, 2147483647 ], height=(int)[ 1, 2147483647 ], framerate=(fraction)[ 0/1, 2147483647/1 ], format=(string)RGBA, texture-target=(string)2D
05-10 00:33:36.837  5448  5521 D GStreamer+GST_ELEMENT_FACTORY: 0:00:31.277996863 0xf37ecd20 gstelementfactory.c:848:gst_element_factory_list_filter Trying rtpmpadepay
05-10 00:33:36.837  5448  5521 D GStreamer+structure: 0:00:31.278042072 0xf37ecd20 gststructure.c:2316:gst_structure_parse_field trying field name 'media'
05-10 00:33:36.838  5448  5520 D GStreamer+GST_PERFORMANCE: 0:00:31.278052540 0xf37eccc0 gstcaps.c:169:_gst_caps_copy:<0xf3935028> doing copy 0xf3935028 -> 0xf39da918
05-10 00:33:36.838  5448  5521 D GStreamer+structure: 0:00:31.278073322 0xf37ecd20 gststructure.c:2367:gst_structure_parse_value trying type name 'string'
05-10 00:33:36.838  5448  5521 D GStreamer+structure: 0:00:31.278110197 0xf37ecd20 gststructure.c:2316:gst_structure_parse_field trying field name 'payload'
05-10 00:33:36.838  5448  5521 D GStreamer+structure: 0:00:31.278157176 0xf37ecd20 gststructure.c:2367:gst_structure_parse_value trying type name 'int'
05-10 00:33:36.838  5448  5520 D GStreamer+glfilter: 0:00:31.278168530 0xf37eccc0 gstglfilter.c:638:gst_gl_filter_transform_caps:<glcolorbalance0> returning caps: video/x-raw(memory:GLMemory), width=(int)[ 1, 2147483647 ], height=(int)[ 1, 2147483647 ], framerate=(fraction)[ 0/1, 2147483647/1 ], format=(string)RGBA, texture-target=(string)2D
05-10 00:33:36.838  5448  5521 D GStreamer+structure: 0:00:31.278190978 0xf37ecd20 gststructure.c:2316:gst_structure_parse_field trying field name 'clock-rate'
05-10 00:33:36.838  5448  5521 D GStreamer+structure: 0:00:31.278228999 0xf37ecd20 gststructure.c:2367:gst_structure_parse_value trying type name 'int'
05-10 00:33:36.838  5448  5520 D GStreamer+basetransform: 0:00:31.278246551 0xf37eccc0 gstbasetransform.c:560:gst_base_transform_transform_caps:<glcolorbalance0> to: video/x-raw(memory:GLMemory), width=(int)[ 1, 2147483647 ], height=(int)[ 1, 2147483647 ], framerate=(fraction)[ 0/1, 2147483647/1 ], format=(string)RGBA, texture-target=(string)2D
05-10 00:33:36.838  5448  5521 D GStreamer+structure: 0:00:31.278269051 0xf37ecd20 gststructure.c:2316:gst_structure_parse_field trying field name 'media'
05-10 00:33:36.838  5448  5521 D GStreamer+structure: 0:00:31.278305197 0xf37ecd20 gststructure.c:2367:gst_structure_parse_value trying type name 'string'
05-10 00:33:36.838  5448  5520 D GStreamer+basetransform: 0:00:31.278330509 0xf37eccc0 gstbasetransform.c:759:gst_base_transform_query_caps:<glcolorbalance0:sink> transformed  video/x-raw(memory:GLMemory), width=(int)[ 1, 2147483647 ], height=(int)[ 1, 2147483647 ], framerate=(fraction)[ 0/1, 2147483647/1 ], format=(string)RGBA, texture-target=(string)2D
05-10 00:33:36.838  5448  5521 D GStreamer+structure: 0:00:31.278348217 0xf37ecd20 gststructure.c:2316:gst_structure_parse_field trying field name 'encoding-name'
05-10 00:33:36.838  5448  5521 D GStreamer+structure: 0:00:31.278377072 0xf37ecd20 gststructure.c:2367:gst_structure_parse_value trying type name 'string'
05-10 00:33:36.838  5448  5521 D GStreamer+structure: 0:00:31.278417749 0xf37ecd20 gststructure.c:2316:gst_structure_parse_field trying field name 'clock-rate'
05-10 00:33:36.838  5448  5520 D GStreamer+basetransform: 0:00:31.278434676 0xf37eccc0 gstbasetransform.c:766:gst_base_transform_query_caps:<glcolorbalance0:sink> our template  video/x-raw(memory:GLMemory), format=(string)RGBA, width=(int)[ 1, 2147483647 ], height=(int)[ 1, 2147483647 ], framerate=(fraction)[ 0/1, 2147483647/1 ], texture-target=(string)2D
05-10 00:33:36.838  5448  5521 D GStreamer+structure: 0:00:31.278452488 0xf37ecd20 gststructure.c:2367:gst_structure_parse_value trying type name 'int'
05-10 00:33:36.838  5448  5521 D GStreamer+GST_ELEMENT_FACTORY: 0:00:31.278491447 0xf37ecd20 gstelementfactory.c:848:gst_element_factory_list_filter Trying rtpmparobustdepay
05-10 00:33:36.838  5448  5521 D GStreamer+structure: 0:00:31.278532020 0xf37ecd20 gststructure.c:2316:gst_structure_parse_field trying field name 'media'
05-10 00:33:36.838  5448  5520 D GStreamer+basetransform: 0:00:31.278549259 0xf37eccc0 gstbasetransform.c:769:gst_base_transform_query_caps:<glcolorbalance0:sink> intersected video/x-raw(memory:GLMemory), width=(int)[ 1, 2147483647 ], height=(int)[ 1, 2147483647 ], framerate=(fraction)[ 0/1, 2147483647/1 ], format=(string)RGBA, texture-target=(string)2D
05-10 00:33:36.838  5448  5521 D GStreamer+structure: 0:00:31.278567592 0xf37ecd20 gststructure.c:2367:gst_structure_parse_value trying type name 'string'
05-10 00:33:36.838  5448  5521 D GStreamer+structure: 0:00:31.278600561 0xf37ecd20 gststructure.c:2316:gst_structure_parse_field trying field name 'clock-rate'
05-10 00:33:36.838  5448  5521 D GStreamer+structure: 0:00:31.278640509 0xf37ecd20 gststructure.c:2367:gst_structure_parse_value trying type name 'int'
05-10 00:33:36.838  5448  5520 D GStreamer+basetransform: 0:00:31.278657957 0xf37eccc0 gstbasetransform.c:793:gst_base_transform_query_caps:<glcolorbalance0> returning  video/x-raw(memory:GLMemory), width=(int)[ 1, 2147483647 ], height=(int)[ 1, 2147483647 ], framerate=(fraction)[ 0/1, 2147483647/1 ], format=(string)RGBA, texture-target=(string)2D
05-10 00:33:36.838  5448  5521 D GStreamer+structure: 0:00:31.278678790 0xf37ecd20 gststructure.c:2316:gst_structure_parse_field trying field name 'encoding-name'
05-10 00:33:36.838  5448  5520 D GStreamer+GST_PADS: 0:00:31.278711603 0xf37eccc0 gstpad.c:3905:gst_pad_query:<glcolorbalance0:sink> sent query 0xf39ff2c0 (caps), result 1
05-10 00:33:36.838  5448  5521 D GStreamer+structure: 0:00:31.278728270 0xf37ecd20 gststructure.c:2367:gst_structure_parse_value trying type name 'string'
05-10 00:33:36.838  5448  5521 D GStreamer+structure: 0:00:31.278764259 0xf37ecd20 gststructure.c:2316:gst_structure_parse_field trying field name 'media'
05-10 00:33:36.838  5448  5520 D GStreamer+GST_CAPS: 0:00:31.278793530 0xf37eccc0 gstutils.c:2891:gst_pad_peer_query_caps:<glcolorconvertelement0:src> peer query returned video/x-raw(memory:GLMemory), width=(int)[ 1, 2147483647 ], height=(int)[ 1, 2147483647 ], framerate=(fraction)[ 0/1, 2147483647/1 ], format=(string)RGBA, texture-target=(string)2D
05-10 00:33:36.838  5448  5521 D GStreamer+structure: 0:00:31.278810353 0xf37ecd20 gststructure.c:2367:gst_structure_parse_value trying type name 'string'
05-10 00:33:36.838  5448  5521 D GStreamer+structure: 0:00:31.278844624 0xf37ecd20 gststructure.c:2316:gst_structure_parse_field trying field name 'clock-rate'
05-10 00:33:36.838  5448  5521 D GStreamer+structure: 0:00:31.278884259 0xf37ecd20 gststructure.c:2367:gst_structure_parse_value trying type name 'int'
05-10 00:33:36.838  5448  5520 D GStreamer+basetransform: 0:00:31.278901290 0xf37eccc0 gstbasetransform.c:746:gst_base_transform_query_caps:<glcolorconvertelement0:sink> peer caps  video/x-raw(memory:GLMemory), width=(int)[ 1, 2147483647 ], height=(int)[ 1, 2147483647 ], framerate=(fraction)[ 0/1, 2147483647/1 ], format=(string)RGBA, texture-target=(string)2D
05-10 00:33:36.838  5448  5521 D GStreamer+structure: 0:00:31.278922749 0xf37ecd20 gststructure.c:2316:gst_structure_parse_field trying field name 'encoding-name'
05-10 00:33:36.838  5448  5521 D GStreamer+structure: 0:00:31.278954311 0xf37ecd20 gststructure.c:2367:gst_structure_parse_value trying type name 'string'
05-10 00:33:36.838  5448  5521 D GStreamer+GST_ELEMENT_FACTORY: 0:00:31.279005561 0xf37ecd20 gstelementfactory.c:848:gst_element_factory_list_filter Trying rtpmpvdepay
05-10 00:33:36.839  5448  5521 D GStreamer+structure: 0:00:31.279047384 0xf37ecd20 gststructure.c:2316:gst_structure_parse_field trying field name 'media'
05-10 00:33:36.839  5448  5520 D GStreamer+basetransform: 0:00:31.279063009 0xf37eccc0 gstbasetransform.c:749:gst_base_transform_query_caps:<glcolorconvertelement0:sink> our template  video/x-raw(memory:GLMemory), format=(string){ RGBA, RGB, RGBx, BGR, BGRx, BGRA, xRGB, xBGR, ARGB, ABGR, Y444, I420, YV12, Y42B, Y41B, NV12, NV21, YUY2, UYVY, AYUV, GRAY8, GRAY16_LE, GRAY16_BE, RGB16, BGR16 }, width=(int)[ 1, 2147483647 ], height=(int)[ 1, 2147483647 ], framerate=(fraction)[ 0/1, 2147483647/1 ], texture-target=(string){ 2D, rectangle, external-oes }; video/x-raw(memory:GLMemory, meta:GstVideoOverlayComposition), format=(string){ RGBA, RGB, RGBx, BGR, BGRx, BGRA, xRGB, xBGR, ARGB, ABGR, Y444, I420, YV12, Y42B, Y41B, NV12, NV21, YUY2, UYVY, AYUV, GRAY8, GRAY16_LE, GRAY16_BE, RGB16, BGR16 }, width=(int)[ 1, 2147483647 ], height=(int)[ 1, 2147483647 ], framerate=(fraction)[ 0/1, 2147483647/1 ], texture-target=(string){ 2D, rectangle, external-oes }
05-10 00:33:36.839  5448  5521 D GStreamer+structure: 0:00:31.279084832 0xf37ecd20 gststructure.c:2367:gst_structure_parse_value trying type name 'string'
05-10 00:33:36.839  5448  5521 D GStreamer+structure: 0:00:31.279127697 0xf37ecd20 gststructure.c:2316:gst_structure_parse_field trying field name 'clock-rate'
05-10 00:33:36.839  5448  5521 D GStreamer+structure: 0:00:31.279168895 0xf37ecd20 gststructure.c:2367:gst_structure_parse_value trying type name 'int'
05-10 00:33:36.839  5448  5520 D GStreamer+basetransform: 0:00:31.279185197 0xf37eccc0 gstbasetransform.c:751:gst_base_transform_query_caps:<glcolorconvertelement0:sink> intersected video/x-raw(memory:GLMemory), width=(int)[ 1, 2147483647 ], height=(int)[ 1, 2147483647 ], framerate=(fraction)[ 0/1, 2147483647/1 ], format=(string)RGBA, texture-target=(string)2D
05-10 00:33:36.839  5448  5521 D GStreamer+structure: 0:00:31.279206290 0xf37ecd20 gststructure.c:2316:gst_structure_parse_field trying field name 'encoding-name'
05-10 00:33:36.839  5448  5520 D GStreamer+basetransform: 0:00:31.279233374 0xf37eccc0 gstbasetransform.c:533:gst_base_transform_transform_caps:<glcolorconvertelement0> transform caps (direction = 1)
05-10 00:33:36.839  5448  5521 D GStreamer+structure: 0:00:31.279251030 0xf37ecd20 gststructure.c:2367:gst_structure_parse_value trying type name 'string'
05-10 00:33:36.839  5448  5521 D GStreamer+structure: 0:00:31.279290717 0xf37ecd20 gststructure.c:2316:gst_structure_parse_field trying field name 'media'
05-10 00:33:36.839  5448  5521 D GStreamer+structure: 0:00:31.279322124 0xf37ecd20 gststructure.c:2367:gst_structure_parse_value trying type name 'string'
05-10 00:33:36.839  5448  5521 D GStreamer+structure: 0:00:31.279357853 0xf37ecd20 gststructure.c:2316:gst_structure_parse_field trying field name 'payload'
05-10 00:33:36.839  5448  5520 D GStreamer+basetransform: 0:00:31.279381967 0xf37eccc0 gstbasetransform.c:560:gst_base_transform_transform_caps:<glcolorconvertelement0> to: video/x-raw(memory:GLMemory), format=(string){ RGBA, BGRA, RGBx, BGRx, ARGB, ABGR, xRGB, xBGR, RGB, BGR, RGB16, BGR16, AYUV, I420, YV12, NV12, NV21, YUY2, UYVY, Y41B, Y42B, Y444, GRAY8, GRAY16_LE, GRAY16_BE }, width=(int)[ 1, 2147483647 ], height=(int)[ 1, 2147483647 ], framerate=(fraction)[ 0/1, 2147483647/1 ], texture-target=(string){ 2D, rectangle, external-oes }
05-10 00:33:36.839  5448  5521 D GStreamer+structure: 0:00:31.279389884 0xf37ecd20 gststructure.c:2367:gst_structure_parse_value trying type name 'int'
05-10 00:33:36.839  5448  5521 D GStreamer+structure: 0:00:31.279425717 0xf37ecd20 gststructure.c:2316:gst_structure_parse_field trying field name 'clock-rate'
05-10 00:33:36.839  5448  5521 D GStreamer+structure: 0:00:31.279462332 0xf37ecd20 gststructure.c:2367:gst_structure_parse_value trying type name 'int'
05-10 00:33:36.839  5448  5520 D GStreamer+basetransform: 0:00:31.279479988 0xf37eccc0 gstbasetransform.c:759:gst_base_transform_query_caps:<glcolorconvertelement0:sink> transformed  video/x-raw(memory:GLMemory), format=(string){ RGBA, BGRA, RGBx, BGRx, ARGB, ABGR, xRGB, xBGR, RGB, BGR, RGB16, BGR16, AYUV, I420, YV12, NV12, NV21, YUY2, UYVY, Y41B, Y42B, Y444, GRAY8, GRAY16_LE, GRAY16_BE }, width=(int)[ 1, 2147483647 ], height=(int)[ 1, 2147483647 ], framerate=(fraction)[ 0/1, 2147483647/1 ], texture-target=(string){ 2D, rectangle, external-oes }
05-10 00:33:36.839  5448  5521 D GStreamer+GST_ELEMENT_FACTORY: 0:00:31.279499520 0xf37ecd20 gstelementfactory.c:848:gst_element_factory_list_filter Trying rtppcmadepay
05-10 00:33:36.839  5448  5521 D GStreamer+structure: 0:00:31.279535561 0xf37ecd20 gststructure.c:2316:gst_structure_parse_field trying field name 'media'
05-10 00:33:36.839  5448  5521 D GStreamer+structure: 0:00:31.279567749 0xf37ecd20 gststructure.c:2367:gst_structure_parse_value trying type name 'string'
05-10 00:33:36.839  5448  5521 D GStreamer+structure: 0:00:31.279604780 0xf37ecd20 gststructure.c:2316:gst_structure_parse_field trying field name 'payload'
05-10 00:33:36.839  5448  5520 D GStreamer+basetransform: 0:00:31.279634259 0xf37eccc0 gstbasetransform.c:766:gst_base_transform_query_caps:<glcolorconvertelement0:sink> our template  video/x-raw(memory:GLMemory), format=(string){ RGBA, RGB, RGBx, BGR, BGRx, BGRA, xRGB, xBGR, ARGB, ABGR, Y444, I420, YV12, Y42B, Y41B, NV12, NV21, YUY2, UYVY, AYUV, GRAY8, GRAY16_LE, GRAY16_BE, RGB16, BGR16 }, width=(int)[ 1, 2147483647 ], height=(int)[ 1, 2147483647 ], framerate=(fraction)[ 0/1, 2147483647/1 ], texture-target=(string){ 2D, rectangle, external-oes }; video/x-raw(memory:GLMemory, meta:GstVideoOverlayComposition), format=(string){ RGBA, RGB, RGBx, BGR, BGRx, BGRA, xRGB, xBGR, ARGB, ABGR, Y444, I420, YV12, Y42B, Y41B, NV12, NV21, YUY2, UYVY, AYUV, GRAY8, GRAY16_LE, GRAY16_BE, RGB16, BGR16 }, width=(int)[ 1, 2147483647 ], height=(int)[ 1, 2147483647 ], framerate=(fraction)[ 0/1, 2147483647/1 ], texture-target=(string){ 2D, rectangle, external-oes }
05-10 00:33:36.839  5448  5521 D GStreamer+structure: 0:00:31.279651603 0xf37ecd20 gststructure.c:2367:gst_structure_parse_value trying type name 'int'
05-10 00:33:36.839  5448  5521 D GStreamer+structure: 0:00:31.279686863 0xf37ecd20 gststructure.c:2316:gst_structure_parse_field trying field name 'clock-rate'
05-10 00:33:36.839  5448  5521 D GStreamer+structure: 0:00:31.279718322 0xf37ecd20 gststructure.c:2367:gst_structure_parse_value trying type name 'int'
05-10 00:33:36.839  5448  5521 D GStreamer+structure: 0:00:31.279752436 0xf37ecd20 gststructure.c:2316:gst_structure_parse_field trying field name 'media'
05-10 00:33:36.839  5448  5521 D GStreamer+structure: 0:00:31.279782540 0xf37ecd20 gststructure.c:2367:gst_structure_parse_value trying type name 'string'
05-10 00:33:36.839  5448  5521 D GStreamer+structure: 0:00:31.279819311 0xf37ecd20 gststructure.c:2316:gst_structure_parse_field trying field name 'clock-rate'
05-10 00:33:36.839  5448  5521 D GStreamer+structure: 0:00:31.279850301 0xf37ecd20 gststructure.c:2367:gst_structure_parse_value trying type name 'int'
05-10 00:33:36.839  5448  5520 D GStreamer+basetransform: 0:00:31.279865770 0xf37eccc0 gstbasetransform.c:769:gst_base_transform_query_caps:<glcolorconvertelement0:sink> intersected video/x-raw(memory:GLMemory), format=(string){ RGBA, BGRA, RGBx, BGRx, ARGB, ABGR, xRGB, xBGR, RGB, BGR, RGB16, BGR16, AYUV, I420, YV12, NV12, NV21, YUY2, UYVY, Y41B, Y42B, Y444, GRAY8, GRAY16_LE, GRAY16_BE }, width=(int)[ 1, 2147483647 ], height=(int)[ 1, 2147483647 ], framerate=(fraction)[ 0/1, 2147483647/1 ], texture-target=(string){ 2D, rectangle, external-oes }
05-10 00:33:36.839  5448  5521 D GStreamer+structure: 0:00:31.279889155 0xf37ecd20 gststructure.c:2316:gst_structure_parse_field trying field name 'encoding-name'
05-10 00:33:36.839  5448  5521 D GStreamer+structure: 0:00:31.279924624 0xf37ecd20 gststructure.c:2367:gst_structure_parse_value trying type name 'string'
05-10 00:33:36.839  5448  5521 D GStreamer+GST_ELEMENT_FACTORY: 0:00:31.279963165 0xf37ecd20 gstelementfactory.c:848:gst_element_factory_list_filter Trying rtppcmudepay
05-10 00:33:36.839  5448  5521 D GStreamer+structure: 0:00:31.280000926 0xf37ecd20 gststructure.c:2316:gst_structure_parse_field trying field name 'media'
05-10 00:33:36.839  5448  5521 D GStreamer+structure: 0:00:31.280029676 0xf37ecd20 gststructure.c:2367:gst_structure_parse_value trying type name 'string'
05-10 00:33:36.840  5448  5521 D GStreamer+structure: 0:00:31.280061863 0xf37ecd20 gststructure.c:2316:gst_structure_parse_field trying field name 'payload'
05-10 00:33:36.840  5448  5520 D GStreamer+basetransform: 0:00:31.280102697 0xf37eccc0 gstbasetransform.c:793:gst_base_transform_query_caps:<glcolorconvertelement0> returning  video/x-raw(memory:GLMemory), width=(int)[ 1, 2147483647 ], height=(int)[ 1, 2147483647 ], framerate=(fraction)[ 0/1, 2147483647/1 ], format=(string)RGBA, texture-target=(string)2D; video/x-raw(memory:GLMemory), format=(string){ RGBA, BGRA, RGBx, BGRx, ARGB, ABGR, xRGB, xBGR, RGB, BGR, RGB16, BGR16, AYUV, I420, YV12, NV12, NV21, YUY2, UYVY, Y41B, Y42B, Y444, GRAY8, GRAY16_LE, GRAY16_BE }, width=(int)[ 1, 2147483647 ], height=(int)[ 1, 2147483647 ], framerate=(fraction)[ 0/1, 2147483647/1 ], texture-target=(string){ 2D, rectangle, external-oes }
05-10 00:33:36.840  5448  5521 D GStreamer+structure: 0:00:31.280128426 0xf37ecd20 gststructure.c:2367:gst_structure_parse_value trying type name 'int'
05-10 00:33:36.840  5448  5521 D GStreamer+structure: 0:00:31.280167124 0xf37ecd20 gststructure.c:2316:gst_structure_parse_field trying field name 'clock-rate'
05-10 00:33:36.840  5448  5521 D GStreamer+structure: 0:00:31.280195405 0xf37ecd20 gststructure.c:2367:gst_structure_parse_value trying type name 'int'
05-10 00:33:36.840  5448  5521 D GStreamer+structure: 0:00:31.280227749 0xf37ecd20 gststructure.c:2316:gst_structure_parse_field trying field name 'media'
05-10 00:33:36.840  5448  5520 D GStreamer+GST_PADS: 0:00:31.280242488 0xf37eccc0 gstpad.c:3905:gst_pad_query:<glcolorconvertelement0:sink> sent query 0xf39ff2f0 (caps), result 1
05-10 00:33:36.840  5448  5521 D GStreamer+structure: 0:00:31.280266030 0xf37ecd20 gststructure.c:2367:gst_structure_parse_value trying type name 'string'
05-10 00:33:36.840  5448  5521 D GStreamer+structure: 0:00:31.280296395 0xf37ecd20 gststructure.c:2316:gst_structure_parse_field trying field name 'encoding-name'
05-10 00:33:36.840  5448  5521 D GStreamer+structure: 0:00:31.280337697 0xf37ecd20 gststructure.c:2367:gst_structure_parse_value trying type name 'string'
05-10 00:33:36.840  5448  5521 D GStreamer+structure: 0:00:31.280379103 0xf37ecd20 gststructure.c:2316:gst_structure_parse_field trying field name 'clock-rate'
05-10 00:33:36.840  5448  5520 D GStreamer+GST_CAPS: 0:00:31.280391290 0xf37eccc0 gstutils.c:2891:gst_pad_peer_query_caps:<gluploadelement0:src> peer query returned video/x-raw(memory:GLMemory), width=(int)[ 1, 2147483647 ], height=(int)[ 1, 2147483647 ], framerate=(fraction)[ 0/1, 2147483647/1 ], format=(string)RGBA, texture-target=(string)2D; video/x-raw(memory:GLMemory), format=(string){ RGBA, BGRA, RGBx, BGRx, ARGB, ABGR, xRGB, xBGR, RGB, BGR, RGB16, BGR16, AYUV, I420, YV12, NV12, NV21, YUY2, UYVY, Y41B, Y42B, Y444, GRAY8, GRAY16_LE, GRAY16_BE }, width=(int)[ 1, 2147483647 ], height=(int)[ 1, 2147483647 ], framerate=(fraction)[ 0/1, 2147483647/1 ], texture-target=(string){ 2D, rectangle, external-oes }
05-10 00:33:36.840  5448  5521 D GStreamer+structure: 0:00:31.280413790 0xf37ecd20 gststructure.c:2367:gst_structure_parse_value trying type name 'int'
05-10 00:33:36.840  5448  5521 D GStreamer+GST_ELEMENT_FACTORY: 0:00:31.280452801 0xf37ecd20 gstelementfactory.c:848:gst_element_factory_list_filter Trying rtpqcelpdepay
05-10 00:33:36.840  5448  5521 D GStreamer+structure: 0:00:31.280491655 0xf37ecd20 gststructure.c:2316:gst_structure_parse_field trying field name 'media'
05-10 00:33:36.840  5448  5521 D GStreamer+structure: 0:00:31.280527176 0xf37ecd20 gststructure.c:2367:gst_structure_parse_value trying type name 'string'
05-10 00:33:36.840  5448  5520 D GStreamer+basetransform: 0:00:31.280552801 0xf37eccc0 gstbasetransform.c:746:gst_base_transform_query_caps:<gluploadelement0:sink> peer caps  video/x-raw(memory:GLMemory), width=(int)[ 1, 2147483647 ], height=(int)[ 1, 2147483647 ], framerate=(fraction)[ 0/1, 2147483647/1 ], format=(string)RGBA, texture-target=(string)2D; video/x-raw(memory:GLMemory), format=(string){ RGBA, BGRA, RGBx, BGRx, ARGB, ABGR, xRGB, xBGR, RGB, BGR, RGB16, BGR16, AYUV, I420, YV12, NV12, NV21, YUY2, UYVY, Y41B, Y42B, Y444, GRAY8, GRAY16_LE, GRAY16_BE }, width=(int)[ 1, 2147483647 ], height=(int)[ 1, 2147483647 ], framerate=(fraction)[ 0/1, 2147483647/1 ], texture-target=(string){ 2D, rectangle, external-oes }
05-10 00:33:36.840  5448  5521 D GStreamer+structure: 0:00:31.280562124 0xf37ecd20 gststructure.c:2316:gst_structure_parse_field trying field name 'clock-rate'
05-10 00:33:36.840  5448  5521 D GStreamer+structure: 0:00:31.280595145 0xf37ecd20 gststructure.c:2367:gst_structure_parse_value trying type name 'int'
05-10 00:33:36.840  5448  5520 D GStreamer+basetransform: 0:00:31.280613686 0xf37eccc0 gstbasetransform.c:749:gst_base_transform_query_caps:<gluploadelement0:sink> our template  video/x-raw(ANY)
05-10 00:33:36.840  5448  5521 D GStreamer+structure: 0:00:31.280630822 0xf37ecd20 gststructure.c:2316:gst_structure_parse_field trying field name 'encoding-name'
05-10 00:33:36.840  5448  5521 D GStreamer+structure: 0:00:31.280661759 0xf37ecd20 gststructure.c:2367:gst_structure_parse_value trying type name 'string'
05-10 00:33:36.840  5448  5521 D GStreamer+structure: 0:00:31.280699572 0xf37ecd20 gststructure.c:2316:gst_structure_parse_field trying field name 'media'
05-10 00:33:36.840  5448  5521 D GStreamer+structure: 0:00:31.280736655 0xf37ecd20 gststructure.c:2367:gst_structure_parse_value trying type name 'string'
05-10 00:33:36.840  5448  5521 D GStreamer+structure: 0:00:31.280774884 0xf37ecd20 gststructure.c:2316:gst_structure_parse_field trying field name 'payload'
05-10 00:33:36.840  5448  5520 D GStreamer+basetransform: 0:00:31.280786186 0xf37eccc0 gstbasetransform.c:751:gst_base_transform_query_caps:<gluploadelement0:sink> intersected video/x-raw(memory:GLMemory), width=(int)[ 1, 2147483647 ], height=(int)[ 1, 2147483647 ], framerate=(fraction)[ 0/1, 2147483647/1 ], format=(string)RGBA, texture-target=(string)2D; video/x-raw(memory:GLMemory), format=(string){ RGBA, BGRA, RGBx, BGRx, ARGB, ABGR, xRGB, xBGR, RGB, BGR, RGB16, BGR16, AYUV, I420, YV12, NV12, NV21, YUY2, UYVY, Y41B, Y42B, Y444, GRAY8, GRAY16_LE, GRAY16_BE }, width=(int)[ 1, 2147483647 ], height=(int)[ 1, 2147483647 ], framerate=(fraction)[ 0/1, 2147483647/1 ], texture-target=(string){ 2D, rectangle, external-oes }
05-10 00:33:36.840  5448  5521 D GStreamer+structure: 0:00:31.280808426 0xf37ecd20 gststructure.c:2367:gst_structure_parse_value trying type name 'int'
05-10 00:33:36.840  5448  5521 D GStreamer+structure: 0:00:31.280841499 0xf37ecd20 gststructure.c:2316:gst_structure_parse_field trying field name 'clock-rate'
05-10 00:33:36.840  5448  5520 D GStreamer+basetransform: 0:00:31.280848686 0xf37eccc0 gstbasetransform.c:533:gst_base_transform_transform_caps:<gluploadelement0> transform caps (direction = 1)
05-10 00:33:36.840  5448  5521 D GStreamer+structure: 0:00:31.280870717 0xf37ecd20 gststructure.c:2367:gst_structure_parse_value trying type name 'int'
05-10 00:33:36.840  5448  5521 D GStreamer+GST_ELEMENT_FACTORY: 0:00:31.280912072 0xf37ecd20 gstelementfactory.c:848:gst_element_factory_list_filter Trying rtpqdm2depay
05-10 00:33:36.840  5448  5521 D GStreamer+structure: 0:00:31.280948790 0xf37ecd20 gststructure.c:2316:gst_structure_parse_field trying field name 'media'
05-10 00:33:36.840  5448  5520 D GStreamer+GST_PERFORMANCE: 0:00:31.280981967 0xf37eccc0 gstcaps.c:169:_gst_caps_copy:<0xf39daa00> doing copy 0xf39daa00 -> 0xf39daa28
05-10 00:33:36.840  5448  5521 D GStreamer+structure: 0:00:31.280999207 0xf37ecd20 gststructure.c:2367:gst_structure_parse_value trying type name 'string'
05-10 00:33:36.840  5448  5521 D GStreamer+structure: 0:00:31.281036186 0xf37ecd20 gststructure.c:2316:gst_structure_parse_field trying field name 'encoding-name'
05-10 00:33:36.841  5448  5521 D GStreamer+structure: 0:00:31.281071134 0xf37ecd20 gststructure.c:2367:gst_structure_parse_value trying type name 'string'
05-10 00:33:36.841  5448  5521 D GStreamer+GST_ELEMENT_FACTORY: 0:00:31.281114728 0xf37ecd20 gstelementfactory.c:848:gst_element_factory_list_filter Trying rtpsbcdepay
05-10 00:33:36.841  5448  5520 D GStreamer+GST_PERFORMANCE: 0:00:31.281159676 0xf37eccc0 gstcaps.c:169:_gst_caps_copy:<0xf39daa00> doing copy 0xf39daa00 -> 0xf39daa50
05-10 00:33:36.841  5448  5521 D GStreamer+structure: 0:00:31.281176134 0xf37ecd20 gststructure.c:2316:gst_structure_parse_field trying field name 'media'
05-10 00:33:36.841  5448  5521 D GStreamer+structure: 0:00:31.281208842 0xf37ecd20 gststructure.c:2367:gst_structure_parse_value trying type name 'string'
05-10 00:33:36.841  5448  5521 D GStreamer+structure: 0:00:31.281245509 0xf37ecd20 gststructure.c:2316:gst_structure_parse_field trying field name 'payload'
05-10 00:33:36.841  5448  5521 D GStreamer+structure: 0:00:31.281280145 0xf37ecd20 gststructure.c:2367:gst_structure_parse_value trying type name 'int'
05-10 00:33:36.841  5448  5521 D GStreamer+structure: 0:00:31.281324936 0xf37ecd20 gststructure.c:2316:gst_structure_parse_field trying field name 'clock-rate'
