05-10 00:33:36.703  5448  5448 D GStreamer+GST_STATES: 0:00:31.144043217 0xf35f2200 gstelement.c:2561:gst_element_set_state_func:<queue0> current READY, old_pending VOID_PENDING, next VOID_PENDING, old return SUCCESS
05-10 00:33:36.704  5448  5448 D GStreamer+GST_STATES: 0:00:31.144079624 0xf35f2200 gstelement.c:2595:gst_element_set_state_func:<queue0> final: setting state from READY to PAUSED
05-10 00:33:36.704  5448  5448 D GStreamer+GST_ELEMENT_PADS: 0:00:31.144113738 0xf35f2200 gstelement.c:2793:gst_element_pads_activate:<queue0> activate pads
05-10 00:33:36.704  5448  5448 D GStreamer+GST_PADS: 0:00:31.144177853 0xf35f2200 gstpad.c:1056:gst_pad_set_active:<queue0:src> activating pad from none
05-10 00:33:36.704  5448  5448 D GStreamer+GST_PADS: 0:00:31.144214780 0xf35f2200 gstpad.c:972:pre_activate:<queue0:src> setting pad into push mode, unset flushing
05-10 00:33:36.704  5448  5448 D GStreamer+GST_PADS: 0:00:31.144269259 0xf35f2200 gstpad.c:5938:gst_pad_start_task:<queue0:src> start task
05-10 00:33:36.704  5448  5448 D GStreamer+task: 0:00:31.144320457 0xf35f2200 gsttask.c:425:gst_task_new Created task 0xf3ac3978
05-10 00:33:36.704  5448  5448 I GStreamer+task: 0:00:31.144370145 0xf35f2200 gsttask.c:451:gst_task_set_lock setting stream lock 0xf3950474 on task 0xf3ac3978
05-10 00:33:36.704  5448  5448 I GStreamer+GST_PADS: 0:00:31.144403478 0xf35f2200 gstpad.c:5947:gst_pad_start_task:<queue0:src> created task 0xf3ac3978
05-10 00:33:36.704  5448  5448 D GStreamer+GST_PADS: 0:00:31.144438270 0xf35f2200 gstpad.c:5864:do_stream_status:<queue0:src> doing stream-status 0
05-10 00:33:36.704  5448  5448 D GStreamer+GST_PADS: 0:00:31.144500770 0xf35f2200 gstpad.c:5893:do_stream_status:<queue0:src> posting stream-status 0
05-10 00:33:36.704  5448  5448 D GStreamer+GST_BUS: 0:00:31.144604520 0xf35f2200 gstbus.c:309:gst_bus_post:<bus3> [msg 0xf37f5818] posting on bus stream-status message: 0xf37f5818, time 99:99:99.999999999, seq-num 81, element 'src', GstMessageStreamStatus, type=(GstStreamStatusType)GST_STREAM_STATUS_TYPE_CREATE, owner=(GstElement)"\(GstQueue\)\ queue0", object=(GstTask)"\(GstTask\)\ task2";
05-10 00:33:36.704  5448  5448 D GStreamer+bin: 0:00:31.144644936 0xf35f2200 gstbin.c:3528:gst_bin_handle_message_func:<pipeline0> [msg 0xf37f5818] handling child src message of type stream-status
05-10 00:33:36.704  5448  5448 D GStreamer+bin: 0:00:31.144676447 0xf35f2200 gstbin.c:3865:gst_bin_handle_message_func:<pipeline0> posting message upward
05-10 00:33:36.704  5448  5448 D GStreamer+GST_BUS: 0:00:31.144776447 0xf35f2200 gstbus.c:309:gst_bus_post:<bus4> [msg 0xf37f5818] posting on bus stream-status message: 0xf37f5818, time 99:99:99.999999999, seq-num 81, element 'src', GstMessageStreamStatus, type=(GstStreamStatusType)GST_STREAM_STATUS_TYPE_CREATE, owner=(GstElement)"\(GstQueue\)\ queue0", object=(GstTask)"\(GstTask\)\ task2";
05-10 00:33:36.704  5448  5448 D GStreamer+GST_BUS: 0:00:31.144832957 0xf35f2200 gstbus.c:348:gst_bus_post:<bus4> [msg 0xf37f5818] pushing on async queue
05-10 00:33:36.704  5448  5448 D GStreamer+GST_BUS: 0:00:31.144873009 0xf35f2200 gstbus.c:351:gst_bus_post:<bus4> [msg 0xf37f5818] pushed on async queue
05-10 00:33:36.704  5448  5448 D GStreamer+GST_BUS: 0:00:31.144929467 0xf35f2200 gstbus.c:344:gst_bus_post:<bus3> [msg 0xf37f5818] dropped
05-10 00:33:36.704  5448  5504 D GStreamer+GST_BUS: 0:00:31.144958947 0xf394d800 gstbus.c:521:gst_bus_timed_pop_filtered:<bus4> got message 0xf37f5818, stream-status from src, type mask is 4294967295
05-10 00:33:36.704  5448  5448 D GStreamer+task: 0:00:31.144978530 0xf35f2200 gsttask.c:682:gst_task_set_state:<task2> Changing task 0xf3ac3978 to state 0
05-10 00:33:36.704  5448  5504 D GStreamer+GST_BUS: 0:00:31.145043009 0xf394d800 gstbus.c:789:gst_bus_source_dispatch:<bus4> source 0xf3aca788 calling dispatch with stream-status message: 0xf37f5818, time 99:99:99.999999999, seq-num 81, element 'src', GstMessageStreamStatus, type=(GstStreamStatusType)GST_STREAM_STATUS_TYPE_CREATE, owner=(GstElement)"\(GstQueue\)\ queue0", object=(GstTask)"\(GstTask\)\ task2";
05-10 00:33:36.705  5448  5448 D GStreamer+GST_PADS: 0:00:31.145098322 0xf35f2200 gstpad.c:1198:gst_pad_activate_mode:<queue0:src> activated in push mode
05-10 00:33:36.705  5448  5504 D GStreamer+GST_BUS: 0:00:31.145136655 0xf394d800 gstbus.c:794:gst_bus_source_dispatch:<bus4> source 0xf3aca788 handler returns 1
05-10 00:33:36.705  5448  5520 D GStreamer+task: 0:00:31.145162540 0xf37eccc0 gsttask.c:287:gst_task_func Entering task 0xf3ac3978, thread 0xf37eccc0
05-10 00:33:36.705  5448  5448 D GStreamer+GST_PADS: 0:00:31.145183582 0xf35f2200 gstpad.c:1056:gst_pad_set_active:<queue0:sink> activating pad from none
05-10 00:33:36.705  5448  5520 D GStreamer+GST_PADS: 0:00:31.145212436 0xf37eccc0 gstpad.c:5864:do_stream_status:<queue0:src> doing stream-status 1
05-10 00:33:36.705  5448  5448 D GStreamer+GST_PADS: 0:00:31.145268582 0xf35f2200 gstpad.c:972:pre_activate:<queue0:sink> setting pad into push mode, unset flushing
05-10 00:33:36.705  5448  5520 D GStreamer+GST_PADS: 0:00:31.145300926 0xf37eccc0 gstpad.c:5893:do_stream_status:<queue0:src> posting stream-status 1
05-10 00:33:36.705  5448  5448 D GStreamer+GST_PADS: 0:00:31.145329415 0xf35f2200 gstpad.c:1198:gst_pad_activate_mode:<queue0:sink> activated in push mode
05-10 00:33:36.705  5448  5448 D GStreamer+GST_ELEMENT_PADS: 0:00:31.145408113 0xf35f2200 gstelement.c:2812:gst_element_pads_activate:<queue0> pad activation successful
05-10 00:33:36.705  5448  5520 D GStreamer+GST_BUS: 0:00:31.145425353 0xf37eccc0 gstbus.c:309:gst_bus_post:<bus3> [msg 0xf3ad1000] posting on bus stream-status message: 0xf3ad1000, time 99:99:99.999999999, seq-num 82, element 'src', GstMessageStreamStatus, type=(GstStreamStatusType)GST_STREAM_STATUS_TYPE_ENTER, owner=(GstElement)"\(GstQueue\)\ queue0", object=(GstTask)"\(GstTask\)\ queue0:src";
05-10 00:33:36.705  5448  5448 D GStreamer+GST_STATES: 0:00:31.145446759 0xf35f2200 gstelement.c:2684:gst_element_change_state:<queue0> element changed state SUCCESS
05-10 00:33:36.705  5448  5520 D GStreamer+bin: 0:00:31.145476499 0xf37eccc0 gstbin.c:3528:gst_bin_handle_message_func:<pipeline0> [msg 0xf3ad1000] handling child src message of type stream-status
05-10 00:33:36.705  5448  5448 I GStreamer+GST_STATES: 0:00:31.145512228 0xf35f2200 gstelement.c:2372:gst_element_continue_state:<queue0> completed state change to PAUSED
05-10 00:33:36.705  5448  5520 D GStreamer+bin: 0:00:31.145527072 0xf37eccc0 gstbin.c:3865:gst_bin_handle_message_func:<pipeline0> posting message upward
05-10 00:33:36.705  5448  5448 I GStreamer+GST_STATES: 0:00:31.145551811 0xf35f2200 gstelement.c:2277:_priv_gst_element_state_changed:<queue0> notifying about state-changed READY to PAUSED (VOID_PENDING pending)
05-10 00:33:36.705  5448  5520 D GStreamer+GST_BUS: 0:00:31.145620717 0xf37eccc0 gstbus.c:309:gst_bus_post:<bus4> [msg 0xf3ad1000] posting on bus stream-status message: 0xf3ad1000, time 99:99:99.999999999, seq-num 82, element 'src', GstMessageStreamStatus, type=(GstStreamStatusType)GST_STREAM_STATUS_TYPE_ENTER, owner=(GstElement)"\(GstQueue\)\ queue0", object=(GstTask)"\(GstTask\)\ queue0:src";
05-10 00:33:36.705  5448  5520 D GStreamer+GST_BUS: 0:00:31.145665301 0xf37eccc0 gstbus.c:348:gst_bus_post:<bus4> [msg 0xf3ad1000] pushing on async queue
05-10 00:33:36.705  5448  5448 D GStreamer+GST_BUS: 0:00:31.145701395 0xf35f2200 gstbus.c:309:gst_bus_post:<bus3> [msg 0xf37dee80] posting on bus state-changed message: 0xf37dee80, time 99:99:99.999999999, seq-num 83, element 'queue0', GstMessageStateChanged, old-state=(GstState)GST_STATE_READY, new-state=(GstState)GST_STATE_PAUSED, pending-state=(GstState)GST_STATE_VOID_PENDING;
05-10 00:33:36.705  5448  5520 D GStreamer+GST_BUS: 0:00:31.145716082 0xf37eccc0 gstbus.c:351:gst_bus_post:<bus4> [msg 0xf3ad1000] pushed on async queue
05-10 00:33:36.705  5448  5448 D GStreamer+bin: 0:00:31.145749155 0xf35f2200 gstbin.c:3528:gst_bin_handle_message_func:<pipeline0> [msg 0xf37dee80] handling child queue0 message of type state-changed
05-10 00:33:36.705  5448  5520 D GStreamer+GST_BUS: 0:00:31.145765040 0xf37eccc0 gstbus.c:344:gst_bus_post:<bus3> [msg 0xf3ad1000] dropped
05-10 00:33:36.705  5448  5504 D GStreamer+GST_BUS: 0:00:31.145788530 0xf394d800 gstbus.c:521:gst_bus_timed_pop_filtered:<bus4> got message 0xf3ad1000, stream-status from src, type mask is 4294967295
05-10 00:33:36.705  5448  5520 D GStreamer+task: 0:00:31.145808009 0xf37eccc0 gsttask.c:249:gst_task_configure_name:<queue0:src> Setting thread name to 'queue0:src'
05-10 00:33:36.705  5448  5448 D GStreamer+bin: 0:00:31.145821915 0xf35f2200 gstbin.c:3865:gst_bin_handle_message_func:<pipeline0> posting message upward
05-10 00:33:36.705  5448  5520 D GStreamer+queue_dataflow: 0:00:31.145863478 0xf37eccc0 gstqueue.c:1464:gst_queue_loop:<queue0> queue is empty
05-10 00:33:36.705  5448  5504 D GStreamer+GST_BUS: 0:00:31.145913165 0xf394d800 gstbus.c:789:gst_bus_source_dispatch:<bus4> source 0xf3aca788 calling dispatch with stream-status message: 0xf3ad1000, time 99:99:99.999999999, seq-num 82, element 'src', GstMessageStreamStatus, type=(GstStreamStatusType)GST_STREAM_STATUS_TYPE_ENTER, owner=(GstElement)"\(GstQueue\)\ queue0", object=(GstTask)"\(GstTask\)\ queue0:src";
05-10 00:33:36.705  5448  5448 D GStreamer+GST_BUS: 0:00:31.145963999 0xf35f2200 gstbus.c:309:gst_bus_post:<bus4> [msg 0xf37dee80] posting on bus state-changed message: 0xf37dee80, time 99:99:99.999999999, seq-num 83, element 'queue0', GstMessageStateChanged, old-state=(GstState)GST_STATE_READY, new-state=(GstState)GST_STATE_PAUSED, pending-state=(GstState)GST_STATE_VOID_PENDING;
05-10 00:33:36.705  5448  5504 D GStreamer+GST_BUS: 0:00:31.145982176 0xf394d800 gstbus.c:794:gst_bus_source_dispatch:<bus4> source 0xf3aca788 handler returns 1
05-10 00:33:36.705  5448  5448 D GStreamer+GST_BUS: 0:00:31.146005665 0xf35f2200 gstbus.c:348:gst_bus_post:<bus4> [msg 0xf37dee80] pushing on async queue
05-10 00:33:36.706  5448  5448 D GStreamer+GST_BUS: 0:00:31.146066290 0xf35f2200 gstbus.c:351:gst_bus_post:<bus4> [msg 0xf37dee80] pushed on async queue
05-10 00:33:36.706  5448  5504 D GStreamer+GST_BUS: 0:00:31.146094676 0xf394d800 gstbus.c:521:gst_bus_timed_pop_filtered:<bus4> got message 0xf37dee80, state-changed from queue0, type mask is 4294967295
05-10 00:33:36.706  5448  5448 D GStreamer+GST_BUS: 0:00:31.146108374 0xf35f2200 gstbus.c:344:gst_bus_post:<bus3> [msg 0xf37dee80] dropped
05-10 00:33:36.706  5448  5448 D GStreamer+GST_STATES: 0:00:31.146177801 0xf35f2200 gstelement.c:2607:gst_element_set_state_func:<queue0> returned SUCCESS
05-10 00:33:36.706  5448  5504 D GStreamer+GST_BUS: 0:00:31.146194572 0xf394d800 gstbus.c:789:gst_bus_source_dispatch:<bus4> source 0xf3aca788 calling dispatch with state-changed message: 0xf37dee80, time 99:99:99.999999999, seq-num 83, element 'queue0', GstMessageStateChanged, old-state=(GstState)GST_STATE_READY, new-state=(GstState)GST_STATE_PAUSED, pending-state=(GstState)GST_STATE_VOID_PENDING;
05-10 00:33:36.706  5448  5448 I GStreamer+GST_STATES: 0:00:31.146222436 0xf35f2200 gstbin.c:2764:gst_bin_change_state_func:<pipeline0> child 'queue0' changed state to 3(PAUSED) successfully
05-10 00:33:36.706  5448  5504 D GStreamer+GST_BUS: 0:00:31.146246707 0xf394d800 gstbus.c:794:gst_bus_source_dispatch:<bus4> source 0xf3aca788 handler returns 1
05-10 00:33:36.706  5448  5448 D GStreamer+bin: 0:00:31.146281395 0xf35f2200 gstbin.c:2167:gst_bin_sort_iterator_next:<pipeline0> queue empty, next best: decodebin0
05-10 00:33:36.706  5448  5448 D GStreamer+bin: 0:00:31.146315405 0xf35f2200 gstbin.c:2182:gst_bin_sort_iterator_next:<pipeline0> queue head gives decodebin0
05-10 00:33:36.706  5448  5448 D GStreamer+bin: 0:00:31.146367124 0xf35f2200 gstbin.c:882:find_message:<pipeline0> no message found matching types 00001000
05-10 00:33:36.706  5448  5448 D GStreamer+bin: 0:00:31.146400145 0xf35f2200 gstbin.c:889:find_message:<pipeline0>   structure-change
05-10 00:33:36.706  5448  5448 D GStreamer+bin: 0:00:31.146439207 0xf35f2200 gstbin.c:2098:update_degree:<pipeline0> change element queue2, degree 1->0, linked to decodebin0
05-10 00:33:36.706  5448  5448 D GStreamer+bin: 0:00:31.146491759 0xf35f2200 gstbin.c:1981:add_to_queue:<pipeline0> adding 'queue2' to queue
05-10 00:33:36.706  5448  5448 I GStreamer+GST_STATES: 0:00:31.146530717 0xf35f2200 gstbin.c:2316:gst_bin_element_set_state:<decodebin0> current READY pending VOID_PENDING, desired next PAUSED
05-10 00:33:36.706  5448  5448 D GStreamer+bin: 0:00:31.146582332 0xf35f2200 gstbin.c:882:find_message:<pipeline0> no message found matching types 00100000
05-10 00:33:36.706  5448  5448 D GStreamer+bin: 0:00:31.146615353 0xf35f2200 gstbin.c:889:find_message:<pipeline0>   async-start
05-10 00:33:36.706  5448  5448 D GStreamer+bin: 0:00:31.146654259 0xf35f2200 gstbin.c:2411:gst_bin_element_set_state:<pipeline0> setting element decodebin0 to PAUSED, base_time 0:00:00.000000000
05-10 00:33:36.706  5448  5448 D GStreamer+GST_STATES: 0:00:31.146707124 0xf35f2200 gstelement.c:2523:gst_element_set_state_func:<decodebin0> set_state to PAUSED
05-10 00:33:36.706  5448  5448 D GStreamer+GST_STATES: 0:00:31.146740561 0xf35f2200 gstelement.c:2548:gst_element_set_state_func:<decodebin0> setting target state to PAUSED
05-10 00:33:36.706  5448  5448 D GStreamer+GST_STATES: 0:00:31.146777124 0xf35f2200 gstelement.c:2561:gst_element_set_state_func:<decodebin0> current READY, old_pending VOID_PENDING, next VOID_PENDING, old return SUCCESS
05-10 00:33:36.706  5448  5448 D GStreamer+GST_STATES: 0:00:31.146832592 0xf35f2200 gstelement.c:2595:gst_element_set_state_func:<decodebin0> final: setting state from READY to PAUSED
05-10 00:33:36.706  5448  5448 D GStreamer+bin: 0:00:31.146910092 0xf35f2200 gstbin.c:3528:gst_bin_handle_message_func:<decodebin0> [msg 0xf3ad1670] handling child decodebin0 message of type async-start
05-10 00:33:36.706  5448  5448 D GStreamer+bin: 0:00:31.146947332 0xf35f2200 gstbin.c:3718:gst_bin_handle_message_func:<decodebin0> ASYNC_START message 0xf3ad1670, decodebin0
05-10 00:33:36.706  5448  5448 D GStreamer+bin: 0:00:31.146981603 0xf35f2200 gstbin.c:882:find_message:<decodebin0> no message found matching types 00100000
05-10 00:33:36.706  5448  5448 D GStreamer+bin: 0:00:31.147032540 0xf35f2200 gstbin.c:889:find_message:<decodebin0>   async-start
05-10 00:33:36.707  5448  5448 D GStreamer+bin: 0:00:31.147069259 0xf35f2200 gstbin.c:929:bin_replace_message:<decodebin0> got new message 0xf3ad1670, async-start from decodebin0
05-10 00:33:36.707  5448  5448 D GStreamer+GST_STATES: 0:00:31.147100822 0xf35f2200 gstbin.c:3181:bin_handle_async_start:<decodebin0> state change busy
05-10 00:33:36.707  5448  5448 D GStreamer+bin: 0:00:31.147162801 0xf35f2200 gstbin.c:3167:bin_handle_async_start:<decodebin0> posting ASYNC_START to parent
05-10 00:33:36.707  5448  5448 D GStreamer+GST_BUS: 0:00:31.147213165 0xf35f2200 gstbus.c:309:gst_bus_post:<bus3> [msg 0xf3ad16c8] posting on bus async-start message: 0xf3ad16c8, time 99:99:99.999999999, seq-num 85, element 'decodebin0', (NULL)
05-10 00:33:36.707  5448  5448 D GStreamer+bin: 0:00:31.147268217 0xf35f2200 gstbin.c:3528:gst_bin_handle_message_func:<pipeline0> [msg 0xf3ad16c8] handling child decodebin0 message of type async-start
05-10 00:33:36.707  5448  5448 D GStreamer+bin: 0:00:31.147302332 0xf35f2200 gstbin.c:3718:gst_bin_handle_message_func:<pipeline0> ASYNC_START message 0xf3ad16c8, decodebin0
05-10 00:33:36.707  5448  5448 D GStreamer+bin: 0:00:31.147334051 0xf35f2200 gstbin.c:882:find_message:<pipeline0> no message found matching types 00100000
05-10 00:33:36.707  5448  5448 D GStreamer+bin: 0:00:31.147385092 0xf35f2200 gstbin.c:889:find_message:<pipeline0>   async-start
05-10 00:33:36.707  5448  5448 D GStreamer+bin: 0:00:31.147419051 0xf35f2200 gstbin.c:929:bin_replace_message:<pipeline0> got new message 0xf3ad16c8, async-start from decodebin0
05-10 00:33:36.707  5448  5448 D GStreamer+GST_STATES: 0:00:31.147466395 0xf35f2200 gstbin.c:3181:bin_handle_async_start:<pipeline0> state change busy
05-10 00:33:36.707  5448  5448 D GStreamer+GST_BUS: 0:00:31.147501238 0xf35f2200 gstbus.c:344:gst_bus_post:<bus3> [msg 0xf3ad16c8] dropped
05-10 00:33:36.707  5448  5448 D GStreamer+GST_STATES: 0:00:31.147543999 0xf35f2200 gstbin.c:2664:gst_bin_change_state_func:<decodebin0> changing state of children from READY to PAUSED
05-10 00:33:36.707  5448  5448 D GStreamer+bin: 0:00:31.147594363 0xf35f2200 gstbin.c:2688:gst_bin_change_state_func:<decodebin0> clearing EOS elements
05-10 00:33:36.707  5448  5448 D GStreamer+bin: 0:00:31.147629415 0xf35f2200 gstbin.c:963:bin_remove_messages:<decodebin0> not deleting message 0xf3ad1670 of type 0x00100000
05-10 00:33:36.707  5448  5448 D GStreamer+bin: 0:00:31.147663842 0xf35f2200 gstbin.c:963:bin_remove_messages:<decodebin0> not deleting message 0xf3ad1670 of type 0x00100000
05-10 00:33:36.707  5448  5448 D GStreamer+bin: 0:00:31.147720145 0xf35f2200 gstbin.c:2509:gst_bin_src_pads_activate:<decodebin0> activate pads
05-10 00:33:36.707  5448  5448 D GStreamer+bin: 0:00:31.147756395 0xf35f2200 gstbin.c:2517:gst_bin_src_pads_activate:<decodebin0> pad activation successful
05-10 00:33:36.707  5448  5448 D GStreamer+bin: 0:00:31.147807124 0xf35f2200 gstbin.c:2195:gst_bin_sort_iterator_resync:<decodebin0> resync
05-10 00:33:36.707  5448  5448 D GStreamer+bin: 0:00:31.147843009 0xf35f2200 gstbin.c:882:find_message:<decodebin0> no message found matching types 00001000
05-10 00:33:36.707  5448  5448 D GStreamer+bin: 0:00:31.147874207 0xf35f2200 gstbin.c:889:find_message:<decodebin0>   structure-change
05-10 00:33:36.707  5448  5448 D GStreamer+bin: 0:00:31.147926603 0xf35f2200 gstbin.c:2121:update_degree:<decodebin0> element typefind not linked on any sinkpads
05-10 00:33:36.707  5448  5448 D GStreamer+bin: 0:00:31.147962072 0xf35f2200 gstbin.c:2167:gst_bin_sort_iterator_next:<decodebin0> queue empty, next best: typefind
05-10 00:33:36.707  5448  5448 D GStreamer+bin: 0:00:31.147995665 0xf35f2200 gstbin.c:2182:gst_bin_sort_iterator_next:<decodebin0> queue head gives typefind
05-10 00:33:36.708  5448  5448 D GStreamer+bin: 0:00:31.148047540 0xf35f2200 gstbin.c:882:find_message:<decodebin0> no message found matching types 00001000
05-10 00:33:36.708  5448  5448 D GStreamer+bin: 0:00:31.148078999 0xf35f2200 gstbin.c:889:find_message:<decodebin0>   structure-change
05-10 00:33:36.708  5448  5448 D GStreamer+bin: 0:00:31.148134207 0xf35f2200 gstbin.c:2121:update_degree:<decodebin0> element typefind not linked on any sinkpads
05-10 00:33:36.708  5448  5448 I GStreamer+GST_STATES: 0:00:31.148175405 0xf35f2200 gstbin.c:2316:gst_bin_element_set_state:<typefind> current READY pending VOID_PENDING, desired next PAUSED
05-10 00:33:36.708  5448  5448 D GStreamer+bin: 0:00:31.148207645 0xf35f2200 gstbin.c:882:find_message:<decodebin0> no message found matching types 00100000
05-10 00:33:36.708  5448  5448 D GStreamer+bin: 0:00:31.148258113 0xf35f2200 gstbin.c:889:find_message:<decodebin0>   async-start
05-10 00:33:36.708  5448  5448 D GStreamer+bin: 0:00:31.148297540 0xf35f2200 gstbin.c:2411:gst_bin_element_set_state:<decodebin0> setting element typefind to PAUSED, base_time 0:00:00.000000000
05-10 00:33:36.708  5448  5448 D GStreamer+GST_STATES: 0:00:31.148329832 0xf35f2200 gstelement.c:2523:gst_element_set_state_func:<typefind> set_state to PAUSED
05-10 00:33:36.708  5448  5448 D GStreamer+GST_STATES: 0:00:31.148381238 0xf35f2200 gstelement.c:2548:gst_element_set_state_func:<typefind> setting target state to PAUSED
05-10 00:33:36.708  5448  5448 D GStreamer+GST_STATES: 0:00:31.148416759 0xf35f2200 gstelement.c:2561:gst_element_set_state_func:<typefind> current READY, old_pending VOID_PENDING, next VOID_PENDING, old return SUCCESS
05-10 00:33:36.708  5448  5448 D GStreamer+GST_STATES: 0:00:31.148469311 0xf35f2200 gstelement.c:2595:gst_element_set_state_func:<typefind> final: setting state from READY to PAUSED
05-10 00:33:36.708  5448  5448 D GStreamer+GST_ELEMENT_PADS: 0:00:31.148504936 0xf35f2200 gstelement.c:2793:gst_element_pads_activate:<typefind> activate pads
05-10 00:33:36.708  5448  5448 D GStreamer+GST_PADS: 0:00:31.148540822 0xf35f2200 gstpad.c:1056:gst_pad_set_active:<typefind:src> activating pad from none
05-10 00:33:36.708  5448  5448 D GStreamer+GST_PADS: 0:00:31.148597176 0xf35f2200 gstpad.c:972:pre_activate:<typefind:src> setting pad into push mode, unset flushing
05-10 00:33:36.708  5448  5448 D GStreamer+GST_PADS: 0:00:31.148633895 0xf35f2200 gstpad.c:1198:gst_pad_activate_mode:<typefind:src> activated in push mode
05-10 00:33:36.708  5448  5448 D GStreamer+GST_PADS: 0:00:31.148689728 0xf35f2200 gstpad.c:1056:gst_pad_set_active:<typefind:sink> activating pad from none
05-10 00:33:36.708  5448  5448 D GStreamer+query: 0:00:31.148727853 0xf35f2200 gstquery.c:674:gst_query_new_custom creating new query 0xf37eccf0 scheduling
05-10 00:33:36.708  5448  5448 D GStreamer+GST_PADS: 0:00:31.148761915 0xf35f2200 gstpad.c:4009:gst_pad_peer_query:<typefind:sink> peer query 0xf37eccf0 (scheduling)
05-10 00:33:36.708  5448  5448 D GStreamer+GST_PADS: 0:00:31.148818582 0xf35f2200 gstpad.c:3882:gst_pad_query:<sink:proxypad1> doing query 0xf37eccf0 (scheduling)
05-10 00:33:36.708  5448  5448 D GStreamer+GST_PADS: 0:00:31.148857436 0xf35f2200 gstpad.c:3339:gst_pad_query_default:<sink:proxypad1> forwarding 0xf37eccf0 (scheduling) query
05-10 00:33:36.708  5448  5448 D GStreamer+GST_PADS: 0:00:31.148917436 0xf35f2200 gstpad.c:4009:gst_pad_peer_query:<decodebin0:sink> peer query 0xf37eccf0 (scheduling)
05-10 00:33:36.708  5448  5448 D GStreamer+GST_PADS: 0:00:31.148955249 0xf35f2200 gstpad.c:3882:gst_pad_query:<queue2:src> doing query 0xf37eccf0 (scheduling)
05-10 00:33:36.708  5448  5448 D GStreamer+GST_PADS: 0:00:31.149013738 0xf35f2200 gstpad.c:3905:gst_pad_query:<queue2:src> sent query 0xf37eccf0 (scheduling), result 1
05-10 00:33:36.709  5448  5448 D GStreamer+GST_PADS: 0:00:31.149055926 0xf35f2200 gstpad.c:3905:gst_pad_query:<sink:proxypad1> sent query 0xf37eccf0 (scheduling), result 1
05-10 00:33:36.709  5448  5448 D GStreamer+GST_PADS: 0:00:31.149095926 0xf35f2200 gstpad.c:972:pre_activate:<typefind:sink> setting pad into push mode, unset flushing
05-10 00:33:36.709  5448  5448 D GStreamer+GST_PADS: 0:00:31.149163009 0xf35f2200 gstpad.c:984:pre_activate:<typefind:sink> reschedule events on peer sink:proxypad1
05-10 00:33:36.709  5448  5448 D GStreamer+typefind: 0:00:31.149196655 0xf35f2200 gsttypefindelement.c:525:start_typefinding:<typefind> starting typefinding
05-10 00:33:36.709  5448  5448 D GStreamer+GST_PADS: 0:00:31.149250405 0xf35f2200 gstpad.c:1198:gst_pad_activate_mode:<typefind:sink> activated in push mode
05-10 00:33:36.709  5448  5448 D GStreamer+GST_ELEMENT_PADS: 0:00:31.149287280 0xf35f2200 gstelement.c:2812:gst_element_pads_activate:<typefind> pad activation successful
05-10 00:33:36.709  5448  5448 D GStreamer+GST_STATES: 0:00:31.149317697 0xf35f2200 gstelement.c:2684:gst_element_change_state:<typefind> element changed state SUCCESS
05-10 00:33:36.709  5448  5448 I GStreamer+GST_STATES: 0:00:31.149369155 0xf35f2200 gstelement.c:2372:gst_element_continue_state:<typefind> completed state change to PAUSED
05-10 00:33:36.709  5448  5448 I GStreamer+GST_STATES: 0:00:31.149404311 0xf35f2200 gstelement.c:2277:_priv_gst_element_state_changed:<typefind> notifying about state-changed READY to PAUSED (VOID_PENDING pending)
05-10 00:33:36.709  5448  5448 D GStreamer+GST_BUS: 0:00:31.149491395 0xf35f2200 gstbus.c:309:gst_bus_post:<bus1> [msg 0xf3ad1720] posting on bus state-changed message: 0xf3ad1720, time 99:99:99.999999999, seq-num 86, element 'typefind', GstMessageStateChanged, old-state=(GstState)GST_STATE_READY, new-state=(GstState)GST_STATE_PAUSED, pending-state=(GstState)GST_STATE_VOID_PENDING;
05-10 00:33:36.709  5448  5448 D GStreamer+bin: 0:00:31.149529259 0xf35f2200 gstbin.c:3528:gst_bin_handle_message_func:<decodebin0> [msg 0xf3ad1720] handling child typefind message of type state-changed
05-10 00:33:36.709  5448  5448 D GStreamer+bin: 0:00:31.149580509 0xf35f2200 gstbin.c:3865:gst_bin_handle_message_func:<decodebin0> posting message upward
05-10 00:33:36.709  5448  5448 D GStreamer+GST_BUS: 0:00:31.149643217 0xf35f2200 gstbus.c:309:gst_bus_post:<bus3> [msg 0xf3ad1720] posting on bus state-changed message: 0xf3ad1720, time 99:99:99.999999999, seq-num 86, element 'typefind', GstMessageStateChanged, old-state=(GstState)GST_STATE_READY, new-state=(GstState)GST_STATE_PAUSED, pending-state=(GstState)GST_STATE_VOID_PENDING;
05-10 00:33:36.709  5448  5448 D GStreamer+bin: 0:00:31.149697592 0xf35f2200 gstbin.c:3528:gst_bin_handle_message_func:<pipeline0> [msg 0xf3ad1720] handling child typefind message of type state-changed
05-10 00:33:36.709  5448  5448 D GStreamer+bin: 0:00:31.149729467 0xf35f2200 gstbin.c:3865:gst_bin_handle_message_func:<pipeline0> posting message upward
05-10 00:33:36.709  5448  5448 D GStreamer+GST_BUS: 0:00:31.149809051 0xf35f2200 gstbus.c:309:gst_bus_post:<bus4> [msg 0xf3ad1720] posting on bus state-changed message: 0xf3ad1720, time 99:99:99.999999999, seq-num 86, element 'typefind', GstMessageStateChanged, old-state=(GstState)GST_STATE_READY, new-state=(GstState)GST_STATE_PAUSED, pending-state=(GstState)GST_STATE_VOID_PENDING;
05-10 00:33:36.709  5448  5448 D GStreamer+GST_BUS: 0:00:31.149841967 0xf35f2200 gstbus.c:348:gst_bus_post:<bus4> [msg 0xf3ad1720] pushing on async queue
05-10 00:33:36.709  5448  5448 D GStreamer+GST_BUS: 0:00:31.149879467 0xf35f2200 gstbus.c:351:gst_bus_post:<bus4> [msg 0xf3ad1720] pushed on async queue
05-10 00:33:36.709  5448  5504 D GStreamer+GST_BUS: 0:00:31.149909780 0xf394d800 gstbus.c:521:gst_bus_timed_pop_filtered:<bus4> got message 0xf3ad1720, state-changed from typefind, type mask is 4294967295
05-10 00:33:36.709  5448  5448 D GStreamer+GST_BUS: 0:00:31.149945717 0xf35f2200 gstbus.c:344:gst_bus_post:<bus3> [msg 0xf3ad1720] dropped
05-10 00:33:36.709  5448  5504 D GStreamer+GST_BUS: 0:00:31.149990717 0xf394d800 gstbus.c:789:gst_bus_source_dispatch:<bus4> source 0xf3aca788 calling dispatch with state-changed message: 0xf3ad1720, time 99:99:99.999999999, seq-num 86, element 'typefind', GstMessageStateChanged, old-state=(GstState)GST_STATE_READY, new-state=(GstState)GST_STATE_PAUSED, pending-state=(GstState)GST_STATE_VOID_PENDING;
05-10 00:33:36.709  5448  5448 D GStreamer+GST_BUS: 0:00:31.150029415 0xf35f2200 gstbus.c:344:gst_bus_post:<bus1> [msg 0xf3ad1720] dropped
05-10 00:33:36.710  5448  5504 D GStreamer+GST_BUS: 0:00:31.150046811 0xf394d800 gstbus.c:794:gst_bus_source_dispatch:<bus4> source 0xf3aca788 handler returns 1
05-10 00:33:36.710  5448  5448 D GStreamer+GST_STATES: 0:00:31.150069884 0xf35f2200 gstelement.c:2607:gst_element_set_state_func:<typefind> returned SUCCESS
05-10 00:33:36.710  5448  5448 I GStreamer+GST_STATES: 0:00:31.150106342 0xf35f2200 gstbin.c:2764:gst_bin_change_state_func:<decodebin0> child 'typefind' changed state to 3(PAUSED) successfully
05-10 00:33:36.710  5448  5448 D GStreamer+bin: 0:00:31.150168217 0xf35f2200 gstbin.c:2171:gst_bin_sort_iterator_next:<decodebin0> queue empty, elements exhausted
05-10 00:33:36.710  5448  5448 D GStreamer+GST_STATES: 0:00:31.150199259 0xf35f2200 gstbin.c:2823:gst_bin_change_state_func:<decodebin0> iterator done
05-10 00:33:36.710  5448  5448 D GStreamer+GST_ELEMENT_PADS: 0:00:31.150250822 0xf35f2200 gstelement.c:2793:gst_element_pads_activate:<decodebin0> activate pads
05-10 00:33:36.710  5448  5448 D GStreamer+GST_PADS: 0:00:31.150291811 0xf35f2200 gstpad.c:1062:gst_pad_set_active:<decodebin0:sink> pad was active in push mode
05-10 00:33:36.710  5448  5448 D GStreamer+GST_ELEMENT_PADS: 0:00:31.150327384 0xf35f2200 gstelement.c:2812:gst_element_pads_activate:<decodebin0> pad activation successful
05-10 00:33:36.710  5448  5448 D GStreamer+bin: 0:00:31.150379259 0xf35f2200 gstbin.c:2213:gst_bin_sort_iterator_free:<decodebin0> free
05-10 00:33:36.710  5448  5448 D GStreamer+bin: 0:00:31.150411447 0xf35f2200 gstbin.c:2858:gst_bin_change_state_func:<decodebin0> no async elements
05-10 00:33:36.710  5448  5448 D GStreamer+GST_STATES: 0:00:31.150466655 0xf35f2200 gstbin.c:2892:gst_bin_change_state_func:<decodebin0> done changing bin's state from READY to PAUSED, now in READY, ret SUCCESS
05-10 00:33:36.710  5448  5448 D GStreamer+GST_STATES: 0:00:31.150500301 0xf35f2200 gstelement.c:2666:gst_element_change_state:<decodebin0> element will change state ASYNC
05-10 00:33:36.710  5448  5448 D GStreamer+GST_STATES: 0:00:31.150533270 0xf35f2200 gstelement.c:2607:gst_element_set_state_func:<decodebin0> returned ASYNC
05-10 00:33:36.710  5448  5448 I GStreamer+GST_STATES: 0:00:31.150586915 0xf35f2200 gstbin.c:2770:gst_bin_change_state_func:<pipeline0> child 'decodebin0' is changing state asynchronously to PAUSED
05-10 00:33:36.710  5448  5448 D GStreamer+bin: 0:00:31.150621863 0xf35f2200 gstbin.c:2182:gst_bin_sort_iterator_next:<pipeline0> queue head gives queue2
05-10 00:33:36.710  5448  5448 D GStreamer+bin: 0:00:31.150654311 0xf35f2200 gstbin.c:882:find_message:<pipeline0> no message found matching types 00001000
05-10 00:33:36.710  5448  5448 D GStreamer+bin: 0:00:31.150705665 0xf35f2200 gstbin.c:889:find_message:<pipeline0>   structure-change
05-10 00:33:36.710  5448  5448 D GStreamer+bin: 0:00:31.150738790 0xf35f2200 gstbin.c:2121:update_degree:<pipeline0> element queue2 not linked on any sinkpads
05-10 00:33:36.710  5448  5448 I GStreamer+GST_STATES: 0:00:31.150775197 0xf35f2200 gstbin.c:2316:gst_bin_element_set_state:<queue2> current READY pending VOID_PENDING, desired next PAUSED
05-10 00:33:36.710  5448  5448 D GStreamer+bin: 0:00:31.150828738 0xf35f2200 gstbin.c:882:find_message:<pipeline0> no message found matching types 00100000
05-10 00:33:36.710  5448  5448 D GStreamer+bin: 0:00:31.150860457 0xf35f2200 gstbin.c:889:find_message:<pipeline0>   async-start
05-10 00:33:36.710  5448  5448 D GStreamer+bin: 0:00:31.150916811 0xf35f2200 gstbin.c:2411:gst_bin_element_set_state:<pipeline0> setting element queue2 to PAUSED, base_time 0:00:00.000000000
05-10 00:33:36.710  5448  5448 D GStreamer+GST_STATES: 0:00:31.150949832 0xf35f2200 gstelement.c:2523:gst_element_set_state_func:<queue2> set_state to PAUSED
05-10 00:33:36.710  5448  5448 D GStreamer+GST_STATES: 0:00:31.150981759 0xf35f2200 gstelement.c:2548:gst_element_set_state_func:<queue2> setting target state to PAUSED
05-10 00:33:36.710  5448  5448 D GStreamer+GST_STATES: 0:00:31.151035613 0xf35f2200 gstelement.c:2561:gst_element_set_state_func:<queue2> current READY, old_pending VOID_PENDING, next VOID_PENDING, old return SUCCESS
05-10 00:33:36.711  5448  5448 D GStreamer+GST_STATES: 0:00:31.151070457 0xf35f2200 gstelement.c:2595:gst_element_set_state_func:<queue2> final: setting state from READY to PAUSED
05-10 00:33:36.711  5448  5448 D GStreamer+GST_ELEMENT_PADS: 0:00:31.151104207 0xf35f2200 gstelement.c:2793:gst_element_pads_activate:<queue2> activate pads
05-10 00:33:36.711  5448  5448 D GStreamer+GST_PADS: 0:00:31.151167592 0xf35f2200 gstpad.c:1056:gst_pad_set_active:<queue2:src> activating pad from none
05-10 00:33:36.711  5448  5448 D GStreamer+GST_PADS: 0:00:31.151204363 0xf35f2200 gstpad.c:972:pre_activate:<queue2:src> setting pad into push mode, unset flushing
05-10 00:33:36.711  5448  5448 D GStreamer+GST_PADS: 0:00:31.151257853 0xf35f2200 gstpad.c:5938:gst_pad_start_task:<queue2:src> start task
05-10 00:33:36.711  5448  5448 D GStreamer+task: 0:00:31.151307540 0xf35f2200 gsttask.c:425:gst_task_new Created task 0xf3ac3a20
05-10 00:33:36.711  5448  5448 I GStreamer+task: 0:00:31.151356186 0xf35f2200 gsttask.c:451:gst_task_set_lock setting stream lock 0xf39ccb04 on task 0xf3ac3a20
05-10 00:33:36.711  5448  5448 I GStreamer+GST_PADS: 0:00:31.151389572 0xf35f2200 gstpad.c:5947:gst_pad_start_task:<queue2:src> created task 0xf3ac3a20
05-10 00:33:36.711  5448  5448 D GStreamer+GST_PADS: 0:00:31.151425145 0xf35f2200 gstpad.c:5864:do_stream_status:<queue2:src> doing stream-status 0
05-10 00:33:36.711  5448  5448 D GStreamer+GST_PADS: 0:00:31.151486447 0xf35f2200 gstpad.c:5893:do_stream_status:<queue2:src> posting stream-status 0
05-10 00:33:36.711  5448  5448 D GStreamer+GST_BUS: 0:00:31.151581082 0xf35f2200 gstbus.c:309:gst_bus_post:<bus3> [msg 0xf3ad1778] posting on bus stream-status message: 0xf3ad1778, time 99:99:99.999999999, seq-num 87, element 'src', GstMessageStreamStatus, type=(GstStreamStatusType)GST_STREAM_STATUS_TYPE_CREATE, owner=(GstElement)"\(GstQueue\)\ queue2", object=(GstTask)"\(GstTask\)\ task3";
05-10 00:33:36.711  5448  5448 D GStreamer+bin: 0:00:31.151619207 0xf35f2200 gstbin.c:3528:gst_bin_handle_message_func:<pipeline0> [msg 0xf3ad1778] handling child src message of type stream-status
05-10 00:33:36.711  5448  5448 D GStreamer+bin: 0:00:31.151649832 0xf35f2200 gstbin.c:3865:gst_bin_handle_message_func:<pipeline0> posting message upward
05-10 00:33:36.711  5448  5448 D GStreamer+GST_BUS: 0:00:31.151741655 0xf35f2200 gstbus.c:309:gst_bus_post:<bus4> [msg 0xf3ad1778] posting on bus stream-status message: 0xf3ad1778, time 99:99:99.999999999, seq-num 87, element 'src', GstMessageStreamStatus, type=(GstStreamStatusType)GST_STREAM_STATUS_TYPE_CREATE, owner=(GstElement)"\(GstQueue\)\ queue2", object=(GstTask)"\(GstTask\)\ task3";
05-10 00:33:36.711  5448  5448 D GStreamer+GST_BUS: 0:00:31.151793790 0xf35f2200 gstbus.c:348:gst_bus_post:<bus4> [msg 0xf3ad1778] pushing on async queue
05-10 00:33:36.711  5448  5448 D GStreamer+GST_BUS: 0:00:31.151832540 0xf35f2200 gstbus.c:351:gst_bus_post:<bus4> [msg 0xf3ad1778] pushed on async queue
05-10 00:33:36.711  5448  5504 D GStreamer+GST_BUS: 0:00:31.151863374 0xf394d800 gstbus.c:521:gst_bus_timed_pop_filtered:<bus4> got message 0xf3ad1778, stream-status from src, type mask is 4294967295
05-10 00:33:36.711  5448  5448 D GStreamer+GST_BUS: 0:00:31.151873478 0xf35f2200 gstbus.c:344:gst_bus_post:<bus3> [msg 0xf3ad1778] dropped
05-10 00:33:36.711  5448  5448 D GStreamer+task: 0:00:31.151939363 0xf35f2200 gsttask.c:682:gst_task_set_state:<task3> Changing task 0xf3ac3a20 to state 0
05-10 00:33:36.711  5448  5504 D GStreamer+GST_BUS: 0:00:31.151957228 0xf394d800 gstbus.c:789:gst_bus_source_dispatch:<bus4> source 0xf3aca788 calling dispatch with stream-status message: 0xf3ad1778, time 99:99:99.999999999, seq-num 87, element 'src', GstMessageStreamStatus, type=(GstStreamStatusType)GST_STREAM_STATUS_TYPE_CREATE, owner=(GstElement)"\(GstQueue\)\ queue2", object=(GstTask)"\(GstTask\)\ task3";
05-10 00:33:36.711  5448  5504 D GStreamer+GST_BUS: 0:00:31.151997540 0xf394d800 gstbus.c:794:gst_bus_source_dispatch:<bus4> source 0xf3aca788 handler returns 1
05-10 00:33:36.711  5448  5448 D GStreamer+GST_PADS: 0:00:31.152037280 0xf35f2200 gstpad.c:1198:gst_pad_activate_mode:<queue2:src> activated in push mode
05-10 00:33:36.712  5448  5521 D GStreamer+task: 0:00:31.152056863 0xf37ecd20 gsttask.c:287:gst_task_func Entering task 0xf3ac3a20, thread 0xf37ecd20
05-10 00:33:36.712  5448  5448 D GStreamer+GST_PADS: 0:00:31.152091134 0xf35f2200 gstpad.c:1056:gst_pad_set_active:<queue2:sink> activating pad from none
05-10 00:33:36.712  5448  5521 D GStreamer+GST_PADS: 0:00:31.152106238 0xf37ecd20 gstpad.c:5864:do_stream_status:<queue2:src> doing stream-status 1
05-10 00:33:36.712  5448  5448 D GStreamer+GST_PADS: 0:00:31.152190770 0xf35f2200 gstpad.c:972:pre_activate:<queue2:sink> setting pad into push mode, unset flushing
05-10 00:33:36.712  5448  5521 D GStreamer+GST_PADS: 0:00:31.152208790 0xf37ecd20 gstpad.c:5893:do_stream_status:<queue2:src> posting stream-status 1
05-10 00:33:36.712  5448  5448 D GStreamer+GST_PADS: 0:00:31.152258842 0xf35f2200 gstpad.c:1198:gst_pad_activate_mode:<queue2:sink> activated in push mode
05-10 00:33:36.712  5448  5448 D GStreamer+GST_ELEMENT_PADS: 0:00:31.152340822 0xf35f2200 gstelement.c:2812:gst_element_pads_activate:<queue2> pad activation successful
05-10 00:33:36.712  5448  5521 D GStreamer+GST_BUS: 0:00:31.152340249 0xf37ecd20 gstbus.c:309:gst_bus_post:<bus3> [msg 0xf3ad2118] posting on bus stream-status message: 0xf3ad2118, time 99:99:99.999999999, seq-num 88, element 'src', GstMessageStreamStatus, type=(GstStreamStatusType)GST_STREAM_STATUS_TYPE_ENTER, owner=(GstElement)"\(GstQueue\)\ queue2", object=(GstTask)"\(GstTask\)\ queue2:src";
05-10 00:33:36.712  5448  5448 D GStreamer+GST_STATES: 0:00:31.152384884 0xf35f2200 gstelement.c:2684:gst_element_change_state:<queue2> element changed state SUCCESS
05-10 00:33:36.712  5448  5521 D GStreamer+bin: 0:00:31.152404780 0xf37ecd20 gstbin.c:3528:gst_bin_handle_message_func:<pipeline0> [msg 0xf3ad2118] handling child src message of type stream-status
05-10 00:33:36.712  5448  5448 I GStreamer+GST_STATES: 0:00:31.152424988 0xf35f2200 gstelement.c:2372:gst_element_continue_state:<queue2> completed state change to PAUSED
05-10 00:33:36.712  5448  5521 D GStreamer+bin: 0:00:31.152474467 0xf37ecd20 gstbin.c:3865:gst_bin_handle_message_func:<pipeline0> posting message upward
05-10 00:33:36.712  5448  5448 I GStreamer+GST_STATES: 0:00:31.152491186 0xf35f2200 gstelement.c:2277:_priv_gst_element_state_changed:<queue2> notifying about state-changed READY to PAUSED (VOID_PENDING pending)
05-10 00:33:36.712  5448  5521 D GStreamer+GST_BUS: 0:00:31.152569572 0xf37ecd20 gstbus.c:309:gst_bus_post:<bus4> [msg 0xf3ad2118] posting on bus stream-status message: 0xf3ad2118, time 99:99:99.999999999, seq-num 88, element 'src', GstMessageStreamStatus, type=(GstStreamStatusType)GST_STREAM_STATUS_TYPE_ENTER, owner=(GstElement)"\(GstQueue\)\ queue2", object=(GstTask)"\(GstTask\)\ queue2:src";
05-10 00:33:36.712  5448  5448 D GStreamer+GST_BUS: 0:00:31.152592697 0xf35f2200 gstbus.c:309:gst_bus_post:<bus3> [msg 0xf3ad1c08] posting on bus state-changed message: 0xf3ad1c08, time 99:99:99.999999999, seq-num 89, element 'queue2', GstMessageStateChanged, old-state=(GstState)GST_STATE_READY, new-state=(GstState)GST_STATE_PAUSED, pending-state=(GstState)GST_STATE_VOID_PENDING;
05-10 00:33:36.712  5448  5521 D GStreamer+GST_BUS: 0:00:31.152613217 0xf37ecd20 gstbus.c:348:gst_bus_post:<bus4> [msg 0xf3ad2118] pushing on async queue
05-10 00:33:36.712  5448  5448 D GStreamer+bin: 0:00:31.152639728 0xf35f2200 gstbin.c:3528:gst_bin_handle_message_func:<pipeline0> [msg 0xf3ad1c08] handling child queue2 message of type state-changed
05-10 00:33:36.712  5448  5521 D GStreamer+GST_BUS: 0:00:31.152656707 0xf37ecd20 gstbus.c:351:gst_bus_post:<bus4> [msg 0xf3ad2118] pushed on async queue
05-10 00:33:36.712  5448  5504 D GStreamer+GST_BUS: 0:00:31.152699728 0xf394d800 gstbus.c:521:gst_bus_timed_pop_filtered:<bus4> got message 0xf3ad2118, stream-status from src, type mask is 4294967295
05-10 00:33:36.712  5448  5448 D GStreamer+bin: 0:00:31.152705665 0xf35f2200 gstbin.c:3865:gst_bin_handle_message_func:<pipeline0> posting message upward
05-10 00:33:36.712  5448  5521 D GStreamer+GST_BUS: 0:00:31.152727540 0xf37ecd20 gstbus.c:344:gst_bus_post:<bus3> [msg 0xf3ad2118] dropped
05-10 00:33:36.712  5448  5521 D GStreamer+task: 0:00:31.152785561 0xf37ecd20 gsttask.c:249:gst_task_configure_name:<queue2:src> Setting thread name to 'queue2:src'
05-10 00:33:36.712  5448  5504 D GStreamer+GST_BUS: 0:00:31.152820249 0xf394d800 gstbus.c:789:gst_bus_source_dispatch:<bus4> source 0xf3aca788 calling dispatch with stream-status message: 0xf3ad2118, time 99:99:99.999999999, seq-num 88, element 'src', GstMessageStreamStatus, type=(GstStreamStatusType)GST_STREAM_STATUS_TYPE_ENTER, owner=(GstElement)"\(GstQueue\)\ queue2", object=(GstTask)"\(GstTask\)\ queue2:src";
05-10 00:33:36.712  5448  5448 D GStreamer+GST_BUS: 0:00:31.152836915 0xf35f2200 gstbus.c:309:gst_bus_post:<bus4> [msg 0xf3ad1c08] posting on bus state-changed message: 0xf3ad1c08, time 99:99:99.999999999, seq-num 89, element 'queue2', GstMessageStateChanged, old-state=(GstState)GST_STATE_READY, new-state=(GstState)GST_STATE_PAUSED, pending-state=(GstState)GST_STATE_VOID_PENDING;
05-10 00:33:36.712  5448  5521 D GStreamer+queue_dataflow: 0:00:31.152846967 0xf37ecd20 gstqueue.c:1464:gst_queue_loop:<queue2> queue is empty
05-10 00:33:36.712  5448  5504 D GStreamer+GST_BUS: 0:00:31.152874415 0xf394d800 gstbus.c:794:gst_bus_source_dispatch:<bus4> source 0xf3aca788 handler returns 1
05-10 00:33:36.712  5448  5448 D GStreamer+GST_BUS: 0:00:31.152905926 0xf35f2200 gstbus.c:348:gst_bus_post:<bus4> [msg 0xf3ad1c08] pushing on async queue
05-10 00:33:36.712  5448  5448 D GStreamer+GST_BUS: 0:00:31.152944363 0xf35f2200 gstbus.c:351:gst_bus_post:<bus4> [msg 0xf3ad1c08] pushed on async queue
05-10 00:33:36.712  5448  5504 D GStreamer+GST_BUS: 0:00:31.152972124 0xf394d800 gstbus.c:521:gst_bus_timed_pop_filtered:<bus4> got message 0xf3ad1c08, state-changed from queue2, type mask is 4294967295
05-10 00:33:36.712  5448  5448 D GStreamer+GST_BUS: 0:00:31.153004572 0xf35f2200 gstbus.c:344:gst_bus_post:<bus3> [msg 0xf3ad1c08] dropped
05-10 00:33:36.712  5448  5504 D GStreamer+GST_BUS: 0:00:31.153044051 0xf394d800 gstbus.c:789:gst_bus_source_dispatch:<bus4> source 0xf3aca788 calling dispatch with state-changed message: 0xf3ad1c08, time 99:99:99.999999999, seq-num 89, element 'queue2', GstMessageStateChanged, old-state=(GstState)GST_STATE_READY, new-state=(GstState)GST_STATE_PAUSED, pending-state=(GstState)GST_STATE_VOID_PENDING;
05-10 00:33:36.713  5448  5448 D GStreamer+GST_STATES: 0:00:31.153059676 0xf35f2200 gstelement.c:2607:gst_element_set_state_func:<queue2> returned SUCCESS
05-10 00:33:36.713  5448  5504 D GStreamer+GST_BUS: 0:00:31.153085926 0xf394d800 gstbus.c:794:gst_bus_source_dispatch:<bus4> source 0xf3aca788 handler returns 1
05-10 00:33:36.713  5448  5448 I GStreamer+GST_STATES: 0:00:31.153132332 0xf35f2200 gstbin.c:2764:gst_bin_change_state_func:<pipeline0> child 'queue2' changed state to 3(PAUSED) successfully
05-10 00:33:36.713  5448  5448 D GStreamer+bin: 0:00:31.153169676 0xf35f2200 gstbin.c:2167:gst_bin_sort_iterator_next:<pipeline0> queue empty, next best: q
05-10 00:33:36.713  5448  5448 D GStreamer+bin: 0:00:31.153203582 0xf35f2200 gstbin.c:2182:gst_bin_sort_iterator_next:<pipeline0> queue head gives q
05-10 00:33:36.713  5448  5448 D GStreamer+bin: 0:00:31.153258426 0xf35f2200 gstbin.c:882:find_message:<pipeline0> no message found matching types 00001000
05-10 00:33:36.713  5448  5448 D GStreamer+bin: 0:00:31.153289884 0xf35f2200 gstbin.c:889:find_message:<pipeline0>   structure-change
05-10 00:33:36.713  5448  5448 D GStreamer+bin: 0:00:31.153347592 0xf35f2200 gstbin.c:2098:update_degree:<pipeline0> change element filesrc0, degree 1->0, linked to q
05-10 00:33:36.713  5448  5448 D GStreamer+bin: 0:00:31.153380874 0xf35f2200 gstbin.c:1981:add_to_queue:<pipeline0> adding 'filesrc0' to queue
05-10 00:33:36.713  5448  5448 I GStreamer+GST_STATES: 0:00:31.153419832 0xf35f2200 gstbin.c:2316:gst_bin_element_set_state:<q> current READY pending VOID_PENDING, desired next PAUSED
05-10 00:33:36.713  5448  5448 D GStreamer+bin: 0:00:31.153472280 0xf35f2200 gstbin.c:882:find_message:<pipeline0> no message found matching types 00100000
05-10 00:33:36.713  5448  5448 D GStreamer+bin: 0:00:31.153503947 0xf35f2200 gstbin.c:889:find_message:<pipeline0>   async-start
05-10 00:33:36.713  5448  5448 D GStreamer+bin: 0:00:31.153560353 0xf35f2200 gstbin.c:2411:gst_bin_element_set_state:<pipeline0> setting element q to PAUSED, base_time 0:00:00.000000000
05-10 00:33:36.713  5448  5448 D GStreamer+GST_STATES: 0:00:31.153593947 0xf35f2200 gstelement.c:2523:gst_element_set_state_func:<q> set_state to PAUSED
05-10 00:33:36.713  5448  5448 D GStreamer+GST_STATES: 0:00:31.153625822 0xf35f2200 gstelement.c:2548:gst_element_set_state_func:<q> setting target state to PAUSED
05-10 00:33:36.713  5448  5448 D GStreamer+GST_STATES: 0:00:31.153680249 0xf35f2200 gstelement.c:2561:gst_element_set_state_func:<q> current READY, old_pending VOID_PENDING, next VOID_PENDING, old return SUCCESS
05-10 00:33:36.713  5448  5448 D GStreamer+GST_STATES: 0:00:31.153715717 0xf35f2200 gstelement.c:2595:gst_element_set_state_func:<q> final: setting state from READY to PAUSED
05-10 00:33:36.713  5448  5448 D GStreamer+GST_ELEMENT_PADS: 0:00:31.153749311 0xf35f2200 gstelement.c:2793:gst_element_pads_activate:<q> activate pads
05-10 00:33:36.713  5448  5448 D GStreamer+GST_PADS: 0:00:31.153805926 0xf35f2200 gstpad.c:1056:gst_pad_set_active:<q:sink> activating pad from none
05-10 00:33:36.713  5448  5448 D GStreamer+query: 0:00:31.153843530 0xf35f2200 gstquery.c:674:gst_query_new_custom creating new query 0xf37ecd50 scheduling
05-10 00:33:36.713  5448  5448 D GStreamer+GST_PADS: 0:00:31.153896186 0xf35f2200 gstpad.c:4009:gst_pad_peer_query:<q:sink> peer query 0xf37ecd50 (scheduling)
05-10 00:33:36.713  5448  5448 D GStreamer+GST_PADS: 0:00:31.153935717 0xf35f2200 gstpad.c:3882:gst_pad_query:<filesrc0:src> doing query 0xf37ecd50 (scheduling)
05-10 00:33:36.713  5448  5448 I GStreamer+filesrc: 0:00:31.153975613 0xf35f2200 gstfilesrc.c:465:gst_file_src_start:<filesrc0> opening file /storage/emulated/0/aiTennis3D/videoaudio/videov.mp4
05-10 00:33:36.714  5448  5448 D GStreamer+basesrc: 0:00:31.154194520 0xf35f2200 gstbasesrc.c:3380:gst_base_src_start_complete:<filesrc0> starting source
05-10 00:33:36.714  5448  5448 D GStreamer+basesrc: 0:00:31.154241551 0xf35f2200 gstbasesrc.c:3393:gst_base_src_start_complete:<filesrc0> setting size 15003960
05-10 00:33:36.714  5448  5448 D GStreamer+basesrc: 0:00:31.154287020 0xf35f2200 gstbasesrc.c:3404:gst_base_src_start_complete:<filesrc0> format: bytes, have size: 1, size: 15003960, duration: 15003960
05-10 00:33:36.714  5448  5448 D GStreamer+basesrc: 0:00:31.154320301 0xf35f2200 gstbasesrc.c:3407:gst_base_src_start_complete:<filesrc0> is seekable: 1
05-10 00:33:36.714  5448  5448 D GStreamer+basesrc: 0:00:31.154352905 0xf35f2200 gstbasesrc.c:3412:gst_base_src_start_complete:<filesrc0> is random_access: 1
05-10 00:33:36.714  5448  5448 D GStreamer+basesrc: 0:00:31.154386499 0xf35f2200 gstbasesrc.c:3575:gst_base_src_set_flushing:<filesrc0> flushing 0, live_play 0
05-10 00:33:36.714  5448  5448 D GStreamer+basesrc: 0:00:31.154420145 0xf35f2200 gstbasesrc.c:3532:gst_base_src_stop:<filesrc0> stopping source
05-10 00:33:36.714  5448  5448 D GStreamer+basesrc: 0:00:31.154452436 0xf35f2200 gstbasesrc.c:3575:gst_base_src_set_flushing:<filesrc0> flushing 1, live_play 0
05-10 00:33:36.714  5448  5448 D GStreamer+GST_PADS: 0:00:31.154483999 0xf35f2200 gstpad.c:6042:gst_pad_stop_task:<filesrc0:src> stop task
05-10 00:33:36.714  5448  5448 D GStreamer+GST_PADS: 0:00:31.154516551 0xf35f2200 gstpad.c:6064:gst_pad_stop_task:<filesrc0:src> no task
05-10 00:33:36.714  5448  5448 W GStreamer+basesrc: 0:00:31.154679572 0xf35f2200 gstbasesrc.c:3486:gst_base_src_start_complete:<filesrc0> pad not activated yet
05-10 00:33:36.714  5448  5448 D GStreamer+basesrc: 0:00:31.154717124 0xf35f2200 gstbasesrc.c:3521:gst_base_src_start_wait:<filesrc0> got error
05-10 00:33:36.714  5448  5448 D GStreamer+basesrc: 0:00:31.154757332 0xf35f2200 gstbasesrc.c:1296:gst_base_src_default_query:<filesrc0> query scheduling returns 1
05-10 00:33:36.714  5448  5448 D GStreamer+GST_PADS: 0:00:31.154793374 0xf35f2200 gstpad.c:3905:gst_pad_query:<filesrc0:src> sent query 0xf37ecd50 (scheduling), result 1
05-10 00:33:36.714  5448  5448 D GStreamer+qtdemux: 0:00:31.154831395 0xf35f2200 qtdemux.c:6307:qtdemux_sink_activate:<q:sink> activating pull
05-10 00:33:36.714  5448  5448 D GStreamer+GST_PADS: 0:00:31.154864520 0xf35f2200 gstpad.c:1158:gst_pad_activate_mode:<q:sink> calling peer
05-10 00:33:36.714  5448  5448 D GStreamer+GST_PADS: 0:00:31.154898686 0xf35f2200 gstpad.c:972:pre_activate:<filesrc0:src> setting pad into pull mode, unset flushing
05-10 00:33:36.714  5448  5448 D GStreamer+basesrc: 0:00:31.154932020 0xf35f2200 gstbasesrc.c:3773:gst_base_src_activate_mode:<filesrc0:src> activating in mode 2
05-10 00:33:36.714  5448  5448 D GStreamer+basesrc: 0:00:31.154963270 0xf35f2200 gstbasesrc.c:3741:gst_base_src_activate_pull:<filesrc0> Activating in pull mode
05-10 00:33:36.714  5448  5448 I GStreamer+filesrc: 0:00:31.154996342 0xf35f2200 gstfilesrc.c:465:gst_file_src_start:<filesrc0> opening file /storage/emulated/0/aiTennis3D/videoaudio/videov.mp4
05-10 00:33:36.715  5448  5448 D GStreamer+basesrc: 0:00:31.155070092 0xf35f2200 gstbasesrc.c:3380:gst_base_src_start_complete:<filesrc0> starting source
05-10 00:33:36.715  5448  5448 D GStreamer+basesrc: 0:00:31.155105353 0xf35f2200 gstbasesrc.c:3393:gst_base_src_start_complete:<filesrc0> setting size 15003960
05-10 00:33:36.715  5448  5448 D GStreamer+basesrc: 0:00:31.155162020 0xf35f2200 gstbasesrc.c:3404:gst_base_src_start_complete:<filesrc0> format: bytes, have size: 1, size: 15003960, duration: 15003960
05-10 00:33:36.715  5448  5448 D GStreamer+basesrc: 0:00:31.155193061 0xf35f2200 gstbasesrc.c:3407:gst_base_src_start_complete:<filesrc0> is seekable: 1
05-10 00:33:36.715  5448  5448 D GStreamer+basesrc: 0:00:31.155224103 0xf35f2200 gstbasesrc.c:3412:gst_base_src_start_complete:<filesrc0> is random_access: 1
05-10 00:33:36.715  5448  5448 D GStreamer+basesrc: 0:00:31.155256342 0xf35f2200 gstbasesrc.c:3575:gst_base_src_set_flushing:<filesrc0> flushing 0, live_play 0
05-10 00:33:36.715  5448  5448 D GStreamer+basesrc: 0:00:31.155289415 0xf35f2200 gstbasesrc.c:3521:gst_base_src_start_wait:<filesrc0> got ok
05-10 00:33:36.715  5448  5448 D GStreamer+GST_PADS: 0:00:31.155322697 0xf35f2200 gstpad.c:1198:gst_pad_activate_mode:<filesrc0:src> activated in pull mode
05-10 00:33:36.715  5448  5448 D GStreamer+GST_PADS: 0:00:31.155356759 0xf35f2200 gstpad.c:972:pre_activate:<q:sink> setting pad into pull mode, unset flushing
05-10 00:33:36.715  5448  5448 D GStreamer+GST_PADS: 0:00:31.155390197 0xf35f2200 gstpad.c:984:pre_activate:<q:sink> reschedule events on peer filesrc0:src
