05-10 00:33:36.803  5448  5522 D GStreamer+qtdemux: 0:00:31.243398530 0xf37ecd80 qtdemux.c:5197:gst_qtdemux_loop_state_movie:<q> pushing from stream 1, empty 0 offset 731614, size 144, dts=0:00:00.624000000, pts=0:00:00.624000000, duration 0:00:00.024000000
05-10 00:33:36.803  5448  5521 D GStreamer+structure: 0:00:31.243417176 0xf37ecd20 gststructure.c:2316:gst_structure_parse_field trying field name 'profile'
05-10 00:33:36.803  5448  5522 D GStreamer+basesrc: 0:00:31.243477801 0xf37ecd80 gstbasesrc.c:2355:gst_base_src_update_length:<filesrc0> reading offset 731614, length 144, size 15003960, segment.stop -1, maxsize 15003960
05-10 00:33:36.803  5448  5521 D GStreamer+structure: 0:00:31.243463999 0xf37ecd20 gststructure.c:2367:gst_structure_parse_value trying type name 'string'
05-10 00:33:36.803  5448  5522 D GStreamer+basesrc: 0:00:31.243525665 0xf37ecd80 gstbasesrc.c:2456:gst_base_src_get_range:<filesrc0> calling create offset 731614 length 144, time 0
05-10 00:33:36.803  5448  5521 D GStreamer+GST_ELEMENT_FACTORY: 0:00:31.243540353 0xf37ecd20 gstelementfactory.c:848:gst_element_factory_list_filter Trying amcviddec-omxnvidiah265decode
05-10 00:33:36.803  5448  5522 D GStreamer+GST_MEMORY: 0:00:31.243564676 0xf37ecd80 gstmemory.c:138:gst_memory_init new memory 0xf3b631f0, maxsize:147 offset:0 size:144
05-10 00:33:36.803  5448  5521 D GStreamer+structure: 0:00:31.243581082 0xf37ecd20 gststructure.c:2316:gst_structure_parse_field trying field name 'width'
05-10 00:33:36.803  5448  5522 D GStreamer+basesrc: 0:00:31.243608790 0xf37ecd80 gstbasesrc.c:2310:gst_base_src_do_sync:<filesrc0> we have no clock
05-10 00:33:36.803  5448  5522 D GStreamer+basesrc: 0:00:31.243656290 0xf37ecd80 gstbasesrc.c:2520:gst_base_src_get_range:<filesrc0> buffer ok
05-10 00:33:36.803  5448  5521 D GStreamer+structure: 0:00:31.243731967 0xf37ecd20 gststructure.c:2367:gst_structure_parse_value trying type name 'int'
05-10 00:33:36.803  5448  5522 D GStreamer+GST_SCHEDULING: 0:00:31.243751290 0xf37ecd80 gstpad.c:4153:gst_pad_chain_data_unchecked:<queue2:sink> calling chainfunction &gst_queue_chain with buffer buffer: 0xf3b57b70, pts 0:00:00.624000000, dts 0:00:00.624000000, dur 0:00:00.024000000, size 144, offset none, offset_end none, flags 0x0
05-10 00:33:36.803  5448  5521 D GStreamer+structure: 0:00:31.243770561 0xf37ecd20 gststructure.c:2316:gst_structure_parse_field trying field name 'height'
05-10 00:33:36.803  5448  5521 D GStreamer+structure: 0:00:31.243802488 0xf37ecd20 gststructure.c:2367:gst_structure_parse_value trying type name 'int'
05-10 00:33:36.803  5448  5522 D GStreamer+GST_SCHEDULING: 0:00:31.243819780 0xf37ecd80 gstpad.c:4159:gst_pad_chain_data_unchecked:<queue2:sink> called chainfunction &gst_queue_chain with buffer 0xf3b57b70, returned ok
05-10 00:33:36.803  5448  5521 D GStreamer+structure: 0:00:31.243839051 0xf37ecd20 gststructure.c:2316:gst_structure_parse_field trying field name 'framerate'
05-10 00:33:36.803  5448  5522 D GStreamer+qtdemux: 0:00:31.243866186 0xf37ecd80 qtdemux.c:7675:qtdemux_parse_samples:<q> parsing up to sample 27
05-10 00:33:36.803  5448  5522 D GStreamer+qtdemux: 0:00:31.243926082 0xf37ecd80 qtdemux.c:7882:qtdemux_parse_samples:<q> sample 27: index 27, timestamp 0:00:00.648000000
05-10 00:33:36.803  5448  5522 D GStreamer+qtdemux: 0:00:31.243976967 0xf37ecd80 qtdemux.c:7982:qtdemux_parse_samples:<q> setting all keyframes
05-10 00:33:36.803  5448  5520 D GStreamer+basetransform: 0:00:31.244032488 0xf37eccc0 gstbasetransform.c:793:gst_base_transform_query_caps:<gluploadelement0> returning  video/x-raw(memory:GLMemory), width=(int)[ 1, 2147483647 ], height=(int)[ 1, 2147483647 ], framerate=(fraction)[ 0/1, 2147483647/1 ], format=(string)RGBA, texture-target=(string)2D; video/x-raw(memory:GLMemory), format=(string)RGBA, width=(int)[ 1, 2147483647 ], height=(int)[ 1, 2147483647 ], framerate=(fraction)[ 0/1, 2147483647/1 ], texture-target=(string){ 2D, rectangle, external-oes }; video/x-raw(memory:GLMemory), format=(string){ RGBA, BGRA, RGBx, BGRx, ARGB, ABGR, xRGB, xBGR, RGB, BGR, RGB16, BGR16, AYUV, I420, YV12, NV12, NV21, YUY2, UYVY, Y41B, Y42B, Y444, GRAY8, GRAY16_LE, GRAY16_BE }, width=(int)[ 1, 2147483647 ], height=(int)[ 1, 2147483647 ], framerate=(fraction)[ 0/1, 2147483647/1 ], texture-target=(string){ 2D, rectangle, external-oes }; video/x-raw(memory:GLMemory), width=(int)[ 1, 2147483647 ], height=(int)[ 1, 2147483647 ], framerate=(fraction)[ 0/1, 2147483647/1 ], format=(string
05-10 00:33:36.804  5448  5522 D GStreamer+qtdemux: 0:00:31.244069780 0xf37ecd80 qtdemux.c:5197:gst_qtdemux_loop_state_movie:<q> pushing from stream 0, empty 0 offset 690015, size 41599, dts=0:00:00.318333333, pts=0:00:00.318333333, duration 0:00:00.019666667
05-10 00:33:36.804  5448  5520 D GStreamer+GST_PADS: 0:00:31.244103634 0xf37eccc0 gstpad.c:3905:gst_pad_query:<gluploadelement0:sink> sent query 0xf3a25400 (caps), result 1
05-10 00:33:36.804  5448  5522 D GStreamer+basesrc: 0:00:31.244139207 0xf37ecd80 gstbasesrc.c:2355:gst_base_src_update_length:<filesrc0> reading offset 690015, length 41599, size 15003960, segment.stop -1, maxsize 15003960
05-10 00:33:36.804  5448  5522 D GStreamer+basesrc: 0:00:31.244191863 0xf37ecd80 gstbasesrc.c:2456:gst_base_src_get_range:<filesrc0> calling create offset 690015 length 41599, time 0
05-10 00:33:36.804  5448  5521 D GStreamer+structure: 0:00:31.244236863 0xf37ecd20 gststructure.c:2367:gst_structure_parse_value trying type name 'fraction'
05-10 00:33:36.804  5448  5522 D GStreamer+GST_MEMORY: 0:00:31.244251447 0xf37ecd80 gstmemory.c:138:gst_memory_init new memory 0xf3ba3c28, maxsize:41602 offset:0 size:41599
05-10 00:33:36.804  5448  5521 D GStreamer+structure: 0:00:31.244283582 0xf37ecd20 gststructure.c:2316:gst_structure_parse_field trying field name 'parsed'
05-10 00:33:36.804  5448  5521 D GStreamer+structure: 0:00:31.244314103 0xf37ecd20 gststructure.c:2367:gst_structure_parse_value trying type name 'boolean'
05-10 00:33:36.804  5448  5522 D GStreamer+basesrc: 0:00:31.244330822 0xf37ecd80 gstbasesrc.c:2310:gst_base_src_do_sync:<filesrc0> we have no clock
05-10 00:33:36.804  5448  5521 D GStreamer+structure: 0:00:31.244351082 0xf37ecd20 gststructure.c:2316:gst_structure_parse_field trying field name 'stream-format'
05-10 00:33:36.804  5448  5522 D GStreamer+basesrc: 0:00:31.244371134 0xf37ecd80 gstbasesrc.c:2520:gst_base_src_get_range:<filesrc0> buffer ok
05-10 00:33:36.804  5448  5521 D GStreamer+structure: 0:00:31.244386759 0xf37ecd20 gststructure.c:2367:gst_structure_parse_value trying type name 'string'
05-10 00:33:36.804  5448  5521 D GStreamer+structure: 0:00:31.244420874 0xf37ecd20 gststructure.c:2316:gst_structure_parse_field trying field name 'alignment'
05-10 00:33:36.804  5448  5522 D GStreamer+GST_SCHEDULING: 0:00:31.244457645 0xf37ecd80 gstpad.c:4153:gst_pad_chain_data_unchecked:<queue0:sink> calling chainfunction &gst_queue_chain with buffer buffer: 0xf3b57c10, pts 0:00:00.318333333, dts 0:00:00.318333333, dur 0:00:00.019666667, size 41599, offset none, offset_end none, flags 0x0
05-10 00:33:36.804  5448  5521 D GStreamer+structure: 0:00:31.244471447 0xf37ecd20 gststructure.c:2367:gst_structure_parse_value trying type name 'string'
05-10 00:33:36.804  5448  5522 D GStreamer+GST_SCHEDULING: 0:00:31.244506082 0xf37ecd80 gstpad.c:4159:gst_pad_chain_data_unchecked:<queue0:sink> called chainfunction &gst_queue_chain with buffer 0xf3b57c10, returned ok
05-10 00:33:36.804  5448  5521 D GStreamer+structure: 0:00:31.244519728 0xf37ecd20 gststructure.c:2316:gst_structure_parse_field trying field name 'profile'
05-10 00:33:36.804  5448  5521 D GStreamer+structure: 0:00:31.244558061 0xf37ecd20 gststructure.c:2367:gst_structure_parse_value trying type name 'string'
05-10 00:33:36.804  5448  5522 D GStreamer+qtdemux: 0:00:31.244572540 0xf37ecd80 qtdemux.c:7675:qtdemux_parse_samples:<q> parsing up to sample 16
05-10 00:33:36.804  5448  5521 D GStreamer+structure: 0:00:31.244615770 0xf37ecd20 gststructure.c:2316:gst_structure_parse_field trying field name 'width'
05-10 00:33:36.804  5448  5522 D GStreamer+qtdemux: 0:00:31.244628686 0xf37ecd80 qtdemux.c:7882:qtdemux_parse_samples:<q> sample 16: index 0, timestamp 0:00:00.338000000
05-10 00:33:36.804  5448  5521 D GStreamer+structure: 0:00:31.244647124 0xf37ecd20 gststructure.c:2367:gst_structure_parse_value trying type name 'int'
05-10 00:33:36.804  5448  5522 D GStreamer+qtdemux: 0:00:31.244664832 0xf37ecd80 qtdemux.c:7937:qtdemux_parse_samples:<q> samples at 16 is keyframe
05-10 00:33:36.804  5448  5521 D GStreamer+structure: 0:00:31.244683165 0xf37ecd20 gststructure.c:2316:gst_structure_parse_field trying field name 'height'
05-10 00:33:36.804  5448  5521 D GStreamer+structure: 0:00:31.244715717 0xf37ecd20 gststructure.c:2367:gst_structure_parse_value trying type name 'int'
05-10 00:33:36.804  5448  5522 D GStreamer+qtdemux: 0:00:31.244733009 0xf37ecd80 qtdemux.c:5197:gst_qtdemux_loop_state_movie:<q> pushing from stream 1, empty 0 offset 774529, size 144, dts=0:00:00.648000000, pts=0:00:00.648000000, duration 0:00:00.024000000
05-10 00:33:36.804  5448  5521 D GStreamer+structure: 0:00:31.244752384 0xf37ecd20 gststructure.c:2316:gst_structure_parse_field trying field name 'framerate'
05-10 00:33:36.804  5448  5521 D GStreamer+structure: 0:00:31.244783061 0xf37ecd20 gststructure.c:2367:gst_structure_parse_value trying type name 'fraction'
05-10 00:33:36.804  5448  5522 D GStreamer+basesrc: 0:00:31.244800978 0xf37ecd80 gstbasesrc.c:2355:gst_base_src_update_length:<filesrc0> reading offset 774529, length 144, size 15003960, segment.stop -1, maxsize 15003960
05-10 00:33:36.804  5448  5521 D GStreamer+structure: 0:00:31.244822176 0xf37ecd20 gststructure.c:2316:gst_structure_parse_field trying field name 'parsed'
05-10 00:33:36.804  5448  5522 D GStreamer+basesrc: 0:00:31.244841342 0xf37ecd80 gstbasesrc.c:2456:gst_base_src_get_range:<filesrc0> calling create offset 774529 length 144, time 0
05-10 00:33:36.804  5448  5521 D GStreamer+structure: 0:00:31.244854363 0xf37ecd20 gststructure.c:2367:gst_structure_parse_value trying type name 'boolean'
05-10 00:33:36.804  5448  5522 D GStreamer+GST_MEMORY: 0:00:31.244884624 0xf37ecd80 gstmemory.c:138:gst_memory_init new memory 0xf3b632d8, maxsize:147 offset:0 size:144
05-10 00:33:36.804  5448  5522 D GStreamer+basesrc: 0:00:31.244930353 0xf37ecd80 gstbasesrc.c:2310:gst_base_src_do_sync:<filesrc0> we have no clock
05-10 00:33:36.804  5448  5522 D GStreamer+basesrc: 0:00:31.244971811 0xf37ecd80 gstbasesrc.c:2520:gst_base_src_get_range:<filesrc0> buffer ok
05-10 00:33:36.805  5448  5522 D GStreamer+GST_SCHEDULING: 0:00:31.245073478 0xf37ecd80 gstpad.c:4153:gst_pad_chain_data_unchecked:<queue2:sink> calling chainfunction &gst_queue_chain with buffer buffer: 0xf3b57cb0, pts 0:00:00.648000000, dts 0:00:00.648000000, dur 0:00:00.024000000, size 144, offset none, offset_end none, flags 0x0
05-10 00:33:36.805  5448  5520 D GStreamer+default: 0:00:31.245154988 0xf37eccc0 gstutils.c:2561:query_caps_func:<sink:proxypad0> intersect with result video/x-raw(memory:GLMemory), width=(int)[ 1, 2147483647 ], height=(int)[ 1, 2147483647 ], framerate=(fraction)[ 0/1, 2147483647/1 ], format=(string)RGBA, texture-target=(string)2D; video/x-raw(memory:GLMemory), format=(string)RGBA, width=(int)[ 1, 2147483647 ], height=(int)[ 1, 2147483647 ], framerate=(fraction)[ 0/1, 2147483647/1 ], texture-target=(string){ 2D, rectangle, external-oes }; video/x-raw(memory:GLMemory), format=(string){ RGBA, BGRA, RGBx, BGRx, ARGB, ABGR, xRGB, xBGR, RGB, BGR, RGB16, BGR16, AYUV, I420, YV12, NV12, NV21, YUY2, UYVY, Y41B, Y42B, Y444, GRAY8, GRAY16_LE, GRAY16_BE }, width=(int)[ 1, 2147483647 ], height=(int)[ 1, 2147483647 ], framerate=(fraction)[ 0/1, 2147483647/1 ], texture-target=(string){ 2D, rectangle, external-oes }; video/x-raw(memory:GLMemory), width=(int)[ 1, 2147483647 ], height=(int)[ 1, 2147483647 ], framerate=(fraction)[ 0/1, 2147483647/1 ], format=(string)RGBA; video
05-10 00:33:36.805  5448  5522 D GStreamer+GST_SCHEDULING: 0:00:31.245171603 0xf37ecd80 gstpad.c:4159:gst_pad_chain_data_unchecked:<queue2:sink> called chainfunction &gst_queue_chain with buffer 0xf3b57cb0, returned ok
05-10 00:33:36.805  5448  5522 D GStreamer+qtdemux: 0:00:31.245213530 0xf37ecd80 qtdemux.c:7675:qtdemux_parse_samples:<q> parsing up to sample 28
05-10 00:33:36.805  5448  5522 D GStreamer+qtdemux: 0:00:31.245278322 0xf37ecd80 qtdemux.c:7882:qtdemux_parse_samples:<q> sample 28: index 28, timestamp 0:00:00.672000000
05-10 00:33:36.805  5448  5522 D GStreamer+qtdemux: 0:00:31.245323790 0xf37ecd80 qtdemux.c:7982:qtdemux_parse_samples:<q> setting all keyframes
05-10 00:33:36.805  5448  5522 D GStreamer+qtdemux: 0:00:31.245403009 0xf37ecd80 qtdemux.c:5197:gst_qtdemux_loop_state_movie:<q> pushing from stream 0, empty 0 offset 731758, size 42771, dts=0:00:00.338000000, pts=0:00:00.338000000, duration 0:00:00.020000000
05-10 00:33:36.805  5448  5522 D GStreamer+basesrc: 0:00:31.245467697 0xf37ecd80 gstbasesrc.c:2355:gst_base_src_update_length:<filesrc0> reading offset 731758, length 42771, size 15003960, segment.stop -1, maxsize 15003960
05-10 00:33:36.805  5448  5522 D GStreamer+basesrc: 0:00:31.245521134 0xf37ecd80 gstbasesrc.c:2456:gst_base_src_get_range:<filesrc0> calling create offset 731758 length 42771, time 0
05-10 00:33:36.805  5448  5521 D GStreamer+structure: 0:00:31.245568999 0xf37ecd20 gststructure.c:2316:gst_structure_parse_field trying field name 'stream-format'
05-10 00:33:36.805  5448  5522 D GStreamer+GST_MEMORY: 0:00:31.245582228 0xf37ecd80 gstmemory.c:138:gst_memory_init new memory 0xf3badf00, maxsize:42774 offset:0 size:42771
05-10 00:33:36.805  5448  5521 D GStreamer+structure: 0:00:31.245602853 0xf37ecd20 gststructure.c:2367:gst_structure_parse_value trying type name 'string'
05-10 00:33:36.805  5448  5521 D GStreamer+structure: 0:00:31.245636499 0xf37ecd20 gststructure.c:2316:gst_structure_parse_field trying field name 'alignment'
05-10 00:33:36.805  5448  5522 D GStreamer+basesrc: 0:00:31.245663009 0xf37ecd80 gstbasesrc.c:2310:gst_base_src_do_sync:<filesrc0> we have no clock
05-10 00:33:36.805  5448  5521 D GStreamer+structure: 0:00:31.245676603 0xf37ecd20 gststructure.c:2367:gst_structure_parse_value trying type name 'string'
05-10 00:33:36.805  5448  5522 D GStreamer+basesrc: 0:00:31.245696551 0xf37ecd80 gstbasesrc.c:2520:gst_base_src_get_range:<filesrc0> buffer ok
05-10 00:33:36.805  5448  5521 D GStreamer+structure: 0:00:31.245708426 0xf37ecd20 gststructure.c:2316:gst_structure_parse_field trying field name 'profile'
05-10 00:33:36.805  5448  5521 D GStreamer+structure: 0:00:31.245739207 0xf37ecd20 gststructure.c:2367:gst_structure_parse_value trying type name 'string'
05-10 00:33:36.805  5448  5522 D GStreamer+GST_SCHEDULING: 0:00:31.245781030 0xf37ecd80 gstpad.c:4153:gst_pad_chain_data_unchecked:<queue0:sink> calling chainfunction &gst_queue_chain with buffer buffer: 0xf3b57d50, pts 0:00:00.338000000, dts 0:00:00.338000000, dur 0:00:00.020000000, size 42771, offset none, offset_end none, flags 0x0
05-10 00:33:36.805  5448  5521 D GStreamer+GST_ELEMENT_FACTORY: 0:00:31.245795197 0xf37ecd20 gstelementfactory.c:848:gst_element_factory_list_filter Trying amcviddec-omxnvidiamp4decode
05-10 00:33:36.805  5448  5522 D GStreamer+GST_SCHEDULING: 0:00:31.245831551 0xf37ecd80 gstpad.c:4159:gst_pad_chain_data_unchecked:<queue0:sink> called chainfunction &gst_queue_chain with buffer 0xf3b57d50, returned ok
05-10 00:33:36.805  5448  5521 D GStreamer+structure: 0:00:31.245844988 0xf37ecd20 gststructure.c:2316:gst_structure_parse_field trying field name 'width'
05-10 00:33:36.805  5448  5522 D GStreamer+qtdemux: 0:00:31.245874676 0xf37ecd80 qtdemux.c:7675:qtdemux_parse_samples:<q> parsing up to sample 17
05-10 00:33:36.805  5448  5522 D GStreamer+qtdemux: 0:00:31.245920301 0xf37ecd80 qtdemux.c:7882:qtdemux_parse_samples:<q> sample 17: index 1, timestamp 0:00:00.358000000
05-10 00:33:36.805  5448  5521 D GStreamer+structure: 0:00:31.245971395 0xf37ecd20 gststructure.c:2367:gst_structure_parse_value trying type name 'int'
05-10 00:33:36.805  5448  5522 D GStreamer+qtdemux: 0:00:31.245987332 0xf37ecd80 qtdemux.c:7937:qtdemux_parse_samples:<q> samples at 17 is keyframe
05-10 00:33:36.805  5448  5521 D GStreamer+structure: 0:00:31.246035301 0xf37ecd20 gststructure.c:2316:gst_structure_parse_field trying field name 'height'
05-10 00:33:36.806  5448  5522 D GStreamer+qtdemux: 0:00:31.246063947 0xf37ecd80 qtdemux.c:5197:gst_qtdemux_loop_state_movie:<q> pushing from stream 0, empty 0 offset 774673, size 42746, dts=0:00:00.358000000, pts=0:00:00.358000000, duration 0:00:00.020000000
05-10 00:33:36.806  5448  5522 D GStreamer+basesrc: 0:00:31.246111290 0xf37ecd80 gstbasesrc.c:2355:gst_base_src_update_length:<filesrc0> reading offset 774673, length 42746, size 15003960, segment.stop -1, maxsize 15003960
05-10 00:33:36.806  5448  5521 D GStreamer+structure: 0:00:31.246167905 0xf37ecd20 gststructure.c:2367:gst_structure_parse_value trying type name 'int'
05-10 00:33:36.806  5448  5522 D GStreamer+basesrc: 0:00:31.246184572 0xf37ecd80 gstbasesrc.c:2456:gst_base_src_get_range:<filesrc0> calling create offset 774673 length 42746, time 0
05-10 00:33:36.806  5448  5521 D GStreamer+structure: 0:00:31.246207384 0xf37ecd20 gststructure.c:2316:gst_structure_parse_field trying field name 'framerate'
05-10 00:33:36.806  5448  5522 D GStreamer+GST_MEMORY: 0:00:31.246240926 0xf37ecd80 gstmemory.c:138:gst_memory_init new memory 0xf3bb8670, maxsize:42749 offset:0 size:42746
05-10 00:33:36.806  5448  5521 D GStreamer+structure: 0:00:31.246263478 0xf37ecd20 gststructure.c:2367:gst_structure_parse_value trying type name 'fraction'
05-10 00:33:36.806  5448  5521 D GStreamer+structure: 0:00:31.246305353 0xf37ecd20 gststructure.c:2316:gst_structure_parse_field trying field name 'mpegversion'
05-10 00:33:36.806  5448  5521 D GStreamer+structure: 0:00:31.246333999 0xf37ecd20 gststructure.c:2367:gst_structure_parse_value trying type name 'int'
05-10 00:33:36.806  5448  5521 D GStreamer+structure: 0:00:31.246365665 0xf37ecd20 gststructure.c:2316:gst_structure_parse_field trying field name 'systemstream'
05-10 00:33:36.806  5448  5521 D GStreamer+structure: 0:00:31.246394728 0xf37ecd20 gststructure.c:2367:gst_structure_parse_value trying type name 'boolean'
05-10 00:33:36.806  5448  5521 D GStreamer+structure: 0:00:31.246425457 0xf37ecd20 gststructure.c:2316:gst_structure_parse_field trying field name 'parsed'
05-10 00:33:36.806  5448  5521 D GStreamer+structure: 0:00:31.246453582 0xf37ecd20 gststructure.c:2367:gst_structure_parse_value trying type name 'boolean'
05-10 00:33:36.806  5448  5521 D GStreamer+structure: 0:00:31.246483217 0xf37ecd20 gststructure.c:2316:gst_structure_parse_field trying field name 'profile'
05-10 00:33:36.806  5448  5521 D GStreamer+structure: 0:00:31.246511551 0xf37ecd20 gststructure.c:2367:gst_structure_parse_value trying type name 'string'
05-10 00:33:36.806  5448  5522 D GStreamer+basesrc: 0:00:31.246527540 0xf37ecd80 gstbasesrc.c:2310:gst_base_src_do_sync:<filesrc0> we have no clock
05-10 00:33:36.806  5448  5521 D GStreamer+structure: 0:00:31.246551655 0xf37ecd20 gststructure.c:2316:gst_structure_parse_field trying field name 'width'
05-10 00:33:36.806  5448  5522 D GStreamer+basesrc: 0:00:31.246568322 0xf37ecd80 gstbasesrc.c:2520:gst_base_src_get_range:<filesrc0> buffer ok
05-10 00:33:36.806  5448  5521 D GStreamer+structure: 0:00:31.246588738 0xf37ecd20 gststructure.c:2367:gst_structure_parse_value trying type name 'int'
05-10 00:33:36.806  5448  5521 D GStreamer+structure: 0:00:31.246642384 0xf37ecd20 gststructure.c:2316:gst_structure_parse_field trying field name 'height'
05-10 00:33:36.806  5448  5522 D GStreamer+GST_SCHEDULING: 0:00:31.246657540 0xf37ecd80 gstpad.c:4153:gst_pad_chain_data_unchecked:<queue0:sink> calling chainfunction &gst_queue_chain with buffer buffer: 0xf3b57df0, pts 0:00:00.358000000, dts 0:00:00.358000000, dur 0:00:00.020000000, size 42746, offset none, offset_end none, flags 0x0
05-10 00:33:36.806  5448  5521 D GStreamer+structure: 0:00:31.246676290 0xf37ecd20 gststructure.c:2367:gst_structure_parse_value trying type name 'int'
05-10 00:33:36.806  5448  5522 D GStreamer+GST_SCHEDULING: 0:00:31.246702228 0xf37ecd80 gstpad.c:4159:gst_pad_chain_data_unchecked:<queue0:sink> called chainfunction &gst_queue_chain with buffer 0xf3b57df0, returned ok
05-10 00:33:36.806  5448  5521 D GStreamer+structure: 0:00:31.246714311 0xf37ecd20 gststructure.c:2316:gst_structure_parse_field trying field name 'framerate'
05-10 00:33:36.806  5448  5521 D GStreamer+structure: 0:00:31.246748634 0xf37ecd20 gststructure.c:2367:gst_structure_parse_value trying type name 'fraction'
05-10 00:33:36.806  5448  5522 D GStreamer+qtdemux: 0:00:31.246765665 0xf37ecd80 qtdemux.c:7675:qtdemux_parse_samples:<q> parsing up to sample 18
05-10 00:33:36.806  5448  5521 D GStreamer+structure: 0:00:31.246788113 0xf37ecd20 gststructure.c:2316:gst_structure_parse_field trying field name 'mpegversion'
05-10 00:33:36.806  5448  5522 D GStreamer+qtdemux: 0:00:31.246817801 0xf37ecd80 qtdemux.c:7882:qtdemux_parse_samples:<q> sample 18: index 0, timestamp 0:00:00.378000000
05-10 00:33:36.806  5448  5522 D GStreamer+qtdemux: 0:00:31.246864936 0xf37ecd80 qtdemux.c:7937:qtdemux_parse_samples:<q> samples at 18 is keyframe
05-10 00:33:36.806  5448  5520 D GStreamer+default: 0:00:31.246922176 0xf37eccc0 gstutils.c:2563:query_caps_func:<sink:proxypad0> intersected video/x-raw(memory:GLMemory), width=(int)[ 1, 2147483647 ], height=(int)[ 1, 2147483647 ], framerate=(fraction)[ 0/1, 2147483647/1 ], format=(string)RGBA, texture-target=(string)2D; video/x-raw(memory:GLMemory), format=(string)RGBA, width=(int)[ 1, 2147483647 ], height=(int)[ 1, 2147483647 ], framerate=(fraction)[ 0/1, 2147483647/1 ], texture-target=(string){ 2D, rectangle, external-oes }; video/x-raw(memory:GLMemory), format=(string){ RGBA, BGRA, RGBx, BGRx, ARGB, ABGR, xRGB, xBGR, RGB, BGR, RGB16, BGR16, AYUV, I420, YV12, NV12, NV21, YUY2, UYVY, Y41B, Y42B, Y444, GRAY8, GRAY16_LE, GRAY16_BE }, width=(int)[ 1, 2147483647 ], height=(int)[ 1, 2147483647 ], framerate=(fraction)[ 0/1, 2147483647/1 ], texture-target=(string){ 2D, rectangle, external-oes }; video/x-raw(memory:GLMemory), width=(int)[ 1, 2147483647 ], height=(int)[ 1, 2147483647 ], framerate=(fraction)[ 0/1, 2147483647/1 ], format=(string)RGBA; video/x-raw(mem
05-10 00:33:36.806  5448  5522 D GStreamer+qtdemux: 0:00:31.246953009 0xf37ecd80 qtdemux.c:5197:gst_qtdemux_loop_state_movie:<q> pushing from stream 1, empty 0 offset 859088, size 144, dts=0:00:00.672000000, pts=0:00:00.672000000, duration 0:00:00.024000000
05-10 00:33:36.806  5448  5522 D GStreamer+basesrc: 0:00:31.247020770 0xf37ecd80 gstbasesrc.c:2355:gst_base_src_update_length:<filesrc0> reading offset 859088, length 144, size 15003960, segment.stop -1, maxsize 15003960
05-10 00:33:36.806  5448  5520 D GStreamer+GST_PADS: 0:00:31.247035457 0xf37eccc0 gstpad.c:3339:gst_pad_query_default:<glimagesinkbin0:sink> not forwarding 0xf3a25400 (caps) query
05-10 00:33:36.807  5448  5522 D GStreamer+basesrc: 0:00:31.247062176 0xf37ecd80 gstbasesrc.c:2456:gst_base_src_get_range:<filesrc0> calling create offset 859088 length 144, time 0
05-10 00:33:36.807  5448  5520 D GStreamer+GST_PADS: 0:00:31.247085978 0xf37eccc0 gstpad.c:3905:gst_pad_query:<glimagesinkbin0:sink> sent query 0xf3a25400 (caps), result 1
05-10 00:33:36.807  5448  5522 D GStreamer+GST_MEMORY: 0:00:31.247112332 0xf37ecd80 gstmemory.c:138:gst_memory_init new memory 0xf3b633c0, maxsize:147 offset:0 size:144
05-10 00:33:36.807  5448  5522 D GStreamer+basesrc: 0:00:31.247172072 0xf37ecd80 gstbasesrc.c:2310:gst_base_src_do_sync:<filesrc0> we have no clock
05-10 00:33:36.807  5448  5522 D GStreamer+basesrc: 0:00:31.247210509 0xf37ecd80 gstbasesrc.c:2520:gst_base_src_get_range:<filesrc0> buffer ok
05-10 00:33:36.807  5448  5522 D GStreamer+GST_SCHEDULING: 0:00:31.247305770 0xf37ecd80 gstpad.c:4153:gst_pad_chain_data_unchecked:<queue2:sink> calling chainfunction &gst_queue_chain with buffer buffer: 0xf3b57e90, pts 0:00:00.672000000, dts 0:00:00.672000000, dur 0:00:00.024000000, size 144, offset none, offset_end none, flags 0x0
05-10 00:33:36.807  5448  5522 D GStreamer+GST_SCHEDULING: 0:00:31.247370092 0xf37ecd80 gstpad.c:4159:gst_pad_chain_data_unchecked:<queue2:sink> called chainfunction &gst_queue_chain with buffer 0xf3b57e90, returned ok
05-10 00:33:36.807  5448  5522 D GStreamer+qtdemux: 0:00:31.247422801 0xf37ecd80 qtdemux.c:7675:qtdemux_parse_samples:<q> parsing up to sample 29
05-10 00:33:36.807  5448  5520 D GStreamer+GST_CAPS: 0:00:31.247478217 0xf37eccc0 gstutils.c:2891:gst_pad_peer_query_caps:<forhalffps:src> peer query returned video/x-raw(memory:GLMemory), width=(int)[ 1, 2147483647 ], height=(int)[ 1, 2147483647 ], framerate=(fraction)[ 0/1, 2147483647/1 ], format=(string)RGBA, texture-target=(string)2D; video/x-raw(memory:GLMemory), format=(string)RGBA, width=(int)[ 1, 2147483647 ], height=(int)[ 1, 2147483647 ], framerate=(fraction)[ 0/1, 2147483647/1 ], texture-target=(string){ 2D, rectangle, external-oes }; video/x-raw(memory:GLMemory), format=(string){ RGBA, BGRA, RGBx, BGRx, ARGB, ABGR, xRGB, xBGR, RGB, BGR, RGB16, BGR16, AYUV, I420, YV12, NV12, NV21, YUY2, UYVY, Y41B, Y42B, Y444, GRAY8, GRAY16_LE, GRAY16_BE }, width=(int)[ 1, 2147483647 ], height=(int)[ 1, 2147483647 ], framerate=(fraction)[ 0/1, 2147483647/1 ], texture-target=(string){ 2D, rectangle, external-oes }; video/x-raw(memory:GLMemory), width=(int)[ 1, 2147483647 ], height=(int)[ 1, 2147483647 ], framerate=(fraction)[ 0/1, 2147483647/1 ], format=(string)RGBA;
05-10 00:33:36.807  5448  5522 D GStreamer+qtdemux: 0:00:31.247496499 0xf37ecd80 qtdemux.c:7882:qtdemux_parse_samples:<q> sample 29: index 29, timestamp 0:00:00.696000000
05-10 00:33:36.807  5448  5522 D GStreamer+qtdemux: 0:00:31.247538217 0xf37ecd80 qtdemux.c:7982:qtdemux_parse_samples:<q> setting all keyframes
05-10 00:33:36.807  5448  5522 D GStreamer+qtdemux: 0:00:31.247618634 0xf37ecd80 qtdemux.c:5197:gst_qtdemux_loop_state_movie:<q> pushing from stream 0, empty 0 offset 817419, size 41669, dts=0:00:00.378000000, pts=0:00:00.378000000, duration 0:00:00.019666666
05-10 00:33:36.807  5448  5522 D GStreamer+basesrc: 0:00:31.247682645 0xf37ecd80 gstbasesrc.c:2355:gst_base_src_update_length:<filesrc0> reading offset 817419, length 41669, size 15003960, segment.stop -1, maxsize 15003960
05-10 00:33:36.807  5448  5522 D GStreamer+basesrc: 0:00:31.247732228 0xf37ecd80 gstbasesrc.c:2456:gst_base_src_get_range:<filesrc0> calling create offset 817419 length 41669, time 0
05-10 00:33:36.807  5448  5521 D GStreamer+structure: 0:00:31.247777697 0xf37ecd20 gststructure.c:2367:gst_structure_parse_value trying type name 'int'
05-10 00:33:36.807  5448  5522 D GStreamer+GST_MEMORY: 0:00:31.247790040 0xf37ecd80 gstmemory.c:138:gst_memory_init new memory 0xf3bc3800, maxsize:41672 offset:0 size:41669
05-10 00:33:36.807  5448  5521 D GStreamer+structure: 0:00:31.247815353 0xf37ecd20 gststructure.c:2316:gst_structure_parse_field trying field name 'systemstream'
05-10 00:33:36.807  5448  5521 D GStreamer+structure: 0:00:31.247846655 0xf37ecd20 gststructure.c:2367:gst_structure_parse_value trying type name 'boolean'
05-10 00:33:36.807  5448  5522 D GStreamer+basesrc: 0:00:31.247864884 0xf37ecd80 gstbasesrc.c:2310:gst_base_src_do_sync:<filesrc0> we have no clock
05-10 00:33:36.807  5448  5521 D GStreamer+structure: 0:00:31.247887176 0xf37ecd20 gststructure.c:2316:gst_structure_parse_field trying field name 'parsed'
05-10 00:33:36.807  5448  5522 D GStreamer+basesrc: 0:00:31.247905405 0xf37ecd80 gstbasesrc.c:2520:gst_base_src_get_range:<filesrc0> buffer ok
05-10 00:33:36.807  5448  5521 D GStreamer+structure: 0:00:31.247925040 0xf37ecd20 gststructure.c:2367:gst_structure_parse_value trying type name 'boolean'
05-10 00:33:36.807  5448  5521 D GStreamer+structure: 0:00:31.247958009 0xf37ecd20 gststructure.c:2316:gst_structure_parse_field trying field name 'profile'
05-10 00:33:36.807  5448  5522 D GStreamer+GST_SCHEDULING: 0:00:31.248004676 0xf37ecd80 gstpad.c:4153:gst_pad_chain_data_unchecked:<queue0:sink> calling chainfunction &gst_queue_chain with buffer buffer: 0xf3b57f30, pts 0:00:00.378000000, dts 0:00:00.378000000, dur 0:00:00.019666666, size 41669, offset none, offset_end none, flags 0x0
05-10 00:33:36.807  5448  5521 D GStreamer+structure: 0:00:31.248018895 0xf37ecd20 gststructure.c:2367:gst_structure_parse_value trying type name 'string'
05-10 00:33:36.808  5448  5522 D GStreamer+GST_SCHEDULING: 0:00:31.248054676 0xf37ecd80 gstpad.c:4159:gst_pad_chain_data_unchecked:<queue0:sink> called chainfunction &gst_queue_chain with buffer 0xf3b57f30, returned ok
05-10 00:33:36.808  5448  5521 D GStreamer+structure: 0:00:31.248069051 0xf37ecd20 gststructure.c:2316:gst_structure_parse_field trying field name 'width'
05-10 00:33:36.808  5448  5522 D GStreamer+qtdemux: 0:00:31.248096082 0xf37ecd80 qtdemux.c:7675:qtdemux_parse_samples:<q> parsing up to sample 19
05-10 00:33:36.808  5448  5521 D GStreamer+structure: 0:00:31.248109728 0xf37ecd20 gststructure.c:2367:gst_structure_parse_value trying type name 'int'
05-10 00:33:36.808  5448  5522 D GStreamer+qtdemux: 0:00:31.248157801 0xf37ecd80 qtdemux.c:7882:qtdemux_parse_samples:<q> sample 19: index 0, timestamp 0:00:00.397666666
05-10 00:33:36.808  5448  5521 D GStreamer+structure: 0:00:31.248171447 0xf37ecd20 gststructure.c:2316:gst_structure_parse_field trying field name 'height'
05-10 00:33:36.808  5448  5522 D GStreamer+qtdemux: 0:00:31.248195197 0xf37ecd80 qtdemux.c:7937:qtdemux_parse_samples:<q> samples at 19 is keyframe
05-10 00:33:36.808  5448  5520 D GStreamer+basetransform: 0:00:31.248272020 0xf37eccc0 gstbasetransform.c:746:gst_base_transform_query_caps:<forhalffps:sink> peer caps  video/x-raw(memory:GLMemory), width=(int)[ 1, 2147483647 ], height=(int)[ 1, 2147483647 ], framerate=(fraction)[ 0/1, 2147483647/1 ], format=(string)RGBA, texture-target=(string)2D; video/x-raw(memory:GLMemory), format=(string)RGBA, width=(int)[ 1, 2147483647 ], height=(int)[ 1, 2147483647 ], framerate=(fraction)[ 0/1, 2147483647/1 ], texture-target=(string){ 2D, rectangle, external-oes }; video/x-raw(memory:GLMemory), format=(string){ RGBA, BGRA, RGBx, BGRx, ARGB, ABGR, xRGB, xBGR, RGB, BGR, RGB16, BGR16, AYUV, I420, YV12, NV12, NV21, YUY2, UYVY, Y41B, Y42B, Y444, GRAY8, GRAY16_LE, GRAY16_BE }, width=(int)[ 1, 2147483647 ], height=(int)[ 1, 2147483647 ], framerate=(fraction)[ 0/1, 2147483647/1 ], texture-target=(string){ 2D, rectangle, external-oes }; video/x-raw(memory:GLMemory), width=(int)[ 1, 2147483647 ], height=(int)[ 1, 2147483647 ], framerate=(fraction)[ 0/1, 2147483647/1 ], format=(string)
05-10 00:33:36.808  5448  5522 D GStreamer+qtdemux: 0:00:31.248289363 0xf37ecd80 qtdemux.c:5197:gst_qtdemux_loop_state_movie:<q> pushing from stream 1, empty 0 offset 902022, size 144, dts=0:00:00.696000000, pts=0:00:00.696000000, duration 0:00:00.024000000
05-10 00:33:36.808  5448  5520 D GStreamer+basetransform: 0:00:31.248313374 0xf37eccc0 gstbasetransform.c:749:gst_base_transform_query_caps:<forhalffps:sink> our template  ANY
05-10 00:33:36.808  5448  5522 D GStreamer+basesrc: 0:00:31.248342176 0xf37ecd80 gstbasesrc.c:2355:gst_base_src_update_length:<filesrc0> reading offset 902022, length 144, size 15003960, segment.stop -1, maxsize 15003960
05-10 00:33:36.808  5448  5522 D GStreamer+basesrc: 0:00:31.248397176 0xf37ecd80 gstbasesrc.c:2456:gst_base_src_get_range:<filesrc0> calling create offset 902022 length 144, time 0
05-10 00:33:36.808  5448  5522 D GStreamer+GST_MEMORY: 0:00:31.248445509 0xf37ecd80 gstmemory.c:138:gst_memory_init new memory 0xf3b634a8, maxsize:147 offset:0 size:144
05-10 00:33:36.808  5448  5522 D GStreamer+basesrc: 0:00:31.248492176 0xf37ecd80 gstbasesrc.c:2310:gst_base_src_do_sync:<filesrc0> we have no clock
05-10 00:33:36.808  5448  5522 D GStreamer+basesrc: 0:00:31.248531290 0xf37ecd80 gstbasesrc.c:2520:gst_base_src_get_range:<filesrc0> buffer ok
05-10 00:33:36.808  5448  5522 D GStreamer+GST_SCHEDULING: 0:00:31.248634207 0xf37ecd80 gstpad.c:4153:gst_pad_chain_data_unchecked:<queue2:sink> calling chainfunction &gst_queue_chain with buffer buffer: 0xf3bce000, pts 0:00:00.696000000, dts 0:00:00.696000000, dur 0:00:00.024000000, size 144, offset none, offset_end none, flags 0x0
05-10 00:33:36.808  5448  5520 D GStreamer+basetransform: 0:00:31.248683999 0xf37eccc0 gstbasetransform.c:751:gst_base_transform_query_caps:<forhalffps:sink> intersected video/x-raw(memory:GLMemory), width=(int)[ 1, 2147483647 ], height=(int)[ 1, 2147483647 ], framerate=(fraction)[ 0/1, 2147483647/1 ], format=(string)RGBA, texture-target=(string)2D; video/x-raw(memory:GLMemory), format=(string)RGBA, width=(int)[ 1, 2147483647 ], height=(int)[ 1, 2147483647 ], framerate=(fraction)[ 0/1, 2147483647/1 ], texture-target=(string){ 2D, rectangle, external-oes }; video/x-raw(memory:GLMemory), format=(string){ RGBA, BGRA, RGBx, BGRx, ARGB, ABGR, xRGB, xBGR, RGB, BGR, RGB16, BGR16, AYUV, I420, YV12, NV12, NV21, YUY2, UYVY, Y41B, Y42B, Y444, GRAY8, GRAY16_LE, GRAY16_BE }, width=(int)[ 1, 2147483647 ], height=(int)[ 1, 2147483647 ], framerate=(fraction)[ 0/1, 2147483647/1 ], texture-target=(string){ 2D, rectangle, external-oes }; video/x-raw(memory:GLMemory), width=(int)[ 1, 2147483647 ], height=(int)[ 1, 2147483647 ], framerate=(fraction)[ 0/1, 2147483647/1 ], format=(string
05-10 00:33:36.808  5448  5522 D GStreamer+GST_SCHEDULING: 0:00:31.248702020 0xf37ecd80 gstpad.c:4159:gst_pad_chain_data_unchecked:<queue2:sink> called chainfunction &gst_queue_chain with buffer 0xf3bce000, returned ok
05-10 00:33:36.808  5448  5520 D GStreamer+basetransform: 0:00:31.248726395 0xf37eccc0 gstbasetransform.c:533:gst_base_transform_transform_caps:<forhalffps> transform caps (direction = 1)
05-10 00:33:36.808  5448  5522 D GStreamer+qtdemux: 0:00:31.248749259 0xf37ecd80 qtdemux.c:7675:qtdemux_parse_samples:<q> parsing up to sample 30
05-10 00:33:36.808  5448  5522 D GStreamer+qtdemux: 0:00:31.248806967 0xf37ecd80 qtdemux.c:7882:qtdemux_parse_samples:<q> sample 30: index 30, timestamp 0:00:00.720000000
05-10 00:33:36.808  5448  5522 D GStreamer+qtdemux: 0:00:31.248847072 0xf37ecd80 qtdemux.c:7982:qtdemux_parse_samples:<q> setting all keyframes
05-10 00:33:36.808  5448  5522 D GStreamer+qtdemux: 0:00:31.248927332 0xf37ecd80 qtdemux.c:5197:gst_qtdemux_loop_state_movie:<q> pushing from stream 0, empty 0 offset 859232, size 42790, dts=0:00:00.397666666, pts=0:00:00.397666666, duration 0:00:00.020000000
05-10 00:33:36.808  5448  5522 D GStreamer+basesrc: 0:00:31.248990197 0xf37ecd80 gstbasesrc.c:2355:gst_base_src_update_length:<filesrc0> reading offset 859232, length 42790, size 15003960, segment.stop -1, maxsize 15003960
05-10 00:33:36.809  5448  5522 D GStreamer+basesrc: 0:00:31.249044467 0xf37ecd80 gstbasesrc.c:2456:gst_base_src_get_range:<filesrc0> calling create offset 859232 length 42790, time 0
05-10 00:33:36.809  5448  5522 D GStreamer+GST_MEMORY: 0:00:31.249101238 0xf37ecd80 gstmemory.c:138:gst_memory_init new memory 0xf3bcf530, maxsize:42793 offset:0 size:42790
05-10 00:33:36.809  5448  5521 D GStreamer+structure: 0:00:31.249106030 0xf37ecd20 gststructure.c:2367:gst_structure_parse_value trying type name 'int'
05-10 00:33:36.809  5448  5521 D GStreamer+structure: 0:00:31.249154311 0xf37ecd20 gststructure.c:2316:gst_structure_parse_field trying field name 'framerate'
05-10 00:33:36.809  5448  5522 D GStreamer+basesrc: 0:00:31.249189832 0xf37ecd80 gstbasesrc.c:2310:gst_base_src_do_sync:<filesrc0> we have no clock
05-10 00:33:36.809  5448  5521 D GStreamer+structure: 0:00:31.249203165 0xf37ecd20 gststructure.c:2367:gst_structure_parse_value trying type name 'fraction'
05-10 00:33:36.809  5448  5522 D GStreamer+basesrc: 0:00:31.249222905 0xf37ecd80 gstbasesrc.c:2520:gst_base_src_get_range:<filesrc0> buffer ok
05-10 00:33:36.809  5448  5521 D GStreamer+structure: 0:00:31.249243686 0xf37ecd20 gststructure.c:2316:gst_structure_parse_field trying field name 'divxversion'
05-10 00:33:36.809  5448  5521 D GStreamer+structure: 0:00:31.249280926 0xf37ecd20 gststructure.c:2367:gst_structure_parse_value trying type name 'int'
05-10 00:33:36.809  5448  5522 D GStreamer+GST_SCHEDULING: 0:00:31.249299572 0xf37ecd80 gstpad.c:4153:gst_pad_chain_data_unchecked:<queue0:sink> calling chainfunction &gst_queue_chain with buffer buffer: 0xf3bce0a0, pts 0:00:00.397666666, dts 0:00:00.397666666, dur 0:00:00.020000000, size 42790, offset none, offset_end none, flags 0x0
05-10 00:33:36.809  5448  5521 D GStreamer+structure: 0:00:31.249318842 0xf37ecd20 gststructure.c:2316:gst_structure_parse_field trying field name 'parsed'
05-10 00:33:36.809  5448  5521 D GStreamer+structure: 0:00:31.249351186 0xf37ecd20 gststructure.c:2367:gst_structure_parse_value trying type name 'boolean'
05-10 00:33:36.809  5448  5522 D GStreamer+GST_SCHEDULING: 0:00:31.249369936 0xf37ecd80 gstpad.c:4159:gst_pad_chain_data_unchecked:<queue0:sink> called chainfunction &gst_queue_chain with buffer 0xf3bce0a0, returned ok
05-10 00:33:36.809  5448  5521 D GStreamer+GST_ELEMENT_FACTORY: 0:00:31.249389467 0xf37ecd20 gstelementfactory.c:848:gst_element_factory_list_filter Trying amcviddec-omxnvidiavp8decode
05-10 00:33:36.809  5448  5522 D GStreamer+qtdemux: 0:00:31.249411447 0xf37ecd80 qtdemux.c:7675:qtdemux_parse_samples:<q> parsing up to sample 20
05-10 00:33:36.809  5448  5521 D GStreamer+structure: 0:00:31.249423478 0xf37ecd20 gststructure.c:2316:gst_structure_parse_field trying field name 'width'
05-10 00:33:36.809  5448  5521 D GStreamer+structure: 0:00:31.249461082 0xf37ecd20 gststructure.c:2367:gst_structure_parse_value trying type name 'int'
05-10 00:33:36.809  5448  5522 D GStreamer+qtdemux: 0:00:31.249478374 0xf37ecd80 qtdemux.c:7882:qtdemux_parse_samples:<q> sample 20: index 1, timestamp 0:00:00.417666666
05-10 00:33:36.809  5448  5521 D GStreamer+structure: 0:00:31.249497749 0xf37ecd20 gststructure.c:2316:gst_structure_parse_field trying field name 'height'
05-10 00:33:36.809  5448  5522 D GStreamer+qtdemux: 0:00:31.249519572 0xf37ecd80 qtdemux.c:7937:qtdemux_parse_samples:<q> samples at 20 is keyframe
05-10 00:33:36.809  5448  5521 D GStreamer+structure: 0:00:31.249529103 0xf37ecd20 gststructure.c:2367:gst_structure_parse_value trying type name 'int'
05-10 00:33:36.809  5448  5521 D GStreamer+structure: 0:00:31.249565926 0xf37ecd20 gststructure.c:2316:gst_structure_parse_field trying field name 'framerate'
05-10 00:33:36.809  5448  5522 D GStreamer+qtdemux: 0:00:31.249589572 0xf37ecd80 qtdemux.c:5197:gst_qtdemux_loop_state_movie:<q> pushing from stream 1, empty 0 offset 945238, size 144, dts=0:00:00.720000000, pts=0:00:00.720000000, duration 0:00:00.024000000
05-10 00:33:36.809  5448  5521 D GStreamer+structure: 0:00:31.249598322 0xf37ecd20 gststructure.c:2367:gst_structure_parse_value trying type name 'fraction'
05-10 00:33:36.809  5448  5520 D GStreamer+basetransform: 0:00:31.249094103 0xf37eccc0 gstbasetransform.c:504:gst_base_transform_default_transform_caps:<forhalffps> identity from: video/x-raw(memory:GLMemory), width=(int)[ 1, 2147483647 ], height=(int)[ 1, 2147483647 ], framerate=(fraction)[ 0/1, 2147483647/1 ], format=(string)RGBA, texture-target=(string)2D; video/x-raw(memory:GLMemory), format=(string)RGBA, width=(int)[ 1, 2147483647 ], height=(int)[ 1, 2147483647 ], framerate=(fraction)[ 0/1, 2147483647/1 ], texture-target=(string){ 2D, rectangle, external-oes }; video/x-raw(memory:GLMemory), format=(string){ RGBA, BGRA, RGBx, BGRx, ARGB, ABGR, xRGB, xBGR, RGB, BGR, RGB16, BGR16, AYUV, I420, YV12, NV12, NV21, YUY2, UYVY, Y41B, Y42B, Y444, GRAY8, GRAY16_LE, GRAY16_BE }, width=(int)[ 1, 2147483647 ], height=(int)[ 1, 2147483647 ], framerate=(fraction)[ 0/1, 2147483647/1 ], texture-target=(string){ 2D, rectangle, external-oes }; video/x-raw(memory:GLMemory), width=(int)[ 1, 2147483647 ], height=(int)[ 1, 2147483647 ], framerate=(fraction)[ 0/1, 2147483647/1 ], form
05-10 00:33:36.809  5448  5522 D GStreamer+basesrc: 0:00:31.249639572 0xf37ecd80 gstbasesrc.c:2355:gst_base_src_update_length:<filesrc0> reading offset 945238, length 144, size 15003960, segment.stop -1, maxsize 15003960
05-10 00:33:36.809  5448  5521 D GStreamer+GST_ELEMENT_FACTORY: 0:00:31.249653582 0xf37ecd20 gstelementfactory.c:848:gst_element_factory_list_filter Trying amcviddec-omxnvidiavp9decode
05-10 00:33:36.809  5448  5522 D GStreamer+basesrc: 0:00:31.249682645 0xf37ecd80 gstbasesrc.c:2456:gst_base_src_get_range:<filesrc0> calling create offset 945238 length 144, time 0
05-10 00:33:36.809  5448  5521 D GStreamer+GST_ELEMENT_FACTORY: 0:00:31.249695770 0xf37ecd20 gstelementfactory.c:848:gst_element_factory_list_filter Trying apedemux
05-10 00:33:36.809  5448  5521 D GStreamer+GST_ELEMENT_FACTORY: 0:00:31.249733165 0xf37ecd20 gstelementfactory.c:848:gst_element_factory_list_filter Trying avidemux
05-10 00:33:36.809  5448  5522 D GStreamer+GST_MEMORY: 0:00:31.249739728 0xf37ecd80 gstmemory.c:138:gst_memory_init new memory 0xf3b63590, maxsize:147 offset:0 size:144
05-10 00:33:36.809  5448  5522 D GStreamer+basesrc: 0:00:31.249780509 0xf37ecd80 gstbasesrc.c:2310:gst_base_src_do_sync:<filesrc0> we have no clock
05-10 00:33:36.809  5448  5521 D GStreamer+GST_ELEMENT_FACTORY: 0:00:31.249785509 0xf37ecd20 gstelementfactory.c:848:gst_element_factory_list_filter Trying dashdemux
05-10 00:33:36.809  5448  5522 D GStreamer+basesrc: 0:00:31.249816238 0xf37ecd80 gstbasesrc.c:2520:gst_base_src_get_range:<filesrc0> buffer ok
05-10 00:33:36.809  5448  5521 D GStreamer+GST_ELEMENT_FACTORY: 0:00:31.249829884 0xf37ecd20 gstelementfactory.c:848:gst_element_factory_list_filter Trying dvdemux
05-10 00:33:36.809  5448  5521 D GStreamer+structure: 0:00:31.249872697 0xf37ecd20 gststructure.c:2316:gst_structure_parse_field trying field name 'systemstream'
05-10 00:33:36.809  5448  5522 D GStreamer+GST_SCHEDULING: 0:00:31.249893842 0xf37ecd80 gstpad.c:4153:gst_pad_chain_data_unchecked:<queue2:sink> calling chainfunction &gst_queue_chain with buffer buffer: 0xf3bce140, pts 0:00:00.720000000, dts 0:00:00.720000000, dur 0:00:00.024000000, size 144, offset none, offset_end none, flags 0x0
05-10 00:33:36.809  5448  5521 D GStreamer+structure: 0:00:31.249903478 0xf37ecd20 gststructure.c:2367:gst_structure_parse_value trying type name 'boolean'
05-10 00:33:36.809  5448  5521 D GStreamer+GST_ELEMENT_FACTORY: 0:00:31.249936447 0xf37ecd20 gstelementfactory.c:848:gst_element_factory_list_filter Trying flacdec
05-10 00:33:36.809  5448  5522 D GStreamer+GST_SCHEDULING: 0:00:31.249952853 0xf37ecd80 gstpad.c:4159:gst_pad_chain_data_unchecked:<queue2:sink> called chainfunction &gst_queue_chain with buffer 0xf3bce140, returned ok
05-10 00:33:36.809  5448  5521 D GStreamer+structure: 0:00:31.249972072 0xf37ecd20 gststructure.c:2316:gst_structure_parse_field trying field name 'framed'
05-10 00:33:36.809  5448  5522 D GStreamer+qtdemux: 0:00:31.249995978 0xf37ecd80 qtdemux.c:7675:qtdemux_parse_samples:<q> parsing up to sample 31
05-10 00:33:36.809  5448  5521 D GStreamer+structure: 0:00:31.250009415 0xf37ecd20 gststructure.c:2367:gst_structure_parse_value trying type name 'boolean'
05-10 00:33:36.809  5448  5521 D GStreamer+structure: 0:00:31.250043842 0xf37ecd20 gststructure.c:2316:gst_structure_parse_field trying field name 'rate'
05-10 00:33:36.810  5448  5522 D GStreamer+qtdemux: 0:00:31.250061186 0xf37ecd80 qtdemux.c:7882:qtdemux_parse_samples:<q> sample 31: index 31, timestamp 0:00:00.744000000
05-10 00:33:36.810  5448  5521 D GStreamer+structure: 0:00:31.250075770 0xf37ecd20 gststructure.c:2367:gst_structure_parse_value trying type name 'int'
05-10 00:33:36.810  5448  5522 D GStreamer+qtdemux: 0:00:31.250099155 0xf37ecd80 qtdemux.c:7982:qtdemux_parse_samples:<q> setting all keyframes
05-10 00:33:36.810  5448  5521 D GStreamer+structure: 0:00:31.250109155 0xf37ecd20 gststructure.c:2316:gst_structure_parse_field trying field name 'channels'
05-10 00:33:36.810  5448  5521 D GStreamer+structure: 0:00:31.250157645 0xf37ecd20 gststructure.c:2367:gst_structure_parse_value trying type name 'int'
05-10 00:33:36.810  5448  5522 D GStreamer+qtdemux: 0:00:31.250179780 0xf37ecd80 qtdemux.c:5197:gst_qtdemux_loop_state_movie:<q> pushing from stream 0, empty 0 offset 902166, size 43072, dts=0:00:00.417666666, pts=0:00:00.417666666, duration 0:00:00.020000000
05-10 00:33:36.810  5448  5521 D GStreamer+GST_ELEMENT_FACTORY: 0:00:31.250196915 0xf37ecd20 gstelementfactory.c:848:gst_element_factory_list_filter Trying flvdemux
05-10 00:33:36.810  5448  5521 D GStreamer+GST_ELEMENT_FACTORY: 0:00:31.250235926 0xf37ecd20 gstelementfactory.c:848:gst_element_factory_list_filter Trying flxdec
05-10 00:33:36.810  5448  5522 D GStreamer+basesrc: 0:00:31.250253634 0xf37ecd80 gstbasesrc.c:2355:gst_base_src_update_length:<filesrc0> reading offset 902166, length 43072, size 15003960, segment.stop -1, maxsize 15003960
05-10 00:33:36.810  5448  5521 D GStreamer+GST_ELEMENT_FACTORY: 0:00:31.250272228 0xf37ecd20 gstelementfactory.c:848:gst_element_factory_list_filter Trying hlsdemux
05-10 00:33:36.810  5448  5522 D GStreamer+basesrc: 0:00:31.250311551 0xf37ecd80 gstbasesrc.c:2456:gst_base_src_get_range:<filesrc0> calling create offset 902166 length 43072, time 0
05-10 00:33:36.810  5448  5521 D GStreamer+GST_ELEMENT_FACTORY: 0:00:31.250351655 0xf37ecd20 gstelementfactory.c:848:gst_element_factory_list_filter Trying icydemux
05-10 00:33:36.810  5448  5522 D GStreamer+GST_MEMORY: 0:00:31.250367592 0xf37ecd80 gstmemory.c:138:gst_memory_init new memory 0xf3bd9cb0, maxsize:43075 offset:0 size:43072
05-10 00:33:36.810  5448  5521 D GStreamer+structure: 0:00:31.250395926 0xf37ecd20 gststructure.c:2316:gst_structure_parse_field trying field name 'metadata-interval'
05-10 00:33:36.810  5448  5521 D GStreamer+structure: 0:00:31.250425561 0xf37ecd20 gststructure.c:2367:gst_structure_parse_value trying type name 'int'
05-10 00:33:36.810  5448  5521 D GStreamer+GST_ELEMENT_FACTORY: 0:00:31.250458217 0xf37ecd20 gstelementfactory.c:848:gst_element_factory_list_filter Trying id3demux
05-10 00:33:36.810  5448  5521 D GStreamer+GST_ELEMENT_FACTORY: 0:00:31.250490978 0xf37ecd20 gstelementfactory.c:848:gst_element_factory_list_filter Trying jpegdec
05-10 00:33:36.810  5448  5521 D GStreamer+GST_ELEMENT_FACTORY: 0:00:31.250525770 0xf37ecd20 gstelementfactory.c:848:gst_element_factory_list_filter Trying katedec
05-10 00:33:36.810  5448  5521 D GStreamer+GST_ELEMENT_FACTORY: 0:00:31.250557905 0xf37ecd20 gstelementfactory.c:848:gst_element_factory_list_filter Trying matroskademux
05-10 00:33:36.810  5448  5521 D GStreamer+GST_ELEMENT_FACTORY: 0:00:31.250596551 0xf37ecd20 gstelementfactory.c:848:gst_element_factory_list_filter Trying midiparse
05-10 00:33:36.810  5448  5521 D GStreamer+GST_ELEMENT_FACTORY: 0:00:31.250629467 0xf37ecd20 gstelementfactory.c:848:gst_element_factory_list_filter Trying mssdemux
05-10 00:33:36.810  5448  5522 D GStreamer+basesrc: 0:00:31.250640405 0xf37ecd80 gstbasesrc.c:2310:gst_base_src_do_sync:<filesrc0> we have no clock
05-10 00:33:36.810  5448  5521 D GStreamer+GST_ELEMENT_FACTORY: 0:00:31.250669363 0xf37ecd20 gstelementfactory.c:848:gst_element_factory_list_filter Trying mulawdec
05-10 00:33:36.810  5448  5522 D GStreamer+basesrc: 0:00:31.250686915 0xf37ecd80 gstbasesrc.c:2520:gst_base_src_get_range:<filesrc0> buffer ok
05-10 00:33:36.810  5448  5521 D GStreamer+structure: 0:00:31.250703634 0xf37ecd20 gststructure.c:2316:gst_structure_parse_field trying field name 'rate'
05-10 00:33:36.810  5448  5521 D GStreamer+structure: 0:00:31.250737749 0xf37ecd20 gststructure.c:2367:gst_structure_parse_value trying type name 'int'
05-10 00:33:36.810  5448  5522 D GStreamer+GST_SCHEDULING: 0:00:31.250773947 0xf37ecd80 gstpad.c:4153:gst_pad_chain_data_unchecked:<queue0:sink> calling chainfunction &gst_queue_chain with buffer buffer: 0xf3bce1e0, pts 0:00:00.417666666, dts 0:00:00.417666666, dur 0:00:00.020000000, size 43072, offset none, offset_end none, flags 0x0
05-10 00:33:36.810  5448  5522 D GStreamer+GST_SCHEDULING: 0:00:31.250831915 0xf37ecd80 gstpad.c:4159:gst_pad_chain_data_unchecked:<queue0:sink> called chainfunction &gst_queue_chain with buffer 0xf3bce1e0, returned ok
05-10 00:33:36.810  5448  5522 D GStreamer+qtdemux: 0:00:31.250888061 0xf37ecd80 qtdemux.c:7675:qtdemux_parse_samples:<q> parsing up to sample 21
05-10 00:33:36.810  5448  5522 D GStreamer+qtdemux: 0:00:31.250949051 0xf37ecd80 qtdemux.c:7882:qtdemux_parse_samples:<q> sample 21: index 2, timestamp 0:00:00.437666666
05-10 00:33:36.810  5448  5522 D GStreamer+qtdemux: 0:00:31.250992280 0xf37ecd80 qtdemux.c:7937:qtdemux_parse_samples:<q> samples at 21 is keyframe
05-10 00:33:36.811  5448  5522 D GStreamer+qtdemux: 0:00:31.251091238 0xf37ecd80 qtdemux.c:5197:gst_qtdemux_loop_state_movie:<q> pushing from stream 1, empty 0 offset 988430, size 144, dts=0:00:00.744000000, pts=0:00:00.744000000, duration 0:00:00.024000000
05-10 00:33:36.811  5448  5522 D GStreamer+basesrc: 0:00:31.251167020 0xf37ecd80 gstbasesrc.c:2355:gst_base_src_update_length:<filesrc0> reading offset 988430, length 144, size 15003960, segment.stop -1, maxsize 15003960
