05-10 00:33:36.819  5448  5521 D GStreamer+structure: 0:00:31.259441238 0xf37ecd20 gststructure.c:2367:gst_structure_parse_value trying type name 'boolean'
05-10 00:33:36.819  5448  5522 D GStreamer+basesrc: 0:00:31.259464051 0xf37ecd80 gstbasesrc.c:2456:gst_base_src_get_range:<filesrc0> calling create offset 1197389 length 41800, time 0
05-10 00:33:36.819  5448  5521 D GStreamer+structure: 0:00:31.259476551 0xf37ecd20 gststructure.c:2316:gst_structure_parse_field trying field name 'stream-format'
05-10 00:33:36.819  5448  5521 D GStreamer+structure: 0:00:31.259535717 0xf37ecd20 gststructure.c:2367:gst_structure_parse_value trying type name 'string'
05-10 00:33:36.819  5448  5522 D GStreamer+GST_MEMORY: 0:00:31.259553165 0xf37ecd80 gstmemory.c:138:gst_memory_init new memory 0xf3c26330, maxsize:41803 offset:0 size:41800
05-10 00:33:36.819  5448  5521 D GStreamer+structure: 0:00:31.259568842 0xf37ecd20 gststructure.c:2316:gst_structure_parse_field trying field name 'alignment'
05-10 00:33:36.819  5448  5521 D GStreamer+structure: 0:00:31.259598270 0xf37ecd20 gststructure.c:2367:gst_structure_parse_value trying type name 'string'
05-10 00:33:36.819  5448  5521 D GStreamer+structure: 0:00:31.259631863 0xf37ecd20 gststructure.c:2316:gst_structure_parse_field trying field name 'profile'
05-10 00:33:36.819  5448  5522 D GStreamer+basesrc: 0:00:31.259651290 0xf37ecd80 gstbasesrc.c:2310:gst_base_src_do_sync:<filesrc0> we have no clock
05-10 00:33:36.819  5448  5521 D GStreamer+structure: 0:00:31.259663165 0xf37ecd20 gststructure.c:2367:gst_structure_parse_value trying type name 'string'
05-10 00:33:36.819  5448  5522 D GStreamer+basesrc: 0:00:31.259693582 0xf37ecd80 gstbasesrc.c:2520:gst_base_src_get_range:<filesrc0> buffer ok
05-10 00:33:36.819  5448  5521 D GStreamer+structure: 0:00:31.259707228 0xf37ecd20 gststructure.c:2316:gst_structure_parse_field trying field name 'width'
05-10 00:33:36.819  5448  5521 D GStreamer+structure: 0:00:31.259741030 0xf37ecd20 gststructure.c:2367:gst_structure_parse_value trying type name 'int'
05-10 00:33:36.819  5448  5521 D GStreamer+structure: 0:00:31.259788582 0xf37ecd20 gststructure.c:2316:gst_structure_parse_field trying field name 'height'
05-10 00:33:36.819  5448  5522 D GStreamer+GST_SCHEDULING: 0:00:31.259801915 0xf37ecd80 gstpad.c:4153:gst_pad_chain_data_unchecked:<queue0:sink> calling chainfunction &gst_queue_chain with buffer buffer: 0xf3c0f290, pts 0:00:00.556666666, dts 0:00:00.556666666, dur 0:00:00.020000000, size 41800, offset none, offset_end none, flags 0x0
05-10 00:33:36.819  5448  5521 D GStreamer+structure: 0:00:31.259844728 0xf37ecd20 gststructure.c:2367:gst_structure_parse_value trying type name 'int'
05-10 00:33:36.819  5448  5522 D GStreamer+GST_SCHEDULING: 0:00:31.259857645 0xf37ecd80 gstpad.c:4159:gst_pad_chain_data_unchecked:<queue0:sink> called chainfunction &gst_queue_chain with buffer 0xf3c0f290, returned ok
05-10 00:33:36.819  5448  5521 D GStreamer+structure: 0:00:31.259878426 0xf37ecd20 gststructure.c:2316:gst_structure_parse_field trying field name 'framerate'
05-10 00:33:36.819  5448  5522 D GStreamer+qtdemux: 0:00:31.259898478 0xf37ecd80 qtdemux.c:7675:qtdemux_parse_samples:<q> parsing up to sample 28
05-10 00:33:36.819  5448  5521 D GStreamer+structure: 0:00:31.259911134 0xf37ecd20 gststructure.c:2367:gst_structure_parse_value trying type name 'fraction'
05-10 00:33:36.819  5448  5520 D GStreamer+GST_PADS: 0:00:31.259770145 0xf37eccc0 gstpad.c:3905:gst_pad_query:<amcvideodec-omxnvidiah264decode0:sink> sent query 0xf3ad9380 (caps), result 1
05-10 00:33:36.819  5448  5522 D GStreamer+qtdemux: 0:00:31.259948738 0xf37ecd80 qtdemux.c:7882:qtdemux_parse_samples:<q> sample 28: index 1, timestamp 0:00:00.576666666
05-10 00:33:36.819  5448  5522 D GStreamer+qtdemux: 0:00:31.259988738 0xf37ecd80 qtdemux.c:7937:qtdemux_parse_samples:<q> samples at 28 is keyframe
05-10 00:33:36.820  5448  5522 D GStreamer+qtdemux: 0:00:31.260065457 0xf37ecd80 qtdemux.c:5197:gst_qtdemux_loop_state_movie:<q> pushing from stream 0, empty 0 offset 1239333, size 41052, dts=0:00:00.576666666, pts=0:00:00.576666666, duration 0:00:00.020000000
05-10 00:33:36.820  5448  5520 D GStreamer+GST_CAPS: 0:00:31.260136134 0xf37eccc0 gstpad.c:2746:gst_pad_get_allowed_caps:<h264parse0:src> allowed caps video/x-h264, width=(int)[ 16, 4096 ], height=(int)[ 16, 4096 ], framerate=(fraction)[ 0/1, 2147483647/1 ], parsed=(boolean)true, stream-format=(string)byte-stream, alignment=(string)au, profile=(string)high; video/x-h264, width=(int)[ 16, 4096 ], height=(int)[ 16, 4096 ], framerate=(fraction)[ 0/1, 2147483647/1 ], parsed=(boolean)true, stream-format=(string)byte-stream, alignment=(string)au, profile=(string)main; video/x-h264, width=(int)[ 16, 4096 ], height=(int)[ 16, 4096 ], framerate=(fraction)[ 0/1, 2147483647/1 ], parsed=(boolean)true, stream-format=(string)byte-stream, alignment=(string)au, profile=(string)baseline; video/x-h264, width=(int)[ 16, 4096 ], height=(int)[ 16, 4096 ], framerate=(fraction)[ 0/1, 2147483647/1 ], parsed=(boolean)true, stream-format=(string)byte-stream, alignment=(string)au, profile=(string)constrained-baseline
05-10 00:33:36.820  5448  5522 D GStreamer+basesrc: 0:00:31.260153999 0xf37ecd80 gstbasesrc.c:2355:gst_base_src_update_length:<filesrc0> reading offset 1239333, length 41052, size 15003960, segment.stop -1, maxsize 15003960
05-10 00:33:36.820  5448  5522 D GStreamer+basesrc: 0:00:31.260209624 0xf37ecd80 gstbasesrc.c:2456:gst_base_src_get_range:<filesrc0> calling create offset 1239333 length 41052, time 0
05-10 00:33:36.820  5448  5521 D GStreamer+structure: 0:00:31.260253478 0xf37ecd20 gststructure.c:2316:gst_structure_parse_field trying field name 'parsed'
05-10 00:33:36.820  5448  5522 D GStreamer+GST_MEMORY: 0:00:31.260267645 0xf37ecd80 gstmemory.c:138:gst_memory_init new memory 0xf3c306d0, maxsize:41055 offset:0 size:41052
05-10 00:33:36.820  5448  5521 D GStreamer+structure: 0:00:31.260285561 0xf37ecd20 gststructure.c:2367:gst_structure_parse_value trying type name 'boolean'
05-10 00:33:36.820  5448  5521 D GStreamer+structure: 0:00:31.260317020 0xf37ecd20 gststructure.c:2316:gst_structure_parse_field trying field name 'stream-format'
05-10 00:33:36.820  5448  5522 D GStreamer+basesrc: 0:00:31.260343686 0xf37ecd80 gstbasesrc.c:2310:gst_base_src_do_sync:<filesrc0> we have no clock
05-10 00:33:36.820  5448  5521 D GStreamer+structure: 0:00:31.260357801 0xf37ecd20 gststructure.c:2367:gst_structure_parse_value trying type name 'string'
05-10 00:33:36.820  5448  5522 D GStreamer+basesrc: 0:00:31.260376499 0xf37ecd80 gstbasesrc.c:2520:gst_base_src_get_range:<filesrc0> buffer ok
05-10 00:33:36.820  5448  5521 D GStreamer+structure: 0:00:31.260389624 0xf37ecd20 gststructure.c:2316:gst_structure_parse_field trying field name 'alignment'
05-10 00:33:36.820  5448  5521 D GStreamer+structure: 0:00:31.260421603 0xf37ecd20 gststructure.c:2367:gst_structure_parse_value trying type name 'string'
05-10 00:33:36.820  5448  5522 D GStreamer+GST_SCHEDULING: 0:00:31.260457072 0xf37ecd80 gstpad.c:4153:gst_pad_chain_data_unchecked:<queue0:sink> calling chainfunction &gst_queue_chain with buffer buffer: 0xf3c0f330, pts 0:00:00.576666666, dts 0:00:00.576666666, dur 0:00:00.020000000, size 41052, offset none, offset_end none, flags 0x0
05-10 00:33:36.820  5448  5522 D GStreamer+GST_SCHEDULING: 0:00:31.260519051 0xf37ecd80 gstpad.c:4159:gst_pad_chain_data_unchecked:<queue0:sink> called chainfunction &gst_queue_chain with buffer 0xf3c0f330, returned ok
05-10 00:33:36.820  5448  5520 D GStreamer+h264parse: 0:00:31.260559259 0xf37eccc0 gsth264parse.c:368:gst_h264_parse_negotiate:<h264parse0> allowed caps: video/x-h264, width=(int)[ 16, 4096 ], height=(int)[ 16, 4096 ], framerate=(fraction)[ 0/1, 2147483647/1 ], parsed=(boolean)true, stream-format=(string)byte-stream, alignment=(string)au, profile=(string)high; video/x-h264, width=(int)[ 16, 4096 ], height=(int)[ 16, 4096 ], framerate=(fraction)[ 0/1, 2147483647/1 ], parsed=(boolean)true, stream-format=(string)byte-stream, alignment=(string)au, profile=(string)main; video/x-h264, width=(int)[ 16, 4096 ], height=(int)[ 16, 4096 ], framerate=(fraction)[ 0/1, 2147483647/1 ], parsed=(boolean)true, stream-format=(string)byte-stream, alignment=(string)au, profile=(string)baseline; video/x-h264, width=(int)[ 16, 4096 ], height=(int)[ 16, 4096 ], framerate=(fraction)[ 0/1, 2147483647/1 ], parsed=(boolean)true, stream-format=(string)byte-stream, alignment=(string)au, profile=(string)constrained-baseline
05-10 00:33:36.820  5448  5522 D GStreamer+qtdemux: 0:00:31.260576290 0xf37ecd80 qtdemux.c:7675:qtdemux_parse_samples:<q> parsing up to sample 29
05-10 00:33:36.820  5448  5521 D GStreamer+structure: 0:00:31.260649884 0xf37ecd20 gststructure.c:2316:gst_structure_parse_field trying field name 'profile'
05-10 00:33:36.820  5448  5522 D GStreamer+qtdemux: 0:00:31.260656290 0xf37ecd80 qtdemux.c:7882:qtdemux_parse_samples:<q> sample 29: index 0, timestamp 0:00:00.596666666
05-10 00:33:36.820  5448  5521 D GStreamer+structure: 0:00:31.260679988 0xf37ecd20 gststructure.c:2367:gst_structure_parse_value trying type name 'string'
05-10 00:33:36.820  5448  5522 D GStreamer+qtdemux: 0:00:31.260693322 0xf37ecd80 qtdemux.c:7937:qtdemux_parse_samples:<q> samples at 29 is keyframe
05-10 00:33:36.820  5448  5521 D GStreamer+structure: 0:00:31.260718165 0xf37ecd20 gststructure.c:2316:gst_structure_parse_field trying field name 'width'
05-10 00:33:36.820  5448  5521 D GStreamer+structure: 0:00:31.260753478 0xf37ecd20 gststructure.c:2367:gst_structure_parse_value trying type name 'int'
05-10 00:33:36.820  5448  5522 D GStreamer+qtdemux: 0:00:31.260769988 0xf37ecd80 qtdemux.c:5197:gst_qtdemux_loop_state_movie:<q> pushing from stream 1, empty 0 offset 1320880, size 144, dts=0:00:00.888000000, pts=0:00:00.888000000, duration 0:00:00.024000000
05-10 00:33:36.820  5448  5521 D GStreamer+structure: 0:00:31.260788686 0xf37ecd20 gststructure.c:2316:gst_structure_parse_field trying field name 'height'
05-10 00:33:36.820  5448  5521 D GStreamer+structure: 0:00:31.260817853 0xf37ecd20 gststructure.c:2367:gst_structure_parse_value trying type name 'int'
05-10 00:33:36.820  5448  5522 D GStreamer+basesrc: 0:00:31.260834780 0xf37ecd80 gstbasesrc.c:2355:gst_base_src_update_length:<filesrc0> reading offset 1320880, length 144, size 15003960, segment.stop -1, maxsize 15003960
05-10 00:33:36.820  5448  5521 D GStreamer+structure: 0:00:31.260855145 0xf37ecd20 gststructure.c:2316:gst_structure_parse_field trying field name 'framerate'
05-10 00:33:36.820  5448  5522 D GStreamer+basesrc: 0:00:31.260881915 0xf37ecd80 gstbasesrc.c:2456:gst_base_src_get_range:<filesrc0> calling create offset 1320880 length 144, time 0
05-10 00:33:36.820  5448  5521 D GStreamer+structure: 0:00:31.260899624 0xf37ecd20 gststructure.c:2367:gst_structure_parse_value trying type name 'fraction'
05-10 00:33:36.820  5448  5522 D GStreamer+GST_MEMORY: 0:00:31.260922332 0xf37ecd80 gstmemory.c:138:gst_memory_init new memory 0xf3bc34b0, maxsize:147 offset:0 size:144
05-10 00:33:36.820  5448  5521 D GStreamer+structure: 0:00:31.260943947 0xf37ecd20 gststructure.c:2316:gst_structure_parse_field trying field name 'parsed'
05-10 00:33:36.820  5448  5522 D GStreamer+basesrc: 0:00:31.260961655 0xf37ecd80 gstbasesrc.c:2310:gst_base_src_do_sync:<filesrc0> we have no clock
05-10 00:33:36.820  5448  5521 D GStreamer+structure: 0:00:31.260980457 0xf37ecd20 gststructure.c:2367:gst_structure_parse_value trying type name 'boolean'
05-10 00:33:36.820  5448  5522 D GStreamer+basesrc: 0:00:31.260998165 0xf37ecd80 gstbasesrc.c:2520:gst_base_src_get_range:<filesrc0> buffer ok
05-10 00:33:36.820  5448  5521 D GStreamer+structure: 0:00:31.261009676 0xf37ecd20 gststructure.c:2316:gst_structure_parse_field trying field name 'stream-format'
05-10 00:33:36.820  5448  5521 D GStreamer+structure: 0:00:31.261043061 0xf37ecd20 gststructure.c:2367:gst_structure_parse_value trying type name 'string'
05-10 00:33:36.821  5448  5522 D GStreamer+GST_SCHEDULING: 0:00:31.261081134 0xf37ecd80 gstpad.c:4153:gst_pad_chain_data_unchecked:<queue2:sink> calling chainfunction &gst_queue_chain with buffer buffer: 0xf3c0f3d0, pts 0:00:00.888000000, dts 0:00:00.888000000, dur 0:00:00.024000000, size 144, offset none, offset_end none, flags 0x0
05-10 00:33:36.821  5448  5521 D GStreamer+structure: 0:00:31.261099728 0xf37ecd20 gststructure.c:2316:gst_structure_parse_field trying field name 'alignment'
05-10 00:33:36.821  5448  5522 D GStreamer+GST_SCHEDULING: 0:00:31.261136655 0xf37ecd80 gstpad.c:4159:gst_pad_chain_data_unchecked:<queue2:sink> called chainfunction &gst_queue_chain with buffer 0xf3c0f3d0, returned ok
05-10 00:33:36.821  5448  5521 D GStreamer+structure: 0:00:31.261156811 0xf37ecd20 gststructure.c:2367:gst_structure_parse_value trying type name 'string'
05-10 00:33:36.821  5448  5521 D GStreamer+structure: 0:00:31.261190301 0xf37ecd20 gststructure.c:2316:gst_structure_parse_field trying field name 'profile'
05-10 00:33:36.821  5448  5522 D GStreamer+qtdemux: 0:00:31.261197072 0xf37ecd80 qtdemux.c:7675:qtdemux_parse_samples:<q> parsing up to sample 38
05-10 00:33:36.821  5448  5521 D GStreamer+structure: 0:00:31.261218999 0xf37ecd20 gststructure.c:2367:gst_structure_parse_value trying type name 'string'
05-10 00:33:36.821  5448  5522 D GStreamer+qtdemux: 0:00:31.261245717 0xf37ecd80 qtdemux.c:7882:qtdemux_parse_samples:<q> sample 38: index 38, timestamp 0:00:00.912000000
05-10 00:33:36.821  5448  5521 D GStreamer+GST_ELEMENT_FACTORY: 0:00:31.261255874 0xf37ecd20 gstelementfactory.c:848:gst_element_factory_list_filter Trying amcviddec-omxgooglehevcdecoder
05-10 00:33:36.821  5448  5522 D GStreamer+qtdemux: 0:00:31.261278374 0xf37ecd80 qtdemux.c:7982:qtdemux_parse_samples:<q> setting all keyframes
05-10 00:33:36.821  5448  5521 D GStreamer+structure: 0:00:31.261290092 0xf37ecd20 gststructure.c:2316:gst_structure_parse_field trying field name 'width'
05-10 00:33:36.821  5448  5521 D GStreamer+structure: 0:00:31.261322280 0xf37ecd20 gststructure.c:2367:gst_structure_parse_value trying type name 'int'
05-10 00:33:36.821  5448  5522 D GStreamer+qtdemux: 0:00:31.261344832 0xf37ecd80 qtdemux.c:5197:gst_qtdemux_loop_state_movie:<q> pushing from stream 0, empty 0 offset 1280385, size 40495, dts=0:00:00.596666666, pts=0:00:00.596666666, duration 0:00:00.019666667
05-10 00:33:36.821  5448  5521 D GStreamer+structure: 0:00:31.261360509 0xf37ecd20 gststructure.c:2316:gst_structure_parse_field trying field name 'height'
05-10 00:33:36.821  5448  5521 D GStreamer+structure: 0:00:31.261390249 0xf37ecd20 gststructure.c:2367:gst_structure_parse_value trying type name 'int'
05-10 00:33:36.821  5448  5522 D GStreamer+basesrc: 0:00:31.261400613 0xf37ecd80 gstbasesrc.c:2355:gst_base_src_update_length:<filesrc0> reading offset 1280385, length 40495, size 15003960, segment.stop -1, maxsize 15003960
05-10 00:33:36.821  5448  5521 D GStreamer+structure: 0:00:31.261422384 0xf37ecd20 gststructure.c:2316:gst_structure_parse_field trying field name 'framerate'
05-10 00:33:36.821  5448  5522 D GStreamer+basesrc: 0:00:31.261439572 0xf37ecd80 gstbasesrc.c:2456:gst_base_src_get_range:<filesrc0> calling create offset 1280385 length 40495, time 0
05-10 00:33:36.821  5448  5521 D GStreamer+structure: 0:00:31.261459051 0xf37ecd20 gststructure.c:2367:gst_structure_parse_value trying type name 'fraction'
05-10 00:33:36.821  5448  5520 D GStreamer+h264parse: 0:00:31.261494363 0xf37eccc0 gsth264parse.c:375:gst_h264_parse_negotiate:<h264parse0> negotiating with caps: video/x-h264, width=(int)[ 16, 4096 ], height=(int)[ 16, 4096 ], framerate=(fraction)[ 0/1, 2147483647/1 ], parsed=(boolean)true, stream-format=(string)byte-stream, alignment=(string)au, profile=(string)high
05-10 00:33:36.821  5448  5522 D GStreamer+GST_MEMORY: 0:00:31.261512332 0xf37ecd80 gstmemory.c:138:gst_memory_init new memory 0xf3c3a788, maxsize:40498 offset:0 size:40495
05-10 00:33:36.821  5448  5520 D GStreamer+h264parse: 0:00:31.261554780 0xf37eccc0 gsth264parse.c:328:gst_h264_parse_format_from_caps parsing caps: video/x-h264, width=(int)16, height=(int)16, framerate=(fraction)0/1, parsed=(boolean)true, stream-format=(string)byte-stream, alignment=(string)au, profile=(string)high
05-10 00:33:36.821  5448  5520 D GStreamer+h264parse: 0:00:31.261594936 0xf37eccc0 gsth264parse.c:406:gst_h264_parse_negotiate:<h264parse0> selected format byte-stream, alignment au
05-10 00:33:36.821  5448  5520 D GStreamer+baseparse: 0:00:31.261632540 0xf37eccc0 gstbaseparse.c:1484:gst_base_parse_sink_event_default:<h264parse0> event handled
05-10 00:33:36.821  5448  5520 D GStreamer+GST_PADS: 0:00:31.261670717 0xf37eccc0 gstpad.c:5569:gst_pad_send_event_unchecked:<h264parse0:sink> sent event, ret ok
05-10 00:33:36.821  5448  5520 D GStreamer+GST_PADS: 0:00:31.261707020 0xf37eccc0 gstpad.c:5053:store_sticky_event:<h264parse0:sink> notify caps
05-10 00:33:36.821  5448  5520 D GStreamer+GST_PADS: 0:00:31.261754988 0xf37eccc0 gstpad.c:3765:push_sticky:<queue0:src> event caps marked received
05-10 00:33:36.821  5448  5522 D GStreamer+basesrc: 0:00:31.261786134 0xf37ecd80 gstbasesrc.c:2310:gst_base_src_do_sync:<filesrc0> we have no clock
05-10 00:33:36.821  5448  5522 D GStreamer+basesrc: 0:00:31.261830040 0xf37ecd80 gstbasesrc.c:2520:gst_base_src_get_range:<filesrc0> buffer ok
05-10 00:33:36.821  5448  5520 D GStreamer+queue: 0:00:31.261849884 0xf37eccc0 gstqueue.c:561:apply_segment:<queue0> configured SEGMENT time segment start=0:00:00.000000000, offset=0:00:00.000000000, stop=0:00:00.311000000, rate=1.000000, applied_rate=1.000000, flags=0x00, time=0:00:00.000000000, base=0:00:00.000000000, position 0:00:00.000000000, duration 99:99:99.999999999
05-10 00:33:36.821  5448  5520 D GStreamer+GST_PADS: 0:00:31.261899103 0xf37eccc0 gstpad.c:3813:check_sticky:<queue0:src> pushing all sticky events
05-10 00:33:36.821  5448  5522 D GStreamer+GST_SCHEDULING: 0:00:31.261917957 0xf37ecd80 gstpad.c:4153:gst_pad_chain_data_unchecked:<queue0:sink> calling chainfunction &gst_queue_chain with buffer buffer: 0xf3c0f470, pts 0:00:00.596666666, dts 0:00:00.596666666, dur 0:00:00.019666667, size 40495, offset none, offset_end none, flags 0x0
05-10 00:33:36.821  5448  5520 D GStreamer+GST_PADS: 0:00:31.261943426 0xf37eccc0 gstpad.c:3745:push_sticky:<queue0:src> event stream-start was already received
05-10 00:33:36.821  5448  5522 D GStreamer+GST_SCHEDULING: 0:00:31.261973270 0xf37ecd80 gstpad.c:4159:gst_pad_chain_data_unchecked:<queue0:sink> called chainfunction &gst_queue_chain with buffer 0xf3c0f470, returned ok
05-10 00:33:36.821  5448  5520 D GStreamer+GST_PADS: 0:00:31.261996603 0xf37eccc0 gstpad.c:3745:push_sticky:<queue0:src> event caps was already received
05-10 00:33:36.821  5448  5522 D GStreamer+qtdemux: 0:00:31.262022436 0xf37ecd80 qtdemux.c:7675:qtdemux_parse_samples:<q> parsing up to sample 30
05-10 00:33:36.822  5448  5522 D GStreamer+qtdemux: 0:00:31.262076655 0xf37ecd80 qtdemux.c:7882:qtdemux_parse_samples:<q> sample 30: index 0, timestamp 0:00:00.616333333
05-10 00:33:36.822  5448  5522 D GStreamer+qtdemux: 0:00:31.262132957 0xf37ecd80 qtdemux.c:7937:qtdemux_parse_samples:<q> samples at 30 is keyframe
05-10 00:33:36.822  5448  5520 D GStreamer+GST_EVENT: 0:00:31.262191499 0xf37eccc0 gstpad.c:5496:gst_pad_send_event_unchecked:<h264parse0:sink> have event type segment event: 0xf3944a40, time 99:99:99.999999999, seq-num 106, GstEventSegment, segment=(GstSegment)"GstSegment, flags=(GstSegmentFlags)GST_SEGMENT_FLAG_NONE, rate=(double)1, applied-rate=(double)1, format=(GstFormat)GST_FORMAT_TIME, base=(guint64)0, offset=(guint64)0, start=(guint64)0, stop=(guint64)311000000, time=(guint64)0, position=(guint64)0, duration=(guint64)18446744073709551615;";
05-10 00:33:36.822  5448  5522 D GStreamer+qtdemux: 0:00:31.262212280 0xf37ecd80 qtdemux.c:5197:gst_qtdemux_loop_state_movie:<q> pushing from stream 1, empty 0 offset 1361903, size 144, dts=0:00:00.912000000, pts=0:00:00.912000000, duration 0:00:00.024000000
05-10 00:33:36.822  5448  5520 D GStreamer+baseparse: 0:00:31.262240040 0xf37eccc0 gstbaseparse.c:1174:gst_base_parse_sink_event_default:<h264parse0> handling event 17934, segment
05-10 00:33:36.822  5448  5522 D GStreamer+basesrc: 0:00:31.262272384 0xf37ecd80 gstbasesrc.c:2355:gst_base_src_update_length:<filesrc0> reading offset 1361903, length 144, size 15003960, segment.stop -1, maxsize 15003960
05-10 00:33:36.822  5448  5522 D GStreamer+basesrc: 0:00:31.262316186 0xf37ecd80 gstbasesrc.c:2456:gst_base_src_get_range:<filesrc0> calling create offset 1361903 length 144, time 0
05-10 00:33:36.822  5448  5520 D GStreamer+baseparse: 0:00:31.262333374 0xf37eccc0 gstbaseparse.c:1206:gst_base_parse_sink_event_default:<h264parse0> segment time segment start=0:00:00.000000000, offset=0:00:00.000000000, stop=0:00:00.311000000, rate=1.000000, applied_rate=1.000000, flags=0x00, time=0:00:00.000000000, base=0:00:00.000000000, position 0:00:00.000000000, duration 99:99:99.999999999
05-10 00:33:36.822  5448  5522 D GStreamer+GST_MEMORY: 0:00:31.262362957 0xf37ecd80 gstmemory.c:138:gst_memory_init new memory 0xf3bc3598, maxsize:147 offset:0 size:144
05-10 00:33:36.822  5448  5521 D GStreamer+structure: 0:00:31.262400509 0xf37ecd20 gststructure.c:2316:gst_structure_parse_field trying field name 'parsed'
05-10 00:33:36.822  5448  5522 D GStreamer+basesrc: 0:00:31.262418999 0xf37ecd80 gstbasesrc.c:2310:gst_base_src_do_sync:<filesrc0> we have no clock
05-10 00:33:36.822  5448  5521 D GStreamer+structure: 0:00:31.262437592 0xf37ecd20 gststructure.c:2367:gst_structure_parse_value trying type name 'boolean'
05-10 00:33:36.822  5448  5522 D GStreamer+basesrc: 0:00:31.262456915 0xf37ecd80 gstbasesrc.c:2520:gst_base_src_get_range:<filesrc0> buffer ok
05-10 00:33:36.822  5448  5521 D GStreamer+structure: 0:00:31.262466863 0xf37ecd20 gststructure.c:2316:gst_structure_parse_field trying field name 'stream-format'
05-10 00:33:36.822  5448  5521 D GStreamer+structure: 0:00:31.262496447 0xf37ecd20 gststructure.c:2367:gst_structure_parse_value trying type name 'string'
05-10 00:33:36.822  5448  5522 D GStreamer+GST_SCHEDULING: 0:00:31.262536915 0xf37ecd80 gstpad.c:4153:gst_pad_chain_data_unchecked:<queue2:sink> calling chainfunction &gst_queue_chain with buffer buffer: 0xf3c0f510, pts 0:00:00.912000000, dts 0:00:00.912000000, dur 0:00:00.024000000, size 144, offset none, offset_end none, flags 0x0
05-10 00:33:36.822  5448  5521 D GStreamer+structure: 0:00:31.262555405 0xf37ecd20 gststructure.c:2316:gst_structure_parse_field trying field name 'alignment'
05-10 00:33:36.822  5448  5522 D GStreamer+GST_SCHEDULING: 0:00:31.262609988 0xf37ecd80 gstpad.c:4159:gst_pad_chain_data_unchecked:<queue2:sink> called chainfunction &gst_queue_chain with buffer 0xf3c0f510, returned ok
05-10 00:33:36.822  5448  5521 D GStreamer+structure: 0:00:31.262623895 0xf37ecd20 gststructure.c:2367:gst_structure_parse_value trying type name 'string'
05-10 00:33:36.822  5448  5520 D GStreamer+baseparse: 0:00:31.262602228 0xf37eccc0 gstbaseparse.c:1296:gst_base_parse_sink_event_default:<h264parse0> draining current segment
05-10 00:33:36.822  5448  5522 D GStreamer+qtdemux: 0:00:31.262653270 0xf37ecd80 qtdemux.c:7675:qtdemux_parse_samples:<q> parsing up to sample 39
05-10 00:33:36.822  5448  5520 D GStreamer+baseparse: 0:00:31.262682332 0xf37eccc0 gstbaseparse.c:2677:gst_base_parse_drain:<h264parse0> draining
05-10 00:33:36.822  5448  5522 D GStreamer+qtdemux: 0:00:31.262699832 0xf37ecd80 qtdemux.c:7882:qtdemux_parse_samples:<q> sample 39: index 39, timestamp 0:00:00.936000000
05-10 00:33:36.822  5448  5520 D GStreamer+baseparse: 0:00:31.262722749 0xf37eccc0 gstbaseparse.c:1484:gst_base_parse_sink_event_default:<h264parse0> event handled
05-10 00:33:36.822  5448  5522 D GStreamer+qtdemux: 0:00:31.262742020 0xf37ecd80 qtdemux.c:7982:qtdemux_parse_samples:<q> setting all keyframes
05-10 00:33:36.822  5448  5520 D GStreamer+GST_PADS: 0:00:31.262767488 0xf37eccc0 gstpad.c:5569:gst_pad_send_event_unchecked:<h264parse0:sink> sent event, ret ok
05-10 00:33:36.822  5448  5522 D GStreamer+qtdemux: 0:00:31.262817488 0xf37ecd80 qtdemux.c:5197:gst_qtdemux_loop_state_movie:<q> pushing from stream 0, empty 0 offset 1321024, size 40879, dts=0:00:00.616333333, pts=0:00:00.616333333, duration 0:00:00.020000000
05-10 00:33:36.822  5448  5521 D GStreamer+structure: 0:00:31.262846186 0xf37ecd20 gststructure.c:2316:gst_structure_parse_field trying field name 'profile'
05-10 00:33:36.822  5448  5522 D GStreamer+basesrc: 0:00:31.262869155 0xf37ecd80 gstbasesrc.c:2355:gst_base_src_update_length:<filesrc0> reading offset 1321024, length 40879, size 15003960, segment.stop -1, maxsize 15003960
05-10 00:33:36.822  5448  5521 D GStreamer+structure: 0:00:31.262886342 0xf37ecd20 gststructure.c:2367:gst_structure_parse_value trying type name 'string'
05-10 00:33:36.822  5448  5522 D GStreamer+basesrc: 0:00:31.262915561 0xf37ecd80 gstbasesrc.c:2456:gst_base_src_get_range:<filesrc0> calling create offset 1321024 length 40879, time 0
05-10 00:33:36.822  5448  5521 D GStreamer+GST_ELEMENT_FACTORY: 0:00:31.263000509 0xf37ecd20 gstelementfactory.c:848:gst_element_factory_list_filter Trying amcviddec-omxgooglempeg4decoder
05-10 00:33:36.822  5448  5522 D GStreamer+GST_MEMORY: 0:00:31.263017592 0xf37ecd80 gstmemory.c:138:gst_memory_init new memory 0xf3c44610, maxsize:40882 offset:0 size:40879
05-10 00:33:36.822  5448  5521 D GStreamer+structure: 0:00:31.263042592 0xf37ecd20 gststructure.c:2316:gst_structure_parse_field trying field name 'width'
05-10 00:33:36.823  5448  5521 D GStreamer+structure: 0:00:31.263073426 0xf37ecd20 gststructure.c:2367:gst_structure_parse_value trying type name 'int'
05-10 00:33:36.823  5448  5521 D GStreamer+structure: 0:00:31.263207176 0xf37ecd20 gststructure.c:2316:gst_structure_parse_field trying field name 'height'
05-10 00:33:36.823  5448  5522 D GStreamer+basesrc: 0:00:31.263225301 0xf37ecd80 gstbasesrc.c:2310:gst_base_src_do_sync:<filesrc0> we have no clock
05-10 00:33:36.823  5448  5521 D GStreamer+structure: 0:00:31.263245509 0xf37ecd20 gststructure.c:2367:gst_structure_parse_value trying type name 'int'
05-10 00:33:36.823  5448  5522 D GStreamer+basesrc: 0:00:31.263264207 0xf37ecd80 gstbasesrc.c:2520:gst_base_src_get_range:<filesrc0> buffer ok
05-10 00:33:36.823  5448  5521 D GStreamer+structure: 0:00:31.263289051 0xf37ecd20 gststructure.c:2316:gst_structure_parse_field trying field name 'framerate'
05-10 00:33:36.823  5448  5521 D GStreamer+structure: 0:00:31.263321655 0xf37ecd20 gststructure.c:2367:gst_structure_parse_value trying type name 'fraction'
05-10 00:33:36.823  5448  5522 D GStreamer+GST_SCHEDULING: 0:00:31.263344624 0xf37ecd80 gstpad.c:4153:gst_pad_chain_data_unchecked:<queue0:sink> calling chainfunction &gst_queue_chain with buffer buffer: 0xf3c0f5b0, pts 0:00:00.616333333, dts 0:00:00.616333333, dur 0:00:00.020000000, size 40879, offset none, offset_end none, flags 0x0
05-10 00:33:36.823  5448  5521 D GStreamer+structure: 0:00:31.263366499 0xf37ecd20 gststructure.c:2316:gst_structure_parse_field trying field name 'mpegversion'
05-10 00:33:36.823  5448  5522 D GStreamer+GST_SCHEDULING: 0:00:31.263396395 0xf37ecd80 gstpad.c:4159:gst_pad_chain_data_unchecked:<queue0:sink> called chainfunction &gst_queue_chain with buffer 0xf3c0f5b0, returned ok
05-10 00:33:36.823  5448  5520 D GStreamer+GST_PADS: 0:00:31.263399415 0xf37eccc0 gstpad.c:3765:push_sticky:<queue0:src> event segment marked received
05-10 00:33:36.823  5448  5521 D GStreamer+structure: 0:00:31.263461082 0xf37ecd20 gststructure.c:2367:gst_structure_parse_value trying type name 'int'
05-10 00:33:36.823  5448  5522 D GStreamer+qtdemux: 0:00:31.263467905 0xf37ecd80 qtdemux.c:7675:qtdemux_parse_samples:<q> parsing up to sample 31
05-10 00:33:36.823  5448  5521 D GStreamer+structure: 0:00:31.263494207 0xf37ecd20 gststructure.c:2316:gst_structure_parse_field trying field name 'systemstream'
05-10 00:33:36.823  5448  5522 D GStreamer+qtdemux: 0:00:31.263521915 0xf37ecd80 qtdemux.c:7882:qtdemux_parse_samples:<q> sample 31: index 1, timestamp 0:00:00.636333333
05-10 00:33:36.823  5448  5521 D GStreamer+structure: 0:00:31.263535717 0xf37ecd20 gststructure.c:2367:gst_structure_parse_value trying type name 'boolean'
05-10 00:33:36.823  5448  5520 D GStreamer+GST_PADS: 0:00:31.263576395 0xf37eccc0 gstpad.c:3813:check_sticky:<queue0:src> pushing all sticky events
05-10 00:33:36.823  5448  5522 D GStreamer+qtdemux: 0:00:31.263582697 0xf37ecd80 qtdemux.c:7937:qtdemux_parse_samples:<q> samples at 31 is keyframe
05-10 00:33:36.823  5448  5520 D GStreamer+GST_PADS: 0:00:31.263615717 0xf37eccc0 gstpad.c:3745:push_sticky:<queue0:src> event stream-start was already received
05-10 00:33:36.823  5448  5521 D GStreamer+structure: 0:00:31.263666395 0xf37ecd20 gststructure.c:2316:gst_structure_parse_field trying field name 'parsed'
05-10 00:33:36.823  5448  5522 D GStreamer+qtdemux: 0:00:31.263672905 0xf37ecd80 qtdemux.c:5197:gst_qtdemux_loop_state_movie:<q> pushing from stream 1, empty 0 offset 1402868, size 144, dts=0:00:00.936000000, pts=0:00:00.936000000, duration 0:00:00.024000000
05-10 00:33:36.823  5448  5521 D GStreamer+structure: 0:00:31.263695665 0xf37ecd20 gststructure.c:2367:gst_structure_parse_value trying type name 'boolean'
05-10 00:33:36.823  5448  5520 D GStreamer+GST_PADS: 0:00:31.263738947 0xf37eccc0 gstpad.c:3745:push_sticky:<queue0:src> event caps was already received
05-10 00:33:36.823  5448  5522 D GStreamer+basesrc: 0:00:31.263745665 0xf37ecd80 gstbasesrc.c:2355:gst_base_src_update_length:<filesrc0> reading offset 1402868, length 144, size 15003960, segment.stop -1, maxsize 15003960
05-10 00:33:36.823  5448  5520 D GStreamer+GST_PADS: 0:00:31.263782124 0xf37eccc0 gstpad.c:3745:push_sticky:<queue0:src> event segment was already received
05-10 00:33:36.823  5448  5522 D GStreamer+basesrc: 0:00:31.263791551 0xf37ecd80 gstbasesrc.c:2456:gst_base_src_get_range:<filesrc0> calling create offset 1402868 length 144, time 0
05-10 00:33:36.823  5448  5522 D GStreamer+GST_MEMORY: 0:00:31.263832540 0xf37ecd80 gstmemory.c:138:gst_memory_init new memory 0xf3bc3680, maxsize:147 offset:0 size:144
05-10 00:33:36.823  5448  5520 D GStreamer+GST_EVENT: 0:00:31.263868322 0xf37eccc0 gstpad.c:5496:gst_pad_send_event_unchecked:<h264parse0:sink> have event type tag event: 0xf3944a88, time 99:99:99.999999999, seq-num 107, GstTagList-stream, taglist=(taglist)"taglist\,\ video-codec\=\(string\)\"H.264\\\ /\\\ AVC\"\,\ bitrate\=\(uint\)16613441\,\ language-code\=\(string\)en\;";
05-10 00:33:36.823  5448  5522 D GStreamer+basesrc: 0:00:31.263880874 0xf37ecd80 gstbasesrc.c:2310:gst_base_src_do_sync:<filesrc0> we have no clock
05-10 00:33:36.823  5448  5522 D GStreamer+basesrc: 0:00:31.263919572 0xf37ecd80 gstbasesrc.c:2520:gst_base_src_get_range:<filesrc0> buffer ok
05-10 00:33:36.823  5448  5520 D GStreamer+baseparse: 0:00:31.263940040 0xf37eccc0 gstbaseparse.c:1174:gst_base_parse_sink_event_default:<h264parse0> handling event 20510, tag
05-10 00:33:36.823  5448  5522 D GStreamer+GST_SCHEDULING: 0:00:31.264000457 0xf37ecd80 gstpad.c:4153:gst_pad_chain_data_unchecked:<queue2:sink> calling chainfunction &gst_queue_chain with buffer buffer: 0xf3c0f650, pts 0:00:00.936000000, dts 0:00:00.936000000, dur 0:00:00.024000000, size 144, offset none, offset_end none, flags 0x0
05-10 00:33:36.823  5448  5520 I GStreamer+baseparse: 0:00:31.264020301 0xf37eccc0 gstbaseparse.c:4718:gst_base_parse_set_upstream_tags:<h264parse0> upstream tags: taglist, video-codec=(string)"H.264\ /\ AVC", bitrate=(uint)16613441, language-code=(string)en;
05-10 00:33:36.824  5448  5522 D GStreamer+GST_SCHEDULING: 0:00:31.264047124 0xf37ecd80 gstpad.c:4159:gst_pad_chain_data_unchecked:<queue2:sink> called chainfunction &gst_queue_chain with buffer 0xf3c0f650, returned ok
05-10 00:33:36.824  5448  5520 D GStreamer+baseparse: 0:00:31.264086186 0xf37eccc0 gstbaseparse.c:944:gst_base_parse_queue_tag_event_update:<h264parse0> merged   : taglist, video-codec=(string)"H.264\ /\ AVC", bitrate=(uint)16613441, language-code=(string)en;
05-10 00:33:36.824  5448  5522 D GStreamer+qtdemux: 0:00:31.264103999 0xf37ecd80 qtdemux.c:7675:qtdemux_parse_samples:<q> parsing up to sample 40
05-10 00:33:36.824  5448  5520 D GStreamer+GST_EVENT: 0:00:31.264143790 0xf37eccc0 gstevent.c:302:gst_event_new_custom creating new event 0xf39db230 tag 20510
05-10 00:33:36.824  5448  5522 D GStreamer+qtdemux: 0:00:31.264163582 0xf37ecd80 qtdemux.c:7882:qtdemux_parse_samples:<q> sample 40: index 40, timestamp 0:00:00.960000000
05-10 00:33:36.824  5448  5520 D GStreamer+baseparse: 0:00:31.264183322 0xf37eccc0 gstbaseparse.c:1484:gst_base_parse_sink_event_default:<h264parse0> event handled
05-10 00:33:36.824  5448  5522 D GStreamer+qtdemux: 0:00:31.264206499 0xf37ecd80 qtdemux.c:7982:qtdemux_parse_samples:<q> setting all keyframes
05-10 00:33:36.824  5448  5520 D GStreamer+GST_PADS: 0:00:31.264230717 0xf37eccc0 gstpad.c:5569:gst_pad_send_event_unchecked:<h264parse0:sink> sent event, ret ok
05-10 00:33:36.824  5448  5520 D GStreamer+GST_PADS: 0:00:31.264275665 0xf37eccc0 gstpad.c:3765:push_sticky:<queue0:src> event tag marked received
05-10 00:33:36.824  5448  5522 D GStreamer+qtdemux: 0:00:31.264293165 0xf37ecd80 qtdemux.c:5197:gst_qtdemux_loop_state_movie:<q> pushing from stream 0, empty 0 offset 1362047, size 40821, dts=0:00:00.636333333, pts=0:00:00.636333333, duration 0:00:00.020000000
05-10 00:33:36.824  5448  5520 D GStreamer+GST_PADS: 0:00:31.264318999 0xf37eccc0 gstpad.c:3813:check_sticky:<queue0:src> pushing all sticky events
05-10 00:33:36.824  5448  5521 D GStreamer+structure: 0:00:31.264367957 0xf37ecd20 gststructure.c:2316:gst_structure_parse_field trying field name 'profile'
05-10 00:33:36.824  5448  5522 D GStreamer+basesrc: 0:00:31.264374624 0xf37ecd80 gstbasesrc.c:2355:gst_base_src_update_length:<filesrc0> reading offset 1362047, length 40821, size 15003960, segment.stop -1, maxsize 15003960
05-10 00:33:36.824  5448  5521 D GStreamer+structure: 0:00:31.264398790 0xf37ecd20 gststructure.c:2367:gst_structure_parse_value trying type name 'string'
05-10 00:33:36.824  5448  5522 D GStreamer+basesrc: 0:00:31.264417540 0xf37ecd80 gstbasesrc.c:2456:gst_base_src_get_range:<filesrc0> calling create offset 1362047 length 40821, time 0
05-10 00:33:36.824  5448  5521 D GStreamer+structure: 0:00:31.264436863 0xf37ecd20 gststructure.c:2316:gst_structure_parse_field trying field name 'width'
05-10 00:33:36.824  5448  5522 D GStreamer+GST_MEMORY: 0:00:31.264475874 0xf37ecd80 gstmemory.c:138:gst_memory_init new memory 0xf3c4e618, maxsize:40824 offset:0 size:40821
05-10 00:33:36.824  5448  5521 D GStreamer+structure: 0:00:31.264492124 0xf37ecd20 gststructure.c:2367:gst_structure_parse_value trying type name 'int'
05-10 00:33:36.824  5448  5521 D GStreamer+structure: 0:00:31.264527124 0xf37ecd20 gststructure.c:2316:gst_structure_parse_field trying field name 'height'
05-10 00:33:36.824  5448  5521 D GStreamer+structure: 0:00:31.264566186 0xf37ecd20 gststructure.c:2367:gst_structure_parse_value trying type name 'int'
05-10 00:33:36.824  5448  5522 D GStreamer+basesrc: 0:00:31.264573009 0xf37ecd80 gstbasesrc.c:2310:gst_base_src_do_sync:<filesrc0> we have no clock
05-10 00:33:36.824  5448  5521 D GStreamer+structure: 0:00:31.264601863 0xf37ecd20 gststructure.c:2316:gst_structure_parse_field trying field name 'framerate'
05-10 00:33:36.824  5448  5522 D GStreamer+basesrc: 0:00:31.264618322 0xf37ecd80 gstbasesrc.c:2520:gst_base_src_get_range:<filesrc0> buffer ok
05-10 00:33:36.824  5448  5521 D GStreamer+structure: 0:00:31.264635145 0xf37ecd20 gststructure.c:2367:gst_structure_parse_value trying type name 'fraction'
05-10 00:33:36.824  5448  5521 D GStreamer+structure: 0:00:31.264681863 0xf37ecd20 gststructure.c:2316:gst_structure_parse_field trying field name 'divxversion'
05-10 00:33:36.824  5448  5522 D GStreamer+GST_SCHEDULING: 0:00:31.264701967 0xf37ecd80 gstpad.c:4153:gst_pad_chain_data_unchecked:<queue0:sink> calling chainfunction &gst_queue_chain with buffer buffer: 0xf3c0f6f0, pts 0:00:00.636333333, dts 0:00:00.636333333, dur 0:00:00.020000000, size 40821, offset none, offset_end none, flags 0x0
05-10 00:33:36.824  5448  5521 D GStreamer+structure: 0:00:31.264713478 0xf37ecd20 gststructure.c:2367:gst_structure_parse_value trying type name 'int'
05-10 00:33:36.824  5448  5521 D GStreamer+structure: 0:00:31.264750613 0xf37ecd20 gststructure.c:2316:gst_structure_parse_field trying field name 'parsed'
05-10 00:33:36.824  5448  5522 D GStreamer+GST_SCHEDULING: 0:00:31.264768582 0xf37ecd80 gstpad.c:4159:gst_pad_chain_data_unchecked:<queue0:sink> called chainfunction &gst_queue_chain with buffer 0xf3c0f6f0, returned ok
05-10 00:33:36.824  5448  5521 D GStreamer+structure: 0:00:31.264788009 0xf37ecd20 gststructure.c:2367:gst_structure_parse_value trying type name 'boolean'
05-10 00:33:36.824  5448  5522 D GStreamer+qtdemux: 0:00:31.264816707 0xf37ecd80 qtdemux.c:7675:qtdemux_parse_samples:<q> parsing up to sample 32
05-10 00:33:36.824  5448  5520 D GStreamer+GST_PADS: 0:00:31.264819051 0xf37eccc0 gstpad.c:3745:push_sticky:<queue0:src> event stream-start was already received
05-10 00:33:36.824  5448  5520 D GStreamer+GST_PADS: 0:00:31.264871290 0xf37eccc0 gstpad.c:3745:push_sticky:<queue0:src> event caps was already received
05-10 00:33:36.824  5448  5522 D GStreamer+qtdemux: 0:00:31.264889103 0xf37ecd80 qtdemux.c:7882:qtdemux_parse_samples:<q> sample 32: index 2, timestamp 0:00:00.656333333
05-10 00:33:36.824  5448  5520 D GStreamer+GST_PADS: 0:00:31.264913738 0xf37eccc0 gstpad.c:3745:push_sticky:<queue0:src> event segment was already received
05-10 00:33:36.824  5448  5522 D GStreamer+qtdemux: 0:00:31.264936967 0xf37ecd80 qtdemux.c:7937:qtdemux_parse_samples:<q> samples at 32 is keyframe
05-10 00:33:36.824  5448  5520 D GStreamer+GST_PADS: 0:00:31.264959728 0xf37eccc0 gstpad.c:3745:push_sticky:<queue0:src> event tag was already received
05-10 00:33:36.824  5448  5522 D GStreamer+qtdemux: 0:00:31.265004415 0xf37ecd80 qtdemux.c:5197:gst_qtdemux_loop_state_movie:<q> pushing from stream 1, empty 0 offset 1443707, size 144, dts=0:00:00.960000000, pts=0:00:00.960000000, duration 0:00:00.024000000
05-10 00:33:36.825  5448  5520 D GStreamer+GST_EVENT: 0:00:31.265063217 0xf37eccc0 gstpad.c:5496:gst_pad_send_event_unchecked:<h264parse0:sink> have event type tag event: 0xf3944ad0, time 99:99:99.999999999, seq-num 108, GstTagList-global, taglist=(taglist)"taglist\,\ datetime\=\(datetime\)2016-05-10T02:46:01Z\,\ container-format\=\(string\)\"ISO\\\ MP4/M4A\"\;";
05-10 00:33:36.825  5448  5522 D GStreamer+basesrc: 0:00:31.265079520 0xf37ecd80 gstbasesrc.c:2355:gst_base_src_update_length:<filesrc0> reading offset 1443707, length 144, size 15003960, segment.stop -1, maxsize 15003960
05-10 00:33:36.825  5448  5520 D GStreamer+baseparse: 0:00:31.265105509 0xf37eccc0 gstbaseparse.c:1174:gst_base_parse_sink_event_default:<h264parse0> handling event 20510, tag
05-10 00:33:36.825  5448  5522 D GStreamer+basesrc: 0:00:31.265131863 0xf37ecd80 gstbasesrc.c:2456:gst_base_src_get_range:<filesrc0> calling create offset 1443707 length 144, time 0
05-10 00:33:36.825  5448  5520 D GStreamer+baseparse: 0:00:31.265155249 0xf37eccc0 gstbaseparse.c:1484:gst_base_parse_sink_event_default:<h264parse0> event handled
05-10 00:33:36.825  5448  5522 D GStreamer+GST_MEMORY: 0:00:31.265172905 0xf37ecd80 gstmemory.c:138:gst_memory_init new memory 0xf3c1a808, maxsize:147 offset:0 size:144
05-10 00:33:36.825  5448  5520 D GStreamer+GST_PADS: 0:00:31.265195509 0xf37eccc0 gstpad.c:5569:gst_pad_send_event_unchecked:<h264parse0:sink> sent event, ret ok
05-10 00:33:36.825  5448  5520 D GStreamer+GST_PADS: 0:00:31.265232801 0xf37eccc0 gstpad.c:3765:push_sticky:<queue0:src> event tag marked received
05-10 00:33:36.825  5448  5520 D GStreamer+GST_EVENT: 0:00:31.265303113 0xf37eccc0 gstpad.c:5496:gst_pad_send_event_unchecked:<h264parse0:sink> have event type gap event: 0xf3944b18, time 99:99:99.999999999, seq-num 110, GstEventGap, timestamp=(guint64)0, duration=(guint64)311000000;
05-10 00:33:36.825  5448  5520 D GStreamer+baseparse: 0:00:31.265344728 0xf37eccc0 gstbaseparse.c:1174:gst_base_parse_sink_event_default:<h264parse0> handling event 40966, gap
05-10 00:33:36.825  5448  5520 D GStreamer+baseparse: 0:00:31.265377749 0xf37eccc0 gstbaseparse.c:1400:gst_base_parse_sink_event_default:<h264parse0> draining current data due to gap event
05-10 00:33:36.825  5448  5522 D GStreamer+basesrc: 0:00:31.265419363 0xf37ecd80 gstbasesrc.c:2310:gst_base_src_do_sync:<filesrc0> we have no clock
05-10 00:33:36.825  5448  5521 D GStreamer+GST_ELEMENT_FACTORY: 0:00:31.265454676 0xf37ecd20 gstelementfactory.c:848:gst_element_factory_list_filter Trying amcviddec-omxgooglevp8decoder
05-10 00:33:36.825  5448  5522 D GStreamer+basesrc: 0:00:31.265471290 0xf37ecd80 gstbasesrc.c:2520:gst_base_src_get_range:<filesrc0> buffer ok
05-10 00:33:36.825  5448  5521 D GStreamer+structure: 0:00:31.265494780 0xf37ecd20 gststructure.c:2316:gst_structure_parse_field trying field name 'width'
05-10 00:33:36.825  5448  5521 D GStreamer+structure: 0:00:31.265530561 0xf37ecd20 gststructure.c:2367:gst_structure_parse_value trying type name 'int'
05-10 00:33:36.825  5448  5522 D GStreamer+GST_SCHEDULING: 0:00:31.265553270 0xf37ecd80 gstpad.c:4153:gst_pad_chain_data_unchecked:<queue2:sink> calling chainfunction &gst_queue_chain with buffer buffer: 0xf3c1b020, pts 0:00:00.960000000, dts 0:00:00.960000000, dur 0:00:00.024000000, size 144, offset none, offset_end none, flags 0x0
05-10 00:33:36.825  5448  5521 D GStreamer+structure: 0:00:31.265568165 0xf37ecd20 gststructure.c:2316:gst_structure_parse_field trying field name 'height'
05-10 00:33:36.825  5448  5521 D GStreamer+structure: 0:00:31.265600301 0xf37ecd20 gststructure.c:2367:gst_structure_parse_value trying type name 'int'
05-10 00:33:36.825  5448  5522 D GStreamer+GST_SCHEDULING: 0:00:31.265617228 0xf37ecd80 gstpad.c:4159:gst_pad_chain_data_unchecked:<queue2:sink> called chainfunction &gst_queue_chain with buffer 0xf3c1b020, returned ok
05-10 00:33:36.825  5448  5521 D GStreamer+structure: 0:00:31.265637436 0xf37ecd20 gststructure.c:2316:gst_structure_parse_field trying field name 'framerate'
05-10 00:33:36.825  5448  5522 D GStreamer+qtdemux: 0:00:31.265664624 0xf37ecd80 qtdemux.c:7675:qtdemux_parse_samples:<q> parsing up to sample 41
05-10 00:33:36.825  5448  5521 D GStreamer+structure: 0:00:31.265683999 0xf37ecd20 gststructure.c:2367:gst_structure_parse_value trying type name 'fraction'
05-10 00:33:36.825  5448  5522 D GStreamer+qtdemux: 0:00:31.265711290 0xf37ecd80 qtdemux.c:7882:qtdemux_parse_samples:<q> sample 41: index 41, timestamp 0:00:00.984000000
05-10 00:33:36.825  5448  5521 D GStreamer+GST_ELEMENT_FACTORY: 0:00:31.265729936 0xf37ecd20 gstelementfactory.c:848:gst_element_factory_list_filter Trying amcviddec-omxgooglevp9decoder
05-10 00:33:36.825  5448  5522 D GStreamer+qtdemux: 0:00:31.265750457 0xf37ecd80 qtdemux.c:7982:qtdemux_parse_samples:<q> setting all keyframes
05-10 00:33:36.825  5448  5521 D GStreamer+GST_ELEMENT_FACTORY: 0:00:31.265767384 0xf37ecd20 gstelementfactory.c:848:gst_element_factory_list_filter Trying auparse
05-10 00:33:36.825  5448  5521 D GStreamer+GST_ELEMENT_FACTORY: 0:00:31.265799103 0xf37ecd20 gstelementfactory.c:848:gst_element_factory_list_filter Trying ivorbisdec
05-10 00:33:36.825  5448  5522 D GStreamer+qtdemux: 0:00:31.265815197 0xf37ecd80 qtdemux.c:5197:gst_qtdemux_loop_state_movie:<q> pushing from stream 0, empty 0 offset 1403012, size 40695, dts=0:00:00.656333333, pts=0:00:00.656333333, duration 0:00:00.020000000
05-10 00:33:36.825  5448  5521 D GStreamer+GST_ELEMENT_FACTORY: 0:00:31.265835613 0xf37ecd20 gstelementfactory.c:848:gst_element_factory_list_filter Trying rtpL16depay
05-10 00:33:36.825  5448  5522 D GStreamer+basesrc: 0:00:31.265869207 0xf37ecd80 gstbasesrc.c:2355:gst_base_src_update_length:<filesrc0> reading offset 1403012, length 40695, size 15003960, segment.stop -1, maxsize 15003960
05-10 00:33:36.825  5448  5521 D GStreamer+structure: 0:00:31.265883426 0xf37ecd20 gststructure.c:2316:gst_structure_parse_field trying field name 'media'
05-10 00:33:36.825  5448  5522 D GStreamer+basesrc: 0:00:31.265909363 0xf37ecd80 gstbasesrc.c:2456:gst_base_src_get_range:<filesrc0> calling create offset 1403012 length 40695, time 0
05-10 00:33:36.825  5448  5521 D GStreamer+structure: 0:00:31.265920509 0xf37ecd20 gststructure.c:2367:gst_structure_parse_value trying type name 'string'
05-10 00:33:36.825  5448  5521 D GStreamer+structure: 0:00:31.265979832 0xf37ecd20 gststructure.c:2316:gst_structure_parse_field trying field name 'clock-rate'
05-10 00:33:36.825  5448  5522 D GStreamer+GST_MEMORY: 0:00:31.265996707 0xf37ecd80 gstmemory.c:138:gst_memory_init new memory 0xf3c585e8, maxsize:40698 offset:0 size:40695
05-10 00:33:36.825  5448  5521 D GStreamer+structure: 0:00:31.266013634 0xf37ecd20 gststructure.c:2367:gst_structure_parse_value trying type name 'int'
05-10 00:33:36.825  5448  5521 D GStreamer+structure: 0:00:31.266046134 0xf37ecd20 gststructure.c:2316:gst_structure_parse_field trying field name 'encoding-name'
05-10 00:33:36.826  5448  5521 D GStreamer+structure: 0:00:31.266079780 0xf37ecd20 gststructure.c:2367:gst_structure_parse_value trying type name 'string'
05-10 00:33:36.826  5448  5522 D GStreamer+basesrc: 0:00:31.266097697 0xf37ecd80 gstbasesrc.c:2310:gst_base_src_do_sync:<filesrc0> we have no clock
05-10 00:33:36.826  5448  5521 D GStreamer+structure: 0:00:31.266126395 0xf37ecd20 gststructure.c:2316:gst_structure_parse_field trying field name 'media'
05-10 00:33:36.826  5448  5522 D GStreamer+basesrc: 0:00:31.266145353 0xf37ecd80 gstbasesrc.c:2520:gst_base_src_get_range:<filesrc0> buffer ok
05-10 00:33:36.826  5448  5521 D GStreamer+structure: 0:00:31.266159207 0xf37ecd20 gststructure.c:2367:gst_structure_parse_value trying type name 'string'
05-10 00:33:36.826  5448  5521 D GStreamer+structure: 0:00:31.266197020 0xf37ecd20 gststructure.c:2316:gst_structure_parse_field trying field name 'payload'
05-10 00:33:36.826  5448  5520 D GStreamer+GST_CAPS: 0:00:31.265939311 0xf37eccc0 gstpad.c:2621:gst_pad_has_current_caps:<h264parse0:src> check current pad caps (NULL)
05-10 00:33:36.826  5448  5522 D GStreamer+GST_SCHEDULING: 0:00:31.266232384 0xf37ecd80 gstpad.c:4153:gst_pad_chain_data_unchecked:<queue0:sink> calling chainfunction &gst_queue_chain with buffer buffer: 0xf3c1b0c0, pts 0:00:00.656333333, dts 0:00:00.656333333, dur 0:00:00.020000000, size 40695, offset none, offset_end none, flags 0x0
05-10 00:33:36.826  5448  5522 D GStreamer+GST_SCHEDULING: 0:00:31.266283217 0xf37ecd80 gstpad.c:4159:gst_pad_chain_data_unchecked:<queue0:sink> called chainfunction &gst_queue_chain with buffer 0xf3c1b0c0, returned ok
05-10 00:33:36.826  5448  5520 D GStreamer+GST_CAPS: 0:00:31.266302592 0xf37eccc0 gstutils.c:2884:gst_pad_peer_query_caps:<h264parse0:src> get pad peer caps with filter video/x-h264, parsed=(boolean)true, stream-format=(string){ avc, avc3, byte-stream }, alignment=(string){ au, nal }
05-10 00:33:36.826  5448  5522 D GStreamer+qtdemux: 0:00:31.266329207 0xf37ecd80 qtdemux.c:7675:qtdemux_parse_samples:<q> parsing up to sample 33
05-10 00:33:36.826  5448  5520 D GStreamer+query: 0:00:31.266353686 0xf37eccc0 gstquery.c:674:gst_query_new_custom creating new query 0xf39ff200 caps
05-10 00:33:36.826  5448  5522 D GStreamer+qtdemux: 0:00:31.266381290 0xf37ecd80 qtdemux.c:7882:qtdemux_parse_samples:<q> sample 33: index 0, timestamp 0:00:00.676333333
05-10 00:33:36.826  5448  5520 D GStreamer+GST_PADS: 0:00:31.266390092 0xf37eccc0 gstpad.c:4009:gst_pad_peer_query:<h264parse0:src> peer query 0xf39ff200 (caps)
05-10 00:33:36.826  5448  5522 D GStreamer+qtdemux: 0:00:31.266416655 0xf37ecd80 qtdemux.c:7937:qtdemux_parse_samples:<q> samples at 33 is keyframe
05-10 00:33:36.826  5448  5520 D GStreamer+GST_PADS: 0:00:31.266436290 0xf37eccc0 gstpad.c:3882:gst_pad_query:<amcvideodec-omxnvidiah264decode0:sink> doing query 0xf39ff200 (caps)
05-10 00:33:36.826  5448  5520 D GStreamer+videodecoder: 0:00:31.266486863 0xf37eccc0 gstvideodecoder.c:1963:gst_video_decoder_sink_query:<amcvideodec-omxnvidiah264decode0> received query 43523, caps
05-10 00:33:36.826  5448  5522 D GStreamer+qtdemux: 0:00:31.266504155 0xf37ecd80 qtdemux.c:5197:gst_qtdemux_loop_state_movie:<q> pushing from stream 1, empty 0 offset 1484847, size 144, dts=0:00:00.984000000, pts=0:00:00.984000000, duration 0:00:00.024000000
05-10 00:33:36.826  5448  5520 D GStreamer+GST_CAPS: 0:00:31.266553895 0xf37eccc0 gstutils.c:2884:gst_pad_peer_query_caps:<amcvideodec-omxnvidiah264decode0:src> get pad peer caps with filter video/x-raw(memory:GLMemory); video/x-raw
05-10 00:33:36.826  5448  5522 D GStreamer+basesrc: 0:00:31.266571551 0xf37ecd80 gstbasesrc.c:2355:gst_base_src_update_length:<filesrc0> reading offset 1484847, length 144, size 15003960, segment.stop -1, maxsize 15003960
05-10 00:33:36.826  5448  5520 D GStreamer+query: 0:00:31.266594207 0xf37eccc0 gstquery.c:674:gst_query_new_custom creating new query 0xf39ff380 caps
05-10 00:33:36.826  5448  5522 D GStreamer+basesrc: 0:00:31.266615092 0xf37ecd80 gstbasesrc.c:2456:gst_base_src_get_range:<filesrc0> calling create offset 1484847 length 144, time 0
05-10 00:33:36.826  5448  5520 D GStreamer+GST_PADS: 0:00:31.266634624 0xf37eccc0 gstpad.c:4009:gst_pad_peer_query:<amcvideodec-omxnvidiah264decode0:src> peer query 0xf39ff380 (caps)
05-10 00:33:36.826  5448  5522 D GStreamer+GST_MEMORY: 0:00:31.266663426 0xf37ecd80 gstmemory.c:138:gst_memory_init new memory 0xf3c1a8f0, maxsize:147 offset:0 size:144
05-10 00:33:36.826  5448  5520 D GStreamer+GST_PADS: 0:00:31.266680561 0xf37eccc0 gstpad.c:3882:gst_pad_query:<queue1:sink> doing query 0xf39ff380 (caps)
