05-10 00:33:36.826  5448  5522 D GStreamer+basesrc: 0:00:31.266701655 0xf37ecd80 gstbasesrc.c:2310:gst_base_src_do_sync:<filesrc0> we have no clock
05-10 00:33:36.826  5448  5522 D GStreamer+basesrc: 0:00:31.266750822 0xf37ecd80 gstbasesrc.c:2520:gst_base_src_get_range:<filesrc0> buffer ok
05-10 00:33:36.826  5448  5521 D GStreamer+structure: 0:00:31.266782072 0xf37ecd20 gststructure.c:2367:gst_structure_parse_value trying type name 'int'
05-10 00:33:36.826  5448  5522 D GStreamer+GST_SCHEDULING: 0:00:31.266830665 0xf37ecd80 gstpad.c:4153:gst_pad_chain_data_unchecked:<queue2:sink> calling chainfunction &gst_queue_chain with buffer buffer: 0xf3c1b160, pts 0:00:00.984000000, dts 0:00:00.984000000, dur 0:00:00.024000000, size 144, offset none, offset_end none, flags 0x0
05-10 00:33:36.826  5448  5521 D GStreamer+structure: 0:00:31.266848738 0xf37ecd20 gststructure.c:2316:gst_structure_parse_field trying field name 'clock-rate'
05-10 00:33:36.826  5448  5522 D GStreamer+GST_SCHEDULING: 0:00:31.266893686 0xf37ecd80 gstpad.c:4159:gst_pad_chain_data_unchecked:<queue2:sink> called chainfunction &gst_queue_chain with buffer 0xf3c1b160, returned ok
05-10 00:33:36.826  5448  5521 D GStreamer+structure: 0:00:31.266907592 0xf37ecd20 gststructure.c:2367:gst_structure_parse_value trying type name 'int'
05-10 00:33:36.826  5448  5522 D GStreamer+qtdemux: 0:00:31.266937749 0xf37ecd80 qtdemux.c:7675:qtdemux_parse_samples:<q> parsing up to sample 42
05-10 00:33:36.826  5448  5521 D GStreamer+GST_ELEMENT_FACTORY: 0:00:31.266951395 0xf37ecd20 gstelementfactory.c:848:gst_element_factory_list_filter Trying rtpL24depay
05-10 00:33:36.826  5448  5522 D GStreamer+qtdemux: 0:00:31.266985770 0xf37ecd80 qtdemux.c:7882:qtdemux_parse_samples:<q> sample 42: index 42, timestamp 0:00:01.008000000
05-10 00:33:36.826  5448  5521 D GStreamer+structure: 0:00:31.266999520 0xf37ecd20 gststructure.c:2316:gst_structure_parse_field trying field name 'media'
05-10 00:33:36.826  5448  5522 D GStreamer+qtdemux: 0:00:31.267017957 0xf37ecd80 qtdemux.c:7982:qtdemux_parse_samples:<q> setting all keyframes
05-10 00:33:36.826  5448  5521 D GStreamer+structure: 0:00:31.267030457 0xf37ecd20 gststructure.c:2367:gst_structure_parse_value trying type name 'string'
05-10 00:33:36.827  5448  5521 D GStreamer+structure: 0:00:31.267065665 0xf37ecd20 gststructure.c:2316:gst_structure_parse_field trying field name 'clock-rate'
05-10 00:33:36.827  5448  5522 D GStreamer+qtdemux: 0:00:31.267087645 0xf37ecd80 qtdemux.c:5197:gst_qtdemux_loop_state_movie:<q> pushing from stream 0, empty 0 offset 1443851, size 40996, dts=0:00:00.676333333, pts=0:00:00.676333333, duration 0:00:00.019666667
05-10 00:33:36.827  5448  5521 D GStreamer+structure: 0:00:31.267097592 0xf37ecd20 gststructure.c:2367:gst_structure_parse_value trying type name 'int'
05-10 00:33:36.827  5448  5521 D GStreamer+structure: 0:00:31.267142801 0xf37ecd20 gststructure.c:2316:gst_structure_parse_field trying field name 'encoding-name'
05-10 00:33:36.827  5448  5522 D GStreamer+basesrc: 0:00:31.267160145 0xf37ecd80 gstbasesrc.c:2355:gst_base_src_update_length:<filesrc0> reading offset 1443851, length 40996, size 15003960, segment.stop -1, maxsize 15003960
05-10 00:33:36.827  5448  5521 D GStreamer+structure: 0:00:31.267177905 0xf37ecd20 gststructure.c:2367:gst_structure_parse_value trying type name 'string'
05-10 00:33:36.827  5448  5520 D GStreamer+GST_CAPS: 0:00:31.266885874 0xf37eccc0 gstpad.c:3088:gst_pad_query_caps_default:<queue1:sink> query caps caps query: 0xf39ff380, GstQueryCaps, filter=(GstCaps)"video/x-raw\(memory:GLMemory\)\;\ video/x-raw", caps=(GstCaps)"NULL";
05-10 00:33:36.827  5448  5522 D GStreamer+basesrc: 0:00:31.267211238 0xf37ecd80 gstbasesrc.c:2456:gst_base_src_get_range:<filesrc0> calling create offset 1443851 length 40996, time 0
05-10 00:33:36.827  5448  5520 D GStreamer+GST_PADS: 0:00:31.267237905 0xf37eccc0 gstutils.c:2599:gst_pad_proxy_query_caps:<queue1:sink> proxying caps query for queue1:sink
05-10 00:33:36.827  5448  5522 D GStreamer+GST_MEMORY: 0:00:31.267266395 0xf37ecd80 gstmemory.c:138:gst_memory_init new memory 0xf3c62538, maxsize:40999 offset:0 size:40996
05-10 00:33:36.827  5448  5520 D GStreamer+GST_PADS: 0:00:31.267287592 0xf37eccc0 gstpad.c:2803:gst_pad_iterate_internal_links_default:<queue1:sink> Making iterator
05-10 00:33:36.827  5448  5520 D GStreamer+GST_PADS: 0:00:31.267330197 0xf37eccc0 gstpad.c:4009:gst_pad_peer_query:<queue1:src> peer query 0xf39ff380 (caps)
05-10 00:33:36.827  5448  5522 D GStreamer+basesrc: 0:00:31.267350040 0xf37ecd80 gstbasesrc.c:2310:gst_base_src_do_sync:<filesrc0> we have no clock
05-10 00:33:36.827  5448  5520 D GStreamer+GST_PADS: 0:00:31.267379155 0xf37eccc0 gstpad.c:3882:gst_pad_query:<forhalffps:sink> doing query 0xf39ff380 (caps)
05-10 00:33:36.827  5448  5522 D GStreamer+basesrc: 0:00:31.267396863 0xf37ecd80 gstbasesrc.c:2520:gst_base_src_get_range:<filesrc0> buffer ok
05-10 00:33:36.827  5448  5520 D GStreamer+GST_PADS: 0:00:31.267421707 0xf37eccc0 gstpad.c:3650:do_probe_callbacks:<forhalffps:sink> data is passed
05-10 00:33:36.827  5448  5520 D GStreamer+basetransform: 0:00:31.267470770 0xf37eccc0 gstbasetransform.c:704:gst_base_transform_query_caps:<forhalffps:sink> filter caps  video/x-raw(memory:GLMemory); video/x-raw
05-10 00:33:36.827  5448  5522 D GStreamer+GST_SCHEDULING: 0:00:31.267488790 0xf37ecd80 gstpad.c:4153:gst_pad_chain_data_unchecked:<queue0:sink> calling chainfunction &gst_queue_chain with buffer buffer: 0xf3c1b200, pts 0:00:00.676333333, dts 0:00:00.676333333, dur 0:00:00.019666667, size 40996, offset none, offset_end none, flags 0x0
05-10 00:33:36.827  5448  5520 D GStreamer+basetransform: 0:00:31.267520457 0xf37eccc0 gstbasetransform.c:707:gst_base_transform_query_caps:<forhalffps:sink> our template  ANY
05-10 00:33:36.827  5448  5522 D GStreamer+GST_SCHEDULING: 0:00:31.267548686 0xf37ecd80 gstpad.c:4159:gst_pad_chain_data_unchecked:<queue0:sink> called chainfunction &gst_queue_chain with buffer 0xf3c1b200, returned ok
05-10 00:33:36.827  5448  5520 D GStreamer+basetransform: 0:00:31.267563790 0xf37eccc0 gstbasetransform.c:709:gst_base_transform_query_caps:<forhalffps:sink> intersected video/x-raw(memory:GLMemory); video/x-raw
05-10 00:33:36.827  5448  5522 D GStreamer+qtdemux: 0:00:31.267594624 0xf37ecd80 qtdemux.c:7675:qtdemux_parse_samples:<q> parsing up to sample 34
05-10 00:33:36.827  5448  5521 D GStreamer+GST_ELEMENT_FACTORY: 0:00:31.267607384 0xf37ecd20 gstelementfactory.c:848:gst_element_factory_list_filter Trying rtpac3depay
05-10 00:33:36.827  5448  5522 D GStreamer+qtdemux: 0:00:31.267644363 0xf37ecd80 qtdemux.c:7882:qtdemux_parse_samples:<q> sample 34: index 0, timestamp 0:00:00.696000000
05-10 00:33:36.827  5448  5521 D GStreamer+structure: 0:00:31.267661915 0xf37ecd20 gststructure.c:2316:gst_structure_parse_field trying field name 'media'
05-10 00:33:36.827  5448  5522 D GStreamer+qtdemux: 0:00:31.267681811 0xf37ecd80 qtdemux.c:7937:qtdemux_parse_samples:<q> samples at 34 is keyframe
05-10 00:33:36.827  5448  5521 D GStreamer+structure: 0:00:31.267703478 0xf37ecd20 gststructure.c:2367:gst_structure_parse_value trying type name 'string'
05-10 00:33:36.827  5448  5521 D GStreamer+structure: 0:00:31.267737645 0xf37ecd20 gststructure.c:2316:gst_structure_parse_field trying field name 'clock-rate'
05-10 00:33:36.827  5448  5522 D GStreamer+qtdemux: 0:00:31.267755770 0xf37ecd80 qtdemux.c:5197:gst_qtdemux_loop_state_movie:<q> pushing from stream 0, empty 0 offset 1484991, size 41200, dts=0:00:00.696000000, pts=0:00:00.696000000, duration 0:00:00.020000000
05-10 00:33:36.827  5448  5521 D GStreamer+structure: 0:00:31.267769363 0xf37ecd20 gststructure.c:2367:gst_structure_parse_value trying type name 'int'
05-10 00:33:36.827  5448  5522 D GStreamer+basesrc: 0:00:31.267807697 0xf37ecd80 gstbasesrc.c:2355:gst_base_src_update_length:<filesrc0> reading offset 1484991, length 41200, size 15003960, segment.stop -1, maxsize 15003960
05-10 00:33:36.827  5448  5521 D GStreamer+structure: 0:00:31.267826342 0xf37ecd20 gststructure.c:2316:gst_structure_parse_field trying field name 'encoding-name'
05-10 00:33:36.827  5448  5522 D GStreamer+basesrc: 0:00:31.267848947 0xf37ecd80 gstbasesrc.c:2456:gst_base_src_get_range:<filesrc0> calling create offset 1484991 length 41200, time 0
05-10 00:33:36.827  5448  5521 D GStreamer+structure: 0:00:31.267861395 0xf37ecd20 gststructure.c:2367:gst_structure_parse_value trying type name 'string'
05-10 00:33:36.827  5448  5522 D GStreamer+GST_MEMORY: 0:00:31.267905040 0xf37ecd80 gstmemory.c:138:gst_memory_init new memory 0xf3c6c5b8, maxsize:41203 offset:0 size:41200
05-10 00:33:36.827  5448  5521 D GStreamer+GST_ELEMENT_FACTORY: 0:00:31.267923322 0xf37ecd20 gstelementfactory.c:848:gst_element_factory_list_filter Trying rtpamrdepay
05-10 00:33:36.827  5448  5521 D GStreamer+structure: 0:00:31.267966290 0xf37ecd20 gststructure.c:2316:gst_structure_parse_field trying field name 'media'
05-10 00:33:36.827  5448  5522 D GStreamer+basesrc: 0:00:31.267983217 0xf37ecd80 gstbasesrc.c:2310:gst_base_src_do_sync:<filesrc0> we have no clock
05-10 00:33:36.827  5448  5521 D GStreamer+structure: 0:00:31.268001186 0xf37ecd20 gststructure.c:2367:gst_structure_parse_value trying type name 'string'
05-10 00:33:36.827  5448  5522 D GStreamer+basesrc: 0:00:31.268021499 0xf37ecd80 gstbasesrc.c:2520:gst_base_src_get_range:<filesrc0> buffer ok
05-10 00:33:36.827  5448  5521 D GStreamer+structure: 0:00:31.268032540 0xf37ecd20 gststructure.c:2316:gst_structure_parse_field trying field name 'clock-rate'
05-10 00:33:36.828  5448  5521 D GStreamer+structure: 0:00:31.268064780 0xf37ecd20 gststructure.c:2367:gst_structure_parse_value trying type name 'int'
05-10 00:33:36.828  5448  5522 D GStreamer+GST_SCHEDULING: 0:00:31.268109051 0xf37ecd80 gstpad.c:4153:gst_pad_chain_data_unchecked:<queue0:sink> calling chainfunction &gst_queue_chain with buffer buffer: 0xf3c1b2a0, pts 0:00:00.696000000, dts 0:00:00.696000000, dur 0:00:00.020000000, size 41200, offset none, offset_end none, flags 0x0
05-10 00:33:36.828  5448  5521 D GStreamer+structure: 0:00:31.268137749 0xf37ecd20 gststructure.c:2316:gst_structure_parse_field trying field name 'encoding-name'
05-10 00:33:36.828  5448  5520 D GStreamer+basetransform: 0:00:31.268180405 0xf37eccc0 gstbasetransform.c:533:gst_base_transform_transform_caps:<forhalffps> transform caps (direction = 2)
05-10 00:33:36.828  5448  5522 D GStreamer+GST_SCHEDULING: 0:00:31.268187332 0xf37ecd80 gstpad.c:4159:gst_pad_chain_data_unchecked:<queue0:sink> called chainfunction &gst_queue_chain with buffer 0xf3c1b2a0, returned ok
05-10 00:33:36.828  5448  5520 D GStreamer+basetransform: 0:00:31.268222697 0xf37eccc0 gstbasetransform.c:504:gst_base_transform_default_transform_caps:<forhalffps> identity from: video/x-raw(memory:GLMemory); video/x-raw
05-10 00:33:36.828  5448  5522 D GStreamer+qtdemux: 0:00:31.268239467 0xf37ecd80 qtdemux.c:7675:qtdemux_parse_samples:<q> parsing up to sample 35
05-10 00:33:36.828  5448  5520 D GStreamer+basetransform: 0:00:31.268264780 0xf37eccc0 gstbasetransform.c:560:gst_base_transform_transform_caps:<forhalffps> to: video/x-raw(memory:GLMemory); video/x-raw
05-10 00:33:36.828  5448  5522 D GStreamer+qtdemux: 0:00:31.268294676 0xf37ecd80 qtdemux.c:7882:qtdemux_parse_samples:<q> sample 35: index 0, timestamp 0:00:00.716000000
05-10 00:33:36.828  5448  5520 D GStreamer+basetransform: 0:00:31.268313374 0xf37eccc0 gstbasetransform.c:714:gst_base_transform_query_caps:<forhalffps:sink> transformed  video/x-raw(memory:GLMemory); video/x-raw
05-10 00:33:36.828  5448  5522 D GStreamer+qtdemux: 0:00:31.268334624 0xf37ecd80 qtdemux.c:7937:qtdemux_parse_samples:<q> samples at 35 is keyframe
05-10 00:33:36.828  5448  5520 D GStreamer+basetransform: 0:00:31.268353738 0xf37eccc0 gstbasetransform.c:719:gst_base_transform_query_caps:<forhalffps:sink> our template  ANY
05-10 00:33:36.828  5448  5522 D GStreamer+qtdemux: 0:00:31.268405301 0xf37ecd80 qtdemux.c:5197:gst_qtdemux_loop_state_movie:<q> pushing from stream 1, empty 0 offset 1567387, size 144, dts=0:00:01.008000000, pts=0:00:01.008000000, duration 0:00:00.024000000
05-10 00:33:36.828  5448  5521 D GStreamer+structure: 0:00:31.268439259 0xf37ecd20 gststructure.c:2367:gst_structure_parse_value trying type name 'string'
05-10 00:33:36.828  5448  5522 D GStreamer+basesrc: 0:00:31.268452592 0xf37ecd80 gstbasesrc.c:2355:gst_base_src_update_length:<filesrc0> reading offset 1567387, length 144, size 15003960, segment.stop -1, maxsize 15003960
05-10 00:33:36.828  5448  5521 D GStreamer+structure: 0:00:31.268474311 0xf37ecd20 gststructure.c:2316:gst_structure_parse_field trying field name 'octet-align'
05-10 00:33:36.828  5448  5522 D GStreamer+basesrc: 0:00:31.268490926 0xf37ecd80 gstbasesrc.c:2456:gst_base_src_get_range:<filesrc0> calling create offset 1567387 length 144, time 0
05-10 00:33:36.828  5448  5521 D GStreamer+structure: 0:00:31.268508217 0xf37ecd20 gststructure.c:2367:gst_structure_parse_value trying type name 'string'
05-10 00:33:36.828  5448  5520 D GStreamer+basetransform: 0:00:31.268543061 0xf37eccc0 gstbasetransform.c:724:gst_base_transform_query_caps:<forhalffps:sink> intersected video/x-raw(memory:GLMemory); video/x-raw
05-10 00:33:36.828  5448  5522 D GStreamer+GST_MEMORY: 0:00:31.268566134 0xf37ecd80 gstmemory.c:138:gst_memory_init new memory 0xf3c1a9d8, maxsize:147 offset:0 size:144
05-10 00:33:36.828  5448  5520 D GStreamer+basetransform: 0:00:31.268589415 0xf37eccc0 gstbasetransform.c:730:gst_base_transform_query_caps:<forhalffps:sink> peer filter caps video/x-raw(memory:GLMemory); video/x-raw
05-10 00:33:36.828  5448  5522 D GStreamer+basesrc: 0:00:31.268605822 0xf37ecd80 gstbasesrc.c:2310:gst_base_src_do_sync:<filesrc0> we have no clock
05-10 00:33:36.828  5448  5520 D GStreamer+GST_CAPS: 0:00:31.268637957 0xf37eccc0 gstutils.c:2884:gst_pad_peer_query_caps:<forhalffps:src> get pad peer caps with filter video/x-raw(memory:GLMemory); video/x-raw
05-10 00:33:36.828  5448  5522 D GStreamer+basesrc: 0:00:31.268655457 0xf37ecd80 gstbasesrc.c:2520:gst_base_src_get_range:<filesrc0> buffer ok
05-10 00:33:36.828  5448  5520 D GStreamer+query: 0:00:31.268678270 0xf37eccc0 gstquery.c:674:gst_query_new_custom creating new query 0xf3a25780 caps
05-10 00:33:36.828  5448  5520 D GStreamer+GST_PADS: 0:00:31.268725092 0xf37eccc0 gstpad.c:4009:gst_pad_peer_query:<forhalffps:src> peer query 0xf3a25780 (caps)
05-10 00:33:36.828  5448  5522 D GStreamer+GST_SCHEDULING: 0:00:31.268735040 0xf37ecd80 gstpad.c:4153:gst_pad_chain_data_unchecked:<queue2:sink> calling chainfunction &gst_queue_chain with buffer buffer: 0xf3c1b340, pts 0:00:01.008000000, dts 0:00:01.008000000, dur 0:00:00.024000000, size 144, offset none, offset_end none, flags 0x0
05-10 00:33:36.828  5448  5520 D GStreamer+GST_PADS: 0:00:31.268767749 0xf37eccc0 gstpad.c:3882:gst_pad_query:<glimagesinkbin0:sink> doing query 0xf3a25780 (caps)
05-10 00:33:36.828  5448  5522 D GStreamer+queue_dataflow: 0:00:31.268785092 0xf37ecd80 gstqueue.c:1196:gst_queue_chain_buffer_or_list:<queue2> queue is full, waiting for free space
05-10 00:33:36.828  5448  5520 D GStreamer+GST_CAPS: 0:00:31.268828582 0xf37eccc0 gstpad.c:3088:gst_pad_query_caps_default:<glimagesinkbin0:sink> query caps caps query: 0xf3a25780, GstQueryCaps, filter=(GstCaps)"video/x-raw\(memory:GLMemory\)\;\ video/x-raw", caps=(GstCaps)"NULL";
05-10 00:33:36.828  5448  5520 D GStreamer+GST_PADS: 0:00:31.268866967 0xf37eccc0 gstutils.c:2599:gst_pad_proxy_query_caps:<glimagesinkbin0:sink> proxying caps query for glimagesinkbin0:sink
05-10 00:33:36.828  5448  5520 D GStreamer+GST_PADS: 0:00:31.268909467 0xf37eccc0 gstpad.c:4009:gst_pad_peer_query:<sink:proxypad0> peer query 0xf3a25780 (caps)
05-10 00:33:36.828  5448  5520 D GStreamer+GST_PADS: 0:00:31.268948426 0xf37eccc0 gstpad.c:3882:gst_pad_query:<gluploadelement0:sink> doing query 0xf3a25780 (caps)
05-10 00:33:36.828  5448  5520 D GStreamer+basetransform: 0:00:31.268990040 0xf37eccc0 gstbasetransform.c:704:gst_base_transform_query_caps:<gluploadelement0:sink> filter caps  video/x-raw(memory:GLMemory); video/x-raw
05-10 00:33:36.829  5448  5521 D GStreamer+structure: 0:00:31.269162176 0xf37ecd20 gststructure.c:2316:gst_structure_parse_field trying field name 'media'
05-10 00:33:36.829  5448  5521 D GStreamer+structure: 0:00:31.269199884 0xf37ecd20 gststructure.c:2367:gst_structure_parse_value trying type name 'string'
05-10 00:33:36.829  5448  5521 D GStreamer+structure: 0:00:31.269240249 0xf37ecd20 gststructure.c:2316:gst_structure_parse_field trying field name 'clock-rate'
05-10 00:33:36.829  5448  5521 D GStreamer+structure: 0:00:31.269276603 0xf37ecd20 gststructure.c:2367:gst_structure_parse_value trying type name 'int'
05-10 00:33:36.829  5448  5521 D GStreamer+structure: 0:00:31.269322488 0xf37ecd20 gststructure.c:2316:gst_structure_parse_field trying field name 'encoding-name'
05-10 00:33:36.829  5448  5520 D GStreamer+basetransform: 0:00:31.269365509 0xf37eccc0 gstbasetransform.c:707:gst_base_transform_query_caps:<gluploadelement0:sink> our template  video/x-raw(memory:GLMemory, meta:GstVideoOverlayComposition), format=(string){ RGBA, BGRA, RGBx, BGRx, ARGB, ABGR, xRGB, xBGR, RGB, BGR, RGB16, BGR16, AYUV, I420, YV12, NV12, NV21, YUY2, UYVY, Y41B, Y42B, Y444, GRAY8, GRAY16_LE, GRAY16_BE }, width=(int)[ 1, 2147483647 ], height=(int)[ 1, 2147483647 ], framerate=(fraction)[ 0/1, 2147483647/1 ]; video/x-raw(memory:EGLImage, meta:GstVideoOverlayComposition), format=(string)RGBA, width=(int)[ 1, 2147483647 ], height=(int)[ 1, 2147483647 ], framerate=(fraction)[ 0/1, 2147483647/1 ]; video/x-raw(meta:GstVideoGLTextureUploadMeta, meta:GstVideoOverlayComposition), format=(string)RGBA, width=(int)[ 1, 2147483647 ], height=(int)[ 1, 2147483647 ], framerate=(fraction)[ 0/1, 2147483647/1 ]; video/x-raw(memory:SystemMemory, meta:GstVideoOverlayComposition), format=(string){ RGBA, BGRA, RGBx, BGRx, ARGB, ABGR, xRGB, xBGR, RGB, BGR, RGB16, BGR16, AYUV, I
05-10 00:33:36.829  5448  5521 D GStreamer+structure: 0:00:31.269382176 0xf37ecd20 gststructure.c:2367:gst_structure_parse_value trying type name 'string'
05-10 00:33:36.829  5448  5521 D GStreamer+structure: 0:00:31.269420613 0xf37ecd20 gststructure.c:2316:gst_structure_parse_field trying field name 'octet-align'
05-10 00:33:36.829  5448  5521 D GStreamer+structure: 0:00:31.269459155 0xf37ecd20 gststructure.c:2367:gst_structure_parse_value trying type name 'string'
05-10 00:33:36.829  5448  5521 D GStreamer+GST_ELEMENT_FACTORY: 0:00:31.269499259 0xf37ecd20 gstelementfactory.c:848:gst_element_factory_list_filter Trying rtpbvdepay
05-10 00:33:36.829  5448  5520 D GStreamer+basetransform: 0:00:31.269570770 0xf37eccc0 gstbasetransform.c:709:gst_base_transform_query_caps:<gluploadelement0:sink> intersected video/x-raw(memory:GLMemory), format=(string){ RGBA, BGRA, RGBx, BGRx, ARGB, ABGR, xRGB, xBGR, RGB, BGR, RGB16, BGR16, AYUV, I420, YV12, NV12, NV21, YUY2, UYVY, Y41B, Y42B, Y444, GRAY8, GRAY16_LE, GRAY16_BE }, width=(int)[ 1, 2147483647 ], height=(int)[ 1, 2147483647 ], framerate=(fraction)[ 0/1, 2147483647/1 ]; video/x-raw, format=(string){ RGBA, BGRA, RGBx, BGRx, ARGB, ABGR, xRGB, xBGR, RGB, BGR, RGB16, BGR16, AYUV, I420, YV12, NV12, NV21, YUY2, UYVY, Y41B, Y42B, Y444, GRAY8, GRAY16_LE, GRAY16_BE }, width=(int)[ 1, 2147483647 ], height=(int)[ 1, 2147483647 ], framerate=(fraction)[ 0/1, 2147483647/1 ]
05-10 00:33:36.829  5448  5521 D GStreamer+structure: 0:00:31.269576707 0xf37ecd20 gststructure.c:2316:gst_structure_parse_field trying field name 'media'
05-10 00:33:36.829  5448  5521 D GStreamer+structure: 0:00:31.269614624 0xf37ecd20 gststructure.c:2367:gst_structure_parse_value trying type name 'string'
05-10 00:33:36.829  5448  5520 D GStreamer+basetransform: 0:00:31.269632540 0xf37eccc0 gstbasetransform.c:533:gst_base_transform_transform_caps:<gluploadelement0> transform caps (direction = 2)
05-10 00:33:36.829  5448  5521 D GStreamer+structure: 0:00:31.269649415 0xf37ecd20 gststructure.c:2316:gst_structure_parse_field trying field name 'clock-rate'
05-10 00:33:36.829  5448  5521 D GStreamer+structure: 0:00:31.269680561 0xf37ecd20 gststructure.c:2367:gst_structure_parse_value trying type name 'int'
05-10 00:33:36.829  5448  5521 D GStreamer+structure: 0:00:31.269726134 0xf37ecd20 gststructure.c:2316:gst_structure_parse_field trying field name 'encoding-name'
05-10 00:33:36.829  5448  5521 D GStreamer+structure: 0:00:31.269760249 0xf37ecd20 gststructure.c:2367:gst_structure_parse_value trying type name 'string'
05-10 00:33:36.829  5448  5520 D GStreamer+GST_PERFORMANCE: 0:00:31.269785301 0xf37eccc0 gstcaps.c:169:_gst_caps_copy:<0xf3935140> doing copy 0xf3935140 -> 0xf3935078
05-10 00:33:36.829  5448  5521 D GStreamer+structure: 0:00:31.269800561 0xf37ecd20 gststructure.c:2316:gst_structure_parse_field trying field name 'media'
05-10 00:33:36.829  5448  5521 D GStreamer+structure: 0:00:31.269833322 0xf37ecd20 gststructure.c:2367:gst_structure_parse_value trying type name 'string'
05-10 00:33:36.829  5448  5521 D GStreamer+structure: 0:00:31.269872072 0xf37ecd20 gststructure.c:2316:gst_structure_parse_field trying field name 'clock-rate'
05-10 00:33:36.829  5448  5521 D GStreamer+structure: 0:00:31.269904988 0xf37ecd20 gststructure.c:2367:gst_structure_parse_value trying type name 'int'
05-10 00:33:36.829  5448  5521 D GStreamer+structure: 0:00:31.269942124 0xf37ecd20 gststructure.c:2316:gst_structure_parse_field trying field name 'encoding-name'
05-10 00:33:36.829  5448  5520 D GStreamer+GST_PERFORMANCE: 0:00:31.269969624 0xf37eccc0 gstcaps.c:169:_gst_caps_copy:<0xf3935078> doing copy 0xf3935078 -> 0xf3935050
05-10 00:33:36.829  5448  5521 D GStreamer+structure: 0:00:31.269986551 0xf37ecd20 gststructure.c:2367:gst_structure_parse_value trying type name 'string'
05-10 00:33:36.829  5448  5521 D GStreamer+GST_ELEMENT_FACTORY: 0:00:31.270026342 0xf37ecd20 gstelementfactory.c:848:gst_element_factory_list_filter Trying rtpceltdepay
05-10 00:33:36.830  5448  5521 D GStreamer+structure: 0:00:31.270066447 0xf37ecd20 gststructure.c:2316:gst_structure_parse_field trying field name 'media'
05-10 00:33:36.830  5448  5521 D GStreamer+structure: 0:00:31.270095874 0xf37ecd20 gststructure.c:2367:gst_structure_parse_value trying type name 'string'
05-10 00:33:36.830  5448  5521 D GStreamer+structure: 0:00:31.270136863 0xf37ecd20 gststructure.c:2316:gst_structure_parse_field trying field name 'clock-rate'
05-10 00:33:36.830  5448  5521 D GStreamer+structure: 0:00:31.270166082 0xf37ecd20 gststructure.c:2367:gst_structure_parse_value trying type name 'int'
05-10 00:33:36.830  5448  5521 D GStreamer+structure: 0:00:31.270201082 0xf37ecd20 gststructure.c:2316:gst_structure_parse_field trying field name 'encoding-name'
05-10 00:33:36.830  5448  5521 D GStreamer+structure: 0:00:31.270229155 0xf37ecd20 gststructure.c:2367:gst_structure_parse_value trying type name 'string'
05-10 00:33:36.830  5448  5521 D GStreamer+GST_ELEMENT_FACTORY: 0:00:31.270263374 0xf37ecd20 gstelementfactory.c:848:gst_element_factory_list_filter Trying rtpdvdepay
05-10 00:33:36.830  5448  5521 D GStreamer+structure: 0:00:31.270299103 0xf37ecd20 gststructure.c:2316:gst_structure_parse_field trying field name 'media'
05-10 00:33:36.830  5448  5521 D GStreamer+structure: 0:00:31.270331499 0xf37ecd20 gststructure.c:2367:gst_structure_parse_value trying type name 'string'
05-10 00:33:36.830  5448  5521 D GStreamer+structure: 0:00:31.270383582 0xf37ecd20 gststructure.c:2316:gst_structure_parse_field trying field name 'encoding-name'
05-10 00:33:36.830  5448  5521 D GStreamer+structure: 0:00:31.270412697 0xf37ecd20 gststructure.c:2367:gst_structure_parse_value trying type name 'string'
05-10 00:33:36.830  5448  5521 D GStreamer+structure: 0:00:31.270442957 0xf37ecd20 gststructure.c:2316:gst_structure_parse_field trying field name 'clock-rate'
05-10 00:33:36.830  5448  5521 D GStreamer+structure: 0:00:31.270472384 0xf37ecd20 gststructure.c:2367:gst_structure_parse_value trying type name 'int'
05-10 00:33:36.830  5448  5521 D GStreamer+structure: 0:00:31.270505926 0xf37ecd20 gststructure.c:2316:gst_structure_parse_field trying field name 'encode'
05-10 00:33:36.830  5448  5521 D GStreamer+structure: 0:00:31.270534780 0xf37ecd20 gststructure.c:2367:gst_structure_parse_value trying type name 'string'
05-10 00:33:36.830  5448  5521 D GStreamer+GST_ELEMENT_FACTORY: 0:00:31.270578582 0xf37ecd20 gstelementfactory.c:848:gst_element_factory_list_filter Trying rtpg722depay
05-10 00:33:36.830  5448  5521 D GStreamer+structure: 0:00:31.270612749 0xf37ecd20 gststructure.c:2316:gst_structure_parse_field trying field name 'media'
05-10 00:33:36.830  5448  5521 D GStreamer+structure: 0:00:31.270645665 0xf37ecd20 gststructure.c:2367:gst_structure_parse_value trying type name 'string'
05-10 00:33:36.830  5448  5521 D GStreamer+structure: 0:00:31.270683738 0xf37ecd20 gststructure.c:2316:gst_structure_parse_field trying field name 'clock-rate'
05-10 00:33:36.830  5448  5521 D GStreamer+structure: 0:00:31.270721030 0xf37ecd20 gststructure.c:2367:gst_structure_parse_value trying type name 'int'
05-10 00:33:36.830  5448  5521 D GStreamer+structure: 0:00:31.270756915 0xf37ecd20 gststructure.c:2316:gst_structure_parse_field trying field name 'encoding-name'
05-10 00:33:36.830  5448  5520 D GStreamer+GST_PERFORMANCE: 0:00:31.270787540 0xf37eccc0 gstcaps.c:169:_gst_caps_copy:<0xf3935140> doing copy 0xf3935140 -> 0xf3935168
05-10 00:33:36.830  5448  5521 D GStreamer+structure: 0:00:31.270804832 0xf37ecd20 gststructure.c:2367:gst_structure_parse_value trying type name 'string'
05-10 00:33:36.830  5448  5521 D GStreamer+structure: 0:00:31.270844363 0xf37ecd20 gststructure.c:2316:gst_structure_parse_field trying field name 'media'
05-10 00:33:36.830  5448  5521 D GStreamer+structure: 0:00:31.270878738 0xf37ecd20 gststructure.c:2367:gst_structure_parse_value trying type name 'string'
05-10 00:33:36.830  5448  5521 D GStreamer+structure: 0:00:31.270918999 0xf37ecd20 gststructure.c:2316:gst_structure_parse_field trying field name 'payload'
05-10 00:33:36.830  5448  5521 D GStreamer+structure: 0:00:31.270953634 0xf37ecd20 gststructure.c:2367:gst_structure_parse_value trying type name 'int'
05-10 00:33:36.830  5448  5520 D GStreamer+GST_PERFORMANCE: 0:00:31.270964832 0xf37eccc0 gstcaps.c:169:_gst_caps_copy:<0xf3935168> doing copy 0xf3935168 -> 0xf39351b8
05-10 00:33:36.830  5448  5521 D GStreamer+structure: 0:00:31.270986967 0xf37ecd20 gststructure.c:2316:gst_structure_parse_field trying field name 'clock-rate'
05-10 00:33:36.830  5448  5521 D GStreamer+structure: 0:00:31.271025770 0xf37ecd20 gststructure.c:2367:gst_structure_parse_value trying type name 'int'
05-10 00:33:36.831  5448  5521 D GStreamer+GST_ELEMENT_FACTORY: 0:00:31.271063113 0xf37ecd20 gstelementfactory.c:848:gst_element_factory_list_filter Trying rtpg723depay
05-10 00:33:36.831  5448  5521 D GStreamer+structure: 0:00:31.271099051 0xf37ecd20 gststructure.c:2316:gst_structure_parse_field trying field name 'media'
05-10 00:33:36.831  5448  5521 D GStreamer+structure: 0:00:31.271136915 0xf37ecd20 gststructure.c:2367:gst_structure_parse_value trying type name 'string'
05-10 00:33:36.831  5448  5521 D GStreamer+structure: 0:00:31.271169051 0xf37ecd20 gststructure.c:2316:gst_structure_parse_field trying field name 'clock-rate'
05-10 00:33:36.831  5448  5521 D GStreamer+structure: 0:00:31.271197020 0xf37ecd20 gststructure.c:2367:gst_structure_parse_value trying type name 'int'
05-10 00:33:36.831  5448  5521 D GStreamer+structure: 0:00:31.271229936 0xf37ecd20 gststructure.c:2316:gst_structure_parse_field trying field name 'encoding-name'
05-10 00:33:36.831  5448  5521 D GStreamer+structure: 0:00:31.271258009 0xf37ecd20 gststructure.c:2367:gst_structure_parse_value trying type name 'string'
05-10 00:33:36.831  5448  5521 D GStreamer+structure: 0:00:31.271289728 0xf37ecd20 gststructure.c:2316:gst_structure_parse_field trying field name 'media'
05-10 00:33:36.831  5448  5521 D GStreamer+structure: 0:00:31.271322592 0xf37ecd20 gststructure.c:2367:gst_structure_parse_value trying type name 'string'
05-10 00:33:36.831  5448  5521 D GStreamer+structure: 0:00:31.271352384 0xf37ecd20 gststructure.c:2316:gst_structure_parse_field trying field name 'payload'
05-10 00:33:36.831  5448  5521 D GStreamer+structure: 0:00:31.271381551 0xf37ecd20 gststructure.c:2367:gst_structure_parse_value trying type name 'int'
05-10 00:33:36.831  5448  5521 D GStreamer+structure: 0:00:31.271413947 0xf37ecd20 gststructure.c:2316:gst_structure_parse_field trying field name 'clock-rate'
05-10 00:33:36.831  5448  5521 D GStreamer+structure: 0:00:31.271441655 0xf37ecd20 gststructure.c:2367:gst_structure_parse_value trying type name 'int'
05-10 00:33:36.831  5448  5521 D GStreamer+GST_ELEMENT_FACTORY: 0:00:31.271473322 0xf37ecd20 gstelementfactory.c:848:gst_element_factory_list_filter Trying rtpg726depay
05-10 00:33:36.831  5448  5521 D GStreamer+structure: 0:00:31.271515405 0xf37ecd20 gststructure.c:2316:gst_structure_parse_field trying field name 'media'
05-10 00:33:36.831  5448  5521 D GStreamer+structure: 0:00:31.271546290 0xf37ecd20 gststructure.c:2367:gst_structure_parse_value trying type name 'string'
05-10 00:33:36.831  5448  5521 D GStreamer+structure: 0:00:31.271578634 0xf37ecd20 gststructure.c:2316:gst_structure_parse_field trying field name 'encoding-name'
05-10 00:33:36.831  5448  5521 D GStreamer+structure: 0:00:31.271615301 0xf37ecd20 gststructure.c:2367:gst_structure_parse_value trying type name 'string'
05-10 00:33:36.831  5448  5521 D GStreamer+structure: 0:00:31.271663582 0xf37ecd20 gststructure.c:2316:gst_structure_parse_field trying field name 'clock-rate'
05-10 00:33:36.831  5448  5521 D GStreamer+structure: 0:00:31.271701134 0xf37ecd20 gststructure.c:2367:gst_structure_parse_value trying type name 'int'
05-10 00:33:36.831  5448  5520 D GStreamer+GST_PERFORMANCE: 0:00:31.271739676 0xf37eccc0 gstcaps.c:169:_gst_caps_copy:<0xf3935140> doing copy 0xf3935140 -> 0xf39ff400
05-10 00:33:36.831  5448  5521 D GStreamer+GST_ELEMENT_FACTORY: 0:00:31.271756290 0xf37ecd20 gstelementfactory.c:848:gst_element_factory_list_filter Trying rtpg729depay
05-10 00:33:36.831  5448  5521 D GStreamer+structure: 0:00:31.271799207 0xf37ecd20 gststructure.c:2316:gst_structure_parse_field trying field name 'media'
05-10 00:33:36.831  5448  5521 D GStreamer+structure: 0:00:31.271832280 0xf37ecd20 gststructure.c:2367:gst_structure_parse_value trying type name 'string'
05-10 00:33:36.831  5448  5521 D GStreamer+structure: 0:00:31.271870978 0xf37ecd20 gststructure.c:2316:gst_structure_parse_field trying field name 'clock-rate'
05-10 00:33:36.831  5448  5521 D GStreamer+structure: 0:00:31.271909520 0xf37ecd20 gststructure.c:2367:gst_structure_parse_value trying type name 'int'
05-10 00:33:36.831  5448  5520 D GStreamer+GST_PERFORMANCE: 0:00:31.271928061 0xf37eccc0 gstcaps.c:169:_gst_caps_copy:<0xf39ff400> doing copy 0xf39ff400 -> 0xf39da850
05-10 00:33:36.831  5448  5521 D GStreamer+structure: 0:00:31.271947592 0xf37ecd20 gststructure.c:2316:gst_structure_parse_field trying field name 'encoding-name'
05-10 00:33:36.831  5448  5521 D GStreamer+structure: 0:00:31.271977020 0xf37ecd20 gststructure.c:2367:gst_structure_parse_value trying type name 'string'
05-10 00:33:36.831  5448  5521 D GStreamer+structure: 0:00:31.272010874 0xf37ecd20 gststructure.c:2316:gst_structure_parse_field trying field name 'media'
05-10 00:33:36.831  5448  5521 D GStreamer+structure: 0:00:31.272040092 0xf37ecd20 gststructure.c:2367:gst_structure_parse_value trying type name 'string'
05-10 00:33:36.832  5448  5521 D GStreamer+structure: 0:00:31.272072645 0xf37ecd20 gststructure.c:2316:gst_structure_parse_field trying field name 'payload'
05-10 00:33:36.832  5448  5521 D GStreamer+structure: 0:00:31.272102176 0xf37ecd20 gststructure.c:2367:gst_structure_parse_value trying type name 'int'
05-10 00:33:36.832  5448  5521 D GStreamer+structure: 0:00:31.272144155 0xf37ecd20 gststructure.c:2316:gst_structure_parse_field trying field name 'clock-rate'
05-10 00:33:36.832  5448  5521 D GStreamer+structure: 0:00:31.272174311 0xf37ecd20 gststructure.c:2367:gst_structure_parse_value trying type name 'int'
05-10 00:33:36.832  5448  5521 D GStreamer+GST_ELEMENT_FACTORY: 0:00:31.272207905 0xf37ecd20 gstelementfactory.c:848:gst_element_factory_list_filter Trying rtpgsmdepay
05-10 00:33:36.832  5448  5521 D GStreamer+structure: 0:00:31.272242228 0xf37ecd20 gststructure.c:2316:gst_structure_parse_field trying field name 'media'
05-10 00:33:36.832  5448  5521 D GStreamer+structure: 0:00:31.272277020 0xf37ecd20 gststructure.c:2367:gst_structure_parse_value trying type name 'string'
05-10 00:33:36.832  5448  5521 D GStreamer+structure: 0:00:31.272306395 0xf37ecd20 gststructure.c:2316:gst_structure_parse_field trying field name 'clock-rate'
05-10 00:33:36.832  5448  5521 D GStreamer+structure: 0:00:31.272337176 0xf37ecd20 gststructure.c:2367:gst_structure_parse_value trying type name 'int'
05-10 00:33:36.832  5448  5521 D GStreamer+structure: 0:00:31.272368478 0xf37ecd20 gststructure.c:2316:gst_structure_parse_field trying field name 'encoding-name'
05-10 00:33:36.832  5448  5521 D GStreamer+structure: 0:00:31.272396603 0xf37ecd20 gststructure.c:2367:gst_structure_parse_value trying type name 'string'
05-10 00:33:36.832  5448  5521 D GStreamer+structure: 0:00:31.272432436 0xf37ecd20 gststructure.c:2316:gst_structure_parse_field trying field name 'media'
05-10 00:33:36.832  5448  5521 D GStreamer+structure: 0:00:31.272462228 0xf37ecd20 gststructure.c:2367:gst_structure_parse_value trying type name 'string'
05-10 00:33:36.832  5448  5521 D GStreamer+structure: 0:00:31.272495301 0xf37ecd20 gststructure.c:2316:gst_structure_parse_field trying field name 'payload'
05-10 00:33:36.832  5448  5521 D GStreamer+structure: 0:00:31.272523530 0xf37ecd20 gststructure.c:2367:gst_structure_parse_value trying type name 'int'
05-10 00:33:36.832  5448  5521 D GStreamer+structure: 0:00:31.272559103 0xf37ecd20 gststructure.c:2316:gst_structure_parse_field trying field name 'clock-rate'
05-10 00:33:36.832  5448  5521 D GStreamer+structure: 0:00:31.272598790 0xf37ecd20 gststructure.c:2367:gst_structure_parse_value trying type name 'int'
05-10 00:33:36.832  5448  5521 D GStreamer+GST_ELEMENT_FACTORY: 0:00:31.272634467 0xf37ecd20 gstelementfactory.c:848:gst_element_factory_list_filter Trying rtph261depay
05-10 00:33:36.832  5448  5521 D GStreamer+structure: 0:00:31.272672384 0xf37ecd20 gststructure.c:2316:gst_structure_parse_field trying field name 'media'
05-10 00:33:36.832  5448  5520 D GStreamer+GST_PERFORMANCE: 0:00:31.272709051 0xf37eccc0 gstcaps.c:169:_gst_caps_copy:<0xf3935140> doing copy 0xf3935140 -> 0xf39da878
05-10 00:33:36.832  5448  5521 D GStreamer+structure: 0:00:31.272725197 0xf37ecd20 gststructure.c:2367:gst_structure_parse_value trying type name 'string'
05-10 00:33:36.832  5448  5521 D GStreamer+structure: 0:00:31.272759780 0xf37ecd20 gststructure.c:2316:gst_structure_parse_field trying field name 'payload'
05-10 00:33:36.832  5448  5521 D GStreamer+structure: 0:00:31.272793686 0xf37ecd20 gststructure.c:2367:gst_structure_parse_value trying type name 'int'
05-10 00:33:36.832  5448  5521 D GStreamer+structure: 0:00:31.272833738 0xf37ecd20 gststructure.c:2316:gst_structure_parse_field trying field name 'clock-rate'
05-10 00:33:36.832  5448  5521 D GStreamer+structure: 0:00:31.272863634 0xf37ecd20 gststructure.c:2367:gst_structure_parse_value trying type name 'int'
05-10 00:33:36.832  5448  5520 D GStreamer+GST_PERFORMANCE: 0:00:31.272875822 0xf37eccc0 gstcaps.c:169:_gst_caps_copy:<0xf39da878> doing copy 0xf39da878 -> 0xf39ff428
05-10 00:33:36.832  5448  5521 D GStreamer+structure: 0:00:31.272897228 0xf37ecd20 gststructure.c:2316:gst_structure_parse_field trying field name 'encoding-name'
05-10 00:33:36.832  5448  5521 D GStreamer+structure: 0:00:31.272932332 0xf37ecd20 gststructure.c:2367:gst_structure_parse_value trying type name 'string'
05-10 00:33:36.832  5448  5521 D GStreamer+structure: 0:00:31.272966186 0xf37ecd20 gststructure.c:2316:gst_structure_parse_field trying field name 'media'
05-10 00:33:36.832  5448  5521 D GStreamer+structure: 0:00:31.272995822 0xf37ecd20 gststructure.c:2367:gst_structure_parse_value trying type name 'string'
05-10 00:33:36.832  5448  5521 D GStreamer+structure: 0:00:31.273028061 0xf37ecd20 gststructure.c:2316:gst_structure_parse_field trying field name 'payload'
05-10 00:33:36.833  5448  5521 D GStreamer+structure: 0:00:31.273055822 0xf37ecd20 gststructure.c:2367:gst_structure_parse_value trying type name 'int'
05-10 00:33:36.833  5448  5521 D GStreamer+structure: 0:00:31.273089207 0xf37ecd20 gststructure.c:2316:gst_structure_parse_field trying field name 'clock-rate'
05-10 00:33:36.833  5448  5521 D GStreamer+structure: 0:00:31.273126290 0xf37ecd20 gststructure.c:2367:gst_structure_parse_value trying type name 'int'
05-10 00:33:36.833  5448  5521 D GStreamer+structure: 0:00:31.273157853 0xf37ecd20 gststructure.c:2316:gst_structure_parse_field trying field name 'encoding-name'
05-10 00:33:36.833  5448  5521 D GStreamer+structure: 0:00:31.273187488 0xf37ecd20 gststructure.c:2367:gst_structure_parse_value trying type name 'string'
05-10 00:33:36.833  5448  5521 D GStreamer+GST_ELEMENT_FACTORY: 0:00:31.273226447 0xf37ecd20 gstelementfactory.c:848:gst_element_factory_list_filter Trying rtph263depay
05-10 00:33:36.833  5448  5521 D GStreamer+structure: 0:00:31.273261603 0xf37ecd20 gststructure.c:2316:gst_structure_parse_field trying field name 'media'
05-10 00:33:36.833  5448  5521 D GStreamer+structure: 0:00:31.273291186 0xf37ecd20 gststructure.c:2367:gst_structure_parse_value trying type name 'string'
05-10 00:33:36.833  5448  5521 D GStreamer+structure: 0:00:31.273322436 0xf37ecd20 gststructure.c:2316:gst_structure_parse_field trying field name 'payload'
05-10 00:33:36.833  5448  5521 D GStreamer+structure: 0:00:31.273359155 0xf37ecd20 gststructure.c:2367:gst_structure_parse_value trying type name 'int'
05-10 00:33:36.833  5448  5521 D GStreamer+structure: 0:00:31.273392801 0xf37ecd20 gststructure.c:2316:gst_structure_parse_field trying field name 'clock-rate'
05-10 00:33:36.833  5448  5521 D GStreamer+structure: 0:00:31.273422384 0xf37ecd20 gststructure.c:2367:gst_structure_parse_value trying type name 'int'
05-10 00:33:36.833  5448  5521 D GStreamer+structure: 0:00:31.273454572 0xf37ecd20 gststructure.c:2316:gst_structure_parse_field trying field name 'media'
05-10 00:33:36.833  5448  5521 D GStreamer+structure: 0:00:31.273483530 0xf37ecd20 gststructure.c:2367:gst_structure_parse_value trying type name 'string'
05-10 00:33:36.833  5448  5521 D GStreamer+structure: 0:00:31.273518374 0xf37ecd20 gststructure.c:2316:gst_structure_parse_field trying field name 'clock-rate'
05-10 00:33:36.833  5448  5521 D GStreamer+structure: 0:00:31.273549988 0xf37ecd20 gststructure.c:2367:gst_structure_parse_value trying type name 'int'
05-10 00:33:36.833  5448  5521 D GStreamer+structure: 0:00:31.273585613 0xf37ecd20 gststructure.c:2316:gst_structure_parse_field trying field name 'encoding-name'
05-10 00:33:36.833  5448  5520 D GStreamer+basetransform: 0:00:31.273614311 0xf37eccc0 gstbasetransform.c:560:gst_base_transform_transform_caps:<gluploadelement0> to: video/x-raw(memory:GLMemory), format=(string){ RGBA, BGRA, RGBx, BGRx, ARGB, ABGR, xRGB, xBGR, RGB, BGR, RGB16, BGR16, AYUV, I420, YV12, NV12, NV21, YUY2, UYVY, Y41B, Y42B, Y444, GRAY8, GRAY16_LE, GRAY16_BE }, width=(int)[ 1, 2147483647 ], height=(int)[ 1, 2147483647 ], framerate=(fraction)[ 0/1, 2147483647/1 ], texture-target=(string){ 2D, rectangle, external-oes }
05-10 00:33:36.833  5448  5521 D GStreamer+structure: 0:00:31.273631759 0xf37ecd20 gststructure.c:2367:gst_structure_parse_value trying type name 'string'
05-10 00:33:36.833  5448  5521 D GStreamer+GST_ELEMENT_FACTORY: 0:00:31.273666290 0xf37ecd20 gstelementfactory.c:848:gst_element_factory_list_filter Trying rtph263pdepay
05-10 00:33:36.833  5448  5521 D GStreamer+structure: 0:00:31.273712645 0xf37ecd20 gststructure.c:2316:gst_structure_parse_field trying field name 'media'
05-10 00:33:36.833  5448  5520 D GStreamer+basetransform: 0:00:31.273730301 0xf37eccc0 gstbasetransform.c:714:gst_base_transform_query_caps:<gluploadelement0:sink> transformed  video/x-raw(memory:GLMemory), format=(string){ RGBA, BGRA, RGBx, BGRx, ARGB, ABGR, xRGB, xBGR, RGB, BGR, RGB16, BGR16, AYUV, I420, YV12, NV12, NV21, YUY2, UYVY, Y41B, Y42B, Y444, GRAY8, GRAY16_LE, GRAY16_BE }, width=(int)[ 1, 2147483647 ], height=(int)[ 1, 2147483647 ], framerate=(fraction)[ 0/1, 2147483647/1 ], texture-target=(string){ 2D, rectangle, external-oes }
05-10 00:33:36.833  5448  5521 D GStreamer+structure: 0:00:31.273745770 0xf37ecd20 gststructure.c:2367:gst_structure_parse_value trying type name 'string'
05-10 00:33:36.833  5448  5521 D GStreamer+structure: 0:00:31.273783061 0xf37ecd20 gststructure.c:2316:gst_structure_parse_field trying field name 'clock-rate'
05-10 00:33:36.833  5448  5520 D GStreamer+basetransform: 0:00:31.273796290 0xf37eccc0 gstbasetransform.c:719:gst_base_transform_query_caps:<gluploadelement0:sink> our template  video/x-raw(ANY)
05-10 00:33:36.833  5448  5521 D GStreamer+structure: 0:00:31.273815665 0xf37ecd20 gststructure.c:2367:gst_structure_parse_value trying type name 'int'
05-10 00:33:36.833  5448  5521 D GStreamer+structure: 0:00:31.273854415 0xf37ecd20 gststructure.c:2316:gst_structure_parse_field trying field name 'encoding-name'
05-10 00:33:36.833  5448  5521 D GStreamer+structure: 0:00:31.273892853 0xf37ecd20 gststructure.c:2367:gst_structure_parse_value trying type name 'string'
05-10 00:33:36.833  5448  5520 D GStreamer+basetransform: 0:00:31.273924988 0xf37eccc0 gstbasetransform.c:724:gst_base_transform_query_caps:<gluploadelement0:sink> intersected video/x-raw(memory:GLMemory), format=(string){ RGBA, BGRA, RGBx, BGRx, ARGB, ABGR, xRGB, xBGR, RGB, BGR, RGB16, BGR16, AYUV, I420, YV12, NV12, NV21, YUY2, UYVY, Y41B, Y42B, Y444, GRAY8, GRAY16_LE, GRAY16_BE }, width=(int)[ 1, 2147483647 ], height=(int)[ 1, 2147483647 ], framerate=(fraction)[ 0/1, 2147483647/1 ], texture-target=(string){ 2D, rectangle, external-oes }
05-10 00:33:36.833  5448  5521 D GStreamer+structure: 0:00:31.273941863 0xf37ecd20 gststructure.c:2316:gst_structure_parse_field trying field name 'media'
05-10 00:33:36.833  5448  5521 D GStreamer+structure: 0:00:31.273978165 0xf37ecd20 gststructure.c:2367:gst_structure_parse_value trying type name 'string'
05-10 00:33:36.833  5448  5521 D GStreamer+structure: 0:00:31.274009520 0xf37ecd20 gststructure.c:2316:gst_structure_parse_field trying field name 'clock-rate'
05-10 00:33:36.833  5448  5520 D GStreamer+basetransform: 0:00:31.274025613 0xf37eccc0 gstbasetransform.c:730:gst_base_transform_query_caps:<gluploadelement0:sink> peer filter caps video/x-raw(memory:GLMemory), format=(string){ RGBA, BGRA, RGBx, BGRx, ARGB, ABGR, xRGB, xBGR, RGB, BGR, RGB16, BGR16, AYUV, I420, YV12, NV12, NV21, YUY2, UYVY, Y41B, Y42B, Y444, GRAY8, GRAY16_LE, GRAY16_BE }, width=(int)[ 1, 2147483647 ], height=(int)[ 1, 2147483647 ], framerate=(fraction)[ 0/1, 2147483647/1 ], texture-target=(string){ 2D, rectangle, external-oes }
05-10 00:33:36.833  5448  5521 D GStreamer+structure: 0:00:31.274043738 0xf37ecd20 gststructure.c:2367:gst_structure_parse_value trying type name 'int'
05-10 00:33:36.834  5448  5521 D GStreamer+structure: 0:00:31.274080978 0xf37ecd20 gststructure.c:2316:gst_structure_parse_field trying field name 'encoding-name'
05-10 00:33:36.834  5448  5521 D GStreamer+structure: 0:00:31.274125249 0xf37ecd20 gststructure.c:2367:gst_structure_parse_value trying type name 'string'
05-10 00:33:36.834  5448  5520 D GStreamer+GST_CAPS: 0:00:31.274151395 0xf37eccc0 gstutils.c:2884:gst_pad_peer_query_caps:<gluploadelement0:src> get pad peer caps with filter video/x-raw(memory:GLMemory), format=(string){ RGBA, BGRA, RGBx, BGRx, ARGB, ABGR, xRGB, xBGR, RGB, BGR, RGB16, BGR16, AYUV, I420, YV12, NV12, NV21, YUY2, UYVY, Y41B, Y42B, Y444, GRAY8, GRAY16_LE, GRAY16_BE }, width=(int)[ 1, 2147483647 ], height=(int)[ 1, 2147483647 ], framerate=(fraction)[ 0/1, 2147483647/1 ], texture-target=(string){ 2D, rectangle, external-oes }
05-10 00:33:36.834  5448  5521 D GStreamer+GST_ELEMENT_FACTORY: 0:00:31.274161915 0xf37ecd20 gstelementfactory.c:848:gst_element_factory_list_filter Trying rtph264depay
05-10 00:33:36.834  5448  5520 D GStreamer+query: 0:00:31.274198061 0xf37eccc0 gstquery.c:674:gst_query_new_custom creating new query 0xf39ff2f0 caps
05-10 00:33:36.834  5448  5521 D GStreamer+structure: 0:00:31.274214259 0xf37ecd20 gststructure.c:2316:gst_structure_parse_field trying field name 'media'
05-10 00:33:36.834  5448  5520 D GStreamer+GST_PADS: 0:00:31.274236290 0xf37eccc0 gstpad.c:4009:gst_pad_peer_query:<gluploadelement0:src> peer query 0xf39ff2f0 (caps)
05-10 00:33:36.834  5448  5521 D GStreamer+structure: 0:00:31.274249155 0xf37ecd20 gststructure.c:2367:gst_structure_parse_value trying type name 'string'
05-10 00:33:36.834  5448  5521 D GStreamer+structure: 0:00:31.274287228 0xf37ecd20 gststructure.c:2316:gst_structure_parse_field trying field name 'clock-rate'
05-10 00:33:36.834  5448  5520 D GStreamer+GST_PADS: 0:00:31.274304103 0xf37eccc0 gstpad.c:3882:gst_pad_query:<glcolorconvertelement0:sink> doing query 0xf39ff2f0 (caps)
05-10 00:33:36.834  5448  5521 D GStreamer+structure: 0:00:31.274320717 0xf37ecd20 gststructure.c:2367:gst_structure_parse_value trying type name 'int'
05-10 00:33:36.834  5448  5521 D GStreamer+structure: 0:00:31.274354155 0xf37ecd20 gststructure.c:2316:gst_structure_parse_field trying field name 'encoding-name'
05-10 00:33:36.834  5448  5521 D GStreamer+structure: 0:00:31.274388113 0xf37ecd20 gststructure.c:2367:gst_structure_parse_value trying type name 'string'
05-10 00:33:36.834  5448  5520 D GStreamer+basetransform: 0:00:31.274413790 0xf37eccc0 gstbasetransform.c:704:gst_base_transform_query_caps:<glcolorconvertelement0:sink> filter caps  video/x-raw(memory:GLMemory), format=(string){ RGBA, BGRA, RGBx, BGRx, ARGB, ABGR, xRGB, xBGR, RGB, BGR, RGB16, BGR16, AYUV, I420, YV12, NV12, NV21, YUY2, UYVY, Y41B, Y42B, Y444, GRAY8, GRAY16_LE, GRAY16_BE }, width=(int)[ 1, 2147483647 ], height=(int)[ 1, 2147483647 ], framerate=(fraction)[ 0/1, 2147483647/1 ], texture-target=(string){ 2D, rectangle, external-oes }
05-10 00:33:36.834  5448  5521 D GStreamer+GST_ELEMENT_FACTORY: 0:00:31.274424520 0xf37ecd20 gstelementfactory.c:848:gst_element_factory_list_filter Trying rtph265depay
05-10 00:33:36.834  5448  5521 D GStreamer+structure: 0:00:31.274461186 0xf37ecd20 gststructure.c:2316:gst_structure_parse_field trying field name 'media'
05-10 00:33:36.834  5448  5521 D GStreamer+structure: 0:00:31.274500145 0xf37ecd20 gststructure.c:2367:gst_structure_parse_value trying type name 'string'
05-10 00:33:36.834  5448  5521 D GStreamer+structure: 0:00:31.274539207 0xf37ecd20 gststructure.c:2316:gst_structure_parse_field trying field name 'clock-rate'
05-10 00:33:36.834  5448  5520 D GStreamer+basetransform: 0:00:31.274580145 0xf37eccc0 gstbasetransform.c:707:gst_base_transform_query_caps:<glcolorconvertelement0:sink> our template  video/x-raw(memory:GLMemory), format=(string){ RGBA, RGB, RGBx, BGR, BGRx, BGRA, xRGB, xBGR, ARGB, ABGR, Y444, I420, YV12, Y42B, Y41B, NV12, NV21, YUY2, UYVY, AYUV, GRAY8, GRAY16_LE, GRAY16_BE, RGB16, BGR16 }, width=(int)[ 1, 2147483647 ], height=(int)[ 1, 2147483647 ], framerate=(fraction)[ 0/1, 2147483647/1 ], texture-target=(string){ 2D, rectangle, external-oes }; video/x-raw(memory:GLMemory, meta:GstVideoOverlayComposition), format=(string){ RGBA, RGB, RGBx, BGR, BGRx, BGRA, xRGB, xBGR, ARGB, ABGR, Y444, I420, YV12, Y42B, Y41B, NV12, NV21, YUY2, UYVY, AYUV, GRAY8, GRAY16_LE, GRAY16_BE, RGB16, BGR16 }, width=(int)[ 1, 2147483647 ], height=(int)[ 1, 2147483647 ], framerate=(fraction)[ 0/1, 2147483647/1 ], texture-target=(string){ 2D, rectangle, external-oes }
05-10 00:33:36.834  5448  5521 D GStreamer+structure: 0:00:31.274596342 0xf37ecd20 gststructure.c:2367:gst_structure_parse_value trying type name 'int'
05-10 00:33:36.834  5448  5521 D GStreamer+structure: 0:00:31.274629676 0xf37ecd20 gststructure.c:2316:gst_structure_parse_field trying field name 'encoding-name'
05-10 00:33:36.834  5448  5521 D GStreamer+structure: 0:00:31.274658270 0xf37ecd20 gststructure.c:2367:gst_structure_parse_value trying type name 'string'
05-10 00:33:36.834  5448  5521 D GStreamer+GST_ELEMENT_FACTORY: 0:00:31.274690874 0xf37ecd20 gstelementfactory.c:848:gst_element_factory_list_filter Trying rtpilbcdepay
05-10 00:33:36.834  5448  5521 D GStreamer+structure: 0:00:31.274725405 0xf37ecd20 gststructure.c:2316:gst_structure_parse_field trying field name 'media'
05-10 00:33:36.834  5448  5521 D GStreamer+structure: 0:00:31.274757697 0xf37ecd20 gststructure.c:2367:gst_structure_parse_value trying type name 'string'
05-10 00:33:36.834  5448  5521 D GStreamer+structure: 0:00:31.274796447 0xf37ecd20 gststructure.c:2316:gst_structure_parse_field trying field name 'clock-rate'
05-10 00:33:36.834  5448  5520 D GStreamer+basetransform: 0:00:31.274815613 0xf37eccc0 gstbasetransform.c:709:gst_base_transform_query_caps:<glcolorconvertelement0:sink> intersected video/x-raw(memory:GLMemory), format=(string){ RGBA, BGRA, RGBx, BGRx, ARGB, ABGR, xRGB, xBGR, RGB, BGR, RGB16, BGR16, AYUV, I420, YV12, NV12, NV21, YUY2, UYVY, Y41B, Y42B, Y444, GRAY8, GRAY16_LE, GRAY16_BE }, width=(int)[ 1, 2147483647 ], height=(int)[ 1, 2147483647 ], framerate=(fraction)[ 0/1, 2147483647/1 ], texture-target=(string){ 2D, rectangle, external-oes }
05-10 00:33:36.834  5448  5521 D GStreamer+structure: 0:00:31.274830822 0xf37ecd20 gststructure.c:2367:gst_structure_parse_value trying type name 'int'
