05-10 00:33:36.865  5448  5520 D GStreamer+basetransform: 0:00:31.305168894 0xf37eccc0 gstbasetransform.c:709:gst_base_transform_query_caps:<glcolorbalance0:sink> intersected video/x-raw(memory:GLMemory), width=(int)[ 1, 2147483647 ], height=(int)[ 1, 2147483647 ], framerate=(fraction)[ 0/1, 2147483647/1 ], format=(string)RGBA, texture-target=(string)2D
05-10 00:33:36.865  5448  5520 D GStreamer+basetransform: 0:00:31.305224259 0xf37eccc0 gstbasetransform.c:533:gst_base_transform_transform_caps:<glcolorbalance0> transform caps (direction = 2)
05-10 00:33:36.865  5448  5521 D GStreamer+GST_EVENT: 0:00:31.305263165 0xf37ecd20 gstpad.c:5496:gst_pad_send_event_unchecked:<decodebin0:sink> have event type tag event: 0xf39d6878, time 99:99:99.999999999, seq-num 114, GstTagList-global, taglist=(taglist)"taglist\,\ datetime\=\(datetime\)2016-05-10T02:46:01Z\,\ container-format\=\(string\)\"ISO\\\ MP4/M4A\"\;";
05-10 00:33:36.865  5448  5521 D GStreamer+GST_PADS: 0:00:31.305313530 0xf37ecd20 gstpad.c:3813:check_sticky:<sink:proxypad1> pushing all sticky events
05-10 00:33:36.865  5448  5520 D GStreamer+glfilter: 0:00:31.305323790 0xf37eccc0 gstglfilter.c:610:default_transform_internal_caps:<glcolorbalance0> size removal returned caps video/x-raw(memory:GLMemory), width=(int)[ 1, 2147483647 ], height=(int)[ 1, 2147483647 ], framerate=(fraction)[ 0/1, 2147483647/1 ], format=(string)RGBA, texture-target=(string)2D
05-10 00:33:36.865  5448  5521 D GStreamer+GST_PADS: 0:00:31.305355144 0xf37ecd20 gstpad.c:3745:push_sticky:<sink:proxypad1> event stream-start was already received
05-10 00:33:36.865  5448  5520 D GStreamer+GST_PERFORMANCE: 0:00:31.305404051 0xf37eccc0 gstcaps.c:169:_gst_caps_copy:<0xf39da8c8> doing copy 0xf39da8c8 -> 0xf39350a0
05-10 00:33:36.865  5448  5521 D GStreamer+GST_PADS: 0:00:31.305420769 0xf37ecd20 gstpad.c:3745:push_sticky:<sink:proxypad1> event caps was already received
05-10 00:33:36.865  5448  5521 D GStreamer+GST_PADS: 0:00:31.305475822 0xf37ecd20 gstpad.c:3745:push_sticky:<sink:proxypad1> event segment was already received
05-10 00:33:36.865  5448  5520 D GStreamer+glfilter: 0:00:31.305508842 0xf37eccc0 gstglfilter.c:638:gst_gl_filter_transform_caps:<glcolorbalance0> returning caps: video/x-raw(memory:GLMemory), width=(int)[ 1, 2147483647 ], height=(int)[ 1, 2147483647 ], framerate=(fraction)[ 0/1, 2147483647/1 ], format=(string)RGBA, texture-target=(string)2D
05-10 00:33:36.865  5448  5521 D GStreamer+GST_PADS: 0:00:31.305524155 0xf37ecd20 gstpad.c:3745:push_sticky:<sink:proxypad1> event tag was already received
05-10 00:33:36.865  5448  5520 D GStreamer+basetransform: 0:00:31.305601290 0xf37eccc0 gstbasetransform.c:560:gst_base_transform_transform_caps:<glcolorbalance0> to: video/x-raw(memory:GLMemory), width=(int)[ 1, 2147483647 ], height=(int)[ 1, 2147483647 ], framerate=(fraction)[ 0/1, 2147483647/1 ], format=(string)RGBA, texture-target=(string)2D
05-10 00:33:36.865  5448  5521 D GStreamer+GST_EVENT: 0:00:31.305622540 0xf37ecd20 gstpad.c:5496:gst_pad_send_event_unchecked:<typefind:sink> have event type tag event: 0xf39d6878, time 99:99:99.999999999, seq-num 114, GstTagList-global, taglist=(taglist)"taglist\,\ datetime\=\(datetime\)2016-05-10T02:46:01Z\,\ container-format\=\(string\)\"ISO\\\ MP4/M4A\"\;";
05-10 00:33:36.865  5448  5521 D GStreamer+typefind: 0:00:31.305679363 0xf37ecd20 gsttypefindelement.c:613:gst_type_find_element_sink_event:<typefind> got tag event in mode 0
05-10 00:33:36.865  5448  5520 D GStreamer+basetransform: 0:00:31.305698217 0xf37eccc0 gstbasetransform.c:714:gst_base_transform_query_caps:<glcolorbalance0:sink> transformed  video/x-raw(memory:GLMemory), width=(int)[ 1, 2147483647 ], height=(int)[ 1, 2147483647 ], framerate=(fraction)[ 0/1, 2147483647/1 ], format=(string)RGBA, texture-target=(string)2D
05-10 00:33:36.865  5448  5521 D GStreamer+GST_PADS: 0:00:31.305721759 0xf37ecd20 gstpad.c:3813:check_sticky:<typefind:src> pushing all sticky events
05-10 00:33:36.865  5448  5521 D GStreamer+GST_PADS: 0:00:31.305765665 0xf37ecd20 gstpad.c:3745:push_sticky:<typefind:src> event stream-start was already received
05-10 00:33:36.865  5448  5520 D GStreamer+basetransform: 0:00:31.305794103 0xf37eccc0 gstbasetransform.c:719:gst_base_transform_query_caps:<glcolorbalance0:sink> our template  video/x-raw(memory:GLMemory), format=(string)RGBA, width=(int)[ 1, 2147483647 ], height=(int)[ 1, 2147483647 ], framerate=(fraction)[ 0/1, 2147483647/1 ], texture-target=(string)2D
05-10 00:33:36.865  5448  5521 D GStreamer+GST_PADS: 0:00:31.305818686 0xf37ecd20 gstpad.c:3745:push_sticky:<typefind:src> event caps was already received
05-10 00:33:36.865  5448  5521 D GStreamer+GST_PADS: 0:00:31.305862280 0xf37ecd20 gstpad.c:3745:push_sticky:<typefind:src> event segment was already received
05-10 00:33:36.865  5448  5520 D GStreamer+basetransform: 0:00:31.305899624 0xf37eccc0 gstbasetransform.c:724:gst_base_transform_query_caps:<glcolorbalance0:sink> intersected video/x-raw(memory:GLMemory), width=(int)[ 1, 2147483647 ], height=(int)[ 1, 2147483647 ], framerate=(fraction)[ 0/1, 2147483647/1 ], format=(string)RGBA, texture-target=(string)2D
05-10 00:33:36.865  5448  5521 D GStreamer+GST_PADS: 0:00:31.305911915 0xf37ecd20 gstpad.c:3745:push_sticky:<typefind:src> event tag was already received
05-10 00:33:36.865  5448  5520 D GStreamer+basetransform: 0:00:31.306010509 0xf37eccc0 gstbasetransform.c:730:gst_base_transform_query_caps:<glcolorbalance0:sink> peer filter caps video/x-raw(memory:GLMemory), width=(int)[ 1, 2147483647 ], height=(int)[ 1, 2147483647 ], framerate=(fraction)[ 0/1, 2147483647/1 ], format=(string)RGBA, texture-target=(string)2D
05-10 00:33:36.865  5448  5521 D GStreamer+GST_EVENT: 0:00:31.306032644 0xf37ecd20 gstpad.c:5496:gst_pad_send_event_unchecked:<mpegaudioparse0:sink> have event type tag event: 0xf39d6878, time 99:99:99.999999999, seq-num 114, GstTagList-global, taglist=(taglist)"taglist\,\ datetime\=\(datetime\)2016-05-10T02:46:01Z\,\ container-format\=\(string\)\"ISO\\\ MP4/M4A\"\;";
05-10 00:33:36.866  5448  5521 D GStreamer+baseparse: 0:00:31.306083634 0xf37ecd20 gstbaseparse.c:1174:gst_base_parse_sink_event_default:<mpegaudioparse0> handling event 20510, tag
05-10 00:33:36.866  5448  5520 D GStreamer+GST_CAPS: 0:00:31.306103113 0xf37eccc0 gstutils.c:2884:gst_pad_peer_query_caps:<glcolorbalance0:src> get pad peer caps with filter video/x-raw(memory:GLMemory), width=(int)[ 1, 2147483647 ], height=(int)[ 1, 2147483647 ], framerate=(fraction)[ 0/1, 2147483647/1 ], format=(string)RGBA, texture-target=(string)2D
05-10 00:33:36.866  5448  5521 D GStreamer+baseparse: 0:00:31.306136707 0xf37ecd20 gstbaseparse.c:1484:gst_base_parse_sink_event_default:<mpegaudioparse0> event handled
05-10 00:33:36.866  5448  5520 D GStreamer+query: 0:00:31.306160457 0xf37eccc0 gstquery.c:674:gst_query_new_custom creating new query 0xf39ff350 caps
05-10 00:33:36.866  5448  5521 D GStreamer+GST_PADS: 0:00:31.306179207 0xf37ecd20 gstpad.c:5569:gst_pad_send_event_unchecked:<mpegaudioparse0:sink> sent event, ret ok
05-10 00:33:36.866  5448  5520 D GStreamer+GST_PADS: 0:00:31.306206290 0xf37eccc0 gstpad.c:4009:gst_pad_peer_query:<glcolorbalance0:src> peer query 0xf39ff350 (caps)
05-10 00:33:36.866  5448  5521 D GStreamer+GST_PADS: 0:00:31.306231290 0xf37ecd20 gstpad.c:3765:push_sticky:<typefind:src> event tag marked received
05-10 00:33:36.866  5448  5520 D GStreamer+GST_PADS: 0:00:31.306255926 0xf37eccc0 gstpad.c:3882:gst_pad_query:<sink:sink> doing query 0xf39ff350 (caps)
05-10 00:33:36.866  5448  5521 D GStreamer+GST_PADS: 0:00:31.306275509 0xf37ecd20 gstpad.c:5569:gst_pad_send_event_unchecked:<typefind:sink> sent event, ret ok
05-10 00:33:36.866  5448  5521 D GStreamer+GST_PADS: 0:00:31.306327019 0xf37ecd20 gstpad.c:3765:push_sticky:<sink:proxypad1> event tag marked received
05-10 00:33:36.866  5448  5520 D GStreamer+glimagesink: 0:00:31.306363842 0xf37eccc0 gstglimagesink.c:1145:gst_glimage_sink_get_caps:<sink> intersecting with filter caps video/x-raw(memory:GLMemory), width=(int)[ 1, 2147483647 ], height=(int)[ 1, 2147483647 ], framerate=(fraction)[ 0/1, 2147483647/1 ], format=(string)RGBA, texture-target=(string)2D
05-10 00:33:36.866  5448  5521 D GStreamer+GST_PADS: 0:00:31.306381342 0xf37ecd20 gstpad.c:5569:gst_pad_send_event_unchecked:<decodebin0:sink> sent event, ret ok
05-10 00:33:36.866  5448  5521 D GStreamer+GST_PADS: 0:00:31.306433686 0xf37ecd20 gstpad.c:3765:push_sticky:<queue2:src> event tag marked received
05-10 00:33:36.866  5448  5520 D GStreamer+GST_PERFORMANCE: 0:00:31.306453269 0xf37eccc0 gstcaps.c:169:_gst_caps_copy:<0xf39ff4f0> doing copy 0xf39ff4f0 -> 0xf39ff540
05-10 00:33:36.866  5448  5522 D GStreamer+queue_dataflow: 0:00:31.306508426 0xf37ecd80 gstqueue.c:1204:gst_queue_chain_buffer_or_list:<queue2> queue is not full
05-10 00:33:36.866  5448  5522 D GStreamer+GST_SCHEDULING: 0:00:31.306571290 0xf37ecd80 gstpad.c:4159:gst_pad_chain_data_unchecked:<queue2:sink> called chainfunction &gst_queue_chain with buffer 0xf3c1b340, returned ok
05-10 00:33:36.866  5448  5520 D GStreamer+glimagesink: 0:00:31.306598842 0xf37eccc0 gstglimagesink.c:1155:gst_glimage_sink_get_caps:<sink> returning caps: video/x-raw(memory:GLMemory, meta:GstVideoOverlayComposition), width=(int)[ 1, 2147483647 ], height=(int)[ 1, 2147483647 ], framerate=(fraction)[ 0/1, 2147483647/1 ], format=(string)RGBA, texture-target=(string)2D; video/x-raw(memory:GLMemory), width=(int)[ 1, 2147483647 ], height=(int)[ 1, 2147483647 ], framerate=(fraction)[ 0/1, 2147483647/1 ], format=(string)RGBA, texture-target=(string)2D
05-10 00:33:36.866  5448  5522 D GStreamer+qtdemux: 0:00:31.306632697 0xf37ecd80 qtdemux.c:7675:qtdemux_parse_samples:<q> parsing up to sample 43
05-10 00:33:36.866  5448  5520 D GStreamer+GST_PADS: 0:00:31.306648530 0xf37eccc0 gstpad.c:3905:gst_pad_query:<sink:sink> sent query 0xf39ff350 (caps), result 1
05-10 00:33:36.866  5448  5522 D GStreamer+qtdemux: 0:00:31.306687853 0xf37ecd80 qtdemux.c:7882:qtdemux_parse_samples:<q> sample 43: index 43, timestamp 0:00:01.032000000
05-10 00:33:36.866  5448  5522 D GStreamer+qtdemux: 0:00:31.306744103 0xf37ecd80 qtdemux.c:7982:qtdemux_parse_samples:<q> setting all keyframes
05-10 00:33:36.866  5448  5520 D GStreamer+GST_CAPS: 0:00:31.306796186 0xf37eccc0 gstutils.c:2891:gst_pad_peer_query_caps:<glcolorbalance0:src> peer query returned video/x-raw(memory:GLMemory, meta:GstVideoOverlayComposition), width=(int)[ 1, 2147483647 ], height=(int)[ 1, 2147483647 ], framerate=(fraction)[ 0/1, 2147483647/1 ], format=(string)RGBA, texture-target=(string)2D; video/x-raw(memory:GLMemory), width=(int)[ 1, 2147483647 ], height=(int)[ 1, 2147483647 ], framerate=(fraction)[ 0/1, 2147483647/1 ], format=(string)RGBA, texture-target=(string)2D
05-10 00:33:36.866  5448  5522 D GStreamer+qtdemux: 0:00:31.306822436 0xf37ecd80 qtdemux.c:5197:gst_qtdemux_loop_state_movie:<q> pushing from stream 0, empty 0 offset 1526191, size 41196, dts=0:00:00.716000000, pts=0:00:00.716000000, duration 0:00:00.019666666
05-10 00:33:36.866  5448  5522 D GStreamer+basesrc: 0:00:31.306892905 0xf37ecd80 gstbasesrc.c:2355:gst_base_src_update_length:<filesrc0> reading offset 1526191, length 41196, size 15003960, segment.stop -1, maxsize 15003960
05-10 00:33:36.866  5448  5520 D GStreamer+basetransform: 0:00:31.306932749 0xf37eccc0 gstbasetransform.c:746:gst_base_transform_query_caps:<glcolorbalance0:sink> peer caps  video/x-raw(memory:GLMemory, meta:GstVideoOverlayComposition), width=(int)[ 1, 2147483647 ], height=(int)[ 1, 2147483647 ], framerate=(fraction)[ 0/1, 2147483647/1 ], format=(string)RGBA, texture-target=(string)2D; video/x-raw(memory:GLMemory), width=(int)[ 1, 2147483647 ], height=(int)[ 1, 2147483647 ], framerate=(fraction)[ 0/1, 2147483647/1 ], format=(string)RGBA, texture-target=(string)2D
05-10 00:33:36.866  5448  5522 D GStreamer+basesrc: 0:00:31.306942228 0xf37ecd80 gstbasesrc.c:2456:gst_base_src_get_range:<filesrc0> calling create offset 1526191 length 41196, time 0
05-10 00:33:36.866  5448  5522 D GStreamer+GST_MEMORY: 0:00:31.307001655 0xf37ecd80 gstmemory.c:138:gst_memory_init new memory 0xf3c80000, maxsize:41199 offset:0 size:41196
05-10 00:33:36.867  5448  5520 D GStreamer+basetransform: 0:00:31.307056759 0xf37eccc0 gstbasetransform.c:749:gst_base_transform_query_caps:<glcolorbalance0:sink> our template  video/x-raw(memory:GLMemory), format=(string)RGBA, width=(int)[ 1, 2147483647 ], height=(int)[ 1, 2147483647 ], framerate=(fraction)[ 0/1, 2147483647/1 ], texture-target=(string)2D
05-10 00:33:36.867  5448  5522 D GStreamer+basesrc: 0:00:31.307104572 0xf37ecd80 gstbasesrc.c:2310:gst_base_src_do_sync:<filesrc0> we have no clock
05-10 00:33:36.867  5448  5522 D GStreamer+basesrc: 0:00:31.307164467 0xf37ecd80 gstbasesrc.c:2520:gst_base_src_get_range:<filesrc0> buffer ok
05-10 00:33:36.867  5448  5520 D GStreamer+basetransform: 0:00:31.307182176 0xf37eccc0 gstbasetransform.c:751:gst_base_transform_query_caps:<glcolorbalance0:sink> intersected video/x-raw(memory:GLMemory), width=(int)[ 1, 2147483647 ], height=(int)[ 1, 2147483647 ], framerate=(fraction)[ 0/1, 2147483647/1 ], format=(string)RGBA, texture-target=(string)2D
05-10 00:33:36.867  5448  5520 D GStreamer+basetransform: 0:00:31.307274363 0xf37eccc0 gstbasetransform.c:533:gst_base_transform_transform_caps:<glcolorbalance0> transform caps (direction = 1)
05-10 00:33:36.867  5448  5522 D GStreamer+GST_SCHEDULING: 0:00:31.307275717 0xf37ecd80 gstpad.c:4153:gst_pad_chain_data_unchecked:<queue0:sink> calling chainfunction &gst_queue_chain with buffer buffer: 0xf3c1b3e0, pts 0:00:00.716000000, dts 0:00:00.716000000, dur 0:00:00.019666666, size 41196, offset none, offset_end none, flags 0x0
05-10 00:33:36.867  5448  5522 D GStreamer+GST_SCHEDULING: 0:00:31.307329467 0xf37ecd80 gstpad.c:4159:gst_pad_chain_data_unchecked:<queue0:sink> called chainfunction &gst_queue_chain with buffer 0xf3c1b3e0, returned ok
05-10 00:33:36.867  5448  5520 D GStreamer+glfilter: 0:00:31.307401655 0xf37eccc0 gstglfilter.c:610:default_transform_internal_caps:<glcolorbalance0> size removal returned caps video/x-raw(memory:GLMemory), width=(int)[ 1, 2147483647 ], height=(int)[ 1, 2147483647 ], framerate=(fraction)[ 0/1, 2147483647/1 ], format=(string)RGBA, texture-target=(string)2D
05-10 00:33:36.867  5448  5522 D GStreamer+qtdemux: 0:00:31.307416134 0xf37ecd80 qtdemux.c:7675:qtdemux_parse_samples:<q> parsing up to sample 36
05-10 00:33:36.867  5448  5522 D GStreamer+qtdemux: 0:00:31.307478894 0xf37ecd80 qtdemux.c:7882:qtdemux_parse_samples:<q> sample 36: index 0, timestamp 0:00:00.735666666
05-10 00:33:36.867  5448  5520 D GStreamer+GST_PERFORMANCE: 0:00:31.307498165 0xf37eccc0 gstcaps.c:169:_gst_caps_copy:<0xf39ff568> doing copy 0xf39ff568 -> 0xf39ff5b8
05-10 00:33:36.867  5448  5522 D GStreamer+qtdemux: 0:00:31.307520197 0xf37ecd80 qtdemux.c:7937:qtdemux_parse_samples:<q> samples at 36 is keyframe
05-10 00:33:36.867  5448  5522 D GStreamer+qtdemux: 0:00:31.307581238 0xf37ecd80 qtdemux.c:5197:gst_qtdemux_loop_state_movie:<q> pushing from stream 1, empty 0 offset 1608784, size 144, dts=0:00:01.032000000, pts=0:00:01.032000000, duration 0:00:00.024000000
05-10 00:33:36.867  5448  5520 D GStreamer+glfilter: 0:00:31.307612384 0xf37eccc0 gstglfilter.c:638:gst_gl_filter_transform_caps:<glcolorbalance0> returning caps: video/x-raw(memory:GLMemory), width=(int)[ 1, 2147483647 ], height=(int)[ 1, 2147483647 ], framerate=(fraction)[ 0/1, 2147483647/1 ], format=(string)RGBA, texture-target=(string)2D
05-10 00:33:36.867  5448  5522 D GStreamer+basesrc: 0:00:31.307636759 0xf37ecd80 gstbasesrc.c:2355:gst_base_src_update_length:<filesrc0> reading offset 1608784, length 144, size 15003960, segment.stop -1, maxsize 15003960
05-10 00:33:36.867  5448  5522 D GStreamer+basesrc: 0:00:31.307693947 0xf37ecd80 gstbasesrc.c:2456:gst_base_src_get_range:<filesrc0> calling create offset 1608784 length 144, time 0
05-10 00:33:36.867  5448  5520 D GStreamer+basetransform: 0:00:31.307710978 0xf37eccc0 gstbasetransform.c:560:gst_base_transform_transform_caps:<glcolorbalance0> to: video/x-raw(memory:GLMemory), width=(int)[ 1, 2147483647 ], height=(int)[ 1, 2147483647 ], framerate=(fraction)[ 0/1, 2147483647/1 ], format=(string)RGBA, texture-target=(string)2D
05-10 00:33:36.867  5448  5522 D GStreamer+GST_MEMORY: 0:00:31.307736342 0xf37ecd80 gstmemory.c:138:gst_memory_init new memory 0xf3c1aac0, maxsize:147 offset:0 size:144
05-10 00:33:36.867  5448  5522 D GStreamer+basesrc: 0:00:31.307786394 0xf37ecd80 gstbasesrc.c:2310:gst_base_src_do_sync:<filesrc0> we have no clock
05-10 00:33:36.867  5448  5520 D GStreamer+basetransform: 0:00:31.307796967 0xf37eccc0 gstbasetransform.c:759:gst_base_transform_query_caps:<glcolorbalance0:sink> transformed  video/x-raw(memory:GLMemory), width=(int)[ 1, 2147483647 ], height=(int)[ 1, 2147483647 ], framerate=(fraction)[ 0/1, 2147483647/1 ], format=(string)RGBA, texture-target=(string)2D
05-10 00:33:36.867  5448  5522 D GStreamer+basesrc: 0:00:31.307820249 0xf37ecd80 gstbasesrc.c:2520:gst_base_src_get_range:<filesrc0> buffer ok
05-10 00:33:36.867  5448  5520 D GStreamer+basetransform: 0:00:31.307888322 0xf37eccc0 gstbasetransform.c:766:gst_base_transform_query_caps:<glcolorbalance0:sink> our template  video/x-raw(memory:GLMemory), format=(string)RGBA, width=(int)[ 1, 2147483647 ], height=(int)[ 1, 2147483647 ], framerate=(fraction)[ 0/1, 2147483647/1 ], texture-target=(string)2D
05-10 00:33:36.867  5448  5522 D GStreamer+GST_SCHEDULING: 0:00:31.307909936 0xf37ecd80 gstpad.c:4153:gst_pad_chain_data_unchecked:<queue2:sink> calling chainfunction &gst_queue_chain with buffer buffer: 0xf3c1b480, pts 0:00:01.032000000, dts 0:00:01.032000000, dur 0:00:00.024000000, size 144, offset none, offset_end none, flags 0x0
05-10 00:33:36.867  5448  5522 D GStreamer+queue_dataflow: 0:00:31.307960197 0xf37ecd80 gstqueue.c:1196:gst_queue_chain_buffer_or_list:<queue2> queue is full, waiting for free space
05-10 00:33:36.867  5448  5520 D GStreamer+basetransform: 0:00:31.307989415 0xf37eccc0 gstbasetransform.c:769:gst_base_transform_query_caps:<glcolorbalance0:sink> intersected video/x-raw(memory:GLMemory), width=(int)[ 1, 2147483647 ], height=(int)[ 1, 2147483647 ], framerate=(fraction)[ 0/1, 2147483647/1 ], format=(string)RGBA, texture-target=(string)2D
05-10 00:33:36.867  5448  5521 D GStreamer+GST_SCHEDULING: 0:00:31.308021342 0xf37ecd20 gstpad.c:4153:gst_pad_chain_data_unchecked:<decodebin0:sink> calling chainfunction &gst_proxy_pad_chain_default with buffer buffer: 0xf3ad5c08, pts 0:00:00.000000000, dts 0:00:00.000000000, dur 0:00:00.024000000, size 144, offset none, offset_end none, flags 0x40
05-10 00:33:36.868  5448  5520 D GStreamer+basetransform: 0:00:31.308100301 0xf37eccc0 gstbasetransform.c:793:gst_base_transform_query_caps:<glcolorbalance0> returning  video/x-raw(memory:GLMemory), width=(int)[ 1, 2147483647 ], height=(int)[ 1, 2147483647 ], framerate=(fraction)[ 0/1, 2147483647/1 ], format=(string)RGBA, texture-target=(string)2D
05-10 00:33:36.868  5448  5521 D GStreamer+GST_SCHEDULING: 0:00:31.308127697 0xf37ecd20 gstpad.c:4153:gst_pad_chain_data_unchecked:<typefind:sink> calling chainfunction &gst_type_find_element_chain with buffer buffer: 0xf3ad5c08, pts 0:00:00.000000000, dts 0:00:00.000000000, dur 0:00:00.024000000, size 144, offset none, offset_end none, flags 0x40
05-10 00:33:36.868  5448  5520 D GStreamer+GST_PADS: 0:00:31.308169415 0xf37eccc0 gstpad.c:3905:gst_pad_query:<glcolorbalance0:sink> sent query 0xf3ad93b0 (caps), result 1
05-10 00:33:36.868  5448  5521 D GStreamer+GST_SCHEDULING: 0:00:31.308220040 0xf37ecd20 gstpad.c:4153:gst_pad_chain_data_unchecked:<mpegaudioparse0:sink> calling chainfunction &gst_base_parse_chain with buffer buffer: 0xf3ad5c08, pts 0:00:00.000000000, dts 0:00:00.000000000, dur 0:00:00.024000000, size 144, offset none, offset_end none, flags 0x40
05-10 00:33:36.868  5448  5521 D GStreamer+baseparse: 0:00:31.308272228 0xf37ecd20 gstbaseparse.c:2985:gst_base_parse_chain:<mpegaudioparse0> chain
05-10 00:33:36.868  5448  5520 D GStreamer+GST_CAPS: 0:00:31.308289988 0xf37eccc0 gstutils.c:2891:gst_pad_peer_query_caps:<glcolorconvertelement0:src> peer query returned video/x-raw(memory:GLMemory), width=(int)[ 1, 2147483647 ], height=(int)[ 1, 2147483647 ], framerate=(fraction)[ 0/1, 2147483647/1 ], format=(string)RGBA, texture-target=(string)2D
05-10 00:33:36.868  5448  5521 D GStreamer+baseparse: 0:00:31.308314936 0xf37ecd20 gstbaseparse.c:3016:gst_base_parse_chain:<mpegaudioparse0> Looking for streamheader field on caps to prepend to the stream
05-10 00:33:36.868  5448  5521 D GStreamer+GST_CAPS: 0:00:31.308389415 0xf37ecd20 gstpad.c:2648:gst_pad_get_current_caps:<mpegaudioparse0:sink> get current pad caps audio/mpeg, mpegversion=(int)1, parsed=(boolean)true, rate=(int)24000, channels=(int)1
05-10 00:33:36.868  5448  5520 D GStreamer+basetransform: 0:00:31.308420665 0xf37eccc0 gstbasetransform.c:746:gst_base_transform_query_caps:<glcolorconvertelement0:sink> peer caps  video/x-raw(memory:GLMemory), width=(int)[ 1, 2147483647 ], height=(int)[ 1, 2147483647 ], framerate=(fraction)[ 0/1, 2147483647/1 ], format=(string)RGBA, texture-target=(string)2D
05-10 00:33:36.868  5448  5521 D GStreamer+baseparse: 0:00:31.308441238 0xf37ecd20 gstbaseparse.c:2965:gst_base_parse_process_streamheader:<mpegaudioparse0> No streamheader on caps
05-10 00:33:36.868  5448  5521 D GStreamer+baseparse: 0:00:31.308477801 0xf37ecd20 gstbaseparse.c:2677:gst_base_parse_drain:<mpegaudioparse0> draining
05-10 00:33:36.868  5448  5521 D GStreamer+GST_PERFORMANCE: 0:00:31.308540926 0xf37ecd20 gstminiobject.c:326:gst_mini_object_make_writable copy GstBuffer miniobject 0xf3ad5c08 -> 0xf3c8aa98
05-10 00:33:36.868  5448  5521 D GStreamer+baseparse: 0:00:31.308581759 0xf37ecd20 gstbaseparse.c:792:gst_base_parse_update_frame:<mpegaudioparse0> marking DISCONT
05-10 00:33:36.868  5448  5520 D GStreamer+basetransform: 0:00:31.308599572 0xf37eccc0 gstbasetransform.c:749:gst_base_transform_query_caps:<glcolorconvertelement0:sink> our template  video/x-raw(memory:GLMemory), format=(string){ RGBA, RGB, RGBx, BGR, BGRx, BGRA, xRGB, xBGR, ARGB, ABGR, Y444, I420, YV12, Y42B, Y41B, NV12, NV21, YUY2, UYVY, AYUV, GRAY8, GRAY16_LE, GRAY16_BE, RGB16, BGR16 }, width=(int)[ 1, 2147483647 ], height=(int)[ 1, 2147483647 ], framerate=(fraction)[ 0/1, 2147483647/1 ], texture-target=(string){ 2D, rectangle, external-oes }; video/x-raw(memory:GLMemory, meta:GstVideoOverlayComposition), format=(string){ RGBA, RGB, RGBx, BGR, BGRx, BGRA, xRGB, xBGR, ARGB, ABGR, Y444, I420, YV12, Y42B, Y41B, NV12, NV21, YUY2, UYVY, AYUV, GRAY8, GRAY16_LE, GRAY16_BE, RGB16, BGR16 }, width=(int)[ 1, 2147483647 ], height=(int)[ 1, 2147483647 ], framerate=(fraction)[ 0/1, 2147483647/1 ], texture-target=(string){ 2D, rectangle, external-oes }
05-10 00:33:36.868  5448  5521 D GStreamer+mpegaudioparse: 0:00:31.308624467 0xf37ecd20 gstmpegaudioparse.c:456:gst_mpeg_audio_parse_head_check:<mpegaudioparse0> checking mp3 header 0xfff364c0
05-10 00:33:36.868  5448  5521 D GStreamer+mpegaudioparse: 0:00:31.308677488 0xf37ecd20 gstmpegaudioparse.c:337:mp3_type_frame_length_from_header:<mpegaudioparse0> Calculated mp3 frame length of 144 bytes
05-10 00:33:36.868  5448  5520 D GStreamer+basetransform: 0:00:31.308705613 0xf37eccc0 gstbasetransform.c:751:gst_base_transform_query_caps:<glcolorconvertelement0:sink> intersected video/x-raw(memory:GLMemory), width=(int)[ 1, 2147483647 ], height=(int)[ 1, 2147483647 ], framerate=(fraction)[ 0/1, 2147483647/1 ], format=(string)RGBA, texture-target=(string)2D
05-10 00:33:36.868  5448  5521 D GStreamer+mpegaudioparse: 0:00:31.308739363 0xf37ecd20 gstmpegaudioparse.c:340:mp3_type_frame_length_from_header:<mpegaudioparse0> samplerate = 24000, bitrate = 48000, version = 2, layer = 3, channels = 1, mode = mono
05-10 00:33:36.868  5448  5520 D GStreamer+basetransform: 0:00:31.308756915 0xf37eccc0 gstbasetransform.c:533:gst_base_transform_transform_caps:<glcolorconvertelement0> transform caps (direction = 1)
05-10 00:33:36.868  5448  5521 D GStreamer+GST_SCHEDULING: 0:00:31.308796707 0xf37ecd20 gstpad.c:4159:gst_pad_chain_data_unchecked:<mpegaudioparse0:sink> called chainfunction &gst_base_parse_chain with buffer 0xf3ad5c08, returned ok
05-10 00:33:36.868  5448  5521 D GStreamer+GST_SCHEDULING: 0:00:31.308859363 0xf37ecd20 gstpad.c:4159:gst_pad_chain_data_unchecked:<typefind:sink> called chainfunction &gst_type_find_element_chain with buffer 0xf3ad5c08, returned ok
05-10 00:33:36.868  5448  5521 D GStreamer+GST_SCHEDULING: 0:00:31.308925249 0xf37ecd20 gstpad.c:4159:gst_pad_chain_data_unchecked:<decodebin0:sink> called chainfunction &gst_proxy_pad_chain_default with buffer 0xf3ad5c08, returned ok
05-10 00:33:36.868  5448  5522 D GStreamer+queue_dataflow: 0:00:31.308993009 0xf37ecd80 gstqueue.c:1204:gst_queue_chain_buffer_or_list:<queue2> queue is not full
05-10 00:33:36.868  5448  5520 D GStreamer+basetransform: 0:00:31.309010405 0xf37eccc0 gstbasetransform.c:560:gst_base_transform_transform_caps:<glcolorconvertelement0> to: video/x-raw(memory:GLMemory), format=(string)RGBA, texture-target=(string)external-oes, width=(int)[ 1, 2147483647 ], height=(int)[ 1, 2147483647 ], framerate=(fraction)[ 0/1, 2147483647/1 ]; video/x-raw(memory:GLMemory), format=(string)I420, width=(int)[ 1, 2147483647 ], height=(int)[ 1, 2147483647 ], framerate=(fraction)[ 0/1, 2147483647/1 ], texture-target=(string){ 2D, rectangle, external-oes }; video/x-raw(memory:GLMemory), format=(string)NV12, width=(int)[ 1, 2147483647 ], height=(int)[ 1, 2147483647 ], framerate=(fraction)[ 0/1, 2147483647/1 ], texture-target=(string){ 2D, rectangle, external-oes }
05-10 00:33:36.869  5448  5522 D GStreamer+GST_SCHEDULING: 0:00:31.309039155 0xf37ecd80 gstpad.c:4159:gst_pad_chain_data_unchecked:<queue2:sink> called chainfunction &gst_queue_chain with buffer 0xf3c1b480, returned ok
05-10 00:33:36.869  5448  5522 D GStreamer+qtdemux: 0:00:31.309089624 0xf37ecd80 qtdemux.c:7675:qtdemux_parse_samples:<q> parsing up to sample 44
05-10 00:33:36.869  5448  5522 D GStreamer+qtdemux: 0:00:31.309165405 0xf37ecd80 qtdemux.c:7882:qtdemux_parse_samples:<q> sample 44: index 44, timestamp 0:00:01.056000000
05-10 00:33:36.869  5448  5520 D GStreamer+basetransform: 0:00:31.309196030 0xf37eccc0 gstbasetransform.c:759:gst_base_transform_query_caps:<glcolorconvertelement0:sink> transformed  video/x-raw(memory:GLMemory), format=(string)RGBA, texture-target=(string)external-oes, width=(int)[ 1, 2147483647 ], height=(int)[ 1, 2147483647 ], framerate=(fraction)[ 0/1, 2147483647/1 ]; video/x-raw(memory:GLMemory), format=(string)I420, width=(int)[ 1, 2147483647 ], height=(int)[ 1, 2147483647 ], framerate=(fraction)[ 0/1, 2147483647/1 ], texture-target=(string){ 2D, rectangle, external-oes }; video/x-raw(memory:GLMemory), format=(string)NV12, width=(int)[ 1, 2147483647 ], height=(int)[ 1, 2147483647 ], framerate=(fraction)[ 0/1, 2147483647/1 ], texture-target=(string){ 2D, rectangle, external-oes }
05-10 00:33:36.869  5448  5522 D GStreamer+qtdemux: 0:00:31.309209780 0xf37ecd80 qtdemux.c:7982:qtdemux_parse_samples:<q> setting all keyframes
05-10 00:33:36.869  5448  5522 D GStreamer+qtdemux: 0:00:31.309287592 0xf37ecd80 qtdemux.c:5197:gst_qtdemux_loop_state_movie:<q> pushing from stream 0, empty 0 offset 1567531, size 41253, dts=0:00:00.735666666, pts=0:00:00.735666666, duration 0:00:00.020000000
05-10 00:33:36.869  5448  5522 D GStreamer+basesrc: 0:00:31.309354155 0xf37ecd80 gstbasesrc.c:2355:gst_base_src_update_length:<filesrc0> reading offset 1567531, length 41253, size 15003960, segment.stop -1, maxsize 15003960
05-10 00:33:36.869  5448  5520 D GStreamer+basetransform: 0:00:31.309367072 0xf37eccc0 gstbasetransform.c:766:gst_base_transform_query_caps:<glcolorconvertelement0:sink> our template  video/x-raw(memory:GLMemory), format=(string){ RGBA, RGB, RGBx, BGR, BGRx, BGRA, xRGB, xBGR, ARGB, ABGR, Y444, I420, YV12, Y42B, Y41B, NV12, NV21, YUY2, UYVY, AYUV, GRAY8, GRAY16_LE, GRAY16_BE, RGB16, BGR16 }, width=(int)[ 1, 2147483647 ], height=(int)[ 1, 2147483647 ], framerate=(fraction)[ 0/1, 2147483647/1 ], texture-target=(string){ 2D, rectangle, external-oes }; video/x-raw(memory:GLMemory, meta:GstVideoOverlayComposition), format=(string){ RGBA, RGB, RGBx, BGR, BGRx, BGRA, xRGB, xBGR, ARGB, ABGR, Y444, I420, YV12, Y42B, Y41B, NV12, NV21, YUY2, UYVY, AYUV, GRAY8, GRAY16_LE, GRAY16_BE, RGB16, BGR16 }, width=(int)[ 1, 2147483647 ], height=(int)[ 1, 2147483647 ], framerate=(fraction)[ 0/1, 2147483647/1 ], texture-target=(string){ 2D, rectangle, external-oes }
05-10 00:33:36.869  5448  5522 D GStreamer+basesrc: 0:00:31.309395561 0xf37ecd80 gstbasesrc.c:2456:gst_base_src_get_range:<filesrc0> calling create offset 1567531 length 41253, time 0
05-10 00:33:36.869  5448  5522 D GStreamer+GST_MEMORY: 0:00:31.309447644 0xf37ecd80 gstmemory.c:138:gst_memory_init new memory 0xf3c8b800, maxsize:41256 offset:0 size:41253
05-10 00:33:36.869  5448  5520 D GStreamer+basetransform: 0:00:31.309601759 0xf37eccc0 gstbasetransform.c:769:gst_base_transform_query_caps:<glcolorconvertelement0:sink> intersected video/x-raw(memory:GLMemory), format=(string)RGBA, texture-target=(string)external-oes, width=(int)[ 1, 2147483647 ], height=(int)[ 1, 2147483647 ], framerate=(fraction)[ 0/1, 2147483647/1 ]; video/x-raw(memory:GLMemory), format=(string)I420, width=(int)[ 1, 2147483647 ], height=(int)[ 1, 2147483647 ], framerate=(fraction)[ 0/1, 2147483647/1 ], texture-target=(string){ 2D, rectangle, external-oes }; video/x-raw(memory:GLMemory), format=(string)NV12, width=(int)[ 1, 2147483647 ], height=(int)[ 1, 2147483647 ], framerate=(fraction)[ 0/1, 2147483647/1 ], texture-target=(string){ 2D, rectangle, external-oes }
05-10 00:33:36.869  5448  5521 D GStreamer+GST_SCHEDULING: 0:00:31.309621342 0xf37ecd20 gstpad.c:4153:gst_pad_chain_data_unchecked:<decodebin0:sink> calling chainfunction &gst_proxy_pad_chain_default with buffer buffer: 0xf3ad5b68, pts 0:00:00.024000000, dts 0:00:00.024000000, dur 0:00:00.024000000, size 144, offset none, offset_end none, flags 0x0
05-10 00:33:36.869  5448  5522 D GStreamer+basesrc: 0:00:31.309760353 0xf37ecd80 gstbasesrc.c:2310:gst_base_src_do_sync:<filesrc0> we have no clock
05-10 00:33:36.869  5448  5522 D GStreamer+basesrc: 0:00:31.309807592 0xf37ecd80 gstbasesrc.c:2520:gst_base_src_get_range:<filesrc0> buffer ok
05-10 00:33:36.869  5448  5520 D GStreamer+basetransform: 0:00:31.309895613 0xf37eccc0 gstbasetransform.c:793:gst_base_transform_query_caps:<glcolorconvertelement0> returning  video/x-raw(memory:GLMemory), format=(string)RGBA, texture-target=(string)external-oes, width=(int)[ 1, 2147483647 ], height=(int)[ 1, 2147483647 ], framerate=(fraction)[ 0/1, 2147483647/1 ]; video/x-raw(memory:GLMemory), format=(string)I420, width=(int)[ 1, 2147483647 ], height=(int)[ 1, 2147483647 ], framerate=(fraction)[ 0/1, 2147483647/1 ], texture-target=(string){ 2D, rectangle, external-oes }; video/x-raw(memory:GLMemory), format=(string)NV12, width=(int)[ 1, 2147483647 ], height=(int)[ 1, 2147483647 ], framerate=(fraction)[ 0/1, 2147483647/1 ], texture-target=(string){ 2D, rectangle, external-oes }
05-10 00:33:36.869  5448  5522 D GStreamer+GST_SCHEDULING: 0:00:31.309906863 0xf37ecd80 gstpad.c:4153:gst_pad_chain_data_unchecked:<queue0:sink> calling chainfunction &gst_queue_chain with buffer buffer: 0xf3c1b520, pts 0:00:00.735666666, dts 0:00:00.735666666, dur 0:00:00.020000000, size 41253, offset none, offset_end none, flags 0x0
05-10 00:33:36.869  5448  5520 D GStreamer+GST_PADS: 0:00:31.309951915 0xf37eccc0 gstpad.c:3905:gst_pad_query:<glcolorconvertelement0:sink> sent query 0xf3a257b0 (caps), result 1
05-10 00:33:36.869  5448  5522 D GStreamer+GST_SCHEDULING: 0:00:31.309966707 0xf37ecd80 gstpad.c:4159:gst_pad_chain_data_unchecked:<queue0:sink> called chainfunction &gst_queue_chain with buffer 0xf3c1b520, returned ok
05-10 00:33:36.869  5448  5522 D GStreamer+qtdemux: 0:00:31.310012019 0xf37ecd80 qtdemux.c:7675:qtdemux_parse_samples:<q> parsing up to sample 37
05-10 00:33:36.870  5448  5522 D GStreamer+qtdemux: 0:00:31.310075457 0xf37ecd80 qtdemux.c:7882:qtdemux_parse_samples:<q> sample 37: index 1, timestamp 0:00:00.755666666
05-10 00:33:36.870  5448  5520 D GStreamer+GST_CAPS: 0:00:31.310130405 0xf37eccc0 gstutils.c:2891:gst_pad_peer_query_caps:<gluploadelement0:src> peer query returned video/x-raw(memory:GLMemory), format=(string)RGBA, texture-target=(string)external-oes, width=(int)[ 1, 2147483647 ], height=(int)[ 1, 2147483647 ], framerate=(fraction)[ 0/1, 2147483647/1 ]; video/x-raw(memory:GLMemory), format=(string)I420, width=(int)[ 1, 2147483647 ], height=(int)[ 1, 2147483647 ], framerate=(fraction)[ 0/1, 2147483647/1 ], texture-target=(string){ 2D, rectangle, external-oes }; video/x-raw(memory:GLMemory), format=(string)NV12, width=(int)[ 1, 2147483647 ], height=(int)[ 1, 2147483647 ], framerate=(fraction)[ 0/1, 2147483647/1 ], texture-target=(string){ 2D, rectangle, external-oes }
05-10 00:33:36.870  5448  5522 D GStreamer+qtdemux: 0:00:31.310144832 0xf37ecd80 qtdemux.c:7937:qtdemux_parse_samples:<q> samples at 37 is keyframe
05-10 00:33:36.870  5448  5522 D GStreamer+qtdemux: 0:00:31.310217592 0xf37ecd80 qtdemux.c:5197:gst_qtdemux_loop_state_movie:<q> pushing from stream 1, empty 0 offset 1650029, size 144, dts=0:00:01.056000000, pts=0:00:01.056000000, duration 0:00:00.024000000
05-10 00:33:36.870  5448  5522 D GStreamer+basesrc: 0:00:31.310287801 0xf37ecd80 gstbasesrc.c:2355:gst_base_src_update_length:<filesrc0> reading offset 1650029, length 144, size 15003960, segment.stop -1, maxsize 15003960
05-10 00:33:36.870  5448  5520 D GStreamer+basetransform: 0:00:31.310318113 0xf37eccc0 gstbasetransform.c:746:gst_base_transform_query_caps:<gluploadelement0:sink> peer caps  video/x-raw(memory:GLMemory), format=(string)RGBA, texture-target=(string)external-oes, width=(int)[ 1, 2147483647 ], height=(int)[ 1, 2147483647 ], framerate=(fraction)[ 0/1, 2147483647/1 ]; video/x-raw(memory:GLMemory), format=(string)I420, width=(int)[ 1, 2147483647 ], height=(int)[ 1, 2147483647 ], framerate=(fraction)[ 0/1, 2147483647/1 ], texture-target=(string){ 2D, rectangle, external-oes }; video/x-raw(memory:GLMemory), format=(string)NV12, width=(int)[ 1, 2147483647 ], height=(int)[ 1, 2147483647 ], framerate=(fraction)[ 0/1, 2147483647/1 ], texture-target=(string){ 2D, rectangle, external-oes }
05-10 00:33:36.870  5448  5522 D GStreamer+basesrc: 0:00:31.310337280 0xf37ecd80 gstbasesrc.c:2456:gst_base_src_get_range:<filesrc0> calling create offset 1650029 length 144, time 0
05-10 00:33:36.870  5448  5520 D GStreamer+basetransform: 0:00:31.310364728 0xf37eccc0 gstbasetransform.c:749:gst_base_transform_query_caps:<gluploadelement0:sink> our template  video/x-raw(ANY)
05-10 00:33:36.870  5448  5522 D GStreamer+GST_MEMORY: 0:00:31.310374519 0xf37ecd80 gstmemory.c:138:gst_memory_init new memory 0xf3c1aba8, maxsize:147 offset:0 size:144
05-10 00:33:36.870  5448  5522 D GStreamer+basesrc: 0:00:31.310416342 0xf37ecd80 gstbasesrc.c:2310:gst_base_src_do_sync:<filesrc0> we have no clock
05-10 00:33:36.870  5448  5522 D GStreamer+basesrc: 0:00:31.310457697 0xf37ecd80 gstbasesrc.c:2520:gst_base_src_get_range:<filesrc0> buffer ok
05-10 00:33:36.870  5448  5520 D GStreamer+basetransform: 0:00:31.310571759 0xf37eccc0 gstbasetransform.c:751:gst_base_transform_query_caps:<gluploadelement0:sink> intersected video/x-raw(memory:GLMemory), format=(string)RGBA, texture-target=(string)external-oes, width=(int)[ 1, 2147483647 ], height=(int)[ 1, 2147483647 ], framerate=(fraction)[ 0/1, 2147483647/1 ]; video/x-raw(memory:GLMemory), format=(string)I420, width=(int)[ 1, 2147483647 ], height=(int)[ 1, 2147483647 ], framerate=(fraction)[ 0/1, 2147483647/1 ], texture-target=(string){ 2D, rectangle, external-oes }; video/x-raw(memory:GLMemory), format=(string)NV12, width=(int)[ 1, 2147483647 ], height=(int)[ 1, 2147483647 ], framerate=(fraction)[ 0/1, 2147483647/1 ], texture-target=(string){ 2D, rectangle, external-oes }
05-10 00:33:36.870  5448  5522 D GStreamer+GST_SCHEDULING: 0:00:31.310585665 0xf37ecd80 gstpad.c:4153:gst_pad_chain_data_unchecked:<queue2:sink> calling chainfunction &gst_queue_chain with buffer buffer: 0xf3c1b5c0, pts 0:00:01.056000000, dts 0:00:01.056000000, dur 0:00:00.024000000, size 144, offset none, offset_end none, flags 0x0
05-10 00:33:36.870  5448  5520 D GStreamer+basetransform: 0:00:31.310609676 0xf37eccc0 gstbasetransform.c:533:gst_base_transform_transform_caps:<gluploadelement0> transform caps (direction = 1)
05-10 00:33:36.870  5448  5522 D GStreamer+queue_dataflow: 0:00:31.310624572 0xf37ecd80 gstqueue.c:1196:gst_queue_chain_buffer_or_list:<queue2> queue is full, waiting for free space
05-10 00:33:36.870  5448  5521 D GStreamer+GST_SCHEDULING: 0:00:31.310677592 0xf37ecd20 gstpad.c:4153:gst_pad_chain_data_unchecked:<typefind:sink> calling chainfunction &gst_type_find_element_chain with buffer buffer: 0xf3ad5b68, pts 0:00:00.024000000, dts 0:00:00.024000000, dur 0:00:00.024000000, size 144, offset none, offset_end none, flags 0x0
05-10 00:33:36.870  5448  5521 D GStreamer+GST_SCHEDULING: 0:00:31.310787124 0xf37ecd20 gstpad.c:4153:gst_pad_chain_data_unchecked:<mpegaudioparse0:sink> calling chainfunction &gst_base_parse_chain with buffer buffer: 0xf3ad5b68, pts 0:00:00.024000000, dts 0:00:00.024000000, dur 0:00:00.024000000, size 144, offset none, offset_end none, flags 0x0
05-10 00:33:36.870  5448  5520 D GStreamer+GST_PERFORMANCE: 0:00:31.310806134 0xf37eccc0 gstcaps.c:169:_gst_caps_copy:<0xf39ff590> doing copy 0xf39ff590 -> 0xf39ff518
05-10 00:33:36.870  5448  5521 D GStreamer+baseparse: 0:00:31.310827592 0xf37ecd20 gstbaseparse.c:2985:gst_base_parse_chain:<mpegaudioparse0> chain
05-10 00:33:36.870  5448  5521 D GStreamer+adapter: 0:00:31.310874884 0xf37ecd20 gstadapter.c:296:copy_into_unchecked bsize 144, skip 0, csize 144
05-10 00:33:36.870  5448  5521 D GStreamer+GST_MEMORY: 0:00:31.310922384 0xf37ecd20 gstmemory.c:138:gst_memory_init new memory 0xf3a37198, maxsize:288 offset:0 size:288
05-10 00:33:36.870  5448  5521 D GStreamer+mpegaudioparse: 0:00:31.310967332 0xf37ecd20 gstmpegaudioparse.c:456:gst_mpeg_audio_parse_head_check:<mpegaudioparse0> checking mp3 header 0xfff364c0
05-10 00:33:36.870  5448  5520 D GStreamer+GST_PERFORMANCE: 0:00:31.311001915 0xf37eccc0 gstcaps.c:169:_gst_caps_copy:<0xf39ff590> doing copy 0xf39ff590 -> 0xf39da990
05-10 00:33:36.870  5448  5521 D GStreamer+mpegaudioparse: 0:00:31.311018790 0xf37ecd20 gstmpegaudioparse.c:337:mp3_type_frame_length_from_header:<mpegaudioparse0> Calculated mp3 frame length of 144 bytes
05-10 00:33:36.871  5448  5521 D GStreamer+mpegaudioparse: 0:00:31.311075197 0xf37ecd20 gstmpegaudioparse.c:340:mp3_type_frame_length_from_header:<mpegaudioparse0> samplerate = 24000, bitrate = 48000, version = 2, layer = 3, channels = 1, mode = mono
05-10 00:33:36.871  5448  5521 D GStreamer+mpegaudioparse: 0:00:31.311139832 0xf37ecd20 gstmpegaudioparse.c:407:gst_mp3parse_validate_extended:<mpegaudioparse0> At 144: header=FFF364C0, header2=FFF364C0, bpf=144
05-10 00:33:36.871  5448  5521 D GStreamer+mpegaudioparse: 0:00:31.311186186 0xf37ecd20 gstmpegaudioparse.c:337:mp3_type_frame_length_from_header:<mpegaudioparse0> Calculated mp3 frame length of 144 bytes
05-10 00:33:36.871  5448  5520 D GStreamer+GST_PERFORMANCE: 0:00:31.311212332 0xf37eccc0 gstcaps.c:169:_gst_caps_copy:<0xf39ff590> doing copy 0xf39ff590 -> 0xf39da968
05-10 00:33:36.871  5448  5521 D GStreamer+mpegaudioparse: 0:00:31.311244415 0xf37ecd20 gstmpegaudioparse.c:340:mp3_type_frame_length_from_header:<mpegaudioparse0> samplerate = 24000, bitrate = 48000, version = 2, layer = 3, channels = 1, mode = mono
05-10 00:33:36.871  5448  5521 D GStreamer+GST_MEMORY: 0:00:31.311283269 0xf37ecd20 gstmemory.c:87:_gst_memory_free free memory 0xf3a37198
05-10 00:33:36.871  5448  5521 D GStreamer+GST_SCHEDULING: 0:00:31.311332072 0xf37ecd20 gstpad.c:4159:gst_pad_chain_data_unchecked:<mpegaudioparse0:sink> called chainfunction &gst_base_parse_chain with buffer 0xf3ad5b68, returned ok
05-10 00:33:36.871  5448  5521 D GStreamer+GST_SCHEDULING: 0:00:31.311395144 0xf37ecd20 gstpad.c:4159:gst_pad_chain_data_unchecked:<typefind:sink> called chainfunction &gst_type_find_element_chain with buffer 0xf3ad5b68, returned ok
05-10 00:33:36.871  5448  5520 D GStreamer+GST_PERFORMANCE: 0:00:31.311429155 0xf37eccc0 gstcaps.c:169:_gst_caps_copy:<0xf39ff590> doing copy 0xf39ff590 -> 0xf39ff4c8
05-10 00:33:36.871  5448  5521 D GStreamer+GST_SCHEDULING: 0:00:31.311449155 0xf37ecd20 gstpad.c:4159:gst_pad_chain_data_unchecked:<decodebin0:sink> called chainfunction &gst_proxy_pad_chain_default with buffer 0xf3ad5b68, returned ok
05-10 00:33:36.871  5448  5522 D GStreamer+queue_dataflow: 0:00:31.311508426 0xf37ecd80 gstqueue.c:1204:gst_queue_chain_buffer_or_list:<queue2> queue is not full
05-10 00:33:36.871  5448  5522 D GStreamer+GST_SCHEDULING: 0:00:31.311563530 0xf37ecd80 gstpad.c:4159:gst_pad_chain_data_unchecked:<queue2:sink> called chainfunction &gst_queue_chain with buffer 0xf3c1b5c0, returned ok
05-10 00:33:36.871  5448  5522 D GStreamer+qtdemux: 0:00:31.311620353 0xf37ecd80 qtdemux.c:7675:qtdemux_parse_samples:<q> parsing up to sample 45
05-10 00:33:36.871  5448  5520 D GStreamer+basetransform: 0:00:31.311673894 0xf37eccc0 gstbasetransform.c:560:gst_base_transform_transform_caps:<gluploadelement0> to: video/x-raw(memory:GLMemory), format=(string)RGBA, texture-target=(string)external-oes, width=(int)[ 1, 2147483647 ], height=(int)[ 1, 2147483647 ], framerate=(fraction)[ 0/1, 2147483647/1 ]; video/x-raw, format=(string)I420, width=(int)[ 1, 2147483647 ], height=(int)[ 1, 2147483647 ], framerate=(fraction)[ 0/1, 2147483647/1 ]; video/x-raw, format=(string)NV12, width=(int)[ 1, 2147483647 ], height=(int)[ 1, 2147483647 ], framerate=(fraction)[ 0/1, 2147483647/1 ]
05-10 00:33:36.871  5448  5522 D GStreamer+qtdemux: 0:00:31.311689624 0xf37ecd80 qtdemux.c:7882:qtdemux_parse_samples:<q> sample 45: index 45, timestamp 0:00:01.080000000
05-10 00:33:36.871  5448  5522 D GStreamer+qtdemux: 0:00:31.311727957 0xf37ecd80 qtdemux.c:7982:qtdemux_parse_samples:<q> setting all keyframes
05-10 00:33:36.871  5448  5522 D GStreamer+qtdemux: 0:00:31.311812592 0xf37ecd80 qtdemux.c:5197:gst_qtdemux_loop_state_movie:<q> pushing from stream 0, empty 0 offset 1608928, size 41101, dts=0:00:00.755666666, pts=0:00:00.755666666, duration 0:00:00.020000000
05-10 00:33:36.871  5448  5520 D GStreamer+basetransform: 0:00:31.311834519 0xf37eccc0 gstbasetransform.c:759:gst_base_transform_query_caps:<gluploadelement0:sink> transformed  video/x-raw(memory:GLMemory), format=(string)RGBA, texture-target=(string)external-oes, width=(int)[ 1, 2147483647 ], height=(int)[ 1, 2147483647 ], framerate=(fraction)[ 0/1, 2147483647/1 ]; video/x-raw, format=(string)I420, width=(int)[ 1, 2147483647 ], height=(int)[ 1, 2147483647 ], framerate=(fraction)[ 0/1, 2147483647/1 ]; video/x-raw, format=(string)NV12, width=(int)[ 1, 2147483647 ], height=(int)[ 1, 2147483647 ], framerate=(fraction)[ 0/1, 2147483647/1 ]
05-10 00:33:36.871  5448  5522 D GStreamer+basesrc: 0:00:31.311870509 0xf37ecd80 gstbasesrc.c:2355:gst_base_src_update_length:<filesrc0> reading offset 1608928, length 41101, size 15003960, segment.stop -1, maxsize 15003960
05-10 00:33:36.871  5448  5522 D GStreamer+basesrc: 0:00:31.311924676 0xf37ecd80 gstbasesrc.c:2456:gst_base_src_get_range:<filesrc0> calling create offset 1608928 length 41101, time 0
05-10 00:33:36.871  5448  5522 D GStreamer+GST_MEMORY: 0:00:31.311985665 0xf37ecd80 gstmemory.c:138:gst_memory_init new memory 0xf3c95980, maxsize:41104 offset:0 size:41101
05-10 00:33:36.872  5448  5522 D GStreamer+basesrc: 0:00:31.312072697 0xf37ecd80 gstbasesrc.c:2310:gst_base_src_do_sync:<filesrc0> we have no clock
05-10 00:33:36.872  5448  5522 D GStreamer+basesrc: 0:00:31.312127540 0xf37ecd80 gstbasesrc.c:2520:gst_base_src_get_range:<filesrc0> buffer ok
05-10 00:33:36.872  5448  5522 D GStreamer+GST_SCHEDULING: 0:00:31.312230092 0xf37ecd80 gstpad.c:4153:gst_pad_chain_data_unchecked:<queue0:sink> calling chainfunction &gst_queue_chain with buffer buffer: 0xf3c1b660, pts 0:00:00.755666666, dts 0:00:00.755666666, dur 0:00:00.020000000, size 41101, offset none, offset_end none, flags 0x0
05-10 00:33:36.872  5448  5520 D GStreamer+basetransform: 0:00:31.312281342 0xf37eccc0 gstbasetransform.c:766:gst_base_transform_query_caps:<gluploadelement0:sink> our template  video/x-raw(memory:GLMemory, meta:GstVideoOverlayComposition), format=(string){ RGBA, BGRA, RGBx, BGRx, ARGB, ABGR, xRGB, xBGR, RGB, BGR, RGB16, BGR16, AYUV, I420, YV12, NV12, NV21, YUY2, UYVY, Y41B, Y42B, Y444, GRAY8, GRAY16_LE, GRAY16_BE }, width=(int)[ 1, 2147483647 ], height=(int)[ 1, 2147483647 ], framerate=(fraction)[ 0/1, 2147483647/1 ]; video/x-raw(memory:EGLImage, meta:GstVideoOverlayComposition), format=(string)RGBA, width=(int)[ 1, 2147483647 ], height=(int)[ 1, 2147483647 ], framerate=(fraction)[ 0/1, 2147483647/1 ]; video/x-raw(meta:GstVideoGLTextureUploadMeta, meta:GstVideoOverlayComposition), format=(string)RGBA, width=(int)[ 1, 2147483647 ], height=(int)[ 1, 2147483647 ], framerate=(fraction)[ 0/1, 2147483647/1 ]; video/x-raw(memory:SystemMemory, meta:GstVideoOverlayComposition), format=(string){ RGBA, BGRA, RGBx, BGRx, ARGB, ABGR, xRGB, xBGR, RGB, BGR, RGB16, BGR16, AYUV, I
05-10 00:33:36.872  5448  5522 D GStreamer+GST_SCHEDULING: 0:00:31.312300509 0xf37ecd80 gstpad.c:4159:gst_pad_chain_data_unchecked:<queue0:sink> called chainfunction &gst_queue_chain with buffer 0xf3c1b660, returned ok
05-10 00:33:36.872  5448  5522 D GStreamer+qtdemux: 0:00:31.312340249 0xf37ecd80 qtdemux.c:7675:qtdemux_parse_samples:<q> parsing up to sample 38
05-10 00:33:36.872  5448  5522 D GStreamer+qtdemux: 0:00:31.312397749 0xf37ecd80 qtdemux.c:7882:qtdemux_parse_samples:<q> sample 38: index 0, timestamp 0:00:00.775666666
05-10 00:33:36.872  5448  5522 D GStreamer+qtdemux: 0:00:31.312451811 0xf37ecd80 qtdemux.c:7937:qtdemux_parse_samples:<q> samples at 38 is keyframe
05-10 00:33:36.872  5448  5520 D GStreamer+basetransform: 0:00:31.312490353 0xf37eccc0 gstbasetransform.c:769:gst_base_transform_query_caps:<gluploadelement0:sink> intersected video/x-raw(memory:GLMemory), format=(string)RGBA, texture-target=(string)external-oes, width=(int)[ 1, 2147483647 ], height=(int)[ 1, 2147483647 ], framerate=(fraction)[ 0/1, 2147483647/1 ]; video/x-raw, format=(string)I420, width=(int)[ 1, 2147483647 ], height=(int)[ 1, 2147483647 ], framerate=(fraction)[ 0/1, 2147483647/1 ]; video/x-raw, format=(string)NV12, width=(int)[ 1, 2147483647 ], height=(int)[ 1, 2147483647 ], framerate=(fraction)[ 0/1, 2147483647/1 ]
05-10 00:33:36.872  5448  5522 D GStreamer+qtdemux: 0:00:31.312532540 0xf37ecd80 qtdemux.c:5197:gst_qtdemux_loop_state_movie:<q> pushing from stream 1, empty 0 offset 1691642, size 144, dts=0:00:01.080000000, pts=0:00:01.080000000, duration 0:00:00.024000000
05-10 00:33:36.872  5448  5522 D GStreamer+basesrc: 0:00:31.312590978 0xf37ecd80 gstbasesrc.c:2355:gst_base_src_update_length:<filesrc0> reading offset 1691642, length 144, size 15003960, segment.stop -1, maxsize 15003960
05-10 00:33:36.872  5448  5522 D GStreamer+basesrc: 0:00:31.312641759 0xf37ecd80 gstbasesrc.c:2456:gst_base_src_get_range:<filesrc0> calling create offset 1691642 length 144, time 0
05-10 00:33:36.872  5448  5520 D GStreamer+basetransform: 0:00:31.312669832 0xf37eccc0 gstbasetransform.c:793:gst_base_transform_query_caps:<gluploadelement0> returning  video/x-raw(memory:GLMemory), format=(string)RGBA, texture-target=(string)external-oes, width=(int)[ 1, 2147483647 ], height=(int)[ 1, 2147483647 ], framerate=(fraction)[ 0/1, 2147483647/1 ]; video/x-raw, format=(string)I420, width=(int)[ 1, 2147483647 ], height=(int)[ 1, 2147483647 ], framerate=(fraction)[ 0/1, 2147483647/1 ]; video/x-raw, format=(string)NV12, width=(int)[ 1, 2147483647 ], height=(int)[ 1, 2147483647 ], framerate=(fraction)[ 0/1, 2147483647/1 ]
05-10 00:33:36.872  5448  5522 D GStreamer+GST_MEMORY: 0:00:31.312685561 0xf37ecd80 gstmemory.c:138:gst_memory_init new memory 0xf3c1ac90, maxsize:147 offset:0 size:144
05-10 00:33:36.872  5448  5522 D GStreamer+basesrc: 0:00:31.312727905 0xf37ecd80 gstbasesrc.c:2310:gst_base_src_do_sync:<filesrc0> we have no clock
05-10 00:33:36.872  5448  5520 D GStreamer+GST_PADS: 0:00:31.312744884 0xf37eccc0 gstpad.c:3905:gst_pad_query:<gluploadelement0:sink> sent query 0xf39ff260 (caps), result 1
05-10 00:33:36.872  5448  5522 D GStreamer+basesrc: 0:00:31.312767280 0xf37ecd80 gstbasesrc.c:2520:gst_base_src_get_range:<filesrc0> buffer ok
05-10 00:33:36.872  5448  5522 D GStreamer+GST_SCHEDULING: 0:00:31.312858686 0xf37ecd80 gstpad.c:4153:gst_pad_chain_data_unchecked:<queue2:sink> calling chainfunction &gst_queue_chain with buffer buffer: 0xf3c1b700, pts 0:00:01.080000000, dts 0:00:01.080000000, dur 0:00:00.024000000, size 144, offset none, offset_end none, flags 0x0
05-10 00:33:36.872  5448  5522 D GStreamer+queue_dataflow: 0:00:31.312914311 0xf37ecd80 gstqueue.c:1196:gst_queue_chain_buffer_or_list:<queue2> queue is full, waiting for free space
05-10 00:33:36.872  5448  5520 D GStreamer+default: 0:00:31.312932488 0xf37eccc0 gstutils.c:2561:query_caps_func:<sink:proxypad0> intersect with result video/x-raw(memory:GLMemory), format=(string)RGBA, texture-target=(string)external-oes, width=(int)[ 1, 2147483647 ], height=(int)[ 1, 2147483647 ], framerate=(fraction)[ 0/1, 2147483647/1 ]; video/x-raw, format=(string)I420, width=(int)[ 1, 2147483647 ], height=(int)[ 1, 2147483647 ], framerate=(fraction)[ 0/1, 2147483647/1 ]; video/x-raw, format=(string)NV12, width=(int)[ 1, 2147483647 ], height=(int)[ 1, 2147483647 ], framerate=(fraction)[ 0/1, 2147483647/1 ]
