05-10 00:33:36.692  5448  5448 I GStreamer+GST_PADS: 0:00:31.132927905 0xf35f2200 gstpad.c:5947:gst_pad_start_task:<queue3:src> created task 0xf3ac3828
05-10 00:33:36.692  5448  5448 D GStreamer+GST_PADS: 0:00:31.132981551 0xf35f2200 gstpad.c:5864:do_stream_status:<queue3:src> doing stream-status 0
05-10 00:33:36.692  5448  5448 D GStreamer+GST_PADS: 0:00:31.133023947 0xf35f2200 gstpad.c:5893:do_stream_status:<queue3:src> posting stream-status 0
05-10 00:33:36.693  5448  5448 D GStreamer+GST_BUS: 0:00:31.133131967 0xf35f2200 gstbus.c:309:gst_bus_post:<bus3> [msg 0xf37f5570] posting on bus stream-status message: 0xf37f5570, time 99:99:99.999999999, seq-num 72, element 'src', GstMessageStreamStatus, type=(GstStreamStatusType)GST_STREAM_STATUS_TYPE_CREATE, owner=(GstElement)"\(GstQueue\)\ queue3", object=(GstTask)"\(GstTask\)\ task0";
05-10 00:33:36.693  5448  5448 D GStreamer+bin: 0:00:31.133173738 0xf35f2200 gstbin.c:3528:gst_bin_handle_message_func:<pipeline0> [msg 0xf37f5570] handling child src message of type stream-status
05-10 00:33:36.693  5448  5448 D GStreamer+bin: 0:00:31.133226811 0xf35f2200 gstbin.c:3865:gst_bin_handle_message_func:<pipeline0> posting message upward
05-10 00:33:36.693  5448  5448 D GStreamer+GST_BUS: 0:00:31.133317436 0xf35f2200 gstbus.c:309:gst_bus_post:<bus4> [msg 0xf37f5570] posting on bus stream-status message: 0xf37f5570, time 99:99:99.999999999, seq-num 72, element 'src', GstMessageStreamStatus, type=(GstStreamStatusType)GST_STREAM_STATUS_TYPE_CREATE, owner=(GstElement)"\(GstQueue\)\ queue3", object=(GstTask)"\(GstTask\)\ task0";
05-10 00:33:36.693  5448  5448 D GStreamer+GST_BUS: 0:00:31.133352540 0xf35f2200 gstbus.c:348:gst_bus_post:<bus4> [msg 0xf37f5570] pushing on async queue
05-10 00:33:36.693  5448  5448 D GStreamer+GST_BUS: 0:00:31.133390770 0xf35f2200 gstbus.c:351:gst_bus_post:<bus4> [msg 0xf37f5570] pushed on async queue
05-10 00:33:36.693  5448  5448 D GStreamer+GST_BUS: 0:00:31.133451395 0xf35f2200 gstbus.c:344:gst_bus_post:<bus3> [msg 0xf37f5570] dropped
05-10 00:33:36.693  5448  5504 D GStreamer+GST_BUS: 0:00:31.133468113 0xf394d800 gstbus.c:521:gst_bus_timed_pop_filtered:<bus4> got message 0xf37f5570, stream-status from src, type mask is 4294967295
05-10 00:33:36.693  5448  5448 D GStreamer+task: 0:00:31.133490978 0xf35f2200 gsttask.c:682:gst_task_set_state:<task0> Changing task 0xf3ac3828 to state 0
05-10 00:33:36.693  5448  5504 D GStreamer+GST_BUS: 0:00:31.133556342 0xf394d800 gstbus.c:789:gst_bus_source_dispatch:<bus4> source 0xf3aca788 calling dispatch with stream-status message: 0xf37f5570, time 99:99:99.999999999, seq-num 72, element 'src', GstMessageStreamStatus, type=(GstStreamStatusType)GST_STREAM_STATUS_TYPE_CREATE, owner=(GstElement)"\(GstQueue\)\ queue3", object=(GstTask)"\(GstTask\)\ task0";
05-10 00:33:36.693  5448  5504 D GStreamer+GST_BUS: 0:00:31.133600457 0xf394d800 gstbus.c:794:gst_bus_source_dispatch:<bus4> source 0xf3aca788 handler returns 1
05-10 00:33:36.693  5448  5448 D GStreamer+GST_PADS: 0:00:31.133648686 0xf35f2200 gstpad.c:1198:gst_pad_activate_mode:<queue3:src> activated in push mode
05-10 00:33:36.693  5448  5518 D GStreamer+task: 0:00:31.133685613 0xf37ecc30 gsttask.c:287:gst_task_func Entering task 0xf3ac3828, thread 0xf37ecc30
05-10 00:33:36.693  5448  5448 D GStreamer+GST_PADS: 0:00:31.133695874 0xf35f2200 gstpad.c:1056:gst_pad_set_active:<queue3:sink> activating pad from none
05-10 00:33:36.693  5448  5518 D GStreamer+GST_PADS: 0:00:31.133733947 0xf37ecc30 gstpad.c:5864:do_stream_status:<queue3:src> doing stream-status 1
05-10 00:33:36.693  5448  5448 D GStreamer+GST_PADS: 0:00:31.133768217 0xf35f2200 gstpad.c:972:pre_activate:<queue3:sink> setting pad into push mode, unset flushing
05-10 00:33:36.693  5448  5518 D GStreamer+GST_PADS: 0:00:31.133794207 0xf37ecc30 gstpad.c:5893:do_stream_status:<queue3:src> posting stream-status 1
05-10 00:33:36.693  5448  5448 D GStreamer+GST_PADS: 0:00:31.133820509 0xf35f2200 gstpad.c:1198:gst_pad_activate_mode:<queue3:sink> activated in push mode
05-10 00:33:36.693  5448  5448 D GStreamer+GST_ELEMENT_PADS: 0:00:31.133892332 0xf35f2200 gstelement.c:2812:gst_element_pads_activate:<queue3> pad activation successful
05-10 00:33:36.693  5448  5518 D GStreamer+GST_BUS: 0:00:31.133911603 0xf37ecc30 gstbus.c:309:gst_bus_post:<bus3> [msg 0xf39d06d8] posting on bus stream-status message: 0xf39d06d8, time 99:99:99.999999999, seq-num 73, element 'src', GstMessageStreamStatus, type=(GstStreamStatusType)GST_STREAM_STATUS_TYPE_ENTER, owner=(GstElement)"\(GstQueue\)\ queue3", object=(GstTask)"\(GstTask\)\ queue3:src";
05-10 00:33:36.693  5448  5448 D GStreamer+GST_STATES: 0:00:31.133931967 0xf35f2200 gstelement.c:2684:gst_element_change_state:<queue3> element changed state SUCCESS
05-10 00:33:36.693  5448  5518 D GStreamer+bin: 0:00:31.133962280 0xf37ecc30 gstbin.c:3528:gst_bin_handle_message_func:<pipeline0> [msg 0xf39d06d8] handling child src message of type stream-status
05-10 00:33:36.693  5448  5448 I GStreamer+GST_STATES: 0:00:31.133986134 0xf35f2200 gstelement.c:2372:gst_element_continue_state:<queue3> completed state change to PAUSED
05-10 00:33:36.693  5448  5518 D GStreamer+bin: 0:00:31.133995197 0xf37ecc30 gstbin.c:3865:gst_bin_handle_message_func:<pipeline0> posting message upward
05-10 00:33:36.693  5448  5448 I GStreamer+GST_STATES: 0:00:31.134025822 0xf35f2200 gstelement.c:2277:_priv_gst_element_state_changed:<queue3> notifying about state-changed READY to PAUSED (VOID_PENDING pending)
05-10 00:33:36.694  5448  5518 D GStreamer+GST_BUS: 0:00:31.134082853 0xf37ecc30 gstbus.c:309:gst_bus_post:<bus4> [msg 0xf39d06d8] posting on bus stream-status message: 0xf39d06d8, time 99:99:99.999999999, seq-num 73, element 'src', GstMessageStreamStatus, type=(GstStreamStatusType)GST_STREAM_STATUS_TYPE_ENTER, owner=(GstElement)"\(GstQueue\)\ queue3", object=(GstTask)"\(GstTask\)\ queue3:src";
05-10 00:33:36.694  5448  5518 D GStreamer+GST_BUS: 0:00:31.134143582 0xf37ecc30 gstbus.c:348:gst_bus_post:<bus4> [msg 0xf39d06d8] pushing on async queue
05-10 00:33:36.694  5448  5448 D GStreamer+GST_BUS: 0:00:31.134167332 0xf35f2200 gstbus.c:309:gst_bus_post:<bus3> [msg 0xf37f55c8] posting on bus state-changed message: 0xf37f55c8, time 99:99:99.999999999, seq-num 74, element 'queue3', GstMessageStateChanged, old-state=(GstState)GST_STATE_READY, new-state=(GstState)GST_STATE_PAUSED, pending-state=(GstState)GST_STATE_VOID_PENDING;
05-10 00:33:36.694  5448  5518 D GStreamer+GST_BUS: 0:00:31.134187853 0xf37ecc30 gstbus.c:351:gst_bus_post:<bus4> [msg 0xf39d06d8] pushed on async queue
05-10 00:33:36.694  5448  5518 D GStreamer+GST_BUS: 0:00:31.134230770 0xf37ecc30 gstbus.c:344:gst_bus_post:<bus3> [msg 0xf39d06d8] dropped
05-10 00:33:36.694  5448  5448 D GStreamer+bin: 0:00:31.134247280 0xf35f2200 gstbin.c:3528:gst_bin_handle_message_func:<pipeline0> [msg 0xf37f55c8] handling child queue3 message of type state-changed
05-10 00:33:36.694  5448  5518 D GStreamer+task: 0:00:31.134272749 0xf37ecc30 gsttask.c:249:gst_task_configure_name:<queue3:src> Setting thread name to 'queue3:src'
05-10 00:33:36.694  5448  5504 D GStreamer+GST_BUS: 0:00:31.134288738 0xf394d800 gstbus.c:521:gst_bus_timed_pop_filtered:<bus4> got message 0xf39d06d8, stream-status from src, type mask is 4294967295
05-10 00:33:36.694  5448  5518 D GStreamer+queue_dataflow: 0:00:31.134315770 0xf37ecc30 gstqueue.c:1464:gst_queue_loop:<queue3> queue is empty
05-10 00:33:36.694  5448  5448 D GStreamer+bin: 0:00:31.134333113 0xf35f2200 gstbin.c:3865:gst_bin_handle_message_func:<pipeline0> posting message upward
05-10 00:33:36.694  5448  5504 D GStreamer+GST_BUS: 0:00:31.134398842 0xf394d800 gstbus.c:789:gst_bus_source_dispatch:<bus4> source 0xf3aca788 calling dispatch with stream-status message: 0xf39d06d8, time 99:99:99.999999999, seq-num 73, element 'src', GstMessageStreamStatus, type=(GstStreamStatusType)GST_STREAM_STATUS_TYPE_ENTER, owner=(GstElement)"\(GstQueue\)\ queue3", object=(GstTask)"\(GstTask\)\ queue3:src";
05-10 00:33:36.694  5448  5448 D GStreamer+GST_BUS: 0:00:31.134441030 0xf35f2200 gstbus.c:309:gst_bus_post:<bus4> [msg 0xf37f55c8] posting on bus state-changed message: 0xf37f55c8, time 99:99:99.999999999, seq-num 74, element 'queue3', GstMessageStateChanged, old-state=(GstState)GST_STATE_READY, new-state=(GstState)GST_STATE_PAUSED, pending-state=(GstState)GST_STATE_VOID_PENDING;
05-10 00:33:36.694  5448  5504 D GStreamer+GST_BUS: 0:00:31.134458738 0xf394d800 gstbus.c:794:gst_bus_source_dispatch:<bus4> source 0xf3aca788 handler returns 1
05-10 00:33:36.694  5448  5448 D GStreamer+GST_BUS: 0:00:31.134484207 0xf35f2200 gstbus.c:348:gst_bus_post:<bus4> [msg 0xf37f55c8] pushing on async queue
05-10 00:33:36.694  5448  5448 D GStreamer+GST_BUS: 0:00:31.134543478 0xf35f2200 gstbus.c:351:gst_bus_post:<bus4> [msg 0xf37f55c8] pushed on async queue
05-10 00:33:36.694  5448  5504 D GStreamer+GST_BUS: 0:00:31.134561863 0xf394d800 gstbus.c:521:gst_bus_timed_pop_filtered:<bus4> got message 0xf37f55c8, state-changed from queue3, type mask is 4294967295
05-10 00:33:36.694  5448  5448 D GStreamer+GST_BUS: 0:00:31.134586655 0xf35f2200 gstbus.c:344:gst_bus_post:<bus3> [msg 0xf37f55c8] dropped
05-10 00:33:36.694  5448  5504 D GStreamer+GST_BUS: 0:00:31.134649884 0xf394d800 gstbus.c:789:gst_bus_source_dispatch:<bus4> source 0xf3aca788 calling dispatch with state-changed message: 0xf37f55c8, time 99:99:99.999999999, seq-num 74, element 'queue3', GstMessageStateChanged, old-state=(GstState)GST_STATE_READY, new-state=(GstState)GST_STATE_PAUSED, pending-state=(GstState)GST_STATE_VOID_PENDING;
05-10 00:33:36.694  5448  5448 D GStreamer+GST_STATES: 0:00:31.134665874 0xf35f2200 gstelement.c:2607:gst_element_set_state_func:<queue3> returned SUCCESS
05-10 00:33:36.694  5448  5504 D GStreamer+GST_BUS: 0:00:31.134693686 0xf394d800 gstbus.c:794:gst_bus_source_dispatch:<bus4> source 0xf3aca788 handler returns 1
05-10 00:33:36.694  5448  5448 I GStreamer+GST_STATES: 0:00:31.134709728 0xf35f2200 gstbin.c:2764:gst_bin_change_state_func:<pipeline0> child 'queue3' changed state to 3(PAUSED) successfully
05-10 00:33:36.694  5448  5448 D GStreamer+bin: 0:00:31.134765613 0xf35f2200 gstbin.c:2182:gst_bin_sort_iterator_next:<pipeline0> queue head gives forhalffps
05-10 00:33:36.694  5448  5448 D GStreamer+bin: 0:00:31.134800353 0xf35f2200 gstbin.c:882:find_message:<pipeline0> no message found matching types 00001000
05-10 00:33:36.694  5448  5448 D GStreamer+bin: 0:00:31.134832280 0xf35f2200 gstbin.c:889:find_message:<pipeline0>   structure-change
05-10 00:33:36.694  5448  5448 D GStreamer+bin: 0:00:31.134890092 0xf35f2200 gstbin.c:2098:update_degree:<pipeline0> change element queue1, degree 1->0, linked to forhalffps
05-10 00:33:36.694  5448  5448 D GStreamer+bin: 0:00:31.134922280 0xf35f2200 gstbin.c:1981:add_to_queue:<pipeline0> adding 'queue1' to queue
05-10 00:33:36.694  5448  5448 I GStreamer+GST_STATES: 0:00:31.134979884 0xf35f2200 gstbin.c:2316:gst_bin_element_set_state:<forhalffps> current READY pending VOID_PENDING, desired next PAUSED
05-10 00:33:36.694  5448  5448 D GStreamer+bin: 0:00:31.135014832 0xf35f2200 gstbin.c:882:find_message:<pipeline0> no message found matching types 00100000
05-10 00:33:36.694  5448  5448 D GStreamer+bin: 0:00:31.135046290 0xf35f2200 gstbin.c:889:find_message:<pipeline0>   async-start
05-10 00:33:36.695  5448  5448 D GStreamer+bin: 0:00:31.135103790 0xf35f2200 gstbin.c:2411:gst_bin_element_set_state:<pipeline0> setting element forhalffps to PAUSED, base_time 0:00:00.000000000
05-10 00:33:36.695  5448  5448 D GStreamer+GST_STATES: 0:00:31.135146082 0xf35f2200 gstelement.c:2523:gst_element_set_state_func:<forhalffps> set_state to PAUSED
05-10 00:33:36.695  5448  5448 D GStreamer+GST_STATES: 0:00:31.135198582 0xf35f2200 gstelement.c:2548:gst_element_set_state_func:<forhalffps> setting target state to PAUSED
05-10 00:33:36.695  5448  5448 D GStreamer+GST_STATES: 0:00:31.135236395 0xf35f2200 gstelement.c:2561:gst_element_set_state_func:<forhalffps> current READY, old_pending VOID_PENDING, next VOID_PENDING, old return SUCCESS
05-10 00:33:36.695  5448  5448 D GStreamer+GST_STATES: 0:00:31.135270613 0xf35f2200 gstelement.c:2595:gst_element_set_state_func:<forhalffps> final: setting state from READY to PAUSED
05-10 00:33:36.695  5448  5448 D GStreamer+GST_ELEMENT_PADS: 0:00:31.135325197 0xf35f2200 gstelement.c:2793:gst_element_pads_activate:<forhalffps> activate pads
05-10 00:33:36.695  5448  5448 D GStreamer+GST_PADS: 0:00:31.135361134 0xf35f2200 gstpad.c:1056:gst_pad_set_active:<forhalffps:src> activating pad from none
05-10 00:33:36.695  5448  5448 D GStreamer+GST_PADS: 0:00:31.135415457 0xf35f2200 gstpad.c:972:pre_activate:<forhalffps:src> setting pad into push mode, unset flushing
05-10 00:33:36.695  5448  5448 D GStreamer+GST_PADS: 0:00:31.135452801 0xf35f2200 gstpad.c:1198:gst_pad_activate_mode:<forhalffps:src> activated in push mode
05-10 00:33:36.695  5448  5448 D GStreamer+GST_PADS: 0:00:31.135491655 0xf35f2200 gstpad.c:1056:gst_pad_set_active:<forhalffps:sink> activating pad from none
05-10 00:33:36.695  5448  5448 D GStreamer+GST_PADS: 0:00:31.135548113 0xf35f2200 gstpad.c:972:pre_activate:<forhalffps:sink> setting pad into push mode, unset flushing
05-10 00:33:36.695  5448  5448 D GStreamer+GST_PADS: 0:00:31.135585145 0xf35f2200 gstpad.c:984:pre_activate:<forhalffps:sink> reschedule events on peer queue1:src
05-10 00:33:36.695  5448  5448 D GStreamer+GST_CAPS: 0:00:31.135640249 0xf35f2200 gstpad.c:2648:gst_pad_get_current_caps:<forhalffps:sink> get current pad caps (NULL)
05-10 00:33:36.695  5448  5448 D GStreamer+GST_CAPS: 0:00:31.135676915 0xf35f2200 gstpad.c:2648:gst_pad_get_current_caps:<forhalffps:src> get current pad caps (NULL)
05-10 00:33:36.695  5448  5448 D GStreamer+basetransform: 0:00:31.135711811 0xf35f2200 gstbasetransform.c:2449:gst_base_transform_activate:<forhalffps> have_same_caps 1
05-10 00:33:36.695  5448  5448 D GStreamer+GST_PADS: 0:00:31.135768426 0xf35f2200 gstpad.c:1198:gst_pad_activate_mode:<forhalffps:sink> activated in push mode
05-10 00:33:36.695  5448  5448 D GStreamer+GST_ELEMENT_PADS: 0:00:31.135805665 0xf35f2200 gstelement.c:2812:gst_element_pads_activate:<forhalffps> pad activation successful
05-10 00:33:36.695  5448  5448 D GStreamer+GST_STATES: 0:00:31.135856030 0xf35f2200 gstelement.c:2684:gst_element_change_state:<forhalffps> element changed state SUCCESS
05-10 00:33:36.695  5448  5448 I GStreamer+GST_STATES: 0:00:31.135891134 0xf35f2200 gstelement.c:2372:gst_element_continue_state:<forhalffps> completed state change to PAUSED
05-10 00:33:36.695  5448  5448 I GStreamer+GST_STATES: 0:00:31.135927592 0xf35f2200 gstelement.c:2277:_priv_gst_element_state_changed:<forhalffps> notifying about state-changed READY to PAUSED (VOID_PENDING pending)
05-10 00:33:36.695  5448  5448 D GStreamer+GST_BUS: 0:00:31.136010717 0xf35f2200 gstbus.c:309:gst_bus_post:<bus3> [msg 0xf37f5620] posting on bus state-changed message: 0xf37f5620, time 99:99:99.999999999, seq-num 75, element 'forhalffps', GstMessageStateChanged, old-state=(GstState)GST_STATE_READY, new-state=(GstState)GST_STATE_PAUSED, pending-state=(GstState)GST_STATE_VOID_PENDING;
05-10 00:33:36.696  5448  5448 D GStreamer+bin: 0:00:31.136049207 0xf35f2200 gstbin.c:3528:gst_bin_handle_message_func:<pipeline0> [msg 0xf37f5620] handling child forhalffps message of type state-changed
05-10 00:33:36.696  5448  5448 D GStreamer+bin: 0:00:31.136106030 0xf35f2200 gstbin.c:3865:gst_bin_handle_message_func:<pipeline0> posting message upward
05-10 00:33:36.696  5448  5448 D GStreamer+GST_BUS: 0:00:31.136203999 0xf35f2200 gstbus.c:309:gst_bus_post:<bus4> [msg 0xf37f5620] posting on bus state-changed message: 0xf37f5620, time 99:99:99.999999999, seq-num 75, element 'forhalffps', GstMessageStateChanged, old-state=(GstState)GST_STATE_READY, new-state=(GstState)GST_STATE_PAUSED, pending-state=(GstState)GST_STATE_VOID_PENDING;
05-10 00:33:36.696  5448  5448 D GStreamer+GST_BUS: 0:00:31.136255874 0xf35f2200 gstbus.c:348:gst_bus_post:<bus4> [msg 0xf37f5620] pushing on async queue
05-10 00:33:36.696  5448  5448 D GStreamer+GST_BUS: 0:00:31.136294520 0xf35f2200 gstbus.c:351:gst_bus_post:<bus4> [msg 0xf37f5620] pushed on async queue
05-10 00:33:36.696  5448  5448 D GStreamer+GST_BUS: 0:00:31.136330978 0xf35f2200 gstbus.c:344:gst_bus_post:<bus3> [msg 0xf37f5620] dropped
05-10 00:33:36.696  5448  5504 D GStreamer+GST_BUS: 0:00:31.136371082 0xf394d800 gstbus.c:521:gst_bus_timed_pop_filtered:<bus4> got message 0xf37f5620, state-changed from forhalffps, type mask is 4294967295
05-10 00:33:36.696  5448  5448 D GStreamer+GST_STATES: 0:00:31.136394572 0xf35f2200 gstelement.c:2607:gst_element_set_state_func:<forhalffps> returned SUCCESS
05-10 00:33:36.696  5448  5504 D GStreamer+GST_BUS: 0:00:31.136461967 0xf394d800 gstbus.c:789:gst_bus_source_dispatch:<bus4> source 0xf3aca788 calling dispatch with state-changed message: 0xf37f5620, time 99:99:99.999999999, seq-num 75, element 'forhalffps', GstMessageStateChanged, old-state=(GstState)GST_STATE_READY, new-state=(GstState)GST_STATE_PAUSED, pending-state=(GstState)GST_STATE_VOID_PENDING;
05-10 00:33:36.696  5448  5448 I GStreamer+GST_STATES: 0:00:31.136446603 0xf35f2200 gstbin.c:2764:gst_bin_change_state_func:<pipeline0> child 'forhalffps' changed state to 3(PAUSED) successfully
05-10 00:33:36.696  5448  5504 D GStreamer+GST_BUS: 0:00:31.136515249 0xf394d800 gstbus.c:794:gst_bus_source_dispatch:<bus4> source 0xf3aca788 handler returns 1
05-10 00:33:36.696  5448  5448 D GStreamer+bin: 0:00:31.136531603 0xf35f2200 gstbin.c:2182:gst_bin_sort_iterator_next:<pipeline0> queue head gives queue1
05-10 00:33:36.696  5448  5448 D GStreamer+bin: 0:00:31.136589155 0xf35f2200 gstbin.c:882:find_message:<pipeline0> no message found matching types 00001000
05-10 00:33:36.696  5448  5448 D GStreamer+bin: 0:00:31.136623895 0xf35f2200 gstbin.c:889:find_message:<pipeline0>   structure-change
05-10 00:33:36.696  5448  5448 D GStreamer+bin: 0:00:31.136663478 0xf35f2200 gstbin.c:2098:update_degree:<pipeline0> change element amcvideodec-omxnvidiah264decode0, degree 1->0, linked to queue1
05-10 00:33:36.696  5448  5448 D GStreamer+bin: 0:00:31.136716186 0xf35f2200 gstbin.c:1981:add_to_queue:<pipeline0> adding 'amcvideodec-omxnvidiah264decode0' to queue
05-10 00:33:36.696  5448  5448 I GStreamer+GST_STATES: 0:00:31.136754676 0xf35f2200 gstbin.c:2316:gst_bin_element_set_state:<queue1> current READY pending VOID_PENDING, desired next PAUSED
05-10 00:33:36.696  5448  5448 D GStreamer+bin: 0:00:31.136806447 0xf35f2200 gstbin.c:882:find_message:<pipeline0> no message found matching types 00100000
05-10 00:33:36.696  5448  5448 D GStreamer+bin: 0:00:31.136839363 0xf35f2200 gstbin.c:889:find_message:<pipeline0>   async-start
05-10 00:33:36.696  5448  5448 D GStreamer+bin: 0:00:31.136877645 0xf35f2200 gstbin.c:2411:gst_bin_element_set_state:<pipeline0> setting element queue1 to PAUSED, base_time 0:00:00.000000000
05-10 00:33:36.696  5448  5448 D GStreamer+GST_STATES: 0:00:31.136928478 0xf35f2200 gstelement.c:2523:gst_element_set_state_func:<queue1> set_state to PAUSED
05-10 00:33:36.696  5448  5448 D GStreamer+GST_STATES: 0:00:31.136961447 0xf35f2200 gstelement.c:2548:gst_element_set_state_func:<queue1> setting target state to PAUSED
05-10 00:33:36.696  5448  5448 D GStreamer+GST_STATES: 0:00:31.136997488 0xf35f2200 gstelement.c:2561:gst_element_set_state_func:<queue1> current READY, old_pending VOID_PENDING, next VOID_PENDING, old return SUCCESS
05-10 00:33:36.697  5448  5448 D GStreamer+GST_STATES: 0:00:31.137053165 0xf35f2200 gstelement.c:2595:gst_element_set_state_func:<queue1> final: setting state from READY to PAUSED
05-10 00:33:36.697  5448  5448 D GStreamer+GST_ELEMENT_PADS: 0:00:31.137087280 0xf35f2200 gstelement.c:2793:gst_element_pads_activate:<queue1> activate pads
05-10 00:33:36.697  5448  5448 D GStreamer+GST_PADS: 0:00:31.137147124 0xf35f2200 gstpad.c:1056:gst_pad_set_active:<queue1:src> activating pad from none
05-10 00:33:36.697  5448  5448 D GStreamer+GST_PADS: 0:00:31.137184780 0xf35f2200 gstpad.c:972:pre_activate:<queue1:src> setting pad into push mode, unset flushing
05-10 00:33:36.697  5448  5448 D GStreamer+GST_PADS: 0:00:31.137218270 0xf35f2200 gstpad.c:5938:gst_pad_start_task:<queue1:src> start task
05-10 00:33:36.697  5448  5448 D GStreamer+task: 0:00:31.137287436 0xf35f2200 gsttask.c:425:gst_task_new Created task 0xf3ac38d0
05-10 00:33:36.697  5448  5448 I GStreamer+task: 0:00:31.137318738 0xf35f2200 gsttask.c:451:gst_task_set_lock setting stream lock 0xf3950c54 on task 0xf3ac38d0
05-10 00:33:36.697  5448  5448 I GStreamer+GST_PADS: 0:00:31.137371915 0xf35f2200 gstpad.c:5947:gst_pad_start_task:<queue1:src> created task 0xf3ac38d0
05-10 00:33:36.697  5448  5448 D GStreamer+GST_PADS: 0:00:31.137409103 0xf35f2200 gstpad.c:5864:do_stream_status:<queue1:src> doing stream-status 0
05-10 00:33:36.697  5448  5448 D GStreamer+GST_PADS: 0:00:31.137449884 0xf35f2200 gstpad.c:5893:do_stream_status:<queue1:src> posting stream-status 0
05-10 00:33:36.697  5448  5448 D GStreamer+GST_BUS: 0:00:31.137545249 0xf35f2200 gstbus.c:309:gst_bus_post:<bus3> [msg 0xf37f5678] posting on bus stream-status message: 0xf37f5678, time 99:99:99.999999999, seq-num 76, element 'src', GstMessageStreamStatus, type=(GstStreamStatusType)GST_STREAM_STATUS_TYPE_CREATE, owner=(GstElement)"\(GstQueue\)\ queue1", object=(GstTask)"\(GstTask\)\ task1";
05-10 00:33:36.697  5448  5448 D GStreamer+bin: 0:00:31.137602020 0xf35f2200 gstbin.c:3528:gst_bin_handle_message_func:<pipeline0> [msg 0xf37f5678] handling child src message of type stream-status
05-10 00:33:36.697  5448  5448 D GStreamer+bin: 0:00:31.137633322 0xf35f2200 gstbin.c:3865:gst_bin_handle_message_func:<pipeline0> posting message upward
05-10 00:33:36.697  5448  5448 D GStreamer+GST_BUS: 0:00:31.137723582 0xf35f2200 gstbus.c:309:gst_bus_post:<bus4> [msg 0xf37f5678] posting on bus stream-status message: 0xf37f5678, time 99:99:99.999999999, seq-num 76, element 'src', GstMessageStreamStatus, type=(GstStreamStatusType)GST_STREAM_STATUS_TYPE_CREATE, owner=(GstElement)"\(GstQueue\)\ queue1", object=(GstTask)"\(GstTask\)\ task1";
05-10 00:33:36.697  5448  5448 D GStreamer+GST_BUS: 0:00:31.137757228 0xf35f2200 gstbus.c:348:gst_bus_post:<bus4> [msg 0xf37f5678] pushing on async queue
05-10 00:33:36.697  5448  5448 D GStreamer+GST_BUS: 0:00:31.137815040 0xf35f2200 gstbus.c:351:gst_bus_post:<bus4> [msg 0xf37f5678] pushed on async queue
05-10 00:33:36.697  5448  5448 D GStreamer+GST_BUS: 0:00:31.137851967 0xf35f2200 gstbus.c:344:gst_bus_post:<bus3> [msg 0xf37f5678] dropped
05-10 00:33:36.697  5448  5504 D GStreamer+GST_BUS: 0:00:31.137870822 0xf394d800 gstbus.c:521:gst_bus_timed_pop_filtered:<bus4> got message 0xf37f5678, stream-status from src, type mask is 4294967295
05-10 00:33:36.697  5448  5448 D GStreamer+task: 0:00:31.137915040 0xf35f2200 gsttask.c:682:gst_task_set_state:<task1> Changing task 0xf3ac38d0 to state 0
05-10 00:33:36.697  5448  5504 D GStreamer+GST_BUS: 0:00:31.137955822 0xf394d800 gstbus.c:789:gst_bus_source_dispatch:<bus4> source 0xf3aca788 calling dispatch with stream-status message: 0xf37f5678, time 99:99:99.999999999, seq-num 76, element 'src', GstMessageStreamStatus, type=(GstStreamStatusType)GST_STREAM_STATUS_TYPE_CREATE, owner=(GstElement)"\(GstQueue\)\ queue1", object=(GstTask)"\(GstTask\)\ task1";
05-10 00:33:36.697  5448  5448 D GStreamer+GST_PADS: 0:00:31.138022280 0xf35f2200 gstpad.c:1198:gst_pad_activate_mode:<queue1:src> activated in push mode
05-10 00:33:36.697  5448  5504 D GStreamer+GST_BUS: 0:00:31.138028217 0xf394d800 gstbus.c:794:gst_bus_source_dispatch:<bus4> source 0xf3aca788 handler returns 1
05-10 00:33:36.698  5448  5448 D GStreamer+GST_PADS: 0:00:31.138091655 0xf35f2200 gstpad.c:1056:gst_pad_set_active:<queue1:sink> activating pad from none
05-10 00:33:36.698  5448  5519 D GStreamer+task: 0:00:31.138143947 0xf37ecc60 gsttask.c:287:gst_task_func Entering task 0xf3ac38d0, thread 0xf37ecc60
05-10 00:33:36.698  5448  5448 D GStreamer+GST_PADS: 0:00:31.138155822 0xf35f2200 gstpad.c:972:pre_activate:<queue1:sink> setting pad into push mode, unset flushing
05-10 00:33:36.698  5448  5519 D GStreamer+GST_PADS: 0:00:31.138194884 0xf37ecc60 gstpad.c:5864:do_stream_status:<queue1:src> doing stream-status 1
05-10 00:33:36.698  5448  5448 D GStreamer+GST_PADS: 0:00:31.138212072 0xf35f2200 gstpad.c:984:pre_activate:<queue1:sink> reschedule events on peer amcvideodec-omxnvidiah264decode0:src
05-10 00:33:36.698  5448  5519 D GStreamer+GST_PADS: 0:00:31.138259207 0xf37ecc60 gstpad.c:5893:do_stream_status:<queue1:src> posting stream-status 1
05-10 00:33:36.698  5448  5448 D GStreamer+GST_PADS: 0:00:31.138284311 0xf35f2200 gstpad.c:1198:gst_pad_activate_mode:<queue1:sink> activated in push mode
05-10 00:33:36.698  5448  5448 D GStreamer+GST_ELEMENT_PADS: 0:00:31.138335561 0xf35f2200 gstelement.c:2812:gst_element_pads_activate:<queue1> pad activation successful
05-10 00:33:36.698  5448  5519 D GStreamer+GST_BUS: 0:00:31.138371551 0xf37ecc60 gstbus.c:309:gst_bus_post:<bus3> [msg 0xf3acc168] posting on bus stream-status message: 0xf3acc168, time 99:99:99.999999999, seq-num 77, element 'src', GstMessageStreamStatus, type=(GstStreamStatusType)GST_STREAM_STATUS_TYPE_ENTER, owner=(GstElement)"\(GstQueue\)\ queue1", object=(GstTask)"\(GstTask\)\ queue1:src";
05-10 00:33:36.698  5448  5448 D GStreamer+GST_STATES: 0:00:31.138394520 0xf35f2200 gstelement.c:2684:gst_element_change_state:<queue1> element changed state SUCCESS
05-10 00:33:36.698  5448  5519 D GStreamer+bin: 0:00:31.138419780 0xf37ecc60 gstbin.c:3528:gst_bin_handle_message_func:<pipeline0> [msg 0xf3acc168] handling child src message of type stream-status
05-10 00:33:36.698  5448  5448 I GStreamer+GST_STATES: 0:00:31.138434259 0xf35f2200 gstelement.c:2372:gst_element_continue_state:<queue1> completed state change to PAUSED
05-10 00:33:36.698  5448  5519 D GStreamer+bin: 0:00:31.138457957 0xf37ecc60 gstbin.c:3865:gst_bin_handle_message_func:<pipeline0> posting message upward
05-10 00:33:36.698  5448  5448 I GStreamer+GST_STATES: 0:00:31.138494780 0xf35f2200 gstelement.c:2277:_priv_gst_element_state_changed:<queue1> notifying about state-changed READY to PAUSED (VOID_PENDING pending)
05-10 00:33:36.698  5448  5519 D GStreamer+GST_BUS: 0:00:31.138553634 0xf37ecc60 gstbus.c:309:gst_bus_post:<bus4> [msg 0xf3acc168] posting on bus stream-status message: 0xf3acc168, time 99:99:99.999999999, seq-num 77, element 'src', GstMessageStreamStatus, type=(GstStreamStatusType)GST_STREAM_STATUS_TYPE_ENTER, owner=(GstElement)"\(GstQueue\)\ queue1", object=(GstTask)"\(GstTask\)\ queue1:src";
05-10 00:33:36.698  5448  5448 D GStreamer+GST_BUS: 0:00:31.138599936 0xf35f2200 gstbus.c:309:gst_bus_post:<bus3> [msg 0xf37f56d0] posting on bus state-changed message: 0xf37f56d0, time 99:99:99.999999999, seq-num 78, element 'queue1', GstMessageStateChanged, old-state=(GstState)GST_STATE_READY, new-state=(GstState)GST_STATE_PAUSED, pending-state=(GstState)GST_STATE_VOID_PENDING;
05-10 00:33:36.698  5448  5448 D GStreamer+bin: 0:00:31.138637072 0xf35f2200 gstbin.c:3528:gst_bin_handle_message_func:<pipeline0> [msg 0xf37f56d0] handling child queue1 message of type state-changed
05-10 00:33:36.698  5448  5448 D GStreamer+bin: 0:00:31.138668634 0xf35f2200 gstbin.c:3865:gst_bin_handle_message_func:<pipeline0> posting message upward
05-10 00:33:36.698  5448  5519 D GStreamer+GST_BUS: 0:00:31.138745509 0xf37ecc60 gstbus.c:348:gst_bus_post:<bus4> [msg 0xf3acc168] pushing on async queue
05-10 00:33:36.698  5448  5448 D GStreamer+GST_BUS: 0:00:31.138760926 0xf35f2200 gstbus.c:309:gst_bus_post:<bus4> [msg 0xf37f56d0] posting on bus state-changed message: 0xf37f56d0, time 99:99:99.999999999, seq-num 78, element 'queue1', GstMessageStateChanged, old-state=(GstState)GST_STATE_READY, new-state=(GstState)GST_STATE_PAUSED, pending-state=(GstState)GST_STATE_VOID_PENDING;
05-10 00:33:36.698  5448  5519 D GStreamer+GST_BUS: 0:00:31.138795665 0xf37ecc60 gstbus.c:351:gst_bus_post:<bus4> [msg 0xf3acc168] pushed on async queue
05-10 00:33:36.698  5448  5448 D GStreamer+GST_BUS: 0:00:31.138820978 0xf35f2200 gstbus.c:348:gst_bus_post:<bus4> [msg 0xf37f56d0] pushing on async queue
05-10 00:33:36.698  5448  5519 D GStreamer+GST_BUS: 0:00:31.138834988 0xf37ecc60 gstbus.c:344:gst_bus_post:<bus3> [msg 0xf3acc168] dropped
05-10 00:33:36.698  5448  5448 D GStreamer+GST_BUS: 0:00:31.138873270 0xf35f2200 gstbus.c:351:gst_bus_post:<bus4> [msg 0xf37f56d0] pushed on async queue
05-10 00:33:36.698  5448  5519 D GStreamer+task: 0:00:31.138899467 0xf37ecc60 gsttask.c:249:gst_task_configure_name:<queue1:src> Setting thread name to 'queue1:src'
05-10 00:33:36.698  5448  5504 D GStreamer+GST_BUS: 0:00:31.138917488 0xf394d800 gstbus.c:521:gst_bus_timed_pop_filtered:<bus4> got message 0xf3acc168, stream-status from src, type mask is 4294967295
05-10 00:33:36.698  5448  5448 D GStreamer+GST_BUS: 0:00:31.138948374 0xf35f2200 gstbus.c:344:gst_bus_post:<bus3> [msg 0xf37f56d0] dropped
05-10 00:33:36.698  5448  5448 D GStreamer+GST_STATES: 0:00:31.138985874 0xf35f2200 gstelement.c:2607:gst_element_set_state_func:<queue1> returned SUCCESS
05-10 00:33:36.698  5448  5504 D GStreamer+GST_BUS: 0:00:31.139009520 0xf394d800 gstbus.c:789:gst_bus_source_dispatch:<bus4> source 0xf3aca788 calling dispatch with stream-status message: 0xf3acc168, time 99:99:99.999999999, seq-num 77, element 'src', GstMessageStreamStatus, type=(GstStreamStatusType)GST_STREAM_STATUS_TYPE_ENTER, owner=(GstElement)"\(GstQueue\)\ queue1", object=(GstTask)"\(GstTask\)\ queue1:src";
05-10 00:33:36.698  5448  5519 D GStreamer+queue_dataflow: 0:00:31.139035665 0xf37ecc60 gstqueue.c:1464:gst_queue_loop:<queue1> queue is empty
05-10 00:33:36.699  5448  5504 D GStreamer+GST_BUS: 0:00:31.139064520 0xf394d800 gstbus.c:794:gst_bus_source_dispatch:<bus4> source 0xf3aca788 handler returns 1
05-10 00:33:36.699  5448  5448 I GStreamer+GST_STATES: 0:00:31.139068999 0xf35f2200 gstbin.c:2764:gst_bin_change_state_func:<pipeline0> child 'queue1' changed state to 3(PAUSED) successfully
05-10 00:33:36.699  5448  5504 D GStreamer+GST_BUS: 0:00:31.139128947 0xf394d800 gstbus.c:521:gst_bus_timed_pop_filtered:<bus4> got message 0xf37f56d0, state-changed from queue1, type mask is 4294967295
05-10 00:33:36.699  5448  5448 D GStreamer+bin: 0:00:31.139109311 0xf35f2200 gstbin.c:2182:gst_bin_sort_iterator_next:<pipeline0> queue head gives amcvideodec-omxnvidiah264decode0
05-10 00:33:36.699  5448  5448 D GStreamer+bin: 0:00:31.139173842 0xf35f2200 gstbin.c:882:find_message:<pipeline0> no message found matching types 00001000
05-10 00:33:36.699  5448  5504 D GStreamer+GST_BUS: 0:00:31.139202645 0xf394d800 gstbus.c:789:gst_bus_source_dispatch:<bus4> source 0xf3aca788 calling dispatch with state-changed message: 0xf37f56d0, time 99:99:99.999999999, seq-num 78, element 'queue1', GstMessageStateChanged, old-state=(GstState)GST_STATE_READY, new-state=(GstState)GST_STATE_PAUSED, pending-state=(GstState)GST_STATE_VOID_PENDING;
05-10 00:33:36.699  5448  5448 D GStreamer+bin: 0:00:31.139212540 0xf35f2200 gstbin.c:889:find_message:<pipeline0>   structure-change
05-10 00:33:36.699  5448  5504 D GStreamer+GST_BUS: 0:00:31.139246759 0xf394d800 gstbus.c:794:gst_bus_source_dispatch:<bus4> source 0xf3aca788 handler returns 1
05-10 00:33:36.699  5448  5448 D GStreamer+bin: 0:00:31.139273686 0xf35f2200 gstbin.c:2098:update_degree:<pipeline0> change element h264parse0, degree 1->0, linked to amcvideodec-omxnvidiah264decode0
05-10 00:33:36.699  5448  5448 D GStreamer+bin: 0:00:31.139308165 0xf35f2200 gstbin.c:1981:add_to_queue:<pipeline0> adding 'h264parse0' to queue
05-10 00:33:36.699  5448  5448 I GStreamer+GST_STATES: 0:00:31.139365926 0xf35f2200 gstbin.c:2316:gst_bin_element_set_state:<amcvideodec-omxnvidiah264decode0> current READY pending VOID_PENDING, desired next PAUSED
05-10 00:33:36.699  5448  5448 D GStreamer+bin: 0:00:31.139401030 0xf35f2200 gstbin.c:882:find_message:<pipeline0> no message found matching types 00100000
05-10 00:33:36.699  5448  5448 D GStreamer+bin: 0:00:31.139433426 0xf35f2200 gstbin.c:889:find_message:<pipeline0>   async-start
05-10 00:33:36.699  5448  5448 D GStreamer+bin: 0:00:31.139490301 0xf35f2200 gstbin.c:2411:gst_bin_element_set_state:<pipeline0> setting element amcvideodec-omxnvidiah264decode0 to PAUSED, base_time 0:00:00.000000000
05-10 00:33:36.699  5448  5448 D GStreamer+GST_STATES: 0:00:31.139524155 0xf35f2200 gstelement.c:2523:gst_element_set_state_func:<amcvideodec-omxnvidiah264decode0> set_state to PAUSED
05-10 00:33:36.699  5448  5448 D GStreamer+GST_STATES: 0:00:31.139557020 0xf35f2200 gstelement.c:2548:gst_element_set_state_func:<amcvideodec-omxnvidiah264decode0> setting target state to PAUSED
05-10 00:33:36.699  5448  5448 D GStreamer+GST_STATES: 0:00:31.139612749 0xf35f2200 gstelement.c:2561:gst_element_set_state_func:<amcvideodec-omxnvidiah264decode0> current READY, old_pending VOID_PENDING, next VOID_PENDING, old return SUCCESS
05-10 00:33:36.699  5448  5448 D GStreamer+GST_STATES: 0:00:31.139648322 0xf35f2200 gstelement.c:2595:gst_element_set_state_func:<amcvideodec-omxnvidiah264decode0> final: setting state from READY to PAUSED
05-10 00:33:36.699  5448  5448 D GStreamer+amcvideodec: 0:00:31.139704728 0xf35f2200 gstamcvideodec.c:590:gst_amc_video_dec_change_state:<amcvideodec-omxnvidiah264decode0> changing state: READY => PAUSED
05-10 00:33:36.699  5448  5448 D GStreamer+videodecoder: 0:00:31.139740926 0xf35f2200 gstvideodecoder.c:2075:gst_video_decoder_reset:<amcvideodec-omxnvidiah264decode0> reset full 1
05-10 00:33:36.699  5448  5448 D GStreamer+GST_ELEMENT_PADS: 0:00:31.139778842 0xf35f2200 gstelement.c:2793:gst_element_pads_activate:<amcvideodec-omxnvidiah264decode0> activate pads
05-10 00:33:36.699  5448  5448 D GStreamer+GST_PADS: 0:00:31.139836967 0xf35f2200 gstpad.c:1056:gst_pad_set_active:<amcvideodec-omxnvidiah264decode0:src> activating pad from none
05-10 00:33:36.699  5448  5448 D GStreamer+GST_PADS: 0:00:31.139874103 0xf35f2200 gstpad.c:972:pre_activate:<amcvideodec-omxnvidiah264decode0:src> setting pad into push mode, unset flushing
05-10 00:33:36.699  5448  5448 D GStreamer+GST_PADS: 0:00:31.139930613 0xf35f2200 gstpad.c:1198:gst_pad_activate_mode:<amcvideodec-omxnvidiah264decode0:src> activated in push mode
05-10 00:33:36.699  5448  5448 D GStreamer+GST_PADS: 0:00:31.139968582 0xf35f2200 gstpad.c:1056:gst_pad_set_active:<amcvideodec-omxnvidiah264decode0:sink> activating pad from none
05-10 00:33:36.699  5448  5448 D GStreamer+GST_PADS: 0:00:31.140022749 0xf35f2200 gstpad.c:972:pre_activate:<amcvideodec-omxnvidiah264decode0:sink> setting pad into push mode, unset flushing
05-10 00:33:36.700  5448  5448 D GStreamer+GST_PADS: 0:00:31.140061238 0xf35f2200 gstpad.c:984:pre_activate:<amcvideodec-omxnvidiah264decode0:sink> reschedule events on peer h264parse0:src
05-10 00:33:36.700  5448  5448 D GStreamer+GST_PADS: 0:00:31.140097957 0xf35f2200 gstpad.c:1198:gst_pad_activate_mode:<amcvideodec-omxnvidiah264decode0:sink> activated in push mode
05-10 00:33:36.700  5448  5448 D GStreamer+GST_ELEMENT_PADS: 0:00:31.140158790 0xf35f2200 gstelement.c:2812:gst_element_pads_activate:<amcvideodec-omxnvidiah264decode0> pad activation successful
05-10 00:33:36.700  5448  5448 D GStreamer+GST_STATES: 0:00:31.140191395 0xf35f2200 gstelement.c:2684:gst_element_change_state:<amcvideodec-omxnvidiah264decode0> element changed state SUCCESS
05-10 00:33:36.700  5448  5448 I GStreamer+GST_STATES: 0:00:31.140224884 0xf35f2200 gstelement.c:2372:gst_element_continue_state:<amcvideodec-omxnvidiah264decode0> completed state change to PAUSED
05-10 00:33:36.700  5448  5448 I GStreamer+GST_STATES: 0:00:31.140282436 0xf35f2200 gstelement.c:2277:_priv_gst_element_state_changed:<amcvideodec-omxnvidiah264decode0> notifying about state-changed READY to PAUSED (VOID_PENDING pending)
05-10 00:33:36.700  5448  5448 D GStreamer+GST_BUS: 0:00:31.140368061 0xf35f2200 gstbus.c:309:gst_bus_post:<bus3> [msg 0xf37f5728] posting on bus state-changed message: 0xf37f5728, time 99:99:99.999999999, seq-num 79, element 'amcvideodec-omxnvidiah264decode0', GstMessageStateChanged, old-state=(GstState)GST_STATE_READY, new-state=(GstState)GST_STATE_PAUSED, pending-state=(GstState)GST_STATE_VOID_PENDING;
05-10 00:33:36.700  5448  5448 D GStreamer+bin: 0:00:31.140406759 0xf35f2200 gstbin.c:3528:gst_bin_handle_message_func:<pipeline0> [msg 0xf37f5728] handling child amcvideodec-omxnvidiah264decode0 message of type state-changed
05-10 00:33:36.700  5448  5448 D GStreamer+bin: 0:00:31.140437436 0xf35f2200 gstbin.c:3865:gst_bin_handle_message_func:<pipeline0> posting message upward
05-10 00:33:36.700  5448  5448 D GStreamer+GST_BUS: 0:00:31.140516395 0xf35f2200 gstbus.c:309:gst_bus_post:<bus4> [msg 0xf37f5728] posting on bus state-changed message: 0xf37f5728, time 99:99:99.999999999, seq-num 79, element 'amcvideodec-omxnvidiah264decode0', GstMessageStateChanged, old-state=(GstState)GST_STATE_READY, new-state=(GstState)GST_STATE_PAUSED, pending-state=(GstState)GST_STATE_VOID_PENDING;
05-10 00:33:36.700  5448  5448 D GStreamer+GST_BUS: 0:00:31.140549207 0xf35f2200 gstbus.c:348:gst_bus_post:<bus4> [msg 0xf37f5728] pushing on async queue
05-10 00:33:36.700  5448  5448 D GStreamer+GST_BUS: 0:00:31.140605405 0xf35f2200 gstbus.c:351:gst_bus_post:<bus4> [msg 0xf37f5728] pushed on async queue
05-10 00:33:36.700  5448  5448 D GStreamer+GST_BUS: 0:00:31.140640717 0xf35f2200 gstbus.c:344:gst_bus_post:<bus3> [msg 0xf37f5728] dropped
05-10 00:33:36.700  5448  5504 D GStreamer+GST_BUS: 0:00:31.140683009 0xf394d800 gstbus.c:521:gst_bus_timed_pop_filtered:<bus4> got message 0xf37f5728, state-changed from amcvideodec-omxnvidiah264decode0, type mask is 4294967295
05-10 00:33:36.700  5448  5448 D GStreamer+GST_STATES: 0:00:31.140700874 0xf35f2200 gstelement.c:2607:gst_element_set_state_func:<amcvideodec-omxnvidiah264decode0> returned SUCCESS
05-10 00:33:36.700  5448  5448 I GStreamer+GST_STATES: 0:00:31.140755978 0xf35f2200 gstbin.c:2764:gst_bin_change_state_func:<pipeline0> child 'amcvideodec-omxnvidiah264decode0' changed state to 3(PAUSED) successfully
05-10 00:33:36.700  5448  5504 D GStreamer+GST_BUS: 0:00:31.140769988 0xf394d800 gstbus.c:789:gst_bus_source_dispatch:<bus4> source 0xf3aca788 calling dispatch with state-changed message: 0xf37f5728, time 99:99:99.999999999, seq-num 79, element 'amcvideodec-omxnvidiah264decode0', GstMessageStateChanged, old-state=(GstState)GST_STATE_READY, new-state=(GstState)GST_STATE_PAUSED, pending-state=(GstState)GST_STATE_VOID_PENDING;
05-10 00:33:36.700  5448  5504 D GStreamer+GST_BUS: 0:00:31.140818999 0xf394d800 gstbus.c:794:gst_bus_source_dispatch:<bus4> source 0xf3aca788 handler returns 1
05-10 00:33:36.700  5448  5448 D GStreamer+bin: 0:00:31.140835040 0xf35f2200 gstbin.c:2182:gst_bin_sort_iterator_next:<pipeline0> queue head gives h264parse0
05-10 00:33:36.700  5448  5448 D GStreamer+bin: 0:00:31.140871134 0xf35f2200 gstbin.c:882:find_message:<pipeline0> no message found matching types 00001000
05-10 00:33:36.700  5448  5448 D GStreamer+bin: 0:00:31.140921811 0xf35f2200 gstbin.c:889:find_message:<pipeline0>   structure-change
05-10 00:33:36.700  5448  5448 D GStreamer+bin: 0:00:31.140961707 0xf35f2200 gstbin.c:2098:update_degree:<pipeline0> change element queue0, degree 1->0, linked to h264parse0
05-10 00:33:36.700  5448  5448 D GStreamer+bin: 0:00:31.140993634 0xf35f2200 gstbin.c:1981:add_to_queue:<pipeline0> adding 'queue0' to queue
05-10 00:33:36.701  5448  5448 I GStreamer+GST_STATES: 0:00:31.141050874 0xf35f2200 gstbin.c:2316:gst_bin_element_set_state:<h264parse0> current READY pending VOID_PENDING, desired next PAUSED
05-10 00:33:36.701  5448  5448 D GStreamer+bin: 0:00:31.141083217 0xf35f2200 gstbin.c:882:find_message:<pipeline0> no message found matching types 00100000
05-10 00:33:36.701  5448  5448 D GStreamer+bin: 0:00:31.141145874 0xf35f2200 gstbin.c:889:find_message:<pipeline0>   async-start
05-10 00:33:36.701  5448  5448 D GStreamer+bin: 0:00:31.141186759 0xf35f2200 gstbin.c:2411:gst_bin_element_set_state:<pipeline0> setting element h264parse0 to PAUSED, base_time 0:00:00.000000000
05-10 00:33:36.701  5448  5448 D GStreamer+GST_STATES: 0:00:31.141219624 0xf35f2200 gstelement.c:2523:gst_element_set_state_func:<h264parse0> set_state to PAUSED
05-10 00:33:36.701  5448  5448 D GStreamer+GST_STATES: 0:00:31.141272228 0xf35f2200 gstelement.c:2548:gst_element_set_state_func:<h264parse0> setting target state to PAUSED
05-10 00:33:36.701  5448  5448 D GStreamer+GST_STATES: 0:00:31.141308947 0xf35f2200 gstelement.c:2561:gst_element_set_state_func:<h264parse0> current READY, old_pending VOID_PENDING, next VOID_PENDING, old return SUCCESS
05-10 00:33:36.701  5448  5448 D GStreamer+GST_STATES: 0:00:31.141362488 0xf35f2200 gstelement.c:2595:gst_element_set_state_func:<h264parse0> final: setting state from READY to PAUSED
05-10 00:33:36.701  5448  5448 D GStreamer+baseparse: 0:00:31.141398738 0xf35f2200 gstbaseparse.c:4782:gst_base_parse_change_state:<h264parse0> no index provided creating our own
05-10 00:33:36.701  5448  5448 D GStreamer+default: 0:00:31.141515717 0xf35f2200 gstindex.c:280:gst_index_group_new created new index group 0
05-10 00:33:36.701  5448  5448 D GStreamer+default: 0:00:31.141545613 0xf35f2200 gstindex.c:193:gst_index_init created new index
05-10 00:33:36.701  5448  5448 D GStreamer+default: 0:00:31.141591811 0xf35f2200 gstmemindex.c:128:gst_mem_index_init created new mem index
05-10 00:33:36.701  5448  5448 D GStreamer+GST_ELEMENT_PADS: 0:00:31.141651655 0xf35f2200 gstelement.c:2793:gst_element_pads_activate:<h264parse0> activate pads
05-10 00:33:36.701  5448  5448 D GStreamer+GST_PADS: 0:00:31.141708530 0xf35f2200 gstpad.c:1056:gst_pad_set_active:<h264parse0:src> activating pad from none
05-10 00:33:36.701  5448  5448 D GStreamer+GST_PADS: 0:00:31.141746290 0xf35f2200 gstpad.c:972:pre_activate:<h264parse0:src> setting pad into push mode, unset flushing
05-10 00:33:36.701  5448  5448 D GStreamer+GST_PADS: 0:00:31.141799155 0xf35f2200 gstpad.c:1198:gst_pad_activate_mode:<h264parse0:src> activated in push mode
05-10 00:33:36.701  5448  5448 D GStreamer+GST_PADS: 0:00:31.141839051 0xf35f2200 gstpad.c:1056:gst_pad_set_active:<h264parse0:sink> activating pad from none
05-10 00:33:36.701  5448  5448 D GStreamer+baseparse: 0:00:31.141871447 0xf35f2200 gstbaseparse.c:3585:gst_base_parse_sink_activate:<h264parse0> sink activate
05-10 00:33:36.701  5448  5448 D GStreamer+query: 0:00:31.141942957 0xf35f2200 gstquery.c:674:gst_query_new_custom creating new query 0xf37ecc90 scheduling
05-10 00:33:36.701  5448  5448 D GStreamer+GST_PADS: 0:00:31.141979988 0xf35f2200 gstpad.c:4009:gst_pad_peer_query:<h264parse0:sink> peer query 0xf37ecc90 (scheduling)
05-10 00:33:36.701  5448  5448 D GStreamer+GST_PADS: 0:00:31.142041499 0xf35f2200 gstpad.c:3882:gst_pad_query:<queue0:src> doing query 0xf37ecc90 (scheduling)
05-10 00:33:36.702  5448  5448 D GStreamer+GST_PADS: 0:00:31.142092853 0xf35f2200 gstpad.c:3905:gst_pad_query:<queue0:src> sent query 0xf37ecc90 (scheduling), result 1
05-10 00:33:36.702  5448  5448 D GStreamer+baseparse: 0:00:31.142155561 0xf35f2200 gstbaseparse.c:3614:gst_base_parse_sink_activate:<h264parse0> trying to activate in push mode
05-10 00:33:36.702  5448  5448 D GStreamer+GST_PADS: 0:00:31.142190353 0xf35f2200 gstpad.c:972:pre_activate:<h264parse0:sink> setting pad into push mode, unset flushing
05-10 00:33:36.702  5448  5448 D GStreamer+GST_PADS: 0:00:31.142226395 0xf35f2200 gstpad.c:984:pre_activate:<h264parse0:sink> reschedule events on peer queue0:src
05-10 00:33:36.702  5448  5448 D GStreamer+baseparse: 0:00:31.142285874 0xf35f2200 gstbaseparse.c:3661:gst_base_parse_sink_activate_mode:<h264parse0> sink activate in push mode
05-10 00:33:36.702  5448  5448 D GStreamer+baseparse: 0:00:31.142316915 0xf35f2200 gstbaseparse.c:3625:gst_base_parse_activate:<h264parse0> activate 1
05-10 00:33:36.702  5448  5448 D GStreamer+h264parse: 0:00:31.142370822 0xf35f2200 gsth264parse.c:262:gst_h264_parse_start:<h264parse0> start
05-10 00:33:36.702  5448  5448 D GStreamer+h264parse: 0:00:31.142403322 0xf35f2200 gsth264parse.c:184:gst_h264_parse_reset_frame:<h264parse0> reset frame
05-10 00:33:36.702  5448  5448 D GStreamer+baseparse: 0:00:31.142748842 0xf35f2200 gstbaseparse.c:3647:gst_base_parse_activate:<h264parse0> activate return: 1
05-10 00:33:36.702  5448  5448 D GStreamer+baseparse: 0:00:31.142811915 0xf35f2200 gstbaseparse.c:3684:gst_base_parse_sink_activate_mode:<h264parse0> sink activate return: 1
05-10 00:33:36.702  5448  5448 D GStreamer+GST_PADS: 0:00:31.142851447 0xf35f2200 gstpad.c:1198:gst_pad_activate_mode:<h264parse0:sink> activated in push mode
05-10 00:33:36.702  5448  5448 D GStreamer+GST_ELEMENT_PADS: 0:00:31.142890874 0xf35f2200 gstelement.c:2812:gst_element_pads_activate:<h264parse0> pad activation successful
05-10 00:33:36.702  5448  5448 D GStreamer+GST_STATES: 0:00:31.142948061 0xf35f2200 gstelement.c:2684:gst_element_change_state:<h264parse0> element changed state SUCCESS
05-10 00:33:36.702  5448  5448 I GStreamer+GST_STATES: 0:00:31.142981290 0xf35f2200 gstelement.c:2372:gst_element_continue_state:<h264parse0> completed state change to PAUSED
05-10 00:33:36.702  5448  5448 I GStreamer+GST_STATES: 0:00:31.143016238 0xf35f2200 gstelement.c:2277:_priv_gst_element_state_changed:<h264parse0> notifying about state-changed READY to PAUSED (VOID_PENDING pending)
05-10 00:33:36.703  5448  5448 D GStreamer+GST_BUS: 0:00:31.143113530 0xf35f2200 gstbus.c:309:gst_bus_post:<bus3> [msg 0xf37f5780] posting on bus state-changed message: 0xf37f5780, time 99:99:99.999999999, seq-num 80, element 'h264parse0', GstMessageStateChanged, old-state=(GstState)GST_STATE_READY, new-state=(GstState)GST_STATE_PAUSED, pending-state=(GstState)GST_STATE_VOID_PENDING;
05-10 00:33:36.703  5448  5448 D GStreamer+bin: 0:00:31.143184988 0xf35f2200 gstbin.c:3528:gst_bin_handle_message_func:<pipeline0> [msg 0xf37f5780] handling child h264parse0 message of type state-changed
05-10 00:33:36.703  5448  5448 D GStreamer+bin: 0:00:31.143216342 0xf35f2200 gstbin.c:3865:gst_bin_handle_message_func:<pipeline0> posting message upward
05-10 00:33:36.703  5448  5448 D GStreamer+GST_BUS: 0:00:31.143297645 0xf35f2200 gstbus.c:309:gst_bus_post:<bus4> [msg 0xf37f5780] posting on bus state-changed message: 0xf37f5780, time 99:99:99.999999999, seq-num 80, element 'h264parse0', GstMessageStateChanged, old-state=(GstState)GST_STATE_READY, new-state=(GstState)GST_STATE_PAUSED, pending-state=(GstState)GST_STATE_VOID_PENDING;
05-10 00:33:36.703  5448  5448 D GStreamer+GST_BUS: 0:00:31.143331863 0xf35f2200 gstbus.c:348:gst_bus_post:<bus4> [msg 0xf37f5780] pushing on async queue
05-10 00:33:36.703  5448  5448 D GStreamer+GST_BUS: 0:00:31.143389884 0xf35f2200 gstbus.c:351:gst_bus_post:<bus4> [msg 0xf37f5780] pushed on async queue
05-10 00:33:36.703  5448  5448 D GStreamer+GST_BUS: 0:00:31.143425770 0xf35f2200 gstbus.c:344:gst_bus_post:<bus3> [msg 0xf37f5780] dropped
05-10 00:33:36.703  5448  5448 D GStreamer+GST_STATES: 0:00:31.143489155 0xf35f2200 gstelement.c:2607:gst_element_set_state_func:<h264parse0> returned SUCCESS
05-10 00:33:36.703  5448  5448 I GStreamer+GST_STATES: 0:00:31.143532124 0xf35f2200 gstbin.c:2764:gst_bin_change_state_func:<pipeline0> child 'h264parse0' changed state to 3(PAUSED) successfully
05-10 00:33:36.703  5448  5504 D GStreamer+GST_BUS: 0:00:31.143557749 0xf394d800 gstbus.c:521:gst_bus_timed_pop_filtered:<bus4> got message 0xf37f5780, state-changed from h264parse0, type mask is 4294967295
05-10 00:33:36.703  5448  5448 D GStreamer+bin: 0:00:31.143596863 0xf35f2200 gstbin.c:2182:gst_bin_sort_iterator_next:<pipeline0> queue head gives queue0
05-10 00:33:36.703  5448  5448 D GStreamer+bin: 0:00:31.143639676 0xf35f2200 gstbin.c:882:find_message:<pipeline0> no message found matching types 00001000
05-10 00:33:36.703  5448  5504 D GStreamer+GST_BUS: 0:00:31.143665405 0xf394d800 gstbus.c:789:gst_bus_source_dispatch:<bus4> source 0xf3aca788 calling dispatch with state-changed message: 0xf37f5780, time 99:99:99.999999999, seq-num 80, element 'h264parse0', GstMessageStateChanged, old-state=(GstState)GST_STATE_READY, new-state=(GstState)GST_STATE_PAUSED, pending-state=(GstState)GST_STATE_VOID_PENDING;
05-10 00:33:36.703  5448  5448 D GStreamer+bin: 0:00:31.143674832 0xf35f2200 gstbin.c:889:find_message:<pipeline0>   structure-change
05-10 00:33:36.703  5448  5448 D GStreamer+bin: 0:00:31.143737957 0xf35f2200 gstbin.c:2121:update_degree:<pipeline0> element queue0 not linked on any sinkpads
05-10 00:33:36.703  5448  5504 D GStreamer+GST_BUS: 0:00:31.143755822 0xf394d800 gstbus.c:794:gst_bus_source_dispatch:<bus4> source 0xf3aca788 handler returns 1
05-10 00:33:36.703  5448  5448 I GStreamer+GST_STATES: 0:00:31.143781186 0xf35f2200 gstbin.c:2316:gst_bin_element_set_state:<queue0> current READY pending VOID_PENDING, desired next PAUSED
05-10 00:33:36.703  5448  5448 D GStreamer+bin: 0:00:31.143836030 0xf35f2200 gstbin.c:882:find_message:<pipeline0> no message found matching types 00100000
05-10 00:33:36.703  5448  5448 D GStreamer+bin: 0:00:31.143866811 0xf35f2200 gstbin.c:889:find_message:<pipeline0>   async-start
05-10 00:33:36.703  5448  5448 D GStreamer+bin: 0:00:31.143923165 0xf35f2200 gstbin.c:2411:gst_bin_element_set_state:<pipeline0> setting element queue0 to PAUSED, base_time 0:00:00.000000000
05-10 00:33:36.703  5448  5448 D GStreamer+GST_STATES: 0:00:31.143956707 0xf35f2200 gstelement.c:2523:gst_element_set_state_func:<queue0> set_state to PAUSED
05-10 00:33:36.703  5448  5448 D GStreamer+GST_STATES: 0:00:31.143989103 0xf35f2200 gstelement.c:2548:gst_element_set_state_func:<queue0> setting target state to PAUSED
