05-10 00:33:36.911  5448  5521 D GStreamer+GST_BUS: 0:00:31.351488374 0xf37ecd20 gstbus.c:348:gst_bus_post:<bus4> [msg 0xf3ad22d0] pushing on async queue
05-10 00:33:36.911  5448  5519 D GStreamer+basetransform: 0:00:31.351510249 0xf37ecc60 gstbasetransform.c:1319:gst_base_transform_acceptcaps_default:<glcolorbalance0> accept-caps result: 1
05-10 00:33:36.911  5448  5519 D GStreamer+GST_PADS: 0:00:31.351557905 0xf37ecc60 gstpad.c:3905:gst_pad_query:<glcolorbalance0:sink> sent query 0xf3c8a290 (accept-caps), result 1
05-10 00:33:36.911  5448  5504 D GStreamer+GST_BUS: 0:00:31.351574207 0xf394d800 gstbus.c:521:gst_bus_timed_pop_filtered:<bus4> got message 0xf3ad22d0, stream-status from src, type mask is 4294967295
05-10 00:33:36.911  5448  5519 D GStreamer+default: 0:00:31.351599051 0xf37ecc60 gstutils.c:2926:gst_pad_query_accept_caps:<glcolorbalance0:sink> query returned 1
05-10 00:33:36.911  5448  5519 D GStreamer+GST_PADS: 0:00:31.351645301 0xf37ecc60 gstpad.c:1591:gst_pad_check_reconfigure:<glcolorbalance0:src> remove RECONFIGURE flag
05-10 00:33:36.911  5448  5504 D GStreamer+GST_BUS: 0:00:31.351655040 0xf394d800 gstbus.c:789:gst_bus_source_dispatch:<bus4> source 0xf3aca788 calling dispatch with stream-status message: 0xf3ad22d0, time 99:99:99.999999999, seq-num 174, element 'src', GstMessageStreamStatus, type=(GstStreamStatusType)GST_STREAM_STATUS_TYPE_CREATE, owner=(GstElement)"\(GstAmcAudioDec-OmxGoogleMp3Decoder\)\ amcaudiodec-omxgooglemp3decoder0", object=(GstTask)"\(GstTask\)\ task5";
05-10 00:33:36.911  5448  5504 D GStreamer+GST_BUS: 0:00:31.351697540 0xf394d800 gstbus.c:794:gst_bus_source_dispatch:<bus4> source 0xf3aca788 handler returns 1
05-10 00:33:36.911  5448  5519 D GStreamer+basetransform: 0:00:31.351717853 0xf37ecc60 gstbasetransform.c:1356:gst_base_transform_setcaps:<glcolorbalance0:sink> have new caps 0xf3c7d400 video/x-raw(memory:GLMemory), width=(int)1280, height=(int)720, interlace-mode=(string)progressive, pixel-aspect-ratio=(fraction)1/1, framerate=(fraction)0/1, format=(string)RGBA, texture-target=(string)2D, colorimetry=(string)sRGB
05-10 00:33:36.911  5448  5519 D GStreamer+basetransform: 0:00:31.351760457 0xf37ecc60 gstbasetransform.c:533:gst_base_transform_transform_caps:<glcolorbalance0> transform caps (direction = 2)
05-10 00:33:36.911  5448  5521 D GStreamer+GST_BUS: 0:00:31.351778374 0xf37ecd20 gstbus.c:351:gst_bus_post:<bus4> [msg 0xf3ad22d0] pushed on async queue
05-10 00:33:36.911  5448  5521 D GStreamer+GST_BUS: 0:00:31.351821811 0xf37ecd20 gstbus.c:344:gst_bus_post:<bus3> [msg 0xf3ad22d0] dropped
05-10 00:33:36.911  5448  5519 D GStreamer+glfilter: 0:00:31.351856915 0xf37ecc60 gstglfilter.c:610:default_transform_internal_caps:<glcolorbalance0> size removal returned caps video/x-raw(memory:GLMemory), width=(int)[ 1, 2147483647 ], height=(int)[ 1, 2147483647 ], interlace-mode=(string)progressive, pixel-aspect-ratio=(fraction)[ 1/2147483647, 2147483647/1 ], framerate=(fraction)0/1, format=(string)RGBA, texture-target=(string)2D, colorimetry=(string)sRGB
05-10 00:33:36.911  5448  5521 D GStreamer+GST_BUS: 0:00:31.351874363 0xf37ecd20 gstbus.c:344:gst_bus_post:<bus1> [msg 0xf3ad22d0] dropped
05-10 00:33:36.911  5448  5521 D GStreamer+task: 0:00:31.351923322 0xf37ecd20 gsttask.c:682:gst_task_set_state:<task5> Changing task 0xf3ac3e10 to state 0
05-10 00:33:36.911  5448  5519 D GStreamer+GST_PERFORMANCE: 0:00:31.351945822 0xf37ecc60 gstcaps.c:169:_gst_caps_copy:<0xf3c7d190> doing copy 0xf3c7d190 -> 0xf3c7a2f0
05-10 00:33:36.911  5448  5521 D GStreamer+GST_PADS: 0:00:31.352026342 0xf37ecd20 gstpad.c:5569:gst_pad_send_event_unchecked:<amcaudiodec-omxgooglemp3decoder0:sink> sent event, ret ok
05-10 00:33:36.912  5448  5526 D GStreamer+task: 0:00:31.352067124 0xf39ddcf0 gsttask.c:287:gst_task_func Entering task 0xf3ac3e10, thread 0xf39ddcf0
05-10 00:33:36.912  5448  5519 D GStreamer+glfilter: 0:00:31.352080405 0xf37ecc60 gstglfilter.c:638:gst_gl_filter_transform_caps:<glcolorbalance0> returning caps: video/x-raw(memory:GLMemory), width=(int)[ 1, 2147483647 ], height=(int)[ 1, 2147483647 ], interlace-mode=(string)progressive, pixel-aspect-ratio=(fraction)[ 1/2147483647, 2147483647/1 ], framerate=(fraction)0/1, format=(string)RGBA, texture-target=(string)2D, colorimetry=(string)sRGB
05-10 00:33:36.912  5448  5521 D GStreamer+GST_PADS: 0:00:31.352097749 0xf37ecd20 gstpad.c:5053:store_sticky_event:<amcaudiodec-omxgooglemp3decoder0:sink> notify caps
05-10 00:33:36.912  5448  5526 D GStreamer+GST_PADS: 0:00:31.352189519 0xf39ddcf0 gstpad.c:5864:do_stream_status:<amcaudiodec-omxgooglemp3decoder0:src> doing stream-status 1
05-10 00:33:36.912  5448  5521 D GStreamer+GST_STATES: 0:00:31.352208478 0xf37ecd20 gstelement.c:1970:gst_element_set_locked_state unlocking state of element amcaudiodec-omxgooglemp3decoder0
05-10 00:33:36.912  5448  5519 D GStreamer+basetransform: 0:00:31.352225874 0xf37ecc60 gstbasetransform.c:560:gst_base_transform_transform_caps:<glcolorbalance0> to: video/x-raw(memory:GLMemory), width=(int)[ 1, 2147483647 ], height=(int)[ 1, 2147483647 ], interlace-mode=(string)progressive, pixel-aspect-ratio=(fraction)[ 1/2147483647, 2147483647/1 ], framerate=(fraction)0/1, format=(string)RGBA, texture-target=(string)2D, colorimetry=(string)sRGB
05-10 00:33:36.912  5448  5521 D GStreamer+GST_CAPS: 0:00:31.352253738 0xf37ecd20 gstpad.c:2648:gst_pad_get_current_caps:<amcaudiodec-omxgooglemp3decoder0:src> get current pad caps (NULL)
05-10 00:33:36.912  5448  5521 D GStreamer+GST_CAPS: 0:00:31.352317019 0xf37ecd20 gstutils.c:2838:gst_pad_query_caps:<amcaudiodec-omxgooglemp3decoder0:src> get pad caps with filter (NULL)
05-10 00:33:36.912  5448  5519 D GStreamer+basetransform: 0:00:31.352333842 0xf37ecc60 gstbasetransform.c:1142:gst_base_transform_find_transform:<glcolorbalance0> intersecting against padtemplate video/x-raw(memory:GLMemory), format=(string)RGBA, width=(int)[ 1, 2147483647 ], height=(int)[ 1, 2147483647 ], framerate=(fraction)[ 0/1, 2147483647/1 ], texture-target=(string)2D
05-10 00:33:36.912  5448  5521 D GStreamer+query: 0:00:31.352367228 0xf37ecd20 gstquery.c:674:gst_query_new_custom creating new query 0xf39dd860 caps
05-10 00:33:36.912  5448  5521 D GStreamer+GST_PADS: 0:00:31.352415822 0xf37ecd20 gstpad.c:3882:gst_pad_query:<amcaudiodec-omxgooglemp3decoder0:src> doing query 0xf39dd860 (caps)
05-10 00:33:36.912  5448  5526 D GStreamer+GST_PADS: 0:00:31.352434207 0xf39ddcf0 gstpad.c:5893:do_stream_status:<amcaudiodec-omxgooglemp3decoder0:src> posting stream-status 1
05-10 00:33:36.912  5448  5519 D GStreamer+basetransform: 0:00:31.352504311 0xf37ecc60 gstbasetransform.c:1164:gst_base_transform_find_transform:<glcolorbalance0> transform returned non fixed  video/x-raw(memory:GLMemory), width=(int)[ 1, 2147483647 ], height=(int)[ 1, 2147483647 ], interlace-mode=(string)progressive, pixel-aspect-ratio=(fraction)[ 1/2147483647, 2147483647/1 ], framerate=(fraction)0/1, format=(string)RGBA, texture-target=(string)2D, colorimetry=(string)sRGB
05-10 00:33:36.912  5448  5521 D GStreamer+audiodecoder: 0:00:31.352521863 0xf37ecd20 gstaudiodecoder.c:2883:gst_audio_decoder_src_query:<amcaudiodec-omxgooglemp3decoder0:src> received query caps query: 0xf39dd860, GstQueryCaps, filter=(GstCaps)"NULL", caps=(GstCaps)"NULL";
05-10 00:33:36.912  5448  5521 D GStreamer+GST_CAPS: 0:00:31.352623947 0xf37ecd20 gstpad.c:3088:gst_pad_query_caps_default:<amcaudiodec-omxgooglemp3decoder0:src> query caps caps query: 0xf39dd860, GstQueryCaps, filter=(GstCaps)"NULL", caps=(GstCaps)"NULL";
05-10 00:33:36.912  5448  5519 D GStreamer+basetransform: 0:00:31.352645665 0xf37ecc60 gstbasetransform.c:1171:gst_base_transform_find_transform:<glcolorbalance0> Checking peer caps with filter video/x-raw(memory:GLMemory), width=(int)[ 1, 2147483647 ], height=(int)[ 1, 2147483647 ], interlace-mode=(string)progressive, pixel-aspect-ratio=(fraction)[ 1/2147483647, 2147483647/1 ], framerate=(fraction)0/1, format=(string)RGBA, texture-target=(string)2D, colorimetry=(string)sRGB
05-10 00:33:36.912  5448  5521 D GStreamer+GST_CAPS: 0:00:31.352701499 0xf37ecd20 gstpad.c:3111:gst_pad_query_caps_default:<amcaudiodec-omxgooglemp3decoder0:src> trying pad template caps
05-10 00:33:36.912  5448  5526 D GStreamer+GST_BUS: 0:00:31.352684780 0xf39ddcf0 gstbus.c:309:gst_bus_post:<bus1> [msg 0xf3ad3788] posting on bus stream-status message: 0xf3ad3788, time 99:99:99.999999999, seq-num 175, element 'src', GstMessageStreamStatus, type=(GstStreamStatusType)GST_STREAM_STATUS_TYPE_ENTER, owner=(GstElement)"\(GstAmcAudioDec-OmxGoogleMp3Decoder\)\ amcaudiodec-omxgooglemp3decoder0", object=(GstTask)"\(GstTask\)\ amcaudiodec-omxgooglemp3decoder0:src";
05-10 00:33:36.912  5448  5519 D GStreamer+GST_CAPS: 0:00:31.352773478 0xf37ecc60 gstutils.c:2838:gst_pad_query_caps:<sink:sink> get pad caps with filter video/x-raw(memory:GLMemory), width=(int)[ 1, 2147483647 ], height=(int)[ 1, 2147483647 ], interlace-mode=(string)progressive, pixel-aspect-ratio=(fraction)[ 1/2147483647, 2147483647/1 ], framerate=(fraction)0/1, format=(string)RGBA, texture-target=(string)2D, colorimetry=(string)sRGB
05-10 00:33:36.912  5448  5526 D GStreamer+bin: 0:00:31.352844051 0xf39ddcf0 gstbin.c:3528:gst_bin_handle_message_func:<decodebin0> [msg 0xf3ad3788] handling child src message of type stream-status
05-10 00:33:36.912  5448  5521 D GStreamer+GST_CAPS: 0:00:31.352861394 0xf37ecd20 gstpad.c:3141:gst_pad_query_caps_default:<amcaudiodec-omxgooglemp3decoder0:src> using caps 0xf37476f0 audio/x-raw, rate=(int)[ 1, 2147483647 ], channels=(int)[ 1, 2147483647 ], format=(string)S16LE
05-10 00:33:36.912  5448  5519 D GStreamer+query: 0:00:31.352894572 0xf37ecc60 gstquery.c:674:gst_query_new_custom creating new query 0xf39ddf50 caps
05-10 00:33:36.912  5448  5521 D GStreamer+GST_PADS: 0:00:31.352918322 0xf37ecd20 gstpad.c:3339:gst_pad_query_default:<amcaudiodec-omxgooglemp3decoder0:src> not forwarding 0xf39dd860 (caps) query
05-10 00:33:36.912  5448  5519 D GStreamer+GST_PADS: 0:00:31.352946499 0xf37ecc60 gstpad.c:3882:gst_pad_query:<sink:sink> doing query 0xf39ddf50 (caps)
05-10 00:33:36.912  5448  5526 D GStreamer+bin: 0:00:31.352889363 0xf39ddcf0 gstbin.c:3865:gst_bin_handle_message_func:<decodebin0> posting message upward
05-10 00:33:36.912  5448  5521 D GStreamer+GST_PADS: 0:00:31.352964311 0xf37ecd20 gstpad.c:3905:gst_pad_query:<amcaudiodec-omxgooglemp3decoder0:src> sent query 0xf39dd860 (caps), result 1
05-10 00:33:36.913  5448  5521 D GStreamer+GST_CAPS: 0:00:31.353062697 0xf37ecd20 gstutils.c:2845:gst_pad_query_caps:<amcaudiodec-omxgooglemp3decoder0:src> query returned audio/x-raw, rate=(int)[ 1, 2147483647 ], channels=(int)[ 1, 2147483647 ], format=(string)S16LE
05-10 00:33:36.913  5448  5519 D GStreamer+glimagesink: 0:00:31.353102957 0xf37ecc60 gstglimagesink.c:1145:gst_glimage_sink_get_caps:<sink> intersecting with filter caps video/x-raw(memory:GLMemory), width=(int)[ 1, 2147483647 ], height=(int)[ 1, 2147483647 ], interlace-mode=(string)progressive, pixel-aspect-ratio=(fraction)[ 1/2147483647, 2147483647/1 ], framerate=(fraction)0/1, format=(string)RGBA, texture-target=(string)2D, colorimetry=(string)sRGB
05-10 00:33:36.913  5448  5521 D GStreamer+decodebin: 0:00:31.353177228 0xf37ecd20 gstdecodebin2.c:2747:expose_pad:<decodebin0> pad amcaudiodec-omxgooglemp3decoder0:src, chain:0xf3a37008
05-10 00:33:36.913  5448  5526 D GStreamer+GST_BUS: 0:00:31.353202019 0xf39ddcf0 gstbus.c:309:gst_bus_post:<bus3> [msg 0xf3ad3788] posting on bus stream-status message: 0xf3ad3788, time 99:99:99.999999999, seq-num 175, element 'src', GstMessageStreamStatus, type=(GstStreamStatusType)GST_STREAM_STATUS_TYPE_ENTER, owner=(GstElement)"\(GstAmcAudioDec-OmxGoogleMp3Decoder\)\ amcaudiodec-omxgooglemp3decoder0", object=(GstTask)"\(GstTask\)\ amcaudiodec-omxgooglemp3decoder0:src";
05-10 00:33:36.913  5448  5521 D GStreamer+GST_PADS: 0:00:31.353246342 0xf37ecd20 gstpad.c:1062:gst_pad_set_active:<'':decodepad0> pad was active in push mode
05-10 00:33:36.913  5448  5519 D GStreamer+GST_PERFORMANCE: 0:00:31.353294363 0xf37ecc60 gstcaps.c:169:_gst_caps_copy:<0xf3c7a250> doing copy 0xf3c7a250 -> 0xf3c7a2a0
05-10 00:33:36.913  5448  5521 D GStreamer+decodebin: 0:00:31.353318582 0xf37ecd20 gstdecodebin2.c:4913:gst_decode_pad_set_blocked:<'':decodepad0> blocking pad: 1
05-10 00:33:36.913  5448  5521 D GStreamer+GST_PADS: 0:00:31.353379936 0xf37ecd20 gstghostpad.c:808:gst_ghost_pad_get_target:<'':decodepad0> get target amcaudiodec-omxgooglemp3decoder0:src
05-10 00:33:36.913  5448  5526 D GStreamer+bin: 0:00:31.353421811 0xf39ddcf0 gstbin.c:3528:gst_bin_handle_message_func:<pipeline0> [msg 0xf3ad3788] handling child src message of type stream-status
05-10 00:33:36.913  5448  5521 D GStreamer+decodebin: 0:00:31.353482592 0xf37ecd20 gstdecodebin2.c:3956:gst_decode_chain_is_complete:<decodebin0> Chain 0xf3a37008 is complete: 0
05-10 00:33:36.913  5448  5519 D GStreamer+glimagesink: 0:00:31.353500613 0xf37ecc60 gstglimagesink.c:1155:gst_glimage_sink_get_caps:<sink> returning caps: video/x-raw(memory:GLMemory, meta:GstVideoOverlayComposition), width=(int)[ 1, 2147483647 ], height=(int)[ 1, 2147483647 ], interlace-mode=(string)progressive, pixel-aspect-ratio=(fraction)[ 1/2147483647, 2147483647/1 ], framerate=(fraction)0/1, format=(string)RGBA, texture-target=(string)2D, colorimetry=(string)sRGB; video/x-raw(memory:GLMemory), width=(int)[ 1, 2147483647 ], height=(int)[ 1, 2147483647 ], interlace-mode=(string)progressive, pixel-aspect-ratio=(fraction)[ 1/2147483647, 2147483647/1 ], framerate=(fraction)0/1, format=(string)RGBA, texture-target=(string)2D, colorimetry=(string)sRGB
05-10 00:33:36.913  5448  5526 D GStreamer+bin: 0:00:31.353519988 0xf39ddcf0 gstbin.c:3865:gst_bin_handle_message_func:<pipeline0> posting message upward
05-10 00:33:36.913  5448  5521 D GStreamer+decodebin: 0:00:31.353532228 0xf37ecd20 gstdecodebin2.c:3956:gst_decode_chain_is_complete:<decodebin0> Chain 0xf3a37008 is complete: 0
05-10 00:33:36.913  5448  5519 D GStreamer+GST_PADS: 0:00:31.353559780 0xf37ecc60 gstpad.c:3905:gst_pad_query:<sink:sink> sent query 0xf39ddf50 (caps), result 1
05-10 00:33:36.913  5448  5521 D GStreamer+GST_PADS: 0:00:31.353692124 0xf37ecd20 gstpad.c:3813:check_sticky:<mpegaudioparse0:src> pushing all sticky events
05-10 00:33:36.913  5448  5526 D GStreamer+GST_BUS: 0:00:31.353744936 0xf39ddcf0 gstbus.c:309:gst_bus_post:<bus4> [msg 0xf3ad3788] posting on bus stream-status message: 0xf3ad3788, time 99:99:99.999999999, seq-num 175, element 'src', GstMessageStreamStatus, type=(GstStreamStatusType)GST_STREAM_STATUS_TYPE_ENTER, owner=(GstElement)"\(GstAmcAudioDec-OmxGoogleMp3Decoder\)\ amcaudiodec-omxgooglemp3decoder0", object=(GstTask)"\(GstTask\)\ amcaudiodec-omxgooglemp3decoder0:src";
05-10 00:33:36.913  5448  5526 D GStreamer+GST_BUS: 0:00:31.353853947 0xf39ddcf0 gstbus.c:348:gst_bus_post:<bus4> [msg 0xf3ad3788] pushing on async queue
05-10 00:33:36.913  5448  5521 D GStreamer+GST_EVENT: 0:00:31.353873217 0xf37ecd20 gstpad.c:5496:gst_pad_send_event_unchecked:<amcaudiodec-omxgooglemp3decoder0:sink> have event type stream-start event: 0xf3944968, time 99:99:99.999999999, seq-num 101, GstEventStreamStart, stream-id=(string)71ab440d261a1bb43c19b397eec2373651540427aed1e7b0deb4be62a10a7f25/002, flags=(GstStreamFlags)GST_STREAM_FLAG_NONE, group-id=(uint)0;
05-10 00:33:36.913  5448  5519 D GStreamer+GST_CAPS: 0:00:31.353949519 0xf37ecc60 gstutils.c:2845:gst_pad_query_caps:<sink:sink> query returned video/x-raw(memory:GLMemory, meta:GstVideoOverlayComposition), width=(int)[ 1, 2147483647 ], height=(int)[ 1, 2147483647 ], interlace-mode=(string)progressive, pixel-aspect-ratio=(fraction)[ 1/2147483647, 2147483647/1 ], framerate=(fraction)0/1, format=(string)RGBA, texture-target=(string)2D, colorimetry=(string)sRGB; video/x-raw(memory:GLMemory), width=(int)[ 1, 2147483647 ], height=(int)[ 1, 2147483647 ], interlace-mode=(string)progressive, pixel-aspect-ratio=(fraction)[ 1/2147483647, 2147483647/1 ], framerate=(fraction)0/1, format=(string)RGBA, texture-target=(string)2D, colorimetry=(string)sRGB
05-10 00:33:36.913  5448  5526 D GStreamer+GST_BUS: 0:00:31.353967540 0xf39ddcf0 gstbus.c:351:gst_bus_post:<bus4> [msg 0xf3ad3788] pushed on async queue
05-10 00:33:36.913  5448  5521 D GStreamer+audiodecoder: 0:00:31.353945197 0xf37ecd20 gstaudiodecoder.c:2327:gst_audio_decoder_sink_event:<amcaudiodec-omxgooglemp3decoder0> received event 10254, stream-start
05-10 00:33:36.914  5448  5521 D GStreamer+audiodecoder: 0:00:31.354047019 0xf37ecd20 gstaudiodecoder.c:493:gst_audio_decoder_reset:<amcaudiodec-omxgooglemp3decoder0> gst_audio_decoder_reset
05-10 00:33:36.914  5448  5504 D GStreamer+GST_BUS: 0:00:31.353990717 0xf394d800 gstbus.c:521:gst_bus_timed_pop_filtered:<bus4> got message 0xf3ad3788, stream-status from src, type mask is 4294967295
05-10 00:33:36.914  5448  5526 D GStreamer+GST_BUS: 0:00:31.354089467 0xf39ddcf0 gstbus.c:344:gst_bus_post:<bus3> [msg 0xf3ad3788] dropped
05-10 00:33:36.914  5448  5526 D GStreamer+GST_BUS: 0:00:31.354195457 0xf39ddcf0 gstbus.c:344:gst_bus_post:<bus1> [msg 0xf3ad3788] dropped
05-10 00:33:36.914  5448  5504 D GStreamer+GST_BUS: 0:00:31.354224780 0xf394d800 gstbus.c:789:gst_bus_source_dispatch:<bus4> source 0xf3aca788 calling dispatch with stream-status message: 0xf3ad3788, time 99:99:99.999999999, seq-num 175, element 'src', GstMessageStreamStatus, type=(GstStreamStatusType)GST_STREAM_STATUS_TYPE_ENTER, owner=(GstElement)"\(GstAmcAudioDec-OmxGoogleMp3Decoder\)\ amcaudiodec-omxgooglemp3decoder0", object=(GstTask)"\(GstTask\)\ amcaudiodec-omxgooglemp3decoder0:src";
05-10 00:33:36.914  5448  5526 D GStreamer+task: 0:00:31.354277905 0xf39ddcf0 gsttask.c:249:gst_task_configure_name:<amcaudiodec-omxgooglemp3decoder0:src> Setting thread name to 'amcaudiodec-omxg'
05-10 00:33:36.914  5448  5504 D GStreamer+GST_BUS: 0:00:31.354289415 0xf394d800 gstbus.c:794:gst_bus_source_dispatch:<bus4> source 0xf3aca788 handler returns 1
05-10 00:33:36.914  5448  5519 D GStreamer+basetransform: 0:00:31.354305717 0xf37ecc60 gstbasetransform.c:1174:gst_base_transform_find_transform:<glcolorbalance0> Resulted in video/x-raw(memory:GLMemory, meta:GstVideoOverlayComposition), width=(int)[ 1, 2147483647 ], height=(int)[ 1, 2147483647 ], interlace-mode=(string)progressive, pixel-aspect-ratio=(fraction)[ 1/2147483647, 2147483647/1 ], framerate=(fraction)0/1, format=(string)RGBA, texture-target=(string)2D, colorimetry=(string)sRGB; video/x-raw(memory:GLMemory), width=(int)[ 1, 2147483647 ], height=(int)[ 1, 2147483647 ], interlace-mode=(string)progressive, pixel-aspect-ratio=(fraction)[ 1/2147483647, 2147483647/1 ], framerate=(fraction)0/1, format=(string)RGBA, texture-target=(string)2D, colorimetry=(string)sRGB
05-10 00:33:36.914  5448  5521 D GStreamer+audiodecoder: 0:00:31.354356447 0xf37ecd20 gstaudiodecoder.c:2141:gst_audio_decoder_sink_eventfunc:<amcaudiodec-omxgooglemp3decoder0> received STREAM_START. Clearing taglist
05-10 00:33:36.914  5448  5519 D GStreamer+basetransform: 0:00:31.354394519 0xf37ecc60 gstbasetransform.c:1179:gst_base_transform_find_transform:<glcolorbalance0> Intersecting with template caps video/x-raw(memory:GLMemory), format=(string)RGBA, width=(int)[ 1, 2147483647 ], height=(int)[ 1, 2147483647 ], framerate=(fraction)[ 0/1, 2147483647/1 ], texture-target=(string)2D
05-10 00:33:36.914  5448  5521 D GStreamer+GST_PADS: 0:00:31.354407384 0xf37ecd20 gstpad.c:5569:gst_pad_send_event_unchecked:<amcaudiodec-omxgooglemp3decoder0:sink> sent event, ret ok
05-10 00:33:36.914  5448  5526 D GStreamer+amcaudiodec: 0:00:31.354434415 0xf39ddcf0 gstamcaudiodec.c:424:gst_amc_audio_dec_loop:<amcaudiodec-omxgooglemp3decoder0> Waiting for available output buffer
05-10 00:33:36.914  5448  5521 D GStreamer+GST_PADS: 0:00:31.354481134 0xf37ecd20 gstpad.c:3765:push_sticky:<mpegaudioparse0:src> event stream-start marked received
05-10 00:33:36.914  5448  5526 D GStreamer+default: 0:00:31.354513113 0xf39ddcf0 gstjniutils.c:476:gst_amc_jni_attach_current_thread Attaching thread 0xf39ddcf0
05-10 00:33:36.914  5448  5519 D GStreamer+basetransform: 0:00:31.354549207 0xf37ecc60 gstbasetransform.c:1185:gst_base_transform_find_transform:<glcolorbalance0> Intersection: video/x-raw(memory:GLMemory), width=(int)[ 1, 2147483647 ], height=(int)[ 1, 2147483647 ], interlace-mode=(string)progressive, pixel-aspect-ratio=(fraction)[ 1/2147483647, 2147483647/1 ], framerate=(fraction)0/1, format=(string)RGBA, texture-target=(string)2D, colorimetry=(string)sRGB
05-10 00:33:36.914  5448  5521 D GStreamer+GST_EVENT: 0:00:31.354612697 0xf37ecd20 gstpad.c:5496:gst_pad_send_event_unchecked:<amcaudiodec-omxgooglemp3decoder0:sink> have event type caps event: 0xf39dc598, time 99:99:99.999999999, seq-num 144, GstEventCaps, caps=(GstCaps)"audio/mpeg\,\ mpegversion\=\(int\)1\,\ mpegaudioversion\=\(int\)2\,\ layer\=\(int\)3\,\ rate\=\(int\)24000\,\ channels\=\(int\)1\,\ parsed\=\(boolean\)true";
05-10 00:33:36.914  5448  5519 D GStreamer+basetransform: 0:00:31.354669936 0xf37ecc60 gstbasetransform.c:1191:gst_base_transform_find_transform:<glcolorbalance0> Intersecting with transformed caps video/x-raw(memory:GLMemory), width=(int)[ 1, 2147483647 ], height=(int)[ 1, 2147483647 ], interlace-mode=(string)progressive, pixel-aspect-ratio=(fraction)[ 1/2147483647, 2147483647/1 ], framerate=(fraction)0/1, format=(string)RGBA, texture-target=(string)2D, colorimetry=(string)sRGB
05-10 00:33:36.914  5448  5521 D GStreamer+GST_CAPS: 0:00:31.354696967 0xf37ecd20 gstutils.c:2921:gst_pad_query_accept_caps:<amcaudiodec-omxgooglemp3decoder0:sink> accept caps of audio/mpeg, mpegversion=(int)1, mpegaudioversion=(int)2, layer=(int)3, rate=(int)24000, channels=(int)1, parsed=(boolean)true
05-10 00:33:36.914  5448  5521 D GStreamer+query: 0:00:31.354742384 0xf37ecd20 gstquery.c:674:gst_query_new_custom creating new query 0xf39dd890 accept-caps
05-10 00:33:36.914  5448  5519 D GStreamer+basetransform: 0:00:31.354789103 0xf37ecc60 gstbasetransform.c:1196:gst_base_transform_find_transform:<glcolorbalance0> Intersection: video/x-raw(memory:GLMemory), width=(int)[ 1, 2147483647 ], height=(int)[ 1, 2147483647 ], interlace-mode=(string)progressive, pixel-aspect-ratio=(fraction)[ 1/2147483647, 2147483647/1 ], framerate=(fraction)0/1, format=(string)RGBA, texture-target=(string)2D, colorimetry=(string)sRGB
05-10 00:33:36.914  5448  5521 D GStreamer+GST_PADS: 0:00:31.354806447 0xf37ecd20 gstpad.c:3882:gst_pad_query:<amcaudiodec-omxgooglemp3decoder0:sink> doing query 0xf39dd890 (accept-caps)
05-10 00:33:36.914  5448  5519 D GStreamer+basetransform: 0:00:31.354888582 0xf37ecc60 gstbasetransform.c:1217:gst_base_transform_find_transform have non-fixed caps video/x-raw(memory:GLMemory), width=(int)[ 1, 2147483647 ], height=(int)[ 1, 2147483647 ], interlace-mode=(string)progressive, pixel-aspect-ratio=(fraction)[ 1/2147483647, 2147483647/1 ], framerate=(fraction)0/1, format=(string)RGBA, texture-target=(string)2D, colorimetry=(string)sRGB
05-10 00:33:36.914  5448  5519 D GStreamer+basetransform: 0:00:31.355029155 0xf37ecc60 gstbasetransform.c:1224:gst_base_transform_find_transform:<glcolorbalance0> calling fixate_caps for video/x-raw(memory:GLMemory), width=(int)[ 1, 2147483647 ], height=(int)[ 1, 2147483647 ], interlace-mode=(string)progressive, pixel-aspect-ratio=(fraction)[ 1/2147483647, 2147483647/1 ], framerate=(fraction)0/1, format=(string)RGBA, texture-target=(string)2D, colorimetry=(string)sRGB using caps video/x-raw(memory:GLMemory), width=(int)1280, height=(int)720, interlace-mode=(string)progressive, pixel-aspect-ratio=(fraction)1/1, framerate=(fraction)0/1, format=(string)RGBA, texture-target=(string)2D, colorimetry=(string)sRGB on pad glcolorbalance0:src
05-10 00:33:36.915  5448  5521 D GStreamer+audiodecoder: 0:00:31.355046707 0xf37ecd20 gstaudiodecoder.c:2743:gst_audio_decoder_sink_query:<amcaudiodec-omxgooglemp3decoder0:sink> received query accept-caps query: 0xf39dd890, GstQueryAcceptCaps, caps=(GstCaps)"audio/mpeg\,\ mpegversion\=\(int\)1\,\ mpegaudioversion\=\(int\)2\,\ layer\=\(int\)3\,\ rate\=\(int\)24000\,\ channels\=\(int\)1\,\ parsed\=\(boolean\)true", result=(boolean)false;
05-10 00:33:36.915  5448  5521 D GStreamer+GST_CAPS: 0:00:31.355164155 0xf37ecd20 gstutils.c:2838:gst_pad_query_caps:<amcaudiodec-omxgooglemp3decoder0:sink> get pad caps with filter audio/mpeg, mpegversion=(int)1, mpegaudioversion=(int)2, layer=(int)3, rate=(int)24000, channels=(int)1, parsed=(boolean)true
05-10 00:33:36.915  5448  5519 D GStreamer+glfilter: 0:00:31.355209103 0xf37ecc60 gstglfilter.c:247:gst_gl_filter_fixate_caps:<glcolorbalance0> trying to fixate othercaps video/x-raw(memory:GLMemory), width=(int)[ 1, 2147483647 ], height=(int)[ 1, 2147483647 ], interlace-mode=(string)progressive, pixel-aspect-ratio=(fraction)[ 1/2147483647, 2147483647/1 ], framerate=(fraction)0/1, format=(string)RGBA, texture-target=(string)2D, colorimetry=(string)sRGB based on caps video/x-raw(memory:GLMemory), width=(int)1280, height=(int)720, interlace-mode=(string)progressive, pixel-aspect-ratio=(fraction)1/1, framerate=(fraction)0/1, format=(string)RGBA, texture-target=(string)2D, colorimetry=(string)sRGB
05-10 00:33:36.915  5448  5521 D GStreamer+query: 0:00:31.355219051 0xf37ecd20 gstquery.c:674:gst_query_new_custom creating new query 0xf39dd800 caps
05-10 00:33:36.915  5448  5519 D GStreamer+glfilter: 0:00:31.355265144 0xf37ecc60 gstglfilter.c:327:gst_gl_filter_fixate_caps:<glcolorbalance0> Input DAR is 16/9
05-10 00:33:36.915  5448  5521 D GStreamer+GST_PADS: 0:00:31.355283009 0xf37ecd20 gstpad.c:3882:gst_pad_query:<amcaudiodec-omxgooglemp3decoder0:sink> doing query 0xf39dd800 (caps)
05-10 00:33:36.915  5448  5519 D GStreamer+glfilter: 0:00:31.355372905 0xf37ecc60 gstglfilter.c:548:gst_gl_filter_fixate_caps:<glcolorbalance0> fixated othercaps to video/x-raw(memory:GLMemory), width=(int)1280, height=(int)720, interlace-mode=(string)progressive, pixel-aspect-ratio=(fraction)1/1, framerate=(fraction)0/1, format=(string)RGBA, texture-target=(string)2D, colorimetry=(string)sRGB
05-10 00:33:36.915  5448  5521 D GStreamer+audiodecoder: 0:00:31.355388374 0xf37ecd20 gstaudiodecoder.c:2743:gst_audio_decoder_sink_query:<amcaudiodec-omxgooglemp3decoder0:sink> received query caps query: 0xf39dd800, GstQueryCaps, filter=(GstCaps)"audio/mpeg\,\ mpegversion\=\(int\)1\,\ mpegaudioversion\=\(int\)2\,\ layer\=\(int\)3\,\ rate\=\(int\)24000\,\ channels\=\(int\)1\,\ parsed\=\(boolean\)true", caps=(GstCaps)"NULL";
05-10 00:33:36.915  5448  5519 D GStreamer+basetransform: 0:00:31.355448686 0xf37ecc60 gstbasetransform.c:1230:gst_base_transform_find_transform:<glcolorbalance0> after fixating video/x-raw(memory:GLMemory), width=(int)1280, height=(int)720, interlace-mode=(string)progressive, pixel-aspect-ratio=(fraction)1/1, framerate=(fraction)0/1, format=(string)RGBA, texture-target=(string)2D, colorimetry=(string)sRGB
05-10 00:33:36.915  5448  5521 D GStreamer+GST_CAPS: 0:00:31.355464832 0xf37ecd20 gstutils.c:2884:gst_pad_peer_query_caps:<amcaudiodec-omxgooglemp3decoder0:src> get pad peer caps with filter audio/x-raw, rate=(int)24000, channels=(int)1
05-10 00:33:36.915  5448  5521 D GStreamer+query: 0:00:31.355511655 0xf37ecd20 gstquery.c:674:gst_query_new_custom creating new query 0xf39dd830 caps
05-10 00:33:36.915  5448  5519 D GStreamer+GST_CAPS: 0:00:31.355524051 0xf37ecc60 gstutils.c:2921:gst_pad_query_accept_caps:<sink:sink> accept caps of video/x-raw(memory:GLMemory), width=(int)1280, height=(int)720, interlace-mode=(string)progressive, pixel-aspect-ratio=(fraction)1/1, framerate=(fraction)0/1, format=(string)RGBA, texture-target=(string)2D, colorimetry=(string)sRGB
05-10 00:33:36.915  5448  5521 D GStreamer+GST_PADS: 0:00:31.355549988 0xf37ecd20 gstpad.c:4009:gst_pad_peer_query:<amcaudiodec-omxgooglemp3decoder0:src> peer query 0xf39dd830 (caps)
05-10 00:33:36.915  5448  5519 D GStreamer+query: 0:00:31.355571499 0xf37ecc60 gstquery.c:674:gst_query_new_custom creating new query 0xf3c9fd50 accept-caps
05-10 00:33:36.915  5448  5519 D GStreamer+GST_PADS: 0:00:31.355611863 0xf37ecc60 gstpad.c:3882:gst_pad_query:<sink:sink> doing query 0xf3c9fd50 (accept-caps)
05-10 00:33:36.915  5448  5521 D GStreamer+GST_PADS: 0:00:31.355618634 0xf37ecd20 gstpad.c:3449:probe_hook_marshal:<amcaudiodec-omxgooglemp3decoder0:src> asked to pass item
05-10 00:33:36.915  5448  5521 D GStreamer+GST_PADS: 0:00:31.355662488 0xf37ecd20 gstpad.c:3650:do_probe_callbacks:<amcaudiodec-omxgooglemp3decoder0:src> data is passed
05-10 00:33:36.915  5448  5521 D GStreamer+GST_PADS: 0:00:31.355724207 0xf37ecd20 gstpad.c:3882:gst_pad_query:<decodepad0:proxypad3> doing query 0xf39dd830 (caps)
05-10 00:33:36.915  5448  5519 D GStreamer+GST_PERFORMANCE: 0:00:31.355752592 0xf37ecc60 gstcaps.c:169:_gst_caps_copy:<0xf37c7a28> doing copy 0xf37c7a28 -> 0xf3c7d1b8
05-10 00:33:36.915  5448  5521 D GStreamer+decodebin: 0:00:31.355813009 0xf37ecd20 gstdecodebin2.c:5033:gst_decode_pad_query:<decodebin0> calling autoplug-query for decodepad0 (element amcaudiodec-omxgooglemp3decoder0): caps query: 0xf39dd830, GstQueryCaps, filter=(GstCaps)"audio/x-raw\,\ rate\=\(int\)24000\,\ channels\=\(int\)1", caps=(GstCaps)"NULL";
05-10 00:33:36.915  5448  5521 D GStreamer+decodebin: 0:00:31.355871759 0xf37ecd20 gstdecodebin2.c:5042:gst_decode_pad_query:<decodebin0> autoplug-query returned 0
05-10 00:33:36.915  5448  5519 D GStreamer+GST_PERFORMANCE: 0:00:31.355904936 0xf37ecc60 gstcaps.c:169:_gst_caps_copy:<0xf37c7a28> doing copy 0xf37c7a28 -> 0xf3c7d5b8
05-10 00:33:36.915  5448  5521 D GStreamer+GST_CAPS: 0:00:31.355962540 0xf37ecd20 gstpad.c:3088:gst_pad_query_caps_default:<decodepad0:proxypad3> query caps caps query: 0xf39dd830, GstQueryCaps, filter=(GstCaps)"audio/x-raw\,\ rate\=\(int\)24000\,\ channels\=\(int\)1", caps=(GstCaps)"NULL";
05-10 00:33:36.915  5448  5519 D GStreamer+GST_PERFORMANCE: 0:00:31.355980874 0xf37ecc60 gstminiobject.c:326:gst_mini_object_make_writable copy GstCaps miniobject 0xf37c7a28 -> 0xf3c7d5b8
05-10 00:33:36.915  5448  5521 D GStreamer+GST_PADS: 0:00:31.356007540 0xf37ecd20 gstutils.c:2599:gst_pad_proxy_query_caps:<decodepad0:proxypad3> proxying caps query for decodepad0:proxypad3
05-10 00:33:36.916  5448  5521 D GStreamer+GST_PADS: 0:00:31.356060717 0xf37ecd20 gstpad.c:4009:gst_pad_peer_query:<'':decodepad0> peer query 0xf39dd830 (caps)
05-10 00:33:36.916  5448  5521 D GStreamer+GST_PADS: 0:00:31.356106186 0xf37ecd20 gstpad.c:3650:do_probe_callbacks:<'':decodepad0> data is passed
05-10 00:33:36.916  5448  5521 I GStreamer+GST_PADS: 0:00:31.356175769 0xf37ecd20 gstpad.c:4065:gst_pad_peer_query:<'':decodepad0> pad has no peer
05-10 00:33:36.916  5448  5519 D GStreamer+glimagesink: 0:00:31.356195509 0xf37ecc60 gstglimagesink.c:1155:gst_glimage_sink_get_caps:<sink> returning caps: video/x-raw(memory:GLMemory, meta:GstVideoOverlayComposition), format=(string)RGBA, width=(int)[ 1, 2147483647 ], height=(int)[ 1, 2147483647 ], framerate=(fraction)[ 0/1, 2147483647/1 ], texture-target=(string){ 2D, external-oes }; video/x-raw(memory:GLMemory, meta:GstVideoOverlayComposition), format=(string)RGBA, width=(int)[ 1, 2147483647 ], height=(int)[ 1, 2147483647 ], framerate=(fraction)[ 0/1, 2147483647/1 ], texture-target=(string){ 2D, external-oes }; video/x-raw(memory:GLMemory), format=(string)RGBA, width=(int)[ 1, 2147483647 ], height=(int)[ 1, 2147483647 ], framerate=(fraction)[ 0/1, 2147483647/1 ], texture-target=(string){ 2D, external-oes }
05-10 00:33:36.916  5448  5521 D GStreamer+GST_PADS: 0:00:31.356223478 0xf37ecd20 gstpad.c:3339:gst_pad_query_default:<decodepad0:proxypad3> not forwarding 0xf39dd830 (caps) query
05-10 00:33:36.916  5448  5521 D GStreamer+GST_PADS: 0:00:31.356279363 0xf37ecd20 gstpad.c:3905:gst_pad_query:<decodepad0:proxypad3> sent query 0xf39dd830 (caps), result 1
05-10 00:33:36.916  5448  5521 D GStreamer+GST_CAPS: 0:00:31.356354624 0xf37ecd20 gstutils.c:2891:gst_pad_peer_query_caps:<amcaudiodec-omxgooglemp3decoder0:src> peer query returned audio/x-raw, rate=(int)24000, channels=(int)1
05-10 00:33:36.916  5448  5519 D GStreamer+basesink: 0:00:31.356424259 0xf37ecc60 gstbasesink.c:4978:gst_base_sink_default_query:<sink> Checking if requested caps video/x-raw(memory:GLMemory), width=(int)1280, height=(int)720, interlace-mode=(string)progressive, pixel-aspect-ratio=(fraction)1/1, framerate=(fraction)0/1, format=(string)RGBA, texture-target=(string)2D, colorimetry=(string)sRGB are a subset of pad caps video/x-raw(memory:GLMemory, meta:GstVideoOverlayComposition), format=(string)RGBA, width=(int)[ 1, 2147483647 ], height=(int)[ 1, 2147483647 ], framerate=(fraction)[ 0/1, 2147483647/1 ], texture-target=(string){ 2D, external-oes }; video/x-raw(memory:GLMemory, meta:GstVideoOverlayComposition), format=(string)RGBA, width=(int)[ 1, 2147483647 ], height=(int)[ 1, 2147483647 ], framerate=(fraction)[ 0/1, 2147483647/1 ], texture-target=(string){ 2D, external-oes }; video/x-raw(memory:GLMemory), format=(string)RGBA, width=(int)[ 1, 2147483647 ], height=(int)[ 1, 2147483647 ], framerate=(fraction)[ 0/1, 2147483647/1 ], texture-target=(string){ 2D, extern
05-10 00:33:36.916  5448  5521 D GStreamer+GST_PADS: 0:00:31.356459467 0xf37ecd20 gstpad.c:3905:gst_pad_query:<amcaudiodec-omxgooglemp3decoder0:sink> sent query 0xf39dd800 (caps), result 1
05-10 00:33:36.916  5448  5519 D GStreamer+GST_PADS: 0:00:31.356489936 0xf37ecc60 gstpad.c:3905:gst_pad_query:<sink:sink> sent query 0xf3c9fd50 (accept-caps), result 1
05-10 00:33:36.916  5448  5519 D GStreamer+default: 0:00:31.356545457 0xf37ecc60 gstutils.c:2926:gst_pad_query_accept_caps:<sink:sink> query returned 1
05-10 00:33:36.916  5448  5521 D GStreamer+GST_CAPS: 0:00:31.356563061 0xf37ecd20 gstutils.c:2845:gst_pad_query_caps:<amcaudiodec-omxgooglemp3decoder0:sink> query returned audio/mpeg, rate=(int)24000, channels=(int)1, mpegversion=(int)1, layer=(int)3, parsed=(boolean)true, mpegaudioversion=(int)2
05-10 00:33:36.916  5448  5521 D GStreamer+GST_PADS: 0:00:31.356632280 0xf37ecd20 gstpad.c:3905:gst_pad_query:<amcaudiodec-omxgooglemp3decoder0:sink> sent query 0xf39dd890 (accept-caps), result 1
05-10 00:33:36.916  5448  5519 D GStreamer+basetransform: 0:00:31.356647072 0xf37ecc60 gstbasetransform.c:1242:gst_base_transform_find_transform:<glcolorbalance0> Input caps were video/x-raw(memory:GLMemory), width=(int)1280, height=(int)720, interlace-mode=(string)progressive, pixel-aspect-ratio=(fraction)1/1, framerate=(fraction)0/1, format=(string)RGBA, texture-target=(string)2D, colorimetry=(string)sRGB, and got final caps video/x-raw(memory:GLMemory), width=(int)1280, height=(int)720, interlace-mode=(string)progressive, pixel-aspect-ratio=(fraction)1/1, framerate=(fraction)0/1, format=(string)RGBA, texture-target=(string)2D, colorimetry=(string)sRGB
05-10 00:33:36.916  5448  5519 I GStreamer+basetransform: 0:00:31.356688530 0xf37ecc60 gstbasetransform.c:1367:gst_base_transform_setcaps:<glcolorbalance0> reuse caps
05-10 00:33:36.916  5448  5521 D GStreamer+default: 0:00:31.356695144 0xf37ecd20 gstutils.c:2926:gst_pad_query_accept_caps:<amcaudiodec-omxgooglemp3decoder0:sink> query returned 1
05-10 00:33:36.916  5448  5519 D GStreamer+GST_CAPS: 0:00:31.356737644 0xf37ecc60 gstpad.c:2648:gst_pad_get_current_caps:<glcolorbalance0:sink> get current pad caps (NULL)
05-10 00:33:36.916  5448  5521 D GStreamer+audiodecoder: 0:00:31.356756186 0xf37ecd20 gstaudiodecoder.c:2327:gst_audio_decoder_sink_event:<amcaudiodec-omxgooglemp3decoder0> received event 12814, caps
05-10 00:33:36.916  5448  5519 D GStreamer+GST_CAPS: 0:00:31.356785040 0xf37ecc60 gstpad.c:2648:gst_pad_get_current_caps:<glcolorbalance0:src> get current pad caps (NULL)
05-10 00:33:36.916  5448  5521 D GStreamer+audiodecoder: 0:00:31.356840926 0xf37ecd20 gstaudiodecoder.c:842:gst_audio_decoder_sink_setcaps:<amcaudiodec-omxgooglemp3decoder0> caps: audio/mpeg, mpegversion=(int)1, mpegaudioversion=(int)2, layer=(int)3, rate=(int)24000, channels=(int)1, parsed=(boolean)true
05-10 00:33:36.916  5448  5519 D GStreamer+basetransform: 0:00:31.356870249 0xf37ecc60 gstbasetransform.c:1061:gst_base_transform_configure_caps:<glcolorbalance0> in caps:  video/x-raw(memory:GLMemory), width=(int)1280, height=(int)720, interlace-mode=(string)progressive, pixel-aspect-ratio=(fraction)1/1, framerate=(fraction)0/1, format=(string)RGBA, texture-target=(string)2D, colorimetry=(string)sRGB
05-10 00:33:36.916  5448  5521 D GStreamer+audiodecoder: 0:00:31.356897228 0xf37ecd20 gstaudiodecoder.c:848:gst_audio_decoder_sink_setcaps:<amcaudiodec-omxgooglemp3decoder0> Caps did not change, not setting again
05-10 00:33:36.916  5448  5521 D GStreamer+GST_PADS: 0:00:31.356957488 0xf37ecd20 gstpad.c:5569:gst_pad_send_event_unchecked:<amcaudiodec-omxgooglemp3decoder0:sink> sent event, ret ok
05-10 00:33:36.916  5448  5519 D GStreamer+basetransform: 0:00:31.356975144 0xf37ecc60 gstbasetransform.c:1062:gst_base_transform_configure_caps:<glcolorbalance0> out caps: video/x-raw(memory:GLMemory), width=(int)1280, height=(int)720, interlace-mode=(string)progressive, pixel-aspect-ratio=(fraction)1/1, framerate=(fraction)0/1, format=(string)RGBA, texture-target=(string)2D, colorimetry=(string)sRGB
05-10 00:33:36.916  5448  5521 D GStreamer+GST_PADS: 0:00:31.357001603 0xf37ecd20 gstpad.c:3765:push_sticky:<mpegaudioparse0:src> event caps marked received
05-10 00:33:36.916  5448  5519 D GStreamer+basetransform: 0:00:31.357020301 0xf37ecc60 gstbasetransform.c:1070:gst_base_transform_configure_caps:<glcolorbalance0> have_same_caps: 1
05-10 00:33:36.917  5448  5519 D GStreamer+basetransform: 0:00:31.357062228 0xf37ecc60 gstbasetransform.c:1079:gst_base_transform_configure_caps:<glcolorbalance0> Calling set_caps method to setup caps
05-10 00:33:36.917  5448  5521 D GStreamer+query: 0:00:31.357078686 0xf37ecd20 gstquery.c:674:gst_query_new_custom creating new query 0xf39dd890 duration
05-10 00:33:36.917  5448  5521 D GStreamer+GST_PADS: 0:00:31.357141603 0xf37ecd20 gstpad.c:4009:gst_pad_peer_query:<mpegaudioparse0:sink> peer query 0xf39dd890 (duration)
05-10 00:33:36.917  5448  5519 D GStreamer+video-info: 0:00:31.357159467 0xf37ecc60 video-info.c:300:gst_video_info_from_caps parsing caps video/x-raw(memory:GLMemory), width=(int)1280, height=(int)720, interlace-mode=(string)progressive, pixel-aspect-ratio=(fraction)1/1, framerate=(fraction)0/1, format=(string)RGBA, texture-target=(string)2D, colorimetry=(string)sRGB
05-10 00:33:36.917  5448  5521 D GStreamer+GST_PADS: 0:00:31.357184363 0xf37ecd20 gstpad.c:3882:gst_pad_query:<typefind:src> doing query 0xf39dd890 (duration)
05-10 00:33:36.917  5448  5521 D GStreamer+typefind: 0:00:31.357228061 0xf37ecd20 gsttypefindelement.c:365:gst_type_find_handle_src_query:<typefind> Handling src query duration
05-10 00:33:36.917  5448  5519 D GStreamer+video-info: 0:00:31.357243738 0xf37ecc60 video-info.c:300:gst_video_info_from_caps parsing caps video/x-raw(memory:GLMemory), width=(int)1280, height=(int)720, interlace-mode=(string)progressive, pixel-aspect-ratio=(fraction)1/1, framerate=(fraction)0/1, format=(string)RGBA, texture-target=(string)2D, colorimetry=(string)sRGB
05-10 00:33:36.917  5448  5521 D GStreamer+GST_PADS: 0:00:31.357269415 0xf37ecd20 gstpad.c:3339:gst_pad_query_default:<typefind:src> forwarding 0xf39dd890 (duration) query
05-10 00:33:36.917  5448  5521 D GStreamer+GST_PADS: 0:00:31.357324572 0xf37ecd20 gstpad.c:2803:gst_pad_iterate_internal_links_default:<typefind:src> Making iterator
05-10 00:33:36.917  5448  5519 D GStreamer+glfilter: 0:00:31.357355040 0xf37ecc60 gstglfilter.c:725:gst_gl_filter_set_caps:<glcolorbalance0> set_caps 1280x720 in video/x-raw(memory:GLMemory), width=(int)1280, height=(int)720, interlace-mode=(string)progressive, pixel-aspect-ratio=(fraction)1/1, framerate=(fraction)0/1, format=(string)RGBA, texture-target=(string)2D, colorimetry=(string)sRGB out video/x-raw(memory:GLMemory), width=(int)1280, height=(int)720, interlace-mode=(string)progressive, pixel-aspect-ratio=(fraction)1/1, framerate=(fraction)0/1, format=(string)RGBA, texture-target=(string)2D, colorimetry=(string)sRGB
05-10 00:33:36.917  5448  5521 D GStreamer+GST_PADS: 0:00:31.357379363 0xf37ecd20 gstpad.c:4009:gst_pad_peer_query:<typefind:sink> peer query 0xf39dd890 (duration)
05-10 00:33:36.917  5448  5521 D GStreamer+GST_PADS: 0:00:31.357436499 0xf37ecd20 gstpad.c:3882:gst_pad_query:<sink:proxypad1> doing query 0xf39dd890 (duration)
05-10 00:33:36.917  5448  5519 I GStreamer+GST_EVENT: 0:00:31.357454832 0xf37ecc60 gstevent.c:679:gst_event_new_caps creating caps event video/x-raw(memory:GLMemory), width=(int)1280, height=(int)720, interlace-mode=(string)progressive, pixel-aspect-ratio=(fraction)1/1, framerate=(fraction)0/1, format=(string)RGBA, texture-target=(string)2D, colorimetry=(string)sRGB
05-10 00:33:36.917  5448  5521 D GStreamer+GST_PADS: 0:00:31.357479467 0xf37ecd20 gstpad.c:3339:gst_pad_query_default:<sink:proxypad1> forwarding 0xf39dd890 (duration) query
05-10 00:33:36.917  5448  5519 D GStreamer+GST_EVENT: 0:00:31.357496603 0xf37ecc60 gstevent.c:302:gst_event_new_custom creating new event 0xf3c1b9c0 caps 12814
05-10 00:33:36.917  5448  5521 D GStreamer+GST_PADS: 0:00:31.357528947 0xf37ecd20 gstpad.c:4009:gst_pad_peer_query:<decodebin0:sink> peer query 0xf39dd890 (duration)
05-10 00:33:36.917  5448  5519 D GStreamer+GST_PADS: 0:00:31.357545405 0xf37ecc60 gstpad.c:5053:store_sticky_event:<glcolorbalance0:src> notify caps
05-10 00:33:36.917  5448  5521 D GStreamer+GST_PADS: 0:00:31.357573947 0xf37ecd20 gstpad.c:3882:gst_pad_query:<queue2:src> doing query 0xf39dd890 (duration)
05-10 00:33:36.917  5448  5519 D GStreamer+GST_PADS: 0:00:31.357598947 0xf37ecc60 gstpad.c:3813:check_sticky:<glcolorbalance0:src> pushing all sticky events
05-10 00:33:36.917  5448  5521 D GStreamer+GST_PADS: 0:00:31.357621082 0xf37ecd20 gstpad.c:3339:gst_pad_query_default:<queue2:src> forwarding 0xf39dd890 (duration) query
05-10 00:33:36.917  5448  5519 D GStreamer+GST_PADS: 0:00:31.357647384 0xf37ecc60 gstpad.c:3745:push_sticky:<glcolorbalance0:src> event stream-start was already received
05-10 00:33:36.917  5448  5521 D GStreamer+GST_PADS: 0:00:31.357666186 0xf37ecd20 gstpad.c:2803:gst_pad_iterate_internal_links_default:<queue2:src> Making iterator
05-10 00:33:36.917  5448  5521 D GStreamer+GST_PADS: 0:00:31.357719624 0xf37ecd20 gstpad.c:4009:gst_pad_peer_query:<queue2:sink> peer query 0xf39dd890 (duration)
05-10 00:33:36.917  5448  5519 D GStreamer+GST_EVENT: 0:00:31.357765769 0xf37ecc60 gstpad.c:5496:gst_pad_send_event_unchecked:<sink:sink> have event type caps event: 0xf3c1b9c0, time 99:99:99.999999999, seq-num 176, GstEventCaps, caps=(GstCaps)"video/x-raw\(memory:GLMemory\)\,\ width\=\(int\)1280\,\ height\=\(int\)720\,\ interlace-mode\=\(string\)progressive\,\ pixel-aspect-ratio\=\(fraction\)1/1\,\ framerate\=\(fraction\)0/1\,\ format\=\(string\)RGBA\,\ texture-target\=\(string\)2D\,\ colorimetry\=\(string\)sRGB";
05-10 00:33:36.917  5448  5521 D GStreamer+GST_PADS: 0:00:31.357783426 0xf37ecd20 gstpad.c:3882:gst_pad_query:<q:audio_0> doing query 0xf39dd890 (duration)
05-10 00:33:36.917  5448  5521 D GStreamer+GST_PADS: 0:00:31.357839988 0xf37ecd20 gstpad.c:3905:gst_pad_query:<q:audio_0> sent query 0xf39dd890 (duration), result 0
05-10 00:33:36.917  5448  5519 D GStreamer+GST_CAPS: 0:00:31.357857436 0xf37ecc60 gstutils.c:2921:gst_pad_query_accept_caps:<sink:sink> accept caps of video/x-raw(memory:GLMemory), width=(int)1280, height=(int)720, interlace-mode=(string)progressive, pixel-aspect-ratio=(fraction)1/1, framerate=(fraction)0/1, format=(string)RGBA, texture-target=(string)2D, colorimetry=(string)sRGB
05-10 00:33:36.917  5448  5521 D GStreamer+GST_PADS: 0:00:31.357880197 0xf37ecd20 gstpad.c:3950:gst_pad_query:<q:audio_0> query failed
05-10 00:33:36.917  5448  5519 D GStreamer+query: 0:00:31.357903790 0xf37ecc60 gstquery.c:674:gst_query_new_custom creating new query 0xf3c8a260 accept-caps
05-10 00:33:36.917  5448  5521 D GStreamer+GST_PADS: 0:00:31.357918999 0xf37ecd20 gstpad.c:4071:gst_pad_peer_query:<queue2:sink> query failed
05-10 00:33:36.917  5448  5519 D GStreamer+GST_PADS: 0:00:31.357946342 0xf37ecc60 gstpad.c:3882:gst_pad_query:<sink:sink> doing query 0xf3c8a260 (accept-caps)
05-10 00:33:36.917  5448  5521 D GStreamer+GST_PADS: 0:00:31.357973842 0xf37ecd20 gstpad.c:3905:gst_pad_query:<queue2:src> sent query 0xf39dd890 (duration), result 0
05-10 00:33:36.917  5448  5521 D GStreamer+GST_PADS: 0:00:31.358022280 0xf37ecd20 gstpad.c:3950:gst_pad_query:<queue2:src> query failed
05-10 00:33:36.918  5448  5521 D GStreamer+GST_PADS: 0:00:31.358071394 0xf37ecd20 gstpad.c:4071:gst_pad_peer_query:<decodebin0:sink> query failed
05-10 00:33:36.918  5448  5519 D GStreamer+GST_PERFORMANCE: 0:00:31.358086134 0xf37ecc60 gstcaps.c:169:_gst_caps_copy:<0xf37c7a28> doing copy 0xf37c7a28 -> 0xf3c7d568
05-10 00:33:36.918  5448  5521 D GStreamer+GST_PADS: 0:00:31.358127019 0xf37ecd20 gstpad.c:3905:gst_pad_query:<sink:proxypad1> sent query 0xf39dd890 (duration), result 0
05-10 00:33:36.918  5448  5521 D GStreamer+GST_PADS: 0:00:31.358176655 0xf37ecd20 gstpad.c:3950:gst_pad_query:<sink:proxypad1> query failed
05-10 00:33:36.918  5448  5521 D GStreamer+GST_PADS: 0:00:31.358224051 0xf37ecd20 gstpad.c:4071:gst_pad_peer_query:<typefind:sink> query failed
05-10 00:33:36.918  5448  5519 D GStreamer+GST_PERFORMANCE: 0:00:31.358235197 0xf37ecc60 gstcaps.c:169:_gst_caps_copy:<0xf37c7a28> doing copy 0xf37c7a28 -> 0xf3c7d590
05-10 00:33:36.918  5448  5521 D GStreamer+GST_PADS: 0:00:31.358265249 0xf37ecd20 gstpad.c:3905:gst_pad_query:<typefind:src> sent query 0xf39dd890 (duration), result 0
05-10 00:33:36.918  5448  5519 D GStreamer+GST_PERFORMANCE: 0:00:31.358292332 0xf37ecc60 gstminiobject.c:326:gst_mini_object_make_writable copy GstCaps miniobject 0xf37c7a28 -> 0xf3c7d590
05-10 00:33:36.918  5448  5521 D GStreamer+GST_PADS: 0:00:31.358310613 0xf37ecd20 gstpad.c:3950:gst_pad_query:<typefind:src> query failed
05-10 00:33:36.918  5448  5521 D GStreamer+GST_PADS: 0:00:31.358356394 0xf37ecd20 gstpad.c:4071:gst_pad_peer_query:<mpegaudioparse0:sink> query failed
05-10 00:33:36.918  5448  5521 D GStreamer+mpegaudioparse: 0:00:31.358408217 0xf37ecd20 gstmpegaudioparse.c:1132:gst_mpeg_audio_parse_handle_first_frame:<mpegaudioparse0> Xing, LAME or VBRI header not found in first frame
05-10 00:33:36.918  5448  5521 D GStreamer+baseparse: 0:00:31.358461238 0xf37ecd20 gstbaseparse.c:3760:gst_base_parse_set_average_bitrate:<mpegaudioparse0> bitrate 0
05-10 00:33:36.918  5448  5519 D GStreamer+glimagesink: 0:00:31.358471603 0xf37ecc60 gstglimagesink.c:1155:gst_glimage_sink_get_caps:<sink> returning caps: video/x-raw(memory:GLMemory, meta:GstVideoOverlayComposition), format=(string)RGBA, width=(int)[ 1, 2147483647 ], height=(int)[ 1, 2147483647 ], framerate=(fraction)[ 0/1, 2147483647/1 ], texture-target=(string){ 2D, external-oes }; video/x-raw(memory:GLMemory, meta:GstVideoOverlayComposition), format=(string)RGBA, width=(int)[ 1, 2147483647 ], height=(int)[ 1, 2147483647 ], framerate=(fraction)[ 0/1, 2147483647/1 ], texture-target=(string){ 2D, external-oes }; video/x-raw(memory:GLMemory), format=(string)RGBA, width=(int)[ 1, 2147483647 ], height=(int)[ 1, 2147483647 ], framerate=(fraction)[ 0/1, 2147483647/1 ], texture-target=(string){ 2D, external-oes }
05-10 00:33:36.918  5448  5521 D GStreamer+query: 0:00:31.358500353 0xf37ecd20 gstquery.c:674:gst_query_new_custom creating new query 0xf39dd800 seeking
05-10 00:33:36.918  5448  5521 D GStreamer+GST_PADS: 0:00:31.358552592 0xf37ecd20 gstpad.c:4009:gst_pad_peer_query:<mpegaudioparse0:sink> peer query 0xf39dd800 (seeking)
05-10 00:33:36.918  5448  5521 D GStreamer+GST_PADS: 0:00:31.358609363 0xf37ecd20 gstpad.c:3882:gst_pad_query:<typefind:src> doing query 0xf39dd800 (seeking)
05-10 00:33:36.918  5448  5521 D GStreamer+typefind: 0:00:31.358657280 0xf37ecd20 gsttypefindelement.c:365:gst_type_find_handle_src_query:<typefind> Handling src query seeking
05-10 00:33:36.918  5448  5519 D GStreamer+basesink: 0:00:31.358692801 0xf37ecc60 gstbasesink.c:4978:gst_base_sink_default_query:<sink> Checking if requested caps video/x-raw(memory:GLMemory), width=(int)1280, height=(int)720, interlace-mode=(string)progressive, pixel-aspect-ratio=(fraction)1/1, framerate=(fraction)0/1, format=(string)RGBA, texture-target=(string)2D, colorimetry=(string)sRGB are a subset of pad caps video/x-raw(memory:GLMemory, meta:GstVideoOverlayComposition), format=(string)RGBA, width=(int)[ 1, 2147483647 ], height=(int)[ 1, 2147483647 ], framerate=(fraction)[ 0/1, 2147483647/1 ], texture-target=(string){ 2D, external-oes }; video/x-raw(memory:GLMemory, meta:GstVideoOverlayComposition), format=(string)RGBA, width=(int)[ 1, 2147483647 ], height=(int)[ 1, 2147483647 ], framerate=(fraction)[ 0/1, 2147483647/1 ], texture-target=(string){ 2D, external-oes }; video/x-raw(memory:GLMemory), format=(string)RGBA, width=(int)[ 1, 2147483647 ], height=(int)[ 1, 2147483647 ], framerate=(fraction)[ 0/1, 2147483647/1 ], texture-target=(string){ 2D, extern
05-10 00:33:36.918  5448  5521 D GStreamer+GST_PADS: 0:00:31.358706238 0xf37ecd20 gstpad.c:3339:gst_pad_query_default:<typefind:src> forwarding 0xf39dd800 (seeking) query
05-10 00:33:36.918  5448  5521 D GStreamer+GST_PADS: 0:00:31.358751551 0xf37ecd20 gstpad.c:2803:gst_pad_iterate_internal_links_default:<typefind:src> Making iterator
05-10 00:33:36.918  5448  5519 D GStreamer+GST_PADS: 0:00:31.358768738 0xf37ecc60 gstpad.c:3905:gst_pad_query:<sink:sink> sent query 0xf3c8a260 (accept-caps), result 1
05-10 00:33:36.918  5448  5521 D GStreamer+GST_PADS: 0:00:31.358796394 0xf37ecd20 gstpad.c:4009:gst_pad_peer_query:<typefind:sink> peer query 0xf39dd800 (seeking)
05-10 00:33:36.918  5448  5519 D GStreamer+default: 0:00:31.358821447 0xf37ecc60 gstutils.c:2926:gst_pad_query_accept_caps:<sink:sink> query returned 1
