05-10 00:33:36.849  5448  5521 D GStreamer+GST_CLOCK: 0:00:31.289664259 0xf37ecd20 gstelement.c:418:gst_element_set_clock:<mpegaudioparse0> setting clock 0x0
05-10 00:33:36.849  5448  5521 D GStreamer+bin: 0:00:31.289717488 0xf37ecd20 gstbin.c:1215:gst_bin_add_func:<decodebin0> added SUCCESS element
05-10 00:33:36.849  5448  5521 D GStreamer+GST_PARENTAGE: 0:00:31.289773009 0xf37ecd20 gstbin.c:1295:gst_bin_add_func:<decodebin0> added element "mpegaudioparse0"
05-10 00:33:36.849  5448  5521 D GStreamer+GST_BUS: 0:00:31.289892124 0xf37ecd20 gstbus.c:309:gst_bus_post:<bus1> [msg 0xf3ad35d0] posting on bus structure-change message: 0xf3ad35d0, time 99:99:99.999999999, seq-num 133, element 'sink', GstMessageStructureChange, type=(GstStructureChangeType)GST_STRUCTURE_CHANGE_TYPE_PAD_LINK, owner=(GstElement)"\(GstTypeFindElement\)\ typefind", busy=(boolean)true;
05-10 00:33:36.849  5448  5521 D GStreamer+bin: 0:00:31.289946394 0xf37ecd20 gstbin.c:3528:gst_bin_handle_message_func:<decodebin0> [msg 0xf3ad35d0] handling child sink message of type structure-change
05-10 00:33:36.849  5448  5520 D GStreamer+default: 0:00:31.289978009 0xf37eccc0 gstutils.c:2563:query_caps_func:<queue1:src> intersected video/x-raw(memory:GLMemory), width=(int)[ 1, 2147483647 ], height=(int)[ 1, 2147483647 ], framerate=(fraction)[ 0/1, 2147483647/1 ], format=(string)RGBA, texture-target=(string)2D; video/x-raw(memory:GLMemory), format=(string)RGBA, width=(int)[ 1, 2147483647 ], height=(int)[ 1, 2147483647 ], framerate=(fraction)[ 0/1, 2147483647/1 ], texture-target=(string){ 2D, rectangle, external-oes }; video/x-raw(memory:GLMemory), format=(string){ RGBA, BGRA, RGBx, BGRx, ARGB, ABGR, xRGB, xBGR, RGB, BGR, RGB16, BGR16, AYUV, I420, YV12, NV12, NV21, YUY2, UYVY, Y41B, Y42B, Y444, GRAY8, GRAY16_LE, GRAY16_BE }, width=(int)[ 1, 2147483647 ], height=(int)[ 1, 2147483647 ], framerate=(fraction)[ 0/1, 2147483647/1 ], texture-target=(string){ 2D, rectangle, external-oes }; video/x-raw(memory:GLMemory), width=(int)[ 1, 2147483647 ], height=(int)[ 1, 2147483647 ], framerate=(fraction)[ 0/1, 2147483647/1 ], format=(string)RGBA; video/x-raw(memory:
05-10 00:33:36.849  5448  5521 D GStreamer+bin: 0:00:31.289988113 0xf37ecd20 gstbin.c:882:find_message:<decodebin0> no message found matching types 00001000
05-10 00:33:36.850  5448  5521 D GStreamer+bin: 0:00:31.290037072 0xf37ecd20 gstbin.c:889:find_message:<decodebin0>   structure-change
05-10 00:33:36.850  5448  5520 D GStreamer+GST_PADS: 0:00:31.290072019 0xf37eccc0 gstpad.c:3339:gst_pad_query_default:<queue1:sink> not forwarding 0xf39ff380 (caps) query
05-10 00:33:36.850  5448  5521 D GStreamer+bin: 0:00:31.290084415 0xf37ecd20 gstbin.c:929:bin_replace_message:<decodebin0> got new message 0xf3ad35d0, structure-change from sink
05-10 00:33:36.850  5448  5520 D GStreamer+GST_PADS: 0:00:31.290174207 0xf37eccc0 gstpad.c:3905:gst_pad_query:<queue1:sink> sent query 0xf39ff380 (caps), result 1
05-10 00:33:36.850  5448  5521 D GStreamer+GST_BUS: 0:00:31.290191603 0xf37ecd20 gstbus.c:344:gst_bus_post:<bus1> [msg 0xf3ad35d0] dropped
05-10 00:33:36.850  5448  5521 I GStreamer+GST_PADS: 0:00:31.290239832 0xf37ecd20 gstpad.c:2292:gst_pad_link_prepare trying to link typefind:src and mpegaudioparse0:sink
05-10 00:33:36.850  5448  5521 I GStreamer+GST_PADS: 0:00:31.290289780 0xf37ecd20 gstpad.c:2498:gst_pad_link_full linked typefind:src and mpegaudioparse0:sink, successful
05-10 00:33:36.850  5448  5521 I GStreamer+GST_EVENT: 0:00:31.290318530 0xf37ecd20 gstevent.c:1382:gst_event_new_reconfigure creating reconfigure event
05-10 00:33:36.850  5448  5521 D GStreamer+GST_EVENT: 0:00:31.290358634 0xf37ecd20 gstevent.c:302:gst_event_new_custom creating new event 0xf39dc4c0 reconfigure 61441
05-10 00:33:36.850  5448  5521 D GStreamer+GST_EVENT: 0:00:31.290422749 0xf37ecd20 gstpad.c:5496:gst_pad_send_event_unchecked:<typefind:src> have event type reconfigure event: 0xf39dc4c0, time 99:99:99.999999999, seq-num 134, (NULL)
05-10 00:33:36.850  5448  5521 D GStreamer+GST_PADS: 0:00:31.290476967 0xf37ecd20 gstpad.c:5569:gst_pad_send_event_unchecked:<typefind:src> sent event, ret error
05-10 00:33:36.850  5448  5520 D GStreamer+GST_CAPS: 0:00:31.290525769 0xf37eccc0 gstutils.c:2891:gst_pad_peer_query_caps:<amcvideodec-omxnvidiah264decode0:src> peer query returned video/x-raw(memory:GLMemory), width=(int)[ 1, 2147483647 ], height=(int)[ 1, 2147483647 ], framerate=(fraction)[ 0/1, 2147483647/1 ], format=(string)RGBA, texture-target=(string)2D; video/x-raw(memory:GLMemory), format=(string)RGBA, width=(int)[ 1, 2147483647 ], height=(int)[ 1, 2147483647 ], framerate=(fraction)[ 0/1, 2147483647/1 ], texture-target=(string){ 2D, rectangle, external-oes }; video/x-raw(memory:GLMemory), format=(string){ RGBA, BGRA, RGBx, BGRx, ARGB, ABGR, xRGB, xBGR, RGB, BGR, RGB16, BGR16, AYUV, I420, YV12, NV12, NV21, YUY2, UYVY, Y41B, Y42B, Y444, GRAY8, GRAY16_LE, GRAY16_BE }, width=(int)[ 1, 2147483647 ], height=(int)[ 1, 2147483647 ], framerate=(fraction)[ 0/1, 2147483647/1 ], texture-target=(string){ 2D, rectangle, external-oes }; video/x-raw(memory:GLMemory), width=(int)[ 1, 2147483647 ], height=(int)[ 1, 2147483647 ], framerate=(fraction)[ 0/1, 2147483647/1 ]
05-10 00:33:36.850  5448  5521 D GStreamer+GST_BUS: 0:00:31.290576082 0xf37ecd20 gstbus.c:309:gst_bus_post:<bus1> [msg 0xf3ad3628] posting on bus structure-change message: 0xf3ad3628, time 99:99:99.999999999, seq-num 135, element 'sink', GstMessageStructureChange, type=(GstStructureChangeType)GST_STRUCTURE_CHANGE_TYPE_PAD_LINK, owner=(GstElement)"\(GstTypeFindElement\)\ typefind", busy=(boolean)false;
05-10 00:33:36.850  5448  5521 D GStreamer+bin: 0:00:31.290627853 0xf37ecd20 gstbin.c:3528:gst_bin_handle_message_func:<decodebin0> [msg 0xf3ad3628] handling child sink message of type structure-change
05-10 00:33:36.850  5448  5521 D GStreamer+bin: 0:00:31.290672905 0xf37ecd20 gstbin.c:957:bin_remove_messages:<mpegaudioparse0:sink> deleting message 0xf3ad35d0 of types 0x00001000
05-10 00:33:36.850  5448  5521 D GStreamer+bin: 0:00:31.290741551 0xf37ecd20 gstbin.c:963:bin_remove_messages:<decodebin0> not deleting message 0xf3ad1670 of type 0x00100000
05-10 00:33:36.850  5448  5521 D GStreamer+GST_BUS: 0:00:31.290787697 0xf37ecd20 gstbus.c:344:gst_bus_post:<bus1> [msg 0xf3ad3628] dropped
05-10 00:33:36.850  5448  5521 D GStreamer+GST_STATES: 0:00:31.290826811 0xf37ecd20 gstelement.c:2523:gst_element_set_state_func:<mpegaudioparse0> set_state to READY
05-10 00:33:36.850  5448  5521 D GStreamer+GST_STATES: 0:00:31.290865717 0xf37ecd20 gstelement.c:2548:gst_element_set_state_func:<mpegaudioparse0> setting target state to READY
05-10 00:33:36.850  5448  5521 D GStreamer+GST_STATES: 0:00:31.290916551 0xf37ecd20 gstelement.c:2561:gst_element_set_state_func:<mpegaudioparse0> current NULL, old_pending VOID_PENDING, next VOID_PENDING, old return SUCCESS
05-10 00:33:36.850  5448  5521 D GStreamer+GST_STATES: 0:00:31.290967749 0xf37ecd20 gstelement.c:2595:gst_element_set_state_func:<mpegaudioparse0> final: setting state from NULL to READY
05-10 00:33:36.850  5448  5520 D GStreamer+GST_PADS: 0:00:31.290985613 0xf37eccc0 gstpad.c:3905:gst_pad_query:<amcvideodec-omxnvidiah264decode0:sink> sent query 0xf39ff200 (caps), result 1
05-10 00:33:36.850  5448  5521 D GStreamer+GST_STATES: 0:00:31.291008426 0xf37ecd20 gstelement.c:2684:gst_element_change_state:<mpegaudioparse0> element changed state SUCCESS
05-10 00:33:36.851  5448  5521 I GStreamer+GST_STATES: 0:00:31.291050509 0xf37ecd20 gstelement.c:2372:gst_element_continue_state:<mpegaudioparse0> completed state change to READY
05-10 00:33:36.851  5448  5521 I GStreamer+GST_STATES: 0:00:31.291104155 0xf37ecd20 gstelement.c:2277:_priv_gst_element_state_changed:<mpegaudioparse0> notifying about state-changed NULL to READY (VOID_PENDING pending)
05-10 00:33:36.851  5448  5520 D GStreamer+GST_CAPS: 0:00:31.291218842 0xf37eccc0 gstutils.c:2891:gst_pad_peer_query_caps:<h264parse0:src> peer query returned video/x-h264, width=(int)[ 16, 4096 ], height=(int)[ 16, 4096 ], framerate=(fraction)[ 0/1, 2147483647/1 ], parsed=(boolean)true, stream-format=(string)byte-stream, alignment=(string)au, profile=(string)high; video/x-h264, width=(int)[ 16, 4096 ], height=(int)[ 16, 4096 ], framerate=(fraction)[ 0/1, 2147483647/1 ], parsed=(boolean)true, stream-format=(string)byte-stream, alignment=(string)au, profile=(string)main; video/x-h264, width=(int)[ 16, 4096 ], height=(int)[ 16, 4096 ], framerate=(fraction)[ 0/1, 2147483647/1 ], parsed=(boolean)true, stream-format=(string)byte-stream, alignment=(string)au, profile=(string)baseline; video/x-h264, width=(int)[ 16, 4096 ], height=(int)[ 16, 4096 ], framerate=(fraction)[ 0/1, 2147483647/1 ], parsed=(boolean)true, stream-format=(string)byte-stream, alignment=(string)au, profile=(string)constrained-baseline
05-10 00:33:36.851  5448  5521 D GStreamer+GST_BUS: 0:00:31.291237124 0xf37ecd20 gstbus.c:309:gst_bus_post:<bus1> [msg 0xf3ad3680] posting on bus state-changed message: 0xf3ad3680, time 99:99:99.999999999, seq-num 136, element 'mpegaudioparse0', GstMessageStateChanged, old-state=(GstState)GST_STATE_NULL, new-state=(GstState)GST_STATE_READY, pending-state=(GstState)GST_STATE_VOID_PENDING;
05-10 00:33:36.851  5448  5521 D GStreamer+bin: 0:00:31.291294676 0xf37ecd20 gstbin.c:3528:gst_bin_handle_message_func:<decodebin0> [msg 0xf3ad3680] handling child mpegaudioparse0 message of type state-changed
05-10 00:33:36.851  5448  5521 D GStreamer+bin: 0:00:31.291341290 0xf37ecd20 gstbin.c:3865:gst_bin_handle_message_func:<decodebin0> posting message upward
05-10 00:33:36.851  5448  5520 D GStreamer+GST_PERFORMANCE: 0:00:31.291413478 0xf37eccc0 gstcaps.c:169:_gst_caps_copy:<0xf39ff478> doing copy 0xf39ff478 -> 0xf39da878
05-10 00:33:36.851  5448  5521 D GStreamer+GST_BUS: 0:00:31.291440301 0xf37ecd20 gstbus.c:309:gst_bus_post:<bus3> [msg 0xf3ad3680] posting on bus state-changed message: 0xf3ad3680, time 99:99:99.999999999, seq-num 136, element 'mpegaudioparse0', GstMessageStateChanged, old-state=(GstState)GST_STATE_NULL, new-state=(GstState)GST_STATE_READY, pending-state=(GstState)GST_STATE_VOID_PENDING;
05-10 00:33:36.851  5448  5521 D GStreamer+bin: 0:00:31.291482384 0xf37ecd20 gstbin.c:3528:gst_bin_handle_message_func:<pipeline0> [msg 0xf3ad3680] handling child mpegaudioparse0 message of type state-changed
05-10 00:33:36.851  5448  5521 D GStreamer+bin: 0:00:31.291519728 0xf37ecd20 gstbin.c:3865:gst_bin_handle_message_func:<pipeline0> posting message upward
05-10 00:33:36.851  5448  5520 D GStreamer+GST_CAPS: 0:00:31.291540509 0xf37eccc0 gstpad.c:2648:gst_pad_get_current_caps:<h264parse0:sink> get current pad caps video/x-h264, stream-format=(string)avc, alignment=(string)au, level=(string)4, profile=(string)baseline, codec_data=(buffer)01428028ffe1000a27428028e54028016b2001000528de01ae20, width=(int)1280, height=(int)1440, framerate=(fraction)151/3, pixel-aspect-ratio=(fraction)1/1
05-10 00:33:36.851  5448  5521 D GStreamer+GST_BUS: 0:00:31.291597592 0xf37ecd20 gstbus.c:309:gst_bus_post:<bus4> [msg 0xf3ad3680] posting on bus state-changed message: 0xf3ad3680, time 99:99:99.999999999, seq-num 136, element 'mpegaudioparse0', GstMessageStateChanged, old-state=(GstState)GST_STATE_NULL, new-state=(GstState)GST_STATE_READY, pending-state=(GstState)GST_STATE_VOID_PENDING;
05-10 00:33:36.851  5448  5520 I GStreamer+baseparse: 0:00:31.291645665 0xf37eccc0 gstbaseparse.c:1118:gst_base_parse_negotiate_default_caps:<h264parse0> Chose default caps video/x-h264, width=(int)1280, height=(int)1440, framerate=(fraction)151/3, parsed=(boolean)true, stream-format=(string)avc, alignment=(string)au, profile=(string)baseline for initial gap
05-10 00:33:36.851  5448  5521 D GStreamer+GST_BUS: 0:00:31.291662697 0xf37ecd20 gstbus.c:348:gst_bus_post:<bus4> [msg 0xf3ad3680] pushing on async queue
05-10 00:33:36.851  5448  5520 D GStreamer+baseparse: 0:00:31.291692488 0xf37eccc0 gstbaseparse.c:1407:gst_base_parse_sink_event_default:<h264parse0> Store caps event to pending list for initial pre-rolling
05-10 00:33:36.851  5448  5504 D GStreamer+GST_BUS: 0:00:31.291755509 0xf394d800 gstbus.c:521:gst_bus_timed_pop_filtered:<bus4> got message 0xf3ad3680, state-changed from mpegaudioparse0, type mask is 4294967295
05-10 00:33:36.851  5448  5520 I GStreamer+GST_EVENT: 0:00:31.291772644 0xf37eccc0 gstevent.c:679:gst_event_new_caps creating caps event video/x-h264, width=(int)1280, height=(int)1440, framerate=(fraction)151/3, parsed=(boolean)true, stream-format=(string)avc, alignment=(string)au, profile=(string)baseline
05-10 00:33:36.851  5448  5520 D GStreamer+GST_EVENT: 0:00:31.291819519 0xf37eccc0 gstevent.c:302:gst_event_new_custom creating new event 0xf39db278 caps 12814
05-10 00:33:36.851  5448  5504 D GStreamer+GST_BUS: 0:00:31.291843217 0xf394d800 gstbus.c:789:gst_bus_source_dispatch:<bus4> source 0xf3aca788 calling dispatch with state-changed message: 0xf3ad3680, time 99:99:99.999999999, seq-num 136, element 'mpegaudioparse0', GstMessageStateChanged, old-state=(GstState)GST_STATE_NULL, new-state=(GstState)GST_STATE_READY, pending-state=(GstState)GST_STATE_VOID_PENDING;
05-10 00:33:36.851  5448  5520 D GStreamer+GST_PADS: 0:00:31.291867540 0xf37eccc0 gstpad.c:3813:check_sticky:<h264parse0:src> pushing all sticky events
05-10 00:33:36.851  5448  5504 D GStreamer+GST_BUS: 0:00:31.291896082 0xf394d800 gstbus.c:794:gst_bus_source_dispatch:<bus4> source 0xf3aca788 handler returns 1
05-10 00:33:36.851  5448  5520 D GStreamer+GST_PADS: 0:00:31.291908269 0xf37eccc0 gstpad.c:3745:push_sticky:<h264parse0:src> event stream-start was already received
05-10 00:33:36.851  5448  5521 D GStreamer+GST_BUS: 0:00:31.291961290 0xf37ecd20 gstbus.c:351:gst_bus_post:<bus4> [msg 0xf3ad3680] pushed on async queue
05-10 00:33:36.851  5448  5521 D GStreamer+GST_BUS: 0:00:31.292004467 0xf37ecd20 gstbus.c:344:gst_bus_post:<bus3> [msg 0xf3ad3680] dropped
05-10 00:33:36.852  5448  5521 D GStreamer+GST_BUS: 0:00:31.292047332 0xf37ecd20 gstbus.c:344:gst_bus_post:<bus1> [msg 0xf3ad3680] dropped
05-10 00:33:36.852  5448  5520 D GStreamer+GST_EVENT: 0:00:31.292063374 0xf37eccc0 gstpad.c:5496:gst_pad_send_event_unchecked:<amcvideodec-omxnvidiah264decode0:sink> have event type segment event: 0xf3944a40, time 99:99:99.999999999, seq-num 106, GstEventSegment, segment=(GstSegment)"GstSegment, flags=(GstSegmentFlags)GST_SEGMENT_FLAG_NONE, rate=(double)1, applied-rate=(double)1, format=(GstFormat)GST_FORMAT_TIME, base=(guint64)0, offset=(guint64)0, start=(guint64)0, stop=(guint64)311000000, time=(guint64)0, position=(guint64)0, duration=(guint64)18446744073709551615;";
05-10 00:33:36.852  5448  5521 D GStreamer+GST_STATES: 0:00:31.292093113 0xf37ecd20 gstelement.c:2607:gst_element_set_state_func:<mpegaudioparse0> returned SUCCESS
05-10 00:33:36.852  5448  5520 D GStreamer+videodecoder: 0:00:31.292130457 0xf37eccc0 gstvideodecoder.c:1486:gst_video_decoder_sink_event:<amcvideodec-omxnvidiah264decode0> received event 17934, segment
05-10 00:33:36.852  5448  5521 D GStreamer+GST_CAPS: 0:00:31.292164884 0xf37ecd20 gstutils.c:2921:gst_pad_query_accept_caps:<mpegaudioparse0:sink> accept caps of audio/mpeg, mpegversion=(int)1, parsed=(boolean)true, rate=(int)24000, channels=(int)1
05-10 00:33:36.852  5448  5521 D GStreamer+query: 0:00:31.292219624 0xf37ecd20 gstquery.c:674:gst_query_new_custom creating new query 0xf39ddcf0 accept-caps
05-10 00:33:36.852  5448  5520 D GStreamer+videodecoder: 0:00:31.292237801 0xf37eccc0 gstvideodecoder.c:1357:gst_video_decoder_sink_event_default:<amcvideodec-omxnvidiah264decode0> received TIME SEGMENT time segment start=0:00:00.000000000, offset=0:00:00.000000000, stop=0:00:00.311000000, rate=1.000000, applied_rate=1.000000, flags=0x00, time=0:00:00.000000000, base=0:00:00.000000000, position 0:00:00.000000000, duration 99:99:99.999999999
05-10 00:33:36.852  5448  5521 D GStreamer+GST_PADS: 0:00:31.292264311 0xf37ecd20 gstpad.c:3882:gst_pad_query:<mpegaudioparse0:sink> doing query 0xf39ddcf0 (accept-caps)
05-10 00:33:36.852  5448  5520 D GStreamer+GST_PADS: 0:00:31.292291603 0xf37eccc0 gstpad.c:5569:gst_pad_send_event_unchecked:<amcvideodec-omxnvidiah264decode0:sink> sent event, ret ok
05-10 00:33:36.852  5448  5521 D GStreamer+baseparse: 0:00:31.292309363 0xf37ecd20 gstbaseparse.c:1555:gst_base_parse_sink_query:<mpegaudioparse0> accept-caps query
05-10 00:33:36.852  5448  5520 D GStreamer+GST_PADS: 0:00:31.292340197 0xf37eccc0 gstpad.c:3765:push_sticky:<h264parse0:src> event segment marked received
05-10 00:33:36.852  5448  5521 D GStreamer+GST_PADS: 0:00:31.292387592 0xf37ecd20 gstpad.c:3035:gst_pad_query_accept_caps_default:<mpegaudioparse0:sink> query accept-caps accept-caps query: 0xf39ddcf0, GstQueryAcceptCaps, caps=(GstCaps)"audio/mpeg\,\ mpegversion\=\(int\)1\,\ parsed\=\(boolean\)true\,\ rate\=\(int\)24000\,\ channels\=\(int\)1", result=(boolean)false;
05-10 00:33:36.852  5448  5520 D GStreamer+GST_PADS: 0:00:31.292404728 0xf37eccc0 gstpad.c:3813:check_sticky:<h264parse0:src> pushing all sticky events
05-10 00:33:36.852  5448  5521 D GStreamer+GST_PERFORMANCE: 0:00:31.292429519 0xf37ecd20 gstpad.c:3050:gst_pad_query_accept_caps_default:<mpegaudioparse0:sink> fallback ACCEPT_CAPS query, consider implementing a specialized version
05-10 00:33:36.852  5448  5520 D GStreamer+GST_PADS: 0:00:31.292457436 0xf37eccc0 gstpad.c:3745:push_sticky:<h264parse0:src> event stream-start was already received
05-10 00:33:36.852  5448  5520 D GStreamer+GST_PADS: 0:00:31.292510040 0xf37eccc0 gstpad.c:3745:push_sticky:<h264parse0:src> event segment was already received
05-10 00:33:36.852  5448  5521 D GStreamer+GST_PADS: 0:00:31.292529259 0xf37ecd20 gstpad.c:3061:gst_pad_query_accept_caps_default:<mpegaudioparse0:sink> allowed caps intersect audio/mpeg, mpegversion=(int)1, caps audio/mpeg, mpegversion=(int)1, parsed=(boolean)true, rate=(int)24000, channels=(int)1
05-10 00:33:36.852  5448  5521 D GStreamer+GST_PADS: 0:00:31.292593113 0xf37ecd20 gstpad.c:3339:gst_pad_query_default:<mpegaudioparse0:sink> not forwarding 0xf39ddcf0 (accept-caps) query
05-10 00:33:36.852  5448  5520 D GStreamer+GST_EVENT: 0:00:31.292602957 0xf37eccc0 gstpad.c:5496:gst_pad_send_event_unchecked:<amcvideodec-omxnvidiah264decode0:sink> have event type tag event: 0xf39db230, time 99:99:99.999999999, seq-num 125, GstTagList-stream, taglist=(taglist)"taglist\,\ video-codec\=\(string\)\"H.264\\\ /\\\ AVC\"\,\ bitrate\=\(uint\)16613441\,\ language-code\=\(string\)en\;";
05-10 00:33:36.852  5448  5521 D GStreamer+GST_PADS: 0:00:31.292636290 0xf37ecd20 gstpad.c:3905:gst_pad_query:<mpegaudioparse0:sink> sent query 0xf39ddcf0 (accept-caps), result 1
05-10 00:33:36.852  5448  5520 D GStreamer+videodecoder: 0:00:31.292645040 0xf37eccc0 gstvideodecoder.c:1486:gst_video_decoder_sink_event:<amcvideodec-omxnvidiah264decode0> received event 20510, tag
05-10 00:33:36.852  5448  5521 D GStreamer+default: 0:00:31.292677697 0xf37ecd20 gstutils.c:2926:gst_pad_query_accept_caps:<mpegaudioparse0:sink> query returned 1
05-10 00:33:36.852  5448  5520 I GStreamer+videodecoder: 0:00:31.292699259 0xf37eccc0 gstvideodecoder.c:1432:gst_video_decoder_sink_event_default:<amcvideodec-omxnvidiah264decode0> upstream tags: taglist, video-codec=(string)"H.264\ /\ AVC", bitrate=(uint)16613441, language-code=(string)en;
05-10 00:33:36.852  5448  5521 D GStreamer+decodebin: 0:00:31.292742124 0xf37ecd20 gstdecodebin2.c:2658:connect_element:<decodebin0> Attempting to connect element mpegaudioparse0 [chain:0xf3a37008] further
05-10 00:33:36.852  5448  5520 D GStreamer+videodecoder: 0:00:31.292762592 0xf37eccc0 gstvideodecoder.c:937:gst_video_decoder_create_merged_tags_event:<amcvideodec-omxnvidiah264decode0> merged   : taglist, video-codec=(string)"H.264\ /\ AVC", bitrate=(uint)16613441, language-code=(string)en;
05-10 00:33:36.852  5448  5521 D GStreamer+decodebin: 0:00:31.292784519 0xf37ecd20 gstdecodebin2.c:2671:connect_element:<decodebin0> got a source pad template src
05-10 00:33:36.852  5448  5520 D GStreamer+GST_EVENT: 0:00:31.292808322 0xf37eccc0 gstevent.c:302:gst_event_new_custom creating new event 0xf39db2c0 tag 20510
05-10 00:33:36.852  5448  5521 I GStreamer+GST_ELEMENT_PADS: 0:00:31.292826603 0xf37ecd20 gstelement.c:907:gst_element_get_static_pad found pad mpegaudioparse0:src
05-10 00:33:36.852  5448  5520 D GStreamer+GST_PADS: 0:00:31.292849467 0xf37eccc0 gstpad.c:5569:gst_pad_send_event_unchecked:<amcvideodec-omxnvidiah264decode0:sink> sent event, ret ok
05-10 00:33:36.852  5448  5521 D GStreamer+decodebin: 0:00:31.292872019 0xf37ecd20 gstdecodebin2.c:2682:connect_element:<decodebin0> got the pad for always template src
05-10 00:33:36.852  5448  5520 D GStreamer+GST_PADS: 0:00:31.292897228 0xf37eccc0 gstpad.c:3765:push_sticky:<h264parse0:src> event tag marked received
05-10 00:33:36.852  5448  5521 D GStreamer+GST_CAPS: 0:00:31.292909207 0xf37ecd20 gstpad.c:2648:gst_pad_get_current_caps:<mpegaudioparse0:src> get current pad caps (NULL)
05-10 00:33:36.852  5448  5520 D GStreamer+GST_PADS: 0:00:31.292934832 0xf37eccc0 gstpad.c:3813:check_sticky:<h264parse0:src> pushing all sticky events
05-10 00:33:36.852  5448  5521 D GStreamer+GST_CAPS: 0:00:31.292945301 0xf37ecd20 gstutils.c:2838:gst_pad_query_caps:<mpegaudioparse0:src> get pad caps with filter (NULL)
05-10 00:33:36.852  5448  5520 D GStreamer+GST_PADS: 0:00:31.292970405 0xf37eccc0 gstpad.c:3745:push_sticky:<h264parse0:src> event stream-start was already received
05-10 00:33:36.852  5448  5521 D GStreamer+query: 0:00:31.292980405 0xf37ecd20 gstquery.c:674:gst_query_new_custom creating new query 0xf39ddd20 caps
05-10 00:33:36.852  5448  5520 D GStreamer+GST_PADS: 0:00:31.293011551 0xf37eccc0 gstpad.c:3745:push_sticky:<h264parse0:src> event segment was already received
05-10 00:33:36.852  5448  5521 D GStreamer+GST_PADS: 0:00:31.293021551 0xf37ecd20 gstpad.c:3882:gst_pad_query:<mpegaudioparse0:src> doing query 0xf39ddd20 (caps)
05-10 00:33:36.853  5448  5520 D GStreamer+GST_PADS: 0:00:31.293047801 0xf37eccc0 gstpad.c:3745:push_sticky:<h264parse0:src> event tag was already received
05-10 00:33:36.853  5448  5521 D GStreamer+baseparse: 0:00:31.293075717 0xf37ecd20 gstbaseparse.c:1579:gst_base_parse_src_query:<mpegaudioparse0> caps query: caps query: 0xf39ddd20, GstQueryCaps, filter=(GstCaps)"NULL", caps=(GstCaps)"NULL";
05-10 00:33:36.853  5448  5521 D GStreamer+GST_CAPS: 0:00:31.293159676 0xf37ecd20 gstpad.c:3088:gst_pad_query_caps_default:<mpegaudioparse0:src> query caps caps query: 0xf39ddd20, GstQueryCaps, filter=(GstCaps)"NULL", caps=(GstCaps)"NULL";
05-10 00:33:36.853  5448  5520 D GStreamer+GST_EVENT: 0:00:31.293182853 0xf37eccc0 gstpad.c:5496:gst_pad_send_event_unchecked:<amcvideodec-omxnvidiah264decode0:sink> have event type tag event: 0xf3944ad0, time 99:99:99.999999999, seq-num 108, GstTagList-global, taglist=(taglist)"taglist\,\ datetime\=\(datetime\)2016-05-10T02:46:01Z\,\ container-format\=\(string\)\"ISO\\\ MP4/M4A\"\;";
05-10 00:33:36.853  5448  5521 D GStreamer+GST_CAPS: 0:00:31.293208582 0xf37ecd20 gstpad.c:3105:gst_pad_query_caps_default:<mpegaudioparse0:src> fixed pad caps: trying pad caps
05-10 00:33:36.853  5448  5520 D GStreamer+videodecoder: 0:00:31.293227905 0xf37eccc0 gstvideodecoder.c:1486:gst_video_decoder_sink_event:<amcvideodec-omxnvidiah264decode0> received event 20510, tag
05-10 00:33:36.853  5448  5521 D GStreamer+GST_CAPS: 0:00:31.293252124 0xf37ecd20 gstpad.c:3111:gst_pad_query_caps_default:<mpegaudioparse0:src> trying pad template caps
05-10 00:33:36.853  5448  5520 D GStreamer+GST_PADS: 0:00:31.293281238 0xf37eccc0 gstpad.c:5569:gst_pad_send_event_unchecked:<amcvideodec-omxnvidiah264decode0:sink> sent event, ret ok
05-10 00:33:36.853  5448  5520 D GStreamer+GST_PADS: 0:00:31.293345561 0xf37eccc0 gstpad.c:3765:push_sticky:<h264parse0:src> event tag marked received
05-10 00:33:36.853  5448  5521 D GStreamer+GST_CAPS: 0:00:31.293364051 0xf37ecd20 gstpad.c:3141:gst_pad_query_caps_default:<mpegaudioparse0:src> using caps 0xf3689590 audio/mpeg, mpegversion=(int)1, layer=(int)[ 1, 3 ], mpegaudioversion=(int)[ 1, 3 ], rate=(int)[ 8000, 48000 ], channels=(int)[ 1, 2 ], parsed=(boolean)true
05-10 00:33:36.853  5448  5520 W GLib+GStreamer: gstpad.c:5031:store_sticky_event:<h264parse0:src> Sticky event misordering, got 'segment' before 'caps'
05-10 00:33:36.853  5448  5521 D GStreamer+GST_PADS: 0:00:31.293424572 0xf37ecd20 gstpad.c:3339:gst_pad_query_default:<mpegaudioparse0:src> not forwarding 0xf39ddd20 (caps) query
05-10 00:33:36.853  5448  5520 D GStreamer+GST_PADS: 0:00:31.293441603 0xf37eccc0 gstpad.c:5053:store_sticky_event:<h264parse0:src> notify caps
05-10 00:33:36.853  5448  5521 D GStreamer+GST_PADS: 0:00:31.293470301 0xf37ecd20 gstpad.c:3905:gst_pad_query:<mpegaudioparse0:src> sent query 0xf39ddd20 (caps), result 1
05-10 00:33:36.853  5448  5520 D GStreamer+GST_PADS: 0:00:31.293495717 0xf37eccc0 gstpad.c:3813:check_sticky:<h264parse0:src> pushing all sticky events
05-10 00:33:36.853  5448  5521 D GStreamer+GST_CAPS: 0:00:31.293553113 0xf37ecd20 gstutils.c:2845:gst_pad_query_caps:<mpegaudioparse0:src> query returned audio/mpeg, mpegversion=(int)1, layer=(int)[ 1, 3 ], mpegaudioversion=(int)[ 1, 3 ], rate=(int)[ 8000, 48000 ], channels=(int)[ 1, 2 ], parsed=(boolean)true
05-10 00:33:36.853  5448  5520 D GStreamer+GST_PADS: 0:00:31.293569676 0xf37eccc0 gstpad.c:3745:push_sticky:<h264parse0:src> event stream-start was already received
05-10 00:33:36.853  5448  5521 D GStreamer+decodebin: 0:00:31.293635613 0xf37ecd20 gstdecodebin2.c:1531:analyze_new_pad:<decodebin0> Pad mpegaudioparse0:src caps:audio/mpeg, mpegversion=(int)1, layer=(int)[ 1, 3 ], mpegaudioversion=(int)[ 1, 3 ], rate=(int)[ 8000, 48000 ], channels=(int)[ 1, 2 ], parsed=(boolean)true
05-10 00:33:36.853  5448  5520 D GStreamer+GST_EVENT: 0:00:31.293679676 0xf37eccc0 gstpad.c:5496:gst_pad_send_event_unchecked:<amcvideodec-omxnvidiah264decode0:sink> have event type caps event: 0xf39db278, time 99:99:99.999999999, seq-num 137, GstEventCaps, caps=(GstCaps)"video/x-h264\,\ width\=\(int\)1280\,\ height\=\(int\)1440\,\ framerate\=\(fraction\)151/3\,\ parsed\=\(boolean\)true\,\ stream-format\=\(string\)avc\,\ alignment\=\(string\)au\,\ profile\=\(string\)baseline";
05-10 00:33:36.853  5448  5521 D GStreamer+GST_PADS: 0:00:31.293697072 0xf37ecd20 gstpad.c:1062:gst_pad_set_active:<'':decodepad0> pad was active in push mode
05-10 00:33:36.853  5448  5520 D GStreamer+GST_CAPS: 0:00:31.293754103 0xf37eccc0 gstutils.c:2921:gst_pad_query_accept_caps:<amcvideodec-omxnvidiah264decode0:sink> accept caps of video/x-h264, width=(int)1280, height=(int)1440, framerate=(fraction)151/3, parsed=(boolean)true, stream-format=(string)avc, alignment=(string)au, profile=(string)baseline
05-10 00:33:36.853  5448  5521 D GStreamer+GST_PADS: 0:00:31.293770874 0xf37ecd20 gstghostpad.c:840:gst_ghost_pad_set_target:<'':decodepad0> set target mpegaudioparse0:src
05-10 00:33:36.853  5448  5520 D GStreamer+query: 0:00:31.293795926 0xf37eccc0 gstquery.c:674:gst_query_new_custom creating new query 0xf39ff2c0 accept-caps
05-10 00:33:36.853  5448  5521 D GStreamer+GST_PADS: 0:00:31.293818217 0xf37ecd20 gstghostpad.c:862:gst_ghost_pad_set_target:<'':decodepad0> connecting internal pad to target <mpegaudioparse0:src>
05-10 00:33:36.853  5448  5520 D GStreamer+GST_PADS: 0:00:31.293841186 0xf37eccc0 gstpad.c:3882:gst_pad_query:<amcvideodec-omxnvidiah264decode0:sink> doing query 0xf39ff2c0 (accept-caps)
05-10 00:33:36.853  5448  5520 D GStreamer+videodecoder: 0:00:31.293893269 0xf37eccc0 gstvideodecoder.c:1963:gst_video_decoder_sink_query:<amcvideodec-omxnvidiah264decode0> received query 40963, accept-caps
05-10 00:33:36.853  5448  5521 D GStreamer+GST_BUS: 0:00:31.293917228 0xf37ecd20 gstbus.c:309:gst_bus_post:<bus1> [msg 0xf3ad36d8] posting on bus structure-change message: 0xf3ad36d8, time 99:99:99.999999999, seq-num 139, element 'proxypad3', GstMessageStructureChange, type=(GstStructureChangeType)GST_STRUCTURE_CHANGE_TYPE_PAD_LINK, owner=(GstElement)"\(GstMpegAudioParse\)\ mpegaudioparse0", busy=(boolean)true;
05-10 00:33:36.853  5448  5520 D GStreamer+GST_PADS: 0:00:31.293966759 0xf37eccc0 gstpad.c:3905:gst_pad_query:<amcvideodec-omxnvidiah264decode0:sink> sent query 0xf39ff2c0 (accept-caps), result 1
05-10 00:33:36.853  5448  5521 D GStreamer+bin: 0:00:31.293983842 0xf37ecd20 gstbin.c:3528:gst_bin_handle_message_func:<decodebin0> [msg 0xf3ad36d8] handling child proxypad3 message of type structure-change
05-10 00:33:36.853  5448  5520 D GStreamer+default: 0:00:31.294009415 0xf37eccc0 gstutils.c:2926:gst_pad_query_accept_caps:<amcvideodec-omxnvidiah264decode0:sink> query returned 0
05-10 00:33:36.853  5448  5521 D GStreamer+bin: 0:00:31.294031134 0xf37ecd20 gstbin.c:882:find_message:<decodebin0> no message found matching types 00001000
05-10 00:33:36.854  5448  5521 D GStreamer+bin: 0:00:31.294072019 0xf37ecd20 gstbin.c:889:find_message:<decodebin0>   structure-change
05-10 00:33:36.854  5448  5520 D GStreamer+GST_CAPS: 0:00:31.294082540 0xf37eccc0 gstpad.c:5426:pre_eventfunc_check:<amcvideodec-omxnvidiah264decode0:sink> caps video/x-h264, width=(int)1280, height=(int)1440, framerate=(fraction)151/3, parsed=(boolean)true, stream-format=(string)avc, alignment=(string)au, profile=(string)baseline not accepted
05-10 00:33:36.854  5448  5521 D GStreamer+bin: 0:00:31.294109572 0xf37ecd20 gstbin.c:929:bin_replace_message:<decodebin0> got new message 0xf3ad36d8, structure-change from proxypad3
05-10 00:33:36.854  5448  5520 D GStreamer+GST_PADS: 0:00:31.294129780 0xf37eccc0 gstpad.c:5667:gst_pad_send_event_unchecked:<amcvideodec-omxnvidiah264decode0:sink> pre event check failed
05-10 00:33:36.854  5448  5521 D GStreamer+GST_BUS: 0:00:31.294155613 0xf37ecd20 gstbus.c:344:gst_bus_post:<bus1> [msg 0xf3ad36d8] dropped
05-10 00:33:36.854  5448  5520 D GStreamer+GST_PADS: 0:00:31.294172332 0xf37eccc0 gstpad.c:3792:push_sticky:<h264parse0:src> result not-negotiated, mark pending events
05-10 00:33:36.854  5448  5521 I GStreamer+GST_PADS: 0:00:31.294195717 0xf37ecd20 gstpad.c:2292:gst_pad_link_prepare trying to link mpegaudioparse0:src and decodepad0:proxypad3
05-10 00:33:36.854  5448  5520 D GStreamer+baseparse: 0:00:31.294209676 0xf37eccc0 gstbaseparse.c:2677:gst_base_parse_drain:<h264parse0> draining
05-10 00:33:36.854  5448  5521 I GStreamer+GST_PADS: 0:00:31.294232592 0xf37ecd20 gstpad.c:2498:gst_pad_link_full linked mpegaudioparse0:src and decodepad0:proxypad3, successful
05-10 00:33:36.854  5448  5520 D GStreamer+GST_PADS: 0:00:31.294244780 0xf37eccc0 gstpad.c:3813:check_sticky:<h264parse0:src> pushing all sticky events
05-10 00:33:36.854  5448  5521 I GStreamer+GST_EVENT: 0:00:31.294262436 0xf37ecd20 gstevent.c:1382:gst_event_new_reconfigure creating reconfigure event
05-10 00:33:36.854  5448  5520 D GStreamer+GST_PADS: 0:00:31.294283790 0xf37eccc0 gstpad.c:3745:push_sticky:<h264parse0:src> event stream-start was already received
05-10 00:33:36.854  5448  5521 D GStreamer+GST_EVENT: 0:00:31.294294884 0xf37ecd20 gstevent.c:302:gst_event_new_custom creating new event 0xf39dc508 reconfigure 61441
05-10 00:33:36.854  5448  5521 D GStreamer+GST_EVENT: 0:00:31.294362124 0xf37ecd20 gstpad.c:5496:gst_pad_send_event_unchecked:<mpegaudioparse0:src> have event type reconfigure event: 0xf39dc508, time 99:99:99.999999999, seq-num 140, (NULL)
05-10 00:33:36.854  5448  5520 D GStreamer+GST_EVENT: 0:00:31.294387124 0xf37eccc0 gstpad.c:5496:gst_pad_send_event_unchecked:<amcvideodec-omxnvidiah264decode0:sink> have event type caps event: 0xf39db278, time 99:99:99.999999999, seq-num 137, GstEventCaps, caps=(GstCaps)"video/x-h264\,\ width\=\(int\)1280\,\ height\=\(int\)1440\,\ framerate\=\(fraction\)151/3\,\ parsed\=\(boolean\)true\,\ stream-format\=\(string\)avc\,\ alignment\=\(string\)au\,\ profile\=\(string\)baseline";
05-10 00:33:36.854  5448  5521 I GStreamer+GST_EVENT: 0:00:31.294410717 0xf37ecd20 gstpad.c:5601:gst_pad_send_event_unchecked:<mpegaudioparse0:src> Received event on flushing pad. Discarding
05-10 00:33:36.854  5448  5520 D GStreamer+GST_CAPS: 0:00:31.294469832 0xf37eccc0 gstutils.c:2921:gst_pad_query_accept_caps:<amcvideodec-omxnvidiah264decode0:sink> accept caps of video/x-h264, width=(int)1280, height=(int)1440, framerate=(fraction)151/3, parsed=(boolean)true, stream-format=(string)avc, alignment=(string)au, profile=(string)baseline
05-10 00:33:36.854  5448  5521 D GStreamer+GST_BUS: 0:00:31.294526915 0xf37ecd20 gstbus.c:309:gst_bus_post:<bus1> [msg 0xf3ad3730] posting on bus structure-change message: 0xf3ad3730, time 99:99:99.999999999, seq-num 141, element 'proxypad3', GstMessageStructureChange, type=(GstStructureChangeType)GST_STRUCTURE_CHANGE_TYPE_PAD_LINK, owner=(GstElement)"\(GstMpegAudioParse\)\ mpegaudioparse0", busy=(boolean)false;
05-10 00:33:36.854  5448  5520 D GStreamer+query: 0:00:31.294543842 0xf37eccc0 gstquery.c:674:gst_query_new_custom creating new query 0xf3a25600 accept-caps
05-10 00:33:36.854  5448  5521 D GStreamer+bin: 0:00:31.294571030 0xf37ecd20 gstbin.c:3528:gst_bin_handle_message_func:<decodebin0> [msg 0xf3ad3730] handling child proxypad3 message of type structure-change
05-10 00:33:36.854  5448  5520 D GStreamer+GST_PADS: 0:00:31.294595509 0xf37eccc0 gstpad.c:3882:gst_pad_query:<amcvideodec-omxnvidiah264decode0:sink> doing query 0xf3a25600 (accept-caps)
05-10 00:33:36.854  5448  5521 D GStreamer+bin: 0:00:31.294624311 0xf37ecd20 gstbin.c:957:bin_remove_messages:<decodepad0:proxypad3> deleting message 0xf3ad36d8 of types 0x00001000
05-10 00:33:36.854  5448  5520 D GStreamer+videodecoder: 0:00:31.294648478 0xf37eccc0 gstvideodecoder.c:1963:gst_video_decoder_sink_query:<amcvideodec-omxnvidiah264decode0> received query 40963, accept-caps
05-10 00:33:36.854  5448  5521 D GStreamer+bin: 0:00:31.294673217 0xf37ecd20 gstbin.c:963:bin_remove_messages:<decodebin0> not deleting message 0xf3ad1670 of type 0x00100000
05-10 00:33:36.854  5448  5520 D GStreamer+GST_PADS: 0:00:31.294709363 0xf37eccc0 gstpad.c:3905:gst_pad_query:<amcvideodec-omxnvidiah264decode0:sink> sent query 0xf3a25600 (accept-caps), result 1
05-10 00:33:36.854  5448  5521 D GStreamer+GST_BUS: 0:00:31.294726342 0xf37ecd20 gstbus.c:344:gst_bus_post:<bus1> [msg 0xf3ad3730] dropped
05-10 00:33:36.854  5448  5520 D GStreamer+default: 0:00:31.294752176 0xf37eccc0 gstutils.c:2926:gst_pad_query_accept_caps:<amcvideodec-omxnvidiah264decode0:sink> query returned 0
05-10 00:33:36.854  5448  5521 D GStreamer+decodebin: 0:00:31.294778478 0xf37ecd20 gstdecodebin2.c:1889:analyze_new_pad:<mpegaudioparse0:src> pad has non-fixed caps delay autoplugging
05-10 00:33:36.854  5448  5520 D GStreamer+GST_CAPS: 0:00:31.294824519 0xf37eccc0 gstpad.c:5426:pre_eventfunc_check:<amcvideodec-omxnvidiah264decode0:sink> caps video/x-h264, width=(int)1280, height=(int)1440, framerate=(fraction)151/3, parsed=(boolean)true, stream-format=(string)avc, alignment=(string)au, profile=(string)baseline not accepted
05-10 00:33:36.854  5448  5521 D GStreamer+GST_STATES: 0:00:31.294837176 0xf37ecd20 gstelement.c:2523:gst_element_set_state_func:<mpegaudioparse0> set_state to PAUSED
05-10 00:33:36.854  5448  5521 D GStreamer+GST_STATES: 0:00:31.294873686 0xf37ecd20 gstelement.c:2548:gst_element_set_state_func:<mpegaudioparse0> setting target state to PAUSED
05-10 00:33:36.854  5448  5520 D GStreamer+GST_PADS: 0:00:31.294880405 0xf37eccc0 gstpad.c:5667:gst_pad_send_event_unchecked:<amcvideodec-omxnvidiah264decode0:sink> pre event check failed
05-10 00:33:36.854  5448  5521 D GStreamer+GST_STATES: 0:00:31.294919155 0xf37ecd20 gstelement.c:2561:gst_element_set_state_func:<mpegaudioparse0> current READY, old_pending VOID_PENDING, next VOID_PENDING, old return SUCCESS
05-10 00:33:36.854  5448  5520 D GStreamer+GST_PADS: 0:00:31.294935717 0xf37eccc0 gstpad.c:3792:push_sticky:<h264parse0:src> result not-negotiated, mark pending events
05-10 00:33:36.854  5448  5521 D GStreamer+GST_STATES: 0:00:31.294960353 0xf37ecd20 gstelement.c:2595:gst_element_set_state_func:<mpegaudioparse0> final: setting state from READY to PAUSED
05-10 00:33:36.854  5448  5520 D GStreamer+GST_PADS: 0:00:31.294983061 0xf37eccc0 gstpad.c:3745:push_sticky:<h264parse0:src> event stream-start was already received
05-10 00:33:36.854  5448  5521 D GStreamer+baseparse: 0:00:31.295005249 0xf37ecd20 gstbaseparse.c:4782:gst_base_parse_change_state:<mpegaudioparse0> no index provided creating our own
05-10 00:33:36.855  5448  5521 D GStreamer+default: 0:00:31.295066863 0xf37ecd20 gstindex.c:280:gst_index_group_new created new index group 0
05-10 00:33:36.855  5448  5520 D GStreamer+GST_EVENT: 0:00:31.295100301 0xf37eccc0 gstpad.c:5496:gst_pad_send_event_unchecked:<amcvideodec-omxnvidiah264decode0:sink> have event type caps event: 0xf39db278, time 99:99:99.999999999, seq-num 137, GstEventCaps, caps=(GstCaps)"video/x-h264\,\ width\=\(int\)1280\,\ height\=\(int\)1440\,\ framerate\=\(fraction\)151/3\,\ parsed\=\(boolean\)true\,\ stream-format\=\(string\)avc\,\ alignment\=\(string\)au\,\ profile\=\(string\)baseline";
05-10 00:33:36.855  5448  5521 D GStreamer+default: 0:00:31.295128061 0xf37ecd20 gstindex.c:193:gst_index_init created new index
05-10 00:33:36.855  5448  5521 D GStreamer+default: 0:00:31.295159259 0xf37ecd20 gstmemindex.c:128:gst_mem_index_init created new mem index
05-10 00:33:36.855  5448  5520 D GStreamer+GST_CAPS: 0:00:31.295177124 0xf37eccc0 gstutils.c:2921:gst_pad_query_accept_caps:<amcvideodec-omxnvidiah264decode0:sink> accept caps of video/x-h264, width=(int)1280, height=(int)1440, framerate=(fraction)151/3, parsed=(boolean)true, stream-format=(string)avc, alignment=(string)au, profile=(string)baseline
05-10 00:33:36.855  5448  5520 D GStreamer+query: 0:00:31.295225926 0xf37eccc0 gstquery.c:674:gst_query_new_custom creating new query 0xf3a257b0 accept-caps
05-10 00:33:36.855  5448  5521 D GStreamer+GST_ELEMENT_PADS: 0:00:31.295245717 0xf37ecd20 gstelement.c:2793:gst_element_pads_activate:<mpegaudioparse0> activate pads
05-10 00:33:36.855  5448  5520 D GStreamer+GST_PADS: 0:00:31.295276915 0xf37eccc0 gstpad.c:3882:gst_pad_query:<amcvideodec-omxnvidiah264decode0:sink> doing query 0xf3a257b0 (accept-caps)
05-10 00:33:36.855  5448  5521 D GStreamer+GST_PADS: 0:00:31.295297749 0xf37ecd20 gstpad.c:1056:gst_pad_set_active:<mpegaudioparse0:src> activating pad from none
05-10 00:33:36.855  5448  5520 D GStreamer+videodecoder: 0:00:31.295323478 0xf37eccc0 gstvideodecoder.c:1963:gst_video_decoder_sink_query:<amcvideodec-omxnvidiah264decode0> received query 40963, accept-caps
05-10 00:33:36.855  5448  5521 D GStreamer+GST_PADS: 0:00:31.295340249 0xf37ecd20 gstpad.c:972:pre_activate:<mpegaudioparse0:src> setting pad into push mode, unset flushing
05-10 00:33:36.855  5448  5521 D GStreamer+GST_PADS: 0:00:31.295381759 0xf37ecd20 gstpad.c:1198:gst_pad_activate_mode:<mpegaudioparse0:src> activated in push mode
05-10 00:33:36.855  5448  5520 D GStreamer+GST_PADS: 0:00:31.295399051 0xf37eccc0 gstpad.c:3905:gst_pad_query:<amcvideodec-omxnvidiah264decode0:sink> sent query 0xf3a257b0 (accept-caps), result 1
05-10 00:33:36.855  5448  5521 D GStreamer+GST_PADS: 0:00:31.295424415 0xf37ecd20 gstpad.c:1056:gst_pad_set_active:<mpegaudioparse0:sink> activating pad from none
05-10 00:33:36.855  5448  5520 D GStreamer+default: 0:00:31.295448947 0xf37eccc0 gstutils.c:2926:gst_pad_query_accept_caps:<amcvideodec-omxnvidiah264decode0:sink> query returned 0
05-10 00:33:36.855  5448  5521 D GStreamer+baseparse: 0:00:31.295471967 0xf37ecd20 gstbaseparse.c:3585:gst_base_parse_sink_activate:<mpegaudioparse0> sink activate
05-10 00:33:36.855  5448  5521 D GStreamer+query: 0:00:31.295525457 0xf37ecd20 gstquery.c:674:gst_query_new_custom creating new query 0xf39ddd50 scheduling
05-10 00:33:36.855  5448  5520 D GStreamer+GST_CAPS: 0:00:31.295543009 0xf37eccc0 gstpad.c:5426:pre_eventfunc_check:<amcvideodec-omxnvidiah264decode0:sink> caps video/x-h264, width=(int)1280, height=(int)1440, framerate=(fraction)151/3, parsed=(boolean)true, stream-format=(string)avc, alignment=(string)au, profile=(string)baseline not accepted
05-10 00:33:36.855  5448  5521 D GStreamer+GST_PADS: 0:00:31.295569519 0xf37ecd20 gstpad.c:4009:gst_pad_peer_query:<mpegaudioparse0:sink> peer query 0xf39ddd50 (scheduling)
05-10 00:33:36.855  5448  5520 D GStreamer+GST_PADS: 0:00:31.295596082 0xf37eccc0 gstpad.c:5667:gst_pad_send_event_unchecked:<amcvideodec-omxnvidiah264decode0:sink> pre event check failed
05-10 00:33:36.855  5448  5521 D GStreamer+GST_PADS: 0:00:31.295623894 0xf37ecd20 gstpad.c:3882:gst_pad_query:<typefind:src> doing query 0xf39ddd50 (scheduling)
05-10 00:33:36.855  5448  5520 D GStreamer+GST_PADS: 0:00:31.295649103 0xf37eccc0 gstpad.c:3792:push_sticky:<h264parse0:src> result not-negotiated, mark pending events
05-10 00:33:36.855  5448  5521 D GStreamer+typefind: 0:00:31.295676238 0xf37ecd20 gsttypefindelement.c:365:gst_type_find_handle_src_query:<typefind> Handling src query scheduling
05-10 00:33:36.855  5448  5521 D GStreamer+GST_PADS: 0:00:31.295727697 0xf37ecd20 gstpad.c:4009:gst_pad_peer_query:<typefind:sink> peer query 0xf39ddd50 (scheduling)
05-10 00:33:36.855  5448  5520 D GStreamer+GST_EVENT: 0:00:31.295742019 0xf37eccc0 gstpad.c:5496:gst_pad_send_event_unchecked:<amcvideodec-omxnvidiah264decode0:sink> have event type gap event: 0xf3944b18, time 99:99:99.999999999, seq-num 110, GstEventGap, timestamp=(guint64)0, duration=(guint64)311000000;
05-10 00:33:36.855  5448  5521 D GStreamer+GST_PADS: 0:00:31.295776342 0xf37ecd20 gstpad.c:3882:gst_pad_query:<sink:proxypad1> doing query 0xf39ddd50 (scheduling)
05-10 00:33:36.855  5448  5520 D GStreamer+videodecoder: 0:00:31.295786499 0xf37eccc0 gstvideodecoder.c:1486:gst_video_decoder_sink_event:<amcvideodec-omxnvidiah264decode0> received event 40966, gap
05-10 00:33:36.855  5448  5521 D GStreamer+GST_PADS: 0:00:31.295824415 0xf37ecd20 gstpad.c:3339:gst_pad_query_default:<sink:proxypad1> forwarding 0xf39ddd50 (scheduling) query
05-10 00:33:36.855  5448  5520 V GStreamer+videodecoder: 0:00:31.295841030 0xf37eccc0 gstvideodecoder.c:1057:gst_video_decoder_drain_out:<amcvideodec-omxnvidiah264decode0> Sub-class should implement drain()
05-10 00:33:36.855  5448  5521 D GStreamer+GST_PADS: 0:00:31.295870665 0xf37ecd20 gstpad.c:4009:gst_pad_peer_query:<decodebin0:sink> peer query 0xf39ddd50 (scheduling)
05-10 00:33:36.855  5448  5521 D GStreamer+GST_PADS: 0:00:31.295926394 0xf37ecd20 gstpad.c:3882:gst_pad_query:<queue2:src> doing query 0xf39ddd50 (scheduling)
05-10 00:33:36.855  5448  5520 D GStreamer+GST_CAPS: 0:00:31.295975301 0xf37eccc0 gstutils.c:2884:gst_pad_peer_query_caps:<amcvideodec-omxnvidiah264decode0:src> get pad peer caps with filter video/x-raw(memory:GLMemory), format=(string)RGBA, texture-target=(string)external-oes; video/x-raw, format=(string)I420, width=(int)[ 1, 2147483647 ], height=(int)[ 1, 2147483647 ], framerate=(fraction)[ 0/1, 2147483647/1 ]; video/x-raw, format=(string)NV12, width=(int)[ 1, 2147483647 ], height=(int)[ 1, 2147483647 ], framerate=(fraction)[ 0/1, 2147483647/1 ]
05-10 00:33:36.855  5448  5521 D GStreamer+GST_PADS: 0:00:31.295992332 0xf37ecd20 gstpad.c:3905:gst_pad_query:<queue2:src> sent query 0xf39ddd50 (scheduling), result 1
05-10 00:33:36.855  5448  5520 D GStreamer+query: 0:00:31.296018061 0xf37eccc0 gstquery.c:674:gst_query_new_custom creating new query 0xf3a25430 caps
05-10 00:33:36.856  5448  5521 D GStreamer+GST_PADS: 0:00:31.296041551 0xf37ecd20 gstpad.c:3905:gst_pad_query:<sink:proxypad1> sent query 0xf39ddd50 (scheduling), result 1
05-10 00:33:36.856  5448  5520 D GStreamer+GST_PADS: 0:00:31.296055405 0xf37eccc0 gstpad.c:4009:gst_pad_peer_query:<amcvideodec-omxnvidiah264decode0:src> peer query 0xf3a25430 (caps)
05-10 00:33:36.856  5448  5521 D GStreamer+GST_PADS: 0:00:31.296091499 0xf37ecd20 gstpad.c:3905:gst_pad_query:<typefind:src> sent query 0xf39ddd50 (scheduling), result 1
05-10 00:33:36.856  5448  5520 D GStreamer+GST_PADS: 0:00:31.296108530 0xf37eccc0 gstpad.c:3882:gst_pad_query:<queue1:sink> doing query 0xf3a25430 (caps)
05-10 00:33:36.856  5448  5521 D GStreamer+baseparse: 0:00:31.296142176 0xf37ecd20 gstbaseparse.c:3614:gst_base_parse_sink_activate:<mpegaudioparse0> trying to activate in push mode
05-10 00:33:36.856  5448  5521 D GStreamer+GST_PADS: 0:00:31.296196915 0xf37ecd20 gstpad.c:972:pre_activate:<mpegaudioparse0:sink> setting pad into push mode, unset flushing
05-10 00:33:36.856  5448  5521 D GStreamer+GST_PADS: 0:00:31.296258009 0xf37ecd20 gstpad.c:984:pre_activate:<mpegaudioparse0:sink> reschedule events on peer typefind:src
05-10 00:33:36.856  5448  5520 D GStreamer+GST_CAPS: 0:00:31.296293269 0xf37eccc0 gstpad.c:3088:gst_pad_query_caps_default:<queue1:sink> query caps caps query: 0xf3a25430, GstQueryCaps, filter=(GstCaps)"video/x-raw\(memory:GLMemory\)\,\ format\=\(string\)RGBA\,\ texture-target\=\(string\)external-oes\;\ video/x-raw\,\ format\=\(string\)I420\,\ width\=\(int\)\[\ 1\,\ 2147483647\ \]\,\ height\=\(int\)\[\ 1\,\ 2147483647\ \]\,\ framerate\=\(fraction\)\[\ 0/1\,\ 2147483647/1\ \]\;\ video/x-raw\,\ format\=\(string\)NV12\,\ width\=\(int\)\[\ 1\,\ 2147483647\ \]\,\ height\=\(int\)\[\ 1\,\ 2147483647\ \]\,\ framerate\=\(fraction\)\[\ 0/1\,\ 2147483647/1\ \]", caps=(GstCaps)"NULL";
05-10 00:33:36.856  5448  5521 D GStreamer+baseparse: 0:00:31.296315457 0xf37ecd20 gstbaseparse.c:3661:gst_base_parse_sink_activate_mode:<mpegaudioparse0> sink activate in push mode
05-10 00:33:36.856  5448  5520 D GStreamer+GST_PADS: 0:00:31.296343165 0xf37eccc0 gstutils.c:2599:gst_pad_proxy_query_caps:<queue1:sink> proxying caps query for queue1:sink
05-10 00:33:36.856  5448  5521 D GStreamer+baseparse: 0:00:31.296359936 0xf37ecd20 gstbaseparse.c:3625:gst_base_parse_activate:<mpegaudioparse0> activate 1
05-10 00:33:36.856  5448  5520 D GStreamer+GST_PADS: 0:00:31.296382801 0xf37eccc0 gstpad.c:2803:gst_pad_iterate_internal_links_default:<queue1:sink> Making iterator
05-10 00:33:36.856  5448  5521 D GStreamer+mpegaudioparse: 0:00:31.296404988 0xf37ecd20 gstmpegaudioparse.c:245:gst_mpeg_audio_parse_start:<mpegaudioparse0> starting
05-10 00:33:36.856  5448  5520 D GStreamer+GST_PADS: 0:00:31.296435874 0xf37eccc0 gstpad.c:4009:gst_pad_peer_query:<queue1:src> peer query 0xf3a25430 (caps)
05-10 00:33:36.856  5448  5521 D GStreamer+baseparse: 0:00:31.296451707 0xf37ecd20 gstbaseparse.c:3647:gst_base_parse_activate:<mpegaudioparse0> activate return: 1
05-10 00:33:36.856  5448  5520 D GStreamer+GST_PADS: 0:00:31.296478842 0xf37eccc0 gstpad.c:3882:gst_pad_query:<forhalffps:sink> doing query 0xf3a25430 (caps)
05-10 00:33:36.856  5448  5521 D GStreamer+baseparse: 0:00:31.296492644 0xf37ecd20 gstbaseparse.c:3684:gst_base_parse_sink_activate_mode:<mpegaudioparse0> sink activate return: 1
05-10 00:33:36.856  5448  5520 D GStreamer+GST_PADS: 0:00:31.296518217 0xf37eccc0 gstpad.c:3650:do_probe_callbacks:<forhalffps:sink> data is passed
05-10 00:33:36.856  5448  5521 D GStreamer+GST_PADS: 0:00:31.296527749 0xf37ecd20 gstpad.c:1198:gst_pad_activate_mode:<mpegaudioparse0:sink> activated in push mode
05-10 00:33:36.856  5448  5521 D GStreamer+GST_ELEMENT_PADS: 0:00:31.296569780 0xf37ecd20 gstelement.c:2812:gst_element_pads_activate:<mpegaudioparse0> pad activation successful
05-10 00:33:36.856  5448  5521 D GStreamer+GST_STATES: 0:00:31.296614780 0xf37ecd20 gstelement.c:2684:gst_element_change_state:<mpegaudioparse0> element changed state SUCCESS
05-10 00:33:36.856  5448  5520 D GStreamer+basetransform: 0:00:31.296642280 0xf37eccc0 gstbasetransform.c:704:gst_base_transform_query_caps:<forhalffps:sink> filter caps  video/x-raw(memory:GLMemory), format=(string)RGBA, texture-target=(string)external-oes; video/x-raw, format=(string)I420, width=(int)[ 1, 2147483647 ], height=(int)[ 1, 2147483647 ], framerate=(fraction)[ 0/1, 2147483647/1 ]; video/x-raw, format=(string)NV12, width=(int)[ 1, 2147483647 ], height=(int)[ 1, 2147483647 ], framerate=(fraction)[ 0/1, 2147483647/1 ]
05-10 00:33:36.856  5448  5521 I GStreamer+GST_STATES: 0:00:31.296663426 0xf37ecd20 gstelement.c:2372:gst_element_continue_state:<mpegaudioparse0> completed state change to PAUSED
05-10 00:33:36.856  5448  5520 D GStreamer+basetransform: 0:00:31.296687592 0xf37eccc0 gstbasetransform.c:707:gst_base_transform_query_caps:<forhalffps:sink> our template  ANY
05-10 00:33:36.856  5448  5521 I GStreamer+GST_STATES: 0:00:31.296704155 0xf37ecd20 gstelement.c:2277:_priv_gst_element_state_changed:<mpegaudioparse0> notifying about state-changed READY to PAUSED (VOID_PENDING pending)
05-10 00:33:36.856  5448  5521 D GStreamer+GST_BUS: 0:00:31.296800978 0xf37ecd20 gstbus.c:309:gst_bus_post:<bus1> [msg 0xf3ad3730] posting on bus state-changed message: 0xf3ad3730, time 99:99:99.999999999, seq-num 142, element 'mpegaudioparse0', GstMessageStateChanged, old-state=(GstState)GST_STATE_READY, new-state=(GstState)GST_STATE_PAUSED, pending-state=(GstState)GST_STATE_VOID_PENDING;
05-10 00:33:36.856  5448  5520 D GStreamer+basetransform: 0:00:31.296821342 0xf37eccc0 gstbasetransform.c:709:gst_base_transform_query_caps:<forhalffps:sink> intersected video/x-raw(memory:GLMemory), format=(string)RGBA, texture-target=(string)external-oes; video/x-raw, format=(string)I420, width=(int)[ 1, 2147483647 ], height=(int)[ 1, 2147483647 ], framerate=(fraction)[ 0/1, 2147483647/1 ]; video/x-raw, format=(string)NV12, width=(int)[ 1, 2147483647 ], height=(int)[ 1, 2147483647 ], framerate=(fraction)[ 0/1, 2147483647/1 ]
05-10 00:33:36.856  5448  5521 D GStreamer+bin: 0:00:31.296847019 0xf37ecd20 gstbin.c:3528:gst_bin_handle_message_func:<decodebin0> [msg 0xf3ad3730] handling child mpegaudioparse0 message of type state-changed
05-10 00:33:36.856  5448  5520 D GStreamer+basetransform: 0:00:31.296858322 0xf37eccc0 gstbasetransform.c:533:gst_base_transform_transform_caps:<forhalffps> transform caps (direction = 2)
