05-10 00:33:36.886  5448  5519 D GStreamer+GST_PADS: 0:00:31.327009467 0xf37ecc60 gstpad.c:3882:gst_pad_query:<glimagesinkbin0:sink> doing query 0xf39ddf50 (accept-caps)
05-10 00:33:36.886  5448  5521 I GStreamer+GST_PADS: 0:00:31.327033947 0xf37ecd20 gstpad.c:2498:gst_pad_link_full linked mpegaudioparse0:src and decodepad0:proxypad3, successful
05-10 00:33:36.887  5448  5521 I GStreamer+GST_EVENT: 0:00:31.327066447 0xf37ecd20 gstevent.c:1382:gst_event_new_reconfigure creating reconfigure event
05-10 00:33:36.887  5448  5519 D GStreamer+GST_PADS: 0:00:31.327094051 0xf37ecc60 gstpad.c:3035:gst_pad_query_accept_caps_default:<glimagesinkbin0:sink> query accept-caps accept-caps query: 0xf39ddf50, GstQueryAcceptCaps, caps=(GstCaps)"video/x-raw\,\ format\=\(string\)RGBA\,\ width\=\(int\)1280\,\ height\=\(int\)720\,\ interlace-mode\=\(string\)progressive\,\ pixel-aspect-ratio\=\(fraction\)1/1\,\ colorimetry\=\(string\)sRGB\,\ framerate\=\(fraction\)0/1", result=(boolean)false;
05-10 00:33:36.887  5448  5521 D GStreamer+GST_EVENT: 0:00:31.327104832 0xf37ecd20 gstevent.c:302:gst_event_new_custom creating new event 0xf39dc670 reconfigure 61441
05-10 00:33:36.887  5448  5519 D GStreamer+GST_PADS: 0:00:31.327149155 0xf37ecc60 gstutils.c:2530:gst_pad_proxy_query_accept_caps:<glimagesinkbin0:sink> proxying accept caps query for glimagesinkbin0:sink
05-10 00:33:36.887  5448  5521 D GStreamer+GST_EVENT: 0:00:31.327170822 0xf37ecd20 gstpad.c:5496:gst_pad_send_event_unchecked:<mpegaudioparse0:src> have event type reconfigure event: 0xf39dc670, time 99:99:99.999999999, seq-num 160, (NULL)
05-10 00:33:36.887  5448  5519 D GStreamer+GST_PADS: 0:00:31.327195769 0xf37ecc60 gstpad.c:4009:gst_pad_peer_query:<sink:proxypad0> peer query 0xf39ddf50 (accept-caps)
05-10 00:33:36.887  5448  5521 D GStreamer+baseparse: 0:00:31.327217592 0xf37ecd20 gstbaseparse.c:1611:gst_base_parse_src_event:<mpegaudioparse0> event 61441, reconfigure
05-10 00:33:36.887  5448  5519 D GStreamer+GST_PADS: 0:00:31.327246759 0xf37ecc60 gstpad.c:3882:gst_pad_query:<gluploadelement0:sink> doing query 0xf39ddf50 (accept-caps)
05-10 00:33:36.887  5448  5521 D GStreamer+GST_PADS: 0:00:31.327264155 0xf37ecd20 gstpad.c:2803:gst_pad_iterate_internal_links_default:<mpegaudioparse0:src> Making iterator
05-10 00:33:36.887  5448  5519 D GStreamer+basetransform: 0:00:31.327328165 0xf37ecc60 gstbasetransform.c:1301:gst_base_transform_acceptcaps_default:<gluploadelement0> accept caps video/x-raw, format=(string)RGBA, width=(int)1280, height=(int)720, interlace-mode=(string)progressive, pixel-aspect-ratio=(fraction)1/1, colorimetry=(string)sRGB, framerate=(fraction)0/1
05-10 00:33:36.887  5448  5521 D GStreamer+GST_EVENT: 0:00:31.327338009 0xf37ecd20 gstpad.c:5496:gst_pad_send_event_unchecked:<typefind:src> have event type reconfigure event: 0xf39dc670, time 99:99:99.999999999, seq-num 160, (NULL)
05-10 00:33:36.887  5448  5521 D GStreamer+GST_EVENT: 0:00:31.327408426 0xf37ecd20 gstpad.c:5496:gst_pad_send_event_unchecked:<sink:proxypad1> have event type reconfigure event: 0xf39dc670, time 99:99:99.999999999, seq-num 160, (NULL)
05-10 00:33:36.887  5448  5521 D GStreamer+GST_EVENT: 0:00:31.327489988 0xf37ecd20 gstpad.c:5496:gst_pad_send_event_unchecked:<queue2:src> have event type reconfigure event: 0xf39dc670, time 99:99:99.999999999, seq-num 160, (NULL)
05-10 00:33:36.887  5448  5521 D GStreamer+queue_dataflow: 0:00:31.327543165 0xf37ecd20 gstqueue.c:1532:gst_queue_handle_src_event:<queue2> got event 0xf39dc670 (61441)
05-10 00:33:36.887  5448  5521 D GStreamer+GST_EVENT: 0:00:31.327613686 0xf37ecd20 gstpad.c:5496:gst_pad_send_event_unchecked:<q:audio_0> have event type reconfigure event: 0xf39dc670, time 99:99:99.999999999, seq-num 160, (NULL)
05-10 00:33:36.887  5448  5521 D GStreamer+GST_PADS: 0:00:31.327659936 0xf37ecd20 gstpad.c:2803:gst_pad_iterate_internal_links_default:<q:audio_0> Making iterator
05-10 00:33:36.887  5448  5521 D GStreamer+GST_EVENT: 0:00:31.327742488 0xf37ecd20 gstpad.c:5496:gst_pad_send_event_unchecked:<filesrc0:src> have event type reconfigure event: 0xf39dc670, time 99:99:99.999999999, seq-num 160, (NULL)
05-10 00:33:36.887  5448  5519 D GStreamer+basetransform: 0:00:31.327776603 0xf37ecc60 gstbasetransform.c:1308:gst_base_transform_acceptcaps_default:<gluploadelement0> intersect with pad template: video/x-raw(memory:GLMemory, meta:GstVideoOverlayComposition), format=(string){ RGBA, BGRA, RGBx, BGRx, ARGB, ABGR, xRGB, xBGR, RGB, BGR, RGB16, BGR16, AYUV, I420, YV12, NV12, NV21, YUY2, UYVY, Y41B, Y42B, Y444, GRAY8, GRAY16_LE, GRAY16_BE }, width=(int)[ 1, 2147483647 ], height=(int)[ 1, 2147483647 ], framerate=(fraction)[ 0/1, 2147483647/1 ]; video/x-raw(memory:EGLImage, meta:GstVideoOverlayComposition), format=(string)RGBA, width=(int)[ 1, 2147483647 ], height=(int)[ 1, 2147483647 ], framerate=(fraction)[ 0/1, 2147483647/1 ]; video/x-raw(meta:GstVideoGLTextureUploadMeta, meta:GstVideoOverlayComposition), format=(string)RGBA, width=(int)[ 1, 2147483647 ], height=(int)[ 1, 2147483647 ], framerate=(fraction)[ 0/1, 2147483647/1 ]; video/x-raw(memory:SystemMemory, meta:GstVideoOverlayComposition), format=(string){ RGBA, BGRA, RGBx, BGRx, ARGB, ABGR, xRGB, xBGR, RGB, BGR, RG
05-10 00:33:36.887  5448  5521 D GStreamer+basesrc: 0:00:31.327825926 0xf37ecd20 gstbasesrc.c:1987:gst_base_src_default_event:<filesrc0> handle event reconfigure event: 0xf39dc670, time 99:99:99.999999999, seq-num 160, (NULL)
05-10 00:33:36.887  5448  5519 D GStreamer+basetransform: 0:00:31.327845092 0xf37ecc60 gstbasetransform.c:1313:gst_base_transform_acceptcaps_default:<gluploadelement0> trying to transform with filter: video/x-raw(ANY) (the other pad template)
05-10 00:33:36.887  5448  5521 D GStreamer+GST_PADS: 0:00:31.327868738 0xf37ecd20 gstpad.c:5569:gst_pad_send_event_unchecked:<filesrc0:src> sent event, ret ok
05-10 00:33:36.887  5448  5519 D GStreamer+basetransform: 0:00:31.327890874 0xf37ecc60 gstbasetransform.c:533:gst_base_transform_transform_caps:<gluploadelement0> transform caps (direction = 2)
05-10 00:33:36.887  5448  5521 D GStreamer+GST_PADS: 0:00:31.327915561 0xf37ecd20 gstpad.c:5569:gst_pad_send_event_unchecked:<q:audio_0> sent event, ret ok
05-10 00:33:36.887  5448  5519 D GStreamer+GST_PERFORMANCE: 0:00:31.327959572 0xf37ecc60 gstcaps.c:169:_gst_caps_copy:<0xf39daa00> doing copy 0xf39daa00 -> 0xf3c7a250
05-10 00:33:36.887  5448  5521 D GStreamer+GST_PADS: 0:00:31.327975769 0xf37ecd20 gstpad.c:5569:gst_pad_send_event_unchecked:<queue2:src> sent event, ret ok
05-10 00:33:36.887  5448  5521 D GStreamer+GST_PADS: 0:00:31.328036342 0xf37ecd20 gstpad.c:5569:gst_pad_send_event_unchecked:<sink:proxypad1> sent event, ret ok
05-10 00:33:36.888  5448  5519 D GStreamer+GST_PERFORMANCE: 0:00:31.328053113 0xf37ecc60 gstcaps.c:169:_gst_caps_copy:<0xf3c7a250> doing copy 0xf3c7a250 -> 0xf3c7a278
05-10 00:33:36.888  5448  5521 D GStreamer+GST_PADS: 0:00:31.328076134 0xf37ecd20 gstpad.c:5569:gst_pad_send_event_unchecked:<typefind:src> sent event, ret ok
05-10 00:33:36.888  5448  5521 D GStreamer+GST_PADS: 0:00:31.328137072 0xf37ecd20 gstpad.c:5569:gst_pad_send_event_unchecked:<mpegaudioparse0:src> sent event, ret ok
05-10 00:33:36.888  5448  5519 D GStreamer+GST_PERFORMANCE: 0:00:31.328175665 0xf37ecc60 gstcaps.c:169:_gst_caps_copy:<0xf39daa00> doing copy 0xf39daa00 -> 0xf3c7a2c8
05-10 00:33:36.888  5448  5521 D GStreamer+GST_BUS: 0:00:31.328250249 0xf37ecd20 gstbus.c:309:gst_bus_post:<bus1> [msg 0xf3ad22d0] posting on bus structure-change message: 0xf3ad22d0, time 99:99:99.999999999, seq-num 161, element 'proxypad3', GstMessageStructureChange, type=(GstStructureChangeType)GST_STRUCTURE_CHANGE_TYPE_PAD_LINK, owner=(GstElement)"\(GstMpegAudioParse\)\ mpegaudioparse0", busy=(boolean)false;
05-10 00:33:36.888  5448  5519 D GStreamer+GST_PERFORMANCE: 0:00:31.328264988 0xf37ecc60 gstcaps.c:169:_gst_caps_copy:<0xf3c7a2c8> doing copy 0xf3c7a2c8 -> 0xf3c7a2f0
05-10 00:33:36.888  5448  5521 D GStreamer+bin: 0:00:31.328292332 0xf37ecd20 gstbin.c:3528:gst_bin_handle_message_func:<decodebin0> [msg 0xf3ad22d0] handling child proxypad3 message of type structure-change
05-10 00:33:36.888  5448  5521 D GStreamer+bin: 0:00:31.328346551 0xf37ecd20 gstbin.c:957:bin_remove_messages:<decodepad0:proxypad3> deleting message 0xf3ad2328 of types 0x00001000
05-10 00:33:36.888  5448  5519 D GStreamer+GST_PERFORMANCE: 0:00:31.328372697 0xf37ecc60 gstcaps.c:169:_gst_caps_copy:<0xf39daa00> doing copy 0xf39daa00 -> 0xf3c7a340
05-10 00:33:36.888  5448  5521 D GStreamer+bin: 0:00:31.328399415 0xf37ecd20 gstbin.c:963:bin_remove_messages:<decodebin0> not deleting message 0xf3ad1670 of type 0x00100000
05-10 00:33:36.888  5448  5519 D GStreamer+GST_PERFORMANCE: 0:00:31.328444311 0xf37ecc60 gstcaps.c:169:_gst_caps_copy:<0xf3c7a340> doing copy 0xf3c7a340 -> 0xf3c7a368
05-10 00:33:36.888  5448  5521 D GStreamer+GST_BUS: 0:00:31.328461342 0xf37ecd20 gstbus.c:344:gst_bus_post:<bus1> [msg 0xf3ad22d0] dropped
05-10 00:33:36.888  5448  5519 D GStreamer+GST_PERFORMANCE: 0:00:31.328533374 0xf37ecc60 gstcaps.c:169:_gst_caps_copy:<0xf39daa00> doing copy 0xf39daa00 -> 0xf3c7a3b8
05-10 00:33:36.888  5448  5521 D GStreamer+decodebin: 0:00:31.328580561 0xf37ecd20 gstdecodebin2.c:1487:copy_sticky_events:<'':decodepad0> store sticky event stream-start event: 0xf3944968, time 99:99:99.999999999, seq-num 101, GstEventStreamStart, stream-id=(string)71ab440d261a1bb43c19b397eec2373651540427aed1e7b0deb4be62a10a7f25/002, flags=(GstStreamFlags)GST_STREAM_FLAG_NONE, group-id=(uint)0;
05-10 00:33:36.888  5448  5519 D GStreamer+GST_PERFORMANCE: 0:00:31.328622072 0xf37ecc60 gstcaps.c:169:_gst_caps_copy:<0xf3c7a3b8> doing copy 0xf3c7a3b8 -> 0xf3c7a390
05-10 00:33:36.888  5448  5521 D GStreamer+decodebin: 0:00:31.328686030 0xf37ecd20 gstdecodebin2.c:1487:copy_sticky_events:<'':decodepad0> store sticky event caps event: 0xf39dc598, time 99:99:99.999999999, seq-num 144, GstEventCaps, caps=(GstCaps)"audio/mpeg\,\ mpegversion\=\(int\)1\,\ mpegaudioversion\=\(int\)2\,\ layer\=\(int\)3\,\ rate\=\(int\)24000\,\ channels\=\(int\)1\,\ parsed\=\(boolean\)true";
05-10 00:33:36.888  5448  5521 D GStreamer+decodebin: 0:00:31.328746551 0xf37ecd20 gstdecodebin2.c:1433:gst_decode_bin_autoplug_select:<decodebin0> default autoplug-select returns TRY
05-10 00:33:36.888  5448  5519 D GStreamer+basetransform: 0:00:31.328769572 0xf37ecc60 gstbasetransform.c:560:gst_base_transform_transform_caps:<gluploadelement0> to: video/x-raw(memory:GLMemory), format=(string)RGBA, width=(int)1280, height=(int)720, interlace-mode=(string)progressive, pixel-aspect-ratio=(fraction)1/1, colorimetry=(string)sRGB, framerate=(fraction)0/1, texture-target=(string){ 2D, rectangle, external-oes }
05-10 00:33:36.888  5448  5521 D GStreamer+decodebin: 0:00:31.328790665 0xf37ecd20 gstdecodebin2.c:2242:connect_pad:<decodebin0> autoplug select requested try
05-10 00:33:36.888  5448  5519 D GStreamer+basetransform: 0:00:31.328813947 0xf37ecc60 gstbasetransform.c:1319:gst_base_transform_acceptcaps_default:<gluploadelement0> accept-caps result: 1
05-10 00:33:36.888  5448  5521 D GStreamer+GST_PADS: 0:00:31.328837436 0xf37ecd20 gstghostpad.c:842:gst_ghost_pad_set_target:<'':decodepad0> clearing target
05-10 00:33:36.888  5448  5519 D GStreamer+GST_PADS: 0:00:31.328868426 0xf37ecc60 gstpad.c:3905:gst_pad_query:<gluploadelement0:sink> sent query 0xf39ddf50 (accept-caps), result 1
05-10 00:33:36.888  5448  5521 I GStreamer+GST_ELEMENT_PADS: 0:00:31.328891499 0xf37ecd20 gstpad.c:2048:gst_pad_unlink unlinking mpegaudioparse0:src(0xf3a4bc00) and decodepad0:proxypad3(0xf3a75618)
05-10 00:33:36.888  5448  5519 D GStreamer+GST_PADS: 0:00:31.328915822 0xf37ecc60 gstutils.c:2541:gst_pad_proxy_query_accept_caps:<glimagesinkbin0:sink> proxying accept caps query: 1
05-10 00:33:36.888  5448  5521 D GStreamer+GST_BUS: 0:00:31.328982488 0xf37ecd20 gstbus.c:309:gst_bus_post:<bus1> [msg 0xf3ad2278] posting on bus structure-change message: 0xf3ad2278, time 99:99:99.999999999, seq-num 162, element 'proxypad3', GstMessageStructureChange, type=(GstStructureChangeType)GST_STRUCTURE_CHANGE_TYPE_PAD_UNLINK, owner=(GstElement)"\(GstMpegAudioParse\)\ mpegaudioparse0", busy=(boolean)true;
05-10 00:33:36.888  5448  5519 D GStreamer+GST_PADS: 0:00:31.329004676 0xf37ecc60 gstpad.c:3065:gst_pad_query_accept_caps_default:<glimagesinkbin0:sink> allowed caps subset ANY, caps video/x-raw, format=(string)RGBA, width=(int)1280, height=(int)720, interlace-mode=(string)progressive, pixel-aspect-ratio=(fraction)1/1, colorimetry=(string)sRGB, framerate=(fraction)0/1
05-10 00:33:36.888  5448  5521 D GStreamer+bin: 0:00:31.329033009 0xf37ecd20 gstbin.c:3528:gst_bin_handle_message_func:<decodebin0> [msg 0xf3ad2278] handling child proxypad3 message of type structure-change
05-10 00:33:36.889  5448  5519 D GStreamer+GST_PADS: 0:00:31.329057228 0xf37ecc60 gstpad.c:3339:gst_pad_query_default:<glimagesinkbin0:sink> not forwarding 0xf39ddf50 (accept-caps) query
05-10 00:33:36.889  5448  5521 D GStreamer+bin: 0:00:31.329081603 0xf37ecd20 gstbin.c:882:find_message:<decodebin0> no message found matching types 00001000
05-10 00:33:36.889  5448  5519 D GStreamer+GST_PADS: 0:00:31.329109728 0xf37ecc60 gstpad.c:3905:gst_pad_query:<glimagesinkbin0:sink> sent query 0xf39ddf50 (accept-caps), result 1
05-10 00:33:36.889  5448  5521 D GStreamer+bin: 0:00:31.329130926 0xf37ecd20 gstbin.c:889:find_message:<decodebin0>   structure-change
05-10 00:33:36.889  5448  5519 D GStreamer+default: 0:00:31.329159415 0xf37ecc60 gstutils.c:2926:gst_pad_query_accept_caps:<glimagesinkbin0:sink> query returned 1
05-10 00:33:36.889  5448  5521 D GStreamer+bin: 0:00:31.329169311 0xf37ecd20 gstbin.c:929:bin_replace_message:<decodebin0> got new message 0xf3ad2278, structure-change from proxypad3
05-10 00:33:36.889  5448  5519 D GStreamer+GST_PADS: 0:00:31.329208894 0xf37ecc60 gstpad.c:5053:store_sticky_event:<sink:proxypad0> notify caps
05-10 00:33:36.889  5448  5521 D GStreamer+GST_BUS: 0:00:31.329225717 0xf37ecd20 gstbus.c:344:gst_bus_post:<bus1> [msg 0xf3ad2278] dropped
05-10 00:33:36.889  5448  5519 D GStreamer+GST_PADS: 0:00:31.329250822 0xf37ecc60 gstpad.c:3813:check_sticky:<sink:proxypad0> pushing all sticky events
05-10 00:33:36.889  5448  5521 I GStreamer+GST_ELEMENT_PADS: 0:00:31.329269207 0xf37ecd20 gstpad.c:2102:gst_pad_unlink unlinked mpegaudioparse0:src and decodepad0:proxypad3
05-10 00:33:36.889  5448  5519 D GStreamer+GST_PADS: 0:00:31.329292697 0xf37ecc60 gstpad.c:3745:push_sticky:<sink:proxypad0> event stream-start was already received
05-10 00:33:36.889  5448  5521 D GStreamer+GST_BUS: 0:00:31.329362853 0xf37ecd20 gstbus.c:309:gst_bus_post:<bus1> [msg 0xf3ad2220] posting on bus structure-change message: 0xf3ad2220, time 99:99:99.999999999, seq-num 163, element 'proxypad3', GstMessageStructureChange, type=(GstStructureChangeType)GST_STRUCTURE_CHANGE_TYPE_PAD_UNLINK, owner=(GstElement)"\(GstMpegAudioParse\)\ mpegaudioparse0", busy=(boolean)false;
05-10 00:33:36.889  5448  5521 D GStreamer+bin: 0:00:31.329416342 0xf37ecd20 gstbin.c:3528:gst_bin_handle_message_func:<decodebin0> [msg 0xf3ad2220] handling child proxypad3 message of type structure-change
05-10 00:33:36.889  5448  5519 D GStreamer+GST_EVENT: 0:00:31.329423530 0xf37ecc60 gstpad.c:5496:gst_pad_send_event_unchecked:<gluploadelement0:sink> have event type caps event: 0xf3c1b8e8, time 99:99:99.999999999, seq-num 158, GstEventCaps, caps=(GstCaps)"video/x-raw\,\ format\=\(string\)RGBA\,\ width\=\(int\)1280\,\ height\=\(int\)720\,\ interlace-mode\=\(string\)progressive\,\ pixel-aspect-ratio\=\(fraction\)1/1\,\ colorimetry\=\(string\)sRGB\,\ framerate\=\(fraction\)0/1";
05-10 00:33:36.889  5448  5521 D GStreamer+bin: 0:00:31.329456499 0xf37ecd20 gstbin.c:957:bin_remove_messages:<decodepad0:proxypad3> deleting message 0xf3ad2278 of types 0x00001000
05-10 00:33:36.889  5448  5519 D GStreamer+GST_CAPS: 0:00:31.329500405 0xf37ecc60 gstutils.c:2921:gst_pad_query_accept_caps:<gluploadelement0:sink> accept caps of video/x-raw, format=(string)RGBA, width=(int)1280, height=(int)720, interlace-mode=(string)progressive, pixel-aspect-ratio=(fraction)1/1, colorimetry=(string)sRGB, framerate=(fraction)0/1
05-10 00:33:36.889  5448  5521 D GStreamer+bin: 0:00:31.329510144 0xf37ecd20 gstbin.c:963:bin_remove_messages:<decodebin0> not deleting message 0xf3ad1670 of type 0x00100000
05-10 00:33:36.889  5448  5519 D GStreamer+query: 0:00:31.329541290 0xf37ecc60 gstquery.c:674:gst_query_new_custom creating new query 0xf39ddf80 accept-caps
05-10 00:33:36.889  5448  5521 D GStreamer+GST_BUS: 0:00:31.329560613 0xf37ecd20 gstbus.c:344:gst_bus_post:<bus1> [msg 0xf3ad2220] dropped
05-10 00:33:36.889  5448  5519 D GStreamer+GST_PADS: 0:00:31.329584884 0xf37ecc60 gstpad.c:3882:gst_pad_query:<gluploadelement0:sink> doing query 0xf39ddf80 (accept-caps)
05-10 00:33:36.889  5448  5521 D GStreamer+decodebin: 0:00:31.329654051 0xf37ecd20 gstdecodebin2.c:1476:clear_sticky_events:<'':decodepad0> clearing sticky event stream-start event: 0xf3944968, time 99:99:99.999999999, seq-num 101, GstEventStreamStart, stream-id=(string)71ab440d261a1bb43c19b397eec2373651540427aed1e7b0deb4be62a10a7f25/002, flags=(GstStreamFlags)GST_STREAM_FLAG_NONE, group-id=(uint)0;
05-10 00:33:36.889  5448  5519 D GStreamer+basetransform: 0:00:31.329670874 0xf37ecc60 gstbasetransform.c:1301:gst_base_transform_acceptcaps_default:<gluploadelement0> accept caps video/x-raw, format=(string)RGBA, width=(int)1280, height=(int)720, interlace-mode=(string)progressive, pixel-aspect-ratio=(fraction)1/1, colorimetry=(string)sRGB, framerate=(fraction)0/1
05-10 00:33:36.889  5448  5521 D GStreamer+decodebin: 0:00:31.329767905 0xf37ecd20 gstdecodebin2.c:1476:clear_sticky_events:<'':decodepad0> clearing sticky event caps event: 0xf39dc598, time 99:99:99.999999999, seq-num 144, GstEventCaps, caps=(GstCaps)"audio/mpeg\,\ mpegversion\=\(int\)1\,\ mpegaudioversion\=\(int\)2\,\ layer\=\(int\)3\,\ rate\=\(int\)24000\,\ channels\=\(int\)1\,\ parsed\=\(boolean\)true";
05-10 00:33:36.889  5448  5521 D GStreamer+GST_PLUGIN_LOADING: 0:00:31.329815822 0xf37ecd20 gstpluginfeature.c:106:gst_plugin_feature_load loading plugin for feature 0xf373a510; 'amcauddec-omxgooglemp3decoder'
05-10 00:33:36.889  5448  5521 I GStreamer+GST_ELEMENT_FACTORY: 0:00:31.329855301 0xf37ecd20 gstelementfactory.c:364:gst_element_factory_create creating element "amcauddec-omxgooglemp3decoder"
05-10 00:33:36.889  5448  5521 D GStreamer+audiodecoder: 0:00:31.329906967 0xf37ecd20 gstaudiodecoder.c:438:gst_audio_decoder_init:<GstAudioDecoder@0xf3ca0a48> gst_audio_decoder_init
05-10 00:33:36.889  5448  5521 D GStreamer+GST_PADS: 0:00:31.329995509 0xf37ecd20 gstpad.c:1826:gst_pad_set_event_function_full:<'':sink> eventfunc for set to gst_audio_decoder_sink_event
05-10 00:33:36.890  5448  5521 D GStreamer+GST_PADS: 0:00:31.330052957 0xf37ecd20 gstpad.c:1720:gst_pad_set_chain_function_full:<'':sink> chainfunc set to gst_audio_decoder_chain
05-10 00:33:36.890  5448  5519 D GStreamer+basetransform: 0:00:31.330082749 0xf37ecc60 gstbasetransform.c:1308:gst_base_transform_acceptcaps_default:<gluploadelement0> intersect with pad template: video/x-raw(memory:GLMemory, meta:GstVideoOverlayComposition), format=(string){ RGBA, BGRA, RGBx, BGRx, ARGB, ABGR, xRGB, xBGR, RGB, BGR, RGB16, BGR16, AYUV, I420, YV12, NV12, NV21, YUY2, UYVY, Y41B, Y42B, Y444, GRAY8, GRAY16_LE, GRAY16_BE }, width=(int)[ 1, 2147483647 ], height=(int)[ 1, 2147483647 ], framerate=(fraction)[ 0/1, 2147483647/1 ]; video/x-raw(memory:EGLImage, meta:GstVideoOverlayComposition), format=(string)RGBA, width=(int)[ 1, 2147483647 ], height=(int)[ 1, 2147483647 ], framerate=(fraction)[ 0/1, 2147483647/1 ]; video/x-raw(meta:GstVideoGLTextureUploadMeta, meta:GstVideoOverlayComposition), format=(string)RGBA, width=(int)[ 1, 2147483647 ], height=(int)[ 1, 2147483647 ], framerate=(fraction)[ 0/1, 2147483647/1 ]; video/x-raw(memory:SystemMemory, meta:GstVideoOverlayComposition), format=(string){ RGBA, BGRA, RGBx, BGRx, ARGB, ABGR, xRGB, xBGR, RGB, BGR, RG
05-10 00:33:36.890  5448  5521 D GStreamer+GST_PADS: 0:00:31.330104363 0xf37ecd20 gstpad.c:1906:gst_pad_set_query_function_full:<'':sink> queryfunc set to gst_audio_decoder_sink_query
05-10 00:33:36.890  5448  5519 D GStreamer+basetransform: 0:00:31.330150769 0xf37ecc60 gstbasetransform.c:1313:gst_base_transform_acceptcaps_default:<gluploadelement0> trying to transform with filter: video/x-raw(ANY) (the other pad template)
05-10 00:33:36.890  5448  5521 I GStreamer+GST_ELEMENT_PADS: 0:00:31.330169311 0xf37ecd20 gstelement.c:659:gst_element_add_pad:<GstAudioDecoder@0xf3ca0a48> adding pad 'sink'
05-10 00:33:36.890  5448  5519 D GStreamer+basetransform: 0:00:31.330194780 0xf37ecc60 gstbasetransform.c:533:gst_base_transform_transform_caps:<gluploadelement0> transform caps (direction = 2)
05-10 00:33:36.890  5448  5521 D GStreamer+GST_REFCOUNTING: 0:00:31.330215874 0xf37ecd20 gstobject.c:692:gst_object_set_parent:<'':sink> set parent (ref and sink)
05-10 00:33:36.890  5448  5519 D GStreamer+GST_PERFORMANCE: 0:00:31.330264207 0xf37ecc60 gstcaps.c:169:_gst_caps_copy:<0xf39daa00> doing copy 0xf39daa00 -> 0xf3c7a2c8
05-10 00:33:36.890  5448  5521 D GStreamer+audiodecoder: 0:00:31.330280769 0xf37ecd20 gstaudiodecoder.c:455:gst_audio_decoder_init:<GstAudioDecoder@0xf3ca0a48> sinkpad created
05-10 00:33:36.890  5448  5519 D GStreamer+GST_PERFORMANCE: 0:00:31.330335249 0xf37ecc60 gstcaps.c:169:_gst_caps_copy:<0xf3c7a2c8> doing copy 0xf3c7a2c8 -> 0xf3c7a2f0
05-10 00:33:36.890  5448  5521 D GStreamer+GST_PADS: 0:00:31.330355092 0xf37ecd20 gstpad.c:1826:gst_pad_set_event_function_full:<'':src> eventfunc for set to gst_audio_decoder_src_event
05-10 00:33:36.890  5448  5521 D GStreamer+GST_PADS: 0:00:31.330409988 0xf37ecd20 gstpad.c:1906:gst_pad_set_query_function_full:<'':src> queryfunc set to gst_audio_decoder_src_query
05-10 00:33:36.890  5448  5519 D GStreamer+GST_PERFORMANCE: 0:00:31.330449363 0xf37ecc60 gstcaps.c:169:_gst_caps_copy:<0xf39daa00> doing copy 0xf39daa00 -> 0xf3c7a250
05-10 00:33:36.890  5448  5521 I GStreamer+GST_ELEMENT_PADS: 0:00:31.330458269 0xf37ecd20 gstelement.c:659:gst_element_add_pad:<GstAudioDecoder@0xf3ca0a48> adding pad 'src'
05-10 00:33:36.890  5448  5521 D GStreamer+GST_REFCOUNTING: 0:00:31.330500457 0xf37ecd20 gstobject.c:692:gst_object_set_parent:<'':src> set parent (ref and sink)
05-10 00:33:36.890  5448  5519 D GStreamer+GST_PERFORMANCE: 0:00:31.330528374 0xf37ecc60 gstcaps.c:169:_gst_caps_copy:<0xf3c7a250> doing copy 0xf3c7a250 -> 0xf3c7a278
05-10 00:33:36.890  5448  5521 D GStreamer+audiodecoder: 0:00:31.330552853 0xf37ecd20 gstaudiodecoder.c:468:gst_audio_decoder_init:<GstAudioDecoder@0xf3ca0a48> srcpad created
05-10 00:33:36.890  5448  5521 D GStreamer+audiodecoder: 0:00:31.330600822 0xf37ecd20 gstaudiodecoder.c:493:gst_audio_decoder_reset:<GstAudioDecoder@0xf3ca0a48> gst_audio_decoder_reset
05-10 00:33:36.890  5448  5519 D GStreamer+GST_PERFORMANCE: 0:00:31.330632801 0xf37ecc60 gstcaps.c:169:_gst_caps_copy:<0xf39daa00> doing copy 0xf39daa00 -> 0xf3c7a200
05-10 00:33:36.890  5448  5521 D GStreamer+audiodecoder: 0:00:31.330656863 0xf37ecd20 gstaudiodecoder.c:487:gst_audio_decoder_init:<GstAudioDecoder@0xf3ca0a48> init ok
05-10 00:33:36.890  5448  5521 D GStreamer+GST_ELEMENT_FACTORY: 0:00:31.330735717 0xf37ecd20 gstelementfactory.c:390:gst_element_factory_create created element "amcauddec-omxgooglemp3decoder"
05-10 00:33:36.890  5448  5519 D GStreamer+GST_PERFORMANCE: 0:00:31.330752592 0xf37ecc60 gstcaps.c:169:_gst_caps_copy:<0xf3c7a200> doing copy 0xf3c7a200 -> 0xf3c7d1b8
05-10 00:33:36.890  5448  5521 D GStreamer+GST_STATES: 0:00:31.330773113 0xf37ecd20 gstelement.c:1966:gst_element_set_locked_state locking state of element amcaudiodec-omxgooglemp3decoder0
05-10 00:33:36.890  5448  5521 D GStreamer+GST_PARENTAGE: 0:00:31.330809155 0xf37ecd20 gstbin.c:1371:gst_bin_add adding element amcaudiodec-omxgooglemp3decoder0 to bin decodebin0
05-10 00:33:36.890  5448  5521 D GStreamer+bin: 0:00:31.330856082 0xf37ecd20 gstbin.c:1100:gst_bin_add_func:<decodebin0> element :amcaudiodec-omxgooglemp3decoder0
05-10 00:33:36.890  5448  5519 D GStreamer+GST_PERFORMANCE: 0:00:31.330873478 0xf37ecc60 gstcaps.c:169:_gst_caps_copy:<0xf39daa00> doing copy 0xf39daa00 -> 0xf3c7d568
05-10 00:33:36.890  5448  5521 D GStreamer+GST_REFCOUNTING: 0:00:31.330896655 0xf37ecd20 gstobject.c:692:gst_object_set_parent:<amcaudiodec-omxgooglemp3decoder0> set parent (ref and sink)
05-10 00:33:36.890  5448  5521 D GStreamer+GST_PARENTAGE: 0:00:31.330954051 0xf37ecd20 gstelement.c:3040:gst_element_set_bus_func:<amcaudiodec-omxgooglemp3decoder0> setting bus to 0xf39b1958
05-10 00:33:36.890  5448  5519 D GStreamer+GST_PERFORMANCE: 0:00:31.330971186 0xf37ecc60 gstcaps.c:169:_gst_caps_copy:<0xf3c7d568> doing copy 0xf3c7d568 -> 0xf3c7d590
05-10 00:33:36.890  5448  5521 D GStreamer+GST_CLOCK: 0:00:31.331007280 0xf37ecd20 gstelement.c:478:gst_element_set_base_time:<amcaudiodec-omxgooglemp3decoder0> set base_time=0:00:00.000000000, old 0:00:00.000000000
05-10 00:33:36.891  5448  5521 D GStreamer+GST_CLOCK: 0:00:31.331068582 0xf37ecd20 gstelement.c:540:gst_element_set_start_time:<amcaudiodec-omxgooglemp3decoder0> set start_time=0:00:00.000000000, old 0:00:00.000000000
05-10 00:33:36.891  5448  5521 D GStreamer+GST_CLOCK: 0:00:31.331127592 0xf37ecd20 gstelement.c:418:gst_element_set_clock:<amcaudiodec-omxgooglemp3decoder0> setting clock 0x0
05-10 00:33:36.891  5448  5521 D GStreamer+bin: 0:00:31.331163686 0xf37ecd20 gstbin.c:1215:gst_bin_add_func:<decodebin0> added SUCCESS element
05-10 00:33:36.891  5448  5519 D GStreamer+basetransform: 0:00:31.331191082 0xf37ecc60 gstbasetransform.c:560:gst_base_transform_transform_caps:<gluploadelement0> to: video/x-raw(memory:GLMemory), format=(string)RGBA, width=(int)1280, height=(int)720, interlace-mode=(string)progressive, pixel-aspect-ratio=(fraction)1/1, colorimetry=(string)sRGB, framerate=(fraction)0/1, texture-target=(string){ 2D, rectangle, external-oes }
05-10 00:33:36.891  5448  5521 D GStreamer+GST_PARENTAGE: 0:00:31.331204311 0xf37ecd20 gstbin.c:1295:gst_bin_add_func:<decodebin0> added element "amcaudiodec-omxgooglemp3decoder0"
05-10 00:33:36.891  5448  5519 D GStreamer+basetransform: 0:00:31.331232384 0xf37ecc60 gstbasetransform.c:1319:gst_base_transform_acceptcaps_default:<gluploadelement0> accept-caps result: 1
05-10 00:33:36.891  5448  5521 D GStreamer+GST_BUS: 0:00:31.331312176 0xf37ecd20 gstbus.c:309:gst_bus_post:<bus1> [msg 0xf3ad21c8] posting on bus structure-change message: 0xf3ad21c8, time 99:99:99.999999999, seq-num 164, element 'sink', GstMessageStructureChange, type=(GstStructureChangeType)GST_STRUCTURE_CHANGE_TYPE_PAD_LINK, owner=(GstElement)"\(GstMpegAudioParse\)\ mpegaudioparse0", busy=(boolean)true;
05-10 00:33:36.891  5448  5521 D GStreamer+bin: 0:00:31.331351915 0xf37ecd20 gstbin.c:3528:gst_bin_handle_message_func:<decodebin0> [msg 0xf3ad21c8] handling child sink message of type structure-change
05-10 00:33:36.891  5448  5519 D GStreamer+GST_PADS: 0:00:31.331370926 0xf37ecc60 gstpad.c:3905:gst_pad_query:<gluploadelement0:sink> sent query 0xf39ddf80 (accept-caps), result 1
05-10 00:33:36.891  5448  5521 D GStreamer+bin: 0:00:31.331397749 0xf37ecd20 gstbin.c:882:find_message:<decodebin0> no message found matching types 00001000
05-10 00:33:36.891  5448  5519 D GStreamer+default: 0:00:31.331421707 0xf37ecc60 gstutils.c:2926:gst_pad_query_accept_caps:<gluploadelement0:sink> query returned 1
05-10 00:33:36.891  5448  5521 D GStreamer+bin: 0:00:31.331442957 0xf37ecd20 gstbin.c:889:find_message:<decodebin0>   structure-change
05-10 00:33:36.891  5448  5519 D GStreamer+GST_PADS: 0:00:31.331477436 0xf37ecc60 gstpad.c:1591:gst_pad_check_reconfigure:<gluploadelement0:src> remove RECONFIGURE flag
05-10 00:33:36.891  5448  5521 D GStreamer+bin: 0:00:31.331496082 0xf37ecd20 gstbin.c:929:bin_replace_message:<decodebin0> got new message 0xf3ad21c8, structure-change from sink
05-10 00:33:36.891  5448  5521 D GStreamer+GST_BUS: 0:00:31.331545665 0xf37ecd20 gstbus.c:344:gst_bus_post:<bus1> [msg 0xf3ad21c8] dropped
05-10 00:33:36.891  5448  5519 D GStreamer+basetransform: 0:00:31.331556290 0xf37ecc60 gstbasetransform.c:1356:gst_base_transform_setcaps:<gluploadelement0:sink> have new caps 0xf39daa00 video/x-raw, format=(string)RGBA, width=(int)1280, height=(int)720, interlace-mode=(string)progressive, pixel-aspect-ratio=(fraction)1/1, colorimetry=(string)sRGB, framerate=(fraction)0/1
05-10 00:33:36.891  5448  5521 I GStreamer+GST_PADS: 0:00:31.331581967 0xf37ecd20 gstpad.c:2292:gst_pad_link_prepare trying to link mpegaudioparse0:src and amcaudiodec-omxgooglemp3decoder0:sink
05-10 00:33:36.891  5448  5519 D GStreamer+basetransform: 0:00:31.331597540 0xf37ecc60 gstbasetransform.c:533:gst_base_transform_transform_caps:<gluploadelement0> transform caps (direction = 2)
05-10 00:33:36.891  5448  5521 I GStreamer+GST_PADS: 0:00:31.331621030 0xf37ecd20 gstpad.c:2498:gst_pad_link_full linked mpegaudioparse0:src and amcaudiodec-omxgooglemp3decoder0:sink, successful
05-10 00:33:36.891  5448  5521 I GStreamer+GST_EVENT: 0:00:31.331650197 0xf37ecd20 gstevent.c:1382:gst_event_new_reconfigure creating reconfigure event
05-10 00:33:36.891  5448  5519 D GStreamer+GST_PERFORMANCE: 0:00:31.331667697 0xf37ecc60 gstcaps.c:169:_gst_caps_copy:<0xf39daa00> doing copy 0xf39daa00 -> 0xf3c7d4c8
05-10 00:33:36.891  5448  5521 D GStreamer+GST_EVENT: 0:00:31.331694311 0xf37ecd20 gstevent.c:302:gst_event_new_custom creating new event 0xf39dc6b8 reconfigure 61441
05-10 00:33:36.891  5448  5521 D GStreamer+GST_EVENT: 0:00:31.331768947 0xf37ecd20 gstpad.c:5496:gst_pad_send_event_unchecked:<mpegaudioparse0:src> have event type reconfigure event: 0xf39dc6b8, time 99:99:99.999999999, seq-num 165, (NULL)
05-10 00:33:36.891  5448  5519 D GStreamer+GST_PERFORMANCE: 0:00:31.331775509 0xf37ecc60 gstcaps.c:169:_gst_caps_copy:<0xf3c7d4c8> doing copy 0xf3c7d4c8 -> 0xf3c7d478
05-10 00:33:36.891  5448  5521 D GStreamer+baseparse: 0:00:31.331809572 0xf37ecd20 gstbaseparse.c:1611:gst_base_parse_src_event:<mpegaudioparse0> event 61441, reconfigure
05-10 00:33:36.891  5448  5521 D GStreamer+GST_PADS: 0:00:31.331857749 0xf37ecd20 gstpad.c:2803:gst_pad_iterate_internal_links_default:<mpegaudioparse0:src> Making iterator
05-10 00:33:36.891  5448  5519 D GStreamer+GST_PERFORMANCE: 0:00:31.331885405 0xf37ecc60 gstcaps.c:169:_gst_caps_copy:<0xf39daa00> doing copy 0xf39daa00 -> 0xf3c7d450
05-10 00:33:36.891  5448  5521 D GStreamer+GST_EVENT: 0:00:31.331928113 0xf37ecd20 gstpad.c:5496:gst_pad_send_event_unchecked:<typefind:src> have event type reconfigure event: 0xf39dc6b8, time 99:99:99.999999999, seq-num 165, (NULL)
05-10 00:33:36.891  5448  5519 D GStreamer+GST_PERFORMANCE: 0:00:31.332003738 0xf37ecc60 gstcaps.c:169:_gst_caps_copy:<0xf3c7d450> doing copy 0xf3c7d450 -> 0xf3c7d400
05-10 00:33:36.891  5448  5521 D GStreamer+GST_EVENT: 0:00:31.332020613 0xf37ecd20 gstpad.c:5496:gst_pad_send_event_unchecked:<sink:proxypad1> have event type reconfigure event: 0xf39dc6b8, time 99:99:99.999999999, seq-num 165, (NULL)
05-10 00:33:36.892  5448  5521 D GStreamer+GST_EVENT: 0:00:31.332106134 0xf37ecd20 gstpad.c:5496:gst_pad_send_event_unchecked:<queue2:src> have event type reconfigure event: 0xf39dc6b8, time 99:99:99.999999999, seq-num 165, (NULL)
05-10 00:33:36.892  5448  5519 D GStreamer+GST_PERFORMANCE: 0:00:31.332131447 0xf37ecc60 gstcaps.c:169:_gst_caps_copy:<0xf39daa00> doing copy 0xf39daa00 -> 0xf3c7d168
05-10 00:33:36.892  5448  5521 D GStreamer+queue_dataflow: 0:00:31.332159780 0xf37ecd20 gstqueue.c:1532:gst_queue_handle_src_event:<queue2> got event 0xf39dc6b8 (61441)
05-10 00:33:36.892  5448  5519 D GStreamer+GST_PERFORMANCE: 0:00:31.332204624 0xf37ecc60 gstcaps.c:169:_gst_caps_copy:<0xf3c7d168> doing copy 0xf3c7d168 -> 0xf3c7a140
05-10 00:33:36.892  5448  5521 D GStreamer+GST_EVENT: 0:00:31.332225092 0xf37ecd20 gstpad.c:5496:gst_pad_send_event_unchecked:<q:audio_0> have event type reconfigure event: 0xf39dc6b8, time 99:99:99.999999999, seq-num 165, (NULL)
05-10 00:33:36.892  5448  5521 D GStreamer+GST_PADS: 0:00:31.332267332 0xf37ecd20 gstpad.c:2803:gst_pad_iterate_internal_links_default:<q:audio_0> Making iterator
05-10 00:33:36.892  5448  5519 D GStreamer+GST_PERFORMANCE: 0:00:31.332305717 0xf37ecc60 gstcaps.c:169:_gst_caps_copy:<0xf39daa00> doing copy 0xf39daa00 -> 0xf3c7d0f0
05-10 00:33:36.892  5448  5521 D GStreamer+GST_EVENT: 0:00:31.332328217 0xf37ecd20 gstpad.c:5496:gst_pad_send_event_unchecked:<filesrc0:src> have event type reconfigure event: 0xf39dc6b8, time 99:99:99.999999999, seq-num 165, (NULL)
05-10 00:33:36.892  5448  5519 D GStreamer+GST_PERFORMANCE: 0:00:31.332381967 0xf37ecc60 gstcaps.c:169:_gst_caps_copy:<0xf3c7d0f0> doing copy 0xf3c7d0f0 -> 0xf3c7d118
05-10 00:33:36.892  5448  5521 D GStreamer+basesrc: 0:00:31.332393530 0xf37ecd20 gstbasesrc.c:1987:gst_base_src_default_event:<filesrc0> handle event reconfigure event: 0xf39dc6b8, time 99:99:99.999999999, seq-num 165, (NULL)
05-10 00:33:36.892  5448  5521 D GStreamer+GST_PADS: 0:00:31.332435717 0xf37ecd20 gstpad.c:5569:gst_pad_send_event_unchecked:<filesrc0:src> sent event, ret ok
05-10 00:33:36.892  5448  5521 D GStreamer+GST_PADS: 0:00:31.332491030 0xf37ecd20 gstpad.c:5569:gst_pad_send_event_unchecked:<q:audio_0> sent event, ret ok
05-10 00:33:36.892  5448  5519 D GStreamer+basetransform: 0:00:31.332513686 0xf37ecc60 gstbasetransform.c:560:gst_base_transform_transform_caps:<gluploadelement0> to: video/x-raw(memory:GLMemory), format=(string)RGBA, width=(int)1280, height=(int)720, interlace-mode=(string)progressive, pixel-aspect-ratio=(fraction)1/1, colorimetry=(string)sRGB, framerate=(fraction)0/1, texture-target=(string){ 2D, rectangle, external-oes }
05-10 00:33:36.892  5448  5521 D GStreamer+GST_PADS: 0:00:31.332541030 0xf37ecd20 gstpad.c:5569:gst_pad_send_event_unchecked:<queue2:src> sent event, ret ok
05-10 00:33:36.892  5448  5519 D GStreamer+basetransform: 0:00:31.332572280 0xf37ecc60 gstbasetransform.c:1142:gst_base_transform_find_transform:<gluploadelement0> intersecting against padtemplate video/x-raw(ANY)
05-10 00:33:36.892  5448  5521 D GStreamer+GST_PADS: 0:00:31.332597801 0xf37ecd20 gstpad.c:5569:gst_pad_send_event_unchecked:<sink:proxypad1> sent event, ret ok
05-10 00:33:36.892  5448  5521 D GStreamer+GST_PADS: 0:00:31.332647176 0xf37ecd20 gstpad.c:5569:gst_pad_send_event_unchecked:<typefind:src> sent event, ret ok
05-10 00:33:36.892  5448  5519 D GStreamer+basetransform: 0:00:31.332670301 0xf37ecc60 gstbasetransform.c:1164:gst_base_transform_find_transform:<gluploadelement0> transform returned non fixed  video/x-raw(memory:GLMemory), format=(string)RGBA, width=(int)1280, height=(int)720, interlace-mode=(string)progressive, pixel-aspect-ratio=(fraction)1/1, colorimetry=(string)sRGB, framerate=(fraction)0/1, texture-target=(string){ 2D, rectangle, external-oes }
05-10 00:33:36.892  5448  5521 D GStreamer+GST_PADS: 0:00:31.332696238 0xf37ecd20 gstpad.c:5569:gst_pad_send_event_unchecked:<mpegaudioparse0:src> sent event, ret ok
05-10 00:33:36.892  5448  5519 D GStreamer+basetransform: 0:00:31.332746863 0xf37ecc60 gstbasetransform.c:1171:gst_base_transform_find_transform:<gluploadelement0> Checking peer caps with filter video/x-raw(memory:GLMemory), format=(string)RGBA, width=(int)1280, height=(int)720, interlace-mode=(string)progressive, pixel-aspect-ratio=(fraction)1/1, colorimetry=(string)sRGB, framerate=(fraction)0/1, texture-target=(string){ 2D, rectangle, external-oes }
05-10 00:33:36.892  5448  5521 D GStreamer+GST_BUS: 0:00:31.332804572 0xf37ecd20 gstbus.c:309:gst_bus_post:<bus1> [msg 0xf3ad2170] posting on bus structure-change message: 0xf3ad2170, time 99:99:99.999999999, seq-num 166, element 'sink', GstMessageStructureChange, type=(GstStructureChangeType)GST_STRUCTURE_CHANGE_TYPE_PAD_LINK, owner=(GstElement)"\(GstMpegAudioParse\)\ mpegaudioparse0", busy=(boolean)false;
05-10 00:33:36.892  5448  5519 D GStreamer+GST_CAPS: 0:00:31.332836290 0xf37ecc60 gstutils.c:2838:gst_pad_query_caps:<glcolorconvertelement0:sink> get pad caps with filter video/x-raw(memory:GLMemory), format=(string)RGBA, width=(int)1280, height=(int)720, interlace-mode=(string)progressive, pixel-aspect-ratio=(fraction)1/1, colorimetry=(string)sRGB, framerate=(fraction)0/1, texture-target=(string){ 2D, rectangle, external-oes }
05-10 00:33:36.892  5448  5521 D GStreamer+bin: 0:00:31.332859884 0xf37ecd20 gstbin.c:3528:gst_bin_handle_message_func:<decodebin0> [msg 0xf3ad2170] handling child sink message of type structure-change
05-10 00:33:36.892  5448  5519 D GStreamer+query: 0:00:31.332883113 0xf37ecc60 gstquery.c:674:gst_query_new_custom creating new query 0xf39ddfb0 caps
05-10 00:33:36.892  5448  5521 D GStreamer+bin: 0:00:31.332904467 0xf37ecd20 gstbin.c:957:bin_remove_messages:<amcaudiodec-omxgooglemp3decoder0:sink> deleting message 0xf3ad21c8 of types 0x00001000
05-10 00:33:36.892  5448  5519 D GStreamer+GST_PADS: 0:00:31.332936707 0xf37ecc60 gstpad.c:3882:gst_pad_query:<glcolorconvertelement0:sink> doing query 0xf39ddfb0 (caps)
05-10 00:33:36.892  5448  5521 D GStreamer+bin: 0:00:31.332965926 0xf37ecd20 gstbin.c:963:bin_remove_messages:<decodebin0> not deleting message 0xf3ad1670 of type 0x00100000
05-10 00:33:36.892  5448  5521 D GStreamer+GST_BUS: 0:00:31.333016342 0xf37ecd20 gstbus.c:344:gst_bus_post:<bus1> [msg 0xf3ad2170] dropped
05-10 00:33:36.892  5448  5519 D GStreamer+basetransform: 0:00:31.333032124 0xf37ecc60 gstbasetransform.c:704:gst_base_transform_query_caps:<glcolorconvertelement0:sink> filter caps  video/x-raw(memory:GLMemory), format=(string)RGBA, width=(int)1280, height=(int)720, interlace-mode=(string)progressive, pixel-aspect-ratio=(fraction)1/1, colorimetry=(string)sRGB, framerate=(fraction)0/1, texture-target=(string){ 2D, rectangle, external-oes }
05-10 00:33:36.893  5448  5521 D GStreamer+GST_STATES: 0:00:31.333060561 0xf37ecd20 gstelement.c:2523:gst_element_set_state_func:<amcaudiodec-omxgooglemp3decoder0> set_state to READY
05-10 00:33:36.893  5448  5521 D GStreamer+GST_STATES: 0:00:31.333107801 0xf37ecd20 gstelement.c:2548:gst_element_set_state_func:<amcaudiodec-omxgooglemp3decoder0> setting target state to READY
05-10 00:33:36.893  5448  5521 D GStreamer+GST_STATES: 0:00:31.333177801 0xf37ecd20 gstelement.c:2561:gst_element_set_state_func:<amcaudiodec-omxgooglemp3decoder0> current NULL, old_pending VOID_PENDING, next VOID_PENDING, old return SUCCESS
05-10 00:33:36.893  5448  5519 D GStreamer+basetransform: 0:00:31.333232697 0xf37ecc60 gstbasetransform.c:707:gst_base_transform_query_caps:<glcolorconvertelement0:sink> our template  video/x-raw(memory:GLMemory), format=(string){ RGBA, RGB, RGBx, BGR, BGRx, BGRA, xRGB, xBGR, ARGB, ABGR, Y444, I420, YV12, Y42B, Y41B, NV12, NV21, YUY2, UYVY, AYUV, GRAY8, GRAY16_LE, GRAY16_BE, RGB16, BGR16 }, width=(int)[ 1, 2147483647 ], height=(int)[ 1, 2147483647 ], framerate=(fraction)[ 0/1, 2147483647/1 ], texture-target=(string){ 2D, rectangle, external-oes }; video/x-raw(memory:GLMemory, meta:GstVideoOverlayComposition), format=(string){ RGBA, RGB, RGBx, BGR, BGRx, BGRA, xRGB, xBGR, ARGB, ABGR, Y444, I420, YV12, Y42B, Y41B, NV12, NV21, YUY2, UYVY, AYUV, GRAY8, GRAY16_LE, GRAY16_BE, RGB16, BGR16 }, width=(int)[ 1, 2147483647 ], height=(int)[ 1, 2147483647 ], framerate=(fraction)[ 0/1, 2147483647/1 ], texture-target=(string){ 2D, rectangle, external-oes }
05-10 00:33:36.893  5448  5521 D GStreamer+GST_STATES: 0:00:31.333250301 0xf37ecd20 gstelement.c:2595:gst_element_set_state_func:<amcaudiodec-omxgooglemp3decoder0> final: setting state from NULL to READY
05-10 00:33:36.893  5448  5521 D GStreamer+amcaudiodec: 0:00:31.333296499 0xf37ecd20 gstamcaudiodec.c:243:gst_amc_audio_dec_open:<amcaudiodec-omxgooglemp3decoder0> Opening decoder
05-10 00:33:36.893  5448  5519 D GStreamer+basetransform: 0:00:31.333337644 0xf37ecc60 gstbasetransform.c:709:gst_base_transform_query_caps:<glcolorconvertelement0:sink> intersected video/x-raw(memory:GLMemory), format=(string)RGBA, width=(int)1280, height=(int)720, interlace-mode=(string)progressive, pixel-aspect-ratio=(fraction)1/1, colorimetry=(string)sRGB, framerate=(fraction)0/1, texture-target=(string){ 2D, rectangle, external-oes }
05-10 00:33:36.893  5448  5521 D GStreamer+default: 0:00:31.333353738 0xf37ecd20 gstjniutils.c:476:gst_amc_jni_attach_current_thread Attaching thread 0xf37ecd20
05-10 00:33:36.893  5448  5519 D GStreamer+basetransform: 0:00:31.333375978 0xf37ecc60 gstbasetransform.c:533:gst_base_transform_transform_caps:<glcolorconvertelement0> transform caps (direction = 2)
05-10 00:33:36.893  5448  5519 D GStreamer+basetransform: 0:00:31.333459624 0xf37ecc60 gstbasetransform.c:560:gst_base_transform_transform_caps:<glcolorconvertelement0> to: video/x-raw(memory:GLMemory), width=(int)1280, height=(int)720, interlace-mode=(string)progressive, pixel-aspect-ratio=(fraction)1/1, framerate=(fraction)0/1
05-10 00:33:36.893  5448  5519 D GStreamer+basetransform: 0:00:31.333516811 0xf37ecc60 gstbasetransform.c:714:gst_base_transform_query_caps:<glcolorconvertelement0:sink> transformed  video/x-raw(memory:GLMemory), width=(int)1280, height=(int)720, interlace-mode=(string)progressive, pixel-aspect-ratio=(fraction)1/1, framerate=(fraction)0/1
05-10 00:33:36.893  5448  5519 D GStreamer+basetransform: 0:00:31.333703009 0xf37ecc60 gstbasetransform.c:719:gst_base_transform_query_caps:<glcolorconvertelement0:sink> our template  video/x-raw(memory:GLMemory), format=(string){ RGBA, RGB, RGBx, BGR, BGRx, BGRA, xRGB, xBGR, ARGB, ABGR, Y444, I420, YV12, Y42B, Y41B, NV12, NV21, YUY2, UYVY, AYUV, GRAY8, GRAY16_LE, GRAY16_BE, RGB16, BGR16 }, width=(int)[ 1, 2147483647 ], height=(int)[ 1, 2147483647 ], framerate=(fraction)[ 0/1, 2147483647/1 ], texture-target=(string){ 2D, rectangle, external-oes }; video/x-raw(memory:GLMemory, meta:GstVideoOverlayComposition), format=(string){ RGBA, RGB, RGBx, BGR, BGRx, BGRA, xRGB, xBGR, ARGB, ABGR, Y444, I420, YV12, Y42B, Y41B, NV12, NV21, YUY2, UYVY, AYUV, GRAY8, GRAY16_LE, GRAY16_BE, RGB16, BGR16 }, width=(int)[ 1, 2147483647 ], height=(int)[ 1, 2147483647 ], framerate=(fraction)[ 0/1, 2147483647/1 ], texture-target=(string){ 2D, rectangle, external-oes }
05-10 00:33:36.893  5448  5519 D GStreamer+basetransform: 0:00:31.333814467 0xf37ecc60 gstbasetransform.c:724:gst_base_transform_query_caps:<glcolorconvertelement0:sink> intersected video/x-raw(memory:GLMemory), width=(int)1280, height=(int)720, interlace-mode=(string)progressive, pixel-aspect-ratio=(fraction)1/1, framerate=(fraction)0/1, format=(string){ RGBA, RGB, RGBx, BGR, BGRx, BGRA, xRGB, xBGR, ARGB, ABGR, Y444, I420, YV12, Y42B, Y41B, NV12, NV21, YUY2, UYVY, AYUV, GRAY8, GRAY16_LE, GRAY16_BE, RGB16, BGR16 }, texture-target=(string){ 2D, rectangle, external-oes }
05-10 00:33:36.893  5448  5519 D GStreamer+basetransform: 0:00:31.333906603 0xf37ecc60 gstbasetransform.c:730:gst_base_transform_query_caps:<glcolorconvertelement0:sink> peer filter caps video/x-raw(memory:GLMemory), width=(int)1280, height=(int)720, interlace-mode=(string)progressive, pixel-aspect-ratio=(fraction)1/1, framerate=(fraction)0/1, format=(string){ RGBA, RGB, RGBx, BGR, BGRx, BGRA, xRGB, xBGR, ARGB, ABGR, Y444, I420, YV12, Y42B, Y41B, NV12, NV21, YUY2, UYVY, AYUV, GRAY8, GRAY16_LE, GRAY16_BE, RGB16, BGR16 }, texture-target=(string){ 2D, rectangle, external-oes }
05-10 00:33:36.893  5448  5519 D GStreamer+GST_CAPS: 0:00:31.333995457 0xf37ecc60 gstutils.c:2884:gst_pad_peer_query_caps:<glcolorconvertelement0:src> get pad peer caps with filter video/x-raw(memory:GLMemory), width=(int)1280, height=(int)720, interlace-mode=(string)progressive, pixel-aspect-ratio=(fraction)1/1, framerate=(fraction)0/1, format=(string){ RGBA, RGB, RGBx, BGR, BGRx, BGRA, xRGB, xBGR, ARGB, ABGR, Y444, I420, YV12, Y42B, Y41B, NV12, NV21, YUY2, UYVY, AYUV, GRAY8, GRAY16_LE, GRAY16_BE, RGB16, BGR16 }, texture-target=(string){ 2D, rectangle, external-oes }
05-10 00:33:36.893  5448  5519 D GStreamer+query: 0:00:31.334036915 0xf37ecc60 gstquery.c:674:gst_query_new_custom creating new query 0xf3c9fc00 caps
05-10 00:33:36.894  5448  5519 D GStreamer+GST_PADS: 0:00:31.334080405 0xf37ecc60 gstpad.c:4009:gst_pad_peer_query:<glcolorconvertelement0:src> peer query 0xf3c9fc00 (caps)
05-10 00:33:36.894  5448  5519 D GStreamer+GST_PADS: 0:00:31.334135874 0xf37ecc60 gstpad.c:3882:gst_pad_query:<glcolorbalance0:sink> doing query 0xf3c9fc00 (caps)
05-10 00:33:36.894  5448  5519 D GStreamer+basetransform: 0:00:31.334221967 0xf37ecc60 gstbasetransform.c:704:gst_base_transform_query_caps:<glcolorbalance0:sink> filter caps  video/x-raw(memory:GLMemory), width=(int)1280, height=(int)720, interlace-mode=(string)progressive, pixel-aspect-ratio=(fraction)1/1, framerate=(fraction)0/1, format=(string){ RGBA, RGB, RGBx, BGR, BGRx, BGRA, xRGB, xBGR, ARGB, ABGR, Y444, I420, YV12, Y42B, Y41B, NV12, NV21, YUY2, UYVY, AYUV, GRAY8, GRAY16_LE, GRAY16_BE, RGB16, BGR16 }, texture-target=(string){ 2D, rectangle, external-oes }
05-10 00:33:36.894  5448  5519 D GStreamer+basetransform: 0:00:31.334381967 0xf37ecc60 gstbasetransform.c:707:gst_base_transform_query_caps:<glcolorbalance0:sink> our template  video/x-raw(memory:GLMemory), format=(string)RGBA, width=(int)[ 1, 2147483647 ], height=(int)[ 1, 2147483647 ], framerate=(fraction)[ 0/1, 2147483647/1 ], texture-target=(string)2D
05-10 00:33:36.894  5448  5519 D GStreamer+basetransform: 0:00:31.334463426 0xf37ecc60 gstbasetransform.c:709:gst_base_transform_query_caps:<glcolorbalance0:sink> intersected video/x-raw(memory:GLMemory), width=(int)1280, height=(int)720, interlace-mode=(string)progressive, pixel-aspect-ratio=(fraction)1/1, framerate=(fraction)0/1, format=(string)RGBA, texture-target=(string)2D
05-10 00:33:36.894  5448  5519 D GStreamer+basetransform: 0:00:31.334500822 0xf37ecc60 gstbasetransform.c:533:gst_base_transform_transform_caps:<glcolorbalance0> transform caps (direction = 2)
05-10 00:33:36.894  5448  5519 D GStreamer+glfilter: 0:00:31.334589311 0xf37ecc60 gstglfilter.c:610:default_transform_internal_caps:<glcolorbalance0> size removal returned caps video/x-raw(memory:GLMemory), width=(int)[ 1, 2147483647 ], height=(int)[ 1, 2147483647 ], interlace-mode=(string)progressive, pixel-aspect-ratio=(fraction)[ 1/2147483647, 2147483647/1 ], framerate=(fraction)0/1, format=(string)RGBA, texture-target=(string)2D
05-10 00:33:36.894  5448  5523 I OMXClient: Using client-side OMX mux.
05-10 00:33:36.894  5448  5519 D GStreamer+GST_PERFORMANCE: 0:00:31.334680301 0xf37ecc60 gstcaps.c:169:_gst_caps_copy:<0xf3c7a1b8> doing copy 0xf3c7a1b8 -> 0xf3c7a168
05-10 00:33:36.894  5448  5519 D GStreamer+glfilter: 0:00:31.334773322 0xf37ecc60 gstglfilter.c:638:gst_gl_filter_transform_caps:<glcolorbalance0> returning caps: video/x-raw(memory:GLMemory), width=(int)[ 1, 2147483647 ], height=(int)[ 1, 2147483647 ], interlace-mode=(string)progressive, pixel-aspect-ratio=(fraction)[ 1/2147483647, 2147483647/1 ], framerate=(fraction)0/1, format=(string)RGBA, texture-target=(string)2D
05-10 00:33:36.894  5448  5519 D GStreamer+basetransform: 0:00:31.334848790 0xf37ecc60 gstbasetransform.c:560:gst_base_transform_transform_caps:<glcolorbalance0> to: video/x-raw(memory:GLMemory), width=(int)[ 1, 2147483647 ], height=(int)[ 1, 2147483647 ], interlace-mode=(string)progressive, pixel-aspect-ratio=(fraction)[ 1/2147483647, 2147483647/1 ], framerate=(fraction)0/1, format=(string)RGBA, texture-target=(string)2D
05-10 00:33:36.894  5448  5519 D GStreamer+basetransform: 0:00:31.334955613 0xf37ecc60 gstbasetransform.c:714:gst_base_transform_query_caps:<glcolorbalance0:sink> transformed  video/x-raw(memory:GLMemory), width=(int)[ 1, 2147483647 ], height=(int)[ 1, 2147483647 ], interlace-mode=(string)progressive, pixel-aspect-ratio=(fraction)[ 1/2147483647, 2147483647/1 ], framerate=(fraction)0/1, format=(string)RGBA, texture-target=(string)2D
05-10 00:33:36.894  5448  5519 D GStreamer+basetransform: 0:00:31.335028113 0xf37ecc60 gstbasetransform.c:719:gst_base_transform_query_caps:<glcolorbalance0:sink> our template  video/x-raw(memory:GLMemory), format=(string)RGBA, width=(int)[ 1, 2147483647 ], height=(int)[ 1, 2147483647 ], framerate=(fraction)[ 0/1, 2147483647/1 ], texture-target=(string)2D
05-10 00:33:36.895  5448  5519 D GStreamer+basetransform: 0:00:31.335130301 0xf37ecc60 gstbasetransform.c:724:gst_base_transform_query_caps:<glcolorbalance0:sink> intersected video/x-raw(memory:GLMemory), width=(int)[ 1, 2147483647 ], height=(int)[ 1, 2147483647 ], interlace-mode=(string)progressive, pixel-aspect-ratio=(fraction)[ 1/2147483647, 2147483647/1 ], framerate=(fraction)0/1, format=(string)RGBA, texture-target=(string)2D
05-10 00:33:36.895  5448  5519 D GStreamer+basetransform: 0:00:31.335209780 0xf37ecc60 gstbasetransform.c:730:gst_base_transform_query_caps:<glcolorbalance0:sink> peer filter caps video/x-raw(memory:GLMemory), width=(int)[ 1, 2147483647 ], height=(int)[ 1, 2147483647 ], interlace-mode=(string)progressive, pixel-aspect-ratio=(fraction)[ 1/2147483647, 2147483647/1 ], framerate=(fraction)0/1, format=(string)RGBA, texture-target=(string)2D
05-10 00:33:36.895  5448  5519 D GStreamer+GST_CAPS: 0:00:31.335285978 0xf37ecc60 gstutils.c:2884:gst_pad_peer_query_caps:<glcolorbalance0:src> get pad peer caps with filter video/x-raw(memory:GLMemory), width=(int)[ 1, 2147483647 ], height=(int)[ 1, 2147483647 ], interlace-mode=(string)progressive, pixel-aspect-ratio=(fraction)[ 1/2147483647, 2147483647/1 ], framerate=(fraction)0/1, format=(string)RGBA, texture-target=(string)2D
05-10 00:33:36.895  5448  5519 D GStreamer+query: 0:00:31.335323894 0xf37ecc60 gstquery.c:674:gst_query_new_custom creating new query 0xf3c9fd20 caps
05-10 00:33:36.895  5448  5519 D GStreamer+GST_PADS: 0:00:31.335358947 0xf37ecc60 gstpad.c:4009:gst_pad_peer_query:<glcolorbalance0:src> peer query 0xf3c9fd20 (caps)
