05-10 00:33:36.811  5448  5520 D GStreamer+basetransform: 0:00:31.251239051 0xf37eccc0 gstbasetransform.c:560:gst_base_transform_transform_caps:<forhalffps> to: video/x-raw(memory:GLMemory), width=(int)[ 1, 2147483647 ], height=(int)[ 1, 2147483647 ], framerate=(fraction)[ 0/1, 2147483647/1 ], format=(string)RGBA, texture-target=(string)2D; video/x-raw(memory:GLMemory), format=(string)RGBA, width=(int)[ 1, 2147483647 ], height=(int)[ 1, 2147483647 ], framerate=(fraction)[ 0/1, 2147483647/1 ], texture-target=(string){ 2D, rectangle, external-oes }; video/x-raw(memory:GLMemory), format=(string){ RGBA, BGRA, RGBx, BGRx, ARGB, ABGR, xRGB, xBGR, RGB, BGR, RGB16, BGR16, AYUV, I420, YV12, NV12, NV21, YUY2, UYVY, Y41B, Y42B, Y444, GRAY8, GRAY16_LE, GRAY16_BE }, width=(int)[ 1, 2147483647 ], height=(int)[ 1, 2147483647 ], framerate=(fraction)[ 0/1, 2147483647/1 ], texture-target=(string){ 2D, rectangle, external-oes }; video/x-raw(memory:GLMemory), width=(int)[ 1, 2147483647 ], height=(int)[ 1, 2147483647 ], framerate=(fraction)[ 0/1, 2147483647/1 ], format=(string)RGBA; vi
05-10 00:33:36.811  5448  5522 D GStreamer+basesrc: 0:00:31.251254988 0xf37ecd80 gstbasesrc.c:2456:gst_base_src_get_range:<filesrc0> calling create offset 988430 length 144, time 0
05-10 00:33:36.811  5448  5522 D GStreamer+GST_MEMORY: 0:00:31.251298686 0xf37ecd80 gstmemory.c:138:gst_memory_init new memory 0xf3b63678, maxsize:147 offset:0 size:144
05-10 00:33:36.811  5448  5522 D GStreamer+basesrc: 0:00:31.251346811 0xf37ecd80 gstbasesrc.c:2310:gst_base_src_do_sync:<filesrc0> we have no clock
05-10 00:33:36.811  5448  5522 D GStreamer+basesrc: 0:00:31.251389207 0xf37ecd80 gstbasesrc.c:2520:gst_base_src_get_range:<filesrc0> buffer ok
05-10 00:33:36.811  5448  5522 D GStreamer+GST_SCHEDULING: 0:00:31.251491811 0xf37ecd80 gstpad.c:4153:gst_pad_chain_data_unchecked:<queue2:sink> calling chainfunction &gst_queue_chain with buffer buffer: 0xf3bce280, pts 0:00:00.744000000, dts 0:00:00.744000000, dur 0:00:00.024000000, size 144, offset none, offset_end none, flags 0x0
05-10 00:33:36.811  5448  5522 D GStreamer+GST_SCHEDULING: 0:00:31.251566238 0xf37ecd80 gstpad.c:4159:gst_pad_chain_data_unchecked:<queue2:sink> called chainfunction &gst_queue_chain with buffer 0xf3bce280, returned ok
05-10 00:33:36.811  5448  5520 D GStreamer+basetransform: 0:00:31.251616134 0xf37eccc0 gstbasetransform.c:759:gst_base_transform_query_caps:<forhalffps:sink> transformed  video/x-raw(memory:GLMemory), width=(int)[ 1, 2147483647 ], height=(int)[ 1, 2147483647 ], framerate=(fraction)[ 0/1, 2147483647/1 ], format=(string)RGBA, texture-target=(string)2D; video/x-raw(memory:GLMemory), format=(string)RGBA, width=(int)[ 1, 2147483647 ], height=(int)[ 1, 2147483647 ], framerate=(fraction)[ 0/1, 2147483647/1 ], texture-target=(string){ 2D, rectangle, external-oes }; video/x-raw(memory:GLMemory), format=(string){ RGBA, BGRA, RGBx, BGRx, ARGB, ABGR, xRGB, xBGR, RGB, BGR, RGB16, BGR16, AYUV, I420, YV12, NV12, NV21, YUY2, UYVY, Y41B, Y42B, Y444, GRAY8, GRAY16_LE, GRAY16_BE }, width=(int)[ 1, 2147483647 ], height=(int)[ 1, 2147483647 ], framerate=(fraction)[ 0/1, 2147483647/1 ], texture-target=(string){ 2D, rectangle, external-oes }; video/x-raw(memory:GLMemory), width=(int)[ 1, 2147483647 ], height=(int)[ 1, 2147483647 ], framerate=(fraction)[ 0/1, 2147483647/1 ], format=(strin
05-10 00:33:36.811  5448  5522 D GStreamer+qtdemux: 0:00:31.251633061 0xf37ecd80 qtdemux.c:7675:qtdemux_parse_samples:<q> parsing up to sample 32
05-10 00:33:36.811  5448  5520 D GStreamer+basetransform: 0:00:31.251659415 0xf37eccc0 gstbasetransform.c:766:gst_base_transform_query_caps:<forhalffps:sink> our template  ANY
05-10 00:33:36.811  5448  5522 D GStreamer+qtdemux: 0:00:31.251692332 0xf37ecd80 qtdemux.c:7882:qtdemux_parse_samples:<q> sample 32: index 32, timestamp 0:00:00.768000000
05-10 00:33:36.811  5448  5522 D GStreamer+qtdemux: 0:00:31.251738009 0xf37ecd80 qtdemux.c:7982:qtdemux_parse_samples:<q> setting all keyframes
05-10 00:33:36.811  5448  5522 D GStreamer+qtdemux: 0:00:31.251820613 0xf37ecd80 qtdemux.c:5197:gst_qtdemux_loop_state_movie:<q> pushing from stream 0, empty 0 offset 945382, size 43048, dts=0:00:00.437666666, pts=0:00:00.437666666, duration 0:00:00.020000000
05-10 00:33:36.811  5448  5522 D GStreamer+basesrc: 0:00:31.251883478 0xf37ecd80 gstbasesrc.c:2355:gst_base_src_update_length:<filesrc0> reading offset 945382, length 43048, size 15003960, segment.stop -1, maxsize 15003960
05-10 00:33:36.811  5448  5522 D GStreamer+basesrc: 0:00:31.251935717 0xf37ecd80 gstbasesrc.c:2456:gst_base_src_get_range:<filesrc0> calling create offset 945382 length 43048, time 0
05-10 00:33:36.811  5448  5521 D GStreamer+structure: 0:00:31.251983009 0xf37ecd20 gststructure.c:2316:gst_structure_parse_field trying field name 'channels'
05-10 00:33:36.811  5448  5522 D GStreamer+GST_MEMORY: 0:00:31.251995770 0xf37ecd80 gstmemory.c:138:gst_memory_init new memory 0xf3be4d50, maxsize:43051 offset:0 size:43048
05-10 00:33:36.811  5448  5521 D GStreamer+structure: 0:00:31.252015822 0xf37ecd20 gststructure.c:2367:gst_structure_parse_value trying type name 'int'
05-10 00:33:36.812  5448  5521 D GStreamer+GST_ELEMENT_FACTORY: 0:00:31.252052124 0xf37ecd20 gstelementfactory.c:848:gst_element_factory_list_filter Trying multipartdemux
05-10 00:33:36.812  5448  5522 D GStreamer+basesrc: 0:00:31.252066863 0xf37ecd80 gstbasesrc.c:2310:gst_base_src_do_sync:<filesrc0> we have no clock
05-10 00:33:36.812  5448  5521 D GStreamer+GST_ELEMENT_FACTORY: 0:00:31.252146551 0xf37ecd20 gstelementfactory.c:848:gst_element_factory_list_filter Trying mxfdemux
05-10 00:33:36.812  5448  5522 D GStreamer+basesrc: 0:00:31.252163374 0xf37ecd80 gstbasesrc.c:2520:gst_base_src_get_range:<filesrc0> buffer ok
05-10 00:33:36.812  5448  5521 D GStreamer+GST_ELEMENT_FACTORY: 0:00:31.252188530 0xf37ecd20 gstelementfactory.c:848:gst_element_factory_list_filter Trying oggdemux
05-10 00:33:36.812  5448  5521 D GStreamer+GST_ELEMENT_FACTORY: 0:00:31.252231290 0xf37ecd20 gstelementfactory.c:848:gst_element_factory_list_filter Trying ogmaudioparse
05-10 00:33:36.812  5448  5522 D GStreamer+GST_SCHEDULING: 0:00:31.252241759 0xf37ecd80 gstpad.c:4153:gst_pad_chain_data_unchecked:<queue0:sink> calling chainfunction &gst_queue_chain with buffer buffer: 0xf3bce320, pts 0:00:00.437666666, dts 0:00:00.437666666, dur 0:00:00.020000000, size 43048, offset none, offset_end none, flags 0x0
05-10 00:33:36.812  5448  5521 D GStreamer+GST_ELEMENT_FACTORY: 0:00:31.252265197 0xf37ecd20 gstelementfactory.c:848:gst_element_factory_list_filter Trying ogmtextparse
05-10 00:33:36.812  5448  5522 D GStreamer+GST_SCHEDULING: 0:00:31.252288374 0xf37ecd80 gstpad.c:4159:gst_pad_chain_data_unchecked:<queue0:sink> called chainfunction &gst_queue_chain with buffer 0xf3bce320, returned ok
05-10 00:33:36.812  5448  5521 D GStreamer+GST_ELEMENT_FACTORY: 0:00:31.252307592 0xf37ecd20 gstelementfactory.c:848:gst_element_factory_list_filter Trying ogmvideoparse
05-10 00:33:36.812  5448  5522 D GStreamer+qtdemux: 0:00:31.252331759 0xf37ecd80 qtdemux.c:7675:qtdemux_parse_samples:<q> parsing up to sample 22
05-10 00:33:36.812  5448  5521 D GStreamer+GST_ELEMENT_FACTORY: 0:00:31.252340665 0xf37ecd20 gstelementfactory.c:848:gst_element_factory_list_filter Trying openjpegdec
05-10 00:33:36.812  5448  5521 D GStreamer+structure: 0:00:31.252387124 0xf37ecd20 gststructure.c:2316:gst_structure_parse_field trying field name 'colorspace'
05-10 00:33:36.812  5448  5522 D GStreamer+qtdemux: 0:00:31.252404572 0xf37ecd80 qtdemux.c:7882:qtdemux_parse_samples:<q> sample 22: index 0, timestamp 0:00:00.457666666
05-10 00:33:36.812  5448  5521 D GStreamer+structure: 0:00:31.252422124 0xf37ecd20 gststructure.c:2367:gst_structure_parse_value trying type name 'string'
05-10 00:33:36.812  5448  5522 D GStreamer+qtdemux: 0:00:31.252445509 0xf37ecd80 qtdemux.c:7937:qtdemux_parse_samples:<q> samples at 22 is keyframe
05-10 00:33:36.812  5448  5521 D GStreamer+structure: 0:00:31.252461186 0xf37ecd20 gststructure.c:2316:gst_structure_parse_field trying field name 'colorspace'
05-10 00:33:36.812  5448  5521 D GStreamer+structure: 0:00:31.252495822 0xf37ecd20 gststructure.c:2367:gst_structure_parse_value trying type name 'string'
05-10 00:33:36.812  5448  5522 D GStreamer+qtdemux: 0:00:31.252516655 0xf37ecd80 qtdemux.c:5197:gst_qtdemux_loop_state_movie:<q> pushing from stream 1, empty 0 offset 1072480, size 144, dts=0:00:00.768000000, pts=0:00:00.768000000, duration 0:00:00.024000000
05-10 00:33:36.812  5448  5521 D GStreamer+GST_ELEMENT_FACTORY: 0:00:31.252535926 0xf37ecd20 gstelementfactory.c:848:gst_element_factory_list_filter Trying opusdec
05-10 00:33:36.812  5448  5522 D GStreamer+basesrc: 0:00:31.252570509 0xf37ecd80 gstbasesrc.c:2355:gst_base_src_update_length:<filesrc0> reading offset 1072480, length 144, size 15003960, segment.stop -1, maxsize 15003960
05-10 00:33:36.812  5448  5522 D GStreamer+basesrc: 0:00:31.252620457 0xf37ecd80 gstbasesrc.c:2456:gst_base_src_get_range:<filesrc0> calling create offset 1072480 length 144, time 0
05-10 00:33:36.812  5448  5520 D GStreamer+basetransform: 0:00:31.252659520 0xf37eccc0 gstbasetransform.c:769:gst_base_transform_query_caps:<forhalffps:sink> intersected video/x-raw(memory:GLMemory), width=(int)[ 1, 2147483647 ], height=(int)[ 1, 2147483647 ], framerate=(fraction)[ 0/1, 2147483647/1 ], format=(string)RGBA, texture-target=(string)2D; video/x-raw(memory:GLMemory), format=(string)RGBA, width=(int)[ 1, 2147483647 ], height=(int)[ 1, 2147483647 ], framerate=(fraction)[ 0/1, 2147483647/1 ], texture-target=(string){ 2D, rectangle, external-oes }; video/x-raw(memory:GLMemory), format=(string){ RGBA, BGRA, RGBx, BGRx, ARGB, ABGR, xRGB, xBGR, RGB, BGR, RGB16, BGR16, AYUV, I420, YV12, NV12, NV21, YUY2, UYVY, Y41B, Y42B, Y444, GRAY8, GRAY16_LE, GRAY16_BE }, width=(int)[ 1, 2147483647 ], height=(int)[ 1, 2147483647 ], framerate=(fraction)[ 0/1, 2147483647/1 ], texture-target=(string){ 2D, rectangle, external-oes }; video/x-raw(memory:GLMemory), width=(int)[ 1, 2147483647 ], height=(int)[ 1, 2147483647 ], framerate=(fraction)[ 0/1, 2147483647/1 ], format=(string
05-10 00:33:36.812  5448  5522 D GStreamer+GST_MEMORY: 0:00:31.252679363 0xf37ecd80 gstmemory.c:138:gst_memory_init new memory 0xf3bc3028, maxsize:147 offset:0 size:144
05-10 00:33:36.812  5448  5522 D GStreamer+basesrc: 0:00:31.252718322 0xf37ecd80 gstbasesrc.c:2310:gst_base_src_do_sync:<filesrc0> we have no clock
05-10 00:33:36.812  5448  5522 D GStreamer+basesrc: 0:00:31.252758113 0xf37ecd80 gstbasesrc.c:2520:gst_base_src_get_range:<filesrc0> buffer ok
05-10 00:33:36.812  5448  5522 D GStreamer+GST_SCHEDULING: 0:00:31.252845092 0xf37ecd80 gstpad.c:4153:gst_pad_chain_data_unchecked:<queue2:sink> calling chainfunction &gst_queue_chain with buffer buffer: 0xf3bce3c0, pts 0:00:00.768000000, dts 0:00:00.768000000, dur 0:00:00.024000000, size 144, offset none, offset_end none, flags 0x0
05-10 00:33:36.812  5448  5522 D GStreamer+GST_SCHEDULING: 0:00:31.252902957 0xf37ecd80 gstpad.c:4159:gst_pad_chain_data_unchecked:<queue2:sink> called chainfunction &gst_queue_chain with buffer 0xf3bce3c0, returned ok
05-10 00:33:36.812  5448  5522 D GStreamer+qtdemux: 0:00:31.252944415 0xf37ecd80 qtdemux.c:7675:qtdemux_parse_samples:<q> parsing up to sample 33
05-10 00:33:36.812  5448  5522 D GStreamer+qtdemux: 0:00:31.252990301 0xf37ecd80 qtdemux.c:7882:qtdemux_parse_samples:<q> sample 33: index 33, timestamp 0:00:00.792000000
05-10 00:33:36.812  5448  5522 D GStreamer+qtdemux: 0:00:31.253026134 0xf37ecd80 qtdemux.c:7982:qtdemux_parse_samples:<q> setting all keyframes
05-10 00:33:36.813  5448  5522 D GStreamer+qtdemux: 0:00:31.253095926 0xf37ecd80 qtdemux.c:5197:gst_qtdemux_loop_state_movie:<q> pushing from stream 0, empty 0 offset 988574, size 41843, dts=0:00:00.457666666, pts=0:00:00.457666666, duration 0:00:00.019666667
05-10 00:33:36.813  5448  5522 D GStreamer+basesrc: 0:00:31.253154520 0xf37ecd80 gstbasesrc.c:2355:gst_base_src_update_length:<filesrc0> reading offset 988574, length 41843, size 15003960, segment.stop -1, maxsize 15003960
05-10 00:33:36.813  5448  5522 D GStreamer+basesrc: 0:00:31.253196551 0xf37ecd80 gstbasesrc.c:2456:gst_base_src_get_range:<filesrc0> calling create offset 988574 length 41843, time 0
05-10 00:33:36.813  5448  5521 D GStreamer+structure: 0:00:31.253239155 0xf37ecd20 gststructure.c:2316:gst_structure_parse_field trying field name 'channel-mapping-family'
05-10 00:33:36.813  5448  5522 D GStreamer+GST_MEMORY: 0:00:31.253249311 0xf37ecd80 gstmemory.c:138:gst_memory_init new memory 0xf3bef5d0, maxsize:41846 offset:0 size:41843
05-10 00:33:36.813  5448  5521 D GStreamer+structure: 0:00:31.253271707 0xf37ecd20 gststructure.c:2367:gst_structure_parse_value trying type name 'int'
05-10 00:33:36.813  5448  5521 D GStreamer+structure: 0:00:31.253307072 0xf37ecd20 gststructure.c:2316:gst_structure_parse_field trying field name 'channel-mapping-family'
05-10 00:33:36.813  5448  5522 D GStreamer+basesrc: 0:00:31.253323790 0xf37ecd80 gstbasesrc.c:2310:gst_base_src_do_sync:<filesrc0> we have no clock
05-10 00:33:36.813  5448  5521 D GStreamer+structure: 0:00:31.253343113 0xf37ecd20 gststructure.c:2367:gst_structure_parse_value trying type name 'int'
05-10 00:33:36.813  5448  5522 D GStreamer+basesrc: 0:00:31.253362280 0xf37ecd80 gstbasesrc.c:2520:gst_base_src_get_range:<filesrc0> buffer ok
05-10 00:33:36.813  5448  5521 D GStreamer+structure: 0:00:31.253382905 0xf37ecd20 gststructure.c:2316:gst_structure_parse_field trying field name 'channels'
05-10 00:33:36.813  5448  5521 D GStreamer+structure: 0:00:31.253417384 0xf37ecd20 gststructure.c:2367:gst_structure_parse_value trying type name 'int'
05-10 00:33:36.813  5448  5522 D GStreamer+GST_SCHEDULING: 0:00:31.253436551 0xf37ecd80 gstpad.c:4153:gst_pad_chain_data_unchecked:<queue0:sink> calling chainfunction &gst_queue_chain with buffer buffer: 0xf3bce460, pts 0:00:00.457666666, dts 0:00:00.457666666, dur 0:00:00.019666667, size 41843, offset none, offset_end none, flags 0x0
05-10 00:33:36.813  5448  5521 D GStreamer+structure: 0:00:31.253452436 0xf37ecd20 gststructure.c:2316:gst_structure_parse_field trying field name 'stream-count'
05-10 00:33:36.813  5448  5521 D GStreamer+structure: 0:00:31.253485561 0xf37ecd20 gststructure.c:2367:gst_structure_parse_value trying type name 'int'
05-10 00:33:36.813  5448  5522 D GStreamer+GST_SCHEDULING: 0:00:31.253503634 0xf37ecd80 gstpad.c:4159:gst_pad_chain_data_unchecked:<queue0:sink> called chainfunction &gst_queue_chain with buffer 0xf3bce460, returned ok
05-10 00:33:36.813  5448  5521 D GStreamer+structure: 0:00:31.253523999 0xf37ecd20 gststructure.c:2316:gst_structure_parse_field trying field name 'coupled-count'
05-10 00:33:36.813  5448  5521 D GStreamer+structure: 0:00:31.253563999 0xf37ecd20 gststructure.c:2367:gst_structure_parse_value trying type name 'int'
05-10 00:33:36.813  5448  5522 D GStreamer+qtdemux: 0:00:31.253576915 0xf37ecd80 qtdemux.c:7675:qtdemux_parse_samples:<q> parsing up to sample 23
05-10 00:33:36.813  5448  5521 D GStreamer+GST_ELEMENT_FACTORY: 0:00:31.253633634 0xf37ecd20 gstelementfactory.c:848:gst_element_factory_list_filter Trying pngdec
05-10 00:33:36.813  5448  5522 D GStreamer+qtdemux: 0:00:31.253650822 0xf37ecd80 qtdemux.c:7882:qtdemux_parse_samples:<q> sample 23: index 1, timestamp 0:00:00.477333333
05-10 00:33:36.813  5448  5521 D GStreamer+GST_ELEMENT_FACTORY: 0:00:31.253670613 0xf37ecd20 gstelementfactory.c:848:gst_element_factory_list_filter Trying pnmdec
05-10 00:33:36.813  5448  5522 D GStreamer+qtdemux: 0:00:31.253691603 0xf37ecd80 qtdemux.c:7937:qtdemux_parse_samples:<q> samples at 23 is keyframe
05-10 00:33:36.813  5448  5521 D GStreamer+GST_ELEMENT_FACTORY: 0:00:31.253733478 0xf37ecd20 gstelementfactory.c:848:gst_element_factory_list_filter Trying qtdemux
05-10 00:33:36.813  5448  5522 D GStreamer+qtdemux: 0:00:31.253772540 0xf37ecd80 qtdemux.c:5197:gst_qtdemux_loop_state_movie:<q> pushing from stream 0, empty 0 offset 1030417, size 42063, dts=0:00:00.477333333, pts=0:00:00.477333333, duration 0:00:00.019666667
05-10 00:33:36.813  5448  5521 D GStreamer+GST_ELEMENT_FACTORY: 0:00:31.253786395 0xf37ecd20 gstelementfactory.c:848:gst_element_factory_list_filter Trying rsvgdec
05-10 00:33:36.813  5448  5521 D GStreamer+GST_ELEMENT_FACTORY: 0:00:31.253825509 0xf37ecd20 gstelementfactory.c:848:gst_element_factory_list_filter Trying rtpopusdepay
05-10 00:33:36.813  5448  5522 D GStreamer+basesrc: 0:00:31.253842853 0xf37ecd80 gstbasesrc.c:2355:gst_base_src_update_length:<filesrc0> reading offset 1030417, length 42063, size 15003960, segment.stop -1, maxsize 15003960
05-10 00:33:36.813  5448  5521 D GStreamer+structure: 0:00:31.253863061 0xf37ecd20 gststructure.c:2316:gst_structure_parse_field trying field name 'media'
05-10 00:33:36.813  5448  5522 D GStreamer+basesrc: 0:00:31.253891082 0xf37ecd80 gstbasesrc.c:2456:gst_base_src_get_range:<filesrc0> calling create offset 1030417 length 42063, time 0
05-10 00:33:36.813  5448  5521 D GStreamer+structure: 0:00:31.253905249 0xf37ecd20 gststructure.c:2367:gst_structure_parse_value trying type name 'string'
05-10 00:33:36.813  5448  5521 D GStreamer+structure: 0:00:31.253939988 0xf37ecd20 gststructure.c:2316:gst_structure_parse_field trying field name 'payload'
05-10 00:33:36.813  5448  5522 D GStreamer+GST_MEMORY: 0:00:31.253956447 0xf37ecd80 gstmemory.c:138:gst_memory_init new memory 0xf3bf9e00, maxsize:42066 offset:0 size:42063
05-10 00:33:36.813  5448  5521 D GStreamer+structure: 0:00:31.253972436 0xf37ecd20 gststructure.c:2367:gst_structure_parse_value trying type name 'int'
05-10 00:33:36.813  5448  5521 D GStreamer+structure: 0:00:31.254007645 0xf37ecd20 gststructure.c:2316:gst_structure_parse_field trying field name 'clock-rate'
05-10 00:33:36.813  5448  5521 D GStreamer+structure: 0:00:31.254036290 0xf37ecd20 gststructure.c:2367:gst_structure_parse_value trying type name 'int'
05-10 00:33:36.814  5448  5521 D GStreamer+structure: 0:00:31.254067332 0xf37ecd20 gststructure.c:2316:gst_structure_parse_field trying field name 'encoding-name'
05-10 00:33:36.814  5448  5521 D GStreamer+structure: 0:00:31.254097124 0xf37ecd20 gststructure.c:2367:gst_structure_parse_value trying type name 'string'
05-10 00:33:36.814  5448  5521 D GStreamer+GST_ELEMENT_FACTORY: 0:00:31.254157072 0xf37ecd20 gstelementfactory.c:848:gst_element_factory_list_filter Trying schrodec
05-10 00:33:36.814  5448  5521 D GStreamer+GST_ELEMENT_FACTORY: 0:00:31.254191915 0xf37ecd20 gstelementfactory.c:848:gst_element_factory_list_filter Trying speexdec
05-10 00:33:36.814  5448  5521 D GStreamer+GST_ELEMENT_FACTORY: 0:00:31.254224832 0xf37ecd20 gstelementfactory.c:848:gst_element_factory_list_filter Trying theoradec
05-10 00:33:36.814  5448  5522 D GStreamer+basesrc: 0:00:31.254258947 0xf37ecd80 gstbasesrc.c:2310:gst_base_src_do_sync:<filesrc0> we have no clock
05-10 00:33:36.814  5448  5522 D GStreamer+basesrc: 0:00:31.254296811 0xf37ecd80 gstbasesrc.c:2520:gst_base_src_get_range:<filesrc0> buffer ok
05-10 00:33:36.814  5448  5522 D GStreamer+GST_SCHEDULING: 0:00:31.254379415 0xf37ecd80 gstpad.c:4153:gst_pad_chain_data_unchecked:<queue0:sink> calling chainfunction &gst_queue_chain with buffer buffer: 0xf3bce500, pts 0:00:00.477333333, dts 0:00:00.477333333, dur 0:00:00.019666667, size 42063, offset none, offset_end none, flags 0x0
05-10 00:33:36.814  5448  5522 D GStreamer+GST_SCHEDULING: 0:00:31.254427853 0xf37ecd80 gstpad.c:4159:gst_pad_chain_data_unchecked:<queue0:sink> called chainfunction &gst_queue_chain with buffer 0xf3bce500, returned ok
05-10 00:33:36.814  5448  5522 D GStreamer+qtdemux: 0:00:31.254468634 0xf37ecd80 qtdemux.c:7675:qtdemux_parse_samples:<q> parsing up to sample 24
05-10 00:33:36.814  5448  5522 D GStreamer+qtdemux: 0:00:31.254519520 0xf37ecd80 qtdemux.c:7882:qtdemux_parse_samples:<q> sample 24: index 0, timestamp 0:00:00.497000000
05-10 00:33:36.814  5448  5522 D GStreamer+qtdemux: 0:00:31.254557176 0xf37ecd80 qtdemux.c:7937:qtdemux_parse_samples:<q> samples at 24 is keyframe
05-10 00:33:36.814  5448  5522 D GStreamer+qtdemux: 0:00:31.254622176 0xf37ecd80 qtdemux.c:5197:gst_qtdemux_loop_state_movie:<q> pushing from stream 1, empty 0 offset 1114299, size 144, dts=0:00:00.792000000, pts=0:00:00.792000000, duration 0:00:00.024000000
05-10 00:33:36.814  5448  5522 D GStreamer+basesrc: 0:00:31.254670822 0xf37ecd80 gstbasesrc.c:2355:gst_base_src_update_length:<filesrc0> reading offset 1114299, length 144, size 15003960, segment.stop -1, maxsize 15003960
05-10 00:33:36.814  5448  5522 D GStreamer+basesrc: 0:00:31.254713947 0xf37ecd80 gstbasesrc.c:2456:gst_base_src_get_range:<filesrc0> calling create offset 1114299 length 144, time 0
05-10 00:33:36.814  5448  5522 D GStreamer+GST_MEMORY: 0:00:31.254750770 0xf37ecd80 gstmemory.c:138:gst_memory_init new memory 0xf3bc3110, maxsize:147 offset:0 size:144
05-10 00:33:36.814  5448  5522 D GStreamer+basesrc: 0:00:31.254788947 0xf37ecd80 gstbasesrc.c:2310:gst_base_src_do_sync:<filesrc0> we have no clock
05-10 00:33:36.814  5448  5522 D GStreamer+basesrc: 0:00:31.254841395 0xf37ecd80 gstbasesrc.c:2520:gst_base_src_get_range:<filesrc0> buffer ok
05-10 00:33:36.814  5448  5521 D GStreamer+GST_ELEMENT_FACTORY: 0:00:31.254915197 0xf37ecd20 gstelementfactory.c:848:gst_element_factory_list_filter Trying vorbisdec
05-10 00:33:36.814  5448  5522 D GStreamer+GST_SCHEDULING: 0:00:31.254941290 0xf37ecd80 gstpad.c:4153:gst_pad_chain_data_unchecked:<queue2:sink> calling chainfunction &gst_queue_chain with buffer buffer: 0xf3bce5a0, pts 0:00:00.792000000, dts 0:00:00.792000000, dur 0:00:00.024000000, size 144, offset none, offset_end none, flags 0x0
05-10 00:33:36.814  5448  5521 D GStreamer+GST_ELEMENT_FACTORY: 0:00:31.254953270 0xf37ecd20 gstelementfactory.c:848:gst_element_factory_list_filter Trying vp8dec
05-10 00:33:36.814  5448  5521 D GStreamer+GST_ELEMENT_FACTORY: 0:00:31.254994624 0xf37ecd20 gstelementfactory.c:848:gst_element_factory_list_filter Trying vp9dec
05-10 00:33:36.814  5448  5522 D GStreamer+GST_SCHEDULING: 0:00:31.255012280 0xf37ecd80 gstpad.c:4159:gst_pad_chain_data_unchecked:<queue2:sink> called chainfunction &gst_queue_chain with buffer 0xf3bce5a0, returned ok
05-10 00:33:36.814  5448  5521 D GStreamer+GST_ELEMENT_FACTORY: 0:00:31.255033478 0xf37ecd20 gstelementfactory.c:848:gst_element_factory_list_filter Trying wavpackdec
05-10 00:33:36.815  5448  5522 D GStreamer+qtdemux: 0:00:31.255055717 0xf37ecd80 qtdemux.c:7675:qtdemux_parse_samples:<q> parsing up to sample 34
05-10 00:33:36.815  5448  5521 D GStreamer+structure: 0:00:31.255074624 0xf37ecd20 gststructure.c:2316:gst_structure_parse_field trying field name 'depth'
05-10 00:33:36.815  5448  5521 D GStreamer+structure: 0:00:31.255108322 0xf37ecd20 gststructure.c:2367:gst_structure_parse_value trying type name 'int'
05-10 00:33:36.815  5448  5522 D GStreamer+qtdemux: 0:00:31.255138790 0xf37ecd80 qtdemux.c:7882:qtdemux_parse_samples:<q> sample 34: index 34, timestamp 0:00:00.816000000
05-10 00:33:36.815  5448  5521 D GStreamer+structure: 0:00:31.255158686 0xf37ecd20 gststructure.c:2316:gst_structure_parse_field trying field name 'channels'
05-10 00:33:36.815  5448  5522 D GStreamer+qtdemux: 0:00:31.255178947 0xf37ecd80 qtdemux.c:7982:qtdemux_parse_samples:<q> setting all keyframes
05-10 00:33:36.815  5448  5521 D GStreamer+structure: 0:00:31.255188686 0xf37ecd20 gststructure.c:2367:gst_structure_parse_value trying type name 'int'
05-10 00:33:36.815  5448  5521 D GStreamer+structure: 0:00:31.255227332 0xf37ecd20 gststructure.c:2316:gst_structure_parse_field trying field name 'rate'
05-10 00:33:36.815  5448  5522 D GStreamer+qtdemux: 0:00:31.255245509 0xf37ecd80 qtdemux.c:5197:gst_qtdemux_loop_state_movie:<q> pushing from stream 0, empty 0 offset 1072624, size 41675, dts=0:00:00.497000000, pts=0:00:00.497000000, duration 0:00:00.020000000
05-10 00:33:36.815  5448  5521 D GStreamer+structure: 0:00:31.255258165 0xf37ecd20 gststructure.c:2367:gst_structure_parse_value trying type name 'int'
05-10 00:33:36.815  5448  5521 D GStreamer+structure: 0:00:31.255292749 0xf37ecd20 gststructure.c:2316:gst_structure_parse_field trying field name 'framed'
05-10 00:33:36.815  5448  5522 D GStreamer+basesrc: 0:00:31.255310717 0xf37ecd80 gstbasesrc.c:2355:gst_base_src_update_length:<filesrc0> reading offset 1072624, length 41675, size 15003960, segment.stop -1, maxsize 15003960
05-10 00:33:36.815  5448  5521 D GStreamer+structure: 0:00:31.255323530 0xf37ecd20 gststructure.c:2367:gst_structure_parse_value trying type name 'boolean'
05-10 00:33:36.815  5448  5522 D GStreamer+basesrc: 0:00:31.255355822 0xf37ecd80 gstbasesrc.c:2456:gst_base_src_get_range:<filesrc0> calling create offset 1072624 length 41675, time 0
05-10 00:33:36.815  5448  5521 D GStreamer+GST_ELEMENT_FACTORY: 0:00:31.255391915 0xf37ecd20 gstelementfactory.c:848:gst_element_factory_list_filter Trying wavparse
05-10 00:33:36.815  5448  5522 D GStreamer+GST_MEMORY: 0:00:31.255406030 0xf37ecd80 gstmemory.c:138:gst_memory_init new memory 0xf3c04ab8, maxsize:41678 offset:0 size:41675
05-10 00:33:36.815  5448  5521 D GStreamer+GST_ELEMENT_FACTORY: 0:00:31.255431759 0xf37ecd20 gstelementfactory.c:848:gst_element_factory_list_filter Trying amcviddec-omxgoogleh263decoder
05-10 00:33:36.815  5448  5521 D GStreamer+structure: 0:00:31.255466707 0xf37ecd20 gststructure.c:2316:gst_structure_parse_field trying field name 'width'
05-10 00:33:36.815  5448  5522 D GStreamer+basesrc: 0:00:31.255505405 0xf37ecd80 gstbasesrc.c:2310:gst_base_src_do_sync:<filesrc0> we have no clock
05-10 00:33:36.815  5448  5522 D GStreamer+basesrc: 0:00:31.255548999 0xf37ecd80 gstbasesrc.c:2520:gst_base_src_get_range:<filesrc0> buffer ok
05-10 00:33:36.815  5448  5522 D GStreamer+GST_SCHEDULING: 0:00:31.255657697 0xf37ecd80 gstpad.c:4153:gst_pad_chain_data_unchecked:<queue0:sink> calling chainfunction &gst_queue_chain with buffer buffer: 0xf3bce640, pts 0:00:00.497000000, dts 0:00:00.497000000, dur 0:00:00.020000000, size 41675, offset none, offset_end none, flags 0x0
05-10 00:33:36.815  5448  5522 D GStreamer+GST_SCHEDULING: 0:00:31.255739572 0xf37ecd80 gstpad.c:4159:gst_pad_chain_data_unchecked:<queue0:sink> called chainfunction &gst_queue_chain with buffer 0xf3bce640, returned ok
05-10 00:33:36.815  5448  5522 D GStreamer+qtdemux: 0:00:31.255798374 0xf37ecd80 qtdemux.c:7675:qtdemux_parse_samples:<q> parsing up to sample 25
05-10 00:33:36.815  5448  5520 D GStreamer+basetransform: 0:00:31.255849155 0xf37eccc0 gstbasetransform.c:793:gst_base_transform_query_caps:<forhalffps> returning  video/x-raw(memory:GLMemory), width=(int)[ 1, 2147483647 ], height=(int)[ 1, 2147483647 ], framerate=(fraction)[ 0/1, 2147483647/1 ], format=(string)RGBA, texture-target=(string)2D; video/x-raw(memory:GLMemory), format=(string)RGBA, width=(int)[ 1, 2147483647 ], height=(int)[ 1, 2147483647 ], framerate=(fraction)[ 0/1, 2147483647/1 ], texture-target=(string){ 2D, rectangle, external-oes }; video/x-raw(memory:GLMemory), format=(string){ RGBA, BGRA, RGBx, BGRx, ARGB, ABGR, xRGB, xBGR, RGB, BGR, RGB16, BGR16, AYUV, I420, YV12, NV12, NV21, YUY2, UYVY, Y41B, Y42B, Y444, GRAY8, GRAY16_LE, GRAY16_BE }, width=(int)[ 1, 2147483647 ], height=(int)[ 1, 2147483647 ], framerate=(fraction)[ 0/1, 2147483647/1 ], texture-target=(string){ 2D, rectangle, external-oes }; video/x-raw(memory:GLMemory), width=(int)[ 1, 2147483647 ], height=(int)[ 1, 2147483647 ], framerate=(fraction)[ 0/1, 2147483647/1 ], format=(string)RGBA;
05-10 00:33:36.815  5448  5522 D GStreamer+qtdemux: 0:00:31.255867749 0xf37ecd80 qtdemux.c:7882:qtdemux_parse_samples:<q> sample 25: index 1, timestamp 0:00:00.517000000
05-10 00:33:36.815  5448  5522 D GStreamer+qtdemux: 0:00:31.255914415 0xf37ecd80 qtdemux.c:7937:qtdemux_parse_samples:<q> samples at 25 is keyframe
05-10 00:33:36.815  5448  5520 D GStreamer+GST_PADS: 0:00:31.255941238 0xf37eccc0 gstpad.c:3905:gst_pad_query:<forhalffps:sink> sent query 0xf3ad93b0 (caps), result 1
05-10 00:33:36.815  5448  5522 D GStreamer+qtdemux: 0:00:31.255986134 0xf37ecd80 qtdemux.c:5197:gst_qtdemux_loop_state_movie:<q> pushing from stream 1, empty 0 offset 1156386, size 144, dts=0:00:00.816000000, pts=0:00:00.816000000, duration 0:00:00.024000000
05-10 00:33:36.816  5448  5522 D GStreamer+basesrc: 0:00:31.256051447 0xf37ecd80 gstbasesrc.c:2355:gst_base_src_update_length:<filesrc0> reading offset 1156386, length 144, size 15003960, segment.stop -1, maxsize 15003960
05-10 00:33:36.816  5448  5522 D GStreamer+basesrc: 0:00:31.256103634 0xf37ecd80 gstbasesrc.c:2456:gst_base_src_get_range:<filesrc0> calling create offset 1156386 length 144, time 0
05-10 00:33:36.816  5448  5522 D GStreamer+GST_MEMORY: 0:00:31.256164624 0xf37ecd80 gstmemory.c:138:gst_memory_init new memory 0xf3bc31f8, maxsize:147 offset:0 size:144
05-10 00:33:36.816  5448  5522 D GStreamer+basesrc: 0:00:31.256208113 0xf37ecd80 gstbasesrc.c:2310:gst_base_src_do_sync:<filesrc0> we have no clock
05-10 00:33:36.816  5448  5522 D GStreamer+basesrc: 0:00:31.256256915 0xf37ecd80 gstbasesrc.c:2520:gst_base_src_get_range:<filesrc0> buffer ok
05-10 00:33:36.816  5448  5520 D GStreamer+default: 0:00:31.256336863 0xf37eccc0 gstutils.c:2561:query_caps_func:<queue1:src> intersect with result video/x-raw(memory:GLMemory), width=(int)[ 1, 2147483647 ], height=(int)[ 1, 2147483647 ], framerate=(fraction)[ 0/1, 2147483647/1 ], format=(string)RGBA, texture-target=(string)2D; video/x-raw(memory:GLMemory), format=(string)RGBA, width=(int)[ 1, 2147483647 ], height=(int)[ 1, 2147483647 ], framerate=(fraction)[ 0/1, 2147483647/1 ], texture-target=(string){ 2D, rectangle, external-oes }; video/x-raw(memory:GLMemory), format=(string){ RGBA, BGRA, RGBx, BGRx, ARGB, ABGR, xRGB, xBGR, RGB, BGR, RGB16, BGR16, AYUV, I420, YV12, NV12, NV21, YUY2, UYVY, Y41B, Y42B, Y444, GRAY8, GRAY16_LE, GRAY16_BE }, width=(int)[ 1, 2147483647 ], height=(int)[ 1, 2147483647 ], framerate=(fraction)[ 0/1, 2147483647/1 ], texture-target=(string){ 2D, rectangle, external-oes }; video/x-raw(memory:GLMemory), width=(int)[ 1, 2147483647 ], height=(int)[ 1, 2147483647 ], framerate=(fraction)[ 0/1, 2147483647/1 ], format=(string)RGBA; video/x-r
05-10 00:33:36.816  5448  5522 D GStreamer+GST_SCHEDULING: 0:00:31.256351967 0xf37ecd80 gstpad.c:4153:gst_pad_chain_data_unchecked:<queue2:sink> calling chainfunction &gst_queue_chain with buffer buffer: 0xf3bce6e0, pts 0:00:00.816000000, dts 0:00:00.816000000, dur 0:00:00.024000000, size 144, offset none, offset_end none, flags 0x0
05-10 00:33:36.816  5448  5522 D GStreamer+GST_SCHEDULING: 0:00:31.256403270 0xf37ecd80 gstpad.c:4159:gst_pad_chain_data_unchecked:<queue2:sink> called chainfunction &gst_queue_chain with buffer 0xf3bce6e0, returned ok
05-10 00:33:36.816  5448  5522 D GStreamer+qtdemux: 0:00:31.256452645 0xf37ecd80 qtdemux.c:7675:qtdemux_parse_samples:<q> parsing up to sample 35
05-10 00:33:36.816  5448  5522 D GStreamer+qtdemux: 0:00:31.256514936 0xf37ecd80 qtdemux.c:7882:qtdemux_parse_samples:<q> sample 35: index 35, timestamp 0:00:00.840000000
05-10 00:33:36.816  5448  5522 D GStreamer+qtdemux: 0:00:31.256560613 0xf37ecd80 qtdemux.c:7982:qtdemux_parse_samples:<q> setting all keyframes
05-10 00:33:36.816  5448  5522 D GStreamer+qtdemux: 0:00:31.256636759 0xf37ecd80 qtdemux.c:5197:gst_qtdemux_loop_state_movie:<q> pushing from stream 0, empty 0 offset 1114443, size 41943, dts=0:00:00.517000000, pts=0:00:00.517000000, duration 0:00:00.020000000
05-10 00:33:36.816  5448  5522 D GStreamer+basesrc: 0:00:31.256697749 0xf37ecd80 gstbasesrc.c:2355:gst_base_src_update_length:<filesrc0> reading offset 1114443, length 41943, size 15003960, segment.stop -1, maxsize 15003960
05-10 00:33:36.816  5448  5522 D GStreamer+basesrc: 0:00:31.256750509 0xf37ecd80 gstbasesrc.c:2456:gst_base_src_get_range:<filesrc0> calling create offset 1114443 length 41943, time 0
05-10 00:33:36.816  5448  5522 D GStreamer+GST_MEMORY: 0:00:31.256806186 0xf37ecd80 gstmemory.c:138:gst_memory_init new memory 0xf3c10008, maxsize:41946 offset:0 size:41943
05-10 00:33:36.816  5448  5521 D GStreamer+structure: 0:00:31.256811395 0xf37ecd20 gststructure.c:2367:gst_structure_parse_value trying type name 'int'
05-10 00:33:36.816  5448  5521 D GStreamer+structure: 0:00:31.256866499 0xf37ecd20 gststructure.c:2316:gst_structure_parse_field trying field name 'height'
05-10 00:33:36.816  5448  5521 D GStreamer+structure: 0:00:31.256898947 0xf37ecd20 gststructure.c:2367:gst_structure_parse_value trying type name 'int'
05-10 00:33:36.816  5448  5522 D GStreamer+basesrc: 0:00:31.256915874 0xf37ecd80 gstbasesrc.c:2310:gst_base_src_do_sync:<filesrc0> we have no clock
05-10 00:33:36.816  5448  5521 D GStreamer+structure: 0:00:31.256933947 0xf37ecd20 gststructure.c:2316:gst_structure_parse_field trying field name 'framerate'
05-10 00:33:36.816  5448  5522 D GStreamer+basesrc: 0:00:31.256953426 0xf37ecd80 gstbasesrc.c:2520:gst_base_src_get_range:<filesrc0> buffer ok
05-10 00:33:36.816  5448  5521 D GStreamer+structure: 0:00:31.256969520 0xf37ecd20 gststructure.c:2367:gst_structure_parse_value trying type name 'fraction'
05-10 00:33:36.816  5448  5521 D GStreamer+structure: 0:00:31.257011499 0xf37ecd20 gststructure.c:2316:gst_structure_parse_field trying field name 'parsed'
05-10 00:33:36.816  5448  5522 D GStreamer+GST_SCHEDULING: 0:00:31.257030301 0xf37ecd80 gstpad.c:4153:gst_pad_chain_data_unchecked:<queue0:sink> calling chainfunction &gst_queue_chain with buffer buffer: 0xf3c0f010, pts 0:00:00.517000000, dts 0:00:00.517000000, dur 0:00:00.020000000, size 41943, offset none, offset_end none, flags 0x0
05-10 00:33:36.817  5448  5521 D GStreamer+structure: 0:00:31.257050978 0xf37ecd20 gststructure.c:2367:gst_structure_parse_value trying type name 'boolean'
05-10 00:33:36.817  5448  5521 D GStreamer+structure: 0:00:31.257086395 0xf37ecd20 gststructure.c:2316:gst_structure_parse_field trying field name 'variant'
05-10 00:33:36.817  5448  5522 D GStreamer+GST_SCHEDULING: 0:00:31.257103842 0xf37ecd80 gstpad.c:4159:gst_pad_chain_data_unchecked:<queue0:sink> called chainfunction &gst_queue_chain with buffer 0xf3c0f010, returned ok
05-10 00:33:36.817  5448  5521 D GStreamer+structure: 0:00:31.257130822 0xf37ecd20 gststructure.c:2367:gst_structure_parse_value trying type name 'string'
05-10 00:33:36.817  5448  5522 D GStreamer+qtdemux: 0:00:31.257159103 0xf37ecd80 qtdemux.c:7675:qtdemux_parse_samples:<q> parsing up to sample 26
05-10 00:33:36.817  5448  5521 D GStreamer+structure: 0:00:31.257173113 0xf37ecd20 gststructure.c:2316:gst_structure_parse_field trying field name 'profile'
05-10 00:33:36.817  5448  5521 D GStreamer+structure: 0:00:31.257205457 0xf37ecd20 gststructure.c:2367:gst_structure_parse_value trying type name 'uint'
05-10 00:33:36.817  5448  5522 D GStreamer+qtdemux: 0:00:31.257222645 0xf37ecd80 qtdemux.c:7882:qtdemux_parse_samples:<q> sample 26: index 0, timestamp 0:00:00.537000000
05-10 00:33:36.817  5448  5521 D GStreamer+structure: 0:00:31.257241238 0xf37ecd20 gststructure.c:2316:gst_structure_parse_field trying field name 'width'
05-10 00:33:36.817  5448  5522 D GStreamer+qtdemux: 0:00:31.257262124 0xf37ecd80 qtdemux.c:7937:qtdemux_parse_samples:<q> samples at 26 is keyframe
05-10 00:33:36.817  5448  5521 D GStreamer+structure: 0:00:31.257281551 0xf37ecd20 gststructure.c:2367:gst_structure_parse_value trying type name 'int'
05-10 00:33:36.817  5448  5521 D GStreamer+structure: 0:00:31.257318009 0xf37ecd20 gststructure.c:2316:gst_structure_parse_field trying field name 'height'
05-10 00:33:36.817  5448  5522 D GStreamer+qtdemux: 0:00:31.257335926 0xf37ecd80 qtdemux.c:5197:gst_qtdemux_loop_state_movie:<q> pushing from stream 1, empty 0 offset 1197245, size 144, dts=0:00:00.840000000, pts=0:00:00.840000000, duration 0:00:00.024000000
05-10 00:33:36.817  5448  5521 D GStreamer+structure: 0:00:31.257347645 0xf37ecd20 gststructure.c:2367:gst_structure_parse_value trying type name 'int'
05-10 00:33:36.817  5448  5521 D GStreamer+structure: 0:00:31.257381915 0xf37ecd20 gststructure.c:2316:gst_structure_parse_field trying field name 'framerate'
05-10 00:33:36.817  5448  5522 D GStreamer+basesrc: 0:00:31.257399572 0xf37ecd80 gstbasesrc.c:2355:gst_base_src_update_length:<filesrc0> reading offset 1197245, length 144, size 15003960, segment.stop -1, maxsize 15003960
05-10 00:33:36.817  5448  5521 D GStreamer+structure: 0:00:31.257412645 0xf37ecd20 gststructure.c:2367:gst_structure_parse_value trying type name 'fraction'
05-10 00:33:36.817  5448  5522 D GStreamer+basesrc: 0:00:31.257441655 0xf37ecd80 gstbasesrc.c:2456:gst_base_src_get_range:<filesrc0> calling create offset 1197245 length 144, time 0
05-10 00:33:36.817  5448  5521 D GStreamer+structure: 0:00:31.257450457 0xf37ecd20 gststructure.c:2316:gst_structure_parse_field trying field name 'parsed'
05-10 00:33:36.817  5448  5521 D GStreamer+structure: 0:00:31.257495197 0xf37ecd20 gststructure.c:2367:gst_structure_parse_value trying type name 'boolean'
05-10 00:33:36.817  5448  5522 D GStreamer+GST_MEMORY: 0:00:31.257511551 0xf37ecd80 gstmemory.c:138:gst_memory_init new memory 0xf3bc32e0, maxsize:147 offset:0 size:144
05-10 00:33:36.817  5448  5521 D GStreamer+structure: 0:00:31.257528895 0xf37ecd20 gststructure.c:2316:gst_structure_parse_field trying field name 'variant'
05-10 00:33:36.817  5448  5522 D GStreamer+basesrc: 0:00:31.257555092 0xf37ecd80 gstbasesrc.c:2310:gst_base_src_do_sync:<filesrc0> we have no clock
05-10 00:33:36.817  5448  5521 D GStreamer+structure: 0:00:31.257568634 0xf37ecd20 gststructure.c:2367:gst_structure_parse_value trying type name 'string'
05-10 00:33:36.817  5448  5522 D GStreamer+basesrc: 0:00:31.257587176 0xf37ecd80 gstbasesrc.c:2520:gst_base_src_get_range:<filesrc0> buffer ok
05-10 00:33:36.817  5448  5521 D GStreamer+structure: 0:00:31.257605717 0xf37ecd20 gststructure.c:2316:gst_structure_parse_field trying field name 'profile'
05-10 00:33:36.817  5448  5521 D GStreamer+structure: 0:00:31.257635926 0xf37ecd20 gststructure.c:2367:gst_structure_parse_value trying type name 'uint'
05-10 00:33:36.817  5448  5521 D GStreamer+GST_ELEMENT_FACTORY: 0:00:31.257683790 0xf37ecd20 gstelementfactory.c:848:gst_element_factory_list_filter Trying amcviddec-omxgoogleh264decoder
05-10 00:33:36.817  5448  5522 D GStreamer+GST_SCHEDULING: 0:00:31.257696655 0xf37ecd80 gstpad.c:4153:gst_pad_chain_data_unchecked:<queue2:sink> calling chainfunction &gst_queue_chain with buffer buffer: 0xf3c0f0b0, pts 0:00:00.840000000, dts 0:00:00.840000000, dur 0:00:00.024000000, size 144, offset none, offset_end none, flags 0x0
05-10 00:33:36.817  5448  5521 D GStreamer+structure: 0:00:31.257749780 0xf37ecd20 gststructure.c:2316:gst_structure_parse_field trying field name 'width'
05-10 00:33:36.817  5448  5522 D GStreamer+GST_SCHEDULING: 0:00:31.257767176 0xf37ecd80 gstpad.c:4159:gst_pad_chain_data_unchecked:<queue2:sink> called chainfunction &gst_queue_chain with buffer 0xf3c0f0b0, returned ok
05-10 00:33:36.817  5448  5521 D GStreamer+structure: 0:00:31.257781134 0xf37ecd20 gststructure.c:2367:gst_structure_parse_value trying type name 'int'
05-10 00:33:36.817  5448  5522 D GStreamer+qtdemux: 0:00:31.257810978 0xf37ecd80 qtdemux.c:7675:qtdemux_parse_samples:<q> parsing up to sample 36
05-10 00:33:36.817  5448  5521 D GStreamer+structure: 0:00:31.257824624 0xf37ecd20 gststructure.c:2316:gst_structure_parse_field trying field name 'height'
05-10 00:33:36.817  5448  5521 D GStreamer+structure: 0:00:31.257858842 0xf37ecd20 gststructure.c:2367:gst_structure_parse_value trying type name 'int'
05-10 00:33:36.817  5448  5522 D GStreamer+qtdemux: 0:00:31.257875405 0xf37ecd80 qtdemux.c:7882:qtdemux_parse_samples:<q> sample 36: index 36, timestamp 0:00:00.864000000
05-10 00:33:36.817  5448  5521 D GStreamer+structure: 0:00:31.257894936 0xf37ecd20 gststructure.c:2316:gst_structure_parse_field trying field name 'framerate'
05-10 00:33:36.817  5448  5522 D GStreamer+qtdemux: 0:00:31.257913947 0xf37ecd80 qtdemux.c:7982:qtdemux_parse_samples:<q> setting all keyframes
05-10 00:33:36.817  5448  5521 D GStreamer+structure: 0:00:31.257925978 0xf37ecd20 gststructure.c:2367:gst_structure_parse_value trying type name 'fraction'
05-10 00:33:36.817  5448  5521 D GStreamer+structure: 0:00:31.257964832 0xf37ecd20 gststructure.c:2316:gst_structure_parse_field trying field name 'parsed'
05-10 00:33:36.817  5448  5522 D GStreamer+qtdemux: 0:00:31.257980770 0xf37ecd80 qtdemux.c:5197:gst_qtdemux_loop_state_movie:<q> pushing from stream 0, empty 0 offset 1156530, size 40715, dts=0:00:00.537000000, pts=0:00:00.537000000, duration 0:00:00.019666666
05-10 00:33:36.817  5448  5521 D GStreamer+structure: 0:00:31.257998738 0xf37ecd20 gststructure.c:2367:gst_structure_parse_value trying type name 'boolean'
05-10 00:33:36.817  5448  5521 D GStreamer+structure: 0:00:31.258032384 0xf37ecd20 gststructure.c:2316:gst_structure_parse_field trying field name 'stream-format'
05-10 00:33:36.818  5448  5522 D GStreamer+basesrc: 0:00:31.258049207 0xf37ecd80 gstbasesrc.c:2355:gst_base_src_update_length:<filesrc0> reading offset 1156530, length 40715, size 15003960, segment.stop -1, maxsize 15003960
05-10 00:33:36.818  5448  5521 D GStreamer+structure: 0:00:31.258066395 0xf37ecd20 gststructure.c:2367:gst_structure_parse_value trying type name 'string'
05-10 00:33:36.818  5448  5522 D GStreamer+basesrc: 0:00:31.258110509 0xf37ecd80 gstbasesrc.c:2456:gst_base_src_get_range:<filesrc0> calling create offset 1156530 length 40715, time 0
05-10 00:33:36.818  5448  5520 D GStreamer+default: 0:00:31.258128374 0xf37eccc0 gstutils.c:2563:query_caps_func:<queue1:src> intersected video/x-raw(memory:GLMemory), width=(int)[ 1, 2147483647 ], height=(int)[ 1, 2147483647 ], framerate=(fraction)[ 0/1, 2147483647/1 ], format=(string)RGBA, texture-target=(string)2D; video/x-raw(memory:GLMemory), format=(string)RGBA, width=(int)[ 1, 2147483647 ], height=(int)[ 1, 2147483647 ], framerate=(fraction)[ 0/1, 2147483647/1 ], texture-target=(string){ 2D, rectangle, external-oes }; video/x-raw(memory:GLMemory), format=(string){ RGBA, BGRA, RGBx, BGRx, ARGB, ABGR, xRGB, xBGR, RGB, BGR, RGB16, BGR16, AYUV, I420, YV12, NV12, NV21, YUY2, UYVY, Y41B, Y42B, Y444, GRAY8, GRAY16_LE, GRAY16_BE }, width=(int)[ 1, 2147483647 ], height=(int)[ 1, 2147483647 ], framerate=(fraction)[ 0/1, 2147483647/1 ], texture-target=(string){ 2D, rectangle, external-oes }; video/x-raw(memory:GLMemory), width=(int)[ 1, 2147483647 ], height=(int)[ 1, 2147483647 ], framerate=(fraction)[ 0/1, 2147483647/1 ], format=(string)RGBA; video/x-raw(memory:
05-10 00:33:36.818  5448  5522 D GStreamer+GST_MEMORY: 0:00:31.258170092 0xf37ecd80 gstmemory.c:138:gst_memory_init new memory 0xf3c1c3c8, maxsize:40718 offset:0 size:40715
05-10 00:33:36.818  5448  5520 D GStreamer+GST_PADS: 0:00:31.258213686 0xf37eccc0 gstpad.c:3339:gst_pad_query_default:<queue1:sink> not forwarding 0xf3ad93b0 (caps) query
05-10 00:33:36.818  5448  5520 D GStreamer+GST_PADS: 0:00:31.258256342 0xf37eccc0 gstpad.c:3905:gst_pad_query:<queue1:sink> sent query 0xf3ad93b0 (caps), result 1
05-10 00:33:36.818  5448  5522 D GStreamer+basesrc: 0:00:31.258450092 0xf37ecd80 gstbasesrc.c:2310:gst_base_src_do_sync:<filesrc0> we have no clock
05-10 00:33:36.818  5448  5522 D GStreamer+basesrc: 0:00:31.258497592 0xf37ecd80 gstbasesrc.c:2520:gst_base_src_get_range:<filesrc0> buffer ok
05-10 00:33:36.818  5448  5520 D GStreamer+GST_CAPS: 0:00:31.258551134 0xf37eccc0 gstutils.c:2891:gst_pad_peer_query_caps:<amcvideodec-omxnvidiah264decode0:src> peer query returned video/x-raw(memory:GLMemory), width=(int)[ 1, 2147483647 ], height=(int)[ 1, 2147483647 ], framerate=(fraction)[ 0/1, 2147483647/1 ], format=(string)RGBA, texture-target=(string)2D; video/x-raw(memory:GLMemory), format=(string)RGBA, width=(int)[ 1, 2147483647 ], height=(int)[ 1, 2147483647 ], framerate=(fraction)[ 0/1, 2147483647/1 ], texture-target=(string){ 2D, rectangle, external-oes }; video/x-raw(memory:GLMemory), format=(string){ RGBA, BGRA, RGBx, BGRx, ARGB, ABGR, xRGB, xBGR, RGB, BGR, RGB16, BGR16, AYUV, I420, YV12, NV12, NV21, YUY2, UYVY, Y41B, Y42B, Y444, GRAY8, GRAY16_LE, GRAY16_BE }, width=(int)[ 1, 2147483647 ], height=(int)[ 1, 2147483647 ], framerate=(fraction)[ 0/1, 2147483647/1 ], texture-target=(string){ 2D, rectangle, external-oes }; video/x-raw(memory:GLMemory), width=(int)[ 1, 2147483647 ], height=(int)[ 1, 2147483647 ], framerate=(fraction)[ 0/1, 2147483647/1 ]
05-10 00:33:36.818  5448  5522 D GStreamer+GST_SCHEDULING: 0:00:31.258583270 0xf37ecd80 gstpad.c:4153:gst_pad_chain_data_unchecked:<queue0:sink> calling chainfunction &gst_queue_chain with buffer buffer: 0xf3c0f150, pts 0:00:00.537000000, dts 0:00:00.537000000, dur 0:00:00.019666666, size 40715, offset none, offset_end none, flags 0x0
05-10 00:33:36.818  5448  5522 D GStreamer+GST_SCHEDULING: 0:00:31.258637332 0xf37ecd80 gstpad.c:4159:gst_pad_chain_data_unchecked:<queue0:sink> called chainfunction &gst_queue_chain with buffer 0xf3c0f150, returned ok
05-10 00:33:36.818  5448  5522 D GStreamer+qtdemux: 0:00:31.258681290 0xf37ecd80 qtdemux.c:7675:qtdemux_parse_samples:<q> parsing up to sample 27
05-10 00:33:36.818  5448  5522 D GStreamer+qtdemux: 0:00:31.258740040 0xf37ecd80 qtdemux.c:7882:qtdemux_parse_samples:<q> sample 27: index 0, timestamp 0:00:00.556666666
05-10 00:33:36.818  5448  5522 D GStreamer+qtdemux: 0:00:31.258776238 0xf37ecd80 qtdemux.c:7937:qtdemux_parse_samples:<q> samples at 27 is keyframe
05-10 00:33:36.818  5448  5522 D GStreamer+qtdemux: 0:00:31.258848061 0xf37ecd80 qtdemux.c:5197:gst_qtdemux_loop_state_movie:<q> pushing from stream 1, empty 0 offset 1239189, size 144, dts=0:00:00.864000000, pts=0:00:00.864000000, duration 0:00:00.024000000
05-10 00:33:36.818  5448  5522 D GStreamer+basesrc: 0:00:31.258900874 0xf37ecd80 gstbasesrc.c:2355:gst_base_src_update_length:<filesrc0> reading offset 1239189, length 144, size 15003960, segment.stop -1, maxsize 15003960
05-10 00:33:36.818  5448  5522 D GStreamer+basesrc: 0:00:31.258948478 0xf37ecd80 gstbasesrc.c:2456:gst_base_src_get_range:<filesrc0> calling create offset 1239189 length 144, time 0
05-10 00:33:36.818  5448  5521 D GStreamer+structure: 0:00:31.258962072 0xf37ecd20 gststructure.c:2316:gst_structure_parse_field trying field name 'alignment'
05-10 00:33:36.818  5448  5522 D GStreamer+GST_MEMORY: 0:00:31.258985197 0xf37ecd80 gstmemory.c:138:gst_memory_init new memory 0xf3bc33c8, maxsize:147 offset:0 size:144
05-10 00:33:36.818  5448  5521 D GStreamer+structure: 0:00:31.258995509 0xf37ecd20 gststructure.c:2367:gst_structure_parse_value trying type name 'string'
05-10 00:33:36.818  5448  5522 D GStreamer+basesrc: 0:00:31.259025457 0xf37ecd80 gstbasesrc.c:2310:gst_base_src_do_sync:<filesrc0> we have no clock
05-10 00:33:36.818  5448  5521 D GStreamer+structure: 0:00:31.259045978 0xf37ecd20 gststructure.c:2316:gst_structure_parse_field trying field name 'profile'
05-10 00:33:36.819  5448  5522 D GStreamer+basesrc: 0:00:31.259057592 0xf37ecd80 gstbasesrc.c:2520:gst_base_src_get_range:<filesrc0> buffer ok
05-10 00:33:36.819  5448  5521 D GStreamer+structure: 0:00:31.259078790 0xf37ecd20 gststructure.c:2367:gst_structure_parse_value trying type name 'string'
05-10 00:33:36.819  5448  5521 D GStreamer+structure: 0:00:31.259131603 0xf37ecd20 gststructure.c:2316:gst_structure_parse_field trying field name 'width'
05-10 00:33:36.819  5448  5522 D GStreamer+GST_SCHEDULING: 0:00:31.259137957 0xf37ecd80 gstpad.c:4153:gst_pad_chain_data_unchecked:<queue2:sink> calling chainfunction &gst_queue_chain with buffer buffer: 0xf3c0f1f0, pts 0:00:00.864000000, dts 0:00:00.864000000, dur 0:00:00.024000000, size 144, offset none, offset_end none, flags 0x0
05-10 00:33:36.819  5448  5521 D GStreamer+structure: 0:00:31.259163999 0xf37ecd20 gststructure.c:2367:gst_structure_parse_value trying type name 'int'
05-10 00:33:36.819  5448  5522 D GStreamer+GST_SCHEDULING: 0:00:31.259184728 0xf37ecd80 gstpad.c:4159:gst_pad_chain_data_unchecked:<queue2:sink> called chainfunction &gst_queue_chain with buffer 0xf3c0f1f0, returned ok
05-10 00:33:36.819  5448  5521 D GStreamer+structure: 0:00:31.259204103 0xf37ecd20 gststructure.c:2316:gst_structure_parse_field trying field name 'height'
05-10 00:33:36.819  5448  5522 D GStreamer+qtdemux: 0:00:31.259227592 0xf37ecd80 qtdemux.c:7675:qtdemux_parse_samples:<q> parsing up to sample 37
05-10 00:33:36.819  5448  5521 D GStreamer+structure: 0:00:31.259241342 0xf37ecd20 gststructure.c:2367:gst_structure_parse_value trying type name 'int'
05-10 00:33:36.819  5448  5522 D GStreamer+qtdemux: 0:00:31.259278113 0xf37ecd80 qtdemux.c:7882:qtdemux_parse_samples:<q> sample 37: index 37, timestamp 0:00:00.888000000
05-10 00:33:36.819  5448  5521 D GStreamer+structure: 0:00:31.259297592 0xf37ecd20 gststructure.c:2316:gst_structure_parse_field trying field name 'framerate'
05-10 00:33:36.819  5448  5522 D GStreamer+qtdemux: 0:00:31.259314311 0xf37ecd80 qtdemux.c:7982:qtdemux_parse_samples:<q> setting all keyframes
05-10 00:33:36.819  5448  5521 D GStreamer+structure: 0:00:31.259332853 0xf37ecd20 gststructure.c:2367:gst_structure_parse_value trying type name 'fraction'
05-10 00:33:36.819  5448  5522 D GStreamer+qtdemux: 0:00:31.259374728 0xf37ecd80 qtdemux.c:5197:gst_qtdemux_loop_state_movie:<q> pushing from stream 0, empty 0 offset 1197389, size 41800, dts=0:00:00.556666666, pts=0:00:00.556666666, duration 0:00:00.020000000
05-10 00:33:36.819  5448  5521 D GStreamer+structure: 0:00:31.259392905 0xf37ecd20 gststructure.c:2316:gst_structure_parse_field trying field name 'parsed'
05-10 00:33:36.819  5448  5522 D GStreamer+basesrc: 0:00:31.259424155 0xf37ecd80 gstbasesrc.c:2355:gst_base_src_update_length:<filesrc0> reading offset 1197389, length 41800, size 15003960, segment.stop -1, maxsize 15003960
