05-10 00:33:36.715  5448  5448 D GStreamer+GST_PADS: 0:00:31.155423999 0xf35f2200 gstpad.c:5938:gst_pad_start_task:<q:sink> start task
05-10 00:33:36.715  5448  5448 D GStreamer+task: 0:00:31.155472072 0xf35f2200 gsttask.c:425:gst_task_new Created task 0xf3ac3ac8
05-10 00:33:36.715  5448  5448 I GStreamer+task: 0:00:31.155501186 0xf35f2200 gsttask.c:451:gst_task_set_lock setting stream lock 0xf39501d4 on task 0xf3ac3ac8
05-10 00:33:36.715  5448  5448 I GStreamer+GST_PADS: 0:00:31.155531134 0xf35f2200 gstpad.c:5947:gst_pad_start_task:<q:sink> created task 0xf3ac3ac8
05-10 00:33:36.715  5448  5448 D GStreamer+GST_PADS: 0:00:31.155564311 0xf35f2200 gstpad.c:5864:do_stream_status:<q:sink> doing stream-status 0
05-10 00:33:36.715  5448  5448 D GStreamer+GST_PADS: 0:00:31.155603009 0xf35f2200 gstpad.c:5893:do_stream_status:<q:sink> posting stream-status 0
05-10 00:33:36.715  5448  5448 D GStreamer+GST_BUS: 0:00:31.155682853 0xf35f2200 gstbus.c:309:gst_bus_post:<bus3> [msg 0xf3ad1c60] posting on bus stream-status message: 0xf3ad1c60, time 99:99:99.999999999, seq-num 92, element 'sink', GstMessageStreamStatus, type=(GstStreamStatusType)GST_STREAM_STATUS_TYPE_CREATE, owner=(GstElement)"\(GstQTDemux\)\ q", object=(GstTask)"\(GstTask\)\ task4";
05-10 00:33:36.715  5448  5448 D GStreamer+bin: 0:00:31.155721655 0xf35f2200 gstbin.c:3528:gst_bin_handle_message_func:<pipeline0> [msg 0xf3ad1c60] handling child sink message of type stream-status
05-10 00:33:36.715  5448  5448 D GStreamer+bin: 0:00:31.155751863 0xf35f2200 gstbin.c:3865:gst_bin_handle_message_func:<pipeline0> posting message upward
05-10 00:33:36.715  5448  5448 D GStreamer+GST_BUS: 0:00:31.155821447 0xf35f2200 gstbus.c:309:gst_bus_post:<bus4> [msg 0xf3ad1c60] posting on bus stream-status message: 0xf3ad1c60, time 99:99:99.999999999, seq-num 92, element 'sink', GstMessageStreamStatus, type=(GstStreamStatusType)GST_STREAM_STATUS_TYPE_CREATE, owner=(GstElement)"\(GstQTDemux\)\ q", object=(GstTask)"\(GstTask\)\ task4";
05-10 00:33:36.715  5448  5448 D GStreamer+GST_BUS: 0:00:31.155852488 0xf35f2200 gstbus.c:348:gst_bus_post:<bus4> [msg 0xf3ad1c60] pushing on async queue
05-10 00:33:36.715  5448  5448 D GStreamer+GST_BUS: 0:00:31.155889311 0xf35f2200 gstbus.c:351:gst_bus_post:<bus4> [msg 0xf3ad1c60] pushed on async queue
05-10 00:33:36.715  5448  5504 D GStreamer+GST_BUS: 0:00:31.155928217 0xf394d800 gstbus.c:521:gst_bus_timed_pop_filtered:<bus4> got message 0xf3ad1c60, stream-status from sink, type mask is 4294967295
05-10 00:33:36.715  5448  5504 D GStreamer+GST_BUS: 0:00:31.155999259 0xf394d800 gstbus.c:789:gst_bus_source_dispatch:<bus4> source 0xf3aca788 calling dispatch with stream-status message: 0xf3ad1c60, time 99:99:99.999999999, seq-num 92, element 'sink', GstMessageStreamStatus, type=(GstStreamStatusType)GST_STREAM_STATUS_TYPE_CREATE, owner=(GstElement)"\(GstQTDemux\)\ q", object=(GstTask)"\(GstTask\)\ task4";
05-10 00:33:36.715  5448  5504 D GStreamer+GST_BUS: 0:00:31.156036759 0xf394d800 gstbus.c:794:gst_bus_source_dispatch:<bus4> source 0xf3aca788 handler returns 1
05-10 00:33:36.716  5448  5448 D GStreamer+GST_BUS: 0:00:31.156215822 0xf35f2200 gstbus.c:344:gst_bus_post:<bus3> [msg 0xf3ad1c60] dropped
05-10 00:33:36.716  5448  5448 D GStreamer+task: 0:00:31.156256863 0xf35f2200 gsttask.c:682:gst_task_set_state:<task4> Changing task 0xf3ac3ac8 to state 0
05-10 00:33:36.716  5448  5448 D GStreamer+GST_PADS: 0:00:31.156337124 0xf35f2200 gstpad.c:1198:gst_pad_activate_mode:<q:sink> activated in pull mode
05-10 00:33:36.716  5448  5448 D GStreamer+GST_ELEMENT_PADS: 0:00:31.156378738 0xf35f2200 gstelement.c:2812:gst_element_pads_activate:<q> pad activation successful
05-10 00:33:36.716  5448  5522 D GStreamer+task: 0:00:31.156419207 0xf37ecd80 gsttask.c:287:gst_task_func Entering task 0xf3ac3ac8, thread 0xf37ecd80
05-10 00:33:36.716  5448  5448 D GStreamer+GST_STATES: 0:00:31.156434780 0xf35f2200 gstelement.c:2684:gst_element_change_state:<q> element changed state SUCCESS
05-10 00:33:36.716  5448  5522 D GStreamer+GST_PADS: 0:00:31.156457540 0xf37ecd80 gstpad.c:5864:do_stream_status:<q:sink> doing stream-status 1
05-10 00:33:36.716  5448  5448 I GStreamer+GST_STATES: 0:00:31.156470353 0xf35f2200 gstelement.c:2372:gst_element_continue_state:<q> completed state change to PAUSED
05-10 00:33:36.716  5448  5448 I GStreamer+GST_STATES: 0:00:31.156507697 0xf35f2200 gstelement.c:2277:_priv_gst_element_state_changed:<q> notifying about state-changed READY to PAUSED (VOID_PENDING pending)
05-10 00:33:36.716  5448  5522 D GStreamer+GST_PADS: 0:00:31.156533478 0xf37ecd80 gstpad.c:5893:do_stream_status:<q:sink> posting stream-status 1
05-10 00:33:36.716  5448  5448 D GStreamer+GST_BUS: 0:00:31.156605874 0xf35f2200 gstbus.c:309:gst_bus_post:<bus3> [msg 0xf3ad1cb8] posting on bus state-changed message: 0xf3ad1cb8, time 99:99:99.999999999, seq-num 94, element 'q', GstMessageStateChanged, old-state=(GstState)GST_STATE_READY, new-state=(GstState)GST_STATE_PAUSED, pending-state=(GstState)GST_STATE_VOID_PENDING;
05-10 00:33:36.716  5448  5522 D GStreamer+GST_BUS: 0:00:31.156654103 0xf37ecd80 gstbus.c:309:gst_bus_post:<bus3> [msg 0xf37f5468] posting on bus stream-status message: 0xf37f5468, time 99:99:99.999999999, seq-num 93, element 'sink', GstMessageStreamStatus, type=(GstStreamStatusType)GST_STREAM_STATUS_TYPE_ENTER, owner=(GstElement)"\(GstQTDemux\)\ q", object=(GstTask)"\(GstTask\)\ q:sink";
05-10 00:33:36.716  5448  5448 D GStreamer+bin: 0:00:31.156668426 0xf35f2200 gstbin.c:3528:gst_bin_handle_message_func:<pipeline0> [msg 0xf3ad1cb8] handling child q message of type state-changed
05-10 00:33:36.716  5448  5522 D GStreamer+bin: 0:00:31.156699676 0xf37ecd80 gstbin.c:3528:gst_bin_handle_message_func:<pipeline0> [msg 0xf37f5468] handling child sink message of type stream-status
05-10 00:33:36.716  5448  5448 D GStreamer+bin: 0:00:31.156713322 0xf35f2200 gstbin.c:3865:gst_bin_handle_message_func:<pipeline0> posting message upward
05-10 00:33:36.716  5448  5522 D GStreamer+bin: 0:00:31.156734624 0xf37ecd80 gstbin.c:3865:gst_bin_handle_message_func:<pipeline0> posting message upward
05-10 00:33:36.716  5448  5448 D GStreamer+GST_BUS: 0:00:31.156807592 0xf35f2200 gstbus.c:309:gst_bus_post:<bus4> [msg 0xf3ad1cb8] posting on bus state-changed message: 0xf3ad1cb8, time 99:99:99.999999999, seq-num 94, element 'q', GstMessageStateChanged, old-state=(GstState)GST_STATE_READY, new-state=(GstState)GST_STATE_PAUSED, pending-state=(GstState)GST_STATE_VOID_PENDING;
05-10 00:33:36.716  5448  5522 D GStreamer+GST_BUS: 0:00:31.156832072 0xf37ecd80 gstbus.c:309:gst_bus_post:<bus4> [msg 0xf37f5468] posting on bus stream-status message: 0xf37f5468, time 99:99:99.999999999, seq-num 93, element 'sink', GstMessageStreamStatus, type=(GstStreamStatusType)GST_STREAM_STATUS_TYPE_ENTER, owner=(GstElement)"\(GstQTDemux\)\ q", object=(GstTask)"\(GstTask\)\ q:sink";
05-10 00:33:36.716  5448  5448 D GStreamer+GST_BUS: 0:00:31.156853113 0xf35f2200 gstbus.c:348:gst_bus_post:<bus4> [msg 0xf3ad1cb8] pushing on async queue
05-10 00:33:36.716  5448  5448 D GStreamer+GST_BUS: 0:00:31.156896186 0xf35f2200 gstbus.c:351:gst_bus_post:<bus4> [msg 0xf3ad1cb8] pushed on async queue
05-10 00:33:36.716  5448  5448 D GStreamer+GST_BUS: 0:00:31.156935249 0xf35f2200 gstbus.c:344:gst_bus_post:<bus3> [msg 0xf3ad1cb8] dropped
05-10 00:33:36.716  5448  5504 D GStreamer+GST_BUS: 0:00:31.156941551 0xf394d800 gstbus.c:521:gst_bus_timed_pop_filtered:<bus4> got message 0xf3ad1cb8, state-changed from q, type mask is 4294967295
05-10 00:33:36.716  5448  5448 D GStreamer+GST_STATES: 0:00:31.156973738 0xf35f2200 gstelement.c:2607:gst_element_set_state_func:<q> returned SUCCESS
05-10 00:33:36.716  5448  5504 D GStreamer+GST_BUS: 0:00:31.157020978 0xf394d800 gstbus.c:789:gst_bus_source_dispatch:<bus4> source 0xf3aca788 calling dispatch with state-changed message: 0xf3ad1cb8, time 99:99:99.999999999, seq-num 94, element 'q', GstMessageStateChanged, old-state=(GstState)GST_STATE_READY, new-state=(GstState)GST_STATE_PAUSED, pending-state=(GstState)GST_STATE_VOID_PENDING;
05-10 00:33:36.716  5448  5448 I GStreamer+GST_STATES: 0:00:31.157035353 0xf35f2200 gstbin.c:2764:gst_bin_change_state_func:<pipeline0> child 'q' changed state to 3(PAUSED) successfully
05-10 00:33:36.717  5448  5504 D GStreamer+GST_BUS: 0:00:31.157068322 0xf394d800 gstbus.c:794:gst_bus_source_dispatch:<bus4> source 0xf3aca788 handler returns 1
05-10 00:33:36.717  5448  5448 D GStreamer+bin: 0:00:31.157082124 0xf35f2200 gstbin.c:2182:gst_bin_sort_iterator_next:<pipeline0> queue head gives filesrc0
05-10 00:33:36.717  5448  5522 D GStreamer+GST_BUS: 0:00:31.156875301 0xf37ecd80 gstbus.c:348:gst_bus_post:<bus4> [msg 0xf37f5468] pushing on async queue
05-10 00:33:36.717  5448  5448 D GStreamer+bin: 0:00:31.157136447 0xf35f2200 gstbin.c:2121:update_degree:<pipeline0> element filesrc0 not linked on any sinkpads
05-10 00:33:36.717  5448  5504 D GStreamer+GST_BUS: 0:00:31.157177488 0xf394d800 gstbus.c:521:gst_bus_timed_pop_filtered:<bus4> got message 0xf37f5468, stream-status from sink, type mask is 4294967295
05-10 00:33:36.717  5448  5448 I GStreamer+GST_STATES: 0:00:31.157191915 0xf35f2200 gstbin.c:2316:gst_bin_element_set_state:<filesrc0> current READY pending VOID_PENDING, desired next PAUSED
05-10 00:33:36.717  5448  5448 D GStreamer+bin: 0:00:31.157236499 0xf35f2200 gstbin.c:882:find_message:<pipeline0> no message found matching types 00100000
05-10 00:33:36.717  5448  5448 D GStreamer+bin: 0:00:31.157289728 0xf35f2200 gstbin.c:889:find_message:<pipeline0>   async-start
05-10 00:33:36.717  5448  5504 D GStreamer+GST_BUS: 0:00:31.157295561 0xf394d800 gstbus.c:789:gst_bus_source_dispatch:<bus4> source 0xf3aca788 calling dispatch with stream-status message: 0xf37f5468, time 99:99:99.999999999, seq-num 93, element 'sink', GstMessageStreamStatus, type=(GstStreamStatusType)GST_STREAM_STATUS_TYPE_ENTER, owner=(GstElement)"\(GstQTDemux\)\ q", object=(GstTask)"\(GstTask\)\ q:sink";
05-10 00:33:36.717  5448  5504 D GStreamer+GST_BUS: 0:00:31.157355978 0xf394d800 gstbus.c:794:gst_bus_source_dispatch:<bus4> source 0xf3aca788 handler returns 1
05-10 00:33:36.717  5448  5448 D GStreamer+bin: 0:00:31.157372020 0xf35f2200 gstbin.c:2411:gst_bin_element_set_state:<pipeline0> setting element filesrc0 to PAUSED, base_time 0:00:00.000000000
05-10 00:33:36.717  5448  5522 D GStreamer+GST_BUS: 0:00:31.157392697 0xf37ecd80 gstbus.c:351:gst_bus_post:<bus4> [msg 0xf37f5468] pushed on async queue
05-10 00:33:36.717  5448  5448 D GStreamer+GST_STATES: 0:00:31.157407540 0xf35f2200 gstelement.c:2523:gst_element_set_state_func:<filesrc0> set_state to PAUSED
05-10 00:33:36.717  5448  5522 D GStreamer+GST_BUS: 0:00:31.157436447 0xf37ecd80 gstbus.c:344:gst_bus_post:<bus3> [msg 0xf37f5468] dropped
05-10 00:33:36.717  5448  5448 D GStreamer+GST_STATES: 0:00:31.157450197 0xf35f2200 gstelement.c:2548:gst_element_set_state_func:<filesrc0> setting target state to PAUSED
05-10 00:33:36.717  5448  5522 D GStreamer+task: 0:00:31.157473217 0xf37ecd80 gsttask.c:249:gst_task_configure_name:<q:sink> Setting thread name to 'q:sink'
05-10 00:33:36.717  5448  5448 D GStreamer+GST_STATES: 0:00:31.157501342 0xf35f2200 gstelement.c:2561:gst_element_set_state_func:<filesrc0> current READY, old_pending VOID_PENDING, next VOID_PENDING, old return SUCCESS
05-10 00:33:36.717  5448  5522 D GStreamer+basesrc: 0:00:31.157534624 0xf37ecd80 gstbasesrc.c:2355:gst_base_src_update_length:<filesrc0> reading offset 0, length 16, size 15003960, segment.stop -1, maxsize 15003960
05-10 00:33:36.717  5448  5448 D GStreamer+GST_STATES: 0:00:31.157548530 0xf35f2200 gstelement.c:2595:gst_element_set_state_func:<filesrc0> final: setting state from READY to PAUSED
05-10 00:33:36.717  5448  5448 D GStreamer+GST_ELEMENT_PADS: 0:00:31.157587384 0xf35f2200 gstelement.c:2793:gst_element_pads_activate:<filesrc0> activate pads
05-10 00:33:36.717  5448  5448 D GStreamer+GST_PADS: 0:00:31.157627228 0xf35f2200 gstpad.c:1062:gst_pad_set_active:<filesrc0:src> pad was active in pull mode
05-10 00:33:36.717  5448  5522 D GStreamer+basesrc: 0:00:31.157662384 0xf37ecd80 gstbasesrc.c:2456:gst_base_src_get_range:<filesrc0> calling create offset 0 length 16, time 0
05-10 00:33:36.717  5448  5448 D GStreamer+GST_ELEMENT_PADS: 0:00:31.157676551 0xf35f2200 gstelement.c:2812:gst_element_pads_activate:<filesrc0> pad activation successful
05-10 00:33:36.717  5448  5448 D GStreamer+GST_STATES: 0:00:31.157727020 0xf35f2200 gstelement.c:2684:gst_element_change_state:<filesrc0> element changed state SUCCESS
05-10 00:33:36.717  5448  5448 I GStreamer+GST_STATES: 0:00:31.157762645 0xf35f2200 gstelement.c:2372:gst_element_continue_state:<filesrc0> completed state change to PAUSED
05-10 00:33:36.717  5448  5522 D GStreamer+GST_MEMORY: 0:00:31.157773322 0xf37ecd80 gstmemory.c:138:gst_memory_init new memory 0xf3ad4c18, maxsize:19 offset:0 size:16
05-10 00:33:36.717  5448  5448 I GStreamer+GST_STATES: 0:00:31.157799520 0xf35f2200 gstelement.c:2277:_priv_gst_element_state_changed:<filesrc0> notifying about state-changed READY to PAUSED (VOID_PENDING pending)
05-10 00:33:36.717  5448  5448 D GStreamer+GST_BUS: 0:00:31.157914780 0xf35f2200 gstbus.c:309:gst_bus_post:<bus3> [msg 0xf3ad1d10] posting on bus state-changed message: 0xf3ad1d10, time 99:99:99.999999999, seq-num 95, element 'filesrc0', GstMessageStateChanged, old-state=(GstState)GST_STATE_READY, new-state=(GstState)GST_STATE_PAUSED, pending-state=(GstState)GST_STATE_VOID_PENDING;
05-10 00:33:36.717  5448  5522 D GStreamer+basesrc: 0:00:31.157934103 0xf37ecd80 gstbasesrc.c:2501:gst_base_src_get_range:<filesrc0> setting first timestamp to 0
05-10 00:33:36.717  5448  5448 D GStreamer+bin: 0:00:31.157959676 0xf35f2200 gstbin.c:3528:gst_bin_handle_message_func:<pipeline0> [msg 0xf3ad1d10] handling child filesrc0 message of type state-changed
05-10 00:33:36.717  5448  5522 D GStreamer+basesrc: 0:00:31.157974207 0xf37ecd80 gstbasesrc.c:2310:gst_base_src_do_sync:<filesrc0> we have no clock
05-10 00:33:36.717  5448  5448 D GStreamer+bin: 0:00:31.157993530 0xf35f2200 gstbin.c:3865:gst_bin_handle_message_func:<pipeline0> posting message upward
05-10 00:33:36.717  5448  5522 D GStreamer+basesrc: 0:00:31.158007280 0xf37ecd80 gstbasesrc.c:2520:gst_base_src_get_range:<filesrc0> buffer ok
05-10 00:33:36.718  5448  5522 D GStreamer+qtdemux: 0:00:31.158046811 0xf37ecd80 qtdemux.c:2530:extract_initial_length_and_fourcc length 0x00000020
05-10 00:33:36.718  5448  5448 D GStreamer+GST_BUS: 0:00:31.158067280 0xf35f2200 gstbus.c:309:gst_bus_post:<bus4> [msg 0xf3ad1d10] posting on bus state-changed message: 0xf3ad1d10, time 99:99:99.999999999, seq-num 95, element 'filesrc0', GstMessageStateChanged, old-state=(GstState)GST_STATE_READY, new-state=(GstState)GST_STATE_PAUSED, pending-state=(GstState)GST_STATE_VOID_PENDING;
05-10 00:33:36.718  5448  5522 D GStreamer+qtdemux: 0:00:31.158088686 0xf37ecd80 qtdemux.c:2532:extract_initial_length_and_fourcc atom type ftyp
05-10 00:33:36.718  5448  5448 D GStreamer+GST_BUS: 0:00:31.158110197 0xf35f2200 gstbus.c:348:gst_bus_post:<bus4> [msg 0xf3ad1d10] pushing on async queue
05-10 00:33:36.718  5448  5448 D GStreamer+GST_BUS: 0:00:31.158159259 0xf35f2200 gstbus.c:351:gst_bus_post:<bus4> [msg 0xf3ad1d10] pushed on async queue
05-10 00:33:36.718  5448  5504 D GStreamer+GST_BUS: 0:00:31.158186603 0xf394d800 gstbus.c:521:gst_bus_timed_pop_filtered:<bus4> got message 0xf3ad1d10, state-changed from filesrc0, type mask is 4294967295
05-10 00:33:36.718  5448  5448 D GStreamer+GST_BUS: 0:00:31.158196134 0xf35f2200 gstbus.c:344:gst_bus_post:<bus3> [msg 0xf3ad1d10] dropped
05-10 00:33:36.718  5448  5448 D GStreamer+GST_STATES: 0:00:31.158234051 0xf35f2200 gstelement.c:2607:gst_element_set_state_func:<filesrc0> returned SUCCESS
05-10 00:33:36.718  5448  5504 D GStreamer+GST_BUS: 0:00:31.158257436 0xf394d800 gstbus.c:789:gst_bus_source_dispatch:<bus4> source 0xf3aca788 calling dispatch with state-changed message: 0xf3ad1d10, time 99:99:99.999999999, seq-num 95, element 'filesrc0', GstMessageStateChanged, old-state=(GstState)GST_STATE_READY, new-state=(GstState)GST_STATE_PAUSED, pending-state=(GstState)GST_STATE_VOID_PENDING;
05-10 00:33:36.718  5448  5448 I GStreamer+GST_STATES: 0:00:31.158284676 0xf35f2200 gstbin.c:2764:gst_bin_change_state_func:<pipeline0> child 'filesrc0' changed state to 3(PAUSED) successfully
05-10 00:33:36.718  5448  5504 D GStreamer+GST_BUS: 0:00:31.158307749 0xf394d800 gstbus.c:794:gst_bus_source_dispatch:<bus4> source 0xf3aca788 handler returns 1
05-10 00:33:36.718  5448  5448 D GStreamer+bin: 0:00:31.158320249 0xf35f2200 gstbin.c:2171:gst_bin_sort_iterator_next:<pipeline0> queue empty, elements exhausted
05-10 00:33:36.718  5448  5522 D GStreamer+GST_MEMORY: 0:00:31.158133634 0xf37ecd80 gstmemory.c:87:_gst_memory_free free memory 0xf3ad4c18
05-10 00:33:36.718  5448  5448 D GStreamer+GST_STATES: 0:00:31.158349467 0xf35f2200 gstbin.c:2823:gst_bin_change_state_func:<pipeline0> iterator done
05-10 00:33:36.718  5448  5448 D GStreamer+GST_ELEMENT_PADS: 0:00:31.158386551 0xf35f2200 gstelement.c:2793:gst_element_pads_activate:<pipeline0> activate pads
05-10 00:33:36.718  5448  5522 D GStreamer+basesrc: 0:00:31.158403947 0xf37ecd80 gstbasesrc.c:2355:gst_base_src_update_length:<filesrc0> reading offset 0, length 32, size 15003960, segment.stop -1, maxsize 15003960
05-10 00:33:36.718  5448  5448 D GStreamer+GST_ELEMENT_PADS: 0:00:31.158425717 0xf35f2200 gstelement.c:2812:gst_element_pads_activate:<pipeline0> pad activation successful
05-10 00:33:36.718  5448  5522 D GStreamer+basesrc: 0:00:31.158447228 0xf37ecd80 gstbasesrc.c:2456:gst_base_src_get_range:<filesrc0> calling create offset 0 length 32, time 0
05-10 00:33:36.718  5448  5448 D GStreamer+GST_STATES: 0:00:31.158469520 0xf35f2200 gstbin.c:2841:gst_bin_change_state_func:<pipeline0> we have ASYNC elements SUCCESS -> ASYNC
05-10 00:33:36.718  5448  5522 D GStreamer+GST_MEMORY: 0:00:31.158490561 0xf37ecd80 gstmemory.c:138:gst_memory_init new memory 0xf3a32500, maxsize:35 offset:0 size:32
05-10 00:33:36.718  5448  5448 D GStreamer+bin: 0:00:31.158506603 0xf35f2200 gstbin.c:2213:gst_bin_sort_iterator_free:<pipeline0> free
05-10 00:33:36.718  5448  5522 D GStreamer+basesrc: 0:00:31.158527905 0xf37ecd80 gstbasesrc.c:2501:gst_base_src_get_range:<filesrc0> setting first timestamp to 0
05-10 00:33:36.718  5448  5448 D GStreamer+bin: 0:00:31.158543322 0xf35f2200 gstbin.c:2869:gst_bin_change_state_func:<pipeline0> check async elements
05-10 00:33:36.718  5448  5522 D GStreamer+basesrc: 0:00:31.158566395 0xf37ecd80 gstbasesrc.c:2310:gst_base_src_do_sync:<filesrc0> we have no clock
05-10 00:33:36.718  5448  5448 D GStreamer+bin: 0:00:31.158590301 0xf35f2200 gstbin.c:880:find_message:<pipeline0> we found a message 0xf3ad16c8 from decodebin0 matching types 00100000
05-10 00:33:36.718  5448  5522 D GStreamer+basesrc: 0:00:31.158601342 0xf37ecd80 gstbasesrc.c:2520:gst_base_src_get_range:<filesrc0> buffer ok
05-10 00:33:36.718  5448  5448 D GStreamer+GST_STATES: 0:00:31.158626134 0xf35f2200 gstbin.c:2892:gst_bin_change_state_func:<pipeline0> done changing bin's state from READY to PAUSED, now in READY, ret ASYNC
05-10 00:33:36.718  5448  5522 D GStreamer+qtdemux: 0:00:31.158642436 0xf37ecd80 qtdemux.c:2414:qtdemux_parse_ftyp:<q> major brand: mp42
05-10 00:33:36.718  5448  5448 D GStreamer+GST_STATES: 0:00:31.158664936 0xf35f2200 gstelement.c:2666:gst_element_change_state:<pipeline0> element will change state ASYNC
05-10 00:33:36.718  5448  5522 D GStreamer+GST_MEMORY: 0:00:31.158688270 0xf37ecd80 gstmemory.c:138:gst_memory_init new memory 0xf3ad4c80, maxsize:19 offset:0 size:16
05-10 00:33:36.718  5448  5448 D GStreamer+GST_STATES: 0:00:31.158708322 0xf35f2200 gstelement.c:2607:gst_element_set_state_func:<pipeline0> returned ASYNC
05-10 00:33:36.718  5448  5522 D GStreamer+GST_MEMORY: 0:00:31.158727332 0xf37ecd80 gstmemory.c:87:_gst_memory_free free memory 0xf3a32500
05-10 00:33:36.718  5448  5522 D GStreamer+basesrc: 0:00:31.158774572 0xf37ecd80 gstbasesrc.c:2355:gst_base_src_update_length:<filesrc0> reading offset 32, length 16, size 15003960, segment.stop -1, maxsize 15003960
05-10 00:33:36.718  5448  5522 D GStreamer+basesrc: 0:00:31.158809572 0xf37ecd80 gstbasesrc.c:2456:gst_base_src_get_range:<filesrc0> calling create offset 32 length 16, time 0
05-10 00:33:36.718  5448  5522 D GStreamer+GST_MEMORY: 0:00:31.158844207 0xf37ecd80 gstmemory.c:138:gst_memory_init new memory 0xf3ad4ce8, maxsize:19 offset:0 size:16
05-10 00:33:36.718  5448  5522 D GStreamer+basesrc: 0:00:31.158880092 0xf37ecd80 gstbasesrc.c:2310:gst_base_src_do_sync:<filesrc0> we have no clock
05-10 00:33:36.718  5448  5522 D GStreamer+basesrc: 0:00:31.158911290 0xf37ecd80 gstbasesrc.c:2520:gst_base_src_get_range:<filesrc0> buffer ok
05-10 00:33:36.718  5448  5522 D GStreamer+qtdemux: 0:00:31.158943634 0xf37ecd80 qtdemux.c:2530:extract_initial_length_and_fourcc length 0x00000008
05-10 00:33:36.718  5448  5522 D GStreamer+qtdemux: 0:00:31.158974572 0xf37ecd80 qtdemux.c:2532:extract_initial_length_and_fourcc atom type free
05-10 00:33:36.718  5448  5522 D GStreamer+GST_MEMORY: 0:00:31.159003217 0xf37ecd80 gstmemory.c:87:_gst_memory_free free memory 0xf3ad4ce8
05-10 00:33:36.719  5448  5522 D GStreamer+basesrc: 0:00:31.159047957 0xf37ecd80 gstbasesrc.c:2355:gst_base_src_update_length:<filesrc0> reading offset 40, length 16, size 15003960, segment.stop -1, maxsize 15003960
05-10 00:33:36.719  5448  5522 D GStreamer+basesrc: 0:00:31.159082801 0xf37ecd80 gstbasesrc.c:2456:gst_base_src_get_range:<filesrc0> calling create offset 40 length 16, time 0
05-10 00:33:36.719  5448  5522 D GStreamer+GST_MEMORY: 0:00:31.159130561 0xf37ecd80 gstmemory.c:138:gst_memory_init new memory 0xf3ad4d50, maxsize:19 offset:0 size:16
05-10 00:33:36.719  5448  5522 D GStreamer+basesrc: 0:00:31.159172801 0xf37ecd80 gstbasesrc.c:2310:gst_base_src_do_sync:<filesrc0> we have no clock
05-10 00:33:36.719  5448  5522 D GStreamer+basesrc: 0:00:31.159202592 0xf37ecd80 gstbasesrc.c:2520:gst_base_src_get_range:<filesrc0> buffer ok
05-10 00:33:36.719  5448  5522 D GStreamer+qtdemux: 0:00:31.159237020 0xf37ecd80 qtdemux.c:2530:extract_initial_length_and_fourcc length 0x00e4c804
05-10 00:33:36.719  5448  5522 D GStreamer+qtdemux: 0:00:31.159267488 0xf37ecd80 qtdemux.c:2532:extract_initial_length_and_fourcc atom type mdat
05-10 00:33:36.719  5448  5522 D GStreamer+GST_MEMORY: 0:00:31.159295717 0xf37ecd80 gstmemory.c:87:_gst_memory_free free memory 0xf3ad4d50
05-10 00:33:36.719  5448  5522 D GStreamer+basesrc: 0:00:31.159340665 0xf37ecd80 gstbasesrc.c:2355:gst_base_src_update_length:<filesrc0> reading offset 14993452, length 16, size 15003960, segment.stop -1, maxsize 15003960
05-10 00:33:36.719  5448  5522 D GStreamer+basesrc: 0:00:31.159381551 0xf37ecd80 gstbasesrc.c:2456:gst_base_src_get_range:<filesrc0> calling create offset 14993452 length 16, time 0
05-10 00:33:36.719  5448  5522 D GStreamer+GST_MEMORY: 0:00:31.159416603 0xf37ecd80 gstmemory.c:138:gst_memory_init new memory 0xf3ad4db8, maxsize:19 offset:0 size:16
05-10 00:33:36.719  5448  5522 D GStreamer+basesrc: 0:00:31.159506186 0xf37ecd80 gstbasesrc.c:2310:gst_base_src_do_sync:<filesrc0> we have no clock
05-10 00:33:36.719  5448  5522 D GStreamer+basesrc: 0:00:31.159540978 0xf37ecd80 gstbasesrc.c:2520:gst_base_src_get_range:<filesrc0> buffer ok
05-10 00:33:36.719  5448  5522 D GStreamer+qtdemux: 0:00:31.159573738 0xf37ecd80 qtdemux.c:2530:extract_initial_length_and_fourcc length 0x00002631
05-10 00:33:36.719  5448  5522 D GStreamer+qtdemux: 0:00:31.159606395 0xf37ecd80 qtdemux.c:2532:extract_initial_length_and_fourcc atom type moov
05-10 00:33:36.719  5448  5522 D GStreamer+GST_MEMORY: 0:00:31.159634884 0xf37ecd80 gstmemory.c:87:_gst_memory_free free memory 0xf3ad4db8
05-10 00:33:36.719  5448  5522 D GStreamer+basesrc: 0:00:31.159679936 0xf37ecd80 gstbasesrc.c:2355:gst_base_src_update_length:<filesrc0> reading offset 14993452, length 9777, size 15003960, segment.stop -1, maxsize 15003960
05-10 00:33:36.719  5448  5522 D GStreamer+basesrc: 0:00:31.159717332 0xf37ecd80 gstbasesrc.c:2456:gst_base_src_get_range:<filesrc0> calling create offset 14993452 length 9777, time 0
05-10 00:33:36.719  5448  5522 D GStreamer+GST_MEMORY: 0:00:31.159771290 0xf37ecd80 gstmemory.c:138:gst_memory_init new memory 0xf3ad6400, maxsize:9780 offset:0 size:9777
05-10 00:33:36.719  5448  5522 D GStreamer+basesrc: 0:00:31.159871811 0xf37ecd80 gstbasesrc.c:2310:gst_base_src_do_sync:<filesrc0> we have no clock
05-10 00:33:36.719  5448  5522 D GStreamer+basesrc: 0:00:31.159904311 0xf37ecd80 gstbasesrc.c:2520:gst_base_src_get_range:<filesrc0> buffer ok
05-10 00:33:36.719  5448  5522 D GStreamer+qtdemux: 0:00:31.159946290 0xf37ecd80 qtdemux.c:6405:qtdemux_parse_moov:<q> parsing 'moov' atom
05-10 00:33:36.719  5448  5522 D GStreamer+qtdemux: 0:00:31.159986342 0xf37ecd80 qtdemux.c:6600:qtdemux_parse_node:<q> parsing stsd (sample table, sample description) atom
05-10 00:33:36.720  5448  5522 D GStreamer+qtdemux: 0:00:31.160286603 0xf37ecd80 qtdemux.c:6600:qtdemux_parse_node:<q> parsing stsd (sample table, sample description) atom
05-10 00:33:36.720  5448  5522 D GStreamer+qtdemux: 0:00:31.160330561 0xf37ecd80 qtdemux.c:6636:qtdemux_parse_node:<q> mp4a version 0x00000000
05-10 00:33:36.720  5448  5522 I GStreamer+qtdemux: 0:00:31.160410301 0xf37ecd80 qtdemux.c:11935:qtdemux_parse_tree:<q> timescale: 1000
05-10 00:33:36.720  5448  5522 I GStreamer+qtdemux: 0:00:31.160445457 0xf37ecd80 qtdemux.c:11936:qtdemux_parse_tree:<q> duration: 7199
05-10 00:33:36.720  5448  5522 D GStreamer+qtdemux: 0:00:31.160477905 0xf37ecd80 qtdemux.c:8706:qtdemux_parse_trak:<q> parse_trak
05-10 00:33:36.720  5448  5522 W GStreamer+qtdemux: 0:00:31.160513895 0xf37ecd80 qtdemux.c:2638:qtdemux_parse_trex:<q> failed to find fragment defaults for stream 1
05-10 00:33:36.720  5448  5522 D GStreamer+qtdemux: 0:00:31.160546863 0xf37ecd80 qtdemux_lang.c:200:qtdemux_lang_map_qt_code_to_iso mapped quicktime language code 0 to ISO 639-2T code 'eng'
05-10 00:33:36.720  5448  5522 D GStreamer+qtdemux: 0:00:31.160580092 0xf37ecd80 qtdemux.c:8507:qtdemux_parse_transformation_matrix:<q> Transformation matrix from atom tkhd
05-10 00:33:36.720  5448  5522 D GStreamer+qtdemux: 0:00:31.160615770 0xf37ecd80 qtdemux.c:8510:qtdemux_parse_transformation_matrix:<q> 1.0 0.0 0.0
05-10 00:33:36.720  5448  5522 D GStreamer+qtdemux: 0:00:31.160651551 0xf37ecd80 qtdemux.c:8513:qtdemux_parse_transformation_matrix:<q> 0.0 1.0 0.0
05-10 00:33:36.720  5448  5522 D GStreamer+qtdemux: 0:00:31.160686395 0xf37ecd80 qtdemux.c:8516:qtdemux_parse_transformation_matrix:<q> 0.0 0.0 16384.0
05-10 00:33:36.720  5448  5522 D GStreamer+qtdemux: 0:00:31.160718686 0xf37ecd80 qtdemux.c:8554:qtdemux_inspect_transformation_matrix:<q> Transformation matrix rotation (null)
05-10 00:33:36.720  5448  5522 D GStreamer+qtdemux: 0:00:31.160781707 0xf37ecd80 qtdemux.c:9172:qtdemux_parse_trak:<q> found avcC codec_data in stsd
05-10 00:33:36.721  5448  5522 D GStreamer+GST_MEMORY: 0:00:31.161465405 0xf37ecd80 gstmemory.c:138:gst_memory_init new memory 0xf3adbc08, maxsize:29 offset:0 size:26
05-10 00:33:36.721  5448  5522 I GStreamer+qtdemux: 0:00:31.161557384 0xf37ecd80 qtdemux.c:9645:qtdemux_parse_trak:<q> type avc1 caps video/x-h264, stream-format=(string)avc, alignment=(string)au, level=(string)4, profile=(string)baseline, codec_data=(buffer)01428028ffe1000a27428028e54028016b2001000528de01ae20
05-10 00:33:36.721  5448  5522 D GStreamer+qtdemux: 0:00:31.161613686 0xf37ecd80 qtdemux.c:7502:qtdemux_stbl_init:<q> n_samples_per_chunk 1
05-10 00:33:36.721  5448  5522 D GStreamer+qtdemux: 0:00:31.161654572 0xf37ecd80 qtdemux.c:7547:qtdemux_stbl_init:<q> allocating n_samples 361 * 32 (0.01 MB)
05-10 00:33:36.721  5448  5522 D GStreamer+qtdemux: 0:00:31.161701342 0xf37ecd80 qtdemux.c:8085:qtdemux_parse_segments:<q> looking for edit list container
05-10 00:33:36.721  5448  5522 D GStreamer+qtdemux: 0:00:31.161731863 0xf37ecd80 qtdemux.c:8096:qtdemux_parse_segments:<q> looking for edit list
05-10 00:33:36.721  5448  5522 D GStreamer+qtdemux: 0:00:31.161805405 0xf37ecd80 qtdemux.c:8177:qtdemux_parse_segments:<q> created segment 0 time 0:00:00.000000000, duration 0:00:00.311000000, media_start 99:99:99.999999999 (4294967295) , media_stop 99:99:99.999999999 stop_time 0:00:00.311000000 rate 1, (65536) timescale 3000
05-10 00:33:36.721  5448  5522 D GStreamer+qtdemux: 0:00:31.161867280 0xf37ecd80 qtdemux.c:8177:qtdemux_parse_segments:<q> created segment 1 time 0:00:00.311000000, duration 0:00:07.199000000, media_start 0:00:00.000000000 (0) , media_stop 0:00:07.199000000 stop_time 0:00:07.510000000 rate 1, (65536) timescale 3000
05-10 00:33:36.721  5448  5522 W GStreamer+qtdemux: 0:00:31.161910197 0xf37ecd80 qtdemux.c:8183:qtdemux_parse_segments:<q> Segment 1  extends to 0:00:07.510000000 past the end of the file duration 0:00:07.199000000 it will be truncated
05-10 00:33:36.721  5448  5522 D GStreamer+qtdemux: 0:00:31.161940978 0xf37ecd80 qtdemux.c:8187:qtdemux_parse_segments:<q> found 2 segments
05-10 00:33:36.721  5448  5522 D GStreamer+qtdemux: 0:00:31.161972384 0xf37ecd80 qtdemux.c:8229:qtdemux_parse_segments:<q> using 2 segments
05-10 00:33:36.722  5448  5522 D GStreamer+qtdemux: 0:00:31.162099103 0xf37ecd80 qtdemux.c:10401:qtdemux_parse_trak:<q> n_streams is now 1
05-10 00:33:36.722  5448  5522 D GStreamer+qtdemux: 0:00:31.162183842 0xf37ecd80 qtdemux.c:8706:qtdemux_parse_trak:<q> parse_trak
05-10 00:33:36.722  5448  5522 W GStreamer+qtdemux: 0:00:31.162222124 0xf37ecd80 qtdemux.c:2638:qtdemux_parse_trex:<q> failed to find fragment defaults for stream 2
05-10 00:33:36.722  5448  5522 D GStreamer+qtdemux: 0:00:31.162255145 0xf37ecd80 qtdemux_lang.c:200:qtdemux_lang_map_qt_code_to_iso mapped quicktime language code 0 to ISO 639-2T code 'eng'
05-10 00:33:36.722  5448  5522 D GStreamer+qtdemux: 0:00:31.162289155 0xf37ecd80 qtdemux.c:12713:qtdemux_audio_caps:<q> resolve fourcc 0x6d703461
05-10 00:33:36.722  5448  5522 D GStreamer+qtdemux: 0:00:31.162409259 0xf37ecd80 qtdemux.c:12048:gst_qtdemux_handle_esds:<q> version/flags = 00000000
05-10 00:33:36.722  5448  5522 D GStreamer+qtdemux: 0:00:31.162442332 0xf37ecd80 qtdemux.c:12052:gst_qtdemux_handle_esds:<q> tag = 03
05-10 00:33:36.722  5448  5522 D GStreamer+qtdemux: 0:00:31.162472905 0xf37ecd80 qtdemux.c:12055:gst_qtdemux_handle_esds:<q> len = 21
05-10 00:33:36.722  5448  5522 D GStreamer+qtdemux: 0:00:31.162502540 0xf37ecd80 qtdemux.c:12063:gst_qtdemux_handle_esds:<q> ID 0002
05-10 00:33:36.722  5448  5522 D GStreamer+qtdemux: 0:00:31.162987124 0xf37ecd80 qtdemux.c:12064:gst_qtdemux_handle_esds:<q> priority 0000
05-10 00:33:36.722  5448  5522 D GStreamer+qtdemux: 0:00:31.163026447 0xf37ecd80 qtdemux.c:12052:gst_qtdemux_handle_esds:<q> tag = 04
05-10 00:33:36.723  5448  5522 D GStreamer+qtdemux: 0:00:31.163057176 0xf37ecd80 qtdemux.c:12055:gst_qtdemux_handle_esds:<q> len = 13
05-10 00:33:36.723  5448  5522 D GStreamer+qtdemux: 0:00:31.163088270 0xf37ecd80 qtdemux.c:12073:gst_qtdemux_handle_esds:<q> object_type_id 6b
05-10 00:33:36.723  5448  5522 D GStreamer+qtdemux: 0:00:31.163169624 0xf37ecd80 qtdemux.c:12074:gst_qtdemux_handle_esds:<q> stream_type 15
05-10 00:33:36.723  5448  5522 D GStreamer+qtdemux: 0:00:31.163209467 0xf37ecd80 qtdemux.c:12075:gst_qtdemux_handle_esds:<q> buffer_size_db 00
05-10 00:33:36.723  5448  5522 D GStreamer+qtdemux: 0:00:31.163241134 0xf37ecd80 qtdemux.c:12076:gst_qtdemux_handle_esds:<q> max bitrate 48000
05-10 00:33:36.723  5448  5522 D GStreamer+qtdemux: 0:00:31.163273686 0xf37ecd80 qtdemux.c:12077:gst_qtdemux_handle_esds:<q> avg bitrate 48000
05-10 00:33:36.723  5448  5522 D GStreamer+qtdemux: 0:00:31.163314936 0xf37ecd80 qtdemux.c:12052:gst_qtdemux_handle_esds:<q> tag = 06
05-10 00:33:36.723  5448  5522 D GStreamer+qtdemux: 0:00:31.163345509 0xf37ecd80 qtdemux.c:12055:gst_qtdemux_handle_esds:<q> len = 1
05-10 00:33:36.723  5448  5522 D GStreamer+qtdemux: 0:00:31.163375978 0xf37ecd80 qtdemux.c:12130:gst_qtdemux_handle_esds:<q> data 02
05-10 00:33:36.723  5448  5522 I GStreamer+qtdemux: 0:00:31.163446863 0xf37ecd80 qtdemux.c:10263:qtdemux_parse_trak:<q> type mp4a caps audio/mpeg, mpegversion=(int)1, parsed=(boolean)true
05-10 00:33:36.723  5448  5522 D GStreamer+qtdemux: 0:00:31.163484520 0xf37ecd80 qtdemux.c:7502:qtdemux_stbl_init:<q> n_samples_per_chunk 1
05-10 00:33:36.723  5448  5522 D GStreamer+qtdemux: 0:00:31.163525457 0xf37ecd80 qtdemux.c:7547:qtdemux_stbl_init:<q> allocating n_samples 299 * 32 (0.01 MB)
05-10 00:33:36.723  5448  5522 D GStreamer+qtdemux: 0:00:31.163583426 0xf37ecd80 qtdemux.c:8085:qtdemux_parse_segments:<q> looking for edit list container
05-10 00:33:36.723  5448  5522 D GStreamer+qtdemux: 0:00:31.163622488 0xf37ecd80 qtdemux.c:8225:qtdemux_parse_segments:<q> created dummy segment 0:00:07.176000000
05-10 00:33:36.723  5448  5522 D GStreamer+qtdemux: 0:00:31.163652697 0xf37ecd80 qtdemux.c:8229:qtdemux_parse_segments:<q> using 1 segments
05-10 00:33:36.723  5448  5522 D GStreamer+qtdemux: 0:00:31.163691082 0xf37ecd80 qtdemux.c:10401:qtdemux_parse_trak:<q> n_streams is now 2
05-10 00:33:36.723  5448  5522 D GStreamer+GST_MEMORY: 0:00:31.163735561 0xf37ecd80 gstmemory.c:87:_gst_memory_free free memory 0xf3ad6400
05-10 00:33:36.723  5448  5522 D GStreamer+basesrc: 0:00:31.163791915 0xf37ecd80 gstbasesrc.c:2355:gst_base_src_update_length:<filesrc0> reading offset 15003229, length 16, size 15003960, segment.stop -1, maxsize 15003960
05-10 00:33:36.723  5448  5522 D GStreamer+basesrc: 0:00:31.163829311 0xf37ecd80 gstbasesrc.c:2456:gst_base_src_get_range:<filesrc0> calling create offset 15003229 length 16, time 0
05-10 00:33:36.723  5448  5522 D GStreamer+GST_MEMORY: 0:00:31.163867436 0xf37ecd80 gstmemory.c:138:gst_memory_init new memory 0xf3ad4e20, maxsize:19 offset:0 size:16
05-10 00:33:36.723  5448  5522 D GStreamer+basesrc: 0:00:31.163906238 0xf37ecd80 gstbasesrc.c:2310:gst_base_src_do_sync:<filesrc0> we have no clock
05-10 00:33:36.723  5448  5522 D GStreamer+basesrc: 0:00:31.163936759 0xf37ecd80 gstbasesrc.c:2520:gst_base_src_get_range:<filesrc0> buffer ok
05-10 00:33:36.723  5448  5522 D GStreamer+qtdemux: 0:00:31.163968478 0xf37ecd80 qtdemux.c:2530:extract_initial_length_and_fourcc length 0x000002db
05-10 00:33:36.723  5448  5522 D GStreamer+qtdemux: 0:00:31.163998478 0xf37ecd80 qtdemux.c:2532:extract_initial_length_and_fourcc atom type uuid
05-10 00:33:36.723  5448  5522 D GStreamer+GST_MEMORY: 0:00:31.164025301 0xf37ecd80 gstmemory.c:87:_gst_memory_free free memory 0xf3ad4e20
05-10 00:33:36.724  5448  5522 D GStreamer+basesrc: 0:00:31.164069624 0xf37ecd80 gstbasesrc.c:2355:gst_base_src_update_length:<filesrc0> reading offset 15003229, length 731, size 15003960, segment.stop -1, maxsize 15003960
05-10 00:33:36.724  5448  5522 D GStreamer+basesrc: 0:00:31.164239207 0xf37ecd80 gstbasesrc.c:2456:gst_base_src_get_range:<filesrc0> calling create offset 15003229 length 731, time 0
05-10 00:33:36.724  5448  5522 D GStreamer+GST_MEMORY: 0:00:31.164312592 0xf37ecd80 gstmemory.c:138:gst_memory_init new memory 0xf3ae4000, maxsize:734 offset:0 size:731
05-10 00:33:36.724  5448  5522 D GStreamer+basesrc: 0:00:31.164384363 0xf37ecd80 gstbasesrc.c:2310:gst_base_src_do_sync:<filesrc0> we have no clock
05-10 00:33:36.724  5448  5522 D GStreamer+basesrc: 0:00:31.164871186 0xf37ecd80 gstbasesrc.c:2520:gst_base_src_get_range:<filesrc0> buffer ok
05-10 00:33:36.725  5448  5522 D GStreamer+GST_MEMORY: 0:00:31.164931707 0xf37ecd80 gstmemory.c:138:gst_memory_init new memory 0xf39d02a0, maxsize:707 offset:0 size:707
05-10 00:33:36.725  5448  5522 I GStreamer+xmp-tags: 0:00:31.165877645 0xf37ecd80 gstxmptag.c:1244:gst_tag_list_from_xmp_buffer xmp header okay
05-10 00:33:36.725  5448  5522 I GStreamer+xmp-tags: 0:00:31.165921863 0xf37ecd80 gstxmptag.c:1280:gst_tag_list_from_xmp_buffer xml: x:xmpmeta xmlns:x="adobe:ns:meta/" x:xmptk="GStreamer"
05-10 00:33:36.725  5448  5522 I GStreamer+xmp-tags: 0:00:31.165952697 0xf37ecd80 gstxmptag.c:1304:gst_tag_list_from_xmp_buffer    : [xmlns:x][adobe:ns:meta/]
05-10 00:33:36.725  5448  5522 I GStreamer+xmp-tags: 0:00:31.165986863 0xf37ecd80 gstxmptag.c:1304:gst_tag_list_from_xmp_buffer    : [x:xmptk][GStreamer]
05-10 00:33:36.725  5448  5522 I GStreamer+xmp-tags: 0:00:31.166026447 0xf37ecd80 gstxmptag.c:1280:gst_tag_list_from_xmp_buffer xml: rdf:RDF xmlns:rdf="http://www.w3.org/1999/02/22-rdf-syntax-ns#" xmlns:dc="http://purl.org/dc/elements/1.1/" xmlns:exif="http://ns.adobe.com/exif/1.0/" xmlns:tiff="http://ns.adobe.com/tiff/1.0/" xmlns:xap="http://ns.adobe.com/xap/1.0/" xmlns:photoshop="http://ns.adobe.com/photoshop/1.0/" xmlns:Iptc4xmpCore="http://iptc.org/std/Iptc4xmpCore/1.0/xmlns/" xmlns:Iptc4xmpExt="http://iptc.org/std/Iptc4xmpExt/2008-02-29/" xmlns:LocationDetails="http://iptc.org/std/Iptc4xmpExt/2008-02-29/LocationDetails/"
05-10 00:33:36.726  5448  5522 I GStreamer+xmp-tags: 0:00:31.166059936 0xf37ecd80 gstxmptag.c:1304:gst_tag_list_from_xmp_buffer    : [xmlns:rdf][http://www.w3.org/1999/02/22-rdf-syntax-ns#]
05-10 00:33:36.726  5448  5522 I GStreamer+xmp-tags: 0:00:31.166089884 0xf37ecd80 gstxmptag.c:1304:gst_tag_list_from_xmp_buffer    : [xmlns:dc][http://purl.org/dc/elements/1.1/]
05-10 00:33:36.726  5448  5522 I GStreamer+xmp-tags: 0:00:31.166135249 0xf37ecd80 gstxmptag.c:1304:gst_tag_list_from_xmp_buffer    : [xmlns:exif][http://ns.adobe.com/exif/1.0/]
05-10 00:33:36.726  5448  5522 I GStreamer+xmp-tags: 0:00:31.166170092 0xf37ecd80 gstxmptag.c:1304:gst_tag_list_from_xmp_buffer    : [xmlns:tiff][http://ns.adobe.com/tiff/1.0/]
05-10 00:33:36.726  5448  5522 I GStreamer+xmp-tags: 0:00:31.166199051 0xf37ecd80 gstxmptag.c:1304:gst_tag_list_from_xmp_buffer    : [xmlns:xap][http://ns.adobe.com/xap/1.0/]
05-10 00:33:36.726  5448  5522 I GStreamer+xmp-tags: 0:00:31.166230457 0xf37ecd80 gstxmptag.c:1304:gst_tag_list_from_xmp_buffer    : [xmlns:photoshop][http://ns.adobe.com/photoshop/1.0/]
05-10 00:33:36.726  5448  5522 I GStreamer+xmp-tags: 0:00:31.166262072 0xf37ecd80 gstxmptag.c:1304:gst_tag_list_from_xmp_buffer    : [xmlns:Iptc4xmpCore][http://iptc.org/std/Iptc4xmpCore/1.0/xmlns/]
05-10 00:33:36.726  5448  5522 I GStreamer+xmp-tags: 0:00:31.166292124 0xf37ecd80 gstxmptag.c:1304:gst_tag_list_from_xmp_buffer    : [xmlns:Iptc4xmpExt][http://iptc.org/std/Iptc4xmpExt/2008-02-29/]
05-10 00:33:36.726  5448  5522 I GStreamer+xmp-tags: 0:00:31.166321967 0xf37ecd80 gstxmptag.c:1304:gst_tag_list_from_xmp_buffer    : [xmlns:LocationDetails][http://iptc.org/std/Iptc4xmpExt/2008-02-29/LocationDetails/]
05-10 00:33:36.726  5448  5522 I GStreamer+xmp-tags: 0:00:31.166352384 0xf37ecd80 gstxmptag.c:1280:gst_tag_list_from_xmp_buffer xml: rdf:Description rdf:about=""
05-10 00:33:36.726  5448  5522 I GStreamer+xmp-tags: 0:00:31.166380405 0xf37ecd80 gstxmptag.c:1304:gst_tag_list_from_xmp_buffer    : [rdf:about][]
05-10 00:33:36.726  5448  5522 I GStreamer+xmp-tags: 0:00:31.166411395 0xf37ecd80 gstxmptag.c:1280:gst_tag_list_from_xmp_buffer xml: /rdf:Description
05-10 00:33:36.726  5448  5522 I GStreamer+xmp-tags: 0:00:31.166441499 0xf37ecd80 gstxmptag.c:1280:gst_tag_list_from_xmp_buffer xml: /rdf:RDF
05-10 00:33:36.726  5448  5522 I GStreamer+xmp-tags: 0:00:31.166470249 0xf37ecd80 gstxmptag.c:1280:gst_tag_list_from_xmp_buffer xml: /x:xmpmeta
05-10 00:33:36.726  5448  5522 D GStreamer+xmp-tags: 0:00:31.166499520 0xf37ecd80 gstxmptag.c:1464:gst_tag_list_from_xmp_buffer Done accumulating tags, now handling them
05-10 00:33:36.726  5448  5522 I GStreamer+xmp-tags: 0:00:31.166527592 0xf37ecd80 gstxmptag.c:1477:gst_tag_list_from_xmp_buffer xmp packet parsed, 0 entries
05-10 00:33:36.726  5448  5522 D GStreamer+GST_MEMORY: 0:00:31.166556759 0xf37ecd80 gstmemory.c:87:_gst_memory_free free memory 0xf39d02a0
05-10 00:33:36.726  5448  5522 D GStreamer+qtdemux: 0:00:31.166601290 0xf37ecd80 qtdemux.c:2435:qtdemux_handle_xmp_taglist:<q> Found XMP tags taglist;
05-10 00:33:36.726  5448  5522 D GStreamer+GST_MEMORY: 0:00:31.166633999 0xf37ecd80 gstmemory.c:87:_gst_memory_free free memory 0xf3ae4000
05-10 00:33:36.726  5448  5522 D GStreamer+basesrc: 0:00:31.166685770 0xf37ecd80 gstbasesrc.c:2355:gst_base_src_update_length:<filesrc0> reading offset 15003960, length 16, size 15003960, segment.stop -1, maxsize 15003960
05-10 00:33:36.726  5448  5522 W GStreamer+basesrc: 0:00:31.166721186 0xf37ecd80 gstbasesrc.c:2396:gst_base_src_update_length:<filesrc0> processing at or past EOS
05-10 00:33:36.726  5448  5522 D GStreamer+basesrc: 0:00:31.166758999 0xf37ecd80 gstbasesrc.c:2593:gst_base_src_get_range:<filesrc0> unexpected length 16 (offset=15003960, size=15003960)
05-10 00:33:36.726  5448  5522 I GStreamer+GST_SCHEDULING: 0:00:31.166793842 0xf37ecd80 gstpad.c:4724:gst_pad_get_range_unchecked:<filesrc0:src> getrange failed, flow: eos
05-10 00:33:36.726  5448  5522 I GStreamer+GST_SCHEDULING: 0:00:31.166830509 0xf37ecd80 gstpad.c:4939:gst_pad_pull_range:<q:sink> pullrange failed, flow: eos
05-10 00:33:36.726  5448  5522 D GStreamer+qtdemux: 0:00:31.166863374 0xf37ecd80 qtdemux.c:10573:qtdemux_prepare_streams:<q> prepare streams
05-10 00:33:36.726  5448  5522 D GStreamer+qtdemux: 0:00:31.166899988 0xf37ecd80 qtdemux.c:10580:qtdemux_prepare_streams:<q> stream 0, id 1, fourcc avc1
05-10 00:33:36.726  5448  5522 D GStreamer+qtdemux: 0:00:31.166932280 0xf37ecd80 qtdemux.c:7675:qtdemux_parse_samples:<q> parsing up to sample 0
05-10 00:33:36.726  5448  5522 D GStreamer+qtdemux: 0:00:31.166974051 0xf37ecd80 qtdemux.c:7882:qtdemux_parse_samples:<q> sample 0: index 0, timestamp 0:00:00.000000000
05-10 00:33:36.726  5448  5522 D GStreamer+qtdemux: 0:00:31.167006134 0xf37ecd80 qtdemux.c:7937:qtdemux_parse_samples:<q> samples at 0 is keyframe
05-10 00:33:36.727  5448  5522 D GStreamer+qtdemux: 0:00:31.167050874 0xf37ecd80 qtdemux.c:10580:qtdemux_prepare_streams:<q> stream 1, id 2, fourcc mp4a
05-10 00:33:36.727  5448  5522 D GStreamer+qtdemux: 0:00:31.167096290 0xf37ecd80 qtdemux.c:7675:qtdemux_parse_samples:<q> parsing up to sample 0
05-10 00:33:36.727  5448  5522 D GStreamer+qtdemux: 0:00:31.167163478 0xf37ecd80 qtdemux.c:7882:qtdemux_parse_samples:<q> sample 0: index 0, timestamp 0:00:00.000000000
05-10 00:33:36.727  5448  5522 D GStreamer+qtdemux: 0:00:31.167196551 0xf37ecd80 qtdemux.c:7982:qtdemux_parse_samples:<q> setting all keyframes
05-10 00:33:36.727  5448  5522 D GStreamer+qtdemux: 0:00:31.167227384 0xf37ecd80 qtdemux.c:10632:qtdemux_expose_streams:<q> exposing streams
05-10 00:33:36.727  5448  5522 D GStreamer+qtdemux: 0:00:31.167264780 0xf37ecd80 qtdemux.c:10640:qtdemux_expose_streams:<q> stream 0, id 1, fourcc avc1
05-10 00:33:36.727  5448  5522 D GStreamer+qtdemux: 0:00:31.167373217 0xf37ecd80 qtdemux.c:7034:gst_qtdemux_configure_stream:<q> Calculating framerate, timescale 3000 gave fps_n 151 fps_d 3
05-10 00:33:36.727  5448  5522 D GStreamer+qtdemux: 0:00:31.167425561 0xf37ecd80 qtdemux.c:7048:gst_qtdemux_configure_stream:<q> video size 1280x1440, target display size 1280x1440
05-10 00:33:36.727  5448  5522 D GStreamer+qtdemux: 0:00:31.167460926 0xf37ecd80 qtdemux.c:7063:gst_qtdemux_configure_stream:<q> setting PAR to 1/1
05-10 00:33:36.727  5448  5522 D GStreamer+GST_PADS: 0:00:31.167690926 0xf37ecd80 gstpad.c:1826:gst_pad_set_event_function_full:<'':video_0> eventfunc for set to 0xdaa97e71
05-10 00:33:36.727  5448  5522 D GStreamer+GST_PADS: 0:00:31.167995822 0xf37ecd80 gstpad.c:1906:gst_pad_set_query_function_full:<'':video_0> queryfunc set to 0xdaa978e1
05-10 00:33:36.728  5448  5522 D GStreamer+GST_PADS: 0:00:31.168060770 0xf37ecd80 gstpad.c:1056:gst_pad_set_active:<'':video_0> activating pad from none
05-10 00:33:36.728  5448  5522 D GStreamer+GST_PADS: 0:00:31.168104207 0xf37ecd80 gstpad.c:972:pre_activate:<'':video_0> setting pad into push mode, unset flushing
05-10 00:33:36.728  5448  5522 D GStreamer+GST_PADS: 0:00:31.168167020 0xf37ecd80 gstpad.c:1198:gst_pad_activate_mode:<'':video_0> activated in push mode
05-10 00:33:36.728  5448  5522 D GStreamer+qtdemux: 0:00:31.168344832 0xf37ecd80 qtdemux.c:7127:gst_qtdemux_configure_stream:<q> setting caps video/x-h264, stream-format=(string)avc, alignment=(string)au, level=(string)4, profile=(string)baseline, codec_data=(buffer)01428028ffe1000a27428028e54028016b2001000528de01ae20, width=(int)1280, height=(int)1440, framerate=(fraction)151/3, pixel-aspect-ratio=(fraction)1/1
05-10 00:33:36.728  5448  5522 I GStreamer+GST_ELEMENT_PADS: 0:00:31.168391499 0xf37ecd80 gstelement.c:907:gst_element_get_static_pad found pad q:sink
05-10 00:33:36.728  5448  5522 D GStreamer+query: 0:00:31.168428738 0xf37ecd80 gstquery.c:674:gst_query_new_custom creating new query 0xf39d0d50 uri
05-10 00:33:36.728  5448  5522 D GStreamer+GST_ELEMENT_PADS: 0:00:31.168459624 0xf37ecd80 gstelement.c:1698:gst_element_query send query on element q
05-10 00:33:36.728  5448  5522 D GStreamer+GST_ELEMENT_PADS: 0:00:31.168487540 0xf37ecd80 gstelement.c:1482:gst_element_get_random_pad getting a random pad
05-10 00:33:36.728  5448  5522 D GStreamer+GST_ELEMENT_PADS: 0:00:31.168516186 0xf37ecd80 gstelement.c:1482:gst_element_get_random_pad getting a random pad
05-10 00:33:36.728  5448  5522 D GStreamer+GST_ELEMENT_PADS: 0:00:31.168546811 0xf37ecd80 gstelement.c:1501:gst_element_get_random_pad checking pad q:sink
05-10 00:33:36.728  5448  5522 D GStreamer+GST_ELEMENT_PADS: 0:00:31.168594624 0xf37ecd80 gstelement.c:1513:gst_element_get_random_pad found pad q:sink
05-10 00:33:36.728  5448  5522 D GStreamer+GST_PADS: 0:00:31.168633374 0xf37ecd80 gstpad.c:3882:gst_pad_query:<filesrc0:src> doing query 0xf39d0d50 (uri)
05-10 00:33:36.728  5448  5522 D GStreamer+basesrc: 0:00:31.168681811 0xf37ecd80 gstbasesrc.c:1296:gst_base_src_default_query:<filesrc0> query uri returns 1
05-10 00:33:36.728  5448  5522 D GStreamer+GST_PADS: 0:00:31.168724572 0xf37ecd80 gstpad.c:3905:gst_pad_query:<filesrc0:src> sent query 0xf39d0d50 (uri), result 1
05-10 00:33:36.728  5448  5522 D GStreamer+GST_EVENT: 0:00:31.168789155 0xf37ecd80 gstevent.c:302:gst_event_new_custom creating new event 0xf3944890 stream-start 10254
05-10 00:33:36.728  5448  5522 D GStreamer+GST_PADS: 0:00:31.168827645 0xf37ecd80 gstpad.c:3813:check_sticky:<'':video_0> pushing all sticky events
05-10 00:33:36.728  5448  5522 D GStreamer+GST_PADS: 0:00:31.168863061 0xf37ecd80 gstpad.c:5266:gst_pad_push_event_unchecked:<'':video_0> Dropping event stream-start because pad is not linked
05-10 00:33:36.728  5448  5522 D GStreamer+GST_PADS: 0:00:31.168894832 0xf37ecd80 gstpad.c:3784:push_sticky:<'':video_0> pad was not linked, mark pending
05-10 00:33:36.728  5448  5522 I GStreamer+GST_EVENT: 0:00:31.169014572 0xf37ecd80 gstevent.c:679:gst_event_new_caps creating caps event video/x-h264, stream-format=(string)avc, alignment=(string)au, level=(string)4, profile=(string)baseline, codec_data=(buffer)01428028ffe1000a27428028e54028016b2001000528de01ae20, width=(int)1280, height=(int)1440, framerate=(fraction)151/3, pixel-aspect-ratio=(fraction)1/1
05-10 00:33:36.729  5448  5522 D GStreamer+GST_EVENT: 0:00:31.169051811 0xf37ecd80 gstevent.c:302:gst_event_new_custom creating new event 0xf39448d8 caps 12814
05-10 00:33:36.729  5448  5522 D GStreamer+GST_PADS: 0:00:31.169095717 0xf37ecd80 gstpad.c:5053:store_sticky_event:<'':video_0> notify caps
05-10 00:33:36.729  5448  5522 D GStreamer+GST_PADS: 0:00:31.169161759 0xf37ecd80 gstpad.c:3813:check_sticky:<'':video_0> pushing all sticky events
05-10 00:33:36.729  5448  5522 D GStreamer+GST_PADS: 0:00:31.169203009 0xf37ecd80 gstpad.c:3745:push_sticky:<'':video_0> event stream-start was already received
05-10 00:33:36.729  5448  5522 D GStreamer+GST_PADS: 0:00:31.169248478 0xf37ecd80 gstpad.c:5266:gst_pad_push_event_unchecked:<'':video_0> Dropping event caps because pad is not linked
05-10 00:33:36.729  5448  5522 D GStreamer+GST_PADS: 0:00:31.169285822 0xf37ecd80 gstpad.c:3784:push_sticky:<'':video_0> pad was not linked, mark pending
05-10 00:33:36.729  5448  5522 D GStreamer+qtdemux: 0:00:31.169338322 0xf37ecd80 qtdemux.c:7243:gst_qtdemux_add_stream:<q> adding pad video_0 0xf3a4b570 to qtdemux 0xf39ae098
05-10 00:33:36.729  5448  5522 I GStreamer+GST_ELEMENT_PADS: 0:00:31.169378009 0xf37ecd80 gstelement.c:659:gst_element_add_pad:<q> adding pad 'video_0'
05-10 00:33:36.729  5448  5522 D GStreamer+GST_REFCOUNTING: 0:00:31.169417436 0xf37ecd80 gstobject.c:692:gst_object_set_parent:<'':video_0> set parent (ref and sink)
05-10 00:33:36.729  5448  5522 I GStreamer+GST_PIPELINE: 0:00:31.169490457 0xf37ecd80 ./grammar.y:518:gst_parse_found_pad trying delayed linking pad  video_0 of GstQTDemux named q to some pad of GstQueue named queue0
05-10 00:33:36.729  5448  5522 I GStreamer+GST_ELEMENT_PADS: 0:00:31.169527697 0xf37ecd80 gstutils.c:1571:gst_element_link_pads_full trying to link element q:video_0 to element queue0:(any)
05-10 00:33:36.729  5448  5522 I GStreamer+GST_ELEMENT_PADS: 0:00:31.169560978 0xf37ecd80 gstelement.c:907:gst_element_get_static_pad found pad q:video_0
05-10 00:33:36.729  5448  5522 D GStreamer+GST_ELEMENT_PADS: 0:00:31.169588790 0xf37ecd80 gstutils.c:1678:gst_element_link_pads_full looping through allowed src and dest pads
05-10 00:33:36.729  5448  5522 D GStreamer+GST_ELEMENT_PADS: 0:00:31.169619051 0xf37ecd80 gstutils.c:1681:gst_element_link_pads_full trying src pad q:video_0
05-10 00:33:36.729  5448  5522 D GStreamer+GST_ELEMENT_PADS: 0:00:31.169649415 0xf37ecd80 gstutils.c:1002:gst_element_get_compatible_pad finding pad in queue0 compatible with q:video_0
05-10 00:33:36.729  5448  5522 I GStreamer+GST_PADS: 0:00:31.169691499 0xf37ecd80 gstutils.c:932:gst_pad_check_link trying to link q:video_0 and queue0:sink
05-10 00:33:36.729  5448  5522 D GStreamer+GST_CAPS: 0:00:31.169730457 0xf37ecd80 gstutils.c:2838:gst_pad_query_caps:<q:video_0> get pad caps with filter (NULL)
