05-10 00:33:36.926  5448  5521 D GStreamer+mpegaudioparse: 0:00:31.366537644 0xf37ecd20 gstmpegaudioparse.c:340:mp3_type_frame_length_from_header:<mpegaudioparse0> samplerate = 24000, bitrate = 48000, version = 2, layer = 3, channels = 1, mode = mono
05-10 00:33:36.926  5448  5519 W GStreamer+structure: 0:00:31.366561655 0xf37ecc60 gststructure.c:1935:priv_gst_structure_append_to_gstring No value transform to serialize field 'pool' of type 'GArray'
05-10 00:33:36.926  5448  5521 D GStreamer+GST_MEMORY: 0:00:31.366580197 0xf37ecd20 gstmemory.c:87:_gst_memory_free free memory 0xf3af5810
05-10 00:33:36.926  5448  5519 D GStreamer+basetransform: 0:00:31.366599259 0xf37ecc60 gstbasetransform.c:1551:gst_base_transform_default_query:<forhalffps> ALLOCATION ret 1, allocation query: 0xf3ad9350, GstQueryAllocation, caps=(GstCaps)"video/x-raw\,\ format\=\(string\)RGBA\,\ width\=\(int\)1280\,\ height\=\(int\)720\,\ interlace-mode\=\(string\)progressive\,\ pixel-aspect-ratio\=\(fraction\)1/1\,\ colorimetry\=\(string\)sRGB\,\ framerate\=\(fraction\)0/1", need-pool=(boolean)true, meta=(GArray)NULL, pool=(GArray)NULL;
05-10 00:33:36.926  5448  5519 D GStreamer+GST_PADS: 0:00:31.366667384 0xf37ecc60 gstpad.c:3905:gst_pad_query:<forhalffps:sink> sent query 0xf3ad9350 (allocation), result 1
05-10 00:33:36.926  5448  5521 D GStreamer+GST_CAPS: 0:00:31.366679936 0xf37ecd20 gstpad.c:2621:gst_pad_has_current_caps:<mpegaudioparse0:src> check current pad caps audio/mpeg, mpegversion=(int)1, mpegaudioversion=(int)2, layer=(int)3, rate=(int)24000, channels=(int)1, parsed=(boolean)true
05-10 00:33:36.926  5448  5526 D GStreamer+amcaudiodec: 0:00:31.366698426 0xf39ddcf0 gstamcaudiodec.c:460:gst_amc_audio_dec_loop:<amcaudiodec-omxgooglemp3decoder0> Got new output format: {channel-count=1, what=1869968451, mime=audio/raw, sample-rate=24000}
05-10 00:33:36.926  5448  5519 D GStreamer+queue_dataflow: 0:00:31.366712592 0xf37ecc60 gstqueue.c:1464:gst_queue_loop:<queue1> queue is empty
05-10 00:33:36.926  5448  5521 D GStreamer+baseparse: 0:00:31.366760822 0xf37ecd20 gstbaseparse.c:944:gst_base_parse_queue_tag_event_update:<mpegaudioparse0> merged   : taglist, audio-codec=(string)"MPEG-1\ Layer\ 3\ \(MP3\)", maximum-bitrate=(uint)48000, bitrate=(uint)48000, language-code=(string)en, has-crc=(boolean)false, channel-mode=(string)mono, nominal-bitrate=(uint)48000;
05-10 00:33:36.926  5448  5526 D GStreamer+audiodecoder: 0:00:31.366774832 0xf39ddcf0 gstaudiodecoder.c:785:gst_audio_decoder_set_output_format:<amcaudiodec-omxgooglemp3decoder0> Setting output format
05-10 00:33:36.926  5448  5521 D GStreamer+GST_EVENT: 0:00:31.366802436 0xf37ecd20 gstevent.c:302:gst_event_new_custom creating new event 0xf39dc790 tag 20510
05-10 00:33:36.926  5448  5526 D GStreamer+amcaudiodec: 0:00:31.366842749 0xf39ddcf0 gstamcaudiodec.c:424:gst_amc_audio_dec_loop:<amcaudiodec-omxgooglemp3decoder0> Waiting for available output buffer
05-10 00:33:36.926  5448  5521 D GStreamer+GST_PADS: 0:00:31.366859988 0xf37ecd20 gstpad.c:3813:check_sticky:<mpegaudioparse0:src> pushing all sticky events
05-10 00:33:36.926  5448  5521 D GStreamer+GST_PADS: 0:00:31.366901030 0xf37ecd20 gstpad.c:3745:push_sticky:<mpegaudioparse0:src> event stream-start was already received
05-10 00:33:36.926  5448  5520 D GStreamer+GST_PADS: 0:00:31.366921447 0xf37eccc0 gstpad.c:3905:gst_pad_query:<queue1:sink> sent query 0xf3ad9350 (allocation), result 1
05-10 00:33:36.926  5448  5521 D GStreamer+GST_PADS: 0:00:31.366946967 0xf37ecd20 gstpad.c:3745:push_sticky:<mpegaudioparse0:src> event caps was already received
05-10 00:33:36.926  5448  5521 D GStreamer+GST_PADS: 0:00:31.366990822 0xf37ecd20 gstpad.c:3745:push_sticky:<mpegaudioparse0:src> event segment was already received
05-10 00:33:36.926  5448  5520 D GStreamer+video-info: 0:00:31.367007436 0xf37eccc0 video-info.c:300:gst_video_info_from_caps parsing caps video/x-raw, format=(string)RGBA, width=(int)1280, height=(int)720, interlace-mode=(string)progressive, pixel-aspect-ratio=(fraction)1/1, colorimetry=(string)sRGB, framerate=(fraction)0/1
05-10 00:33:36.927  5448  5521 D GStreamer+GST_EVENT: 0:00:31.367082488 0xf37ecd20 gstpad.c:5496:gst_pad_send_event_unchecked:<amcaudiodec-omxgooglemp3decoder0:sink> have event type tag event: 0xf39dc790, time 99:99:99.999999999, seq-num 179, GstTagList-stream, taglist=(taglist)"taglist\,\ audio-codec\=\(string\)\"MPEG-1\\\ Layer\\\ 3\\\ \\\(MP3\\\)\"\,\ maximum-bitrate\=\(uint\)48000\,\ bitrate\=\(uint\)48000\,\ language-code\=\(string\)en\,\ has-crc\=\(boolean\)false\,\ channel-mode\=\(string\)mono\,\ nominal-bitrate\=\(uint\)48000\;";
05-10 00:33:36.927  5448  5521 D GStreamer+audiodecoder: 0:00:31.367154676 0xf37ecd20 gstaudiodecoder.c:2327:gst_audio_decoder_sink_event:<amcaudiodec-omxgooglemp3decoder0> received event 20510, tag
05-10 00:33:36.927  5448  5520 W GStreamer+structure: 0:00:31.367166134 0xf37eccc0 gststructure.c:1935:priv_gst_structure_append_to_gstring No value transform to serialize field 'params' of type 'GstAllocationParams'
05-10 00:33:36.927  5448  5520 D GStreamer+videodecoder: 0:00:31.367219572 0xf37eccc0 gstvideodecoder.c:3639:gst_video_decoder_decide_allocation_default:<amcvideodec-omxnvidiah264decode0> setting config GstBufferPoolConfig, caps=(GstCaps)"video/x-raw\,\ format\=\(string\)RGBA\,\ width\=\(int\)1280\,\ height\=\(int\)720\,\ interlace-mode\=\(string\)progressive\,\ pixel-aspect-ratio\=\(fraction\)1/1\,\ colorimetry\=\(string\)sRGB\,\ framerate\=\(fraction\)0/1", size=(uint)3686400, min-buffers=(uint)1, max-buffers=(uint)0, allocator=(GstAllocator)"NULL", params=(GstAllocationParams)NULL, options=(string)< GstBufferPoolOptionGLSyncMeta, GstBufferPoolOptionGLTextureTarget2D >; in pool <glbufferpool1>
05-10 00:33:36.927  5448  5521 I GStreamer+audiodecoder: 0:00:31.367237540 0xf37ecd20 gstaudiodecoder.c:2281:gst_audio_decoder_sink_eventfunc:<amcaudiodec-omxgooglemp3decoder0> upstream stream tags: taglist, audio-codec=(string)"MPEG-1\ Layer\ 3\ \(MP3\)", maximum-bitrate=(uint)48000, bitrate=(uint)48000, language-code=(string)en, has-crc=(boolean)false, channel-mode=(string)mono, nominal-bitrate=(uint)48000;
05-10 00:33:36.927  5448  5520 D GStreamer+video-info: 0:00:31.367288999 0xf37eccc0 video-info.c:300:gst_video_info_from_caps parsing caps video/x-raw, format=(string)RGBA, width=(int)1280, height=(int)720, interlace-mode=(string)progressive, pixel-aspect-ratio=(fraction)1/1, colorimetry=(string)sRGB, framerate=(fraction)0/1
05-10 00:33:36.927  5448  5521 D GStreamer+audiodecoder: 0:00:31.367309988 0xf37ecd20 gstaudiodecoder.c:587:gst_audio_decoder_create_merged_tags_event:<amcaudiodec-omxgooglemp3decoder0> merged   : taglist, audio-codec=(string)"MPEG-1\ Layer\ 3\ \(MP3\)", maximum-bitrate=(uint)48000, bitrate=(uint)48000, language-code=(string)en, has-crc=(boolean)false, channel-mode=(string)mono, nominal-bitrate=(uint)48000;
05-10 00:33:36.927  5448  5521 D GStreamer+GST_EVENT: 0:00:31.367357436 0xf37ecd20 gstevent.c:302:gst_event_new_custom creating new event 0xf39db038 tag 20510
05-10 00:33:36.927  5448  5520 W GStreamer+structure: 0:00:31.367403842 0xf37eccc0 gststructure.c:1935:priv_gst_structure_append_to_gstring No value transform to serialize field 'params' of type 'GstAllocationParams'
05-10 00:33:36.927  5448  5521 D GStreamer+audiodecoder: 0:00:31.367420926 0xf37ecd20 gstaudiodecoder.c:2303:gst_audio_decoder_sink_eventfunc:<amcaudiodec-omxgooglemp3decoder0> Enqueuing event 20510, tag
05-10 00:33:36.927  5448  5520 I GStreamer+structure: 0:00:31.367445717 0xf37eccc0 gststructure.c:3049:gst_structure_get_valist Expected field 'gl-allocation-params' in structure: GstBufferPoolConfig, caps=(GstCaps)"video/x-raw\,\ format\=\(string\)RGBA\,\ width\=\(int\)1280\,\ height\=\(int\)720\,\ interlace-mode\=\(string\)progressive\,\ pixel-aspect-ratio\=\(fraction\)1/1\,\ colorimetry\=\(string\)sRGB\,\ framerate\=\(fraction\)0/1", size=(uint)3686400, min-buffers=(uint)1, max-buffers=(uint)0, allocator=(GstAllocator)"NULL", params=(GstAllocationParams)NULL, options=(string)< GstBufferPoolOptionGLSyncMeta, GstBufferPoolOptionGLTextureTarget2D >;
05-10 00:33:36.927  5448  5521 D GStreamer+GST_PADS: 0:00:31.367468322 0xf37ecd20 gstpad.c:5569:gst_pad_send_event_unchecked:<amcaudiodec-omxgooglemp3decoder0:sink> sent event, ret ok
05-10 00:33:36.927  5448  5521 D GStreamer+GST_PADS: 0:00:31.367518165 0xf37ecd20 gstpad.c:3765:push_sticky:<mpegaudioparse0:src> event tag marked received
05-10 00:33:36.927  5448  5520 W GStreamer+structure: 0:00:31.367551603 0xf37eccc0 gststructure.c:1935:priv_gst_structure_append_to_gstring No value transform to serialize field 'params' of type 'GstAllocationParams'
05-10 00:33:36.927  5448  5521 D GStreamer+GST_PADS: 0:00:31.367562072 0xf37ecd20 gstpad.c:3745:push_sticky:<mpegaudioparse0:src> event tag was already received
05-10 00:33:36.927  5448  5520 D GStreamer+bufferpool: 0:00:31.367588842 0xf37eccc0 gstbufferpool.c:581:default_set_config:<glbufferpool1> config GstBufferPoolConfig, caps=(GstCaps)"video/x-raw\,\ format\=\(string\)RGBA\,\ width\=\(int\)1280\,\ height\=\(int\)720\,\ interlace-mode\=\(string\)progressive\,\ pixel-aspect-ratio\=\(fraction\)1/1\,\ colorimetry\=\(string\)sRGB\,\ framerate\=\(fraction\)0/1", size=(uint)3686400, min-buffers=(uint)1, max-buffers=(uint)0, allocator=(GstAllocator)"NULL", params=(GstAllocationParams)NULL, options=(string)< GstBufferPoolOptionGLSyncMeta, GstBufferPoolOptionGLTextureTarget2D >;
05-10 00:33:36.927  5448  5521 D GStreamer+GST_SCHEDULING: 0:00:31.367642749 0xf37ecd20 gstpad.c:4153:gst_pad_chain_data_unchecked:<amcaudiodec-omxgooglemp3decoder0:sink> calling chainfunction &gst_audio_decoder_chain with buffer buffer: 0xf3ad5b68, pts 0:00:00.024000000, dts 0:00:00.024000000, dur 0:00:00.024000000, size 144, offset 144, offset_end none, flags 0x0
05-10 00:33:36.927  5448  5520 D GStreamer+video-info: 0:00:31.367668478 0xf37eccc0 video-info.c:300:gst_video_info_from_caps parsing caps video/x-raw, format=(string)RGBA, width=(int)1280, height=(int)720, interlace-mode=(string)progressive, pixel-aspect-ratio=(fraction)1/1, colorimetry=(string)sRGB, framerate=(fraction)0/1
05-10 00:33:36.927  5448  5521 D GStreamer+GST_CAPS: 0:00:31.367721342 0xf37ecd20 gstpad.c:2621:gst_pad_has_current_caps:<amcaudiodec-omxgooglemp3decoder0:sink> check current pad caps audio/mpeg, mpegversion=(int)1, mpegaudioversion=(int)2, layer=(int)3, rate=(int)24000, channels=(int)1, parsed=(boolean)true
05-10 00:33:36.927  5448  5520 W GStreamer+structure: 0:00:31.367776811 0xf37eccc0 gststructure.c:1935:priv_gst_structure_append_to_gstring No value transform to serialize field 'meta' of type 'GArray'
05-10 00:33:36.927  5448  5521 D GStreamer+audiodecoder: 0:00:31.367794519 0xf37ecd20 gstaudiodecoder.c:1476:gst_audio_decoder_push_buffers:<amcaudiodec-omxgooglemp3decoder0> available: 144
05-10 00:33:36.927  5448  5520 W GStreamer+structure: 0:00:31.367816030 0xf37eccc0 gststructure.c:1935:priv_gst_structure_append_to_gstring No value transform to serialize field 'pool' of type 'GArray'
05-10 00:33:36.927  5448  5521 D GStreamer+amcaudiodec: 0:00:31.367837853 0xf37ecd20 gstamcaudiodec.c:1050:gst_amc_audio_dec_handle_frame:<amcaudiodec-omxgooglemp3decoder0> Handling frame
05-10 00:33:36.927  5448  5520 W GStreamer+structure: 0:00:31.367859051 0xf37eccc0 gststructure.c:1935:priv_gst_structure_append_to_gstring No value transform to serialize field 'allocator' of type 'GArray'
05-10 00:33:36.927  5448  5520 D GStreamer+videodecoder: 0:00:31.367898165 0xf37eccc0 gstvideodecoder.c:3717:gst_video_decoder_negotiate_pool:<amcvideodec-omxnvidiah264decode0> ALLOCATION (1) params: allocation query: 0xf3ad9350, GstQueryAllocation, caps=(GstCaps)"video/x-raw\,\ format\=\(string\)RGBA\,\ width\=\(int\)1280\,\ height\=\(int\)720\,\ interlace-mode\=\(string\)progressive\,\ pixel-aspect-ratio\=\(fraction\)1/1\,\ colorimetry\=\(string\)sRGB\,\ framerate\=\(fraction\)0/1", need-pool=(boolean)true, meta=(GArray)NULL, pool=(GArray)NULL, allocator=(GArray)NULL;
05-10 00:33:36.927  5448  5520 D GStreamer+videodecoder: 0:00:31.367937905 0xf37eccc0 gstvideodecoder.c:3759:gst_video_decoder_negotiate_pool:<amcvideodec-omxnvidiah264decode0> activate pool <glbufferpool1>
05-10 00:33:36.927  5448  5520 D GStreamer+GST_MEMORY: 0:00:31.367993478 0xf37eccc0 gstmemory.c:138:gst_memory_init new memory 0xf3cb7210, maxsize:3686400 offset:0 size:3686400
05-10 00:33:36.928  5448  5526 D GStreamer+amcaudiodec: 0:00:31.368147697 0xf39ddcf0 gstamcaudiodec.c:491:gst_amc_audio_dec_loop:<amcaudiodec-omxgooglemp3decoder0> Got output buffer at index 0: offset 1058 size 94 time 0 flags 0x00000000
05-10 00:33:36.928  5448  5509 D GStreamer+GST_MEMORY: 0:00:31.368235405 0xf39d0890 gstmemory.c:138:gst_memory_init new memory 0xf3cc9008, maxsize:3686400 offset:0 size:3686400
05-10 00:33:36.928  5448  5526 D GStreamer+audiodecoder: 0:00:31.368251030 0xf39ddcf0 gstaudiodecoder.c:3550:gst_audio_decoder_allocate_output_buffer alloc src buffer
05-10 00:33:36.928  5448  5509 D GStreamer+glbasememory: 0:00:31.368319624 0xf39d0890 gstglbasememory.c:170:gst_gl_base_memory_init new GL buffer memory:0xf3cc9008 size:3686400
05-10 00:33:36.928  5448  5526 D GStreamer+GST_PADS: 0:00:31.368335457 0xf39ddcf0 gstpad.c:1591:gst_pad_check_reconfigure:<amcaudiodec-omxgooglemp3decoder0:src> remove RECONFIGURE flag
05-10 00:33:36.928  5448  5509 D GStreamer+glbuffer: 0:00:31.368361186 0xf39d0890 gstglbuffer.c:103:_gl_buffer_init new GL buffer memory:0xf3cc9008 size:3686400
05-10 00:33:36.928  5448  5526 D GStreamer+audiodecoder: 0:00:31.368419832 0xf39ddcf0 gstaudiodecoder.c:643:gst_audio_decoder_negotiate_default:<amcaudiodec-omxgooglemp3decoder0> setting src caps audio/x-raw, format=(string)S16LE, layout=(string)interleaved, rate=(int)24000, channels=(int)1
05-10 00:33:36.928  5448  5526 D GStreamer+audiodecoder: 0:00:31.368453999 0xf39ddcf0 gstaudiodecoder.c:650:gst_audio_decoder_negotiate_default:<amcaudiodec-omxgooglemp3decoder0> Pushing pending events
05-10 00:33:36.928  5448  5526 D GStreamer+GST_CAPS: 0:00:31.368489155 0xf39ddcf0 gstpad.c:2648:gst_pad_get_current_caps:<amcaudiodec-omxgooglemp3decoder0:src> get current pad caps (NULL)
05-10 00:33:36.928  5448  5526 I GStreamer+GST_EVENT: 0:00:31.368534467 0xf39ddcf0 gstevent.c:679:gst_event_new_caps creating caps event audio/x-raw, format=(string)S16LE, layout=(string)interleaved, rate=(int)24000, channels=(int)1
05-10 00:33:36.928  5448  5526 D GStreamer+GST_EVENT: 0:00:31.368570717 0xf39ddcf0 gstevent.c:302:gst_event_new_custom creating new event 0xf3c7a798 caps 12814
05-10 00:33:36.928  5448  5526 D GStreamer+GST_PADS: 0:00:31.368601603 0xf39ddcf0 gstpad.c:5053:store_sticky_event:<amcaudiodec-omxgooglemp3decoder0:src> notify caps
05-10 00:33:36.928  5448  5526 D GStreamer+GST_PADS: 0:00:31.368646394 0xf39ddcf0 gstpad.c:3813:check_sticky:<amcaudiodec-omxgooglemp3decoder0:src> pushing all sticky events
05-10 00:33:36.928  5448  5526 D GStreamer+GST_PADS: 0:00:31.368682072 0xf39ddcf0 gstpad.c:3745:push_sticky:<amcaudiodec-omxgooglemp3decoder0:src> event stream-start was already received
05-10 00:33:36.928  5448  5526 D GStreamer+GST_PADS: 0:00:31.368717905 0xf39ddcf0 gstpad.c:5053:store_sticky_event:<'':decodepad0> notify caps
05-10 00:33:36.928  5448  5526 D GStreamer+GST_PADS: 0:00:31.368752853 0xf39ddcf0 gstpad.c:3813:check_sticky:<'':decodepad0> pushing all sticky events
05-10 00:33:36.928  5448  5526 D GStreamer+GST_PADS: 0:00:31.368786238 0xf39ddcf0 gstpad.c:3745:push_sticky:<'':decodepad0> event stream-start was already received
05-10 00:33:36.928  5448  5526 D GStreamer+GST_PADS: 0:00:31.368820457 0xf39ddcf0 gstpad.c:3650:do_probe_callbacks:<'':decodepad0> data is passed
05-10 00:33:36.928  5448  5526 D GStreamer+GST_PADS: 0:00:31.368853165 0xf39ddcf0 gstpad.c:3453:probe_hook_marshal:<'':decodepad0> probe returned OK
05-10 00:33:36.928  5448  5526 D GStreamer+GST_PADS: 0:00:31.368887280 0xf39ddcf0 gstpad.c:5266:gst_pad_push_event_unchecked:<'':decodepad0> Dropping event caps because pad is not linked
05-10 00:33:36.928  5448  5526 D GStreamer+GST_PADS: 0:00:31.368919363 0xf39ddcf0 gstpad.c:3784:push_sticky:<'':decodepad0> pad was not linked, mark pending
05-10 00:33:36.928  5448  5526 D GStreamer+decodebin: 0:00:31.368955822 0xf39ddcf0 gstdecodebin2.c:3956:gst_decode_chain_is_complete:<decodebin0> Chain 0xf3a37008 is complete: 1
05-10 00:33:36.928  5448  5526 D GStreamer+decodebin: 0:00:31.368986863 0xf39ddcf0 gstdecodebin2.c:4555:gst_decode_bin_expose:<decodebin0> Exposing currently active chains/groups
05-10 00:33:36.928  5448  5526 D GStreamer+decodebin: 0:00:31.369023686 0xf39ddcf0 gstdecodebin2.c:4661:gst_decode_bin_expose:<decodebin0> About to expose dpad decodepad0 as src_0
05-10 00:33:36.929  5448  5526 D GStreamer+decodebin: 0:00:31.369059207 0xf39ddcf0 gstdecodebin2.c:4531:debug_sticky_event:<'':src_0> sticky event stream-start (0xf3944968)
05-10 00:33:36.929  5448  5526 D GStreamer+decodebin: 0:00:31.369092749 0xf39ddcf0 gstdecodebin2.c:4531:debug_sticky_event:<'':src_0> sticky event caps (0xf3c7a798)
05-10 00:33:36.929  5448  5526 I GStreamer+GST_ELEMENT_PADS: 0:00:31.369138634 0xf39ddcf0 gstelement.c:659:gst_element_add_pad:<decodebin0> adding pad 'src_0'
05-10 00:33:36.929  5448  5520 D GStreamer+glbasememory: 0:00:31.369165144 0xf37eccc0 gstglbasememory.c:170:gst_gl_base_memory_init new GL buffer memory:0xf3cb7210 size:3686400
05-10 00:33:36.929  5448  5526 D GStreamer+GST_REFCOUNTING: 0:00:31.369181655 0xf39ddcf0 gstobject.c:692:gst_object_set_parent:<'':src_0> set parent (ref and sink)
05-10 00:33:36.929  5448  5520 D GStreamer+glbasetexture: 0:00:31.369219519 0xf37eccc0 gstglmemory.c:326:gst_gl_memory_init new GL texture context:<glcontextegl0> memory:0xf3cb7210 target:2D format:4 dimensions:1280x720 stride:5120 size:3686400
05-10 00:33:36.929  5448  5526 I GStreamer+GST_PIPELINE: 0:00:31.369234676 0xf39ddcf0 ./grammar.y:518:gst_parse_found_pad trying delayed linking some pad of GstDecodeBin named decodebin0 to some pad of GstQueue named queue3
05-10 00:33:36.929  5448  5520 D GStreamer+GST_META: 0:00:31.369271342 0xf37eccc0 gstmeta.c:192:gst_meta_register register "GstVideoMeta" implementing "GstVideoMetaAPI" of size 76
05-10 00:33:36.929  5448  5526 I GStreamer+GST_ELEMENT_PADS: 0:00:31.369286863 0xf39ddcf0 gstutils.c:1571:gst_element_link_pads_full trying to link element decodebin0:(any) to element queue3:(any)
05-10 00:33:36.929  5448  5526 D GStreamer+GST_ELEMENT_PADS: 0:00:31.369319259 0xf39ddcf0 gstutils.c:1678:gst_element_link_pads_full looping through allowed src and dest pads
05-10 00:33:36.929  5448  5520 D GStreamer+GST_BUFFER: 0:00:31.369326186 0xf37eccc0 gstbuffer.c:2101:gst_buffer_add_meta alloc metadata 0xf3ad10b4 (GstVideoMeta) of size 76
05-10 00:33:36.929  5448  5526 D GStreamer+GST_ELEMENT_PADS: 0:00:31.369349155 0xf39ddcf0 gstutils.c:1681:gst_element_link_pads_full trying src pad decodebin0:sink
05-10 00:33:36.929  5448  5526 D GStreamer+GST_ELEMENT_PADS: 0:00:31.369381290 0xf39ddcf0 gstutils.c:1681:gst_element_link_pads_full trying src pad decodebin0:src_0
05-10 00:33:36.929  5448  5520 D GStreamer+GST_META: 0:00:31.369399572 0xf37eccc0 gstmeta.c:87:gst_meta_api_type_register register API "GstGLSyncMetaAPI"
05-10 00:33:36.929  5448  5526 D GStreamer+GST_ELEMENT_PADS: 0:00:31.369417384 0xf39ddcf0 gstutils.c:1002:gst_element_get_compatible_pad finding pad in queue3 compatible with decodebin0:src_0
05-10 00:33:36.929  5448  5520 D GStreamer+GST_META: 0:00:31.369453738 0xf37eccc0 gstmeta.c:192:gst_meta_register register "GstGLSyncMeta" implementing "GstGLSyncMetaAPI" of size 52
05-10 00:33:36.929  5448  5526 I GStreamer+GST_PADS: 0:00:31.369468217 0xf39ddcf0 gstutils.c:932:gst_pad_check_link trying to link decodebin0:src_0 and queue3:sink
05-10 00:33:36.929  5448  5520 D GStreamer+GST_BUFFER: 0:00:31.369488999 0xf37eccc0 gstbuffer.c:2101:gst_buffer_add_meta alloc metadata 0xf3cc154c (GstGLSyncMeta) of size 52
05-10 00:33:36.929  5448  5526 D GStreamer+GST_CAPS: 0:00:31.369504051 0xf39ddcf0 gstutils.c:2838:gst_pad_query_caps:<decodebin0:src_0> get pad caps with filter (NULL)
05-10 00:33:36.929  5448  5520 D GStreamer+bufferpool: 0:00:31.369554363 0xf37eccc0 gstbufferpool.c:240:mark_meta_pooled:<glbufferpool1> marking meta 0xf3cc154c as POOLED in buffer 0xf39da030
05-10 00:33:36.929  5448  5526 D GStreamer+query: 0:00:31.369569051 0xf39ddcf0 gstquery.c:674:gst_query_new_custom creating new query 0xf3c7f380 caps
05-10 00:33:36.929  5448  5520 D GStreamer+bufferpool: 0:00:31.369591342 0xf37eccc0 gstbufferpool.c:240:mark_meta_pooled:<glbufferpool1> marking meta 0xf3ad10b4 as POOLED in buffer 0xf39da030
05-10 00:33:36.929  5448  5526 D GStreamer+GST_PADS: 0:00:31.369612905 0xf39ddcf0 gstpad.c:3882:gst_pad_query:<decodebin0:src_0> doing query 0xf3c7f380 (caps)
05-10 00:33:36.929  5448  5520 D GStreamer+GST_BUFFER: 0:00:31.369637384 0xf37eccc0 gstbuffer.c:1303:gst_buffer_is_memory_range_writable idx 0, length -1
05-10 00:33:36.929  5448  5526 D GStreamer+GST_PADS: 0:00:31.369662072 0xf39ddcf0 gstpad.c:3650:do_probe_callbacks:<decodebin0:src_0> data is passed
05-10 00:33:36.929  5448  5520 D GStreamer+videodecoder: 0:00:31.369692228 0xf37eccc0 gstvideodecoder.c:1312:gst_video_decoder_sink_event_default:<amcvideodec-omxnvidiah264decode0> Pushing all pending serialized events before the gap
05-10 00:33:36.929  5448  5526 D GStreamer+GST_CAPS: 0:00:31.369746759 0xf39ddcf0 gstpad.c:3088:gst_pad_query_caps_default:<decodebin0:src_0> query caps caps query: 0xf3c7f380, GstQueryCaps, filter=(GstCaps)"NULL", caps=(GstCaps)"NULL";
05-10 00:33:36.929  5448  5520 D GStreamer+videodecoder: 0:00:31.369792697 0xf37eccc0 gstvideodecoder.c:960:gst_video_decoder_push_event:<amcvideodec-omxnvidiah264decode0> segment time segment start=0:00:00.000000000, offset=0:00:00.000000000, stop=0:00:00.311000000, rate=1.000000, applied_rate=1.000000, flags=0x00, time=0:00:00.000000000, base=0:00:00.000000000, position 0:00:00.000000000, duration 99:99:99.999999999
05-10 00:33:36.929  5448  5526 D GStreamer+GST_PADS: 0:00:31.369808634 0xf39ddcf0 gstutils.c:2599:gst_pad_proxy_query_caps:<decodebin0:src_0> proxying caps query for decodebin0:src_0
05-10 00:33:36.929  5448  5520 D GStreamer+videodecoder: 0:00:31.369833217 0xf37eccc0 gstvideodecoder.c:980:gst_video_decoder_push_event:<amcvideodec-omxnvidiah264decode0> pushing event segment
05-10 00:33:36.929  5448  5526 D GStreamer+GST_PADS: 0:00:31.369868269 0xf39ddcf0 gstpad.c:4009:gst_pad_peer_query:<src_0:proxypad3> peer query 0xf3c7f380 (caps)
05-10 00:33:36.929  5448  5520 D GStreamer+GST_PADS: 0:00:31.369886967 0xf37eccc0 gstpad.c:3813:check_sticky:<amcvideodec-omxnvidiah264decode0:src> pushing all sticky events
05-10 00:33:36.929  5448  5526 D GStreamer+GST_PADS: 0:00:31.369918894 0xf39ddcf0 gstpad.c:3882:gst_pad_query:<amcaudiodec-omxgooglemp3decoder0:src> doing query 0xf3c7f380 (caps)
05-10 00:33:36.929  5448  5520 D GStreamer+GST_PADS: 0:00:31.369946603 0xf37eccc0 gstpad.c:3745:push_sticky:<amcvideodec-omxnvidiah264decode0:src> event stream-start was already received
05-10 00:33:36.929  5448  5526 D GStreamer+GST_PADS: 0:00:31.369974051 0xf39ddcf0 gstpad.c:3650:do_probe_callbacks:<amcaudiodec-omxgooglemp3decoder0:src> data is passed
05-10 00:33:36.929  5448  5520 D GStreamer+GST_PADS: 0:00:31.370004415 0xf37eccc0 gstpad.c:3745:push_sticky:<amcvideodec-omxnvidiah264decode0:src> event caps was already received
05-10 00:33:36.930  5448  5526 D GStreamer+audiodecoder: 0:00:31.370050092 0xf39ddcf0 gstaudiodecoder.c:2883:gst_audio_decoder_src_query:<amcaudiodec-omxgooglemp3decoder0:src> received query caps query: 0xf3c7f380, GstQueryCaps, filter=(GstCaps)"NULL", caps=(GstCaps)"NULL";
05-10 00:33:36.930  5448  5526 D GStreamer+GST_CAPS: 0:00:31.370110457 0xf39ddcf0 gstpad.c:3088:gst_pad_query_caps_default:<amcaudiodec-omxgooglemp3decoder0:src> query caps caps query: 0xf3c7f380, GstQueryCaps, filter=(GstCaps)"NULL", caps=(GstCaps)"NULL";
05-10 00:33:36.930  5448  5526 D GStreamer+GST_CAPS: 0:00:31.370172436 0xf39ddcf0 gstpad.c:3111:gst_pad_query_caps_default:<amcaudiodec-omxgooglemp3decoder0:src> trying pad template caps
05-10 00:33:36.930  5448  5520 D GStreamer+GST_EVENT: 0:00:31.370197228 0xf37eccc0 gstpad.c:5496:gst_pad_send_event_unchecked:<queue1:sink> have event type segment event: 0xf3944a40, time 99:99:99.999999999, seq-num 106, GstEventSegment, segment=(GstSegment)"GstSegment, flags=(GstSegmentFlags)GST_SEGMENT_FLAG_NONE, rate=(double)1, applied-rate=(double)1, format=(GstFormat)GST_FORMAT_TIME, base=(guint64)0, offset=(guint64)0, start=(guint64)0, stop=(guint64)311000000, time=(guint64)0, position=(guint64)0, duration=(guint64)18446744073709551615;";
05-10 00:33:36.930  5448  5526 D GStreamer+GST_CAPS: 0:00:31.370252228 0xf39ddcf0 gstpad.c:3141:gst_pad_query_caps_default:<amcaudiodec-omxgooglemp3decoder0:src> using caps 0xf37476f0 audio/x-raw, rate=(int)[ 1, 2147483647 ], channels=(int)[ 1, 2147483647 ], format=(string)S16LE
05-10 00:33:36.930  5448  5520 D GStreamer+queue: 0:00:31.370296134 0xf37eccc0 gstqueue.c:561:apply_segment:<queue1> configured SEGMENT time segment start=0:00:00.000000000, offset=0:00:00.000000000, stop=0:00:00.311000000, rate=1.000000, applied_rate=1.000000, flags=0x00, time=0:00:00.000000000, base=0:00:00.000000000, position 0:00:00.000000000, duration 99:99:99.999999999
05-10 00:33:36.930  5448  5526 D GStreamer+GST_PADS: 0:00:31.370311342 0xf39ddcf0 gstpad.c:3339:gst_pad_query_default:<amcaudiodec-omxgooglemp3decoder0:src> not forwarding 0xf3c7f380 (caps) query
05-10 00:33:36.930  5448  5526 D GStreamer+GST_PADS: 0:00:31.370355405 0xf39ddcf0 gstpad.c:3905:gst_pad_query:<amcaudiodec-omxgooglemp3decoder0:src> sent query 0xf3c7f380 (caps), result 1
05-10 00:33:36.930  5448  5520 D GStreamer+queue: 0:00:31.370375040 0xf37eccc0 gstqueue.c:561:apply_segment:<queue1> configured SEGMENT time segment start=0:00:00.000000000, offset=0:00:00.000000000, stop=0:00:00.311000000, rate=1.000000, applied_rate=1.000000, flags=0x00, time=0:00:00.000000000, base=0:00:00.000000000, position 0:00:00.000000000, duration 99:99:99.999999999
05-10 00:33:36.930  5448  5526 D GStreamer+default: 0:00:31.370429363 0xf39ddcf0 gstutils.c:2561:query_caps_func:<src_0:proxypad3> intersect with result audio/x-raw, rate=(int)[ 1, 2147483647 ], channels=(int)[ 1, 2147483647 ], format=(string)S16LE
05-10 00:33:36.930  5448  5519 D GStreamer+queue_dataflow: 0:00:31.370442019 0xf37ecc60 gstqueue.c:1476:gst_queue_loop:<queue1> queue is not empty
05-10 00:33:36.930  5448  5520 D GStreamer+GST_PADS: 0:00:31.370458478 0xf37eccc0 gstpad.c:5569:gst_pad_send_event_unchecked:<queue1:sink> sent event, ret ok
05-10 00:33:36.930  5448  5526 D GStreamer+default: 0:00:31.370501134 0xf39ddcf0 gstutils.c:2563:query_caps_func:<src_0:proxypad3> intersected audio/x-raw, rate=(int)[ 1, 2147483647 ], channels=(int)[ 1, 2147483647 ], format=(string)S16LE
05-10 00:33:36.930  5448  5519 D GStreamer+GST_PADS: 0:00:31.370519624 0xf37ecc60 gstpad.c:3813:check_sticky:<queue1:src> pushing all sticky events
05-10 00:33:36.930  5448  5520 D GStreamer+GST_PADS: 0:00:31.370543478 0xf37eccc0 gstpad.c:3765:push_sticky:<amcvideodec-omxnvidiah264decode0:src> event segment marked received
05-10 00:33:36.930  5448  5526 D GStreamer+GST_PADS: 0:00:31.370581655 0xf39ddcf0 gstpad.c:3339:gst_pad_query_default:<decodebin0:src_0> not forwarding 0xf3c7f380 (caps) query
05-10 00:33:36.930  5448  5520 D GStreamer+videodecoder: 0:00:31.370611238 0xf37eccc0 gstvideodecoder.c:980:gst_video_decoder_push_event:<amcvideodec-omxnvidiah264decode0> pushing event tag
05-10 00:33:36.930  5448  5519 D GStreamer+GST_PADS: 0:00:31.370617957 0xf37ecc60 gstpad.c:3745:push_sticky:<queue1:src> event stream-start was already received
05-10 00:33:36.930  5448  5526 D GStreamer+GST_PADS: 0:00:31.370626551 0xf39ddcf0 gstpad.c:3905:gst_pad_query:<decodebin0:src_0> sent query 0xf3c7f380 (caps), result 1
05-10 00:33:36.930  5448  5520 D GStreamer+GST_PADS: 0:00:31.370661759 0xf37eccc0 gstpad.c:3813:check_sticky:<amcvideodec-omxnvidiah264decode0:src> pushing all sticky events
05-10 00:33:36.930  5448  5519 D GStreamer+GST_PADS: 0:00:31.370681238 0xf37ecc60 gstpad.c:3745:push_sticky:<queue1:src> event caps was already received
05-10 00:33:36.930  5448  5526 D GStreamer+GST_CAPS: 0:00:31.370718217 0xf39ddcf0 gstutils.c:2845:gst_pad_query_caps:<decodebin0:src_0> query returned audio/x-raw, rate=(int)[ 1, 2147483647 ], channels=(int)[ 1, 2147483647 ], format=(string)S16LE
05-10 00:33:36.930  5448  5520 D GStreamer+GST_PADS: 0:00:31.370735926 0xf37eccc0 gstpad.c:3745:push_sticky:<amcvideodec-omxnvidiah264decode0:src> event stream-start was already received
05-10 00:33:36.930  5448  5526 D GStreamer+GST_CAPS: 0:00:31.370779103 0xf39ddcf0 gstutils.c:2838:gst_pad_query_caps:<queue3:sink> get pad caps with filter (NULL)
05-10 00:33:36.930  5448  5520 D GStreamer+GST_PADS: 0:00:31.370824467 0xf37eccc0 gstpad.c:3745:push_sticky:<amcvideodec-omxnvidiah264decode0:src> event caps was already received
05-10 00:33:36.930  5448  5526 D GStreamer+query: 0:00:31.370838790 0xf39ddcf0 gstquery.c:674:gst_query_new_custom creating new query 0xf3c7f3b0 caps
05-10 00:33:36.930  5448  5526 D GStreamer+GST_PADS: 0:00:31.370903009 0xf39ddcf0 gstpad.c:3882:gst_pad_query:<queue3:sink> doing query 0xf3c7f3b0 (caps)
05-10 00:33:36.930  5448  5520 D GStreamer+GST_PADS: 0:00:31.370919780 0xf37eccc0 gstpad.c:3745:push_sticky:<amcvideodec-omxnvidiah264decode0:src> event segment was already received
05-10 00:33:36.930  5448  5519 D GStreamer+GST_EVENT: 0:00:31.370936759 0xf37ecc60 gstpad.c:5496:gst_pad_send_event_unchecked:<forhalffps:sink> have event type segment event: 0xf3944a40, time 99:99:99.999999999, seq-num 106, GstEventSegment, segment=(GstSegment)"GstSegment, flags=(GstSegmentFlags)GST_SEGMENT_FLAG_NONE, rate=(double)1, applied-rate=(double)1, format=(GstFormat)GST_FORMAT_TIME, base=(guint64)0, offset=(guint64)0, start=(guint64)0, stop=(guint64)311000000, time=(guint64)0, position=(guint64)0, duration=(guint64)18446744073709551615;";
05-10 00:33:36.930  5448  5526 D GStreamer+GST_CAPS: 0:00:31.370994780 0xf39ddcf0 gstpad.c:3088:gst_pad_query_caps_default:<queue3:sink> query caps caps query: 0xf3c7f3b0, GstQueryCaps, filter=(GstCaps)"NULL", caps=(GstCaps)"NULL";
05-10 00:33:36.931  5448  5519 D GStreamer+GST_PADS: 0:00:31.371022957 0xf37ecc60 gstpad.c:3650:do_probe_callbacks:<forhalffps:sink> data is passed
05-10 00:33:36.931  5448  5520 D GStreamer+GST_EVENT: 0:00:31.371052124 0xf37eccc0 gstpad.c:5496:gst_pad_send_event_unchecked:<queue1:sink> have event type tag event: 0xf39db2c0, time 99:99:99.999999999, seq-num 138, GstTagList-stream, taglist=(taglist)"taglist\,\ video-codec\=\(string\)\"H.264\\\ /\\\ AVC\"\,\ bitrate\=\(uint\)16613441\,\ language-code\=\(string\)en\;";
05-10 00:33:36.931  5448  5526 D GStreamer+GST_PADS: 0:00:31.371068686 0xf39ddcf0 gstutils.c:2599:gst_pad_proxy_query_caps:<queue3:sink> proxying caps query for queue3:sink
05-10 00:33:36.931  5448  5520 D GStreamer+GST_PADS: 0:00:31.371123530 0xf37eccc0 gstpad.c:5569:gst_pad_send_event_unchecked:<queue1:sink> sent event, ret ok
05-10 00:33:36.931  5448  5526 D GStreamer+GST_PADS: 0:00:31.371138582 0xf39ddcf0 gstpad.c:2803:gst_pad_iterate_internal_links_default:<queue3:sink> Making iterator
05-10 00:33:36.931  5448  5520 D GStreamer+GST_PADS: 0:00:31.371170092 0xf37eccc0 gstpad.c:3765:push_sticky:<amcvideodec-omxnvidiah264decode0:src> event tag marked received
05-10 00:33:36.931  5448  5519 D GStreamer+basetransform: 0:00:31.371191447 0xf37ecc60 gstbasetransform.c:1950:gst_base_transform_sink_eventfunc:<forhalffps> received SEGMENT time segment start=0:00:00.000000000, offset=0:00:00.000000000, stop=0:00:00.311000000, rate=1.000000, applied_rate=1.000000, flags=0x00, time=0:00:00.000000000, base=0:00:00.000000000, position 0:00:00.000000000, duration 99:99:99.999999999
05-10 00:33:36.931  5448  5526 D GStreamer+GST_PADS: 0:00:31.371205509 0xf39ddcf0 gstpad.c:4009:gst_pad_peer_query:<queue3:src> peer query 0xf3c7f3b0 (caps)
05-10 00:33:36.931  5448  5520 D GStreamer+videodecoder: 0:00:31.371218790 0xf37eccc0 gstvideodecoder.c:980:gst_video_decoder_push_event:<amcvideodec-omxnvidiah264decode0> pushing event tag
05-10 00:33:36.931  5448  5519 D GStreamer+GST_PADS: 0:00:31.371239936 0xf37ecc60 gstpad.c:3813:check_sticky:<forhalffps:src> pushing all sticky events
05-10 00:33:36.931  5448  5526 D GStreamer+GST_PADS: 0:00:31.371254676 0xf39ddcf0 gstpad.c:3882:gst_pad_query:<autoaudiosink0:sink> doing query 0xf3c7f3b0 (caps)
05-10 00:33:36.931  5448  5520 D GStreamer+GST_PADS: 0:00:31.371279572 0xf37eccc0 gstpad.c:3813:check_sticky:<amcvideodec-omxnvidiah264decode0:src> pushing all sticky events
05-10 00:33:36.931  5448  5519 D GStreamer+GST_PADS: 0:00:31.371311603 0xf37ecc60 gstpad.c:3745:push_sticky:<forhalffps:src> event stream-start was already received
05-10 00:33:36.931  5448  5520 D GStreamer+GST_PADS: 0:00:31.371360092 0xf37eccc0 gstpad.c:3745:push_sticky:<amcvideodec-omxnvidiah264decode0:src> event stream-start was already received
05-10 00:33:36.931  5448  5526 D GStreamer+GST_CAPS: 0:00:31.371375249 0xf39ddcf0 gstpad.c:3088:gst_pad_query_caps_default:<autoaudiosink0:sink> query caps caps query: 0xf3c7f3b0, GstQueryCaps, filter=(GstCaps)"NULL", caps=(GstCaps)"NULL";
05-10 00:33:36.931  5448  5519 D GStreamer+GST_PADS: 0:00:31.371400822 0xf37ecc60 gstpad.c:3745:push_sticky:<forhalffps:src> event caps was already received
05-10 00:33:36.931  5448  5520 D GStreamer+GST_PADS: 0:00:31.371424311 0xf37eccc0 gstpad.c:3745:push_sticky:<amcvideodec-omxnvidiah264decode0:src> event caps was already received
05-10 00:33:36.931  5448  5526 D GStreamer+GST_PADS: 0:00:31.371474728 0xf39ddcf0 gstutils.c:2599:gst_pad_proxy_query_caps:<autoaudiosink0:sink> proxying caps query for autoaudiosink0:sink
05-10 00:33:36.931  5448  5520 D GStreamer+GST_PADS: 0:00:31.371484572 0xf37eccc0 gstpad.c:3745:push_sticky:<amcvideodec-omxnvidiah264decode0:src> event segment was already received
05-10 00:33:36.931  5448  5520 D GStreamer+GST_PADS: 0:00:31.371554415 0xf37eccc0 gstpad.c:3745:push_sticky:<amcvideodec-omxnvidiah264decode0:src> event tag was already received
05-10 00:33:36.931  5448  5526 D GStreamer+GST_PADS: 0:00:31.371569363 0xf39ddcf0 gstpad.c:4009:gst_pad_peer_query:<sink:proxypad2> peer query 0xf3c7f3b0 (caps)
05-10 00:33:36.931  5448  5526 D GStreamer+GST_PADS: 0:00:31.371641655 0xf39ddcf0 gstpad.c:3882:gst_pad_query:<autoaudiosink0-actual-sink-opensles:sink> doing query 0xf3c7f3b0 (caps)
05-10 00:33:36.931  5448  5519 D GStreamer+GST_EVENT: 0:00:31.371658894 0xf37ecc60 gstpad.c:5496:gst_pad_send_event_unchecked:<glimagesinkbin0:sink> have event type segment event: 0xf3944a40, time 99:99:99.999999999, seq-num 106, GstEventSegment, segment=(GstSegment)"GstSegment, flags=(GstSegmentFlags)GST_SEGMENT_FLAG_NONE, rate=(double)1, applied-rate=(double)1, format=(GstFormat)GST_FORMAT_TIME, base=(guint64)0, offset=(guint64)0, start=(guint64)0, stop=(guint64)311000000, time=(guint64)0, position=(guint64)0, duration=(guint64)18446744073709551615;";
05-10 00:33:36.931  5448  5520 D GStreamer+GST_EVENT: 0:00:31.371698634 0xf37eccc0 gstpad.c:5496:gst_pad_send_event_unchecked:<queue1:sink> have event type tag event: 0xf3944ad0, time 99:99:99.999999999, seq-num 108, GstTagList-global, taglist=(taglist)"taglist\,\ datetime\=\(datetime\)2016-05-10T02:46:01Z\,\ container-format\=\(string\)\"ISO\\\ MP4/M4A\"\;";
05-10 00:33:36.931  5448  5519 D GStreamer+GST_PADS: 0:00:31.371712384 0xf37ecc60 gstpad.c:3813:check_sticky:<sink:proxypad0> pushing all sticky events
05-10 00:33:36.931  5448  5526 D GStreamer+GST_PADS: 0:00:31.371727280 0xf39ddcf0 gstpad.c:3905:gst_pad_query:<autoaudiosink0-actual-sink-opensles:sink> sent query 0xf3c7f3b0 (caps), result 1
05-10 00:33:36.931  5448  5520 D GStreamer+GST_PADS: 0:00:31.371751342 0xf37eccc0 gstpad.c:5569:gst_pad_send_event_unchecked:<queue1:sink> sent event, ret ok
05-10 00:33:36.931  5448  5519 D GStreamer+GST_PADS: 0:00:31.371777280 0xf37ecc60 gstpad.c:3745:push_sticky:<sink:proxypad0> event stream-start was already received
05-10 00:33:36.931  5448  5520 D GStreamer+GST_PADS: 0:00:31.371823842 0xf37eccc0 gstpad.c:3765:push_sticky:<amcvideodec-omxnvidiah264decode0:src> event tag marked received
05-10 00:33:36.931  5448  5519 D GStreamer+GST_PADS: 0:00:31.371871186 0xf37ecc60 gstpad.c:3745:push_sticky:<sink:proxypad0> event caps was already received
05-10 00:33:36.931  5448  5520 D GStreamer+videodecoder: 0:00:31.371923582 0xf37eccc0 gstvideodecoder.c:980:gst_video_decoder_push_event:<amcvideodec-omxnvidiah264decode0> pushing event gap
05-10 00:33:36.931  5448  5526 D GStreamer+default: 0:00:31.371940665 0xf39ddcf0 gstutils.c:2561:query_caps_func:<sink:proxypad2> intersect with result audio/x-raw, format=(string){ S16LE, U8LE }, rate=(int){ 8000, 11025, 12000, 16000, 22050, 24000, 32000, 44100 }, channels=(int)[ 1, 2 ], layout=(string)interleaved
05-10 00:33:36.932  5448  5520 D GStreamer+GST_EVENT: 0:00:31.372037436 0xf37eccc0 gstpad.c:5496:gst_pad_send_event_unchecked:<queue1:sink> have event type gap event: 0xf3944b18, time 99:99:99.999999999, seq-num 110, GstEventGap, timestamp=(guint64)0, duration=(guint64)311000000;
05-10 00:33:36.932  5448  5526 D GStreamer+default: 0:00:31.372104363 0xf39ddcf0 gstutils.c:2563:query_caps_func:<sink:proxypad2> intersected audio/x-raw, format=(string){ S16LE, U8LE }, rate=(int){ 8000, 11025, 12000, 16000, 22050, 24000, 32000, 44100 }, channels=(int)[ 1, 2 ], layout=(string)interleaved
05-10 00:33:36.932  5448  5520 D GStreamer+GST_PADS: 0:00:31.372157957 0xf37eccc0 gstpad.c:5569:gst_pad_send_event_unchecked:<queue1:sink> sent event, ret ok
05-10 00:33:36.932  5448  5519 D GStreamer+GST_EVENT: 0:00:31.372163269 0xf37ecc60 gstpad.c:5496:gst_pad_send_event_unchecked:<gluploadelement0:sink> have event type segment event: 0xf3944a40, time 99:99:99.999999999, seq-num 106, GstEventSegment, segment=(GstSegment)"GstSegment, flags=(GstSegmentFlags)GST_SEGMENT_FLAG_NONE, rate=(double)1, applied-rate=(double)1, format=(GstFormat)GST_FORMAT_TIME, base=(guint64)0, offset=(guint64)0, start=(guint64)0, stop=(guint64)311000000, time=(guint64)0, position=(guint64)0, duration=(guint64)18446744073709551615;";
05-10 00:33:36.932  5448  5526 D GStreamer+GST_PADS: 0:00:31.372195561 0xf39ddcf0 gstpad.c:3339:gst_pad_query_default:<autoaudiosink0:sink> not forwarding 0xf3c7f3b0 (caps) query
05-10 00:33:36.932  5448  5520 D GStreamer+GST_PADS: 0:00:31.372220717 0xf37eccc0 gstpad.c:5569:gst_pad_send_event_unchecked:<amcvideodec-omxnvidiah264decode0:sink> sent event, ret ok
05-10 00:33:36.932  5448  5526 D GStreamer+GST_PADS: 0:00:31.372256447 0xf39ddcf0 gstpad.c:3905:gst_pad_query:<autoaudiosink0:sink> sent query 0xf3c7f3b0 (caps), result 1
05-10 00:33:36.932  5448  5519 D GStreamer+basetransform: 0:00:31.372276499 0xf37ecc60 gstbasetransform.c:1950:gst_base_transform_sink_eventfunc:<gluploadelement0> received SEGMENT time segment start=0:00:00.000000000, offset=0:00:00.000000000, stop=0:00:00.311000000, rate=1.000000, applied_rate=1.000000, flags=0x00, time=0:00:00.000000000, base=0:00:00.000000000, position 0:00:00.000000000, duration 99:99:99.999999999
05-10 00:33:36.932  5448  5520 D GStreamer+baseparse: 0:00:31.372293478 0xf37eccc0 gstbaseparse.c:1484:gst_base_parse_sink_event_default:<h264parse0> event handled
05-10 00:33:36.932  5448  5519 D GStreamer+GST_PADS: 0:00:31.372345509 0xf37ecc60 gstpad.c:3813:check_sticky:<gluploadelement0:src> pushing all sticky events
05-10 00:33:36.932  5448  5520 D GStreamer+GST_PADS: 0:00:31.372390353 0xf37eccc0 gstpad.c:5569:gst_pad_send_event_unchecked:<h264parse0:sink> sent event, ret ok
05-10 00:33:36.932  5448  5526 D GStreamer+default: 0:00:31.372412749 0xf39ddcf0 gstutils.c:2561:query_caps_func:<queue3:src> intersect with result audio/x-raw, format=(string){ S16LE, U8LE }, rate=(int){ 8000, 11025, 12000, 16000, 22050, 24000, 32000, 44100 }, channels=(int)[ 1, 2 ], layout=(string)interleaved
05-10 00:33:36.932  5448  5519 D GStreamer+GST_PADS: 0:00:31.372428530 0xf37ecc60 gstpad.c:3745:push_sticky:<gluploadelement0:src> event stream-start was already received
05-10 00:33:36.932  5448  5519 D GStreamer+GST_PADS: 0:00:31.372483217 0xf37ecc60 gstpad.c:3745:push_sticky:<gluploadelement0:src> event caps was already received
05-10 00:33:36.932  5448  5520 D GStreamer+queue: 0:00:31.372557228 0xf37eccc0 gstqueue.c:561:apply_segment:<queue0> configured SEGMENT time segment start=0:00:00.000000000, offset=0:00:00.000000000, stop=0:00:07.199000000, rate=1.000000, applied_rate=1.000000, flags=0x00, time=0:00:00.311000000, base=0:00:00.311000000, position 0:00:00.000000000, duration 99:99:99.999999999
05-10 00:33:36.932  5448  5526 D GStreamer+default: 0:00:31.372582228 0xf39ddcf0 gstutils.c:2563:query_caps_func:<queue3:src> intersected audio/x-raw, format=(string){ S16LE, U8LE }, rate=(int){ 8000, 11025, 12000, 16000, 22050, 24000, 32000, 44100 }, channels=(int)[ 1, 2 ], layout=(string)interleaved
05-10 00:33:36.932  5448  5520 D GStreamer+GST_PADS: 0:00:31.372616863 0xf37eccc0 gstpad.c:3813:check_sticky:<queue0:src> pushing all sticky events
05-10 00:33:36.932  5448  5526 D GStreamer+GST_PADS: 0:00:31.372673738 0xf39ddcf0 gstpad.c:3339:gst_pad_query_default:<queue3:sink> not forwarding 0xf3c7f3b0 (caps) query
05-10 00:33:36.932  5448  5520 D GStreamer+GST_PADS: 0:00:31.372701186 0xf37eccc0 gstpad.c:3745:push_sticky:<queue0:src> event stream-start was already received
05-10 00:33:36.932  5448  5519 D GStreamer+GST_EVENT: 0:00:31.372718686 0xf37ecc60 gstpad.c:5496:gst_pad_send_event_unchecked:<glcolorconvertelement0:sink> have event type segment event: 0xf3944a40, time 99:99:99.999999999, seq-num 106, GstEventSegment, segment=(GstSegment)"GstSegment, flags=(GstSegmentFlags)GST_SEGMENT_FLAG_NONE, rate=(double)1, applied-rate=(double)1, format=(GstFormat)GST_FORMAT_TIME, base=(guint64)0, offset=(guint64)0, start=(guint64)0, stop=(guint64)311000000, time=(guint64)0, position=(guint64)0, duration=(guint64)18446744073709551615;";
05-10 00:33:36.932  5448  5526 D GStreamer+GST_PADS: 0:00:31.372732644 0xf39ddcf0 gstpad.c:3905:gst_pad_query:<queue3:sink> sent query 0xf3c7f3b0 (caps), result 1
05-10 00:33:36.932  5448  5520 D GStreamer+GST_PADS: 0:00:31.372758009 0xf37eccc0 gstpad.c:3745:push_sticky:<queue0:src> event caps was already received
05-10 00:33:36.932  5448  5519 D GStreamer+basetransform: 0:00:31.372834936 0xf37ecc60 gstbasetransform.c:1950:gst_base_transform_sink_eventfunc:<glcolorconvertelement0> received SEGMENT time segment start=0:00:00.000000000, offset=0:00:00.000000000, stop=0:00:00.311000000, rate=1.000000, applied_rate=1.000000, flags=0x00, time=0:00:00.000000000, base=0:00:00.000000000, position 0:00:00.000000000, duration 99:99:99.999999999
05-10 00:33:36.932  5448  5519 D GStreamer+GST_PADS: 0:00:31.372903738 0xf37ecc60 gstpad.c:3813:check_sticky:<glcolorconvertelement0:src> pushing all sticky events
05-10 00:33:36.932  5448  5526 D GStreamer+GST_CAPS: 0:00:31.372940613 0xf39ddcf0 gstutils.c:2845:gst_pad_query_caps:<queue3:sink> query returned audio/x-raw, format=(string){ S16LE, U8LE }, rate=(int){ 8000, 11025, 12000, 16000, 22050, 24000, 32000, 44100 }, channels=(int)[ 1, 2 ], layout=(string)interleaved
05-10 00:33:36.932  5448  5519 D GStreamer+GST_PADS: 0:00:31.372986655 0xf37ecc60 gstpad.c:3745:push_sticky:<glcolorconvertelement0:src> event stream-start was already received
05-10 00:33:36.932  5448  5520 D GStreamer+GST_EVENT: 0:00:31.373012801 0xf37eccc0 gstpad.c:5496:gst_pad_send_event_unchecked:<h264parse0:sink> have event type segment event: 0xf39d68c0, time 99:99:99.999999999, seq-num 116, GstEventSegment, segment=(GstSegment)"GstSegment, flags=(GstSegmentFlags)GST_SEGMENT_FLAG_NONE, rate=(double)1, applied-rate=(double)1, format=(GstFormat)GST_FORMAT_TIME, base=(guint64)311000000, offset=(guint64)0, start=(guint64)0, stop=(guint64)7199000000, time=(guint64)311000000, position=(guint64)0, duration=(guint64)18446744073709551615;";
05-10 00:33:36.932  5448  5526 D GStreamer+GST_ELEMENT_PADS: 0:00:31.373026655 0xf39ddcf0 gstutils.c:1061:gst_element_get_compatible_pad found existing unlinked compatible pad queue3:sink
05-10 00:33:36.933  5448  5519 D GStreamer+GST_PADS: 0:00:31.373068009 0xf37ecc60 gstpad.c:3745:push_sticky:<glcolorconvertelement0:src> event caps was already received
05-10 00:33:36.933  5448  5520 D GStreamer+baseparse: 0:00:31.373087697 0xf37eccc0 gstbaseparse.c:1174:gst_base_parse_sink_event_default:<h264parse0> handling event 17934, segment
05-10 00:33:36.933  5448  5526 I GStreamer+GST_PADS: 0:00:31.373102592 0xf39ddcf0 gstutils.c:1444:prepare_link_maybe_ghosting decodebin0 and queue3 in same bin, no need for ghost pads
05-10 00:33:36.933  5448  5520 D GStreamer+baseparse: 0:00:31.373215874 0xf37eccc0 gstbaseparse.c:1206:gst_base_parse_sink_event_default:<h264parse0> segment time segment start=0:00:00.000000000, offset=0:00:00.000000000, stop=0:00:07.199000000, rate=1.000000, applied_rate=1.000000, flags=0x00, time=0:00:00.311000000, base=0:00:00.311000000, position 0:00:00.000000000, duration 99:99:99.999999999
05-10 00:33:36.933  5448  5526 D GStreamer+GST_BUS: 0:00:31.373264363 0xf39ddcf0 gstbus.c:309:gst_bus_post:<bus3> [msg 0xf3cba800] posting on bus structure-change message: 0xf3cba800, time 99:99:99.999999999, seq-num 182, element 'sink', GstMessageStructureChange, type=(GstStructureChangeType)GST_STRUCTURE_CHANGE_TYPE_PAD_LINK, owner=(GstElement)"\(GstDecodeBin\)\ decodebin0", busy=(boolean)true;
05-10 00:33:36.933  5448  5520 D GStreamer+baseparse: 0:00:31.373274103 0xf37eccc0 gstbaseparse.c:1296:gst_base_parse_sink_event_default:<h264parse0> draining current segment
05-10 00:33:36.933  5448  5519 D GStreamer+GST_EVENT: 0:00:31.373330092 0xf37ecc60 gstpad.c:5496:gst_pad_send_event_unchecked:<glcolorbalance0:sink> have event type segment event: 0xf3944a40, time 99:99:99.999999999, seq-num 106, GstEventSegment, segment=(GstSegment)"GstSegment, flags=(GstSegmentFlags)GST_SEGMENT_FLAG_NONE, rate=(double)1, applied-rate=(double)1, format=(GstFormat)GST_FORMAT_TIME, base=(guint64)0, offset=(guint64)0, start=(guint64)0, stop=(guint64)311000000, time=(guint64)0, position=(guint64)0, duration=(guint64)18446744073709551615;";
05-10 00:33:36.933  5448  5526 D GStreamer+bin: 0:00:31.373346447 0xf39ddcf0 gstbin.c:3528:gst_bin_handle_message_func:<pipeline0> [msg 0xf3cba800] handling child sink message of type structure-change
05-10 00:33:36.933  5448  5520 D GStreamer+baseparse: 0:00:31.373362905 0xf37eccc0 gstbaseparse.c:2677:gst_base_parse_drain:<h264parse0> draining
05-10 00:33:36.933  5448  5526 D GStreamer+bin: 0:00:31.373397592 0xf39ddcf0 gstbin.c:882:find_message:<pipeline0> no message found matching types 00001000
05-10 00:33:36.933  5448  5520 D GStreamer+baseparse: 0:00:31.373422905 0xf37eccc0 gstbaseparse.c:1484:gst_base_parse_sink_event_default:<h264parse0> event handled
05-10 00:33:36.933  5448  5526 D GStreamer+bin: 0:00:31.373445613 0xf39ddcf0 gstbin.c:889:find_message:<pipeline0>   structure-change
05-10 00:33:36.933  5448  5519 D GStreamer+basetransform: 0:00:31.373456551 0xf37ecc60 gstbasetransform.c:1950:gst_base_transform_sink_eventfunc:<glcolorbalance0> received SEGMENT time segment start=0:00:00.000000000, offset=0:00:00.000000000, stop=0:00:00.311000000, rate=1.000000, applied_rate=1.000000, flags=0x00, time=0:00:00.000000000, base=0:00:00.000000000, position 0:00:00.000000000, duration 99:99:99.999999999
05-10 00:33:36.933  5448  5520 D GStreamer+GST_PADS: 0:00:31.373476863 0xf37eccc0 gstpad.c:5569:gst_pad_send_event_unchecked:<h264parse0:sink> sent event, ret ok
05-10 00:33:36.933  5448  5526 D GStreamer+bin: 0:00:31.373504988 0xf39ddcf0 gstbin.c:929:bin_replace_message:<pipeline0> got new message 0xf3cba800, structure-change from sink
05-10 00:33:36.933  5448  5519 D GStreamer+GST_PADS: 0:00:31.373523374 0xf37ecc60 gstpad.c:3813:check_sticky:<glcolorbalance0:src> pushing all sticky events
05-10 00:33:36.933  5448  5520 D GStreamer+GST_PADS: 0:00:31.373534936 0xf37eccc0 gstpad.c:3765:push_sticky:<queue0:src> event segment marked received
05-10 00:33:36.933  5448  5526 D GStreamer+GST_BUS: 0:00:31.373555717 0xf39ddcf0 gstbus.c:344:gst_bus_post:<bus3> [msg 0xf3cba800] dropped
05-10 00:33:36.933  5448  5519 D GStreamer+GST_PADS: 0:00:31.373571186 0xf37ecc60 gstpad.c:3745:push_sticky:<glcolorbalance0:src> event stream-start was already received
05-10 00:33:36.933  5448  5520 D GStreamer+GST_PADS: 0:00:31.373584311 0xf37eccc0 gstpad.c:3745:push_sticky:<queue0:src> event tag was already received
05-10 00:33:36.933  5448  5526 I GStreamer+GST_PADS: 0:00:31.373599884 0xf39ddcf0 gstpad.c:2292:gst_pad_link_prepare trying to link decodebin0:src_0 and queue3:sink
05-10 00:33:36.933  5448  5519 D GStreamer+GST_PADS: 0:00:31.373613165 0xf37ecc60 gstpad.c:3745:push_sticky:<glcolorbalance0:src> event caps was already received
05-10 00:33:36.933  5448  5520 D GStreamer+GST_PADS: 0:00:31.373632540 0xf37eccc0 gstpad.c:3745:push_sticky:<queue0:src> event tag was already received
05-10 00:33:36.933  5448  5526 D GStreamer+GST_CAPS: 0:00:31.373646186 0xf39ddcf0 gstutils.c:2838:gst_pad_query_caps:<decodebin0:src_0> get pad caps with filter (NULL)
05-10 00:33:36.933  5448  5526 D GStreamer+query: 0:00:31.373724363 0xf39ddcf0 gstquery.c:674:gst_query_new_custom creating new query 0xf3cca800 caps
05-10 00:33:36.933  5448  5520 D GStreamer+GST_SCHEDULING: 0:00:31.373740405 0xf37eccc0 gstpad.c:4153:gst_pad_chain_data_unchecked:<h264parse0:sink> calling chainfunction &gst_base_parse_chain with buffer buffer: 0xf3af50d8, pts 0:00:00.000000000, dts 0:00:00.000000000, dur 0:00:00.043333333, size 45527, offset none, offset_end none, flags 0x40
