05-10 00:33:36.795  5448  5522 D GStreamer+GST_SCHEDULING: 0:00:31.235457957 0xf37ecd80 gstpad.c:4153:gst_pad_chain_data_unchecked:<queue0:sink> calling chainfunction &gst_queue_chain with buffer buffer: 0xf3b1ab58, pts 0:00:00.179000000, dts 0:00:00.179000000, dur 0:00:00.020000000, size 43458, offset none, offset_end none, flags 0x0
05-10 00:33:36.795  5448  5521 D GStreamer+structure: 0:00:31.235477957 0xf37ecd20 gststructure.c:2367:gst_structure_parse_value trying type name 'int'
05-10 00:33:36.795  5448  5520 D GStreamer+basetransform: 0:00:31.235532697 0xf37eccc0 gstbasetransform.c:751:gst_base_transform_query_caps:<glcolorconvertelement0:sink> intersected video/x-raw(memory:GLMemory), width=(int)[ 1, 2147483647 ], height=(int)[ 1, 2147483647 ], framerate=(fraction)[ 0/1, 2147483647/1 ], format=(string)RGBA, texture-target=(string)2D
05-10 00:33:36.795  5448  5522 D GStreamer+GST_SCHEDULING: 0:00:31.235539988 0xf37ecd80 gstpad.c:4159:gst_pad_chain_data_unchecked:<queue0:sink> called chainfunction &gst_queue_chain with buffer 0xf3b1ab58, returned ok
05-10 00:33:36.795  5448  5520 D GStreamer+basetransform: 0:00:31.235578582 0xf37eccc0 gstbasetransform.c:533:gst_base_transform_transform_caps:<glcolorconvertelement0> transform caps (direction = 1)
05-10 00:33:36.795  5448  5522 D GStreamer+qtdemux: 0:00:31.235595301 0xf37ecd80 qtdemux.c:7675:qtdemux_parse_samples:<q> parsing up to sample 9
05-10 00:33:36.795  5448  5522 D GStreamer+qtdemux: 0:00:31.235655301 0xf37ecd80 qtdemux.c:7882:qtdemux_parse_samples:<q> sample 9: index 0, timestamp 0:00:00.199000000
05-10 00:33:36.795  5448  5522 D GStreamer+qtdemux: 0:00:31.235700092 0xf37ecd80 qtdemux.c:7937:qtdemux_parse_samples:<q> samples at 9 is keyframe
05-10 00:33:36.795  5448  5520 D GStreamer+basetransform: 0:00:31.235757332 0xf37eccc0 gstbasetransform.c:560:gst_base_transform_transform_caps:<glcolorconvertelement0> to: video/x-raw(memory:GLMemory), format=(string){ RGBA, BGRA, RGBx, BGRx, ARGB, ABGR, xRGB, xBGR, RGB, BGR, RGB16, BGR16, AYUV, I420, YV12, NV12, NV21, YUY2, UYVY, Y41B, Y42B, Y444, GRAY8, GRAY16_LE, GRAY16_BE }, width=(int)[ 1, 2147483647 ], height=(int)[ 1, 2147483647 ], framerate=(fraction)[ 0/1, 2147483647/1 ], texture-target=(string){ 2D, rectangle, external-oes }
05-10 00:33:36.795  5448  5522 D GStreamer+qtdemux: 0:00:31.235777384 0xf37ecd80 qtdemux.c:5197:gst_qtdemux_loop_state_movie:<q> pushing from stream 1, empty 0 offset 473883, size 144, dts=0:00:00.504000000, pts=0:00:00.504000000, duration 0:00:00.024000000
05-10 00:33:36.795  5448  5522 D GStreamer+basesrc: 0:00:31.235826707 0xf37ecd80 gstbasesrc.c:2355:gst_base_src_update_length:<filesrc0> reading offset 473883, length 144, size 15003960, segment.stop -1, maxsize 15003960
05-10 00:33:36.795  5448  5521 D GStreamer+GST_ELEMENT_FACTORY: 0:00:31.235839936 0xf37ecd20 gstelementfactory.c:848:gst_element_factory_list_filter Trying amcauddec-omxgoogleamrwbdecoder
05-10 00:33:36.795  5448  5522 D GStreamer+basesrc: 0:00:31.235863842 0xf37ecd80 gstbasesrc.c:2456:gst_base_src_get_range:<filesrc0> calling create offset 473883 length 144, time 0
05-10 00:33:36.795  5448  5521 D GStreamer+structure: 0:00:31.235875665 0xf37ecd20 gststructure.c:2316:gst_structure_parse_field trying field name 'rate'
05-10 00:33:36.795  5448  5522 D GStreamer+GST_MEMORY: 0:00:31.235919572 0xf37ecd80 gstmemory.c:138:gst_memory_init new memory 0xf3b034c0, maxsize:147 offset:0 size:144
05-10 00:33:36.795  5448  5522 D GStreamer+basesrc: 0:00:31.235969884 0xf37ecd80 gstbasesrc.c:2310:gst_base_src_do_sync:<filesrc0> we have no clock
05-10 00:33:36.795  5448  5520 D GStreamer+basetransform: 0:00:31.236002436 0xf37eccc0 gstbasetransform.c:759:gst_base_transform_query_caps:<glcolorconvertelement0:sink> transformed  video/x-raw(memory:GLMemory), format=(string){ RGBA, BGRA, RGBx, BGRx, ARGB, ABGR, xRGB, xBGR, RGB, BGR, RGB16, BGR16, AYUV, I420, YV12, NV12, NV21, YUY2, UYVY, Y41B, Y42B, Y444, GRAY8, GRAY16_LE, GRAY16_BE }, width=(int)[ 1, 2147483647 ], height=(int)[ 1, 2147483647 ], framerate=(fraction)[ 0/1, 2147483647/1 ], texture-target=(string){ 2D, rectangle, external-oes }
05-10 00:33:36.795  5448  5522 D GStreamer+basesrc: 0:00:31.236019728 0xf37ecd80 gstbasesrc.c:2520:gst_base_src_get_range:<filesrc0> buffer ok
05-10 00:33:36.796  5448  5522 D GStreamer+GST_SCHEDULING: 0:00:31.236130457 0xf37ecd80 gstpad.c:4153:gst_pad_chain_data_unchecked:<queue2:sink> calling chainfunction &gst_queue_chain with buffer buffer: 0xf3b1abf8, pts 0:00:00.504000000, dts 0:00:00.504000000, dur 0:00:00.024000000, size 144, offset none, offset_end none, flags 0x0
05-10 00:33:36.796  5448  5521 D GStreamer+structure: 0:00:31.236214728 0xf37ecd20 gststructure.c:2367:gst_structure_parse_value trying type name 'int'
05-10 00:33:36.796  5448  5522 D GStreamer+GST_SCHEDULING: 0:00:31.236221342 0xf37ecd80 gstpad.c:4159:gst_pad_chain_data_unchecked:<queue2:sink> called chainfunction &gst_queue_chain with buffer 0xf3b1abf8, returned ok
05-10 00:33:36.796  5448  5521 D GStreamer+structure: 0:00:31.236252645 0xf37ecd20 gststructure.c:2316:gst_structure_parse_field trying field name 'channels'
05-10 00:33:36.796  5448  5522 D GStreamer+qtdemux: 0:00:31.236262384 0xf37ecd80 qtdemux.c:7675:qtdemux_parse_samples:<q> parsing up to sample 22
05-10 00:33:36.796  5448  5521 D GStreamer+structure: 0:00:31.236281395 0xf37ecd20 gststructure.c:2367:gst_structure_parse_value trying type name 'int'
05-10 00:33:36.796  5448  5522 D GStreamer+qtdemux: 0:00:31.236309832 0xf37ecd80 qtdemux.c:7882:qtdemux_parse_samples:<q> sample 22: index 22, timestamp 0:00:00.528000000
05-10 00:33:36.796  5448  5521 D GStreamer+GST_ELEMENT_FACTORY: 0:00:31.236321759 0xf37ecd20 gstelementfactory.c:848:gst_element_factory_list_filter Trying amcauddec-omxgooglemp3decoder
05-10 00:33:36.796  5448  5522 D GStreamer+qtdemux: 0:00:31.236343426 0xf37ecd80 qtdemux.c:7982:qtdemux_parse_samples:<q> setting all keyframes
05-10 00:33:36.796  5448  5521 D GStreamer+structure: 0:00:31.236356603 0xf37ecd20 gststructure.c:2316:gst_structure_parse_field trying field name 'mpegversion'
05-10 00:33:36.796  5448  5521 D GStreamer+structure: 0:00:31.236388009 0xf37ecd20 gststructure.c:2367:gst_structure_parse_value trying type name 'int'
05-10 00:33:36.796  5448  5522 D GStreamer+qtdemux: 0:00:31.236408895 0xf37ecd80 qtdemux.c:5197:gst_qtdemux_loop_state_movie:<q> pushing from stream 0, empty 0 offset 430637, size 43246, dts=0:00:00.199000000, pts=0:00:00.199000000, duration 0:00:00.019666666
05-10 00:33:36.796  5448  5521 D GStreamer+structure: 0:00:31.236420978 0xf37ecd20 gststructure.c:2316:gst_structure_parse_field trying field name 'layer'
05-10 00:33:36.796  5448  5521 D GStreamer+structure: 0:00:31.236456811 0xf37ecd20 gststructure.c:2367:gst_structure_parse_value trying type name 'int'
05-10 00:33:36.796  5448  5522 D GStreamer+basesrc: 0:00:31.236475613 0xf37ecd80 gstbasesrc.c:2355:gst_base_src_update_length:<filesrc0> reading offset 430637, length 43246, size 15003960, segment.stop -1, maxsize 15003960
05-10 00:33:36.796  5448  5521 D GStreamer+structure: 0:00:31.236491082 0xf37ecd20 gststructure.c:2316:gst_structure_parse_field trying field name 'rate'
05-10 00:33:36.796  5448  5522 D GStreamer+basesrc: 0:00:31.236522228 0xf37ecd80 gstbasesrc.c:2456:gst_base_src_get_range:<filesrc0> calling create offset 430637 length 43246, time 0
05-10 00:33:36.796  5448  5520 D GStreamer+basetransform: 0:00:31.236560665 0xf37eccc0 gstbasetransform.c:766:gst_base_transform_query_caps:<glcolorconvertelement0:sink> our template  video/x-raw(memory:GLMemory), format=(string){ RGBA, RGB, RGBx, BGR, BGRx, BGRA, xRGB, xBGR, ARGB, ABGR, Y444, I420, YV12, Y42B, Y41B, NV12, NV21, YUY2, UYVY, AYUV, GRAY8, GRAY16_LE, GRAY16_BE, RGB16, BGR16 }, width=(int)[ 1, 2147483647 ], height=(int)[ 1, 2147483647 ], framerate=(fraction)[ 0/1, 2147483647/1 ], texture-target=(string){ 2D, rectangle, external-oes }; video/x-raw(memory:GLMemory, meta:GstVideoOverlayComposition), format=(string){ RGBA, RGB, RGBx, BGR, BGRx, BGRA, xRGB, xBGR, ARGB, ABGR, Y444, I420, YV12, Y42B, Y41B, NV12, NV21, YUY2, UYVY, AYUV, GRAY8, GRAY16_LE, GRAY16_BE, RGB16, BGR16 }, width=(int)[ 1, 2147483647 ], height=(int)[ 1, 2147483647 ], framerate=(fraction)[ 0/1, 2147483647/1 ], texture-target=(string){ 2D, rectangle, external-oes }
05-10 00:33:36.796  5448  5522 D GStreamer+GST_MEMORY: 0:00:31.236575822 0xf37ecd80 gstmemory.c:138:gst_memory_init new memory 0xf3b63800, maxsize:43249 offset:0 size:43246
05-10 00:33:36.796  5448  5522 D GStreamer+basesrc: 0:00:31.236653947 0xf37ecd80 gstbasesrc.c:2310:gst_base_src_do_sync:<filesrc0> we have no clock
05-10 00:33:36.796  5448  5522 D GStreamer+basesrc: 0:00:31.236692697 0xf37ecd80 gstbasesrc.c:2520:gst_base_src_get_range:<filesrc0> buffer ok
05-10 00:33:36.796  5448  5522 D GStreamer+GST_SCHEDULING: 0:00:31.236789207 0xf37ecd80 gstpad.c:4153:gst_pad_chain_data_unchecked:<queue0:sink> calling chainfunction &gst_queue_chain with buffer buffer: 0xf3b1ac98, pts 0:00:00.199000000, dts 0:00:00.199000000, dur 0:00:00.019666666, size 43246, offset none, offset_end none, flags 0x0
05-10 00:33:36.796  5448  5520 D GStreamer+basetransform: 0:00:31.236838217 0xf37eccc0 gstbasetransform.c:769:gst_base_transform_query_caps:<glcolorconvertelement0:sink> intersected video/x-raw(memory:GLMemory), format=(string){ RGBA, BGRA, RGBx, BGRx, ARGB, ABGR, xRGB, xBGR, RGB, BGR, RGB16, BGR16, AYUV, I420, YV12, NV12, NV21, YUY2, UYVY, Y41B, Y42B, Y444, GRAY8, GRAY16_LE, GRAY16_BE }, width=(int)[ 1, 2147483647 ], height=(int)[ 1, 2147483647 ], framerate=(fraction)[ 0/1, 2147483647/1 ], texture-target=(string){ 2D, rectangle, external-oes }
05-10 00:33:36.796  5448  5522 D GStreamer+GST_SCHEDULING: 0:00:31.236847488 0xf37ecd80 gstpad.c:4159:gst_pad_chain_data_unchecked:<queue0:sink> called chainfunction &gst_queue_chain with buffer 0xf3b1ac98, returned ok
05-10 00:33:36.796  5448  5522 D GStreamer+qtdemux: 0:00:31.236886863 0xf37ecd80 qtdemux.c:7675:qtdemux_parse_samples:<q> parsing up to sample 10
05-10 00:33:36.796  5448  5522 D GStreamer+qtdemux: 0:00:31.236947072 0xf37ecd80 qtdemux.c:7882:qtdemux_parse_samples:<q> sample 10: index 0, timestamp 0:00:00.218666666
05-10 00:33:36.796  5448  5522 D GStreamer+qtdemux: 0:00:31.236995717 0xf37ecd80 qtdemux.c:7937:qtdemux_parse_samples:<q> samples at 10 is keyframe
05-10 00:33:36.796  5448  5520 D GStreamer+basetransform: 0:00:31.237010405 0xf37eccc0 gstbasetransform.c:793:gst_base_transform_query_caps:<glcolorconvertelement0> returning  video/x-raw(memory:GLMemory), width=(int)[ 1, 2147483647 ], height=(int)[ 1, 2147483647 ], framerate=(fraction)[ 0/1, 2147483647/1 ], format=(string)RGBA, texture-target=(string)2D; video/x-raw(memory:GLMemory), format=(string){ RGBA, BGRA, RGBx, BGRx, ARGB, ABGR, xRGB, xBGR, RGB, BGR, RGB16, BGR16, AYUV, I420, YV12, NV12, NV21, YUY2, UYVY, Y41B, Y42B, Y444, GRAY8, GRAY16_LE, GRAY16_BE }, width=(int)[ 1, 2147483647 ], height=(int)[ 1, 2147483647 ], framerate=(fraction)[ 0/1, 2147483647/1 ], texture-target=(string){ 2D, rectangle, external-oes }
05-10 00:33:36.797  5448  5520 D GStreamer+GST_PADS: 0:00:31.237065926 0xf37eccc0 gstpad.c:3905:gst_pad_query:<glcolorconvertelement0:sink> sent query 0xf39ff3b0 (caps), result 1
05-10 00:33:36.797  5448  5522 D GStreamer+qtdemux: 0:00:31.237084207 0xf37ecd80 qtdemux.c:5197:gst_qtdemux_loop_state_movie:<q> pushing from stream 1, empty 0 offset 517250, size 144, dts=0:00:00.528000000, pts=0:00:00.528000000, duration 0:00:00.024000000
05-10 00:33:36.797  5448  5522 D GStreamer+basesrc: 0:00:31.237148947 0xf37ecd80 gstbasesrc.c:2355:gst_base_src_update_length:<filesrc0> reading offset 517250, length 144, size 15003960, segment.stop -1, maxsize 15003960
05-10 00:33:36.797  5448  5522 D GStreamer+basesrc: 0:00:31.237204780 0xf37ecd80 gstbasesrc.c:2456:gst_base_src_get_range:<filesrc0> calling create offset 517250 length 144, time 0
05-10 00:33:36.797  5448  5520 D GStreamer+GST_CAPS: 0:00:31.237231915 0xf37eccc0 gstutils.c:2891:gst_pad_peer_query_caps:<gluploadelement0:src> peer query returned video/x-raw(memory:GLMemory), width=(int)[ 1, 2147483647 ], height=(int)[ 1, 2147483647 ], framerate=(fraction)[ 0/1, 2147483647/1 ], format=(string)RGBA, texture-target=(string)2D; video/x-raw(memory:GLMemory), format=(string){ RGBA, BGRA, RGBx, BGRx, ARGB, ABGR, xRGB, xBGR, RGB, BGR, RGB16, BGR16, AYUV, I420, YV12, NV12, NV21, YUY2, UYVY, Y41B, Y42B, Y444, GRAY8, GRAY16_LE, GRAY16_BE }, width=(int)[ 1, 2147483647 ], height=(int)[ 1, 2147483647 ], framerate=(fraction)[ 0/1, 2147483647/1 ], texture-target=(string){ 2D, rectangle, external-oes }
05-10 00:33:36.797  5448  5522 D GStreamer+GST_MEMORY: 0:00:31.237256759 0xf37ecd80 gstmemory.c:138:gst_memory_init new memory 0xf3b035a8, maxsize:147 offset:0 size:144
05-10 00:33:36.797  5448  5522 D GStreamer+basesrc: 0:00:31.237300770 0xf37ecd80 gstbasesrc.c:2310:gst_base_src_do_sync:<filesrc0> we have no clock
05-10 00:33:36.797  5448  5522 D GStreamer+basesrc: 0:00:31.237338999 0xf37ecd80 gstbasesrc.c:2520:gst_base_src_get_range:<filesrc0> buffer ok
05-10 00:33:36.797  5448  5520 D GStreamer+basetransform: 0:00:31.237385301 0xf37eccc0 gstbasetransform.c:746:gst_base_transform_query_caps:<gluploadelement0:sink> peer caps  video/x-raw(memory:GLMemory), width=(int)[ 1, 2147483647 ], height=(int)[ 1, 2147483647 ], framerate=(fraction)[ 0/1, 2147483647/1 ], format=(string)RGBA, texture-target=(string)2D; video/x-raw(memory:GLMemory), format=(string){ RGBA, BGRA, RGBx, BGRx, ARGB, ABGR, xRGB, xBGR, RGB, BGR, RGB16, BGR16, AYUV, I420, YV12, NV12, NV21, YUY2, UYVY, Y41B, Y42B, Y444, GRAY8, GRAY16_LE, GRAY16_BE }, width=(int)[ 1, 2147483647 ], height=(int)[ 1, 2147483647 ], framerate=(fraction)[ 0/1, 2147483647/1 ], texture-target=(string){ 2D, rectangle, external-oes }
05-10 00:33:36.797  5448  5522 D GStreamer+GST_SCHEDULING: 0:00:31.237430457 0xf37ecd80 gstpad.c:4153:gst_pad_chain_data_unchecked:<queue2:sink> calling chainfunction &gst_queue_chain with buffer buffer: 0xf3b1ad38, pts 0:00:00.528000000, dts 0:00:00.528000000, dur 0:00:00.024000000, size 144, offset none, offset_end none, flags 0x0
05-10 00:33:36.797  5448  5520 D GStreamer+basetransform: 0:00:31.237440197 0xf37eccc0 gstbasetransform.c:749:gst_base_transform_query_caps:<gluploadelement0:sink> our template  video/x-raw(ANY)
05-10 00:33:36.797  5448  5522 D GStreamer+GST_SCHEDULING: 0:00:31.237482749 0xf37ecd80 gstpad.c:4159:gst_pad_chain_data_unchecked:<queue2:sink> called chainfunction &gst_queue_chain with buffer 0xf3b1ad38, returned ok
05-10 00:33:36.797  5448  5522 D GStreamer+qtdemux: 0:00:31.237531655 0xf37ecd80 qtdemux.c:7675:qtdemux_parse_samples:<q> parsing up to sample 23
05-10 00:33:36.797  5448  5522 D GStreamer+qtdemux: 0:00:31.237598738 0xf37ecd80 qtdemux.c:7882:qtdemux_parse_samples:<q> sample 23: index 23, timestamp 0:00:00.552000000
05-10 00:33:36.797  5448  5520 D GStreamer+basetransform: 0:00:31.237624363 0xf37eccc0 gstbasetransform.c:751:gst_base_transform_query_caps:<gluploadelement0:sink> intersected video/x-raw(memory:GLMemory), width=(int)[ 1, 2147483647 ], height=(int)[ 1, 2147483647 ], framerate=(fraction)[ 0/1, 2147483647/1 ], format=(string)RGBA, texture-target=(string)2D; video/x-raw(memory:GLMemory), format=(string){ RGBA, BGRA, RGBx, BGRx, ARGB, ABGR, xRGB, xBGR, RGB, BGR, RGB16, BGR16, AYUV, I420, YV12, NV12, NV21, YUY2, UYVY, Y41B, Y42B, Y444, GRAY8, GRAY16_LE, GRAY16_BE }, width=(int)[ 1, 2147483647 ], height=(int)[ 1, 2147483647 ], framerate=(fraction)[ 0/1, 2147483647/1 ], texture-target=(string){ 2D, rectangle, external-oes }
05-10 00:33:36.797  5448  5522 D GStreamer+qtdemux: 0:00:31.237639572 0xf37ecd80 qtdemux.c:7982:qtdemux_parse_samples:<q> setting all keyframes
05-10 00:33:36.797  5448  5520 D GStreamer+basetransform: 0:00:31.237669415 0xf37eccc0 gstbasetransform.c:533:gst_base_transform_transform_caps:<gluploadelement0> transform caps (direction = 1)
05-10 00:33:36.797  5448  5522 D GStreamer+qtdemux: 0:00:31.237702749 0xf37ecd80 qtdemux.c:5197:gst_qtdemux_loop_state_movie:<q> pushing from stream 0, empty 0 offset 474027, size 43223, dts=0:00:00.218666666, pts=0:00:00.218666666, duration 0:00:00.020000000
05-10 00:33:36.797  5448  5522 D GStreamer+basesrc: 0:00:31.237764624 0xf37ecd80 gstbasesrc.c:2355:gst_base_src_update_length:<filesrc0> reading offset 474027, length 43223, size 15003960, segment.stop -1, maxsize 15003960
05-10 00:33:36.797  5448  5520 D GStreamer+GST_PERFORMANCE: 0:00:31.237820978 0xf37eccc0 gstcaps.c:169:_gst_caps_copy:<0xf39ff518> doing copy 0xf39ff518 -> 0xf39daa50
05-10 00:33:36.797  5448  5522 D GStreamer+basesrc: 0:00:31.237836967 0xf37ecd80 gstbasesrc.c:2456:gst_base_src_get_range:<filesrc0> calling create offset 474027 length 43223, time 0
05-10 00:33:36.797  5448  5521 D GStreamer+structure: 0:00:31.236538999 0xf37ecd20 gststructure.c:2367:gst_structure_parse_value trying type name 'int'
05-10 00:33:36.797  5448  5522 D GStreamer+GST_MEMORY: 0:00:31.237900405 0xf37ecd80 gstmemory.c:138:gst_memory_init new memory 0xf3b6e148, maxsize:43226 offset:0 size:43223
05-10 00:33:36.797  5448  5521 D GStreamer+structure: 0:00:31.237927384 0xf37ecd20 gststructure.c:2316:gst_structure_parse_field trying field name 'channels'
05-10 00:33:36.797  5448  5521 D GStreamer+structure: 0:00:31.237957072 0xf37ecd20 gststructure.c:2367:gst_structure_parse_value trying type name 'int'
05-10 00:33:36.797  5448  5522 D GStreamer+basesrc: 0:00:31.237979832 0xf37ecd80 gstbasesrc.c:2310:gst_base_src_do_sync:<filesrc0> we have no clock
05-10 00:33:36.797  5448  5521 D GStreamer+structure: 0:00:31.237991551 0xf37ecd20 gststructure.c:2316:gst_structure_parse_field trying field name 'parsed'
05-10 00:33:36.797  5448  5522 D GStreamer+basesrc: 0:00:31.238016030 0xf37ecd80 gstbasesrc.c:2520:gst_base_src_get_range:<filesrc0> buffer ok
05-10 00:33:36.797  5448  5521 D GStreamer+structure: 0:00:31.238029832 0xf37ecd20 gststructure.c:2367:gst_structure_parse_value trying type name 'boolean'
05-10 00:33:36.798  5448  5521 D GStreamer+GST_ELEMENT_FACTORY: 0:00:31.238070561 0xf37ecd20 gstelementfactory.c:848:gst_element_factory_list_filter Trying amcauddec-omxgoogleopusdecoder
05-10 00:33:36.798  5448  5522 D GStreamer+GST_SCHEDULING: 0:00:31.238092176 0xf37ecd80 gstpad.c:4153:gst_pad_chain_data_unchecked:<queue0:sink> calling chainfunction &gst_queue_chain with buffer buffer: 0xf3b1add8, pts 0:00:00.218666666, dts 0:00:00.218666666, dur 0:00:00.020000000, size 43223, offset none, offset_end none, flags 0x0
05-10 00:33:36.798  5448  5521 D GStreamer+GST_ELEMENT_FACTORY: 0:00:31.238103061 0xf37ecd20 gstelementfactory.c:848:gst_element_factory_list_filter Trying amcviddec-omxnvidiah263decode
05-10 00:33:36.798  5448  5521 D GStreamer+structure: 0:00:31.238153634 0xf37ecd20 gststructure.c:2316:gst_structure_parse_field trying field name 'width'
05-10 00:33:36.798  5448  5522 D GStreamer+GST_SCHEDULING: 0:00:31.238171395 0xf37ecd80 gstpad.c:4159:gst_pad_chain_data_unchecked:<queue0:sink> called chainfunction &gst_queue_chain with buffer 0xf3b1add8, returned ok
05-10 00:33:36.798  5448  5521 D GStreamer+structure: 0:00:31.238184259 0xf37ecd20 gststructure.c:2367:gst_structure_parse_value trying type name 'int'
05-10 00:33:36.798  5448  5522 D GStreamer+qtdemux: 0:00:31.238216759 0xf37ecd80 qtdemux.c:7675:qtdemux_parse_samples:<q> parsing up to sample 11
05-10 00:33:36.798  5448  5522 D GStreamer+qtdemux: 0:00:31.238273270 0xf37ecd80 qtdemux.c:7882:qtdemux_parse_samples:<q> sample 11: index 1, timestamp 0:00:00.238666666
05-10 00:33:36.798  5448  5522 D GStreamer+qtdemux: 0:00:31.238321238 0xf37ecd80 qtdemux.c:7937:qtdemux_parse_samples:<q> samples at 11 is keyframe
05-10 00:33:36.798  5448  5520 D GStreamer+GST_PERFORMANCE: 0:00:31.238369884 0xf37eccc0 gstcaps.c:169:_gst_caps_copy:<0xf39ff518> doing copy 0xf39ff518 -> 0xf39daa28
05-10 00:33:36.798  5448  5522 D GStreamer+qtdemux: 0:00:31.238393061 0xf37ecd80 qtdemux.c:5197:gst_qtdemux_loop_state_movie:<q> pushing from stream 0, empty 0 offset 517394, size 43384, dts=0:00:00.238666666, pts=0:00:00.238666666, duration 0:00:00.020000000
05-10 00:33:36.798  5448  5522 D GStreamer+basesrc: 0:00:31.238454311 0xf37ecd80 gstbasesrc.c:2355:gst_base_src_update_length:<filesrc0> reading offset 517394, length 43384, size 15003960, segment.stop -1, maxsize 15003960
05-10 00:33:36.798  5448  5522 D GStreamer+basesrc: 0:00:31.238512280 0xf37ecd80 gstbasesrc.c:2456:gst_base_src_get_range:<filesrc0> calling create offset 517394 length 43384, time 0
05-10 00:33:36.798  5448  5521 D GStreamer+structure: 0:00:31.238556186 0xf37ecd20 gststructure.c:2316:gst_structure_parse_field trying field name 'height'
05-10 00:33:36.798  5448  5522 D GStreamer+GST_MEMORY: 0:00:31.238569728 0xf37ecd80 gstmemory.c:138:gst_memory_init new memory 0xf3b78a78, maxsize:43387 offset:0 size:43384
05-10 00:33:36.798  5448  5521 D GStreamer+structure: 0:00:31.238587072 0xf37ecd20 gststructure.c:2367:gst_structure_parse_value trying type name 'int'
05-10 00:33:36.798  5448  5521 D GStreamer+structure: 0:00:31.238620717 0xf37ecd20 gststructure.c:2316:gst_structure_parse_field trying field name 'framerate'
05-10 00:33:36.798  5448  5521 D GStreamer+structure: 0:00:31.238650405 0xf37ecd20 gststructure.c:2367:gst_structure_parse_value trying type name 'fraction'
05-10 00:33:36.798  5448  5521 D GStreamer+structure: 0:00:31.238695249 0xf37ecd20 gststructure.c:2316:gst_structure_parse_field trying field name 'parsed'
05-10 00:33:36.798  5448  5521 D GStreamer+structure: 0:00:31.238725040 0xf37ecd20 gststructure.c:2367:gst_structure_parse_value trying type name 'boolean'
05-10 00:33:36.798  5448  5521 D GStreamer+structure: 0:00:31.238754780 0xf37ecd20 gststructure.c:2316:gst_structure_parse_field trying field name 'variant'
05-10 00:33:36.798  5448  5521 D GStreamer+structure: 0:00:31.238783217 0xf37ecd20 gststructure.c:2367:gst_structure_parse_value trying type name 'string'
05-10 00:33:36.798  5448  5521 D GStreamer+structure: 0:00:31.238814936 0xf37ecd20 gststructure.c:2316:gst_structure_parse_field trying field name 'profile'
05-10 00:33:36.798  5448  5522 D GStreamer+basesrc: 0:00:31.238847228 0xf37ecd80 gstbasesrc.c:2310:gst_base_src_do_sync:<filesrc0> we have no clock
05-10 00:33:36.798  5448  5520 D GStreamer+GST_PERFORMANCE: 0:00:31.238881342 0xf37eccc0 gstcaps.c:169:_gst_caps_copy:<0xf39ff518> doing copy 0xf39ff518 -> 0xf39da9b8
05-10 00:33:36.798  5448  5522 D GStreamer+basesrc: 0:00:31.238899103 0xf37ecd80 gstbasesrc.c:2520:gst_base_src_get_range:<filesrc0> buffer ok
05-10 00:33:36.798  5448  5522 D GStreamer+GST_SCHEDULING: 0:00:31.238994363 0xf37ecd80 gstpad.c:4153:gst_pad_chain_data_unchecked:<queue0:sink> calling chainfunction &gst_queue_chain with buffer buffer: 0xf3b1ae78, pts 0:00:00.238666666, dts 0:00:00.238666666, dur 0:00:00.020000000, size 43384, offset none, offset_end none, flags 0x0
05-10 00:33:36.799  5448  5522 D GStreamer+GST_SCHEDULING: 0:00:31.239054520 0xf37ecd80 gstpad.c:4159:gst_pad_chain_data_unchecked:<queue0:sink> called chainfunction &gst_queue_chain with buffer 0xf3b1ae78, returned ok
05-10 00:33:36.799  5448  5520 D GStreamer+GST_PERFORMANCE: 0:00:31.239086551 0xf37eccc0 gstcaps.c:169:_gst_caps_copy:<0xf39ff518> doing copy 0xf39ff518 -> 0xf39daa00
05-10 00:33:36.799  5448  5522 D GStreamer+qtdemux: 0:00:31.239103582 0xf37ecd80 qtdemux.c:7675:qtdemux_parse_samples:<q> parsing up to sample 12
05-10 00:33:36.799  5448  5521 D GStreamer+structure: 0:00:31.239155822 0xf37ecd20 gststructure.c:2367:gst_structure_parse_value trying type name 'uint'
05-10 00:33:36.799  5448  5522 D GStreamer+qtdemux: 0:00:31.239172228 0xf37ecd80 qtdemux.c:7882:qtdemux_parse_samples:<q> sample 12: index 0, timestamp 0:00:00.258666666
05-10 00:33:36.799  5448  5521 D GStreamer+GST_ELEMENT_FACTORY: 0:00:31.239197384 0xf37ecd20 gstelementfactory.c:848:gst_element_factory_list_filter Trying amcviddec-omxnvidiah264decode
05-10 00:33:36.799  5448  5522 D GStreamer+qtdemux: 0:00:31.239215665 0xf37ecd80 qtdemux.c:7937:qtdemux_parse_samples:<q> samples at 12 is keyframe
05-10 00:33:36.799  5448  5521 D GStreamer+structure: 0:00:31.239240353 0xf37ecd20 gststructure.c:2316:gst_structure_parse_field trying field name 'width'
05-10 00:33:36.799  5448  5521 D GStreamer+structure: 0:00:31.239273738 0xf37ecd20 gststructure.c:2367:gst_structure_parse_value trying type name 'int'
05-10 00:33:36.799  5448  5522 D GStreamer+qtdemux: 0:00:31.239284207 0xf37ecd80 qtdemux.c:5197:gst_qtdemux_loop_state_movie:<q> pushing from stream 1, empty 0 offset 604076, size 144, dts=0:00:00.552000000, pts=0:00:00.552000000, duration 0:00:00.024000000
05-10 00:33:36.799  5448  5521 D GStreamer+structure: 0:00:31.239309467 0xf37ecd20 gststructure.c:2316:gst_structure_parse_field trying field name 'height'
05-10 00:33:36.799  5448  5521 D GStreamer+structure: 0:00:31.239345145 0xf37ecd20 gststructure.c:2367:gst_structure_parse_value trying type name 'int'
05-10 00:33:36.799  5448  5522 D GStreamer+basesrc: 0:00:31.239352228 0xf37ecd80 gstbasesrc.c:2355:gst_base_src_update_length:<filesrc0> reading offset 604076, length 144, size 15003960, segment.stop -1, maxsize 15003960
05-10 00:33:36.799  5448  5521 D GStreamer+structure: 0:00:31.239377540 0xf37ecd20 gststructure.c:2316:gst_structure_parse_field trying field name 'framerate'
05-10 00:33:36.799  5448  5522 D GStreamer+basesrc: 0:00:31.239391447 0xf37ecd80 gstbasesrc.c:2456:gst_base_src_get_range:<filesrc0> calling create offset 604076 length 144, time 0
05-10 00:33:36.799  5448  5521 D GStreamer+structure: 0:00:31.239408530 0xf37ecd20 gststructure.c:2367:gst_structure_parse_value trying type name 'fraction'
05-10 00:33:36.799  5448  5522 D GStreamer+GST_MEMORY: 0:00:31.239432957 0xf37ecd80 gstmemory.c:138:gst_memory_init new memory 0xf3b03690, maxsize:147 offset:0 size:144
05-10 00:33:36.799  5448  5521 D GStreamer+structure: 0:00:31.239450040 0xf37ecd20 gststructure.c:2316:gst_structure_parse_field trying field name 'parsed'
05-10 00:33:36.799  5448  5522 D GStreamer+basesrc: 0:00:31.239476395 0xf37ecd80 gstbasesrc.c:2310:gst_base_src_do_sync:<filesrc0> we have no clock
05-10 00:33:36.799  5448  5522 D GStreamer+basesrc: 0:00:31.239517801 0xf37ecd80 gstbasesrc.c:2520:gst_base_src_get_range:<filesrc0> buffer ok
05-10 00:33:36.799  5448  5522 D GStreamer+GST_SCHEDULING: 0:00:31.239620561 0xf37ecd80 gstpad.c:4153:gst_pad_chain_data_unchecked:<queue2:sink> calling chainfunction &gst_queue_chain with buffer buffer: 0xf3b1af18, pts 0:00:00.552000000, dts 0:00:00.552000000, dur 0:00:00.024000000, size 144, offset none, offset_end none, flags 0x0
05-10 00:33:36.799  5448  5522 D GStreamer+GST_SCHEDULING: 0:00:31.239685770 0xf37ecd80 gstpad.c:4159:gst_pad_chain_data_unchecked:<queue2:sink> called chainfunction &gst_queue_chain with buffer 0xf3b1af18, returned ok
05-10 00:33:36.799  5448  5522 D GStreamer+qtdemux: 0:00:31.239739103 0xf37ecd80 qtdemux.c:7675:qtdemux_parse_samples:<q> parsing up to sample 24
05-10 00:33:36.799  5448  5522 D GStreamer+qtdemux: 0:00:31.239805770 0xf37ecd80 qtdemux.c:7882:qtdemux_parse_samples:<q> sample 24: index 24, timestamp 0:00:00.576000000
05-10 00:33:36.799  5448  5520 D GStreamer+basetransform: 0:00:31.239824207 0xf37eccc0 gstbasetransform.c:560:gst_base_transform_transform_caps:<gluploadelement0> to: video/x-raw(memory:GLMemory), width=(int)[ 1, 2147483647 ], height=(int)[ 1, 2147483647 ], framerate=(fraction)[ 0/1, 2147483647/1 ], format=(string)RGBA; video/x-raw(memory:GLMemory), format=(string){ RGBA, BGRA, RGBx, BGRx, ARGB, ABGR, xRGB, xBGR, RGB, BGR, RGB16, BGR16, AYUV, I420, YV12, NV12, NV21, YUY2, UYVY, Y41B, Y42B, Y444, GRAY8, GRAY16_LE, GRAY16_BE }, width=(int)[ 1, 2147483647 ], height=(int)[ 1, 2147483647 ], framerate=(fraction)[ 0/1, 2147483647/1 ]; video/x-raw, width=(int)[ 1, 2147483647 ], height=(int)[ 1, 2147483647 ], framerate=(fraction)[ 0/1, 2147483647/1 ], format=(string)RGBA; video/x-raw, format=(string){ RGBA, BGRA, RGBx, BGRx, ARGB, ABGR, xRGB, xBGR, RGB, BGR, RGB16, BGR16, AYUV, I420, YV12, NV12, NV21, YUY2, UYVY, Y41B, Y42B, Y444, GRAY8, GRAY16_LE, GRAY16_BE }, width=(int)[ 1, 2147483647 ], height=(int)[ 1, 2147483647 ], framerate=(fraction)[ 0/1, 2147483647/1 ]
05-10 00:33:36.799  5448  5522 D GStreamer+qtdemux: 0:00:31.239845040 0xf37ecd80 qtdemux.c:7982:qtdemux_parse_samples:<q> setting all keyframes
05-10 00:33:36.799  5448  5522 D GStreamer+qtdemux: 0:00:31.239946863 0xf37ecd80 qtdemux.c:5197:gst_qtdemux_loop_state_movie:<q> pushing from stream 0, empty 0 offset 560778, size 43298, dts=0:00:00.258666666, pts=0:00:00.258666666, duration 0:00:00.019666667
05-10 00:33:36.799  5448  5522 D GStreamer+basesrc: 0:00:31.240020040 0xf37ecd80 gstbasesrc.c:2355:gst_base_src_update_length:<filesrc0> reading offset 560778, length 43298, size 15003960, segment.stop -1, maxsize 15003960
05-10 00:33:36.800  5448  5522 D GStreamer+basesrc: 0:00:31.240071707 0xf37ecd80 gstbasesrc.c:2456:gst_base_src_get_range:<filesrc0> calling create offset 560778 length 43298, time 0
05-10 00:33:36.800  5448  5521 D GStreamer+structure: 0:00:31.240126395 0xf37ecd20 gststructure.c:2367:gst_structure_parse_value trying type name 'boolean'
05-10 00:33:36.800  5448  5522 D GStreamer+GST_MEMORY: 0:00:31.240140978 0xf37ecd80 gstmemory.c:138:gst_memory_init new memory 0xf3b83be8, maxsize:43301 offset:0 size:43298
05-10 00:33:36.800  5448  5521 D GStreamer+structure: 0:00:31.240169467 0xf37ecd20 gststructure.c:2316:gst_structure_parse_field trying field name 'stream-format'
05-10 00:33:36.800  5448  5521 D GStreamer+structure: 0:00:31.240205926 0xf37ecd20 gststructure.c:2367:gst_structure_parse_value trying type name 'string'
05-10 00:33:36.800  5448  5522 D GStreamer+basesrc: 0:00:31.240225926 0xf37ecd80 gstbasesrc.c:2310:gst_base_src_do_sync:<filesrc0> we have no clock
05-10 00:33:36.800  5448  5521 D GStreamer+structure: 0:00:31.240247540 0xf37ecd20 gststructure.c:2316:gst_structure_parse_field trying field name 'alignment'
05-10 00:33:36.800  5448  5522 D GStreamer+basesrc: 0:00:31.240262332 0xf37ecd80 gstbasesrc.c:2520:gst_base_src_get_range:<filesrc0> buffer ok
05-10 00:33:36.800  5448  5521 D GStreamer+structure: 0:00:31.240286290 0xf37ecd20 gststructure.c:2367:gst_structure_parse_value trying type name 'string'
05-10 00:33:36.800  5448  5521 D GStreamer+structure: 0:00:31.240333113 0xf37ecd20 gststructure.c:2316:gst_structure_parse_field trying field name 'profile'
05-10 00:33:36.800  5448  5522 D GStreamer+GST_SCHEDULING: 0:00:31.240352020 0xf37ecd80 gstpad.c:4153:gst_pad_chain_data_unchecked:<queue0:sink> calling chainfunction &gst_queue_chain with buffer buffer: 0xf3b57850, pts 0:00:00.258666666, dts 0:00:00.258666666, dur 0:00:00.019666667, size 43298, offset none, offset_end none, flags 0x0
05-10 00:33:36.800  5448  5521 D GStreamer+structure: 0:00:31.240373478 0xf37ecd20 gststructure.c:2367:gst_structure_parse_value trying type name 'string'
05-10 00:33:36.800  5448  5522 D GStreamer+GST_SCHEDULING: 0:00:31.240407905 0xf37ecd80 gstpad.c:4159:gst_pad_chain_data_unchecked:<queue0:sink> called chainfunction &gst_queue_chain with buffer 0xf3b57850, returned ok
05-10 00:33:36.800  5448  5521 D GStreamer+structure: 0:00:31.240421967 0xf37ecd20 gststructure.c:2316:gst_structure_parse_field trying field name 'width'
05-10 00:33:36.800  5448  5522 D GStreamer+qtdemux: 0:00:31.240447801 0xf37ecd80 qtdemux.c:7675:qtdemux_parse_samples:<q> parsing up to sample 13
05-10 00:33:36.800  5448  5521 D GStreamer+structure: 0:00:31.240461707 0xf37ecd20 gststructure.c:2367:gst_structure_parse_value trying type name 'int'
05-10 00:33:36.800  5448  5522 D GStreamer+qtdemux: 0:00:31.240498322 0xf37ecd80 qtdemux.c:7882:qtdemux_parse_samples:<q> sample 13: index 0, timestamp 0:00:00.278333333
05-10 00:33:36.800  5448  5521 D GStreamer+structure: 0:00:31.240511863 0xf37ecd20 gststructure.c:2316:gst_structure_parse_field trying field name 'height'
05-10 00:33:36.800  5448  5522 D GStreamer+qtdemux: 0:00:31.240535197 0xf37ecd80 qtdemux.c:7937:qtdemux_parse_samples:<q> samples at 13 is keyframe
05-10 00:33:36.800  5448  5521 D GStreamer+structure: 0:00:31.240548686 0xf37ecd20 gststructure.c:2367:gst_structure_parse_value trying type name 'int'
05-10 00:33:36.800  5448  5521 D GStreamer+structure: 0:00:31.240591551 0xf37ecd20 gststructure.c:2316:gst_structure_parse_field trying field name 'framerate'
05-10 00:33:36.800  5448  5522 D GStreamer+qtdemux: 0:00:31.240597384 0xf37ecd80 qtdemux.c:5197:gst_qtdemux_loop_state_movie:<q> pushing from stream 1, empty 0 offset 647017, size 144, dts=0:00:00.576000000, pts=0:00:00.576000000, duration 0:00:00.024000000
05-10 00:33:36.800  5448  5521 D GStreamer+structure: 0:00:31.240621707 0xf37ecd20 gststructure.c:2367:gst_structure_parse_value trying type name 'fraction'
05-10 00:33:36.800  5448  5522 D GStreamer+basesrc: 0:00:31.240647020 0xf37ecd80 gstbasesrc.c:2355:gst_base_src_update_length:<filesrc0> reading offset 647017, length 144, size 15003960, segment.stop -1, maxsize 15003960
05-10 00:33:36.800  5448  5521 D GStreamer+structure: 0:00:31.240668270 0xf37ecd20 gststructure.c:2316:gst_structure_parse_field trying field name 'parsed'
05-10 00:33:36.800  5448  5522 D GStreamer+basesrc: 0:00:31.240691603 0xf37ecd80 gstbasesrc.c:2456:gst_base_src_get_range:<filesrc0> calling create offset 647017 length 144, time 0
05-10 00:33:36.800  5448  5521 D GStreamer+structure: 0:00:31.240709103 0xf37ecd20 gststructure.c:2367:gst_structure_parse_value trying type name 'boolean'
05-10 00:33:36.800  5448  5522 D GStreamer+GST_MEMORY: 0:00:31.240733426 0xf37ecd80 gstmemory.c:138:gst_memory_init new memory 0xf3b63020, maxsize:147 offset:0 size:144
05-10 00:33:36.800  5448  5521 D GStreamer+structure: 0:00:31.240750770 0xf37ecd20 gststructure.c:2316:gst_structure_parse_field trying field name 'stream-format'
05-10 00:33:36.800  5448  5522 D GStreamer+basesrc: 0:00:31.240775197 0xf37ecd80 gstbasesrc.c:2310:gst_base_src_do_sync:<filesrc0> we have no clock
05-10 00:33:36.800  5448  5521 D GStreamer+structure: 0:00:31.240798374 0xf37ecd20 gststructure.c:2367:gst_structure_parse_value trying type name 'string'
05-10 00:33:36.800  5448  5522 D GStreamer+basesrc: 0:00:31.240817645 0xf37ecd80 gstbasesrc.c:2520:gst_base_src_get_range:<filesrc0> buffer ok
05-10 00:33:36.800  5448  5521 D GStreamer+structure: 0:00:31.240843530 0xf37ecd20 gststructure.c:2316:gst_structure_parse_field trying field name 'alignment'
05-10 00:33:36.800  5448  5521 D GStreamer+structure: 0:00:31.240886863 0xf37ecd20 gststructure.c:2367:gst_structure_parse_value trying type name 'string'
05-10 00:33:36.800  5448  5522 D GStreamer+GST_SCHEDULING: 0:00:31.240917436 0xf37ecd80 gstpad.c:4153:gst_pad_chain_data_unchecked:<queue2:sink> calling chainfunction &gst_queue_chain with buffer buffer: 0xf3b578f0, pts 0:00:00.576000000, dts 0:00:00.576000000, dur 0:00:00.024000000, size 144, offset none, offset_end none, flags 0x0
05-10 00:33:36.800  5448  5521 D GStreamer+structure: 0:00:31.240928478 0xf37ecd20 gststructure.c:2316:gst_structure_parse_field trying field name 'profile'
05-10 00:33:36.800  5448  5521 D GStreamer+structure: 0:00:31.240974155 0xf37ecd20 gststructure.c:2367:gst_structure_parse_value trying type name 'string'
05-10 00:33:36.800  5448  5522 D GStreamer+GST_SCHEDULING: 0:00:31.240991342 0xf37ecd80 gstpad.c:4159:gst_pad_chain_data_unchecked:<queue2:sink> called chainfunction &gst_queue_chain with buffer 0xf3b578f0, returned ok
05-10 00:33:36.800  5448  5521 D GStreamer+structure: 0:00:31.241013009 0xf37ecd20 gststructure.c:2316:gst_structure_parse_field trying field name 'width'
05-10 00:33:36.800  5448  5520 D GStreamer+basetransform: 0:00:31.240094780 0xf37eccc0 gstbasetransform.c:759:gst_base_transform_query_caps:<gluploadelement0:sink> transformed  video/x-raw(memory:GLMemory), width=(int)[ 1, 2147483647 ], height=(int)[ 1, 2147483647 ], framerate=(fraction)[ 0/1, 2147483647/1 ], format=(string)RGBA; video/x-raw(memory:GLMemory), format=(string){ RGBA, BGRA, RGBx, BGRx, ARGB, ABGR, xRGB, xBGR, RGB, BGR, RGB16, BGR16, AYUV, I420, YV12, NV12, NV21, YUY2, UYVY, Y41B, Y42B, Y444, GRAY8, GRAY16_LE, GRAY16_BE }, width=(int)[ 1, 2147483647 ], height=(int)[ 1, 2147483647 ], framerate=(fraction)[ 0/1, 2147483647/1 ]; video/x-raw, width=(int)[ 1, 2147483647 ], height=(int)[ 1, 2147483647 ], framerate=(fraction)[ 0/1, 2147483647/1 ], format=(string)RGBA; video/x-raw, format=(string){ RGBA, BGRA, RGBx, BGRx, ARGB, ABGR, xRGB, xBGR, RGB, BGR, RGB16, BGR16, AYUV, I420, YV12, NV12, NV21, YUY2, UYVY, Y41B, Y42B, Y444, GRAY8, GRAY16_LE, GRAY16_BE }, width=(int)[ 1, 2147483647 ], height=(int)[ 1, 2147483647 ], framerate=(fraction)[ 0/1, 2147483647/1 ]
05-10 00:33:36.800  5448  5522 D GStreamer+qtdemux: 0:00:31.241040509 0xf37ecd80 qtdemux.c:7675:qtdemux_parse_samples:<q> parsing up to sample 25
05-10 00:33:36.801  5448  5522 D GStreamer+qtdemux: 0:00:31.241097176 0xf37ecd80 qtdemux.c:7882:qtdemux_parse_samples:<q> sample 25: index 25, timestamp 0:00:00.600000000
05-10 00:33:36.801  5448  5522 D GStreamer+qtdemux: 0:00:31.241146238 0xf37ecd80 qtdemux.c:7982:qtdemux_parse_samples:<q> setting all keyframes
05-10 00:33:36.801  5448  5521 D GStreamer+structure: 0:00:31.241215665 0xf37ecd20 gststructure.c:2367:gst_structure_parse_value trying type name 'int'
05-10 00:33:36.801  5448  5522 D GStreamer+qtdemux: 0:00:31.241238999 0xf37ecd80 qtdemux.c:5197:gst_qtdemux_loop_state_movie:<q> pushing from stream 0, empty 0 offset 604220, size 42797, dts=0:00:00.278333333, pts=0:00:00.278333333, duration 0:00:00.020000000
05-10 00:33:36.801  5448  5521 D GStreamer+structure: 0:00:31.241255561 0xf37ecd20 gststructure.c:2316:gst_structure_parse_field trying field name 'height'
05-10 00:33:36.801  5448  5521 D GStreamer+structure: 0:00:31.241291238 0xf37ecd20 gststructure.c:2367:gst_structure_parse_value trying type name 'int'
05-10 00:33:36.801  5448  5522 D GStreamer+basesrc: 0:00:31.241309103 0xf37ecd80 gstbasesrc.c:2355:gst_base_src_update_length:<filesrc0> reading offset 604220, length 42797, size 15003960, segment.stop -1, maxsize 15003960
05-10 00:33:36.801  5448  5521 D GStreamer+structure: 0:00:31.241329728 0xf37ecd20 gststructure.c:2316:gst_structure_parse_field trying field name 'framerate'
05-10 00:33:36.801  5448  5522 D GStreamer+basesrc: 0:00:31.241359207 0xf37ecd80 gstbasesrc.c:2456:gst_base_src_get_range:<filesrc0> calling create offset 604220 length 42797, time 0
05-10 00:33:36.801  5448  5521 D GStreamer+structure: 0:00:31.241400353 0xf37ecd20 gststructure.c:2367:gst_structure_parse_value trying type name 'fraction'
05-10 00:33:36.801  5448  5522 D GStreamer+GST_MEMORY: 0:00:31.241414311 0xf37ecd80 gstmemory.c:138:gst_memory_init new memory 0xf3b8ed70, maxsize:42800 offset:0 size:42797
05-10 00:33:36.801  5448  5521 D GStreamer+structure: 0:00:31.241444676 0xf37ecd20 gststructure.c:2316:gst_structure_parse_field trying field name 'parsed'
05-10 00:33:36.801  5448  5521 D GStreamer+structure: 0:00:31.241475040 0xf37ecd20 gststructure.c:2367:gst_structure_parse_value trying type name 'boolean'
05-10 00:33:36.801  5448  5522 D GStreamer+basesrc: 0:00:31.241494155 0xf37ecd80 gstbasesrc.c:2310:gst_base_src_do_sync:<filesrc0> we have no clock
05-10 00:33:36.801  5448  5521 D GStreamer+structure: 0:00:31.241513686 0xf37ecd20 gststructure.c:2316:gst_structure_parse_field trying field name 'stream-format'
05-10 00:33:36.801  5448  5522 D GStreamer+basesrc: 0:00:31.241537176 0xf37ecd80 gstbasesrc.c:2520:gst_base_src_get_range:<filesrc0> buffer ok
05-10 00:33:36.801  5448  5522 D GStreamer+GST_SCHEDULING: 0:00:31.241632176 0xf37ecd80 gstpad.c:4153:gst_pad_chain_data_unchecked:<queue0:sink> calling chainfunction &gst_queue_chain with buffer buffer: 0xf3b57990, pts 0:00:00.278333333, dts 0:00:00.278333333, dur 0:00:00.020000000, size 42797, offset none, offset_end none, flags 0x0
05-10 00:33:36.801  5448  5522 D GStreamer+GST_SCHEDULING: 0:00:31.241690509 0xf37ecd80 gstpad.c:4159:gst_pad_chain_data_unchecked:<queue0:sink> called chainfunction &gst_queue_chain with buffer 0xf3b57990, returned ok
05-10 00:33:36.801  5448  5522 D GStreamer+qtdemux: 0:00:31.241747176 0xf37ecd80 qtdemux.c:7675:qtdemux_parse_samples:<q> parsing up to sample 14
05-10 00:33:36.801  5448  5522 D GStreamer+qtdemux: 0:00:31.241821863 0xf37ecd80 qtdemux.c:7882:qtdemux_parse_samples:<q> sample 14: index 1, timestamp 0:00:00.298333333
05-10 00:33:36.801  5448  5520 D GStreamer+basetransform: 0:00:31.241830457 0xf37eccc0 gstbasetransform.c:766:gst_base_transform_query_caps:<gluploadelement0:sink> our template  video/x-raw(memory:GLMemory, meta:GstVideoOverlayComposition), format=(string){ RGBA, BGRA, RGBx, BGRx, ARGB, ABGR, xRGB, xBGR, RGB, BGR, RGB16, BGR16, AYUV, I420, YV12, NV12, NV21, YUY2, UYVY, Y41B, Y42B, Y444, GRAY8, GRAY16_LE, GRAY16_BE }, width=(int)[ 1, 2147483647 ], height=(int)[ 1, 2147483647 ], framerate=(fraction)[ 0/1, 2147483647/1 ]; video/x-raw(memory:EGLImage, meta:GstVideoOverlayComposition), format=(string)RGBA, width=(int)[ 1, 2147483647 ], height=(int)[ 1, 2147483647 ], framerate=(fraction)[ 0/1, 2147483647/1 ]; video/x-raw(meta:GstVideoGLTextureUploadMeta, meta:GstVideoOverlayComposition), format=(string)RGBA, width=(int)[ 1, 2147483647 ], height=(int)[ 1, 2147483647 ], framerate=(fraction)[ 0/1, 2147483647/1 ]; video/x-raw(memory:SystemMemory, meta:GstVideoOverlayComposition), format=(string){ RGBA, BGRA, RGBx, BGRx, ARGB, ABGR, xRGB, xBGR, RGB, BGR, RGB16, BGR16, AYUV, I
05-10 00:33:36.801  5448  5522 D GStreamer+qtdemux: 0:00:31.241857853 0xf37ecd80 qtdemux.c:7937:qtdemux_parse_samples:<q> samples at 14 is keyframe
05-10 00:33:36.801  5448  5522 D GStreamer+qtdemux: 0:00:31.241926447 0xf37ecd80 qtdemux.c:5197:gst_qtdemux_loop_state_movie:<q> pushing from stream 1, empty 0 offset 689871, size 144, dts=0:00:00.600000000, pts=0:00:00.600000000, duration 0:00:00.024000000
05-10 00:33:36.801  5448  5522 D GStreamer+basesrc: 0:00:31.241973061 0xf37ecd80 gstbasesrc.c:2355:gst_base_src_update_length:<filesrc0> reading offset 689871, length 144, size 15003960, segment.stop -1, maxsize 15003960
05-10 00:33:36.801  5448  5522 D GStreamer+basesrc: 0:00:31.242013842 0xf37ecd80 gstbasesrc.c:2456:gst_base_src_get_range:<filesrc0> calling create offset 689871 length 144, time 0
05-10 00:33:36.802  5448  5522 D GStreamer+GST_MEMORY: 0:00:31.242057957 0xf37ecd80 gstmemory.c:138:gst_memory_init new memory 0xf3b63108, maxsize:147 offset:0 size:144
05-10 00:33:36.802  5448  5522 D GStreamer+basesrc: 0:00:31.242095665 0xf37ecd80 gstbasesrc.c:2310:gst_base_src_do_sync:<filesrc0> we have no clock
05-10 00:33:36.802  5448  5522 D GStreamer+basesrc: 0:00:31.242139676 0xf37ecd80 gstbasesrc.c:2520:gst_base_src_get_range:<filesrc0> buffer ok
05-10 00:33:36.802  5448  5522 D GStreamer+GST_SCHEDULING: 0:00:31.242232540 0xf37ecd80 gstpad.c:4153:gst_pad_chain_data_unchecked:<queue2:sink> calling chainfunction &gst_queue_chain with buffer buffer: 0xf3b57a30, pts 0:00:00.600000000, dts 0:00:00.600000000, dur 0:00:00.024000000, size 144, offset none, offset_end none, flags 0x0
05-10 00:33:36.802  5448  5522 D GStreamer+GST_SCHEDULING: 0:00:31.242303686 0xf37ecd80 gstpad.c:4159:gst_pad_chain_data_unchecked:<queue2:sink> called chainfunction &gst_queue_chain with buffer 0xf3b57a30, returned ok
05-10 00:33:36.802  5448  5522 D GStreamer+qtdemux: 0:00:31.242356342 0xf37ecd80 qtdemux.c:7675:qtdemux_parse_samples:<q> parsing up to sample 26
05-10 00:33:36.802  5448  5522 D GStreamer+qtdemux: 0:00:31.242418426 0xf37ecd80 qtdemux.c:7882:qtdemux_parse_samples:<q> sample 26: index 26, timestamp 0:00:00.624000000
05-10 00:33:36.802  5448  5521 D GStreamer+structure: 0:00:31.242440301 0xf37ecd20 gststructure.c:2367:gst_structure_parse_value trying type name 'string'
05-10 00:33:36.802  5448  5522 D GStreamer+qtdemux: 0:00:31.242450301 0xf37ecd80 qtdemux.c:7982:qtdemux_parse_samples:<q> setting all keyframes
05-10 00:33:36.802  5448  5521 D GStreamer+structure: 0:00:31.242480405 0xf37ecd20 gststructure.c:2316:gst_structure_parse_field trying field name 'alignment'
05-10 00:33:36.802  5448  5522 D GStreamer+qtdemux: 0:00:31.242511551 0xf37ecd80 qtdemux.c:5197:gst_qtdemux_loop_state_movie:<q> pushing from stream 0, empty 0 offset 647161, size 42710, dts=0:00:00.298333333, pts=0:00:00.298333333, duration 0:00:00.020000000
05-10 00:33:36.802  5448  5521 D GStreamer+structure: 0:00:31.242525770 0xf37ecd20 gststructure.c:2367:gst_structure_parse_value trying type name 'string'
05-10 00:33:36.802  5448  5521 D GStreamer+structure: 0:00:31.242560457 0xf37ecd20 gststructure.c:2316:gst_structure_parse_field trying field name 'profile'
05-10 00:33:36.802  5448  5522 D GStreamer+basesrc: 0:00:31.242577905 0xf37ecd80 gstbasesrc.c:2355:gst_base_src_update_length:<filesrc0> reading offset 647161, length 42710, size 15003960, segment.stop -1, maxsize 15003960
05-10 00:33:36.802  5448  5521 D GStreamer+structure: 0:00:31.242591082 0xf37ecd20 gststructure.c:2367:gst_structure_parse_value trying type name 'string'
05-10 00:33:36.802  5448  5522 D GStreamer+basesrc: 0:00:31.242623530 0xf37ecd80 gstbasesrc.c:2456:gst_base_src_get_range:<filesrc0> calling create offset 647161 length 42710, time 0
05-10 00:33:36.802  5448  5521 D GStreamer+structure: 0:00:31.242637384 0xf37ecd20 gststructure.c:2316:gst_structure_parse_field trying field name 'width'
05-10 00:33:36.802  5448  5521 D GStreamer+structure: 0:00:31.242673426 0xf37ecd20 gststructure.c:2367:gst_structure_parse_value trying type name 'int'
05-10 00:33:36.802  5448  5522 D GStreamer+GST_MEMORY: 0:00:31.242690092 0xf37ecd80 gstmemory.c:138:gst_memory_init new memory 0xf3b994f8, maxsize:42713 offset:0 size:42710
05-10 00:33:36.802  5448  5521 D GStreamer+structure: 0:00:31.242708061 0xf37ecd20 gststructure.c:2316:gst_structure_parse_field trying field name 'height'
05-10 00:33:36.802  5448  5521 D GStreamer+structure: 0:00:31.242737592 0xf37ecd20 gststructure.c:2367:gst_structure_parse_value trying type name 'int'
05-10 00:33:36.802  5448  5521 D GStreamer+structure: 0:00:31.242771499 0xf37ecd20 gststructure.c:2316:gst_structure_parse_field trying field name 'framerate'
05-10 00:33:36.802  5448  5521 D GStreamer+structure: 0:00:31.242800405 0xf37ecd20 gststructure.c:2367:gst_structure_parse_value trying type name 'fraction'
05-10 00:33:36.802  5448  5521 D GStreamer+structure: 0:00:31.242841655 0xf37ecd20 gststructure.c:2316:gst_structure_parse_field trying field name 'parsed'
05-10 00:33:36.802  5448  5521 D GStreamer+structure: 0:00:31.242870770 0xf37ecd20 gststructure.c:2367:gst_structure_parse_value trying type name 'boolean'
05-10 00:33:36.802  5448  5521 D GStreamer+structure: 0:00:31.242900197 0xf37ecd20 gststructure.c:2316:gst_structure_parse_field trying field name 'stream-format'
05-10 00:33:36.802  5448  5521 D GStreamer+structure: 0:00:31.242928374 0xf37ecd20 gststructure.c:2367:gst_structure_parse_value trying type name 'string'
05-10 00:33:36.802  5448  5521 D GStreamer+structure: 0:00:31.242959624 0xf37ecd20 gststructure.c:2316:gst_structure_parse_field trying field name 'alignment'
05-10 00:33:36.802  5448  5520 D GStreamer+basetransform: 0:00:31.242507436 0xf37eccc0 gstbasetransform.c:769:gst_base_transform_query_caps:<gluploadelement0:sink> intersected video/x-raw(memory:GLMemory), width=(int)[ 1, 2147483647 ], height=(int)[ 1, 2147483647 ], framerate=(fraction)[ 0/1, 2147483647/1 ], format=(string)RGBA; video/x-raw(memory:GLMemory), format=(string){ RGBA, BGRA, RGBx, BGRx, ARGB, ABGR, xRGB, xBGR, RGB, BGR, RGB16, BGR16, AYUV, I420, YV12, NV12, NV21, YUY2, UYVY, Y41B, Y42B, Y444, GRAY8, GRAY16_LE, GRAY16_BE }, width=(int)[ 1, 2147483647 ], height=(int)[ 1, 2147483647 ], framerate=(fraction)[ 0/1, 2147483647/1 ]; video/x-raw, width=(int)[ 1, 2147483647 ], height=(int)[ 1, 2147483647 ], framerate=(fraction)[ 0/1, 2147483647/1 ], format=(string)RGBA; video/x-raw, format=(string){ RGBA, BGRA, RGBx, BGRx, ARGB, ABGR, xRGB, xBGR, RGB, BGR, RGB16, BGR16, AYUV, I420, YV12, NV12, NV21, YUY2, UYVY, Y41B, Y42B, Y444, GRAY8, GRAY16_LE, GRAY16_BE }, width=(int)[ 1, 2147483647 ], height=(int)[ 1, 2147483647 ], framerate=(fraction)[ 0/1, 2147483647/1 ]
05-10 00:33:36.802  5448  5522 D GStreamer+basesrc: 0:00:31.242990353 0xf37ecd80 gstbasesrc.c:2310:gst_base_src_do_sync:<filesrc0> we have no clock
05-10 00:33:36.802  5448  5522 D GStreamer+basesrc: 0:00:31.243034832 0xf37ecd80 gstbasesrc.c:2520:gst_base_src_get_range:<filesrc0> buffer ok
05-10 00:33:36.803  5448  5522 D GStreamer+GST_SCHEDULING: 0:00:31.243128009 0xf37ecd80 gstpad.c:4153:gst_pad_chain_data_unchecked:<queue0:sink> calling chainfunction &gst_queue_chain with buffer buffer: 0xf3b57ad0, pts 0:00:00.298333333, dts 0:00:00.298333333, dur 0:00:00.020000000, size 42710, offset none, offset_end none, flags 0x0
05-10 00:33:36.803  5448  5522 D GStreamer+GST_SCHEDULING: 0:00:31.243180978 0xf37ecd80 gstpad.c:4159:gst_pad_chain_data_unchecked:<queue0:sink> called chainfunction &gst_queue_chain with buffer 0xf3b57ad0, returned ok
05-10 00:33:36.803  5448  5522 D GStreamer+qtdemux: 0:00:31.243223061 0xf37ecd80 qtdemux.c:7675:qtdemux_parse_samples:<q> parsing up to sample 15
05-10 00:33:36.803  5448  5522 D GStreamer+qtdemux: 0:00:31.243276551 0xf37ecd80 qtdemux.c:7882:qtdemux_parse_samples:<q> sample 15: index 0, timestamp 0:00:00.318333333
05-10 00:33:36.803  5448  5522 D GStreamer+qtdemux: 0:00:31.243318061 0xf37ecd80 qtdemux.c:7937:qtdemux_parse_samples:<q> samples at 15 is keyframe
05-10 00:33:36.803  5448  5521 D GStreamer+structure: 0:00:31.243381290 0xf37ecd20 gststructure.c:2367:gst_structure_parse_value trying type name 'string'
