05-10 00:33:36.681  5448  5448 D GStreamer+GST_PADS: 0:00:31.121285770 0xf35f2200 gstpad.c:1198:gst_pad_activate_mode:<autoaudiosink0-actual-sink-opensles:sink> activated in push mode
05-10 00:33:36.681  5448  5448 D GStreamer+basesink: 0:00:31.121318061 0xf35f2200 gstbasesink.c:4250:gst_base_sink_pad_activate:<autoaudiosink0-actual-sink-opensles> Success activating push mode
05-10 00:33:36.681  5448  5448 D GStreamer+GST_ELEMENT_PADS: 0:00:31.121369884 0xf35f2200 gstelement.c:2812:gst_element_pads_activate:<autoaudiosink0-actual-sink-opensles> pad activation successful
05-10 00:33:36.681  5448  5448 D GStreamer+GST_STATES: 0:00:31.121404051 0xf35f2200 gstelement.c:2666:gst_element_change_state:<autoaudiosink0-actual-sink-opensles> element will change state ASYNC
05-10 00:33:36.681  5448  5448 D GStreamer+GST_STATES: 0:00:31.121435822 0xf35f2200 gstelement.c:2607:gst_element_set_state_func:<autoaudiosink0-actual-sink-opensles> returned ASYNC
05-10 00:33:36.681  5448  5448 I GStreamer+GST_STATES: 0:00:31.121488270 0xf35f2200 gstbin.c:2770:gst_bin_change_state_func:<autoaudiosink0> child 'autoaudiosink0-actual-sink-opensles' is changing state asynchronously to PAUSED
05-10 00:33:36.681  5448  5448 D GStreamer+bin: 0:00:31.121522436 0xf35f2200 gstbin.c:2171:gst_bin_sort_iterator_next:<autoaudiosink0> queue empty, elements exhausted
05-10 00:33:36.681  5448  5448 D GStreamer+GST_STATES: 0:00:31.121553009 0xf35f2200 gstbin.c:2823:gst_bin_change_state_func:<autoaudiosink0> iterator done
05-10 00:33:36.681  5448  5448 D GStreamer+GST_ELEMENT_PADS: 0:00:31.121603165 0xf35f2200 gstelement.c:2793:gst_element_pads_activate:<autoaudiosink0> activate pads
05-10 00:33:36.681  5448  5448 D GStreamer+GST_PADS: 0:00:31.121639988 0xf35f2200 gstpad.c:1056:gst_pad_set_active:<autoaudiosink0:sink> activating pad from none
05-10 00:33:36.681  5448  5448 D GStreamer+GST_PADS: 0:00:31.121675561 0xf35f2200 gstpad.c:972:pre_activate:<autoaudiosink0:sink> setting pad into push mode, unset flushing
05-10 00:33:36.681  5448  5448 D GStreamer+GST_PADS: 0:00:31.121732124 0xf35f2200 gstpad.c:984:pre_activate:<autoaudiosink0:sink> reschedule events on peer queue3:src
05-10 00:33:36.681  5448  5448 D GStreamer+GST_PADS: 0:00:31.121767749 0xf35f2200 gstpad.c:972:pre_activate:<sink:proxypad2> setting pad into push mode, unset flushing
05-10 00:33:36.681  5448  5448 D GStreamer+GST_PADS: 0:00:31.121822905 0xf35f2200 gstpad.c:1225:gst_pad_activate_mode:<autoaudiosink0:sink> already activated in push mode
05-10 00:33:36.681  5448  5448 D GStreamer+GST_PADS: 0:00:31.121858947 0xf35f2200 gstpad.c:1198:gst_pad_activate_mode:<sink:proxypad2> activated in push mode
05-10 00:33:36.681  5448  5448 D GStreamer+GST_PADS: 0:00:31.121893582 0xf35f2200 gstpad.c:1198:gst_pad_activate_mode:<autoaudiosink0:sink> activated in push mode
05-10 00:33:36.681  5448  5448 D GStreamer+GST_ELEMENT_PADS: 0:00:31.121948165 0xf35f2200 gstelement.c:2812:gst_element_pads_activate:<autoaudiosink0> pad activation successful
05-10 00:33:36.681  5448  5448 D GStreamer+GST_STATES: 0:00:31.121980822 0xf35f2200 gstbin.c:2841:gst_bin_change_state_func:<autoaudiosink0> we have ASYNC elements SUCCESS -> ASYNC
05-10 00:33:36.681  5448  5448 D GStreamer+bin: 0:00:31.122029676 0xf35f2200 gstbin.c:2213:gst_bin_sort_iterator_free:<autoaudiosink0> free
05-10 00:33:36.682  5448  5448 D GStreamer+bin: 0:00:31.122063322 0xf35f2200 gstbin.c:2869:gst_bin_change_state_func:<autoaudiosink0> check async elements
05-10 00:33:36.682  5448  5448 D GStreamer+bin: 0:00:31.122098478 0xf35f2200 gstbin.c:880:find_message:<autoaudiosink0> we found a message 0xf37deed8 from autoaudiosink0-actual-sink-opensles matching types 00100000
05-10 00:33:36.682  5448  5448 D GStreamer+GST_STATES: 0:00:31.122158270 0xf35f2200 gstbin.c:2892:gst_bin_change_state_func:<autoaudiosink0> done changing bin's state from READY to PAUSED, now in READY, ret ASYNC
05-10 00:33:36.682  5448  5448 D GStreamer+GST_STATES: 0:00:31.122189780 0xf35f2200 gstelement.c:2666:gst_element_change_state:<autoaudiosink0> element will change state ASYNC
05-10 00:33:36.682  5448  5448 D GStreamer+GST_STATES: 0:00:31.122221134 0xf35f2200 gstelement.c:2607:gst_element_set_state_func:<autoaudiosink0> returned ASYNC
05-10 00:33:36.682  5448  5448 I GStreamer+GST_STATES: 0:00:31.122273738 0xf35f2200 gstbin.c:2770:gst_bin_change_state_func:<pipeline0> child 'autoaudiosink0' is changing state asynchronously to PAUSED
05-10 00:33:36.682  5448  5448 D GStreamer+bin: 0:00:31.122307801 0xf35f2200 gstbin.c:2182:gst_bin_sort_iterator_next:<pipeline0> queue head gives glimagesinkbin0
05-10 00:33:36.682  5448  5448 D GStreamer+bin: 0:00:31.122339363 0xf35f2200 gstbin.c:882:find_message:<pipeline0> no message found matching types 00001000
05-10 00:33:36.682  5448  5448 D GStreamer+bin: 0:00:31.122389780 0xf35f2200 gstbin.c:889:find_message:<pipeline0>   structure-change
05-10 00:33:36.682  5448  5448 D GStreamer+bin: 0:00:31.122427436 0xf35f2200 gstbin.c:2098:update_degree:<pipeline0> change element forhalffps, degree 1->0, linked to glimagesinkbin0
05-10 00:33:36.682  5448  5448 D GStreamer+bin: 0:00:31.122476811 0xf35f2200 gstbin.c:1981:add_to_queue:<pipeline0> adding 'forhalffps' to queue
05-10 00:33:36.682  5448  5448 I GStreamer+GST_STATES: 0:00:31.122515457 0xf35f2200 gstbin.c:2316:gst_bin_element_set_state:<glimagesinkbin0> current READY pending VOID_PENDING, desired next PAUSED
05-10 00:33:36.682  5448  5448 D GStreamer+bin: 0:00:31.122547384 0xf35f2200 gstbin.c:882:find_message:<pipeline0> no message found matching types 00100000
05-10 00:33:36.682  5448  5448 D GStreamer+bin: 0:00:31.122597072 0xf35f2200 gstbin.c:889:find_message:<pipeline0>   async-start
05-10 00:33:36.682  5448  5448 D GStreamer+bin: 0:00:31.122633478 0xf35f2200 gstbin.c:2411:gst_bin_element_set_state:<pipeline0> setting element glimagesinkbin0 to PAUSED, base_time 0:00:00.000000000
05-10 00:33:36.682  5448  5448 D GStreamer+GST_STATES: 0:00:31.122664988 0xf35f2200 gstelement.c:2523:gst_element_set_state_func:<glimagesinkbin0> set_state to PAUSED
05-10 00:33:36.682  5448  5448 D GStreamer+GST_STATES: 0:00:31.122716499 0xf35f2200 gstelement.c:2548:gst_element_set_state_func:<glimagesinkbin0> setting target state to PAUSED
05-10 00:33:36.682  5448  5448 D GStreamer+GST_STATES: 0:00:31.122751238 0xf35f2200 gstelement.c:2561:gst_element_set_state_func:<glimagesinkbin0> current READY, old_pending VOID_PENDING, next VOID_PENDING, old return SUCCESS
05-10 00:33:36.682  5448  5448 D GStreamer+GST_STATES: 0:00:31.122802384 0xf35f2200 gstelement.c:2595:gst_element_set_state_func:<glimagesinkbin0> final: setting state from READY to PAUSED
05-10 00:33:36.682  5448  5448 D GStreamer+glimagesink: 0:00:31.122836082 0xf35f2200 gstglsinkbin.c:374:gst_gl_sink_bin_change_state changing state: READY => PAUSED
05-10 00:33:36.682  5448  5448 D GStreamer+GST_STATES: 0:00:31.122867280 0xf35f2200 gstbin.c:2664:gst_bin_change_state_func:<glimagesinkbin0> changing state of children from READY to PAUSED
05-10 00:33:36.682  5448  5448 D GStreamer+bin: 0:00:31.122915926 0xf35f2200 gstbin.c:2688:gst_bin_change_state_func:<glimagesinkbin0> clearing EOS elements
05-10 00:33:36.682  5448  5448 D GStreamer+bin: 0:00:31.122948634 0xf35f2200 gstbin.c:2509:gst_bin_src_pads_activate:<glimagesinkbin0> activate pads
05-10 00:33:36.682  5448  5448 D GStreamer+bin: 0:00:31.122982957 0xf35f2200 gstbin.c:2517:gst_bin_src_pads_activate:<glimagesinkbin0> pad activation successful
05-10 00:33:36.682  5448  5448 D GStreamer+bin: 0:00:31.123033374 0xf35f2200 gstbin.c:2195:gst_bin_sort_iterator_resync:<glimagesinkbin0> resync
05-10 00:33:36.683  5448  5448 D GStreamer+bin: 0:00:31.123065561 0xf35f2200 gstbin.c:1981:add_to_queue:<glimagesinkbin0> adding 'sink' to queue
05-10 00:33:36.683  5448  5448 D GStreamer+bin: 0:00:31.123100874 0xf35f2200 gstbin.c:882:find_message:<glimagesinkbin0> no message found matching types 00001000
05-10 00:33:36.683  5448  5448 D GStreamer+bin: 0:00:31.123158009 0xf35f2200 gstbin.c:889:find_message:<glimagesinkbin0>   structure-change
05-10 00:33:36.683  5448  5448 D GStreamer+bin: 0:00:31.123195978 0xf35f2200 gstbin.c:2098:update_degree:<glimagesinkbin0> change element glcolorbalance0, degree 0->1, linked to sink
05-10 00:33:36.683  5448  5448 D GStreamer+bin: 0:00:31.123247020 0xf35f2200 gstbin.c:882:find_message:<glimagesinkbin0> no message found matching types 00001000
05-10 00:33:36.683  5448  5448 D GStreamer+bin: 0:00:31.123279936 0xf35f2200 gstbin.c:889:find_message:<glimagesinkbin0>   structure-change
05-10 00:33:36.683  5448  5448 D GStreamer+bin: 0:00:31.123316863 0xf35f2200 gstbin.c:2098:update_degree:<glimagesinkbin0> change element glcolorconvertelement0, degree 0->1, linked to glcolorbalance0
05-10 00:33:36.683  5448  5448 D GStreamer+bin: 0:00:31.123368374 0xf35f2200 gstbin.c:882:find_message:<glimagesinkbin0> no message found matching types 00001000
05-10 00:33:36.683  5448  5448 D GStreamer+bin: 0:00:31.123399832 0xf35f2200 gstbin.c:889:find_message:<glimagesinkbin0>   structure-change
05-10 00:33:36.683  5448  5448 D GStreamer+bin: 0:00:31.123436082 0xf35f2200 gstbin.c:2098:update_degree:<glimagesinkbin0> change element gluploadelement0, degree 0->1, linked to glcolorconvertelement0
05-10 00:33:36.683  5448  5448 D GStreamer+bin: 0:00:31.123488322 0xf35f2200 gstbin.c:882:find_message:<glimagesinkbin0> no message found matching types 00001000
05-10 00:33:36.683  5448  5448 D GStreamer+bin: 0:00:31.123518790 0xf35f2200 gstbin.c:889:find_message:<glimagesinkbin0>   structure-change
05-10 00:33:36.683  5448  5448 D GStreamer+bin: 0:00:31.123551655 0xf35f2200 gstbin.c:2121:update_degree:<glimagesinkbin0> element gluploadelement0 not linked on any sinkpads
05-10 00:33:36.683  5448  5448 D GStreamer+bin: 0:00:31.123605509 0xf35f2200 gstbin.c:2182:gst_bin_sort_iterator_next:<glimagesinkbin0> queue head gives sink
05-10 00:33:36.683  5448  5448 D GStreamer+bin: 0:00:31.123636915 0xf35f2200 gstbin.c:882:find_message:<glimagesinkbin0> no message found matching types 00001000
05-10 00:33:36.683  5448  5448 D GStreamer+bin: 0:00:31.123684884 0xf35f2200 gstbin.c:889:find_message:<glimagesinkbin0>   structure-change
05-10 00:33:36.683  5448  5448 D GStreamer+bin: 0:00:31.123721447 0xf35f2200 gstbin.c:2098:update_degree:<glimagesinkbin0> change element glcolorbalance0, degree 1->0, linked to sink
05-10 00:33:36.683  5448  5448 D GStreamer+bin: 0:00:31.123751967 0xf35f2200 gstbin.c:1981:add_to_queue:<glimagesinkbin0> adding 'glcolorbalance0' to queue
05-10 00:33:36.683  5448  5448 I GStreamer+GST_STATES: 0:00:31.123805509 0xf35f2200 gstbin.c:2316:gst_bin_element_set_state:<sink> current READY pending VOID_PENDING, desired next PAUSED
05-10 00:33:36.683  5448  5448 D GStreamer+bin: 0:00:31.123838217 0xf35f2200 gstbin.c:882:find_message:<glimagesinkbin0> no message found matching types 00100000
05-10 00:33:36.683  5448  5448 D GStreamer+bin: 0:00:31.123868686 0xf35f2200 gstbin.c:889:find_message:<glimagesinkbin0>   async-start
05-10 00:33:36.683  5448  5448 D GStreamer+bin: 0:00:31.123923582 0xf35f2200 gstbin.c:2411:gst_bin_element_set_state:<glimagesinkbin0> setting element sink to PAUSED, base_time 0:00:00.000000000
05-10 00:33:36.683  5448  5448 D GStreamer+GST_STATES: 0:00:31.123956030 0xf35f2200 gstelement.c:2523:gst_element_set_state_func:<sink> set_state to PAUSED
05-10 00:33:36.683  5448  5448 D GStreamer+GST_STATES: 0:00:31.123987176 0xf35f2200 gstelement.c:2548:gst_element_set_state_func:<sink> setting target state to PAUSED
05-10 00:33:36.683  5448  5448 D GStreamer+GST_STATES: 0:00:31.124040457 0xf35f2200 gstelement.c:2561:gst_element_set_state_func:<sink> current READY, old_pending VOID_PENDING, next VOID_PENDING, old return SUCCESS
05-10 00:33:36.684  5448  5448 D GStreamer+GST_STATES: 0:00:31.124073478 0xf35f2200 gstelement.c:2595:gst_element_set_state_func:<sink> final: setting state from READY to PAUSED
05-10 00:33:36.684  5448  5448 D GStreamer+glimagesink: 0:00:31.124105874 0xf35f2200 gstglimagesink.c:990:gst_glimage_sink_change_state changing state: READY => PAUSED
05-10 00:33:36.684  5448  5448 D GStreamer+basesink: 0:00:31.124162280 0xf35f2200 gstbasesink.c:5044:gst_base_sink_change_state:<sink> READY to PAUSED
05-10 00:33:36.684  5448  5448 D GStreamer+basesink: 0:00:31.124191863 0xf35f2200 gstbasesink.c:5065:gst_base_sink_change_state:<sink> doing async state change
05-10 00:33:36.684  5448  5448 D GStreamer+GST_BUS: 0:00:31.124259572 0xf35f2200 gstbus.c:309:gst_bus_post:<bus0> [msg 0xf37def88] posting on bus async-start message: 0xf37def88, time 99:99:99.999999999, seq-num 67, element 'sink', (NULL)
05-10 00:33:36.684  5448  5448 D GStreamer+bin: 0:00:31.124296342 0xf35f2200 gstbin.c:3528:gst_bin_handle_message_func:<glimagesinkbin0> [msg 0xf37def88] handling child sink message of type async-start
05-10 00:33:36.684  5448  5448 D GStreamer+bin: 0:00:31.124347488 0xf35f2200 gstbin.c:3718:gst_bin_handle_message_func:<glimagesinkbin0> ASYNC_START message 0xf37def88, sink
05-10 00:33:36.684  5448  5448 D GStreamer+bin: 0:00:31.124380926 0xf35f2200 gstbin.c:882:find_message:<glimagesinkbin0> no message found matching types 00100000
05-10 00:33:36.684  5448  5448 D GStreamer+bin: 0:00:31.124411967 0xf35f2200 gstbin.c:889:find_message:<glimagesinkbin0>   async-start
05-10 00:33:36.684  5448  5448 D GStreamer+bin: 0:00:31.124463061 0xf35f2200 gstbin.c:929:bin_replace_message:<glimagesinkbin0> got new message 0xf37def88, async-start from sink
05-10 00:33:36.684  5448  5448 D GStreamer+GST_STATES: 0:00:31.124495457 0xf35f2200 gstbin.c:3181:bin_handle_async_start:<glimagesinkbin0> state change busy
05-10 00:33:36.684  5448  5448 D GStreamer+bin: 0:00:31.124525509 0xf35f2200 gstbin.c:3167:bin_handle_async_start:<glimagesinkbin0> posting ASYNC_START to parent
05-10 00:33:36.684  5448  5448 D GStreamer+GST_BUS: 0:00:31.124590353 0xf35f2200 gstbus.c:309:gst_bus_post:<bus3> [msg 0xf37f5410] posting on bus async-start message: 0xf37f5410, time 99:99:99.999999999, seq-num 68, element 'glimagesinkbin0', (NULL)
05-10 00:33:36.684  5448  5448 D GStreamer+bin: 0:00:31.124625092 0xf35f2200 gstbin.c:3528:gst_bin_handle_message_func:<pipeline0> [msg 0xf37f5410] handling child glimagesinkbin0 message of type async-start
05-10 00:33:36.684  5448  5448 D GStreamer+bin: 0:00:31.124675926 0xf35f2200 gstbin.c:3718:gst_bin_handle_message_func:<pipeline0> ASYNC_START message 0xf37f5410, glimagesinkbin0
05-10 00:33:36.684  5448  5448 D GStreamer+bin: 0:00:31.124709415 0xf35f2200 gstbin.c:882:find_message:<pipeline0> no message found matching types 00100000
05-10 00:33:36.684  5448  5448 D GStreamer+bin: 0:00:31.124739780 0xf35f2200 gstbin.c:889:find_message:<pipeline0>   async-start
05-10 00:33:36.684  5448  5448 D GStreamer+bin: 0:00:31.124790509 0xf35f2200 gstbin.c:929:bin_replace_message:<pipeline0> got new message 0xf37f5410, async-start from glimagesinkbin0
05-10 00:33:36.684  5448  5448 D GStreamer+GST_STATES: 0:00:31.124821395 0xf35f2200 gstbin.c:3181:bin_handle_async_start:<pipeline0> state change busy
05-10 00:33:36.684  5448  5448 D GStreamer+GST_BUS: 0:00:31.124852332 0xf35f2200 gstbus.c:344:gst_bus_post:<bus3> [msg 0xf37f5410] dropped
05-10 00:33:36.684  5448  5448 D GStreamer+GST_BUS: 0:00:31.124903842 0xf35f2200 gstbus.c:344:gst_bus_post:<bus0> [msg 0xf37def88] dropped
05-10 00:33:36.684  5448  5448 D GStreamer+GST_ELEMENT_PADS: 0:00:31.124936915 0xf35f2200 gstelement.c:2793:gst_element_pads_activate:<sink> activate pads
05-10 00:33:36.684  5448  5448 D GStreamer+GST_PADS: 0:00:31.124972957 0xf35f2200 gstpad.c:1056:gst_pad_set_active:<sink:sink> activating pad from none
05-10 00:33:36.684  5448  5448 D GStreamer+basesink: 0:00:31.125026603 0xf35f2200 gstbasesink.c:4192:gst_base_sink_pad_activate:<sink> Trying pull mode first
05-10 00:33:36.685  5448  5448 D GStreamer+basesink: 0:00:31.125058947 0xf35f2200 gstbasesink.c:4198:gst_base_sink_pad_activate:<sink> pull mode disabled
05-10 00:33:36.685  5448  5448 D GStreamer+basesink: 0:00:31.125089103 0xf35f2200 gstbasesink.c:4248:gst_base_sink_pad_activate:<sink> Falling back to push mode
05-10 00:33:36.685  5448  5448 D GStreamer+GST_PADS: 0:00:31.125156811 0xf35f2200 gstpad.c:972:pre_activate:<sink:sink> setting pad into push mode, unset flushing
05-10 00:33:36.685  5448  5448 D GStreamer+GST_PADS: 0:00:31.125192436 0xf35f2200 gstpad.c:984:pre_activate:<sink:sink> reschedule events on peer glcolorbalance0:src
05-10 00:33:36.685  5448  5448 D GStreamer+GST_PADS: 0:00:31.125249988 0xf35f2200 gstpad.c:1198:gst_pad_activate_mode:<sink:sink> activated in push mode
05-10 00:33:36.685  5448  5448 D GStreamer+basesink: 0:00:31.125282072 0xf35f2200 gstbasesink.c:4250:gst_base_sink_pad_activate:<sink> Success activating push mode
05-10 00:33:36.685  5448  5448 D GStreamer+GST_ELEMENT_PADS: 0:00:31.125316655 0xf35f2200 gstelement.c:2812:gst_element_pads_activate:<sink> pad activation successful
05-10 00:33:36.685  5448  5448 D GStreamer+GST_STATES: 0:00:31.125372280 0xf35f2200 gstelement.c:2666:gst_element_change_state:<sink> element will change state ASYNC
05-10 00:33:36.685  5448  5448 D GStreamer+GST_STATES: 0:00:31.125404103 0xf35f2200 gstelement.c:2607:gst_element_set_state_func:<sink> returned ASYNC
05-10 00:33:36.685  5448  5448 I GStreamer+GST_STATES: 0:00:31.125460717 0xf35f2200 gstbin.c:2770:gst_bin_change_state_func:<glimagesinkbin0> child 'sink' is changing state asynchronously to PAUSED
05-10 00:33:36.685  5448  5448 D GStreamer+bin: 0:00:31.125499884 0xf35f2200 gstbin.c:2182:gst_bin_sort_iterator_next:<glimagesinkbin0> queue head gives glcolorbalance0
05-10 00:33:36.685  5448  5448 D GStreamer+bin: 0:00:31.125531655 0xf35f2200 gstbin.c:882:find_message:<glimagesinkbin0> no message found matching types 00001000
05-10 00:33:36.685  5448  5448 D GStreamer+bin: 0:00:31.125582540 0xf35f2200 gstbin.c:889:find_message:<glimagesinkbin0>   structure-change
05-10 00:33:36.685  5448  5448 D GStreamer+bin: 0:00:31.125621915 0xf35f2200 gstbin.c:2098:update_degree:<glimagesinkbin0> change element glcolorconvertelement0, degree 1->0, linked to glcolorbalance0
05-10 00:33:36.685  5448  5448 D GStreamer+bin: 0:00:31.125653322 0xf35f2200 gstbin.c:1981:add_to_queue:<glimagesinkbin0> adding 'glcolorconvertelement0' to queue
05-10 00:33:36.685  5448  5448 I GStreamer+GST_STATES: 0:00:31.125715353 0xf35f2200 gstbin.c:2316:gst_bin_element_set_state:<glcolorbalance0> current READY pending VOID_PENDING, desired next PAUSED
05-10 00:33:36.685  5448  5448 D GStreamer+bin: 0:00:31.125746447 0xf35f2200 gstbin.c:882:find_message:<glimagesinkbin0> no message found matching types 00100000
05-10 00:33:36.685  5448  5448 D GStreamer+bin: 0:00:31.125794311 0xf35f2200 gstbin.c:889:find_message:<glimagesinkbin0>   async-start
05-10 00:33:36.685  5448  5448 D GStreamer+bin: 0:00:31.125832488 0xf35f2200 gstbin.c:2411:gst_bin_element_set_state:<glimagesinkbin0> setting element glcolorbalance0 to PAUSED, base_time 0:00:00.000000000
05-10 00:33:36.685  5448  5448 D GStreamer+GST_STATES: 0:00:31.125863582 0xf35f2200 gstelement.c:2523:gst_element_set_state_func:<glcolorbalance0> set_state to PAUSED
05-10 00:33:36.685  5448  5448 D GStreamer+GST_STATES: 0:00:31.125916707 0xf35f2200 gstelement.c:2548:gst_element_set_state_func:<glcolorbalance0> setting target state to PAUSED
05-10 00:33:36.685  5448  5448 D GStreamer+GST_STATES: 0:00:31.125952645 0xf35f2200 gstelement.c:2561:gst_element_set_state_func:<glcolorbalance0> current READY, old_pending VOID_PENDING, next VOID_PENDING, old return SUCCESS
05-10 00:33:36.685  5448  5448 D GStreamer+GST_STATES: 0:00:31.125986342 0xf35f2200 gstelement.c:2595:gst_element_set_state_func:<glcolorbalance0> final: setting state from READY to PAUSED
05-10 00:33:36.685  5448  5448 D GStreamer+glbasefilter: 0:00:31.126041759 0xf35f2200 gstglbasefilter.c:467:gst_gl_base_filter_change_state:<glcolorbalance0> changing state: READY => PAUSED
05-10 00:33:36.686  5448  5448 D GStreamer+GST_ELEMENT_PADS: 0:00:31.126074311 0xf35f2200 gstelement.c:2793:gst_element_pads_activate:<glcolorbalance0> activate pads
05-10 00:33:36.686  5448  5448 D GStreamer+GST_PADS: 0:00:31.126141447 0xf35f2200 gstpad.c:1056:gst_pad_set_active:<glcolorbalance0:src> activating pad from none
05-10 00:33:36.686  5448  5448 D GStreamer+GST_PADS: 0:00:31.126179155 0xf35f2200 gstpad.c:972:pre_activate:<glcolorbalance0:src> setting pad into push mode, unset flushing
05-10 00:33:36.686  5448  5448 D GStreamer+GST_PADS: 0:00:31.126214415 0xf35f2200 gstpad.c:1198:gst_pad_activate_mode:<glcolorbalance0:src> activated in push mode
05-10 00:33:36.686  5448  5448 D GStreamer+GST_PADS: 0:00:31.126270613 0xf35f2200 gstpad.c:1056:gst_pad_set_active:<glcolorbalance0:sink> activating pad from none
05-10 00:33:36.686  5448  5448 D GStreamer+GST_PADS: 0:00:31.126304884 0xf35f2200 gstpad.c:972:pre_activate:<glcolorbalance0:sink> setting pad into push mode, unset flushing
05-10 00:33:36.686  5448  5448 D GStreamer+GST_PADS: 0:00:31.126359259 0xf35f2200 gstpad.c:984:pre_activate:<glcolorbalance0:sink> reschedule events on peer glcolorconvertelement0:src
05-10 00:33:36.686  5448  5448 D GStreamer+GST_CAPS: 0:00:31.126396811 0xf35f2200 gstpad.c:2648:gst_pad_get_current_caps:<glcolorbalance0:sink> get current pad caps (NULL)
05-10 00:33:36.686  5448  5448 D GStreamer+GST_CAPS: 0:00:31.126430509 0xf35f2200 gstpad.c:2648:gst_pad_get_current_caps:<glcolorbalance0:src> get current pad caps (NULL)
05-10 00:33:36.686  5448  5448 D GStreamer+basetransform: 0:00:31.126483582 0xf35f2200 gstbasetransform.c:2449:gst_base_transform_activate:<glcolorbalance0> have_same_caps 1
05-10 00:33:36.686  5448  5448 D GStreamer+GST_PADS: 0:00:31.126517280 0xf35f2200 gstpad.c:1198:gst_pad_activate_mode:<glcolorbalance0:sink> activated in push mode
05-10 00:33:36.686  5448  5448 D GStreamer+GST_ELEMENT_PADS: 0:00:31.126571082 0xf35f2200 gstelement.c:2812:gst_element_pads_activate:<glcolorbalance0> pad activation successful
05-10 00:33:36.686  5448  5448 D GStreamer+GST_STATES: 0:00:31.126603165 0xf35f2200 gstelement.c:2684:gst_element_change_state:<glcolorbalance0> element changed state SUCCESS
05-10 00:33:36.686  5448  5448 I GStreamer+GST_STATES: 0:00:31.126635613 0xf35f2200 gstelement.c:2372:gst_element_continue_state:<glcolorbalance0> completed state change to PAUSED
05-10 00:33:36.686  5448  5448 I GStreamer+GST_STATES: 0:00:31.126689624 0xf35f2200 gstelement.c:2277:_priv_gst_element_state_changed:<glcolorbalance0> notifying about state-changed READY to PAUSED (VOID_PENDING pending)
05-10 00:33:36.686  5448  5448 D GStreamer+GST_BUS: 0:00:31.126760197 0xf35f2200 gstbus.c:309:gst_bus_post:<bus0> [msg 0xf37f5468] posting on bus state-changed message: 0xf37f5468, time 99:99:99.999999999, seq-num 69, element 'glcolorbalance0', GstMessageStateChanged, old-state=(GstState)GST_STATE_READY, new-state=(GstState)GST_STATE_PAUSED, pending-state=(GstState)GST_STATE_VOID_PENDING;
05-10 00:33:36.686  5448  5448 D GStreamer+bin: 0:00:31.126817749 0xf35f2200 gstbin.c:3528:gst_bin_handle_message_func:<glimagesinkbin0> [msg 0xf37f5468] handling child glcolorbalance0 message of type state-changed
05-10 00:33:36.686  5448  5448 D GStreamer+bin: 0:00:31.126848738 0xf35f2200 gstbin.c:3865:gst_bin_handle_message_func:<glimagesinkbin0> posting message upward
05-10 00:33:36.686  5448  5448 D GStreamer+GST_BUS: 0:00:31.126925197 0xf35f2200 gstbus.c:309:gst_bus_post:<bus3> [msg 0xf37f5468] posting on bus state-changed message: 0xf37f5468, time 99:99:99.999999999, seq-num 69, element 'glcolorbalance0', GstMessageStateChanged, old-state=(GstState)GST_STATE_READY, new-state=(GstState)GST_STATE_PAUSED, pending-state=(GstState)GST_STATE_VOID_PENDING;
05-10 00:33:36.686  5448  5448 D GStreamer+bin: 0:00:31.126961134 0xf35f2200 gstbin.c:3528:gst_bin_handle_message_func:<pipeline0> [msg 0xf37f5468] handling child glcolorbalance0 message of type state-changed
05-10 00:33:36.686  5448  5448 D GStreamer+bin: 0:00:31.127009259 0xf35f2200 gstbin.c:3865:gst_bin_handle_message_func:<pipeline0> posting message upward
05-10 00:33:36.687  5448  5448 D GStreamer+GST_BUS: 0:00:31.127066967 0xf35f2200 gstbus.c:309:gst_bus_post:<bus4> [msg 0xf37f5468] posting on bus state-changed message: 0xf37f5468, time 99:99:99.999999999, seq-num 69, element 'glcolorbalance0', GstMessageStateChanged, old-state=(GstState)GST_STATE_READY, new-state=(GstState)GST_STATE_PAUSED, pending-state=(GstState)GST_STATE_VOID_PENDING;
05-10 00:33:36.687  5448  5448 D GStreamer+GST_BUS: 0:00:31.127125197 0xf35f2200 gstbus.c:348:gst_bus_post:<bus4> [msg 0xf37f5468] pushing on async queue
05-10 00:33:36.687  5448  5448 D GStreamer+GST_BUS: 0:00:31.127169155 0xf35f2200 gstbus.c:351:gst_bus_post:<bus4> [msg 0xf37f5468] pushed on async queue
05-10 00:33:36.687  5448  5448 D GStreamer+GST_BUS: 0:00:31.127224676 0xf35f2200 gstbus.c:344:gst_bus_post:<bus3> [msg 0xf37f5468] dropped
05-10 00:33:36.687  5448  5504 D GStreamer+GST_BUS: 0:00:31.127262488 0xf394d800 gstbus.c:521:gst_bus_timed_pop_filtered:<bus4> got message 0xf37f5468, state-changed from glcolorbalance0, type mask is 4294967295
05-10 00:33:36.687  5448  5448 D GStreamer+GST_BUS: 0:00:31.127280457 0xf35f2200 gstbus.c:344:gst_bus_post:<bus0> [msg 0xf37f5468] dropped
05-10 00:33:36.687  5448  5504 D GStreamer+GST_BUS: 0:00:31.127346863 0xf394d800 gstbus.c:789:gst_bus_source_dispatch:<bus4> source 0xf3aca788 calling dispatch with state-changed message: 0xf37f5468, time 99:99:99.999999999, seq-num 69, element 'glcolorbalance0', GstMessageStateChanged, old-state=(GstState)GST_STATE_READY, new-state=(GstState)GST_STATE_PAUSED, pending-state=(GstState)GST_STATE_VOID_PENDING;
05-10 00:33:36.687  5448  5448 D GStreamer+GST_STATES: 0:00:31.127362801 0xf35f2200 gstelement.c:2607:gst_element_set_state_func:<glcolorbalance0> returned SUCCESS
05-10 00:33:36.687  5448  5504 D GStreamer+GST_BUS: 0:00:31.127408842 0xf394d800 gstbus.c:794:gst_bus_source_dispatch:<bus4> source 0xf3aca788 handler returns 1
05-10 00:33:36.687  5448  5448 I GStreamer+GST_STATES: 0:00:31.127425457 0xf35f2200 gstbin.c:2764:gst_bin_change_state_func:<glimagesinkbin0> child 'glcolorbalance0' changed state to 3(PAUSED) successfully
05-10 00:33:36.687  5448  5448 D GStreamer+bin: 0:00:31.127493374 0xf35f2200 gstbin.c:2182:gst_bin_sort_iterator_next:<glimagesinkbin0> queue head gives glcolorconvertelement0
05-10 00:33:36.687  5448  5448 D GStreamer+bin: 0:00:31.127527384 0xf35f2200 gstbin.c:882:find_message:<glimagesinkbin0> no message found matching types 00001000
05-10 00:33:36.687  5448  5448 D GStreamer+bin: 0:00:31.127585509 0xf35f2200 gstbin.c:889:find_message:<glimagesinkbin0>   structure-change
05-10 00:33:36.687  5448  5448 D GStreamer+bin: 0:00:31.127626238 0xf35f2200 gstbin.c:2098:update_degree:<glimagesinkbin0> change element gluploadelement0, degree 1->0, linked to glcolorconvertelement0
05-10 00:33:36.687  5448  5448 D GStreamer+bin: 0:00:31.127683165 0xf35f2200 gstbin.c:1981:add_to_queue:<glimagesinkbin0> adding 'gluploadelement0' to queue
05-10 00:33:36.687  5448  5448 I GStreamer+GST_STATES: 0:00:31.127724988 0xf35f2200 gstbin.c:2316:gst_bin_element_set_state:<glcolorconvertelement0> current READY pending VOID_PENDING, desired next PAUSED
05-10 00:33:36.687  5448  5448 D GStreamer+bin: 0:00:31.127758530 0xf35f2200 gstbin.c:882:find_message:<glimagesinkbin0> no message found matching types 00100000
05-10 00:33:36.687  5448  5448 D GStreamer+bin: 0:00:31.127813738 0xf35f2200 gstbin.c:889:find_message:<glimagesinkbin0>   async-start
05-10 00:33:36.687  5448  5448 D GStreamer+bin: 0:00:31.127850717 0xf35f2200 gstbin.c:2411:gst_bin_element_set_state:<glimagesinkbin0> setting element glcolorconvertelement0 to PAUSED, base_time 0:00:00.000000000
05-10 00:33:36.687  5448  5448 D GStreamer+GST_STATES: 0:00:31.127903842 0xf35f2200 gstelement.c:2523:gst_element_set_state_func:<glcolorconvertelement0> set_state to PAUSED
05-10 00:33:36.687  5448  5448 D GStreamer+GST_STATES: 0:00:31.127937176 0xf35f2200 gstelement.c:2548:gst_element_set_state_func:<glcolorconvertelement0> setting target state to PAUSED
05-10 00:33:36.687  5448  5448 D GStreamer+GST_STATES: 0:00:31.127972228 0xf35f2200 gstelement.c:2561:gst_element_set_state_func:<glcolorconvertelement0> current READY, old_pending VOID_PENDING, next VOID_PENDING, old return SUCCESS
05-10 00:33:36.687  5448  5448 D GStreamer+GST_STATES: 0:00:31.128029884 0xf35f2200 gstelement.c:2595:gst_element_set_state_func:<glcolorconvertelement0> final: setting state from READY to PAUSED
05-10 00:33:36.688  5448  5448 D GStreamer+glbasefilter: 0:00:31.128066186 0xf35f2200 gstglbasefilter.c:467:gst_gl_base_filter_change_state:<glcolorconvertelement0> changing state: READY => PAUSED
05-10 00:33:36.688  5448  5448 D GStreamer+GST_ELEMENT_PADS: 0:00:31.128098686 0xf35f2200 gstelement.c:2793:gst_element_pads_activate:<glcolorconvertelement0> activate pads
05-10 00:33:36.688  5448  5448 D GStreamer+GST_PADS: 0:00:31.128178478 0xf35f2200 gstpad.c:1056:gst_pad_set_active:<glcolorconvertelement0:src> activating pad from none
05-10 00:33:36.688  5448  5448 D GStreamer+GST_PADS: 0:00:31.128238374 0xf35f2200 gstpad.c:972:pre_activate:<glcolorconvertelement0:src> setting pad into push mode, unset flushing
05-10 00:33:36.688  5448  5448 D GStreamer+GST_PADS: 0:00:31.128278009 0xf35f2200 gstpad.c:1198:gst_pad_activate_mode:<glcolorconvertelement0:src> activated in push mode
05-10 00:33:36.688  5448  5448 D GStreamer+GST_PADS: 0:00:31.128316447 0xf35f2200 gstpad.c:1056:gst_pad_set_active:<glcolorconvertelement0:sink> activating pad from none
05-10 00:33:36.688  5448  5448 D GStreamer+GST_PADS: 0:00:31.128373113 0xf35f2200 gstpad.c:972:pre_activate:<glcolorconvertelement0:sink> setting pad into push mode, unset flushing
05-10 00:33:36.688  5448  5448 D GStreamer+GST_PADS: 0:00:31.128409520 0xf35f2200 gstpad.c:984:pre_activate:<glcolorconvertelement0:sink> reschedule events on peer gluploadelement0:src
05-10 00:33:36.688  5448  5448 D GStreamer+GST_CAPS: 0:00:31.128467124 0xf35f2200 gstpad.c:2648:gst_pad_get_current_caps:<glcolorconvertelement0:sink> get current pad caps (NULL)
05-10 00:33:36.688  5448  5448 D GStreamer+GST_CAPS: 0:00:31.128503895 0xf35f2200 gstpad.c:2648:gst_pad_get_current_caps:<glcolorconvertelement0:src> get current pad caps (NULL)
05-10 00:33:36.688  5448  5448 D GStreamer+basetransform: 0:00:31.128536499 0xf35f2200 gstbasetransform.c:2449:gst_base_transform_activate:<glcolorconvertelement0> have_same_caps 0
05-10 00:33:36.688  5448  5448 D GStreamer+GST_PADS: 0:00:31.128590353 0xf35f2200 gstpad.c:1198:gst_pad_activate_mode:<glcolorconvertelement0:sink> activated in push mode
05-10 00:33:36.688  5448  5448 D GStreamer+GST_ELEMENT_PADS: 0:00:31.128628530 0xf35f2200 gstelement.c:2812:gst_element_pads_activate:<glcolorconvertelement0> pad activation successful
05-10 00:33:36.688  5448  5448 D GStreamer+GST_STATES: 0:00:31.128681134 0xf35f2200 gstelement.c:2684:gst_element_change_state:<glcolorconvertelement0> element changed state SUCCESS
05-10 00:33:36.688  5448  5448 I GStreamer+GST_STATES: 0:00:31.128717905 0xf35f2200 gstelement.c:2372:gst_element_continue_state:<glcolorconvertelement0> completed state change to PAUSED
05-10 00:33:36.688  5448  5448 I GStreamer+GST_STATES: 0:00:31.128755249 0xf35f2200 gstelement.c:2277:_priv_gst_element_state_changed:<glcolorconvertelement0> notifying about state-changed READY to PAUSED (VOID_PENDING pending)
05-10 00:33:36.688  5448  5448 D GStreamer+GST_BUS: 0:00:31.128846395 0xf35f2200 gstbus.c:309:gst_bus_post:<bus0> [msg 0xf37f54c0] posting on bus state-changed message: 0xf37f54c0, time 99:99:99.999999999, seq-num 70, element 'glcolorconvertelement0', GstMessageStateChanged, old-state=(GstState)GST_STATE_READY, new-state=(GstState)GST_STATE_PAUSED, pending-state=(GstState)GST_STATE_VOID_PENDING;
05-10 00:33:36.688  5448  5448 D GStreamer+bin: 0:00:31.128904207 0xf35f2200 gstbin.c:3528:gst_bin_handle_message_func:<glimagesinkbin0> [msg 0xf37f54c0] handling child glcolorconvertelement0 message of type state-changed
05-10 00:33:36.688  5448  5448 D GStreamer+bin: 0:00:31.128937488 0xf35f2200 gstbin.c:3865:gst_bin_handle_message_func:<glimagesinkbin0> posting message upward
05-10 00:33:36.688  5448  5448 D GStreamer+GST_BUS: 0:00:31.129013582 0xf35f2200 gstbus.c:309:gst_bus_post:<bus3> [msg 0xf37f54c0] posting on bus state-changed message: 0xf37f54c0, time 99:99:99.999999999, seq-num 70, element 'glcolorconvertelement0', GstMessageStateChanged, old-state=(GstState)GST_STATE_READY, new-state=(GstState)GST_STATE_PAUSED, pending-state=(GstState)GST_STATE_VOID_PENDING;
05-10 00:33:36.689  5448  5448 D GStreamer+bin: 0:00:31.129052905 0xf35f2200 gstbin.c:3528:gst_bin_handle_message_func:<pipeline0> [msg 0xf37f54c0] handling child glcolorconvertelement0 message of type state-changed
05-10 00:33:36.689  5448  5448 D GStreamer+bin: 0:00:31.129083061 0xf35f2200 gstbin.c:3865:gst_bin_handle_message_func:<pipeline0> posting message upward
05-10 00:33:36.689  5448  5448 D GStreamer+GST_BUS: 0:00:31.129169051 0xf35f2200 gstbus.c:309:gst_bus_post:<bus4> [msg 0xf37f54c0] posting on bus state-changed message: 0xf37f54c0, time 99:99:99.999999999, seq-num 70, element 'glcolorconvertelement0', GstMessageStateChanged, old-state=(GstState)GST_STATE_READY, new-state=(GstState)GST_STATE_PAUSED, pending-state=(GstState)GST_STATE_VOID_PENDING;
05-10 00:33:36.689  5448  5448 D GStreamer+GST_BUS: 0:00:31.129204103 0xf35f2200 gstbus.c:348:gst_bus_post:<bus4> [msg 0xf37f54c0] pushing on async queue
05-10 00:33:36.689  5448  5448 D GStreamer+GST_BUS: 0:00:31.129264051 0xf35f2200 gstbus.c:351:gst_bus_post:<bus4> [msg 0xf37f54c0] pushed on async queue
05-10 00:33:36.689  5448  5448 D GStreamer+GST_BUS: 0:00:31.129298842 0xf35f2200 gstbus.c:344:gst_bus_post:<bus3> [msg 0xf37f54c0] dropped
05-10 00:33:36.689  5448  5504 D GStreamer+GST_BUS: 0:00:31.129345301 0xf394d800 gstbus.c:521:gst_bus_timed_pop_filtered:<bus4> got message 0xf37f54c0, state-changed from glcolorconvertelement0, type mask is 4294967295
05-10 00:33:36.689  5448  5448 D GStreamer+GST_BUS: 0:00:31.129355926 0xf35f2200 gstbus.c:344:gst_bus_post:<bus0> [msg 0xf37f54c0] dropped
05-10 00:33:36.689  5448  5448 D GStreamer+GST_STATES: 0:00:31.129392853 0xf35f2200 gstelement.c:2607:gst_element_set_state_func:<glcolorconvertelement0> returned SUCCESS
05-10 00:33:36.689  5448  5504 D GStreamer+GST_BUS: 0:00:31.129417645 0xf394d800 gstbus.c:789:gst_bus_source_dispatch:<bus4> source 0xf3aca788 calling dispatch with state-changed message: 0xf37f54c0, time 99:99:99.999999999, seq-num 70, element 'glcolorconvertelement0', GstMessageStateChanged, old-state=(GstState)GST_STATE_READY, new-state=(GstState)GST_STATE_PAUSED, pending-state=(GstState)GST_STATE_VOID_PENDING;
05-10 00:33:36.689  5448  5448 I GStreamer+GST_STATES: 0:00:31.129457176 0xf35f2200 gstbin.c:2764:gst_bin_change_state_func:<glimagesinkbin0> child 'glcolorconvertelement0' changed state to 3(PAUSED) successfully
05-10 00:33:36.689  5448  5504 D GStreamer+GST_BUS: 0:00:31.129478582 0xf394d800 gstbus.c:794:gst_bus_source_dispatch:<bus4> source 0xf3aca788 handler returns 1
05-10 00:33:36.689  5448  5448 D GStreamer+bin: 0:00:31.129499832 0xf35f2200 gstbin.c:2182:gst_bin_sort_iterator_next:<glimagesinkbin0> queue head gives gluploadelement0
05-10 00:33:36.689  5448  5448 D GStreamer+bin: 0:00:31.129533217 0xf35f2200 gstbin.c:882:find_message:<glimagesinkbin0> no message found matching types 00001000
05-10 00:33:36.689  5448  5448 D GStreamer+bin: 0:00:31.129585561 0xf35f2200 gstbin.c:889:find_message:<glimagesinkbin0>   structure-change
05-10 00:33:36.689  5448  5448 D GStreamer+bin: 0:00:31.129620405 0xf35f2200 gstbin.c:2121:update_degree:<glimagesinkbin0> element gluploadelement0 not linked on any sinkpads
05-10 00:33:36.689  5448  5448 I GStreamer+GST_STATES: 0:00:31.129675874 0xf35f2200 gstbin.c:2316:gst_bin_element_set_state:<gluploadelement0> current READY pending VOID_PENDING, desired next PAUSED
05-10 00:33:36.689  5448  5448 D GStreamer+bin: 0:00:31.129711030 0xf35f2200 gstbin.c:882:find_message:<glimagesinkbin0> no message found matching types 00100000
05-10 00:33:36.689  5448  5448 D GStreamer+bin: 0:00:31.129742697 0xf35f2200 gstbin.c:889:find_message:<glimagesinkbin0>   async-start
05-10 00:33:36.689  5448  5448 D GStreamer+bin: 0:00:31.129798270 0xf35f2200 gstbin.c:2411:gst_bin_element_set_state:<glimagesinkbin0> setting element gluploadelement0 to PAUSED, base_time 0:00:00.000000000
05-10 00:33:36.689  5448  5448 D GStreamer+GST_STATES: 0:00:31.129831759 0xf35f2200 gstelement.c:2523:gst_element_set_state_func:<gluploadelement0> set_state to PAUSED
05-10 00:33:36.689  5448  5448 D GStreamer+GST_STATES: 0:00:31.129863165 0xf35f2200 gstelement.c:2548:gst_element_set_state_func:<gluploadelement0> setting target state to PAUSED
05-10 00:33:36.689  5448  5448 D GStreamer+GST_STATES: 0:00:31.129917801 0xf35f2200 gstelement.c:2561:gst_element_set_state_func:<gluploadelement0> current READY, old_pending VOID_PENDING, next VOID_PENDING, old return SUCCESS
05-10 00:33:36.689  5448  5448 D GStreamer+GST_STATES: 0:00:31.129951811 0xf35f2200 gstelement.c:2595:gst_element_set_state_func:<gluploadelement0> final: setting state from READY to PAUSED
05-10 00:33:36.689  5448  5448 D GStreamer+glbasefilter: 0:00:31.130004572 0xf35f2200 gstglbasefilter.c:467:gst_gl_base_filter_change_state:<gluploadelement0> changing state: READY => PAUSED
05-10 00:33:36.689  5448  5448 D GStreamer+GST_ELEMENT_PADS: 0:00:31.130038999 0xf35f2200 gstelement.c:2793:gst_element_pads_activate:<gluploadelement0> activate pads
05-10 00:33:36.690  5448  5448 D GStreamer+GST_PADS: 0:00:31.130074780 0xf35f2200 gstpad.c:1056:gst_pad_set_active:<gluploadelement0:src> activating pad from none
05-10 00:33:36.690  5448  5448 D GStreamer+GST_PADS: 0:00:31.130137905 0xf35f2200 gstpad.c:972:pre_activate:<gluploadelement0:src> setting pad into push mode, unset flushing
05-10 00:33:36.690  5448  5448 D GStreamer+GST_PADS: 0:00:31.130175145 0xf35f2200 gstpad.c:1198:gst_pad_activate_mode:<gluploadelement0:src> activated in push mode
05-10 00:33:36.690  5448  5448 D GStreamer+GST_PADS: 0:00:31.130231082 0xf35f2200 gstpad.c:1056:gst_pad_set_active:<gluploadelement0:sink> activating pad from none
05-10 00:33:36.690  5448  5448 D GStreamer+GST_PADS: 0:00:31.130266967 0xf35f2200 gstpad.c:972:pre_activate:<gluploadelement0:sink> setting pad into push mode, unset flushing
05-10 00:33:36.690  5448  5448 D GStreamer+GST_PADS: 0:00:31.130303009 0xf35f2200 gstpad.c:984:pre_activate:<gluploadelement0:sink> reschedule events on peer sink:proxypad0
05-10 00:33:36.690  5448  5448 D GStreamer+GST_CAPS: 0:00:31.130358113 0xf35f2200 gstpad.c:2648:gst_pad_get_current_caps:<gluploadelement0:sink> get current pad caps (NULL)
05-10 00:33:36.690  5448  5448 D GStreamer+GST_CAPS: 0:00:31.130392540 0xf35f2200 gstpad.c:2648:gst_pad_get_current_caps:<gluploadelement0:src> get current pad caps (NULL)
05-10 00:33:36.690  5448  5448 D GStreamer+basetransform: 0:00:31.130442540 0xf35f2200 gstbasetransform.c:2449:gst_base_transform_activate:<gluploadelement0> have_same_caps 0
05-10 00:33:36.690  5448  5448 D GStreamer+GST_PADS: 0:00:31.130479624 0xf35f2200 gstpad.c:1198:gst_pad_activate_mode:<gluploadelement0:sink> activated in push mode
05-10 00:33:36.690  5448  5448 D GStreamer+GST_ELEMENT_PADS: 0:00:31.130514259 0xf35f2200 gstelement.c:2812:gst_element_pads_activate:<gluploadelement0> pad activation successful
05-10 00:33:36.690  5448  5448 D GStreamer+GST_STATES: 0:00:31.130563322 0xf35f2200 gstelement.c:2684:gst_element_change_state:<gluploadelement0> element changed state SUCCESS
05-10 00:33:36.690  5448  5448 I GStreamer+GST_STATES: 0:00:31.130596342 0xf35f2200 gstelement.c:2372:gst_element_continue_state:<gluploadelement0> completed state change to PAUSED
05-10 00:33:36.690  5448  5448 I GStreamer+GST_STATES: 0:00:31.130630145 0xf35f2200 gstelement.c:2277:_priv_gst_element_state_changed:<gluploadelement0> notifying about state-changed READY to PAUSED (VOID_PENDING pending)
05-10 00:33:36.690  5448  5448 D GStreamer+GST_BUS: 0:00:31.130709520 0xf35f2200 gstbus.c:309:gst_bus_post:<bus0> [msg 0xf37f5518] posting on bus state-changed message: 0xf37f5518, time 99:99:99.999999999, seq-num 71, element 'gluploadelement0', GstMessageStateChanged, old-state=(GstState)GST_STATE_READY, new-state=(GstState)GST_STATE_PAUSED, pending-state=(GstState)GST_STATE_VOID_PENDING;
05-10 00:33:36.690  5448  5448 D GStreamer+bin: 0:00:31.130745613 0xf35f2200 gstbin.c:3528:gst_bin_handle_message_func:<glimagesinkbin0> [msg 0xf37f5518] handling child gluploadelement0 message of type state-changed
05-10 00:33:36.690  5448  5448 D GStreamer+bin: 0:00:31.130796342 0xf35f2200 gstbin.c:3865:gst_bin_handle_message_func:<glimagesinkbin0> posting message upward
05-10 00:33:36.690  5448  5448 D GStreamer+GST_BUS: 0:00:31.130852645 0xf35f2200 gstbus.c:309:gst_bus_post:<bus3> [msg 0xf37f5518] posting on bus state-changed message: 0xf37f5518, time 99:99:99.999999999, seq-num 71, element 'gluploadelement0', GstMessageStateChanged, old-state=(GstState)GST_STATE_READY, new-state=(GstState)GST_STATE_PAUSED, pending-state=(GstState)GST_STATE_VOID_PENDING;
05-10 00:33:36.690  5448  5448 D GStreamer+bin: 0:00:31.130907436 0xf35f2200 gstbin.c:3528:gst_bin_handle_message_func:<pipeline0> [msg 0xf37f5518] handling child gluploadelement0 message of type state-changed
05-10 00:33:36.690  5448  5448 D GStreamer+bin: 0:00:31.130937645 0xf35f2200 gstbin.c:3865:gst_bin_handle_message_func:<pipeline0> posting message upward
05-10 00:33:36.690  5448  5448 D GStreamer+GST_BUS: 0:00:31.131011863 0xf35f2200 gstbus.c:309:gst_bus_post:<bus4> [msg 0xf37f5518] posting on bus state-changed message: 0xf37f5518, time 99:99:99.999999999, seq-num 71, element 'gluploadelement0', GstMessageStateChanged, old-state=(GstState)GST_STATE_READY, new-state=(GstState)GST_STATE_PAUSED, pending-state=(GstState)GST_STATE_VOID_PENDING;
05-10 00:33:36.690  5448  5448 D GStreamer+GST_BUS: 0:00:31.131045197 0xf35f2200 gstbus.c:348:gst_bus_post:<bus4> [msg 0xf37f5518] pushing on async queue
05-10 00:33:36.691  5448  5448 D GStreamer+GST_BUS: 0:00:31.131081290 0xf35f2200 gstbus.c:351:gst_bus_post:<bus4> [msg 0xf37f5518] pushed on async queue
05-10 00:33:36.691  5448  5448 D GStreamer+GST_BUS: 0:00:31.131149363 0xf35f2200 gstbus.c:344:gst_bus_post:<bus3> [msg 0xf37f5518] dropped
05-10 00:33:36.691  5448  5504 D GStreamer+GST_BUS: 0:00:31.131174155 0xf394d800 gstbus.c:521:gst_bus_timed_pop_filtered:<bus4> got message 0xf37f5518, state-changed from gluploadelement0, type mask is 4294967295
05-10 00:33:36.691  5448  5448 D GStreamer+GST_BUS: 0:00:31.131193634 0xf35f2200 gstbus.c:344:gst_bus_post:<bus0> [msg 0xf37f5518] dropped
05-10 00:33:36.691  5448  5504 D GStreamer+GST_BUS: 0:00:31.131250874 0xf394d800 gstbus.c:789:gst_bus_source_dispatch:<bus4> source 0xf3aca788 calling dispatch with state-changed message: 0xf37f5518, time 99:99:99.999999999, seq-num 71, element 'gluploadelement0', GstMessageStateChanged, old-state=(GstState)GST_STATE_READY, new-state=(GstState)GST_STATE_PAUSED, pending-state=(GstState)GST_STATE_VOID_PENDING;
05-10 00:33:36.691  5448  5448 D GStreamer+GST_STATES: 0:00:31.131269103 0xf35f2200 gstelement.c:2607:gst_element_set_state_func:<gluploadelement0> returned SUCCESS
05-10 00:33:36.691  5448  5504 D GStreamer+GST_BUS: 0:00:31.131296915 0xf394d800 gstbus.c:794:gst_bus_source_dispatch:<bus4> source 0xf3aca788 handler returns 1
05-10 00:33:36.691  5448  5448 I GStreamer+GST_STATES: 0:00:31.131334780 0xf35f2200 gstbin.c:2764:gst_bin_change_state_func:<glimagesinkbin0> child 'gluploadelement0' changed state to 3(PAUSED) successfully
05-10 00:33:36.691  5448  5448 D GStreamer+bin: 0:00:31.131372384 0xf35f2200 gstbin.c:2171:gst_bin_sort_iterator_next:<glimagesinkbin0> queue empty, elements exhausted
05-10 00:33:36.691  5448  5448 D GStreamer+GST_STATES: 0:00:31.131402488 0xf35f2200 gstbin.c:2823:gst_bin_change_state_func:<glimagesinkbin0> iterator done
05-10 00:33:36.691  5448  5448 D GStreamer+GST_ELEMENT_PADS: 0:00:31.131453530 0xf35f2200 gstelement.c:2793:gst_element_pads_activate:<glimagesinkbin0> activate pads
05-10 00:33:36.691  5448  5448 D GStreamer+GST_PADS: 0:00:31.131490717 0xf35f2200 gstpad.c:1056:gst_pad_set_active:<glimagesinkbin0:sink> activating pad from none
05-10 00:33:36.691  5448  5448 D GStreamer+GST_PADS: 0:00:31.131525092 0xf35f2200 gstpad.c:972:pre_activate:<glimagesinkbin0:sink> setting pad into push mode, unset flushing
05-10 00:33:36.691  5448  5448 D GStreamer+GST_PADS: 0:00:31.131581186 0xf35f2200 gstpad.c:984:pre_activate:<glimagesinkbin0:sink> reschedule events on peer forhalffps:src
05-10 00:33:36.691  5448  5448 D GStreamer+GST_PADS: 0:00:31.131618374 0xf35f2200 gstpad.c:972:pre_activate:<sink:proxypad0> setting pad into push mode, unset flushing
05-10 00:33:36.691  5448  5448 D GStreamer+GST_PADS: 0:00:31.131674051 0xf35f2200 gstpad.c:1225:gst_pad_activate_mode:<glimagesinkbin0:sink> already activated in push mode
05-10 00:33:36.691  5448  5448 D GStreamer+GST_PADS: 0:00:31.131710457 0xf35f2200 gstpad.c:1198:gst_pad_activate_mode:<sink:proxypad0> activated in push mode
05-10 00:33:36.691  5448  5448 D GStreamer+GST_PADS: 0:00:31.131745145 0xf35f2200 gstpad.c:1198:gst_pad_activate_mode:<glimagesinkbin0:sink> activated in push mode
05-10 00:33:36.691  5448  5448 D GStreamer+GST_ELEMENT_PADS: 0:00:31.131800822 0xf35f2200 gstelement.c:2812:gst_element_pads_activate:<glimagesinkbin0> pad activation successful
05-10 00:33:36.691  5448  5448 D GStreamer+GST_STATES: 0:00:31.131833842 0xf35f2200 gstbin.c:2841:gst_bin_change_state_func:<glimagesinkbin0> we have ASYNC elements SUCCESS -> ASYNC
05-10 00:33:36.691  5448  5448 D GStreamer+bin: 0:00:31.131883895 0xf35f2200 gstbin.c:2213:gst_bin_sort_iterator_free:<glimagesinkbin0> free
05-10 00:33:36.691  5448  5448 D GStreamer+bin: 0:00:31.131917905 0xf35f2200 gstbin.c:2869:gst_bin_change_state_func:<glimagesinkbin0> check async elements
05-10 00:33:36.691  5448  5448 D GStreamer+bin: 0:00:31.131953947 0xf35f2200 gstbin.c:880:find_message:<glimagesinkbin0> we found a message 0xf37def88 from sink matching types 00100000
05-10 00:33:36.691  5448  5448 D GStreamer+GST_STATES: 0:00:31.132007905 0xf35f2200 gstbin.c:2892:gst_bin_change_state_func:<glimagesinkbin0> done changing bin's state from READY to PAUSED, now in READY, ret ASYNC
05-10 00:33:36.691  5448  5448 D GStreamer+GST_STATES: 0:00:31.132040978 0xf35f2200 gstelement.c:2666:gst_element_change_state:<glimagesinkbin0> element will change state ASYNC
05-10 00:33:36.692  5448  5448 D GStreamer+GST_STATES: 0:00:31.132073374 0xf35f2200 gstelement.c:2607:gst_element_set_state_func:<glimagesinkbin0> returned ASYNC
05-10 00:33:36.692  5448  5448 I GStreamer+GST_STATES: 0:00:31.132137853 0xf35f2200 gstbin.c:2770:gst_bin_change_state_func:<pipeline0> child 'glimagesinkbin0' is changing state asynchronously to PAUSED
05-10 00:33:36.692  5448  5448 D GStreamer+bin: 0:00:31.132173947 0xf35f2200 gstbin.c:2182:gst_bin_sort_iterator_next:<pipeline0> queue head gives queue3
05-10 00:33:36.692  5448  5448 D GStreamer+bin: 0:00:31.132225978 0xf35f2200 gstbin.c:882:find_message:<pipeline0> no message found matching types 00001000
05-10 00:33:36.692  5448  5448 D GStreamer+bin: 0:00:31.132257228 0xf35f2200 gstbin.c:889:find_message:<pipeline0>   structure-change
05-10 00:33:36.692  5448  5448 D GStreamer+bin: 0:00:31.132288895 0xf35f2200 gstbin.c:2121:update_degree:<pipeline0> element queue3 not linked on any sinkpads
05-10 00:33:36.692  5448  5448 I GStreamer+GST_STATES: 0:00:31.132342645 0xf35f2200 gstbin.c:2316:gst_bin_element_set_state:<queue3> current READY pending VOID_PENDING, desired next PAUSED
05-10 00:33:36.692  5448  5448 D GStreamer+bin: 0:00:31.132375145 0xf35f2200 gstbin.c:882:find_message:<pipeline0> no message found matching types 00100000
05-10 00:33:36.692  5448  5448 D GStreamer+bin: 0:00:31.132405561 0xf35f2200 gstbin.c:889:find_message:<pipeline0>   async-start
05-10 00:33:36.692  5448  5448 D GStreamer+bin: 0:00:31.132461915 0xf35f2200 gstbin.c:2411:gst_bin_element_set_state:<pipeline0> setting element queue3 to PAUSED, base_time 0:00:00.000000000
05-10 00:33:36.692  5448  5448 D GStreamer+GST_STATES: 0:00:31.132493217 0xf35f2200 gstelement.c:2523:gst_element_set_state_func:<queue3> set_state to PAUSED
05-10 00:33:36.692  5448  5448 D GStreamer+GST_STATES: 0:00:31.132542853 0xf35f2200 gstelement.c:2548:gst_element_set_state_func:<queue3> setting target state to PAUSED
05-10 00:33:36.692  5448  5448 D GStreamer+GST_STATES: 0:00:31.132578895 0xf35f2200 gstelement.c:2561:gst_element_set_state_func:<queue3> current READY, old_pending VOID_PENDING, next VOID_PENDING, old return SUCCESS
05-10 00:33:36.692  5448  5448 D GStreamer+GST_STATES: 0:00:31.132613530 0xf35f2200 gstelement.c:2595:gst_element_set_state_func:<queue3> final: setting state from READY to PAUSED
05-10 00:33:36.692  5448  5448 D GStreamer+GST_ELEMENT_PADS: 0:00:31.132665926 0xf35f2200 gstelement.c:2793:gst_element_pads_activate:<queue3> activate pads
05-10 00:33:36.692  5448  5448 D GStreamer+GST_PADS: 0:00:31.132701707 0xf35f2200 gstpad.c:1056:gst_pad_set_active:<queue3:src> activating pad from none
05-10 00:33:36.692  5448  5448 D GStreamer+GST_PADS: 0:00:31.132735822 0xf35f2200 gstpad.c:972:pre_activate:<queue3:src> setting pad into push mode, unset flushing
05-10 00:33:36.692  5448  5448 D GStreamer+GST_PADS: 0:00:31.132789207 0xf35f2200 gstpad.c:5938:gst_pad_start_task:<queue3:src> start task
05-10 00:33:36.692  5448  5448 D GStreamer+task: 0:00:31.132844780 0xf35f2200 gsttask.c:425:gst_task_new Created task 0xf3ac3828
05-10 00:33:36.692  5448  5448 I GStreamer+task: 0:00:31.132895926 0xf35f2200 gsttask.c:451:gst_task_set_lock setting stream lock 0xf3a4b07c on task 0xf3ac3828
