05-10 00:33:36.765  5448  5519 D GStreamer+GST_EVENT: 0:00:31.205538686 0xf37ecc60 gstpad.c:5496:gst_pad_send_event_unchecked:<gluploadelement0:sink> have event type stream-start event: 0xf3944890, time 99:99:99.999999999, seq-num 96, GstEventStreamStart, stream-id=(string)71ab440d261a1bb43c19b397eec2373651540427aed1e7b0deb4be62a10a7f25/001, flags=(GstStreamFlags)GST_STREAM_FLAG_NONE, group-id=(uint)0;
05-10 00:33:36.765  5448  5522 D GStreamer+GST_PADS: 0:00:31.205562645 0xf37ecd80 gstpad.c:5569:gst_pad_send_event_unchecked:<queue0:sink> sent event, ret ok
05-10 00:33:36.765  5448  5519 D GStreamer+GST_PADS: 0:00:31.205583270 0xf37ecc60 gstpad.c:3813:check_sticky:<gluploadelement0:src> pushing all sticky events
05-10 00:33:36.765  5448  5522 D GStreamer+GST_PADS: 0:00:31.205607124 0xf37ecd80 gstpad.c:5053:store_sticky_event:<queue0:sink> notify caps
05-10 00:33:36.765  5448  5519 D GStreamer+GST_EVENT: 0:00:31.205667645 0xf37ecc60 gstpad.c:5496:gst_pad_send_event_unchecked:<glcolorconvertelement0:sink> have event type stream-start event: 0xf3944890, time 99:99:99.999999999, seq-num 96, GstEventStreamStart, stream-id=(string)71ab440d261a1bb43c19b397eec2373651540427aed1e7b0deb4be62a10a7f25/001, flags=(GstStreamFlags)GST_STREAM_FLAG_NONE, group-id=(uint)0;
05-10 00:33:36.765  5448  5522 D GStreamer+GST_PADS: 0:00:31.205684415 0xf37ecd80 gstpad.c:3765:push_sticky:<q:video_0> event caps marked received
05-10 00:33:36.765  5448  5519 D GStreamer+GST_PADS: 0:00:31.205707384 0xf37ecc60 gstpad.c:3813:check_sticky:<glcolorconvertelement0:src> pushing all sticky events
05-10 00:33:36.765  5448  5519 D GStreamer+GST_EVENT: 0:00:31.205799884 0xf37ecc60 gstpad.c:5496:gst_pad_send_event_unchecked:<glcolorbalance0:sink> have event type stream-start event: 0xf3944890, time 99:99:99.999999999, seq-num 96, GstEventStreamStart, stream-id=(string)71ab440d261a1bb43c19b397eec2373651540427aed1e7b0deb4be62a10a7f25/001, flags=(GstStreamFlags)GST_STREAM_FLAG_NONE, group-id=(uint)0;
05-10 00:33:36.765  5448  5519 D GStreamer+GST_PADS: 0:00:31.205847592 0xf37ecc60 gstpad.c:3813:check_sticky:<glcolorbalance0:src> pushing all sticky events
05-10 00:33:36.765  5448  5522 D GStreamer+GST_EVENT: 0:00:31.205872645 0xf37ecd80 gstpad.c:5496:gst_pad_send_event_unchecked:<queue0:sink> have event type segment event: 0xf3944a40, time 99:99:99.999999999, seq-num 106, GstEventSegment, segment=(GstSegment)"GstSegment, flags=(GstSegmentFlags)GST_SEGMENT_FLAG_NONE, rate=(double)1, applied-rate=(double)1, format=(GstFormat)GST_FORMAT_TIME, base=(guint64)0, offset=(guint64)0, start=(guint64)0, stop=(guint64)311000000, time=(guint64)0, position=(guint64)0, duration=(guint64)18446744073709551615;";
05-10 00:33:36.765  5448  5519 D GStreamer+GST_EVENT: 0:00:31.205940040 0xf37ecc60 gstpad.c:5496:gst_pad_send_event_unchecked:<sink:sink> have event type stream-start event: 0xf3944890, time 99:99:99.999999999, seq-num 96, GstEventStreamStart, stream-id=(string)71ab440d261a1bb43c19b397eec2373651540427aed1e7b0deb4be62a10a7f25/001, flags=(GstStreamFlags)GST_STREAM_FLAG_NONE, group-id=(uint)0;
05-10 00:33:36.765  5448  5522 D GStreamer+queue: 0:00:31.205969311 0xf37ecd80 gstqueue.c:561:apply_segment:<queue0> configured SEGMENT time segment start=0:00:00.000000000, offset=0:00:00.000000000, stop=0:00:00.311000000, rate=1.000000, applied_rate=1.000000, flags=0x00, time=0:00:00.000000000, base=0:00:00.000000000, position 0:00:00.000000000, duration 99:99:99.999999999
05-10 00:33:36.765  5448  5520 D GStreamer+baseparse: 0:00:31.206029780 0xf37eccc0 gstbaseparse.c:1484:gst_base_parse_sink_event_default:<h264parse0> event handled
05-10 00:33:36.765  5448  5522 D GStreamer+GST_PADS: 0:00:31.206036915 0xf37ecd80 gstpad.c:5569:gst_pad_send_event_unchecked:<queue0:sink> sent event, ret ok
05-10 00:33:36.766  5448  5522 D GStreamer+GST_PADS: 0:00:31.206082488 0xf37ecd80 gstpad.c:3765:push_sticky:<q:video_0> event segment marked received
05-10 00:33:36.766  5448  5520 D GStreamer+GST_PADS: 0:00:31.206089415 0xf37eccc0 gstpad.c:5569:gst_pad_send_event_unchecked:<h264parse0:sink> sent event, ret ok
05-10 00:33:36.766  5448  5520 D GStreamer+GST_PADS: 0:00:31.206142176 0xf37eccc0 gstpad.c:3765:push_sticky:<queue0:src> event stream-start marked received
05-10 00:33:36.766  5448  5522 D GStreamer+qtdemux: 0:00:31.206149207 0xf37ecd80 qtdemux.c:924:gst_qtdemux_push_tags:<q> Checking pad q:video_0 for tags
05-10 00:33:36.766  5448  5520 D GStreamer+GST_PADS: 0:00:31.206180509 0xf37eccc0 gstpad.c:5053:store_sticky_event:<queue0:src> notify caps
05-10 00:33:36.766  5448  5522 D GStreamer+qtdemux: 0:00:31.206205457 0xf37ecd80 qtdemux.c:928:gst_qtdemux_push_tags:<q> Sending tags taglist, video-codec=(string)"H.264\ /\ AVC", bitrate=(uint)16613441, language-code=(string)en;
05-10 00:33:36.766  5448  5520 D GStreamer+GST_PADS: 0:00:31.206227228 0xf37eccc0 gstpad.c:3813:check_sticky:<queue0:src> pushing all sticky events
05-10 00:33:36.766  5448  5522 D GStreamer+GST_EVENT: 0:00:31.206247592 0xf37ecd80 gstevent.c:302:gst_event_new_custom creating new event 0xf3944a88 tag 20510
05-10 00:33:36.766  5448  5520 D GStreamer+GST_PADS: 0:00:31.206267592 0xf37eccc0 gstpad.c:3745:push_sticky:<queue0:src> event stream-start was already received
05-10 00:33:36.766  5448  5522 D GStreamer+GST_PADS: 0:00:31.206286499 0xf37ecd80 gstpad.c:3813:check_sticky:<q:video_0> pushing all sticky events
05-10 00:33:36.766  5448  5522 D GStreamer+GST_PADS: 0:00:31.206325874 0xf37ecd80 gstpad.c:3745:push_sticky:<q:video_0> event stream-start was already received
05-10 00:33:36.766  5448  5522 D GStreamer+GST_PADS: 0:00:31.206369728 0xf37ecd80 gstpad.c:3745:push_sticky:<q:video_0> event caps was already received
05-10 00:33:36.766  5448  5520 D GStreamer+GST_EVENT: 0:00:31.206394728 0xf37eccc0 gstpad.c:5496:gst_pad_send_event_unchecked:<h264parse0:sink> have event type caps event: 0xf39448d8, time 99:99:99.999999999, seq-num 97, GstEventCaps, caps=(GstCaps)"video/x-h264\,\ stream-format\=\(string\)avc\,\ alignment\=\(string\)au\,\ level\=\(string\)4\,\ profile\=\(string\)baseline\,\ codec_data\=\(buffer\)01428028ffe1000a27428028e54028016b2001000528de01ae20\,\ width\=\(int\)1280\,\ height\=\(int\)1440\,\ framerate\=\(fraction\)151/3\,\ pixel-aspect-ratio\=\(fraction\)1/1";
05-10 00:33:36.766  5448  5522 D GStreamer+GST_PADS: 0:00:31.206414988 0xf37ecd80 gstpad.c:3745:push_sticky:<q:video_0> event segment was already received
05-10 00:33:36.766  5448  5520 D GStreamer+GST_CAPS: 0:00:31.206494520 0xf37eccc0 gstutils.c:2921:gst_pad_query_accept_caps:<h264parse0:sink> accept caps of video/x-h264, stream-format=(string)avc, alignment=(string)au, level=(string)4, profile=(string)baseline, codec_data=(buffer)01428028ffe1000a27428028e54028016b2001000528de01ae20, width=(int)1280, height=(int)1440, framerate=(fraction)151/3, pixel-aspect-ratio=(fraction)1/1
05-10 00:33:36.766  5448  5522 D GStreamer+GST_EVENT: 0:00:31.206514311 0xf37ecd80 gstpad.c:5496:gst_pad_send_event_unchecked:<queue0:sink> have event type tag event: 0xf3944a88, time 99:99:99.999999999, seq-num 107, GstTagList-stream, taglist=(taglist)"taglist\,\ video-codec\=\(string\)\"H.264\\\ /\\\ AVC\"\,\ bitrate\=\(uint\)16613441\,\ language-code\=\(string\)en\;";
05-10 00:33:36.766  5448  5520 D GStreamer+query: 0:00:31.206539884 0xf37eccc0 gstquery.c:674:gst_query_new_custom creating new query 0xf3ad9320 accept-caps
05-10 00:33:36.766  5448  5522 D GStreamer+GST_PADS: 0:00:31.206561342 0xf37ecd80 gstpad.c:5569:gst_pad_send_event_unchecked:<queue0:sink> sent event, ret ok
05-10 00:33:36.766  5448  5520 D GStreamer+GST_PADS: 0:00:31.206585353 0xf37eccc0 gstpad.c:3882:gst_pad_query:<h264parse0:sink> doing query 0xf3ad9320 (accept-caps)
05-10 00:33:36.766  5448  5522 D GStreamer+GST_PADS: 0:00:31.206612176 0xf37ecd80 gstpad.c:3765:push_sticky:<q:video_0> event tag marked received
05-10 00:33:36.766  5448  5520 D GStreamer+baseparse: 0:00:31.206627280 0xf37eccc0 gstbaseparse.c:1555:gst_base_parse_sink_query:<h264parse0> accept-caps query
05-10 00:33:36.766  5448  5522 D GStreamer+qtdemux: 0:00:31.206691447 0xf37ecd80 qtdemux.c:936:gst_qtdemux_push_tags:<q> Sending global tags taglist, datetime=(datetime)2016-05-10T02:46:01Z, container-format=(string)"ISO\ MP4/M4A";
05-10 00:33:36.766  5448  5520 D GStreamer+GST_PADS: 0:00:31.206737697 0xf37eccc0 gstpad.c:3035:gst_pad_query_accept_caps_default:<h264parse0:sink> query accept-caps accept-caps query: 0xf3ad9320, GstQueryAcceptCaps, caps=(GstCaps)"video/x-h264\,\ stream-format\=\(string\)avc\,\ alignment\=\(string\)au\,\ level\=\(string\)4\,\ profile\=\(string\)baseline\,\ codec_data\=\(buffer\)01428028ffe1000a27428028e54028016b2001000528de01ae20\,\ width\=\(int\)1280\,\ height\=\(int\)1440\,\ framerate\=\(fraction\)151/3\,\ pixel-aspect-ratio\=\(fraction\)1/1", result=(boolean)false;
05-10 00:33:36.766  5448  5522 D GStreamer+GST_EVENT: 0:00:31.206755249 0xf37ecd80 gstevent.c:302:gst_event_new_custom creating new event 0xf3944ad0 tag 20510
05-10 00:33:36.766  5448  5520 D GStreamer+GST_PERFORMANCE: 0:00:31.206776863 0xf37eccc0 gstpad.c:3050:gst_pad_query_accept_caps_default:<h264parse0:sink> fallback ACCEPT_CAPS query, consider implementing a specialized version
05-10 00:33:36.766  5448  5522 D GStreamer+GST_PADS: 0:00:31.206796499 0xf37ecd80 gstpad.c:3813:check_sticky:<q:video_0> pushing all sticky events
05-10 00:33:36.766  5448  5522 D GStreamer+GST_PADS: 0:00:31.206832436 0xf37ecd80 gstpad.c:3745:push_sticky:<q:video_0> event stream-start was already received
05-10 00:33:36.766  5448  5520 D GStreamer+GST_PADS: 0:00:31.206876655 0xf37eccc0 gstpad.c:3061:gst_pad_query_accept_caps_default:<h264parse0:sink> allowed caps intersect video/x-h264, caps video/x-h264, stream-format=(string)avc, alignment=(string)au, level=(string)4, profile=(string)baseline, codec_data=(buffer)01428028ffe1000a27428028e54028016b2001000528de01ae20, width=(int)1280, height=(int)1440, framerate=(fraction)151/3, pixel-aspect-ratio=(fraction)1/1
05-10 00:33:36.766  5448  5522 D GStreamer+GST_PADS: 0:00:31.206893895 0xf37ecd80 gstpad.c:3745:push_sticky:<q:video_0> event caps was already received
05-10 00:33:36.766  5448  5520 D GStreamer+GST_PADS: 0:00:31.206921342 0xf37eccc0 gstpad.c:3339:gst_pad_query_default:<h264parse0:sink> not forwarding 0xf3ad9320 (accept-caps) query
05-10 00:33:36.766  5448  5522 D GStreamer+GST_PADS: 0:00:31.206931551 0xf37ecd80 gstpad.c:3745:push_sticky:<q:video_0> event segment was already received
05-10 00:33:36.766  5448  5520 D GStreamer+GST_PADS: 0:00:31.206972540 0xf37eccc0 gstpad.c:3905:gst_pad_query:<h264parse0:sink> sent query 0xf3ad9320 (accept-caps), result 1
05-10 00:33:36.766  5448  5522 D GStreamer+GST_PADS: 0:00:31.206988999 0xf37ecd80 gstpad.c:3745:push_sticky:<q:video_0> event tag was already received
05-10 00:33:36.766  5448  5520 D GStreamer+default: 0:00:31.207014728 0xf37eccc0 gstutils.c:2926:gst_pad_query_accept_caps:<h264parse0:sink> query returned 1
05-10 00:33:36.767  5448  5520 D GStreamer+baseparse: 0:00:31.207073947 0xf37eccc0 gstbaseparse.c:1174:gst_base_parse_sink_event_default:<h264parse0> handling event 12814, caps
05-10 00:33:36.767  5448  5522 D GStreamer+GST_EVENT: 0:00:31.207098113 0xf37ecd80 gstpad.c:5496:gst_pad_send_event_unchecked:<queue0:sink> have event type tag event: 0xf3944ad0, time 99:99:99.999999999, seq-num 108, GstTagList-global, taglist=(taglist)"taglist\,\ datetime\=\(datetime\)2016-05-10T02:46:01Z\,\ container-format\=\(string\)\"ISO\\\ MP4/M4A\"\;";
05-10 00:33:36.767  5448  5522 D GStreamer+GST_PADS: 0:00:31.207151238 0xf37ecd80 gstpad.c:5569:gst_pad_send_event_unchecked:<queue0:sink> sent event, ret ok
05-10 00:33:36.767  5448  5520 D GStreamer+baseparse: 0:00:31.207174624 0xf37eccc0 gstbaseparse.c:1182:gst_base_parse_sink_event_default:<h264parse0> caps: video/x-h264, stream-format=(string)avc, alignment=(string)au, level=(string)4, profile=(string)baseline, codec_data=(buffer)01428028ffe1000a27428028e54028016b2001000528de01ae20, width=(int)1280, height=(int)1440, framerate=(fraction)151/3, pixel-aspect-ratio=(fraction)1/1
05-10 00:33:36.767  5448  5522 D GStreamer+GST_PADS: 0:00:31.207200092 0xf37ecd80 gstpad.c:3765:push_sticky:<q:video_0> event tag marked received
05-10 00:33:36.767  5448  5520 D GStreamer+GST_CAPS: 0:00:31.207228113 0xf37eccc0 gstpad.c:2648:gst_pad_get_current_caps:<h264parse0:sink> get current pad caps (NULL)
05-10 00:33:36.767  5448  5522 D GStreamer+qtdemux: 0:00:31.207246238 0xf37ecd80 qtdemux.c:4334:gst_qtdemux_activate_segment:<q:video_0> No need to look for keyframe, this is an empty segment
05-10 00:33:36.767  5448  5519 D GStreamer+basesink: 0:00:31.207327020 0xf37ecc60 gstbasesink.c:3232:gst_base_sink_event:<sink> received event 0xf3944890 stream-start event: 0xf3944890, time 99:99:99.999999999, seq-num 96, GstEventStreamStart, stream-id=(string)71ab440d261a1bb43c19b397eec2373651540427aed1e7b0deb4be62a10a7f25/001, flags=(GstStreamFlags)GST_STREAM_FLAG_NONE, group-id=(uint)0;
05-10 00:33:36.767  5448  5522 D GStreamer+qtdemux: 0:00:31.207333426 0xf37ecd80 qtdemux.c:5197:gst_qtdemux_loop_state_movie:<q> pushing from stream 0, empty 1 offset 0, size 0, dts=0:00:00.000000000, pts=0:00:00.000000000, duration 0:00:00.311000000
05-10 00:33:36.767  5448  5519 D GStreamer+basesink: 0:00:31.207371811 0xf37ecc60 gstbasesink.c:3118:gst_base_sink_default_event:<sink> Now posting STREAM_START (seqnum:96)
05-10 00:33:36.767  5448  5522 D GStreamer+GST_EVENT: 0:00:31.207388061 0xf37ecd80 gstevent.c:302:gst_event_new_custom creating new event 0xf3944b18 gap 40966
05-10 00:33:36.767  5448  5519 D GStreamer+GST_BUS: 0:00:31.207446134 0xf37ecc60 gstbus.c:309:gst_bus_post:<bus0> [msg 0xf3acc1c0] posting on bus stream-start message: 0xf3acc1c0, time 99:99:99.999999999, seq-num 96, element 'sink', GstMessageStreamStart, group-id=(uint)0;
05-10 00:33:36.767  5448  5522 D GStreamer+GST_EVENT: 0:00:31.207466395 0xf37ecd80 gstpad.c:5496:gst_pad_send_event_unchecked:<queue0:sink> have event type gap event: 0xf3944b18, time 99:99:99.999999999, seq-num 110, GstEventGap, timestamp=(guint64)0, duration=(guint64)311000000;
05-10 00:33:36.767  5448  5519 D GStreamer+bin: 0:00:31.207497228 0xf37ecc60 gstbin.c:3528:gst_bin_handle_message_func:<glimagesinkbin0> [msg 0xf3acc1c0] handling child sink message of type stream-start
05-10 00:33:36.767  5448  5522 D GStreamer+GST_PADS: 0:00:31.207521342 0xf37ecd80 gstpad.c:5569:gst_pad_send_event_unchecked:<queue0:sink> sent event, ret ok
05-10 00:33:36.767  5448  5519 D GStreamer+bin: 0:00:31.207549207 0xf37ecc60 gstbin.c:882:find_message:<glimagesinkbin0> no message found matching types 10000000
05-10 00:33:36.767  5448  5522 D GStreamer+qtdemux: 0:00:31.207586603 0xf37ecd80 qtdemux.c:4500:gst_qtdemux_advance_sample:<q> Empty segment, no samples to advance
05-10 00:33:36.767  5448  5519 D GStreamer+bin: 0:00:31.207602905 0xf37ecc60 gstbin.c:889:find_message:<glimagesinkbin0>   stream-start
05-10 00:33:36.767  5448  5522 D GStreamer+qtdemux: 0:00:31.207624103 0xf37ecd80 qtdemux.c:4549:gst_qtdemux_advance_sample:<q> segment 0 ended 
05-10 00:33:36.767  5448  5519 D GStreamer+bin: 0:00:31.207650978 0xf37ecc60 gstbin.c:929:bin_replace_message:<glimagesinkbin0> got new message 0xf3acc1c0, stream-start from sink
05-10 00:33:36.767  5448  5522 D GStreamer+qtdemux: 0:00:31.207689988 0xf37ecd80 qtdemux.c:4264:gst_qtdemux_activate_segment:<q:audio_0> new segment 0 from 0:00:00.000000000 to 0:00:07.176000000, time 0:00:00.000000000
05-10 00:33:36.767  5448  5519 D GStreamer+GST_STATES: 0:00:31.207707540 0xf37ecc60 gstbin.c:1797:bin_element_is_sink:<glimagesinkbin0> child sink is sink
05-10 00:33:36.767  5448  5519 D GStreamer+bin: 0:00:31.207757801 0xf37ecc60 gstbin.c:880:find_message:<glimagesinkbin0> we found a message 0xf3acc1c0 from sink matching types 10000000
05-10 00:33:36.767  5448  5522 D GStreamer+qtdemux: 0:00:31.207779311 0xf37ecd80 qtdemux.c:4285:gst_qtdemux_activate_segment:<q:audio_0> New segment: time segment start=0:00:00.000000000, offset=0:00:00.000000000, stop=0:00:07.176000000, rate=1.000000, applied_rate=1.000000, flags=0x00, time=0:00:00.000000000, base=0:00:00.000000000, position 0:00:00.000000000, duration 99:99:99.999999999
05-10 00:33:36.767  5448  5519 D GStreamer+bin: 0:00:31.207800770 0xf37ecc60 gstbin.c:1035:is_stream_start sink 'sink' posted STREAM_START
05-10 00:33:36.767  5448  5519 D GStreamer+GST_STATES: 0:00:31.207837801 0xf37ecc60 gstbin.c:1797:bin_element_is_sink:<glimagesinkbin0> child glcolorbalance0 is not sink
05-10 00:33:36.767  5448  5522 I GStreamer+GST_EVENT: 0:00:31.207855405 0xf37ecd80 gstevent.c:760:gst_event_new_segment creating segment event time segment start=0:00:00.000000000, offset=0:00:00.000000000, stop=0:00:07.176000000, rate=1.000000, applied_rate=1.000000, flags=0x00, time=0:00:00.000000000, base=0:00:00.000000000, position 0:00:00.000000000, duration 99:99:99.999999999
05-10 00:33:36.767  5448  5519 D GStreamer+GST_STATES: 0:00:31.207873113 0xf37ecc60 gstbin.c:1797:bin_element_is_sink:<glimagesinkbin0> child glcolorconvertelement0 is not sink
05-10 00:33:36.767  5448  5522 D GStreamer+GST_EVENT: 0:00:31.207896863 0xf37ecd80 gstevent.c:302:gst_event_new_custom creating new event 0xf3944b60 segment 17934
05-10 00:33:36.767  5448  5519 D GStreamer+GST_STATES: 0:00:31.207919311 0xf37ecc60 gstbin.c:1797:bin_element_is_sink:<glimagesinkbin0> child gluploadelement0 is not sink
05-10 00:33:36.767  5448  5522 D GStreamer+GST_PADS: 0:00:31.207935509 0xf37ecd80 gstpad.c:3813:check_sticky:<q:audio_0> pushing all sticky events
05-10 00:33:36.767  5448  5519 D GStreamer+bin: 0:00:31.207959728 0xf37ecc60 gstbin.c:957:bin_remove_messages:<sink> deleting message 0xf3acc1c0 of types 0x10000000
05-10 00:33:36.767  5448  5519 D GStreamer+bin: 0:00:31.208007488 0xf37ecc60 gstbin.c:963:bin_remove_messages:<sink> not deleting message 0xf37def88 of type 0x00100000
05-10 00:33:36.767  5448  5522 D GStreamer+GST_EVENT: 0:00:31.208017072 0xf37ecd80 gstpad.c:5496:gst_pad_send_event_unchecked:<queue2:sink> have event type stream-start event: 0xf3944968, time 99:99:99.999999999, seq-num 101, GstEventStreamStart, stream-id=(string)71ab440d261a1bb43c19b397eec2373651540427aed1e7b0deb4be62a10a7f25/002, flags=(GstStreamFlags)GST_STREAM_FLAG_NONE, group-id=(uint)0;
05-10 00:33:36.768  5448  5519 D GStreamer+bin: 0:00:31.208049155 0xf37ecc60 gstbin.c:3397:bin_do_stream_start:<glimagesinkbin0> all sinks posted STREAM_START, posting seqnum #96
05-10 00:33:36.768  5448  5522 D GStreamer+GST_PADS: 0:00:31.208062228 0xf37ecd80 gstpad.c:5569:gst_pad_send_event_unchecked:<queue2:sink> sent event, ret ok
05-10 00:33:36.768  5448  5522 D GStreamer+GST_PADS: 0:00:31.208111342 0xf37ecd80 gstpad.c:3765:push_sticky:<q:audio_0> event stream-start marked received
05-10 00:33:36.768  5448  5519 D GStreamer+GST_BUS: 0:00:31.208149363 0xf37ecc60 gstbus.c:309:gst_bus_post:<bus3> [msg 0xf3acc218] posting on bus stream-start message: 0xf3acc218, time 99:99:99.999999999, seq-num 96, element 'glimagesinkbin0', GstMessageStreamStart, group-id=(uint)0;
05-10 00:33:36.768  5448  5522 D GStreamer+GST_EVENT: 0:00:31.208211499 0xf37ecd80 gstpad.c:5496:gst_pad_send_event_unchecked:<queue2:sink> have event type caps event: 0xf39449b0, time 99:99:99.999999999, seq-num 102, GstEventCaps, caps=(GstCaps)"audio/mpeg\,\ mpegversion\=\(int\)1\,\ parsed\=\(boolean\)true\,\ rate\=\(int\)24000\,\ channels\=\(int\)1";
05-10 00:33:36.768  5448  5519 D GStreamer+bin: 0:00:31.208218217 0xf37ecc60 gstbin.c:3528:gst_bin_handle_message_func:<pipeline0> [msg 0xf3acc218] handling child glimagesinkbin0 message of type stream-start
05-10 00:33:36.768  5448  5519 D GStreamer+bin: 0:00:31.208256551 0xf37ecc60 gstbin.c:882:find_message:<pipeline0> no message found matching types 10000000
05-10 00:33:36.768  5448  5522 D GStreamer+GST_CAPS: 0:00:31.208273322 0xf37ecd80 gstutils.c:2921:gst_pad_query_accept_caps:<queue2:sink> accept caps of audio/mpeg, mpegversion=(int)1, parsed=(boolean)true, rate=(int)24000, channels=(int)1
05-10 00:33:36.768  5448  5519 D GStreamer+bin: 0:00:31.208296342 0xf37ecc60 gstbin.c:889:find_message:<pipeline0>   stream-start
05-10 00:33:36.768  5448  5522 D GStreamer+query: 0:00:31.208318895 0xf37ecd80 gstquery.c:674:gst_query_new_custom creating new query 0xf3ad9260 accept-caps
05-10 00:33:36.768  5448  5519 D GStreamer+bin: 0:00:31.208341082 0xf37ecc60 gstbin.c:929:bin_replace_message:<pipeline0> got new message 0xf3acc218, stream-start from glimagesinkbin0
05-10 00:33:36.768  5448  5522 D GStreamer+GST_PADS: 0:00:31.208361759 0xf37ecd80 gstpad.c:3882:gst_pad_query:<queue2:sink> doing query 0xf3ad9260 (accept-caps)
05-10 00:33:36.768  5448  5519 D GStreamer+GST_STATES: 0:00:31.208386863 0xf37ecc60 gstbin.c:1797:bin_element_is_sink:<pipeline0> child autoaudiosink0 is sink
05-10 00:33:36.768  5448  5519 D GStreamer+bin: 0:00:31.208428790 0xf37ecc60 gstbin.c:882:find_message:<pipeline0> no message found matching types 10000000
05-10 00:33:36.768  5448  5522 D GStreamer+GST_PADS: 0:00:31.208439207 0xf37ecd80 gstpad.c:3035:gst_pad_query_accept_caps_default:<queue2:sink> query accept-caps accept-caps query: 0xf3ad9260, GstQueryAcceptCaps, caps=(GstCaps)"audio/mpeg\,\ mpegversion\=\(int\)1\,\ parsed\=\(boolean\)true\,\ rate\=\(int\)24000\,\ channels\=\(int\)1", result=(boolean)false;
05-10 00:33:36.768  5448  5519 D GStreamer+bin: 0:00:31.208462645 0xf37ecc60 gstbin.c:889:find_message:<pipeline0>   stream-start
05-10 00:33:36.768  5448  5522 D GStreamer+GST_PADS: 0:00:31.208485822 0xf37ecd80 gstutils.c:2530:gst_pad_proxy_query_accept_caps:<queue2:sink> proxying accept caps query for queue2:sink
05-10 00:33:36.768  5448  5519 D GStreamer+bin: 0:00:31.208505613 0xf37ecc60 gstbin.c:1051:is_stream_start sink 'autoaudiosink0' did not post STREAM_START yet
05-10 00:33:36.768  5448  5522 D GStreamer+GST_PADS: 0:00:31.208526759 0xf37ecd80 gstpad.c:2803:gst_pad_iterate_internal_links_default:<queue2:sink> Making iterator
05-10 00:33:36.768  5448  5519 D GStreamer+GST_BUS: 0:00:31.208538478 0xf37ecc60 gstbus.c:344:gst_bus_post:<bus3> [msg 0xf3acc218] dropped
05-10 00:33:36.768  5448  5522 D GStreamer+GST_PADS: 0:00:31.208574624 0xf37ecd80 gstpad.c:4009:gst_pad_peer_query:<queue2:src> peer query 0xf3ad9260 (accept-caps)
05-10 00:33:36.768  5448  5520 D GStreamer+h264parse: 0:00:31.208591603 0xf37eccc0 gsth264parse.c:328:gst_h264_parse_format_from_caps parsing caps: video/x-h264, stream-format=(string)avc, alignment=(string)au, level=(string)4, profile=(string)baseline, codec_data=(buffer)01428028ffe1000a27428028e54028016b2001000528de01ae20, width=(int)1280, height=(int)1440, framerate=(fraction)151/3, pixel-aspect-ratio=(fraction)1/1
05-10 00:33:36.768  5448  5522 D GStreamer+GST_PADS: 0:00:31.208616238 0xf37ecd80 gstpad.c:3882:gst_pad_query:<decodebin0:sink> doing query 0xf3ad9260 (accept-caps)
05-10 00:33:36.768  5448  5520 D GStreamer+h264parse: 0:00:31.208635197 0xf37eccc0 gsth264parse.c:2478:gst_h264_parse_set_caps:<h264parse0> have packetized h264
05-10 00:33:36.768  5448  5520 D GStreamer+h264parse: 0:00:31.208677020 0xf37eccc0 gsth264parse.c:2508:gst_h264_parse_set_caps:<h264parse0> profile 428028
05-10 00:33:36.768  5448  5522 D GStreamer+GST_PADS: 0:00:31.208692749 0xf37ecd80 gstpad.c:3035:gst_pad_query_accept_caps_default:<decodebin0:sink> query accept-caps accept-caps query: 0xf3ad9260, GstQueryAcceptCaps, caps=(GstCaps)"audio/mpeg\,\ mpegversion\=\(int\)1\,\ parsed\=\(boolean\)true\,\ rate\=\(int\)24000\,\ channels\=\(int\)1", result=(boolean)false;
05-10 00:33:36.768  5448  5520 D GStreamer+h264parse: 0:00:31.208716447 0xf37eccc0 gsth264parse.c:2516:gst_h264_parse_set_caps:<h264parse0> nal length size 4
05-10 00:33:36.768  5448  5522 D GStreamer+GST_PADS: 0:00:31.208738113 0xf37ecd80 gstutils.c:2530:gst_pad_proxy_query_accept_caps:<decodebin0:sink> proxying accept caps query for decodebin0:sink
05-10 00:33:36.768  5448  5520 D GStreamer+codecparsers_h264: 0:00:31.208757905 0xf37eccc0 gsth264parser.c:253:gst_h264_parse_nalu_header Nal type 7, ref_idc 1
05-10 00:33:36.768  5448  5522 D GStreamer+GST_PADS: 0:00:31.208779624 0xf37ecd80 gstpad.c:4009:gst_pad_peer_query:<sink:proxypad1> peer query 0xf3ad9260 (accept-caps)
05-10 00:33:36.768  5448  5520 D GStreamer+h264parse: 0:00:31.208804624 0xf37eccc0 gsth264parse.c:716:gst_h264_parse_process_nal:<h264parse0> processing nal of type 7 SPS, size 10
05-10 00:33:36.768  5448  5522 D GStreamer+GST_PADS: 0:00:31.208830926 0xf37ecd80 gstpad.c:3882:gst_pad_query:<typefind:sink> doing query 0xf3ad9260 (accept-caps)
05-10 00:33:36.768  5448  5520 D GStreamer+codecparsers_h264: 0:00:31.208856447 0xf37eccc0 gsth264parser.c:1776:gst_h264_parse_sps parsing SPS
05-10 00:33:36.768  5448  5520 D GStreamer+codecparsers_h264: 0:00:31.208897905 0xf37eccc0 gsth264parser.c:1484:gst_h264_parser_parse_sps adding sequence parameter set with id: 0 to array
05-10 00:33:36.768  5448  5522 D GStreamer+GST_PADS: 0:00:31.208912176 0xf37ecd80 gstpad.c:3035:gst_pad_query_accept_caps_default:<typefind:sink> query accept-caps accept-caps query: 0xf3ad9260, GstQueryAcceptCaps, caps=(GstCaps)"audio/mpeg\,\ mpegversion\=\(int\)1\,\ parsed\=\(boolean\)true\,\ rate\=\(int\)24000\,\ channels\=\(int\)1", result=(boolean)false;
05-10 00:33:36.768  5448  5520 D GStreamer+h264parse: 0:00:31.208932957 0xf37eccc0 gsth264parse.c:737:gst_h264_parse_process_nal:<h264parse0> triggering src caps check
05-10 00:33:36.768  5448  5522 D GStreamer+GST_PERFORMANCE: 0:00:31.208955249 0xf37ecd80 gstpad.c:3050:gst_pad_query_accept_caps_default:<typefind:sink> fallback ACCEPT_CAPS query, consider implementing a specialized version
05-10 00:33:36.768  5448  5520 D GStreamer+h264parse: 0:00:31.208980301 0xf37eccc0 gsth264parse.c:454:gst_h264_parser_store_nal:<h264parse0> storing sps 0
05-10 00:33:36.768  5448  5520 D GStreamer+GST_MEMORY: 0:00:31.209033113 0xf37eccc0 gstmemory.c:138:gst_memory_init new memory 0xf3a252a0, maxsize:13 offset:0 size:10
05-10 00:33:36.769  5448  5520 D GStreamer+codecparsers_h264: 0:00:31.209067645 0xf37eccc0 gsth264parser.c:253:gst_h264_parse_nalu_header Nal type 8, ref_idc 1
05-10 00:33:36.769  5448  5520 D GStreamer+h264parse: 0:00:31.209102176 0xf37eccc0 gsth264parse.c:716:gst_h264_parse_process_nal:<h264parse0> processing nal of type 8 PPS, size 5
05-10 00:33:36.769  5448  5520 D GStreamer+codecparsers_h264: 0:00:31.209142488 0xf37eccc0 gsth264parser.c:1912:gst_h264_parse_pps parsing PPS
05-10 00:33:36.769  5448  5520 D GStreamer+codecparsers_h264: 0:00:31.209172540 0xf37eccc0 gsth264parser.c:2045:gst_h264_parser_parse_pps adding picture parameter set with id: 0 to array
05-10 00:33:36.769  5448  5520 D GStreamer+h264parse: 0:00:31.209203322 0xf37eccc0 gsth264parse.c:770:gst_h264_parse_process_nal:<h264parse0> triggering src caps check
05-10 00:33:36.769  5448  5520 D GStreamer+h264parse: 0:00:31.209233374 0xf37eccc0 gsth264parse.c:458:gst_h264_parser_store_nal:<h264parse0> storing pps 0
05-10 00:33:36.769  5448  5520 D GStreamer+GST_MEMORY: 0:00:31.209266082 0xf37eccc0 gstmemory.c:138:gst_memory_init new memory 0xf3ad1058, maxsize:8 offset:0 size:5
05-10 00:33:36.769  5448  5520 D GStreamer+GST_PROPERTIES: 0:00:31.209310301 0xf37eccc0 gstpad.c:2732:gst_pad_get_allowed_caps:<h264parse0:src> getting allowed caps
05-10 00:33:36.769  5448  5520 D GStreamer+GST_CAPS: 0:00:31.209345613 0xf37eccc0 gstutils.c:2838:gst_pad_query_caps:<h264parse0:src> get pad caps with filter (NULL)
05-10 00:33:36.769  5448  5520 D GStreamer+query: 0:00:31.209378634 0xf37eccc0 gstquery.c:674:gst_query_new_custom creating new query 0xf3ad9350 caps
05-10 00:33:36.769  5448  5520 D GStreamer+GST_PADS: 0:00:31.209409676 0xf37eccc0 gstpad.c:3882:gst_pad_query:<h264parse0:src> doing query 0xf3ad9350 (caps)
05-10 00:33:36.769  5448  5520 D GStreamer+baseparse: 0:00:31.209456238 0xf37eccc0 gstbaseparse.c:1579:gst_base_parse_src_query:<h264parse0> caps query: caps query: 0xf3ad9350, GstQueryCaps, filter=(GstCaps)"NULL", caps=(GstCaps)"NULL";
05-10 00:33:36.769  5448  5520 D GStreamer+GST_CAPS: 0:00:31.209500561 0xf37eccc0 gstpad.c:3088:gst_pad_query_caps_default:<h264parse0:src> query caps caps query: 0xf3ad9350, GstQueryCaps, filter=(GstCaps)"NULL", caps=(GstCaps)"NULL";
05-10 00:33:36.769  5448  5520 D GStreamer+GST_CAPS: 0:00:31.209532332 0xf37eccc0 gstpad.c:3105:gst_pad_query_caps_default:<h264parse0:src> fixed pad caps: trying pad caps
05-10 00:33:36.769  5448  5520 D GStreamer+GST_CAPS: 0:00:31.209562905 0xf37eccc0 gstpad.c:3111:gst_pad_query_caps_default:<h264parse0:src> trying pad template caps
05-10 00:33:36.769  5448  5520 D GStreamer+GST_CAPS: 0:00:31.209607280 0xf37eccc0 gstpad.c:3141:gst_pad_query_caps_default:<h264parse0:src> using caps 0xf36f91b8 video/x-h264, parsed=(boolean)true, stream-format=(string){ avc, avc3, byte-stream }, alignment=(string){ au, nal }
05-10 00:33:36.769  5448  5520 D GStreamer+GST_PADS: 0:00:31.209646603 0xf37eccc0 gstpad.c:3339:gst_pad_query_default:<h264parse0:src> not forwarding 0xf3ad9350 (caps) query
05-10 00:33:36.769  5448  5520 D GStreamer+GST_PADS: 0:00:31.209682384 0xf37eccc0 gstpad.c:3905:gst_pad_query:<h264parse0:src> sent query 0xf3ad9350 (caps), result 1
05-10 00:33:36.769  5448  5520 D GStreamer+GST_CAPS: 0:00:31.209726863 0xf37eccc0 gstutils.c:2845:gst_pad_query_caps:<h264parse0:src> query returned video/x-h264, parsed=(boolean)true, stream-format=(string){ avc, avc3, byte-stream }, alignment=(string){ au, nal }
05-10 00:33:36.769  5448  5520 D GStreamer+query: 0:00:31.209764676 0xf37eccc0 gstquery.c:674:gst_query_new_custom creating new query 0xf3ad9380 caps
05-10 00:33:36.769  5448  5520 D GStreamer+GST_PADS: 0:00:31.209796967 0xf37eccc0 gstpad.c:4009:gst_pad_peer_query:<h264parse0:src> peer query 0xf3ad9380 (caps)
05-10 00:33:36.769  5448  5520 D GStreamer+GST_PADS: 0:00:31.209832540 0xf37eccc0 gstpad.c:3882:gst_pad_query:<amcvideodec-omxnvidiah264decode0:sink> doing query 0xf3ad9380 (caps)
05-10 00:33:36.769  5448  5520 D GStreamer+videodecoder: 0:00:31.209869103 0xf37eccc0 gstvideodecoder.c:1963:gst_video_decoder_sink_query:<amcvideodec-omxnvidiah264decode0> received query 43523, caps
05-10 00:33:36.769  5448  5520 D GStreamer+GST_CAPS: 0:00:31.209925197 0xf37eccc0 gstutils.c:2884:gst_pad_peer_query_caps:<amcvideodec-omxnvidiah264decode0:src> get pad peer caps with filter video/x-raw(memory:GLMemory); video/x-raw
05-10 00:33:36.769  5448  5520 D GStreamer+query: 0:00:31.209958999 0xf37eccc0 gstquery.c:674:gst_query_new_custom creating new query 0xf3ad93b0 caps
05-10 00:33:36.769  5448  5520 D GStreamer+GST_PADS: 0:00:31.209990978 0xf37eccc0 gstpad.c:4009:gst_pad_peer_query:<amcvideodec-omxnvidiah264decode0:src> peer query 0xf3ad93b0 (caps)
05-10 00:33:36.769  5448  5520 D GStreamer+GST_PADS: 0:00:31.210027176 0xf37eccc0 gstpad.c:3882:gst_pad_query:<queue1:sink> doing query 0xf3ad93b0 (caps)
05-10 00:33:36.770  5448  5520 D GStreamer+GST_CAPS: 0:00:31.210073947 0xf37eccc0 gstpad.c:3088:gst_pad_query_caps_default:<queue1:sink> query caps caps query: 0xf3ad93b0, GstQueryCaps, filter=(GstCaps)"video/x-raw\(memory:GLMemory\)\;\ video/x-raw", caps=(GstCaps)"NULL";
05-10 00:33:36.770  5448  5520 D GStreamer+GST_PADS: 0:00:31.210109884 0xf37eccc0 gstutils.c:2599:gst_pad_proxy_query_caps:<queue1:sink> proxying caps query for queue1:sink
05-10 00:33:36.770  5448  5520 D GStreamer+GST_PADS: 0:00:31.210156551 0xf37eccc0 gstpad.c:2803:gst_pad_iterate_internal_links_default:<queue1:sink> Making iterator
05-10 00:33:36.770  5448  5520 D GStreamer+GST_PADS: 0:00:31.210199676 0xf37eccc0 gstpad.c:4009:gst_pad_peer_query:<queue1:src> peer query 0xf3ad93b0 (caps)
05-10 00:33:36.770  5448  5520 D GStreamer+GST_PADS: 0:00:31.210234832 0xf37eccc0 gstpad.c:3882:gst_pad_query:<forhalffps:sink> doing query 0xf3ad93b0 (caps)
05-10 00:33:36.770  5448  5520 D GStreamer+GST_PADS: 0:00:31.210268842 0xf37eccc0 gstpad.c:3650:do_probe_callbacks:<forhalffps:sink> data is passed
05-10 00:33:36.770  5448  5520 D GStreamer+basetransform: 0:00:31.210309155 0xf37eccc0 gstbasetransform.c:704:gst_base_transform_query_caps:<forhalffps:sink> filter caps  video/x-raw(memory:GLMemory); video/x-raw
05-10 00:33:36.770  5448  5520 D GStreamer+basetransform: 0:00:31.210342957 0xf37eccc0 gstbasetransform.c:707:gst_base_transform_query_caps:<forhalffps:sink> our template  ANY
05-10 00:33:36.770  5448  5520 D GStreamer+basetransform: 0:00:31.210377488 0xf37eccc0 gstbasetransform.c:709:gst_base_transform_query_caps:<forhalffps:sink> intersected video/x-raw(memory:GLMemory); video/x-raw
05-10 00:33:36.770  5448  5520 D GStreamer+basetransform: 0:00:31.210408999 0xf37eccc0 gstbasetransform.c:533:gst_base_transform_transform_caps:<forhalffps> transform caps (direction = 2)
05-10 00:33:36.770  5448  5520 D GStreamer+basetransform: 0:00:31.210444467 0xf37eccc0 gstbasetransform.c:504:gst_base_transform_default_transform_caps:<forhalffps> identity from: video/x-raw(memory:GLMemory); video/x-raw
05-10 00:33:36.770  5448  5520 D GStreamer+basetransform: 0:00:31.210478113 0xf37eccc0 gstbasetransform.c:560:gst_base_transform_transform_caps:<forhalffps> to: video/x-raw(memory:GLMemory); video/x-raw
05-10 00:33:36.770  5448  5520 D GStreamer+basetransform: 0:00:31.210512436 0xf37eccc0 gstbasetransform.c:714:gst_base_transform_query_caps:<forhalffps:sink> transformed  video/x-raw(memory:GLMemory); video/x-raw
05-10 00:33:36.770  5448  5520 D GStreamer+basetransform: 0:00:31.210546603 0xf37eccc0 gstbasetransform.c:719:gst_base_transform_query_caps:<forhalffps:sink> our template  ANY
05-10 00:33:36.770  5448  5520 D GStreamer+basetransform: 0:00:31.210582176 0xf37eccc0 gstbasetransform.c:724:gst_base_transform_query_caps:<forhalffps:sink> intersected video/x-raw(memory:GLMemory); video/x-raw
05-10 00:33:36.770  5448  5520 D GStreamer+basetransform: 0:00:31.210616290 0xf37eccc0 gstbasetransform.c:730:gst_base_transform_query_caps:<forhalffps:sink> peer filter caps video/x-raw(memory:GLMemory); video/x-raw
05-10 00:33:36.770  5448  5520 D GStreamer+GST_CAPS: 0:00:31.210652072 0xf37eccc0 gstutils.c:2884:gst_pad_peer_query_caps:<forhalffps:src> get pad peer caps with filter video/x-raw(memory:GLMemory); video/x-raw
05-10 00:33:36.770  5448  5520 D GStreamer+query: 0:00:31.210685353 0xf37eccc0 gstquery.c:674:gst_query_new_custom creating new query 0xf3a25400 caps
05-10 00:33:36.770  5448  5520 D GStreamer+GST_PADS: 0:00:31.210718790 0xf37eccc0 gstpad.c:4009:gst_pad_peer_query:<forhalffps:src> peer query 0xf3a25400 (caps)
05-10 00:33:36.770  5448  5520 D GStreamer+GST_PADS: 0:00:31.210753895 0xf37eccc0 gstpad.c:3882:gst_pad_query:<glimagesinkbin0:sink> doing query 0xf3a25400 (caps)
05-10 00:33:36.770  5448  5520 D GStreamer+GST_CAPS: 0:00:31.210802905 0xf37eccc0 gstpad.c:3088:gst_pad_query_caps_default:<glimagesinkbin0:sink> query caps caps query: 0xf3a25400, GstQueryCaps, filter=(GstCaps)"video/x-raw\(memory:GLMemory\)\;\ video/x-raw", caps=(GstCaps)"NULL";
05-10 00:33:36.770  5448  5520 D GStreamer+GST_PADS: 0:00:31.210837384 0xf37eccc0 gstutils.c:2599:gst_pad_proxy_query_caps:<glimagesinkbin0:sink> proxying caps query for glimagesinkbin0:sink
05-10 00:33:36.770  5448  5520 D GStreamer+GST_PADS: 0:00:31.210875822 0xf37eccc0 gstpad.c:4009:gst_pad_peer_query:<sink:proxypad0> peer query 0xf3a25400 (caps)
05-10 00:33:36.770  5448  5520 D GStreamer+GST_PADS: 0:00:31.210910301 0xf37eccc0 gstpad.c:3882:gst_pad_query:<gluploadelement0:sink> doing query 0xf3a25400 (caps)
05-10 00:33:36.770  5448  5520 D GStreamer+basetransform: 0:00:31.210948165 0xf37eccc0 gstbasetransform.c:704:gst_base_transform_query_caps:<gluploadelement0:sink> filter caps  video/x-raw(memory:GLMemory); video/x-raw
05-10 00:33:36.771  5448  5520 D GStreamer+basetransform: 0:00:31.211251655 0xf37eccc0 gstbasetransform.c:707:gst_base_transform_query_caps:<gluploadelement0:sink> our template  video/x-raw(memory:GLMemory, meta:GstVideoOverlayComposition), format=(string){ RGBA, BGRA, RGBx, BGRx, ARGB, ABGR, xRGB, xBGR, RGB, BGR, RGB16, BGR16, AYUV, I420, YV12, NV12, NV21, YUY2, UYVY, Y41B, Y42B, Y444, GRAY8, GRAY16_LE, GRAY16_BE }, width=(int)[ 1, 2147483647 ], height=(int)[ 1, 2147483647 ], framerate=(fraction)[ 0/1, 2147483647/1 ]; video/x-raw(memory:EGLImage, meta:GstVideoOverlayComposition), format=(string)RGBA, width=(int)[ 1, 2147483647 ], height=(int)[ 1, 2147483647 ], framerate=(fraction)[ 0/1, 2147483647/1 ]; video/x-raw(meta:GstVideoGLTextureUploadMeta, meta:GstVideoOverlayComposition), format=(string)RGBA, width=(int)[ 1, 2147483647 ], height=(int)[ 1, 2147483647 ], framerate=(fraction)[ 0/1, 2147483647/1 ]; video/x-raw(memory:SystemMemory, meta:GstVideoOverlayComposition), format=(string){ RGBA, BGRA, RGBx, BGRx, ARGB, ABGR, xRGB, xBGR, RGB, BGR, RGB16, BGR16, AYUV, I
05-10 00:33:36.771  5448  5520 D GStreamer+basetransform: 0:00:31.211406655 0xf37eccc0 gstbasetransform.c:709:gst_base_transform_query_caps:<gluploadelement0:sink> intersected video/x-raw(memory:GLMemory), format=(string){ RGBA, BGRA, RGBx, BGRx, ARGB, ABGR, xRGB, xBGR, RGB, BGR, RGB16, BGR16, AYUV, I420, YV12, NV12, NV21, YUY2, UYVY, Y41B, Y42B, Y444, GRAY8, GRAY16_LE, GRAY16_BE }, width=(int)[ 1, 2147483647 ], height=(int)[ 1, 2147483647 ], framerate=(fraction)[ 0/1, 2147483647/1 ]; video/x-raw, format=(string){ RGBA, BGRA, RGBx, BGRx, ARGB, ABGR, xRGB, xBGR, RGB, BGR, RGB16, BGR16, AYUV, I420, YV12, NV12, NV21, YUY2, UYVY, Y41B, Y42B, Y444, GRAY8, GRAY16_LE, GRAY16_BE }, width=(int)[ 1, 2147483647 ], height=(int)[ 1, 2147483647 ], framerate=(fraction)[ 0/1, 2147483647/1 ]
05-10 00:33:36.771  5448  5520 D GStreamer+basetransform: 0:00:31.211442488 0xf37eccc0 gstbasetransform.c:533:gst_base_transform_transform_caps:<gluploadelement0> transform caps (direction = 2)
05-10 00:33:36.771  5448  5520 D GStreamer+GST_PERFORMANCE: 0:00:31.211553582 0xf37eccc0 gstcaps.c:169:_gst_caps_copy:<0xf39350c8> doing copy 0xf39350c8 -> 0xf3935118
05-10 00:33:36.771  5448  5520 D GStreamer+GST_PERFORMANCE: 0:00:31.211692384 0xf37eccc0 gstcaps.c:169:_gst_caps_copy:<0xf3935118> doing copy 0xf3935118 -> 0xf3935140
05-10 00:33:36.771  5448  5521 D GStreamer+queue_dataflow: 0:00:31.211819259 0xf37ecd20 gstqueue.c:1476:gst_queue_loop:<queue2> queue is not empty
05-10 00:33:36.771  5448  5522 D GStreamer+GST_CAPS: 0:00:31.211836655 0xf37ecd80 gstutils.c:2838:gst_pad_query_caps:<typefind:sink> get pad caps with filter audio/mpeg, mpegversion=(int)1, parsed=(boolean)true, rate=(int)24000, channels=(int)1
05-10 00:33:36.771  5448  5521 D GStreamer+GST_PADS: 0:00:31.211866499 0xf37ecd20 gstpad.c:3813:check_sticky:<queue2:src> pushing all sticky events
05-10 00:33:36.771  5448  5522 D GStreamer+query: 0:00:31.211878790 0xf37ecd80 gstquery.c:674:gst_query_new_custom creating new query 0xf3ad8e30 caps
05-10 00:33:36.771  5448  5522 D GStreamer+GST_PADS: 0:00:31.211916134 0xf37ecd80 gstpad.c:3882:gst_pad_query:<typefind:sink> doing query 0xf3ad8e30 (caps)
05-10 00:33:36.771  5448  5521 D GStreamer+GST_EVENT: 0:00:31.211950197 0xf37ecd20 gstpad.c:5496:gst_pad_send_event_unchecked:<decodebin0:sink> have event type stream-start event: 0xf3944968, time 99:99:99.999999999, seq-num 101, GstEventStreamStart, stream-id=(string)71ab440d261a1bb43c19b397eec2373651540427aed1e7b0deb4be62a10a7f25/002, flags=(GstStreamFlags)GST_STREAM_FLAG_NONE, group-id=(uint)0;
05-10 00:33:36.771  5448  5522 D GStreamer+GST_CAPS: 0:00:31.212002957 0xf37ecd80 gstpad.c:3088:gst_pad_query_caps_default:<typefind:sink> query caps caps query: 0xf3ad8e30, GstQueryCaps, filter=(GstCaps)"audio/mpeg\,\ mpegversion\=\(int\)1\,\ parsed\=\(boolean\)true\,\ rate\=\(int\)24000\,\ channels\=\(int\)1", caps=(GstCaps)"NULL";
05-10 00:33:36.771  5448  5522 D GStreamer+GST_CAPS: 0:00:31.212040249 0xf37ecd80 gstpad.c:3111:gst_pad_query_caps_default:<typefind:sink> trying pad template caps
05-10 00:33:36.772  5448  5522 D GStreamer+GST_CAPS: 0:00:31.212098113 0xf37ecd80 gstpad.c:3135:gst_pad_query_caps_default:<typefind:sink> using caps 0xf360a518 ANY with filter 0xf39cd190 audio/mpeg, mpegversion=(int)1, parsed=(boolean)true, rate=(int)24000, channels=(int)1
05-10 00:33:36.772  5448  5522 D GStreamer+GST_CAPS: 0:00:31.212169311 0xf37ecd80 gstpad.c:3138:gst_pad_query_caps_default:<typefind:sink> result 0xf39cd190 audio/mpeg, mpegversion=(int)1, parsed=(boolean)true, rate=(int)24000, channels=(int)1
05-10 00:33:36.772  5448  5519 D GStreamer+GST_BUS: 0:00:31.212189624 0xf37ecc60 gstbus.c:344:gst_bus_post:<bus0> [msg 0xf3acc1c0] dropped
05-10 00:33:36.779  5448  5522 D GStreamer+basesrc: 0:00:31.219255770 0xf37ecd80 gstbasesrc.c:2310:gst_base_src_do_sync:<filesrc0> we have no clock
05-10 00:33:36.779  5448  5522 D GStreamer+basesrc: 0:00:31.219292072 0xf37ecd80 gstbasesrc.c:2520:gst_base_src_get_range:<filesrc0> buffer ok
05-10 00:33:36.779  5448  5522 D GStreamer+GST_SCHEDULING: 0:00:31.219356395 0xf37ecd80 gstpad.c:4153:gst_pad_chain_data_unchecked:<queue2:sink> calling chainfunction &gst_queue_chain with buffer buffer: 0xf3ad5d48, pts 0:00:00.168000000, dts 0:00:00.168000000, dur 0:00:00.024000000, size 144, offset none, offset_end none, flags 0x0
05-10 00:33:36.779  5448  5522 D GStreamer+GST_SCHEDULING: 0:00:31.219396759 0xf37ecd80 gstpad.c:4159:gst_pad_chain_data_unchecked:<queue2:sink> called chainfunction &gst_queue_chain with buffer 0xf3ad5d48, returned ok
05-10 00:33:36.779  5448  5522 D GStreamer+qtdemux: 0:00:31.219431030 0xf37ecd80 qtdemux.c:7675:qtdemux_parse_samples:<q> parsing up to sample 8
05-10 00:33:36.779  5448  5522 D GStreamer+qtdemux: 0:00:31.219473790 0xf37ecd80 qtdemux.c:7882:qtdemux_parse_samples:<q> sample 8: index 8, timestamp 0:00:00.192000000
05-10 00:33:36.779  5448  5522 D GStreamer+qtdemux: 0:00:31.219503478 0xf37ecd80 qtdemux.c:7982:qtdemux_parse_samples:<q> setting all keyframes
05-10 00:33:36.779  5448  5521 D GStreamer+GST_PADS: 0:00:31.219555717 0xf37ecd20 gstpad.c:3905:gst_pad_query:<typefind:sink> sent query 0xf39dd890 (caps), result 1
05-10 00:33:36.779  5448  5522 D GStreamer+qtdemux: 0:00:31.219574520 0xf37ecd80 qtdemux.c:5197:gst_qtdemux_loop_state_movie:<q> pushing from stream 1, empty 0 offset 1200, size 144, dts=0:00:00.192000000, pts=0:00:00.192000000, duration 0:00:00.024000000
05-10 00:33:36.779  5448  5521 D GStreamer+GST_CAPS: 0:00:31.219626915 0xf37ecd20 gstutils.c:2845:gst_pad_query_caps:<typefind:sink> query returned audio/mpeg, mpegversion=(int)1, parsed=(boolean)true, rate=(int)24000, channels=(int)1
05-10 00:33:36.779  5448  5522 D GStreamer+basesrc: 0:00:31.219643999 0xf37ecd80 gstbasesrc.c:2355:gst_base_src_update_length:<filesrc0> reading offset 1200, length 144, size 15003960, segment.stop -1, maxsize 15003960
05-10 00:33:36.779  5448  5522 D GStreamer+basesrc: 0:00:31.219691499 0xf37ecd80 gstbasesrc.c:2456:gst_base_src_get_range:<filesrc0> calling create offset 1200 length 144, time 0
05-10 00:33:36.779  5448  5521 D GStreamer+GST_PADS: 0:00:31.219710197 0xf37ecd20 gstpad.c:3065:gst_pad_query_accept_caps_default:<typefind:sink> allowed caps subset audio/mpeg, mpegversion=(int)1, parsed=(boolean)true, rate=(int)24000, channels=(int)1, caps audio/mpeg, mpegversion=(int)1, parsed=(boolean)true, rate=(int)24000, channels=(int)1
05-10 00:33:36.779  5448  5522 D GStreamer+GST_MEMORY: 0:00:31.219735926 0xf37ecd80 gstmemory.c:138:gst_memory_init new memory 0xf3a36878, maxsize:147 offset:0 size:144
05-10 00:33:36.779  5448  5521 D GStreamer+GST_PADS: 0:00:31.219759728 0xf37ecd20 gstpad.c:3339:gst_pad_query_default:<typefind:sink> not forwarding 0xf39dd860 (accept-caps) query
05-10 00:33:36.779  5448  5522 D GStreamer+basesrc: 0:00:31.219779728 0xf37ecd80 gstbasesrc.c:2310:gst_base_src_do_sync:<filesrc0> we have no clock
05-10 00:33:36.779  5448  5521 D GStreamer+GST_PADS: 0:00:31.219810197 0xf37ecd20 gstpad.c:3905:gst_pad_query:<typefind:sink> sent query 0xf39dd860 (accept-caps), result 1
05-10 00:33:36.779  5448  5522 D GStreamer+basesrc: 0:00:31.219827436 0xf37ecd80 gstbasesrc.c:2520:gst_base_src_get_range:<filesrc0> buffer ok
05-10 00:33:36.779  5448  5521 D GStreamer+default: 0:00:31.219852645 0xf37ecd20 gstutils.c:2926:gst_pad_query_accept_caps:<typefind:sink> query returned 1
05-10 00:33:36.779  5448  5521 D GStreamer+typefind: 0:00:31.219900353 0xf37ecd20 gsttypefindelement.c:613:gst_type_find_element_sink_event:<typefind> got caps event in mode 1
05-10 00:33:36.779  5448  5522 D GStreamer+GST_SCHEDULING: 0:00:31.219915457 0xf37ecd80 gstpad.c:4153:gst_pad_chain_data_unchecked:<queue2:sink> calling chainfunction &gst_queue_chain with buffer buffer: 0xf39da530, pts 0:00:00.192000000, dts 0:00:00.192000000, dur 0:00:00.024000000, size 144, offset none, offset_end none, flags 0x0
05-10 00:33:36.779  5448  5521 D GStreamer+decodebin: 0:00:31.219969624 0xf37ecd20 gstdecodebin2.c:2832:type_found:<decodebin0> typefind found caps audio/mpeg, mpegversion=(int)1, parsed=(boolean)true, rate=(int)24000, channels=(int)1
05-10 00:33:36.779  5448  5522 D GStreamer+GST_SCHEDULING: 0:00:31.219986238 0xf37ecd80 gstpad.c:4159:gst_pad_chain_data_unchecked:<queue2:sink> called chainfunction &gst_queue_chain with buffer 0xf39da530, returned ok
05-10 00:33:36.779  5448  5521 I GStreamer+GST_ELEMENT_PADS: 0:00:31.220009884 0xf37ecd20 gstelement.c:907:gst_element_get_static_pad found pad typefind:src
05-10 00:33:36.779  5448  5522 D GStreamer+qtdemux: 0:00:31.220031238 0xf37ecd80 qtdemux.c:7675:qtdemux_parse_samples:<q> parsing up to sample 9
05-10 00:33:36.779  5448  5521 I GStreamer+GST_ELEMENT_PADS: 0:00:31.220041290 0xf37ecd20 gstelement.c:907:gst_element_get_static_pad found pad typefind:sink
05-10 00:33:36.780  5448  5522 D GStreamer+qtdemux: 0:00:31.220080874 0xf37ecd80 qtdemux.c:7882:qtdemux_parse_samples:<q> sample 9: index 9, timestamp 0:00:00.216000000
05-10 00:33:36.780  5448  5521 D GStreamer+decodebin: 0:00:31.220095770 0xf37ecd20 gstdecodebin2.c:3511:gst_decode_chain_new:<decodebin0> Creating new chain 0xf3a37008 with parent group 0x0
05-10 00:33:36.780  5448  5522 D GStreamer+qtdemux: 0:00:31.220125874 0xf37ecd80 qtdemux.c:7982:qtdemux_parse_samples:<q> setting all keyframes
05-10 00:33:36.780  5448  5521 D GStreamer+decodebin: 0:00:31.220176811 0xf37ecd20 gstdecodebin2.c:1531:analyze_new_pad:<decodebin0> Pad typefind:src caps:audio/mpeg, mpegversion=(int)1, parsed=(boolean)true, rate=(int)24000, channels=(int)1
05-10 00:33:36.786  5448  5520 D GStreamer+basetransform: 0:00:31.227041967 0xf37eccc0 gstbasetransform.c:707:gst_base_transform_query_caps:<glcolorbalance0:sink> our template  video/x-raw(memory:GLMemory), format=(string)RGBA, width=(int)[ 1, 2147483647 ], height=(int)[ 1, 2147483647 ], framerate=(fraction)[ 0/1, 2147483647/1 ], texture-target=(string)2D
05-10 00:33:36.787  5448  5522 D GStreamer+basesrc: 0:00:31.227048686 0xf37ecd80 gstbasesrc.c:2310:gst_base_src_do_sync:<filesrc0> we have no clock
05-10 00:33:36.787  5448  5522 D GStreamer+basesrc: 0:00:31.227087176 0xf37ecd80 gstbasesrc.c:2520:gst_base_src_get_range:<filesrc0> buffer ok
05-10 00:33:36.787  5448  5520 D GStreamer+basetransform: 0:00:31.227184728 0xf37eccc0 gstbasetransform.c:709:gst_base_transform_query_caps:<glcolorbalance0:sink> intersected video/x-raw(memory:GLMemory), width=(int)[ 1, 2147483647 ], height=(int)[ 1, 2147483647 ], framerate=(fraction)[ 0/1, 2147483647/1 ], format=(string)RGBA, texture-target=(string)2D
05-10 00:33:36.787  5448  5522 D GStreamer+GST_SCHEDULING: 0:00:31.227201707 0xf37ecd80 gstpad.c:4153:gst_pad_chain_data_unchecked:<queue0:sink> calling chainfunction &gst_queue_chain with buffer buffer: 0xf3af5358, pts 0:00:00.043333333, dts 0:00:00.043333333, dur 0:00:00.036333333, size 60154, offset none, offset_end none, flags 0x0
05-10 00:33:36.787  5448  5520 D GStreamer+basetransform: 0:00:31.227225874 0xf37eccc0 gstbasetransform.c:533:gst_base_transform_transform_caps:<glcolorbalance0> transform caps (direction = 2)
05-10 00:33:36.787  5448  5522 D GStreamer+GST_SCHEDULING: 0:00:31.227253686 0xf37ecd80 gstpad.c:4159:gst_pad_chain_data_unchecked:<queue0:sink> called chainfunction &gst_queue_chain with buffer 0xf3af5358, returned ok
05-10 00:33:36.787  5448  5522 D GStreamer+qtdemux: 0:00:31.227303738 0xf37ecd80 qtdemux.c:7675:qtdemux_parse_samples:<q> parsing up to sample 3
05-10 00:33:36.787  5448  5520 D GStreamer+glfilter: 0:00:31.227325874 0xf37eccc0 gstglfilter.c:610:default_transform_internal_caps:<glcolorbalance0> size removal returned caps video/x-raw(memory:GLMemory), width=(int)[ 1, 2147483647 ], height=(int)[ 1, 2147483647 ], framerate=(fraction)[ 0/1, 2147483647/1 ], format=(string)RGBA, texture-target=(string)2D
05-10 00:33:36.787  5448  5522 D GStreamer+qtdemux: 0:00:31.227355353 0xf37ecd80 qtdemux.c:7882:qtdemux_parse_samples:<q> sample 3: index 0, timestamp 0:00:00.079666666
05-10 00:33:36.787  5448  5520 D GStreamer+GST_PERFORMANCE: 0:00:31.227401603 0xf37eccc0 gstcaps.c:169:_gst_caps_copy:<0xf39da800> doing copy 0xf39da800 -> 0xf39da828
05-10 00:33:36.787  5448  5522 D GStreamer+qtdemux: 0:00:31.227418426 0xf37ecd80 qtdemux.c:7937:qtdemux_parse_samples:<q> samples at 3 is keyframe
05-10 00:33:36.787  5448  5522 D GStreamer+qtdemux: 0:00:31.227495040 0xf37ecd80 qtdemux.c:5197:gst_qtdemux_loop_state_movie:<q> pushing from stream 1, empty 0 offset 140289, size 144, dts=0:00:00.360000000, pts=0:00:00.360000000, duration 0:00:00.024000000
05-10 00:33:36.787  5448  5521 D GStreamer+GST_PADS: 0:00:31.227525405 0xf37ecd20 gstghostpad.c:862:gst_ghost_pad_set_target:<'':decodepad0> connecting internal pad to target <typefind:src>
05-10 00:33:36.787  5448  5522 D GStreamer+basesrc: 0:00:31.227543634 0xf37ecd80 gstbasesrc.c:2355:gst_base_src_update_length:<filesrc0> reading offset 140289, length 144, size 15003960, segment.stop -1, maxsize 15003960
05-10 00:33:36.787  5448  5522 D GStreamer+basesrc: 0:00:31.227585301 0xf37ecd80 gstbasesrc.c:2456:gst_base_src_get_range:<filesrc0> calling create offset 140289 length 144, time 0
