05-10 00:33:36.755  5448  5522 D GStreamer+GST_CAPS: 0:00:31.195987072 0xf37ecd80 gstutils.c:2891:gst_pad_peer_query_caps:<h264parse0:src> peer query returned video/x-h264, width=(int)[ 16, 4096 ], height=(int)[ 16, 4096 ], framerate=(fraction)[ 0/1, 2147483647/1 ], parsed=(boolean)true, stream-format=(string)byte-stream, alignment=(string)au, profile=(string)high; video/x-h264, width=(int)[ 16, 4096 ], height=(int)[ 16, 4096 ], framerate=(fraction)[ 0/1, 2147483647/1 ], parsed=(boolean)true, stream-format=(string)byte-stream, alignment=(string)au, profile=(string)main; video/x-h264, width=(int)[ 16, 4096 ], height=(int)[ 16, 4096 ], framerate=(fraction)[ 0/1, 2147483647/1 ], parsed=(boolean)true, stream-format=(string)byte-stream, alignment=(string)au, profile=(string)baseline; video/x-h264, width=(int)[ 16, 4096 ], height=(int)[ 16, 4096 ], framerate=(fraction)[ 0/1, 2147483647/1 ], parsed=(boolean)true, stream-format=(string)byte-stream, alignment=(string)au, profile=(string)constrained-baseline
05-10 00:33:36.756  5448  5522 D GStreamer+GST_PADS: 0:00:31.196063217 0xf37ecd80 gstpad.c:3905:gst_pad_query:<h264parse0:sink> sent query 0xf3ad9090 (caps), result 1
05-10 00:33:36.756  5448  5522 D GStreamer+default: 0:00:31.196198738 0xf37ecd80 gstutils.c:2561:query_caps_func:<queue0:src> intersect with result video/x-h264, width=(int)[ 16, 4096 ], height=(int)[ 16, 4096 ], framerate=(fraction)[ 0/1, 2147483647/1 ], profile=(string)high; video/x-h264, width=(int)[ 16, 4096 ], height=(int)[ 16, 4096 ], framerate=(fraction)[ 0/1, 2147483647/1 ], profile=(string)main; video/x-h264, width=(int)[ 16, 4096 ], height=(int)[ 16, 4096 ], framerate=(fraction)[ 0/1, 2147483647/1 ], profile=(string)baseline; video/x-h264, width=(int)[ 16, 4096 ], height=(int)[ 16, 4096 ], framerate=(fraction)[ 0/1, 2147483647/1 ], profile=(string)constrained-baseline
05-10 00:33:36.756  5448  5522 D GStreamer+default: 0:00:31.196322384 0xf37ecd80 gstutils.c:2563:query_caps_func:<queue0:src> intersected video/x-h264, width=(int)[ 16, 4096 ], height=(int)[ 16, 4096 ], framerate=(fraction)[ 0/1, 2147483647/1 ], profile=(string)high; video/x-h264, width=(int)[ 16, 4096 ], height=(int)[ 16, 4096 ], framerate=(fraction)[ 0/1, 2147483647/1 ], profile=(string)main; video/x-h264, width=(int)[ 16, 4096 ], height=(int)[ 16, 4096 ], framerate=(fraction)[ 0/1, 2147483647/1 ], profile=(string)baseline; video/x-h264, width=(int)[ 16, 4096 ], height=(int)[ 16, 4096 ], framerate=(fraction)[ 0/1, 2147483647/1 ], profile=(string)constrained-baseline
05-10 00:33:36.756  5448  5522 D GStreamer+GST_PADS: 0:00:31.196365822 0xf37ecd80 gstpad.c:3339:gst_pad_query_default:<queue0:sink> not forwarding 0xf3ad9090 (caps) query
05-10 00:33:36.756  5448  5522 D GStreamer+GST_PADS: 0:00:31.196403895 0xf37ecd80 gstpad.c:3905:gst_pad_query:<queue0:sink> sent query 0xf3ad9090 (caps), result 1
05-10 00:33:36.756  5448  5522 D GStreamer+GST_CAPS: 0:00:31.196525822 0xf37ecd80 gstutils.c:2845:gst_pad_query_caps:<queue0:sink> query returned video/x-h264, width=(int)[ 16, 4096 ], height=(int)[ 16, 4096 ], framerate=(fraction)[ 0/1, 2147483647/1 ], profile=(string)high; video/x-h264, width=(int)[ 16, 4096 ], height=(int)[ 16, 4096 ], framerate=(fraction)[ 0/1, 2147483647/1 ], profile=(string)main; video/x-h264, width=(int)[ 16, 4096 ], height=(int)[ 16, 4096 ], framerate=(fraction)[ 0/1, 2147483647/1 ], profile=(string)baseline; video/x-h264, width=(int)[ 16, 4096 ], height=(int)[ 16, 4096 ], framerate=(fraction)[ 0/1, 2147483647/1 ], profile=(string)constrained-baseline
05-10 00:33:36.756  5448  5522 D GStreamer+GST_CAPS: 0:00:31.196602853 0xf37ecd80 gstpad.c:2192:gst_pad_link_check_compatible_unlocked:<q:video_0> src caps video/x-h264, stream-format=(string)avc, alignment=(string)au, level=(string)4, profile=(string)baseline, codec_data=(buffer)01428028ffe1000a27428028e54028016b2001000528de01ae20, width=(int)1280, height=(int)1440, framerate=(fraction)151/3, pixel-aspect-ratio=(fraction)1/1
05-10 00:33:36.756  5448  5522 D GStreamer+GST_CAPS: 0:00:31.196727280 0xf37ecd80 gstpad.c:2194:gst_pad_link_check_compatible_unlocked:<queue0:sink> sink caps video/x-h264, width=(int)[ 16, 4096 ], height=(int)[ 16, 4096 ], framerate=(fraction)[ 0/1, 2147483647/1 ], profile=(string)high; video/x-h264, width=(int)[ 16, 4096 ], height=(int)[ 16, 4096 ], framerate=(fraction)[ 0/1, 2147483647/1 ], profile=(string)main; video/x-h264, width=(int)[ 16, 4096 ], height=(int)[ 16, 4096 ], framerate=(fraction)[ 0/1, 2147483647/1 ], profile=(string)baseline; video/x-h264, width=(int)[ 16, 4096 ], height=(int)[ 16, 4096 ], framerate=(fraction)[ 0/1, 2147483647/1 ], profile=(string)constrained-baseline
05-10 00:33:36.756  5448  5522 D GStreamer+GST_CAPS: 0:00:31.196769728 0xf37ecd80 gstpad.c:2212:gst_pad_link_check_compatible_unlocked caps are compatible
05-10 00:33:36.756  5448  5522 I GStreamer+GST_PADS: 0:00:31.196807280 0xf37ecd80 gstpad.c:2498:gst_pad_link_full linked q:video_0 and queue0:sink, successful
05-10 00:33:36.756  5448  5522 I GStreamer+GST_EVENT: 0:00:31.196834520 0xf37ecd80 gstevent.c:1382:gst_event_new_reconfigure creating reconfigure event
05-10 00:33:36.756  5448  5522 D GStreamer+GST_EVENT: 0:00:31.196866811 0xf37ecd80 gstevent.c:302:gst_event_new_custom creating new event 0xf3944920 reconfigure 61441
05-10 00:33:36.756  5448  5522 D GStreamer+GST_EVENT: 0:00:31.196914103 0xf37ecd80 gstpad.c:5496:gst_pad_send_event_unchecked:<q:video_0> have event type reconfigure event: 0xf3944920, time 99:99:99.999999999, seq-num 99, (NULL)
05-10 00:33:36.756  5448  5522 D GStreamer+GST_PADS: 0:00:31.196948686 0xf37ecd80 gstpad.c:2803:gst_pad_iterate_internal_links_default:<q:video_0> Making iterator
05-10 00:33:36.756  5448  5522 D GStreamer+GST_EVENT: 0:00:31.197002697 0xf37ecd80 gstpad.c:5496:gst_pad_send_event_unchecked:<filesrc0:src> have event type reconfigure event: 0xf3944920, time 99:99:99.999999999, seq-num 99, (NULL)
05-10 00:33:36.757  5448  5522 D GStreamer+basesrc: 0:00:31.197052384 0xf37ecd80 gstbasesrc.c:1987:gst_base_src_default_event:<filesrc0> handle event reconfigure event: 0xf3944920, time 99:99:99.999999999, seq-num 99, (NULL)
05-10 00:33:36.757  5448  5522 D GStreamer+GST_PADS: 0:00:31.197087176 0xf37ecd80 gstpad.c:5569:gst_pad_send_event_unchecked:<filesrc0:src> sent event, ret ok
05-10 00:33:36.757  5448  5522 D GStreamer+GST_PADS: 0:00:31.197134155 0xf37ecd80 gstpad.c:5569:gst_pad_send_event_unchecked:<q:video_0> sent event, ret ok
05-10 00:33:36.757  5448  5522 D GStreamer+GST_BUS: 0:00:31.197213895 0xf37ecd80 gstbus.c:309:gst_bus_post:<bus3> [msg 0xf3acbd08] posting on bus structure-change message: 0xf3acbd08, time 99:99:99.999999999, seq-num 100, element 'sink', GstMessageStructureChange, type=(GstStructureChangeType)GST_STRUCTURE_CHANGE_TYPE_PAD_LINK, owner=(GstElement)"\(GstQTDemux\)\ q", busy=(boolean)false;
05-10 00:33:36.757  5448  5522 D GStreamer+bin: 0:00:31.197251238 0xf37ecd80 gstbin.c:3528:gst_bin_handle_message_func:<pipeline0> [msg 0xf3acbd08] handling child sink message of type structure-change
05-10 00:33:36.757  5448  5522 D GStreamer+bin: 0:00:31.197287592 0xf37ecd80 gstbin.c:957:bin_remove_messages:<queue0:sink> deleting message 0xf3acbd60 of types 0x00001000
05-10 00:33:36.757  5448  5522 D GStreamer+bin: 0:00:31.197326238 0xf37ecd80 gstbin.c:963:bin_remove_messages:<decodebin0> not deleting message 0xf3ad16c8 of type 0x00100000
05-10 00:33:36.757  5448  5522 D GStreamer+bin: 0:00:31.197359780 0xf37ecd80 gstbin.c:963:bin_remove_messages:<glimagesinkbin0> not deleting message 0xf37f5410 of type 0x00100000
05-10 00:33:36.757  5448  5522 D GStreamer+bin: 0:00:31.197394155 0xf37ecd80 gstbin.c:963:bin_remove_messages:<autoaudiosink0> not deleting message 0xf37def30 of type 0x00100000
05-10 00:33:36.757  5448  5522 D GStreamer+GST_BUS: 0:00:31.197428947 0xf37ecd80 gstbus.c:344:gst_bus_post:<bus3> [msg 0xf3acbd08] dropped
05-10 00:33:36.757  5448  5522 D GStreamer+GST_ELEMENT_PADS: 0:00:31.197464207 0xf37ecd80 gstutils.c:1701:gst_element_link_pads_full linked pad q:video_0 to pad queue0:sink
05-10 00:33:36.757  5448  5522 D GStreamer+GST_PIPELINE: 0:00:31.197503999 0xf37ecd80 ./grammar.y:527:gst_parse_found_pad delayed linking pad  video_0 of GstQTDemux named q to some pad of GstQueue named queue0 worked
05-10 00:33:36.757  5448  5522 I GStreamer+GST_PIPELINE: 0:00:31.197551447 0xf37ecd80 ./grammar.y:518:gst_parse_found_pad trying delayed linking pad  audio_0 of GstQTDemux named q to some pad of GstQueue named queue2
05-10 00:33:36.757  5448  5522 I GStreamer+GST_ELEMENT_PADS: 0:00:31.197584884 0xf37ecd80 gstutils.c:1571:gst_element_link_pads_full trying to link element q:audio_0 to element queue2:(any)
05-10 00:33:36.757  5448  5522 I GStreamer+GST_ELEMENT_PADS: 0:00:31.197616030 0xf37ecd80 gstelement.c:904:gst_element_get_static_pad no such pad 'audio_0' in element "q"
05-10 00:33:36.757  5448  5522 D GStreamer+GST_ELEMENT_PADS: 0:00:31.197646655 0xf37ecd80 gstutils.c:1585:gst_element_link_pads_full no pad q:audio_0
05-10 00:33:36.757  5448  5522 I GStreamer+default: 0:00:31.197678061 0xf37ecd80 gstutils.c:1960:gst_element_link_pads_filtered Could not link pads: q:audio_0 - queue2:(null)
05-10 00:33:36.757  5448  5522 D GStreamer+qtdemux: 0:00:31.197722384 0xf37ecd80 qtdemux.c:10640:qtdemux_expose_streams:<q> stream 1, id 2, fourcc mp4a
05-10 00:33:36.757  5448  5522 D GStreamer+GST_PADS: 0:00:31.197817957 0xf37ecd80 gstpad.c:1826:gst_pad_set_event_function_full:<'':audio_0> eventfunc for set to 0xdaa97e71
05-10 00:33:36.757  5448  5522 D GStreamer+GST_PADS: 0:00:31.197857124 0xf37ecd80 gstpad.c:1906:gst_pad_set_query_function_full:<'':audio_0> queryfunc set to 0xdaa978e1
05-10 00:33:36.757  5448  5522 D GStreamer+GST_PADS: 0:00:31.197891186 0xf37ecd80 gstpad.c:1056:gst_pad_set_active:<'':audio_0> activating pad from none
05-10 00:33:36.757  5448  5522 D GStreamer+GST_PADS: 0:00:31.197926811 0xf37ecd80 gstpad.c:972:pre_activate:<'':audio_0> setting pad into push mode, unset flushing
05-10 00:33:36.757  5448  5522 D GStreamer+GST_PADS: 0:00:31.197962488 0xf37ecd80 gstpad.c:1198:gst_pad_activate_mode:<'':audio_0> activated in push mode
05-10 00:33:36.757  5448  5522 D GStreamer+qtdemux: 0:00:31.198011655 0xf37ecd80 qtdemux.c:7127:gst_qtdemux_configure_stream:<q> setting caps audio/mpeg, mpegversion=(int)1, parsed=(boolean)true, rate=(int)24000, channels=(int)1
05-10 00:33:36.757  5448  5522 I GStreamer+GST_ELEMENT_PADS: 0:00:31.198046707 0xf37ecd80 gstelement.c:907:gst_element_get_static_pad found pad q:sink
05-10 00:33:36.758  5448  5522 D GStreamer+query: 0:00:31.198079363 0xf37ecd80 gstquery.c:674:gst_query_new_custom creating new query 0xf3ad9200 uri
05-10 00:33:36.758  5448  5522 D GStreamer+GST_ELEMENT_PADS: 0:00:31.198108686 0xf37ecd80 gstelement.c:1698:gst_element_query send query on element q
05-10 00:33:36.758  5448  5522 D GStreamer+GST_ELEMENT_PADS: 0:00:31.198148530 0xf37ecd80 gstelement.c:1482:gst_element_get_random_pad getting a random pad
05-10 00:33:36.758  5448  5522 D GStreamer+GST_ELEMENT_PADS: 0:00:31.198178061 0xf37ecd80 gstelement.c:1501:gst_element_get_random_pad checking pad q:video_0
05-10 00:33:36.758  5448  5522 D GStreamer+GST_ELEMENT_PADS: 0:00:31.198206811 0xf37ecd80 gstelement.c:1513:gst_element_get_random_pad found pad q:video_0
05-10 00:33:36.758  5448  5522 D GStreamer+GST_PADS: 0:00:31.198239728 0xf37ecd80 gstpad.c:3882:gst_pad_query:<q:video_0> doing query 0xf3ad9200 (uri)
05-10 00:33:36.758  5448  5522 D GStreamer+GST_PADS: 0:00:31.198277228 0xf37ecd80 gstpad.c:3339:gst_pad_query_default:<q:video_0> forwarding 0xf3ad9200 (uri) query
05-10 00:33:36.758  5448  5522 D GStreamer+GST_PADS: 0:00:31.198309988 0xf37ecd80 gstpad.c:2803:gst_pad_iterate_internal_links_default:<q:video_0> Making iterator
05-10 00:33:36.758  5448  5522 D GStreamer+GST_PADS: 0:00:31.198347853 0xf37ecd80 gstpad.c:4009:gst_pad_peer_query:<q:sink> peer query 0xf3ad9200 (uri)
05-10 00:33:36.758  5448  5522 D GStreamer+GST_PADS: 0:00:31.198383217 0xf37ecd80 gstpad.c:3882:gst_pad_query:<filesrc0:src> doing query 0xf3ad9200 (uri)
05-10 00:33:36.758  5448  5522 D GStreamer+basesrc: 0:00:31.198423738 0xf37ecd80 gstbasesrc.c:1296:gst_base_src_default_query:<filesrc0> query uri returns 1
05-10 00:33:36.758  5448  5522 D GStreamer+GST_PADS: 0:00:31.198459676 0xf37ecd80 gstpad.c:3905:gst_pad_query:<filesrc0:src> sent query 0xf3ad9200 (uri), result 1
05-10 00:33:36.758  5448  5522 D GStreamer+GST_PADS: 0:00:31.198497853 0xf37ecd80 gstpad.c:3905:gst_pad_query:<q:video_0> sent query 0xf3ad9200 (uri), result 1
05-10 00:33:36.758  5448  5522 D GStreamer+GST_EVENT: 0:00:31.198547749 0xf37ecd80 gstevent.c:302:gst_event_new_custom creating new event 0xf3944968 stream-start 10254
05-10 00:33:36.758  5448  5522 D GStreamer+GST_PADS: 0:00:31.198582592 0xf37ecd80 gstpad.c:3813:check_sticky:<'':audio_0> pushing all sticky events
05-10 00:33:36.758  5448  5522 D GStreamer+GST_PADS: 0:00:31.198618165 0xf37ecd80 gstpad.c:5266:gst_pad_push_event_unchecked:<'':audio_0> Dropping event stream-start because pad is not linked
05-10 00:33:36.758  5448  5522 D GStreamer+GST_PADS: 0:00:31.198651811 0xf37ecd80 gstpad.c:3784:push_sticky:<'':audio_0> pad was not linked, mark pending
05-10 00:33:36.758  5448  5522 I GStreamer+GST_EVENT: 0:00:31.198696863 0xf37ecd80 gstevent.c:679:gst_event_new_caps creating caps event audio/mpeg, mpegversion=(int)1, parsed=(boolean)true, rate=(int)24000, channels=(int)1
05-10 00:33:36.758  5448  5522 D GStreamer+GST_EVENT: 0:00:31.198729467 0xf37ecd80 gstevent.c:302:gst_event_new_custom creating new event 0xf39449b0 caps 12814
05-10 00:33:36.758  5448  5522 D GStreamer+GST_PADS: 0:00:31.198759676 0xf37ecd80 gstpad.c:5053:store_sticky_event:<'':audio_0> notify caps
05-10 00:33:36.758  5448  5522 D GStreamer+GST_PADS: 0:00:31.198795717 0xf37ecd80 gstpad.c:3813:check_sticky:<'':audio_0> pushing all sticky events
05-10 00:33:36.758  5448  5522 D GStreamer+GST_PADS: 0:00:31.198830145 0xf37ecd80 gstpad.c:3745:push_sticky:<'':audio_0> event stream-start was already received
05-10 00:33:36.758  5448  5522 D GStreamer+GST_PADS: 0:00:31.198863947 0xf37ecd80 gstpad.c:5266:gst_pad_push_event_unchecked:<'':audio_0> Dropping event caps because pad is not linked
05-10 00:33:36.758  5448  5522 D GStreamer+GST_PADS: 0:00:31.198895249 0xf37ecd80 gstpad.c:3784:push_sticky:<'':audio_0> pad was not linked, mark pending
05-10 00:33:36.758  5448  5522 D GStreamer+qtdemux: 0:00:31.198930301 0xf37ecd80 qtdemux.c:7243:gst_qtdemux_add_stream:<q> adding pad audio_0 0xf3a4b6c0 to qtdemux 0xf39ae098
05-10 00:33:36.758  5448  5522 I GStreamer+GST_ELEMENT_PADS: 0:00:31.198962176 0xf37ecd80 gstelement.c:659:gst_element_add_pad:<q> adding pad 'audio_0'
05-10 00:33:36.758  5448  5522 D GStreamer+GST_REFCOUNTING: 0:00:31.198994676 0xf37ecd80 gstobject.c:692:gst_object_set_parent:<'':audio_0> set parent (ref and sink)
05-10 00:33:36.758  5448  5522 I GStreamer+GST_PIPELINE: 0:00:31.199037332 0xf37ecd80 ./grammar.y:518:gst_parse_found_pad trying delayed linking pad  audio_0 of GstQTDemux named q to some pad of GstQueue named queue2
05-10 00:33:36.759  5448  5522 I GStreamer+GST_ELEMENT_PADS: 0:00:31.199069155 0xf37ecd80 gstutils.c:1571:gst_element_link_pads_full trying to link element q:audio_0 to element queue2:(any)
05-10 00:33:36.759  5448  5522 I GStreamer+GST_ELEMENT_PADS: 0:00:31.199098947 0xf37ecd80 gstelement.c:907:gst_element_get_static_pad found pad q:audio_0
05-10 00:33:36.759  5448  5522 D GStreamer+GST_ELEMENT_PADS: 0:00:31.199135197 0xf37ecd80 gstutils.c:1678:gst_element_link_pads_full looping through allowed src and dest pads
05-10 00:33:36.759  5448  5522 D GStreamer+GST_ELEMENT_PADS: 0:00:31.199164259 0xf37ecd80 gstutils.c:1681:gst_element_link_pads_full trying src pad q:audio_0
05-10 00:33:36.759  5448  5522 D GStreamer+GST_ELEMENT_PADS: 0:00:31.199194728 0xf37ecd80 gstutils.c:1002:gst_element_get_compatible_pad finding pad in queue2 compatible with q:audio_0
05-10 00:33:36.759  5448  5522 I GStreamer+GST_PADS: 0:00:31.199229051 0xf37ecd80 gstutils.c:932:gst_pad_check_link trying to link q:audio_0 and queue2:sink
05-10 00:33:36.759  5448  5522 D GStreamer+GST_CAPS: 0:00:31.199260978 0xf37ecd80 gstutils.c:2838:gst_pad_query_caps:<q:audio_0> get pad caps with filter (NULL)
05-10 00:33:36.759  5448  5522 D GStreamer+query: 0:00:31.199294780 0xf37ecd80 gstquery.c:674:gst_query_new_custom creating new query 0xf3ad9290 caps
05-10 00:33:36.759  5448  5522 D GStreamer+GST_PADS: 0:00:31.199326967 0xf37ecd80 gstpad.c:3882:gst_pad_query:<q:audio_0> doing query 0xf3ad9290 (caps)
05-10 00:33:36.759  5448  5522 D GStreamer+GST_CAPS: 0:00:31.199372540 0xf37ecd80 gstpad.c:3088:gst_pad_query_caps_default:<q:audio_0> query caps caps query: 0xf3ad9290, GstQueryCaps, filter=(GstCaps)"NULL", caps=(GstCaps)"NULL";
05-10 00:33:36.759  5448  5522 D GStreamer+GST_CAPS: 0:00:31.199405717 0xf37ecd80 gstpad.c:3105:gst_pad_query_caps_default:<q:audio_0> fixed pad caps: trying pad caps
05-10 00:33:36.759  5448  5522 D GStreamer+GST_CAPS: 0:00:31.199454728 0xf37ecd80 gstpad.c:3141:gst_pad_query_caps_default:<q:audio_0> using caps 0xf39cd190 audio/mpeg, mpegversion=(int)1, parsed=(boolean)true, rate=(int)24000, channels=(int)1
05-10 00:33:36.759  5448  5522 D GStreamer+GST_PADS: 0:00:31.199492853 0xf37ecd80 gstpad.c:3339:gst_pad_query_default:<q:audio_0> not forwarding 0xf3ad9290 (caps) query
05-10 00:33:36.759  5448  5522 D GStreamer+GST_PADS: 0:00:31.199528738 0xf37ecd80 gstpad.c:3905:gst_pad_query:<q:audio_0> sent query 0xf3ad9290 (caps), result 1
05-10 00:33:36.759  5448  5522 D GStreamer+GST_CAPS: 0:00:31.199574207 0xf37ecd80 gstutils.c:2845:gst_pad_query_caps:<q:audio_0> query returned audio/mpeg, mpegversion=(int)1, parsed=(boolean)true, rate=(int)24000, channels=(int)1
05-10 00:33:36.759  5448  5522 D GStreamer+GST_CAPS: 0:00:31.199610040 0xf37ecd80 gstutils.c:2838:gst_pad_query_caps:<queue2:sink> get pad caps with filter (NULL)
05-10 00:33:36.759  5448  5522 D GStreamer+query: 0:00:31.199643634 0xf37ecd80 gstquery.c:674:gst_query_new_custom creating new query 0xf3ad9120 caps
05-10 00:33:36.759  5448  5522 D GStreamer+GST_PADS: 0:00:31.199675457 0xf37ecd80 gstpad.c:3882:gst_pad_query:<queue2:sink> doing query 0xf3ad9120 (caps)
05-10 00:33:36.759  5448  5522 D GStreamer+GST_CAPS: 0:00:31.199720301 0xf37ecd80 gstpad.c:3088:gst_pad_query_caps_default:<queue2:sink> query caps caps query: 0xf3ad9120, GstQueryCaps, filter=(GstCaps)"NULL", caps=(GstCaps)"NULL";
05-10 00:33:36.759  5448  5522 D GStreamer+GST_PADS: 0:00:31.199755822 0xf37ecd80 gstutils.c:2599:gst_pad_proxy_query_caps:<queue2:sink> proxying caps query for queue2:sink
05-10 00:33:36.759  5448  5522 D GStreamer+GST_PADS: 0:00:31.199789155 0xf37ecd80 gstpad.c:2803:gst_pad_iterate_internal_links_default:<queue2:sink> Making iterator
05-10 00:33:36.759  5448  5522 D GStreamer+GST_PADS: 0:00:31.199826551 0xf37ecd80 gstpad.c:4009:gst_pad_peer_query:<queue2:src> peer query 0xf3ad9120 (caps)
05-10 00:33:36.759  5448  5522 D GStreamer+GST_PADS: 0:00:31.199862801 0xf37ecd80 gstpad.c:3882:gst_pad_query:<decodebin0:sink> doing query 0xf3ad9120 (caps)
05-10 00:33:36.759  5448  5522 D GStreamer+GST_CAPS: 0:00:31.199907488 0xf37ecd80 gstpad.c:3088:gst_pad_query_caps_default:<decodebin0:sink> query caps caps query: 0xf3ad9120, GstQueryCaps, filter=(GstCaps)"NULL", caps=(GstCaps)"NULL";
05-10 00:33:36.759  5448  5522 D GStreamer+GST_PADS: 0:00:31.199943061 0xf37ecd80 gstutils.c:2599:gst_pad_proxy_query_caps:<decodebin0:sink> proxying caps query for decodebin0:sink
05-10 00:33:36.759  5448  5522 D GStreamer+GST_PADS: 0:00:31.199983270 0xf37ecd80 gstpad.c:4009:gst_pad_peer_query:<sink:proxypad1> peer query 0xf3ad9120 (caps)
05-10 00:33:36.759  5448  5522 D GStreamer+GST_PADS: 0:00:31.200019988 0xf37ecd80 gstpad.c:3882:gst_pad_query:<typefind:sink> doing query 0xf3ad9120 (caps)
05-10 00:33:36.760  5448  5522 D GStreamer+GST_CAPS: 0:00:31.200064415 0xf37ecd80 gstpad.c:3088:gst_pad_query_caps_default:<typefind:sink> query caps caps query: 0xf3ad9120, GstQueryCaps, filter=(GstCaps)"NULL", caps=(GstCaps)"NULL";
05-10 00:33:36.760  5448  5522 D GStreamer+GST_CAPS: 0:00:31.200097280 0xf37ecd80 gstpad.c:3111:gst_pad_query_caps_default:<typefind:sink> trying pad template caps
05-10 00:33:36.760  5448  5522 D GStreamer+GST_CAPS: 0:00:31.200141238 0xf37ecd80 gstpad.c:3141:gst_pad_query_caps_default:<typefind:sink> using caps 0xf360a518 ANY
05-10 00:33:36.760  5448  5522 D GStreamer+GST_PADS: 0:00:31.200179415 0xf37ecd80 gstpad.c:3339:gst_pad_query_default:<typefind:sink> not forwarding 0xf3ad9120 (caps) query
05-10 00:33:36.760  5448  5522 D GStreamer+GST_PADS: 0:00:31.200215561 0xf37ecd80 gstpad.c:3905:gst_pad_query:<typefind:sink> sent query 0xf3ad9120 (caps), result 1
05-10 00:33:36.760  5448  5522 D GStreamer+default: 0:00:31.200250926 0xf37ecd80 gstutils.c:2561:query_caps_func:<sink:proxypad1> intersect with result ANY
05-10 00:33:36.760  5448  5522 D GStreamer+default: 0:00:31.200284728 0xf37ecd80 gstutils.c:2563:query_caps_func:<sink:proxypad1> intersected ANY
05-10 00:33:36.760  5448  5522 D GStreamer+GST_PADS: 0:00:31.200325301 0xf37ecd80 gstpad.c:3339:gst_pad_query_default:<decodebin0:sink> not forwarding 0xf3ad9120 (caps) query
05-10 00:33:36.760  5448  5522 D GStreamer+GST_PADS: 0:00:31.200362124 0xf37ecd80 gstpad.c:3905:gst_pad_query:<decodebin0:sink> sent query 0xf3ad9120 (caps), result 1
05-10 00:33:36.760  5448  5522 D GStreamer+default: 0:00:31.200397332 0xf37ecd80 gstutils.c:2561:query_caps_func:<queue2:src> intersect with result ANY
05-10 00:33:36.760  5448  5522 D GStreamer+default: 0:00:31.200430926 0xf37ecd80 gstutils.c:2563:query_caps_func:<queue2:src> intersected ANY
05-10 00:33:36.760  5448  5522 D GStreamer+GST_PADS: 0:00:31.200471030 0xf37ecd80 gstpad.c:3339:gst_pad_query_default:<queue2:sink> not forwarding 0xf3ad9120 (caps) query
05-10 00:33:36.760  5448  5522 D GStreamer+GST_PADS: 0:00:31.200507280 0xf37ecd80 gstpad.c:3905:gst_pad_query:<queue2:sink> sent query 0xf3ad9120 (caps), result 1
05-10 00:33:36.760  5448  5522 D GStreamer+GST_CAPS: 0:00:31.200542801 0xf37ecd80 gstutils.c:2845:gst_pad_query_caps:<queue2:sink> query returned ANY
05-10 00:33:36.760  5448  5522 D GStreamer+GST_ELEMENT_PADS: 0:00:31.200576499 0xf37ecd80 gstutils.c:1061:gst_element_get_compatible_pad found existing unlinked compatible pad queue2:sink
05-10 00:33:36.760  5448  5522 I GStreamer+GST_PADS: 0:00:31.200607072 0xf37ecd80 gstutils.c:1444:prepare_link_maybe_ghosting q and queue2 in same bin, no need for ghost pads
05-10 00:33:36.760  5448  5522 D GStreamer+GST_BUS: 0:00:31.200678999 0xf37ecd80 gstbus.c:309:gst_bus_post:<bus3> [msg 0xf3acbcb0] posting on bus structure-change message: 0xf3acbcb0, time 99:99:99.999999999, seq-num 103, element 'sink', GstMessageStructureChange, type=(GstStructureChangeType)GST_STRUCTURE_CHANGE_TYPE_PAD_LINK, owner=(GstElement)"\(GstQTDemux\)\ q", busy=(boolean)true;
05-10 00:33:36.760  5448  5522 D GStreamer+bin: 0:00:31.200716342 0xf37ecd80 gstbin.c:3528:gst_bin_handle_message_func:<pipeline0> [msg 0xf3acbcb0] handling child sink message of type structure-change
05-10 00:33:36.760  5448  5522 D GStreamer+bin: 0:00:31.200750353 0xf37ecd80 gstbin.c:882:find_message:<pipeline0> no message found matching types 00001000
05-10 00:33:36.760  5448  5522 D GStreamer+bin: 0:00:31.200781499 0xf37ecd80 gstbin.c:889:find_message:<pipeline0>   structure-change
05-10 00:33:36.760  5448  5522 D GStreamer+bin: 0:00:31.200815197 0xf37ecd80 gstbin.c:929:bin_replace_message:<pipeline0> got new message 0xf3acbcb0, structure-change from sink
05-10 00:33:36.760  5448  5522 D GStreamer+GST_BUS: 0:00:31.200846395 0xf37ecd80 gstbus.c:344:gst_bus_post:<bus3> [msg 0xf3acbcb0] dropped
05-10 00:33:36.760  5448  5522 I GStreamer+GST_PADS: 0:00:31.200880092 0xf37ecd80 gstpad.c:2292:gst_pad_link_prepare trying to link q:audio_0 and queue2:sink
05-10 00:33:36.760  5448  5522 D GStreamer+GST_CAPS: 0:00:31.200911603 0xf37ecd80 gstutils.c:2838:gst_pad_query_caps:<q:audio_0> get pad caps with filter (NULL)
05-10 00:33:36.760  5448  5522 D GStreamer+query: 0:00:31.200945092 0xf37ecd80 gstquery.c:674:gst_query_new_custom creating new query 0xf3ad91b0 caps
05-10 00:33:36.760  5448  5522 D GStreamer+GST_PADS: 0:00:31.200976967 0xf37ecd80 gstpad.c:3882:gst_pad_query:<q:audio_0> doing query 0xf3ad91b0 (caps)
05-10 00:33:36.760  5448  5522 D GStreamer+GST_CAPS: 0:00:31.201020978 0xf37ecd80 gstpad.c:3088:gst_pad_query_caps_default:<q:audio_0> query caps caps query: 0xf3ad91b0, GstQueryCaps, filter=(GstCaps)"NULL", caps=(GstCaps)"NULL";
05-10 00:33:36.761  5448  5522 D GStreamer+GST_CAPS: 0:00:31.201053634 0xf37ecd80 gstpad.c:3105:gst_pad_query_caps_default:<q:audio_0> fixed pad caps: trying pad caps
05-10 00:33:36.761  5448  5522 D GStreamer+GST_CAPS: 0:00:31.201101499 0xf37ecd80 gstpad.c:3141:gst_pad_query_caps_default:<q:audio_0> using caps 0xf39cd190 audio/mpeg, mpegversion=(int)1, parsed=(boolean)true, rate=(int)24000, channels=(int)1
05-10 00:33:36.761  5448  5522 D GStreamer+GST_PADS: 0:00:31.201149520 0xf37ecd80 gstpad.c:3339:gst_pad_query_default:<q:audio_0> not forwarding 0xf3ad91b0 (caps) query
05-10 00:33:36.761  5448  5522 D GStreamer+GST_PADS: 0:00:31.201185613 0xf37ecd80 gstpad.c:3905:gst_pad_query:<q:audio_0> sent query 0xf3ad91b0 (caps), result 1
05-10 00:33:36.761  5448  5522 D GStreamer+GST_CAPS: 0:00:31.201231655 0xf37ecd80 gstutils.c:2845:gst_pad_query_caps:<q:audio_0> query returned audio/mpeg, mpegversion=(int)1, parsed=(boolean)true, rate=(int)24000, channels=(int)1
05-10 00:33:36.761  5448  5522 D GStreamer+GST_CAPS: 0:00:31.201266863 0xf37ecd80 gstutils.c:2838:gst_pad_query_caps:<queue2:sink> get pad caps with filter (NULL)
05-10 00:33:36.761  5448  5522 D GStreamer+query: 0:00:31.201300301 0xf37ecd80 gstquery.c:674:gst_query_new_custom creating new query 0xf3ad9030 caps
05-10 00:33:36.761  5448  5522 D GStreamer+GST_PADS: 0:00:31.201331967 0xf37ecd80 gstpad.c:3882:gst_pad_query:<queue2:sink> doing query 0xf3ad9030 (caps)
05-10 00:33:36.761  5448  5522 D GStreamer+GST_CAPS: 0:00:31.201376395 0xf37ecd80 gstpad.c:3088:gst_pad_query_caps_default:<queue2:sink> query caps caps query: 0xf3ad9030, GstQueryCaps, filter=(GstCaps)"NULL", caps=(GstCaps)"NULL";
05-10 00:33:36.761  5448  5522 D GStreamer+GST_PADS: 0:00:31.201411707 0xf37ecd80 gstutils.c:2599:gst_pad_proxy_query_caps:<queue2:sink> proxying caps query for queue2:sink
05-10 00:33:36.761  5448  5522 D GStreamer+GST_PADS: 0:00:31.201445145 0xf37ecd80 gstpad.c:2803:gst_pad_iterate_internal_links_default:<queue2:sink> Making iterator
05-10 00:33:36.761  5448  5522 D GStreamer+GST_PADS: 0:00:31.201482020 0xf37ecd80 gstpad.c:4009:gst_pad_peer_query:<queue2:src> peer query 0xf3ad9030 (caps)
05-10 00:33:36.761  5448  5522 D GStreamer+GST_PADS: 0:00:31.201517905 0xf37ecd80 gstpad.c:3882:gst_pad_query:<decodebin0:sink> doing query 0xf3ad9030 (caps)
05-10 00:33:36.761  5448  5522 D GStreamer+GST_CAPS: 0:00:31.201561395 0xf37ecd80 gstpad.c:3088:gst_pad_query_caps_default:<decodebin0:sink> query caps caps query: 0xf3ad9030, GstQueryCaps, filter=(GstCaps)"NULL", caps=(GstCaps)"NULL";
05-10 00:33:36.761  5448  5522 D GStreamer+GST_PADS: 0:00:31.201596603 0xf37ecd80 gstutils.c:2599:gst_pad_proxy_query_caps:<decodebin0:sink> proxying caps query for decodebin0:sink
05-10 00:33:36.761  5448  5522 D GStreamer+GST_PADS: 0:00:31.201635561 0xf37ecd80 gstpad.c:4009:gst_pad_peer_query:<sink:proxypad1> peer query 0xf3ad9030 (caps)
05-10 00:33:36.761  5448  5522 D GStreamer+GST_PADS: 0:00:31.201671134 0xf37ecd80 gstpad.c:3882:gst_pad_query:<typefind:sink> doing query 0xf3ad9030 (caps)
05-10 00:33:36.761  5448  5522 D GStreamer+GST_CAPS: 0:00:31.201715040 0xf37ecd80 gstpad.c:3088:gst_pad_query_caps_default:<typefind:sink> query caps caps query: 0xf3ad9030, GstQueryCaps, filter=(GstCaps)"NULL", caps=(GstCaps)"NULL";
05-10 00:33:36.761  5448  5522 D GStreamer+GST_CAPS: 0:00:31.201748061 0xf37ecd80 gstpad.c:3111:gst_pad_query_caps_default:<typefind:sink> trying pad template caps
05-10 00:33:36.761  5448  5522 D GStreamer+GST_CAPS: 0:00:31.201783009 0xf37ecd80 gstpad.c:3141:gst_pad_query_caps_default:<typefind:sink> using caps 0xf360a518 ANY
05-10 00:33:36.761  5448  5522 D GStreamer+GST_PADS: 0:00:31.201819832 0xf37ecd80 gstpad.c:3339:gst_pad_query_default:<typefind:sink> not forwarding 0xf3ad9030 (caps) query
05-10 00:33:36.761  5448  5522 D GStreamer+GST_PADS: 0:00:31.201855665 0xf37ecd80 gstpad.c:3905:gst_pad_query:<typefind:sink> sent query 0xf3ad9030 (caps), result 1
05-10 00:33:36.761  5448  5522 D GStreamer+default: 0:00:31.201890301 0xf37ecd80 gstutils.c:2561:query_caps_func:<sink:proxypad1> intersect with result ANY
05-10 00:33:36.761  5448  5522 D GStreamer+default: 0:00:31.201923895 0xf37ecd80 gstutils.c:2563:query_caps_func:<sink:proxypad1> intersected ANY
05-10 00:33:36.761  5448  5522 D GStreamer+GST_PADS: 0:00:31.201963842 0xf37ecd80 gstpad.c:3339:gst_pad_query_default:<decodebin0:sink> not forwarding 0xf3ad9030 (caps) query
05-10 00:33:36.761  5448  5522 D GStreamer+GST_PADS: 0:00:31.202000092 0xf37ecd80 gstpad.c:3905:gst_pad_query:<decodebin0:sink> sent query 0xf3ad9030 (caps), result 1
05-10 00:33:36.761  5448  5522 D GStreamer+default: 0:00:31.202034520 0xf37ecd80 gstutils.c:2561:query_caps_func:<queue2:src> intersect with result ANY
05-10 00:33:36.762  5448  5522 D GStreamer+default: 0:00:31.202068061 0xf37ecd80 gstutils.c:2563:query_caps_func:<queue2:src> intersected ANY
05-10 00:33:36.762  5448  5522 D GStreamer+GST_PADS: 0:00:31.202107697 0xf37ecd80 gstpad.c:3339:gst_pad_query_default:<queue2:sink> not forwarding 0xf3ad9030 (caps) query
05-10 00:33:36.762  5448  5522 D GStreamer+GST_PADS: 0:00:31.202154624 0xf37ecd80 gstpad.c:3905:gst_pad_query:<queue2:sink> sent query 0xf3ad9030 (caps), result 1
05-10 00:33:36.762  5448  5522 D GStreamer+GST_CAPS: 0:00:31.202189363 0xf37ecd80 gstutils.c:2845:gst_pad_query_caps:<queue2:sink> query returned ANY
05-10 00:33:36.762  5448  5522 D GStreamer+GST_CAPS: 0:00:31.202236447 0xf37ecd80 gstpad.c:2192:gst_pad_link_check_compatible_unlocked:<q:audio_0> src caps audio/mpeg, mpegversion=(int)1, parsed=(boolean)true, rate=(int)24000, channels=(int)1
05-10 00:33:36.762  5448  5522 D GStreamer+GST_CAPS: 0:00:31.202270197 0xf37ecd80 gstpad.c:2194:gst_pad_link_check_compatible_unlocked:<queue2:sink> sink caps ANY
05-10 00:33:36.762  5448  5522 D GStreamer+GST_CAPS: 0:00:31.202300249 0xf37ecd80 gstpad.c:2212:gst_pad_link_check_compatible_unlocked caps are compatible
05-10 00:33:36.762  5448  5522 I GStreamer+GST_PADS: 0:00:31.202332645 0xf37ecd80 gstpad.c:2498:gst_pad_link_full linked q:audio_0 and queue2:sink, successful
05-10 00:33:36.762  5448  5522 I GStreamer+GST_EVENT: 0:00:31.202358842 0xf37ecd80 gstevent.c:1382:gst_event_new_reconfigure creating reconfigure event
05-10 00:33:36.762  5448  5522 D GStreamer+GST_EVENT: 0:00:31.202389676 0xf37ecd80 gstevent.c:302:gst_event_new_custom creating new event 0xf39449f8 reconfigure 61441
05-10 00:33:36.762  5448  5522 D GStreamer+GST_EVENT: 0:00:31.202435665 0xf37ecd80 gstpad.c:5496:gst_pad_send_event_unchecked:<q:audio_0> have event type reconfigure event: 0xf39449f8, time 99:99:99.999999999, seq-num 104, (NULL)
05-10 00:33:36.762  5448  5522 D GStreamer+GST_PADS: 0:00:31.202469155 0xf37ecd80 gstpad.c:2803:gst_pad_iterate_internal_links_default:<q:audio_0> Making iterator
05-10 00:33:36.762  5448  5522 D GStreamer+GST_EVENT: 0:00:31.202519363 0xf37ecd80 gstpad.c:5496:gst_pad_send_event_unchecked:<filesrc0:src> have event type reconfigure event: 0xf39449f8, time 99:99:99.999999999, seq-num 104, (NULL)
05-10 00:33:36.762  5448  5522 D GStreamer+basesrc: 0:00:31.202566655 0xf37ecd80 gstbasesrc.c:1987:gst_base_src_default_event:<filesrc0> handle event reconfigure event: 0xf39449f8, time 99:99:99.999999999, seq-num 104, (NULL)
05-10 00:33:36.762  5448  5522 D GStreamer+GST_PADS: 0:00:31.202600405 0xf37ecd80 gstpad.c:5569:gst_pad_send_event_unchecked:<filesrc0:src> sent event, ret ok
05-10 00:33:36.762  5448  5522 D GStreamer+GST_PADS: 0:00:31.202636395 0xf37ecd80 gstpad.c:5569:gst_pad_send_event_unchecked:<q:audio_0> sent event, ret ok
05-10 00:33:36.762  5448  5522 D GStreamer+GST_BUS: 0:00:31.202706655 0xf37ecd80 gstbus.c:309:gst_bus_post:<bus3> [msg 0xf3acbc58] posting on bus structure-change message: 0xf3acbc58, time 99:99:99.999999999, seq-num 105, element 'sink', GstMessageStructureChange, type=(GstStructureChangeType)GST_STRUCTURE_CHANGE_TYPE_PAD_LINK, owner=(GstElement)"\(GstQTDemux\)\ q", busy=(boolean)false;
05-10 00:33:36.762  5448  5522 D GStreamer+bin: 0:00:31.202742697 0xf37ecd80 gstbin.c:3528:gst_bin_handle_message_func:<pipeline0> [msg 0xf3acbc58] handling child sink message of type structure-change
05-10 00:33:36.762  5448  5522 D GStreamer+bin: 0:00:31.202777176 0xf37ecd80 gstbin.c:957:bin_remove_messages:<queue2:sink> deleting message 0xf3acbcb0 of types 0x00001000
05-10 00:33:36.762  5448  5522 D GStreamer+bin: 0:00:31.202814936 0xf37ecd80 gstbin.c:963:bin_remove_messages:<decodebin0> not deleting message 0xf3ad16c8 of type 0x00100000
05-10 00:33:36.762  5448  5522 D GStreamer+bin: 0:00:31.202848895 0xf37ecd80 gstbin.c:963:bin_remove_messages:<glimagesinkbin0> not deleting message 0xf37f5410 of type 0x00100000
05-10 00:33:36.762  5448  5522 D GStreamer+bin: 0:00:31.202882749 0xf37ecd80 gstbin.c:963:bin_remove_messages:<autoaudiosink0> not deleting message 0xf37def30 of type 0x00100000
05-10 00:33:36.762  5448  5522 D GStreamer+GST_BUS: 0:00:31.202917072 0xf37ecd80 gstbus.c:344:gst_bus_post:<bus3> [msg 0xf3acbc58] dropped
05-10 00:33:36.762  5448  5522 D GStreamer+GST_ELEMENT_PADS: 0:00:31.202951395 0xf37ecd80 gstutils.c:1701:gst_element_link_pads_full linked pad q:audio_0 to pad queue2:sink
05-10 00:33:36.762  5448  5522 D GStreamer+GST_PIPELINE: 0:00:31.202988113 0xf37ecd80 ./grammar.y:527:gst_parse_found_pad delayed linking pad  audio_0 of GstQTDemux named q to some pad of GstQueue named queue2 worked
05-10 00:33:36.762  5448  5522 D GStreamer+qtdemux: 0:00:31.203023374 0xf37ecd80 qtdemux.c:10481:gst_qtdemux_guess_bitrate:<q> Looking for streams with unknown bitrate
05-10 00:33:36.763  5448  5522 D GStreamer+query: 0:00:31.203057645 0xf37ecd80 gstquery.c:674:gst_query_new_custom creating new query 0xf3ad90f0 duration
05-10 00:33:36.763  5448  5522 D GStreamer+GST_PADS: 0:00:31.203091030 0xf37ecd80 gstpad.c:4009:gst_pad_peer_query:<q:sink> peer query 0xf3ad90f0 (duration)
05-10 00:33:36.763  5448  5522 D GStreamer+GST_PADS: 0:00:31.203136290 0xf37ecd80 gstpad.c:3882:gst_pad_query:<filesrc0:src> doing query 0xf3ad90f0 (duration)
05-10 00:33:36.763  5448  5522 D GStreamer+basesrc: 0:00:31.203173842 0xf37ecd80 gstbasesrc.c:1056:gst_base_src_default_query:<filesrc0> duration query in format bytes
05-10 00:33:36.763  5448  5522 D GStreamer+basesrc: 0:00:31.203216395 0xf37ecd80 gstbasesrc.c:2355:gst_base_src_update_length:<filesrc0> reading offset 0, length 0, size 15003960, segment.stop -1, maxsize 15003960
05-10 00:33:36.763  5448  5522 D GStreamer+basesrc: 0:00:31.203255353 0xf37ecd80 gstbasesrc.c:1296:gst_base_src_default_query:<filesrc0> query duration returns 1
05-10 00:33:36.763  5448  5522 D GStreamer+GST_PADS: 0:00:31.203291342 0xf37ecd80 gstpad.c:3905:gst_pad_query:<filesrc0:src> sent query 0xf3ad90f0 (duration), result 1
05-10 00:33:36.763  5448  5522 D GStreamer+qtdemux: 0:00:31.203332072 0xf37ecd80 qtdemux.c:10492:gst_qtdemux_guess_bitrate:<q> Total size 15003960, header size 10540
05-10 00:33:36.763  5448  5522 D GStreamer+qtdemux: 0:00:31.203407072 0xf37ecd80 qtdemux.c:10510:gst_qtdemux_guess_bitrate:<q> checking bitrate for video/x-h264, stream-format=(string)avc, alignment=(string)au, level=(string)4, profile=(string)baseline, codec_data=(buffer)01428028ffe1000a27428028e54028016b2001000528de01ae20, width=(int)1280, height=(int)1440, framerate=(fraction)151/3, pixel-aspect-ratio=(fraction)1/1
05-10 00:33:36.763  5448  5522 D GStreamer+qtdemux: 0:00:31.203443947 0xf37ecd80 qtdemux.c:10516:gst_qtdemux_guess_bitrate:<q> max-bitrate: 0
05-10 00:33:36.763  5448  5522 D GStreamer+qtdemux: 0:00:31.203477697 0xf37ecd80 qtdemux.c:10519:gst_qtdemux_guess_bitrate:<q> nominal-bitrate: 0
05-10 00:33:36.763  5448  5522 D GStreamer+qtdemux: 0:00:31.203512957 0xf37ecd80 qtdemux.c:10522:gst_qtdemux_guess_bitrate:<q> bitrate: 16613441
05-10 00:33:36.763  5448  5522 D GStreamer+qtdemux: 0:00:31.203557020 0xf37ecd80 qtdemux.c:10510:gst_qtdemux_guess_bitrate:<q> checking bitrate for audio/mpeg, mpegversion=(int)1, parsed=(boolean)true, rate=(int)24000, channels=(int)1
05-10 00:33:36.763  5448  5522 D GStreamer+qtdemux: 0:00:31.203593009 0xf37ecd80 qtdemux.c:10516:gst_qtdemux_guess_bitrate:<q> max-bitrate: 48000
05-10 00:33:36.763  5448  5522 D GStreamer+qtdemux: 0:00:31.203625665 0xf37ecd80 qtdemux.c:10519:gst_qtdemux_guess_bitrate:<q> nominal-bitrate: 48000
05-10 00:33:36.763  5448  5522 D GStreamer+qtdemux: 0:00:31.203658478 0xf37ecd80 qtdemux.c:10522:gst_qtdemux_guess_bitrate:<q> bitrate: 48000
05-10 00:33:36.763  5448  5522 D GStreamer+qtdemux: 0:00:31.203688061 0xf37ecd80 qtdemux.c:10542:gst_qtdemux_guess_bitrate:<q> All stream bitrates are known
05-10 00:33:36.763  5448  5522 D GStreamer+qtdemux: 0:00:31.203722124 0xf37ecd80 qtdemux.c:3991:gst_qtdemux_loop_state_header:<q> switching state to STATE_MOVIE (2)
05-10 00:33:36.763  5448  5522 D GStreamer+qtdemux: 0:00:31.203776342 0xf37ecd80 qtdemux.c:4264:gst_qtdemux_activate_segment:<q:video_0> new segment 0 from 0:00:00.000000000 to 0:00:00.311000000, time 0:00:00.000000000
05-10 00:33:36.763  5448  5522 D GStreamer+qtdemux: 0:00:31.203852853 0xf37ecd80 qtdemux.c:4285:gst_qtdemux_activate_segment:<q:video_0> New segment: time segment start=0:00:00.000000000, offset=0:00:00.000000000, stop=0:00:00.311000000, rate=1.000000, applied_rate=1.000000, flags=0x00, time=0:00:00.000000000, base=0:00:00.000000000, position 0:00:00.000000000, duration 99:99:99.999999999
05-10 00:33:36.763  5448  5522 I GStreamer+GST_EVENT: 0:00:31.203919467 0xf37ecd80 gstevent.c:760:gst_event_new_segment creating segment event time segment start=0:00:00.000000000, offset=0:00:00.000000000, stop=0:00:00.311000000, rate=1.000000, applied_rate=1.000000, flags=0x00, time=0:00:00.000000000, base=0:00:00.000000000, position 0:00:00.000000000, duration 99:99:99.999999999
05-10 00:33:36.763  5448  5522 D GStreamer+GST_EVENT: 0:00:31.203954103 0xf37ecd80 gstevent.c:302:gst_event_new_custom creating new event 0xf3944a40 segment 17934
05-10 00:33:36.763  5448  5522 D GStreamer+GST_PADS: 0:00:31.203985613 0xf37ecd80 gstpad.c:3813:check_sticky:<q:video_0> pushing all sticky events
05-10 00:33:36.764  5448  5522 D GStreamer+GST_EVENT: 0:00:31.204051655 0xf37ecd80 gstpad.c:5496:gst_pad_send_event_unchecked:<queue0:sink> have event type stream-start event: 0xf3944890, time 99:99:99.999999999, seq-num 96, GstEventStreamStart, stream-id=(string)71ab440d261a1bb43c19b397eec2373651540427aed1e7b0deb4be62a10a7f25/001, flags=(GstStreamFlags)GST_STREAM_FLAG_NONE, group-id=(uint)0;
05-10 00:33:36.764  5448  5522 D GStreamer+GST_PADS: 0:00:31.204095457 0xf37ecd80 gstpad.c:5569:gst_pad_send_event_unchecked:<queue0:sink> sent event, ret ok
05-10 00:33:36.764  5448  5520 D GStreamer+queue_dataflow: 0:00:31.204126238 0xf37eccc0 gstqueue.c:1476:gst_queue_loop:<queue0> queue is not empty
05-10 00:33:36.764  5448  5522 D GStreamer+GST_PADS: 0:00:31.204157124 0xf37ecd80 gstpad.c:3765:push_sticky:<q:video_0> event stream-start marked received
05-10 00:33:36.764  5448  5520 D GStreamer+GST_PADS: 0:00:31.204182176 0xf37eccc0 gstpad.c:3813:check_sticky:<queue0:src> pushing all sticky events
05-10 00:33:36.764  5448  5522 D GStreamer+GST_EVENT: 0:00:31.204300040 0xf37ecd80 gstpad.c:5496:gst_pad_send_event_unchecked:<queue0:sink> have event type caps event: 0xf39448d8, time 99:99:99.999999999, seq-num 97, GstEventCaps, caps=(GstCaps)"video/x-h264\,\ stream-format\=\(string\)avc\,\ alignment\=\(string\)au\,\ level\=\(string\)4\,\ profile\=\(string\)baseline\,\ codec_data\=\(buffer\)01428028ffe1000a27428028e54028016b2001000528de01ae20\,\ width\=\(int\)1280\,\ height\=\(int\)1440\,\ framerate\=\(fraction\)151/3\,\ pixel-aspect-ratio\=\(fraction\)1/1";
05-10 00:33:36.764  5448  5520 D GStreamer+GST_EVENT: 0:00:31.204315978 0xf37eccc0 gstpad.c:5496:gst_pad_send_event_unchecked:<h264parse0:sink> have event type stream-start event: 0xf3944890, time 99:99:99.999999999, seq-num 96, GstEventStreamStart, stream-id=(string)71ab440d261a1bb43c19b397eec2373651540427aed1e7b0deb4be62a10a7f25/001, flags=(GstStreamFlags)GST_STREAM_FLAG_NONE, group-id=(uint)0;
05-10 00:33:36.764  5448  5520 D GStreamer+baseparse: 0:00:31.204365613 0xf37eccc0 gstbaseparse.c:1174:gst_base_parse_sink_event_default:<h264parse0> handling event 10254, stream-start
05-10 00:33:36.764  5448  5522 D GStreamer+GST_CAPS: 0:00:31.204391707 0xf37ecd80 gstutils.c:2921:gst_pad_query_accept_caps:<queue0:sink> accept caps of video/x-h264, stream-format=(string)avc, alignment=(string)au, level=(string)4, profile=(string)baseline, codec_data=(buffer)01428028ffe1000a27428028e54028016b2001000528de01ae20, width=(int)1280, height=(int)1440, framerate=(fraction)151/3, pixel-aspect-ratio=(fraction)1/1
05-10 00:33:36.764  5448  5520 D GStreamer+GST_PADS: 0:00:31.204415770 0xf37eccc0 gstpad.c:3813:check_sticky:<h264parse0:src> pushing all sticky events
05-10 00:33:36.764  5448  5522 D GStreamer+query: 0:00:31.204441030 0xf37ecd80 gstquery.c:674:gst_query_new_custom creating new query 0xf39d0d50 accept-caps
05-10 00:33:36.764  5448  5522 D GStreamer+GST_PADS: 0:00:31.204482905 0xf37ecd80 gstpad.c:3882:gst_pad_query:<queue0:sink> doing query 0xf39d0d50 (accept-caps)
05-10 00:33:36.764  5448  5520 D GStreamer+GST_EVENT: 0:00:31.204506655 0xf37eccc0 gstpad.c:5496:gst_pad_send_event_unchecked:<amcvideodec-omxnvidiah264decode0:sink> have event type stream-start event: 0xf3944890, time 99:99:99.999999999, seq-num 96, GstEventStreamStart, stream-id=(string)71ab440d261a1bb43c19b397eec2373651540427aed1e7b0deb4be62a10a7f25/001, flags=(GstStreamFlags)GST_STREAM_FLAG_NONE, group-id=(uint)0;
05-10 00:33:36.764  5448  5520 D GStreamer+videodecoder: 0:00:31.204567332 0xf37eccc0 gstvideodecoder.c:1486:gst_video_decoder_sink_event:<amcvideodec-omxnvidiah264decode0> received event 10254, stream-start
05-10 00:33:36.764  5448  5522 D GStreamer+GST_PADS: 0:00:31.204609103 0xf37ecd80 gstpad.c:3035:gst_pad_query_accept_caps_default:<queue0:sink> query accept-caps accept-caps query: 0xf39d0d50, GstQueryAcceptCaps, caps=(GstCaps)"video/x-h264\,\ stream-format\=\(string\)avc\,\ alignment\=\(string\)au\,\ level\=\(string\)4\,\ profile\=\(string\)baseline\,\ codec_data\=\(buffer\)01428028ffe1000a27428028e54028016b2001000528de01ae20\,\ width\=\(int\)1280\,\ height\=\(int\)1440\,\ framerate\=\(fraction\)151/3\,\ pixel-aspect-ratio\=\(fraction\)1/1", result=(boolean)false;
05-10 00:33:36.764  5448  5520 V GStreamer+videodecoder: 0:00:31.204625301 0xf37eccc0 gstvideodecoder.c:1057:gst_video_decoder_drain_out:<amcvideodec-omxnvidiah264decode0> Sub-class should implement drain()
05-10 00:33:36.764  5448  5522 D GStreamer+GST_PADS: 0:00:31.204654884 0xf37ecd80 gstutils.c:2530:gst_pad_proxy_query_accept_caps:<queue0:sink> proxying accept caps query for queue0:sink
05-10 00:33:36.764  5448  5520 D GStreamer+videodecoder: 0:00:31.204668478 0xf37eccc0 gstvideodecoder.c:1208:gst_video_decoder_sink_event_default:<amcvideodec-omxnvidiah264decode0> received STREAM_START. Clearing taglist
05-10 00:33:36.764  5448  5522 D GStreamer+GST_PADS: 0:00:31.204690561 0xf37ecd80 gstpad.c:2803:gst_pad_iterate_internal_links_default:<queue0:sink> Making iterator
05-10 00:33:36.764  5448  5520 D GStreamer+videodecoder: 0:00:31.204707801 0xf37eccc0 gstvideodecoder.c:980:gst_video_decoder_push_event:<amcvideodec-omxnvidiah264decode0> pushing event stream-start
05-10 00:33:36.764  5448  5522 D GStreamer+GST_PADS: 0:00:31.204739415 0xf37ecd80 gstpad.c:4009:gst_pad_peer_query:<queue0:src> peer query 0xf39d0d50 (accept-caps)
05-10 00:33:36.764  5448  5520 D GStreamer+GST_PADS: 0:00:31.204754207 0xf37eccc0 gstpad.c:3813:check_sticky:<amcvideodec-omxnvidiah264decode0:src> pushing all sticky events
05-10 00:33:36.764  5448  5522 D GStreamer+GST_PADS: 0:00:31.204783738 0xf37ecd80 gstpad.c:3882:gst_pad_query:<h264parse0:sink> doing query 0xf39d0d50 (accept-caps)
05-10 00:33:36.764  5448  5522 D GStreamer+baseparse: 0:00:31.204839207 0xf37ecd80 gstbaseparse.c:1555:gst_base_parse_sink_query:<h264parse0> accept-caps query
05-10 00:33:36.764  5448  5520 D GStreamer+GST_EVENT: 0:00:31.204854103 0xf37eccc0 gstpad.c:5496:gst_pad_send_event_unchecked:<queue1:sink> have event type stream-start event: 0xf3944890, time 99:99:99.999999999, seq-num 96, GstEventStreamStart, stream-id=(string)71ab440d261a1bb43c19b397eec2373651540427aed1e7b0deb4be62a10a7f25/001, flags=(GstStreamFlags)GST_STREAM_FLAG_NONE, group-id=(uint)0;
05-10 00:33:36.764  5448  5520 D GStreamer+GST_PADS: 0:00:31.204910509 0xf37eccc0 gstpad.c:5569:gst_pad_send_event_unchecked:<queue1:sink> sent event, ret ok
05-10 00:33:36.764  5448  5522 D GStreamer+GST_PADS: 0:00:31.204943113 0xf37ecd80 gstpad.c:3035:gst_pad_query_accept_caps_default:<h264parse0:sink> query accept-caps accept-caps query: 0xf39d0d50, GstQueryAcceptCaps, caps=(GstCaps)"video/x-h264\,\ stream-format\=\(string\)avc\,\ alignment\=\(string\)au\,\ level\=\(string\)4\,\ profile\=\(string\)baseline\,\ codec_data\=\(buffer\)01428028ffe1000a27428028e54028016b2001000528de01ae20\,\ width\=\(int\)1280\,\ height\=\(int\)1440\,\ framerate\=\(fraction\)151/3\,\ pixel-aspect-ratio\=\(fraction\)1/1", result=(boolean)false;
05-10 00:33:36.764  5448  5520 D GStreamer+GST_PADS: 0:00:31.204955874 0xf37eccc0 gstpad.c:3765:push_sticky:<amcvideodec-omxnvidiah264decode0:src> event stream-start marked received
05-10 00:33:36.764  5448  5522 D GStreamer+GST_PERFORMANCE: 0:00:31.204979884 0xf37ecd80 gstpad.c:3050:gst_pad_query_accept_caps_default:<h264parse0:sink> fallback ACCEPT_CAPS query, consider implementing a specialized version
05-10 00:33:36.764  5448  5520 D GStreamer+GST_PADS: 0:00:31.204994624 0xf37eccc0 gstpad.c:5569:gst_pad_send_event_unchecked:<amcvideodec-omxnvidiah264decode0:sink> sent event, ret ok
05-10 00:33:36.764  5448  5520 D GStreamer+GST_PADS: 0:00:31.205033686 0xf37eccc0 gstpad.c:3765:push_sticky:<h264parse0:src> event stream-start marked received
05-10 00:33:36.765  5448  5522 D GStreamer+GST_PADS: 0:00:31.205074259 0xf37ecd80 gstpad.c:3061:gst_pad_query_accept_caps_default:<h264parse0:sink> allowed caps intersect video/x-h264, caps video/x-h264, stream-format=(string)avc, alignment=(string)au, level=(string)4, profile=(string)baseline, codec_data=(buffer)01428028ffe1000a27428028e54028016b2001000528de01ae20, width=(int)1280, height=(int)1440, framerate=(fraction)151/3, pixel-aspect-ratio=(fraction)1/1
05-10 00:33:36.765  5448  5519 D GStreamer+queue_dataflow: 0:00:31.205094780 0xf37ecc60 gstqueue.c:1476:gst_queue_loop:<queue1> queue is not empty
05-10 00:33:36.765  5448  5522 D GStreamer+GST_PADS: 0:00:31.205130822 0xf37ecd80 gstpad.c:3339:gst_pad_query_default:<h264parse0:sink> not forwarding 0xf39d0d50 (accept-caps) query
05-10 00:33:36.765  5448  5519 D GStreamer+GST_PADS: 0:00:31.205146551 0xf37ecc60 gstpad.c:3813:check_sticky:<queue1:src> pushing all sticky events
05-10 00:33:36.765  5448  5522 D GStreamer+GST_PADS: 0:00:31.205175561 0xf37ecd80 gstpad.c:3905:gst_pad_query:<h264parse0:sink> sent query 0xf39d0d50 (accept-caps), result 1
05-10 00:33:36.765  5448  5519 D GStreamer+GST_EVENT: 0:00:31.205223061 0xf37ecc60 gstpad.c:5496:gst_pad_send_event_unchecked:<forhalffps:sink> have event type stream-start event: 0xf3944890, time 99:99:99.999999999, seq-num 96, GstEventStreamStart, stream-id=(string)71ab440d261a1bb43c19b397eec2373651540427aed1e7b0deb4be62a10a7f25/001, flags=(GstStreamFlags)GST_STREAM_FLAG_NONE, group-id=(uint)0;
05-10 00:33:36.765  5448  5522 D GStreamer+GST_PADS: 0:00:31.205241863 0xf37ecd80 gstutils.c:2541:gst_pad_proxy_query_accept_caps:<queue0:sink> proxying accept caps query: 1
05-10 00:33:36.765  5448  5519 D GStreamer+GST_PADS: 0:00:31.205267592 0xf37ecc60 gstpad.c:3650:do_probe_callbacks:<forhalffps:sink> data is passed
05-10 00:33:36.765  5448  5519 D GStreamer+GST_PADS: 0:00:31.205309572 0xf37ecc60 gstpad.c:3813:check_sticky:<forhalffps:src> pushing all sticky events
05-10 00:33:36.765  5448  5522 D GStreamer+GST_PADS: 0:00:31.205343478 0xf37ecd80 gstpad.c:3065:gst_pad_query_accept_caps_default:<queue0:sink> allowed caps subset ANY, caps video/x-h264, stream-format=(string)avc, alignment=(string)au, level=(string)4, profile=(string)baseline, codec_data=(buffer)01428028ffe1000a27428028e54028016b2001000528de01ae20, width=(int)1280, height=(int)1440, framerate=(fraction)151/3, pixel-aspect-ratio=(fraction)1/1
05-10 00:33:36.765  5448  5519 D GStreamer+GST_EVENT: 0:00:31.205395926 0xf37ecc60 gstpad.c:5496:gst_pad_send_event_unchecked:<glimagesinkbin0:sink> have event type stream-start event: 0xf3944890, time 99:99:99.999999999, seq-num 96, GstEventStreamStart, stream-id=(string)71ab440d261a1bb43c19b397eec2373651540427aed1e7b0deb4be62a10a7f25/001, flags=(GstStreamFlags)GST_STREAM_FLAG_NONE, group-id=(uint)0;
05-10 00:33:36.765  5448  5522 D GStreamer+GST_PADS: 0:00:31.205413842 0xf37ecd80 gstpad.c:3339:gst_pad_query_default:<queue0:sink> not forwarding 0xf39d0d50 (accept-caps) query
05-10 00:33:36.765  5448  5519 D GStreamer+GST_PADS: 0:00:31.205444259 0xf37ecc60 gstpad.c:3813:check_sticky:<sink:proxypad0> pushing all sticky events
05-10 00:33:36.765  5448  5522 D GStreamer+GST_PADS: 0:00:31.205470613 0xf37ecd80 gstpad.c:3905:gst_pad_query:<queue0:sink> sent query 0xf39d0d50 (accept-caps), result 1
05-10 00:33:36.765  5448  5522 D GStreamer+default: 0:00:31.205518634 0xf37ecd80 gstutils.c:2926:gst_pad_query_accept_caps:<queue0:sink> query returned 1
