05-10 00:33:36.856  5448  5521 D GStreamer+bin: 0:00:31.296882697 0xf37ecd20 gstbin.c:3865:gst_bin_handle_message_func:<decodebin0> posting message upward
05-10 00:33:36.856  5448  5521 D GStreamer+GST_BUS: 0:00:31.296974207 0xf37ecd20 gstbus.c:309:gst_bus_post:<bus3> [msg 0xf3ad3730] posting on bus state-changed message: 0xf3ad3730, time 99:99:99.999999999, seq-num 142, element 'mpegaudioparse0', GstMessageStateChanged, old-state=(GstState)GST_STATE_READY, new-state=(GstState)GST_STATE_PAUSED, pending-state=(GstState)GST_STATE_VOID_PENDING;
05-10 00:33:36.856  5448  5520 D GStreamer+basetransform: 0:00:31.296991447 0xf37eccc0 gstbasetransform.c:504:gst_base_transform_default_transform_caps:<forhalffps> identity from: video/x-raw(memory:GLMemory), format=(string)RGBA, texture-target=(string)external-oes; video/x-raw, format=(string)I420, width=(int)[ 1, 2147483647 ], height=(int)[ 1, 2147483647 ], framerate=(fraction)[ 0/1, 2147483647/1 ]; video/x-raw, format=(string)NV12, width=(int)[ 1, 2147483647 ], height=(int)[ 1, 2147483647 ], framerate=(fraction)[ 0/1, 2147483647/1 ]
05-10 00:33:36.856  5448  5521 D GStreamer+bin: 0:00:31.297018738 0xf37ecd20 gstbin.c:3528:gst_bin_handle_message_func:<pipeline0> [msg 0xf3ad3730] handling child mpegaudioparse0 message of type state-changed
05-10 00:33:36.857  5448  5521 D GStreamer+bin: 0:00:31.297055197 0xf37ecd20 gstbin.c:3865:gst_bin_handle_message_func:<pipeline0> posting message upward
05-10 00:33:36.857  5448  5521 D GStreamer+GST_BUS: 0:00:31.297145874 0xf37ecd20 gstbus.c:309:gst_bus_post:<bus4> [msg 0xf3ad3730] posting on bus state-changed message: 0xf3ad3730, time 99:99:99.999999999, seq-num 142, element 'mpegaudioparse0', GstMessageStateChanged, old-state=(GstState)GST_STATE_READY, new-state=(GstState)GST_STATE_PAUSED, pending-state=(GstState)GST_STATE_VOID_PENDING;
05-10 00:33:36.857  5448  5521 D GStreamer+GST_BUS: 0:00:31.297190665 0xf37ecd20 gstbus.c:348:gst_bus_post:<bus4> [msg 0xf3ad3730] pushing on async queue
05-10 00:33:36.857  5448  5504 D GStreamer+GST_BUS: 0:00:31.297262019 0xf394d800 gstbus.c:521:gst_bus_timed_pop_filtered:<bus4> got message 0xf3ad3730, state-changed from mpegaudioparse0, type mask is 4294967295
05-10 00:33:36.857  5448  5520 D GStreamer+basetransform: 0:00:31.297281082 0xf37eccc0 gstbasetransform.c:560:gst_base_transform_transform_caps:<forhalffps> to: video/x-raw(memory:GLMemory), format=(string)RGBA, texture-target=(string)external-oes; video/x-raw, format=(string)I420, width=(int)[ 1, 2147483647 ], height=(int)[ 1, 2147483647 ], framerate=(fraction)[ 0/1, 2147483647/1 ]; video/x-raw, format=(string)NV12, width=(int)[ 1, 2147483647 ], height=(int)[ 1, 2147483647 ], framerate=(fraction)[ 0/1, 2147483647/1 ]
05-10 00:33:36.857  5448  5504 D GStreamer+GST_BUS: 0:00:31.297345197 0xf394d800 gstbus.c:789:gst_bus_source_dispatch:<bus4> source 0xf3aca788 calling dispatch with state-changed message: 0xf3ad3730, time 99:99:99.999999999, seq-num 142, element 'mpegaudioparse0', GstMessageStateChanged, old-state=(GstState)GST_STATE_READY, new-state=(GstState)GST_STATE_PAUSED, pending-state=(GstState)GST_STATE_VOID_PENDING;
05-10 00:33:36.857  5448  5504 D GStreamer+GST_BUS: 0:00:31.297408113 0xf394d800 gstbus.c:794:gst_bus_source_dispatch:<bus4> source 0xf3aca788 handler returns 1
05-10 00:33:36.857  5448  5520 D GStreamer+basetransform: 0:00:31.297418686 0xf37eccc0 gstbasetransform.c:714:gst_base_transform_query_caps:<forhalffps:sink> transformed  video/x-raw(memory:GLMemory), format=(string)RGBA, texture-target=(string)external-oes; video/x-raw, format=(string)I420, width=(int)[ 1, 2147483647 ], height=(int)[ 1, 2147483647 ], framerate=(fraction)[ 0/1, 2147483647/1 ]; video/x-raw, format=(string)NV12, width=(int)[ 1, 2147483647 ], height=(int)[ 1, 2147483647 ], framerate=(fraction)[ 0/1, 2147483647/1 ]
05-10 00:33:36.857  5448  5520 D GStreamer+basetransform: 0:00:31.297455405 0xf37eccc0 gstbasetransform.c:719:gst_base_transform_query_caps:<forhalffps:sink> our template  ANY
05-10 00:33:36.857  5448  5521 D GStreamer+GST_BUS: 0:00:31.297472592 0xf37ecd20 gstbus.c:351:gst_bus_post:<bus4> [msg 0xf3ad3730] pushed on async queue
05-10 00:33:36.857  5448  5521 D GStreamer+GST_BUS: 0:00:31.297513165 0xf37ecd20 gstbus.c:344:gst_bus_post:<bus3> [msg 0xf3ad3730] dropped
05-10 00:33:36.857  5448  5521 D GStreamer+GST_BUS: 0:00:31.297563530 0xf37ecd20 gstbus.c:344:gst_bus_post:<bus1> [msg 0xf3ad3730] dropped
05-10 00:33:36.857  5448  5520 D GStreamer+basetransform: 0:00:31.297576811 0xf37eccc0 gstbasetransform.c:724:gst_base_transform_query_caps:<forhalffps:sink> intersected video/x-raw(memory:GLMemory), format=(string)RGBA, texture-target=(string)external-oes; video/x-raw, format=(string)I420, width=(int)[ 1, 2147483647 ], height=(int)[ 1, 2147483647 ], framerate=(fraction)[ 0/1, 2147483647/1 ]; video/x-raw, format=(string)NV12, width=(int)[ 1, 2147483647 ], height=(int)[ 1, 2147483647 ], framerate=(fraction)[ 0/1, 2147483647/1 ]
05-10 00:33:36.857  5448  5521 D GStreamer+GST_STATES: 0:00:31.297604988 0xf37ecd20 gstelement.c:2607:gst_element_set_state_func:<mpegaudioparse0> returned SUCCESS
05-10 00:33:36.857  5448  5520 D GStreamer+basetransform: 0:00:31.297720717 0xf37eccc0 gstbasetransform.c:730:gst_base_transform_query_caps:<forhalffps:sink> peer filter caps video/x-raw(memory:GLMemory), format=(string)RGBA, texture-target=(string)external-oes; video/x-raw, format=(string)I420, width=(int)[ 1, 2147483647 ], height=(int)[ 1, 2147483647 ], framerate=(fraction)[ 0/1, 2147483647/1 ]; video/x-raw, format=(string)NV12, width=(int)[ 1, 2147483647 ], height=(int)[ 1, 2147483647 ], framerate=(fraction)[ 0/1, 2147483647/1 ]
05-10 00:33:36.857  5448  5521 D GStreamer+GST_EVENT: 0:00:31.297727488 0xf37ecd20 gstpad.c:5496:gst_pad_send_event_unchecked:<mpegaudioparse0:sink> have event type stream-start event: 0xf3944968, time 99:99:99.999999999, seq-num 101, GstEventStreamStart, stream-id=(string)71ab440d261a1bb43c19b397eec2373651540427aed1e7b0deb4be62a10a7f25/002, flags=(GstStreamFlags)GST_STREAM_FLAG_NONE, group-id=(uint)0;
05-10 00:33:36.857  5448  5521 D GStreamer+baseparse: 0:00:31.297779572 0xf37ecd20 gstbaseparse.c:1174:gst_base_parse_sink_event_default:<mpegaudioparse0> handling event 10254, stream-start
05-10 00:33:36.857  5448  5521 D GStreamer+GST_PADS: 0:00:31.297837957 0xf37ecd20 gstpad.c:3813:check_sticky:<mpegaudioparse0:src> pushing all sticky events
05-10 00:33:36.857  5448  5520 D GStreamer+GST_CAPS: 0:00:31.297855717 0xf37eccc0 gstutils.c:2884:gst_pad_peer_query_caps:<forhalffps:src> get pad peer caps with filter video/x-raw(memory:GLMemory), format=(string)RGBA, texture-target=(string)external-oes; video/x-raw, format=(string)I420, width=(int)[ 1, 2147483647 ], height=(int)[ 1, 2147483647 ], framerate=(fraction)[ 0/1, 2147483647/1 ]; video/x-raw, format=(string)NV12, width=(int)[ 1, 2147483647 ], height=(int)[ 1, 2147483647 ], framerate=(fraction)[ 0/1, 2147483647/1 ]
05-10 00:33:36.857  5448  5521 D GStreamer+GST_PADS: 0:00:31.297881655 0xf37ecd20 gstpad.c:3650:do_probe_callbacks:<mpegaudioparse0:src> data is passed
05-10 00:33:36.857  5448  5520 D GStreamer+query: 0:00:31.297905249 0xf37eccc0 gstquery.c:674:gst_query_new_custom creating new query 0xf39ff260 caps
05-10 00:33:36.857  5448  5521 D GStreamer+GST_PADS: 0:00:31.297928478 0xf37ecd20 gstpad.c:3453:probe_hook_marshal:<mpegaudioparse0:src> probe returned OK
05-10 00:33:36.857  5448  5520 D GStreamer+GST_PADS: 0:00:31.297950822 0xf37eccc0 gstpad.c:4009:gst_pad_peer_query:<forhalffps:src> peer query 0xf39ff260 (caps)
05-10 00:33:36.857  5448  5521 D GStreamer+GST_EVENT: 0:00:31.298015197 0xf37ecd20 gstpad.c:5496:gst_pad_send_event_unchecked:<decodepad0:proxypad3> have event type stream-start event: 0xf3944968, time 99:99:99.999999999, seq-num 101, GstEventStreamStart, stream-id=(string)71ab440d261a1bb43c19b397eec2373651540427aed1e7b0deb4be62a10a7f25/002, flags=(GstStreamFlags)GST_STREAM_FLAG_NONE, group-id=(uint)0;
05-10 00:33:36.857  5448  5520 D GStreamer+GST_PADS: 0:00:31.298021759 0xf37eccc0 gstpad.c:3882:gst_pad_query:<glimagesinkbin0:sink> doing query 0xf39ff260 (caps)
05-10 00:33:36.858  5448  5521 D GStreamer+GST_PADS: 0:00:31.298063061 0xf37ecd20 gstpad.c:3813:check_sticky:<'':decodepad0> pushing all sticky events
05-10 00:33:36.858  5448  5521 D GStreamer+GST_PADS: 0:00:31.298130457 0xf37ecd20 gstpad.c:5266:gst_pad_push_event_unchecked:<'':decodepad0> Dropping event stream-start because pad is not linked
05-10 00:33:36.858  5448  5521 D GStreamer+GST_PADS: 0:00:31.298183894 0xf37ecd20 gstpad.c:3784:push_sticky:<'':decodepad0> pad was not linked, mark pending
05-10 00:33:36.858  5448  5520 D GStreamer+GST_CAPS: 0:00:31.298198061 0xf37eccc0 gstpad.c:3088:gst_pad_query_caps_default:<glimagesinkbin0:sink> query caps caps query: 0xf39ff260, GstQueryCaps, filter=(GstCaps)"video/x-raw\(memory:GLMemory\)\,\ format\=\(string\)RGBA\,\ texture-target\=\(string\)external-oes\;\ video/x-raw\,\ format\=\(string\)I420\,\ width\=\(int\)\[\ 1\,\ 2147483647\ \]\,\ height\=\(int\)\[\ 1\,\ 2147483647\ \]\,\ framerate\=\(fraction\)\[\ 0/1\,\ 2147483647/1\ \]\;\ video/x-raw\,\ format\=\(string\)NV12\,\ width\=\(int\)\[\ 1\,\ 2147483647\ \]\,\ height\=\(int\)\[\ 1\,\ 2147483647\ \]\,\ framerate\=\(fraction\)\[\ 0/1\,\ 2147483647/1\ \]", caps=(GstCaps)"NULL";
05-10 00:33:36.858  5448  5521 D GStreamer+GST_PADS: 0:00:31.298226655 0xf37ecd20 gstpad.c:5569:gst_pad_send_event_unchecked:<decodepad0:proxypad3> sent event, ret ok
05-10 00:33:36.858  5448  5520 D GStreamer+GST_PADS: 0:00:31.298245717 0xf37eccc0 gstutils.c:2599:gst_pad_proxy_query_caps:<glimagesinkbin0:sink> proxying caps query for glimagesinkbin0:sink
05-10 00:33:36.858  5448  5521 D GStreamer+GST_PADS: 0:00:31.298272697 0xf37ecd20 gstpad.c:3765:push_sticky:<mpegaudioparse0:src> event stream-start marked received
05-10 00:33:36.858  5448  5520 D GStreamer+GST_PADS: 0:00:31.298298686 0xf37eccc0 gstpad.c:4009:gst_pad_peer_query:<sink:proxypad0> peer query 0xf39ff260 (caps)
05-10 00:33:36.858  5448  5521 D GStreamer+baseparse: 0:00:31.298323894 0xf37ecd20 gstbaseparse.c:1484:gst_base_parse_sink_event_default:<mpegaudioparse0> event handled
05-10 00:33:36.858  5448  5520 D GStreamer+GST_PADS: 0:00:31.298349936 0xf37eccc0 gstpad.c:3882:gst_pad_query:<gluploadelement0:sink> doing query 0xf39ff260 (caps)
05-10 00:33:36.858  5448  5521 D GStreamer+GST_PADS: 0:00:31.298369311 0xf37ecd20 gstpad.c:5569:gst_pad_send_event_unchecked:<mpegaudioparse0:sink> sent event, ret ok
05-10 00:33:36.858  5448  5521 D GStreamer+GST_EVENT: 0:00:31.298472801 0xf37ecd20 gstpad.c:5496:gst_pad_send_event_unchecked:<mpegaudioparse0:sink> have event type caps event: 0xf39d6b90, time 99:99:99.999999999, seq-num 119, GstEventCaps, caps=(GstCaps)"audio/mpeg\,\ mpegversion\=\(int\)1\,\ parsed\=\(boolean\)true\,\ rate\=\(int\)24000\,\ channels\=\(int\)1";
05-10 00:33:36.858  5448  5520 D GStreamer+basetransform: 0:00:31.298489936 0xf37eccc0 gstbasetransform.c:704:gst_base_transform_query_caps:<gluploadelement0:sink> filter caps  video/x-raw(memory:GLMemory), format=(string)RGBA, texture-target=(string)external-oes; video/x-raw, format=(string)I420, width=(int)[ 1, 2147483647 ], height=(int)[ 1, 2147483647 ], framerate=(fraction)[ 0/1, 2147483647/1 ]; video/x-raw, format=(string)NV12, width=(int)[ 1, 2147483647 ], height=(int)[ 1, 2147483647 ], framerate=(fraction)[ 0/1, 2147483647/1 ]
05-10 00:33:36.858  5448  5521 D GStreamer+GST_CAPS: 0:00:31.298541186 0xf37ecd20 gstutils.c:2921:gst_pad_query_accept_caps:<mpegaudioparse0:sink> accept caps of audio/mpeg, mpegversion=(int)1, parsed=(boolean)true, rate=(int)24000, channels=(int)1
05-10 00:33:36.858  5448  5521 D GStreamer+query: 0:00:31.298591707 0xf37ecd20 gstquery.c:674:gst_query_new_custom creating new query 0xf39ddd80 accept-caps
05-10 00:33:36.858  5448  5521 D GStreamer+GST_PADS: 0:00:31.298643165 0xf37ecd20 gstpad.c:3882:gst_pad_query:<mpegaudioparse0:sink> doing query 0xf39ddd80 (accept-caps)
05-10 00:33:36.858  5448  5521 D GStreamer+baseparse: 0:00:31.298693269 0xf37ecd20 gstbaseparse.c:1555:gst_base_parse_sink_query:<mpegaudioparse0> accept-caps query
05-10 00:33:36.858  5448  5521 D GStreamer+GST_PADS: 0:00:31.298809572 0xf37ecd20 gstpad.c:3035:gst_pad_query_accept_caps_default:<mpegaudioparse0:sink> query accept-caps accept-caps query: 0xf39ddd80, GstQueryAcceptCaps, caps=(GstCaps)"audio/mpeg\,\ mpegversion\=\(int\)1\,\ parsed\=\(boolean\)true\,\ rate\=\(int\)24000\,\ channels\=\(int\)1", result=(boolean)false;
05-10 00:33:36.858  5448  5521 D GStreamer+GST_PERFORMANCE: 0:00:31.298859519 0xf37ecd20 gstpad.c:3050:gst_pad_query_accept_caps_default:<mpegaudioparse0:sink> fallback ACCEPT_CAPS query, consider implementing a specialized version
05-10 00:33:36.858  5448  5520 D GStreamer+basetransform: 0:00:31.298960040 0xf37eccc0 gstbasetransform.c:707:gst_base_transform_query_caps:<gluploadelement0:sink> our template  video/x-raw(memory:GLMemory, meta:GstVideoOverlayComposition), format=(string){ RGBA, BGRA, RGBx, BGRx, ARGB, ABGR, xRGB, xBGR, RGB, BGR, RGB16, BGR16, AYUV, I420, YV12, NV12, NV21, YUY2, UYVY, Y41B, Y42B, Y444, GRAY8, GRAY16_LE, GRAY16_BE }, width=(int)[ 1, 2147483647 ], height=(int)[ 1, 2147483647 ], framerate=(fraction)[ 0/1, 2147483647/1 ]; video/x-raw(memory:EGLImage, meta:GstVideoOverlayComposition), format=(string)RGBA, width=(int)[ 1, 2147483647 ], height=(int)[ 1, 2147483647 ], framerate=(fraction)[ 0/1, 2147483647/1 ]; video/x-raw(meta:GstVideoGLTextureUploadMeta, meta:GstVideoOverlayComposition), format=(string)RGBA, width=(int)[ 1, 2147483647 ], height=(int)[ 1, 2147483647 ], framerate=(fraction)[ 0/1, 2147483647/1 ]; video/x-raw(memory:SystemMemory, meta:GstVideoOverlayComposition), format=(string){ RGBA, BGRA, RGBx, BGRx, ARGB, ABGR, xRGB, xBGR, RGB, BGR, RGB16, BGR16, AYUV, I
05-10 00:33:36.858  5448  5521 D GStreamer+GST_PADS: 0:00:31.298976238 0xf37ecd20 gstpad.c:3061:gst_pad_query_accept_caps_default:<mpegaudioparse0:sink> allowed caps intersect audio/mpeg, mpegversion=(int)1, caps audio/mpeg, mpegversion=(int)1, parsed=(boolean)true, rate=(int)24000, channels=(int)1
05-10 00:33:36.858  5448  5521 D GStreamer+GST_PADS: 0:00:31.299025665 0xf37ecd20 gstpad.c:3339:gst_pad_query_default:<mpegaudioparse0:sink> not forwarding 0xf39ddd80 (accept-caps) query
05-10 00:33:36.859  5448  5521 D GStreamer+GST_PADS: 0:00:31.299083322 0xf37ecd20 gstpad.c:3905:gst_pad_query:<mpegaudioparse0:sink> sent query 0xf39ddd80 (accept-caps), result 1
05-10 00:33:36.859  5448  5521 D GStreamer+default: 0:00:31.299145457 0xf37ecd20 gstutils.c:2926:gst_pad_query_accept_caps:<mpegaudioparse0:sink> query returned 1
05-10 00:33:36.859  5448  5520 D GStreamer+basetransform: 0:00:31.299191811 0xf37eccc0 gstbasetransform.c:709:gst_base_transform_query_caps:<gluploadelement0:sink> intersected video/x-raw(memory:GLMemory), format=(string)RGBA, texture-target=(string)external-oes, width=(int)[ 1, 2147483647 ], height=(int)[ 1, 2147483647 ], framerate=(fraction)[ 0/1, 2147483647/1 ]; video/x-raw, format=(string)I420, width=(int)[ 1, 2147483647 ], height=(int)[ 1, 2147483647 ], framerate=(fraction)[ 0/1, 2147483647/1 ]; video/x-raw, format=(string)NV12, width=(int)[ 1, 2147483647 ], height=(int)[ 1, 2147483647 ], framerate=(fraction)[ 0/1, 2147483647/1 ]
05-10 00:33:36.859  5448  5521 D GStreamer+baseparse: 0:00:31.299208894 0xf37ecd20 gstbaseparse.c:1174:gst_base_parse_sink_event_default:<mpegaudioparse0> handling event 12814, caps
05-10 00:33:36.859  5448  5520 D GStreamer+basetransform: 0:00:31.299233582 0xf37eccc0 gstbasetransform.c:533:gst_base_transform_transform_caps:<gluploadelement0> transform caps (direction = 2)
05-10 00:33:36.859  5448  5521 D GStreamer+baseparse: 0:00:31.299265717 0xf37ecd20 gstbaseparse.c:1182:gst_base_parse_sink_event_default:<mpegaudioparse0> caps: audio/mpeg, mpegversion=(int)1, parsed=(boolean)true, rate=(int)24000, channels=(int)1
05-10 00:33:36.859  5448  5521 D GStreamer+baseparse: 0:00:31.299312019 0xf37ecd20 gstbaseparse.c:1484:gst_base_parse_sink_event_default:<mpegaudioparse0> event handled
05-10 00:33:36.859  5448  5521 D GStreamer+GST_PADS: 0:00:31.299356967 0xf37ecd20 gstpad.c:5569:gst_pad_send_event_unchecked:<mpegaudioparse0:sink> sent event, ret ok
05-10 00:33:36.859  5448  5521 D GStreamer+GST_PADS: 0:00:31.299400353 0xf37ecd20 gstpad.c:5053:store_sticky_event:<mpegaudioparse0:sink> notify caps
05-10 00:33:36.859  5448  5520 D GStreamer+GST_PERFORMANCE: 0:00:31.299407280 0xf37eccc0 gstcaps.c:169:_gst_caps_copy:<0xf39ff428> doing copy 0xf39ff428 -> 0xf39ff400
05-10 00:33:36.859  5448  5521 D GStreamer+GST_STATES: 0:00:31.299445457 0xf37ecd20 gstelement.c:1970:gst_element_set_locked_state unlocking state of element mpegaudioparse0
05-10 00:33:36.859  5448  5521 D GStreamer+decodebin: 0:00:31.299496447 0xf37ecd20 gstdecodebin2.c:3956:gst_decode_chain_is_complete:<decodebin0> Chain 0xf3a37008 is complete: 0
05-10 00:33:36.859  5448  5521 D GStreamer+GST_PADS: 0:00:31.299558582 0xf37ecd20 gstpad.c:3813:check_sticky:<typefind:src> pushing all sticky events
05-10 00:33:36.859  5448  5520 D GStreamer+GST_PERFORMANCE: 0:00:31.299590405 0xf37eccc0 gstcaps.c:169:_gst_caps_copy:<0xf39ff400> doing copy 0xf39ff400 -> 0xf39da850
05-10 00:33:36.859  5448  5521 D GStreamer+GST_EVENT: 0:00:31.299658113 0xf37ecd20 gstpad.c:5496:gst_pad_send_event_unchecked:<mpegaudioparse0:sink> have event type stream-start event: 0xf3944968, time 99:99:99.999999999, seq-num 101, GstEventStreamStart, stream-id=(string)71ab440d261a1bb43c19b397eec2373651540427aed1e7b0deb4be62a10a7f25/002, flags=(GstStreamFlags)GST_STREAM_FLAG_NONE, group-id=(uint)0;
05-10 00:33:36.859  5448  5521 D GStreamer+baseparse: 0:00:31.299711551 0xf37ecd20 gstbaseparse.c:1174:gst_base_parse_sink_event_default:<mpegaudioparse0> handling event 10254, stream-start
05-10 00:33:36.859  5448  5521 D GStreamer+baseparse: 0:00:31.299757019 0xf37ecd20 gstbaseparse.c:1484:gst_base_parse_sink_event_default:<mpegaudioparse0> event handled
05-10 00:33:36.859  5448  5521 D GStreamer+GST_PADS: 0:00:31.299806759 0xf37ecd20 gstpad.c:5569:gst_pad_send_event_unchecked:<mpegaudioparse0:sink> sent event, ret ok
05-10 00:33:36.859  5448  5521 D GStreamer+GST_PADS: 0:00:31.299863842 0xf37ecd20 gstpad.c:3765:push_sticky:<typefind:src> event stream-start marked received
05-10 00:33:36.859  5448  5520 D GStreamer+GST_PERFORMANCE: 0:00:31.299881499 0xf37eccc0 gstcaps.c:169:_gst_caps_copy:<0xf39ff428> doing copy 0xf39ff428 -> 0xf3935168
05-10 00:33:36.859  5448  5521 D GStreamer+GST_EVENT: 0:00:31.299952957 0xf37ecd20 gstpad.c:5496:gst_pad_send_event_unchecked:<mpegaudioparse0:sink> have event type caps event: 0xf39d6b90, time 99:99:99.999999999, seq-num 119, GstEventCaps, caps=(GstCaps)"audio/mpeg\,\ mpegversion\=\(int\)1\,\ parsed\=\(boolean\)true\,\ rate\=\(int\)24000\,\ channels\=\(int\)1";
05-10 00:33:36.859  5448  5521 D GStreamer+GST_CAPS: 0:00:31.300030353 0xf37ecd20 gstutils.c:2921:gst_pad_query_accept_caps:<mpegaudioparse0:sink> accept caps of audio/mpeg, mpegversion=(int)1, parsed=(boolean)true, rate=(int)24000, channels=(int)1
05-10 00:33:36.860  5448  5520 D GStreamer+GST_PERFORMANCE: 0:00:31.300075405 0xf37eccc0 gstcaps.c:169:_gst_caps_copy:<0xf3935168> doing copy 0xf3935168 -> 0xf39351b8
05-10 00:33:36.860  5448  5521 D GStreamer+query: 0:00:31.300093217 0xf37ecd20 gstquery.c:674:gst_query_new_custom creating new query 0xf39dddb0 accept-caps
05-10 00:33:36.860  5448  5521 D GStreamer+GST_PADS: 0:00:31.300152436 0xf37ecd20 gstpad.c:3882:gst_pad_query:<mpegaudioparse0:sink> doing query 0xf39dddb0 (accept-caps)
05-10 00:33:36.860  5448  5521 D GStreamer+baseparse: 0:00:31.300200665 0xf37ecd20 gstbaseparse.c:1555:gst_base_parse_sink_query:<mpegaudioparse0> accept-caps query
05-10 00:33:36.860  5448  5521 D GStreamer+GST_PADS: 0:00:31.300304207 0xf37ecd20 gstpad.c:3035:gst_pad_query_accept_caps_default:<mpegaudioparse0:sink> query accept-caps accept-caps query: 0xf39dddb0, GstQueryAcceptCaps, caps=(GstCaps)"audio/mpeg\,\ mpegversion\=\(int\)1\,\ parsed\=\(boolean\)true\,\ rate\=\(int\)24000\,\ channels\=\(int\)1", result=(boolean)false;
05-10 00:33:36.860  5448  5521 D GStreamer+GST_PERFORMANCE: 0:00:31.300351082 0xf37ecd20 gstpad.c:3050:gst_pad_query_accept_caps_default:<mpegaudioparse0:sink> fallback ACCEPT_CAPS query, consider implementing a specialized version
05-10 00:33:36.860  5448  5520 D GStreamer+GST_PERFORMANCE: 0:00:31.300357801 0xf37eccc0 gstcaps.c:169:_gst_caps_copy:<0xf39ff428> doing copy 0xf39ff428 -> 0xf3935078
05-10 00:33:36.860  5448  5521 D GStreamer+GST_PADS: 0:00:31.300422124 0xf37ecd20 gstpad.c:3061:gst_pad_query_accept_caps_default:<mpegaudioparse0:sink> allowed caps intersect audio/mpeg, mpegversion=(int)1, caps audio/mpeg, mpegversion=(int)1, parsed=(boolean)true, rate=(int)24000, channels=(int)1
05-10 00:33:36.860  5448  5521 D GStreamer+GST_PADS: 0:00:31.300489728 0xf37ecd20 gstpad.c:3339:gst_pad_query_default:<mpegaudioparse0:sink> not forwarding 0xf39dddb0 (accept-caps) query
05-10 00:33:36.860  5448  5521 D GStreamer+GST_PADS: 0:00:31.300550197 0xf37ecd20 gstpad.c:3905:gst_pad_query:<mpegaudioparse0:sink> sent query 0xf39dddb0 (accept-caps), result 1
05-10 00:33:36.860  5448  5520 D GStreamer+GST_PERFORMANCE: 0:00:31.300566655 0xf37eccc0 gstcaps.c:169:_gst_caps_copy:<0xf3935078> doing copy 0xf3935078 -> 0xf3935050
05-10 00:33:36.860  5448  5521 D GStreamer+default: 0:00:31.300593165 0xf37ecd20 gstutils.c:2926:gst_pad_query_accept_caps:<mpegaudioparse0:sink> query returned 1
05-10 00:33:36.860  5448  5521 D GStreamer+baseparse: 0:00:31.300640405 0xf37ecd20 gstbaseparse.c:1174:gst_base_parse_sink_event_default:<mpegaudioparse0> handling event 12814, caps
05-10 00:33:36.860  5448  5521 D GStreamer+baseparse: 0:00:31.300708842 0xf37ecd20 gstbaseparse.c:1182:gst_base_parse_sink_event_default:<mpegaudioparse0> caps: audio/mpeg, mpegversion=(int)1, parsed=(boolean)true, rate=(int)24000, channels=(int)1
05-10 00:33:36.860  5448  5521 D GStreamer+baseparse: 0:00:31.300755405 0xf37ecd20 gstbaseparse.c:1484:gst_base_parse_sink_event_default:<mpegaudioparse0> event handled
05-10 00:33:36.860  5448  5520 D GStreamer+GST_PERFORMANCE: 0:00:31.300798790 0xf37eccc0 gstcaps.c:169:_gst_caps_copy:<0xf39ff428> doing copy 0xf39ff428 -> 0xf3935168
05-10 00:33:36.860  5448  5521 D GStreamer+GST_PADS: 0:00:31.300815874 0xf37ecd20 gstpad.c:5569:gst_pad_send_event_unchecked:<mpegaudioparse0:sink> sent event, ret ok
05-10 00:33:36.860  5448  5521 D GStreamer+GST_PADS: 0:00:31.300870301 0xf37ecd20 gstpad.c:3765:push_sticky:<typefind:src> event caps marked received
05-10 00:33:36.860  5448  5521 D GStreamer+typefind: 0:00:31.300948582 0xf37ecd20 gsttypefindelement.c:737:gst_type_find_element_setcaps:<typefind> Skipping typefinding, using caps from upstream: audio/mpeg, mpegversion=(int)1, parsed=(boolean)true, rate=(int)24000, channels=(int)1
05-10 00:33:36.860  5448  5521 D GStreamer+GST_STATES: 0:00:31.300998478 0xf37ecd20 gstelement.c:2062:gst_element_get_state_func:<typefind> getting state, timeout 0:00:00.000000000
05-10 00:33:36.860  5448  5520 D GStreamer+GST_PERFORMANCE: 0:00:31.300974572 0xf37eccc0 gstcaps.c:169:_gst_caps_copy:<0xf3935168> doing copy 0xf3935168 -> 0xf39351b8
05-10 00:33:36.860  5448  5521 D GStreamer+GST_STATES: 0:00:31.301034363 0xf37ecd20 gstelement.c:2067:gst_element_get_state_func:<typefind> RETURN is SUCCESS
05-10 00:33:36.861  5448  5521 D GStreamer+GST_STATES: 0:00:31.301077072 0xf37ecd20 gstelement.c:2137:gst_element_get_state_func:<typefind> state current: PAUSED, pending: VOID_PENDING, result: SUCCESS
05-10 00:33:36.861  5448  5521 D GStreamer+typefind: 0:00:31.301135613 0xf37ecd20 gsttypefindelement.c:550:stop_typefinding:<typefind> stopping typefinding and pushing cached events and buffers
05-10 00:33:36.861  5448  5521 D GStreamer+typefind: 0:00:31.301181655 0xf37ecd20 gsttypefindelement.c:599:stop_typefinding:<typefind> we have no data to typefind
05-10 00:33:36.861  5448  5521 D GStreamer+GST_PADS: 0:00:31.301242072 0xf37ecd20 gstpad.c:5569:gst_pad_send_event_unchecked:<typefind:sink> sent event, ret ok
05-10 00:33:36.861  5448  5521 D GStreamer+GST_PADS: 0:00:31.301294207 0xf37ecd20 gstpad.c:5053:store_sticky_event:<typefind:sink> notify caps
05-10 00:33:36.861  5448  5520 D GStreamer+basetransform: 0:00:31.301313165 0xf37eccc0 gstbasetransform.c:560:gst_base_transform_transform_caps:<gluploadelement0> to: video/x-raw(memory:GLMemory), format=(string)RGBA, texture-target=(string)external-oes, width=(int)[ 1, 2147483647 ], height=(int)[ 1, 2147483647 ], framerate=(fraction)[ 0/1, 2147483647/1 ]; video/x-raw(memory:GLMemory), format=(string)I420, width=(int)[ 1, 2147483647 ], height=(int)[ 1, 2147483647 ], framerate=(fraction)[ 0/1, 2147483647/1 ], texture-target=(string){ 2D, rectangle, external-oes }; video/x-raw(memory:GLMemory), format=(string)NV12, width=(int)[ 1, 2147483647 ], height=(int)[ 1, 2147483647 ], framerate=(fraction)[ 0/1, 2147483647/1 ], texture-target=(string){ 2D, rectangle, external-oes }
05-10 00:33:36.861  5448  5521 D GStreamer+GST_PADS: 0:00:31.301351342 0xf37ecd20 gstpad.c:3765:push_sticky:<sink:proxypad1> event caps marked received
05-10 00:33:36.861  5448  5521 D GStreamer+GST_PADS: 0:00:31.301409103 0xf37ecd20 gstpad.c:5569:gst_pad_send_event_unchecked:<decodebin0:sink> sent event, ret ok
05-10 00:33:36.861  5448  5521 D GStreamer+GST_PADS: 0:00:31.301458322 0xf37ecd20 gstpad.c:5053:store_sticky_event:<decodebin0:sink> notify caps
05-10 00:33:36.861  5448  5520 D GStreamer+basetransform: 0:00:31.301484467 0xf37eccc0 gstbasetransform.c:714:gst_base_transform_query_caps:<gluploadelement0:sink> transformed  video/x-raw(memory:GLMemory), format=(string)RGBA, texture-target=(string)external-oes, width=(int)[ 1, 2147483647 ], height=(int)[ 1, 2147483647 ], framerate=(fraction)[ 0/1, 2147483647/1 ]; video/x-raw(memory:GLMemory), format=(string)I420, width=(int)[ 1, 2147483647 ], height=(int)[ 1, 2147483647 ], framerate=(fraction)[ 0/1, 2147483647/1 ], texture-target=(string){ 2D, rectangle, external-oes }; video/x-raw(memory:GLMemory), format=(string)NV12, width=(int)[ 1, 2147483647 ], height=(int)[ 1, 2147483647 ], framerate=(fraction)[ 0/1, 2147483647/1 ], texture-target=(string){ 2D, rectangle, external-oes }
05-10 00:33:36.861  5448  5521 D GStreamer+GST_PADS: 0:00:31.301511394 0xf37ecd20 gstpad.c:3765:push_sticky:<queue2:src> event caps marked received
05-10 00:33:36.861  5448  5520 D GStreamer+basetransform: 0:00:31.301542019 0xf37eccc0 gstbasetransform.c:719:gst_base_transform_query_caps:<gluploadelement0:sink> our template  video/x-raw(ANY)
05-10 00:33:36.861  5448  5521 D GStreamer+GST_PADS: 0:00:31.301583061 0xf37ecd20 gstpad.c:3813:check_sticky:<queue2:src> pushing all sticky events
05-10 00:33:36.861  5448  5521 D GStreamer+GST_PADS: 0:00:31.301635613 0xf37ecd20 gstpad.c:3745:push_sticky:<queue2:src> event stream-start was already received
05-10 00:33:36.861  5448  5521 D GStreamer+GST_PADS: 0:00:31.301691134 0xf37ecd20 gstpad.c:3745:push_sticky:<queue2:src> event caps was already received
05-10 00:33:36.861  5448  5520 D GStreamer+basetransform: 0:00:31.301752280 0xf37eccc0 gstbasetransform.c:724:gst_base_transform_query_caps:<gluploadelement0:sink> intersected video/x-raw(memory:GLMemory), format=(string)RGBA, texture-target=(string)external-oes, width=(int)[ 1, 2147483647 ], height=(int)[ 1, 2147483647 ], framerate=(fraction)[ 0/1, 2147483647/1 ]; video/x-raw(memory:GLMemory), format=(string)I420, width=(int)[ 1, 2147483647 ], height=(int)[ 1, 2147483647 ], framerate=(fraction)[ 0/1, 2147483647/1 ], texture-target=(string){ 2D, rectangle, external-oes }; video/x-raw(memory:GLMemory), format=(string)NV12, width=(int)[ 1, 2147483647 ], height=(int)[ 1, 2147483647 ], framerate=(fraction)[ 0/1, 2147483647/1 ], texture-target=(string){ 2D, rectangle, external-oes }
05-10 00:33:36.861  5448  5521 D GStreamer+GST_EVENT: 0:00:31.301890197 0xf37ecd20 gstpad.c:5496:gst_pad_send_event_unchecked:<decodebin0:sink> have event type segment event: 0xf3944b60, time 99:99:99.999999999, seq-num 111, GstEventSegment, segment=(GstSegment)"GstSegment, flags=(GstSegmentFlags)GST_SEGMENT_FLAG_NONE, rate=(double)1, applied-rate=(double)1, format=(GstFormat)GST_FORMAT_TIME, base=(guint64)0, offset=(guint64)0, start=(guint64)0, stop=(guint64)7176000000, time=(guint64)0, position=(guint64)0, duration=(guint64)18446744073709551615;";
05-10 00:33:36.861  5448  5521 D GStreamer+GST_PADS: 0:00:31.301956967 0xf37ecd20 gstpad.c:3813:check_sticky:<sink:proxypad1> pushing all sticky events
05-10 00:33:36.861  5448  5520 D GStreamer+basetransform: 0:00:31.301974728 0xf37eccc0 gstbasetransform.c:730:gst_base_transform_query_caps:<gluploadelement0:sink> peer filter caps video/x-raw(memory:GLMemory), format=(string)RGBA, texture-target=(string)external-oes, width=(int)[ 1, 2147483647 ], height=(int)[ 1, 2147483647 ], framerate=(fraction)[ 0/1, 2147483647/1 ]; video/x-raw(memory:GLMemory), format=(string)I420, width=(int)[ 1, 2147483647 ], height=(int)[ 1, 2147483647 ], framerate=(fraction)[ 0/1, 2147483647/1 ], texture-target=(string){ 2D, rectangle, external-oes }; video/x-raw(memory:GLMemory), format=(string)NV12, width=(int)[ 1, 2147483647 ], height=(int)[ 1, 2147483647 ], framerate=(fraction)[ 0/1, 2147483647/1 ], texture-target=(string){ 2D, rectangle, external-oes }
05-10 00:33:36.861  5448  5521 D GStreamer+GST_PADS: 0:00:31.302004259 0xf37ecd20 gstpad.c:3745:push_sticky:<sink:proxypad1> event stream-start was already received
05-10 00:33:36.862  5448  5521 D GStreamer+GST_PADS: 0:00:31.302057228 0xf37ecd20 gstpad.c:3745:push_sticky:<sink:proxypad1> event caps was already received
05-10 00:33:36.862  5448  5520 D GStreamer+GST_CAPS: 0:00:31.302171030 0xf37eccc0 gstutils.c:2884:gst_pad_peer_query_caps:<gluploadelement0:src> get pad peer caps with filter video/x-raw(memory:GLMemory), format=(string)RGBA, texture-target=(string)external-oes, width=(int)[ 1, 2147483647 ], height=(int)[ 1, 2147483647 ], framerate=(fraction)[ 0/1, 2147483647/1 ]; video/x-raw(memory:GLMemory), format=(string)I420, width=(int)[ 1, 2147483647 ], height=(int)[ 1, 2147483647 ], framerate=(fraction)[ 0/1, 2147483647/1 ], texture-target=(string){ 2D, rectangle, external-oes }; video/x-raw(memory:GLMemory), format=(string)NV12, width=(int)[ 1, 2147483647 ], height=(int)[ 1, 2147483647 ], framerate=(fraction)[ 0/1, 2147483647/1 ], texture-target=(string){ 2D, rectangle, external-oes }
05-10 00:33:36.862  5448  5520 D GStreamer+query: 0:00:31.302220301 0xf37eccc0 gstquery.c:674:gst_query_new_custom creating new query 0xf3a257b0 caps
05-10 00:33:36.862  5448  5521 D GStreamer+GST_EVENT: 0:00:31.302240144 0xf37ecd20 gstpad.c:5496:gst_pad_send_event_unchecked:<typefind:sink> have event type segment event: 0xf3944b60, time 99:99:99.999999999, seq-num 111, GstEventSegment, segment=(GstSegment)"GstSegment, flags=(GstSegmentFlags)GST_SEGMENT_FLAG_NONE, rate=(double)1, applied-rate=(double)1, format=(GstFormat)GST_FORMAT_TIME, base=(guint64)0, offset=(guint64)0, start=(guint64)0, stop=(guint64)7176000000, time=(guint64)0, position=(guint64)0, duration=(guint64)18446744073709551615;";
05-10 00:33:36.862  5448  5520 D GStreamer+GST_PADS: 0:00:31.302265769 0xf37eccc0 gstpad.c:4009:gst_pad_peer_query:<gluploadelement0:src> peer query 0xf3a257b0 (caps)
05-10 00:33:36.862  5448  5521 D GStreamer+typefind: 0:00:31.302292019 0xf37ecd20 gsttypefindelement.c:613:gst_type_find_element_sink_event:<typefind> got segment event in mode 0
05-10 00:33:36.862  5448  5520 D GStreamer+GST_PADS: 0:00:31.302316655 0xf37eccc0 gstpad.c:3882:gst_pad_query:<glcolorconvertelement0:sink> doing query 0xf3a257b0 (caps)
05-10 00:33:36.862  5448  5521 D GStreamer+GST_PADS: 0:00:31.302343686 0xf37ecd20 gstpad.c:3813:check_sticky:<typefind:src> pushing all sticky events
05-10 00:33:36.862  5448  5521 D GStreamer+GST_PADS: 0:00:31.302396551 0xf37ecd20 gstpad.c:3745:push_sticky:<typefind:src> event stream-start was already received
05-10 00:33:36.862  5448  5521 D GStreamer+GST_PADS: 0:00:31.302447749 0xf37ecd20 gstpad.c:3745:push_sticky:<typefind:src> event caps was already received
05-10 00:33:36.862  5448  5520 D GStreamer+basetransform: 0:00:31.302493790 0xf37eccc0 gstbasetransform.c:704:gst_base_transform_query_caps:<glcolorconvertelement0:sink> filter caps  video/x-raw(memory:GLMemory), format=(string)RGBA, texture-target=(string)external-oes, width=(int)[ 1, 2147483647 ], height=(int)[ 1, 2147483647 ], framerate=(fraction)[ 0/1, 2147483647/1 ]; video/x-raw(memory:GLMemory), format=(string)I420, width=(int)[ 1, 2147483647 ], height=(int)[ 1, 2147483647 ], framerate=(fraction)[ 0/1, 2147483647/1 ], texture-target=(string){ 2D, rectangle, external-oes }; video/x-raw(memory:GLMemory), format=(string)NV12, width=(int)[ 1, 2147483647 ], height=(int)[ 1, 2147483647 ], framerate=(fraction)[ 0/1, 2147483647/1 ], texture-target=(string){ 2D, rectangle, external-oes }
05-10 00:33:36.862  5448  5521 D GStreamer+GST_EVENT: 0:00:31.302626134 0xf37ecd20 gstpad.c:5496:gst_pad_send_event_unchecked:<mpegaudioparse0:sink> have event type segment event: 0xf3944b60, time 99:99:99.999999999, seq-num 111, GstEventSegment, segment=(GstSegment)"GstSegment, flags=(GstSegmentFlags)GST_SEGMENT_FLAG_NONE, rate=(double)1, applied-rate=(double)1, format=(GstFormat)GST_FORMAT_TIME, base=(guint64)0, offset=(guint64)0, start=(guint64)0, stop=(guint64)7176000000, time=(guint64)0, position=(guint64)0, duration=(guint64)18446744073709551615;";
05-10 00:33:36.862  5448  5521 D GStreamer+baseparse: 0:00:31.302684728 0xf37ecd20 gstbaseparse.c:1174:gst_base_parse_sink_event_default:<mpegaudioparse0> handling event 17934, segment
05-10 00:33:36.862  5448  5520 D GStreamer+basetransform: 0:00:31.302701863 0xf37eccc0 gstbasetransform.c:707:gst_base_transform_query_caps:<glcolorconvertelement0:sink> our template  video/x-raw(memory:GLMemory), format=(string){ RGBA, RGB, RGBx, BGR, BGRx, BGRA, xRGB, xBGR, ARGB, ABGR, Y444, I420, YV12, Y42B, Y41B, NV12, NV21, YUY2, UYVY, AYUV, GRAY8, GRAY16_LE, GRAY16_BE, RGB16, BGR16 }, width=(int)[ 1, 2147483647 ], height=(int)[ 1, 2147483647 ], framerate=(fraction)[ 0/1, 2147483647/1 ], texture-target=(string){ 2D, rectangle, external-oes }; video/x-raw(memory:GLMemory, meta:GstVideoOverlayComposition), format=(string){ RGBA, RGB, RGBx, BGR, BGRx, BGRA, xRGB, xBGR, ARGB, ABGR, Y444, I420, YV12, Y42B, Y41B, NV12, NV21, YUY2, UYVY, AYUV, GRAY8, GRAY16_LE, GRAY16_BE, RGB16, BGR16 }, width=(int)[ 1, 2147483647 ], height=(int)[ 1, 2147483647 ], framerate=(fraction)[ 0/1, 2147483647/1 ], texture-target=(string){ 2D, rectangle, external-oes }
05-10 00:33:36.862  5448  5521 D GStreamer+baseparse: 0:00:31.302773269 0xf37ecd20 gstbaseparse.c:1206:gst_base_parse_sink_event_default:<mpegaudioparse0> segment time segment start=0:00:00.000000000, offset=0:00:00.000000000, stop=0:00:07.176000000, rate=1.000000, applied_rate=1.000000, flags=0x00, time=0:00:00.000000000, base=0:00:00.000000000, position 0:00:00.000000000, duration 99:99:99.999999999
05-10 00:33:36.862  5448  5521 D GStreamer+baseparse: 0:00:31.302818113 0xf37ecd20 gstbaseparse.c:1296:gst_base_parse_sink_event_default:<mpegaudioparse0> draining current segment
05-10 00:33:36.862  5448  5521 D GStreamer+baseparse: 0:00:31.302864207 0xf37ecd20 gstbaseparse.c:2677:gst_base_parse_drain:<mpegaudioparse0> draining
05-10 00:33:36.862  5448  5521 D GStreamer+baseparse: 0:00:31.302914936 0xf37ecd20 gstbaseparse.c:1484:gst_base_parse_sink_event_default:<mpegaudioparse0> event handled
05-10 00:33:36.862  5448  5520 D GStreamer+basetransform: 0:00:31.302935301 0xf37eccc0 gstbasetransform.c:709:gst_base_transform_query_caps:<glcolorconvertelement0:sink> intersected video/x-raw(memory:GLMemory), format=(string)RGBA, texture-target=(string)external-oes, width=(int)[ 1, 2147483647 ], height=(int)[ 1, 2147483647 ], framerate=(fraction)[ 0/1, 2147483647/1 ]; video/x-raw(memory:GLMemory), format=(string)I420, width=(int)[ 1, 2147483647 ], height=(int)[ 1, 2147483647 ], framerate=(fraction)[ 0/1, 2147483647/1 ], texture-target=(string){ 2D, rectangle, external-oes }; video/x-raw(memory:GLMemory), format=(string)NV12, width=(int)[ 1, 2147483647 ], height=(int)[ 1, 2147483647 ], framerate=(fraction)[ 0/1, 2147483647/1 ], texture-target=(string){ 2D, rectangle, external-oes }
05-10 00:33:36.862  5448  5521 D GStreamer+GST_PADS: 0:00:31.302963999 0xf37ecd20 gstpad.c:5569:gst_pad_send_event_unchecked:<mpegaudioparse0:sink> sent event, ret ok
05-10 00:33:36.862  5448  5520 D GStreamer+basetransform: 0:00:31.302992124 0xf37eccc0 gstbasetransform.c:533:gst_base_transform_transform_caps:<glcolorconvertelement0> transform caps (direction = 2)
05-10 00:33:36.862  5448  5521 D GStreamer+GST_PADS: 0:00:31.303016811 0xf37ecd20 gstpad.c:3765:push_sticky:<typefind:src> event segment marked received
05-10 00:33:36.863  5448  5521 D GStreamer+GST_PADS: 0:00:31.303062905 0xf37ecd20 gstpad.c:5569:gst_pad_send_event_unchecked:<typefind:sink> sent event, ret ok
05-10 00:33:36.863  5448  5521 D GStreamer+GST_PADS: 0:00:31.303126603 0xf37ecd20 gstpad.c:3765:push_sticky:<sink:proxypad1> event segment marked received
05-10 00:33:36.863  5448  5521 D GStreamer+GST_PADS: 0:00:31.303183999 0xf37ecd20 gstpad.c:5569:gst_pad_send_event_unchecked:<decodebin0:sink> sent event, ret ok
05-10 00:33:36.863  5448  5521 D GStreamer+GST_PADS: 0:00:31.303242957 0xf37ecd20 gstpad.c:3765:push_sticky:<queue2:src> event segment marked received
05-10 00:33:36.863  5448  5521 D GStreamer+GST_PADS: 0:00:31.303312488 0xf37ecd20 gstpad.c:3813:check_sticky:<queue2:src> pushing all sticky events
05-10 00:33:36.863  5448  5520 D GStreamer+basetransform: 0:00:31.303354363 0xf37eccc0 gstbasetransform.c:560:gst_base_transform_transform_caps:<glcolorconvertelement0> to: video/x-raw(memory:GLMemory), width=(int)[ 1, 2147483647 ], height=(int)[ 1, 2147483647 ], framerate=(fraction)[ 0/1, 2147483647/1 ]; video/x-raw(memory:GLMemory), format=(string)I420, width=(int)[ 1, 2147483647 ], height=(int)[ 1, 2147483647 ], framerate=(fraction)[ 0/1, 2147483647/1 ], texture-target=(string){ 2D, rectangle, external-oes }; video/x-raw(memory:GLMemory), format=(string){ RGBA, ARGB, BGRA, ABGR, RGBx, xRGB, BGRx, xBGR, RGB, BGR }, width=(int)[ 1, 2147483647 ], height=(int)[ 1, 2147483647 ], framerate=(fraction)[ 0/1, 2147483647/1 ]; video/x-raw(memory:GLMemory), format=(string)NV12, width=(int)[ 1, 2147483647 ], height=(int)[ 1, 2147483647 ], framerate=(fraction)[ 0/1, 2147483647/1 ], texture-target=(string){ 2D, rectangle, external-oes }; video/x-raw(memory:GLMemory), format=(string){ RGBA, ARGB, BGRA, ABGR, RGBx, xRGB, BGRx, xBGR, RGB, BGR }, width=(int)[ 1, 2147483647 ], heig
05-10 00:33:36.863  5448  5521 D GStreamer+GST_PADS: 0:00:31.303371967 0xf37ecd20 gstpad.c:3745:push_sticky:<queue2:src> event stream-start was already received
05-10 00:33:36.863  5448  5521 D GStreamer+GST_PADS: 0:00:31.303426967 0xf37ecd20 gstpad.c:3745:push_sticky:<queue2:src> event caps was already received
05-10 00:33:36.863  5448  5521 D GStreamer+GST_PADS: 0:00:31.303481290 0xf37ecd20 gstpad.c:3745:push_sticky:<queue2:src> event segment was already received
05-10 00:33:36.863  5448  5521 D GStreamer+GST_EVENT: 0:00:31.303597072 0xf37ecd20 gstpad.c:5496:gst_pad_send_event_unchecked:<decodebin0:sink> have event type tag event: 0xf39d6830, time 99:99:99.999999999, seq-num 113, GstTagList-stream, taglist=(taglist)"taglist\,\ audio-codec\=\(string\)\"MPEG-1\\\ audio\"\,\ maximum-bitrate\=\(uint\)48000\,\ bitrate\=\(uint\)48000\,\ language-code\=\(string\)en\;";
05-10 00:33:36.863  5448  5520 D GStreamer+basetransform: 0:00:31.303629207 0xf37eccc0 gstbasetransform.c:714:gst_base_transform_query_caps:<glcolorconvertelement0:sink> transformed  video/x-raw(memory:GLMemory), width=(int)[ 1, 2147483647 ], height=(int)[ 1, 2147483647 ], framerate=(fraction)[ 0/1, 2147483647/1 ]; video/x-raw(memory:GLMemory), format=(string)I420, width=(int)[ 1, 2147483647 ], height=(int)[ 1, 2147483647 ], framerate=(fraction)[ 0/1, 2147483647/1 ], texture-target=(string){ 2D, rectangle, external-oes }; video/x-raw(memory:GLMemory), format=(string){ RGBA, ARGB, BGRA, ABGR, RGBx, xRGB, BGRx, xBGR, RGB, BGR }, width=(int)[ 1, 2147483647 ], height=(int)[ 1, 2147483647 ], framerate=(fraction)[ 0/1, 2147483647/1 ]; video/x-raw(memory:GLMemory), format=(string)NV12, width=(int)[ 1, 2147483647 ], height=(int)[ 1, 2147483647 ], framerate=(fraction)[ 0/1, 2147483647/1 ], texture-target=(string){ 2D, rectangle, external-oes }; video/x-raw(memory:GLMemory), format=(string){ RGBA, ARGB, BGRA, ABGR, RGBx, xRGB, BGRx, xBGR, RGB, BGR }, width=(int)[ 1, 21474836
05-10 00:33:36.863  5448  5521 D GStreamer+GST_PADS: 0:00:31.303655978 0xf37ecd20 gstpad.c:3813:check_sticky:<sink:proxypad1> pushing all sticky events
05-10 00:33:36.863  5448  5521 D GStreamer+GST_PADS: 0:00:31.303713426 0xf37ecd20 gstpad.c:3745:push_sticky:<sink:proxypad1> event stream-start was already received
05-10 00:33:36.863  5448  5521 D GStreamer+GST_PADS: 0:00:31.303773790 0xf37ecd20 gstpad.c:3745:push_sticky:<sink:proxypad1> event caps was already received
05-10 00:33:36.863  5448  5521 D GStreamer+GST_PADS: 0:00:31.303826082 0xf37ecd20 gstpad.c:3745:push_sticky:<sink:proxypad1> event segment was already received
05-10 00:33:36.863  5448  5520 D GStreamer+basetransform: 0:00:31.303842124 0xf37eccc0 gstbasetransform.c:719:gst_base_transform_query_caps:<glcolorconvertelement0:sink> our template  video/x-raw(memory:GLMemory), format=(string){ RGBA, RGB, RGBx, BGR, BGRx, BGRA, xRGB, xBGR, ARGB, ABGR, Y444, I420, YV12, Y42B, Y41B, NV12, NV21, YUY2, UYVY, AYUV, GRAY8, GRAY16_LE, GRAY16_BE, RGB16, BGR16 }, width=(int)[ 1, 2147483647 ], height=(int)[ 1, 2147483647 ], framerate=(fraction)[ 0/1, 2147483647/1 ], texture-target=(string){ 2D, rectangle, external-oes }; video/x-raw(memory:GLMemory, meta:GstVideoOverlayComposition), format=(string){ RGBA, RGB, RGBx, BGR, BGRx, BGRA, xRGB, xBGR, ARGB, ABGR, Y444, I420, YV12, Y42B, Y41B, NV12, NV21, YUY2, UYVY, AYUV, GRAY8, GRAY16_LE, GRAY16_BE, RGB16, BGR16 }, width=(int)[ 1, 2147483647 ], height=(int)[ 1, 2147483647 ], framerate=(fraction)[ 0/1, 2147483647/1 ], texture-target=(string){ 2D, rectangle, external-oes }
05-10 00:33:36.863  5448  5521 D GStreamer+GST_EVENT: 0:00:31.303918947 0xf37ecd20 gstpad.c:5496:gst_pad_send_event_unchecked:<typefind:sink> have event type tag event: 0xf39d6830, time 99:99:99.999999999, seq-num 113, GstTagList-stream, taglist=(taglist)"taglist\,\ audio-codec\=\(string\)\"MPEG-1\\\ audio\"\,\ maximum-bitrate\=\(uint\)48000\,\ bitrate\=\(uint\)48000\,\ language-code\=\(string\)en\;";
05-10 00:33:36.863  5448  5521 D GStreamer+typefind: 0:00:31.303967176 0xf37ecd20 gsttypefindelement.c:613:gst_type_find_element_sink_event:<typefind> got tag event in mode 0
05-10 00:33:36.863  5448  5521 D GStreamer+GST_PADS: 0:00:31.304003947 0xf37ecd20 gstpad.c:3813:check_sticky:<typefind:src> pushing all sticky events
05-10 00:33:36.864  5448  5521 D GStreamer+GST_PADS: 0:00:31.304052957 0xf37ecd20 gstpad.c:3745:push_sticky:<typefind:src> event stream-start was already received
05-10 00:33:36.864  5448  5521 D GStreamer+GST_PADS: 0:00:31.304105457 0xf37ecd20 gstpad.c:3745:push_sticky:<typefind:src> event caps was already received
05-10 00:33:36.864  5448  5521 D GStreamer+GST_PADS: 0:00:31.304166290 0xf37ecd20 gstpad.c:3745:push_sticky:<typefind:src> event segment was already received
05-10 00:33:36.864  5448  5521 D GStreamer+GST_EVENT: 0:00:31.304252436 0xf37ecd20 gstpad.c:5496:gst_pad_send_event_unchecked:<mpegaudioparse0:sink> have event type tag event: 0xf39d6830, time 99:99:99.999999999, seq-num 113, GstTagList-stream, taglist=(taglist)"taglist\,\ audio-codec\=\(string\)\"MPEG-1\\\ audio\"\,\ maximum-bitrate\=\(uint\)48000\,\ bitrate\=\(uint\)48000\,\ language-code\=\(string\)en\;";
05-10 00:33:36.864  5448  5521 D GStreamer+baseparse: 0:00:31.304307124 0xf37ecd20 gstbaseparse.c:1174:gst_base_parse_sink_event_default:<mpegaudioparse0> handling event 20510, tag
05-10 00:33:36.864  5448  5521 I GStreamer+baseparse: 0:00:31.304390144 0xf37ecd20 gstbaseparse.c:4718:gst_base_parse_set_upstream_tags:<mpegaudioparse0> upstream tags: taglist, audio-codec=(string)"MPEG-1\ audio", maximum-bitrate=(uint)48000, bitrate=(uint)48000, language-code=(string)en;
05-10 00:33:36.864  5448  5520 D GStreamer+basetransform: 0:00:31.304436499 0xf37eccc0 gstbasetransform.c:724:gst_base_transform_query_caps:<glcolorconvertelement0:sink> intersected video/x-raw(memory:GLMemory), width=(int)[ 1, 2147483647 ], height=(int)[ 1, 2147483647 ], framerate=(fraction)[ 0/1, 2147483647/1 ], format=(string){ RGBA, RGB, RGBx, BGR, BGRx, BGRA, xRGB, xBGR, ARGB, ABGR, Y444, I420, YV12, Y42B, Y41B, NV12, NV21, YUY2, UYVY, AYUV, GRAY8, GRAY16_LE, GRAY16_BE, RGB16, BGR16 }, texture-target=(string){ 2D, rectangle, external-oes }
05-10 00:33:36.864  5448  5521 D GStreamer+baseparse: 0:00:31.304468061 0xf37ecd20 gstbaseparse.c:944:gst_base_parse_queue_tag_event_update:<mpegaudioparse0> merged   : taglist, audio-codec=(string)"MPEG-1\ audio", maximum-bitrate=(uint)48000, bitrate=(uint)48000, language-code=(string)en;
05-10 00:33:36.864  5448  5521 D GStreamer+GST_EVENT: 0:00:31.304526811 0xf37ecd20 gstevent.c:302:gst_event_new_custom creating new event 0xf39dc550 tag 20510
05-10 00:33:36.864  5448  5521 D GStreamer+baseparse: 0:00:31.304566447 0xf37ecd20 gstbaseparse.c:1484:gst_base_parse_sink_event_default:<mpegaudioparse0> event handled
05-10 00:33:36.864  5448  5520 D GStreamer+basetransform: 0:00:31.304583686 0xf37eccc0 gstbasetransform.c:730:gst_base_transform_query_caps:<glcolorconvertelement0:sink> peer filter caps video/x-raw(memory:GLMemory), width=(int)[ 1, 2147483647 ], height=(int)[ 1, 2147483647 ], framerate=(fraction)[ 0/1, 2147483647/1 ], format=(string){ RGBA, RGB, RGBx, BGR, BGRx, BGRA, xRGB, xBGR, ARGB, ABGR, Y444, I420, YV12, Y42B, Y41B, NV12, NV21, YUY2, UYVY, AYUV, GRAY8, GRAY16_LE, GRAY16_BE, RGB16, BGR16 }, texture-target=(string){ 2D, rectangle, external-oes }
05-10 00:33:36.864  5448  5521 D GStreamer+GST_PADS: 0:00:31.304611707 0xf37ecd20 gstpad.c:5569:gst_pad_send_event_unchecked:<mpegaudioparse0:sink> sent event, ret ok
05-10 00:33:36.864  5448  5521 D GStreamer+GST_PADS: 0:00:31.304664728 0xf37ecd20 gstpad.c:3765:push_sticky:<typefind:src> event tag marked received
05-10 00:33:36.864  5448  5520 D GStreamer+GST_CAPS: 0:00:31.304705978 0xf37eccc0 gstutils.c:2884:gst_pad_peer_query_caps:<glcolorconvertelement0:src> get pad peer caps with filter video/x-raw(memory:GLMemory), width=(int)[ 1, 2147483647 ], height=(int)[ 1, 2147483647 ], framerate=(fraction)[ 0/1, 2147483647/1 ], format=(string){ RGBA, RGB, RGBx, BGR, BGRx, BGRA, xRGB, xBGR, ARGB, ABGR, Y444, I420, YV12, Y42B, Y41B, NV12, NV21, YUY2, UYVY, AYUV, GRAY8, GRAY16_LE, GRAY16_BE, RGB16, BGR16 }, texture-target=(string){ 2D, rectangle, external-oes }
05-10 00:33:36.864  5448  5521 D GStreamer+GST_PADS: 0:00:31.304723269 0xf37ecd20 gstpad.c:5569:gst_pad_send_event_unchecked:<typefind:sink> sent event, ret ok
05-10 00:33:36.864  5448  5520 D GStreamer+query: 0:00:31.304746707 0xf37eccc0 gstquery.c:674:gst_query_new_custom creating new query 0xf3ad93b0 caps
05-10 00:33:36.864  5448  5521 D GStreamer+GST_PADS: 0:00:31.304766655 0xf37ecd20 gstpad.c:3765:push_sticky:<sink:proxypad1> event tag marked received
05-10 00:33:36.864  5448  5520 D GStreamer+GST_PADS: 0:00:31.304798374 0xf37eccc0 gstpad.c:4009:gst_pad_peer_query:<glcolorconvertelement0:src> peer query 0xf3ad93b0 (caps)
05-10 00:33:36.864  5448  5521 D GStreamer+GST_PADS: 0:00:31.304823217 0xf37ecd20 gstpad.c:5569:gst_pad_send_event_unchecked:<decodebin0:sink> sent event, ret ok
05-10 00:33:36.864  5448  5520 D GStreamer+GST_PADS: 0:00:31.304849155 0xf37eccc0 gstpad.c:3882:gst_pad_query:<glcolorbalance0:sink> doing query 0xf3ad93b0 (caps)
05-10 00:33:36.864  5448  5521 D GStreamer+GST_PADS: 0:00:31.304875665 0xf37ecd20 gstpad.c:3765:push_sticky:<queue2:src> event tag marked received
05-10 00:33:36.864  5448  5521 D GStreamer+GST_PADS: 0:00:31.304941603 0xf37ecd20 gstpad.c:3813:check_sticky:<queue2:src> pushing all sticky events
05-10 00:33:36.864  5448  5520 D GStreamer+basetransform: 0:00:31.304964103 0xf37eccc0 gstbasetransform.c:704:gst_base_transform_query_caps:<glcolorbalance0:sink> filter caps  video/x-raw(memory:GLMemory), width=(int)[ 1, 2147483647 ], height=(int)[ 1, 2147483647 ], framerate=(fraction)[ 0/1, 2147483647/1 ], format=(string){ RGBA, RGB, RGBx, BGR, BGRx, BGRA, xRGB, xBGR, ARGB, ABGR, Y444, I420, YV12, Y42B, Y41B, NV12, NV21, YUY2, UYVY, AYUV, GRAY8, GRAY16_LE, GRAY16_BE, RGB16, BGR16 }, texture-target=(string){ 2D, rectangle, external-oes }
05-10 00:33:36.864  5448  5521 D GStreamer+GST_PADS: 0:00:31.304991811 0xf37ecd20 gstpad.c:3745:push_sticky:<queue2:src> event stream-start was already received
05-10 00:33:36.865  5448  5521 D GStreamer+GST_PADS: 0:00:31.305048530 0xf37ecd20 gstpad.c:3745:push_sticky:<queue2:src> event caps was already received
05-10 00:33:36.865  5448  5520 D GStreamer+basetransform: 0:00:31.305061915 0xf37eccc0 gstbasetransform.c:707:gst_base_transform_query_caps:<glcolorbalance0:sink> our template  video/x-raw(memory:GLMemory), format=(string)RGBA, width=(int)[ 1, 2147483647 ], height=(int)[ 1, 2147483647 ], framerate=(fraction)[ 0/1, 2147483647/1 ], texture-target=(string)2D
05-10 00:33:36.865  5448  5521 D GStreamer+GST_PADS: 0:00:31.305086967 0xf37ecd20 gstpad.c:3745:push_sticky:<queue2:src> event segment was already received
05-10 00:33:36.865  5448  5521 D GStreamer+GST_PADS: 0:00:31.305145822 0xf37ecd20 gstpad.c:3745:push_sticky:<queue2:src> event tag was already received
