05-10 00:33:36.787  5448  5521 D GStreamer+GST_BUS: 0:00:31.227634051 0xf37ecd20 gstbus.c:309:gst_bus_post:<bus1> [msg 0xf3ad22d0] posting on bus structure-change message: 0xf3ad22d0, time 99:99:99.999999999, seq-num 122, element 'proxypad3', GstMessageStructureChange, type=(GstStructureChangeType)GST_STRUCTURE_CHANGE_TYPE_PAD_LINK, owner=(GstElement)"\(GstTypeFindElement\)\ typefind", busy=(boolean)true;
05-10 00:33:36.787  5448  5522 D GStreamer+GST_MEMORY: 0:00:31.227650509 0xf37ecd80 gstmemory.c:138:gst_memory_init new memory 0xf3a36ed0, maxsize:147 offset:0 size:144
05-10 00:33:36.787  5448  5521 D GStreamer+bin: 0:00:31.227685665 0xf37ecd20 gstbin.c:3528:gst_bin_handle_message_func:<decodebin0> [msg 0xf3ad22d0] handling child proxypad3 message of type structure-change
05-10 00:33:36.787  5448  5520 D GStreamer+glfilter: 0:00:31.227723582 0xf37eccc0 gstglfilter.c:638:gst_gl_filter_transform_caps:<glcolorbalance0> returning caps: video/x-raw(memory:GLMemory), width=(int)[ 1, 2147483647 ], height=(int)[ 1, 2147483647 ], framerate=(fraction)[ 0/1, 2147483647/1 ], format=(string)RGBA, texture-target=(string)2D
05-10 00:33:36.787  5448  5522 D GStreamer+basesrc: 0:00:31.227742228 0xf37ecd80 gstbasesrc.c:2310:gst_base_src_do_sync:<filesrc0> we have no clock
05-10 00:33:36.787  5448  5521 D GStreamer+bin: 0:00:31.227756551 0xf37ecd20 gstbin.c:882:find_message:<decodebin0> no message found matching types 00001000
05-10 00:33:36.787  5448  5522 D GStreamer+basesrc: 0:00:31.227777072 0xf37ecd80 gstbasesrc.c:2520:gst_base_src_get_range:<filesrc0> buffer ok
05-10 00:33:36.787  5448  5521 D GStreamer+bin: 0:00:31.227790509 0xf37ecd20 gstbin.c:889:find_message:<decodebin0>   structure-change
05-10 00:33:36.787  5448  5521 D GStreamer+bin: 0:00:31.227839103 0xf37ecd20 gstbin.c:929:bin_replace_message:<decodebin0> got new message 0xf3ad22d0, structure-change from proxypad3
05-10 00:33:36.787  5448  5522 D GStreamer+GST_SCHEDULING: 0:00:31.227860457 0xf37ecd80 gstpad.c:4153:gst_pad_chain_data_unchecked:<queue2:sink> calling chainfunction &gst_queue_chain with buffer buffer: 0xf3af53f8, pts 0:00:00.360000000, dts 0:00:00.360000000, dur 0:00:00.024000000, size 144, offset none, offset_end none, flags 0x0
05-10 00:33:36.787  5448  5521 D GStreamer+GST_BUS: 0:00:31.227873374 0xf37ecd20 gstbus.c:344:gst_bus_post:<bus1> [msg 0xf3ad22d0] dropped
05-10 00:33:36.787  5448  5522 D GStreamer+GST_SCHEDULING: 0:00:31.227913999 0xf37ecd80 gstpad.c:4159:gst_pad_chain_data_unchecked:<queue2:sink> called chainfunction &gst_queue_chain with buffer 0xf3af53f8, returned ok
05-10 00:33:36.787  5448  5522 D GStreamer+qtdemux: 0:00:31.227964207 0xf37ecd80 qtdemux.c:7675:qtdemux_parse_samples:<q> parsing up to sample 16
05-10 00:33:36.787  5448  5520 D GStreamer+basetransform: 0:00:31.227977749 0xf37eccc0 gstbasetransform.c:560:gst_base_transform_transform_caps:<glcolorbalance0> to: video/x-raw(memory:GLMemory), width=(int)[ 1, 2147483647 ], height=(int)[ 1, 2147483647 ], framerate=(fraction)[ 0/1, 2147483647/1 ], format=(string)RGBA, texture-target=(string)2D
05-10 00:33:36.787  5448  5522 D GStreamer+qtdemux: 0:00:31.228010978 0xf37ecd80 qtdemux.c:7882:qtdemux_parse_samples:<q> sample 16: index 16, timestamp 0:00:00.384000000
05-10 00:33:36.788  5448  5521 I GStreamer+GST_PADS: 0:00:31.228070926 0xf37ecd20 gstpad.c:2292:gst_pad_link_prepare trying to link typefind:src and decodepad0:proxypad3
05-10 00:33:36.788  5448  5522 D GStreamer+qtdemux: 0:00:31.228077645 0xf37ecd80 qtdemux.c:7982:qtdemux_parse_samples:<q> setting all keyframes
05-10 00:33:36.788  5448  5521 I GStreamer+GST_PADS: 0:00:31.228108374 0xf37ecd20 gstpad.c:2498:gst_pad_link_full linked typefind:src and decodepad0:proxypad3, successful
05-10 00:33:36.788  5448  5522 D GStreamer+qtdemux: 0:00:31.228158947 0xf37ecd80 qtdemux.c:5197:gst_qtdemux_loop_state_movie:<q> pushing from stream 1, empty 0 offset 196179, size 144, dts=0:00:00.384000000, pts=0:00:00.384000000, duration 0:00:00.024000000
05-10 00:33:36.788  5448  5521 I GStreamer+GST_EVENT: 0:00:31.228176551 0xf37ecd20 gstevent.c:1382:gst_event_new_reconfigure creating reconfigure event
05-10 00:33:36.788  5448  5522 D GStreamer+basesrc: 0:00:31.228215092 0xf37ecd80 gstbasesrc.c:2355:gst_base_src_update_length:<filesrc0> reading offset 196179, length 144, size 15003960, segment.stop -1, maxsize 15003960
05-10 00:33:36.788  5448  5521 D GStreamer+GST_EVENT: 0:00:31.228233270 0xf37ecd20 gstevent.c:302:gst_event_new_custom creating new event 0xf39dc430 reconfigure 61441
05-10 00:33:36.788  5448  5522 D GStreamer+basesrc: 0:00:31.228252645 0xf37ecd80 gstbasesrc.c:2456:gst_base_src_get_range:<filesrc0> calling create offset 196179 length 144, time 0
05-10 00:33:36.788  5448  5521 D GStreamer+GST_EVENT: 0:00:31.228295665 0xf37ecd20 gstpad.c:5496:gst_pad_send_event_unchecked:<typefind:src> have event type reconfigure event: 0xf39dc430, time 99:99:99.999999999, seq-num 123, (NULL)
05-10 00:33:36.788  5448  5522 D GStreamer+GST_MEMORY: 0:00:31.228313478 0xf37ecd80 gstmemory.c:138:gst_memory_init new memory 0xf3b03038, maxsize:147 offset:0 size:144
05-10 00:33:36.788  5448  5521 D GStreamer+GST_PADS: 0:00:31.228337488 0xf37ecd20 gstpad.c:5569:gst_pad_send_event_unchecked:<typefind:src> sent event, ret error
05-10 00:33:36.788  5448  5522 D GStreamer+basesrc: 0:00:31.228357020 0xf37ecd80 gstbasesrc.c:2310:gst_base_src_do_sync:<filesrc0> we have no clock
05-10 00:33:36.788  5448  5522 D GStreamer+basesrc: 0:00:31.228390301 0xf37ecd80 gstbasesrc.c:2520:gst_base_src_get_range:<filesrc0> buffer ok
05-10 00:33:36.788  5448  5521 D GStreamer+GST_BUS: 0:00:31.228432645 0xf37ecd20 gstbus.c:309:gst_bus_post:<bus1> [msg 0xf3ad2328] posting on bus structure-change message: 0xf3ad2328, time 99:99:99.999999999, seq-num 124, element 'proxypad3', GstMessageStructureChange, type=(GstStructureChangeType)GST_STRUCTURE_CHANGE_TYPE_PAD_LINK, owner=(GstElement)"\(GstTypeFindElement\)\ typefind", busy=(boolean)false;
05-10 00:33:36.788  5448  5520 D GStreamer+basetransform: 0:00:31.228498217 0xf37eccc0 gstbasetransform.c:714:gst_base_transform_query_caps:<glcolorbalance0:sink> transformed  video/x-raw(memory:GLMemory), width=(int)[ 1, 2147483647 ], height=(int)[ 1, 2147483647 ], framerate=(fraction)[ 0/1, 2147483647/1 ], format=(string)RGBA, texture-target=(string)2D
05-10 00:33:36.788  5448  5522 D GStreamer+GST_SCHEDULING: 0:00:31.228505613 0xf37ecd80 gstpad.c:4153:gst_pad_chain_data_unchecked:<queue2:sink> calling chainfunction &gst_queue_chain with buffer buffer: 0xf3af5498, pts 0:00:00.384000000, dts 0:00:00.384000000, dur 0:00:00.024000000, size 144, offset none, offset_end none, flags 0x0
05-10 00:33:36.788  5448  5522 D GStreamer+GST_SCHEDULING: 0:00:31.228559155 0xf37ecd80 gstpad.c:4159:gst_pad_chain_data_unchecked:<queue2:sink> called chainfunction &gst_queue_chain with buffer 0xf3af5498, returned ok
05-10 00:33:36.788  5448  5520 D GStreamer+basetransform: 0:00:31.228589676 0xf37eccc0 gstbasetransform.c:719:gst_base_transform_query_caps:<glcolorbalance0:sink> our template  video/x-raw(memory:GLMemory), format=(string)RGBA, width=(int)[ 1, 2147483647 ], height=(int)[ 1, 2147483647 ], framerate=(fraction)[ 0/1, 2147483647/1 ], texture-target=(string)2D
05-10 00:33:36.788  5448  5522 D GStreamer+qtdemux: 0:00:31.228609780 0xf37ecd80 qtdemux.c:7675:qtdemux_parse_samples:<q> parsing up to sample 17
05-10 00:33:36.788  5448  5522 D GStreamer+qtdemux: 0:00:31.228666967 0xf37ecd80 qtdemux.c:7882:qtdemux_parse_samples:<q> sample 17: index 17, timestamp 0:00:00.408000000
05-10 00:33:36.788  5448  5520 D GStreamer+basetransform: 0:00:31.228701447 0xf37eccc0 gstbasetransform.c:724:gst_base_transform_query_caps:<glcolorbalance0:sink> intersected video/x-raw(memory:GLMemory), width=(int)[ 1, 2147483647 ], height=(int)[ 1, 2147483647 ], framerate=(fraction)[ 0/1, 2147483647/1 ], format=(string)RGBA, texture-target=(string)2D
05-10 00:33:36.788  5448  5522 D GStreamer+qtdemux: 0:00:31.228718738 0xf37ecd80 qtdemux.c:7982:qtdemux_parse_samples:<q> setting all keyframes
05-10 00:33:36.788  5448  5520 D GStreamer+basetransform: 0:00:31.228794832 0xf37eccc0 gstbasetransform.c:730:gst_base_transform_query_caps:<glcolorbalance0:sink> peer filter caps video/x-raw(memory:GLMemory), width=(int)[ 1, 2147483647 ], height=(int)[ 1, 2147483647 ], framerate=(fraction)[ 0/1, 2147483647/1 ], format=(string)RGBA, texture-target=(string)2D
05-10 00:33:36.788  5448  5522 D GStreamer+qtdemux: 0:00:31.228811395 0xf37ecd80 qtdemux.c:5197:gst_qtdemux_loop_state_movie:<q> pushing from stream 0, empty 0 offset 140433, size 55746, dts=0:00:00.079666666, pts=0:00:00.079666666, duration 0:00:00.019666667
05-10 00:33:36.788  5448  5522 D GStreamer+basesrc: 0:00:31.228863113 0xf37ecd80 gstbasesrc.c:2355:gst_base_src_update_length:<filesrc0> reading offset 140433, length 55746, size 15003960, segment.stop -1, maxsize 15003960
05-10 00:33:36.788  5448  5522 D GStreamer+basesrc: 0:00:31.228903165 0xf37ecd80 gstbasesrc.c:2456:gst_base_src_get_range:<filesrc0> calling create offset 140433 length 55746, time 0
05-10 00:33:36.788  5448  5521 D GStreamer+bin: 0:00:31.228920197 0xf37ecd20 gstbin.c:3528:gst_bin_handle_message_func:<decodebin0> [msg 0xf3ad2328] handling child proxypad3 message of type structure-change
05-10 00:33:36.788  5448  5522 D GStreamer+GST_MEMORY: 0:00:31.228965353 0xf37ecd80 gstmemory.c:138:gst_memory_init new memory 0xf3b1b000, maxsize:55749 offset:0 size:55746
05-10 00:33:36.788  5448  5521 D GStreamer+bin: 0:00:31.228998009 0xf37ecd20 gstbin.c:957:bin_remove_messages:<decodepad0:proxypad3> deleting message 0xf3ad22d0 of types 0x00001000
05-10 00:33:36.789  5448  5521 D GStreamer+bin: 0:00:31.229052436 0xf37ecd20 gstbin.c:963:bin_remove_messages:<decodebin0> not deleting message 0xf3ad1670 of type 0x00100000
05-10 00:33:36.789  5448  5522 D GStreamer+basesrc: 0:00:31.229071967 0xf37ecd80 gstbasesrc.c:2310:gst_base_src_do_sync:<filesrc0> we have no clock
05-10 00:33:36.789  5448  5522 D GStreamer+basesrc: 0:00:31.229109467 0xf37ecd80 gstbasesrc.c:2520:gst_base_src_get_range:<filesrc0> buffer ok
05-10 00:33:36.789  5448  5521 D GStreamer+GST_BUS: 0:00:31.229095040 0xf37ecd20 gstbus.c:344:gst_bus_post:<bus1> [msg 0xf3ad2328] dropped
05-10 00:33:36.789  5448  5522 D GStreamer+GST_SCHEDULING: 0:00:31.229210353 0xf37ecd80 gstpad.c:4153:gst_pad_chain_data_unchecked:<queue0:sink> calling chainfunction &gst_queue_chain with buffer buffer: 0xf3af5538, pts 0:00:00.079666666, dts 0:00:00.079666666, dur 0:00:00.019666667, size 55746, offset none, offset_end none, flags 0x0
05-10 00:33:36.789  5448  5521 D GStreamer+decodebin: 0:00:31.229236603 0xf37ecd20 gstdecodebin2.c:1487:copy_sticky_events:<'':decodepad0> store sticky event stream-start event: 0xf3944968, time 99:99:99.999999999, seq-num 101, GstEventStreamStart, stream-id=(string)71ab440d261a1bb43c19b397eec2373651540427aed1e7b0deb4be62a10a7f25/002, flags=(GstStreamFlags)GST_STREAM_FLAG_NONE, group-id=(uint)0;
05-10 00:33:36.789  5448  5522 D GStreamer+GST_SCHEDULING: 0:00:31.229267540 0xf37ecd80 gstpad.c:4159:gst_pad_chain_data_unchecked:<queue0:sink> called chainfunction &gst_queue_chain with buffer 0xf3af5538, returned ok
05-10 00:33:36.789  5448  5522 D GStreamer+qtdemux: 0:00:31.229325613 0xf37ecd80 qtdemux.c:7675:qtdemux_parse_samples:<q> parsing up to sample 4
05-10 00:33:36.789  5448  5520 D GStreamer+GST_CAPS: 0:00:31.229382332 0xf37eccc0 gstutils.c:2884:gst_pad_peer_query_caps:<glcolorbalance0:src> get pad peer caps with filter video/x-raw(memory:GLMemory), width=(int)[ 1, 2147483647 ], height=(int)[ 1, 2147483647 ], framerate=(fraction)[ 0/1, 2147483647/1 ], format=(string)RGBA, texture-target=(string)2D
05-10 00:33:36.789  5448  5522 D GStreamer+qtdemux: 0:00:31.229400249 0xf37ecd80 qtdemux.c:7882:qtdemux_parse_samples:<q> sample 4: index 0, timestamp 0:00:00.099333333
05-10 00:33:36.789  5448  5520 D GStreamer+query: 0:00:31.229422905 0xf37eccc0 gstquery.c:674:gst_query_new_custom creating new query 0xf39ff380 caps
05-10 00:33:36.789  5448  5522 D GStreamer+qtdemux: 0:00:31.229441915 0xf37ecd80 qtdemux.c:7937:qtdemux_parse_samples:<q> samples at 4 is keyframe
05-10 00:33:36.789  5448  5520 D GStreamer+GST_PADS: 0:00:31.229463790 0xf37eccc0 gstpad.c:4009:gst_pad_peer_query:<glcolorbalance0:src> peer query 0xf39ff380 (caps)
05-10 00:33:36.789  5448  5520 D GStreamer+GST_PADS: 0:00:31.229507488 0xf37eccc0 gstpad.c:3882:gst_pad_query:<sink:sink> doing query 0xf39ff380 (caps)
05-10 00:33:36.789  5448  5522 D GStreamer+qtdemux: 0:00:31.229523999 0xf37ecd80 qtdemux.c:5197:gst_qtdemux_loop_state_movie:<q> pushing from stream 1, empty 0 offset 248139, size 144, dts=0:00:00.408000000, pts=0:00:00.408000000, duration 0:00:00.024000000
05-10 00:33:36.789  5448  5522 D GStreamer+basesrc: 0:00:31.229578895 0xf37ecd80 gstbasesrc.c:2355:gst_base_src_update_length:<filesrc0> reading offset 248139, length 144, size 15003960, segment.stop -1, maxsize 15003960
05-10 00:33:36.789  5448  5520 D GStreamer+glimagesink: 0:00:31.229588738 0xf37eccc0 gstglimagesink.c:1145:gst_glimage_sink_get_caps:<sink> intersecting with filter caps video/x-raw(memory:GLMemory), width=(int)[ 1, 2147483647 ], height=(int)[ 1, 2147483647 ], framerate=(fraction)[ 0/1, 2147483647/1 ], format=(string)RGBA, texture-target=(string)2D
05-10 00:33:36.789  5448  5522 D GStreamer+basesrc: 0:00:31.229614780 0xf37ecd80 gstbasesrc.c:2456:gst_base_src_get_range:<filesrc0> calling create offset 248139 length 144, time 0
05-10 00:33:36.789  5448  5522 D GStreamer+GST_MEMORY: 0:00:31.229662540 0xf37ecd80 gstmemory.c:138:gst_memory_init new memory 0xf3b03120, maxsize:147 offset:0 size:144
05-10 00:33:36.789  5448  5520 D GStreamer+GST_PERFORMANCE: 0:00:31.229682592 0xf37eccc0 gstcaps.c:169:_gst_caps_copy:<0xf39da878> doing copy 0xf39da878 -> 0xf39da8a0
05-10 00:33:36.789  5448  5522 D GStreamer+basesrc: 0:00:31.229704051 0xf37ecd80 gstbasesrc.c:2310:gst_base_src_do_sync:<filesrc0> we have no clock
05-10 00:33:36.789  5448  5522 D GStreamer+basesrc: 0:00:31.229741655 0xf37ecd80 gstbasesrc.c:2520:gst_base_src_get_range:<filesrc0> buffer ok
05-10 00:33:36.789  5448  5520 D GStreamer+glimagesink: 0:00:31.229832697 0xf37eccc0 gstglimagesink.c:1155:gst_glimage_sink_get_caps:<sink> returning caps: video/x-raw(memory:GLMemory, meta:GstVideoOverlayComposition), width=(int)[ 1, 2147483647 ], height=(int)[ 1, 2147483647 ], framerate=(fraction)[ 0/1, 2147483647/1 ], format=(string)RGBA, texture-target=(string)2D; video/x-raw(memory:GLMemory), width=(int)[ 1, 2147483647 ], height=(int)[ 1, 2147483647 ], framerate=(fraction)[ 0/1, 2147483647/1 ], format=(string)RGBA, texture-target=(string)2D
05-10 00:33:36.789  5448  5522 D GStreamer+GST_SCHEDULING: 0:00:31.229841811 0xf37ecd80 gstpad.c:4153:gst_pad_chain_data_unchecked:<queue2:sink> calling chainfunction &gst_queue_chain with buffer buffer: 0xf3af55d8, pts 0:00:00.408000000, dts 0:00:00.408000000, dur 0:00:00.024000000, size 144, offset none, offset_end none, flags 0x0
05-10 00:33:36.789  5448  5522 D GStreamer+GST_SCHEDULING: 0:00:31.229893895 0xf37ecd80 gstpad.c:4159:gst_pad_chain_data_unchecked:<queue2:sink> called chainfunction &gst_queue_chain with buffer 0xf3af55d8, returned ok
05-10 00:33:36.789  5448  5521 D GStreamer+decodebin: 0:00:31.229916759 0xf37ecd20 gstdecodebin2.c:1487:copy_sticky_events:<'':decodepad0> store sticky event caps event: 0xf39d6b90, time 99:99:99.999999999, seq-num 119, GstEventCaps, caps=(GstCaps)"audio/mpeg\,\ mpegversion\=\(int\)1\,\ parsed\=\(boolean\)true\,\ rate\=\(int\)24000\,\ channels\=\(int\)1";
05-10 00:33:36.789  5448  5522 D GStreamer+qtdemux: 0:00:31.229938009 0xf37ecd80 qtdemux.c:7675:qtdemux_parse_samples:<q> parsing up to sample 18
05-10 00:33:36.789  5448  5521 D GStreamer+GST_PADS: 0:00:31.229963113 0xf37ecd20 gstpad.c:5053:store_sticky_event:<'':decodepad0> notify caps
05-10 00:33:36.789  5448  5522 D GStreamer+qtdemux: 0:00:31.229987124 0xf37ecd80 qtdemux.c:7882:qtdemux_parse_samples:<q> sample 18: index 18, timestamp 0:00:00.432000000
05-10 00:33:36.789  5448  5521 D GStreamer+decodebin: 0:00:31.230024572 0xf37ecd20 gstdecodebin2.c:1381:gst_decode_bin_autoplug_continue:<decodebin0> autoplug-continue returns TRUE
05-10 00:33:36.789  5448  5522 D GStreamer+qtdemux: 0:00:31.230041811 0xf37ecd80 qtdemux.c:7982:qtdemux_parse_samples:<q> setting all keyframes
05-10 00:33:36.790  5448  5521 D GStreamer+GST_CAPS: 0:00:31.230096863 0xf37ecd20 gstpad.c:2648:gst_pad_get_current_caps:<typefind:src> get current pad caps audio/mpeg, mpegversion=(int)1, parsed=(boolean)true, rate=(int)24000, channels=(int)1
05-10 00:33:36.790  5448  5522 D GStreamer+qtdemux: 0:00:31.230114832 0xf37ecd80 qtdemux.c:5197:gst_qtdemux_loop_state_movie:<q> pushing from stream 0, empty 0 offset 196323, size 51816, dts=0:00:00.099333333, pts=0:00:00.099333333, duration 0:00:00.020000000
05-10 00:33:36.790  5448  5521 D GStreamer+decodebin: 0:00:31.230150457 0xf37ecd20 gstdecodebin2.c:1395:gst_decode_bin_autoplug_factories:<decodebin0> finding factories
05-10 00:33:36.790  5448  5522 D GStreamer+basesrc: 0:00:31.230180249 0xf37ecd80 gstbasesrc.c:2355:gst_base_src_update_length:<filesrc0> reading offset 196323, length 51816, size 15003960, segment.stop -1, maxsize 15003960
05-10 00:33:36.790  5448  5522 D GStreamer+basesrc: 0:00:31.230217697 0xf37ecd80 gstbasesrc.c:2456:gst_base_src_get_range:<filesrc0> calling create offset 196323 length 51816, time 0
05-10 00:33:36.790  5448  5522 D GStreamer+GST_MEMORY: 0:00:31.230270770 0xf37ecd80 gstmemory.c:138:gst_memory_init new memory 0xf3b28a20, maxsize:51819 offset:0 size:51816
05-10 00:33:36.790  5448  5522 D GStreamer+basesrc: 0:00:31.230360249 0xf37ecd80 gstbasesrc.c:2310:gst_base_src_do_sync:<filesrc0> we have no clock
05-10 00:33:36.790  5448  5522 D GStreamer+basesrc: 0:00:31.230394311 0xf37ecd80 gstbasesrc.c:2520:gst_base_src_get_range:<filesrc0> buffer ok
05-10 00:33:36.790  5448  5522 D GStreamer+GST_SCHEDULING: 0:00:31.230463634 0xf37ecd80 gstpad.c:4153:gst_pad_chain_data_unchecked:<queue0:sink> calling chainfunction &gst_queue_chain with buffer buffer: 0xf3af5678, pts 0:00:00.099333333, dts 0:00:00.099333333, dur 0:00:00.020000000, size 51816, offset none, offset_end none, flags 0x0
05-10 00:33:36.790  5448  5522 D GStreamer+GST_SCHEDULING: 0:00:31.230507436 0xf37ecd80 gstpad.c:4159:gst_pad_chain_data_unchecked:<queue0:sink> called chainfunction &gst_queue_chain with buffer 0xf3af5678, returned ok
05-10 00:33:36.790  5448  5522 D GStreamer+qtdemux: 0:00:31.230547592 0xf37ecd80 qtdemux.c:7675:qtdemux_parse_samples:<q> parsing up to sample 5
05-10 00:33:36.790  5448  5522 D GStreamer+qtdemux: 0:00:31.230591603 0xf37ecd80 qtdemux.c:7882:qtdemux_parse_samples:<q> sample 5: index 1, timestamp 0:00:00.119333333
05-10 00:33:36.790  5448  5522 D GStreamer+qtdemux: 0:00:31.230626186 0xf37ecd80 qtdemux.c:7937:qtdemux_parse_samples:<q> samples at 5 is keyframe
05-10 00:33:36.790  5448  5522 D GStreamer+qtdemux: 0:00:31.230684988 0xf37ecd80 qtdemux.c:5197:gst_qtdemux_loop_state_movie:<q> pushing from stream 0, empty 0 offset 248283, size 51092, dts=0:00:00.119333333, pts=0:00:00.119333333, duration 0:00:00.020000000
05-10 00:33:36.790  5448  5522 D GStreamer+basesrc: 0:00:31.230731290 0xf37ecd80 gstbasesrc.c:2355:gst_base_src_update_length:<filesrc0> reading offset 248283, length 51092, size 15003960, segment.stop -1, maxsize 15003960
05-10 00:33:36.790  5448  5522 D GStreamer+basesrc: 0:00:31.230767801 0xf37ecd80 gstbasesrc.c:2456:gst_base_src_get_range:<filesrc0> calling create offset 248283 length 51092, time 0
05-10 00:33:36.790  5448  5522 D GStreamer+GST_MEMORY: 0:00:31.230813790 0xf37ecd80 gstmemory.c:138:gst_memory_init new memory 0xf3b354e0, maxsize:51095 offset:0 size:51092
05-10 00:33:36.790  5448  5521 D GStreamer+GST_ELEMENT_FACTORY: 0:00:31.230978322 0xf37ecd20 gstelementfactory.c:837:gst_element_factory_list_filter finding factories
05-10 00:33:36.790  5448  5521 D GStreamer+GST_ELEMENT_FACTORY: 0:00:31.231016551 0xf37ecd20 gstelementfactory.c:848:gst_element_factory_list_filter Trying mpegaudioparse
05-10 00:33:36.791  5448  5521 D GStreamer+structure: 0:00:31.231055874 0xf37ecd20 gststructure.c:2316:gst_structure_parse_field trying field name 'mpegversion'
05-10 00:33:36.791  5448  5521 D GStreamer+structure: 0:00:31.231086030 0xf37ecd20 gststructure.c:2367:gst_structure_parse_value trying type name 'int'
05-10 00:33:36.791  5448  5520 D GStreamer+GST_PADS: 0:00:31.231134207 0xf37eccc0 gstpad.c:3905:gst_pad_query:<sink:sink> sent query 0xf39ff380 (caps), result 1
05-10 00:33:36.791  5448  5522 D GStreamer+basesrc: 0:00:31.231152488 0xf37ecd80 gstbasesrc.c:2310:gst_base_src_do_sync:<filesrc0> we have no clock
05-10 00:33:36.791  5448  5522 D GStreamer+basesrc: 0:00:31.231189624 0xf37ecd80 gstbasesrc.c:2520:gst_base_src_get_range:<filesrc0> buffer ok
05-10 00:33:36.791  5448  5520 D GStreamer+GST_CAPS: 0:00:31.231286447 0xf37eccc0 gstutils.c:2891:gst_pad_peer_query_caps:<glcolorbalance0:src> peer query returned video/x-raw(memory:GLMemory, meta:GstVideoOverlayComposition), width=(int)[ 1, 2147483647 ], height=(int)[ 1, 2147483647 ], framerate=(fraction)[ 0/1, 2147483647/1 ], format=(string)RGBA, texture-target=(string)2D; video/x-raw(memory:GLMemory), width=(int)[ 1, 2147483647 ], height=(int)[ 1, 2147483647 ], framerate=(fraction)[ 0/1, 2147483647/1 ], format=(string)RGBA, texture-target=(string)2D
05-10 00:33:36.791  5448  5522 D GStreamer+GST_SCHEDULING: 0:00:31.231310145 0xf37ecd80 gstpad.c:4153:gst_pad_chain_data_unchecked:<queue0:sink> calling chainfunction &gst_queue_chain with buffer buffer: 0xf3af5718, pts 0:00:00.119333333, dts 0:00:00.119333333, dur 0:00:00.020000000, size 51092, offset none, offset_end none, flags 0x0
05-10 00:33:36.791  5448  5522 D GStreamer+GST_SCHEDULING: 0:00:31.231364780 0xf37ecd80 gstpad.c:4159:gst_pad_chain_data_unchecked:<queue0:sink> called chainfunction &gst_queue_chain with buffer 0xf3af5718, returned ok
05-10 00:33:36.791  5448  5522 D GStreamer+qtdemux: 0:00:31.231423322 0xf37ecd80 qtdemux.c:7675:qtdemux_parse_samples:<q> parsing up to sample 6
05-10 00:33:36.791  5448  5521 D GStreamer+GST_ELEMENT_FACTORY: 0:00:31.231436655 0xf37ecd20 gstelementfactory.c:848:gst_element_factory_list_filter Trying aacparse
05-10 00:33:36.791  5448  5522 D GStreamer+qtdemux: 0:00:31.231474520 0xf37ecd80 qtdemux.c:7882:qtdemux_parse_samples:<q> sample 6: index 0, timestamp 0:00:00.139333333
05-10 00:33:36.791  5448  5521 D GStreamer+structure: 0:00:31.231495717 0xf37ecd20 gststructure.c:2316:gst_structure_parse_field trying field name 'mpegversion'
05-10 00:33:36.791  5448  5522 D GStreamer+qtdemux: 0:00:31.231514051 0xf37ecd80 qtdemux.c:7937:qtdemux_parse_samples:<q> samples at 6 is keyframe
05-10 00:33:36.791  5448  5521 D GStreamer+structure: 0:00:31.231534259 0xf37ecd20 gststructure.c:2367:gst_structure_parse_value trying type name 'int'
05-10 00:33:36.791  5448  5521 D GStreamer+GST_ELEMENT_FACTORY: 0:00:31.231578738 0xf37ecd20 gstelementfactory.c:848:gst_element_factory_list_filter Trying ac3parse
05-10 00:33:36.791  5448  5522 D GStreamer+qtdemux: 0:00:31.231596707 0xf37ecd80 qtdemux.c:5197:gst_qtdemux_loop_state_movie:<q> pushing from stream 1, empty 0 offset 342319, size 144, dts=0:00:00.432000000, pts=0:00:00.432000000, duration 0:00:00.024000000
05-10 00:33:36.791  5448  5521 D GStreamer+GST_ELEMENT_FACTORY: 0:00:31.231620301 0xf37ecd20 gstelementfactory.c:848:gst_element_factory_list_filter Trying amrparse
05-10 00:33:36.791  5448  5521 D GStreamer+GST_ELEMENT_FACTORY: 0:00:31.231661811 0xf37ecd20 gstelementfactory.c:848:gst_element_factory_list_filter Trying dcaparse
05-10 00:33:36.791  5448  5522 D GStreamer+basesrc: 0:00:31.231669467 0xf37ecd80 gstbasesrc.c:2355:gst_base_src_update_length:<filesrc0> reading offset 342319, length 144, size 15003960, segment.stop -1, maxsize 15003960
05-10 00:33:36.791  5448  5521 D GStreamer+GST_ELEMENT_FACTORY: 0:00:31.231698322 0xf37ecd20 gstelementfactory.c:848:gst_element_factory_list_filter Trying flacparse
05-10 00:33:36.791  5448  5522 D GStreamer+basesrc: 0:00:31.231708478 0xf37ecd80 gstbasesrc.c:2456:gst_base_src_get_range:<filesrc0> calling create offset 342319 length 144, time 0
05-10 00:33:36.791  5448  5521 D GStreamer+GST_ELEMENT_FACTORY: 0:00:31.231732853 0xf37ecd20 gstelementfactory.c:848:gst_element_factory_list_filter Trying h263parse
05-10 00:33:36.791  5448  5522 D GStreamer+GST_MEMORY: 0:00:31.231744832 0xf37ecd80 gstmemory.c:138:gst_memory_init new memory 0xf3b03208, maxsize:147 offset:0 size:144
05-10 00:33:36.791  5448  5521 D GStreamer+structure: 0:00:31.231768895 0xf37ecd20 gststructure.c:2316:gst_structure_parse_field trying field name 'variant'
05-10 00:33:36.791  5448  5522 D GStreamer+basesrc: 0:00:31.231781967 0xf37ecd80 gstbasesrc.c:2310:gst_base_src_do_sync:<filesrc0> we have no clock
05-10 00:33:36.791  5448  5521 D GStreamer+structure: 0:00:31.231801238 0xf37ecd20 gststructure.c:2367:gst_structure_parse_value trying type name 'string'
05-10 00:33:36.791  5448  5522 D GStreamer+basesrc: 0:00:31.231819624 0xf37ecd80 gstbasesrc.c:2520:gst_base_src_get_range:<filesrc0> buffer ok
05-10 00:33:36.791  5448  5521 D GStreamer+GST_ELEMENT_FACTORY: 0:00:31.231839572 0xf37ecd20 gstelementfactory.c:848:gst_element_factory_list_filter Trying h264parse
05-10 00:33:36.791  5448  5521 D GStreamer+GST_ELEMENT_FACTORY: 0:00:31.231879936 0xf37ecd20 gstelementfactory.c:848:gst_element_factory_list_filter Trying mpeg4videoparse
05-10 00:33:36.791  5448  5522 D GStreamer+GST_SCHEDULING: 0:00:31.231901342 0xf37ecd80 gstpad.c:4153:gst_pad_chain_data_unchecked:<queue2:sink> calling chainfunction &gst_queue_chain with buffer buffer: 0xf3b1a838, pts 0:00:00.432000000, dts 0:00:00.432000000, dur 0:00:00.024000000, size 144, offset none, offset_end none, flags 0x0
05-10 00:33:36.791  5448  5521 D GStreamer+structure: 0:00:31.231919624 0xf37ecd20 gststructure.c:2316:gst_structure_parse_field trying field name 'mpegversion'
05-10 00:33:36.791  5448  5521 D GStreamer+structure: 0:00:31.231951082 0xf37ecd20 gststructure.c:2367:gst_structure_parse_value trying type name 'int'
05-10 00:33:36.791  5448  5522 D GStreamer+GST_SCHEDULING: 0:00:31.231967853 0xf37ecd80 gstpad.c:4159:gst_pad_chain_data_unchecked:<queue2:sink> called chainfunction &gst_queue_chain with buffer 0xf3b1a838, returned ok
05-10 00:33:36.791  5448  5521 D GStreamer+structure: 0:00:31.231987645 0xf37ecd20 gststructure.c:2316:gst_structure_parse_field trying field name 'systemstream'
05-10 00:33:36.791  5448  5520 D GStreamer+basetransform: 0:00:31.232026030 0xf37eccc0 gstbasetransform.c:746:gst_base_transform_query_caps:<glcolorbalance0:sink> peer caps  video/x-raw(memory:GLMemory, meta:GstVideoOverlayComposition), width=(int)[ 1, 2147483647 ], height=(int)[ 1, 2147483647 ], framerate=(fraction)[ 0/1, 2147483647/1 ], format=(string)RGBA, texture-target=(string)2D; video/x-raw(memory:GLMemory), width=(int)[ 1, 2147483647 ], height=(int)[ 1, 2147483647 ], framerate=(fraction)[ 0/1, 2147483647/1 ], format=(string)RGBA, texture-target=(string)2D
05-10 00:33:36.791  5448  5522 D GStreamer+qtdemux: 0:00:31.232032488 0xf37ecd80 qtdemux.c:7675:qtdemux_parse_samples:<q> parsing up to sample 19
05-10 00:33:36.792  5448  5522 D GStreamer+qtdemux: 0:00:31.232086342 0xf37ecd80 qtdemux.c:7882:qtdemux_parse_samples:<q> sample 19: index 19, timestamp 0:00:00.456000000
05-10 00:33:36.792  5448  5521 D GStreamer+structure: 0:00:31.232105405 0xf37ecd20 gststructure.c:2367:gst_structure_parse_value trying type name 'boolean'
05-10 00:33:36.792  5448  5522 D GStreamer+qtdemux: 0:00:31.232134363 0xf37ecd80 qtdemux.c:7982:qtdemux_parse_samples:<q> setting all keyframes
05-10 00:33:36.792  5448  5521 D GStreamer+structure: 0:00:31.232153322 0xf37ecd20 gststructure.c:2316:gst_structure_parse_field trying field name 'divxversion'
05-10 00:33:36.792  5448  5521 D GStreamer+structure: 0:00:31.232185509 0xf37ecd20 gststructure.c:2367:gst_structure_parse_value trying type name 'int'
05-10 00:33:36.792  5448  5522 D GStreamer+qtdemux: 0:00:31.232202020 0xf37ecd80 qtdemux.c:5197:gst_qtdemux_loop_state_movie:<q> pushing from stream 0, empty 0 offset 299375, size 42944, dts=0:00:00.139333333, pts=0:00:00.139333333, duration 0:00:00.019666667
05-10 00:33:36.792  5448  5521 D GStreamer+GST_ELEMENT_FACTORY: 0:00:31.232220509 0xf37ecd20 gstelementfactory.c:848:gst_element_factory_list_filter Trying mpegvideoparse
05-10 00:33:36.792  5448  5522 D GStreamer+basesrc: 0:00:31.232255092 0xf37ecd80 gstbasesrc.c:2355:gst_base_src_update_length:<filesrc0> reading offset 299375, length 42944, size 15003960, segment.stop -1, maxsize 15003960
05-10 00:33:36.792  5448  5520 D GStreamer+basetransform: 0:00:31.232283895 0xf37eccc0 gstbasetransform.c:749:gst_base_transform_query_caps:<glcolorbalance0:sink> our template  video/x-raw(memory:GLMemory), format=(string)RGBA, width=(int)[ 1, 2147483647 ], height=(int)[ 1, 2147483647 ], framerate=(fraction)[ 0/1, 2147483647/1 ], texture-target=(string)2D
05-10 00:33:36.792  5448  5522 D GStreamer+basesrc: 0:00:31.232308947 0xf37ecd80 gstbasesrc.c:2456:gst_base_src_get_range:<filesrc0> calling create offset 299375 length 42944, time 0
05-10 00:33:36.792  5448  5521 D GStreamer+structure: 0:00:31.232350092 0xf37ecd20 gststructure.c:2316:gst_structure_parse_field trying field name 'mpegversion'
05-10 00:33:36.792  5448  5522 D GStreamer+GST_MEMORY: 0:00:31.232370301 0xf37ecd80 gstmemory.c:138:gst_memory_init new memory 0xf3b41cd0, maxsize:42947 offset:0 size:42944
05-10 00:33:36.792  5448  5521 D GStreamer+structure: 0:00:31.232386447 0xf37ecd20 gststructure.c:2367:gst_structure_parse_value trying type name 'int'
05-10 00:33:36.792  5448  5521 D GStreamer+structure: 0:00:31.232420665 0xf37ecd20 gststructure.c:2316:gst_structure_parse_field trying field name 'systemstream'
05-10 00:33:36.792  5448  5522 D GStreamer+basesrc: 0:00:31.232459728 0xf37ecd80 gstbasesrc.c:2310:gst_base_src_do_sync:<filesrc0> we have no clock
05-10 00:33:36.792  5448  5522 D GStreamer+basesrc: 0:00:31.232497072 0xf37ecd80 gstbasesrc.c:2520:gst_base_src_get_range:<filesrc0> buffer ok
05-10 00:33:36.792  5448  5520 D GStreamer+basetransform: 0:00:31.232506915 0xf37eccc0 gstbasetransform.c:751:gst_base_transform_query_caps:<glcolorbalance0:sink> intersected video/x-raw(memory:GLMemory), width=(int)[ 1, 2147483647 ], height=(int)[ 1, 2147483647 ], framerate=(fraction)[ 0/1, 2147483647/1 ], format=(string)RGBA, texture-target=(string)2D
05-10 00:33:36.792  5448  5520 D GStreamer+basetransform: 0:00:31.232555249 0xf37eccc0 gstbasetransform.c:533:gst_base_transform_transform_caps:<glcolorbalance0> transform caps (direction = 1)
05-10 00:33:36.792  5448  5522 D GStreamer+GST_SCHEDULING: 0:00:31.232582332 0xf37ecd80 gstpad.c:4153:gst_pad_chain_data_unchecked:<queue0:sink> calling chainfunction &gst_queue_chain with buffer buffer: 0xf3b1a8d8, pts 0:00:00.139333333, dts 0:00:00.139333333, dur 0:00:00.019666667, size 42944, offset none, offset_end none, flags 0x0
05-10 00:33:36.792  5448  5522 D GStreamer+GST_SCHEDULING: 0:00:31.232641395 0xf37ecd80 gstpad.c:4159:gst_pad_chain_data_unchecked:<queue0:sink> called chainfunction &gst_queue_chain with buffer 0xf3b1a8d8, returned ok
05-10 00:33:36.792  5448  5520 D GStreamer+glfilter: 0:00:31.232668842 0xf37eccc0 gstglfilter.c:610:default_transform_internal_caps:<glcolorbalance0> size removal returned caps video/x-raw(memory:GLMemory), width=(int)[ 1, 2147483647 ], height=(int)[ 1, 2147483647 ], framerate=(fraction)[ 0/1, 2147483647/1 ], format=(string)RGBA, texture-target=(string)2D
05-10 00:33:36.792  5448  5522 D GStreamer+qtdemux: 0:00:31.232690874 0xf37ecd80 qtdemux.c:7675:qtdemux_parse_samples:<q> parsing up to sample 7
05-10 00:33:36.792  5448  5521 D GStreamer+structure: 0:00:31.232769207 0xf37ecd20 gststructure.c:2367:gst_structure_parse_value trying type name 'boolean'
05-10 00:33:36.792  5448  5522 D GStreamer+qtdemux: 0:00:31.232775926 0xf37ecd80 qtdemux.c:7882:qtdemux_parse_samples:<q> sample 7: index 0, timestamp 0:00:00.159000000
05-10 00:33:36.792  5448  5521 D GStreamer+GST_ELEMENT_FACTORY: 0:00:31.232806082 0xf37ecd20 gstelementfactory.c:848:gst_element_factory_list_filter Trying sbcparse
05-10 00:33:36.792  5448  5522 D GStreamer+qtdemux: 0:00:31.232823426 0xf37ecd80 qtdemux.c:7937:qtdemux_parse_samples:<q> samples at 7 is keyframe
05-10 00:33:36.792  5448  5521 D GStreamer+GST_ELEMENT_FACTORY: 0:00:31.232844467 0xf37ecd20 gstelementfactory.c:848:gst_element_factory_list_filter Trying wavpackparse
05-10 00:33:36.792  5448  5521 D GStreamer+GST_ELEMENT_FACTORY: 0:00:31.232881759 0xf37ecd20 gstelementfactory.c:848:gst_element_factory_list_filter Trying avisubtitle
05-10 00:33:36.792  5448  5522 D GStreamer+qtdemux: 0:00:31.232899311 0xf37ecd80 qtdemux.c:5197:gst_qtdemux_loop_state_movie:<q> pushing from stream 1, empty 0 offset 386891, size 144, dts=0:00:00.456000000, pts=0:00:00.456000000, duration 0:00:00.024000000
05-10 00:33:36.792  5448  5521 D GStreamer+GST_ELEMENT_FACTORY: 0:00:31.232918895 0xf37ecd20 gstelementfactory.c:848:gst_element_factory_list_filter Trying oggaviparse
05-10 00:33:36.792  5448  5522 D GStreamer+basesrc: 0:00:31.232958270 0xf37ecd80 gstbasesrc.c:2355:gst_base_src_update_length:<filesrc0> reading offset 386891, length 144, size 15003960, segment.stop -1, maxsize 15003960
05-10 00:33:36.792  5448  5521 D GStreamer+GST_ELEMENT_FACTORY: 0:00:31.232976863 0xf37ecd20 gstelementfactory.c:848:gst_element_factory_list_filter Trying pngparse
05-10 00:33:36.792  5448  5522 D GStreamer+basesrc: 0:00:31.232998947 0xf37ecd80 gstbasesrc.c:2456:gst_base_src_get_range:<filesrc0> calling create offset 386891 length 144, time 0
05-10 00:33:36.792  5448  5521 D GStreamer+GST_ELEMENT_FACTORY: 0:00:31.233017488 0xf37ecd20 gstelementfactory.c:848:gst_element_factory_list_filter Trying ssaparse
05-10 00:33:36.792  5448  5522 D GStreamer+GST_MEMORY: 0:00:31.233041030 0xf37ecd80 gstmemory.c:138:gst_memory_init new memory 0xf3b032f0, maxsize:147 offset:0 size:144
05-10 00:33:36.793  5448  5521 D GStreamer+GST_ELEMENT_FACTORY: 0:00:31.233058634 0xf37ecd20 gstelementfactory.c:848:gst_element_factory_list_filter Trying subparse
05-10 00:33:36.793  5448  5522 D GStreamer+basesrc: 0:00:31.233082176 0xf37ecd80 gstbasesrc.c:2310:gst_base_src_do_sync:<filesrc0> we have no clock
05-10 00:33:36.793  5448  5522 D GStreamer+basesrc: 0:00:31.233138061 0xf37ecd80 gstbasesrc.c:2520:gst_base_src_get_range:<filesrc0> buffer ok
05-10 00:33:36.793  5448  5521 D GStreamer+GST_ELEMENT_FACTORY: 0:00:31.233146447 0xf37ecd20 gstelementfactory.c:848:gst_element_factory_list_filter Trying h265parse
05-10 00:33:36.793  5448  5521 D GStreamer+GST_ELEMENT_FACTORY: 0:00:31.233187905 0xf37ecd20 gstelementfactory.c:848:gst_element_factory_list_filter Trying adpcmdec
05-10 00:33:36.793  5448  5521 D GStreamer+structure: 0:00:31.233225145 0xf37ecd20 gststructure.c:2316:gst_structure_parse_field trying field name 'layout'
05-10 00:33:36.793  5448  5522 D GStreamer+GST_SCHEDULING: 0:00:31.233231811 0xf37ecd80 gstpad.c:4153:gst_pad_chain_data_unchecked:<queue2:sink> calling chainfunction &gst_queue_chain with buffer buffer: 0xf3b1a978, pts 0:00:00.456000000, dts 0:00:00.456000000, dur 0:00:00.024000000, size 144, offset none, offset_end none, flags 0x0
05-10 00:33:36.793  5448  5521 D GStreamer+structure: 0:00:31.233255665 0xf37ecd20 gststructure.c:2367:gst_structure_parse_value trying type name 'string'
05-10 00:33:36.793  5448  5522 D GStreamer+GST_SCHEDULING: 0:00:31.233279936 0xf37ecd80 gstpad.c:4159:gst_pad_chain_data_unchecked:<queue2:sink> called chainfunction &gst_queue_chain with buffer 0xf3b1a978, returned ok
05-10 00:33:36.793  5448  5521 D GStreamer+structure: 0:00:31.233302072 0xf37ecd20 gststructure.c:2316:gst_structure_parse_field trying field name 'block_align'
05-10 00:33:36.793  5448  5522 D GStreamer+qtdemux: 0:00:31.233329103 0xf37ecd80 qtdemux.c:7675:qtdemux_parse_samples:<q> parsing up to sample 20
05-10 00:33:36.793  5448  5521 D GStreamer+structure: 0:00:31.233347853 0xf37ecd20 gststructure.c:2367:gst_structure_parse_value trying type name 'int'
05-10 00:33:36.793  5448  5522 D GStreamer+qtdemux: 0:00:31.233377801 0xf37ecd80 qtdemux.c:7882:qtdemux_parse_samples:<q> sample 20: index 20, timestamp 0:00:00.480000000
05-10 00:33:36.793  5448  5521 D GStreamer+structure: 0:00:31.233391082 0xf37ecd20 gststructure.c:2316:gst_structure_parse_field trying field name 'rate'
05-10 00:33:36.793  5448  5522 D GStreamer+qtdemux: 0:00:31.233415249 0xf37ecd80 qtdemux.c:7982:qtdemux_parse_samples:<q> setting all keyframes
05-10 00:33:36.793  5448  5520 D GStreamer+GST_PERFORMANCE: 0:00:31.233428634 0xf37eccc0 gstcaps.c:169:_gst_caps_copy:<0xf39da8f0> doing copy 0xf39da8f0 -> 0xf39da918
05-10 00:33:36.793  5448  5522 D GStreamer+qtdemux: 0:00:31.233476811 0xf37ecd80 qtdemux.c:5197:gst_qtdemux_loop_state_movie:<q> pushing from stream 0, empty 0 offset 342463, size 44428, dts=0:00:00.159000000, pts=0:00:00.159000000, duration 0:00:00.020000000
05-10 00:33:36.793  5448  5522 D GStreamer+basesrc: 0:00:31.233537957 0xf37ecd80 gstbasesrc.c:2355:gst_base_src_update_length:<filesrc0> reading offset 342463, length 44428, size 15003960, segment.stop -1, maxsize 15003960
05-10 00:33:36.793  5448  5520 D GStreamer+glfilter: 0:00:31.233553478 0xf37eccc0 gstglfilter.c:638:gst_gl_filter_transform_caps:<glcolorbalance0> returning caps: video/x-raw(memory:GLMemory), width=(int)[ 1, 2147483647 ], height=(int)[ 1, 2147483647 ], framerate=(fraction)[ 0/1, 2147483647/1 ], format=(string)RGBA, texture-target=(string)2D
05-10 00:33:36.793  5448  5522 D GStreamer+basesrc: 0:00:31.233581863 0xf37ecd80 gstbasesrc.c:2456:gst_base_src_get_range:<filesrc0> calling create offset 342463 length 44428, time 0
05-10 00:33:36.793  5448  5521 D GStreamer+structure: 0:00:31.233623530 0xf37ecd20 gststructure.c:2367:gst_structure_parse_value trying type name 'int'
05-10 00:33:36.793  5448  5522 D GStreamer+GST_MEMORY: 0:00:31.233635613 0xf37ecd80 gstmemory.c:138:gst_memory_init new memory 0xf3b4c4e8, maxsize:44431 offset:0 size:44428
05-10 00:33:36.793  5448  5521 D GStreamer+structure: 0:00:31.233662124 0xf37ecd20 gststructure.c:2316:gst_structure_parse_field trying field name 'channels'
05-10 00:33:36.793  5448  5521 D GStreamer+structure: 0:00:31.233692488 0xf37ecd20 gststructure.c:2367:gst_structure_parse_value trying type name 'int'
05-10 00:33:36.793  5448  5522 D GStreamer+basesrc: 0:00:31.233715770 0xf37ecd80 gstbasesrc.c:2310:gst_base_src_do_sync:<filesrc0> we have no clock
05-10 00:33:36.793  5448  5521 D GStreamer+GST_ELEMENT_FACTORY: 0:00:31.233733895 0xf37ecd20 gstelementfactory.c:848:gst_element_factory_list_filter Trying alawdec
05-10 00:33:36.793  5448  5522 D GStreamer+basesrc: 0:00:31.233753530 0xf37ecd80 gstbasesrc.c:2520:gst_base_src_get_range:<filesrc0> buffer ok
05-10 00:33:36.793  5448  5521 D GStreamer+structure: 0:00:31.233770145 0xf37ecd20 gststructure.c:2316:gst_structure_parse_field trying field name 'rate'
05-10 00:33:36.793  5448  5521 D GStreamer+structure: 0:00:31.233801342 0xf37ecd20 gststructure.c:2367:gst_structure_parse_value trying type name 'int'
05-10 00:33:36.793  5448  5522 D GStreamer+GST_SCHEDULING: 0:00:31.233853165 0xf37ecd80 gstpad.c:4153:gst_pad_chain_data_unchecked:<queue0:sink> calling chainfunction &gst_queue_chain with buffer buffer: 0xf3b1aa18, pts 0:00:00.159000000, dts 0:00:00.159000000, dur 0:00:00.020000000, size 44428, offset none, offset_end none, flags 0x0
05-10 00:33:36.793  5448  5520 D GStreamer+basetransform: 0:00:31.233867540 0xf37eccc0 gstbasetransform.c:560:gst_base_transform_transform_caps:<glcolorbalance0> to: video/x-raw(memory:GLMemory), width=(int)[ 1, 2147483647 ], height=(int)[ 1, 2147483647 ], framerate=(fraction)[ 0/1, 2147483647/1 ], format=(string)RGBA, texture-target=(string)2D
05-10 00:33:36.793  5448  5522 D GStreamer+GST_SCHEDULING: 0:00:31.233914832 0xf37ecd80 gstpad.c:4159:gst_pad_chain_data_unchecked:<queue0:sink> called chainfunction &gst_queue_chain with buffer 0xf3b1aa18, returned ok
05-10 00:33:36.793  5448  5520 D GStreamer+basetransform: 0:00:31.233956082 0xf37eccc0 gstbasetransform.c:759:gst_base_transform_query_caps:<glcolorbalance0:sink> transformed  video/x-raw(memory:GLMemory), width=(int)[ 1, 2147483647 ], height=(int)[ 1, 2147483647 ], framerate=(fraction)[ 0/1, 2147483647/1 ], format=(string)RGBA, texture-target=(string)2D
05-10 00:33:36.793  5448  5522 D GStreamer+qtdemux: 0:00:31.233966082 0xf37ecd80 qtdemux.c:7675:qtdemux_parse_samples:<q> parsing up to sample 8
05-10 00:33:36.793  5448  5522 D GStreamer+qtdemux: 0:00:31.234014415 0xf37ecd80 qtdemux.c:7882:qtdemux_parse_samples:<q> sample 8: index 1, timestamp 0:00:00.179000000
05-10 00:33:36.794  5448  5520 D GStreamer+basetransform: 0:00:31.234041811 0xf37eccc0 gstbasetransform.c:766:gst_base_transform_query_caps:<glcolorbalance0:sink> our template  video/x-raw(memory:GLMemory), format=(string)RGBA, width=(int)[ 1, 2147483647 ], height=(int)[ 1, 2147483647 ], framerate=(fraction)[ 0/1, 2147483647/1 ], texture-target=(string)2D
05-10 00:33:36.794  5448  5522 D GStreamer+qtdemux: 0:00:31.234061915 0xf37ecd80 qtdemux.c:7937:qtdemux_parse_samples:<q> samples at 8 is keyframe
05-10 00:33:36.794  5448  5521 D GStreamer+structure: 0:00:31.234165040 0xf37ecd20 gststructure.c:2316:gst_structure_parse_field trying field name 'channels'
05-10 00:33:36.794  5448  5522 D GStreamer+qtdemux: 0:00:31.234171759 0xf37ecd80 qtdemux.c:5197:gst_qtdemux_loop_state_movie:<q> pushing from stream 1, empty 0 offset 430493, size 144, dts=0:00:00.480000000, pts=0:00:00.480000000, duration 0:00:00.024000000
05-10 00:33:36.794  5448  5521 D GStreamer+structure: 0:00:31.234196759 0xf37ecd20 gststructure.c:2367:gst_structure_parse_value trying type name 'int'
05-10 00:33:36.794  5448  5522 D GStreamer+basesrc: 0:00:31.234224780 0xf37ecd80 gstbasesrc.c:2355:gst_base_src_update_length:<filesrc0> reading offset 430493, length 144, size 15003960, segment.stop -1, maxsize 15003960
05-10 00:33:36.794  5448  5521 D GStreamer+GST_ELEMENT_FACTORY: 0:00:31.234242905 0xf37ecd20 gstelementfactory.c:848:gst_element_factory_list_filter Trying amcauddec-omxgoogleaacdecoder
05-10 00:33:36.794  5448  5520 D GStreamer+basetransform: 0:00:31.234287020 0xf37eccc0 gstbasetransform.c:769:gst_base_transform_query_caps:<glcolorbalance0:sink> intersected video/x-raw(memory:GLMemory), width=(int)[ 1, 2147483647 ], height=(int)[ 1, 2147483647 ], framerate=(fraction)[ 0/1, 2147483647/1 ], format=(string)RGBA, texture-target=(string)2D
05-10 00:33:36.794  5448  5522 D GStreamer+basesrc: 0:00:31.234293478 0xf37ecd80 gstbasesrc.c:2456:gst_base_src_get_range:<filesrc0> calling create offset 430493 length 144, time 0
05-10 00:33:36.794  5448  5522 D GStreamer+GST_MEMORY: 0:00:31.234333686 0xf37ecd80 gstmemory.c:138:gst_memory_init new memory 0xf3b033d8, maxsize:147 offset:0 size:144
05-10 00:33:36.794  5448  5521 D GStreamer+structure: 0:00:31.234375874 0xf37ecd20 gststructure.c:2316:gst_structure_parse_field trying field name 'mpegversion'
05-10 00:33:36.794  5448  5522 D GStreamer+basesrc: 0:00:31.234391395 0xf37ecd80 gstbasesrc.c:2310:gst_base_src_do_sync:<filesrc0> we have no clock
05-10 00:33:36.794  5448  5521 D GStreamer+structure: 0:00:31.234411863 0xf37ecd20 gststructure.c:2367:gst_structure_parse_value trying type name 'int'
05-10 00:33:36.794  5448  5522 D GStreamer+basesrc: 0:00:31.234430978 0xf37ecd80 gstbasesrc.c:2520:gst_base_src_get_range:<filesrc0> buffer ok
05-10 00:33:36.794  5448  5521 D GStreamer+structure: 0:00:31.234449311 0xf37ecd20 gststructure.c:2316:gst_structure_parse_field trying field name 'rate'
05-10 00:33:36.794  5448  5521 D GStreamer+structure: 0:00:31.234483217 0xf37ecd20 gststructure.c:2367:gst_structure_parse_value trying type name 'int'
05-10 00:33:36.794  5448  5522 D GStreamer+GST_SCHEDULING: 0:00:31.234528374 0xf37ecd80 gstpad.c:4153:gst_pad_chain_data_unchecked:<queue2:sink> calling chainfunction &gst_queue_chain with buffer buffer: 0xf3b1aab8, pts 0:00:00.480000000, dts 0:00:00.480000000, dur 0:00:00.024000000, size 144, offset none, offset_end none, flags 0x0
05-10 00:33:36.794  5448  5520 D GStreamer+basetransform: 0:00:31.234556186 0xf37eccc0 gstbasetransform.c:793:gst_base_transform_query_caps:<glcolorbalance0> returning  video/x-raw(memory:GLMemory), width=(int)[ 1, 2147483647 ], height=(int)[ 1, 2147483647 ], framerate=(fraction)[ 0/1, 2147483647/1 ], format=(string)RGBA, texture-target=(string)2D
05-10 00:33:36.794  5448  5522 D GStreamer+GST_SCHEDULING: 0:00:31.234584676 0xf37ecd80 gstpad.c:4159:gst_pad_chain_data_unchecked:<queue2:sink> called chainfunction &gst_queue_chain with buffer 0xf3b1aab8, returned ok
05-10 00:33:36.794  5448  5520 D GStreamer+GST_PADS: 0:00:31.234618217 0xf37eccc0 gstpad.c:3905:gst_pad_query:<glcolorbalance0:sink> sent query 0xf39ff230 (caps), result 1
05-10 00:33:36.794  5448  5522 D GStreamer+qtdemux: 0:00:31.234626707 0xf37ecd80 qtdemux.c:7675:qtdemux_parse_samples:<q> parsing up to sample 21
05-10 00:33:36.794  5448  5522 D GStreamer+qtdemux: 0:00:31.234687280 0xf37ecd80 qtdemux.c:7882:qtdemux_parse_samples:<q> sample 21: index 21, timestamp 0:00:00.504000000
05-10 00:33:36.794  5448  5520 D GStreamer+GST_CAPS: 0:00:31.234711290 0xf37eccc0 gstutils.c:2891:gst_pad_peer_query_caps:<glcolorconvertelement0:src> peer query returned video/x-raw(memory:GLMemory), width=(int)[ 1, 2147483647 ], height=(int)[ 1, 2147483647 ], framerate=(fraction)[ 0/1, 2147483647/1 ], format=(string)RGBA, texture-target=(string)2D
05-10 00:33:36.794  5448  5522 D GStreamer+qtdemux: 0:00:31.234736655 0xf37ecd80 qtdemux.c:7982:qtdemux_parse_samples:<q> setting all keyframes
05-10 00:33:36.794  5448  5520 D GStreamer+basetransform: 0:00:31.234815145 0xf37eccc0 gstbasetransform.c:746:gst_base_transform_query_caps:<glcolorconvertelement0:sink> peer caps  video/x-raw(memory:GLMemory), width=(int)[ 1, 2147483647 ], height=(int)[ 1, 2147483647 ], framerate=(fraction)[ 0/1, 2147483647/1 ], format=(string)RGBA, texture-target=(string)2D
05-10 00:33:36.794  5448  5522 D GStreamer+qtdemux: 0:00:31.234821915 0xf37ecd80 qtdemux.c:5197:gst_qtdemux_loop_state_movie:<q> pushing from stream 0, empty 0 offset 387035, size 43458, dts=0:00:00.179000000, pts=0:00:00.179000000, duration 0:00:00.020000000
05-10 00:33:36.794  5448  5522 D GStreamer+basesrc: 0:00:31.234881342 0xf37ecd80 gstbasesrc.c:2355:gst_base_src_update_length:<filesrc0> reading offset 387035, length 43458, size 15003960, segment.stop -1, maxsize 15003960
05-10 00:33:36.794  5448  5522 D GStreamer+basesrc: 0:00:31.234930978 0xf37ecd80 gstbasesrc.c:2456:gst_base_src_get_range:<filesrc0> calling create offset 387035 length 43458, time 0
05-10 00:33:36.794  5448  5521 D GStreamer+structure: 0:00:31.234971342 0xf37ecd20 gststructure.c:2316:gst_structure_parse_field trying field name 'channels'
05-10 00:33:36.794  5448  5522 D GStreamer+GST_MEMORY: 0:00:31.234986290 0xf37ecd80 gstmemory.c:138:gst_memory_init new memory 0xf3b58000, maxsize:43461 offset:0 size:43458
05-10 00:33:36.794  5448  5521 D GStreamer+structure: 0:00:31.235005822 0xf37ecd20 gststructure.c:2367:gst_structure_parse_value trying type name 'int'
05-10 00:33:36.794  5448  5521 D GStreamer+structure: 0:00:31.235040509 0xf37ecd20 gststructure.c:2316:gst_structure_parse_field trying field name 'framed'
05-10 00:33:36.795  5448  5521 D GStreamer+structure: 0:00:31.235069988 0xf37ecd20 gststructure.c:2367:gst_structure_parse_value trying type name 'boolean'
05-10 00:33:36.795  5448  5521 D GStreamer+structure: 0:00:31.235101082 0xf37ecd20 gststructure.c:2316:gst_structure_parse_field trying field name 'stream-format'
05-10 00:33:36.795  5448  5521 D GStreamer+structure: 0:00:31.235145717 0xf37ecd20 gststructure.c:2367:gst_structure_parse_value trying type name 'string'
05-10 00:33:36.795  5448  5521 D GStreamer+GST_ELEMENT_FACTORY: 0:00:31.235183009 0xf37ecd20 gstelementfactory.c:848:gst_element_factory_list_filter Trying amcauddec-omxgoogleamrnbdecoder
05-10 00:33:36.795  5448  5521 D GStreamer+structure: 0:00:31.235216290 0xf37ecd20 gststructure.c:2316:gst_structure_parse_field trying field name 'rate'
05-10 00:33:36.795  5448  5521 D GStreamer+structure: 0:00:31.235243478 0xf37ecd20 gststructure.c:2367:gst_structure_parse_value trying type name 'int'
05-10 00:33:36.795  5448  5522 D GStreamer+basesrc: 0:00:31.235274780 0xf37ecd80 gstbasesrc.c:2310:gst_base_src_do_sync:<filesrc0> we have no clock
05-10 00:33:36.795  5448  5520 D GStreamer+basetransform: 0:00:31.235316342 0xf37eccc0 gstbasetransform.c:749:gst_base_transform_query_caps:<glcolorconvertelement0:sink> our template  video/x-raw(memory:GLMemory), format=(string){ RGBA, RGB, RGBx, BGR, BGRx, BGRA, xRGB, xBGR, ARGB, ABGR, Y444, I420, YV12, Y42B, Y41B, NV12, NV21, YUY2, UYVY, AYUV, GRAY8, GRAY16_LE, GRAY16_BE, RGB16, BGR16 }, width=(int)[ 1, 2147483647 ], height=(int)[ 1, 2147483647 ], framerate=(fraction)[ 0/1, 2147483647/1 ], texture-target=(string){ 2D, rectangle, external-oes }; video/x-raw(memory:GLMemory, meta:GstVideoOverlayComposition), format=(string){ RGBA, RGB, RGBx, BGR, BGRx, BGRA, xRGB, xBGR, ARGB, ABGR, Y444, I420, YV12, Y42B, Y41B, NV12, NV21, YUY2, UYVY, AYUV, GRAY8, GRAY16_LE, GRAY16_BE, RGB16, BGR16 }, width=(int)[ 1, 2147483647 ], height=(int)[ 1, 2147483647 ], framerate=(fraction)[ 0/1, 2147483647/1 ], texture-target=(string){ 2D, rectangle, external-oes }
05-10 00:33:36.795  5448  5522 D GStreamer+basesrc: 0:00:31.235332853 0xf37ecd80 gstbasesrc.c:2520:gst_base_src_get_range:<filesrc0> buffer ok
05-10 00:33:36.795  5448  5521 D GStreamer+structure: 0:00:31.235439988 0xf37ecd20 gststructure.c:2316:gst_structure_parse_field trying field name 'channels'
