05-10 00:33:36.879  5448  5521 D GStreamer+GST_ELEMENT_FACTORY: 0:00:31.320007853 0xf37ecd20 gstelementfactory.c:848:gst_element_factory_list_filter Trying vorbisdec
05-10 00:33:36.879  5448  5519 D GStreamer+GST_PADS: 0:00:31.320034676 0xf37ecc60 gstpad.c:3745:push_sticky:<queue1:src> event stream-start was already received
05-10 00:33:36.880  5448  5521 D GStreamer+GST_ELEMENT_FACTORY: 0:00:31.320050301 0xf37ecd20 gstelementfactory.c:848:gst_element_factory_list_filter Trying vp8dec
05-10 00:33:36.880  5448  5521 D GStreamer+GST_ELEMENT_FACTORY: 0:00:31.320088790 0xf37ecd20 gstelementfactory.c:848:gst_element_factory_list_filter Trying vp9dec
05-10 00:33:36.880  5448  5521 D GStreamer+GST_ELEMENT_FACTORY: 0:00:31.320135926 0xf37ecd20 gstelementfactory.c:848:gst_element_factory_list_filter Trying wavpackdec
05-10 00:33:36.880  5448  5519 D GStreamer+GST_EVENT: 0:00:31.320151811 0xf37ecc60 gstpad.c:5496:gst_pad_send_event_unchecked:<forhalffps:sink> have event type caps event: 0xf39db308, time 99:99:99.999999999, seq-num 149, GstEventCaps, caps=(GstCaps)"video/x-raw\,\ format\=\(string\)RGBA\,\ width\=\(int\)1280\,\ height\=\(int\)720\,\ interlace-mode\=\(string\)progressive\,\ pixel-aspect-ratio\=\(fraction\)1/1\,\ colorimetry\=\(string\)sRGB\,\ framerate\=\(fraction\)0/1";
05-10 00:33:36.880  5448  5521 D GStreamer+GST_ELEMENT_FACTORY: 0:00:31.320169103 0xf37ecd20 gstelementfactory.c:848:gst_element_factory_list_filter Trying wavparse
05-10 00:33:36.880  5448  5519 D GStreamer+GST_PADS: 0:00:31.320196759 0xf37ecc60 gstpad.c:3650:do_probe_callbacks:<forhalffps:sink> data is passed
05-10 00:33:36.880  5448  5521 D GStreamer+GST_ELEMENT_FACTORY: 0:00:31.320212280 0xf37ecd20 gstelementfactory.c:848:gst_element_factory_list_filter Trying amcviddec-omxgoogleh263decoder
05-10 00:33:36.880  5448  5521 D GStreamer+GST_ELEMENT_FACTORY: 0:00:31.320245144 0xf37ecd20 gstelementfactory.c:848:gst_element_factory_list_filter Trying amcviddec-omxgoogleh264decoder
05-10 00:33:36.880  5448  5519 D GStreamer+GST_CAPS: 0:00:31.320268947 0xf37ecc60 gstutils.c:2921:gst_pad_query_accept_caps:<forhalffps:sink> accept caps of video/x-raw, format=(string)RGBA, width=(int)1280, height=(int)720, interlace-mode=(string)progressive, pixel-aspect-ratio=(fraction)1/1, colorimetry=(string)sRGB, framerate=(fraction)0/1
05-10 00:33:36.880  5448  5521 D GStreamer+GST_ELEMENT_FACTORY: 0:00:31.320286082 0xf37ecd20 gstelementfactory.c:848:gst_element_factory_list_filter Trying amcviddec-omxgooglehevcdecoder
05-10 00:33:36.880  5448  5521 D GStreamer+GST_ELEMENT_FACTORY: 0:00:31.320322749 0xf37ecd20 gstelementfactory.c:848:gst_element_factory_list_filter Trying amcviddec-omxgooglempeg4decoder
05-10 00:33:36.880  5448  5519 D GStreamer+query: 0:00:31.320337488 0xf37ecc60 gstquery.c:674:gst_query_new_custom creating new query 0xf39ddec0 accept-caps
05-10 00:33:36.880  5448  5521 D GStreamer+GST_ELEMENT_FACTORY: 0:00:31.320353634 0xf37ecd20 gstelementfactory.c:848:gst_element_factory_list_filter Trying amcviddec-omxgooglevp8decoder
05-10 00:33:36.880  5448  5519 D GStreamer+GST_PADS: 0:00:31.320379259 0xf37ecc60 gstpad.c:3882:gst_pad_query:<forhalffps:sink> doing query 0xf39ddec0 (accept-caps)
05-10 00:33:36.880  5448  5521 D GStreamer+GST_ELEMENT_FACTORY: 0:00:31.320391551 0xf37ecd20 gstelementfactory.c:848:gst_element_factory_list_filter Trying amcviddec-omxgooglevp9decoder
05-10 00:33:36.880  5448  5519 D GStreamer+GST_PADS: 0:00:31.320419988 0xf37ecc60 gstpad.c:3650:do_probe_callbacks:<forhalffps:sink> data is passed
05-10 00:33:36.880  5448  5521 D GStreamer+GST_ELEMENT_FACTORY: 0:00:31.320435457 0xf37ecd20 gstelementfactory.c:848:gst_element_factory_list_filter Trying auparse
05-10 00:33:36.880  5448  5519 D GStreamer+query: 0:00:31.320464155 0xf37ecc60 gstquery.c:674:gst_query_new_custom creating new query 0xf39ddef0 accept-caps
05-10 00:33:36.880  5448  5521 D GStreamer+GST_ELEMENT_FACTORY: 0:00:31.320478634 0xf37ecd20 gstelementfactory.c:848:gst_element_factory_list_filter Trying ivorbisdec
05-10 00:33:36.880  5448  5519 D GStreamer+GST_PADS: 0:00:31.320503738 0xf37ecc60 gstpad.c:4009:gst_pad_peer_query:<forhalffps:src> peer query 0xf39ddef0 (accept-caps)
05-10 00:33:36.880  5448  5521 D GStreamer+GST_ELEMENT_FACTORY: 0:00:31.320518999 0xf37ecd20 gstelementfactory.c:848:gst_element_factory_list_filter Trying rtpL16depay
05-10 00:33:36.880  5448  5519 D GStreamer+GST_PADS: 0:00:31.320552332 0xf37ecc60 gstpad.c:3882:gst_pad_query:<glimagesinkbin0:sink> doing query 0xf39ddef0 (accept-caps)
05-10 00:33:36.880  5448  5521 D GStreamer+GST_ELEMENT_FACTORY: 0:00:31.320567176 0xf37ecd20 gstelementfactory.c:848:gst_element_factory_list_filter Trying rtpL24depay
05-10 00:33:36.880  5448  5521 D GStreamer+GST_ELEMENT_FACTORY: 0:00:31.320600665 0xf37ecd20 gstelementfactory.c:848:gst_element_factory_list_filter Trying rtpac3depay
05-10 00:33:36.880  5448  5519 D GStreamer+GST_PADS: 0:00:31.320638530 0xf37ecc60 gstpad.c:3035:gst_pad_query_accept_caps_default:<glimagesinkbin0:sink> query accept-caps accept-caps query: 0xf39ddef0, GstQueryAcceptCaps, caps=(GstCaps)"video/x-raw\,\ format\=\(string\)RGBA\,\ width\=\(int\)1280\,\ height\=\(int\)720\,\ interlace-mode\=\(string\)progressive\,\ pixel-aspect-ratio\=\(fraction\)1/1\,\ colorimetry\=\(string\)sRGB\,\ framerate\=\(fraction\)0/1", result=(boolean)false;
05-10 00:33:36.880  5448  5521 D GStreamer+GST_ELEMENT_FACTORY: 0:00:31.320653790 0xf37ecd20 gstelementfactory.c:848:gst_element_factory_list_filter Trying rtpamrdepay
05-10 00:33:36.880  5448  5519 D GStreamer+GST_PADS: 0:00:31.320680197 0xf37ecc60 gstutils.c:2530:gst_pad_proxy_query_accept_caps:<glimagesinkbin0:sink> proxying accept caps query for glimagesinkbin0:sink
05-10 00:33:36.880  5448  5521 D GStreamer+GST_ELEMENT_FACTORY: 0:00:31.320695040 0xf37ecd20 gstelementfactory.c:848:gst_element_factory_list_filter Trying rtpbvdepay
05-10 00:33:36.880  5448  5519 D GStreamer+GST_PADS: 0:00:31.320728634 0xf37ecc60 gstpad.c:4009:gst_pad_peer_query:<sink:proxypad0> peer query 0xf39ddef0 (accept-caps)
05-10 00:33:36.880  5448  5521 D GStreamer+GST_ELEMENT_FACTORY: 0:00:31.320744155 0xf37ecd20 gstelementfactory.c:848:gst_element_factory_list_filter Trying rtpceltdepay
05-10 00:33:36.880  5448  5519 D GStreamer+GST_PADS: 0:00:31.320771499 0xf37ecc60 gstpad.c:3882:gst_pad_query:<gluploadelement0:sink> doing query 0xf39ddef0 (accept-caps)
05-10 00:33:36.880  5448  5521 D GStreamer+GST_ELEMENT_FACTORY: 0:00:31.320786186 0xf37ecd20 gstelementfactory.c:848:gst_element_factory_list_filter Trying rtpdvdepay
05-10 00:33:36.880  5448  5521 D GStreamer+GST_ELEMENT_FACTORY: 0:00:31.320817905 0xf37ecd20 gstelementfactory.c:848:gst_element_factory_list_filter Trying rtpg722depay
05-10 00:33:36.880  5448  5519 D GStreamer+basetransform: 0:00:31.320839103 0xf37ecc60 gstbasetransform.c:1301:gst_base_transform_acceptcaps_default:<gluploadelement0> accept caps video/x-raw, format=(string)RGBA, width=(int)1280, height=(int)720, interlace-mode=(string)progressive, pixel-aspect-ratio=(fraction)1/1, colorimetry=(string)sRGB, framerate=(fraction)0/1
05-10 00:33:36.880  5448  5521 D GStreamer+GST_ELEMENT_FACTORY: 0:00:31.320858217 0xf37ecd20 gstelementfactory.c:848:gst_element_factory_list_filter Trying rtpg723depay
05-10 00:33:36.880  5448  5521 D GStreamer+GST_ELEMENT_FACTORY: 0:00:31.320890457 0xf37ecd20 gstelementfactory.c:848:gst_element_factory_list_filter Trying rtpg726depay
05-10 00:33:36.880  5448  5521 D GStreamer+GST_ELEMENT_FACTORY: 0:00:31.320928269 0xf37ecd20 gstelementfactory.c:848:gst_element_factory_list_filter Trying rtpg729depay
05-10 00:33:36.880  5448  5521 D GStreamer+GST_ELEMENT_FACTORY: 0:00:31.320966655 0xf37ecd20 gstelementfactory.c:848:gst_element_factory_list_filter Trying rtpgsmdepay
05-10 00:33:36.880  5448  5521 D GStreamer+GST_ELEMENT_FACTORY: 0:00:31.321000457 0xf37ecd20 gstelementfactory.c:848:gst_element_factory_list_filter Trying rtph261depay
05-10 00:33:36.880  5448  5521 D GStreamer+GST_ELEMENT_FACTORY: 0:00:31.321034936 0xf37ecd20 gstelementfactory.c:848:gst_element_factory_list_filter Trying rtph263depay
05-10 00:33:36.881  5448  5521 D GStreamer+GST_ELEMENT_FACTORY: 0:00:31.321068686 0xf37ecd20 gstelementfactory.c:848:gst_element_factory_list_filter Trying rtph263pdepay
05-10 00:33:36.881  5448  5521 D GStreamer+GST_ELEMENT_FACTORY: 0:00:31.321107019 0xf37ecd20 gstelementfactory.c:848:gst_element_factory_list_filter Trying rtph264depay
05-10 00:33:36.881  5448  5520 D GStreamer+GST_PADS: 0:00:31.321164519 0xf37eccc0 gstpad.c:5569:gst_pad_send_event_unchecked:<queue1:sink> sent event, ret ok
05-10 00:33:36.881  5448  5521 D GStreamer+GST_ELEMENT_FACTORY: 0:00:31.321177384 0xf37ecd20 gstelementfactory.c:848:gst_element_factory_list_filter Trying rtph265depay
05-10 00:33:36.881  5448  5521 D GStreamer+GST_ELEMENT_FACTORY: 0:00:31.321242332 0xf37ecd20 gstelementfactory.c:848:gst_element_factory_list_filter Trying rtpilbcdepay
05-10 00:33:36.881  5448  5520 D GStreamer+GST_PADS: 0:00:31.321288738 0xf37eccc0 gstpad.c:5053:store_sticky_event:<queue1:sink> notify caps
05-10 00:33:36.881  5448  5519 D GStreamer+basetransform: 0:00:31.321309780 0xf37ecc60 gstbasetransform.c:1308:gst_base_transform_acceptcaps_default:<gluploadelement0> intersect with pad template: video/x-raw(memory:GLMemory, meta:GstVideoOverlayComposition), format=(string){ RGBA, BGRA, RGBx, BGRx, ARGB, ABGR, xRGB, xBGR, RGB, BGR, RGB16, BGR16, AYUV, I420, YV12, NV12, NV21, YUY2, UYVY, Y41B, Y42B, Y444, GRAY8, GRAY16_LE, GRAY16_BE }, width=(int)[ 1, 2147483647 ], height=(int)[ 1, 2147483647 ], framerate=(fraction)[ 0/1, 2147483647/1 ]; video/x-raw(memory:EGLImage, meta:GstVideoOverlayComposition), format=(string)RGBA, width=(int)[ 1, 2147483647 ], height=(int)[ 1, 2147483647 ], framerate=(fraction)[ 0/1, 2147483647/1 ]; video/x-raw(meta:GstVideoGLTextureUploadMeta, meta:GstVideoOverlayComposition), format=(string)RGBA, width=(int)[ 1, 2147483647 ], height=(int)[ 1, 2147483647 ], framerate=(fraction)[ 0/1, 2147483647/1 ]; video/x-raw(memory:SystemMemory, meta:GstVideoOverlayComposition), format=(string){ RGBA, BGRA, RGBx, BGRx, ARGB, ABGR, xRGB, xBGR, RGB, BGR, RG
05-10 00:33:36.881  5448  5521 D GStreamer+GST_ELEMENT_FACTORY: 0:00:31.321315353 0xf37ecd20 gstelementfactory.c:848:gst_element_factory_list_filter Trying rtpj2kdepay
05-10 00:33:36.881  5448  5520 D GStreamer+GST_PADS: 0:00:31.321345301 0xf37eccc0 gstpad.c:3765:push_sticky:<amcvideodec-omxnvidiah264decode0:src> event caps marked received
05-10 00:33:36.881  5448  5521 D GStreamer+GST_ELEMENT_FACTORY: 0:00:31.321361082 0xf37ecd20 gstelementfactory.c:848:gst_element_factory_list_filter Trying rtpjpegdepay
05-10 00:33:36.881  5448  5519 D GStreamer+basetransform: 0:00:31.321378790 0xf37ecc60 gstbasetransform.c:1313:gst_base_transform_acceptcaps_default:<gluploadelement0> trying to transform with filter: video/x-raw(ANY) (the other pad template)
05-10 00:33:36.881  5448  5521 D GStreamer+GST_ELEMENT_FACTORY: 0:00:31.321400144 0xf37ecd20 gstelementfactory.c:848:gst_element_factory_list_filter Trying rtpklvdepay
05-10 00:33:36.881  5448  5520 D GStreamer+query: 0:00:31.321411394 0xf37eccc0 gstquery.c:674:gst_query_new_custom creating new query 0xf3ad9350 allocation
05-10 00:33:36.881  5448  5521 D GStreamer+GST_ELEMENT_FACTORY: 0:00:31.321436186 0xf37ecd20 gstelementfactory.c:848:gst_element_factory_list_filter Trying rtpmp1sdepay
05-10 00:33:36.881  5448  5519 D GStreamer+basetransform: 0:00:31.321454155 0xf37ecc60 gstbasetransform.c:533:gst_base_transform_transform_caps:<gluploadelement0> transform caps (direction = 2)
05-10 00:33:36.881  5448  5521 D GStreamer+GST_ELEMENT_FACTORY: 0:00:31.321474103 0xf37ecd20 gstelementfactory.c:848:gst_element_factory_list_filter Trying rtpmp2tdepay
05-10 00:33:36.881  5448  5521 D GStreamer+GST_ELEMENT_FACTORY: 0:00:31.321504259 0xf37ecd20 gstelementfactory.c:848:gst_element_factory_list_filter Trying rtpmp4adepay
05-10 00:33:36.881  5448  5519 D GStreamer+GST_PERFORMANCE: 0:00:31.321533061 0xf37ecc60 gstcaps.c:169:_gst_caps_copy:<0xf39daa00> doing copy 0xf39daa00 -> 0xf3c7a168
05-10 00:33:36.881  5448  5521 D GStreamer+GST_ELEMENT_FACTORY: 0:00:31.321549676 0xf37ecd20 gstelementfactory.c:848:gst_element_factory_list_filter Trying rtpmp4gdepay
05-10 00:33:36.881  5448  5521 D GStreamer+GST_ELEMENT_FACTORY: 0:00:31.321601186 0xf37ecd20 gstelementfactory.c:848:gst_element_factory_list_filter Trying rtpmp4vdepay
05-10 00:33:36.881  5448  5520 D GStreamer+videodecoder: 0:00:31.321570249 0xf37eccc0 gstvideodecoder.c:3707:gst_video_decoder_negotiate_pool:<amcvideodec-omxnvidiah264decode0> do query ALLOCATION
05-10 00:33:36.881  5448  5521 D GStreamer+GST_ELEMENT_FACTORY: 0:00:31.321635405 0xf37ecd20 gstelementfactory.c:848:gst_element_factory_list_filter Trying rtpmpadepay
05-10 00:33:36.881  5448  5519 D GStreamer+GST_PERFORMANCE: 0:00:31.321652801 0xf37ecc60 gstcaps.c:169:_gst_caps_copy:<0xf3c7a168> doing copy 0xf3c7a168 -> 0xf3c7a190
05-10 00:33:36.881  5448  5520 D GStreamer+GST_PADS: 0:00:31.321715769 0xf37eccc0 gstpad.c:4009:gst_pad_peer_query:<amcvideodec-omxnvidiah264decode0:src> peer query 0xf3ad9350 (allocation)
05-10 00:33:36.881  5448  5521 D GStreamer+GST_ELEMENT_FACTORY: 0:00:31.321748061 0xf37ecd20 gstelementfactory.c:848:gst_element_factory_list_filter Trying rtpmparobustdepay
05-10 00:33:36.881  5448  5521 D GStreamer+GST_ELEMENT_FACTORY: 0:00:31.321793686 0xf37ecd20 gstelementfactory.c:848:gst_element_factory_list_filter Trying rtpmpvdepay
05-10 00:33:36.881  5448  5520 D GStreamer+GST_PADS: 0:00:31.321792280 0xf37eccc0 gstpad.c:3882:gst_pad_query:<queue1:sink> doing query 0xf3ad9350 (allocation)
05-10 00:33:36.881  5448  5519 D GStreamer+GST_PERFORMANCE: 0:00:31.321811134 0xf37ecc60 gstcaps.c:169:_gst_caps_copy:<0xf39daa00> doing copy 0xf39daa00 -> 0xf3c7d000
05-10 00:33:36.881  5448  5521 D GStreamer+GST_ELEMENT_FACTORY: 0:00:31.321831759 0xf37ecd20 gstelementfactory.c:848:gst_element_factory_list_filter Trying rtppcmadepay
05-10 00:33:36.881  5448  5521 D GStreamer+GST_ELEMENT_FACTORY: 0:00:31.321870822 0xf37ecd20 gstelementfactory.c:848:gst_element_factory_list_filter Trying rtppcmudepay
05-10 00:33:36.881  5448  5519 D GStreamer+GST_PERFORMANCE: 0:00:31.321885144 0xf37ecc60 gstcaps.c:169:_gst_caps_copy:<0xf3c7d000> doing copy 0xf3c7d000 -> 0xf3c7d028
05-10 00:33:36.881  5448  5521 D GStreamer+GST_ELEMENT_FACTORY: 0:00:31.321904311 0xf37ecd20 gstelementfactory.c:848:gst_element_factory_list_filter Trying rtpqcelpdepay
05-10 00:33:36.881  5448  5521 D GStreamer+GST_ELEMENT_FACTORY: 0:00:31.321937072 0xf37ecd20 gstelementfactory.c:848:gst_element_factory_list_filter Trying rtpqdm2depay
05-10 00:33:36.881  5448  5519 D GStreamer+GST_PERFORMANCE: 0:00:31.321984884 0xf37ecc60 gstcaps.c:169:_gst_caps_copy:<0xf39daa00> doing copy 0xf39daa00 -> 0xf3c7d078
05-10 00:33:36.881  5448  5521 D GStreamer+GST_ELEMENT_FACTORY: 0:00:31.321990457 0xf37ecd20 gstelementfactory.c:848:gst_element_factory_list_filter Trying rtpsbcdepay
05-10 00:33:36.881  5448  5521 D GStreamer+GST_ELEMENT_FACTORY: 0:00:31.322021551 0xf37ecd20 gstelementfactory.c:848:gst_element_factory_list_filter Trying rtpsirendepay
05-10 00:33:36.882  5448  5519 D GStreamer+GST_PERFORMANCE: 0:00:31.322054728 0xf37ecc60 gstcaps.c:169:_gst_caps_copy:<0xf3c7d078> doing copy 0xf3c7d078 -> 0xf3c7d0a0
05-10 00:33:36.882  5448  5521 D GStreamer+GST_ELEMENT_FACTORY: 0:00:31.322069519 0xf37ecd20 gstelementfactory.c:848:gst_element_factory_list_filter Trying rtpspeexdepay
05-10 00:33:36.882  5448  5521 D GStreamer+GST_ELEMENT_FACTORY: 0:00:31.322100457 0xf37ecd20 gstelementfactory.c:848:gst_element_factory_list_filter Trying rtpsv3vdepay
05-10 00:33:36.882  5448  5521 D GStreamer+GST_ELEMENT_FACTORY: 0:00:31.322146655 0xf37ecd20 gstelementfactory.c:848:gst_element_factory_list_filter Trying rtptheoradepay
05-10 00:33:36.882  5448  5519 D GStreamer+GST_PERFORMANCE: 0:00:31.322166082 0xf37ecc60 gstcaps.c:169:_gst_caps_copy:<0xf39daa00> doing copy 0xf39daa00 -> 0xf3c7d0f0
05-10 00:33:36.882  5448  5521 D GStreamer+GST_ELEMENT_FACTORY: 0:00:31.322184676 0xf37ecd20 gstelementfactory.c:848:gst_element_factory_list_filter Trying rtpvorbisdepay
05-10 00:33:36.882  5448  5521 D GStreamer+GST_ELEMENT_FACTORY: 0:00:31.322213009 0xf37ecd20 gstelementfactory.c:848:gst_element_factory_list_filter Trying rtpvrawdepay
05-10 00:33:36.882  5448  5519 D GStreamer+GST_PERFORMANCE: 0:00:31.322238374 0xf37ecc60 gstcaps.c:169:_gst_caps_copy:<0xf3c7d0f0> doing copy 0xf3c7d0f0 -> 0xf3c7d118
05-10 00:33:36.882  5448  5521 D GStreamer+GST_ELEMENT_FACTORY: 0:00:31.322246342 0xf37ecd20 gstelementfactory.c:848:gst_element_factory_list_filter Trying y4mdec
05-10 00:33:36.882  5448  5521 D GStreamer+GST_ELEMENT_FACTORY: 0:00:31.322279832 0xf37ecd20 gstelementfactory.c:848:gst_element_factory_list_filter Trying dvdec
05-10 00:33:36.882  5448  5521 D GStreamer+GST_ELEMENT_FACTORY: 0:00:31.322314624 0xf37ecd20 gstelementfactory.c:848:gst_element_factory_list_filter Trying openh264dec
05-10 00:33:36.882  5448  5521 D GStreamer+GST_ELEMENT_FACTORY: 0:00:31.322354311 0xf37ecd20 gstelementfactory.c:848:gst_element_factory_list_filter Trying rtpgstdepay
05-10 00:33:36.882  5448  5519 D GStreamer+basetransform: 0:00:31.322378894 0xf37ecc60 gstbasetransform.c:560:gst_base_transform_transform_caps:<gluploadelement0> to: video/x-raw(memory:GLMemory), format=(string)RGBA, width=(int)1280, height=(int)720, interlace-mode=(string)progressive, pixel-aspect-ratio=(fraction)1/1, colorimetry=(string)sRGB, framerate=(fraction)0/1, texture-target=(string){ 2D, rectangle, external-oes }
05-10 00:33:36.882  5448  5521 D GStreamer+GST_ELEMENT_FACTORY: 0:00:31.322388269 0xf37ecd20 gstelementfactory.c:848:gst_element_factory_list_filter Trying rtpvp8depay
05-10 00:33:36.882  5448  5519 D GStreamer+basetransform: 0:00:31.322422280 0xf37ecc60 gstbasetransform.c:1319:gst_base_transform_acceptcaps_default:<gluploadelement0> accept-caps result: 1
05-10 00:33:36.882  5448  5521 D GStreamer+GST_ELEMENT_FACTORY: 0:00:31.322437697 0xf37ecd20 gstelementfactory.c:848:gst_element_factory_list_filter Trying rtpvp9depay
05-10 00:33:36.882  5448  5519 D GStreamer+GST_PADS: 0:00:31.322473530 0xf37ecc60 gstpad.c:3905:gst_pad_query:<gluploadelement0:sink> sent query 0xf39ddef0 (accept-caps), result 1
05-10 00:33:36.882  5448  5521 D GStreamer+GST_ELEMENT_FACTORY: 0:00:31.322488634 0xf37ecd20 gstelementfactory.c:848:gst_element_factory_list_filter Trying rtpxqtdepay
05-10 00:33:36.882  5448  5519 D GStreamer+GST_PADS: 0:00:31.322517540 0xf37ecc60 gstutils.c:2541:gst_pad_proxy_query_accept_caps:<glimagesinkbin0:sink> proxying accept caps query: 1
05-10 00:33:36.882  5448  5521 D GStreamer+GST_ELEMENT_FACTORY: 0:00:31.322533269 0xf37ecd20 gstelementfactory.c:848:gst_element_factory_list_filter Trying sirendec
05-10 00:33:36.882  5448  5521 D GStreamer+decodebin: 0:00:31.322588686 0xf37ecd20 gstdecodebin2.c:1417:gst_decode_bin_autoplug_factories:<decodebin0> autoplug-factories returns 0xf3af5cc0
05-10 00:33:36.882  5448  5519 D GStreamer+GST_PADS: 0:00:31.322606759 0xf37ecc60 gstpad.c:3065:gst_pad_query_accept_caps_default:<glimagesinkbin0:sink> allowed caps subset ANY, caps video/x-raw, format=(string)RGBA, width=(int)1280, height=(int)720, interlace-mode=(string)progressive, pixel-aspect-ratio=(fraction)1/1, colorimetry=(string)sRGB, framerate=(fraction)0/1
05-10 00:33:36.882  5448  5519 D GStreamer+GST_PADS: 0:00:31.322666915 0xf37ecc60 gstpad.c:3339:gst_pad_query_default:<glimagesinkbin0:sink> not forwarding 0xf39ddef0 (accept-caps) query
05-10 00:33:36.882  5448  5521 D GStreamer+decodebin: 0:00:31.322690717 0xf37ecd20 gstdecodebin2.c:2100:connect_pad:<decodebin0> pad mpegaudioparse0:src , chain:0xf3a37008, 2 factories, caps audio/mpeg, mpegversion=(int)1, mpegaudioversion=(int)2, layer=(int)3, rate=(int)24000, channels=(int)1, parsed=(boolean)true
05-10 00:33:36.882  5448  5519 D GStreamer+GST_PADS: 0:00:31.322720092 0xf37ecc60 gstpad.c:3905:gst_pad_query:<glimagesinkbin0:sink> sent query 0xf39ddef0 (accept-caps), result 1
05-10 00:33:36.882  5448  5521 D GStreamer+GST_PADS: 0:00:31.322744467 0xf37ecd20 gstghostpad.c:840:gst_ghost_pad_set_target:<'':decodepad0> set target mpegaudioparse0:src
05-10 00:33:36.882  5448  5519 D GStreamer+default: 0:00:31.322768842 0xf37ecc60 gstutils.c:2955:gst_pad_peer_query_accept_caps:<forhalffps:src> query returned 1
05-10 00:33:36.882  5448  5521 I GStreamer+GST_ELEMENT_PADS: 0:00:31.322790769 0xf37ecd20 gstpad.c:2048:gst_pad_unlink unlinking mpegaudioparse0:src(0xf3a4bc00) and decodepad0:proxypad3(0xf3a75618)
05-10 00:33:36.882  5448  5519 D GStreamer+GST_PADS: 0:00:31.322819051 0xf37ecc60 gstpad.c:3905:gst_pad_query:<forhalffps:sink> sent query 0xf39ddec0 (accept-caps), result 1
05-10 00:33:36.882  5448  5519 D GStreamer+default: 0:00:31.322871394 0xf37ecc60 gstutils.c:2926:gst_pad_query_accept_caps:<forhalffps:sink> query returned 1
05-10 00:33:36.882  5448  5521 D GStreamer+GST_BUS: 0:00:31.322891915 0xf37ecd20 gstbus.c:309:gst_bus_post:<bus1> [msg 0xf3ad3578] posting on bus structure-change message: 0xf3ad3578, time 99:99:99.999999999, seq-num 151, element 'proxypad3', GstMessageStructureChange, type=(GstStructureChangeType)GST_STRUCTURE_CHANGE_TYPE_PAD_UNLINK, owner=(GstElement)"\(GstMpegAudioParse\)\ mpegaudioparse0", busy=(boolean)true;
05-10 00:33:36.882  5448  5519 D GStreamer+GST_PADS: 0:00:31.322917019 0xf37ecc60 gstpad.c:1591:gst_pad_check_reconfigure:<forhalffps:src> remove RECONFIGURE flag
05-10 00:33:36.882  5448  5521 D GStreamer+bin: 0:00:31.322934363 0xf37ecd20 gstbin.c:3528:gst_bin_handle_message_func:<decodebin0> [msg 0xf3ad3578] handling child proxypad3 message of type structure-change
05-10 00:33:36.882  5448  5521 D GStreamer+bin: 0:00:31.322976863 0xf37ecd20 gstbin.c:882:find_message:<decodebin0> no message found matching types 00001000
05-10 00:33:36.882  5448  5519 D GStreamer+basetransform: 0:00:31.322994936 0xf37ecc60 gstbasetransform.c:1356:gst_base_transform_setcaps:<forhalffps:sink> have new caps 0xf39daa00 video/x-raw, format=(string)RGBA, width=(int)1280, height=(int)720, interlace-mode=(string)progressive, pixel-aspect-ratio=(fraction)1/1, colorimetry=(string)sRGB, framerate=(fraction)0/1
05-10 00:33:36.882  5448  5521 D GStreamer+bin: 0:00:31.323019311 0xf37ecd20 gstbin.c:889:find_message:<decodebin0>   structure-change
05-10 00:33:36.882  5448  5519 D GStreamer+basetransform: 0:00:31.323038426 0xf37ecc60 gstbasetransform.c:533:gst_base_transform_transform_caps:<forhalffps> transform caps (direction = 2)
05-10 00:33:36.883  5448  5521 D GStreamer+bin: 0:00:31.323063842 0xf37ecd20 gstbin.c:929:bin_replace_message:<decodebin0> got new message 0xf3ad3578, structure-change from proxypad3
05-10 00:33:36.883  5448  5519 D GStreamer+basetransform: 0:00:31.323111915 0xf37ecc60 gstbasetransform.c:504:gst_base_transform_default_transform_caps:<forhalffps> identity from: video/x-raw, format=(string)RGBA, width=(int)1280, height=(int)720, interlace-mode=(string)progressive, pixel-aspect-ratio=(fraction)1/1, colorimetry=(string)sRGB, framerate=(fraction)0/1
05-10 00:33:36.883  5448  5521 D GStreamer+GST_BUS: 0:00:31.323136082 0xf37ecd20 gstbus.c:344:gst_bus_post:<bus1> [msg 0xf3ad3578] dropped
05-10 00:33:36.883  5448  5521 I GStreamer+GST_ELEMENT_PADS: 0:00:31.323188999 0xf37ecd20 gstpad.c:2102:gst_pad_unlink unlinked mpegaudioparse0:src and decodepad0:proxypad3
05-10 00:33:36.883  5448  5519 D GStreamer+basetransform: 0:00:31.323206655 0xf37ecc60 gstbasetransform.c:560:gst_base_transform_transform_caps:<forhalffps> to: video/x-raw, format=(string)RGBA, width=(int)1280, height=(int)720, interlace-mode=(string)progressive, pixel-aspect-ratio=(fraction)1/1, colorimetry=(string)sRGB, framerate=(fraction)0/1
05-10 00:33:36.883  5448  5519 D GStreamer+basetransform: 0:00:31.323261967 0xf37ecc60 gstbasetransform.c:1142:gst_base_transform_find_transform:<forhalffps> intersecting against padtemplate ANY
05-10 00:33:36.883  5448  5521 D GStreamer+GST_BUS: 0:00:31.323288269 0xf37ecd20 gstbus.c:309:gst_bus_post:<bus1> [msg 0xf3ad3520] posting on bus structure-change message: 0xf3ad3520, time 99:99:99.999999999, seq-num 152, element 'proxypad3', GstMessageStructureChange, type=(GstStructureChangeType)GST_STRUCTURE_CHANGE_TYPE_PAD_UNLINK, owner=(GstElement)"\(GstMpegAudioParse\)\ mpegaudioparse0", busy=(boolean)false;
05-10 00:33:36.883  5448  5519 D GStreamer+basetransform: 0:00:31.323344988 0xf37ecc60 gstbasetransform.c:1217:gst_base_transform_find_transform have fixed caps video/x-raw, format=(string)RGBA, width=(int)1280, height=(int)720, interlace-mode=(string)progressive, pixel-aspect-ratio=(fraction)1/1, colorimetry=(string)sRGB, framerate=(fraction)0/1
05-10 00:33:36.883  5448  5521 D GStreamer+bin: 0:00:31.323362488 0xf37ecd20 gstbin.c:3528:gst_bin_handle_message_func:<decodebin0> [msg 0xf3ad3520] handling child proxypad3 message of type structure-change
05-10 00:33:36.883  5448  5521 D GStreamer+bin: 0:00:31.323420561 0xf37ecd20 gstbin.c:957:bin_remove_messages:<decodepad0:proxypad3> deleting message 0xf3ad3578 of types 0x00001000
05-10 00:33:36.883  5448  5519 D GStreamer+basetransform: 0:00:31.323452540 0xf37ecc60 gstbasetransform.c:1224:gst_base_transform_find_transform:<forhalffps> calling fixate_caps for video/x-raw, format=(string)RGBA, width=(int)1280, height=(int)720, interlace-mode=(string)progressive, pixel-aspect-ratio=(fraction)1/1, colorimetry=(string)sRGB, framerate=(fraction)0/1 using caps video/x-raw, format=(string)RGBA, width=(int)1280, height=(int)720, interlace-mode=(string)progressive, pixel-aspect-ratio=(fraction)1/1, colorimetry=(string)sRGB, framerate=(fraction)0/1 on pad forhalffps:src
05-10 00:33:36.883  5448  5521 D GStreamer+bin: 0:00:31.323475978 0xf37ecd20 gstbin.c:963:bin_remove_messages:<decodebin0> not deleting message 0xf3ad1670 of type 0x00100000
05-10 00:33:36.883  5448  5519 D GStreamer+GST_PERFORMANCE: 0:00:31.323525665 0xf37ecc60 gstcaps.c:169:_gst_caps_copy:<0xf39daa00> doing copy 0xf39daa00 -> 0xf3c7d190
05-10 00:33:36.883  5448  5521 D GStreamer+GST_BUS: 0:00:31.323541394 0xf37ecd20 gstbus.c:344:gst_bus_post:<bus1> [msg 0xf3ad3520] dropped
05-10 00:33:36.883  5448  5519 D GStreamer+GST_PERFORMANCE: 0:00:31.323568269 0xf37ecc60 gstminiobject.c:326:gst_mini_object_make_writable copy GstCaps miniobject 0xf39daa00 -> 0xf3c7d190
05-10 00:33:36.883  5448  5521 D GStreamer+GST_PADS: 0:00:31.323591134 0xf37ecd20 gstghostpad.c:862:gst_ghost_pad_set_target:<'':decodepad0> connecting internal pad to target <mpegaudioparse0:src>
05-10 00:33:36.883  5448  5519 D GStreamer+basetransform: 0:00:31.323640613 0xf37ecc60 gstbasetransform.c:1091:gst_base_transform_default_fixate_caps:<forhalffps> fixated to video/x-raw, format=(string)RGBA, width=(int)1280, height=(int)720, interlace-mode=(string)progressive, pixel-aspect-ratio=(fraction)1/1, colorimetry=(string)sRGB, framerate=(fraction)0/1
05-10 00:33:36.883  5448  5521 D GStreamer+GST_BUS: 0:00:31.323693894 0xf37ecd20 gstbus.c:309:gst_bus_post:<bus1> [msg 0xf3ad34c8] posting on bus structure-change message: 0xf3ad34c8, time 99:99:99.999999999, seq-num 153, element 'proxypad3', GstMessageStructureChange, type=(GstStructureChangeType)GST_STRUCTURE_CHANGE_TYPE_PAD_LINK, owner=(GstElement)"\(GstMpegAudioParse\)\ mpegaudioparse0", busy=(boolean)true;
05-10 00:33:36.883  5448  5519 D GStreamer+basetransform: 0:00:31.323721707 0xf37ecc60 gstbasetransform.c:1230:gst_base_transform_find_transform:<forhalffps> after fixating video/x-raw, format=(string)RGBA, width=(int)1280, height=(int)720, interlace-mode=(string)progressive, pixel-aspect-ratio=(fraction)1/1, colorimetry=(string)sRGB, framerate=(fraction)0/1
05-10 00:33:36.883  5448  5521 D GStreamer+bin: 0:00:31.323749780 0xf37ecd20 gstbin.c:3528:gst_bin_handle_message_func:<decodebin0> [msg 0xf3ad34c8] handling child proxypad3 message of type structure-change
05-10 00:33:36.883  5448  5521 D GStreamer+bin: 0:00:31.323797801 0xf37ecd20 gstbin.c:882:find_message:<decodebin0> no message found matching types 00001000
05-10 00:33:36.883  5448  5519 D GStreamer+GST_CAPS: 0:00:31.323817019 0xf37ecc60 gstutils.c:2921:gst_pad_query_accept_caps:<glimagesinkbin0:sink> accept caps of video/x-raw, format=(string)RGBA, width=(int)1280, height=(int)720, interlace-mode=(string)progressive, pixel-aspect-ratio=(fraction)1/1, colorimetry=(string)sRGB, framerate=(fraction)0/1
05-10 00:33:36.883  5448  5521 D GStreamer+bin: 0:00:31.323840561 0xf37ecd20 gstbin.c:889:find_message:<decodebin0>   structure-change
05-10 00:33:36.883  5448  5519 D GStreamer+query: 0:00:31.323863738 0xf37ecc60 gstquery.c:674:gst_query_new_custom creating new query 0xf39ddf20 accept-caps
05-10 00:33:36.883  5448  5521 D GStreamer+bin: 0:00:31.323881603 0xf37ecd20 gstbin.c:929:bin_replace_message:<decodebin0> got new message 0xf3ad34c8, structure-change from proxypad3
05-10 00:33:36.883  5448  5519 D GStreamer+GST_PADS: 0:00:31.323910613 0xf37ecc60 gstpad.c:3882:gst_pad_query:<glimagesinkbin0:sink> doing query 0xf39ddf20 (accept-caps)
05-10 00:33:36.883  5448  5521 D GStreamer+GST_BUS: 0:00:31.323923374 0xf37ecd20 gstbus.c:344:gst_bus_post:<bus1> [msg 0xf3ad34c8] dropped
05-10 00:33:36.883  5448  5521 I GStreamer+GST_PADS: 0:00:31.323964155 0xf37ecd20 gstpad.c:2292:gst_pad_link_prepare trying to link mpegaudioparse0:src and decodepad0:proxypad3
05-10 00:33:36.883  5448  5519 D GStreamer+GST_PADS: 0:00:31.324003634 0xf37ecc60 gstpad.c:3035:gst_pad_query_accept_caps_default:<glimagesinkbin0:sink> query accept-caps accept-caps query: 0xf39ddf20, GstQueryAcceptCaps, caps=(GstCaps)"video/x-raw\,\ format\=\(string\)RGBA\,\ width\=\(int\)1280\,\ height\=\(int\)720\,\ interlace-mode\=\(string\)progressive\,\ pixel-aspect-ratio\=\(fraction\)1/1\,\ colorimetry\=\(string\)sRGB\,\ framerate\=\(fraction\)0/1", result=(boolean)false;
05-10 00:33:36.883  5448  5521 I GStreamer+GST_PADS: 0:00:31.324020457 0xf37ecd20 gstpad.c:2498:gst_pad_link_full linked mpegaudioparse0:src and decodepad0:proxypad3, successful
05-10 00:33:36.884  5448  5519 D GStreamer+GST_PADS: 0:00:31.324046551 0xf37ecc60 gstutils.c:2530:gst_pad_proxy_query_accept_caps:<glimagesinkbin0:sink> proxying accept caps query for glimagesinkbin0:sink
05-10 00:33:36.884  5448  5521 I GStreamer+GST_EVENT: 0:00:31.324062228 0xf37ecd20 gstevent.c:1382:gst_event_new_reconfigure creating reconfigure event
05-10 00:33:36.884  5448  5519 D GStreamer+GST_PADS: 0:00:31.324092228 0xf37ecc60 gstpad.c:4009:gst_pad_peer_query:<sink:proxypad0> peer query 0xf39ddf20 (accept-caps)
05-10 00:33:36.884  5448  5521 D GStreamer+GST_EVENT: 0:00:31.324101134 0xf37ecd20 gstevent.c:302:gst_event_new_custom creating new event 0xf39dc628 reconfigure 61441
05-10 00:33:36.884  5448  5519 D GStreamer+GST_PADS: 0:00:31.324143999 0xf37ecc60 gstpad.c:3882:gst_pad_query:<gluploadelement0:sink> doing query 0xf39ddf20 (accept-caps)
05-10 00:33:36.884  5448  5521 D GStreamer+GST_EVENT: 0:00:31.324164259 0xf37ecd20 gstpad.c:5496:gst_pad_send_event_unchecked:<mpegaudioparse0:src> have event type reconfigure event: 0xf39dc628, time 99:99:99.999999999, seq-num 154, (NULL)
05-10 00:33:36.884  5448  5519 D GStreamer+basetransform: 0:00:31.324220457 0xf37ecc60 gstbasetransform.c:1301:gst_base_transform_acceptcaps_default:<gluploadelement0> accept caps video/x-raw, format=(string)RGBA, width=(int)1280, height=(int)720, interlace-mode=(string)progressive, pixel-aspect-ratio=(fraction)1/1, colorimetry=(string)sRGB, framerate=(fraction)0/1
05-10 00:33:36.884  5448  5521 D GStreamer+baseparse: 0:00:31.324236967 0xf37ecd20 gstbaseparse.c:1611:gst_base_parse_src_event:<mpegaudioparse0> event 61441, reconfigure
05-10 00:33:36.884  5448  5521 D GStreamer+GST_PADS: 0:00:31.324291134 0xf37ecd20 gstpad.c:2803:gst_pad_iterate_internal_links_default:<mpegaudioparse0:src> Making iterator
05-10 00:33:36.884  5448  5521 D GStreamer+GST_EVENT: 0:00:31.324373894 0xf37ecd20 gstpad.c:5496:gst_pad_send_event_unchecked:<typefind:src> have event type reconfigure event: 0xf39dc628, time 99:99:99.999999999, seq-num 154, (NULL)
05-10 00:33:36.884  5448  5521 D GStreamer+GST_EVENT: 0:00:31.324461447 0xf37ecd20 gstpad.c:5496:gst_pad_send_event_unchecked:<sink:proxypad1> have event type reconfigure event: 0xf39dc628, time 99:99:99.999999999, seq-num 154, (NULL)
05-10 00:33:36.884  5448  5521 D GStreamer+GST_EVENT: 0:00:31.324542592 0xf37ecd20 gstpad.c:5496:gst_pad_send_event_unchecked:<queue2:src> have event type reconfigure event: 0xf39dc628, time 99:99:99.999999999, seq-num 154, (NULL)
05-10 00:33:36.884  5448  5521 D GStreamer+queue_dataflow: 0:00:31.324599051 0xf37ecd20 gstqueue.c:1532:gst_queue_handle_src_event:<queue2> got event 0xf39dc628 (61441)
05-10 00:33:36.884  5448  5519 D GStreamer+basetransform: 0:00:31.324647228 0xf37ecc60 gstbasetransform.c:1308:gst_base_transform_acceptcaps_default:<gluploadelement0> intersect with pad template: video/x-raw(memory:GLMemory, meta:GstVideoOverlayComposition), format=(string){ RGBA, BGRA, RGBx, BGRx, ARGB, ABGR, xRGB, xBGR, RGB, BGR, RGB16, BGR16, AYUV, I420, YV12, NV12, NV21, YUY2, UYVY, Y41B, Y42B, Y444, GRAY8, GRAY16_LE, GRAY16_BE }, width=(int)[ 1, 2147483647 ], height=(int)[ 1, 2147483647 ], framerate=(fraction)[ 0/1, 2147483647/1 ]; video/x-raw(memory:EGLImage, meta:GstVideoOverlayComposition), format=(string)RGBA, width=(int)[ 1, 2147483647 ], height=(int)[ 1, 2147483647 ], framerate=(fraction)[ 0/1, 2147483647/1 ]; video/x-raw(meta:GstVideoGLTextureUploadMeta, meta:GstVideoOverlayComposition), format=(string)RGBA, width=(int)[ 1, 2147483647 ], height=(int)[ 1, 2147483647 ], framerate=(fraction)[ 0/1, 2147483647/1 ]; video/x-raw(memory:SystemMemory, meta:GstVideoOverlayComposition), format=(string){ RGBA, BGRA, RGBx, BGRx, ARGB, ABGR, xRGB, xBGR, RGB, BGR, RG
05-10 00:33:36.884  5448  5521 D GStreamer+GST_EVENT: 0:00:31.324665769 0xf37ecd20 gstpad.c:5496:gst_pad_send_event_unchecked:<q:audio_0> have event type reconfigure event: 0xf39dc628, time 99:99:99.999999999, seq-num 154, (NULL)
05-10 00:33:36.884  5448  5519 D GStreamer+basetransform: 0:00:31.324701603 0xf37ecc60 gstbasetransform.c:1313:gst_base_transform_acceptcaps_default:<gluploadelement0> trying to transform with filter: video/x-raw(ANY) (the other pad template)
05-10 00:33:36.884  5448  5521 D GStreamer+GST_PADS: 0:00:31.324718374 0xf37ecd20 gstpad.c:2803:gst_pad_iterate_internal_links_default:<q:audio_0> Making iterator
05-10 00:33:36.884  5448  5519 D GStreamer+basetransform: 0:00:31.324740874 0xf37ecc60 gstbasetransform.c:533:gst_base_transform_transform_caps:<gluploadelement0> transform caps (direction = 2)
05-10 00:33:36.884  5448  5521 D GStreamer+GST_EVENT: 0:00:31.324776967 0xf37ecd20 gstpad.c:5496:gst_pad_send_event_unchecked:<filesrc0:src> have event type reconfigure event: 0xf39dc628, time 99:99:99.999999999, seq-num 154, (NULL)
05-10 00:33:36.884  5448  5519 D GStreamer+GST_PERFORMANCE: 0:00:31.324813634 0xf37ecc60 gstcaps.c:169:_gst_caps_copy:<0xf3c7d190> doing copy 0xf3c7d190 -> 0xf3c7d400
05-10 00:33:36.884  5448  5521 D GStreamer+basesrc: 0:00:31.324862019 0xf37ecd20 gstbasesrc.c:1987:gst_base_src_default_event:<filesrc0> handle event reconfigure event: 0xf39dc628, time 99:99:99.999999999, seq-num 154, (NULL)
05-10 00:33:36.884  5448  5519 D GStreamer+GST_PERFORMANCE: 0:00:31.324888061 0xf37ecc60 gstcaps.c:169:_gst_caps_copy:<0xf3c7d400> doing copy 0xf3c7d400 -> 0xf3c7d428
05-10 00:33:36.884  5448  5521 D GStreamer+GST_PADS: 0:00:31.324911759 0xf37ecd20 gstpad.c:5569:gst_pad_send_event_unchecked:<filesrc0:src> sent event, ret ok
05-10 00:33:36.884  5448  5521 D GStreamer+GST_PADS: 0:00:31.324960717 0xf37ecd20 gstpad.c:5569:gst_pad_send_event_unchecked:<q:audio_0> sent event, ret ok
05-10 00:33:36.884  5448  5519 D GStreamer+GST_PERFORMANCE: 0:00:31.325004259 0xf37ecc60 gstcaps.c:169:_gst_caps_copy:<0xf3c7d190> doing copy 0xf3c7d190 -> 0xf3c7d478
05-10 00:33:36.884  5448  5521 D GStreamer+GST_PADS: 0:00:31.325020769 0xf37ecd20 gstpad.c:5569:gst_pad_send_event_unchecked:<queue2:src> sent event, ret ok
05-10 00:33:36.885  5448  5521 D GStreamer+GST_PADS: 0:00:31.325070353 0xf37ecd20 gstpad.c:5569:gst_pad_send_event_unchecked:<sink:proxypad1> sent event, ret ok
05-10 00:33:36.885  5448  5519 D GStreamer+GST_PERFORMANCE: 0:00:31.325080874 0xf37ecc60 gstcaps.c:169:_gst_caps_copy:<0xf3c7d478> doing copy 0xf3c7d478 -> 0xf3c7d4a0
05-10 00:33:36.885  5448  5521 D GStreamer+GST_PADS: 0:00:31.325107644 0xf37ecd20 gstpad.c:5569:gst_pad_send_event_unchecked:<typefind:src> sent event, ret ok
05-10 00:33:36.885  5448  5521 D GStreamer+GST_PADS: 0:00:31.325170249 0xf37ecd20 gstpad.c:5569:gst_pad_send_event_unchecked:<mpegaudioparse0:src> sent event, ret ok
05-10 00:33:36.885  5448  5519 D GStreamer+GST_PERFORMANCE: 0:00:31.325195665 0xf37ecc60 gstcaps.c:169:_gst_caps_copy:<0xf3c7d190> doing copy 0xf3c7d190 -> 0xf3c7d4f0
05-10 00:33:36.885  5448  5519 D GStreamer+GST_PERFORMANCE: 0:00:31.325285717 0xf37ecc60 gstcaps.c:169:_gst_caps_copy:<0xf3c7d4f0> doing copy 0xf3c7d4f0 -> 0xf3c7d518
05-10 00:33:36.885  5448  5521 D GStreamer+GST_BUS: 0:00:31.325302436 0xf37ecd20 gstbus.c:309:gst_bus_post:<bus1> [msg 0xf3ad3470] posting on bus structure-change message: 0xf3ad3470, time 99:99:99.999999999, seq-num 155, element 'proxypad3', GstMessageStructureChange, type=(GstStructureChangeType)GST_STRUCTURE_CHANGE_TYPE_PAD_LINK, owner=(GstElement)"\(GstMpegAudioParse\)\ mpegaudioparse0", busy=(boolean)false;
05-10 00:33:36.885  5448  5521 D GStreamer+bin: 0:00:31.325357072 0xf37ecd20 gstbin.c:3528:gst_bin_handle_message_func:<decodebin0> [msg 0xf3ad3470] handling child proxypad3 message of type structure-change
05-10 00:33:36.885  5448  5519 D GStreamer+GST_PERFORMANCE: 0:00:31.325392801 0xf37ecc60 gstcaps.c:169:_gst_caps_copy:<0xf3c7d190> doing copy 0xf3c7d190 -> 0xf3c7d568
05-10 00:33:36.885  5448  5521 D GStreamer+bin: 0:00:31.325406290 0xf37ecd20 gstbin.c:957:bin_remove_messages:<decodepad0:proxypad3> deleting message 0xf3ad34c8 of types 0x00001000
05-10 00:33:36.885  5448  5521 D GStreamer+bin: 0:00:31.325452384 0xf37ecd20 gstbin.c:963:bin_remove_messages:<decodebin0> not deleting message 0xf3ad1670 of type 0x00100000
05-10 00:33:36.885  5448  5519 D GStreamer+GST_PERFORMANCE: 0:00:31.325468947 0xf37ecc60 gstcaps.c:169:_gst_caps_copy:<0xf3c7d568> doing copy 0xf3c7d568 -> 0xf3c7d590
05-10 00:33:36.885  5448  5521 D GStreamer+GST_BUS: 0:00:31.325494363 0xf37ecd20 gstbus.c:344:gst_bus_post:<bus1> [msg 0xf3ad3470] dropped
05-10 00:33:36.885  5448  5521 D GStreamer+decodebin: 0:00:31.325582592 0xf37ecd20 gstdecodebin2.c:1487:copy_sticky_events:<'':decodepad0> store sticky event stream-start event: 0xf3944968, time 99:99:99.999999999, seq-num 101, GstEventStreamStart, stream-id=(string)71ab440d261a1bb43c19b397eec2373651540427aed1e7b0deb4be62a10a7f25/002, flags=(GstStreamFlags)GST_STREAM_FLAG_NONE, group-id=(uint)0;
05-10 00:33:36.885  5448  5519 D GStreamer+basetransform: 0:00:31.325620769 0xf37ecc60 gstbasetransform.c:560:gst_base_transform_transform_caps:<gluploadelement0> to: video/x-raw(memory:GLMemory), format=(string)RGBA, width=(int)1280, height=(int)720, interlace-mode=(string)progressive, pixel-aspect-ratio=(fraction)1/1, colorimetry=(string)sRGB, framerate=(fraction)0/1, texture-target=(string){ 2D, rectangle, external-oes }
05-10 00:33:36.885  5448  5519 D GStreamer+basetransform: 0:00:31.325674832 0xf37ecc60 gstbasetransform.c:1319:gst_base_transform_acceptcaps_default:<gluploadelement0> accept-caps result: 1
05-10 00:33:36.885  5448  5521 D GStreamer+decodebin: 0:00:31.325688842 0xf37ecd20 gstdecodebin2.c:1487:copy_sticky_events:<'':decodepad0> store sticky event caps event: 0xf39dc598, time 99:99:99.999999999, seq-num 144, GstEventCaps, caps=(GstCaps)"audio/mpeg\,\ mpegversion\=\(int\)1\,\ mpegaudioversion\=\(int\)2\,\ layer\=\(int\)3\,\ rate\=\(int\)24000\,\ channels\=\(int\)1\,\ parsed\=\(boolean\)true";
05-10 00:33:36.885  5448  5519 D GStreamer+GST_PADS: 0:00:31.325723322 0xf37ecc60 gstpad.c:3905:gst_pad_query:<gluploadelement0:sink> sent query 0xf39ddf20 (accept-caps), result 1
05-10 00:33:36.885  5448  5521 D GStreamer+decodebin: 0:00:31.325733061 0xf37ecd20 gstdecodebin2.c:2229:connect_pad:<decodebin0> Skipping factory 'mpegaudioparse' because it was already used in this chain
05-10 00:33:36.885  5448  5519 D GStreamer+GST_PADS: 0:00:31.325771394 0xf37ecc60 gstutils.c:2541:gst_pad_proxy_query_accept_caps:<glimagesinkbin0:sink> proxying accept caps query: 1
05-10 00:33:36.885  5448  5521 D GStreamer+GST_PADS: 0:00:31.325790092 0xf37ecd20 gstghostpad.c:840:gst_ghost_pad_set_target:<'':decodepad0> set target mpegaudioparse0:src
05-10 00:33:36.885  5448  5521 I GStreamer+GST_ELEMENT_PADS: 0:00:31.325853217 0xf37ecd20 gstpad.c:2048:gst_pad_unlink unlinking mpegaudioparse0:src(0xf3a4bc00) and decodepad0:proxypad3(0xf3a75618)
05-10 00:33:36.885  5448  5519 D GStreamer+GST_PADS: 0:00:31.325870978 0xf37ecc60 gstpad.c:3065:gst_pad_query_accept_caps_default:<glimagesinkbin0:sink> allowed caps subset ANY, caps video/x-raw, format=(string)RGBA, width=(int)1280, height=(int)720, interlace-mode=(string)progressive, pixel-aspect-ratio=(fraction)1/1, colorimetry=(string)sRGB, framerate=(fraction)0/1
05-10 00:33:36.885  5448  5519 D GStreamer+GST_PADS: 0:00:31.325930197 0xf37ecc60 gstpad.c:3339:gst_pad_query_default:<glimagesinkbin0:sink> not forwarding 0xf39ddf20 (accept-caps) query
05-10 00:33:36.885  5448  5521 D GStreamer+GST_BUS: 0:00:31.325957384 0xf37ecd20 gstbus.c:309:gst_bus_post:<bus1> [msg 0xf3ad3418] posting on bus structure-change message: 0xf3ad3418, time 99:99:99.999999999, seq-num 156, element 'proxypad3', GstMessageStructureChange, type=(GstStructureChangeType)GST_STRUCTURE_CHANGE_TYPE_PAD_UNLINK, owner=(GstElement)"\(GstMpegAudioParse\)\ mpegaudioparse0", busy=(boolean)true;
05-10 00:33:36.885  5448  5519 D GStreamer+GST_PADS: 0:00:31.325989051 0xf37ecc60 gstpad.c:3905:gst_pad_query:<glimagesinkbin0:sink> sent query 0xf39ddf20 (accept-caps), result 1
05-10 00:33:36.885  5448  5521 D GStreamer+bin: 0:00:31.326016186 0xf37ecd20 gstbin.c:3528:gst_bin_handle_message_func:<decodebin0> [msg 0xf3ad3418] handling child proxypad3 message of type structure-change
05-10 00:33:36.886  5448  5519 D GStreamer+default: 0:00:31.326043322 0xf37ecc60 gstutils.c:2926:gst_pad_query_accept_caps:<glimagesinkbin0:sink> query returned 1
05-10 00:33:36.886  5448  5521 D GStreamer+bin: 0:00:31.326070040 0xf37ecd20 gstbin.c:882:find_message:<decodebin0> no message found matching types 00001000
05-10 00:33:36.886  5448  5521 D GStreamer+bin: 0:00:31.326124363 0xf37ecd20 gstbin.c:889:find_message:<decodebin0>   structure-change
05-10 00:33:36.886  5448  5521 D GStreamer+bin: 0:00:31.326172332 0xf37ecd20 gstbin.c:929:bin_replace_message:<decodebin0> got new message 0xf3ad3418, structure-change from proxypad3
05-10 00:33:36.886  5448  5519 D GStreamer+basetransform: 0:00:31.326178738 0xf37ecc60 gstbasetransform.c:1242:gst_base_transform_find_transform:<forhalffps> Input caps were video/x-raw, format=(string)RGBA, width=(int)1280, height=(int)720, interlace-mode=(string)progressive, pixel-aspect-ratio=(fraction)1/1, colorimetry=(string)sRGB, framerate=(fraction)0/1, and got final caps video/x-raw, format=(string)RGBA, width=(int)1280, height=(int)720, interlace-mode=(string)progressive, pixel-aspect-ratio=(fraction)1/1, colorimetry=(string)sRGB, framerate=(fraction)0/1
05-10 00:33:36.886  5448  5521 D GStreamer+GST_BUS: 0:00:31.326207697 0xf37ecd20 gstbus.c:344:gst_bus_post:<bus1> [msg 0xf3ad3418] dropped
05-10 00:33:36.886  5448  5519 I GStreamer+basetransform: 0:00:31.326223686 0xf37ecc60 gstbasetransform.c:1367:gst_base_transform_setcaps:<forhalffps> reuse caps
05-10 00:33:36.886  5448  5521 I GStreamer+GST_ELEMENT_PADS: 0:00:31.326250926 0xf37ecd20 gstpad.c:2102:gst_pad_unlink unlinked mpegaudioparse0:src and decodepad0:proxypad3
05-10 00:33:36.886  5448  5519 D GStreamer+GST_CAPS: 0:00:31.326268009 0xf37ecc60 gstpad.c:2648:gst_pad_get_current_caps:<forhalffps:sink> get current pad caps (NULL)
05-10 00:33:36.886  5448  5519 D GStreamer+GST_CAPS: 0:00:31.326315717 0xf37ecc60 gstpad.c:2648:gst_pad_get_current_caps:<forhalffps:src> get current pad caps (NULL)
05-10 00:33:36.886  5448  5521 D GStreamer+GST_BUS: 0:00:31.326340561 0xf37ecd20 gstbus.c:309:gst_bus_post:<bus1> [msg 0xf3ad2380] posting on bus structure-change message: 0xf3ad2380, time 99:99:99.999999999, seq-num 157, element 'proxypad3', GstMessageStructureChange, type=(GstStructureChangeType)GST_STRUCTURE_CHANGE_TYPE_PAD_UNLINK, owner=(GstElement)"\(GstMpegAudioParse\)\ mpegaudioparse0", busy=(boolean)false;
05-10 00:33:36.886  5448  5519 D GStreamer+basetransform: 0:00:31.326383842 0xf37ecc60 gstbasetransform.c:1061:gst_base_transform_configure_caps:<forhalffps> in caps:  video/x-raw, format=(string)RGBA, width=(int)1280, height=(int)720, interlace-mode=(string)progressive, pixel-aspect-ratio=(fraction)1/1, colorimetry=(string)sRGB, framerate=(fraction)0/1
05-10 00:33:36.886  5448  5521 D GStreamer+bin: 0:00:31.326401447 0xf37ecd20 gstbin.c:3528:gst_bin_handle_message_func:<decodebin0> [msg 0xf3ad2380] handling child proxypad3 message of type structure-change
05-10 00:33:36.886  5448  5519 D GStreamer+basetransform: 0:00:31.326458894 0xf37ecc60 gstbasetransform.c:1062:gst_base_transform_configure_caps:<forhalffps> out caps: video/x-raw, format=(string)RGBA, width=(int)1280, height=(int)720, interlace-mode=(string)progressive, pixel-aspect-ratio=(fraction)1/1, colorimetry=(string)sRGB, framerate=(fraction)0/1
05-10 00:33:36.886  5448  5521 D GStreamer+bin: 0:00:31.326475092 0xf37ecd20 gstbin.c:957:bin_remove_messages:<decodepad0:proxypad3> deleting message 0xf3ad3418 of types 0x00001000
05-10 00:33:36.886  5448  5519 D GStreamer+basetransform: 0:00:31.326501186 0xf37ecc60 gstbasetransform.c:1070:gst_base_transform_configure_caps:<forhalffps> have_same_caps: 1
05-10 00:33:36.886  5448  5521 D GStreamer+bin: 0:00:31.326528738 0xf37ecd20 gstbin.c:963:bin_remove_messages:<decodebin0> not deleting message 0xf3ad1670 of type 0x00100000
05-10 00:33:36.886  5448  5519 I GStreamer+GST_EVENT: 0:00:31.326573165 0xf37ecc60 gstevent.c:679:gst_event_new_caps creating caps event video/x-raw, format=(string)RGBA, width=(int)1280, height=(int)720, interlace-mode=(string)progressive, pixel-aspect-ratio=(fraction)1/1, colorimetry=(string)sRGB, framerate=(fraction)0/1
05-10 00:33:36.886  5448  5521 D GStreamer+GST_BUS: 0:00:31.326589207 0xf37ecd20 gstbus.c:344:gst_bus_post:<bus1> [msg 0xf3ad2380] dropped
05-10 00:33:36.886  5448  5519 D GStreamer+GST_EVENT: 0:00:31.326612749 0xf37ecc60 gstevent.c:302:gst_event_new_custom creating new event 0xf3c1b8e8 caps 12814
05-10 00:33:36.886  5448  5521 D GStreamer+GST_PADS: 0:00:31.326632384 0xf37ecd20 gstghostpad.c:862:gst_ghost_pad_set_target:<'':decodepad0> connecting internal pad to target <mpegaudioparse0:src>
05-10 00:33:36.886  5448  5519 D GStreamer+GST_PADS: 0:00:31.326648790 0xf37ecc60 gstpad.c:5053:store_sticky_event:<forhalffps:src> notify caps
05-10 00:33:36.886  5448  5519 D GStreamer+GST_PADS: 0:00:31.326697801 0xf37ecc60 gstpad.c:3813:check_sticky:<forhalffps:src> pushing all sticky events
05-10 00:33:36.886  5448  5521 D GStreamer+GST_BUS: 0:00:31.326723009 0xf37ecd20 gstbus.c:309:gst_bus_post:<bus1> [msg 0xf3ad2328] posting on bus structure-change message: 0xf3ad2328, time 99:99:99.999999999, seq-num 159, element 'proxypad3', GstMessageStructureChange, type=(GstStructureChangeType)GST_STRUCTURE_CHANGE_TYPE_PAD_LINK, owner=(GstElement)"\(GstMpegAudioParse\)\ mpegaudioparse0", busy=(boolean)true;
05-10 00:33:36.886  5448  5519 D GStreamer+GST_PADS: 0:00:31.326740040 0xf37ecc60 gstpad.c:3745:push_sticky:<forhalffps:src> event stream-start was already received
05-10 00:33:36.886  5448  5521 D GStreamer+bin: 0:00:31.326767905 0xf37ecd20 gstbin.c:3528:gst_bin_handle_message_func:<decodebin0> [msg 0xf3ad2328] handling child proxypad3 message of type structure-change
05-10 00:33:36.886  5448  5521 D GStreamer+bin: 0:00:31.326812592 0xf37ecd20 gstbin.c:882:find_message:<decodebin0> no message found matching types 00001000
05-10 00:33:36.886  5448  5519 D GStreamer+GST_EVENT: 0:00:31.326847488 0xf37ecc60 gstpad.c:5496:gst_pad_send_event_unchecked:<glimagesinkbin0:sink> have event type caps event: 0xf3c1b8e8, time 99:99:99.999999999, seq-num 158, GstEventCaps, caps=(GstCaps)"video/x-raw\,\ format\=\(string\)RGBA\,\ width\=\(int\)1280\,\ height\=\(int\)720\,\ interlace-mode\=\(string\)progressive\,\ pixel-aspect-ratio\=\(fraction\)1/1\,\ colorimetry\=\(string\)sRGB\,\ framerate\=\(fraction\)0/1";
05-10 00:33:36.886  5448  5521 D GStreamer+bin: 0:00:31.326862905 0xf37ecd20 gstbin.c:889:find_message:<decodebin0>   structure-change
05-10 00:33:36.886  5448  5521 D GStreamer+bin: 0:00:31.326911290 0xf37ecd20 gstbin.c:929:bin_replace_message:<decodebin0> got new message 0xf3ad2328, structure-change from proxypad3
05-10 00:33:36.886  5448  5519 D GStreamer+GST_CAPS: 0:00:31.326927280 0xf37ecc60 gstutils.c:2921:gst_pad_query_accept_caps:<glimagesinkbin0:sink> accept caps of video/x-raw, format=(string)RGBA, width=(int)1280, height=(int)720, interlace-mode=(string)progressive, pixel-aspect-ratio=(fraction)1/1, colorimetry=(string)sRGB, framerate=(fraction)0/1
05-10 00:33:36.886  5448  5521 D GStreamer+GST_BUS: 0:00:31.326949624 0xf37ecd20 gstbus.c:344:gst_bus_post:<bus1> [msg 0xf3ad2328] dropped
05-10 00:33:36.886  5448  5519 D GStreamer+query: 0:00:31.326970926 0xf37ecc60 gstquery.c:674:gst_query_new_custom creating new query 0xf39ddf50 accept-caps
05-10 00:33:36.886  5448  5521 I GStreamer+GST_PADS: 0:00:31.326992957 0xf37ecd20 gstpad.c:2292:gst_pad_link_prepare trying to link mpegaudioparse0:src and decodepad0:proxypad3
