03-06 09:27:49.362 22026 22340 D GStreamer+qtdemux: 0:02:46.446206447 0xdd2dbaf0 qtdemux.c:5700:gst_qtdemux_chain:<qtdemux1> pushing in inbuf 0xdccfea20, neededbytes:144077, available:36396
03-06 09:27:49.362 22026 22340 D GStreamer+qtdemux: 0:02:46.446319988 0xdd2dbaf0 qtdemux.c:5700:gst_qtdemux_chain:<qtdemux1> pushing in inbuf 0xdc9798a0, neededbytes:144077, available:40492
03-06 09:27:49.362 22026 22340 D GStreamer+qtdemux: 0:02:46.446433269 0xdd2dbaf0 qtdemux.c:5700:gst_qtdemux_chain:<qtdemux1> pushing in inbuf 0xdcc3f5b8, neededbytes:144077, available:44588
03-06 09:27:49.363 22026 22340 D GStreamer+qtdemux: 0:02:46.446560144 0xdd2dbaf0 qtdemux.c:5700:gst_qtdemux_chain:<qtdemux1> pushing in inbuf 0xdca79830, neededbytes:144077, available:48684
03-06 09:27:49.363 22026 22340 D GStreamer+qtdemux: 0:02:46.446688947 0xdd2dbaf0 qtdemux.c:5700:gst_qtdemux_chain:<qtdemux1> pushing in inbuf 0xdc9a58a8, neededbytes:144077, available:52780
03-06 09:27:49.363 22026 22340 D GStreamer+qtdemux: 0:02:46.446809884 0xdd2dbaf0 qtdemux.c:5700:gst_qtdemux_chain:<qtdemux1> pushing in inbuf 0xdcc3eef0, neededbytes:144077, available:56876
03-06 09:27:49.363 22026 22340 D GStreamer+qtdemux: 0:02:46.446930926 0xdd2dbaf0 qtdemux.c:5700:gst_qtdemux_chain:<qtdemux1> pushing in inbuf 0xdccff688, neededbytes:144077, available:60972
03-06 09:27:49.363 22026 22340 D GStreamer+qtdemux: 0:02:46.447046603 0xdd2dbaf0 qtdemux.c:5700:gst_qtdemux_chain:<qtdemux1> pushing in inbuf 0xdcc3fe60, neededbytes:144077, available:65068
03-06 09:27:49.363 22026 22340 D GStreamer+qtdemux: 0:02:46.447163426 0xdd2dbaf0 qtdemux.c:5700:gst_qtdemux_chain:<qtdemux1> pushing in inbuf 0xdccf3660, neededbytes:144077, available:69164
03-06 09:27:49.363 22026 22340 D GStreamer+qtdemux: 0:02:46.447263790 0xdd2dbaf0 qtdemux.c:5700:gst_qtdemux_chain:<qtdemux1> pushing in inbuf 0xdc9a6e58, neededbytes:144077, available:73260
03-06 09:27:49.363 22026 22340 D GStreamer+qtdemux: 0:02:46.447375249 0xdd2dbaf0 qtdemux.c:5700:gst_qtdemux_chain:<qtdemux1> pushing in inbuf 0xdccf3968, neededbytes:144077, available:77356
03-06 09:27:49.363 22026 22340 D GStreamer+qtdemux: 0:02:46.447483947 0xdd2dbaf0 qtdemux.c:5700:gst_qtdemux_chain:<qtdemux1> pushing in inbuf 0xdcc590c0, neededbytes:144077, available:81452
03-06 09:27:49.364 22026 22340 D GStreamer+qtdemux: 0:02:46.447638374 0xdd2dbaf0 qtdemux.c:5700:gst_qtdemux_chain:<qtdemux1> pushing in inbuf 0xdc9788e8, neededbytes:144077, available:85548
03-06 09:27:49.364 22026 22340 D GStreamer+qtdemux: 0:02:46.447754207 0xdd2dbaf0 qtdemux.c:5700:gst_qtdemux_chain:<qtdemux1> pushing in inbuf 0xdcbff670, neededbytes:144077, available:89644
03-06 09:27:49.364 22026 22340 D GStreamer+qtdemux: 0:02:46.447878061 0xdd2dbaf0 qtdemux.c:5700:gst_qtdemux_chain:<qtdemux1> pushing in inbuf 0xdcc3f8c0, neededbytes:144077, available:93740
03-06 09:27:49.364 22026 22340 D GStreamer+qtdemux: 0:02:46.447988738 0xdd2dbaf0 qtdemux.c:5700:gst_qtdemux_chain:<qtdemux1> pushing in inbuf 0xdcc515c8, neededbytes:144077, available:97836
03-06 09:27:49.364 22026 22340 D GStreamer+qtdemux: 0:02:46.448097176 0xdd2dbaf0 qtdemux.c:5700:gst_qtdemux_chain:<qtdemux1> pushing in inbuf 0xdccffa30, neededbytes:144077, available:101932
03-06 09:27:49.364 22026 22340 D GStreamer+qtdemux: 0:02:46.448206915 0xdd2dbaf0 qtdemux.c:5700:gst_qtdemux_chain:<qtdemux1> pushing in inbuf 0xdccfede0, neededbytes:144077, available:106028
03-06 09:27:49.364 22026 22340 D GStreamer+qtdemux: 0:02:46.448324155 0xdd2dbaf0 qtdemux.c:5700:gst_qtdemux_chain:<qtdemux1> pushing in inbuf 0xdca79a10, neededbytes:144077, available:110124
03-06 09:27:49.364 22026 22340 D GStreamer+qtdemux: 0:02:46.448438738 0xdd2dbaf0 qtdemux.c:5700:gst_qtdemux_chain:<qtdemux1> pushing in inbuf 0xdcc3f960, neededbytes:144077, available:114220
03-06 09:27:49.365 22026 22340 D GStreamer+qtdemux: 0:02:46.448545301 0xdd2dbaf0 qtdemux.c:5700:gst_qtdemux_chain:<qtdemux1> pushing in inbuf 0xdc979bc0, neededbytes:144077, available:118316
03-06 09:27:49.365 22026 22340 D GStreamer+qtdemux: 0:02:46.448655665 0xdd2dbaf0 qtdemux.c:5700:gst_qtdemux_chain:<qtdemux1> pushing in inbuf 0xdd6cd530, neededbytes:144077, available:122412
03-06 09:27:49.365 22026 22340 D GStreamer+qtdemux: 0:02:46.448773582 0xdd2dbaf0 qtdemux.c:5700:gst_qtdemux_chain:<qtdemux1> pushing in inbuf 0xdcc3f518, neededbytes:144077, available:126508
03-06 09:27:49.365 22026 22340 D GStreamer+qtdemux: 0:02:46.448882384 0xdd2dbaf0 qtdemux.c:5700:gst_qtdemux_chain:<qtdemux1> pushing in inbuf 0xdcc3e148, neededbytes:144077, available:130604
03-06 09:27:49.365 22026 22340 D GStreamer+qtdemux: 0:02:46.448996759 0xdd2dbaf0 qtdemux.c:5700:gst_qtdemux_chain:<qtdemux1> pushing in inbuf 0xdcc3e6e8, neededbytes:144077, available:134700
03-06 09:27:49.365 22026 22340 D GStreamer+qtdemux: 0:02:46.449105978 0xdd2dbaf0 qtdemux.c:5700:gst_qtdemux_chain:<qtdemux1> pushing in inbuf 0xdcbfff30, neededbytes:144077, available:138796
03-06 09:27:49.365 22026 22340 D GStreamer+qtdemux: 0:02:46.449212176 0xdd2dbaf0 qtdemux.c:5700:gst_qtdemux_chain:<qtdemux1> pushing in inbuf 0xdc9778c8, neededbytes:144077, available:142892
03-06 09:27:49.365 22026 22340 D GStreamer+qtdemux: 0:02:46.449319467 0xdd2dbaf0 qtdemux.c:5700:gst_qtdemux_chain:<qtdemux1> pushing in inbuf 0xdc9a65b0, neededbytes:144077, available:146988
03-06 09:27:49.365 22026 22340 D GStreamer+qtdemux: 0:02:46.449410509 0xdd2dbaf0 qtdemux.c:5720:gst_qtdemux_process_adapter:<qtdemux1> state:2 , demux->neededbytes:144077, demux->offset:34615804
03-06 09:27:49.366 22026 22340 D GStreamer+qtdemux: 0:02:46.449505144 0xdd2dbaf0 qtdemux.c:6067:gst_qtdemux_process_adapter:<qtdemux1> BEGIN // in MOVIE for offset 34615804
03-06 09:27:49.366 22026 22340 V GStreamer+qtdemux: 0:02:46.449596134 0xdd2dbaf0 qtdemux.c:6145:gst_qtdemux_process_adapter:<qtdemux1> Checking stream 0 (sample_index:239 / offset:34615804 / size:144077)
03-06 09:27:49.366 22026 22340 D GStreamer+qtdemux: 0:02:46.449680561 0xdd2dbaf0 qtdemux.c:6163:gst_qtdemux_process_adapter:<qtdemux1> stream : avc1
03-06 09:27:49.366 22026 22340 V GStreamer+qtdemux: 0:02:46.450175405 0xdd2dbaf0 qtdemux.c:4961:gst_qtdemux_decorate_and_push_buffer:<qtdemux1> Pushing buffer with dts 0:00:04.705800000, pts 0:00:04.705800000, duration 0:00:00.019600000 on pad video_0
03-06 09:27:49.378 22026 22232 V GStreamer+qtdemux: 0:02:46.462181290 0xdd2db980 qtdemux.c:810:gst_qtdemux_handle_src_query:<qtdemux1:video_0> position query
03-06 09:27:49.379 22026 22340 V GStreamer+qtdemux: 0:02:46.462956967 0xdd2dbaf0 qtdemux.c:4633:gst_qtdemux_combine_flows:<qtdemux1> flow return: ok
03-06 09:27:49.379 22026 22340 V GStreamer+qtdemux: 0:02:46.463096342 0xdd2dbaf0 qtdemux.c:4641:gst_qtdemux_combine_flows:<qtdemux1> combined flow return: ok
03-06 09:27:49.379 22026 22340 V GStreamer+qtdemux: 0:02:46.463190874 0xdd2dbaf0 qtdemux.c:6219:gst_qtdemux_process_adapter:<qtdemux1> increasing offset 34615804 by 144077
03-06 09:27:49.379 22026 22340 V GStreamer+qtdemux: 0:02:46.463281238 0xdd2dbaf0 qtdemux.c:6222:gst_qtdemux_process_adapter:<qtdemux1> offset is now 34759881
03-06 09:27:49.379 22026 22340 V GStreamer+qtdemux: 0:02:46.463364988 0xdd2dbaf0 qtdemux.c:5472:next_entry_size:<qtdemux1> Finding entry at offset 34759881
03-06 09:27:49.379 22026 22340 V GStreamer+qtdemux: 0:02:46.463461915 0xdd2dbaf0 qtdemux.c:7663:qtdemux_parse_samples:<qtdemux1> parsing samples for stream fourcc avc1, pad video_0
03-06 09:27:49.380 22026 22342 I GStreamer+baseparse: 0:02:46.463491394 0xd73ffa90 gstbaseparse.c:3945:gst_base_parse_set_latency:<h264parse1> min/max latency 0:00:00.019480519, 0:00:00.019480519
03-06 09:27:49.380 22026 22340 D GStreamer+qtdemux: 0:02:46.463549780 0xdd2dbaf0 qtdemux.c:7674:qtdemux_parse_samples:<qtdemux1> parsing up to sample 240
03-06 09:27:49.380 22026 22340 V GStreamer+qtdemux: 0:02:46.463641707 0xdd2dbaf0 qtdemux.c:7700:qtdemux_parse_samples:<qtdemux1> sample 240 has size 144056
03-06 09:27:49.380 22026 22340 V GStreamer+qtdemux: 0:02:46.463740561 0xdd2dbaf0 qtdemux.c:7824:qtdemux_parse_samples:<qtdemux1> creating entry 240 with offset 34759881 and size 144056
03-06 09:27:49.380 22026 22340 V GStreamer+qtdemux: 0:02:46.463832592 0xdd2dbaf0 qtdemux.c:7868:qtdemux_parse_samples:<qtdemux1> block 0, 1 timestamps, duration 96
03-06 09:27:49.380 22026 22340 D GStreamer+qtdemux: 0:02:46.463931447 0xdd2dbaf0 qtdemux.c:7881:qtdemux_parse_samples:<qtdemux1> sample 240: index 0, timestamp 0:00:04.725400000
03-06 09:27:49.380 22026 22340 D GStreamer+qtdemux: 0:02:46.464018009 0xdd2dbaf0 qtdemux.c:7936:qtdemux_parse_samples:<qtdemux1> samples at 240 is keyframe
03-06 09:27:49.380 22026 22340 V GStreamer+qtdemux: 0:02:46.464110509 0xdd2dbaf0 qtdemux.c:5498:next_entry_size:<qtdemux1> Checking Stream 0 (sample_index:240 / offset:34759881 / size:144056)
03-06 09:27:49.380 22026 22340 V GStreamer+qtdemux: 0:02:46.464201863 0xdd2dbaf0 qtdemux.c:5509:next_entry_size:<qtdemux1> stream 0 offset 34759881 demux->offset :34759881
03-06 09:27:49.380 22026 22340 D GStreamer+qtdemux: 0:02:46.464359624 0xdd2dbaf0 qtdemux.c:5700:gst_qtdemux_chain:<qtdemux1> pushing in inbuf 0xdcc513e8, neededbytes:144056, available:7007
03-06 09:27:49.381 22026 22340 D GStreamer+qtdemux: 0:02:46.464506655 0xdd2dbaf0 qtdemux.c:5700:gst_qtdemux_chain:<qtdemux1> pushing in inbuf 0xdccff990, neededbytes:144056, available:11103
03-06 09:27:49.381 22026 22340 D GStreamer+qtdemux: 0:02:46.464641603 0xdd2dbaf0 qtdemux.c:5700:gst_qtdemux_chain:<qtdemux1> pushing in inbuf 0xdcc51aa0, neededbytes:144056, available:15199
03-06 09:27:49.381 22026 22340 D GStreamer+qtdemux: 0:02:46.464773426 0xdd2dbaf0 qtdemux.c:5700:gst_qtdemux_chain:<qtdemux1> pushing in inbuf 0xdcc51dc0, neededbytes:144056, available:19295
03-06 09:27:49.381 22026 22340 D GStreamer+qtdemux: 0:02:46.464897019 0xdd2dbaf0 qtdemux.c:5700:gst_qtdemux_chain:<qtdemux1> pushing in inbuf 0xdc977dc8, neededbytes:144056, available:23391
03-06 09:27:49.381 22026 22340 D GStreamer+qtdemux: 0:02:46.465017644 0xdd2dbaf0 qtdemux.c:5700:gst_qtdemux_chain:<qtdemux1> pushing in inbuf 0xdcc3e008, neededbytes:144056, available:27487
03-06 09:27:49.381 22026 22340 D GStreamer+qtdemux: 0:02:46.465142801 0xdd2dbaf0 qtdemux.c:5700:gst_qtdemux_chain:<qtdemux1> pushing in inbuf 0xdca79f10, neededbytes:144056, available:31583
03-06 09:27:49.381 22026 22340 D GStreamer+qtdemux: 0:02:46.465272540 0xdd2dbaf0 qtdemux.c:5700:gst_qtdemux_chain:<qtdemux1> pushing in inbuf 0xdc9a56e0, neededbytes:144056, available:35679
03-06 09:27:49.381 22026 22340 D GStreamer+qtdemux: 0:02:46.465395405 0xdd2dbaf0 qtdemux.c:5700:gst_qtdemux_chain:<qtdemux1> pushing in inbuf 0xdc979d00, neededbytes:144056, available:39775
03-06 09:27:49.382 22026 22340 D GStreamer+qtdemux: 0:02:46.465519572 0xdd2dbaf0 qtdemux.c:5700:gst_qtdemux_chain:<qtdemux1> pushing in inbuf 0xdc9a5bc8, neededbytes:144056, available:43871
03-06 09:27:49.382 22026 22340 D GStreamer+qtdemux: 0:02:46.465643374 0xdd2dbaf0 qtdemux.c:5700:gst_qtdemux_chain:<qtdemux1> pushing in inbuf 0xdcc3ee50, neededbytes:144056, available:47967
03-06 09:27:49.382 22026 22340 D GStreamer+qtdemux: 0:02:46.465772540 0xdd2dbaf0 qtdemux.c:5700:gst_qtdemux_chain:<qtdemux1> pushing in inbuf 0xdcc51f00, neededbytes:144056, available:52063
03-06 09:27:49.382 22026 22340 D GStreamer+qtdemux: 0:02:46.465901290 0xdd2dbaf0 qtdemux.c:5700:gst_qtdemux_chain:<qtdemux1> pushing in inbuf 0xdc978ac8, neededbytes:144056, available:56159
03-06 09:27:49.382 22026 22340 D GStreamer+qtdemux: 0:02:46.466031499 0xdd2dbaf0 qtdemux.c:5700:gst_qtdemux_chain:<qtdemux1> pushing in inbuf 0xdc979da0, neededbytes:144056, available:60255
03-06 09:27:49.382 22026 22340 D GStreamer+qtdemux: 0:02:46.466158061 0xdd2dbaf0 qtdemux.c:5700:gst_qtdemux_chain:<qtdemux1> pushing in inbuf 0xdc978ca8, neededbytes:144056, available:64351
03-06 09:27:49.382 22026 22340 D GStreamer+qtdemux: 0:02:46.466332540 0xdd2dbaf0 qtdemux.c:5700:gst_qtdemux_chain:<qtdemux1> pushing in inbuf 0xdcc3ed10, neededbytes:144056, available:68447
03-06 09:27:49.382 22026 22340 D GStreamer+qtdemux: 0:02:46.466461915 0xdd2dbaf0 qtdemux.c:5700:gst_qtdemux_chain:<qtdemux1> pushing in inbuf 0xdcc3e328, neededbytes:144056, available:72543
03-06 09:27:49.383 22026 22340 D GStreamer+qtdemux: 0:02:46.466587072 0xdd2dbaf0 qtdemux.c:5700:gst_qtdemux_chain:<qtdemux1> pushing in inbuf 0xdc9a5000, neededbytes:144056, available:76639
03-06 09:27:49.383 22026 22340 D GStreamer+qtdemux: 0:02:46.466713894 0xdd2dbaf0 qtdemux.c:5700:gst_qtdemux_chain:<qtdemux1> pushing in inbuf 0xdd15cbd8, neededbytes:144056, available:80735
03-06 09:27:49.383 22026 22340 D GStreamer+qtdemux: 0:02:46.466832644 0xdd2dbaf0 qtdemux.c:5700:gst_qtdemux_chain:<qtdemux1> pushing in inbuf 0xdcc3e1e8, neededbytes:144056, available:84831
03-06 09:27:49.383 22026 22340 D GStreamer+qtdemux: 0:02:46.466953842 0xdd2dbaf0 qtdemux.c:5700:gst_qtdemux_chain:<qtdemux1> pushing in inbuf 0xdcbff170, neededbytes:144056, available:88927
03-06 09:27:49.383 22026 22340 D GStreamer+qtdemux: 0:02:46.467074155 0xdd2dbaf0 qtdemux.c:5700:gst_qtdemux_chain:<qtdemux1> pushing in inbuf 0xdcc59480, neededbytes:144056, available:93023
03-06 09:27:49.383 22026 22340 D GStreamer+qtdemux: 0:02:46.467204832 0xdd2dbaf0 qtdemux.c:5700:gst_qtdemux_chain:<qtdemux1> pushing in inbuf 0xdc978040, neededbytes:144056, available:97119
03-06 09:27:49.383 22026 22340 D GStreamer+qtdemux: 0:02:46.467337644 0xdd2dbaf0 qtdemux.c:5700:gst_qtdemux_chain:<qtdemux1> pushing in inbuf 0xdca79488, neededbytes:144056, available:101215
03-06 09:27:49.383 22026 22340 D GStreamer+qtdemux: 0:02:46.467467644 0xdd2dbaf0 qtdemux.c:5700:gst_qtdemux_chain:<qtdemux1> pushing in inbuf 0xdcbfe660, neededbytes:144056, available:105311
03-06 09:27:49.384 22026 22340 D GStreamer+qtdemux: 0:02:46.467651342 0xdd2dbaf0 qtdemux.c:5700:gst_qtdemux_chain:<qtdemux1> pushing in inbuf 0xdc979100, neededbytes:144056, available:109407
03-06 09:27:49.384 22026 22340 D GStreamer+qtdemux: 0:02:46.467798322 0xdd2dbaf0 qtdemux.c:5700:gst_qtdemux_chain:<qtdemux1> pushing in inbuf 0xdccf3828, neededbytes:144056, available:113503
03-06 09:27:49.384 22026 22340 D GStreamer+qtdemux: 0:02:46.467926290 0xdd2dbaf0 qtdemux.c:5700:gst_qtdemux_chain:<qtdemux1> pushing in inbuf 0xdcc51668, neededbytes:144056, available:117599
03-06 09:27:49.384 22026 22340 D GStreamer+qtdemux: 0:02:46.468060509 0xdd2dbaf0 qtdemux.c:5700:gst_qtdemux_chain:<qtdemux1> pushing in inbuf 0xdca79dd0, neededbytes:144056, available:121695
03-06 09:27:49.384 22026 22340 D GStreamer+qtdemux: 0:02:46.468177019 0xdd2dbaf0 qtdemux.c:5700:gst_qtdemux_chain:<qtdemux1> pushing in inbuf 0xdd15c818, neededbytes:144056, available:125791
03-06 09:27:49.384 22026 22340 D GStreamer+qtdemux: 0:02:46.468290509 0xdd2dbaf0 qtdemux.c:5700:gst_qtdemux_chain:<qtdemux1> pushing in inbuf 0xdcc59660, neededbytes:144056, available:129887
03-06 09:27:49.384 22026 22340 D GStreamer+qtdemux: 0:02:46.468410717 0xdd2dbaf0 qtdemux.c:5700:gst_qtdemux_chain:<qtdemux1> pushing in inbuf 0xdc9a68b8, neededbytes:144056, available:133983
03-06 09:27:49.385 22026 22340 D GStreamer+qtdemux: 0:02:46.468540353 0xdd2dbaf0 qtdemux.c:5700:gst_qtdemux_chain:<qtdemux1> pushing in inbuf 0xdcbff990, neededbytes:144056, available:138079
03-06 09:27:49.385 22026 22340 D GStreamer+qtdemux: 0:02:46.468659311 0xdd2dbaf0 qtdemux.c:5700:gst_qtdemux_chain:<qtdemux1> pushing in inbuf 0xdca79528, neededbytes:144056, available:142175
03-06 09:27:49.385 22026 22340 D GStreamer+qtdemux: 0:02:46.468783999 0xdd2dbaf0 qtdemux.c:5700:gst_qtdemux_chain:<qtdemux1> pushing in inbuf 0xdca79668, neededbytes:144056, available:146271
03-06 09:27:49.385 22026 22340 D GStreamer+qtdemux: 0:02:46.468892384 0xdd2dbaf0 qtdemux.c:5720:gst_qtdemux_process_adapter:<qtdemux1> state:2 , demux->neededbytes:144056, demux->offset:34759881
03-06 09:27:49.385 22026 22340 D GStreamer+qtdemux: 0:02:46.468984676 0xdd2dbaf0 qtdemux.c:6067:gst_qtdemux_process_adapter:<qtdemux1> BEGIN // in MOVIE for offset 34759881
03-06 09:27:49.385 22026 22340 V GStreamer+qtdemux: 0:02:46.469082384 0xdd2dbaf0 qtdemux.c:6145:gst_qtdemux_process_adapter:<qtdemux1> Checking stream 0 (sample_index:240 / offset:34759881 / size:144056)
03-06 09:27:49.385 22026 22340 D GStreamer+qtdemux: 0:02:46.469181186 0xdd2dbaf0 qtdemux.c:6163:gst_qtdemux_process_adapter:<qtdemux1> stream : avc1
03-06 09:27:49.386 22026 22340 V GStreamer+qtdemux: 0:02:46.469708478 0xdd2dbaf0 qtdemux.c:4961:gst_qtdemux_decorate_and_push_buffer:<qtdemux1> Pushing buffer with dts 0:00:04.725400000, pts 0:00:04.725400000, duration 0:00:00.019200000 on pad video_0
03-06 09:27:49.391 22026 22337 W GStreamer+amcvideodec: 0:02:46.474862488 0xd73ffe60 gstamcvideodec.c:1165:_amc_gl_wait gl_sync 0xdcd45260 could not wait for frame, took too long
03-06 09:27:49.398 22026 22232 V GStreamer+qtdemux: 0:02:46.481587436 0xdd2db980 qtdemux.c:810:gst_qtdemux_handle_src_query:<qtdemux1:video_0> position query
03-06 09:27:49.398 22026 22340 V GStreamer+qtdemux: 0:02:46.482408894 0xdd2dbaf0 qtdemux.c:4633:gst_qtdemux_combine_flows:<qtdemux1> flow return: ok
03-06 09:27:49.399 22026 22340 V GStreamer+qtdemux: 0:02:46.482525978 0xdd2dbaf0 qtdemux.c:4641:gst_qtdemux_combine_flows:<qtdemux1> combined flow return: ok
03-06 09:27:49.399 22026 22340 V GStreamer+qtdemux: 0:02:46.482610717 0xdd2dbaf0 qtdemux.c:6219:gst_qtdemux_process_adapter:<qtdemux1> increasing offset 34759881 by 144056
03-06 09:27:49.399 22026 22340 V GStreamer+qtdemux: 0:02:46.482681447 0xdd2dbaf0 qtdemux.c:6222:gst_qtdemux_process_adapter:<qtdemux1> offset is now 34903937
03-06 09:27:49.399 22026 22340 V GStreamer+qtdemux: 0:02:46.482752592 0xdd2dbaf0 qtdemux.c:5472:next_entry_size:<qtdemux1> Finding entry at offset 34903937
03-06 09:27:49.399 22026 22342 I GStreamer+baseparse: 0:02:46.482855717 0xd73ffa90 gstbaseparse.c:3945:gst_base_parse_set_latency:<h264parse1> min/max latency 0:00:00.019480519, 0:00:00.019480519
03-06 09:27:49.399 22026 22340 V GStreamer+qtdemux: 0:02:46.482890353 0xdd2dbaf0 qtdemux.c:7663:qtdemux_parse_samples:<qtdemux1> parsing samples for stream fourcc avc1, pad video_0
03-06 09:27:49.399 22026 22340 D GStreamer+qtdemux: 0:02:46.482990769 0xdd2dbaf0 qtdemux.c:7674:qtdemux_parse_samples:<qtdemux1> parsing up to sample 241
03-06 09:27:49.399 22026 22340 V GStreamer+qtdemux: 0:02:46.483071186 0xdd2dbaf0 qtdemux.c:7700:qtdemux_parse_samples:<qtdemux1> sample 241 has size 144363
03-06 09:27:49.399 22026 22340 V GStreamer+qtdemux: 0:02:46.483153061 0xdd2dbaf0 qtdemux.c:7824:qtdemux_parse_samples:<qtdemux1> creating entry 241 with offset 34903937 and size 144363
03-06 09:27:49.399 22026 22340 V GStreamer+qtdemux: 0:02:46.483233113 0xdd2dbaf0 qtdemux.c:7868:qtdemux_parse_samples:<qtdemux1> block 0, 1 timestamps, duration 98
03-06 09:27:49.399 22026 22340 D GStreamer+qtdemux: 0:02:46.483318113 0xdd2dbaf0 qtdemux.c:7881:qtdemux_parse_samples:<qtdemux1> sample 241: index 0, timestamp 0:00:04.744600000
03-06 09:27:49.399 22026 22340 D GStreamer+qtdemux: 0:02:46.483390509 0xdd2dbaf0 qtdemux.c:7936:qtdemux_parse_samples:<qtdemux1> samples at 241 is keyframe
03-06 09:27:49.399 22026 22340 V GStreamer+qtdemux: 0:02:46.483469936 0xdd2dbaf0 qtdemux.c:5498:next_entry_size:<qtdemux1> Checking Stream 0 (sample_index:241 / offset:34903937 / size:144363)
03-06 09:27:49.400 22026 22340 V GStreamer+qtdemux: 0:02:46.483542072 0xdd2dbaf0 qtdemux.c:5509:next_entry_size:<qtdemux1> stream 0 offset 34903937 demux->offset :34903937
03-06 09:27:49.400 22026 22340 D GStreamer+qtdemux: 0:02:46.483657488 0xdd2dbaf0 qtdemux.c:5700:gst_qtdemux_chain:<qtdemux1> pushing in inbuf 0xdc977a08, neededbytes:144363, available:6311
03-06 09:27:49.400 22026 22340 D GStreamer+qtdemux: 0:02:46.483760665 0xdd2dbaf0 qtdemux.c:5700:gst_qtdemux_chain:<qtdemux1> pushing in inbuf 0xdccf3b48, neededbytes:144363, available:10407
03-06 09:27:49.400 22026 22340 D GStreamer+qtdemux: 0:02:46.483851134 0xdd2dbaf0 qtdemux.c:5700:gst_qtdemux_chain:<qtdemux1> pushing in inbuf 0xdcbfe828, neededbytes:144363, available:14503
03-06 09:27:49.400 22026 22340 D GStreamer+qtdemux: 0:02:46.483954624 0xdd2dbaf0 qtdemux.c:5700:gst_qtdemux_chain:<qtdemux1> pushing in inbuf 0xdc978988, neededbytes:144363, available:18599
03-06 09:27:49.400 22026 22340 D GStreamer+qtdemux: 0:02:46.484060301 0xdd2dbaf0 qtdemux.c:5700:gst_qtdemux_chain:<qtdemux1> pushing in inbuf 0xdc979380, neededbytes:144363, available:22695
03-06 09:27:49.400 22026 22340 D GStreamer+qtdemux: 0:02:46.484165665 0xdd2dbaf0 qtdemux.c:5700:gst_qtdemux_chain:<qtdemux1> pushing in inbuf 0xdcc3e288, neededbytes:144363, available:26791
03-06 09:27:49.400 22026 22340 D GStreamer+qtdemux: 0:02:46.484269259 0xdd2dbaf0 qtdemux.c:5700:gst_qtdemux_chain:<qtdemux1> pushing in inbuf 0xdcc59da8, neededbytes:144363, available:30887
03-06 09:27:49.400 22026 22340 D GStreamer+qtdemux: 0:02:46.484384832 0xdd2dbaf0 qtdemux.c:5700:gst_qtdemux_chain:<qtdemux1> pushing in inbuf 0xdcbffc10, neededbytes:144363, available:34983
03-06 09:27:49.401 22026 22340 D GStreamer+qtdemux: 0:02:46.484496603 0xdd2dbaf0 qtdemux.c:5700:gst_qtdemux_chain:<qtdemux1> pushing in inbuf 0xdccfff30, neededbytes:144363, available:39079
03-06 09:27:49.401 22026 22340 D GStreamer+qtdemux: 0:02:46.484608894 0xdd2dbaf0 qtdemux.c:5700:gst_qtdemux_chain:<qtdemux1> pushing in inbuf 0xdcbff210, neededbytes:144363, available:43175
03-06 09:27:49.401 22026 22340 D GStreamer+qtdemux: 0:02:46.484716811 0xdd2dbaf0 qtdemux.c:5700:gst_qtdemux_chain:<qtdemux1> pushing in inbuf 0xdc978e88, neededbytes:144363, available:47271
03-06 09:27:49.401 22026 22340 D GStreamer+qtdemux: 0:02:46.484817644 0xdd2dbaf0 qtdemux.c:5700:gst_qtdemux_chain:<qtdemux1> pushing in inbuf 0xdccffb70, neededbytes:144363, available:51367
03-06 09:27:49.401 22026 22340 D GStreamer+qtdemux: 0:02:46.484923842 0xdd2dbaf0 qtdemux.c:5700:gst_qtdemux_chain:<qtdemux1> pushing in inbuf 0xdc9a6958, neededbytes:144363, available:55463
03-06 09:27:49.401 22026 22340 D GStreamer+qtdemux: 0:02:46.485020040 0xdd2dbaf0 qtdemux.c:5700:gst_qtdemux_chain:<qtdemux1> pushing in inbuf 0xdcc59340, neededbytes:144363, available:59559
03-06 09:27:49.401 22026 22340 D GStreamer+qtdemux: 0:02:46.485116603 0xdd2dbaf0 qtdemux.c:5700:gst_qtdemux_chain:<qtdemux1> pushing in inbuf 0xdccfe218, neededbytes:144363, available:63655
03-06 09:27:49.401 22026 22340 D GStreamer+qtdemux: 0:02:46.485209415 0xdd2dbaf0 qtdemux.c:5700:gst_qtdemux_chain:<qtdemux1> pushing in inbuf 0xdc978f28, neededbytes:144363, available:67751
03-06 09:27:49.401 22026 22340 D GStreamer+qtdemux: 0:02:46.485313374 0xdd2dbaf0 qtdemux.c:5700:gst_qtdemux_chain:<qtdemux1> pushing in inbuf 0xdcc3ff00, neededbytes:144363, available:71847
03-06 09:27:49.401 22026 22340 D GStreamer+qtdemux: 0:02:46.485409311 0xdd2dbaf0 qtdemux.c:5700:gst_qtdemux_chain:<qtdemux1> pushing in inbuf 0xdcc59948, neededbytes:144363, available:75943
03-06 09:27:49.402 22026 22340 D GStreamer+qtdemux: 0:02:46.485503113 0xdd2dbaf0 qtdemux.c:5700:gst_qtdemux_chain:<qtdemux1> pushing in inbuf 0xdcbff5d0, neededbytes:144363, available:80039
03-06 09:27:49.402 22026 22340 D GStreamer+qtdemux: 0:02:46.485605301 0xdd2dbaf0 qtdemux.c:5700:gst_qtdemux_chain:<qtdemux1> pushing in inbuf 0xdcc3fbe0, neededbytes:144363, available:84135
03-06 09:27:49.402 22026 22340 D GStreamer+qtdemux: 0:02:46.485701603 0xdd2dbaf0 qtdemux.c:5700:gst_qtdemux_chain:<qtdemux1> pushing in inbuf 0xdccffcb0, neededbytes:144363, available:88231
03-06 09:27:49.402 22026 22340 D GStreamer+qtdemux: 0:02:46.485801707 0xdd2dbaf0 qtdemux.c:5700:gst_qtdemux_chain:<qtdemux1> pushing in inbuf 0xdcc59b28, neededbytes:144363, available:92327
03-06 09:27:49.402 22026 22340 D GStreamer+qtdemux: 0:02:46.485909728 0xdd2dbaf0 qtdemux.c:5700:gst_qtdemux_chain:<qtdemux1> pushing in inbuf 0xdcc51e60, neededbytes:144363, available:96423
03-06 09:27:49.402 22026 22340 D GStreamer+qtdemux: 0:02:46.486015509 0xdd2dbaf0 qtdemux.c:5700:gst_qtdemux_chain:<qtdemux1> pushing in inbuf 0xdc9a6bd8, neededbytes:144363, available:100519
03-06 09:27:49.402 22026 22340 D GStreamer+qtdemux: 0:02:46.486137072 0xdd2dbaf0 qtdemux.c:5700:gst_qtdemux_chain:<qtdemux1> pushing in inbuf 0xdcc3f1f8, neededbytes:144363, available:104615
03-06 09:27:49.402 22026 22340 D GStreamer+qtdemux: 0:02:46.486249155 0xdd2dbaf0 qtdemux.c:5700:gst_qtdemux_chain:<qtdemux1> pushing in inbuf 0xdcbfed28, neededbytes:144363, available:108711
03-06 09:27:49.402 22026 22340 D GStreamer+qtdemux: 0:02:46.486359363 0xdd2dbaf0 qtdemux.c:5700:gst_qtdemux_chain:<qtdemux1> pushing in inbuf 0xdc979b20, neededbytes:144363, available:112807
03-06 09:27:49.402 22026 22340 D GStreamer+qtdemux: 0:02:46.486457592 0xdd2dbaf0 qtdemux.c:5700:gst_qtdemux_chain:<qtdemux1> pushing in inbuf 0xdc978680, neededbytes:144363, available:116903
03-06 09:27:49.403 22026 22340 D GStreamer+qtdemux: 0:02:46.486558165 0xdd2dbaf0 qtdemux.c:5700:gst_qtdemux_chain:<qtdemux1> pushing in inbuf 0xdccf3480, neededbytes:144363, available:120999
03-06 09:27:49.403 22026 22340 D GStreamer+qtdemux: 0:02:46.486667905 0xdd2dbaf0 qtdemux.c:5700:gst_qtdemux_chain:<qtdemux1> pushing in inbuf 0xdc9a5e48, neededbytes:144363, available:125095
03-06 09:27:49.403 22026 22340 D GStreamer+qtdemux: 0:02:46.486769155 0xdd2dbaf0 qtdemux.c:5700:gst_qtdemux_chain:<qtdemux1> pushing in inbuf 0xdcc3f3d8, neededbytes:144363, available:129191
03-06 09:27:49.403 22026 22340 D GStreamer+qtdemux: 0:02:46.486901447 0xdd2dbaf0 qtdemux.c:5700:gst_qtdemux_chain:<qtdemux1> pushing in inbuf 0xdccf3be8, neededbytes:144363, available:133287
03-06 09:27:49.403 22026 22340 D GStreamer+qtdemux: 0:02:46.487025509 0xdd2dbaf0 qtdemux.c:5700:gst_qtdemux_chain:<qtdemux1> pushing in inbuf 0xdca798d0, neededbytes:144363, available:137383
03-06 09:27:49.403 22026 22340 D GStreamer+qtdemux: 0:02:46.487133530 0xdd2dbaf0 qtdemux.c:5700:gst_qtdemux_chain:<qtdemux1> pushing in inbuf 0xdcbff030, neededbytes:144363, available:141479
03-06 09:27:49.403 22026 22340 D GStreamer+qtdemux: 0:02:46.487240874 0xdd2dbaf0 qtdemux.c:5700:gst_qtdemux_chain:<qtdemux1> pushing in inbuf 0xdcc3f018, neededbytes:144363, available:145575
03-06 09:27:49.403 22026 22340 D GStreamer+qtdemux: 0:02:46.487335769 0xdd2dbaf0 qtdemux.c:5720:gst_qtdemux_process_adapter:<qtdemux1> state:2 , demux->neededbytes:144363, demux->offset:34903937
03-06 09:27:49.403 22026 22340 D GStreamer+qtdemux: 0:02:46.487420457 0xdd2dbaf0 qtdemux.c:6067:gst_qtdemux_process_adapter:<qtdemux1> BEGIN // in MOVIE for offset 34903937
03-06 09:27:49.404 22026 22340 V GStreamer+qtdemux: 0:02:46.487501447 0xdd2dbaf0 qtdemux.c:6145:gst_qtdemux_process_adapter:<qtdemux1> Checking stream 0 (sample_index:241 / offset:34903937 / size:144363)
03-06 09:27:49.404 22026 22340 D GStreamer+qtdemux: 0:02:46.487623269 0xdd2dbaf0 qtdemux.c:6163:gst_qtdemux_process_adapter:<qtdemux1> stream : avc1
03-06 09:27:49.406 22026 22340 V GStreamer+qtdemux: 0:02:46.490342644 0xdd2dbaf0 qtdemux.c:4961:gst_qtdemux_decorate_and_push_buffer:<qtdemux1> Pushing buffer with dts 0:00:04.744600000, pts 0:00:04.744600000, duration 0:00:00.019600000 on pad video_0
03-06 09:27:49.417 22026 22232 V GStreamer+qtdemux: 0:02:46.500732697 0xdd2db980 qtdemux.c:810:gst_qtdemux_handle_src_query:<qtdemux1:video_0> position query
03-06 09:27:49.420 22026 22340 V GStreamer+qtdemux: 0:02:46.504189103 0xdd2dbaf0 qtdemux.c:4633:gst_qtdemux_combine_flows:<qtdemux1> flow return: ok
03-06 09:27:49.420 22026 22340 V GStreamer+qtdemux: 0:02:46.504341499 0xdd2dbaf0 qtdemux.c:4641:gst_qtdemux_combine_flows:<qtdemux1> combined flow return: ok
03-06 09:27:49.420 22026 22340 V GStreamer+qtdemux: 0:02:46.504449051 0xdd2dbaf0 qtdemux.c:6219:gst_qtdemux_process_adapter:<qtdemux1> increasing offset 34903937 by 144363
03-06 09:27:49.420 22026 22342 I GStreamer+baseparse: 0:02:46.504479780 0xd73ffa90 gstbaseparse.c:3945:gst_base_parse_set_latency:<h264parse1> min/max latency 0:00:00.019480519, 0:00:00.019480519
03-06 09:27:49.421 22026 22340 V GStreamer+qtdemux: 0:02:46.504534624 0xdd2dbaf0 qtdemux.c:6222:gst_qtdemux_process_adapter:<qtdemux1> offset is now 35048300
03-06 09:27:49.421 22026 22340 V GStreamer+qtdemux: 0:02:46.504620092 0xdd2dbaf0 qtdemux.c:5472:next_entry_size:<qtdemux1> Finding entry at offset 35048300
03-06 09:27:49.421 22026 22340 V GStreamer+qtdemux: 0:02:46.504712540 0xdd2dbaf0 qtdemux.c:7663:qtdemux_parse_samples:<qtdemux1> parsing samples for stream fourcc avc1, pad video_0
03-06 09:27:49.421 22026 22340 D GStreamer+qtdemux: 0:02:46.504798374 0xdd2dbaf0 qtdemux.c:7674:qtdemux_parse_samples:<qtdemux1> parsing up to sample 242
03-06 09:27:49.421 22026 22340 V GStreamer+qtdemux: 0:02:46.504884988 0xdd2dbaf0 qtdemux.c:7700:qtdemux_parse_samples:<qtdemux1> sample 242 has size 144447
03-06 09:27:49.421 22026 22340 V GStreamer+qtdemux: 0:02:46.504976967 0xdd2dbaf0 qtdemux.c:7824:qtdemux_parse_samples:<qtdemux1> creating entry 242 with offset 35048300 and size 144447
03-06 09:27:49.421 22026 22340 V GStreamer+qtdemux: 0:02:46.505064467 0xdd2dbaf0 qtdemux.c:7868:qtdemux_parse_samples:<qtdemux1> block 0, 3 timestamps, duration 97
03-06 09:27:49.421 22026 22340 D GStreamer+qtdemux: 0:02:46.505163686 0xdd2dbaf0 qtdemux.c:7881:qtdemux_parse_samples:<qtdemux1> sample 242: index 0, timestamp 0:00:04.764200000
03-06 09:27:49.421 22026 22340 D GStreamer+qtdemux: 0:02:46.505247019 0xdd2dbaf0 qtdemux.c:7936:qtdemux_parse_samples:<qtdemux1> samples at 242 is keyframe
03-06 09:27:49.421 22026 22340 V GStreamer+qtdemux: 0:02:46.505340509 0xdd2dbaf0 qtdemux.c:5498:next_entry_size:<qtdemux1> Checking Stream 0 (sample_index:242 / offset:35048300 / size:144447)
03-06 09:27:49.421 22026 22340 V GStreamer+qtdemux: 0:02:46.505432176 0xdd2dbaf0 qtdemux.c:5509:next_entry_size:<qtdemux1> stream 0 offset 35048300 demux->offset :35048300
03-06 09:27:49.422 22026 22340 D GStreamer+qtdemux: 0:02:46.505573009 0xdd2dbaf0 qtdemux.c:5700:gst_qtdemux_chain:<qtdemux1> pushing in inbuf 0xdccfec00, neededbytes:144447, available:5308
03-06 09:27:49.422 22026 22340 D GStreamer+qtdemux: 0:02:46.505690249 0xdd2dbaf0 qtdemux.c:5700:gst_qtdemux_chain:<qtdemux1> pushing in inbuf 0xdd6cd030, neededbytes:144447, available:9404
03-06 09:27:49.422 22026 22340 D GStreamer+qtdemux: 0:02:46.505805144 0xdd2dbaf0 qtdemux.c:5700:gst_qtdemux_chain:<qtdemux1> pushing in inbuf 0xdcc3e810, neededbytes:144447, available:13500
03-06 09:27:49.422 22026 22340 D GStreamer+qtdemux: 0:02:46.505919259 0xdd2dbaf0 qtdemux.c:5700:gst_qtdemux_chain:<qtdemux1> pushing in inbuf 0xdcc3e5a8, neededbytes:144447, available:17596
03-06 09:27:49.422 22026 22340 D GStreamer+qtdemux: 0:02:46.506021915 0xdd2dbaf0 qtdemux.c:5700:gst_qtdemux_chain:<qtdemux1> pushing in inbuf 0xdc9a59e8, neededbytes:144447, available:21692
03-06 09:27:49.422 22026 22340 D GStreamer+qtdemux: 0:02:46.506125092 0xdd2dbaf0 qtdemux.c:5700:gst_qtdemux_chain:<qtdemux1> pushing in inbuf 0xdc977b48, neededbytes:144447, available:25788
03-06 09:27:49.422 22026 22340 D GStreamer+qtdemux: 0:02:46.506227697 0xdd2dbaf0 qtdemux.c:5700:gst_qtdemux_chain:<qtdemux1> pushing in inbuf 0xdcc51c80, neededbytes:144447, available:29884
03-06 09:27:49.422 22026 22340 D GStreamer+qtdemux: 0:02:46.506342280 0xdd2dbaf0 qtdemux.c:5700:gst_qtdemux_chain:<qtdemux1> pushing in inbuf 0xdcc59e48, neededbytes:144447, available:33980
03-06 09:27:49.422 22026 22340 D GStreamer+qtdemux: 0:02:46.506459051 0xdd2dbaf0 qtdemux.c:5700:gst_qtdemux_chain:<qtdemux1> pushing in inbuf 0xdd15cb38, neededbytes:144447, available:38076
03-06 09:27:49.423 22026 22340 D GStreamer+qtdemux: 0:02:46.506575665 0xdd2dbaf0 qtdemux.c:5700:gst_qtdemux_chain:<qtdemux1> pushing in inbuf 0xdccf3c88, neededbytes:144447, available:42172
03-06 09:27:49.423 22026 22340 D GStreamer+qtdemux: 0:02:46.506702332 0xdd2dbaf0 qtdemux.c:5700:gst_qtdemux_chain:<qtdemux1> pushing in inbuf 0xdc979420, neededbytes:144447, available:46268
03-06 09:27:49.423 22026 22340 D GStreamer+qtdemux: 0:02:46.506822124 0xdd2dbaf0 qtdemux.c:5700:gst_qtdemux_chain:<qtdemux1> pushing in inbuf 0xdcbfee68, neededbytes:144447, available:50364
03-06 09:27:49.423 22026 22340 D GStreamer+qtdemux: 0:02:46.506941082 0xdd2dbaf0 qtdemux.c:5700:gst_qtdemux_chain:<qtdemux1> pushing in inbuf 0xdd6cd5d0, neededbytes:144447, available:54460
03-06 09:27:49.423 22026 22340 D GStreamer+qtdemux: 0:02:46.507057957 0xdd2dbaf0 qtdemux.c:5700:gst_qtdemux_chain:<qtdemux1> pushing in inbuf 0xdcc3e468, neededbytes:144447, available:58556
03-06 09:27:49.423 22026 22340 D GStreamer+qtdemux: 0:02:46.507177697 0xdd2dbaf0 qtdemux.c:5700:gst_qtdemux_chain:<qtdemux1> pushing in inbuf 0xdccf35c0, neededbytes:144447, available:62652
03-06 09:27:49.423 22026 22340 D GStreamer+qtdemux: 0:02:46.507305353 0xdd2dbaf0 qtdemux.c:5700:gst_qtdemux_chain:<qtdemux1> pushing in inbuf 0xdc9a69f8, neededbytes:144447, available:66748
03-06 09:27:49.423 22026 22340 D GStreamer+qtdemux: 0:02:46.507431967 0xdd2dbaf0 qtdemux.c:5700:gst_qtdemux_chain:<qtdemux1> pushing in inbuf 0xdccf3e68, neededbytes:144447, available:70844
03-06 09:27:49.424 22026 22340 D GStreamer+qtdemux: 0:02:46.507561447 0xdd2dbaf0 qtdemux.c:5700:gst_qtdemux_chain:<qtdemux1> pushing in inbuf 0xdcbff8f0, neededbytes:144447, available:74940
03-06 09:27:49.424 22026 22340 D GStreamer+qtdemux: 0:02:46.507742072 0xdd2dbaf0 qtdemux.c:5700:gst_qtdemux_chain:<qtdemux1> pushing in inbuf 0xdcbfe700, neededbytes:144447, available:79036
03-06 09:27:49.424 22026 22340 D GStreamer+qtdemux: 0:02:46.507872228 0xdd2dbaf0 qtdemux.c:5700:gst_qtdemux_chain:<qtdemux1> pushing in inbuf 0xdc978b68, neededbytes:144447, available:83132
03-06 09:27:49.424 22026 22340 D GStreamer+qtdemux: 0:02:46.507999572 0xdd2dbaf0 qtdemux.c:5700:gst_qtdemux_chain:<qtdemux1> pushing in inbuf 0xdd6cd210, neededbytes:144447, available:87228
03-06 09:27:49.424 22026 22340 D GStreamer+qtdemux: 0:02:46.508128582 0xdd2dbaf0 qtdemux.c:5700:gst_qtdemux_chain:<qtdemux1> pushing in inbuf 0xdcbff350, neededbytes:144447, available:91324
03-06 09:27:49.424 22026 22340 D GStreamer+qtdemux: 0:02:46.508246499 0xdd2dbaf0 qtdemux.c:5700:gst_qtdemux_chain:<qtdemux1> pushing in inbuf 0xdcc51820, neededbytes:144447, available:95420
03-06 09:27:49.424 22026 22340 D GStreamer+qtdemux: 0:02:46.508377228 0xdd2dbaf0 qtdemux.c:5700:gst_qtdemux_chain:<qtdemux1> pushing in inbuf 0xdcc3f0b8, neededbytes:144447, available:99516
03-06 09:27:49.425 22026 22340 D GStreamer+qtdemux: 0:02:46.508494467 0xdd2dbaf0 qtdemux.c:5700:gst_qtdemux_chain:<qtdemux1> pushing in inbuf 0xdca79028, neededbytes:144447, available:103612
03-06 09:27:49.425 22026 22340 D GStreamer+qtdemux: 0:02:46.508610040 0xdd2dbaf0 qtdemux.c:5700:gst_qtdemux_chain:<qtdemux1> pushing in inbuf 0xdcc3f298, neededbytes:144447, available:107708
03-06 09:27:49.425 22026 22340 D GStreamer+qtdemux: 0:02:46.508722644 0xdd2dbaf0 qtdemux.c:5700:gst_qtdemux_chain:<qtdemux1> pushing in inbuf 0xdcc3fdc0, neededbytes:144447, available:111804
03-06 09:27:49.425 22026 22340 D GStreamer+qtdemux: 0:02:46.508836551 0xdd2dbaf0 qtdemux.c:5700:gst_qtdemux_chain:<qtdemux1> pushing in inbuf 0xdd6cd3f0, neededbytes:144447, available:115900
03-06 09:27:49.425 22026 22340 D GStreamer+qtdemux: 0:02:46.508950092 0xdd2dbaf0 qtdemux.c:5700:gst_qtdemux_chain:<qtdemux1> pushing in inbuf 0xdccf3700, neededbytes:144447, available:119996
03-06 09:27:49.425 22026 22340 D GStreamer+qtdemux: 0:02:46.509062801 0xdd2dbaf0 qtdemux.c:5700:gst_qtdemux_chain:<qtdemux1> pushing in inbuf 0xdcc51b40, neededbytes:144447, available:124092
03-06 09:27:49.425 22026 22340 D GStreamer+qtdemux: 0:02:46.509174728 0xdd2dbaf0 qtdemux.c:5700:gst_qtdemux_chain:<qtdemux1> pushing in inbuf 0xdcbfe480, neededbytes:144447, available:128188
03-06 09:27:49.425 22026 22340 D GStreamer+qtdemux: 0:02:46.509287436 0xdd2dbaf0 qtdemux.c:5700:gst_qtdemux_chain:<qtdemux1> pushing in inbuf 0xdccfe538, neededbytes:144447, available:132284
03-06 09:27:49.425 22026 22340 D GStreamer+qtdemux: 0:02:46.509399832 0xdd2dbaf0 qtdemux.c:5700:gst_qtdemux_chain:<qtdemux1> pushing in inbuf 0xdcc59020, neededbytes:144447, available:136380
03-06 09:27:49.426 22026 22340 D GStreamer+qtdemux: 0:02:46.509513009 0xdd2dbaf0 qtdemux.c:5700:gst_qtdemux_chain:<qtdemux1> pushing in inbuf 0xdccff850, neededbytes:144447, available:140476
03-06 09:27:49.426 22026 22340 D GStreamer+qtdemux: 0:02:46.509627332 0xdd2dbaf0 qtdemux.c:5700:gst_qtdemux_chain:<qtdemux1> pushing in inbuf 0xdcc59a88, neededbytes:144447, available:144572
03-06 09:27:49.426 22026 22340 D GStreamer+qtdemux: 0:02:46.509722697 0xdd2dbaf0 qtdemux.c:5720:gst_qtdemux_process_adapter:<qtdemux1> state:2 , demux->neededbytes:144447, demux->offset:35048300
03-06 09:27:49.426 22026 22340 D GStreamer+qtdemux: 0:02:46.509808113 0xdd2dbaf0 qtdemux.c:6067:gst_qtdemux_process_adapter:<qtdemux1> BEGIN // in MOVIE for offset 35048300
03-06 09:27:49.426 22026 22340 V GStreamer+qtdemux: 0:02:46.509900926 0xdd2dbaf0 qtdemux.c:6145:gst_qtdemux_process_adapter:<qtdemux1> Checking stream 0 (sample_index:242 / offset:35048300 / size:144447)
03-06 09:27:49.426 22026 22340 D GStreamer+qtdemux: 0:02:46.509986967 0xdd2dbaf0 qtdemux.c:6163:gst_qtdemux_process_adapter:<qtdemux1> stream : avc1
03-06 09:27:49.426 22026 22340 V GStreamer+qtdemux: 0:02:46.510463478 0xdd2dbaf0 qtdemux.c:4961:gst_qtdemux_decorate_and_push_buffer:<qtdemux1> Pushing buffer with dts 0:00:04.764200000, pts 0:00:04.764200000, duration 0:00:00.019400000 on pad video_0
03-06 09:27:49.436 22026 22232 V GStreamer+qtdemux: 0:02:46.520242801 0xdd2db980 qtdemux.c:810:gst_qtdemux_handle_src_query:<qtdemux1:video_0> position query
03-06 09:27:49.437 22026 22340 V GStreamer+qtdemux: 0:02:46.521325613 0xdd2dbaf0 qtdemux.c:4633:gst_qtdemux_combine_flows:<qtdemux1> flow return: ok
03-06 09:27:49.437 22026 22340 V GStreamer+qtdemux: 0:02:46.521485353 0xdd2dbaf0 qtdemux.c:4641:gst_qtdemux_combine_flows:<qtdemux1> combined flow return: ok
03-06 09:27:49.438 22026 22340 V GStreamer+qtdemux: 0:02:46.521598686 0xdd2dbaf0 qtdemux.c:6219:gst_qtdemux_process_adapter:<qtdemux1> increasing offset 35048300 by 144447
03-06 09:27:49.438 22026 22342 I GStreamer+baseparse: 0:02:46.521643947 0xd73ffa90 gstbaseparse.c:3945:gst_base_parse_set_latency:<h264parse1> min/max latency 0:00:00.019480519, 0:00:00.019480519
03-06 09:27:49.438 22026 22340 V GStreamer+qtdemux: 0:02:46.521683478 0xdd2dbaf0 qtdemux.c:6222:gst_qtdemux_process_adapter:<qtdemux1> offset is now 35192747
03-06 09:27:49.438 22026 22340 V GStreamer+qtdemux: 0:02:46.521771238 0xdd2dbaf0 qtdemux.c:5472:next_entry_size:<qtdemux1> Finding entry at offset 35192747
03-06 09:27:49.438 22026 22340 V GStreamer+qtdemux: 0:02:46.521863999 0xdd2dbaf0 qtdemux.c:7663:qtdemux_parse_samples:<qtdemux1> parsing samples for stream fourcc avc1, pad video_0
03-06 09:27:49.438 22026 22340 D GStreamer+qtdemux: 0:02:46.521950561 0xdd2dbaf0 qtdemux.c:7674:qtdemux_parse_samples:<qtdemux1> parsing up to sample 243
03-06 09:27:49.438 22026 22340 V GStreamer+qtdemux: 0:02:46.522037905 0xdd2dbaf0 qtdemux.c:7700:qtdemux_parse_samples:<qtdemux1> sample 243 has size 144272
03-06 09:27:49.438 22026 22340 V GStreamer+qtdemux: 0:02:46.522129103 0xdd2dbaf0 qtdemux.c:7824:qtdemux_parse_samples:<qtdemux1> creating entry 243 with offset 35192747 and size 144272
03-06 09:27:49.438 22026 22340 D GStreamer+qtdemux: 0:02:46.522230874 0xdd2dbaf0 qtdemux.c:7881:qtdemux_parse_samples:<qtdemux1> sample 243: index 1, timestamp 0:00:04.783600000
03-06 09:27:49.438 22026 22340 D GStreamer+qtdemux: 0:02:46.522314207 0xdd2dbaf0 qtdemux.c:7936:qtdemux_parse_samples:<qtdemux1> samples at 243 is keyframe
03-06 09:27:49.438 22026 22340 V GStreamer+qtdemux: 0:02:46.522410249 0xdd2dbaf0 qtdemux.c:5498:next_entry_size:<qtdemux1> Checking Stream 0 (sample_index:243 / offset:35192747 / size:144272)
03-06 09:27:49.439 22026 22340 V GStreamer+qtdemux: 0:02:46.522584207 0xdd2dbaf0 qtdemux.c:5509:next_entry_size:<qtdemux1> stream 0 offset 35192747 demux->offset :35192747
03-06 09:27:49.439 22026 22340 D GStreamer+qtdemux: 0:02:46.522726134 0xdd2dbaf0 qtdemux.c:5700:gst_qtdemux_chain:<qtdemux1> pushing in inbuf 0xdc979800, neededbytes:144272, available:4221
03-06 09:27:49.439 22026 22340 D GStreamer+qtdemux: 0:02:46.522860249 0xdd2dbaf0 qtdemux.c:5700:gst_qtdemux_chain:<qtdemux1> pushing in inbuf 0xdc9a5500, neededbytes:144272, available:8317
03-06 09:27:49.439 22026 22340 D GStreamer+qtdemux: 0:02:46.522988322 0xdd2dbaf0 qtdemux.c:5700:gst_qtdemux_chain:<qtdemux1> pushing in inbuf 0xdd6cd2b0, neededbytes:144272, available:12413
03-06 09:27:49.439 22026 22340 D GStreamer+qtdemux: 0:02:46.523110197 0xdd2dbaf0 qtdemux.c:5700:gst_qtdemux_chain:<qtdemux1> pushing in inbuf 0xdccff728, neededbytes:144272, available:16509
03-06 09:27:49.439 22026 22340 D GStreamer+qtdemux: 0:02:46.523215665 0xdd2dbaf0 qtdemux.c:5700:gst_qtdemux_chain:<qtdemux1> pushing in inbuf 0xdccfe0d8, neededbytes:144272, available:20605
03-06 09:27:49.439 22026 22340 D GStreamer+qtdemux: 0:02:46.523338322 0xdd2dbaf0 qtdemux.c:5700:gst_qtdemux_chain:<qtdemux1> pushing in inbuf 0xdcc51d20, neededbytes:144272, available:24701
03-06 09:27:49.439 22026 22340 D GStreamer+qtdemux: 0:02:46.523455457 0xdd2dbaf0 qtdemux.c:5700:gst_qtdemux_chain:<qtdemux1> pushing in inbuf 0xdcc59ee8, neededbytes:144272, available:28797
03-06 09:27:49.440 22026 22340 D GStreamer+qtdemux: 0:02:46.523574207 0xdd2dbaf0 qtdemux.c:5700:gst_qtdemux_chain:<qtdemux1> pushing in inbuf 0xdc9a6650, neededbytes:144272, available:32893
03-06 09:27:49.440 22026 22340 D GStreamer+qtdemux: 0:02:46.523684884 0xdd2dbaf0 qtdemux.c:5700:gst_qtdemux_chain:<qtdemux1> pushing in inbuf 0xdc978a28, neededbytes:144272, available:36989
03-06 09:27:49.440 22026 22340 D GStreamer+qtdemux: 0:02:46.523798113 0xdd2dbaf0 qtdemux.c:5700:gst_qtdemux_chain:<qtdemux1> pushing in inbuf 0xdc9a6d18, neededbytes:144272, available:41085
03-06 09:27:49.440 22026 22340 D GStreamer+qtdemux: 0:02:46.523906967 0xdd2dbaf0 qtdemux.c:5700:gst_qtdemux_chain:<qtdemux1> pushing in inbuf 0xdc9a5da8, neededbytes:144272, available:45181
03-06 09:27:49.440 22026 22340 D GStreamer+qtdemux: 0:02:46.524041186 0xdd2dbaf0 qtdemux.c:5700:gst_qtdemux_chain:<qtdemux1> pushing in inbuf 0xdcc592a0, neededbytes:144272, available:49277
03-06 09:27:49.440 22026 22340 D GStreamer+qtdemux: 0:02:46.524162176 0xdd2dbaf0 qtdemux.c:5700:gst_qtdemux_chain:<qtdemux1> pushing in inbuf 0xdccf3aa8, neededbytes:144272, available:53373
03-06 09:27:49.440 22026 22340 D GStreamer+qtdemux: 0:02:46.524282019 0xdd2dbaf0 qtdemux.c:5700:gst_qtdemux_chain:<qtdemux1> pushing in inbuf 0xdccffe90, neededbytes:144272, available:57469
03-06 09:27:49.440 22026 22340 D GStreamer+qtdemux: 0:02:46.524388686 0xdd2dbaf0 qtdemux.c:5700:gst_qtdemux_chain:<qtdemux1> pushing in inbuf 0xdcbfe520, neededbytes:144272, available:61565
03-06 09:27:49.441 22026 22340 D GStreamer+qtdemux: 0:02:46.524497488 0xdd2dbaf0 qtdemux.c:5700:gst_qtdemux_chain:<qtdemux1> pushing in inbuf 0xdcbfe340, neededbytes:144272, available:65661
03-06 09:27:49.441 22026 22340 D GStreamer+qtdemux: 0:02:46.524615301 0xdd2dbaf0 qtdemux.c:5700:gst_qtdemux_chain:<qtdemux1> pushing in inbuf 0xdc9a6b38, neededbytes:144272, available:69757
03-06 09:27:49.441 22026 22340 D GStreamer+qtdemux: 0:02:46.524729780 0xdd2dbaf0 qtdemux.c:5700:gst_qtdemux_chain:<qtdemux1> pushing in inbuf 0xdccf32a0, neededbytes:144272, available:73853
03-06 09:27:49.441 22026 22340 D GStreamer+qtdemux: 0:02:46.524843478 0xdd2dbaf0 qtdemux.c:5700:gst_qtdemux_chain:<qtdemux1> pushing in inbuf 0xdd6cd350, neededbytes:144272, available:77949
03-06 09:27:49.441 22026 22340 D GStreamer+qtdemux: 0:02:46.524960092 0xdd2dbaf0 qtdemux.c:5700:gst_qtdemux_chain:<qtdemux1> pushing in inbuf 0xdcc510c8, neededbytes:144272, available:82045
03-06 09:27:49.441 22026 22340 D GStreamer+qtdemux: 0:02:46.525073322 0xdd2dbaf0 qtdemux.c:5700:gst_qtdemux_chain:<qtdemux1> pushing in inbuf 0xdcc59700, neededbytes:144272, available:86141
03-06 09:27:49.441 22026 22340 D GStreamer+qtdemux: 0:02:46.525187228 0xdd2dbaf0 qtdemux.c:5700:gst_qtdemux_chain:<qtdemux1> pushing in inbuf 0xdcbffad0, neededbytes:144272, available:90237
03-06 09:27:49.441 22026 22340 D GStreamer+qtdemux: 0:02:46.525300353 0xdd2dbaf0 qtdemux.c:5700:gst_qtdemux_chain:<qtdemux1> pushing in inbuf 0xdca79b50, neededbytes:144272, available:94333
03-06 09:27:49.441 22026 22340 D GStreamer+qtdemux: 0:02:46.525414780 0xdd2dbaf0 qtdemux.c:5700:gst_qtdemux_chain:<qtdemux1> pushing in inbuf 0xdccfe498, neededbytes:144272, available:98429
03-06 09:27:49.442 22026 22340 D GStreamer+qtdemux: 0:02:46.525527332 0xdd2dbaf0 qtdemux.c:5700:gst_qtdemux_chain:<qtdemux1> pushing in inbuf 0xdccff8f0, neededbytes:144272, available:102525
03-06 09:27:49.442 22026 22340 D GStreamer+qtdemux: 0:02:46.525641134 0xdd2dbaf0 qtdemux.c:5700:gst_qtdemux_chain:<qtdemux1> pushing in inbuf 0xdc9794c0, neededbytes:144272, available:106621
03-06 09:27:49.442 22026 22340 D GStreamer+qtdemux: 0:02:46.525755926 0xdd2dbaf0 qtdemux.c:5700:gst_qtdemux_chain:<qtdemux1> pushing in inbuf 0xdc9a5808, neededbytes:144272, available:110717
03-06 09:27:49.442 22026 22340 D GStreamer+qtdemux: 0:02:46.525856915 0xdd2dbaf0 qtdemux.c:5700:gst_qtdemux_chain:<qtdemux1> pushing in inbuf 0xdcc3f658, neededbytes:144272, available:114813
03-06 09:27:49.442 22026 22340 D GStreamer+qtdemux: 0:02:46.525959363 0xdd2dbaf0 qtdemux.c:5700:gst_qtdemux_chain:<qtdemux1> pushing in inbuf 0xdcbff2b0, neededbytes:144272, available:118909
03-06 09:27:49.442 22026 22340 D GStreamer+qtdemux: 0:02:46.526063634 0xdd2dbaf0 qtdemux.c:5700:gst_qtdemux_chain:<qtdemux1> pushing in inbuf 0xdcbff0d0, neededbytes:144272, available:123005
03-06 09:27:49.442 22026 22340 D GStreamer+qtdemux: 0:02:46.526171915 0xdd2dbaf0 qtdemux.c:5700:gst_qtdemux_chain:<qtdemux1> pushing in inbuf 0xdc9792e0, neededbytes:144272, available:127101
03-06 09:27:49.442 22026 22340 D GStreamer+qtdemux: 0:02:46.526276551 0xdd2dbaf0 qtdemux.c:5700:gst_qtdemux_chain:<qtdemux1> pushing in inbuf 0xdc9a5ee8, neededbytes:144272, available:131197
03-06 09:27:49.442 22026 22340 D GStreamer+qtdemux: 0:02:46.526379051 0xdd2dbaf0 qtdemux.c:5700:gst_qtdemux_chain:<qtdemux1> pushing in inbuf 0xdc9a5a88, neededbytes:144272, available:135293
03-06 09:27:49.442 22026 22340 D GStreamer+qtdemux: 0:02:46.526480405 0xdd2dbaf0 qtdemux.c:5700:gst_qtdemux_chain:<qtdemux1> pushing in inbuf 0xdc978de8, neededbytes:144272, available:139389
03-06 09:27:49.443 22026 22340 D GStreamer+qtdemux: 0:02:46.526580874 0xdd2dbaf0 qtdemux.c:5700:gst_qtdemux_chain:<qtdemux1> pushing in inbuf 0xdca793e8, neededbytes:144272, available:143485
03-06 09:27:49.443 22026 22340 D GStreamer+qtdemux: 0:02:46.526682749 0xdd2dbaf0 qtdemux.c:5700:gst_qtdemux_chain:<qtdemux1> pushing in inbuf 0xdc9a5640, neededbytes:144272, available:147581
03-06 09:27:49.443 22026 22340 D GStreamer+qtdemux: 0:02:46.526787488 0xdd2dbaf0 qtdemux.c:5720:gst_qtdemux_process_adapter:<qtdemux1> state:2 , demux->neededbytes:144272, demux->offset:35192747
03-06 09:27:49.443 22026 22340 D GStreamer+qtdemux: 0:02:46.526877019 0xdd2dbaf0 qtdemux.c:6067:gst_qtdemux_process_adapter:<qtdemux1> BEGIN // in MOVIE for offset 35192747
03-06 09:27:49.443 22026 22340 V GStreamer+qtdemux: 0:02:46.526972644 0xdd2dbaf0 qtdemux.c:6145:gst_qtdemux_process_adapter:<qtdemux1> Checking stream 0 (sample_index:243 / offset:35192747 / size:144272)
03-06 09:27:49.443 22026 22340 D GStreamer+qtdemux: 0:02:46.527059519 0xdd2dbaf0 qtdemux.c:6163:gst_qtdemux_process_adapter:<qtdemux1> stream : avc1
03-06 09:27:49.445 22026 22340 V GStreamer+qtdemux: 0:02:46.528478530 0xdd2dbaf0 qtdemux.c:4961:gst_qtdemux_decorate_and_push_buffer:<qtdemux1> Pushing buffer with dts 0:00:04.783600000, pts 0:00:04.783600000, duration 0:00:00.019400000 on pad video_0
03-06 09:27:49.456 22026 22232 V GStreamer+qtdemux: 0:02:46.539894728 0xdd2db980 qtdemux.c:810:gst_qtdemux_handle_src_query:<qtdemux1:video_0> position query
03-06 09:27:49.457 22026 22340 V GStreamer+qtdemux: 0:02:46.541196134 0xdd2dbaf0 qtdemux.c:4633:gst_qtdemux_combine_flows:<qtdemux1> flow return: ok
03-06 09:27:49.457 22026 22340 V GStreamer+qtdemux: 0:02:46.541340509 0xdd2dbaf0 qtdemux.c:4641:gst_qtdemux_combine_flows:<qtdemux1> combined flow return: ok
03-06 09:27:49.457 22026 22340 V GStreamer+qtdemux: 0:02:46.541442384 0xdd2dbaf0 qtdemux.c:6219:gst_qtdemux_process_adapter:<qtdemux1> increasing offset 35192747 by 144272
03-06 09:27:49.458 22026 22342 I GStreamer+baseparse: 0:02:46.541504572 0xd73ffa90 gstbaseparse.c:3945:gst_base_parse_set_latency:<h264parse1> min/max latency 0:00:00.019480519, 0:00:00.019480519
03-06 09:27:49.458 22026 22340 V GStreamer+qtdemux: 0:02:46.541526238 0xdd2dbaf0 qtdemux.c:6222:gst_qtdemux_process_adapter:<qtdemux1> offset is now 35337019
03-06 09:27:49.458 22026 22340 V GStreamer+qtdemux: 0:02:46.541619415 0xdd2dbaf0 qtdemux.c:5472:next_entry_size:<qtdemux1> Finding entry at offset 35337019
03-06 09:27:49.458 22026 22340 V GStreamer+qtdemux: 0:02:46.541712697 0xdd2dbaf0 qtdemux.c:7663:qtdemux_parse_samples:<qtdemux1> parsing samples for stream fourcc avc1, pad video_0
03-06 09:27:49.458 22026 22340 D GStreamer+qtdemux: 0:02:46.541802332 0xdd2dbaf0 qtdemux.c:7674:qtdemux_parse_samples:<qtdemux1> parsing up to sample 244
03-06 09:27:49.458 22026 22340 V GStreamer+qtdemux: 0:02:46.541895249 0xdd2dbaf0 qtdemux.c:7700:qtdemux_parse_samples:<qtdemux1> sample 244 has size 144531
03-06 09:27:49.458 22026 22340 V GStreamer+qtdemux: 0:02:46.541994624 0xdd2dbaf0 qtdemux.c:7824:qtdemux_parse_samples:<qtdemux1> creating entry 244 with offset 35337019 and size 144531
03-06 09:27:49.458 22026 22340 D GStreamer+qtdemux: 0:02:46.542097488 0xdd2dbaf0 qtdemux.c:7881:qtdemux_parse_samples:<qtdemux1> sample 244: index 2, timestamp 0:00:04.803000000
03-06 09:27:49.458 22026 22340 D GStreamer+qtdemux: 0:02:46.542181030 0xdd2dbaf0 qtdemux.c:7936:qtdemux_parse_samples:<qtdemux1> samples at 244 is keyframe
