03-06 09:27:50.192 22026 22340 V GStreamer+qtdemux: 0:02:47.275896186 0xdd2dbaf0 qtdemux.c:4641:gst_qtdemux_combine_flows:<qtdemux1> combined flow return: ok
03-06 09:27:50.192 22026 22340 V GStreamer+qtdemux: 0:02:47.275994519 0xdd2dbaf0 qtdemux.c:6219:gst_qtdemux_process_adapter:<qtdemux1> increasing offset 40823850 by 144582
03-06 09:27:50.192 22026 22340 V GStreamer+qtdemux: 0:02:47.276073530 0xdd2dbaf0 qtdemux.c:6222:gst_qtdemux_process_adapter:<qtdemux1> offset is now 40968432
03-06 09:27:50.192 22026 22342 I GStreamer+baseparse: 0:02:47.276117800 0xd73ffa90 gstbaseparse.c:3945:gst_base_parse_set_latency:<h264parse1> min/max latency 0:00:00.019480519, 0:00:00.019480519
03-06 09:27:50.192 22026 22340 V GStreamer+qtdemux: 0:02:47.276151290 0xdd2dbaf0 qtdemux.c:5472:next_entry_size:<qtdemux1> Finding entry at offset 40968432
03-06 09:27:50.192 22026 22340 V GStreamer+qtdemux: 0:02:47.276264259 0xdd2dbaf0 qtdemux.c:7663:qtdemux_parse_samples:<qtdemux1> parsing samples for stream fourcc avc1, pad video_0
03-06 09:27:50.192 22026 22340 D GStreamer+qtdemux: 0:02:47.276346967 0xdd2dbaf0 qtdemux.c:7674:qtdemux_parse_samples:<qtdemux1> parsing up to sample 283
03-06 09:27:50.192 22026 22340 V GStreamer+qtdemux: 0:02:47.276430561 0xdd2dbaf0 qtdemux.c:7700:qtdemux_parse_samples:<qtdemux1> sample 283 has size 144055
03-06 09:27:50.193 22026 22340 V GStreamer+qtdemux: 0:02:47.276527123 0xdd2dbaf0 qtdemux.c:7824:qtdemux_parse_samples:<qtdemux1> creating entry 283 with offset 40968432 and size 144055
03-06 09:27:50.193 22026 22340 D GStreamer+qtdemux: 0:02:47.276629102 0xdd2dbaf0 qtdemux.c:7881:qtdemux_parse_samples:<qtdemux1> sample 283: index 2, timestamp 0:00:05.561400000
03-06 09:27:50.193 22026 22340 D GStreamer+qtdemux: 0:02:47.276711134 0xdd2dbaf0 qtdemux.c:7936:qtdemux_parse_samples:<qtdemux1> samples at 283 is keyframe
03-06 09:27:50.193 22026 22340 V GStreamer+qtdemux: 0:02:47.276808998 0xdd2dbaf0 qtdemux.c:5498:next_entry_size:<qtdemux1> Checking Stream 0 (sample_index:283 / offset:40968432 / size:144055)
03-06 09:27:50.193 22026 22340 V GStreamer+qtdemux: 0:02:47.276904936 0xdd2dbaf0 qtdemux.c:5509:next_entry_size:<qtdemux1> stream 0 offset 40968432 demux->offset :40968432
03-06 09:27:50.193 22026 22340 D GStreamer+qtdemux: 0:02:47.277066446 0xdd2dbaf0 qtdemux.c:5700:gst_qtdemux_chain:<qtdemux1> pushing in inbuf 0xdccfeca0, neededbytes:144055, available:7992
03-06 09:27:50.193 22026 22340 D GStreamer+qtdemux: 0:02:47.277182436 0xdd2dbaf0 qtdemux.c:5700:gst_qtdemux_chain:<qtdemux1> pushing in inbuf 0xdcc51028, neededbytes:144055, available:12088
03-06 09:27:50.193 22026 22340 D GStreamer+qtdemux: 0:02:47.277301238 0xdd2dbaf0 qtdemux.c:5700:gst_qtdemux_chain:<qtdemux1> pushing in inbuf 0xdccfe038, neededbytes:144055, available:16184
03-06 09:27:50.193 22026 22340 D GStreamer+qtdemux: 0:02:47.277406238 0xdd2dbaf0 qtdemux.c:5700:gst_qtdemux_chain:<qtdemux1> pushing in inbuf 0xdcbff8f0, neededbytes:144055, available:20280
03-06 09:27:50.194 22026 22340 D GStreamer+qtdemux: 0:02:47.277515040 0xdd2dbaf0 qtdemux.c:5700:gst_qtdemux_chain:<qtdemux1> pushing in inbuf 0xdccf3e68, neededbytes:144055, available:24376
03-06 09:27:50.194 22026 22340 D GStreamer+qtdemux: 0:02:47.277688321 0xdd2dbaf0 qtdemux.c:5700:gst_qtdemux_chain:<qtdemux1> pushing in inbuf 0xdc9a69f8, neededbytes:144055, available:28472
03-06 09:27:50.194 22026 22340 D GStreamer+qtdemux: 0:02:47.277806759 0xdd2dbaf0 qtdemux.c:5700:gst_qtdemux_chain:<qtdemux1> pushing in inbuf 0xdcc59a88, neededbytes:144055, available:32568
03-06 09:27:50.194 22026 22340 D GStreamer+qtdemux: 0:02:47.277914571 0xdd2dbaf0 qtdemux.c:5700:gst_qtdemux_chain:<qtdemux1> pushing in inbuf 0xdccff850, neededbytes:144055, available:36664
03-06 09:27:50.194 22026 22340 D GStreamer+qtdemux: 0:02:47.278013217 0xdd2dbaf0 qtdemux.c:5700:gst_qtdemux_chain:<qtdemux1> pushing in inbuf 0xdcc59020, neededbytes:144055, available:40760
03-06 09:27:50.194 22026 22340 D GStreamer+qtdemux: 0:02:47.278113165 0xdd2dbaf0 qtdemux.c:5700:gst_qtdemux_chain:<qtdemux1> pushing in inbuf 0xdccfe538, neededbytes:144055, available:44856
03-06 09:27:50.194 22026 22340 D GStreamer+qtdemux: 0:02:47.278217384 0xdd2dbaf0 qtdemux.c:5700:gst_qtdemux_chain:<qtdemux1> pushing in inbuf 0xdc978ca8, neededbytes:144055, available:48952
03-06 09:27:50.194 22026 22340 D GStreamer+qtdemux: 0:02:47.278323269 0xdd2dbaf0 qtdemux.c:5700:gst_qtdemux_chain:<qtdemux1> pushing in inbuf 0xdcc3ed10, neededbytes:144055, available:53048
03-06 09:27:50.194 22026 22340 D GStreamer+qtdemux: 0:02:47.278428634 0xdd2dbaf0 qtdemux.c:5700:gst_qtdemux_chain:<qtdemux1> pushing in inbuf 0xdcc3e328, neededbytes:144055, available:57144
03-06 09:27:50.195 22026 22340 D GStreamer+qtdemux: 0:02:47.278527957 0xdd2dbaf0 qtdemux.c:5700:gst_qtdemux_chain:<qtdemux1> pushing in inbuf 0xdccfe218, neededbytes:144055, available:61240
03-06 09:27:50.195 22026 22340 D GStreamer+qtdemux: 0:02:47.278636602 0xdd2dbaf0 qtdemux.c:5700:gst_qtdemux_chain:<qtdemux1> pushing in inbuf 0xdc978f28, neededbytes:144055, available:65336
03-06 09:27:50.195 22026 22340 D GStreamer+qtdemux: 0:02:47.278743061 0xdd2dbaf0 qtdemux.c:5700:gst_qtdemux_chain:<qtdemux1> pushing in inbuf 0xdcc3ff00, neededbytes:144055, available:69432
03-06 09:27:50.195 22026 22340 D GStreamer+qtdemux: 0:02:47.278846290 0xdd2dbaf0 qtdemux.c:5700:gst_qtdemux_chain:<qtdemux1> pushing in inbuf 0xdccff990, neededbytes:144055, available:73528
03-06 09:27:50.195 22026 22340 D GStreamer+qtdemux: 0:02:47.278945925 0xdd2dbaf0 qtdemux.c:5700:gst_qtdemux_chain:<qtdemux1> pushing in inbuf 0xdccf3968, neededbytes:144055, available:77624
03-06 09:27:50.195 22026 22340 D GStreamer+qtdemux: 0:02:47.279139519 0xdd2dbaf0 qtdemux.c:5700:gst_qtdemux_chain:<qtdemux1> pushing in inbuf 0xdcc590c0, neededbytes:144055, available:81720
03-06 09:27:50.195 22026 22340 D GStreamer+qtdemux: 0:02:47.279307175 0xdd2dbaf0 qtdemux.c:5700:gst_qtdemux_chain:<qtdemux1> pushing in inbuf 0xdcbfe8c8, neededbytes:144055, available:85816
03-06 09:27:50.195 22026 22340 D GStreamer+qtdemux: 0:02:47.279435300 0xdd2dbaf0 qtdemux.c:5700:gst_qtdemux_chain:<qtdemux1> pushing in inbuf 0xdca79c90, neededbytes:144055, available:89912
03-06 09:27:50.196 22026 22340 D GStreamer+qtdemux: 0:02:47.279558217 0xdd2dbaf0 qtdemux.c:5700:gst_qtdemux_chain:<qtdemux1> pushing in inbuf 0xdccf3a08, neededbytes:144055, available:94008
03-06 09:27:50.196 22026 22340 D GStreamer+qtdemux: 0:02:47.279675300 0xdd2dbaf0 qtdemux.c:5700:gst_qtdemux_chain:<qtdemux1> pushing in inbuf 0xdc9a56e0, neededbytes:144055, available:98104
03-06 09:27:50.196 22026 22340 D GStreamer+qtdemux: 0:02:47.279791811 0xdd2dbaf0 qtdemux.c:5700:gst_qtdemux_chain:<qtdemux1> pushing in inbuf 0xdc979d00, neededbytes:144055, available:102200
03-06 09:27:50.196 22026 22340 D GStreamer+qtdemux: 0:02:47.279897592 0xdd2dbaf0 qtdemux.c:5700:gst_qtdemux_chain:<qtdemux1> pushing in inbuf 0xdccf3660, neededbytes:144055, available:106296
03-06 09:27:50.196 22026 22340 D GStreamer+qtdemux: 0:02:47.280004259 0xdd2dbaf0 qtdemux.c:5700:gst_qtdemux_chain:<qtdemux1> pushing in inbuf 0xdc9a6e58, neededbytes:144055, available:110392
03-06 09:27:50.196 22026 22340 D GStreamer+qtdemux: 0:02:47.280112800 0xdd2dbaf0 qtdemux.c:5700:gst_qtdemux_chain:<qtdemux1> pushing in inbuf 0xdcbfe0c0, neededbytes:144055, available:114488
03-06 09:27:50.196 22026 22340 D GStreamer+qtdemux: 0:02:47.280221290 0xdd2dbaf0 qtdemux.c:5700:gst_qtdemux_chain:<qtdemux1> pushing in inbuf 0xdcbffa30, neededbytes:144055, available:118584
03-06 09:27:50.196 22026 22340 D GStreamer+qtdemux: 0:02:47.280337957 0xdd2dbaf0 qtdemux.c:5700:gst_qtdemux_chain:<qtdemux1> pushing in inbuf 0xdcc59160, neededbytes:144055, available:122680
03-06 09:27:50.196 22026 22340 D GStreamer+qtdemux: 0:02:47.280443009 0xdd2dbaf0 qtdemux.c:5700:gst_qtdemux_chain:<qtdemux1> pushing in inbuf 0xdd6cd210, neededbytes:144055, available:126776
03-06 09:27:50.197 22026 22340 D GStreamer+qtdemux: 0:02:47.280556238 0xdd2dbaf0 qtdemux.c:5700:gst_qtdemux_chain:<qtdemux1> pushing in inbuf 0xdc978b68, neededbytes:144055, available:130872
03-06 09:27:50.197 22026 22340 D GStreamer+qtdemux: 0:02:47.280659415 0xdd2dbaf0 qtdemux.c:5700:gst_qtdemux_chain:<qtdemux1> pushing in inbuf 0xdc9a5000, neededbytes:144055, available:134968
03-06 09:27:50.197 22026 22340 D GStreamer+qtdemux: 0:02:47.280767175 0xdd2dbaf0 qtdemux.c:5700:gst_qtdemux_chain:<qtdemux1> pushing in inbuf 0xdcbfe660, neededbytes:144055, available:139064
03-06 09:27:50.197 22026 22340 D GStreamer+qtdemux: 0:02:47.280871238 0xdd2dbaf0 qtdemux.c:5700:gst_qtdemux_chain:<qtdemux1> pushing in inbuf 0xdc979100, neededbytes:144055, available:143160
03-06 09:27:50.197 22026 22340 D GStreamer+qtdemux: 0:02:47.280977123 0xdd2dbaf0 qtdemux.c:5700:gst_qtdemux_chain:<qtdemux1> pushing in inbuf 0xdccf3520, neededbytes:144055, available:147256
03-06 09:27:50.197 22026 22340 D GStreamer+qtdemux: 0:02:47.281082592 0xdd2dbaf0 qtdemux.c:5720:gst_qtdemux_process_adapter:<qtdemux1> state:2 , demux->neededbytes:144055, demux->offset:40968432
03-06 09:27:50.197 22026 22340 D GStreamer+qtdemux: 0:02:47.281172227 0xdd2dbaf0 qtdemux.c:6067:gst_qtdemux_process_adapter:<qtdemux1> BEGIN // in MOVIE for offset 40968432
03-06 09:27:50.197 22026 22340 V GStreamer+qtdemux: 0:02:47.281276863 0xdd2dbaf0 qtdemux.c:6145:gst_qtdemux_process_adapter:<qtdemux1> Checking stream 0 (sample_index:283 / offset:40968432 / size:144055)
03-06 09:27:50.197 22026 22232 V GStreamer+qtdemux: 0:02:47.281304780 0xdd2db980 qtdemux.c:810:gst_qtdemux_handle_src_query:<qtdemux1:video_0> position query
03-06 09:27:50.197 22026 22340 D GStreamer+qtdemux: 0:02:47.281363634 0xdd2dbaf0 qtdemux.c:6163:gst_qtdemux_process_adapter:<qtdemux1> stream : avc1
03-06 09:27:50.198 22026 22340 V GStreamer+qtdemux: 0:02:47.282050196 0xdd2dbaf0 qtdemux.c:4961:gst_qtdemux_decorate_and_push_buffer:<qtdemux1> Pushing buffer with dts 0:00:05.561400000, pts 0:00:05.561400000, duration 0:00:00.019400000 on pad video_0
03-06 09:27:50.200 22026 22340 V GStreamer+qtdemux: 0:02:47.284419884 0xdd2dbaf0 qtdemux.c:4633:gst_qtdemux_combine_flows:<qtdemux1> flow return: ok
03-06 09:27:50.201 22026 22340 V GStreamer+qtdemux: 0:02:47.284553165 0xdd2dbaf0 qtdemux.c:4641:gst_qtdemux_combine_flows:<qtdemux1> combined flow return: ok
03-06 09:27:50.201 22026 22340 V GStreamer+qtdemux: 0:02:47.284661290 0xdd2dbaf0 qtdemux.c:6219:gst_qtdemux_process_adapter:<qtdemux1> increasing offset 40968432 by 144055
03-06 09:27:50.201 22026 22340 V GStreamer+qtdemux: 0:02:47.284752332 0xdd2dbaf0 qtdemux.c:6222:gst_qtdemux_process_adapter:<qtdemux1> offset is now 41112487
03-06 09:27:50.201 22026 22340 V GStreamer+qtdemux: 0:02:47.284867748 0xdd2dbaf0 qtdemux.c:5472:next_entry_size:<qtdemux1> Finding entry at offset 41112487
03-06 09:27:50.201 22026 22342 I GStreamer+baseparse: 0:02:47.284903738 0xd73ffa90 gstbaseparse.c:3945:gst_base_parse_set_latency:<h264parse1> min/max latency 0:00:00.019480519, 0:00:00.019480519
03-06 09:27:50.201 22026 22340 V GStreamer+qtdemux: 0:02:47.284964363 0xdd2dbaf0 qtdemux.c:7663:qtdemux_parse_samples:<qtdemux1> parsing samples for stream fourcc avc1, pad video_0
03-06 09:27:50.201 22026 22340 D GStreamer+qtdemux: 0:02:47.285047488 0xdd2dbaf0 qtdemux.c:7674:qtdemux_parse_samples:<qtdemux1> parsing up to sample 284
03-06 09:27:50.201 22026 22340 V GStreamer+qtdemux: 0:02:47.285136134 0xdd2dbaf0 qtdemux.c:7700:qtdemux_parse_samples:<qtdemux1> sample 284 has size 144407
03-06 09:27:50.201 22026 22340 V GStreamer+qtdemux: 0:02:47.285230717 0xdd2dbaf0 qtdemux.c:7824:qtdemux_parse_samples:<qtdemux1> creating entry 284 with offset 41112487 and size 144407
03-06 09:27:50.201 22026 22340 D GStreamer+qtdemux: 0:02:47.285336030 0xdd2dbaf0 qtdemux.c:7881:qtdemux_parse_samples:<qtdemux1> sample 284: index 3, timestamp 0:00:05.580800000
03-06 09:27:50.201 22026 22340 D GStreamer+qtdemux: 0:02:47.285420665 0xdd2dbaf0 qtdemux.c:7936:qtdemux_parse_samples:<qtdemux1> samples at 284 is keyframe
03-06 09:27:50.202 22026 22340 V GStreamer+qtdemux: 0:02:47.285519155 0xdd2dbaf0 qtdemux.c:5498:next_entry_size:<qtdemux1> Checking Stream 0 (sample_index:284 / offset:41112487 / size:144407)
03-06 09:27:50.202 22026 22340 V GStreamer+qtdemux: 0:02:47.285609155 0xdd2dbaf0 qtdemux.c:5509:next_entry_size:<qtdemux1> stream 0 offset 41112487 demux->offset :41112487
03-06 09:27:50.202 22026 22340 D GStreamer+qtdemux: 0:02:47.285742332 0xdd2dbaf0 qtdemux.c:5700:gst_qtdemux_chain:<qtdemux1> pushing in inbuf 0xdcbff3f0, neededbytes:144407, available:7297
03-06 09:27:50.202 22026 22340 D GStreamer+qtdemux: 0:02:47.285887852 0xdd2dbaf0 qtdemux.c:5700:gst_qtdemux_chain:<qtdemux1> pushing in inbuf 0xdca792a8, neededbytes:144407, available:11393
03-06 09:27:50.202 22026 22340 D GStreamer+qtdemux: 0:02:47.286097384 0xdd2dbaf0 qtdemux.c:5700:gst_qtdemux_chain:<qtdemux1> pushing in inbuf 0xdc9791a0, neededbytes:144407, available:15489
03-06 09:27:50.202 22026 22340 D GStreamer+qtdemux: 0:02:47.286210769 0xdd2dbaf0 qtdemux.c:5700:gst_qtdemux_chain:<qtdemux1> pushing in inbuf 0xdc977be8, neededbytes:144407, available:19585
03-06 09:27:50.202 22026 22340 D GStreamer+qtdemux: 0:02:47.286317957 0xdd2dbaf0 qtdemux.c:5700:gst_qtdemux_chain:<qtdemux1> pushing in inbuf 0xdc979060, neededbytes:144407, available:23681
03-06 09:27:50.202 22026 22340 D GStreamer+qtdemux: 0:02:47.286424207 0xdd2dbaf0 qtdemux.c:5700:gst_qtdemux_chain:<qtdemux1> pushing in inbuf 0xdc979bc0, neededbytes:144407, available:27777
03-06 09:27:50.203 22026 22340 D GStreamer+qtdemux: 0:02:47.286528321 0xdd2dbaf0 qtdemux.c:5700:gst_qtdemux_chain:<qtdemux1> pushing in inbuf 0xdd6cd530, neededbytes:144407, available:31873
03-06 09:27:50.203 22026 22340 D GStreamer+qtdemux: 0:02:47.286632800 0xdd2dbaf0 qtdemux.c:5700:gst_qtdemux_chain:<qtdemux1> pushing in inbuf 0xdcc3f518, neededbytes:144407, available:35969
03-06 09:27:50.203 22026 22340 D GStreamer+qtdemux: 0:02:47.286734519 0xdd2dbaf0 qtdemux.c:5700:gst_qtdemux_chain:<qtdemux1> pushing in inbuf 0xdcc3fc80, neededbytes:144407, available:40065
03-06 09:27:50.203 22026 22340 D GStreamer+qtdemux: 0:02:47.287187123 0xdd2dbaf0 qtdemux.c:5700:gst_qtdemux_chain:<qtdemux1> pushing in inbuf 0xdc9796a0, neededbytes:144407, available:44161
03-06 09:27:50.203 22026 22340 D GStreamer+qtdemux: 0:02:47.287360977 0xdd2dbaf0 qtdemux.c:5700:gst_qtdemux_chain:<qtdemux1> pushing in inbuf 0xdc979c60, neededbytes:144407, available:48257
03-06 09:27:50.204 22026 22340 D GStreamer+qtdemux: 0:02:47.287506863 0xdd2dbaf0 qtdemux.c:5700:gst_qtdemux_chain:<qtdemux1> pushing in inbuf 0xdca79d30, neededbytes:144407, available:52353
03-06 09:27:50.204 22026 22340 D GStreamer+qtdemux: 0:02:47.287666863 0xdd2dbaf0 qtdemux.c:5700:gst_qtdemux_chain:<qtdemux1> pushing in inbuf 0xdcbff530, neededbytes:144407, available:56449
03-06 09:27:50.204 22026 22340 D GStreamer+qtdemux: 0:02:47.287795144 0xdd2dbaf0 qtdemux.c:5700:gst_qtdemux_chain:<qtdemux1> pushing in inbuf 0xdcc51488, neededbytes:144407, available:60545
03-06 09:27:50.204 22026 22340 D GStreamer+qtdemux: 0:02:47.287945665 0xdd2dbaf0 qtdemux.c:5700:gst_qtdemux_chain:<qtdemux1> pushing in inbuf 0xdca79a10, neededbytes:144407, available:64641
03-06 09:27:50.204 22026 22340 D GStreamer+qtdemux: 0:02:47.288067332 0xdd2dbaf0 qtdemux.c:5700:gst_qtdemux_chain:<qtdemux1> pushing in inbuf 0xdcc51aa0, neededbytes:144407, available:68737
03-06 09:27:50.204 22026 22340 D GStreamer+qtdemux: 0:02:47.288187123 0xdd2dbaf0 qtdemux.c:5700:gst_qtdemux_chain:<qtdemux1> pushing in inbuf 0xdcc51dc0, neededbytes:144407, available:72833
03-06 09:27:50.204 22026 22340 D GStreamer+qtdemux: 0:02:47.288309936 0xdd2dbaf0 qtdemux.c:5700:gst_qtdemux_chain:<qtdemux1> pushing in inbuf 0xdccf3828, neededbytes:144407, available:76929
03-06 09:27:50.204 22026 22340 D GStreamer+qtdemux: 0:02:47.288447332 0xdd2dbaf0 qtdemux.c:5700:gst_qtdemux_chain:<qtdemux1> pushing in inbuf 0xdcc51668, neededbytes:144407, available:81025
03-06 09:27:50.205 22026 22340 D GStreamer+qtdemux: 0:02:47.288560300 0xdd2dbaf0 qtdemux.c:5700:gst_qtdemux_chain:<qtdemux1> pushing in inbuf 0xdca79dd0, neededbytes:144407, available:85121
03-06 09:27:50.205 22026 22340 D GStreamer+qtdemux: 0:02:47.288672175 0xdd2dbaf0 qtdemux.c:5700:gst_qtdemux_chain:<qtdemux1> pushing in inbuf 0xdccfe3f8, neededbytes:144407, available:89217
03-06 09:27:50.205 22026 22340 D GStreamer+qtdemux: 0:02:47.288785561 0xdd2dbaf0 qtdemux.c:5700:gst_qtdemux_chain:<qtdemux1> pushing in inbuf 0xdc978ac8, neededbytes:144407, available:93313
03-06 09:27:50.205 22026 22340 D GStreamer+qtdemux: 0:02:47.288920561 0xdd2dbaf0 qtdemux.c:5700:gst_qtdemux_chain:<qtdemux1> pushing in inbuf 0xdc979da0, neededbytes:144407, available:97409
03-06 09:27:50.205 22026 22340 D GStreamer+qtdemux: 0:02:47.289032905 0xdd2dbaf0 qtdemux.c:5700:gst_qtdemux_chain:<qtdemux1> pushing in inbuf 0xdca79668, neededbytes:144407, available:101505
03-06 09:27:50.205 22026 22340 D GStreamer+qtdemux: 0:02:47.289145457 0xdd2dbaf0 qtdemux.c:5700:gst_qtdemux_chain:<qtdemux1> pushing in inbuf 0xdc977a08, neededbytes:144407, available:105601
03-06 09:27:50.205 22026 22340 D GStreamer+qtdemux: 0:02:47.289257592 0xdd2dbaf0 qtdemux.c:5700:gst_qtdemux_chain:<qtdemux1> pushing in inbuf 0xdccf3b48, neededbytes:144407, available:109697
03-06 09:27:50.205 22026 22340 D GStreamer+qtdemux: 0:02:47.289398321 0xdd2dbaf0 qtdemux.c:5700:gst_qtdemux_chain:<qtdemux1> pushing in inbuf 0xdcbfe828, neededbytes:144407, available:113793
03-06 09:27:50.206 22026 22340 D GStreamer+qtdemux: 0:02:47.289511811 0xdd2dbaf0 qtdemux.c:5700:gst_qtdemux_chain:<qtdemux1> pushing in inbuf 0xdcbffe90, neededbytes:144407, available:117889
03-06 09:27:50.206 22026 22340 D GStreamer+qtdemux: 0:02:47.289624832 0xdd2dbaf0 qtdemux.c:5700:gst_qtdemux_chain:<qtdemux1> pushing in inbuf 0xdc978400, neededbytes:144407, available:121985
03-06 09:27:50.206 22026 22340 D GStreamer+qtdemux: 0:02:47.289747332 0xdd2dbaf0 qtdemux.c:5700:gst_qtdemux_chain:<qtdemux1> pushing in inbuf 0xdcc51960, neededbytes:144407, available:126081
03-06 09:27:50.206 22026 22340 D GStreamer+qtdemux: 0:02:47.289881134 0xdd2dbaf0 qtdemux.c:5700:gst_qtdemux_chain:<qtdemux1> pushing in inbuf 0xdcc3eb30, neededbytes:144407, available:130177
03-06 09:27:50.206 22026 22340 D GStreamer+qtdemux: 0:02:47.289998477 0xdd2dbaf0 qtdemux.c:5700:gst_qtdemux_chain:<qtdemux1> pushing in inbuf 0xdcc595c0, neededbytes:144407, available:134273
03-06 09:27:50.206 22026 22340 D GStreamer+qtdemux: 0:02:47.290111186 0xdd2dbaf0 qtdemux.c:5700:gst_qtdemux_chain:<qtdemux1> pushing in inbuf 0xdccff0e8, neededbytes:144407, available:138369
03-06 09:27:50.206 22026 22340 D GStreamer+qtdemux: 0:02:47.290224623 0xdd2dbaf0 qtdemux.c:5700:gst_qtdemux_chain:<qtdemux1> pushing in inbuf 0xdcbfedc8, neededbytes:144407, available:142465
03-06 09:27:50.206 22026 22340 D GStreamer+qtdemux: 0:02:47.290336915 0xdd2dbaf0 qtdemux.c:5700:gst_qtdemux_chain:<qtdemux1> pushing in inbuf 0xdccf3340, neededbytes:144407, available:146561
03-06 09:27:50.206 22026 22340 D GStreamer+qtdemux: 0:02:47.290452123 0xdd2dbaf0 qtdemux.c:5720:gst_qtdemux_process_adapter:<qtdemux1> state:2 , demux->neededbytes:144407, demux->offset:41112487
03-06 09:27:50.207 22026 22340 D GStreamer+qtdemux: 0:02:47.290535352 0xdd2dbaf0 qtdemux.c:6067:gst_qtdemux_process_adapter:<qtdemux1> BEGIN // in MOVIE for offset 41112487
03-06 09:27:50.207 22026 22340 V GStreamer+qtdemux: 0:02:47.290628790 0xdd2dbaf0 qtdemux.c:6145:gst_qtdemux_process_adapter:<qtdemux1> Checking stream 0 (sample_index:284 / offset:41112487 / size:144407)
03-06 09:27:50.207 22026 22340 D GStreamer+qtdemux: 0:02:47.290714519 0xdd2dbaf0 qtdemux.c:6163:gst_qtdemux_process_adapter:<qtdemux1> stream : avc1
03-06 09:27:50.207 22026 22340 V GStreamer+qtdemux: 0:02:47.291202696 0xdd2dbaf0 qtdemux.c:4961:gst_qtdemux_decorate_and_push_buffer:<qtdemux1> Pushing buffer with dts 0:00:05.580800000, pts 0:00:05.580800000, duration 0:00:00.019400000 on pad video_0
03-06 09:27:50.214 22026 22232 V GStreamer+qtdemux: 0:02:47.297803738 0xdd2db980 qtdemux.c:810:gst_qtdemux_handle_src_query:<qtdemux1:video_0> position query
03-06 09:27:50.233 22026 22232 V GStreamer+qtdemux: 0:02:47.317230092 0xdd2db980 qtdemux.c:810:gst_qtdemux_handle_src_query:<qtdemux1:video_0> position query
03-06 09:27:50.235 22026 22340 V GStreamer+qtdemux: 0:02:47.318704988 0xdd2dbaf0 qtdemux.c:4633:gst_qtdemux_combine_flows:<qtdemux1> flow return: ok
03-06 09:27:50.235 22026 22340 V GStreamer+qtdemux: 0:02:47.318859050 0xdd2dbaf0 qtdemux.c:4641:gst_qtdemux_combine_flows:<qtdemux1> combined flow return: ok
03-06 09:27:50.235 22026 22340 V GStreamer+qtdemux: 0:02:47.318964727 0xdd2dbaf0 qtdemux.c:6219:gst_qtdemux_process_adapter:<qtdemux1> increasing offset 41112487 by 144407
03-06 09:27:50.235 22026 22342 I GStreamer+baseparse: 0:02:47.319071030 0xd73ffa90 gstbaseparse.c:3945:gst_base_parse_set_latency:<h264parse1> min/max latency 0:00:00.019480519, 0:00:00.019480519
03-06 09:27:50.235 22026 22340 V GStreamer+qtdemux: 0:02:47.319166707 0xdd2dbaf0 qtdemux.c:6222:gst_qtdemux_process_adapter:<qtdemux1> offset is now 41256894
03-06 09:27:50.235 22026 22340 V GStreamer+qtdemux: 0:02:47.319275873 0xdd2dbaf0 qtdemux.c:5472:next_entry_size:<qtdemux1> Finding entry at offset 41256894
03-06 09:27:50.235 22026 22340 V GStreamer+qtdemux: 0:02:47.319373790 0xdd2dbaf0 qtdemux.c:7663:qtdemux_parse_samples:<qtdemux1> parsing samples for stream fourcc avc1, pad video_0
03-06 09:27:50.235 22026 22340 D GStreamer+qtdemux: 0:02:47.319459467 0xdd2dbaf0 qtdemux.c:7674:qtdemux_parse_samples:<qtdemux1> parsing up to sample 285
03-06 09:27:50.236 22026 22340 V GStreamer+qtdemux: 0:02:47.319548894 0xdd2dbaf0 qtdemux.c:7700:qtdemux_parse_samples:<qtdemux1> sample 285 has size 144794
03-06 09:27:50.236 22026 22340 V GStreamer+qtdemux: 0:02:47.319642280 0xdd2dbaf0 qtdemux.c:7824:qtdemux_parse_samples:<qtdemux1> creating entry 285 with offset 41256894 and size 144794
03-06 09:27:50.236 22026 22340 V GStreamer+qtdemux: 0:02:47.319732957 0xdd2dbaf0 qtdemux.c:7868:qtdemux_parse_samples:<qtdemux1> block 0, 1 timestamps, duration 98
03-06 09:27:50.236 22026 22340 D GStreamer+qtdemux: 0:02:47.319834519 0xdd2dbaf0 qtdemux.c:7881:qtdemux_parse_samples:<qtdemux1> sample 285: index 0, timestamp 0:00:05.600200000
03-06 09:27:50.236 22026 22340 D GStreamer+qtdemux: 0:02:47.319919727 0xdd2dbaf0 qtdemux.c:7936:qtdemux_parse_samples:<qtdemux1> samples at 285 is keyframe
03-06 09:27:50.236 22026 22340 V GStreamer+qtdemux: 0:02:47.320016186 0xdd2dbaf0 qtdemux.c:5498:next_entry_size:<qtdemux1> Checking Stream 0 (sample_index:285 / offset:41256894 / size:144794)
03-06 09:27:50.237 22026 22340 V GStreamer+qtdemux: 0:02:47.320577696 0xdd2dbaf0 qtdemux.c:5509:next_entry_size:<qtdemux1> stream 0 offset 41256894 demux->offset :41256894
03-06 09:27:50.237 22026 22340 D GStreamer+qtdemux: 0:02:47.321344832 0xdd2dbaf0 qtdemux.c:5700:gst_qtdemux_chain:<qtdemux1> pushing in inbuf 0xdc979240, neededbytes:144794, available:6250
03-06 09:27:50.238 22026 22340 D GStreamer+qtdemux: 0:02:47.321553790 0xdd2dbaf0 qtdemux.c:5700:gst_qtdemux_chain:<qtdemux1> pushing in inbuf 0xdd6cd490, neededbytes:144794, available:10346
03-06 09:27:50.238 22026 22340 D GStreamer+qtdemux: 0:02:47.321665821 0xdd2dbaf0 qtdemux.c:5700:gst_qtdemux_chain:<qtdemux1> pushing in inbuf 0xdcc3f8c0, neededbytes:144794, available:14442
03-06 09:27:50.238 22026 22340 D GStreamer+qtdemux: 0:02:47.321772019 0xdd2dbaf0 qtdemux.c:5700:gst_qtdemux_chain:<qtdemux1> pushing in inbuf 0xdcc515c8, neededbytes:144794, available:18538
03-06 09:27:50.238 22026 22340 D GStreamer+qtdemux: 0:02:47.321880821 0xdd2dbaf0 qtdemux.c:5700:gst_qtdemux_chain:<qtdemux1> pushing in inbuf 0xdccfe498, neededbytes:144794, available:22634
03-06 09:27:50.238 22026 22340 D GStreamer+qtdemux: 0:02:47.321997175 0xdd2dbaf0 qtdemux.c:5700:gst_qtdemux_chain:<qtdemux1> pushing in inbuf 0xdccff8f0, neededbytes:144794, available:26730
03-06 09:27:50.238 22026 22340 D GStreamer+qtdemux: 0:02:47.322126759 0xdd2dbaf0 qtdemux.c:5700:gst_qtdemux_chain:<qtdemux1> pushing in inbuf 0xdc9794c0, neededbytes:144794, available:30826
03-06 09:27:50.238 22026 22340 D GStreamer+qtdemux: 0:02:47.322295925 0xdd2dbaf0 qtdemux.c:5700:gst_qtdemux_chain:<qtdemux1> pushing in inbuf 0xdcc59808, neededbytes:144794, available:34922
03-06 09:27:50.238 22026 22340 D GStreamer+qtdemux: 0:02:47.322404102 0xdd2dbaf0 qtdemux.c:5700:gst_qtdemux_chain:<qtdemux1> pushing in inbuf 0xdccfe718, neededbytes:144794, available:39018
03-06 09:27:50.239 22026 22340 D GStreamer+qtdemux: 0:02:47.322507384 0xdd2dbaf0 qtdemux.c:5700:gst_qtdemux_chain:<qtdemux1> pushing in inbuf 0xdca79bf0, neededbytes:144794, available:43114
03-06 09:27:50.239 22026 22340 D GStreamer+qtdemux: 0:02:47.322621082 0xdd2dbaf0 qtdemux.c:5700:gst_qtdemux_chain:<qtdemux1> pushing in inbuf 0xdc9a5320, neededbytes:144794, available:47210
03-06 09:27:50.239 22026 22340 D GStreamer+qtdemux: 0:02:47.322742019 0xdd2dbaf0 qtdemux.c:5700:gst_qtdemux_chain:<qtdemux1> pushing in inbuf 0xdca79208, neededbytes:144794, available:51306
03-06 09:27:50.239 22026 22340 D GStreamer+qtdemux: 0:02:47.322860665 0xdd2dbaf0 qtdemux.c:5700:gst_qtdemux_chain:<qtdemux1> pushing in inbuf 0xdcbfec88, neededbytes:144794, available:55402
03-06 09:27:50.239 22026 22340 D GStreamer+qtdemux: 0:02:47.322975509 0xdd2dbaf0 qtdemux.c:5700:gst_qtdemux_chain:<qtdemux1> pushing in inbuf 0xdca795c8, neededbytes:144794, available:59498
03-06 09:27:50.239 22026 22340 D GStreamer+qtdemux: 0:02:47.323091915 0xdd2dbaf0 qtdemux.c:5700:gst_qtdemux_chain:<qtdemux1> pushing in inbuf 0xdcc3fd20, neededbytes:144794, available:63594
03-06 09:27:50.239 22026 22340 D GStreamer+qtdemux: 0:02:47.323219832 0xdd2dbaf0 qtdemux.c:5700:gst_qtdemux_chain:<qtdemux1> pushing in inbuf 0xdcc593e0, neededbytes:144794, available:67690
03-06 09:27:50.239 22026 22340 D GStreamer+qtdemux: 0:02:47.323344727 0xdd2dbaf0 qtdemux.c:5700:gst_qtdemux_chain:<qtdemux1> pushing in inbuf 0xdc9785e0, neededbytes:144794, available:71786
03-06 09:27:50.239 22026 22342 I GStreamer+baseparse: 0:02:47.323436498 0xd73ffa90 gstbaseparse.c:3945:gst_base_parse_set_latency:<h264parse1> min/max latency 0:00:00.019480519, 0:00:00.019480519
03-06 09:27:50.239 22026 22340 D GStreamer+qtdemux: 0:02:47.323462227 0xdd2dbaf0 qtdemux.c:5700:gst_qtdemux_chain:<qtdemux1> pushing in inbuf 0xdcc3e8b0, neededbytes:144794, available:75882
03-06 09:27:50.240 22026 22340 D GStreamer+qtdemux: 0:02:47.323581915 0xdd2dbaf0 qtdemux.c:5700:gst_qtdemux_chain:<qtdemux1> pushing in inbuf 0xdcc510c8, neededbytes:144794, available:79978
03-06 09:27:50.240 22026 22340 D GStreamer+qtdemux: 0:02:47.323705509 0xdd2dbaf0 qtdemux.c:5700:gst_qtdemux_chain:<qtdemux1> pushing in inbuf 0xdcc59700, neededbytes:144794, available:84074
03-06 09:27:50.240 22026 22340 D GStreamer+qtdemux: 0:02:47.323831967 0xdd2dbaf0 qtdemux.c:5700:gst_qtdemux_chain:<qtdemux1> pushing in inbuf 0xdcc3e5a8, neededbytes:144794, available:88170
03-06 09:27:50.240 22026 22340 D GStreamer+qtdemux: 0:02:47.323949259 0xdd2dbaf0 qtdemux.c:5700:gst_qtdemux_chain:<qtdemux1> pushing in inbuf 0xdcc3fbe0, neededbytes:144794, available:92266
03-06 09:27:50.240 22026 22340 D GStreamer+qtdemux: 0:02:47.324066967 0xdd2dbaf0 qtdemux.c:5700:gst_qtdemux_chain:<qtdemux1> pushing in inbuf 0xdccffcb0, neededbytes:144794, available:96362
03-06 09:27:50.240 22026 22340 D GStreamer+qtdemux: 0:02:47.324184623 0xdd2dbaf0 qtdemux.c:5700:gst_qtdemux_chain:<qtdemux1> pushing in inbuf 0xdcc3f158, neededbytes:144794, available:100458
03-06 09:27:50.240 22026 22340 D GStreamer+qtdemux: 0:02:47.324302905 0xdd2dbaf0 qtdemux.c:5700:gst_qtdemux_chain:<qtdemux1> pushing in inbuf 0xdcc3e6e8, neededbytes:144794, available:104554
03-06 09:27:50.240 22026 22340 D GStreamer+qtdemux: 0:02:47.324425040 0xdd2dbaf0 qtdemux.c:5700:gst_qtdemux_chain:<qtdemux1> pushing in inbuf 0xdcbfff30, neededbytes:144794, available:108650
03-06 09:27:50.241 22026 22340 D GStreamer+qtdemux: 0:02:47.324544675 0xdd2dbaf0 qtdemux.c:5700:gst_qtdemux_chain:<qtdemux1> pushing in inbuf 0xdc9778c8, neededbytes:144794, available:112746
03-06 09:27:50.241 22026 22340 D GStreamer+qtdemux: 0:02:47.324664780 0xdd2dbaf0 qtdemux.c:5700:gst_qtdemux_chain:<qtdemux1> pushing in inbuf 0xdcbfed28, neededbytes:144794, available:116842
03-06 09:27:50.241 22026 22340 D GStreamer+qtdemux: 0:02:47.324783425 0xdd2dbaf0 qtdemux.c:5700:gst_qtdemux_chain:<qtdemux1> pushing in inbuf 0xdcc3e468, neededbytes:144794, available:120938
03-06 09:27:50.241 22026 22340 D GStreamer+qtdemux: 0:02:47.324892905 0xdd2dbaf0 qtdemux.c:5700:gst_qtdemux_chain:<qtdemux1> pushing in inbuf 0xdccf35c0, neededbytes:144794, available:125034
03-06 09:27:50.241 22026 22340 D GStreamer+qtdemux: 0:02:47.324996498 0xdd2dbaf0 qtdemux.c:5700:gst_qtdemux_chain:<qtdemux1> pushing in inbuf 0xdca79528, neededbytes:144794, available:129130
03-06 09:27:50.241 22026 22340 D GStreamer+qtdemux: 0:02:47.325194832 0xdd2dbaf0 qtdemux.c:5700:gst_qtdemux_chain:<qtdemux1> pushing in inbuf 0xdca79488, neededbytes:144794, available:133226
03-06 09:27:50.241 22026 22340 D GStreamer+qtdemux: 0:02:47.325325873 0xdd2dbaf0 qtdemux.c:5700:gst_qtdemux_chain:<qtdemux1> pushing in inbuf 0xdcc3fdc0, neededbytes:144794, available:137322
03-06 09:27:50.241 22026 22340 D GStreamer+qtdemux: 0:02:47.325447488 0xdd2dbaf0 qtdemux.c:5700:gst_qtdemux_chain:<qtdemux1> pushing in inbuf 0xdd6cd3f0, neededbytes:144794, available:141418
03-06 09:27:50.242 22026 22340 D GStreamer+qtdemux: 0:02:47.325566290 0xdd2dbaf0 qtdemux.c:5700:gst_qtdemux_chain:<qtdemux1> pushing in inbuf 0xdccf3700, neededbytes:144794, available:145514
03-06 09:27:50.242 22026 22340 D GStreamer+qtdemux: 0:02:47.325662540 0xdd2dbaf0 qtdemux.c:5720:gst_qtdemux_process_adapter:<qtdemux1> state:2 , demux->neededbytes:144794, demux->offset:41256894
03-06 09:27:50.242 22026 22340 D GStreamer+qtdemux: 0:02:47.325751186 0xdd2dbaf0 qtdemux.c:6067:gst_qtdemux_process_adapter:<qtdemux1> BEGIN // in MOVIE for offset 41256894
03-06 09:27:50.242 22026 22340 V GStreamer+qtdemux: 0:02:47.325849623 0xdd2dbaf0 qtdemux.c:6145:gst_qtdemux_process_adapter:<qtdemux1> Checking stream 0 (sample_index:285 / offset:41256894 / size:144794)
03-06 09:27:50.242 22026 22340 D GStreamer+qtdemux: 0:02:47.325939363 0xdd2dbaf0 qtdemux.c:6163:gst_qtdemux_process_adapter:<qtdemux1> stream : avc1
03-06 09:27:50.242 22026 22342 I GStreamer+baseparse: 0:02:47.325963894 0xd73ffa90 gstbaseparse.c:3945:gst_base_parse_set_latency:<h264parse1> min/max latency 0:00:00.019480519, 0:00:00.019480519
03-06 09:27:50.243 22026 22340 V GStreamer+qtdemux: 0:02:47.326606030 0xdd2dbaf0 qtdemux.c:4961:gst_qtdemux_decorate_and_push_buffer:<qtdemux1> Pushing buffer with dts 0:00:05.600200000, pts 0:00:05.600200000, duration 0:00:00.019600000 on pad video_0
03-06 09:27:50.243 22026 22340 V GStreamer+qtdemux: 0:02:47.326779519 0xdd2dbaf0 qtdemux.c:4633:gst_qtdemux_combine_flows:<qtdemux1> flow return: ok
03-06 09:27:50.243 22026 22340 V GStreamer+qtdemux: 0:02:47.326866707 0xdd2dbaf0 qtdemux.c:4641:gst_qtdemux_combine_flows:<qtdemux1> combined flow return: ok
03-06 09:27:50.243 22026 22340 V GStreamer+qtdemux: 0:02:47.326956550 0xdd2dbaf0 qtdemux.c:6219:gst_qtdemux_process_adapter:<qtdemux1> increasing offset 41256894 by 144794
03-06 09:27:50.243 22026 22340 V GStreamer+qtdemux: 0:02:47.327041394 0xdd2dbaf0 qtdemux.c:6222:gst_qtdemux_process_adapter:<qtdemux1> offset is now 41401688
03-06 09:27:50.243 22026 22340 V GStreamer+qtdemux: 0:02:47.327128269 0xdd2dbaf0 qtdemux.c:5472:next_entry_size:<qtdemux1> Finding entry at offset 41401688
03-06 09:27:50.243 22026 22340 V GStreamer+qtdemux: 0:02:47.327222071 0xdd2dbaf0 qtdemux.c:7663:qtdemux_parse_samples:<qtdemux1> parsing samples for stream fourcc avc1, pad video_0
03-06 09:27:50.243 22026 22340 D GStreamer+qtdemux: 0:02:47.327314884 0xdd2dbaf0 qtdemux.c:7674:qtdemux_parse_samples:<qtdemux1> parsing up to sample 286
03-06 09:27:50.243 22026 22340 V GStreamer+qtdemux: 0:02:47.327405613 0xdd2dbaf0 qtdemux.c:7700:qtdemux_parse_samples:<qtdemux1> sample 286 has size 144566
03-06 09:27:50.244 22026 22340 V GStreamer+qtdemux: 0:02:47.327502071 0xdd2dbaf0 qtdemux.c:7824:qtdemux_parse_samples:<qtdemux1> creating entry 286 with offset 41401688 and size 144566
03-06 09:27:50.244 22026 22340 V GStreamer+qtdemux: 0:02:47.327673217 0xdd2dbaf0 qtdemux.c:7868:qtdemux_parse_samples:<qtdemux1> block 0, 3 timestamps, duration 97
03-06 09:27:50.244 22026 22340 D GStreamer+qtdemux: 0:02:47.327785300 0xdd2dbaf0 qtdemux.c:7881:qtdemux_parse_samples:<qtdemux1> sample 286: index 0, timestamp 0:00:05.619800000
03-06 09:27:50.244 22026 22340 D GStreamer+qtdemux: 0:02:47.327876446 0xdd2dbaf0 qtdemux.c:7936:qtdemux_parse_samples:<qtdemux1> samples at 286 is keyframe
03-06 09:27:50.244 22026 22340 V GStreamer+qtdemux: 0:02:47.327982852 0xdd2dbaf0 qtdemux.c:5498:next_entry_size:<qtdemux1> Checking Stream 0 (sample_index:286 / offset:41401688 / size:144566)
03-06 09:27:50.244 22026 22340 V GStreamer+qtdemux: 0:02:47.328082905 0xdd2dbaf0 qtdemux.c:5509:next_entry_size:<qtdemux1> stream 0 offset 41401688 demux->offset :41401688
03-06 09:27:50.244 22026 22340 D GStreamer+qtdemux: 0:02:47.328283269 0xdd2dbaf0 qtdemux.c:5700:gst_qtdemux_chain:<qtdemux1> pushing in inbuf 0xdcc51b40, neededbytes:144566, available:4816
03-06 09:27:50.244 22026 22340 D GStreamer+qtdemux: 0:02:47.328421082 0xdd2dbaf0 qtdemux.c:5700:gst_qtdemux_chain:<qtdemux1> pushing in inbuf 0xdc9a6bd8, neededbytes:144566, available:8912
03-06 09:27:50.245 22026 22340 D GStreamer+qtdemux: 0:02:47.328583009 0xdd2dbaf0 qtdemux.c:5700:gst_qtdemux_chain:<qtdemux1> pushing in inbuf 0xdcc3f1f8, neededbytes:144566, available:13008
03-06 09:27:50.245 22026 22340 D GStreamer+qtdemux: 0:02:47.328730352 0xdd2dbaf0 qtdemux.c:5700:gst_qtdemux_chain:<qtdemux1> pushing in inbuf 0xdcc59948, neededbytes:144566, available:17104
03-06 09:27:50.245 22026 22340 D GStreamer+qtdemux: 0:02:47.328846707 0xdd2dbaf0 qtdemux.c:5700:gst_qtdemux_chain:<qtdemux1> pushing in inbuf 0xdcbff5d0, neededbytes:144566, available:21200
03-06 09:27:50.245 22026 22340 D GStreamer+qtdemux: 0:02:47.328965509 0xdd2dbaf0 qtdemux.c:5700:gst_qtdemux_chain:<qtdemux1> pushing in inbuf 0xdcc51820, neededbytes:144566, available:25296
03-06 09:27:50.245 22026 22340 D GStreamer+qtdemux: 0:02:47.329083530 0xdd2dbaf0 qtdemux.c:5700:gst_qtdemux_chain:<qtdemux1> pushing in inbuf 0xdcc3f0b8, neededbytes:144566, available:29392
03-06 09:27:50.245 22026 22340 D GStreamer+qtdemux: 0:02:47.329223165 0xdd2dbaf0 qtdemux.c:5700:gst_qtdemux_chain:<qtdemux1> pushing in inbuf 0xdc979800, neededbytes:144566, available:33488
03-06 09:27:50.245 22026 22340 D GStreamer+qtdemux: 0:02:47.329356186 0xdd2dbaf0 qtdemux.c:5700:gst_qtdemux_chain:<qtdemux1> pushing in inbuf 0xdcbfe340, neededbytes:144566, available:37584
03-06 09:27:50.246 22026 22340 D GStreamer+qtdemux: 0:02:47.329491915 0xdd2dbaf0 qtdemux.c:5700:gst_qtdemux_chain:<qtdemux1> pushing in inbuf 0xdc9a6b38, neededbytes:144566, available:41680
03-06 09:27:50.246 22026 22340 D GStreamer+qtdemux: 0:02:47.329616863 0xdd2dbaf0 qtdemux.c:5700:gst_qtdemux_chain:<qtdemux1> pushing in inbuf 0xdc979380, neededbytes:144566, available:45776
03-06 09:27:50.246 22026 22340 D GStreamer+qtdemux: 0:02:47.329738321 0xdd2dbaf0 qtdemux.c:5700:gst_qtdemux_chain:<qtdemux1> pushing in inbuf 0xdc979b20, neededbytes:144566, available:49872
03-06 09:27:50.246 22026 22340 D GStreamer+qtdemux: 0:02:47.329863425 0xdd2dbaf0 qtdemux.c:5700:gst_qtdemux_chain:<qtdemux1> pushing in inbuf 0xdcc59480, neededbytes:144566, available:53968
03-06 09:27:50.246 22026 22340 D GStreamer+qtdemux: 0:02:47.329991342 0xdd2dbaf0 qtdemux.c:5700:gst_qtdemux_chain:<qtdemux1> pushing in inbuf 0xdcc3e288, neededbytes:144566, available:58064
03-06 09:27:50.246 22026 22340 D GStreamer+qtdemux: 0:02:47.330114311 0xdd2dbaf0 qtdemux.c:5700:gst_qtdemux_chain:<qtdemux1> pushing in inbuf 0xdcc59da8, neededbytes:144566, available:62160
03-06 09:27:50.246 22026 22340 D GStreamer+qtdemux: 0:02:47.330240457 0xdd2dbaf0 qtdemux.c:5700:gst_qtdemux_chain:<qtdemux1> pushing in inbuf 0xdc9788e8, neededbytes:144566, available:66256
03-06 09:27:50.246 22026 22340 D GStreamer+qtdemux: 0:02:47.330364519 0xdd2dbaf0 qtdemux.c:5700:gst_qtdemux_chain:<qtdemux1> pushing in inbuf 0xdcbff670, neededbytes:144566, available:70352
03-06 09:27:50.247 22026 22340 D GStreamer+qtdemux: 0:02:47.330492488 0xdd2dbaf0 qtdemux.c:5700:gst_qtdemux_chain:<qtdemux1> pushing in inbuf 0xdc9a5500, neededbytes:144566, available:74448
03-06 09:27:50.247 22026 22340 D GStreamer+qtdemux: 0:02:47.330641759 0xdd2dbaf0 qtdemux.c:5700:gst_qtdemux_chain:<qtdemux1> pushing in inbuf 0xdd6cd2b0, neededbytes:144566, available:78544
03-06 09:27:50.247 22026 22340 D GStreamer+qtdemux: 0:02:47.330761550 0xdd2dbaf0 qtdemux.c:5700:gst_qtdemux_chain:<qtdemux1> pushing in inbuf 0xdc9a5808, neededbytes:144566, available:82640
03-06 09:27:50.247 22026 22340 D GStreamer+qtdemux: 0:02:47.330878582 0xdd2dbaf0 qtdemux.c:5700:gst_qtdemux_chain:<qtdemux1> pushing in inbuf 0xdcc3f658, neededbytes:144566, available:86736
03-06 09:27:50.247 22026 22340 D GStreamer+qtdemux: 0:02:47.330984467 0xdd2dbaf0 qtdemux.c:5700:gst_qtdemux_chain:<qtdemux1> pushing in inbuf 0xdcbff2b0, neededbytes:144566, available:90832
03-06 09:27:50.247 22026 22340 D GStreamer+qtdemux: 0:02:47.331099832 0xdd2dbaf0 qtdemux.c:5700:gst_qtdemux_chain:<qtdemux1> pushing in inbuf 0xdcc3f820, neededbytes:144566, available:94928
03-06 09:27:50.247 22026 22340 D GStreamer+qtdemux: 0:02:47.331218998 0xdd2dbaf0 qtdemux.c:5700:gst_qtdemux_chain:<qtdemux1> pushing in inbuf 0xdc9a5da8, neededbytes:144566, available:99024
03-06 09:27:50.247 22026 22340 D GStreamer+qtdemux: 0:02:47.331333582 0xdd2dbaf0 qtdemux.c:5700:gst_qtdemux_chain:<qtdemux1> pushing in inbuf 0xdcc592a0, neededbytes:144566, available:103120
03-06 09:27:50.247 22026 22340 D GStreamer+qtdemux: 0:02:47.331448582 0xdd2dbaf0 qtdemux.c:5700:gst_qtdemux_chain:<qtdemux1> pushing in inbuf 0xdccf3aa8, neededbytes:144566, available:107216
03-06 09:27:50.248 22026 22340 D GStreamer+qtdemux: 0:02:47.331564936 0xdd2dbaf0 qtdemux.c:5700:gst_qtdemux_chain:<qtdemux1> pushing in inbuf 0xdccffe90, neededbytes:144566, available:111312
03-06 09:27:50.248 22026 22340 D GStreamer+qtdemux: 0:02:47.331691082 0xdd2dbaf0 qtdemux.c:5700:gst_qtdemux_chain:<qtdemux1> pushing in inbuf 0xdccf3be8, neededbytes:144566, available:115408
03-06 09:27:50.248 22026 22340 D GStreamer+qtdemux: 0:02:47.331805613 0xdd2dbaf0 qtdemux.c:5700:gst_qtdemux_chain:<qtdemux1> pushing in inbuf 0xdca798d0, neededbytes:144566, available:119504
03-06 09:27:50.248 22026 22340 D GStreamer+qtdemux: 0:02:47.331920717 0xdd2dbaf0 qtdemux.c:5700:gst_qtdemux_chain:<qtdemux1> pushing in inbuf 0xdcbff030, neededbytes:144566, available:123600
03-06 09:27:50.248 22026 22340 D GStreamer+qtdemux: 0:02:47.332033061 0xdd2dbaf0 qtdemux.c:5700:gst_qtdemux_chain:<qtdemux1> pushing in inbuf 0xdcc3f018, neededbytes:144566, available:127696
03-06 09:27:50.248 22026 22340 D GStreamer+qtdemux: 0:02:47.332151186 0xdd2dbaf0 qtdemux.c:5700:gst_qtdemux_chain:<qtdemux1> pushing in inbuf 0xdccf3dc8, neededbytes:144566, available:131792
03-06 09:27:50.248 22026 22340 D GStreamer+qtdemux: 0:02:47.332265561 0xdd2dbaf0 qtdemux.c:5700:gst_qtdemux_chain:<qtdemux1> pushing in inbuf 0xdccfe2b8, neededbytes:144566, available:135888
03-06 09:27:50.248 22026 22340 D GStreamer+qtdemux: 0:02:47.332381238 0xdd2dbaf0 qtdemux.c:5700:gst_qtdemux_chain:<qtdemux1> pushing in inbuf 0xdcbfeaa8, neededbytes:144566, available:139984
03-06 09:27:50.249 22026 22340 D GStreamer+qtdemux: 0:02:47.332494936 0xdd2dbaf0 qtdemux.c:5700:gst_qtdemux_chain:<qtdemux1> pushing in inbuf 0xdc9a6290, neededbytes:144566, available:144080
03-06 09:27:50.249 22026 22340 D GStreamer+qtdemux: 0:02:47.332610040 0xdd2dbaf0 qtdemux.c:5700:gst_qtdemux_chain:<qtdemux1> pushing in inbuf 0xdccffad0, neededbytes:144566, available:148176
03-06 09:27:50.249 22026 22340 D GStreamer+qtdemux: 0:02:47.332705561 0xdd2dbaf0 qtdemux.c:5720:gst_qtdemux_process_adapter:<qtdemux1> state:2 , demux->neededbytes:144566, demux->offset:41401688
03-06 09:27:50.249 22026 22340 D GStreamer+qtdemux: 0:02:47.332789884 0xdd2dbaf0 qtdemux.c:6067:gst_qtdemux_process_adapter:<qtdemux1> BEGIN // in MOVIE for offset 41401688
03-06 09:27:50.249 22026 22340 V GStreamer+qtdemux: 0:02:47.332885509 0xdd2dbaf0 qtdemux.c:6145:gst_qtdemux_process_adapter:<qtdemux1> Checking stream 0 (sample_index:286 / offset:41401688 / size:144566)
03-06 09:27:50.249 22026 22340 D GStreamer+qtdemux: 0:02:47.332998738 0xdd2dbaf0 qtdemux.c:6163:gst_qtdemux_process_adapter:<qtdemux1> stream : avc1
03-06 09:27:50.250 22026 22340 V GStreamer+qtdemux: 0:02:47.333570821 0xdd2dbaf0 qtdemux.c:4961:gst_qtdemux_decorate_and_push_buffer:<qtdemux1> Pushing buffer with dts 0:00:05.619800000, pts 0:00:05.619800000, duration 0:00:00.019400000 on pad video_0
03-06 09:27:50.250 22026 22340 V GStreamer+qtdemux: 0:02:47.333747852 0xdd2dbaf0 qtdemux.c:4633:gst_qtdemux_combine_flows:<qtdemux1> flow return: ok
03-06 09:27:50.250 22026 22340 V GStreamer+qtdemux: 0:02:47.333836446 0xdd2dbaf0 qtdemux.c:4641:gst_qtdemux_combine_flows:<qtdemux1> combined flow return: ok
03-06 09:27:50.250 22026 22340 V GStreamer+qtdemux: 0:02:47.333928842 0xdd2dbaf0 qtdemux.c:6219:gst_qtdemux_process_adapter:<qtdemux1> increasing offset 41401688 by 144566
03-06 09:27:50.250 22026 22340 V GStreamer+qtdemux: 0:02:47.334012488 0xdd2dbaf0 qtdemux.c:6222:gst_qtdemux_process_adapter:<qtdemux1> offset is now 41546254
03-06 09:27:50.250 22026 22340 V GStreamer+qtdemux: 0:02:47.334097019 0xdd2dbaf0 qtdemux.c:5472:next_entry_size:<qtdemux1> Finding entry at offset 41546254
03-06 09:27:50.250 22026 22340 V GStreamer+qtdemux: 0:02:47.334191082 0xdd2dbaf0 qtdemux.c:7663:qtdemux_parse_samples:<qtdemux1> parsing samples for stream fourcc avc1, pad video_0
03-06 09:27:50.250 22026 22340 D GStreamer+qtdemux: 0:02:47.334275248 0xdd2dbaf0 qtdemux.c:7674:qtdemux_parse_samples:<qtdemux1> parsing up to sample 287
03-06 09:27:50.250 22026 22340 V GStreamer+qtdemux: 0:02:47.334362280 0xdd2dbaf0 qtdemux.c:7700:qtdemux_parse_samples:<qtdemux1> sample 287 has size 143762
03-06 09:27:50.250 22026 22340 V GStreamer+qtdemux: 0:02:47.334456967 0xdd2dbaf0 qtdemux.c:7824:qtdemux_parse_samples:<qtdemux1> creating entry 287 with offset 41546254 and size 143762
03-06 09:27:50.251 22026 22340 D GStreamer+qtdemux: 0:02:47.334557957 0xdd2dbaf0 qtdemux.c:7881:qtdemux_parse_samples:<qtdemux1> sample 287: index 1, timestamp 0:00:05.639200000
03-06 09:27:50.251 22026 22340 D GStreamer+qtdemux: 0:02:47.334641759 0xdd2dbaf0 qtdemux.c:7936:qtdemux_parse_samples:<qtdemux1> samples at 287 is keyframe
03-06 09:27:50.251 22026 22340 V GStreamer+qtdemux: 0:02:47.334737905 0xdd2dbaf0 qtdemux.c:5498:next_entry_size:<qtdemux1> Checking Stream 0 (sample_index:287 / offset:41546254 / size:143762)
03-06 09:27:50.251 22026 22340 V GStreamer+qtdemux: 0:02:47.334832592 0xdd2dbaf0 qtdemux.c:5509:next_entry_size:<qtdemux1> stream 0 offset 41546254 demux->offset :41546254
03-06 09:27:50.251 22026 22340 D GStreamer+qtdemux: 0:02:47.334976967 0xdd2dbaf0 qtdemux.c:5700:gst_qtdemux_chain:<qtdemux1> pushing in inbuf 0xdcc3e648, neededbytes:143762, available:7706
03-06 09:27:50.251 22026 22340 D GStreamer+qtdemux: 0:02:47.335110613 0xdd2dbaf0 qtdemux.c:5700:gst_qtdemux_chain:<qtdemux1> pushing in inbuf 0xdcc3fb40, neededbytes:143762, available:11802
03-06 09:27:50.251 22026 22340 D GStreamer+qtdemux: 0:02:47.335235717 0xdd2dbaf0 qtdemux.c:5700:gst_qtdemux_chain:<qtdemux1> pushing in inbuf 0xdc9a6818, neededbytes:143762, available:15898
03-06 09:27:50.251 22026 22340 D GStreamer+qtdemux: 0:02:47.335365092 0xdd2dbaf0 qtdemux.c:5700:gst_qtdemux_chain:<qtdemux1> pushing in inbuf 0xdc978c08, neededbytes:143762, available:19994
03-06 09:27:50.251 22026 22340 D GStreamer+qtdemux: 0:02:47.335485300 0xdd2dbaf0 qtdemux.c:5700:gst_qtdemux_chain:<qtdemux1> pushing in inbuf 0xdccf3f08, neededbytes:143762, available:24090
03-06 09:27:50.252 22026 22340 D GStreamer+qtdemux: 0:02:47.335600717 0xdd2dbaf0 qtdemux.c:5700:gst_qtdemux_chain:<qtdemux1> pushing in inbuf 0xdcbfeb48, neededbytes:143762, available:28186
03-06 09:27:50.252 22026 22340 D GStreamer+qtdemux: 0:02:47.335719727 0xdd2dbaf0 qtdemux.c:5700:gst_qtdemux_chain:<qtdemux1> pushing in inbuf 0xdcc3faa0, neededbytes:143762, available:32282
03-06 09:27:50.252 22026 22340 D GStreamer+qtdemux: 0:02:47.335829936 0xdd2dbaf0 qtdemux.c:5700:gst_qtdemux_chain:<qtdemux1> pushing in inbuf 0xdcbfe2a0, neededbytes:143762, available:36378
03-06 09:27:50.252 22026 22340 D GStreamer+qtdemux: 0:02:47.335969207 0xdd2dbaf0 qtdemux.c:5700:gst_qtdemux_chain:<qtdemux1> pushing in inbuf 0xdcc59c68, neededbytes:143762, available:40474
03-06 09:27:50.252 22026 22340 D GStreamer+qtdemux: 0:02:47.336098425 0xdd2dbaf0 qtdemux.c:5700:gst_qtdemux_chain:<qtdemux1> pushing in inbuf 0xdc9a59e8, neededbytes:143762, available:44570
03-06 09:27:50.252 22026 22340 D GStreamer+qtdemux: 0:02:47.336228425 0xdd2dbaf0 qtdemux.c:5700:gst_qtdemux_chain:<qtdemux1> pushing in inbuf 0xdc977b48, neededbytes:143762, available:48666
03-06 09:27:50.252 22026 22340 D GStreamer+qtdemux: 0:02:47.336341707 0xdd2dbaf0 qtdemux.c:5700:gst_qtdemux_chain:<qtdemux1> pushing in inbuf 0xdcc51c80, neededbytes:143762, available:52762
03-06 09:27:50.252 22026 22340 D GStreamer+qtdemux: 0:02:47.336448790 0xdd2dbaf0 qtdemux.c:5700:gst_qtdemux_chain:<qtdemux1> pushing in inbuf 0xdd15cef8, neededbytes:143762, available:56858
03-06 09:27:50.253 22026 22340 D GStreamer+qtdemux: 0:02:47.336554050 0xdd2dbaf0 qtdemux.c:5700:gst_qtdemux_chain:<qtdemux1> pushing in inbuf 0xdcbffad0, neededbytes:143762, available:60954
03-06 09:27:50.253 22026 22340 D GStreamer+qtdemux: 0:02:47.336660717 0xdd2dbaf0 qtdemux.c:5700:gst_qtdemux_chain:<qtdemux1> pushing in inbuf 0xdca79b50, neededbytes:143762, available:65050
03-06 09:27:50.253 22026 22340 D GStreamer+qtdemux: 0:02:47.336767384 0xdd2dbaf0 qtdemux.c:5700:gst_qtdemux_chain:<qtdemux1> pushing in inbuf 0xdccfe0d8, neededbytes:143762, available:69146
03-06 09:27:50.253 22026 22340 D GStreamer+qtdemux: 0:02:47.336873686 0xdd2dbaf0 qtdemux.c:5700:gst_qtdemux_chain:<qtdemux1> pushing in inbuf 0xdcc51d20, neededbytes:143762, available:73242
03-06 09:27:50.253 22026 22340 D GStreamer+qtdemux: 0:02:47.337017957 0xdd2dbaf0 qtdemux.c:5700:gst_qtdemux_chain:<qtdemux1> pushing in inbuf 0xdcc59ee8, neededbytes:143762, available:77338
03-06 09:27:50.253 22026 22340 D GStreamer+qtdemux: 0:02:47.337131863 0xdd2dbaf0 qtdemux.c:5700:gst_qtdemux_chain:<qtdemux1> pushing in inbuf 0xdd6cd350, neededbytes:143762, available:81434
03-06 09:27:50.253 22026 22340 D GStreamer+qtdemux: 0:02:47.337238321 0xdd2dbaf0 qtdemux.c:5700:gst_qtdemux_chain:<qtdemux1> pushing in inbuf 0xdc9a6d18, neededbytes:143762, available:85530
03-06 09:27:50.253 22026 22340 D GStreamer+qtdemux: 0:02:47.337345352 0xdd2dbaf0 qtdemux.c:5700:gst_qtdemux_chain:<qtdemux1> pushing in inbuf 0xdcc3f298, neededbytes:143762, available:89626
03-06 09:27:50.253 22026 22340 D GStreamer+qtdemux: 0:02:47.337455769 0xdd2dbaf0 qtdemux.c:5700:gst_qtdemux_chain:<qtdemux1> pushing in inbuf 0xdcc59e48, neededbytes:143762, available:93722
03-06 09:27:50.254 22026 22340 D GStreamer+qtdemux: 0:02:47.337561446 0xdd2dbaf0 qtdemux.c:5700:gst_qtdemux_chain:<qtdemux1> pushing in inbuf 0xdd15cb38, neededbytes:143762, available:97818
03-06 09:27:50.254 22026 22340 D GStreamer+qtdemux: 0:02:47.338008894 0xdd2dbaf0 qtdemux.c:5700:gst_qtdemux_chain:<qtdemux1> pushing in inbuf 0xdccf3c88, neededbytes:143762, available:101914
03-06 09:27:50.254 22026 22340 D GStreamer+qtdemux: 0:02:47.338218477 0xdd2dbaf0 qtdemux.c:5700:gst_qtdemux_chain:<qtdemux1> pushing in inbuf 0xdc979420, neededbytes:143762, available:106010
03-06 09:27:50.254 22026 22340 D GStreamer+qtdemux: 0:02:47.338408061 0xdd2dbaf0 qtdemux.c:5700:gst_qtdemux_chain:<qtdemux1> pushing in inbuf 0xdccfede0, neededbytes:143762, available:110106
03-06 09:27:50.255 22026 22340 D GStreamer+qtdemux: 0:02:47.338589467 0xdd2dbaf0 qtdemux.c:5700:gst_qtdemux_chain:<qtdemux1> pushing in inbuf 0xdc9a6470, neededbytes:143762, available:114202
03-06 09:27:50.255 22026 22340 D GStreamer+qtdemux: 0:02:47.338776550 0xdd2dbaf0 qtdemux.c:5700:gst_qtdemux_chain:<qtdemux1> pushing in inbuf 0xdc9a6db8, neededbytes:143762, available:118298
03-06 09:27:50.255 22026 22340 D GStreamer+qtdemux: 0:02:47.338965821 0xdd2dbaf0 qtdemux.c:5700:gst_qtdemux_chain:<qtdemux1> pushing in inbuf 0xdcc51348, neededbytes:143762, available:122394
03-06 09:27:50.255 22026 22340 D GStreamer+qtdemux: 0:02:47.339158582 0xdd2dbaf0 qtdemux.c:5700:gst_qtdemux_chain:<qtdemux1> pushing in inbuf 0xdccfeb60, neededbytes:143762, available:126490
03-06 09:27:50.255 22026 22340 D GStreamer+qtdemux: 0:02:47.339364519 0xdd2dbaf0 qtdemux.c:5700:gst_qtdemux_chain:<qtdemux1> pushing in inbuf 0xdcc3e0a8, neededbytes:143762, available:130586
03-06 09:27:50.256 22026 22232 V GStreamer+qtdemux: 0:02:47.339491550 0xdd2db980 qtdemux.c:810:gst_qtdemux_handle_src_query:<qtdemux1:video_0> position query
03-06 09:27:50.256 22026 22340 D GStreamer+qtdemux: 0:02:47.339576655 0xdd2dbaf0 qtdemux.c:5700:gst_qtdemux_chain:<qtdemux1> pushing in inbuf 0xdca79348, neededbytes:143762, available:134682
03-06 09:27:50.256 22026 22340 D GStreamer+qtdemux: 0:02:47.339781759 0xdd2dbaf0 qtdemux.c:5700:gst_qtdemux_chain:<qtdemux1> pushing in inbuf 0xdc978d48, neededbytes:143762, available:138778
03-06 09:27:50.256 22026 22340 D GStreamer+qtdemux: 0:02:47.339979519 0xdd2dbaf0 qtdemux.c:5700:gst_qtdemux_chain:<qtdemux1> pushing in inbuf 0xdcbfebe8, neededbytes:143762, available:142874
