03-06 09:27:48.989 22026 22232 V GStreamer+qtdemux: 0:02:46.073433790 0xdd2db980 qtdemux.c:810:gst_qtdemux_handle_src_query:<qtdemux1:video_0> position query
03-06 09:27:48.991 22026 22340 V GStreamer+qtdemux: 0:02:46.074919468 0xdd2dbaf0 qtdemux.c:4633:gst_qtdemux_combine_flows:<qtdemux1> flow return: ok
03-06 09:27:48.991 22026 22340 V GStreamer+qtdemux: 0:02:46.074990561 0xdd2dbaf0 qtdemux.c:4641:gst_qtdemux_combine_flows:<qtdemux1> combined flow return: ok
03-06 09:27:48.991 22026 22340 V GStreamer+qtdemux: 0:02:46.075057072 0xdd2dbaf0 qtdemux.c:6219:gst_qtdemux_process_adapter:<qtdemux1> increasing offset 31729642 by 144347
03-06 09:27:48.991 22026 22340 V GStreamer+qtdemux: 0:02:46.075120353 0xdd2dbaf0 qtdemux.c:6222:gst_qtdemux_process_adapter:<qtdemux1> offset is now 31873989
03-06 09:27:48.991 22026 22340 V GStreamer+qtdemux: 0:02:46.075450301 0xdd2dbaf0 qtdemux.c:5472:next_entry_size:<qtdemux1> Finding entry at offset 31873989
03-06 09:27:48.992 22026 22340 V GStreamer+qtdemux: 0:02:46.075601863 0xdd2dbaf0 qtdemux.c:7663:qtdemux_parse_samples:<qtdemux1> parsing samples for stream fourcc avc1, pad video_0
03-06 09:27:48.992 22026 22340 D GStreamer+qtdemux: 0:02:46.075743895 0xdd2dbaf0 qtdemux.c:7674:qtdemux_parse_samples:<qtdemux1> parsing up to sample 220
03-06 09:27:48.992 22026 22340 V GStreamer+qtdemux: 0:02:46.075891290 0xdd2dbaf0 qtdemux.c:7700:qtdemux_parse_samples:<qtdemux1> sample 220 has size 144580
03-06 09:27:48.992 22026 22340 V GStreamer+qtdemux: 0:02:46.076050665 0xdd2dbaf0 qtdemux.c:7824:qtdemux_parse_samples:<qtdemux1> creating entry 220 with offset 31873989 and size 144580
03-06 09:27:48.992 22026 22340 V GStreamer+qtdemux: 0:02:46.076197697 0xdd2dbaf0 qtdemux.c:7868:qtdemux_parse_samples:<qtdemux1> block 0, 1 timestamps, duration 97
03-06 09:27:48.992 22026 22340 D GStreamer+qtdemux: 0:02:46.076363322 0xdd2dbaf0 qtdemux.c:7881:qtdemux_parse_samples:<qtdemux1> sample 220: index 0, timestamp 0:00:04.336400000
03-06 09:27:48.993 22026 22340 D GStreamer+qtdemux: 0:02:46.076499936 0xdd2dbaf0 qtdemux.c:7936:qtdemux_parse_samples:<qtdemux1> samples at 220 is keyframe
03-06 09:27:48.993 22026 22342 I GStreamer+baseparse: 0:02:46.076563999 0xd73ffa90 gstbaseparse.c:3945:gst_base_parse_set_latency:<h264parse1> min/max latency 0:00:00.019480519, 0:00:00.019480519
03-06 09:27:48.993 22026 22340 V GStreamer+qtdemux: 0:02:46.076663061 0xdd2dbaf0 qtdemux.c:5498:next_entry_size:<qtdemux1> Checking Stream 0 (sample_index:220 / offset:31873989 / size:144580)
03-06 09:27:48.993 22026 22340 V GStreamer+qtdemux: 0:02:46.076820301 0xdd2dbaf0 qtdemux.c:5509:next_entry_size:<qtdemux1> stream 0 offset 31873989 demux->offset :31873989
03-06 09:27:48.993 22026 22340 D GStreamer+qtdemux: 0:02:46.077027488 0xdd2dbaf0 qtdemux.c:5700:gst_qtdemux_chain:<qtdemux1> pushing in inbuf 0xdcc3e810, neededbytes:144580, available:5219
03-06 09:27:48.993 22026 22340 D GStreamer+qtdemux: 0:02:46.077224468 0xdd2dbaf0 qtdemux.c:5700:gst_qtdemux_chain:<qtdemux1> pushing in inbuf 0xdd6cd030, neededbytes:144580, available:9315
03-06 09:27:48.993 22026 22340 D GStreamer+qtdemux: 0:02:46.077417488 0xdd2dbaf0 qtdemux.c:5700:gst_qtdemux_chain:<qtdemux1> pushing in inbuf 0xdccfec00, neededbytes:144580, available:13411
03-06 09:27:48.994 22026 22340 D GStreamer+qtdemux: 0:02:46.077658530 0xdd2dbaf0 qtdemux.c:5700:gst_qtdemux_chain:<qtdemux1> pushing in inbuf 0xdcc3f018, neededbytes:144580, available:17507
03-06 09:27:48.994 22026 22340 D GStreamer+qtdemux: 0:02:46.077869103 0xdd2dbaf0 qtdemux.c:5700:gst_qtdemux_chain:<qtdemux1> pushing in inbuf 0xdcbff030, neededbytes:144580, available:21603
03-06 09:27:48.994 22026 22340 D GStreamer+qtdemux: 0:02:46.078064572 0xdd2dbaf0 qtdemux.c:5700:gst_qtdemux_chain:<qtdemux1> pushing in inbuf 0xdc978e88, neededbytes:144580, available:25699
03-06 09:27:48.994 22026 22340 D GStreamer+qtdemux: 0:02:46.078263999 0xdd2dbaf0 qtdemux.c:5700:gst_qtdemux_chain:<qtdemux1> pushing in inbuf 0xdcbff210, neededbytes:144580, available:29795
03-06 09:27:48.994 22026 22340 D GStreamer+qtdemux: 0:02:46.078459936 0xdd2dbaf0 qtdemux.c:5700:gst_qtdemux_chain:<qtdemux1> pushing in inbuf 0xdccf3b48, neededbytes:144580, available:33891
03-06 09:27:48.995 22026 22340 D GStreamer+qtdemux: 0:02:46.078659572 0xdd2dbaf0 qtdemux.c:5700:gst_qtdemux_chain:<qtdemux1> pushing in inbuf 0xdc977a08, neededbytes:144580, available:37987
03-06 09:27:48.995 22026 22340 D GStreamer+qtdemux: 0:02:46.078863218 0xdd2dbaf0 qtdemux.c:5700:gst_qtdemux_chain:<qtdemux1> pushing in inbuf 0xdca79668, neededbytes:144580, available:42083
03-06 09:27:48.995 22026 22340 D GStreamer+qtdemux: 0:02:46.079058634 0xdd2dbaf0 qtdemux.c:5700:gst_qtdemux_chain:<qtdemux1> pushing in inbuf 0xdca79528, neededbytes:144580, available:46179
03-06 09:27:48.995 22026 22340 D GStreamer+qtdemux: 0:02:46.079251238 0xdd2dbaf0 qtdemux.c:5700:gst_qtdemux_chain:<qtdemux1> pushing in inbuf 0xdcbff990, neededbytes:144580, available:50275
03-06 09:27:48.995 22026 22340 D GStreamer+qtdemux: 0:02:46.079444676 0xdd2dbaf0 qtdemux.c:5700:gst_qtdemux_chain:<qtdemux1> pushing in inbuf 0xdc9a68b8, neededbytes:144580, available:54371
03-06 09:27:48.996 22026 22340 D GStreamer+qtdemux: 0:02:46.079638218 0xdd2dbaf0 qtdemux.c:5700:gst_qtdemux_chain:<qtdemux1> pushing in inbuf 0xdcc59660, neededbytes:144580, available:58467
03-06 09:27:48.996 22026 22340 D GStreamer+qtdemux: 0:02:46.079832072 0xdd2dbaf0 qtdemux.c:5700:gst_qtdemux_chain:<qtdemux1> pushing in inbuf 0xdd15c818, neededbytes:144580, available:62563
03-06 09:27:48.996 22026 22340 D GStreamer+qtdemux: 0:02:46.080026238 0xdd2dbaf0 qtdemux.c:5700:gst_qtdemux_chain:<qtdemux1> pushing in inbuf 0xdca79dd0, neededbytes:144580, available:66659
03-06 09:27:48.996 22026 22340 D GStreamer+qtdemux: 0:02:46.080225509 0xdd2dbaf0 qtdemux.c:5700:gst_qtdemux_chain:<qtdemux1> pushing in inbuf 0xdca79b50, neededbytes:144580, available:70755
03-06 09:27:48.996 22026 22340 D GStreamer+qtdemux: 0:02:46.080418374 0xdd2dbaf0 qtdemux.c:5700:gst_qtdemux_chain:<qtdemux1> pushing in inbuf 0xdcc51960, neededbytes:144580, available:74851
03-06 09:27:48.997 22026 22340 D GStreamer+qtdemux: 0:02:46.080614780 0xdd2dbaf0 qtdemux.c:5700:gst_qtdemux_chain:<qtdemux1> pushing in inbuf 0xdcc51168, neededbytes:144580, available:78947
03-06 09:27:48.997 22026 22340 D GStreamer+qtdemux: 0:02:46.080808009 0xdd2dbaf0 qtdemux.c:5700:gst_qtdemux_chain:<qtdemux1> pushing in inbuf 0xdcc51be0, neededbytes:144580, available:83043
03-06 09:27:48.997 22026 22340 D GStreamer+qtdemux: 0:02:46.080998270 0xdd2dbaf0 qtdemux.c:5700:gst_qtdemux_chain:<qtdemux1> pushing in inbuf 0xdcc59808, neededbytes:144580, available:87139
03-06 09:27:48.997 22026 22340 D GStreamer+qtdemux: 0:02:46.081188582 0xdd2dbaf0 qtdemux.c:5700:gst_qtdemux_chain:<qtdemux1> pushing in inbuf 0xdca79970, neededbytes:144580, available:91235
03-06 09:27:48.997 22026 22340 D GStreamer+qtdemux: 0:02:46.081375040 0xdd2dbaf0 qtdemux.c:5700:gst_qtdemux_chain:<qtdemux1> pushing in inbuf 0xdccf3dc8, neededbytes:144580, available:95331
03-06 09:27:48.998 22026 22340 D GStreamer+qtdemux: 0:02:46.081567749 0xdd2dbaf0 qtdemux.c:5700:gst_qtdemux_chain:<qtdemux1> pushing in inbuf 0xdc9a63d0, neededbytes:144580, available:99427
03-06 09:27:48.998 22026 22340 D GStreamer+qtdemux: 0:02:46.081755770 0xdd2dbaf0 qtdemux.c:5700:gst_qtdemux_chain:<qtdemux1> pushing in inbuf 0xdc9a6330, neededbytes:144580, available:103523
03-06 09:27:48.998 22026 22340 D GStreamer+qtdemux: 0:02:46.081945874 0xdd2dbaf0 qtdemux.c:5700:gst_qtdemux_chain:<qtdemux1> pushing in inbuf 0xdc9a5ee8, neededbytes:144580, available:107619
03-06 09:27:48.998 22026 22340 D GStreamer+qtdemux: 0:02:46.082138061 0xdd2dbaf0 qtdemux.c:5700:gst_qtdemux_chain:<qtdemux1> pushing in inbuf 0xdc9792e0, neededbytes:144580, available:111715
03-06 09:27:48.998 22026 22340 D GStreamer+qtdemux: 0:02:46.082327020 0xdd2dbaf0 qtdemux.c:5700:gst_qtdemux_chain:<qtdemux1> pushing in inbuf 0xdca79ab0, neededbytes:144580, available:115811
03-06 09:27:48.999 22026 22340 D GStreamer+qtdemux: 0:02:46.082519259 0xdd2dbaf0 qtdemux.c:5700:gst_qtdemux_chain:<qtdemux1> pushing in inbuf 0xdcc51028, neededbytes:144580, available:119907
03-06 09:27:48.999 22026 22340 D GStreamer+qtdemux: 0:02:46.082711030 0xdd2dbaf0 qtdemux.c:5700:gst_qtdemux_chain:<qtdemux1> pushing in inbuf 0xdc9799e0, neededbytes:144580, available:124003
03-06 09:27:48.999 22026 22340 D GStreamer+qtdemux: 0:02:46.082905249 0xdd2dbaf0 qtdemux.c:5700:gst_qtdemux_chain:<qtdemux1> pushing in inbuf 0xdcc3fc80, neededbytes:144580, available:128099
03-06 09:27:48.999 22026 22340 D GStreamer+qtdemux: 0:02:46.083095561 0xdd2dbaf0 qtdemux.c:5700:gst_qtdemux_chain:<qtdemux1> pushing in inbuf 0xdc9796a0, neededbytes:144580, available:132195
03-06 09:27:48.999 22026 22340 D GStreamer+qtdemux: 0:02:46.083285457 0xdd2dbaf0 qtdemux.c:5700:gst_qtdemux_chain:<qtdemux1> pushing in inbuf 0xdc979c60, neededbytes:144580, available:136291
03-06 09:27:48.999 22026 22340 D GStreamer+qtdemux: 0:02:46.083473947 0xdd2dbaf0 qtdemux.c:5700:gst_qtdemux_chain:<qtdemux1> pushing in inbuf 0xdca79d30, neededbytes:144580, available:140387
03-06 09:27:49.000 22026 22340 D GStreamer+qtdemux: 0:02:46.083664468 0xdd2dbaf0 qtdemux.c:5700:gst_qtdemux_chain:<qtdemux1> pushing in inbuf 0xdc979600, neededbytes:144580, available:144483
03-06 09:27:49.000 22026 22340 D GStreamer+qtdemux: 0:02:46.083856863 0xdd2dbaf0 qtdemux.c:5700:gst_qtdemux_chain:<qtdemux1> pushing in inbuf 0xdcc595c0, neededbytes:144580, available:148579
03-06 09:27:49.000 22026 22340 D GStreamer+qtdemux: 0:02:46.084013999 0xdd2dbaf0 qtdemux.c:5720:gst_qtdemux_process_adapter:<qtdemux1> state:2 , demux->neededbytes:144580, demux->offset:31873989
03-06 09:27:49.000 22026 22340 D GStreamer+qtdemux: 0:02:46.084157957 0xdd2dbaf0 qtdemux.c:6067:gst_qtdemux_process_adapter:<qtdemux1> BEGIN // in MOVIE for offset 31873989
03-06 09:27:49.000 22026 22340 V GStreamer+qtdemux: 0:02:46.084315822 0xdd2dbaf0 qtdemux.c:6145:gst_qtdemux_process_adapter:<qtdemux1> Checking stream 0 (sample_index:220 / offset:31873989 / size:144580)
03-06 09:27:49.000 22026 22340 D GStreamer+qtdemux: 0:02:46.084465822 0xdd2dbaf0 qtdemux.c:6163:gst_qtdemux_process_adapter:<qtdemux1> stream : avc1
03-06 09:27:49.001 22026 22340 V GStreamer+qtdemux: 0:02:46.085209051 0xdd2dbaf0 qtdemux.c:4961:gst_qtdemux_decorate_and_push_buffer:<qtdemux1> Pushing buffer with dts 0:00:04.336400000, pts 0:00:04.336400000, duration 0:00:00.019400000 on pad video_0
03-06 09:27:49.009 22026 22232 V GStreamer+qtdemux: 0:02:46.093050301 0xdd2db980 qtdemux.c:810:gst_qtdemux_handle_src_query:<qtdemux1:video_0> position query
03-06 09:27:49.029 22026 22232 V GStreamer+qtdemux: 0:02:46.112640197 0xdd2db980 qtdemux.c:810:gst_qtdemux_handle_src_query:<qtdemux1:video_0> position query
03-06 09:27:49.030 22026 22342 I GStreamer+baseparse: 0:02:46.113670822 0xd73ffa90 gstbaseparse.c:3945:gst_base_parse_set_latency:<h264parse1> min/max latency 0:00:00.019480519, 0:00:00.019480519
03-06 09:27:49.033 22026 22340 V GStreamer+qtdemux: 0:02:46.117426343 0xdd2dbaf0 qtdemux.c:4633:gst_qtdemux_combine_flows:<qtdemux1> flow return: ok
03-06 09:27:49.034 22026 22340 V GStreamer+qtdemux: 0:02:46.117542801 0xdd2dbaf0 qtdemux.c:4641:gst_qtdemux_combine_flows:<qtdemux1> combined flow return: ok
03-06 09:27:49.034 22026 22340 V GStreamer+qtdemux: 0:02:46.117687436 0xdd2dbaf0 qtdemux.c:6219:gst_qtdemux_process_adapter:<qtdemux1> increasing offset 31873989 by 144580
03-06 09:27:49.034 22026 22340 V GStreamer+qtdemux: 0:02:46.117772020 0xdd2dbaf0 qtdemux.c:6222:gst_qtdemux_process_adapter:<qtdemux1> offset is now 32018569
03-06 09:27:49.034 22026 22340 V GStreamer+qtdemux: 0:02:46.117853895 0xdd2dbaf0 qtdemux.c:5472:next_entry_size:<qtdemux1> Finding entry at offset 32018569
03-06 09:27:49.034 22026 22340 V GStreamer+qtdemux: 0:02:46.117943478 0xdd2dbaf0 qtdemux.c:7663:qtdemux_parse_samples:<qtdemux1> parsing samples for stream fourcc avc1, pad video_0
03-06 09:27:49.034 22026 22340 D GStreamer+qtdemux: 0:02:46.118027749 0xdd2dbaf0 qtdemux.c:7674:qtdemux_parse_samples:<qtdemux1> parsing up to sample 221
03-06 09:27:49.034 22026 22340 V GStreamer+qtdemux: 0:02:46.118114988 0xdd2dbaf0 qtdemux.c:7700:qtdemux_parse_samples:<qtdemux1> sample 221 has size 144425
03-06 09:27:49.034 22026 22340 V GStreamer+qtdemux: 0:02:46.118204884 0xdd2dbaf0 qtdemux.c:7824:qtdemux_parse_samples:<qtdemux1> creating entry 221 with offset 32018569 and size 144425
03-06 09:27:49.034 22026 22340 V GStreamer+qtdemux: 0:02:46.118290353 0xdd2dbaf0 qtdemux.c:7868:qtdemux_parse_samples:<qtdemux1> block 0, 1 timestamps, duration 98
03-06 09:27:49.034 22026 22340 D GStreamer+qtdemux: 0:02:46.118387228 0xdd2dbaf0 qtdemux.c:7881:qtdemux_parse_samples:<qtdemux1> sample 221: index 0, timestamp 0:00:04.355800000
03-06 09:27:49.034 22026 22340 D GStreamer+qtdemux: 0:02:46.118471447 0xdd2dbaf0 qtdemux.c:7936:qtdemux_parse_samples:<qtdemux1> samples at 221 is keyframe
03-06 09:27:49.035 22026 22340 V GStreamer+qtdemux: 0:02:46.118563790 0xdd2dbaf0 qtdemux.c:5498:next_entry_size:<qtdemux1> Checking Stream 0 (sample_index:221 / offset:32018569 / size:144425)
03-06 09:27:49.035 22026 22340 V GStreamer+qtdemux: 0:02:46.118651915 0xdd2dbaf0 qtdemux.c:5509:next_entry_size:<qtdemux1> stream 0 offset 32018569 demux->offset :32018569
03-06 09:27:49.035 22026 22340 D GStreamer+qtdemux: 0:02:46.118801186 0xdd2dbaf0 qtdemux.c:5700:gst_qtdemux_chain:<qtdemux1> pushing in inbuf 0xdc978d48, neededbytes:144425, available:8095
03-06 09:27:49.035 22026 22340 D GStreamer+qtdemux: 0:02:46.118920353 0xdd2dbaf0 qtdemux.c:5700:gst_qtdemux_chain:<qtdemux1> pushing in inbuf 0xdcc3e3c8, neededbytes:144425, available:12191
03-06 09:27:49.035 22026 22340 D GStreamer+qtdemux: 0:02:46.119033426 0xdd2dbaf0 qtdemux.c:5700:gst_qtdemux_chain:<qtdemux1> pushing in inbuf 0xdcbff0d0, neededbytes:144425, available:16287
03-06 09:27:49.035 22026 22340 D GStreamer+qtdemux: 0:02:46.119145770 0xdd2dbaf0 qtdemux.c:5700:gst_qtdemux_chain:<qtdemux1> pushing in inbuf 0xdcbff2b0, neededbytes:144425, available:20383
03-06 09:27:49.035 22026 22340 D GStreamer+qtdemux: 0:02:46.119261030 0xdd2dbaf0 qtdemux.c:5700:gst_qtdemux_chain:<qtdemux1> pushing in inbuf 0xdcc3f658, neededbytes:144425, available:24479
03-06 09:27:49.035 22026 22340 D GStreamer+qtdemux: 0:02:46.119375405 0xdd2dbaf0 qtdemux.c:5700:gst_qtdemux_chain:<qtdemux1> pushing in inbuf 0xdc9a5808, neededbytes:144425, available:28575
03-06 09:27:49.036 22026 22340 D GStreamer+qtdemux: 0:02:46.119493374 0xdd2dbaf0 qtdemux.c:5700:gst_qtdemux_chain:<qtdemux1> pushing in inbuf 0xdc9794c0, neededbytes:144425, available:32671
03-06 09:27:49.036 22026 22340 D GStreamer+qtdemux: 0:02:46.119617176 0xdd2dbaf0 qtdemux.c:5700:gst_qtdemux_chain:<qtdemux1> pushing in inbuf 0xdccff8f0, neededbytes:144425, available:36767
03-06 09:27:49.036 22026 22340 D GStreamer+qtdemux: 0:02:46.119729311 0xdd2dbaf0 qtdemux.c:5700:gst_qtdemux_chain:<qtdemux1> pushing in inbuf 0xdccfe498, neededbytes:144425, available:40863
03-06 09:27:49.036 22026 22340 D GStreamer+qtdemux: 0:02:46.119843947 0xdd2dbaf0 qtdemux.c:5700:gst_qtdemux_chain:<qtdemux1> pushing in inbuf 0xdccffe90, neededbytes:144425, available:44959
03-06 09:27:49.036 22026 22340 D GStreamer+qtdemux: 0:02:46.119955978 0xdd2dbaf0 qtdemux.c:5700:gst_qtdemux_chain:<qtdemux1> pushing in inbuf 0xdcc59e48, neededbytes:144425, available:49055
03-06 09:27:49.036 22026 22340 D GStreamer+qtdemux: 0:02:46.120070353 0xdd2dbaf0 qtdemux.c:5700:gst_qtdemux_chain:<qtdemux1> pushing in inbuf 0xdd6cd2b0, neededbytes:144425, available:53151
03-06 09:27:49.036 22026 22340 D GStreamer+qtdemux: 0:02:46.120182801 0xdd2dbaf0 qtdemux.c:5700:gst_qtdemux_chain:<qtdemux1> pushing in inbuf 0xdc9a5500, neededbytes:144425, available:57247
03-06 09:27:49.036 22026 22340 D GStreamer+qtdemux: 0:02:46.120294155 0xdd2dbaf0 qtdemux.c:5700:gst_qtdemux_chain:<qtdemux1> pushing in inbuf 0xdc979800, neededbytes:144425, available:61343
03-06 09:27:49.036 22026 22340 D GStreamer+qtdemux: 0:02:46.120408686 0xdd2dbaf0 qtdemux.c:5700:gst_qtdemux_chain:<qtdemux1> pushing in inbuf 0xdcc59a88, neededbytes:144425, available:65439
03-06 09:27:49.037 22026 22340 D GStreamer+qtdemux: 0:02:46.120520561 0xdd2dbaf0 qtdemux.c:5700:gst_qtdemux_chain:<qtdemux1> pushing in inbuf 0xdccff850, neededbytes:144425, available:69535
03-06 09:27:49.037 22026 22340 D GStreamer+qtdemux: 0:02:46.120636915 0xdd2dbaf0 qtdemux.c:5700:gst_qtdemux_chain:<qtdemux1> pushing in inbuf 0xdcc59020, neededbytes:144425, available:73631
03-06 09:27:49.037 22026 22340 D GStreamer+qtdemux: 0:02:46.120751759 0xdd2dbaf0 qtdemux.c:5700:gst_qtdemux_chain:<qtdemux1> pushing in inbuf 0xdccfe538, neededbytes:144425, available:77727
03-06 09:27:49.037 22026 22340 D GStreamer+qtdemux: 0:02:46.120865718 0xdd2dbaf0 qtdemux.c:5700:gst_qtdemux_chain:<qtdemux1> pushing in inbuf 0xdcbfe480, neededbytes:144425, available:81823
03-06 09:27:49.037 22026 22340 D GStreamer+qtdemux: 0:02:46.120983530 0xdd2dbaf0 qtdemux.c:5700:gst_qtdemux_chain:<qtdemux1> pushing in inbuf 0xdcc51b40, neededbytes:144425, available:85919
03-06 09:27:49.037 22026 22340 D GStreamer+qtdemux: 0:02:46.121106968 0xdd2dbaf0 qtdemux.c:5700:gst_qtdemux_chain:<qtdemux1> pushing in inbuf 0xdcbff490, neededbytes:144425, available:90015
03-06 09:27:49.037 22026 22340 D GStreamer+qtdemux: 0:02:46.121222749 0xdd2dbaf0 qtdemux.c:5700:gst_qtdemux_chain:<qtdemux1> pushing in inbuf 0xdcc3eb30, neededbytes:144425, available:94111
03-06 09:27:49.037 22026 22340 D GStreamer+qtdemux: 0:02:46.121346082 0xdd2dbaf0 qtdemux.c:5700:gst_qtdemux_chain:<qtdemux1> pushing in inbuf 0xdcc51c80, neededbytes:144425, available:98207
03-06 09:27:49.037 22026 22340 D GStreamer+qtdemux: 0:02:46.121467020 0xdd2dbaf0 qtdemux.c:5700:gst_qtdemux_chain:<qtdemux1> pushing in inbuf 0xdca79028, neededbytes:144425, available:102303
03-06 09:27:49.038 22026 22340 D GStreamer+qtdemux: 0:02:46.121582697 0xdd2dbaf0 qtdemux.c:5700:gst_qtdemux_chain:<qtdemux1> pushing in inbuf 0xdcc3f0b8, neededbytes:144425, available:106399
03-06 09:27:49.038 22026 22340 D GStreamer+qtdemux: 0:02:46.121695718 0xdd2dbaf0 qtdemux.c:5700:gst_qtdemux_chain:<qtdemux1> pushing in inbuf 0xdcc51820, neededbytes:144425, available:110495
03-06 09:27:49.038 22026 22340 D GStreamer+qtdemux: 0:02:46.121812176 0xdd2dbaf0 qtdemux.c:5700:gst_qtdemux_chain:<qtdemux1> pushing in inbuf 0xdcbff350, neededbytes:144425, available:114591
03-06 09:27:49.038 22026 22340 D GStreamer+qtdemux: 0:02:46.121926134 0xdd2dbaf0 qtdemux.c:5700:gst_qtdemux_chain:<qtdemux1> pushing in inbuf 0xdd6cd210, neededbytes:144425, available:118687
03-06 09:27:49.038 22026 22340 D GStreamer+qtdemux: 0:02:46.122043165 0xdd2dbaf0 qtdemux.c:5700:gst_qtdemux_chain:<qtdemux1> pushing in inbuf 0xdc978b68, neededbytes:144425, available:122783
03-06 09:27:49.038 22026 22340 D GStreamer+qtdemux: 0:02:46.122169103 0xdd2dbaf0 qtdemux.c:5700:gst_qtdemux_chain:<qtdemux1> pushing in inbuf 0xdcbfe700, neededbytes:144425, available:126879
03-06 09:27:49.038 22026 22340 D GStreamer+qtdemux: 0:02:46.122293478 0xdd2dbaf0 qtdemux.c:5700:gst_qtdemux_chain:<qtdemux1> pushing in inbuf 0xdcbff8f0, neededbytes:144425, available:130975
03-06 09:27:49.038 22026 22340 D GStreamer+qtdemux: 0:02:46.122411030 0xdd2dbaf0 qtdemux.c:5700:gst_qtdemux_chain:<qtdemux1> pushing in inbuf 0xdccf3e68, neededbytes:144425, available:135071
03-06 09:27:49.039 22026 22340 D GStreamer+qtdemux: 0:02:46.122527540 0xdd2dbaf0 qtdemux.c:5700:gst_qtdemux_chain:<qtdemux1> pushing in inbuf 0xdccf3d28, neededbytes:144425, available:139167
03-06 09:27:49.039 22026 22340 D GStreamer+qtdemux: 0:02:46.122632749 0xdd2dbaf0 qtdemux.c:5700:gst_qtdemux_chain:<qtdemux1> pushing in inbuf 0xdd15cef8, neededbytes:144425, available:143263
03-06 09:27:49.039 22026 22340 D GStreamer+qtdemux: 0:02:46.122734988 0xdd2dbaf0 qtdemux.c:5700:gst_qtdemux_chain:<qtdemux1> pushing in inbuf 0xdc979740, neededbytes:144425, available:147359
03-06 09:27:49.039 22026 22340 D GStreamer+qtdemux: 0:02:46.122828947 0xdd2dbaf0 qtdemux.c:5720:gst_qtdemux_process_adapter:<qtdemux1> state:2 , demux->neededbytes:144425, demux->offset:32018569
03-06 09:27:49.039 22026 22340 D GStreamer+qtdemux: 0:02:46.122919676 0xdd2dbaf0 qtdemux.c:6067:gst_qtdemux_process_adapter:<qtdemux1> BEGIN // in MOVIE for offset 32018569
03-06 09:27:49.039 22026 22340 V GStreamer+qtdemux: 0:02:46.123017176 0xdd2dbaf0 qtdemux.c:6145:gst_qtdemux_process_adapter:<qtdemux1> Checking stream 0 (sample_index:221 / offset:32018569 / size:144425)
03-06 09:27:49.039 22026 22340 D GStreamer+qtdemux: 0:02:46.123105405 0xdd2dbaf0 qtdemux.c:6163:gst_qtdemux_process_adapter:<qtdemux1> stream : avc1
03-06 09:27:49.041 22026 22340 V GStreamer+qtdemux: 0:02:46.124637488 0xdd2dbaf0 qtdemux.c:4961:gst_qtdemux_decorate_and_push_buffer:<qtdemux1> Pushing buffer with dts 0:00:04.355800000, pts 0:00:04.355800000, duration 0:00:00.019600000 on pad video_0
03-06 09:27:49.047 22026 22232 V GStreamer+qtdemux: 0:02:46.131320561 0xdd2db980 qtdemux.c:810:gst_qtdemux_handle_src_query:<qtdemux1:video_0> position query
03-06 09:27:49.048 22026 22340 V GStreamer+qtdemux: 0:02:46.132113686 0xdd2dbaf0 qtdemux.c:4633:gst_qtdemux_combine_flows:<qtdemux1> flow return: ok
03-06 09:27:49.048 22026 22340 V GStreamer+qtdemux: 0:02:46.132276915 0xdd2dbaf0 qtdemux.c:4641:gst_qtdemux_combine_flows:<qtdemux1> combined flow return: ok
03-06 09:27:49.048 22026 22340 V GStreamer+qtdemux: 0:02:46.132465353 0xdd2dbaf0 qtdemux.c:6219:gst_qtdemux_process_adapter:<qtdemux1> increasing offset 32018569 by 144425
03-06 09:27:49.049 22026 22342 I GStreamer+baseparse: 0:02:46.132642593 0xd73ffa90 gstbaseparse.c:3945:gst_base_parse_set_latency:<h264parse1> min/max latency 0:00:00.019480519, 0:00:00.019480519
03-06 09:27:49.049 22026 22340 V GStreamer+qtdemux: 0:02:46.132712384 0xdd2dbaf0 qtdemux.c:6222:gst_qtdemux_process_adapter:<qtdemux1> offset is now 32162994
03-06 09:27:49.049 22026 22340 V GStreamer+qtdemux: 0:02:46.132869988 0xdd2dbaf0 qtdemux.c:5472:next_entry_size:<qtdemux1> Finding entry at offset 32162994
03-06 09:27:49.049 22026 22340 V GStreamer+qtdemux: 0:02:46.133023322 0xdd2dbaf0 qtdemux.c:7663:qtdemux_parse_samples:<qtdemux1> parsing samples for stream fourcc avc1, pad video_0
03-06 09:27:49.049 22026 22340 D GStreamer+qtdemux: 0:02:46.133164936 0xdd2dbaf0 qtdemux.c:7674:qtdemux_parse_samples:<qtdemux1> parsing up to sample 222
03-06 09:27:49.049 22026 22340 V GStreamer+qtdemux: 0:02:46.133319103 0xdd2dbaf0 qtdemux.c:7700:qtdemux_parse_samples:<qtdemux1> sample 222 has size 144471
03-06 09:27:49.049 22026 22340 V GStreamer+qtdemux: 0:02:46.133474363 0xdd2dbaf0 qtdemux.c:7824:qtdemux_parse_samples:<qtdemux1> creating entry 222 with offset 32162994 and size 144471
03-06 09:27:49.050 22026 22340 V GStreamer+qtdemux: 0:02:46.133623426 0xdd2dbaf0 qtdemux.c:7868:qtdemux_parse_samples:<qtdemux1> block 0, 1 timestamps, duration 96
03-06 09:27:49.050 22026 22340 D GStreamer+qtdemux: 0:02:46.133798790 0xdd2dbaf0 qtdemux.c:7881:qtdemux_parse_samples:<qtdemux1> sample 222: index 0, timestamp 0:00:04.375400000
03-06 09:27:49.050 22026 22340 D GStreamer+qtdemux: 0:02:46.133940405 0xdd2dbaf0 qtdemux.c:7936:qtdemux_parse_samples:<qtdemux1> samples at 222 is keyframe
03-06 09:27:49.050 22026 22340 V GStreamer+qtdemux: 0:02:46.134103218 0xdd2dbaf0 qtdemux.c:5498:next_entry_size:<qtdemux1> Checking Stream 0 (sample_index:222 / offset:32162994 / size:144471)
03-06 09:27:49.050 22026 22340 V GStreamer+qtdemux: 0:02:46.134260405 0xdd2dbaf0 qtdemux.c:5509:next_entry_size:<qtdemux1> stream 0 offset 32162994 demux->offset :32162994
03-06 09:27:49.051 22026 22340 D GStreamer+qtdemux: 0:02:46.134484728 0xdd2dbaf0 qtdemux.c:5700:gst_qtdemux_chain:<qtdemux1> pushing in inbuf 0xdcc3e0a8, neededbytes:144471, available:7030
03-06 09:27:49.051 22026 22340 D GStreamer+qtdemux: 0:02:46.134677228 0xdd2dbaf0 qtdemux.c:5700:gst_qtdemux_chain:<qtdemux1> pushing in inbuf 0xdcc3f820, neededbytes:144471, available:11126
03-06 09:27:49.051 22026 22340 D GStreamer+qtdemux: 0:02:46.134863426 0xdd2dbaf0 qtdemux.c:5700:gst_qtdemux_chain:<qtdemux1> pushing in inbuf 0xdc9780e0, neededbytes:144471, available:15222
03-06 09:27:49.051 22026 22342 I GStreamer+baseparse: 0:02:46.135002280 0xd73ffa90 gstbaseparse.c:3945:gst_base_parse_set_latency:<h264parse1> min/max latency 0:00:00.019480519, 0:00:00.019480519
03-06 09:27:49.051 22026 22340 D GStreamer+qtdemux: 0:02:46.135064155 0xdd2dbaf0 qtdemux.c:5700:gst_qtdemux_chain:<qtdemux1> pushing in inbuf 0xdc9a5640, neededbytes:144471, available:19318
03-06 09:27:49.051 22026 22340 D GStreamer+qtdemux: 0:02:46.135243426 0xdd2dbaf0 qtdemux.c:5700:gst_qtdemux_chain:<qtdemux1> pushing in inbuf 0xdccf3700, neededbytes:144471, available:23414
03-06 09:27:49.051 22026 22340 D GStreamer+qtdemux: 0:02:46.135422072 0xdd2dbaf0 qtdemux.c:5700:gst_qtdemux_chain:<qtdemux1> pushing in inbuf 0xdd6cd3f0, neededbytes:144471, available:27510
03-06 09:27:49.052 22026 22340 D GStreamer+qtdemux: 0:02:46.135605093 0xdd2dbaf0 qtdemux.c:5700:gst_qtdemux_chain:<qtdemux1> pushing in inbuf 0xdcc3fdc0, neededbytes:144471, available:31606
03-06 09:27:49.052 22026 22340 D GStreamer+qtdemux: 0:02:46.135783582 0xdd2dbaf0 qtdemux.c:5700:gst_qtdemux_chain:<qtdemux1> pushing in inbuf 0xdcc3f298, neededbytes:144471, available:35702
03-06 09:27:49.052 22026 22340 D GStreamer+qtdemux: 0:02:46.135965509 0xdd2dbaf0 qtdemux.c:5700:gst_qtdemux_chain:<qtdemux1> pushing in inbuf 0xdc9a69f8, neededbytes:144471, available:39798
03-06 09:27:49.052 22026 22340 D GStreamer+qtdemux: 0:02:46.136158322 0xdd2dbaf0 qtdemux.c:5700:gst_qtdemux_chain:<qtdemux1> pushing in inbuf 0xdccf35c0, neededbytes:144471, available:43894
03-06 09:27:49.052 22026 22340 D GStreamer+qtdemux: 0:02:46.136339103 0xdd2dbaf0 qtdemux.c:5700:gst_qtdemux_chain:<qtdemux1> pushing in inbuf 0xdcc3e468, neededbytes:144471, available:47990
03-06 09:27:49.053 22026 22340 D GStreamer+qtdemux: 0:02:46.136521134 0xdd2dbaf0 qtdemux.c:5700:gst_qtdemux_chain:<qtdemux1> pushing in inbuf 0xdd6cd5d0, neededbytes:144471, available:52086
03-06 09:27:49.053 22026 22340 D GStreamer+qtdemux: 0:02:46.136698322 0xdd2dbaf0 qtdemux.c:5700:gst_qtdemux_chain:<qtdemux1> pushing in inbuf 0xdcbfee68, neededbytes:144471, available:56182
03-06 09:27:49.053 22026 22340 D GStreamer+qtdemux: 0:02:46.136877332 0xdd2dbaf0 qtdemux.c:5700:gst_qtdemux_chain:<qtdemux1> pushing in inbuf 0xdc979420, neededbytes:144471, available:60278
03-06 09:27:49.053 22026 22340 D GStreamer+qtdemux: 0:02:46.137052072 0xdd2dbaf0 qtdemux.c:5700:gst_qtdemux_chain:<qtdemux1> pushing in inbuf 0xdccf3c88, neededbytes:144471, available:64374
03-06 09:27:49.053 22026 22340 D GStreamer+qtdemux: 0:02:46.137231082 0xdd2dbaf0 qtdemux.c:5700:gst_qtdemux_chain:<qtdemux1> pushing in inbuf 0xdd15cb38, neededbytes:144471, available:68470
03-06 09:27:49.053 22026 22340 D GStreamer+qtdemux: 0:02:46.137407280 0xdd2dbaf0 qtdemux.c:5700:gst_qtdemux_chain:<qtdemux1> pushing in inbuf 0xdccfef20, neededbytes:144471, available:72566
03-06 09:27:49.054 22026 22340 D GStreamer+qtdemux: 0:02:46.137643322 0xdd2dbaf0 qtdemux.c:5700:gst_qtdemux_chain:<qtdemux1> pushing in inbuf 0xdcc51a00, neededbytes:144471, available:76662
03-06 09:27:49.054 22026 22340 D GStreamer+qtdemux: 0:02:46.137850874 0xdd2dbaf0 qtdemux.c:5700:gst_qtdemux_chain:<qtdemux1> pushing in inbuf 0xdcc3f6f8, neededbytes:144471, available:80758
03-06 09:27:49.054 22026 22340 D GStreamer+qtdemux: 0:02:46.138052332 0xdd2dbaf0 qtdemux.c:5700:gst_qtdemux_chain:<qtdemux1> pushing in inbuf 0xdcc3ea90, neededbytes:144471, available:84854
03-06 09:27:49.054 22026 22340 D GStreamer+qtdemux: 0:02:46.138247020 0xdd2dbaf0 qtdemux.c:5700:gst_qtdemux_chain:<qtdemux1> pushing in inbuf 0xdd15cdb8, neededbytes:144471, available:88950
03-06 09:27:49.054 22026 22340 D GStreamer+qtdemux: 0:02:46.138446968 0xdd2dbaf0 qtdemux.c:5700:gst_qtdemux_chain:<qtdemux1> pushing in inbuf 0xdc9a5460, neededbytes:144471, available:93046
03-06 09:27:49.055 22026 22340 D GStreamer+qtdemux: 0:02:46.138644572 0xdd2dbaf0 qtdemux.c:5700:gst_qtdemux_chain:<qtdemux1> pushing in inbuf 0xdca79e70, neededbytes:144471, available:97142
03-06 09:27:49.055 22026 22340 D GStreamer+qtdemux: 0:02:46.138838061 0xdd2dbaf0 qtdemux.c:5700:gst_qtdemux_chain:<qtdemux1> pushing in inbuf 0xdca792a8, neededbytes:144471, available:101238
03-06 09:27:49.055 22026 22340 D GStreamer+qtdemux: 0:02:46.139031082 0xdd2dbaf0 qtdemux.c:5700:gst_qtdemux_chain:<qtdemux1> pushing in inbuf 0xdcbffdf0, neededbytes:144471, available:105334
03-06 09:27:49.055 22026 22340 D GStreamer+qtdemux: 0:02:46.139232072 0xdd2dbaf0 qtdemux.c:5700:gst_qtdemux_chain:<qtdemux1> pushing in inbuf 0xdcc3e950, neededbytes:144471, available:109430
03-06 09:27:49.055 22026 22340 D GStreamer+qtdemux: 0:02:46.139424676 0xdd2dbaf0 qtdemux.c:5700:gst_qtdemux_chain:<qtdemux1> pushing in inbuf 0xdcbffe90, neededbytes:144471, available:113526
03-06 09:27:49.056 22026 22340 D GStreamer+qtdemux: 0:02:46.139616186 0xdd2dbaf0 qtdemux.c:5700:gst_qtdemux_chain:<qtdemux1> pushing in inbuf 0xdcc3e648, neededbytes:144471, available:117622
03-06 09:27:49.056 22026 22340 D GStreamer+qtdemux: 0:02:46.139807488 0xdd2dbaf0 qtdemux.c:5700:gst_qtdemux_chain:<qtdemux1> pushing in inbuf 0xdc977c88, neededbytes:144471, available:121718
03-06 09:27:49.056 22026 22340 D GStreamer+qtdemux: 0:02:46.140002072 0xdd2dbaf0 qtdemux.c:5700:gst_qtdemux_chain:<qtdemux1> pushing in inbuf 0xdd6cd530, neededbytes:144471, available:125814
03-06 09:27:49.056 22026 22340 D GStreamer+qtdemux: 0:02:46.140193530 0xdd2dbaf0 qtdemux.c:5700:gst_qtdemux_chain:<qtdemux1> pushing in inbuf 0xdcc3f518, neededbytes:144471, available:129910
03-06 09:27:49.056 22026 22340 D GStreamer+qtdemux: 0:02:46.140383374 0xdd2dbaf0 qtdemux.c:5700:gst_qtdemux_chain:<qtdemux1> pushing in inbuf 0xdcc3e148, neededbytes:144471, available:134006
03-06 09:27:49.057 22026 22340 D GStreamer+qtdemux: 0:02:46.140577280 0xdd2dbaf0 qtdemux.c:5700:gst_qtdemux_chain:<qtdemux1> pushing in inbuf 0xdcc3e6e8, neededbytes:144471, available:138102
03-06 09:27:49.057 22026 22340 D GStreamer+qtdemux: 0:02:46.140768530 0xdd2dbaf0 qtdemux.c:5700:gst_qtdemux_chain:<qtdemux1> pushing in inbuf 0xdcbfff30, neededbytes:144471, available:142198
03-06 09:27:49.057 22026 22340 D GStreamer+qtdemux: 0:02:46.140959311 0xdd2dbaf0 qtdemux.c:5700:gst_qtdemux_chain:<qtdemux1> pushing in inbuf 0xdcbfedc8, neededbytes:144471, available:146294
03-06 09:27:49.057 22026 22340 D GStreamer+qtdemux: 0:02:46.141115770 0xdd2dbaf0 qtdemux.c:5720:gst_qtdemux_process_adapter:<qtdemux1> state:2 , demux->neededbytes:144471, demux->offset:32162994
03-06 09:27:49.057 22026 22340 D GStreamer+qtdemux: 0:02:46.141260040 0xdd2dbaf0 qtdemux.c:6067:gst_qtdemux_process_adapter:<qtdemux1> BEGIN // in MOVIE for offset 32162994
03-06 09:27:49.057 22026 22340 V GStreamer+qtdemux: 0:02:46.141415249 0xdd2dbaf0 qtdemux.c:6145:gst_qtdemux_process_adapter:<qtdemux1> Checking stream 0 (sample_index:222 / offset:32162994 / size:144471)
03-06 09:27:49.058 22026 22340 D GStreamer+qtdemux: 0:02:46.141560249 0xdd2dbaf0 qtdemux.c:6163:gst_qtdemux_process_adapter:<qtdemux1> stream : avc1
03-06 09:27:49.058 22026 22340 V GStreamer+qtdemux: 0:02:46.142291238 0xdd2dbaf0 qtdemux.c:4961:gst_qtdemux_decorate_and_push_buffer:<qtdemux1> Pushing buffer with dts 0:00:04.375400000, pts 0:00:04.375400000, duration 0:00:00.019200000 on pad video_0
03-06 09:27:49.059 22026 22340 V GStreamer+qtdemux: 0:02:46.142496499 0xdd2dbaf0 qtdemux.c:4633:gst_qtdemux_combine_flows:<qtdemux1> flow return: ok
03-06 09:27:49.059 22026 22340 V GStreamer+qtdemux: 0:02:46.142641655 0xdd2dbaf0 qtdemux.c:4641:gst_qtdemux_combine_flows:<qtdemux1> combined flow return: ok
03-06 09:27:49.059 22026 22340 V GStreamer+qtdemux: 0:02:46.142791499 0xdd2dbaf0 qtdemux.c:6219:gst_qtdemux_process_adapter:<qtdemux1> increasing offset 32162994 by 144471
03-06 09:27:49.059 22026 22340 V GStreamer+qtdemux: 0:02:46.142934103 0xdd2dbaf0 qtdemux.c:6222:gst_qtdemux_process_adapter:<qtdemux1> offset is now 32307465
03-06 09:27:49.059 22026 22340 V GStreamer+qtdemux: 0:02:46.143076968 0xdd2dbaf0 qtdemux.c:5472:next_entry_size:<qtdemux1> Finding entry at offset 32307465
03-06 09:27:49.059 22026 22340 V GStreamer+qtdemux: 0:02:46.143224103 0xdd2dbaf0 qtdemux.c:7663:qtdemux_parse_samples:<qtdemux1> parsing samples for stream fourcc avc1, pad video_0
03-06 09:27:49.059 22026 22340 D GStreamer+qtdemux: 0:02:46.143361343 0xdd2dbaf0 qtdemux.c:7674:qtdemux_parse_samples:<qtdemux1> parsing up to sample 223
03-06 09:27:49.060 22026 22340 V GStreamer+qtdemux: 0:02:46.143507853 0xdd2dbaf0 qtdemux.c:7700:qtdemux_parse_samples:<qtdemux1> sample 223 has size 144356
03-06 09:27:49.060 22026 22340 V GStreamer+qtdemux: 0:02:46.143658530 0xdd2dbaf0 qtdemux.c:7824:qtdemux_parse_samples:<qtdemux1> creating entry 223 with offset 32307465 and size 144356
03-06 09:27:49.060 22026 22340 V GStreamer+qtdemux: 0:02:46.143803218 0xdd2dbaf0 qtdemux.c:7868:qtdemux_parse_samples:<qtdemux1> block 0, 1 timestamps, duration 98
03-06 09:27:49.060 22026 22340 D GStreamer+qtdemux: 0:02:46.143965561 0xdd2dbaf0 qtdemux.c:7881:qtdemux_parse_samples:<qtdemux1> sample 223: index 0, timestamp 0:00:04.394600000
03-06 09:27:49.060 22026 22340 D GStreamer+qtdemux: 0:02:46.144102176 0xdd2dbaf0 qtdemux.c:7936:qtdemux_parse_samples:<qtdemux1> samples at 223 is keyframe
03-06 09:27:49.060 22026 22340 V GStreamer+qtdemux: 0:02:46.144254832 0xdd2dbaf0 qtdemux.c:5498:next_entry_size:<qtdemux1> Checking Stream 0 (sample_index:223 / offset:32307465 / size:144356)
03-06 09:27:49.060 22026 22340 V GStreamer+qtdemux: 0:02:46.144405509 0xdd2dbaf0 qtdemux.c:5509:next_entry_size:<qtdemux1> stream 0 offset 32307465 demux->offset :32307465
03-06 09:27:49.061 22026 22340 D GStreamer+qtdemux: 0:02:46.144608426 0xdd2dbaf0 qtdemux.c:5700:gst_qtdemux_chain:<qtdemux1> pushing in inbuf 0xdd15c958, neededbytes:144356, available:5919
03-06 09:27:49.061 22026 22340 D GStreamer+qtdemux: 0:02:46.144803009 0xdd2dbaf0 qtdemux.c:5700:gst_qtdemux_chain:<qtdemux1> pushing in inbuf 0xdc9a5b28, neededbytes:144356, available:10015
03-06 09:27:49.061 22026 22340 D GStreamer+qtdemux: 0:02:46.144994780 0xdd2dbaf0 qtdemux.c:5700:gst_qtdemux_chain:<qtdemux1> pushing in inbuf 0xdd15cd18, neededbytes:144356, available:14111
03-06 09:27:49.061 22026 22340 D GStreamer+qtdemux: 0:02:46.145198582 0xdd2dbaf0 qtdemux.c:5700:gst_qtdemux_chain:<qtdemux1> pushing in inbuf 0xdccf3200, neededbytes:144356, available:18207
03-06 09:27:49.061 22026 22340 D GStreamer+qtdemux: 0:02:46.145393322 0xdd2dbaf0 qtdemux.c:5700:gst_qtdemux_chain:<qtdemux1> pushing in inbuf 0xdccffad0, neededbytes:144356, available:22303
03-06 09:27:49.062 22026 22340 D GStreamer+qtdemux: 0:02:46.145567280 0xdd2dbaf0 qtdemux.c:5700:gst_qtdemux_chain:<qtdemux1> pushing in inbuf 0xdc9a6290, neededbytes:144356, available:26399
03-06 09:27:49.062 22026 22340 D GStreamer+qtdemux: 0:02:46.145760978 0xdd2dbaf0 qtdemux.c:5700:gst_qtdemux_chain:<qtdemux1> pushing in inbuf 0xdcc3e508, neededbytes:144356, available:30495
03-06 09:27:49.062 22026 22340 D GStreamer+qtdemux: 0:02:46.145967176 0xdd2dbaf0 qtdemux.c:5700:gst_qtdemux_chain:<qtdemux1> pushing in inbuf 0xdcbfe3e0, neededbytes:144356, available:34591
03-06 09:27:49.062 22026 22340 D GStreamer+qtdemux: 0:02:46.146164259 0xdd2dbaf0 qtdemux.c:5700:gst_qtdemux_chain:<qtdemux1> pushing in inbuf 0xdccf3160, neededbytes:144356, available:38687
03-06 09:27:49.062 22026 22340 D GStreamer+qtdemux: 0:02:46.146353113 0xdd2dbaf0 qtdemux.c:5700:gst_qtdemux_chain:<qtdemux1> pushing in inbuf 0xdc978540, neededbytes:144356, available:42783
03-06 09:27:49.063 22026 22340 D GStreamer+qtdemux: 0:02:46.146539832 0xdd2dbaf0 qtdemux.c:5700:gst_qtdemux_chain:<qtdemux1> pushing in inbuf 0xdcbfebe8, neededbytes:144356, available:46879
03-06 09:27:49.063 22026 22340 D GStreamer+qtdemux: 0:02:46.146728218 0xdd2dbaf0 qtdemux.c:5700:gst_qtdemux_chain:<qtdemux1> pushing in inbuf 0xdca793e8, neededbytes:144356, available:50975
03-06 09:27:49.063 22026 22340 D GStreamer+qtdemux: 0:02:46.146914884 0xdd2dbaf0 qtdemux.c:5700:gst_qtdemux_chain:<qtdemux1> pushing in inbuf 0xdc978de8, neededbytes:144356, available:55071
03-06 09:27:49.063 22026 22340 D GStreamer+qtdemux: 0:02:46.147103790 0xdd2dbaf0 qtdemux.c:5700:gst_qtdemux_chain:<qtdemux1> pushing in inbuf 0xdd15c8b8, neededbytes:144356, available:59167
03-06 09:27:49.063 22026 22340 D GStreamer+qtdemux: 0:02:46.147290665 0xdd2dbaf0 qtdemux.c:5700:gst_qtdemux_chain:<qtdemux1> pushing in inbuf 0xdcbfe8c8, neededbytes:144356, available:63263
03-06 09:27:49.063 22026 22340 D GStreamer+qtdemux: 0:02:46.147478895 0xdd2dbaf0 qtdemux.c:5700:gst_qtdemux_chain:<qtdemux1> pushing in inbuf 0xdcc3f5b8, neededbytes:144356, available:67359
03-06 09:27:49.064 22026 22340 D GStreamer+qtdemux: 0:02:46.147757020 0xdd2dbaf0 qtdemux.c:5700:gst_qtdemux_chain:<qtdemux1> pushing in inbuf 0xdca79830, neededbytes:144356, available:71455
03-06 09:27:49.064 22026 22340 D GStreamer+qtdemux: 0:02:46.147956551 0xdd2dbaf0 qtdemux.c:5700:gst_qtdemux_chain:<qtdemux1> pushing in inbuf 0xdc9a58a8, neededbytes:144356, available:75551
03-06 09:27:49.064 22026 22340 D GStreamer+qtdemux: 0:02:46.148274363 0xdd2dbaf0 qtdemux.c:5700:gst_qtdemux_chain:<qtdemux1> pushing in inbuf 0xdcc3eef0, neededbytes:144356, available:79647
03-06 09:27:49.064 22026 22340 D GStreamer+qtdemux: 0:02:46.148373947 0xdd2dbaf0 qtdemux.c:5700:gst_qtdemux_chain:<qtdemux1> pushing in inbuf 0xdc9a6a98, neededbytes:144356, available:83743
03-06 09:27:49.064 22026 22340 D GStreamer+qtdemux: 0:02:46.148475665 0xdd2dbaf0 qtdemux.c:5700:gst_qtdemux_chain:<qtdemux1> pushing in inbuf 0xdc977828, neededbytes:144356, available:87839
03-06 09:27:49.065 22026 22340 D GStreamer+qtdemux: 0:02:46.148569259 0xdd2dbaf0 qtdemux.c:5700:gst_qtdemux_chain:<qtdemux1> pushing in inbuf 0xdccfeac0, neededbytes:144356, available:91935
03-06 09:27:49.065 22026 22340 D GStreamer+qtdemux: 0:02:46.148669259 0xdd2dbaf0 qtdemux.c:5700:gst_qtdemux_chain:<qtdemux1> pushing in inbuf 0xdccf30c0, neededbytes:144356, available:96031
03-06 09:27:49.065 22026 22340 D GStreamer+qtdemux: 0:02:46.148769572 0xdd2dbaf0 qtdemux.c:5700:gst_qtdemux_chain:<qtdemux1> pushing in inbuf 0xdccf33e0, neededbytes:144356, available:100127
03-06 09:27:49.065 22026 22340 D GStreamer+qtdemux: 0:02:46.148878738 0xdd2dbaf0 qtdemux.c:5700:gst_qtdemux_chain:<qtdemux1> pushing in inbuf 0xdc9a6c78, neededbytes:144356, available:104223
03-06 09:27:49.065 22026 22340 D GStreamer+qtdemux: 0:02:46.148982853 0xdd2dbaf0 qtdemux.c:5700:gst_qtdemux_chain:<qtdemux1> pushing in inbuf 0xdc9a6db8, neededbytes:144356, available:108319
03-06 09:27:49.065 22026 22340 D GStreamer+qtdemux: 0:02:46.149087228 0xdd2dbaf0 qtdemux.c:5700:gst_qtdemux_chain:<qtdemux1> pushing in inbuf 0xdcc51348, neededbytes:144356, available:112415
03-06 09:27:49.065 22026 22340 D GStreamer+qtdemux: 0:02:46.149188270 0xdd2dbaf0 qtdemux.c:5700:gst_qtdemux_chain:<qtdemux1> pushing in inbuf 0xdccfeb60, neededbytes:144356, available:116511
03-06 09:27:49.065 22026 22340 D GStreamer+qtdemux: 0:02:46.149289259 0xdd2dbaf0 qtdemux.c:5700:gst_qtdemux_chain:<qtdemux1> pushing in inbuf 0xdc979240, neededbytes:144356, available:120607
03-06 09:27:49.065 22026 22340 D GStreamer+qtdemux: 0:02:46.149390301 0xdd2dbaf0 qtdemux.c:5700:gst_qtdemux_chain:<qtdemux1> pushing in inbuf 0xdcc3f1f8, neededbytes:144356, available:124703
03-06 09:27:49.065 22026 22340 D GStreamer+qtdemux: 0:02:46.149492801 0xdd2dbaf0 qtdemux.c:5700:gst_qtdemux_chain:<qtdemux1> pushing in inbuf 0xdcbfed28, neededbytes:144356, available:128799
03-06 09:27:49.066 22026 22340 D GStreamer+qtdemux: 0:02:46.149592592 0xdd2dbaf0 qtdemux.c:5700:gst_qtdemux_chain:<qtdemux1> pushing in inbuf 0xdc979b20, neededbytes:144356, available:132895
03-06 09:27:49.066 22026 22340 D GStreamer+qtdemux: 0:02:46.149701290 0xdd2dbaf0 qtdemux.c:5700:gst_qtdemux_chain:<qtdemux1> pushing in inbuf 0xdc978680, neededbytes:144356, available:136991
03-06 09:27:49.066 22026 22340 D GStreamer+qtdemux: 0:02:46.149793426 0xdd2dbaf0 qtdemux.c:5700:gst_qtdemux_chain:<qtdemux1> pushing in inbuf 0xdccf3480, neededbytes:144356, available:141087
03-06 09:27:49.066 22026 22340 D GStreamer+qtdemux: 0:02:46.149893582 0xdd2dbaf0 qtdemux.c:5700:gst_qtdemux_chain:<qtdemux1> pushing in inbuf 0xdc9a5e48, neededbytes:144356, available:145183
03-06 09:27:49.066 22026 22340 D GStreamer+qtdemux: 0:02:46.149976447 0xdd2dbaf0 qtdemux.c:5720:gst_qtdemux_process_adapter:<qtdemux1> state:2 , demux->neededbytes:144356, demux->offset:32307465
03-06 09:27:49.066 22026 22340 D GStreamer+qtdemux: 0:02:46.150055509 0xdd2dbaf0 qtdemux.c:6067:gst_qtdemux_process_adapter:<qtdemux1> BEGIN // in MOVIE for offset 32307465
03-06 09:27:49.066 22026 22340 V GStreamer+qtdemux: 0:02:46.150137176 0xdd2dbaf0 qtdemux.c:6145:gst_qtdemux_process_adapter:<qtdemux1> Checking stream 0 (sample_index:223 / offset:32307465 / size:144356)
03-06 09:27:49.066 22026 22340 D GStreamer+qtdemux: 0:02:46.150214051 0xdd2dbaf0 qtdemux.c:6163:gst_qtdemux_process_adapter:<qtdemux1> stream : avc1
03-06 09:27:49.067 22026 22340 V GStreamer+qtdemux: 0:02:46.150672280 0xdd2dbaf0 qtdemux.c:4961:gst_qtdemux_decorate_and_push_buffer:<qtdemux1> Pushing buffer with dts 0:00:04.394600000, pts 0:00:04.394600000, duration 0:00:00.019600000 on pad video_0
03-06 09:27:49.067 22026 22232 V GStreamer+qtdemux: 0:02:46.151311030 0xdd2db980 qtdemux.c:810:gst_qtdemux_handle_src_query:<qtdemux1:video_0> position query
03-06 09:27:49.087 22026 22232 V GStreamer+qtdemux: 0:02:46.170719520 0xdd2db980 qtdemux.c:810:gst_qtdemux_handle_src_query:<qtdemux1:video_0> position query
03-06 09:27:49.106 22026 22232 V GStreamer+qtdemux: 0:02:46.189955040 0xdd2db980 qtdemux.c:810:gst_qtdemux_handle_src_query:<qtdemux1:video_0> position query
03-06 09:27:49.107 22026 22340 V GStreamer+qtdemux: 0:02:46.190501447 0xdd2dbaf0 qtdemux.c:4633:gst_qtdemux_combine_flows:<qtdemux1> flow return: ok
03-06 09:27:49.107 22026 22340 V GStreamer+qtdemux: 0:02:46.190744676 0xdd2dbaf0 qtdemux.c:4641:gst_qtdemux_combine_flows:<qtdemux1> combined flow return: ok
03-06 09:27:49.107 22026 22340 V GStreamer+qtdemux: 0:02:46.190879311 0xdd2dbaf0 qtdemux.c:6219:gst_qtdemux_process_adapter:<qtdemux1> increasing offset 32307465 by 144356
03-06 09:27:49.107 22026 22342 I GStreamer+baseparse: 0:02:46.190908478 0xd73ffa90 gstbaseparse.c:3945:gst_base_parse_set_latency:<h264parse1> min/max latency 0:00:00.019480519, 0:00:00.019480519
03-06 09:27:49.107 22026 22340 V GStreamer+qtdemux: 0:02:46.190971707 0xdd2dbaf0 qtdemux.c:6222:gst_qtdemux_process_adapter:<qtdemux1> offset is now 32451821
03-06 09:27:49.107 22026 22340 V GStreamer+qtdemux: 0:02:46.191078686 0xdd2dbaf0 qtdemux.c:5472:next_entry_size:<qtdemux1> Finding entry at offset 32451821
03-06 09:27:49.107 22026 22340 V GStreamer+qtdemux: 0:02:46.191175874 0xdd2dbaf0 qtdemux.c:7663:qtdemux_parse_samples:<qtdemux1> parsing samples for stream fourcc avc1, pad video_0
03-06 09:27:49.107 22026 22340 D GStreamer+qtdemux: 0:02:46.191263270 0xdd2dbaf0 qtdemux.c:7674:qtdemux_parse_samples:<qtdemux1> parsing up to sample 224
03-06 09:27:49.107 22026 22340 V GStreamer+qtdemux: 0:02:46.191355249 0xdd2dbaf0 qtdemux.c:7700:qtdemux_parse_samples:<qtdemux1> sample 224 has size 144093
03-06 09:27:49.107 22026 22340 V GStreamer+qtdemux: 0:02:46.191454624 0xdd2dbaf0 qtdemux.c:7824:qtdemux_parse_samples:<qtdemux1> creating entry 224 with offset 32451821 and size 144093
03-06 09:27:49.108 22026 22340 V GStreamer+qtdemux: 0:02:46.191544832 0xdd2dbaf0 qtdemux.c:7868:qtdemux_parse_samples:<qtdemux1> block 0, 3 timestamps, duration 97
03-06 09:27:49.108 22026 22340 D GStreamer+qtdemux: 0:02:46.191666707 0xdd2dbaf0 qtdemux.c:7881:qtdemux_parse_samples:<qtdemux1> sample 224: index 0, timestamp 0:00:04.414200000
03-06 09:27:49.108 22026 22340 D GStreamer+qtdemux: 0:02:46.191751759 0xdd2dbaf0 qtdemux.c:7936:qtdemux_parse_samples:<qtdemux1> samples at 224 is keyframe
03-06 09:27:49.108 22026 22340 V GStreamer+qtdemux: 0:02:46.191851290 0xdd2dbaf0 qtdemux.c:5498:next_entry_size:<qtdemux1> Checking Stream 0 (sample_index:224 / offset:32451821 / size:144093)
03-06 09:27:49.108 22026 22340 V GStreamer+qtdemux: 0:02:46.191943165 0xdd2dbaf0 qtdemux.c:5509:next_entry_size:<qtdemux1> stream 0 offset 32451821 demux->offset :32451821
03-06 09:27:49.108 22026 22340 D GStreamer+qtdemux: 0:02:46.192103842 0xdd2dbaf0 qtdemux.c:5700:gst_qtdemux_chain:<qtdemux1> pushing in inbuf 0xdcc3f158, neededbytes:144093, available:4923
03-06 09:27:49.108 22026 22340 D GStreamer+qtdemux: 0:02:46.192225249 0xdd2dbaf0 qtdemux.c:5700:gst_qtdemux_chain:<qtdemux1> pushing in inbuf 0xdcc59c68, neededbytes:144093, available:9019
03-06 09:27:49.108 22026 22340 D GStreamer+qtdemux: 0:02:46.192363322 0xdd2dbaf0 qtdemux.c:5700:gst_qtdemux_chain:<qtdemux1> pushing in inbuf 0xdcbfe2a0, neededbytes:144093, available:13115
03-06 09:27:49.108 22026 22340 D GStreamer+qtdemux: 0:02:46.192476342 0xdd2dbaf0 qtdemux.c:5700:gst_qtdemux_chain:<qtdemux1> pushing in inbuf 0xdcc3faa0, neededbytes:144093, available:17211
03-06 09:27:49.109 22026 22340 D GStreamer+qtdemux: 0:02:46.192607853 0xdd2dbaf0 qtdemux.c:5700:gst_qtdemux_chain:<qtdemux1> pushing in inbuf 0xdcbfeb48, neededbytes:144093, available:21307
03-06 09:27:49.109 22026 22340 D GStreamer+qtdemux: 0:02:46.192731863 0xdd2dbaf0 qtdemux.c:5700:gst_qtdemux_chain:<qtdemux1> pushing in inbuf 0xdccf3f08, neededbytes:144093, available:25403
03-06 09:27:49.109 22026 22340 D GStreamer+qtdemux: 0:02:46.192850561 0xdd2dbaf0 qtdemux.c:5700:gst_qtdemux_chain:<qtdemux1> pushing in inbuf 0xdc978c08, neededbytes:144093, available:29499
03-06 09:27:49.109 22026 22340 D GStreamer+qtdemux: 0:02:46.192965249 0xdd2dbaf0 qtdemux.c:5700:gst_qtdemux_chain:<qtdemux1> pushing in inbuf 0xdc9a6818, neededbytes:144093, available:33595
03-06 09:27:49.109 22026 22340 D GStreamer+qtdemux: 0:02:46.193078374 0xdd2dbaf0 qtdemux.c:5700:gst_qtdemux_chain:<qtdemux1> pushing in inbuf 0xdcc3fb40, neededbytes:144093, available:37691
03-06 09:27:49.109 22026 22340 D GStreamer+qtdemux: 0:02:46.193212540 0xdd2dbaf0 qtdemux.c:5700:gst_qtdemux_chain:<qtdemux1> pushing in inbuf 0xdccfe2b8, neededbytes:144093, available:41787
03-06 09:27:49.109 22026 22340 D GStreamer+qtdemux: 0:02:46.193330040 0xdd2dbaf0 qtdemux.c:5700:gst_qtdemux_chain:<qtdemux1> pushing in inbuf 0xdcbfeaa8, neededbytes:144093, available:45883
03-06 09:27:49.109 22026 22340 D GStreamer+qtdemux: 0:02:46.193449467 0xdd2dbaf0 qtdemux.c:5700:gst_qtdemux_chain:<qtdemux1> pushing in inbuf 0xdc9784a0, neededbytes:144093, available:49979
03-06 09:27:49.110 22026 22340 D GStreamer+qtdemux: 0:02:46.193575822 0xdd2dbaf0 qtdemux.c:5700:gst_qtdemux_chain:<qtdemux1> pushing in inbuf 0xdccfeca0, neededbytes:144093, available:54075
03-06 09:27:49.110 22026 22340 D GStreamer+qtdemux: 0:02:46.193701238 0xdd2dbaf0 qtdemux.c:5700:gst_qtdemux_chain:<qtdemux1> pushing in inbuf 0xdccfe5d8, neededbytes:144093, available:58171
03-06 09:27:49.110 22026 22340 D GStreamer+qtdemux: 0:02:46.193815353 0xdd2dbaf0 qtdemux.c:5700:gst_qtdemux_chain:<qtdemux1> pushing in inbuf 0xdc9a5d08, neededbytes:144093, available:62267
03-06 09:27:49.110 22026 22340 D GStreamer+qtdemux: 0:02:46.193960822 0xdd2dbaf0 qtdemux.c:5700:gst_qtdemux_chain:<qtdemux1> pushing in inbuf 0xdcc59bc8, neededbytes:144093, available:66363
03-06 09:27:49.110 22026 22340 D GStreamer+qtdemux: 0:02:46.194075301 0xdd2dbaf0 qtdemux.c:5700:gst_qtdemux_chain:<qtdemux1> pushing in inbuf 0xdccffa30, neededbytes:144093, available:70459
03-06 09:27:49.110 22026 22340 D GStreamer+qtdemux: 0:02:46.194190874 0xdd2dbaf0 qtdemux.c:5700:gst_qtdemux_chain:<qtdemux1> pushing in inbuf 0xdccfede0, neededbytes:144093, available:74555
03-06 09:27:49.110 22026 22340 D GStreamer+qtdemux: 0:02:46.194303999 0xdd2dbaf0 qtdemux.c:5700:gst_qtdemux_chain:<qtdemux1> pushing in inbuf 0xdca79a10, neededbytes:144093, available:78651
03-06 09:27:49.110 22026 22340 D GStreamer+qtdemux: 0:02:46.194446707 0xdd2dbaf0 qtdemux.c:5700:gst_qtdemux_chain:<qtdemux1> pushing in inbuf 0xdcc3f960, neededbytes:144093, available:82747
03-06 09:27:49.111 22026 22340 D GStreamer+qtdemux: 0:02:46.194561499 0xdd2dbaf0 qtdemux.c:5700:gst_qtdemux_chain:<qtdemux1> pushing in inbuf 0xdc979bc0, neededbytes:144093, available:86843
03-06 09:27:49.111 22026 22340 D GStreamer+qtdemux: 0:02:46.194674363 0xdd2dbaf0 qtdemux.c:5700:gst_qtdemux_chain:<qtdemux1> pushing in inbuf 0xdd15ce58, neededbytes:144093, available:90939
03-06 09:27:49.111 22026 22340 D GStreamer+qtdemux: 0:02:46.194786134 0xdd2dbaf0 qtdemux.c:5700:gst_qtdemux_chain:<qtdemux1> pushing in inbuf 0xdc9a50a0, neededbytes:144093, available:95035
03-06 09:27:49.111 22026 22340 D GStreamer+qtdemux: 0:02:46.194923426 0xdd2dbaf0 qtdemux.c:5700:gst_qtdemux_chain:<qtdemux1> pushing in inbuf 0xdd15c9f8, neededbytes:144093, available:99131
03-06 09:27:49.111 22026 22340 D GStreamer+qtdemux: 0:02:46.195035613 0xdd2dbaf0 qtdemux.c:5700:gst_qtdemux_chain:<qtdemux1> pushing in inbuf 0xdccf3020, neededbytes:144093, available:103227
03-06 09:27:49.111 22026 22340 D GStreamer+qtdemux: 0:02:46.195150665 0xdd2dbaf0 qtdemux.c:5700:gst_qtdemux_chain:<qtdemux1> pushing in inbuf 0xdccff688, neededbytes:144093, available:107323
03-06 09:27:49.111 22026 22340 D GStreamer+qtdemux: 0:02:46.195267957 0xdd2dbaf0 qtdemux.c:5700:gst_qtdemux_chain:<qtdemux1> pushing in inbuf 0xdcc3fe60, neededbytes:144093, available:111419
03-06 09:27:49.111 22026 22340 D GStreamer+qtdemux: 0:02:46.195407176 0xdd2dbaf0 qtdemux.c:5700:gst_qtdemux_chain:<qtdemux1> pushing in inbuf 0xdccf3660, neededbytes:144093, available:115515
03-06 09:27:49.112 22026 22340 D GStreamer+qtdemux: 0:02:46.195519572 0xdd2dbaf0 qtdemux.c:5700:gst_qtdemux_chain:<qtdemux1> pushing in inbuf 0xdc9a6e58, neededbytes:144093, available:119611
