03-06 09:27:49.690 22026 22340 D GStreamer+qtdemux: 0:02:46.774041499 0xdd2dbaf0 qtdemux.c:5700:gst_qtdemux_chain:<qtdemux1> pushing in inbuf 0xdc9a5b28, neededbytes:144256, available:136565
03-06 09:27:49.690 22026 22340 D GStreamer+qtdemux: 0:02:46.774152696 0xdd2dbaf0 qtdemux.c:5700:gst_qtdemux_chain:<qtdemux1> pushing in inbuf 0xdcc3e950, neededbytes:144256, available:140661
03-06 09:27:49.690 22026 22340 D GStreamer+qtdemux: 0:02:46.774268217 0xdd2dbaf0 qtdemux.c:5700:gst_qtdemux_chain:<qtdemux1> pushing in inbuf 0xdccf3160, neededbytes:144256, available:144757
03-06 09:27:49.690 22026 22340 D GStreamer+qtdemux: 0:02:46.774366863 0xdd2dbaf0 qtdemux.c:5720:gst_qtdemux_process_adapter:<qtdemux1> state:2 , demux->neededbytes:144256, demux->offset:37358259
03-06 09:27:49.690 22026 22340 D GStreamer+qtdemux: 0:02:46.774456707 0xdd2dbaf0 qtdemux.c:6067:gst_qtdemux_process_adapter:<qtdemux1> BEGIN // in MOVIE for offset 37358259
03-06 09:27:49.691 22026 22340 V GStreamer+qtdemux: 0:02:46.774562592 0xdd2dbaf0 qtdemux.c:6145:gst_qtdemux_process_adapter:<qtdemux1> Checking stream 0 (sample_index:258 / offset:37358259 / size:144256)
03-06 09:27:49.691 22026 22340 D GStreamer+qtdemux: 0:02:46.774657071 0xdd2dbaf0 qtdemux.c:6163:gst_qtdemux_process_adapter:<qtdemux1> stream : avc1
03-06 09:27:49.691 22026 22340 V GStreamer+qtdemux: 0:02:46.775200301 0xdd2dbaf0 qtdemux.c:4961:gst_qtdemux_decorate_and_push_buffer:<qtdemux1> Pushing buffer with dts 0:00:05.075200000, pts 0:00:05.075200000, duration 0:00:00.019400000 on pad video_0
03-06 09:27:49.693 22026 22232 V GStreamer+qtdemux: 0:02:46.777110092 0xdd2db980 qtdemux.c:810:gst_qtdemux_handle_src_query:<qtdemux1:video_0> position query
03-06 09:27:49.709 22026 22232 V GStreamer+qtdemux: 0:02:46.792540196 0xdd2db980 qtdemux.c:810:gst_qtdemux_handle_src_query:<qtdemux1:video_0> position query
03-06 09:27:49.710 22026 22340 V GStreamer+qtdemux: 0:02:46.793775874 0xdd2dbaf0 qtdemux.c:4633:gst_qtdemux_combine_flows:<qtdemux1> flow return: ok
03-06 09:27:49.710 22026 22340 V GStreamer+qtdemux: 0:02:46.793938894 0xdd2dbaf0 qtdemux.c:4641:gst_qtdemux_combine_flows:<qtdemux1> combined flow return: ok
03-06 09:27:49.710 22026 22340 V GStreamer+qtdemux: 0:02:46.794051551 0xdd2dbaf0 qtdemux.c:6219:gst_qtdemux_process_adapter:<qtdemux1> increasing offset 37358259 by 144256
03-06 09:27:49.710 22026 22342 I GStreamer+baseparse: 0:02:46.794104780 0xd73ffa90 gstbaseparse.c:3945:gst_base_parse_set_latency:<h264parse1> min/max latency 0:00:00.019480519, 0:00:00.019480519
03-06 09:27:49.710 22026 22340 V GStreamer+qtdemux: 0:02:46.794160509 0xdd2dbaf0 qtdemux.c:6222:gst_qtdemux_process_adapter:<qtdemux1> offset is now 37502515
03-06 09:27:49.710 22026 22340 V GStreamer+qtdemux: 0:02:46.794246134 0xdd2dbaf0 qtdemux.c:5472:next_entry_size:<qtdemux1> Finding entry at offset 37502515
03-06 09:27:49.710 22026 22340 V GStreamer+qtdemux: 0:02:46.794342696 0xdd2dbaf0 qtdemux.c:7663:qtdemux_parse_samples:<qtdemux1> parsing samples for stream fourcc avc1, pad video_0
03-06 09:27:49.710 22026 22340 D GStreamer+qtdemux: 0:02:46.794431186 0xdd2dbaf0 qtdemux.c:7674:qtdemux_parse_samples:<qtdemux1> parsing up to sample 259
03-06 09:27:49.711 22026 22340 V GStreamer+qtdemux: 0:02:46.794520821 0xdd2dbaf0 qtdemux.c:7700:qtdemux_parse_samples:<qtdemux1> sample 259 has size 144160
03-06 09:27:49.711 22026 22340 V GStreamer+qtdemux: 0:02:46.794612801 0xdd2dbaf0 qtdemux.c:7824:qtdemux_parse_samples:<qtdemux1> creating entry 259 with offset 37502515 and size 144160
03-06 09:27:49.711 22026 22340 V GStreamer+qtdemux: 0:02:46.794723061 0xdd2dbaf0 qtdemux.c:7868:qtdemux_parse_samples:<qtdemux1> block 0, 1 timestamps, duration 98
03-06 09:27:49.711 22026 22340 D GStreamer+qtdemux: 0:02:46.794825405 0xdd2dbaf0 qtdemux.c:7881:qtdemux_parse_samples:<qtdemux1> sample 259: index 0, timestamp 0:00:05.094600000
03-06 09:27:49.711 22026 22340 D GStreamer+qtdemux: 0:02:46.794910874 0xdd2dbaf0 qtdemux.c:7936:qtdemux_parse_samples:<qtdemux1> samples at 259 is keyframe
03-06 09:27:49.711 22026 22340 V GStreamer+qtdemux: 0:02:46.795006446 0xdd2dbaf0 qtdemux.c:5498:next_entry_size:<qtdemux1> Checking Stream 0 (sample_index:259 / offset:37502515 / size:144160)
03-06 09:27:49.711 22026 22340 V GStreamer+qtdemux: 0:02:46.795097176 0xdd2dbaf0 qtdemux.c:5509:next_entry_size:<qtdemux1> stream 0 offset 37502515 demux->offset :37502515
03-06 09:27:49.711 22026 22340 D GStreamer+qtdemux: 0:02:46.795250196 0xdd2dbaf0 qtdemux.c:5700:gst_qtdemux_chain:<qtdemux1> pushing in inbuf 0xdcbfe3e0, neededbytes:144160, available:4597
03-06 09:27:49.711 22026 22340 D GStreamer+qtdemux: 0:02:46.795387384 0xdd2dbaf0 qtdemux.c:5700:gst_qtdemux_chain:<qtdemux1> pushing in inbuf 0xdcc3e508, neededbytes:144160, available:8693
03-06 09:27:49.712 22026 22340 D GStreamer+qtdemux: 0:02:46.795505509 0xdd2dbaf0 qtdemux.c:5700:gst_qtdemux_chain:<qtdemux1> pushing in inbuf 0xdc9a6290, neededbytes:144160, available:12789
03-06 09:27:49.712 22026 22340 D GStreamer+qtdemux: 0:02:46.795619936 0xdd2dbaf0 qtdemux.c:5700:gst_qtdemux_chain:<qtdemux1> pushing in inbuf 0xdccffad0, neededbytes:144160, available:16885
03-06 09:27:49.712 22026 22340 D GStreamer+qtdemux: 0:02:46.795738321 0xdd2dbaf0 qtdemux.c:5700:gst_qtdemux_chain:<qtdemux1> pushing in inbuf 0xdcc3e648, neededbytes:144160, available:20981
03-06 09:27:49.712 22026 22340 D GStreamer+qtdemux: 0:02:46.795856290 0xdd2dbaf0 qtdemux.c:5700:gst_qtdemux_chain:<qtdemux1> pushing in inbuf 0xdcc3fb40, neededbytes:144160, available:25077
03-06 09:27:49.712 22026 22340 D GStreamer+qtdemux: 0:02:46.795972280 0xdd2dbaf0 qtdemux.c:5700:gst_qtdemux_chain:<qtdemux1> pushing in inbuf 0xdc9a6818, neededbytes:144160, available:29173
03-06 09:27:49.712 22026 22340 D GStreamer+qtdemux: 0:02:46.796103061 0xdd2dbaf0 qtdemux.c:5700:gst_qtdemux_chain:<qtdemux1> pushing in inbuf 0xdc978c08, neededbytes:144160, available:33269
03-06 09:27:49.712 22026 22340 D GStreamer+qtdemux: 0:02:46.796217696 0xdd2dbaf0 qtdemux.c:5700:gst_qtdemux_chain:<qtdemux1> pushing in inbuf 0xdccf3f08, neededbytes:144160, available:37365
03-06 09:27:49.712 22026 22340 D GStreamer+qtdemux: 0:02:46.796331655 0xdd2dbaf0 qtdemux.c:5700:gst_qtdemux_chain:<qtdemux1> pushing in inbuf 0xdcbfeb48, neededbytes:144160, available:41461
03-06 09:27:49.712 22026 22340 D GStreamer+qtdemux: 0:02:46.796446759 0xdd2dbaf0 qtdemux.c:5700:gst_qtdemux_chain:<qtdemux1> pushing in inbuf 0xdcc3faa0, neededbytes:144160, available:45557
03-06 09:27:49.713 22026 22340 D GStreamer+qtdemux: 0:02:46.796560874 0xdd2dbaf0 qtdemux.c:5700:gst_qtdemux_chain:<qtdemux1> pushing in inbuf 0xdcbfe2a0, neededbytes:144160, available:49653
03-06 09:27:49.713 22026 22340 D GStreamer+qtdemux: 0:02:46.796675561 0xdd2dbaf0 qtdemux.c:5700:gst_qtdemux_chain:<qtdemux1> pushing in inbuf 0xdcc59c68, neededbytes:144160, available:53749
03-06 09:27:49.713 22026 22340 D GStreamer+qtdemux: 0:02:46.796820926 0xdd2dbaf0 qtdemux.c:5700:gst_qtdemux_chain:<qtdemux1> pushing in inbuf 0xdcc3f158, neededbytes:144160, available:57845
03-06 09:27:49.713 22026 22340 D GStreamer+qtdemux: 0:02:46.796933009 0xdd2dbaf0 qtdemux.c:5700:gst_qtdemux_chain:<qtdemux1> pushing in inbuf 0xdccf33e0, neededbytes:144160, available:61941
03-06 09:27:49.713 22026 22340 D GStreamer+qtdemux: 0:02:46.797046290 0xdd2dbaf0 qtdemux.c:5700:gst_qtdemux_chain:<qtdemux1> pushing in inbuf 0xdccf30c0, neededbytes:144160, available:66037
03-06 09:27:49.713 22026 22340 D GStreamer+qtdemux: 0:02:46.797160717 0xdd2dbaf0 qtdemux.c:5700:gst_qtdemux_chain:<qtdemux1> pushing in inbuf 0xdccfeac0, neededbytes:144160, available:70133
03-06 09:27:49.713 22026 22340 D GStreamer+qtdemux: 0:02:46.797276603 0xdd2dbaf0 qtdemux.c:5700:gst_qtdemux_chain:<qtdemux1> pushing in inbuf 0xdccfef20, neededbytes:144160, available:74229
03-06 09:27:49.713 22026 22340 D GStreamer+qtdemux: 0:02:46.797417801 0xdd2dbaf0 qtdemux.c:5700:gst_qtdemux_chain:<qtdemux1> pushing in inbuf 0xdc9a6150, neededbytes:144160, available:78325
03-06 09:27:49.714 22026 22340 D GStreamer+qtdemux: 0:02:46.797529676 0xdd2dbaf0 qtdemux.c:5700:gst_qtdemux_chain:<qtdemux1> pushing in inbuf 0xdc9a53c0, neededbytes:144160, available:82421
03-06 09:27:49.714 22026 22340 D GStreamer+qtdemux: 0:02:46.797697124 0xdd2dbaf0 qtdemux.c:5700:gst_qtdemux_chain:<qtdemux1> pushing in inbuf 0xdd15ca98, neededbytes:144160, available:86517
03-06 09:27:49.714 22026 22340 D GStreamer+qtdemux: 0:02:46.797812176 0xdd2dbaf0 qtdemux.c:5700:gst_qtdemux_chain:<qtdemux1> pushing in inbuf 0xdc979560, neededbytes:144160, available:90613
03-06 09:27:49.714 22026 22340 D GStreamer+qtdemux: 0:02:46.797952228 0xdd2dbaf0 qtdemux.c:5700:gst_qtdemux_chain:<qtdemux1> pushing in inbuf 0xdcbfef08, neededbytes:144160, available:94709
03-06 09:27:49.714 22026 22340 D GStreamer+qtdemux: 0:02:46.798067801 0xdd2dbaf0 qtdemux.c:5700:gst_qtdemux_chain:<qtdemux1> pushing in inbuf 0xdcc51208, neededbytes:144160, available:98805
03-06 09:27:49.714 22026 22340 D GStreamer+qtdemux: 0:02:46.798181238 0xdd2dbaf0 qtdemux.c:5700:gst_qtdemux_chain:<qtdemux1> pushing in inbuf 0xdcc512a8, neededbytes:144160, available:102901
03-06 09:27:49.714 22026 22340 D GStreamer+qtdemux: 0:02:46.798295874 0xdd2dbaf0 qtdemux.c:5700:gst_qtdemux_chain:<qtdemux1> pushing in inbuf 0xdc9a5ee8, neededbytes:144160, available:106997
03-06 09:27:49.714 22026 22340 D GStreamer+qtdemux: 0:02:46.798434676 0xdd2dbaf0 qtdemux.c:5700:gst_qtdemux_chain:<qtdemux1> pushing in inbuf 0xdc9a5a88, neededbytes:144160, available:111093
03-06 09:27:49.715 22026 22340 D GStreamer+qtdemux: 0:02:46.798549832 0xdd2dbaf0 qtdemux.c:5700:gst_qtdemux_chain:<qtdemux1> pushing in inbuf 0xdc978de8, neededbytes:144160, available:115189
03-06 09:27:49.715 22026 22340 D GStreamer+qtdemux: 0:02:46.798665821 0xdd2dbaf0 qtdemux.c:5700:gst_qtdemux_chain:<qtdemux1> pushing in inbuf 0xdca793e8, neededbytes:144160, available:119285
03-06 09:27:49.715 22026 22340 D GStreamer+qtdemux: 0:02:46.798780405 0xdd2dbaf0 qtdemux.c:5700:gst_qtdemux_chain:<qtdemux1> pushing in inbuf 0xdcc3fe60, neededbytes:144160, available:123381
03-06 09:27:49.715 22026 22340 D GStreamer+qtdemux: 0:02:46.798925613 0xdd2dbaf0 qtdemux.c:5700:gst_qtdemux_chain:<qtdemux1> pushing in inbuf 0xdccff688, neededbytes:144160, available:127477
03-06 09:27:49.715 22026 22340 D GStreamer+qtdemux: 0:02:46.799038894 0xdd2dbaf0 qtdemux.c:5700:gst_qtdemux_chain:<qtdemux1> pushing in inbuf 0xdcc3eef0, neededbytes:144160, available:131573
03-06 09:27:49.715 22026 22340 D GStreamer+qtdemux: 0:02:46.799165717 0xdd2dbaf0 qtdemux.c:5700:gst_qtdemux_chain:<qtdemux1> pushing in inbuf 0xdc9a58a8, neededbytes:144160, available:135669
03-06 09:27:49.715 22026 22340 D GStreamer+qtdemux: 0:02:46.799279363 0xdd2dbaf0 qtdemux.c:5700:gst_qtdemux_chain:<qtdemux1> pushing in inbuf 0xdca79830, neededbytes:144160, available:139765
03-06 09:27:49.715 22026 22340 D GStreamer+qtdemux: 0:02:46.799424051 0xdd2dbaf0 qtdemux.c:5700:gst_qtdemux_chain:<qtdemux1> pushing in inbuf 0xdcc3f5b8, neededbytes:144160, available:143861
03-06 09:27:49.716 22026 22340 D GStreamer+qtdemux: 0:02:46.799537853 0xdd2dbaf0 qtdemux.c:5700:gst_qtdemux_chain:<qtdemux1> pushing in inbuf 0xdc9798a0, neededbytes:144160, available:147957
03-06 09:27:49.716 22026 22340 D GStreamer+qtdemux: 0:02:46.799634832 0xdd2dbaf0 qtdemux.c:5720:gst_qtdemux_process_adapter:<qtdemux1> state:2 , demux->neededbytes:144160, demux->offset:37502515
03-06 09:27:49.716 22026 22340 D GStreamer+qtdemux: 0:02:46.799719311 0xdd2dbaf0 qtdemux.c:6067:gst_qtdemux_process_adapter:<qtdemux1> BEGIN // in MOVIE for offset 37502515
03-06 09:27:49.716 22026 22340 V GStreamer+qtdemux: 0:02:46.799812801 0xdd2dbaf0 qtdemux.c:6145:gst_qtdemux_process_adapter:<qtdemux1> Checking stream 0 (sample_index:259 / offset:37502515 / size:144160)
03-06 09:27:49.716 22026 22340 D GStreamer+qtdemux: 0:02:46.799924415 0xdd2dbaf0 qtdemux.c:6163:gst_qtdemux_process_adapter:<qtdemux1> stream : avc1
03-06 09:27:49.716 22026 22340 V GStreamer+qtdemux: 0:02:46.800442644 0xdd2dbaf0 qtdemux.c:4961:gst_qtdemux_decorate_and_push_buffer:<qtdemux1> Pushing buffer with dts 0:00:05.094600000, pts 0:00:05.094600000, duration 0:00:00.019600000 on pad video_0
03-06 09:27:49.725 22026 22337 W GStreamer+amcvideodec: 0:02:46.808782696 0xd73ffe60 gstamcvideodec.c:1165:_amc_gl_wait gl_sync 0xdcd458c0 could not wait for frame, took too long
03-06 09:27:49.730 22026 22232 V GStreamer+qtdemux: 0:02:46.814471551 0xdd2db980 qtdemux.c:810:gst_qtdemux_handle_src_query:<qtdemux1:video_0> position query
03-06 09:27:49.732 22026 22340 V GStreamer+qtdemux: 0:02:46.815544207 0xdd2dbaf0 qtdemux.c:4633:gst_qtdemux_combine_flows:<qtdemux1> flow return: ok
03-06 09:27:49.732 22026 22340 V GStreamer+qtdemux: 0:02:46.815732957 0xdd2dbaf0 qtdemux.c:4641:gst_qtdemux_combine_flows:<qtdemux1> combined flow return: ok
03-06 09:27:49.732 22026 22340 V GStreamer+qtdemux: 0:02:46.815846759 0xdd2dbaf0 qtdemux.c:6219:gst_qtdemux_process_adapter:<qtdemux1> increasing offset 37502515 by 144160
03-06 09:27:49.732 22026 22340 V GStreamer+qtdemux: 0:02:46.815931967 0xdd2dbaf0 qtdemux.c:6222:gst_qtdemux_process_adapter:<qtdemux1> offset is now 37646675
03-06 09:27:49.732 22026 22340 V GStreamer+qtdemux: 0:02:46.816030144 0xdd2dbaf0 qtdemux.c:5472:next_entry_size:<qtdemux1> Finding entry at offset 37646675
03-06 09:27:49.732 22026 22340 V GStreamer+qtdemux: 0:02:46.816133842 0xdd2dbaf0 qtdemux.c:7663:qtdemux_parse_samples:<qtdemux1> parsing samples for stream fourcc avc1, pad video_0
03-06 09:27:49.732 22026 22340 D GStreamer+qtdemux: 0:02:46.816217748 0xdd2dbaf0 qtdemux.c:7674:qtdemux_parse_samples:<qtdemux1> parsing up to sample 260
03-06 09:27:49.732 22026 22340 V GStreamer+qtdemux: 0:02:46.816334571 0xdd2dbaf0 qtdemux.c:7700:qtdemux_parse_samples:<qtdemux1> sample 260 has size 144717
03-06 09:27:49.732 22026 22340 V GStreamer+qtdemux: 0:02:46.816429207 0xdd2dbaf0 qtdemux.c:7824:qtdemux_parse_samples:<qtdemux1> creating entry 260 with offset 37646675 and size 144717
03-06 09:27:49.733 22026 22340 V GStreamer+qtdemux: 0:02:46.816517853 0xdd2dbaf0 qtdemux.c:7868:qtdemux_parse_samples:<qtdemux1> block 0, 3 timestamps, duration 97
03-06 09:27:49.733 22026 22340 D GStreamer+qtdemux: 0:02:46.816630353 0xdd2dbaf0 qtdemux.c:7881:qtdemux_parse_samples:<qtdemux1> sample 260: index 0, timestamp 0:00:05.114200000
03-06 09:27:49.733 22026 22340 D GStreamer+qtdemux: 0:02:46.816719571 0xdd2dbaf0 qtdemux.c:7936:qtdemux_parse_samples:<qtdemux1> samples at 260 is keyframe
03-06 09:27:49.733 22026 22340 V GStreamer+qtdemux: 0:02:46.816821394 0xdd2dbaf0 qtdemux.c:5498:next_entry_size:<qtdemux1> Checking Stream 0 (sample_index:260 / offset:37646675 / size:144717)
03-06 09:27:49.733 22026 22340 V GStreamer+qtdemux: 0:02:46.816950144 0xdd2dbaf0 qtdemux.c:5509:next_entry_size:<qtdemux1> stream 0 offset 37646675 demux->offset :37646675
03-06 09:27:49.733 22026 22340 D GStreamer+qtdemux: 0:02:46.817122853 0xdd2dbaf0 qtdemux.c:5700:gst_qtdemux_chain:<qtdemux1> pushing in inbuf 0xdccfea20, neededbytes:144717, available:7893
03-06 09:27:49.733 22026 22340 D GStreamer+qtdemux: 0:02:46.817272176 0xdd2dbaf0 qtdemux.c:5700:gst_qtdemux_chain:<qtdemux1> pushing in inbuf 0xdc977828, neededbytes:144717, available:11989
03-06 09:27:49.733 22026 22342 I GStreamer+baseparse: 0:02:46.817305457 0xd73ffa90 gstbaseparse.c:3945:gst_base_parse_set_latency:<h264parse1> min/max latency 0:00:00.019480519, 0:00:00.019480519
03-06 09:27:49.733 22026 22340 D GStreamer+qtdemux: 0:02:46.817394103 0xdd2dbaf0 qtdemux.c:5700:gst_qtdemux_chain:<qtdemux1> pushing in inbuf 0xdc9a6a98, neededbytes:144717, available:16085
03-06 09:27:49.734 22026 22340 D GStreamer+qtdemux: 0:02:46.817552123 0xdd2dbaf0 qtdemux.c:5700:gst_qtdemux_chain:<qtdemux1> pushing in inbuf 0xdc979600, neededbytes:144717, available:20181
03-06 09:27:49.734 22026 22340 D GStreamer+qtdemux: 0:02:46.818055405 0xdd2dbaf0 qtdemux.c:5700:gst_qtdemux_chain:<qtdemux1> pushing in inbuf 0xdc9a5460, neededbytes:144717, available:24277
03-06 09:27:49.734 22026 22340 D GStreamer+qtdemux: 0:02:46.818189103 0xdd2dbaf0 qtdemux.c:5700:gst_qtdemux_chain:<qtdemux1> pushing in inbuf 0xdd15cdb8, neededbytes:144717, available:28373
03-06 09:27:49.734 22026 22340 D GStreamer+qtdemux: 0:02:46.818321238 0xdd2dbaf0 qtdemux.c:5700:gst_qtdemux_chain:<qtdemux1> pushing in inbuf 0xdcc3ea90, neededbytes:144717, available:32469
03-06 09:27:49.735 22026 22340 D GStreamer+qtdemux: 0:02:46.818490457 0xdd2dbaf0 qtdemux.c:5700:gst_qtdemux_chain:<qtdemux1> pushing in inbuf 0xdccf3200, neededbytes:144717, available:36565
03-06 09:27:49.735 22026 22340 D GStreamer+qtdemux: 0:02:46.818612540 0xdd2dbaf0 qtdemux.c:5700:gst_qtdemux_chain:<qtdemux1> pushing in inbuf 0xdd15cd18, neededbytes:144717, available:40661
03-06 09:27:49.735 22026 22340 D GStreamer+qtdemux: 0:02:46.818732228 0xdd2dbaf0 qtdemux.c:5700:gst_qtdemux_chain:<qtdemux1> pushing in inbuf 0xdca79348, neededbytes:144717, available:44757
03-06 09:27:49.735 22026 22340 D GStreamer+qtdemux: 0:02:46.818844676 0xdd2dbaf0 qtdemux.c:5700:gst_qtdemux_chain:<qtdemux1> pushing in inbuf 0xdc978d48, neededbytes:144717, available:48853
03-06 09:27:49.735 22026 22340 D GStreamer+qtdemux: 0:02:46.818982592 0xdd2dbaf0 qtdemux.c:5700:gst_qtdemux_chain:<qtdemux1> pushing in inbuf 0xdcbfebe8, neededbytes:144717, available:52949
03-06 09:27:49.735 22026 22340 D GStreamer+qtdemux: 0:02:46.819100457 0xdd2dbaf0 qtdemux.c:5700:gst_qtdemux_chain:<qtdemux1> pushing in inbuf 0xdc978540, neededbytes:144717, available:57045
03-06 09:27:49.735 22026 22340 D GStreamer+qtdemux: 0:02:46.819222696 0xdd2dbaf0 qtdemux.c:5700:gst_qtdemux_chain:<qtdemux1> pushing in inbuf 0xdccf3020, neededbytes:144717, available:61141
03-06 09:27:49.735 22026 22340 D GStreamer+qtdemux: 0:02:46.819341394 0xdd2dbaf0 qtdemux.c:5700:gst_qtdemux_chain:<qtdemux1> pushing in inbuf 0xdd15c9f8, neededbytes:144717, available:65237
03-06 09:27:49.735 22026 22340 D GStreamer+qtdemux: 0:02:46.819461498 0xdd2dbaf0 qtdemux.c:5700:gst_qtdemux_chain:<qtdemux1> pushing in inbuf 0xdc9a50a0, neededbytes:144717, available:69333
03-06 09:27:49.736 22026 22340 D GStreamer+qtdemux: 0:02:46.819590613 0xdd2dbaf0 qtdemux.c:5700:gst_qtdemux_chain:<qtdemux1> pushing in inbuf 0xdd15ce58, neededbytes:144717, available:73429
03-06 09:27:49.736 22026 22340 D GStreamer+qtdemux: 0:02:46.819714676 0xdd2dbaf0 qtdemux.c:5700:gst_qtdemux_chain:<qtdemux1> pushing in inbuf 0xdc9a51e0, neededbytes:144717, available:77525
03-06 09:27:49.736 22026 22340 D GStreamer+qtdemux: 0:02:46.819819936 0xdd2dbaf0 qtdemux.c:5700:gst_qtdemux_chain:<qtdemux1> pushing in inbuf 0xdc9a66f0, neededbytes:144717, available:81621
03-06 09:27:49.736 22026 22340 D GStreamer+qtdemux: 0:02:46.819928634 0xdd2dbaf0 qtdemux.c:5700:gst_qtdemux_chain:<qtdemux1> pushing in inbuf 0xdcbfe968, neededbytes:144717, available:85717
03-06 09:27:49.736 22026 22340 D GStreamer+qtdemux: 0:02:46.820037540 0xdd2dbaf0 qtdemux.c:5700:gst_qtdemux_chain:<qtdemux1> pushing in inbuf 0xdd6cd170, neededbytes:144717, available:89813
03-06 09:27:49.736 22026 22340 D GStreamer+qtdemux: 0:02:46.820145248 0xdd2dbaf0 qtdemux.c:5700:gst_qtdemux_chain:<qtdemux1> pushing in inbuf 0xdcc51f00, neededbytes:144717, available:93909
03-06 09:27:49.736 22026 22340 D GStreamer+qtdemux: 0:02:46.820250769 0xdd2dbaf0 qtdemux.c:5700:gst_qtdemux_chain:<qtdemux1> pushing in inbuf 0xdcc3ee50, neededbytes:144717, available:98005
03-06 09:27:49.736 22026 22340 D GStreamer+qtdemux: 0:02:46.820358321 0xdd2dbaf0 qtdemux.c:5700:gst_qtdemux_chain:<qtdemux1> pushing in inbuf 0xdc9a5bc8, neededbytes:144717, available:102101
03-06 09:27:49.736 22026 22340 D GStreamer+qtdemux: 0:02:46.820488165 0xdd2dbaf0 qtdemux.c:5700:gst_qtdemux_chain:<qtdemux1> pushing in inbuf 0xdccff228, neededbytes:144717, available:106197
03-06 09:27:49.737 22026 22340 D GStreamer+qtdemux: 0:02:46.820616446 0xdd2dbaf0 qtdemux.c:5700:gst_qtdemux_chain:<qtdemux1> pushing in inbuf 0xdccfe038, neededbytes:144717, available:110293
03-06 09:27:49.737 22026 22340 D GStreamer+qtdemux: 0:02:46.820741134 0xdd2dbaf0 qtdemux.c:5700:gst_qtdemux_chain:<qtdemux1> pushing in inbuf 0xdcbfea08, neededbytes:144717, available:114389
03-06 09:27:49.737 22026 22340 D GStreamer+qtdemux: 0:02:46.820866186 0xdd2dbaf0 qtdemux.c:5700:gst_qtdemux_chain:<qtdemux1> pushing in inbuf 0xdc9a6510, neededbytes:144717, available:118485
03-06 09:27:49.737 22026 22340 D GStreamer+qtdemux: 0:02:46.820985873 0xdd2dbaf0 qtdemux.c:5700:gst_qtdemux_chain:<qtdemux1> pushing in inbuf 0xdcc59160, neededbytes:144717, available:122581
03-06 09:27:49.737 22026 22340 D GStreamer+qtdemux: 0:02:46.821103426 0xdd2dbaf0 qtdemux.c:5700:gst_qtdemux_chain:<qtdemux1> pushing in inbuf 0xdcbffa30, neededbytes:144717, available:126677
03-06 09:27:49.737 22026 22340 D GStreamer+qtdemux: 0:02:46.821245405 0xdd2dbaf0 qtdemux.c:5700:gst_qtdemux_chain:<qtdemux1> pushing in inbuf 0xdcbfe0c0, neededbytes:144717, available:130773
03-06 09:27:49.737 22026 22340 D GStreamer+qtdemux: 0:02:46.821375509 0xdd2dbaf0 qtdemux.c:5700:gst_qtdemux_chain:<qtdemux1> pushing in inbuf 0xdc9a6e58, neededbytes:144717, available:134869
03-06 09:27:49.737 22026 22340 D GStreamer+qtdemux: 0:02:46.821483686 0xdd2dbaf0 qtdemux.c:5700:gst_qtdemux_chain:<qtdemux1> pushing in inbuf 0xdccf3660, neededbytes:144717, available:138965
03-06 09:27:49.738 22026 22340 D GStreamer+qtdemux: 0:02:46.821591551 0xdd2dbaf0 qtdemux.c:5700:gst_qtdemux_chain:<qtdemux1> pushing in inbuf 0xdc979d00, neededbytes:144717, available:143061
03-06 09:27:49.738 22026 22340 D GStreamer+qtdemux: 0:02:46.821700613 0xdd2dbaf0 qtdemux.c:5700:gst_qtdemux_chain:<qtdemux1> pushing in inbuf 0xdc9a56e0, neededbytes:144717, available:147157
03-06 09:27:49.738 22026 22340 D GStreamer+qtdemux: 0:02:46.821802228 0xdd2dbaf0 qtdemux.c:5720:gst_qtdemux_process_adapter:<qtdemux1> state:2 , demux->neededbytes:144717, demux->offset:37646675
03-06 09:27:49.738 22026 22340 D GStreamer+qtdemux: 0:02:46.821890821 0xdd2dbaf0 qtdemux.c:6067:gst_qtdemux_process_adapter:<qtdemux1> BEGIN // in MOVIE for offset 37646675
03-06 09:27:49.738 22026 22340 V GStreamer+qtdemux: 0:02:46.821987071 0xdd2dbaf0 qtdemux.c:6145:gst_qtdemux_process_adapter:<qtdemux1> Checking stream 0 (sample_index:260 / offset:37646675 / size:144717)
03-06 09:27:49.738 22026 22340 D GStreamer+qtdemux: 0:02:46.822078790 0xdd2dbaf0 qtdemux.c:6163:gst_qtdemux_process_adapter:<qtdemux1> stream : avc1
03-06 09:27:49.739 22026 22340 V GStreamer+qtdemux: 0:02:46.822626186 0xdd2dbaf0 qtdemux.c:4961:gst_qtdemux_decorate_and_push_buffer:<qtdemux1> Pushing buffer with dts 0:00:05.114200000, pts 0:00:05.114200000, duration 0:00:00.019400000 on pad video_0
03-06 09:27:49.747 22026 22232 V GStreamer+qtdemux: 0:02:46.831332280 0xdd2db980 qtdemux.c:810:gst_qtdemux_handle_src_query:<qtdemux1:video_0> position query
03-06 09:27:49.748 22026 22340 V GStreamer+qtdemux: 0:02:46.832197488 0xdd2dbaf0 qtdemux.c:4633:gst_qtdemux_combine_flows:<qtdemux1> flow return: ok
03-06 09:27:49.748 22026 22342 I GStreamer+baseparse: 0:02:46.832371707 0xd73ffa90 gstbaseparse.c:3945:gst_base_parse_set_latency:<h264parse1> min/max latency 0:00:00.019480519, 0:00:00.019480519
03-06 09:27:49.748 22026 22340 V GStreamer+qtdemux: 0:02:46.832405144 0xdd2dbaf0 qtdemux.c:4641:gst_qtdemux_combine_flows:<qtdemux1> combined flow return: ok
03-06 09:27:49.749 22026 22340 V GStreamer+qtdemux: 0:02:46.832511863 0xdd2dbaf0 qtdemux.c:6219:gst_qtdemux_process_adapter:<qtdemux1> increasing offset 37646675 by 144717
03-06 09:27:49.749 22026 22340 V GStreamer+qtdemux: 0:02:46.832601707 0xdd2dbaf0 qtdemux.c:6222:gst_qtdemux_process_adapter:<qtdemux1> offset is now 37791392
03-06 09:27:49.749 22026 22340 V GStreamer+qtdemux: 0:02:46.832689780 0xdd2dbaf0 qtdemux.c:5472:next_entry_size:<qtdemux1> Finding entry at offset 37791392
03-06 09:27:49.749 22026 22340 V GStreamer+qtdemux: 0:02:46.832783894 0xdd2dbaf0 qtdemux.c:7663:qtdemux_parse_samples:<qtdemux1> parsing samples for stream fourcc avc1, pad video_0
03-06 09:27:49.749 22026 22340 D GStreamer+qtdemux: 0:02:46.832868061 0xdd2dbaf0 qtdemux.c:7674:qtdemux_parse_samples:<qtdemux1> parsing up to sample 261
03-06 09:27:49.749 22026 22340 V GStreamer+qtdemux: 0:02:46.832954363 0xdd2dbaf0 qtdemux.c:7700:qtdemux_parse_samples:<qtdemux1> sample 261 has size 144413
03-06 09:27:49.749 22026 22340 V GStreamer+qtdemux: 0:02:46.833047488 0xdd2dbaf0 qtdemux.c:7824:qtdemux_parse_samples:<qtdemux1> creating entry 261 with offset 37791392 and size 144413
03-06 09:27:49.749 22026 22340 D GStreamer+qtdemux: 0:02:46.833160821 0xdd2dbaf0 qtdemux.c:7881:qtdemux_parse_samples:<qtdemux1> sample 261: index 1, timestamp 0:00:05.133600000
03-06 09:27:49.749 22026 22340 D GStreamer+qtdemux: 0:02:46.833245873 0xdd2dbaf0 qtdemux.c:7936:qtdemux_parse_samples:<qtdemux1> samples at 261 is keyframe
03-06 09:27:49.749 22026 22340 V GStreamer+qtdemux: 0:02:46.833339363 0xdd2dbaf0 qtdemux.c:5498:next_entry_size:<qtdemux1> Checking Stream 0 (sample_index:261 / offset:37791392 / size:144413)
03-06 09:27:49.749 22026 22340 V GStreamer+qtdemux: 0:02:46.833431342 0xdd2dbaf0 qtdemux.c:5509:next_entry_size:<qtdemux1> stream 0 offset 37791392 demux->offset :37791392
03-06 09:27:49.750 22026 22340 D GStreamer+qtdemux: 0:02:46.833579936 0xdd2dbaf0 qtdemux.c:5700:gst_qtdemux_chain:<qtdemux1> pushing in inbuf 0xdca79f10, neededbytes:144413, available:6536
03-06 09:27:49.750 22026 22340 D GStreamer+qtdemux: 0:02:46.833692019 0xdd2dbaf0 qtdemux.c:5700:gst_qtdemux_chain:<qtdemux1> pushing in inbuf 0xdcc3e008, neededbytes:144413, available:10632
03-06 09:27:49.750 22026 22340 D GStreamer+qtdemux: 0:02:46.833813634 0xdd2dbaf0 qtdemux.c:5700:gst_qtdemux_chain:<qtdemux1> pushing in inbuf 0xdc977dc8, neededbytes:144413, available:14728
03-06 09:27:49.750 22026 22340 D GStreamer+qtdemux: 0:02:46.833940717 0xdd2dbaf0 qtdemux.c:5700:gst_qtdemux_chain:<qtdemux1> pushing in inbuf 0xdcc51dc0, neededbytes:144413, available:18824
03-06 09:27:49.750 22026 22340 D GStreamer+qtdemux: 0:02:46.834059676 0xdd2dbaf0 qtdemux.c:5700:gst_qtdemux_chain:<qtdemux1> pushing in inbuf 0xdcc51aa0, neededbytes:144413, available:22920
03-06 09:27:49.750 22026 22340 D GStreamer+qtdemux: 0:02:46.834180301 0xdd2dbaf0 qtdemux.c:5700:gst_qtdemux_chain:<qtdemux1> pushing in inbuf 0xdca79a10, neededbytes:144413, available:27016
03-06 09:27:49.750 22026 22340 D GStreamer+qtdemux: 0:02:46.834303321 0xdd2dbaf0 qtdemux.c:5700:gst_qtdemux_chain:<qtdemux1> pushing in inbuf 0xdcc51488, neededbytes:144413, available:31112
03-06 09:27:49.750 22026 22340 D GStreamer+qtdemux: 0:02:46.834427905 0xdd2dbaf0 qtdemux.c:5700:gst_qtdemux_chain:<qtdemux1> pushing in inbuf 0xdcbff530, neededbytes:144413, available:35208
03-06 09:27:49.751 22026 22340 D GStreamer+qtdemux: 0:02:46.834545821 0xdd2dbaf0 qtdemux.c:5700:gst_qtdemux_chain:<qtdemux1> pushing in inbuf 0xdca79d30, neededbytes:144413, available:39304
03-06 09:27:49.751 22026 22340 D GStreamer+qtdemux: 0:02:46.834669363 0xdd2dbaf0 qtdemux.c:5700:gst_qtdemux_chain:<qtdemux1> pushing in inbuf 0xdc979c60, neededbytes:144413, available:43400
03-06 09:27:49.751 22026 22340 D GStreamer+qtdemux: 0:02:46.834794051 0xdd2dbaf0 qtdemux.c:5700:gst_qtdemux_chain:<qtdemux1> pushing in inbuf 0xdc9796a0, neededbytes:144413, available:47496
03-06 09:27:49.751 22026 22340 D GStreamer+qtdemux: 0:02:46.834918894 0xdd2dbaf0 qtdemux.c:5700:gst_qtdemux_chain:<qtdemux1> pushing in inbuf 0xdcc3fc80, neededbytes:144413, available:51592
03-06 09:27:49.751 22026 22340 D GStreamer+qtdemux: 0:02:46.835047332 0xdd2dbaf0 qtdemux.c:5700:gst_qtdemux_chain:<qtdemux1> pushing in inbuf 0xdc9799e0, neededbytes:144413, available:55688
03-06 09:27:49.751 22026 22340 D GStreamer+qtdemux: 0:02:46.835450040 0xdd2dbaf0 qtdemux.c:5700:gst_qtdemux_chain:<qtdemux1> pushing in inbuf 0xdcc51028, neededbytes:144413, available:59784
03-06 09:27:49.752 22026 22340 D GStreamer+qtdemux: 0:02:46.835581811 0xdd2dbaf0 qtdemux.c:5700:gst_qtdemux_chain:<qtdemux1> pushing in inbuf 0xdc979060, neededbytes:144413, available:63880
03-06 09:27:49.752 22026 22340 D GStreamer+qtdemux: 0:02:46.835706863 0xdd2dbaf0 qtdemux.c:5700:gst_qtdemux_chain:<qtdemux1> pushing in inbuf 0xdc977be8, neededbytes:144413, available:67976
03-06 09:27:49.752 22026 22340 D GStreamer+qtdemux: 0:02:46.835820717 0xdd2dbaf0 qtdemux.c:5700:gst_qtdemux_chain:<qtdemux1> pushing in inbuf 0xdc9791a0, neededbytes:144413, available:72072
03-06 09:27:49.752 22026 22340 D GStreamer+qtdemux: 0:02:46.835935040 0xdd2dbaf0 qtdemux.c:5700:gst_qtdemux_chain:<qtdemux1> pushing in inbuf 0xdca792a8, neededbytes:144413, available:76168
03-06 09:27:49.752 22026 22340 D GStreamer+qtdemux: 0:02:46.836049988 0xdd2dbaf0 qtdemux.c:5700:gst_qtdemux_chain:<qtdemux1> pushing in inbuf 0xdcbff3f0, neededbytes:144413, available:80264
03-06 09:27:49.752 22026 22340 D GStreamer+qtdemux: 0:02:46.836165769 0xdd2dbaf0 qtdemux.c:5700:gst_qtdemux_chain:<qtdemux1> pushing in inbuf 0xdccf3520, neededbytes:144413, available:84360
03-06 09:27:49.752 22026 22340 D GStreamer+qtdemux: 0:02:46.836281238 0xdd2dbaf0 qtdemux.c:5700:gst_qtdemux_chain:<qtdemux1> pushing in inbuf 0xdccf3a08, neededbytes:144413, available:88456
03-06 09:27:49.752 22026 22340 D GStreamer+qtdemux: 0:02:46.836404832 0xdd2dbaf0 qtdemux.c:5700:gst_qtdemux_chain:<qtdemux1> pushing in inbuf 0xdca79c90, neededbytes:144413, available:92552
03-06 09:27:49.753 22026 22340 D GStreamer+qtdemux: 0:02:46.836526186 0xdd2dbaf0 qtdemux.c:5700:gst_qtdemux_chain:<qtdemux1> pushing in inbuf 0xdcbfe8c8, neededbytes:144413, available:96648
03-06 09:27:49.753 22026 22340 D GStreamer+qtdemux: 0:02:46.836644623 0xdd2dbaf0 qtdemux.c:5700:gst_qtdemux_chain:<qtdemux1> pushing in inbuf 0xdd15c8b8, neededbytes:144413, available:100744
03-06 09:27:49.753 22026 22340 D GStreamer+qtdemux: 0:02:46.836764623 0xdd2dbaf0 qtdemux.c:5700:gst_qtdemux_chain:<qtdemux1> pushing in inbuf 0xdccfeb60, neededbytes:144413, available:104840
03-06 09:27:49.753 22026 22340 D GStreamer+qtdemux: 0:02:46.836878738 0xdd2dbaf0 qtdemux.c:5700:gst_qtdemux_chain:<qtdemux1> pushing in inbuf 0xdcc51348, neededbytes:144413, available:108936
03-06 09:27:49.753 22026 22340 D GStreamer+qtdemux: 0:02:46.836991030 0xdd2dbaf0 qtdemux.c:5700:gst_qtdemux_chain:<qtdemux1> pushing in inbuf 0xdc9a6db8, neededbytes:144413, available:113032
03-06 09:27:49.753 22026 22340 D GStreamer+qtdemux: 0:02:46.837106811 0xdd2dbaf0 qtdemux.c:5700:gst_qtdemux_chain:<qtdemux1> pushing in inbuf 0xdc9a6470, neededbytes:144413, available:117128
03-06 09:27:49.753 22026 22340 D GStreamer+qtdemux: 0:02:46.837222436 0xdd2dbaf0 qtdemux.c:5700:gst_qtdemux_chain:<qtdemux1> pushing in inbuf 0xdccfede0, neededbytes:144413, available:121224
03-06 09:27:49.753 22026 22340 D GStreamer+qtdemux: 0:02:46.837335196 0xdd2dbaf0 qtdemux.c:5700:gst_qtdemux_chain:<qtdemux1> pushing in inbuf 0xdccffa30, neededbytes:144413, available:125320
03-06 09:27:49.753 22026 22340 D GStreamer+qtdemux: 0:02:46.837450665 0xdd2dbaf0 qtdemux.c:5700:gst_qtdemux_chain:<qtdemux1> pushing in inbuf 0xdcc515c8, neededbytes:144413, available:129416
03-06 09:27:49.754 22026 22340 D GStreamer+qtdemux: 0:02:46.837564780 0xdd2dbaf0 qtdemux.c:5700:gst_qtdemux_chain:<qtdemux1> pushing in inbuf 0xdcc3f8c0, neededbytes:144413, available:133512
03-06 09:27:49.754 22026 22340 D GStreamer+qtdemux: 0:02:46.837718998 0xdd2dbaf0 qtdemux.c:5700:gst_qtdemux_chain:<qtdemux1> pushing in inbuf 0xdcbff670, neededbytes:144413, available:137608
03-06 09:27:49.754 22026 22340 D GStreamer+qtdemux: 0:02:46.837824259 0xdd2dbaf0 qtdemux.c:5700:gst_qtdemux_chain:<qtdemux1> pushing in inbuf 0xdc9788e8, neededbytes:144413, available:141704
03-06 09:27:49.754 22026 22340 D GStreamer+qtdemux: 0:02:46.837930821 0xdd2dbaf0 qtdemux.c:5700:gst_qtdemux_chain:<qtdemux1> pushing in inbuf 0xdcc590c0, neededbytes:144413, available:145800
03-06 09:27:49.754 22026 22340 D GStreamer+qtdemux: 0:02:46.838035561 0xdd2dbaf0 qtdemux.c:5720:gst_qtdemux_process_adapter:<qtdemux1> state:2 , demux->neededbytes:144413, demux->offset:37791392
03-06 09:27:49.754 22026 22340 D GStreamer+qtdemux: 0:02:46.838127540 0xdd2dbaf0 qtdemux.c:6067:gst_qtdemux_process_adapter:<qtdemux1> BEGIN // in MOVIE for offset 37791392
03-06 09:27:49.754 22026 22340 V GStreamer+qtdemux: 0:02:46.838288946 0xdd2dbaf0 qtdemux.c:6145:gst_qtdemux_process_adapter:<qtdemux1> Checking stream 0 (sample_index:261 / offset:37791392 / size:144413)
03-06 09:27:49.754 22026 22340 D GStreamer+qtdemux: 0:02:46.838387801 0xdd2dbaf0 qtdemux.c:6163:gst_qtdemux_process_adapter:<qtdemux1> stream : avc1
03-06 09:27:49.755 22026 22340 V GStreamer+qtdemux: 0:02:46.839032228 0xdd2dbaf0 qtdemux.c:4961:gst_qtdemux_decorate_and_push_buffer:<qtdemux1> Pushing buffer with dts 0:00:05.133600000, pts 0:00:05.133600000, duration 0:00:00.019400000 on pad video_0
03-06 09:27:49.767 22026 22232 V GStreamer+qtdemux: 0:02:46.850799623 0xdd2db980 qtdemux.c:810:gst_qtdemux_handle_src_query:<qtdemux1:video_0> position query
03-06 09:27:49.786 22026 22232 V GStreamer+qtdemux: 0:02:46.870311603 0xdd2db980 qtdemux.c:810:gst_qtdemux_handle_src_query:<qtdemux1:video_0> position query
03-06 09:27:49.787 22026 22340 V GStreamer+qtdemux: 0:02:46.871225717 0xdd2dbaf0 qtdemux.c:4633:gst_qtdemux_combine_flows:<qtdemux1> flow return: ok
03-06 09:27:49.787 22026 22340 V GStreamer+qtdemux: 0:02:46.871378738 0xdd2dbaf0 qtdemux.c:4641:gst_qtdemux_combine_flows:<qtdemux1> combined flow return: ok
03-06 09:27:49.787 22026 22342 I GStreamer+baseparse: 0:02:46.871437748 0xd73ffa90 gstbaseparse.c:3945:gst_base_parse_set_latency:<h264parse1> min/max latency 0:00:00.019480519, 0:00:00.019480519
03-06 09:27:49.787 22026 22340 V GStreamer+qtdemux: 0:02:46.871479780 0xdd2dbaf0 qtdemux.c:6219:gst_qtdemux_process_adapter:<qtdemux1> increasing offset 37791392 by 144413
03-06 09:27:49.788 22026 22340 V GStreamer+qtdemux: 0:02:46.871565613 0xdd2dbaf0 qtdemux.c:6222:gst_qtdemux_process_adapter:<qtdemux1> offset is now 37935805
03-06 09:27:49.788 22026 22340 V GStreamer+qtdemux: 0:02:46.871653009 0xdd2dbaf0 qtdemux.c:5472:next_entry_size:<qtdemux1> Finding entry at offset 37935805
03-06 09:27:49.788 22026 22340 V GStreamer+qtdemux: 0:02:46.871753790 0xdd2dbaf0 qtdemux.c:7663:qtdemux_parse_samples:<qtdemux1> parsing samples for stream fourcc avc1, pad video_0
03-06 09:27:49.788 22026 22340 D GStreamer+qtdemux: 0:02:46.871840926 0xdd2dbaf0 qtdemux.c:7674:qtdemux_parse_samples:<qtdemux1> parsing up to sample 262
03-06 09:27:49.788 22026 22340 V GStreamer+qtdemux: 0:02:46.871928478 0xdd2dbaf0 qtdemux.c:7700:qtdemux_parse_samples:<qtdemux1> sample 262 has size 144364
03-06 09:27:49.788 22026 22340 V GStreamer+qtdemux: 0:02:46.872024623 0xdd2dbaf0 qtdemux.c:7824:qtdemux_parse_samples:<qtdemux1> creating entry 262 with offset 37935805 and size 144364
03-06 09:27:49.788 22026 22340 D GStreamer+qtdemux: 0:02:46.872129780 0xdd2dbaf0 qtdemux.c:7881:qtdemux_parse_samples:<qtdemux1> sample 262: index 2, timestamp 0:00:05.153000000
03-06 09:27:49.788 22026 22340 D GStreamer+qtdemux: 0:02:46.872215301 0xdd2dbaf0 qtdemux.c:7936:qtdemux_parse_samples:<qtdemux1> samples at 262 is keyframe
03-06 09:27:49.788 22026 22340 V GStreamer+qtdemux: 0:02:46.872310301 0xdd2dbaf0 qtdemux.c:5498:next_entry_size:<qtdemux1> Checking Stream 0 (sample_index:262 / offset:37935805 / size:144364)
03-06 09:27:49.788 22026 22340 V GStreamer+qtdemux: 0:02:46.872408009 0xdd2dbaf0 qtdemux.c:5509:next_entry_size:<qtdemux1> stream 0 offset 37935805 demux->offset :37935805
03-06 09:27:49.789 22026 22340 D GStreamer+qtdemux: 0:02:46.872573165 0xdd2dbaf0 qtdemux.c:5700:gst_qtdemux_chain:<qtdemux1> pushing in inbuf 0xdccf3968, neededbytes:144364, available:5483
03-06 09:27:49.789 22026 22340 D GStreamer+qtdemux: 0:02:46.872696811 0xdd2dbaf0 qtdemux.c:5700:gst_qtdemux_chain:<qtdemux1> pushing in inbuf 0xdccff990, neededbytes:144364, available:9579
03-06 09:27:49.789 22026 22340 D GStreamer+qtdemux: 0:02:46.872814571 0xdd2dbaf0 qtdemux.c:5700:gst_qtdemux_chain:<qtdemux1> pushing in inbuf 0xdcc3ff00, neededbytes:144364, available:13675
03-06 09:27:49.789 22026 22340 D GStreamer+qtdemux: 0:02:46.872927123 0xdd2dbaf0 qtdemux.c:5700:gst_qtdemux_chain:<qtdemux1> pushing in inbuf 0xdc978f28, neededbytes:144364, available:17771
03-06 09:27:49.789 22026 22340 D GStreamer+qtdemux: 0:02:46.873052228 0xdd2dbaf0 qtdemux.c:5700:gst_qtdemux_chain:<qtdemux1> pushing in inbuf 0xdccfe218, neededbytes:144364, available:21867
03-06 09:27:49.789 22026 22340 D GStreamer+qtdemux: 0:02:46.873183373 0xdd2dbaf0 qtdemux.c:5700:gst_qtdemux_chain:<qtdemux1> pushing in inbuf 0xdcc59340, neededbytes:144364, available:25963
03-06 09:27:49.789 22026 22340 D GStreamer+qtdemux: 0:02:46.873308165 0xdd2dbaf0 qtdemux.c:5700:gst_qtdemux_chain:<qtdemux1> pushing in inbuf 0xdc9a6958, neededbytes:144364, available:30059
03-06 09:27:49.789 22026 22340 D GStreamer+qtdemux: 0:02:46.873442853 0xdd2dbaf0 qtdemux.c:5700:gst_qtdemux_chain:<qtdemux1> pushing in inbuf 0xdccffb70, neededbytes:144364, available:34155
03-06 09:27:49.790 22026 22340 D GStreamer+qtdemux: 0:02:46.873563842 0xdd2dbaf0 qtdemux.c:5700:gst_qtdemux_chain:<qtdemux1> pushing in inbuf 0xdc978e88, neededbytes:144364, available:38251
03-06 09:27:49.790 22026 22340 D GStreamer+qtdemux: 0:02:46.873699207 0xdd2dbaf0 qtdemux.c:5700:gst_qtdemux_chain:<qtdemux1> pushing in inbuf 0xdcbff210, neededbytes:144364, available:42347
03-06 09:27:49.790 22026 22340 D GStreamer+qtdemux: 0:02:46.873860092 0xdd2dbaf0 qtdemux.c:5700:gst_qtdemux_chain:<qtdemux1> pushing in inbuf 0xdccfff30, neededbytes:144364, available:46443
03-06 09:27:49.790 22026 22342 I GStreamer+baseparse: 0:02:46.873897176 0xd73ffa90 gstbaseparse.c:3945:gst_base_parse_set_latency:<h264parse1> min/max latency 0:00:00.019480519, 0:00:00.019480519
03-06 09:27:49.790 22026 22340 D GStreamer+qtdemux: 0:02:46.873981082 0xdd2dbaf0 qtdemux.c:5700:gst_qtdemux_chain:<qtdemux1> pushing in inbuf 0xdc9a68b8, neededbytes:144364, available:50539
03-06 09:27:49.790 22026 22340 D GStreamer+qtdemux: 0:02:46.874102228 0xdd2dbaf0 qtdemux.c:5700:gst_qtdemux_chain:<qtdemux1> pushing in inbuf 0xdcc59660, neededbytes:144364, available:54635
03-06 09:27:49.790 22026 22340 D GStreamer+qtdemux: 0:02:46.874236290 0xdd2dbaf0 qtdemux.c:5700:gst_qtdemux_chain:<qtdemux1> pushing in inbuf 0xdd15c818, neededbytes:144364, available:58731
03-06 09:27:49.790 22026 22340 D GStreamer+qtdemux: 0:02:46.874364467 0xdd2dbaf0 qtdemux.c:5700:gst_qtdemux_chain:<qtdemux1> pushing in inbuf 0xdcc3e1e8, neededbytes:144364, available:62827
03-06 09:27:49.791 22026 22340 D GStreamer+qtdemux: 0:02:46.874572228 0xdd2dbaf0 qtdemux.c:5700:gst_qtdemux_chain:<qtdemux1> pushing in inbuf 0xdd15cbd8, neededbytes:144364, available:66923
03-06 09:27:49.791 22026 22340 D GStreamer+qtdemux: 0:02:46.874713686 0xdd2dbaf0 qtdemux.c:5700:gst_qtdemux_chain:<qtdemux1> pushing in inbuf 0xdc9a5000, neededbytes:144364, available:71019
03-06 09:27:49.791 22026 22340 D GStreamer+qtdemux: 0:02:46.874826967 0xdd2dbaf0 qtdemux.c:5700:gst_qtdemux_chain:<qtdemux1> pushing in inbuf 0xdcc3e328, neededbytes:144364, available:75115
03-06 09:27:49.791 22026 22340 D GStreamer+qtdemux: 0:02:46.875022540 0xdd2dbaf0 qtdemux.c:5700:gst_qtdemux_chain:<qtdemux1> pushing in inbuf 0xdcc3ed10, neededbytes:144364, available:79211
03-06 09:27:49.791 22026 22340 D GStreamer+qtdemux: 0:02:46.875418894 0xdd2dbaf0 qtdemux.c:5700:gst_qtdemux_chain:<qtdemux1> pushing in inbuf 0xdc978ca8, neededbytes:144364, available:83307
03-06 09:27:49.792 22026 22340 D GStreamer+qtdemux: 0:02:46.875583165 0xdd2dbaf0 qtdemux.c:5700:gst_qtdemux_chain:<qtdemux1> pushing in inbuf 0xdc979da0, neededbytes:144364, available:87403
03-06 09:27:49.792 22026 22340 D GStreamer+qtdemux: 0:02:46.875726238 0xdd2dbaf0 qtdemux.c:5700:gst_qtdemux_chain:<qtdemux1> pushing in inbuf 0xdc978ac8, neededbytes:144364, available:91499
03-06 09:27:49.792 22026 22340 D GStreamer+qtdemux: 0:02:46.875855144 0xdd2dbaf0 qtdemux.c:5700:gst_qtdemux_chain:<qtdemux1> pushing in inbuf 0xdccfe3f8, neededbytes:144364, available:95595
03-06 09:27:49.792 22026 22340 D GStreamer+qtdemux: 0:02:46.875995509 0xdd2dbaf0 qtdemux.c:5700:gst_qtdemux_chain:<qtdemux1> pushing in inbuf 0xdca79dd0, neededbytes:144364, available:99691
03-06 09:27:49.792 22026 22340 D GStreamer+qtdemux: 0:02:46.876174780 0xdd2dbaf0 qtdemux.c:5700:gst_qtdemux_chain:<qtdemux1> pushing in inbuf 0xdcc51668, neededbytes:144364, available:103787
03-06 09:27:49.792 22026 22342 I GStreamer+baseparse: 0:02:46.876210092 0xd73ffa90 gstbaseparse.c:3945:gst_base_parse_set_latency:<h264parse1> min/max latency 0:00:00.019480519, 0:00:00.019480519
03-06 09:27:49.792 22026 22340 D GStreamer+qtdemux: 0:02:46.876298582 0xdd2dbaf0 qtdemux.c:5700:gst_qtdemux_chain:<qtdemux1> pushing in inbuf 0xdccf3828, neededbytes:144364, available:107883
03-06 09:27:49.792 22026 22340 D GStreamer+qtdemux: 0:02:46.876422488 0xdd2dbaf0 qtdemux.c:5700:gst_qtdemux_chain:<qtdemux1> pushing in inbuf 0xdc979100, neededbytes:144364, available:111979
03-06 09:27:49.793 22026 22340 D GStreamer+qtdemux: 0:02:46.876563373 0xdd2dbaf0 qtdemux.c:5700:gst_qtdemux_chain:<qtdemux1> pushing in inbuf 0xdcbfe660, neededbytes:144364, available:116075
03-06 09:27:49.793 22026 22340 D GStreamer+qtdemux: 0:02:46.876688686 0xdd2dbaf0 qtdemux.c:5700:gst_qtdemux_chain:<qtdemux1> pushing in inbuf 0xdca79488, neededbytes:144364, available:120171
03-06 09:27:49.793 22026 22340 D GStreamer+qtdemux: 0:02:46.876830978 0xdd2dbaf0 qtdemux.c:5700:gst_qtdemux_chain:<qtdemux1> pushing in inbuf 0xdcbffc10, neededbytes:144364, available:124267
03-06 09:27:49.793 22026 22340 D GStreamer+qtdemux: 0:02:46.876955196 0xdd2dbaf0 qtdemux.c:5700:gst_qtdemux_chain:<qtdemux1> pushing in inbuf 0xdcc59da8, neededbytes:144364, available:128363
03-06 09:27:49.793 22026 22340 D GStreamer+qtdemux: 0:02:46.877073061 0xdd2dbaf0 qtdemux.c:5700:gst_qtdemux_chain:<qtdemux1> pushing in inbuf 0xdcc3e288, neededbytes:144364, available:132459
03-06 09:27:49.793 22026 22340 D GStreamer+qtdemux: 0:02:46.877186603 0xdd2dbaf0 qtdemux.c:5700:gst_qtdemux_chain:<qtdemux1> pushing in inbuf 0xdcc59480, neededbytes:144364, available:136555
03-06 09:27:49.793 22026 22340 D GStreamer+qtdemux: 0:02:46.877301707 0xdd2dbaf0 qtdemux.c:5700:gst_qtdemux_chain:<qtdemux1> pushing in inbuf 0xdc979b20, neededbytes:144364, available:140651
03-06 09:27:49.793 22026 22340 D GStreamer+qtdemux: 0:02:46.877416655 0xdd2dbaf0 qtdemux.c:5700:gst_qtdemux_chain:<qtdemux1> pushing in inbuf 0xdc979380, neededbytes:144364, available:144747
03-06 09:27:49.794 22026 22340 D GStreamer+qtdemux: 0:02:46.877513582 0xdd2dbaf0 qtdemux.c:5720:gst_qtdemux_process_adapter:<qtdemux1> state:2 , demux->neededbytes:144364, demux->offset:37935805
03-06 09:27:49.794 22026 22340 D GStreamer+qtdemux: 0:02:46.877661551 0xdd2dbaf0 qtdemux.c:6067:gst_qtdemux_process_adapter:<qtdemux1> BEGIN // in MOVIE for offset 37935805
03-06 09:27:49.794 22026 22340 V GStreamer+qtdemux: 0:02:46.877762592 0xdd2dbaf0 qtdemux.c:6145:gst_qtdemux_process_adapter:<qtdemux1> Checking stream 0 (sample_index:262 / offset:37935805 / size:144364)
03-06 09:27:49.794 22026 22340 D GStreamer+qtdemux: 0:02:46.877851811 0xdd2dbaf0 qtdemux.c:6163:gst_qtdemux_process_adapter:<qtdemux1> stream : avc1
03-06 09:27:49.794  4407  6881 D NetlinkSocketObserver: NeighborEvent{elapsedMs=247862061, 192.168.10.1, [08606EBBD3E8], RTM_NEWNEIGH, NUD_STALE}
03-06 09:27:49.794 22026 22340 V GStreamer+qtdemux: 0:02:46.878412436 0xdd2dbaf0 qtdemux.c:4961:gst_qtdemux_decorate_and_push_buffer:<qtdemux1> Pushing buffer with dts 0:00:05.153000000, pts 0:00:05.153000000, duration 0:00:00.019400000 on pad video_0
03-06 09:27:49.795 22026 22340 V GStreamer+qtdemux: 0:02:46.878559884 0xdd2dbaf0 qtdemux.c:4633:gst_qtdemux_combine_flows:<qtdemux1> flow return: ok
03-06 09:27:49.795 22026 22340 V GStreamer+qtdemux: 0:02:46.878643061 0xdd2dbaf0 qtdemux.c:4641:gst_qtdemux_combine_flows:<qtdemux1> combined flow return: ok
03-06 09:27:49.795 22026 22340 V GStreamer+qtdemux: 0:02:46.878732488 0xdd2dbaf0 qtdemux.c:6219:gst_qtdemux_process_adapter:<qtdemux1> increasing offset 37935805 by 144364
03-06 09:27:49.795 22026 22340 V GStreamer+qtdemux: 0:02:46.878816082 0xdd2dbaf0 qtdemux.c:6222:gst_qtdemux_process_adapter:<qtdemux1> offset is now 38080169
03-06 09:27:49.795 22026 22340 V GStreamer+qtdemux: 0:02:46.878907332 0xdd2dbaf0 qtdemux.c:5472:next_entry_size:<qtdemux1> Finding entry at offset 38080169
03-06 09:27:49.795 22026 22340 V GStreamer+qtdemux: 0:02:46.879000144 0xdd2dbaf0 qtdemux.c:7663:qtdemux_parse_samples:<qtdemux1> parsing samples for stream fourcc avc1, pad video_0
03-06 09:27:49.795 22026 22340 D GStreamer+qtdemux: 0:02:46.879083061 0xdd2dbaf0 qtdemux.c:7674:qtdemux_parse_samples:<qtdemux1> parsing up to sample 263
03-06 09:27:49.795 22026 22340 V GStreamer+qtdemux: 0:02:46.879169259 0xdd2dbaf0 qtdemux.c:7700:qtdemux_parse_samples:<qtdemux1> sample 263 has size 143924
03-06 09:27:49.795 22026 22340 V GStreamer+qtdemux: 0:02:46.879259676 0xdd2dbaf0 qtdemux.c:7824:qtdemux_parse_samples:<qtdemux1> creating entry 263 with offset 38080169 and size 143924
03-06 09:27:49.795 22026 22340 V GStreamer+qtdemux: 0:02:46.879346290 0xdd2dbaf0 qtdemux.c:7868:qtdemux_parse_samples:<qtdemux1> block 0, 1 timestamps, duration 98
03-06 09:27:49.795 22026 22340 D GStreamer+qtdemux: 0:02:46.879445613 0xdd2dbaf0 qtdemux.c:7881:qtdemux_parse_samples:<qtdemux1> sample 263: index 0, timestamp 0:00:05.172400000
03-06 09:27:49.796 22026 22340 D GStreamer+qtdemux: 0:02:46.879530509 0xdd2dbaf0 qtdemux.c:7936:qtdemux_parse_samples:<qtdemux1> samples at 263 is keyframe
03-06 09:27:49.796 22026 22340 V GStreamer+qtdemux: 0:02:46.879622540 0xdd2dbaf0 qtdemux.c:5498:next_entry_size:<qtdemux1> Checking Stream 0 (sample_index:263 / offset:38080169 / size:143924)
03-06 09:27:49.796 22026 22340 V GStreamer+qtdemux: 0:02:46.879711603 0xdd2dbaf0 qtdemux.c:5509:next_entry_size:<qtdemux1> stream 0 offset 38080169 demux->offset :38080169
03-06 09:27:49.796 22026 22340 D GStreamer+qtdemux: 0:02:46.879851238 0xdd2dbaf0 qtdemux.c:5700:gst_qtdemux_chain:<qtdemux1> pushing in inbuf 0xdc978988, neededbytes:143924, available:4479
03-06 09:27:49.796 22026 22340 D GStreamer+qtdemux: 0:02:46.879968842 0xdd2dbaf0 qtdemux.c:5700:gst_qtdemux_chain:<qtdemux1> pushing in inbuf 0xdcbfe828, neededbytes:143924, available:8575
03-06 09:27:49.796 22026 22340 D GStreamer+qtdemux: 0:02:46.880082123 0xdd2dbaf0 qtdemux.c:5700:gst_qtdemux_chain:<qtdemux1> pushing in inbuf 0xdccf3b48, neededbytes:143924, available:12671
03-06 09:27:49.796 22026 22340 D GStreamer+qtdemux: 0:02:46.880195509 0xdd2dbaf0 qtdemux.c:5700:gst_qtdemux_chain:<qtdemux1> pushing in inbuf 0xdc977a08, neededbytes:143924, available:16767
03-06 09:27:49.796 22026 22340 D GStreamer+qtdemux: 0:02:46.880311915 0xdd2dbaf0 qtdemux.c:5700:gst_qtdemux_chain:<qtdemux1> pushing in inbuf 0xdca79668, neededbytes:143924, available:20863
03-06 09:27:49.796 22026 22340 D GStreamer+qtdemux: 0:02:46.880430978 0xdd2dbaf0 qtdemux.c:5700:gst_qtdemux_chain:<qtdemux1> pushing in inbuf 0xdca79528, neededbytes:143924, available:24959
03-06 09:27:49.797 22026 22340 D GStreamer+qtdemux: 0:02:46.880543686 0xdd2dbaf0 qtdemux.c:5700:gst_qtdemux_chain:<qtdemux1> pushing in inbuf 0xdccf35c0, neededbytes:143924, available:29055
03-06 09:27:49.797 22026 22340 D GStreamer+qtdemux: 0:02:46.880658165 0xdd2dbaf0 qtdemux.c:5700:gst_qtdemux_chain:<qtdemux1> pushing in inbuf 0xdcc3e468, neededbytes:143924, available:33151
03-06 09:27:49.797 22026 22340 D GStreamer+qtdemux: 0:02:46.880773686 0xdd2dbaf0 qtdemux.c:5700:gst_qtdemux_chain:<qtdemux1> pushing in inbuf 0xdcbfed28, neededbytes:143924, available:37247
03-06 09:27:49.797 22026 22340 D GStreamer+qtdemux: 0:02:46.880886394 0xdd2dbaf0 qtdemux.c:5700:gst_qtdemux_chain:<qtdemux1> pushing in inbuf 0xdc9778c8, neededbytes:143924, available:41343
03-06 09:27:49.797 22026 22340 D GStreamer+qtdemux: 0:02:46.880999676 0xdd2dbaf0 qtdemux.c:5700:gst_qtdemux_chain:<qtdemux1> pushing in inbuf 0xdcbfff30, neededbytes:143924, available:45439
03-06 09:27:49.797 22026 22340 D GStreamer+qtdemux: 0:02:46.881112176 0xdd2dbaf0 qtdemux.c:5700:gst_qtdemux_chain:<qtdemux1> pushing in inbuf 0xdcc3e6e8, neededbytes:143924, available:49535
03-06 09:27:49.797 22026 22340 D GStreamer+qtdemux: 0:02:46.881231186 0xdd2dbaf0 qtdemux.c:5700:gst_qtdemux_chain:<qtdemux1> pushing in inbuf 0xdcc3e148, neededbytes:143924, available:53631
03-06 09:27:49.797 22026 22340 D GStreamer+qtdemux: 0:02:46.881350978 0xdd2dbaf0 qtdemux.c:5700:gst_qtdemux_chain:<qtdemux1> pushing in inbuf 0xdcc3f518, neededbytes:143924, available:57727
03-06 09:27:49.797 22026 22340 D GStreamer+qtdemux: 0:02:46.881465405 0xdd2dbaf0 qtdemux.c:5700:gst_qtdemux_chain:<qtdemux1> pushing in inbuf 0xdd6cd530, neededbytes:143924, available:61823
03-06 09:27:49.798 22026 22340 D GStreamer+qtdemux: 0:02:46.881578738 0xdd2dbaf0 qtdemux.c:5700:gst_qtdemux_chain:<qtdemux1> pushing in inbuf 0xdc979bc0, neededbytes:143924, available:65919
03-06 09:27:49.798 22026 22340 D GStreamer+qtdemux: 0:02:46.881691186 0xdd2dbaf0 qtdemux.c:5700:gst_qtdemux_chain:<qtdemux1> pushing in inbuf 0xdcbff5d0, neededbytes:143924, available:70015
03-06 09:27:49.798 22026 22340 D GStreamer+qtdemux: 0:02:46.881805457 0xdd2dbaf0 qtdemux.c:5700:gst_qtdemux_chain:<qtdemux1> pushing in inbuf 0xdcc59948, neededbytes:143924, available:74111
03-06 09:27:49.798 22026 22340 D GStreamer+qtdemux: 0:02:46.881922696 0xdd2dbaf0 qtdemux.c:5700:gst_qtdemux_chain:<qtdemux1> pushing in inbuf 0xdcc3f1f8, neededbytes:143924, available:78207
03-06 09:27:49.798 22026 22340 D GStreamer+qtdemux: 0:02:46.882036863 0xdd2dbaf0 qtdemux.c:5700:gst_qtdemux_chain:<qtdemux1> pushing in inbuf 0xdc9a6bd8, neededbytes:143924, available:82303
