03-06 09:27:49.284 22026 22340 D GStreamer+qtdemux: 0:02:46.367871603 0xdd2dbaf0 qtdemux.c:5700:gst_qtdemux_chain:<qtdemux1> pushing in inbuf 0xdcbff990, neededbytes:144149, available:61280
03-06 09:27:49.284 22026 22340 D GStreamer+qtdemux: 0:02:46.367974884 0xdd2dbaf0 qtdemux.c:5700:gst_qtdemux_chain:<qtdemux1> pushing in inbuf 0xdc9a68b8, neededbytes:144149, available:65376
03-06 09:27:49.284 22026 22340 D GStreamer+qtdemux: 0:02:46.368076811 0xdd2dbaf0 qtdemux.c:5700:gst_qtdemux_chain:<qtdemux1> pushing in inbuf 0xdcc59660, neededbytes:144149, available:69472
03-06 09:27:49.284 22026 22340 D GStreamer+qtdemux: 0:02:46.368181967 0xdd2dbaf0 qtdemux.c:5700:gst_qtdemux_chain:<qtdemux1> pushing in inbuf 0xdd15c818, neededbytes:144149, available:73568
03-06 09:27:49.284 22026 22340 D GStreamer+qtdemux: 0:02:46.368316082 0xdd2dbaf0 qtdemux.c:5700:gst_qtdemux_chain:<qtdemux1> pushing in inbuf 0xdca79dd0, neededbytes:144149, available:77664
03-06 09:27:49.284 22026 22340 D GStreamer+qtdemux: 0:02:46.368449103 0xdd2dbaf0 qtdemux.c:5700:gst_qtdemux_chain:<qtdemux1> pushing in inbuf 0xdca79b50, neededbytes:144149, available:81760
03-06 09:27:49.285 22026 22340 D GStreamer+qtdemux: 0:02:46.368545405 0xdd2dbaf0 qtdemux.c:5700:gst_qtdemux_chain:<qtdemux1> pushing in inbuf 0xdcbffad0, neededbytes:144149, available:85856
03-06 09:27:49.285 22026 22340 D GStreamer+qtdemux: 0:02:46.368652905 0xdd2dbaf0 qtdemux.c:5700:gst_qtdemux_chain:<qtdemux1> pushing in inbuf 0xdcc59700, neededbytes:144149, available:89952
03-06 09:27:49.285 22026 22340 D GStreamer+qtdemux: 0:02:46.368757228 0xdd2dbaf0 qtdemux.c:5700:gst_qtdemux_chain:<qtdemux1> pushing in inbuf 0xdcc510c8, neededbytes:144149, available:94048
03-06 09:27:49.285 22026 22340 D GStreamer+qtdemux: 0:02:46.368862853 0xdd2dbaf0 qtdemux.c:5700:gst_qtdemux_chain:<qtdemux1> pushing in inbuf 0xdd6cd350, neededbytes:144149, available:98144
03-06 09:27:49.285 22026 22340 D GStreamer+qtdemux: 0:02:46.368974155 0xdd2dbaf0 qtdemux.c:5700:gst_qtdemux_chain:<qtdemux1> pushing in inbuf 0xdccf32a0, neededbytes:144149, available:102240
03-06 09:27:49.285 22026 22340 D GStreamer+qtdemux: 0:02:46.369067801 0xdd2dbaf0 qtdemux.c:5700:gst_qtdemux_chain:<qtdemux1> pushing in inbuf 0xdc9a6b38, neededbytes:144149, available:106336
03-06 09:27:49.285 22026 22340 D GStreamer+qtdemux: 0:02:46.369167124 0xdd2dbaf0 qtdemux.c:5700:gst_qtdemux_chain:<qtdemux1> pushing in inbuf 0xdcbfe340, neededbytes:144149, available:110432
03-06 09:27:49.285 22026 22340 D GStreamer+qtdemux: 0:02:46.369268999 0xdd2dbaf0 qtdemux.c:5700:gst_qtdemux_chain:<qtdemux1> pushing in inbuf 0xdcbfe520, neededbytes:144149, available:114528
03-06 09:27:49.285 22026 22340 D GStreamer+qtdemux: 0:02:46.369371707 0xdd2dbaf0 qtdemux.c:5700:gst_qtdemux_chain:<qtdemux1> pushing in inbuf 0xdccff408, neededbytes:144149, available:118624
03-06 09:27:49.285 22026 22340 D GStreamer+qtdemux: 0:02:46.369473947 0xdd2dbaf0 qtdemux.c:5700:gst_qtdemux_chain:<qtdemux1> pushing in inbuf 0xdc9a5a88, neededbytes:144149, available:122720
03-06 09:27:49.286 22026 22340 D GStreamer+qtdemux: 0:02:46.369581967 0xdd2dbaf0 qtdemux.c:5700:gst_qtdemux_chain:<qtdemux1> pushing in inbuf 0xdc9a5ee8, neededbytes:144149, available:126816
03-06 09:27:49.286 22026 22340 D GStreamer+qtdemux: 0:02:46.369694780 0xdd2dbaf0 qtdemux.c:5700:gst_qtdemux_chain:<qtdemux1> pushing in inbuf 0xdc9792e0, neededbytes:144149, available:130912
03-06 09:27:49.286 22026 22340 D GStreamer+qtdemux: 0:02:46.369811134 0xdd2dbaf0 qtdemux.c:5700:gst_qtdemux_chain:<qtdemux1> pushing in inbuf 0xdcbff0d0, neededbytes:144149, available:135008
03-06 09:27:49.286 22026 22340 D GStreamer+qtdemux: 0:02:46.369918113 0xdd2dbaf0 qtdemux.c:5700:gst_qtdemux_chain:<qtdemux1> pushing in inbuf 0xdcbff2b0, neededbytes:144149, available:139104
03-06 09:27:49.286 22026 22340 D GStreamer+qtdemux: 0:02:46.370025405 0xdd2dbaf0 qtdemux.c:5700:gst_qtdemux_chain:<qtdemux1> pushing in inbuf 0xdcc3f658, neededbytes:144149, available:143200
03-06 09:27:49.286 22026 22340 D GStreamer+qtdemux: 0:02:46.370126603 0xdd2dbaf0 qtdemux.c:5700:gst_qtdemux_chain:<qtdemux1> pushing in inbuf 0xdc9a5808, neededbytes:144149, available:147296
03-06 09:27:49.286 22026 22340 D GStreamer+qtdemux: 0:02:46.370212957 0xdd2dbaf0 qtdemux.c:5720:gst_qtdemux_process_adapter:<qtdemux1> state:2 , demux->neededbytes:144149, demux->offset:33894600
03-06 09:27:49.286 22026 22340 D GStreamer+qtdemux: 0:02:46.370290457 0xdd2dbaf0 qtdemux.c:6067:gst_qtdemux_process_adapter:<qtdemux1> BEGIN // in MOVIE for offset 33894600
03-06 09:27:49.286 22026 22340 V GStreamer+qtdemux: 0:02:46.370373061 0xdd2dbaf0 qtdemux.c:6145:gst_qtdemux_process_adapter:<qtdemux1> Checking stream 0 (sample_index:234 / offset:33894600 / size:144149)
03-06 09:27:49.286 22026 22340 D GStreamer+qtdemux: 0:02:46.370451447 0xdd2dbaf0 qtdemux.c:6163:gst_qtdemux_process_adapter:<qtdemux1> stream : avc1
03-06 09:27:49.287 22026 22340 V GStreamer+qtdemux: 0:02:46.370972905 0xdd2dbaf0 qtdemux.c:4961:gst_qtdemux_decorate_and_push_buffer:<qtdemux1> Pushing buffer with dts 0:00:04.608600000, pts 0:00:04.608600000, duration 0:00:00.019400000 on pad video_0
03-06 09:27:49.287 22026 22340 V GStreamer+qtdemux: 0:02:46.371098894 0xdd2dbaf0 qtdemux.c:4633:gst_qtdemux_combine_flows:<qtdemux1> flow return: ok
03-06 09:27:49.287 22026 22340 V GStreamer+qtdemux: 0:02:46.371177384 0xdd2dbaf0 qtdemux.c:4641:gst_qtdemux_combine_flows:<qtdemux1> combined flow return: ok
03-06 09:27:49.287 22026 22340 V GStreamer+qtdemux: 0:02:46.371261551 0xdd2dbaf0 qtdemux.c:6219:gst_qtdemux_process_adapter:<qtdemux1> increasing offset 33894600 by 144149
03-06 09:27:49.287 22026 22340 V GStreamer+qtdemux: 0:02:46.371338217 0xdd2dbaf0 qtdemux.c:6222:gst_qtdemux_process_adapter:<qtdemux1> offset is now 34038749
03-06 09:27:49.287 22026 22340 V GStreamer+qtdemux: 0:02:46.371414832 0xdd2dbaf0 qtdemux.c:5472:next_entry_size:<qtdemux1> Finding entry at offset 34038749
03-06 09:27:49.287 22026 22340 V GStreamer+qtdemux: 0:02:46.371494832 0xdd2dbaf0 qtdemux.c:7663:qtdemux_parse_samples:<qtdemux1> parsing samples for stream fourcc avc1, pad video_0
03-06 09:27:49.288 22026 22340 D GStreamer+qtdemux: 0:02:46.371570926 0xdd2dbaf0 qtdemux.c:7674:qtdemux_parse_samples:<qtdemux1> parsing up to sample 235
03-06 09:27:49.288 22026 22340 V GStreamer+qtdemux: 0:02:46.371649311 0xdd2dbaf0 qtdemux.c:7700:qtdemux_parse_samples:<qtdemux1> sample 235 has size 144387
03-06 09:27:49.288 22026 22340 V GStreamer+qtdemux: 0:02:46.371732280 0xdd2dbaf0 qtdemux.c:7824:qtdemux_parse_samples:<qtdemux1> creating entry 235 with offset 34038749 and size 144387
03-06 09:27:49.288 22026 22340 D GStreamer+qtdemux: 0:02:46.371820769 0xdd2dbaf0 qtdemux.c:7881:qtdemux_parse_samples:<qtdemux1> sample 235: index 3, timestamp 0:00:04.628000000
03-06 09:27:49.288 22026 22340 D GStreamer+qtdemux: 0:02:46.371894624 0xdd2dbaf0 qtdemux.c:7936:qtdemux_parse_samples:<qtdemux1> samples at 235 is keyframe
03-06 09:27:49.288 22026 22340 V GStreamer+qtdemux: 0:02:46.371979207 0xdd2dbaf0 qtdemux.c:5498:next_entry_size:<qtdemux1> Checking Stream 0 (sample_index:235 / offset:34038749 / size:144387)
03-06 09:27:49.288 22026 22340 V GStreamer+qtdemux: 0:02:46.372060405 0xdd2dbaf0 qtdemux.c:5509:next_entry_size:<qtdemux1> stream 0 offset 34038749 demux->offset :34038749
03-06 09:27:49.288 22026 22340 D GStreamer+qtdemux: 0:02:46.372172957 0xdd2dbaf0 qtdemux.c:5700:gst_qtdemux_chain:<qtdemux1> pushing in inbuf 0xdc9794c0, neededbytes:144387, available:7243
03-06 09:27:49.288 22026 22340 D GStreamer+qtdemux: 0:02:46.372282072 0xdd2dbaf0 qtdemux.c:5700:gst_qtdemux_chain:<qtdemux1> pushing in inbuf 0xdccff8f0, neededbytes:144387, available:11339
03-06 09:27:49.288 22026 22340 D GStreamer+qtdemux: 0:02:46.372391551 0xdd2dbaf0 qtdemux.c:5700:gst_qtdemux_chain:<qtdemux1> pushing in inbuf 0xdccfe498, neededbytes:144387, available:15435
03-06 09:27:49.289 22026 22340 D GStreamer+qtdemux: 0:02:46.372495874 0xdd2dbaf0 qtdemux.c:5700:gst_qtdemux_chain:<qtdemux1> pushing in inbuf 0xdccffe90, neededbytes:144387, available:19531
03-06 09:27:49.289 22026 22340 D GStreamer+qtdemux: 0:02:46.372602644 0xdd2dbaf0 qtdemux.c:5700:gst_qtdemux_chain:<qtdemux1> pushing in inbuf 0xdcc59e48, neededbytes:144387, available:23627
03-06 09:27:49.289 22026 22340 D GStreamer+qtdemux: 0:02:46.372715613 0xdd2dbaf0 qtdemux.c:5700:gst_qtdemux_chain:<qtdemux1> pushing in inbuf 0xdcc51c80, neededbytes:144387, available:27723
03-06 09:27:49.289 22026 22340 D GStreamer+qtdemux: 0:02:46.372826811 0xdd2dbaf0 qtdemux.c:5700:gst_qtdemux_chain:<qtdemux1> pushing in inbuf 0xdc977b48, neededbytes:144387, available:31819
03-06 09:27:49.289 22026 22340 D GStreamer+qtdemux: 0:02:46.372943582 0xdd2dbaf0 qtdemux.c:5700:gst_qtdemux_chain:<qtdemux1> pushing in inbuf 0xdc9a59e8, neededbytes:144387, available:35915
03-06 09:27:49.289 22026 22340 D GStreamer+qtdemux: 0:02:46.373053894 0xdd2dbaf0 qtdemux.c:5700:gst_qtdemux_chain:<qtdemux1> pushing in inbuf 0xdcc3e5a8, neededbytes:144387, available:40011
03-06 09:27:49.289 22026 22340 D GStreamer+qtdemux: 0:02:46.373160613 0xdd2dbaf0 qtdemux.c:5700:gst_qtdemux_chain:<qtdemux1> pushing in inbuf 0xdcc3e810, neededbytes:144387, available:44107
03-06 09:27:49.289 22026 22340 D GStreamer+qtdemux: 0:02:46.373267957 0xdd2dbaf0 qtdemux.c:5700:gst_qtdemux_chain:<qtdemux1> pushing in inbuf 0xdd6cd030, neededbytes:144387, available:48203
03-06 09:27:49.289 22026 22340 D GStreamer+qtdemux: 0:02:46.373377176 0xdd2dbaf0 qtdemux.c:5700:gst_qtdemux_chain:<qtdemux1> pushing in inbuf 0xdccfec00, neededbytes:144387, available:52299
03-06 09:27:49.289 22026 22340 D GStreamer+qtdemux: 0:02:46.373483374 0xdd2dbaf0 qtdemux.c:5700:gst_qtdemux_chain:<qtdemux1> pushing in inbuf 0xdcc3f018, neededbytes:144387, available:56395
03-06 09:27:49.290 22026 22340 D GStreamer+qtdemux: 0:02:46.373590197 0xdd2dbaf0 qtdemux.c:5700:gst_qtdemux_chain:<qtdemux1> pushing in inbuf 0xdcbff030, neededbytes:144387, available:60491
03-06 09:27:49.290 22026 22340 D GStreamer+qtdemux: 0:02:46.373699676 0xdd2dbaf0 qtdemux.c:5700:gst_qtdemux_chain:<qtdemux1> pushing in inbuf 0xdd6cd2b0, neededbytes:144387, available:64587
03-06 09:27:49.290 22026 22340 D GStreamer+qtdemux: 0:02:46.373801082 0xdd2dbaf0 qtdemux.c:5700:gst_qtdemux_chain:<qtdemux1> pushing in inbuf 0xdc9a5500, neededbytes:144387, available:68683
03-06 09:27:49.290 22026 22340 D GStreamer+qtdemux: 0:02:46.373908322 0xdd2dbaf0 qtdemux.c:5700:gst_qtdemux_chain:<qtdemux1> pushing in inbuf 0xdc979800, neededbytes:144387, available:72779
03-06 09:27:49.290 22026 22340 D GStreamer+qtdemux: 0:02:46.374008790 0xdd2dbaf0 qtdemux.c:5700:gst_qtdemux_chain:<qtdemux1> pushing in inbuf 0xdcc59a88, neededbytes:144387, available:76875
03-06 09:27:49.290 22026 22340 D GStreamer+qtdemux: 0:02:46.374109207 0xdd2dbaf0 qtdemux.c:5700:gst_qtdemux_chain:<qtdemux1> pushing in inbuf 0xdccff850, neededbytes:144387, available:80971
03-06 09:27:49.290 22026 22340 D GStreamer+qtdemux: 0:02:46.374209207 0xdd2dbaf0 qtdemux.c:5700:gst_qtdemux_chain:<qtdemux1> pushing in inbuf 0xdcc59020, neededbytes:144387, available:85067
03-06 09:27:49.290 22026 22340 D GStreamer+qtdemux: 0:02:46.374310613 0xdd2dbaf0 qtdemux.c:5700:gst_qtdemux_chain:<qtdemux1> pushing in inbuf 0xdccfe538, neededbytes:144387, available:89163
03-06 09:27:49.290 22026 22340 D GStreamer+qtdemux: 0:02:46.374410457 0xdd2dbaf0 qtdemux.c:5700:gst_qtdemux_chain:<qtdemux1> pushing in inbuf 0xdcbfe480, neededbytes:144387, available:93259
03-06 09:27:49.291 22026 22340 D GStreamer+qtdemux: 0:02:46.374513999 0xdd2dbaf0 qtdemux.c:5700:gst_qtdemux_chain:<qtdemux1> pushing in inbuf 0xdcc51b40, neededbytes:144387, available:97355
03-06 09:27:49.291 22026 22340 D GStreamer+qtdemux: 0:02:46.374615092 0xdd2dbaf0 qtdemux.c:5700:gst_qtdemux_chain:<qtdemux1> pushing in inbuf 0xdcbff490, neededbytes:144387, available:101451
03-06 09:27:49.291 22026 22340 D GStreamer+qtdemux: 0:02:46.374728999 0xdd2dbaf0 qtdemux.c:5700:gst_qtdemux_chain:<qtdemux1> pushing in inbuf 0xdccf3aa8, neededbytes:144387, available:105547
03-06 09:27:49.291 22026 22340 D GStreamer+qtdemux: 0:02:46.374835457 0xdd2dbaf0 qtdemux.c:5700:gst_qtdemux_chain:<qtdemux1> pushing in inbuf 0xdcc592a0, neededbytes:144387, available:109643
03-06 09:27:49.291 22026 22340 D GStreamer+qtdemux: 0:02:46.374933061 0xdd2dbaf0 qtdemux.c:5700:gst_qtdemux_chain:<qtdemux1> pushing in inbuf 0xdc9a5da8, neededbytes:144387, available:113739
03-06 09:27:49.291 22026 22340 D GStreamer+qtdemux: 0:02:46.375065769 0xdd2dbaf0 qtdemux.c:5700:gst_qtdemux_chain:<qtdemux1> pushing in inbuf 0xdc9a6d18, neededbytes:144387, available:117835
03-06 09:27:49.291 22026 22340 D GStreamer+qtdemux: 0:02:46.375172644 0xdd2dbaf0 qtdemux.c:5700:gst_qtdemux_chain:<qtdemux1> pushing in inbuf 0xdc978a28, neededbytes:144387, available:121931
03-06 09:27:49.291 22026 22340 D GStreamer+qtdemux: 0:02:46.375293113 0xdd2dbaf0 qtdemux.c:5700:gst_qtdemux_chain:<qtdemux1> pushing in inbuf 0xdc9a6650, neededbytes:144387, available:126027
03-06 09:27:49.291 22026 22340 D GStreamer+qtdemux: 0:02:46.375409832 0xdd2dbaf0 qtdemux.c:5700:gst_qtdemux_chain:<qtdemux1> pushing in inbuf 0xdcc59ee8, neededbytes:144387, available:130123
03-06 09:27:49.292 22026 22340 D GStreamer+qtdemux: 0:02:46.375527749 0xdd2dbaf0 qtdemux.c:5700:gst_qtdemux_chain:<qtdemux1> pushing in inbuf 0xdcc51d20, neededbytes:144387, available:134219
03-06 09:27:49.292 22026 22340 D GStreamer+qtdemux: 0:02:46.375636290 0xdd2dbaf0 qtdemux.c:5700:gst_qtdemux_chain:<qtdemux1> pushing in inbuf 0xdccfe0d8, neededbytes:144387, available:138315
03-06 09:27:49.292 22026 22340 D GStreamer+qtdemux: 0:02:46.375745978 0xdd2dbaf0 qtdemux.c:5700:gst_qtdemux_chain:<qtdemux1> pushing in inbuf 0xdccff728, neededbytes:144387, available:142411
03-06 09:27:49.292 22026 22340 D GStreamer+qtdemux: 0:02:46.375875457 0xdd2dbaf0 qtdemux.c:5700:gst_qtdemux_chain:<qtdemux1> pushing in inbuf 0xdccf3700, neededbytes:144387, available:146507
03-06 09:27:49.292 22026 22340 D GStreamer+qtdemux: 0:02:46.375965197 0xdd2dbaf0 qtdemux.c:5720:gst_qtdemux_process_adapter:<qtdemux1> state:2 , demux->neededbytes:144387, demux->offset:34038749
03-06 09:27:49.292 22026 22340 D GStreamer+qtdemux: 0:02:46.376049936 0xdd2dbaf0 qtdemux.c:6067:gst_qtdemux_process_adapter:<qtdemux1> BEGIN // in MOVIE for offset 34038749
03-06 09:27:49.292 22026 22340 V GStreamer+qtdemux: 0:02:46.376143269 0xdd2dbaf0 qtdemux.c:6145:gst_qtdemux_process_adapter:<qtdemux1> Checking stream 0 (sample_index:235 / offset:34038749 / size:144387)
03-06 09:27:49.292 22026 22340 D GStreamer+qtdemux: 0:02:46.376227436 0xdd2dbaf0 qtdemux.c:6163:gst_qtdemux_process_adapter:<qtdemux1> stream : avc1
03-06 09:27:49.293 22026 22340 V GStreamer+qtdemux: 0:02:46.376713269 0xdd2dbaf0 qtdemux.c:4961:gst_qtdemux_decorate_and_push_buffer:<qtdemux1> Pushing buffer with dts 0:00:04.628000000, pts 0:00:04.628000000, duration 0:00:00.019400000 on pad video_0
03-06 09:27:49.301 22026 22232 V GStreamer+qtdemux: 0:02:46.385079884 0xdd2db980 qtdemux.c:810:gst_qtdemux_handle_src_query:<qtdemux1:video_0> position query
03-06 09:27:49.302 22026 22340 V GStreamer+qtdemux: 0:02:46.386032488 0xdd2dbaf0 qtdemux.c:4633:gst_qtdemux_combine_flows:<qtdemux1> flow return: ok
03-06 09:27:49.302 22026 22340 V GStreamer+qtdemux: 0:02:46.386137592 0xdd2dbaf0 qtdemux.c:4641:gst_qtdemux_combine_flows:<qtdemux1> combined flow return: ok
03-06 09:27:49.302 22026 22340 V GStreamer+qtdemux: 0:02:46.386221134 0xdd2dbaf0 qtdemux.c:6219:gst_qtdemux_process_adapter:<qtdemux1> increasing offset 34038749 by 144387
03-06 09:27:49.302 22026 22342 I GStreamer+baseparse: 0:02:46.386464624 0xd73ffa90 gstbaseparse.c:3945:gst_base_parse_set_latency:<h264parse1> min/max latency 0:00:00.019480519, 0:00:00.019480519
03-06 09:27:49.303 22026 22340 V GStreamer+qtdemux: 0:02:46.386299363 0xdd2dbaf0 qtdemux.c:6222:gst_qtdemux_process_adapter:<qtdemux1> offset is now 34183136
03-06 09:27:49.303 22026 22340 V GStreamer+qtdemux: 0:02:46.386613686 0xdd2dbaf0 qtdemux.c:5472:next_entry_size:<qtdemux1> Finding entry at offset 34183136
03-06 09:27:49.303 22026 22340 V GStreamer+qtdemux: 0:02:46.386720092 0xdd2dbaf0 qtdemux.c:7663:qtdemux_parse_samples:<qtdemux1> parsing samples for stream fourcc avc1, pad video_0
03-06 09:27:49.303 22026 22340 D GStreamer+qtdemux: 0:02:46.386837644 0xdd2dbaf0 qtdemux.c:7674:qtdemux_parse_samples:<qtdemux1> parsing up to sample 236
03-06 09:27:49.303 22026 22340 V GStreamer+qtdemux: 0:02:46.386939155 0xdd2dbaf0 qtdemux.c:7700:qtdemux_parse_samples:<qtdemux1> sample 236 has size 144357
03-06 09:27:49.303 22026 22340 V GStreamer+qtdemux: 0:02:46.387045613 0xdd2dbaf0 qtdemux.c:7824:qtdemux_parse_samples:<qtdemux1> creating entry 236 with offset 34183136 and size 144357
03-06 09:27:49.303 22026 22340 V GStreamer+qtdemux: 0:02:46.387151290 0xdd2dbaf0 qtdemux.c:7868:qtdemux_parse_samples:<qtdemux1> block 0, 1 timestamps, duration 98
03-06 09:27:49.303 22026 22340 D GStreamer+qtdemux: 0:02:46.387275353 0xdd2dbaf0 qtdemux.c:7881:qtdemux_parse_samples:<qtdemux1> sample 236: index 0, timestamp 0:00:04.647400000
03-06 09:27:49.303 22026 22340 D GStreamer+qtdemux: 0:02:46.387383738 0xdd2dbaf0 qtdemux.c:7936:qtdemux_parse_samples:<qtdemux1> samples at 236 is keyframe
03-06 09:27:49.304 22026 22340 V GStreamer+qtdemux: 0:02:46.387497332 0xdd2dbaf0 qtdemux.c:5498:next_entry_size:<qtdemux1> Checking Stream 0 (sample_index:236 / offset:34183136 / size:144357)
03-06 09:27:49.304 22026 22340 V GStreamer+qtdemux: 0:02:46.387670874 0xdd2dbaf0 qtdemux.c:5509:next_entry_size:<qtdemux1> stream 0 offset 34183136 demux->offset :34183136
03-06 09:27:49.304 22026 22340 D GStreamer+qtdemux: 0:02:46.387855561 0xdd2dbaf0 qtdemux.c:5700:gst_qtdemux_chain:<qtdemux1> pushing in inbuf 0xdd6cd3f0, neededbytes:144357, available:6216
03-06 09:27:49.304 22026 22340 D GStreamer+qtdemux: 0:02:46.388019728 0xdd2dbaf0 qtdemux.c:5700:gst_qtdemux_chain:<qtdemux1> pushing in inbuf 0xdcc3fdc0, neededbytes:144357, available:10312
03-06 09:27:49.304 22026 22340 D GStreamer+qtdemux: 0:02:46.388167801 0xdd2dbaf0 qtdemux.c:5700:gst_qtdemux_chain:<qtdemux1> pushing in inbuf 0xdcc3f298, neededbytes:144357, available:14408
03-06 09:27:49.304 22026 22340 D GStreamer+qtdemux: 0:02:46.388317228 0xdd2dbaf0 qtdemux.c:5700:gst_qtdemux_chain:<qtdemux1> pushing in inbuf 0xdca79028, neededbytes:144357, available:18504
03-06 09:27:49.304 22026 22340 D GStreamer+qtdemux: 0:02:46.388466238 0xdd2dbaf0 qtdemux.c:5700:gst_qtdemux_chain:<qtdemux1> pushing in inbuf 0xdcc3f0b8, neededbytes:144357, available:22600
03-06 09:27:49.305 22026 22340 D GStreamer+qtdemux: 0:02:46.388653322 0xdd2dbaf0 qtdemux.c:5700:gst_qtdemux_chain:<qtdemux1> pushing in inbuf 0xdcc51820, neededbytes:144357, available:26696
03-06 09:27:49.305 22026 22340 D GStreamer+qtdemux: 0:02:46.388813738 0xdd2dbaf0 qtdemux.c:5700:gst_qtdemux_chain:<qtdemux1> pushing in inbuf 0xdcbff350, neededbytes:144357, available:30792
03-06 09:27:49.305 22026 22340 D GStreamer+qtdemux: 0:02:46.388959519 0xdd2dbaf0 qtdemux.c:5700:gst_qtdemux_chain:<qtdemux1> pushing in inbuf 0xdd6cd210, neededbytes:144357, available:34888
03-06 09:27:49.305 22026 22340 D GStreamer+qtdemux: 0:02:46.389109155 0xdd2dbaf0 qtdemux.c:5700:gst_qtdemux_chain:<qtdemux1> pushing in inbuf 0xdc978b68, neededbytes:144357, available:38984
03-06 09:27:49.305 22026 22340 D GStreamer+qtdemux: 0:02:46.389264624 0xdd2dbaf0 qtdemux.c:5700:gst_qtdemux_chain:<qtdemux1> pushing in inbuf 0xdcbfe700, neededbytes:144357, available:43080
03-06 09:27:49.305 22026 22340 D GStreamer+qtdemux: 0:02:46.389409988 0xdd2dbaf0 qtdemux.c:5700:gst_qtdemux_chain:<qtdemux1> pushing in inbuf 0xdcbff8f0, neededbytes:144357, available:47176
03-06 09:27:49.306 22026 22340 D GStreamer+qtdemux: 0:02:46.389559936 0xdd2dbaf0 qtdemux.c:5700:gst_qtdemux_chain:<qtdemux1> pushing in inbuf 0xdccf3e68, neededbytes:144357, available:51272
03-06 09:27:49.306 22026 22340 D GStreamer+qtdemux: 0:02:46.389706499 0xdd2dbaf0 qtdemux.c:5700:gst_qtdemux_chain:<qtdemux1> pushing in inbuf 0xdc9a69f8, neededbytes:144357, available:55368
03-06 09:27:49.306 22026 22340 D GStreamer+qtdemux: 0:02:46.389839311 0xdd2dbaf0 qtdemux.c:5700:gst_qtdemux_chain:<qtdemux1> pushing in inbuf 0xdccf35c0, neededbytes:144357, available:59464
03-06 09:27:49.306 22026 22340 D GStreamer+qtdemux: 0:02:46.389982697 0xdd2dbaf0 qtdemux.c:5700:gst_qtdemux_chain:<qtdemux1> pushing in inbuf 0xdcc3e468, neededbytes:144357, available:63560
03-06 09:27:49.306 22026 22340 D GStreamer+qtdemux: 0:02:46.390116967 0xdd2dbaf0 qtdemux.c:5700:gst_qtdemux_chain:<qtdemux1> pushing in inbuf 0xdd6cd5d0, neededbytes:144357, available:67656
03-06 09:27:49.306 22026 22340 D GStreamer+qtdemux: 0:02:46.390253217 0xdd2dbaf0 qtdemux.c:5700:gst_qtdemux_chain:<qtdemux1> pushing in inbuf 0xdcbfee68, neededbytes:144357, available:71752
03-06 09:27:49.306 22026 22340 D GStreamer+qtdemux: 0:02:46.390372853 0xdd2dbaf0 qtdemux.c:5700:gst_qtdemux_chain:<qtdemux1> pushing in inbuf 0xdc979420, neededbytes:144357, available:75848
03-06 09:27:49.306 22026 22340 D GStreamer+qtdemux: 0:02:46.390490457 0xdd2dbaf0 qtdemux.c:5700:gst_qtdemux_chain:<qtdemux1> pushing in inbuf 0xdccf3c88, neededbytes:144357, available:79944
03-06 09:27:49.307 22026 22340 D GStreamer+qtdemux: 0:02:46.390607488 0xdd2dbaf0 qtdemux.c:5700:gst_qtdemux_chain:<qtdemux1> pushing in inbuf 0xdd15cb38, neededbytes:144357, available:84040
03-06 09:27:49.307 22026 22340 D GStreamer+qtdemux: 0:02:46.390731030 0xdd2dbaf0 qtdemux.c:5700:gst_qtdemux_chain:<qtdemux1> pushing in inbuf 0xdc978d48, neededbytes:144357, available:88136
03-06 09:27:49.307 22026 22340 D GStreamer+qtdemux: 0:02:46.390860769 0xdd2dbaf0 qtdemux.c:5700:gst_qtdemux_chain:<qtdemux1> pushing in inbuf 0xdcc3e3c8, neededbytes:144357, available:92232
03-06 09:27:49.307 22026 22340 D GStreamer+qtdemux: 0:02:46.390988322 0xdd2dbaf0 qtdemux.c:5700:gst_qtdemux_chain:<qtdemux1> pushing in inbuf 0xdcc51168, neededbytes:144357, available:96328
03-06 09:27:49.307 22026 22340 D GStreamer+qtdemux: 0:02:46.391114519 0xdd2dbaf0 qtdemux.c:5700:gst_qtdemux_chain:<qtdemux1> pushing in inbuf 0xdcc51be0, neededbytes:144357, available:100424
03-06 09:27:49.307 22026 22340 D GStreamer+qtdemux: 0:02:46.391245301 0xdd2dbaf0 qtdemux.c:5700:gst_qtdemux_chain:<qtdemux1> pushing in inbuf 0xdcc59808, neededbytes:144357, available:104520
03-06 09:27:49.307 22026 22340 D GStreamer+qtdemux: 0:02:46.391390561 0xdd2dbaf0 qtdemux.c:5700:gst_qtdemux_chain:<qtdemux1> pushing in inbuf 0xdca79970, neededbytes:144357, available:108616
03-06 09:27:49.308 22026 22340 D GStreamer+qtdemux: 0:02:46.391516447 0xdd2dbaf0 qtdemux.c:5700:gst_qtdemux_chain:<qtdemux1> pushing in inbuf 0xdccf3dc8, neededbytes:144357, available:112712
03-06 09:27:49.308 22026 22340 D GStreamer+qtdemux: 0:02:46.391643894 0xdd2dbaf0 qtdemux.c:5700:gst_qtdemux_chain:<qtdemux1> pushing in inbuf 0xdc9a63d0, neededbytes:144357, available:116808
03-06 09:27:49.308 22026 22340 D GStreamer+qtdemux: 0:02:46.391770613 0xdd2dbaf0 qtdemux.c:5700:gst_qtdemux_chain:<qtdemux1> pushing in inbuf 0xdc9a6330, neededbytes:144357, available:120904
03-06 09:27:49.308 22026 22340 D GStreamer+qtdemux: 0:02:46.391890092 0xdd2dbaf0 qtdemux.c:5700:gst_qtdemux_chain:<qtdemux1> pushing in inbuf 0xdcbffdf0, neededbytes:144357, available:125000
03-06 09:27:49.308 22026 22340 D GStreamer+qtdemux: 0:02:46.392015561 0xdd2dbaf0 qtdemux.c:5700:gst_qtdemux_chain:<qtdemux1> pushing in inbuf 0xdcc3e950, neededbytes:144357, available:129096
03-06 09:27:49.308 22026 22340 D GStreamer+qtdemux: 0:02:46.392140717 0xdd2dbaf0 qtdemux.c:5700:gst_qtdemux_chain:<qtdemux1> pushing in inbuf 0xdcbffe90, neededbytes:144357, available:133192
03-06 09:27:49.308 22026 22340 D GStreamer+qtdemux: 0:02:46.392273426 0xdd2dbaf0 qtdemux.c:5700:gst_qtdemux_chain:<qtdemux1> pushing in inbuf 0xdcc3e648, neededbytes:144357, available:137288
03-06 09:27:49.308 22026 22340 D GStreamer+qtdemux: 0:02:46.392401603 0xdd2dbaf0 qtdemux.c:5700:gst_qtdemux_chain:<qtdemux1> pushing in inbuf 0xdccffad0, neededbytes:144357, available:141384
03-06 09:27:49.309 22026 22340 D GStreamer+qtdemux: 0:02:46.392527592 0xdd2dbaf0 qtdemux.c:5700:gst_qtdemux_chain:<qtdemux1> pushing in inbuf 0xdc9a6290, neededbytes:144357, available:145480
03-06 09:27:49.309 22026 22340 D GStreamer+qtdemux: 0:02:46.392648009 0xdd2dbaf0 qtdemux.c:5720:gst_qtdemux_process_adapter:<qtdemux1> state:2 , demux->neededbytes:144357, demux->offset:34183136
03-06 09:27:49.309 22026 22340 D GStreamer+qtdemux: 0:02:46.392755405 0xdd2dbaf0 qtdemux.c:6067:gst_qtdemux_process_adapter:<qtdemux1> BEGIN // in MOVIE for offset 34183136
03-06 09:27:49.309 22026 22340 V GStreamer+qtdemux: 0:02:46.392870613 0xdd2dbaf0 qtdemux.c:6145:gst_qtdemux_process_adapter:<qtdemux1> Checking stream 0 (sample_index:236 / offset:34183136 / size:144357)
03-06 09:27:49.309 22026 22340 D GStreamer+qtdemux: 0:02:46.392982072 0xdd2dbaf0 qtdemux.c:6163:gst_qtdemux_process_adapter:<qtdemux1> stream : avc1
03-06 09:27:49.310 22026 22340 V GStreamer+qtdemux: 0:02:46.393527644 0xdd2dbaf0 qtdemux.c:4961:gst_qtdemux_decorate_and_push_buffer:<qtdemux1> Pushing buffer with dts 0:00:04.647400000, pts 0:00:04.647400000, duration 0:00:00.019600000 on pad video_0
03-06 09:27:49.320 22026 22232 V GStreamer+qtdemux: 0:02:46.404139624 0xdd2db980 qtdemux.c:810:gst_qtdemux_handle_src_query:<qtdemux1:video_0> position query
03-06 09:27:49.340 22026 22232 V GStreamer+qtdemux: 0:02:46.423665457 0xdd2db980 qtdemux.c:810:gst_qtdemux_handle_src_query:<qtdemux1:video_0> position query
03-06 09:27:49.341 22026 22340 V GStreamer+qtdemux: 0:02:46.425218947 0xdd2dbaf0 qtdemux.c:4633:gst_qtdemux_combine_flows:<qtdemux1> flow return: ok
03-06 09:27:49.341 22026 22340 V GStreamer+qtdemux: 0:02:46.425341759 0xdd2dbaf0 qtdemux.c:4641:gst_qtdemux_combine_flows:<qtdemux1> combined flow return: ok
03-06 09:27:49.341 22026 22340 V GStreamer+qtdemux: 0:02:46.425450301 0xdd2dbaf0 qtdemux.c:6219:gst_qtdemux_process_adapter:<qtdemux1> increasing offset 34183136 by 144357
03-06 09:27:49.342 22026 22340 V GStreamer+qtdemux: 0:02:46.425557124 0xdd2dbaf0 qtdemux.c:6222:gst_qtdemux_process_adapter:<qtdemux1> offset is now 34327493
03-06 09:27:49.342 22026 22342 I GStreamer+baseparse: 0:02:46.425594519 0xd73ffa90 gstbaseparse.c:3945:gst_base_parse_set_latency:<h264parse1> min/max latency 0:00:00.019480519, 0:00:00.019480519
03-06 09:27:49.342 22026 22340 V GStreamer+qtdemux: 0:02:46.425664676 0xdd2dbaf0 qtdemux.c:5472:next_entry_size:<qtdemux1> Finding entry at offset 34327493
03-06 09:27:49.342 22026 22340 V GStreamer+qtdemux: 0:02:46.425771551 0xdd2dbaf0 qtdemux.c:7663:qtdemux_parse_samples:<qtdemux1> parsing samples for stream fourcc avc1, pad video_0
03-06 09:27:49.342 22026 22340 D GStreamer+qtdemux: 0:02:46.425870769 0xdd2dbaf0 qtdemux.c:7674:qtdemux_parse_samples:<qtdemux1> parsing up to sample 237
03-06 09:27:49.342 22026 22340 V GStreamer+qtdemux: 0:02:46.425971863 0xdd2dbaf0 qtdemux.c:7700:qtdemux_parse_samples:<qtdemux1> sample 237 has size 144036
03-06 09:27:49.342 22026 22340 V GStreamer+qtdemux: 0:02:46.426076134 0xdd2dbaf0 qtdemux.c:7824:qtdemux_parse_samples:<qtdemux1> creating entry 237 with offset 34327493 and size 144036
03-06 09:27:49.342 22026 22340 V GStreamer+qtdemux: 0:02:46.426179728 0xdd2dbaf0 qtdemux.c:7868:qtdemux_parse_samples:<qtdemux1> block 0, 2 timestamps, duration 97
03-06 09:27:49.342 22026 22340 D GStreamer+qtdemux: 0:02:46.426293790 0xdd2dbaf0 qtdemux.c:7881:qtdemux_parse_samples:<qtdemux1> sample 237: index 0, timestamp 0:00:04.667000000
03-06 09:27:49.342 22026 22340 D GStreamer+qtdemux: 0:02:46.426391082 0xdd2dbaf0 qtdemux.c:7936:qtdemux_parse_samples:<qtdemux1> samples at 237 is keyframe
03-06 09:27:49.343 22026 22340 V GStreamer+qtdemux: 0:02:46.426498947 0xdd2dbaf0 qtdemux.c:5498:next_entry_size:<qtdemux1> Checking Stream 0 (sample_index:237 / offset:34327493 / size:144036)
03-06 09:27:49.343 22026 22340 V GStreamer+qtdemux: 0:02:46.426617280 0xdd2dbaf0 qtdemux.c:5509:next_entry_size:<qtdemux1> stream 0 offset 34327493 demux->offset :34327493
03-06 09:27:49.343 22026 22340 D GStreamer+qtdemux: 0:02:46.426767384 0xdd2dbaf0 qtdemux.c:5700:gst_qtdemux_chain:<qtdemux1> pushing in inbuf 0xdcc3e508, neededbytes:144036, available:5219
03-06 09:27:49.343 22026 22340 D GStreamer+qtdemux: 0:02:46.426909155 0xdd2dbaf0 qtdemux.c:5700:gst_qtdemux_chain:<qtdemux1> pushing in inbuf 0xdcbfe3e0, neededbytes:144036, available:9315
03-06 09:27:49.343 22026 22340 D GStreamer+qtdemux: 0:02:46.427065561 0xdd2dbaf0 qtdemux.c:5700:gst_qtdemux_chain:<qtdemux1> pushing in inbuf 0xdccf3160, neededbytes:144036, available:13411
03-06 09:27:49.343 22026 22340 D GStreamer+qtdemux: 0:02:46.427222332 0xdd2dbaf0 qtdemux.c:5700:gst_qtdemux_chain:<qtdemux1> pushing in inbuf 0xdc978540, neededbytes:144036, available:17507
03-06 09:27:49.343 22026 22342 I GStreamer+baseparse: 0:02:46.427402019 0xd73ffa90 gstbaseparse.c:3945:gst_base_parse_set_latency:<h264parse1> min/max latency 0:00:00.019480519, 0:00:00.019480519
03-06 09:27:49.343 22026 22340 D GStreamer+qtdemux: 0:02:46.427458426 0xdd2dbaf0 qtdemux.c:5700:gst_qtdemux_chain:<qtdemux1> pushing in inbuf 0xdcbfebe8, neededbytes:144036, available:21603
03-06 09:27:49.344 22026 22340 D GStreamer+qtdemux: 0:02:46.427659155 0xdd2dbaf0 qtdemux.c:5700:gst_qtdemux_chain:<qtdemux1> pushing in inbuf 0xdcbff850, neededbytes:144036, available:25699
03-06 09:27:49.344 22026 22340 D GStreamer+qtdemux: 0:02:46.427787124 0xdd2dbaf0 qtdemux.c:5700:gst_qtdemux_chain:<qtdemux1> pushing in inbuf 0xdc979a80, neededbytes:144036, available:29795
03-06 09:27:49.344 22026 22340 D GStreamer+qtdemux: 0:02:46.427924415 0xdd2dbaf0 qtdemux.c:5700:gst_qtdemux_chain:<qtdemux1> pushing in inbuf 0xdcbffcb0, neededbytes:144036, available:33891
03-06 09:27:49.344 22026 22340 D GStreamer+qtdemux: 0:02:46.428065197 0xdd2dbaf0 qtdemux.c:5700:gst_qtdemux_chain:<qtdemux1> pushing in inbuf 0xdd15cef8, neededbytes:144036, available:37987
03-06 09:27:49.344 22026 22340 D GStreamer+qtdemux: 0:02:46.428208634 0xdd2dbaf0 qtdemux.c:5700:gst_qtdemux_chain:<qtdemux1> pushing in inbuf 0xdc979740, neededbytes:144036, available:42083
03-06 09:27:49.344 22026 22340 D GStreamer+qtdemux: 0:02:46.428343478 0xdd2dbaf0 qtdemux.c:5700:gst_qtdemux_chain:<qtdemux1> pushing in inbuf 0xdcc3e0a8, neededbytes:144036, available:46179
03-06 09:27:49.344 22026 22340 D GStreamer+qtdemux: 0:02:46.428483165 0xdd2dbaf0 qtdemux.c:5700:gst_qtdemux_chain:<qtdemux1> pushing in inbuf 0xdcc3f820, neededbytes:144036, available:50275
03-06 09:27:49.345 22026 22340 D GStreamer+qtdemux: 0:02:46.428621499 0xdd2dbaf0 qtdemux.c:5700:gst_qtdemux_chain:<qtdemux1> pushing in inbuf 0xdc9780e0, neededbytes:144036, available:54371
03-06 09:27:49.345 22026 22340 D GStreamer+qtdemux: 0:02:46.428762019 0xdd2dbaf0 qtdemux.c:5700:gst_qtdemux_chain:<qtdemux1> pushing in inbuf 0xdc9a5640, neededbytes:144036, available:58467
03-06 09:27:49.345 22026 22340 D GStreamer+qtdemux: 0:02:46.428891811 0xdd2dbaf0 qtdemux.c:5700:gst_qtdemux_chain:<qtdemux1> pushing in inbuf 0xdca793e8, neededbytes:144036, available:62563
03-06 09:27:49.345 22026 22340 D GStreamer+qtdemux: 0:02:46.429017801 0xdd2dbaf0 qtdemux.c:5700:gst_qtdemux_chain:<qtdemux1> pushing in inbuf 0xdc978de8, neededbytes:144036, available:66659
03-06 09:27:49.345 22026 22340 D GStreamer+qtdemux: 0:02:46.429142592 0xdd2dbaf0 qtdemux.c:5700:gst_qtdemux_chain:<qtdemux1> pushing in inbuf 0xdd15c8b8, neededbytes:144036, available:70755
03-06 09:27:49.345 22026 22340 D GStreamer+qtdemux: 0:02:46.429263165 0xdd2dbaf0 qtdemux.c:5700:gst_qtdemux_chain:<qtdemux1> pushing in inbuf 0xdcbfe8c8, neededbytes:144036, available:74851
03-06 09:27:49.345 22026 22340 D GStreamer+qtdemux: 0:02:46.429382853 0xdd2dbaf0 qtdemux.c:5700:gst_qtdemux_chain:<qtdemux1> pushing in inbuf 0xdca79c90, neededbytes:144036, available:78947
03-06 09:27:49.346 22026 22340 D GStreamer+qtdemux: 0:02:46.429500457 0xdd2dbaf0 qtdemux.c:5700:gst_qtdemux_chain:<qtdemux1> pushing in inbuf 0xdccf3a08, neededbytes:144036, available:83043
03-06 09:27:49.346 22026 22340 D GStreamer+qtdemux: 0:02:46.429635926 0xdd2dbaf0 qtdemux.c:5700:gst_qtdemux_chain:<qtdemux1> pushing in inbuf 0xdccf3520, neededbytes:144036, available:87139
03-06 09:27:49.346 22026 22340 D GStreamer+qtdemux: 0:02:46.429766082 0xdd2dbaf0 qtdemux.c:5700:gst_qtdemux_chain:<qtdemux1> pushing in inbuf 0xdcbff3f0, neededbytes:144036, available:91235
03-06 09:27:49.346 22026 22340 D GStreamer+qtdemux: 0:02:46.429895874 0xdd2dbaf0 qtdemux.c:5700:gst_qtdemux_chain:<qtdemux1> pushing in inbuf 0xdc9a53c0, neededbytes:144036, available:95331
03-06 09:27:49.346 22026 22340 D GStreamer+qtdemux: 0:02:46.430023582 0xdd2dbaf0 qtdemux.c:5700:gst_qtdemux_chain:<qtdemux1> pushing in inbuf 0xdc9a6150, neededbytes:144036, available:99427
03-06 09:27:49.346 22026 22340 D GStreamer+qtdemux: 0:02:46.430161603 0xdd2dbaf0 qtdemux.c:5700:gst_qtdemux_chain:<qtdemux1> pushing in inbuf 0xdccfef20, neededbytes:144036, available:103523
03-06 09:27:49.346 22026 22340 D GStreamer+qtdemux: 0:02:46.430296915 0xdd2dbaf0 qtdemux.c:5700:gst_qtdemux_chain:<qtdemux1> pushing in inbuf 0xdcc51a00, neededbytes:144036, available:107619
03-06 09:27:49.346 22026 22340 D GStreamer+qtdemux: 0:02:46.430433269 0xdd2dbaf0 qtdemux.c:5700:gst_qtdemux_chain:<qtdemux1> pushing in inbuf 0xdcc3f6f8, neededbytes:144036, available:111715
03-06 09:27:49.347 22026 22340 D GStreamer+qtdemux: 0:02:46.430570144 0xdd2dbaf0 qtdemux.c:5700:gst_qtdemux_chain:<qtdemux1> pushing in inbuf 0xdcc51028, neededbytes:144036, available:115811
03-06 09:27:49.347 22026 22340 D GStreamer+qtdemux: 0:02:46.430705457 0xdd2dbaf0 qtdemux.c:5700:gst_qtdemux_chain:<qtdemux1> pushing in inbuf 0xdc9799e0, neededbytes:144036, available:119907
03-06 09:27:49.347 22026 22340 D GStreamer+qtdemux: 0:02:46.430844051 0xdd2dbaf0 qtdemux.c:5700:gst_qtdemux_chain:<qtdemux1> pushing in inbuf 0xdcc3fc80, neededbytes:144036, available:124003
03-06 09:27:49.347 22026 22340 D GStreamer+qtdemux: 0:02:46.430980405 0xdd2dbaf0 qtdemux.c:5700:gst_qtdemux_chain:<qtdemux1> pushing in inbuf 0xdc9796a0, neededbytes:144036, available:128099
03-06 09:27:49.347 22026 22340 D GStreamer+qtdemux: 0:02:46.431116759 0xdd2dbaf0 qtdemux.c:5700:gst_qtdemux_chain:<qtdemux1> pushing in inbuf 0xdc979c60, neededbytes:144036, available:132195
03-06 09:27:49.347 22026 22340 D GStreamer+qtdemux: 0:02:46.431253269 0xdd2dbaf0 qtdemux.c:5700:gst_qtdemux_chain:<qtdemux1> pushing in inbuf 0xdca79d30, neededbytes:144036, available:136291
03-06 09:27:49.347 22026 22340 D GStreamer+qtdemux: 0:02:46.431392332 0xdd2dbaf0 qtdemux.c:5700:gst_qtdemux_chain:<qtdemux1> pushing in inbuf 0xdc979600, neededbytes:144036, available:140387
03-06 09:27:49.348 22026 22340 D GStreamer+qtdemux: 0:02:46.431531499 0xdd2dbaf0 qtdemux.c:5700:gst_qtdemux_chain:<qtdemux1> pushing in inbuf 0xdc9a6a98, neededbytes:144036, available:144483
03-06 09:27:49.348 22026 22340 D GStreamer+qtdemux: 0:02:46.431648322 0xdd2dbaf0 qtdemux.c:5720:gst_qtdemux_process_adapter:<qtdemux1> state:2 , demux->neededbytes:144036, demux->offset:34327493
03-06 09:27:49.348 22026 22340 D GStreamer+qtdemux: 0:02:46.431758374 0xdd2dbaf0 qtdemux.c:6067:gst_qtdemux_process_adapter:<qtdemux1> BEGIN // in MOVIE for offset 34327493
03-06 09:27:49.348 22026 22340 V GStreamer+qtdemux: 0:02:46.431874572 0xdd2dbaf0 qtdemux.c:6145:gst_qtdemux_process_adapter:<qtdemux1> Checking stream 0 (sample_index:237 / offset:34327493 / size:144036)
03-06 09:27:49.348 22026 22340 D GStreamer+qtdemux: 0:02:46.431980874 0xdd2dbaf0 qtdemux.c:6163:gst_qtdemux_process_adapter:<qtdemux1> stream : avc1
03-06 09:27:49.349 22026 22340 V GStreamer+qtdemux: 0:02:46.432513999 0xdd2dbaf0 qtdemux.c:4961:gst_qtdemux_decorate_and_push_buffer:<qtdemux1> Pushing buffer with dts 0:00:04.667000000, pts 0:00:04.667000000, duration 0:00:00.019400000 on pad video_0
03-06 09:27:49.349 22026 22340 V GStreamer+qtdemux: 0:02:46.432660613 0xdd2dbaf0 qtdemux.c:4633:gst_qtdemux_combine_flows:<qtdemux1> flow return: ok
03-06 09:27:49.349 22026 22340 V GStreamer+qtdemux: 0:02:46.432769103 0xdd2dbaf0 qtdemux.c:4641:gst_qtdemux_combine_flows:<qtdemux1> combined flow return: ok
03-06 09:27:49.349 22026 22340 V GStreamer+qtdemux: 0:02:46.432881499 0xdd2dbaf0 qtdemux.c:6219:gst_qtdemux_process_adapter:<qtdemux1> increasing offset 34327493 by 144036
03-06 09:27:49.349 22026 22340 V GStreamer+qtdemux: 0:02:46.432990144 0xdd2dbaf0 qtdemux.c:6222:gst_qtdemux_process_adapter:<qtdemux1> offset is now 34471529
03-06 09:27:49.349 22026 22340 V GStreamer+qtdemux: 0:02:46.433094467 0xdd2dbaf0 qtdemux.c:5472:next_entry_size:<qtdemux1> Finding entry at offset 34471529
03-06 09:27:49.349 22026 22340 V GStreamer+qtdemux: 0:02:46.433205040 0xdd2dbaf0 qtdemux.c:7663:qtdemux_parse_samples:<qtdemux1> parsing samples for stream fourcc avc1, pad video_0
03-06 09:27:49.349 22026 22340 D GStreamer+qtdemux: 0:02:46.433307957 0xdd2dbaf0 qtdemux.c:7674:qtdemux_parse_samples:<qtdemux1> parsing up to sample 238
03-06 09:27:49.349 22026 22340 V GStreamer+qtdemux: 0:02:46.433414103 0xdd2dbaf0 qtdemux.c:7700:qtdemux_parse_samples:<qtdemux1> sample 238 has size 144275
03-06 09:27:49.350 22026 22340 V GStreamer+qtdemux: 0:02:46.433533269 0xdd2dbaf0 qtdemux.c:7824:qtdemux_parse_samples:<qtdemux1> creating entry 238 with offset 34471529 and size 144275
03-06 09:27:49.350 22026 22340 D GStreamer+qtdemux: 0:02:46.433653582 0xdd2dbaf0 qtdemux.c:7881:qtdemux_parse_samples:<qtdemux1> sample 238: index 1, timestamp 0:00:04.686400000
03-06 09:27:49.350 22026 22340 D GStreamer+qtdemux: 0:02:46.433757540 0xdd2dbaf0 qtdemux.c:7936:qtdemux_parse_samples:<qtdemux1> samples at 238 is keyframe
03-06 09:27:49.350 22026 22340 V GStreamer+qtdemux: 0:02:46.433871342 0xdd2dbaf0 qtdemux.c:5498:next_entry_size:<qtdemux1> Checking Stream 0 (sample_index:238 / offset:34471529 / size:144275)
03-06 09:27:49.350 22026 22340 V GStreamer+qtdemux: 0:02:46.433982957 0xdd2dbaf0 qtdemux.c:5509:next_entry_size:<qtdemux1> stream 0 offset 34471529 demux->offset :34471529
03-06 09:27:49.350 22026 22340 D GStreamer+qtdemux: 0:02:46.434127280 0xdd2dbaf0 qtdemux.c:5700:gst_qtdemux_chain:<qtdemux1> pushing in inbuf 0xdc977828, neededbytes:144275, available:4543
03-06 09:27:49.350 22026 22340 D GStreamer+qtdemux: 0:02:46.434265613 0xdd2dbaf0 qtdemux.c:5700:gst_qtdemux_chain:<qtdemux1> pushing in inbuf 0xdccfeac0, neededbytes:144275, available:8639
03-06 09:27:49.350 22026 22340 D GStreamer+qtdemux: 0:02:46.434401967 0xdd2dbaf0 qtdemux.c:5700:gst_qtdemux_chain:<qtdemux1> pushing in inbuf 0xdccf30c0, neededbytes:144275, available:12735
03-06 09:27:49.351 22026 22340 D GStreamer+qtdemux: 0:02:46.434536238 0xdd2dbaf0 qtdemux.c:5700:gst_qtdemux_chain:<qtdemux1> pushing in inbuf 0xdccf33e0, neededbytes:144275, available:16831
03-06 09:27:49.351 22026 22340 D GStreamer+qtdemux: 0:02:46.434670822 0xdd2dbaf0 qtdemux.c:5700:gst_qtdemux_chain:<qtdemux1> pushing in inbuf 0xdcc3f158, neededbytes:144275, available:20927
03-06 09:27:49.351 22026 22340 D GStreamer+qtdemux: 0:02:46.434804467 0xdd2dbaf0 qtdemux.c:5700:gst_qtdemux_chain:<qtdemux1> pushing in inbuf 0xdcc59c68, neededbytes:144275, available:25023
03-06 09:27:49.351 22026 22340 D GStreamer+qtdemux: 0:02:46.434939624 0xdd2dbaf0 qtdemux.c:5700:gst_qtdemux_chain:<qtdemux1> pushing in inbuf 0xdcbfe2a0, neededbytes:144275, available:29119
03-06 09:27:49.351 22026 22340 D GStreamer+qtdemux: 0:02:46.435076603 0xdd2dbaf0 qtdemux.c:5700:gst_qtdemux_chain:<qtdemux1> pushing in inbuf 0xdcc3faa0, neededbytes:144275, available:33215
03-06 09:27:49.351 22026 22340 D GStreamer+qtdemux: 0:02:46.435215769 0xdd2dbaf0 qtdemux.c:5700:gst_qtdemux_chain:<qtdemux1> pushing in inbuf 0xdcbfeb48, neededbytes:144275, available:37311
03-06 09:27:49.351 22026 22340 D GStreamer+qtdemux: 0:02:46.435349832 0xdd2dbaf0 qtdemux.c:5700:gst_qtdemux_chain:<qtdemux1> pushing in inbuf 0xdccf3f08, neededbytes:144275, available:41407
03-06 09:27:49.351 22026 22340 D GStreamer+qtdemux: 0:02:46.435490197 0xdd2dbaf0 qtdemux.c:5700:gst_qtdemux_chain:<qtdemux1> pushing in inbuf 0xdc978c08, neededbytes:144275, available:45503
03-06 09:27:49.352 22026 22340 D GStreamer+qtdemux: 0:02:46.435620197 0xdd2dbaf0 qtdemux.c:5700:gst_qtdemux_chain:<qtdemux1> pushing in inbuf 0xdc9a6818, neededbytes:144275, available:49599
03-06 09:27:49.352 22026 22340 D GStreamer+qtdemux: 0:02:46.435749832 0xdd2dbaf0 qtdemux.c:5700:gst_qtdemux_chain:<qtdemux1> pushing in inbuf 0xdcc3fb40, neededbytes:144275, available:53695
03-06 09:27:49.352 22026 22340 D GStreamer+qtdemux: 0:02:46.435892228 0xdd2dbaf0 qtdemux.c:5700:gst_qtdemux_chain:<qtdemux1> pushing in inbuf 0xdccfe2b8, neededbytes:144275, available:57791
03-06 09:27:49.352 22026 22340 D GStreamer+qtdemux: 0:02:46.436032957 0xdd2dbaf0 qtdemux.c:5700:gst_qtdemux_chain:<qtdemux1> pushing in inbuf 0xdcbfeaa8, neededbytes:144275, available:61887
03-06 09:27:49.352 22026 22340 D GStreamer+qtdemux: 0:02:46.436171238 0xdd2dbaf0 qtdemux.c:5700:gst_qtdemux_chain:<qtdemux1> pushing in inbuf 0xdc9784a0, neededbytes:144275, available:65983
03-06 09:27:49.352 22026 22340 D GStreamer+qtdemux: 0:02:46.436316030 0xdd2dbaf0 qtdemux.c:5700:gst_qtdemux_chain:<qtdemux1> pushing in inbuf 0xdccfeca0, neededbytes:144275, available:70079
03-06 09:27:49.352 22026 22340 D GStreamer+qtdemux: 0:02:46.436450665 0xdd2dbaf0 qtdemux.c:5700:gst_qtdemux_chain:<qtdemux1> pushing in inbuf 0xdccfe5d8, neededbytes:144275, available:74175
03-06 09:27:49.353 22026 22340 D GStreamer+qtdemux: 0:02:46.436584155 0xdd2dbaf0 qtdemux.c:5700:gst_qtdemux_chain:<qtdemux1> pushing in inbuf 0xdc9a5d08, neededbytes:144275, available:78271
03-06 09:27:49.353 22026 22340 D GStreamer+qtdemux: 0:02:46.436717592 0xdd2dbaf0 qtdemux.c:5700:gst_qtdemux_chain:<qtdemux1> pushing in inbuf 0xdcc59bc8, neededbytes:144275, available:82367
03-06 09:27:49.353 22026 22340 D GStreamer+qtdemux: 0:02:46.436850717 0xdd2dbaf0 qtdemux.c:5700:gst_qtdemux_chain:<qtdemux1> pushing in inbuf 0xdd15c958, neededbytes:144275, available:86463
03-06 09:27:49.353 22026 22340 D GStreamer+qtdemux: 0:02:46.436984728 0xdd2dbaf0 qtdemux.c:5700:gst_qtdemux_chain:<qtdemux1> pushing in inbuf 0xdc9a5b28, neededbytes:144275, available:90559
03-06 09:27:49.353 22026 22340 D GStreamer+qtdemux: 0:02:46.437141082 0xdd2dbaf0 qtdemux.c:5700:gst_qtdemux_chain:<qtdemux1> pushing in inbuf 0xdd15cd18, neededbytes:144275, available:94655
03-06 09:27:49.353 22026 22340 D GStreamer+qtdemux: 0:02:46.437276863 0xdd2dbaf0 qtdemux.c:5700:gst_qtdemux_chain:<qtdemux1> pushing in inbuf 0xdccf3200, neededbytes:144275, available:98751
03-06 09:27:49.353 22026 22340 D GStreamer+qtdemux: 0:02:46.437411915 0xdd2dbaf0 qtdemux.c:5700:gst_qtdemux_chain:<qtdemux1> pushing in inbuf 0xdcc3ea90, neededbytes:144275, available:102847
03-06 09:27:49.354 22026 22340 D GStreamer+qtdemux: 0:02:46.437550353 0xdd2dbaf0 qtdemux.c:5700:gst_qtdemux_chain:<qtdemux1> pushing in inbuf 0xdd15cdb8, neededbytes:144275, available:106943
03-06 09:27:49.354 22026 22340 D GStreamer+qtdemux: 0:02:46.437757124 0xdd2dbaf0 qtdemux.c:5700:gst_qtdemux_chain:<qtdemux1> pushing in inbuf 0xdc9a5460, neededbytes:144275, available:111039
03-06 09:27:49.354 22026 22340 D GStreamer+qtdemux: 0:02:46.437901915 0xdd2dbaf0 qtdemux.c:5700:gst_qtdemux_chain:<qtdemux1> pushing in inbuf 0xdca79e70, neededbytes:144275, available:115135
03-06 09:27:49.354 22026 22340 D GStreamer+qtdemux: 0:02:46.438233478 0xdd2dbaf0 qtdemux.c:5700:gst_qtdemux_chain:<qtdemux1> pushing in inbuf 0xdca792a8, neededbytes:144275, available:119231
03-06 09:27:49.354 22026 22340 D GStreamer+qtdemux: 0:02:46.438338842 0xdd2dbaf0 qtdemux.c:5700:gst_qtdemux_chain:<qtdemux1> pushing in inbuf 0xdc9791a0, neededbytes:144275, available:123327
03-06 09:27:49.354 22026 22340 D GStreamer+qtdemux: 0:02:46.438445926 0xdd2dbaf0 qtdemux.c:5700:gst_qtdemux_chain:<qtdemux1> pushing in inbuf 0xdc977be8, neededbytes:144275, available:127423
03-06 09:27:49.355 22026 22340 D GStreamer+qtdemux: 0:02:46.438553374 0xdd2dbaf0 qtdemux.c:5700:gst_qtdemux_chain:<qtdemux1> pushing in inbuf 0xdca79708, neededbytes:144275, available:131519
03-06 09:27:49.355 22026 22340 D GStreamer+qtdemux: 0:02:46.438659936 0xdd2dbaf0 qtdemux.c:5700:gst_qtdemux_chain:<qtdemux1> pushing in inbuf 0xdd6cd170, neededbytes:144275, available:135615
03-06 09:27:49.355 22026 22340 D GStreamer+qtdemux: 0:02:46.438776707 0xdd2dbaf0 qtdemux.c:5700:gst_qtdemux_chain:<qtdemux1> pushing in inbuf 0xdcbfe968, neededbytes:144275, available:139711
03-06 09:27:49.355 22026 22340 D GStreamer+qtdemux: 0:02:46.438888374 0xdd2dbaf0 qtdemux.c:5700:gst_qtdemux_chain:<qtdemux1> pushing in inbuf 0xdc9a66f0, neededbytes:144275, available:143807
03-06 09:27:49.355 22026 22340 D GStreamer+qtdemux: 0:02:46.439006447 0xdd2dbaf0 qtdemux.c:5700:gst_qtdemux_chain:<qtdemux1> pushing in inbuf 0xdc9a51e0, neededbytes:144275, available:147903
03-06 09:27:49.355 22026 22340 D GStreamer+qtdemux: 0:02:46.439096134 0xdd2dbaf0 qtdemux.c:5720:gst_qtdemux_process_adapter:<qtdemux1> state:2 , demux->neededbytes:144275, demux->offset:34471529
03-06 09:27:49.355 22026 22340 D GStreamer+qtdemux: 0:02:46.439180561 0xdd2dbaf0 qtdemux.c:6067:gst_qtdemux_process_adapter:<qtdemux1> BEGIN // in MOVIE for offset 34471529
03-06 09:27:49.355 22026 22340 V GStreamer+qtdemux: 0:02:46.439270092 0xdd2dbaf0 qtdemux.c:6145:gst_qtdemux_process_adapter:<qtdemux1> Checking stream 0 (sample_index:238 / offset:34471529 / size:144275)
03-06 09:27:49.355 22026 22340 D GStreamer+qtdemux: 0:02:46.439357436 0xdd2dbaf0 qtdemux.c:6163:gst_qtdemux_process_adapter:<qtdemux1> stream : avc1
03-06 09:27:49.356 22026 22340 V GStreamer+qtdemux: 0:02:46.439806342 0xdd2dbaf0 qtdemux.c:4961:gst_qtdemux_decorate_and_push_buffer:<qtdemux1> Pushing buffer with dts 0:00:04.686400000, pts 0:00:04.686400000, duration 0:00:00.019400000 on pad video_0
03-06 09:27:49.359 22026 22232 V GStreamer+qtdemux: 0:02:46.443129311 0xdd2db980 qtdemux.c:810:gst_qtdemux_handle_src_query:<qtdemux1:video_0> position query
03-06 09:27:49.360 22026 22340 V GStreamer+qtdemux: 0:02:46.443807176 0xdd2dbaf0 qtdemux.c:4633:gst_qtdemux_combine_flows:<qtdemux1> flow return: ok
03-06 09:27:49.360 22026 22340 V GStreamer+qtdemux: 0:02:46.443901967 0xdd2dbaf0 qtdemux.c:4641:gst_qtdemux_combine_flows:<qtdemux1> combined flow return: ok
03-06 09:27:49.360 22026 22340 V GStreamer+qtdemux: 0:02:46.443999780 0xdd2dbaf0 qtdemux.c:6219:gst_qtdemux_process_adapter:<qtdemux1> increasing offset 34471529 by 144275
03-06 09:27:49.360 22026 22340 V GStreamer+qtdemux: 0:02:46.444085405 0xdd2dbaf0 qtdemux.c:6222:gst_qtdemux_process_adapter:<qtdemux1> offset is now 34615804
03-06 09:27:49.360 22026 22340 V GStreamer+qtdemux: 0:02:46.444169467 0xdd2dbaf0 qtdemux.c:5472:next_entry_size:<qtdemux1> Finding entry at offset 34615804
03-06 09:27:49.360 22026 22342 I GStreamer+baseparse: 0:02:46.444213426 0xd73ffa90 gstbaseparse.c:3945:gst_base_parse_set_latency:<h264parse1> min/max latency 0:00:00.019480519, 0:00:00.019480519
03-06 09:27:49.360 22026 22340 V GStreamer+qtdemux: 0:02:46.444266603 0xdd2dbaf0 qtdemux.c:7663:qtdemux_parse_samples:<qtdemux1> parsing samples for stream fourcc avc1, pad video_0
03-06 09:27:49.360 22026 22340 D GStreamer+qtdemux: 0:02:46.444361811 0xdd2dbaf0 qtdemux.c:7674:qtdemux_parse_samples:<qtdemux1> parsing up to sample 239
03-06 09:27:49.360 22026 22340 V GStreamer+qtdemux: 0:02:46.444457905 0xdd2dbaf0 qtdemux.c:7700:qtdemux_parse_samples:<qtdemux1> sample 239 has size 144077
03-06 09:27:49.361 22026 22340 V GStreamer+qtdemux: 0:02:46.444547540 0xdd2dbaf0 qtdemux.c:7824:qtdemux_parse_samples:<qtdemux1> creating entry 239 with offset 34615804 and size 144077
03-06 09:27:49.361 22026 22340 V GStreamer+qtdemux: 0:02:46.444627280 0xdd2dbaf0 qtdemux.c:7868:qtdemux_parse_samples:<qtdemux1> block 0, 1 timestamps, duration 98
03-06 09:27:49.361 22026 22340 D GStreamer+qtdemux: 0:02:46.444720353 0xdd2dbaf0 qtdemux.c:7881:qtdemux_parse_samples:<qtdemux1> sample 239: index 0, timestamp 0:00:04.705800000
03-06 09:27:49.361 22026 22340 D GStreamer+qtdemux: 0:02:46.444805717 0xdd2dbaf0 qtdemux.c:7936:qtdemux_parse_samples:<qtdemux1> samples at 239 is keyframe
03-06 09:27:49.361 22026 22340 V GStreamer+qtdemux: 0:02:46.444902176 0xdd2dbaf0 qtdemux.c:5498:next_entry_size:<qtdemux1> Checking Stream 0 (sample_index:239 / offset:34615804 / size:144077)
03-06 09:27:49.361 22026 22340 V GStreamer+qtdemux: 0:02:46.445016759 0xdd2dbaf0 qtdemux.c:5509:next_entry_size:<qtdemux1> stream 0 offset 34615804 demux->offset :34615804
03-06 09:27:49.361 22026 22340 D GStreamer+qtdemux: 0:02:46.445201238 0xdd2dbaf0 qtdemux.c:5700:gst_qtdemux_chain:<qtdemux1> pushing in inbuf 0xdd15ce58, neededbytes:144077, available:7724
03-06 09:27:49.361 22026 22340 D GStreamer+qtdemux: 0:02:46.445370978 0xdd2dbaf0 qtdemux.c:5700:gst_qtdemux_chain:<qtdemux1> pushing in inbuf 0xdc9a50a0, neededbytes:144077, available:11820
03-06 09:27:49.362 22026 22340 D GStreamer+qtdemux: 0:02:46.445525353 0xdd2dbaf0 qtdemux.c:5700:gst_qtdemux_chain:<qtdemux1> pushing in inbuf 0xdd15c9f8, neededbytes:144077, available:15916
03-06 09:27:49.362 22026 22340 D GStreamer+qtdemux: 0:02:46.445675457 0xdd2dbaf0 qtdemux.c:5700:gst_qtdemux_chain:<qtdemux1> pushing in inbuf 0xdccf3020, neededbytes:144077, available:20012
03-06 09:27:49.362 22026 22340 D GStreamer+qtdemux: 0:02:46.445810092 0xdd2dbaf0 qtdemux.c:5700:gst_qtdemux_chain:<qtdemux1> pushing in inbuf 0xdccfe3f8, neededbytes:144077, available:24108
03-06 09:27:49.362 22026 22340 D GStreamer+qtdemux: 0:02:46.445958217 0xdd2dbaf0 qtdemux.c:5700:gst_qtdemux_chain:<qtdemux1> pushing in inbuf 0xdca79348, neededbytes:144077, available:28204
03-06 09:27:49.362 22026 22340 D GStreamer+qtdemux: 0:02:46.446085249 0xdd2dbaf0 qtdemux.c:5700:gst_qtdemux_chain:<qtdemux1> pushing in inbuf 0xdc979060, neededbytes:144077, available:32300
