03-06 09:27:50.400 22026 22340 D GStreamer+qtdemux: 0:02:47.483557279 0xdd2dbaf0 qtdemux.c:5700:gst_qtdemux_chain:<qtdemux1> pushing in inbuf 0xdcc51dc0, neededbytes:144468, available:105715
03-06 09:27:50.400 22026 22340 D GStreamer+qtdemux: 0:02:47.483789050 0xdd2dbaf0 qtdemux.c:5700:gst_qtdemux_chain:<qtdemux1> pushing in inbuf 0xdc9a5500, neededbytes:144468, available:109811
03-06 09:27:50.400 22026 22340 D GStreamer+qtdemux: 0:02:47.484023894 0xdd2dbaf0 qtdemux.c:5700:gst_qtdemux_chain:<qtdemux1> pushing in inbuf 0xdcbff670, neededbytes:144468, available:113907
03-06 09:27:50.400 22026 22340 D GStreamer+qtdemux: 0:02:47.484265977 0xdd2dbaf0 qtdemux.c:5700:gst_qtdemux_chain:<qtdemux1> pushing in inbuf 0xdc9788e8, neededbytes:144468, available:118003
03-06 09:27:50.401 22026 22340 D GStreamer+qtdemux: 0:02:47.484508842 0xdd2dbaf0 qtdemux.c:5700:gst_qtdemux_chain:<qtdemux1> pushing in inbuf 0xdcc59da8, neededbytes:144468, available:122099
03-06 09:27:50.401 22026 22340 D GStreamer+qtdemux: 0:02:47.484727644 0xdd2dbaf0 qtdemux.c:5700:gst_qtdemux_chain:<qtdemux1> pushing in inbuf 0xdcc3e288, neededbytes:144468, available:126195
03-06 09:27:50.401 22026 22340 D GStreamer+qtdemux: 0:02:47.484949519 0xdd2dbaf0 qtdemux.c:5700:gst_qtdemux_chain:<qtdemux1> pushing in inbuf 0xdcc59480, neededbytes:144468, available:130291
03-06 09:27:50.401 22026 22340 D GStreamer+qtdemux: 0:02:47.485304259 0xdd2dbaf0 qtdemux.c:5700:gst_qtdemux_chain:<qtdemux1> pushing in inbuf 0xdc979b20, neededbytes:144468, available:134387
03-06 09:27:50.402 22026 22340 D GStreamer+qtdemux: 0:02:47.485589675 0xdd2dbaf0 qtdemux.c:5700:gst_qtdemux_chain:<qtdemux1> pushing in inbuf 0xdc979380, neededbytes:144468, available:138483
03-06 09:27:50.402 22026 22340 D GStreamer+qtdemux: 0:02:47.485822071 0xdd2dbaf0 qtdemux.c:5700:gst_qtdemux_chain:<qtdemux1> pushing in inbuf 0xdc9a6b38, neededbytes:144468, available:142579
03-06 09:27:50.402 22026 22340 D GStreamer+qtdemux: 0:02:47.486070717 0xdd2dbaf0 qtdemux.c:5700:gst_qtdemux_chain:<qtdemux1> pushing in inbuf 0xdcbfe340, neededbytes:144468, available:146675
03-06 09:27:50.402 22026 22340 D GStreamer+qtdemux: 0:02:47.486258061 0xdd2dbaf0 qtdemux.c:5720:gst_qtdemux_process_adapter:<qtdemux1> state:2 , demux->neededbytes:144468, demux->offset:42267445
03-06 09:27:50.402 22026 22337 W GStreamer+amcvideodec: 0:02:47.486391811 0xd73ffe60 gstamcvideodec.c:1165:_amc_gl_wait gl_sync 0xdcd45260 could not wait for frame, took too long
03-06 09:27:50.402 22026 22340 D GStreamer+qtdemux: 0:02:47.486430821 0xdd2dbaf0 qtdemux.c:6067:gst_qtdemux_process_adapter:<qtdemux1> BEGIN // in MOVIE for offset 42267445
03-06 09:27:50.403 22026 22340 V GStreamer+qtdemux: 0:02:47.486608582 0xdd2dbaf0 qtdemux.c:6145:gst_qtdemux_process_adapter:<qtdemux1> Checking stream 0 (sample_index:292 / offset:42267445 / size:144468)
03-06 09:27:50.403 22026 22340 D GStreamer+qtdemux: 0:02:47.486763686 0xdd2dbaf0 qtdemux.c:6163:gst_qtdemux_process_adapter:<qtdemux1> stream : avc1
03-06 09:27:50.404 22026 22340 V GStreamer+qtdemux: 0:02:47.488472384 0xdd2dbaf0 qtdemux.c:4961:gst_qtdemux_decorate_and_push_buffer:<qtdemux1> Pushing buffer with dts 0:00:05.736400000, pts 0:00:05.736400000, duration 0:00:00.019400000 on pad video_0
03-06 09:27:50.409 22026 22232 V GStreamer+qtdemux: 0:02:47.493351082 0xdd2db980 qtdemux.c:810:gst_qtdemux_handle_src_query:<qtdemux1:video_0> position query
03-06 09:27:50.413 22026 22340 V GStreamer+qtdemux: 0:02:47.496731186 0xdd2dbaf0 qtdemux.c:4633:gst_qtdemux_combine_flows:<qtdemux1> flow return: ok
03-06 09:27:50.413 22026 22340 V GStreamer+qtdemux: 0:02:47.497043634 0xdd2dbaf0 qtdemux.c:4641:gst_qtdemux_combine_flows:<qtdemux1> combined flow return: ok
03-06 09:27:50.413 22026 22342 I GStreamer+baseparse: 0:02:47.497061863 0xd73ffa90 gstbaseparse.c:3945:gst_base_parse_set_latency:<h264parse1> min/max latency 0:00:00.019480519, 0:00:00.019480519
03-06 09:27:50.413 22026 22340 V GStreamer+qtdemux: 0:02:47.497309050 0xdd2dbaf0 qtdemux.c:6219:gst_qtdemux_process_adapter:<qtdemux1> increasing offset 42267445 by 144468
03-06 09:27:50.414 22026 22340 V GStreamer+qtdemux: 0:02:47.497716446 0xdd2dbaf0 qtdemux.c:6222:gst_qtdemux_process_adapter:<qtdemux1> offset is now 42411913
03-06 09:27:50.414 22026 22340 V GStreamer+qtdemux: 0:02:47.498260144 0xdd2dbaf0 qtdemux.c:5472:next_entry_size:<qtdemux1> Finding entry at offset 42411913
03-06 09:27:50.414 22026 22340 V GStreamer+qtdemux: 0:02:47.498423634 0xdd2dbaf0 qtdemux.c:7663:qtdemux_parse_samples:<qtdemux1> parsing samples for stream fourcc avc1, pad video_0
03-06 09:27:50.415 22026 22340 D GStreamer+qtdemux: 0:02:47.498678790 0xdd2dbaf0 qtdemux.c:7674:qtdemux_parse_samples:<qtdemux1> parsing up to sample 293
03-06 09:27:50.415 22026 22340 V GStreamer+qtdemux: 0:02:47.498922123 0xdd2dbaf0 qtdemux.c:7700:qtdemux_parse_samples:<qtdemux1> sample 293 has size 144479
03-06 09:27:50.415 22026 22340 V GStreamer+qtdemux: 0:02:47.499096811 0xdd2dbaf0 qtdemux.c:7824:qtdemux_parse_samples:<qtdemux1> creating entry 293 with offset 42411913 and size 144479
03-06 09:27:50.415 22026 22340 D GStreamer+qtdemux: 0:02:47.499322904 0xdd2dbaf0 qtdemux.c:7881:qtdemux_parse_samples:<qtdemux1> sample 293: index 3, timestamp 0:00:05.755800000
03-06 09:27:50.416 22026 22340 D GStreamer+qtdemux: 0:02:47.499502904 0xdd2dbaf0 qtdemux.c:7936:qtdemux_parse_samples:<qtdemux1> samples at 293 is keyframe
03-06 09:27:50.416 22026 22340 V GStreamer+qtdemux: 0:02:47.499748946 0xdd2dbaf0 qtdemux.c:5498:next_entry_size:<qtdemux1> Checking Stream 0 (sample_index:293 / offset:42411913 / size:144479)
03-06 09:27:50.416 22026 22340 V GStreamer+qtdemux: 0:02:47.499919102 0xdd2dbaf0 qtdemux.c:5509:next_entry_size:<qtdemux1> stream 0 offset 42411913 demux->offset :42411913
03-06 09:27:50.416 22026 22340 D GStreamer+qtdemux: 0:02:47.500288269 0xdd2dbaf0 qtdemux.c:5700:gst_qtdemux_chain:<qtdemux1> pushing in inbuf 0xdc979800, neededbytes:144479, available:6303
03-06 09:27:50.417 22026 22340 D GStreamer+qtdemux: 0:02:47.500675352 0xdd2dbaf0 qtdemux.c:5700:gst_qtdemux_chain:<qtdemux1> pushing in inbuf 0xdca79528, neededbytes:144479, available:10399
03-06 09:27:50.417 22026 22340 D GStreamer+qtdemux: 0:02:47.500968373 0xdd2dbaf0 qtdemux.c:5700:gst_qtdemux_chain:<qtdemux1> pushing in inbuf 0xdccf35c0, neededbytes:144479, available:14495
03-06 09:27:50.417 22026 22340 D GStreamer+qtdemux: 0:02:47.501329832 0xdd2dbaf0 qtdemux.c:5700:gst_qtdemux_chain:<qtdemux1> pushing in inbuf 0xdcc3e468, neededbytes:144479, available:18591
03-06 09:27:50.418 22026 22340 D GStreamer+qtdemux: 0:02:47.501640925 0xdd2dbaf0 qtdemux.c:5700:gst_qtdemux_chain:<qtdemux1> pushing in inbuf 0xdcbfed28, neededbytes:144479, available:22687
03-06 09:27:50.418 22026 22340 D GStreamer+qtdemux: 0:02:47.501900717 0xdd2dbaf0 qtdemux.c:5700:gst_qtdemux_chain:<qtdemux1> pushing in inbuf 0xdc9778c8, neededbytes:144479, available:26783
03-06 09:27:50.418 22026 22340 D GStreamer+qtdemux: 0:02:47.502185769 0xdd2dbaf0 qtdemux.c:5700:gst_qtdemux_chain:<qtdemux1> pushing in inbuf 0xdcbfff30, neededbytes:144479, available:30879
03-06 09:27:50.419 22026 22340 D GStreamer+qtdemux: 0:02:47.502575300 0xdd2dbaf0 qtdemux.c:5700:gst_qtdemux_chain:<qtdemux1> pushing in inbuf 0xdcc3e6e8, neededbytes:144479, available:34975
03-06 09:27:50.419 22026 22340 D GStreamer+qtdemux: 0:02:47.502981238 0xdd2dbaf0 qtdemux.c:5700:gst_qtdemux_chain:<qtdemux1> pushing in inbuf 0xdcc3f158, neededbytes:144479, available:39071
03-06 09:27:50.419 22026 22340 D GStreamer+qtdemux: 0:02:47.503247957 0xdd2dbaf0 qtdemux.c:5700:gst_qtdemux_chain:<qtdemux1> pushing in inbuf 0xdccffcb0, neededbytes:144479, available:43167
03-06 09:27:50.420 22026 22340 D GStreamer+qtdemux: 0:02:47.503645821 0xdd2dbaf0 qtdemux.c:5700:gst_qtdemux_chain:<qtdemux1> pushing in inbuf 0xdcc3f0b8, neededbytes:144479, available:47263
03-06 09:27:50.420 22026 22340 D GStreamer+qtdemux: 0:02:47.504050977 0xdd2dbaf0 qtdemux.c:5700:gst_qtdemux_chain:<qtdemux1> pushing in inbuf 0xdcc51820, neededbytes:144479, available:51359
03-06 09:27:50.420 22026 22340 D GStreamer+qtdemux: 0:02:47.504344050 0xdd2dbaf0 qtdemux.c:5700:gst_qtdemux_chain:<qtdemux1> pushing in inbuf 0xdcbff5d0, neededbytes:144479, available:55455
03-06 09:27:50.421 22026 22340 D GStreamer+qtdemux: 0:02:47.504618738 0xdd2dbaf0 qtdemux.c:5700:gst_qtdemux_chain:<qtdemux1> pushing in inbuf 0xdcc59948, neededbytes:144479, available:59551
03-06 09:27:50.421 22026 22340 D GStreamer+qtdemux: 0:02:47.504734311 0xdd2dbaf0 qtdemux.c:5700:gst_qtdemux_chain:<qtdemux1> pushing in inbuf 0xdcc3f1f8, neededbytes:144479, available:63647
03-06 09:27:50.421 22026 22340 D GStreamer+qtdemux: 0:02:47.504857071 0xdd2dbaf0 qtdemux.c:5700:gst_qtdemux_chain:<qtdemux1> pushing in inbuf 0xdc9a6bd8, neededbytes:144479, available:67743
03-06 09:27:50.421 22026 22340 D GStreamer+qtdemux: 0:02:47.504978529 0xdd2dbaf0 qtdemux.c:5700:gst_qtdemux_chain:<qtdemux1> pushing in inbuf 0xdcc51b40, neededbytes:144479, available:71839
03-06 09:27:50.421 22026 22340 D GStreamer+qtdemux: 0:02:47.505090404 0xdd2dbaf0 qtdemux.c:5700:gst_qtdemux_chain:<qtdemux1> pushing in inbuf 0xdccf3700, neededbytes:144479, available:75935
03-06 09:27:50.421 22026 22340 D GStreamer+qtdemux: 0:02:47.505200613 0xdd2dbaf0 qtdemux.c:5700:gst_qtdemux_chain:<qtdemux1> pushing in inbuf 0xdd6cd3f0, neededbytes:144479, available:80031
03-06 09:27:50.421 22026 22340 D GStreamer+qtdemux: 0:02:47.505314207 0xdd2dbaf0 qtdemux.c:5700:gst_qtdemux_chain:<qtdemux1> pushing in inbuf 0xdcc3fdc0, neededbytes:144479, available:84127
03-06 09:27:50.421 22026 22340 D GStreamer+qtdemux: 0:02:47.505442384 0xdd2dbaf0 qtdemux.c:5700:gst_qtdemux_chain:<qtdemux1> pushing in inbuf 0xdc979240, neededbytes:144479, available:88223
03-06 09:27:50.422 22026 22340 D GStreamer+qtdemux: 0:02:47.505568269 0xdd2dbaf0 qtdemux.c:5700:gst_qtdemux_chain:<qtdemux1> pushing in inbuf 0xdccf3340, neededbytes:144479, available:92319
03-06 09:27:50.422 22026 22340 D GStreamer+qtdemux: 0:02:47.505696915 0xdd2dbaf0 qtdemux.c:5700:gst_qtdemux_chain:<qtdemux1> pushing in inbuf 0xdcbfedc8, neededbytes:144479, available:96415
03-06 09:27:50.422 22026 22340 D GStreamer+qtdemux: 0:02:47.505832592 0xdd2dbaf0 qtdemux.c:5700:gst_qtdemux_chain:<qtdemux1> pushing in inbuf 0xdccff0e8, neededbytes:144479, available:100511
03-06 09:27:50.422 22026 22340 D GStreamer+qtdemux: 0:02:47.505958790 0xdd2dbaf0 qtdemux.c:5700:gst_qtdemux_chain:<qtdemux1> pushing in inbuf 0xdcc595c0, neededbytes:144479, available:104607
03-06 09:27:50.422 22026 22340 D GStreamer+qtdemux: 0:02:47.506076394 0xdd2dbaf0 qtdemux.c:5700:gst_qtdemux_chain:<qtdemux1> pushing in inbuf 0xdcc3eb30, neededbytes:144479, available:108703
03-06 09:27:50.422 22026 22340 D GStreamer+qtdemux: 0:02:47.506186082 0xdd2dbaf0 qtdemux.c:5700:gst_qtdemux_chain:<qtdemux1> pushing in inbuf 0xdcc51960, neededbytes:144479, available:112799
03-06 09:27:50.422 22026 22340 D GStreamer+qtdemux: 0:02:47.506294467 0xdd2dbaf0 qtdemux.c:5700:gst_qtdemux_chain:<qtdemux1> pushing in inbuf 0xdc978400, neededbytes:144479, available:116895
03-06 09:27:50.422 22026 22340 D GStreamer+qtdemux: 0:02:47.506417436 0xdd2dbaf0 qtdemux.c:5700:gst_qtdemux_chain:<qtdemux1> pushing in inbuf 0xdcbffe90, neededbytes:144479, available:120991
03-06 09:27:50.423 22026 22340 D GStreamer+qtdemux: 0:02:47.506549571 0xdd2dbaf0 qtdemux.c:5700:gst_qtdemux_chain:<qtdemux1> pushing in inbuf 0xdcbfe828, neededbytes:144479, available:125087
03-06 09:27:50.423 22026 22340 D GStreamer+qtdemux: 0:02:47.506680821 0xdd2dbaf0 qtdemux.c:5700:gst_qtdemux_chain:<qtdemux1> pushing in inbuf 0xdcbff170, neededbytes:144479, available:129183
03-06 09:27:50.423 22026 22340 D GStreamer+qtdemux: 0:02:47.506809675 0xdd2dbaf0 qtdemux.c:5700:gst_qtdemux_chain:<qtdemux1> pushing in inbuf 0xdcbff490, neededbytes:144479, available:133279
03-06 09:27:50.423 22026 22340 D GStreamer+qtdemux: 0:02:47.506938425 0xdd2dbaf0 qtdemux.c:5700:gst_qtdemux_chain:<qtdemux1> pushing in inbuf 0xdcbffdf0, neededbytes:144479, available:137375
03-06 09:27:50.423 22026 22340 D GStreamer+qtdemux: 0:02:47.507067696 0xdd2dbaf0 qtdemux.c:5700:gst_qtdemux_chain:<qtdemux1> pushing in inbuf 0xdcc51a00, neededbytes:144479, available:141471
03-06 09:27:50.423 22026 22340 D GStreamer+qtdemux: 0:02:47.507188477 0xdd2dbaf0 qtdemux.c:5700:gst_qtdemux_chain:<qtdemux1> pushing in inbuf 0xdca79708, neededbytes:144479, available:145567
03-06 09:27:50.423 22026 22340 D GStreamer+qtdemux: 0:02:47.507290925 0xdd2dbaf0 qtdemux.c:5720:gst_qtdemux_process_adapter:<qtdemux1> state:2 , demux->neededbytes:144479, demux->offset:42411913
03-06 09:27:50.423 22026 22340 D GStreamer+qtdemux: 0:02:47.507406915 0xdd2dbaf0 qtdemux.c:6067:gst_qtdemux_process_adapter:<qtdemux1> BEGIN // in MOVIE for offset 42411913
03-06 09:27:50.424 22026 22340 V GStreamer+qtdemux: 0:02:47.507513634 0xdd2dbaf0 qtdemux.c:6145:gst_qtdemux_process_adapter:<qtdemux1> Checking stream 0 (sample_index:293 / offset:42411913 / size:144479)
03-06 09:27:50.424 22026 22340 D GStreamer+qtdemux: 0:02:47.507686029 0xdd2dbaf0 qtdemux.c:6163:gst_qtdemux_process_adapter:<qtdemux1> stream : avc1
03-06 09:27:50.426 22026 22340 V GStreamer+qtdemux: 0:02:47.510064259 0xdd2dbaf0 qtdemux.c:4961:gst_qtdemux_decorate_and_push_buffer:<qtdemux1> Pushing buffer with dts 0:00:05.755800000, pts 0:00:05.755800000, duration 0:00:00.019400000 on pad video_0
03-06 09:27:50.435 22026 22232 V GStreamer+qtdemux: 0:02:47.518619988 0xdd2db980 qtdemux.c:810:gst_qtdemux_handle_src_query:<qtdemux1:video_0> position query
03-06 09:27:50.436 22026 22340 V GStreamer+qtdemux: 0:02:47.519563686 0xdd2dbaf0 qtdemux.c:4633:gst_qtdemux_combine_flows:<qtdemux1> flow return: ok
03-06 09:27:50.436 22026 22340 V GStreamer+qtdemux: 0:02:47.519692644 0xdd2dbaf0 qtdemux.c:4641:gst_qtdemux_combine_flows:<qtdemux1> combined flow return: ok
03-06 09:27:50.436 22026 22340 V GStreamer+qtdemux: 0:02:47.519783113 0xdd2dbaf0 qtdemux.c:6219:gst_qtdemux_process_adapter:<qtdemux1> increasing offset 42411913 by 144479
03-06 09:27:50.436 22026 22340 V GStreamer+qtdemux: 0:02:47.519865613 0xdd2dbaf0 qtdemux.c:6222:gst_qtdemux_process_adapter:<qtdemux1> offset is now 42556392
03-06 09:27:50.436 22026 22342 I GStreamer+baseparse: 0:02:47.519910196 0xd73ffa90 gstbaseparse.c:3945:gst_base_parse_set_latency:<h264parse1> min/max latency 0:00:00.019480519, 0:00:00.019480519
03-06 09:27:50.436 22026 22340 V GStreamer+qtdemux: 0:02:47.519951967 0xdd2dbaf0 qtdemux.c:5472:next_entry_size:<qtdemux1> Finding entry at offset 42556392
03-06 09:27:50.436 22026 22340 V GStreamer+qtdemux: 0:02:47.520049363 0xdd2dbaf0 qtdemux.c:7663:qtdemux_parse_samples:<qtdemux1> parsing samples for stream fourcc avc1, pad video_0
03-06 09:27:50.436 22026 22340 D GStreamer+qtdemux: 0:02:47.520140248 0xdd2dbaf0 qtdemux.c:7674:qtdemux_parse_samples:<qtdemux1> parsing up to sample 294
03-06 09:27:50.436 22026 22340 V GStreamer+qtdemux: 0:02:47.520219936 0xdd2dbaf0 qtdemux.c:7700:qtdemux_parse_samples:<qtdemux1> sample 294 has size 144625
03-06 09:27:50.436 22026 22340 V GStreamer+qtdemux: 0:02:47.520311134 0xdd2dbaf0 qtdemux.c:7824:qtdemux_parse_samples:<qtdemux1> creating entry 294 with offset 42556392 and size 144625
03-06 09:27:50.436 22026 22340 V GStreamer+qtdemux: 0:02:47.520393842 0xdd2dbaf0 qtdemux.c:7868:qtdemux_parse_samples:<qtdemux1> block 0, 1 timestamps, duration 100
03-06 09:27:50.436 22026 22340 D GStreamer+qtdemux: 0:02:47.520483998 0xdd2dbaf0 qtdemux.c:7881:qtdemux_parse_samples:<qtdemux1> sample 294: index 0, timestamp 0:00:05.775200000
03-06 09:27:50.437 22026 22340 D GStreamer+qtdemux: 0:02:47.520579832 0xdd2dbaf0 qtdemux.c:7936:qtdemux_parse_samples:<qtdemux1> samples at 294 is keyframe
03-06 09:27:50.437 22026 22340 V GStreamer+qtdemux: 0:02:47.520672279 0xdd2dbaf0 qtdemux.c:5498:next_entry_size:<qtdemux1> Checking Stream 0 (sample_index:294 / offset:42556392 / size:144625)
03-06 09:27:50.437 22026 22340 V GStreamer+qtdemux: 0:02:47.520762279 0xdd2dbaf0 qtdemux.c:5509:next_entry_size:<qtdemux1> stream 0 offset 42556392 demux->offset :42556392
03-06 09:27:50.437 22026 22340 D GStreamer+qtdemux: 0:02:47.520894259 0xdd2dbaf0 qtdemux.c:5700:gst_qtdemux_chain:<qtdemux1> pushing in inbuf 0xdcc3f960, neededbytes:144625, available:5184
03-06 09:27:50.437 22026 22340 D GStreamer+qtdemux: 0:02:47.521006915 0xdd2dbaf0 qtdemux.c:5700:gst_qtdemux_chain:<qtdemux1> pushing in inbuf 0xdcbff990, neededbytes:144625, available:9280
03-06 09:27:50.437 22026 22340 D GStreamer+qtdemux: 0:02:47.521118165 0xdd2dbaf0 qtdemux.c:5700:gst_qtdemux_chain:<qtdemux1> pushing in inbuf 0xdccf3480, neededbytes:144625, available:13376
03-06 09:27:50.437 22026 22340 D GStreamer+qtdemux: 0:02:47.521225561 0xdd2dbaf0 qtdemux.c:5700:gst_qtdemux_chain:<qtdemux1> pushing in inbuf 0xdca79028, neededbytes:144625, available:17472
03-06 09:27:50.437 22026 22340 D GStreamer+qtdemux: 0:02:47.521331863 0xdd2dbaf0 qtdemux.c:5700:gst_qtdemux_chain:<qtdemux1> pushing in inbuf 0xdc9792e0, neededbytes:144625, available:21568
03-06 09:27:50.437 22026 22340 D GStreamer+qtdemux: 0:02:47.521446446 0xdd2dbaf0 qtdemux.c:5700:gst_qtdemux_chain:<qtdemux1> pushing in inbuf 0xdd15cb38, neededbytes:144625, available:25664
03-06 09:27:50.438 22026 22340 D GStreamer+qtdemux: 0:02:47.521559102 0xdd2dbaf0 qtdemux.c:5700:gst_qtdemux_chain:<qtdemux1> pushing in inbuf 0xdcc59e48, neededbytes:144625, available:29760
03-06 09:27:50.438 22026 22340 D GStreamer+qtdemux: 0:02:47.521679259 0xdd2dbaf0 qtdemux.c:5700:gst_qtdemux_chain:<qtdemux1> pushing in inbuf 0xdcc3f298, neededbytes:144625, available:33856
03-06 09:27:50.438 22026 22340 D GStreamer+qtdemux: 0:02:47.521813425 0xdd2dbaf0 qtdemux.c:5700:gst_qtdemux_chain:<qtdemux1> pushing in inbuf 0xdc9a6d18, neededbytes:144625, available:37952
03-06 09:27:50.438 22026 22340 D GStreamer+qtdemux: 0:02:47.521949988 0xdd2dbaf0 qtdemux.c:5700:gst_qtdemux_chain:<qtdemux1> pushing in inbuf 0xdd6cd350, neededbytes:144625, available:42048
03-06 09:27:50.438 22026 22340 D GStreamer+qtdemux: 0:02:47.522077227 0xdd2dbaf0 qtdemux.c:5700:gst_qtdemux_chain:<qtdemux1> pushing in inbuf 0xdcc59ee8, neededbytes:144625, available:46144
03-06 09:27:50.438 22026 22340 D GStreamer+qtdemux: 0:02:47.522192488 0xdd2dbaf0 qtdemux.c:5700:gst_qtdemux_chain:<qtdemux1> pushing in inbuf 0xdcc51d20, neededbytes:144625, available:50240
03-06 09:27:50.438 22026 22340 D GStreamer+qtdemux: 0:02:47.522307384 0xdd2dbaf0 qtdemux.c:5700:gst_qtdemux_chain:<qtdemux1> pushing in inbuf 0xdccfe0d8, neededbytes:144625, available:54336
03-06 09:27:50.438 22026 22340 D GStreamer+qtdemux: 0:02:47.522430509 0xdd2dbaf0 qtdemux.c:5700:gst_qtdemux_chain:<qtdemux1> pushing in inbuf 0xdca79b50, neededbytes:144625, available:58432
03-06 09:27:50.439 22026 22340 D GStreamer+qtdemux: 0:02:47.522541967 0xdd2dbaf0 qtdemux.c:5700:gst_qtdemux_chain:<qtdemux1> pushing in inbuf 0xdcbffad0, neededbytes:144625, available:62528
03-06 09:27:50.439 22026 22340 D GStreamer+qtdemux: 0:02:47.522651290 0xdd2dbaf0 qtdemux.c:5700:gst_qtdemux_chain:<qtdemux1> pushing in inbuf 0xdd15cef8, neededbytes:144625, available:66624
03-06 09:27:50.439 22026 22340 D GStreamer+qtdemux: 0:02:47.522759311 0xdd2dbaf0 qtdemux.c:5700:gst_qtdemux_chain:<qtdemux1> pushing in inbuf 0xdcc51c80, neededbytes:144625, available:70720
03-06 09:27:50.439 22026 22340 D GStreamer+qtdemux: 0:02:47.522867904 0xdd2dbaf0 qtdemux.c:5700:gst_qtdemux_chain:<qtdemux1> pushing in inbuf 0xdc977b48, neededbytes:144625, available:74816
03-06 09:27:50.439 22026 22340 D GStreamer+qtdemux: 0:02:47.522984832 0xdd2dbaf0 qtdemux.c:5700:gst_qtdemux_chain:<qtdemux1> pushing in inbuf 0xdc9a59e8, neededbytes:144625, available:78912
03-06 09:27:50.439 22026 22340 D GStreamer+qtdemux: 0:02:47.523093842 0xdd2dbaf0 qtdemux.c:5700:gst_qtdemux_chain:<qtdemux1> pushing in inbuf 0xdcc59c68, neededbytes:144625, available:83008
03-06 09:27:50.439 22026 22340 D GStreamer+qtdemux: 0:02:47.523208061 0xdd2dbaf0 qtdemux.c:5700:gst_qtdemux_chain:<qtdemux1> pushing in inbuf 0xdcbfe2a0, neededbytes:144625, available:87104
03-06 09:27:50.439 22026 22340 D GStreamer+qtdemux: 0:02:47.523310509 0xdd2dbaf0 qtdemux.c:5700:gst_qtdemux_chain:<qtdemux1> pushing in inbuf 0xdcc3faa0, neededbytes:144625, available:91200
03-06 09:27:50.439 22026 22340 D GStreamer+qtdemux: 0:02:47.523420561 0xdd2dbaf0 qtdemux.c:5700:gst_qtdemux_chain:<qtdemux1> pushing in inbuf 0xdcbfeb48, neededbytes:144625, available:95296
03-06 09:27:50.440 22026 22340 D GStreamer+qtdemux: 0:02:47.523572592 0xdd2dbaf0 qtdemux.c:5700:gst_qtdemux_chain:<qtdemux1> pushing in inbuf 0xdccf3f08, neededbytes:144625, available:99392
03-06 09:27:50.440 22026 22340 D GStreamer+qtdemux: 0:02:47.523697540 0xdd2dbaf0 qtdemux.c:5700:gst_qtdemux_chain:<qtdemux1> pushing in inbuf 0xdc978c08, neededbytes:144625, available:103488
03-06 09:27:50.440 22026 22340 D GStreamer+qtdemux: 0:02:47.523819936 0xdd2dbaf0 qtdemux.c:5700:gst_qtdemux_chain:<qtdemux1> pushing in inbuf 0xdccfea20, neededbytes:144625, available:107584
03-06 09:27:50.440 22026 22340 D GStreamer+qtdemux: 0:02:47.523936707 0xdd2dbaf0 qtdemux.c:5700:gst_qtdemux_chain:<qtdemux1> pushing in inbuf 0xdc9798a0, neededbytes:144625, available:111680
03-06 09:27:50.440 22026 22340 D GStreamer+qtdemux: 0:02:47.524043842 0xdd2dbaf0 qtdemux.c:5700:gst_qtdemux_chain:<qtdemux1> pushing in inbuf 0xdcc3f5b8, neededbytes:144625, available:115776
03-06 09:27:50.440 22026 22340 D GStreamer+qtdemux: 0:02:47.524151134 0xdd2dbaf0 qtdemux.c:5700:gst_qtdemux_chain:<qtdemux1> pushing in inbuf 0xdcc3f3d8, neededbytes:144625, available:119872
03-06 09:27:50.440 22026 22340 D GStreamer+qtdemux: 0:02:47.524269779 0xdd2dbaf0 qtdemux.c:5700:gst_qtdemux_chain:<qtdemux1> pushing in inbuf 0xdc9a5e48, neededbytes:144625, available:123968
03-06 09:27:50.440 22026 22340 D GStreamer+qtdemux: 0:02:47.524384936 0xdd2dbaf0 qtdemux.c:5700:gst_qtdemux_chain:<qtdemux1> pushing in inbuf 0xdcc51168, neededbytes:144625, available:128064
03-06 09:27:50.441 22026 22340 D GStreamer+qtdemux: 0:02:47.524500509 0xdd2dbaf0 qtdemux.c:5700:gst_qtdemux_chain:<qtdemux1> pushing in inbuf 0xdcc51be0, neededbytes:144625, available:132160
03-06 09:27:50.441 22026 22340 D GStreamer+qtdemux: 0:02:47.524624259 0xdd2dbaf0 qtdemux.c:5700:gst_qtdemux_chain:<qtdemux1> pushing in inbuf 0xdc9a5640, neededbytes:144625, available:136256
03-06 09:27:50.441 22026 22340 D GStreamer+qtdemux: 0:02:47.524735040 0xdd2dbaf0 qtdemux.c:5700:gst_qtdemux_chain:<qtdemux1> pushing in inbuf 0xdc977c88, neededbytes:144625, available:140352
03-06 09:27:50.441 22026 22340 D GStreamer+qtdemux: 0:02:47.524861342 0xdd2dbaf0 qtdemux.c:5700:gst_qtdemux_chain:<qtdemux1> pushing in inbuf 0xdccf3d28, neededbytes:144625, available:144448
03-06 09:27:50.441 22026 22340 D GStreamer+qtdemux: 0:02:47.524987384 0xdd2dbaf0 qtdemux.c:5700:gst_qtdemux_chain:<qtdemux1> pushing in inbuf 0xdca79ab0, neededbytes:144625, available:148544
03-06 09:27:50.441 22026 22340 D GStreamer+qtdemux: 0:02:47.525085248 0xdd2dbaf0 qtdemux.c:5720:gst_qtdemux_process_adapter:<qtdemux1> state:2 , demux->neededbytes:144625, demux->offset:42556392
03-06 09:27:50.441 22026 22340 D GStreamer+qtdemux: 0:02:47.525169832 0xdd2dbaf0 qtdemux.c:6067:gst_qtdemux_process_adapter:<qtdemux1> BEGIN // in MOVIE for offset 42556392
03-06 09:27:50.441 22026 22340 V GStreamer+qtdemux: 0:02:47.525262904 0xdd2dbaf0 qtdemux.c:6145:gst_qtdemux_process_adapter:<qtdemux1> Checking stream 0 (sample_index:294 / offset:42556392 / size:144625)
03-06 09:27:50.441 22026 22340 D GStreamer+qtdemux: 0:02:47.525348998 0xdd2dbaf0 qtdemux.c:6163:gst_qtdemux_process_adapter:<qtdemux1> stream : avc1
03-06 09:27:50.442 22026 22340 V GStreamer+qtdemux: 0:02:47.525838477 0xdd2dbaf0 qtdemux.c:4961:gst_qtdemux_decorate_and_push_buffer:<qtdemux1> Pushing buffer with dts 0:00:05.775200000, pts 0:00:05.775200000, duration 0:00:00.020000000 on pad video_0
03-06 09:27:50.447 22026 22232 V GStreamer+qtdemux: 0:02:47.531331498 0xdd2db980 qtdemux.c:810:gst_qtdemux_handle_src_query:<qtdemux1:video_0> position query
03-06 09:27:50.448 22026 22340 V GStreamer+qtdemux: 0:02:47.532260665 0xdd2dbaf0 qtdemux.c:4633:gst_qtdemux_combine_flows:<qtdemux1> flow return: ok
03-06 09:27:50.448 22026 22340 V GStreamer+qtdemux: 0:02:47.532461446 0xdd2dbaf0 qtdemux.c:4641:gst_qtdemux_combine_flows:<qtdemux1> combined flow return: ok
03-06 09:27:50.449 22026 22340 V GStreamer+qtdemux: 0:02:47.532570092 0xdd2dbaf0 qtdemux.c:6219:gst_qtdemux_process_adapter:<qtdemux1> increasing offset 42556392 by 144625
03-06 09:27:50.449 22026 22340 V GStreamer+qtdemux: 0:02:47.532658842 0xdd2dbaf0 qtdemux.c:6222:gst_qtdemux_process_adapter:<qtdemux1> offset is now 42701017
03-06 09:27:50.449 22026 22342 I GStreamer+baseparse: 0:02:47.532704623 0xd73ffa90 gstbaseparse.c:3945:gst_base_parse_set_latency:<h264parse1> min/max latency 0:00:00.019480519, 0:00:00.019480519
03-06 09:27:50.449 22026 22340 V GStreamer+qtdemux: 0:02:47.532748582 0xdd2dbaf0 qtdemux.c:5472:next_entry_size:<qtdemux1> Finding entry at offset 42701017
03-06 09:27:50.449 22026 22340 V GStreamer+qtdemux: 0:02:47.532840873 0xdd2dbaf0 qtdemux.c:7663:qtdemux_parse_samples:<qtdemux1> parsing samples for stream fourcc avc1, pad video_0
03-06 09:27:50.449 22026 22340 D GStreamer+qtdemux: 0:02:47.532931029 0xdd2dbaf0 qtdemux.c:7674:qtdemux_parse_samples:<qtdemux1> parsing up to sample 295
03-06 09:27:50.449 22026 22340 V GStreamer+qtdemux: 0:02:47.533026759 0xdd2dbaf0 qtdemux.c:7700:qtdemux_parse_samples:<qtdemux1> sample 295 has size 144540
03-06 09:27:50.449 22026 22340 V GStreamer+qtdemux: 0:02:47.533201446 0xdd2dbaf0 qtdemux.c:7824:qtdemux_parse_samples:<qtdemux1> creating entry 295 with offset 42701017 and size 144540
03-06 09:27:50.449 22026 22340 V GStreamer+qtdemux: 0:02:47.533296446 0xdd2dbaf0 qtdemux.c:7868:qtdemux_parse_samples:<qtdemux1> block 0, 1 timestamps, duration 95
03-06 09:27:50.449 22026 22340 D GStreamer+qtdemux: 0:02:47.533400977 0xdd2dbaf0 qtdemux.c:7881:qtdemux_parse_samples:<qtdemux1> sample 295: index 0, timestamp 0:00:05.795200000
03-06 09:27:50.449 22026 22340 D GStreamer+qtdemux: 0:02:47.533486811 0xdd2dbaf0 qtdemux.c:7936:qtdemux_parse_samples:<qtdemux1> samples at 295 is keyframe
03-06 09:27:50.450 22026 22340 V GStreamer+qtdemux: 0:02:47.533584311 0xdd2dbaf0 qtdemux.c:5498:next_entry_size:<qtdemux1> Checking Stream 0 (sample_index:295 / offset:42701017 / size:144540)
03-06 09:27:50.450 22026 22340 V GStreamer+qtdemux: 0:02:47.533676759 0xdd2dbaf0 qtdemux.c:5509:next_entry_size:<qtdemux1> stream 0 offset 42701017 demux->offset :42701017
03-06 09:27:50.450 22026 22340 D GStreamer+qtdemux: 0:02:47.533829259 0xdd2dbaf0 qtdemux.c:5700:gst_qtdemux_chain:<qtdemux1> pushing in inbuf 0xdca79348, neededbytes:144540, available:8015
03-06 09:27:50.450 22026 22340 D GStreamer+qtdemux: 0:02:47.533946602 0xdd2dbaf0 qtdemux.c:5700:gst_qtdemux_chain:<qtdemux1> pushing in inbuf 0xdcc3e0a8, neededbytes:144540, available:12111
03-06 09:27:50.450 22026 22340 D GStreamer+qtdemux: 0:02:47.534065873 0xdd2dbaf0 qtdemux.c:5700:gst_qtdemux_chain:<qtdemux1> pushing in inbuf 0xdccfeb60, neededbytes:144540, available:16207
03-06 09:27:50.450 22026 22340 D GStreamer+qtdemux: 0:02:47.534182957 0xdd2dbaf0 qtdemux.c:5700:gst_qtdemux_chain:<qtdemux1> pushing in inbuf 0xdcc51348, neededbytes:144540, available:20303
03-06 09:27:50.450 22026 22340 D GStreamer+qtdemux: 0:02:47.534299259 0xdd2dbaf0 qtdemux.c:5700:gst_qtdemux_chain:<qtdemux1> pushing in inbuf 0xdc9a6db8, neededbytes:144540, available:24399
03-06 09:27:50.450 22026 22340 D GStreamer+qtdemux: 0:02:47.534415925 0xdd2dbaf0 qtdemux.c:5700:gst_qtdemux_chain:<qtdemux1> pushing in inbuf 0xdc9a6470, neededbytes:144540, available:28495
03-06 09:27:50.451 22026 22340 D GStreamer+qtdemux: 0:02:47.534561707 0xdd2dbaf0 qtdemux.c:5700:gst_qtdemux_chain:<qtdemux1> pushing in inbuf 0xdccfede0, neededbytes:144540, available:32591
03-06 09:27:50.451 22026 22340 D GStreamer+qtdemux: 0:02:47.534679259 0xdd2dbaf0 qtdemux.c:5700:gst_qtdemux_chain:<qtdemux1> pushing in inbuf 0xdc979420, neededbytes:144540, available:36687
03-06 09:27:50.451 22026 22340 D GStreamer+qtdemux: 0:02:47.534805092 0xdd2dbaf0 qtdemux.c:5700:gst_qtdemux_chain:<qtdemux1> pushing in inbuf 0xdccf3c88, neededbytes:144540, available:40783
03-06 09:27:50.451 22026 22340 D GStreamer+qtdemux: 0:02:47.534926602 0xdd2dbaf0 qtdemux.c:5700:gst_qtdemux_chain:<qtdemux1> pushing in inbuf 0xdcc59520, neededbytes:144540, available:44879
03-06 09:27:50.451 22026 22340 D GStreamer+qtdemux: 0:02:47.535048061 0xdd2dbaf0 qtdemux.c:5700:gst_qtdemux_chain:<qtdemux1> pushing in inbuf 0xdca79830, neededbytes:144540, available:48975
03-06 09:27:50.451 22026 22340 D GStreamer+qtdemux: 0:02:47.535171654 0xdd2dbaf0 qtdemux.c:5700:gst_qtdemux_chain:<qtdemux1> pushing in inbuf 0xdcc3e508, neededbytes:144540, available:53071
03-06 09:27:50.451 22026 22340 D GStreamer+qtdemux: 0:02:47.535293686 0xdd2dbaf0 qtdemux.c:5700:gst_qtdemux_chain:<qtdemux1> pushing in inbuf 0xdcbfe3e0, neededbytes:144540, available:57167
03-06 09:27:50.451 22026 22340 D GStreamer+qtdemux: 0:02:47.535415821 0xdd2dbaf0 qtdemux.c:5700:gst_qtdemux_chain:<qtdemux1> pushing in inbuf 0xdcbff350, neededbytes:144540, available:61263
03-06 09:27:50.452 22026 22340 D GStreamer+qtdemux: 0:02:47.535546134 0xdd2dbaf0 qtdemux.c:5700:gst_qtdemux_chain:<qtdemux1> pushing in inbuf 0xdcbfee68, neededbytes:144540, available:65359
03-06 09:27:50.452 22026 22340 D GStreamer+qtdemux: 0:02:47.535660144 0xdd2dbaf0 qtdemux.c:5700:gst_qtdemux_chain:<qtdemux1> pushing in inbuf 0xdd15c9f8, neededbytes:144540, available:69455
03-06 09:27:50.452 22026 22340 D GStreamer+qtdemux: 0:02:47.535781134 0xdd2dbaf0 qtdemux.c:5700:gst_qtdemux_chain:<qtdemux1> pushing in inbuf 0xdccf3020, neededbytes:144540, available:73551
03-06 09:27:50.452 22026 22340 D GStreamer+qtdemux: 0:02:47.535905821 0xdd2dbaf0 qtdemux.c:5700:gst_qtdemux_chain:<qtdemux1> pushing in inbuf 0xdc978540, neededbytes:144540, available:77647
03-06 09:27:50.452 22026 22340 D GStreamer+qtdemux: 0:02:47.536030092 0xdd2dbaf0 qtdemux.c:5700:gst_qtdemux_chain:<qtdemux1> pushing in inbuf 0xdcbfebe8, neededbytes:144540, available:81743
03-06 09:27:50.452 22026 22340 D GStreamer+qtdemux: 0:02:47.536144311 0xdd2dbaf0 qtdemux.c:5700:gst_qtdemux_chain:<qtdemux1> pushing in inbuf 0xdc9a6818, neededbytes:144540, available:85839
03-06 09:27:50.452 22026 22340 D GStreamer+qtdemux: 0:02:47.536260040 0xdd2dbaf0 qtdemux.c:5700:gst_qtdemux_chain:<qtdemux1> pushing in inbuf 0xdccffe90, neededbytes:144540, available:89935
03-06 09:27:50.452 22026 22340 D GStreamer+qtdemux: 0:02:47.536380613 0xdd2dbaf0 qtdemux.c:5700:gst_qtdemux_chain:<qtdemux1> pushing in inbuf 0xdccf3aa8, neededbytes:144540, available:94031
03-06 09:27:50.453 22026 22340 D GStreamer+qtdemux: 0:02:47.536492904 0xdd2dbaf0 qtdemux.c:5700:gst_qtdemux_chain:<qtdemux1> pushing in inbuf 0xdcc592a0, neededbytes:144540, available:98127
03-06 09:27:50.453 22026 22340 D GStreamer+qtdemux: 0:02:47.536606602 0xdd2dbaf0 qtdemux.c:5700:gst_qtdemux_chain:<qtdemux1> pushing in inbuf 0xdc9a5da8, neededbytes:144540, available:102223
03-06 09:27:50.453 22026 22340 D GStreamer+qtdemux: 0:02:47.536721394 0xdd2dbaf0 qtdemux.c:5700:gst_qtdemux_chain:<qtdemux1> pushing in inbuf 0xdcc3f820, neededbytes:144540, available:106319
03-06 09:27:50.453 22026 22340 D GStreamer+qtdemux: 0:02:47.536836394 0xdd2dbaf0 qtdemux.c:5700:gst_qtdemux_chain:<qtdemux1> pushing in inbuf 0xdcbff2b0, neededbytes:144540, available:110415
03-06 09:27:50.453 22026 22340 D GStreamer+qtdemux: 0:02:47.536950248 0xdd2dbaf0 qtdemux.c:5700:gst_qtdemux_chain:<qtdemux1> pushing in inbuf 0xdcc3f658, neededbytes:144540, available:114511
03-06 09:27:50.453 22026 22340 D GStreamer+qtdemux: 0:02:47.537062852 0xdd2dbaf0 qtdemux.c:5700:gst_qtdemux_chain:<qtdemux1> pushing in inbuf 0xdc9a5808, neededbytes:144540, available:118607
03-06 09:27:50.453 22026 22340 D GStreamer+qtdemux: 0:02:47.537176029 0xdd2dbaf0 qtdemux.c:5700:gst_qtdemux_chain:<qtdemux1> pushing in inbuf 0xdd6cd2b0, neededbytes:144540, available:122703
03-06 09:27:50.453 22026 22340 D GStreamer+qtdemux: 0:02:47.537287957 0xdd2dbaf0 qtdemux.c:5700:gst_qtdemux_chain:<qtdemux1> pushing in inbuf 0xdd15c818, neededbytes:144540, available:126799
03-06 09:27:50.453 22026 22340 D GStreamer+qtdemux: 0:02:47.537400561 0xdd2dbaf0 qtdemux.c:5700:gst_qtdemux_chain:<qtdemux1> pushing in inbuf 0xdcc59660, neededbytes:144540, available:130895
03-06 09:27:50.454 22026 22340 D GStreamer+qtdemux: 0:02:47.537515457 0xdd2dbaf0 qtdemux.c:5700:gst_qtdemux_chain:<qtdemux1> pushing in inbuf 0xdc9a68b8, neededbytes:144540, available:134991
03-06 09:27:50.454 22026 22340 D GStreamer+qtdemux: 0:02:47.537814519 0xdd2dbaf0 qtdemux.c:5700:gst_qtdemux_chain:<qtdemux1> pushing in inbuf 0xdccfff30, neededbytes:144540, available:139087
03-06 09:27:50.454 22026 22340 D GStreamer+qtdemux: 0:02:47.537956498 0xdd2dbaf0 qtdemux.c:5700:gst_qtdemux_chain:<qtdemux1> pushing in inbuf 0xdd15cd18, neededbytes:144540, available:143183
03-06 09:27:50.454 22026 22340 D GStreamer+qtdemux: 0:02:47.538076498 0xdd2dbaf0 qtdemux.c:5700:gst_qtdemux_chain:<qtdemux1> pushing in inbuf 0xdd15cdb8, neededbytes:144540, available:147279
03-06 09:27:50.454 22026 22340 D GStreamer+qtdemux: 0:02:47.538171707 0xdd2dbaf0 qtdemux.c:5720:gst_qtdemux_process_adapter:<qtdemux1> state:2 , demux->neededbytes:144540, demux->offset:42701017
03-06 09:27:50.454 22026 22340 D GStreamer+qtdemux: 0:02:47.538259936 0xdd2dbaf0 qtdemux.c:6067:gst_qtdemux_process_adapter:<qtdemux1> BEGIN // in MOVIE for offset 42701017
03-06 09:27:50.454 22026 22340 V GStreamer+qtdemux: 0:02:47.538356082 0xdd2dbaf0 qtdemux.c:6145:gst_qtdemux_process_adapter:<qtdemux1> Checking stream 0 (sample_index:295 / offset:42701017 / size:144540)
03-06 09:27:50.454 22026 22340 D GStreamer+qtdemux: 0:02:47.538442123 0xdd2dbaf0 qtdemux.c:6163:gst_qtdemux_process_adapter:<qtdemux1> stream : avc1
03-06 09:27:50.455 22026 22340 V GStreamer+qtdemux: 0:02:47.538911863 0xdd2dbaf0 qtdemux.c:4961:gst_qtdemux_decorate_and_push_buffer:<qtdemux1> Pushing buffer with dts 0:00:05.795200000, pts 0:00:05.795200000, duration 0:00:00.019000000 on pad video_0
03-06 09:27:50.467 22026 22232 V GStreamer+qtdemux: 0:02:47.550867957 0xdd2db980 qtdemux.c:810:gst_qtdemux_handle_src_query:<qtdemux1:video_0> position query
03-06 09:27:50.468 22026 22340 V GStreamer+qtdemux: 0:02:47.551632696 0xdd2dbaf0 qtdemux.c:4633:gst_qtdemux_combine_flows:<qtdemux1> flow return: ok
03-06 09:27:50.468 22026 22340 V GStreamer+qtdemux: 0:02:47.551828529 0xdd2dbaf0 qtdemux.c:4641:gst_qtdemux_combine_flows:<qtdemux1> combined flow return: ok
03-06 09:27:50.468 22026 22340 V GStreamer+qtdemux: 0:02:47.551943738 0xdd2dbaf0 qtdemux.c:6219:gst_qtdemux_process_adapter:<qtdemux1> increasing offset 42701017 by 144540
03-06 09:27:50.468 22026 22340 V GStreamer+qtdemux: 0:02:47.552036550 0xdd2dbaf0 qtdemux.c:6222:gst_qtdemux_process_adapter:<qtdemux1> offset is now 42845557
03-06 09:27:50.468 22026 22342 I GStreamer+baseparse: 0:02:47.552075040 0xd73ffa90 gstbaseparse.c:3945:gst_base_parse_set_latency:<h264parse1> min/max latency 0:00:00.019480519, 0:00:00.019480519
03-06 09:27:50.468 22026 22340 V GStreamer+qtdemux: 0:02:47.552123165 0xdd2dbaf0 qtdemux.c:5472:next_entry_size:<qtdemux1> Finding entry at offset 42845557
03-06 09:27:50.468 22026 22340 V GStreamer+qtdemux: 0:02:47.552217540 0xdd2dbaf0 qtdemux.c:7663:qtdemux_parse_samples:<qtdemux1> parsing samples for stream fourcc avc1, pad video_0
03-06 09:27:50.468 22026 22340 D GStreamer+qtdemux: 0:02:47.552301082 0xdd2dbaf0 qtdemux.c:7674:qtdemux_parse_samples:<qtdemux1> parsing up to sample 296
03-06 09:27:50.468 22026 22340 V GStreamer+qtdemux: 0:02:47.552391394 0xdd2dbaf0 qtdemux.c:7700:qtdemux_parse_samples:<qtdemux1> sample 296 has size 144404
03-06 09:27:50.469 22026 22340 V GStreamer+qtdemux: 0:02:47.552490925 0xdd2dbaf0 qtdemux.c:7824:qtdemux_parse_samples:<qtdemux1> creating entry 296 with offset 42845557 and size 144404
03-06 09:27:50.469 22026 22340 V GStreamer+qtdemux: 0:02:47.552578790 0xdd2dbaf0 qtdemux.c:7868:qtdemux_parse_samples:<qtdemux1> block 0, 2 timestamps, duration 97
03-06 09:27:50.469 22026 22340 D GStreamer+qtdemux: 0:02:47.552682123 0xdd2dbaf0 qtdemux.c:7881:qtdemux_parse_samples:<qtdemux1> sample 296: index 0, timestamp 0:00:05.814200000
03-06 09:27:50.469 22026 22340 D GStreamer+qtdemux: 0:02:47.552769571 0xdd2dbaf0 qtdemux.c:7936:qtdemux_parse_samples:<qtdemux1> samples at 296 is keyframe
03-06 09:27:50.469 22026 22340 V GStreamer+qtdemux: 0:02:47.552865404 0xdd2dbaf0 qtdemux.c:5498:next_entry_size:<qtdemux1> Checking Stream 0 (sample_index:296 / offset:42845557 / size:144404)
03-06 09:27:50.469 22026 22340 V GStreamer+qtdemux: 0:02:47.552959050 0xdd2dbaf0 qtdemux.c:5509:next_entry_size:<qtdemux1> stream 0 offset 42845557 demux->offset :42845557
03-06 09:27:50.469 22026 22340 D GStreamer+qtdemux: 0:02:47.553107279 0xdd2dbaf0 qtdemux.c:5700:gst_qtdemux_chain:<qtdemux1> pushing in inbuf 0xdc9a5460, neededbytes:144404, available:6835
03-06 09:27:50.469 22026 22340 D GStreamer+qtdemux: 0:02:47.553234102 0xdd2dbaf0 qtdemux.c:5700:gst_qtdemux_chain:<qtdemux1> pushing in inbuf 0xdc979600, neededbytes:144404, available:10931
03-06 09:27:50.469 22026 22340 D GStreamer+qtdemux: 0:02:47.553355561 0xdd2dbaf0 qtdemux.c:5700:gst_qtdemux_chain:<qtdemux1> pushing in inbuf 0xdc9a63d0, neededbytes:144404, available:15027
03-06 09:27:50.469 22026 22340 D GStreamer+qtdemux: 0:02:47.553470248 0xdd2dbaf0 qtdemux.c:5700:gst_qtdemux_chain:<qtdemux1> pushing in inbuf 0xdc9a6330, neededbytes:144404, available:19123
03-06 09:27:50.470 22026 22340 D GStreamer+qtdemux: 0:02:47.553597019 0xdd2dbaf0 qtdemux.c:5700:gst_qtdemux_chain:<qtdemux1> pushing in inbuf 0xdcbff850, neededbytes:144404, available:23219
03-06 09:27:50.470 22026 22340 D GStreamer+qtdemux: 0:02:47.553717019 0xdd2dbaf0 qtdemux.c:5700:gst_qtdemux_chain:<qtdemux1> pushing in inbuf 0xdc9a5ee8, neededbytes:144404, available:27315
03-06 09:27:50.470 22026 22340 D GStreamer+qtdemux: 0:02:47.553845404 0xdd2dbaf0 qtdemux.c:5700:gst_qtdemux_chain:<qtdemux1> pushing in inbuf 0xdcc512a8, neededbytes:144404, available:31411
03-06 09:27:50.470 22026 22340 D GStreamer+qtdemux: 0:02:47.553960561 0xdd2dbaf0 qtdemux.c:5700:gst_qtdemux_chain:<qtdemux1> pushing in inbuf 0xdc9a6ef8, neededbytes:144404, available:35507
03-06 09:27:50.470 22026 22340 D GStreamer+qtdemux: 0:02:47.554077175 0xdd2dbaf0 qtdemux.c:5700:gst_qtdemux_chain:<qtdemux1> pushing in inbuf 0xdcc3fa00, neededbytes:144404, available:39603
03-06 09:27:50.470 22026 22340 D GStreamer+qtdemux: 0:02:47.554198894 0xdd2dbaf0 qtdemux.c:5700:gst_qtdemux_chain:<qtdemux1> pushing in inbuf 0xdcbff710, neededbytes:144404, available:43699
03-06 09:27:50.470 22026 22340 D GStreamer+qtdemux: 0:02:47.554318009 0xdd2dbaf0 qtdemux.c:5700:gst_qtdemux_chain:<qtdemux1> pushing in inbuf 0xdccff408, neededbytes:144404, available:47795
03-06 09:27:50.470 22026 22340 D GStreamer+qtdemux: 0:02:47.554440873 0xdd2dbaf0 qtdemux.c:5700:gst_qtdemux_chain:<qtdemux1> pushing in inbuf 0xdd15ce58, neededbytes:144404, available:51891
03-06 09:27:50.471 22026 22340 D GStreamer+qtdemux: 0:02:47.554555925 0xdd2dbaf0 qtdemux.c:5700:gst_qtdemux_chain:<qtdemux1> pushing in inbuf 0xdc9a50a0, neededbytes:144404, available:55987
03-06 09:27:50.471 22026 22340 D GStreamer+qtdemux: 0:02:47.554670613 0xdd2dbaf0 qtdemux.c:5700:gst_qtdemux_chain:<qtdemux1> pushing in inbuf 0xdc977828, neededbytes:144404, available:60083
03-06 09:27:50.471 22026 22340 D GStreamer+qtdemux: 0:02:47.554786550 0xdd2dbaf0 qtdemux.c:5700:gst_qtdemux_chain:<qtdemux1> pushing in inbuf 0xdc979a80, neededbytes:144404, available:64179
03-06 09:27:50.471 22026 22340 D GStreamer+qtdemux: 0:02:47.554899675 0xdd2dbaf0 qtdemux.c:5700:gst_qtdemux_chain:<qtdemux1> pushing in inbuf 0xdcbffcb0, neededbytes:144404, available:68275
03-06 09:27:50.471 22026 22340 D GStreamer+qtdemux: 0:02:47.555014936 0xdd2dbaf0 qtdemux.c:5700:gst_qtdemux_chain:<qtdemux1> pushing in inbuf 0xdcbff210, neededbytes:144404, available:72371
03-06 09:27:50.471 22026 22340 D GStreamer+qtdemux: 0:02:47.555131915 0xdd2dbaf0 qtdemux.c:5700:gst_qtdemux_chain:<qtdemux1> pushing in inbuf 0xdc978e88, neededbytes:144404, available:76467
03-06 09:27:50.471 22026 22340 D GStreamer+qtdemux: 0:02:47.555247957 0xdd2dbaf0 qtdemux.c:5700:gst_qtdemux_chain:<qtdemux1> pushing in inbuf 0xdccffb70, neededbytes:144404, available:80563
03-06 09:27:50.471 22026 22340 D GStreamer+qtdemux: 0:02:47.555362644 0xdd2dbaf0 qtdemux.c:5700:gst_qtdemux_chain:<qtdemux1> pushing in inbuf 0xdc9a6958, neededbytes:144404, available:84659
03-06 09:27:50.471 22026 22340 D GStreamer+qtdemux: 0:02:47.555477540 0xdd2dbaf0 qtdemux.c:5700:gst_qtdemux_chain:<qtdemux1> pushing in inbuf 0xdccff228, neededbytes:144404, available:88755
03-06 09:27:50.472 22026 22340 D GStreamer+qtdemux: 0:02:47.555590821 0xdd2dbaf0 qtdemux.c:5700:gst_qtdemux_chain:<qtdemux1> pushing in inbuf 0xdcc3fe60, neededbytes:144404, available:92851
03-06 09:27:50.472 22026 22340 D GStreamer+qtdemux: 0:02:47.555748217 0xdd2dbaf0 qtdemux.c:5700:gst_qtdemux_chain:<qtdemux1> pushing in inbuf 0xdca793e8, neededbytes:144404, available:96947
03-06 09:27:50.472 22026 22340 D GStreamer+qtdemux: 0:02:47.555866915 0xdd2dbaf0 qtdemux.c:5700:gst_qtdemux_chain:<qtdemux1> pushing in inbuf 0xdc978de8, neededbytes:144404, available:101043
03-06 09:27:50.472 22026 22340 D GStreamer+qtdemux: 0:02:47.555985092 0xdd2dbaf0 qtdemux.c:5700:gst_qtdemux_chain:<qtdemux1> pushing in inbuf 0xdcc3e950, neededbytes:144404, available:105139
03-06 09:27:50.472 22026 22340 D GStreamer+qtdemux: 0:02:47.556098477 0xdd2dbaf0 qtdemux.c:5700:gst_qtdemux_chain:<qtdemux1> pushing in inbuf 0xdc9a5b28, neededbytes:144404, available:109235
03-06 09:27:50.472 22026 22340 D GStreamer+qtdemux: 0:02:47.556217488 0xdd2dbaf0 qtdemux.c:5700:gst_qtdemux_chain:<qtdemux1> pushing in inbuf 0xdd15c958, neededbytes:144404, available:113331
03-06 09:27:50.472 22026 22340 D GStreamer+qtdemux: 0:02:47.556350144 0xdd2dbaf0 qtdemux.c:5700:gst_qtdemux_chain:<qtdemux1> pushing in inbuf 0xdcc59bc8, neededbytes:144404, available:117427
03-06 09:27:50.472 22026 22340 D GStreamer+qtdemux: 0:02:47.556469675 0xdd2dbaf0 qtdemux.c:5700:gst_qtdemux_chain:<qtdemux1> pushing in inbuf 0xdc9a5d08, neededbytes:144404, available:121523
03-06 09:27:50.473 22026 22340 D GStreamer+qtdemux: 0:02:47.556594884 0xdd2dbaf0 qtdemux.c:5700:gst_qtdemux_chain:<qtdemux1> pushing in inbuf 0xdcc51208, neededbytes:144404, available:125619
03-06 09:27:50.473 22026 22340 D GStreamer+qtdemux: 0:02:47.556707384 0xdd2dbaf0 qtdemux.c:5700:gst_qtdemux_chain:<qtdemux1> pushing in inbuf 0xdcc3ea90, neededbytes:144404, available:129715
03-06 09:27:50.473 22026 22340 D GStreamer+qtdemux: 0:02:47.556822904 0xdd2dbaf0 qtdemux.c:5700:gst_qtdemux_chain:<qtdemux1> pushing in inbuf 0xdc9a6c78, neededbytes:144404, available:133811
03-06 09:27:50.473 22026 22340 D GStreamer+qtdemux: 0:02:47.556936186 0xdd2dbaf0 qtdemux.c:5700:gst_qtdemux_chain:<qtdemux1> pushing in inbuf 0xdc9a5bc8, neededbytes:144404, available:137907
03-06 09:27:50.473 22026 22340 D GStreamer+qtdemux: 0:02:47.557049311 0xdd2dbaf0 qtdemux.c:5700:gst_qtdemux_chain:<qtdemux1> pushing in inbuf 0xdcc3ee50, neededbytes:144404, available:142003
03-06 09:27:50.473 22026 22340 D GStreamer+qtdemux: 0:02:47.557163582 0xdd2dbaf0 qtdemux.c:5700:gst_qtdemux_chain:<qtdemux1> pushing in inbuf 0xdcc51f00, neededbytes:144404, available:146099
03-06 09:27:50.473 22026 22340 D GStreamer+qtdemux: 0:02:47.557257123 0xdd2dbaf0 qtdemux.c:5720:gst_qtdemux_process_adapter:<qtdemux1> state:2 , demux->neededbytes:144404, demux->offset:42845557
03-06 09:27:50.473 22026 22340 D GStreamer+qtdemux: 0:02:47.557340613 0xdd2dbaf0 qtdemux.c:6067:gst_qtdemux_process_adapter:<qtdemux1> BEGIN // in MOVIE for offset 42845557
03-06 09:27:50.473 22026 22340 V GStreamer+qtdemux: 0:02:47.557435769 0xdd2dbaf0 qtdemux.c:6145:gst_qtdemux_process_adapter:<qtdemux1> Checking stream 0 (sample_index:296 / offset:42845557 / size:144404)
03-06 09:27:50.474 22026 22340 D GStreamer+qtdemux: 0:02:47.557522436 0xdd2dbaf0 qtdemux.c:6163:gst_qtdemux_process_adapter:<qtdemux1> stream : avc1
03-06 09:27:50.474 22026 22340 V GStreamer+qtdemux: 0:02:47.558096654 0xdd2dbaf0 qtdemux.c:4961:gst_qtdemux_decorate_and_push_buffer:<qtdemux1> Pushing buffer with dts 0:00:05.814200000, pts 0:00:05.814200000, duration 0:00:00.019400000 on pad video_0
03-06 09:27:50.486 22026 22232 V GStreamer+qtdemux: 0:02:47.570153790 0xdd2db980 qtdemux.c:810:gst_qtdemux_handle_src_query:<qtdemux1:video_0> position query
03-06 09:27:50.488 22026 22340 V GStreamer+qtdemux: 0:02:47.571535769 0xdd2dbaf0 qtdemux.c:4633:gst_qtdemux_combine_flows:<qtdemux1> flow return: ok
03-06 09:27:50.488 22026 22340 V GStreamer+qtdemux: 0:02:47.571761707 0xdd2dbaf0 qtdemux.c:4641:gst_qtdemux_combine_flows:<qtdemux1> combined flow return: ok
03-06 09:27:50.488 22026 22342 I GStreamer+baseparse: 0:02:47.571804519 0xd73ffa90 gstbaseparse.c:3945:gst_base_parse_set_latency:<h264parse1> min/max latency 0:00:00.019480519, 0:00:00.019480519
03-06 09:27:50.488 22026 22340 V GStreamer+qtdemux: 0:02:47.571866915 0xdd2dbaf0 qtdemux.c:6219:gst_qtdemux_process_adapter:<qtdemux1> increasing offset 42845557 by 144404
03-06 09:27:50.488 22026 22340 V GStreamer+qtdemux: 0:02:47.571963477 0xdd2dbaf0 qtdemux.c:6222:gst_qtdemux_process_adapter:<qtdemux1> offset is now 42989961
03-06 09:27:50.488 22026 22340 V GStreamer+qtdemux: 0:02:47.572054311 0xdd2dbaf0 qtdemux.c:5472:next_entry_size:<qtdemux1> Finding entry at offset 42989961
03-06 09:27:50.488 22026 22340 V GStreamer+qtdemux: 0:02:47.572162644 0xdd2dbaf0 qtdemux.c:7663:qtdemux_parse_samples:<qtdemux1> parsing samples for stream fourcc avc1, pad video_0
03-06 09:27:50.488 22026 22340 D GStreamer+qtdemux: 0:02:47.572256134 0xdd2dbaf0 qtdemux.c:7674:qtdemux_parse_samples:<qtdemux1> parsing up to sample 297
03-06 09:27:50.488 22026 22340 V GStreamer+qtdemux: 0:02:47.572343998 0xdd2dbaf0 qtdemux.c:7700:qtdemux_parse_samples:<qtdemux1> sample 297 has size 144136
03-06 09:27:50.488 22026 22340 V GStreamer+qtdemux: 0:02:47.572440248 0xdd2dbaf0 qtdemux.c:7824:qtdemux_parse_samples:<qtdemux1> creating entry 297 with offset 42989961 and size 144136
03-06 09:27:50.489 22026 22340 D GStreamer+qtdemux: 0:02:47.572542488 0xdd2dbaf0 qtdemux.c:7881:qtdemux_parse_samples:<qtdemux1> sample 297: index 1, timestamp 0:00:05.833600000
03-06 09:27:50.489 22026 22340 D GStreamer+qtdemux: 0:02:47.572628582 0xdd2dbaf0 qtdemux.c:7936:qtdemux_parse_samples:<qtdemux1> samples at 297 is keyframe
03-06 09:27:50.489 22026 22340 V GStreamer+qtdemux: 0:02:47.572726446 0xdd2dbaf0 qtdemux.c:5498:next_entry_size:<qtdemux1> Checking Stream 0 (sample_index:297 / offset:42989961 / size:144136)
03-06 09:27:50.489 22026 22340 V GStreamer+qtdemux: 0:02:47.572819884 0xdd2dbaf0 qtdemux.c:5509:next_entry_size:<qtdemux1> stream 0 offset 42989961 demux->offset :42989961
03-06 09:27:50.489 22026 22340 D GStreamer+qtdemux: 0:02:47.572981863 0xdd2dbaf0 qtdemux.c:5700:gst_qtdemux_chain:<qtdemux1> pushing in inbuf 0xdd6cd170, neededbytes:144136, available:5791
03-06 09:27:50.489 22026 22340 D GStreamer+qtdemux: 0:02:47.573142540 0xdd2dbaf0 qtdemux.c:5700:gst_qtdemux_chain:<qtdemux1> pushing in inbuf 0xdcbfe968, neededbytes:144136, available:9887
03-06 09:27:50.489 22026 22340 D GStreamer+qtdemux: 0:02:47.573273321 0xdd2dbaf0 qtdemux.c:5700:gst_qtdemux_chain:<qtdemux1> pushing in inbuf 0xdc9a66f0, neededbytes:144136, available:13983
03-06 09:27:50.489 22026 22340 D GStreamer+qtdemux: 0:02:47.573388321 0xdd2dbaf0 qtdemux.c:5700:gst_qtdemux_chain:<qtdemux1> pushing in inbuf 0xdccfe5d8, neededbytes:144136, available:18079
03-06 09:27:50.489 22026 22340 D GStreamer+qtdemux: 0:02:47.573489884 0xdd2dbaf0 qtdemux.c:5700:gst_qtdemux_chain:<qtdemux1> pushing in inbuf 0xdccfeca0, neededbytes:144136, available:22175
03-06 09:27:50.490 22026 22340 D GStreamer+qtdemux: 0:02:47.573699884 0xdd2dbaf0 qtdemux.c:5700:gst_qtdemux_chain:<qtdemux1> pushing in inbuf 0xdcc51028, neededbytes:144136, available:26271
03-06 09:27:50.490 22026 22340 D GStreamer+qtdemux: 0:02:47.573823009 0xdd2dbaf0 qtdemux.c:5700:gst_qtdemux_chain:<qtdemux1> pushing in inbuf 0xdccfe038, neededbytes:144136, available:30367
03-06 09:27:50.490 22026 22340 D GStreamer+qtdemux: 0:02:47.573943946 0xdd2dbaf0 qtdemux.c:5700:gst_qtdemux_chain:<qtdemux1> pushing in inbuf 0xdcbff8f0, neededbytes:144136, available:34463
03-06 09:27:50.490 22026 22340 D GStreamer+qtdemux: 0:02:47.574066134 0xdd2dbaf0 qtdemux.c:5700:gst_qtdemux_chain:<qtdemux1> pushing in inbuf 0xdccf3e68, neededbytes:144136, available:38559
03-06 09:27:50.490 22026 22340 D GStreamer+qtdemux: 0:02:47.574175561 0xdd2dbaf0 qtdemux.c:5700:gst_qtdemux_chain:<qtdemux1> pushing in inbuf 0xdc9a69f8, neededbytes:144136, available:42655
03-06 09:27:50.490 22026 22340 D GStreamer+qtdemux: 0:02:47.574282852 0xdd2dbaf0 qtdemux.c:5700:gst_qtdemux_chain:<qtdemux1> pushing in inbuf 0xdccf3968, neededbytes:144136, available:46751
03-06 09:27:50.490 22026 22340 D GStreamer+qtdemux: 0:02:47.574390404 0xdd2dbaf0 qtdemux.c:5700:gst_qtdemux_chain:<qtdemux1> pushing in inbuf 0xdcc590c0, neededbytes:144136, available:50847
03-06 09:27:50.491 22026 22340 D GStreamer+qtdemux: 0:02:47.574496915 0xdd2dbaf0 qtdemux.c:5700:gst_qtdemux_chain:<qtdemux1> pushing in inbuf 0xdcbfe8c8, neededbytes:144136, available:54943
03-06 09:27:50.491 22026 22340 D GStreamer+qtdemux: 0:02:47.574604988 0xdd2dbaf0 qtdemux.c:5700:gst_qtdemux_chain:<qtdemux1> pushing in inbuf 0xdc9a51e0, neededbytes:144136, available:59039
03-06 09:27:50.491 22026 22340 D GStreamer+qtdemux: 0:02:47.574722279 0xdd2dbaf0 qtdemux.c:5700:gst_qtdemux_chain:<qtdemux1> pushing in inbuf 0xdd6cd030, neededbytes:144136, available:63135
