03-06 09:27:49.580 22026 22340 D GStreamer+qtdemux: 0:02:46.664323790 0xdd2dbaf0 qtdemux.c:6163:gst_qtdemux_process_adapter:<qtdemux1> stream : avc1
03-06 09:27:49.581 22026 22340 V GStreamer+qtdemux: 0:02:46.664868738 0xdd2dbaf0 qtdemux.c:4961:gst_qtdemux_decorate_and_push_buffer:<qtdemux1> Pushing buffer with dts 0:00:04.978200000, pts 0:00:04.978200000, duration 0:00:00.019400000 on pad video_0
03-06 09:27:49.592 22026 22232 V GStreamer+qtdemux: 0:02:46.676023478 0xdd2db980 qtdemux.c:810:gst_qtdemux_handle_src_query:<qtdemux1:video_0> position query
03-06 09:27:49.593 22026 22340 V GStreamer+qtdemux: 0:02:46.677343738 0xdd2dbaf0 qtdemux.c:4633:gst_qtdemux_combine_flows:<qtdemux1> flow return: ok
03-06 09:27:49.593 22026 22340 V GStreamer+qtdemux: 0:02:46.677482176 0xdd2dbaf0 qtdemux.c:4641:gst_qtdemux_combine_flows:<qtdemux1> combined flow return: ok
03-06 09:27:49.594 22026 22340 V GStreamer+qtdemux: 0:02:46.677647696 0xdd2dbaf0 qtdemux.c:6219:gst_qtdemux_process_adapter:<qtdemux1> increasing offset 36636189 by 144221
03-06 09:27:49.594 22026 22342 I GStreamer+baseparse: 0:02:46.677756394 0xd73ffa90 gstbaseparse.c:3945:gst_base_parse_set_latency:<h264parse1> min/max latency 0:00:00.019480519, 0:00:00.019480519
03-06 09:27:49.594 22026 22340 V GStreamer+qtdemux: 0:02:46.677789884 0xdd2dbaf0 qtdemux.c:6222:gst_qtdemux_process_adapter:<qtdemux1> offset is now 36780410
03-06 09:27:49.594 22026 22340 V GStreamer+qtdemux: 0:02:46.677911499 0xdd2dbaf0 qtdemux.c:5472:next_entry_size:<qtdemux1> Finding entry at offset 36780410
03-06 09:27:49.594 22026 22340 V GStreamer+qtdemux: 0:02:46.678013790 0xdd2dbaf0 qtdemux.c:7663:qtdemux_parse_samples:<qtdemux1> parsing samples for stream fourcc avc1, pad video_0
03-06 09:27:49.594 22026 22340 D GStreamer+qtdemux: 0:02:46.678111499 0xdd2dbaf0 qtdemux.c:7674:qtdemux_parse_samples:<qtdemux1> parsing up to sample 254
03-06 09:27:49.594 22026 22340 V GStreamer+qtdemux: 0:02:46.678208790 0xdd2dbaf0 qtdemux.c:7700:qtdemux_parse_samples:<qtdemux1> sample 254 has size 144099
03-06 09:27:49.594 22026 22340 V GStreamer+qtdemux: 0:02:46.678304363 0xdd2dbaf0 qtdemux.c:7824:qtdemux_parse_samples:<qtdemux1> creating entry 254 with offset 36780410 and size 144099
03-06 09:27:49.594 22026 22340 D GStreamer+qtdemux: 0:02:46.678409207 0xdd2dbaf0 qtdemux.c:7881:qtdemux_parse_samples:<qtdemux1> sample 254: index 1, timestamp 0:00:04.997600000
03-06 09:27:49.595 22026 22340 D GStreamer+qtdemux: 0:02:46.678492124 0xdd2dbaf0 qtdemux.c:7936:qtdemux_parse_samples:<qtdemux1> samples at 254 is keyframe
03-06 09:27:49.595 22026 22340 V GStreamer+qtdemux: 0:02:46.678589311 0xdd2dbaf0 qtdemux.c:5498:next_entry_size:<qtdemux1> Checking Stream 0 (sample_index:254 / offset:36780410 / size:144099)
03-06 09:27:49.595 22026 22340 V GStreamer+qtdemux: 0:02:46.678681603 0xdd2dbaf0 qtdemux.c:5509:next_entry_size:<qtdemux1> stream 0 offset 36780410 demux->offset :36780410
03-06 09:27:49.595 22026 22340 D GStreamer+qtdemux: 0:02:46.678837592 0xdd2dbaf0 qtdemux.c:5700:gst_qtdemux_chain:<qtdemux1> pushing in inbuf 0xdca79f10, neededbytes:144099, available:5806
03-06 09:27:49.595 22026 22340 D GStreamer+qtdemux: 0:02:46.678961603 0xdd2dbaf0 qtdemux.c:5700:gst_qtdemux_chain:<qtdemux1> pushing in inbuf 0xdc9a56e0, neededbytes:144099, available:9902
03-06 09:27:49.595 22026 22340 D GStreamer+qtdemux: 0:02:46.679068165 0xdd2dbaf0 qtdemux.c:5700:gst_qtdemux_chain:<qtdemux1> pushing in inbuf 0xdc979d00, neededbytes:144099, available:13998
03-06 09:27:49.595 22026 22340 D GStreamer+qtdemux: 0:02:46.679172488 0xdd2dbaf0 qtdemux.c:5700:gst_qtdemux_chain:<qtdemux1> pushing in inbuf 0xdc9a5bc8, neededbytes:144099, available:18094
03-06 09:27:49.595 22026 22340 D GStreamer+qtdemux: 0:02:46.679276499 0xdd2dbaf0 qtdemux.c:5700:gst_qtdemux_chain:<qtdemux1> pushing in inbuf 0xdcc3ee50, neededbytes:144099, available:22190
03-06 09:27:49.595 22026 22340 D GStreamer+qtdemux: 0:02:46.679382280 0xdd2dbaf0 qtdemux.c:5700:gst_qtdemux_chain:<qtdemux1> pushing in inbuf 0xdcc51f00, neededbytes:144099, available:26286
03-06 09:27:49.595 22026 22340 D GStreamer+qtdemux: 0:02:46.679487540 0xdd2dbaf0 qtdemux.c:5700:gst_qtdemux_chain:<qtdemux1> pushing in inbuf 0xdd6cd170, neededbytes:144099, available:30382
03-06 09:27:49.596 22026 22340 D GStreamer+qtdemux: 0:02:46.679597228 0xdd2dbaf0 qtdemux.c:5700:gst_qtdemux_chain:<qtdemux1> pushing in inbuf 0xdcbfe968, neededbytes:144099, available:34478
03-06 09:27:49.596 22026 22340 D GStreamer+qtdemux: 0:02:46.679713686 0xdd2dbaf0 qtdemux.c:5700:gst_qtdemux_chain:<qtdemux1> pushing in inbuf 0xdc9a66f0, neededbytes:144099, available:38574
03-06 09:27:49.596 22026 22340 D GStreamer+qtdemux: 0:02:46.679831186 0xdd2dbaf0 qtdemux.c:5700:gst_qtdemux_chain:<qtdemux1> pushing in inbuf 0xdc9a51e0, neededbytes:144099, available:42670
03-06 09:27:49.596 22026 22340 D GStreamer+qtdemux: 0:02:46.679948686 0xdd2dbaf0 qtdemux.c:5700:gst_qtdemux_chain:<qtdemux1> pushing in inbuf 0xdd15ce58, neededbytes:144099, available:46766
03-06 09:27:49.596 22026 22340 D GStreamer+qtdemux: 0:02:46.680065978 0xdd2dbaf0 qtdemux.c:5700:gst_qtdemux_chain:<qtdemux1> pushing in inbuf 0xdc9a50a0, neededbytes:144099, available:50862
03-06 09:27:49.596 22026 22340 D GStreamer+qtdemux: 0:02:46.680183321 0xdd2dbaf0 qtdemux.c:5700:gst_qtdemux_chain:<qtdemux1> pushing in inbuf 0xdd15c9f8, neededbytes:144099, available:54958
03-06 09:27:49.596 22026 22340 D GStreamer+qtdemux: 0:02:46.680308374 0xdd2dbaf0 qtdemux.c:5700:gst_qtdemux_chain:<qtdemux1> pushing in inbuf 0xdccf3020, neededbytes:144099, available:59054
03-06 09:27:49.596 22026 22340 D GStreamer+qtdemux: 0:02:46.680434311 0xdd2dbaf0 qtdemux.c:5700:gst_qtdemux_chain:<qtdemux1> pushing in inbuf 0xdccfe3f8, neededbytes:144099, available:63150
03-06 09:27:49.597 22026 22340 D GStreamer+qtdemux: 0:02:46.680557957 0xdd2dbaf0 qtdemux.c:5700:gst_qtdemux_chain:<qtdemux1> pushing in inbuf 0xdc978ac8, neededbytes:144099, available:67246
03-06 09:27:49.597 22026 22340 D GStreamer+qtdemux: 0:02:46.680684780 0xdd2dbaf0 qtdemux.c:5700:gst_qtdemux_chain:<qtdemux1> pushing in inbuf 0xdc979da0, neededbytes:144099, available:71342
03-06 09:27:49.597 22026 22340 D GStreamer+qtdemux: 0:02:46.680809259 0xdd2dbaf0 qtdemux.c:5700:gst_qtdemux_chain:<qtdemux1> pushing in inbuf 0xdc978ca8, neededbytes:144099, available:75438
03-06 09:27:49.597 22026 22340 D GStreamer+qtdemux: 0:02:46.680936238 0xdd2dbaf0 qtdemux.c:5700:gst_qtdemux_chain:<qtdemux1> pushing in inbuf 0xdcc3ed10, neededbytes:144099, available:79534
03-06 09:27:49.597 22026 22340 D GStreamer+qtdemux: 0:02:46.681063530 0xdd2dbaf0 qtdemux.c:5700:gst_qtdemux_chain:<qtdemux1> pushing in inbuf 0xdcc3e328, neededbytes:144099, available:83630
03-06 09:27:49.597 22026 22340 D GStreamer+qtdemux: 0:02:46.681190196 0xdd2dbaf0 qtdemux.c:5700:gst_qtdemux_chain:<qtdemux1> pushing in inbuf 0xdc9a5000, neededbytes:144099, available:87726
03-06 09:27:49.597 22026 22340 D GStreamer+qtdemux: 0:02:46.681314467 0xdd2dbaf0 qtdemux.c:5700:gst_qtdemux_chain:<qtdemux1> pushing in inbuf 0xdd15cbd8, neededbytes:144099, available:91822
03-06 09:27:49.597 22026 22340 D GStreamer+qtdemux: 0:02:46.681442436 0xdd2dbaf0 qtdemux.c:5700:gst_qtdemux_chain:<qtdemux1> pushing in inbuf 0xdcc3e1e8, neededbytes:144099, available:95918
03-06 09:27:49.598 22026 22340 D GStreamer+qtdemux: 0:02:46.681571290 0xdd2dbaf0 qtdemux.c:5700:gst_qtdemux_chain:<qtdemux1> pushing in inbuf 0xdcbff170, neededbytes:144099, available:100014
03-06 09:27:49.598 22026 22340 D GStreamer+qtdemux: 0:02:46.681679624 0xdd2dbaf0 qtdemux.c:5700:gst_qtdemux_chain:<qtdemux1> pushing in inbuf 0xdcc59480, neededbytes:144099, available:104110
03-06 09:27:49.598 22026 22340 D GStreamer+qtdemux: 0:02:46.681786707 0xdd2dbaf0 qtdemux.c:5700:gst_qtdemux_chain:<qtdemux1> pushing in inbuf 0xdcc3e288, neededbytes:144099, available:108206
03-06 09:27:49.598 22026 22340 D GStreamer+qtdemux: 0:02:46.681897696 0xdd2dbaf0 qtdemux.c:5700:gst_qtdemux_chain:<qtdemux1> pushing in inbuf 0xdcc59da8, neededbytes:144099, available:112302
03-06 09:27:49.598 22026 22340 D GStreamer+qtdemux: 0:02:46.682009415 0xdd2dbaf0 qtdemux.c:5700:gst_qtdemux_chain:<qtdemux1> pushing in inbuf 0xdcbffc10, neededbytes:144099, available:116398
03-06 09:27:49.598 22026 22340 D GStreamer+qtdemux: 0:02:46.682119832 0xdd2dbaf0 qtdemux.c:5700:gst_qtdemux_chain:<qtdemux1> pushing in inbuf 0xdca79488, neededbytes:144099, available:120494
03-06 09:27:49.598 22026 22340 D GStreamer+qtdemux: 0:02:46.682228478 0xdd2dbaf0 qtdemux.c:5700:gst_qtdemux_chain:<qtdemux1> pushing in inbuf 0xdcbfe660, neededbytes:144099, available:124590
03-06 09:27:49.598 22026 22340 D GStreamer+qtdemux: 0:02:46.682335040 0xdd2dbaf0 qtdemux.c:5700:gst_qtdemux_chain:<qtdemux1> pushing in inbuf 0xdc979100, neededbytes:144099, available:128686
03-06 09:27:49.598 22026 22340 D GStreamer+qtdemux: 0:02:46.682441499 0xdd2dbaf0 qtdemux.c:5700:gst_qtdemux_chain:<qtdemux1> pushing in inbuf 0xdccf3828, neededbytes:144099, available:132782
03-06 09:27:49.599 22026 22340 D GStreamer+qtdemux: 0:02:46.682547280 0xdd2dbaf0 qtdemux.c:5700:gst_qtdemux_chain:<qtdemux1> pushing in inbuf 0xdcc51668, neededbytes:144099, available:136878
03-06 09:27:49.599 22026 22340 D GStreamer+qtdemux: 0:02:46.682650457 0xdd2dbaf0 qtdemux.c:5700:gst_qtdemux_chain:<qtdemux1> pushing in inbuf 0xdca79dd0, neededbytes:144099, available:140974
03-06 09:27:49.599 22026 22340 D GStreamer+qtdemux: 0:02:46.682753061 0xdd2dbaf0 qtdemux.c:5700:gst_qtdemux_chain:<qtdemux1> pushing in inbuf 0xdd15c818, neededbytes:144099, available:145070
03-06 09:27:49.599 22026 22340 D GStreamer+qtdemux: 0:02:46.682855926 0xdd2dbaf0 qtdemux.c:5720:gst_qtdemux_process_adapter:<qtdemux1> state:2 , demux->neededbytes:144099, demux->offset:36780410
03-06 09:27:49.599 22026 22340 D GStreamer+qtdemux: 0:02:46.682943321 0xdd2dbaf0 qtdemux.c:6067:gst_qtdemux_process_adapter:<qtdemux1> BEGIN // in MOVIE for offset 36780410
03-06 09:27:49.599 22026 22340 V GStreamer+qtdemux: 0:02:46.683058582 0xdd2dbaf0 qtdemux.c:6145:gst_qtdemux_process_adapter:<qtdemux1> Checking stream 0 (sample_index:254 / offset:36780410 / size:144099)
03-06 09:27:49.599 22026 22340 D GStreamer+qtdemux: 0:02:46.683151394 0xdd2dbaf0 qtdemux.c:6163:gst_qtdemux_process_adapter:<qtdemux1> stream : avc1
03-06 09:27:49.600 22026 22340 V GStreamer+qtdemux: 0:02:46.683736446 0xdd2dbaf0 qtdemux.c:4961:gst_qtdemux_decorate_and_push_buffer:<qtdemux1> Pushing buffer with dts 0:00:04.997600000, pts 0:00:04.997600000, duration 0:00:00.019400000 on pad video_0
03-06 09:27:49.612 22026 22232 V GStreamer+qtdemux: 0:02:46.695589624 0xdd2db980 qtdemux.c:810:gst_qtdemux_handle_src_query:<qtdemux1:video_0> position query
03-06 09:27:49.613 22026 22340 V GStreamer+qtdemux: 0:02:46.696848478 0xdd2dbaf0 qtdemux.c:4633:gst_qtdemux_combine_flows:<qtdemux1> flow return: ok
03-06 09:27:49.613 22026 22340 V GStreamer+qtdemux: 0:02:46.696995040 0xdd2dbaf0 qtdemux.c:4641:gst_qtdemux_combine_flows:<qtdemux1> combined flow return: ok
03-06 09:27:49.613 22026 22340 V GStreamer+qtdemux: 0:02:46.697115457 0xdd2dbaf0 qtdemux.c:6219:gst_qtdemux_process_adapter:<qtdemux1> increasing offset 36780410 by 144099
03-06 09:27:49.613 22026 22340 V GStreamer+qtdemux: 0:02:46.697205353 0xdd2dbaf0 qtdemux.c:6222:gst_qtdemux_process_adapter:<qtdemux1> offset is now 36924509
03-06 09:27:49.613 22026 22342 I GStreamer+baseparse: 0:02:46.697234311 0xd73ffa90 gstbaseparse.c:3945:gst_base_parse_set_latency:<h264parse1> min/max latency 0:00:00.019480519, 0:00:00.019480519
03-06 09:27:49.613 22026 22340 V GStreamer+qtdemux: 0:02:46.697292280 0xdd2dbaf0 qtdemux.c:5472:next_entry_size:<qtdemux1> Finding entry at offset 36924509
03-06 09:27:49.613 22026 22340 V GStreamer+qtdemux: 0:02:46.697385769 0xdd2dbaf0 qtdemux.c:7663:qtdemux_parse_samples:<qtdemux1> parsing samples for stream fourcc avc1, pad video_0
03-06 09:27:49.613 22026 22340 D GStreamer+qtdemux: 0:02:46.697478634 0xdd2dbaf0 qtdemux.c:7674:qtdemux_parse_samples:<qtdemux1> parsing up to sample 255
03-06 09:27:49.614 22026 22340 V GStreamer+qtdemux: 0:02:46.697674676 0xdd2dbaf0 qtdemux.c:7700:qtdemux_parse_samples:<qtdemux1> sample 255 has size 144622
03-06 09:27:49.614 22026 22340 V GStreamer+qtdemux: 0:02:46.697793009 0xdd2dbaf0 qtdemux.c:7824:qtdemux_parse_samples:<qtdemux1> creating entry 255 with offset 36924509 and size 144622
03-06 09:27:49.614 22026 22340 D GStreamer+qtdemux: 0:02:46.697905926 0xdd2dbaf0 qtdemux.c:7881:qtdemux_parse_samples:<qtdemux1> sample 255: index 2, timestamp 0:00:05.017000000
03-06 09:27:49.614 22026 22340 D GStreamer+qtdemux: 0:02:46.697997853 0xdd2dbaf0 qtdemux.c:7936:qtdemux_parse_samples:<qtdemux1> samples at 255 is keyframe
03-06 09:27:49.614 22026 22340 V GStreamer+qtdemux: 0:02:46.698098113 0xdd2dbaf0 qtdemux.c:5498:next_entry_size:<qtdemux1> Checking Stream 0 (sample_index:255 / offset:36924509 / size:144622)
03-06 09:27:49.614 22026 22340 V GStreamer+qtdemux: 0:02:46.698201342 0xdd2dbaf0 qtdemux.c:5509:next_entry_size:<qtdemux1> stream 0 offset 36924509 demux->offset :36924509
03-06 09:27:49.614 22026 22340 D GStreamer+qtdemux: 0:02:46.698391238 0xdd2dbaf0 qtdemux.c:5700:gst_qtdemux_chain:<qtdemux1> pushing in inbuf 0xdcc59660, neededbytes:144622, available:5067
03-06 09:27:49.615 22026 22340 D GStreamer+qtdemux: 0:02:46.698509415 0xdd2dbaf0 qtdemux.c:5700:gst_qtdemux_chain:<qtdemux1> pushing in inbuf 0xdc9a68b8, neededbytes:144622, available:9163
03-06 09:27:49.615 22026 22340 D GStreamer+qtdemux: 0:02:46.698624155 0xdd2dbaf0 qtdemux.c:5700:gst_qtdemux_chain:<qtdemux1> pushing in inbuf 0xdccfff30, neededbytes:144622, available:13259
03-06 09:27:49.615 22026 22340 D GStreamer+qtdemux: 0:02:46.698735092 0xdd2dbaf0 qtdemux.c:5700:gst_qtdemux_chain:<qtdemux1> pushing in inbuf 0xdcbff210, neededbytes:144622, available:17355
03-06 09:27:49.615 22026 22340 D GStreamer+qtdemux: 0:02:46.698847749 0xdd2dbaf0 qtdemux.c:5700:gst_qtdemux_chain:<qtdemux1> pushing in inbuf 0xdc978e88, neededbytes:144622, available:21451
03-06 09:27:49.615 22026 22340 D GStreamer+qtdemux: 0:02:46.698971915 0xdd2dbaf0 qtdemux.c:5700:gst_qtdemux_chain:<qtdemux1> pushing in inbuf 0xdccffb70, neededbytes:144622, available:25547
03-06 09:27:49.615 22026 22340 D GStreamer+qtdemux: 0:02:46.699083009 0xdd2dbaf0 qtdemux.c:5700:gst_qtdemux_chain:<qtdemux1> pushing in inbuf 0xdc9a6958, neededbytes:144622, available:29643
03-06 09:27:49.615 22026 22340 D GStreamer+qtdemux: 0:02:46.699196915 0xdd2dbaf0 qtdemux.c:5700:gst_qtdemux_chain:<qtdemux1> pushing in inbuf 0xdcc59340, neededbytes:144622, available:33739
03-06 09:27:49.615 22026 22340 D GStreamer+qtdemux: 0:02:46.699311603 0xdd2dbaf0 qtdemux.c:5700:gst_qtdemux_chain:<qtdemux1> pushing in inbuf 0xdccfe218, neededbytes:144622, available:37835
03-06 09:27:49.615 22026 22340 D GStreamer+qtdemux: 0:02:46.699464259 0xdd2dbaf0 qtdemux.c:5700:gst_qtdemux_chain:<qtdemux1> pushing in inbuf 0xdc978f28, neededbytes:144622, available:41931
03-06 09:27:49.616 22026 22340 D GStreamer+qtdemux: 0:02:46.699570821 0xdd2dbaf0 qtdemux.c:5700:gst_qtdemux_chain:<qtdemux1> pushing in inbuf 0xdcc3ff00, neededbytes:144622, available:46027
03-06 09:27:49.616 22026 22340 D GStreamer+qtdemux: 0:02:46.699675353 0xdd2dbaf0 qtdemux.c:5700:gst_qtdemux_chain:<qtdemux1> pushing in inbuf 0xdccff990, neededbytes:144622, available:50123
03-06 09:27:49.616 22026 22340 D GStreamer+qtdemux: 0:02:46.699802384 0xdd2dbaf0 qtdemux.c:5700:gst_qtdemux_chain:<qtdemux1> pushing in inbuf 0xdccf3968, neededbytes:144622, available:54219
03-06 09:27:49.616 22026 22340 D GStreamer+qtdemux: 0:02:46.699921030 0xdd2dbaf0 qtdemux.c:5700:gst_qtdemux_chain:<qtdemux1> pushing in inbuf 0xdcc590c0, neededbytes:144622, available:58315
03-06 09:27:49.616 22026 22340 D GStreamer+qtdemux: 0:02:46.700051551 0xdd2dbaf0 qtdemux.c:5700:gst_qtdemux_chain:<qtdemux1> pushing in inbuf 0xdc9788e8, neededbytes:144622, available:62411
03-06 09:27:49.616 22026 22340 D GStreamer+qtdemux: 0:02:46.700171290 0xdd2dbaf0 qtdemux.c:5700:gst_qtdemux_chain:<qtdemux1> pushing in inbuf 0xdcbff670, neededbytes:144622, available:66507
03-06 09:27:49.616 22026 22340 D GStreamer+qtdemux: 0:02:46.700293738 0xdd2dbaf0 qtdemux.c:5700:gst_qtdemux_chain:<qtdemux1> pushing in inbuf 0xdcc3f8c0, neededbytes:144622, available:70603
03-06 09:27:49.616 22026 22340 D GStreamer+qtdemux: 0:02:46.700416967 0xdd2dbaf0 qtdemux.c:5700:gst_qtdemux_chain:<qtdemux1> pushing in inbuf 0xdcc515c8, neededbytes:144622, available:74699
03-06 09:27:49.617 22026 22340 D GStreamer+qtdemux: 0:02:46.700532905 0xdd2dbaf0 qtdemux.c:5700:gst_qtdemux_chain:<qtdemux1> pushing in inbuf 0xdccffa30, neededbytes:144622, available:78795
03-06 09:27:49.617 22026 22340 D GStreamer+qtdemux: 0:02:46.700646655 0xdd2dbaf0 qtdemux.c:5700:gst_qtdemux_chain:<qtdemux1> pushing in inbuf 0xdccfede0, neededbytes:144622, available:82891
03-06 09:27:49.617 22026 22340 D GStreamer+qtdemux: 0:02:46.700760717 0xdd2dbaf0 qtdemux.c:5700:gst_qtdemux_chain:<qtdemux1> pushing in inbuf 0xdcc59948, neededbytes:144622, available:86987
03-06 09:27:49.617 22026 22340 D GStreamer+qtdemux: 0:02:46.700873374 0xdd2dbaf0 qtdemux.c:5700:gst_qtdemux_chain:<qtdemux1> pushing in inbuf 0xdcbff5d0, neededbytes:144622, available:91083
03-06 09:27:49.617 22026 22340 D GStreamer+qtdemux: 0:02:46.700985613 0xdd2dbaf0 qtdemux.c:5700:gst_qtdemux_chain:<qtdemux1> pushing in inbuf 0xdc979bc0, neededbytes:144622, available:95179
03-06 09:27:49.617 22026 22340 D GStreamer+qtdemux: 0:02:46.701102176 0xdd2dbaf0 qtdemux.c:5700:gst_qtdemux_chain:<qtdemux1> pushing in inbuf 0xdd6cd530, neededbytes:144622, available:99275
03-06 09:27:49.617 22026 22340 D GStreamer+qtdemux: 0:02:46.701224051 0xdd2dbaf0 qtdemux.c:5700:gst_qtdemux_chain:<qtdemux1> pushing in inbuf 0xdcc3f518, neededbytes:144622, available:103371
03-06 09:27:49.617 22026 22340 D GStreamer+qtdemux: 0:02:46.701350717 0xdd2dbaf0 qtdemux.c:5700:gst_qtdemux_chain:<qtdemux1> pushing in inbuf 0xdcc3e148, neededbytes:144622, available:107467
03-06 09:27:49.617 22026 22340 D GStreamer+qtdemux: 0:02:46.701464988 0xdd2dbaf0 qtdemux.c:5700:gst_qtdemux_chain:<qtdemux1> pushing in inbuf 0xdcc3e6e8, neededbytes:144622, available:111563
03-06 09:27:49.618 22026 22340 D GStreamer+qtdemux: 0:02:46.701579988 0xdd2dbaf0 qtdemux.c:5700:gst_qtdemux_chain:<qtdemux1> pushing in inbuf 0xdcbfff30, neededbytes:144622, available:115659
03-06 09:27:49.618 22026 22340 D GStreamer+qtdemux: 0:02:46.701692905 0xdd2dbaf0 qtdemux.c:5700:gst_qtdemux_chain:<qtdemux1> pushing in inbuf 0xdc9778c8, neededbytes:144622, available:119755
03-06 09:27:49.618 22026 22340 D GStreamer+qtdemux: 0:02:46.701806707 0xdd2dbaf0 qtdemux.c:5700:gst_qtdemux_chain:<qtdemux1> pushing in inbuf 0xdc9a65b0, neededbytes:144622, available:123851
03-06 09:27:49.618 22026 22340 D GStreamer+qtdemux: 0:02:46.701923582 0xdd2dbaf0 qtdemux.c:5700:gst_qtdemux_chain:<qtdemux1> pushing in inbuf 0xdccfec00, neededbytes:144622, available:127947
03-06 09:27:49.618 22026 22340 D GStreamer+qtdemux: 0:02:46.702045978 0xdd2dbaf0 qtdemux.c:5700:gst_qtdemux_chain:<qtdemux1> pushing in inbuf 0xdd6cd030, neededbytes:144622, available:132043
03-06 09:27:49.618 22026 22340 D GStreamer+qtdemux: 0:02:46.702161655 0xdd2dbaf0 qtdemux.c:5700:gst_qtdemux_chain:<qtdemux1> pushing in inbuf 0xdcc3e810, neededbytes:144622, available:136139
03-06 09:27:49.618 22026 22340 D GStreamer+qtdemux: 0:02:46.702277592 0xdd2dbaf0 qtdemux.c:5700:gst_qtdemux_chain:<qtdemux1> pushing in inbuf 0xdcc3e5a8, neededbytes:144622, available:140235
03-06 09:27:49.618 22026 22340 D GStreamer+qtdemux: 0:02:46.702392124 0xdd2dbaf0 qtdemux.c:5700:gst_qtdemux_chain:<qtdemux1> pushing in inbuf 0xdcc3fbe0, neededbytes:144622, available:144331
03-06 09:27:49.619 22026 22340 D GStreamer+qtdemux: 0:02:46.702526290 0xdd2dbaf0 qtdemux.c:5700:gst_qtdemux_chain:<qtdemux1> pushing in inbuf 0xdccffcb0, neededbytes:144622, available:148427
03-06 09:27:49.619 22026 22340 D GStreamer+qtdemux: 0:02:46.702623478 0xdd2dbaf0 qtdemux.c:5720:gst_qtdemux_process_adapter:<qtdemux1> state:2 , demux->neededbytes:144622, demux->offset:36924509
03-06 09:27:49.619 22026 22340 D GStreamer+qtdemux: 0:02:46.702707644 0xdd2dbaf0 qtdemux.c:6067:gst_qtdemux_process_adapter:<qtdemux1> BEGIN // in MOVIE for offset 36924509
03-06 09:27:49.619 22026 22340 V GStreamer+qtdemux: 0:02:46.702802853 0xdd2dbaf0 qtdemux.c:6145:gst_qtdemux_process_adapter:<qtdemux1> Checking stream 0 (sample_index:255 / offset:36924509 / size:144622)
03-06 09:27:49.619 22026 22340 D GStreamer+qtdemux: 0:02:46.702891707 0xdd2dbaf0 qtdemux.c:6163:gst_qtdemux_process_adapter:<qtdemux1> stream : avc1
03-06 09:27:49.619 22026 22340 V GStreamer+qtdemux: 0:02:46.703424988 0xdd2dbaf0 qtdemux.c:4961:gst_qtdemux_decorate_and_push_buffer:<qtdemux1> Pushing buffer with dts 0:00:05.017000000, pts 0:00:05.017000000, duration 0:00:00.019400000 on pad video_0
03-06 09:27:49.637 22026 22232 V GStreamer+qtdemux: 0:02:46.720966394 0xdd2db980 qtdemux.c:810:gst_qtdemux_handle_src_query:<qtdemux1:video_0> position query
03-06 09:27:49.640 22026 22340 V GStreamer+qtdemux: 0:02:46.724298269 0xdd2dbaf0 qtdemux.c:4633:gst_qtdemux_combine_flows:<qtdemux1> flow return: ok
03-06 09:27:49.640 22026 22340 V GStreamer+qtdemux: 0:02:46.724476655 0xdd2dbaf0 qtdemux.c:4641:gst_qtdemux_combine_flows:<qtdemux1> combined flow return: ok
03-06 09:27:49.641 22026 22340 V GStreamer+qtdemux: 0:02:46.724600926 0xdd2dbaf0 qtdemux.c:6219:gst_qtdemux_process_adapter:<qtdemux1> increasing offset 36924509 by 144622
03-06 09:27:49.641 22026 22342 I GStreamer+baseparse: 0:02:46.724666030 0xd73ffa90 gstbaseparse.c:3945:gst_base_parse_set_latency:<h264parse1> min/max latency 0:00:00.019480519, 0:00:00.019480519
03-06 09:27:49.641 22026 22340 V GStreamer+qtdemux: 0:02:46.724690249 0xdd2dbaf0 qtdemux.c:6222:gst_qtdemux_process_adapter:<qtdemux1> offset is now 37069131
03-06 09:27:49.641 22026 22340 V GStreamer+qtdemux: 0:02:46.724798946 0xdd2dbaf0 qtdemux.c:5472:next_entry_size:<qtdemux1> Finding entry at offset 37069131
03-06 09:27:49.641 22026 22340 V GStreamer+qtdemux: 0:02:46.724893165 0xdd2dbaf0 qtdemux.c:7663:qtdemux_parse_samples:<qtdemux1> parsing samples for stream fourcc avc1, pad video_0
03-06 09:27:49.641 22026 22340 D GStreamer+qtdemux: 0:02:46.724978530 0xdd2dbaf0 qtdemux.c:7674:qtdemux_parse_samples:<qtdemux1> parsing up to sample 256
03-06 09:27:49.641 22026 22340 V GStreamer+qtdemux: 0:02:46.725107644 0xdd2dbaf0 qtdemux.c:7700:qtdemux_parse_samples:<qtdemux1> sample 256 has size 144604
03-06 09:27:49.641 22026 22340 V GStreamer+qtdemux: 0:02:46.725209988 0xdd2dbaf0 qtdemux.c:7824:qtdemux_parse_samples:<qtdemux1> creating entry 256 with offset 37069131 and size 144604
03-06 09:27:49.641 22026 22340 D GStreamer+qtdemux: 0:02:46.725316238 0xdd2dbaf0 qtdemux.c:7881:qtdemux_parse_samples:<qtdemux1> sample 256: index 3, timestamp 0:00:05.036400000
03-06 09:27:49.641 22026 22340 D GStreamer+qtdemux: 0:02:46.725406759 0xdd2dbaf0 qtdemux.c:7936:qtdemux_parse_samples:<qtdemux1> samples at 256 is keyframe
03-06 09:27:49.642 22026 22340 V GStreamer+qtdemux: 0:02:46.725550040 0xdd2dbaf0 qtdemux.c:5498:next_entry_size:<qtdemux1> Checking Stream 0 (sample_index:256 / offset:37069131 / size:144604)
03-06 09:27:49.642 22026 22340 V GStreamer+qtdemux: 0:02:46.725656811 0xdd2dbaf0 qtdemux.c:5509:next_entry_size:<qtdemux1> stream 0 offset 37069131 demux->offset :37069131
03-06 09:27:49.642 22026 22340 D GStreamer+qtdemux: 0:02:46.725882280 0xdd2dbaf0 qtdemux.c:5700:gst_qtdemux_chain:<qtdemux1> pushing in inbuf 0xdcc59b28, neededbytes:144604, available:7901
03-06 09:27:49.642 22026 22340 D GStreamer+qtdemux: 0:02:46.726011446 0xdd2dbaf0 qtdemux.c:5700:gst_qtdemux_chain:<qtdemux1> pushing in inbuf 0xdcc51e60, neededbytes:144604, available:11997
03-06 09:27:49.642 22026 22340 D GStreamer+qtdemux: 0:02:46.726142228 0xdd2dbaf0 qtdemux.c:5700:gst_qtdemux_chain:<qtdemux1> pushing in inbuf 0xdc9a6bd8, neededbytes:144604, available:16093
03-06 09:27:49.642 22026 22340 D GStreamer+qtdemux: 0:02:46.726265665 0xdd2dbaf0 qtdemux.c:5700:gst_qtdemux_chain:<qtdemux1> pushing in inbuf 0xdcc3f1f8, neededbytes:144604, available:20189
03-06 09:27:49.642 22026 22340 D GStreamer+qtdemux: 0:02:46.726411238 0xdd2dbaf0 qtdemux.c:5700:gst_qtdemux_chain:<qtdemux1> pushing in inbuf 0xdcbfed28, neededbytes:144604, available:24285
03-06 09:27:49.643 22026 22340 D GStreamer+qtdemux: 0:02:46.726537124 0xdd2dbaf0 qtdemux.c:5700:gst_qtdemux_chain:<qtdemux1> pushing in inbuf 0xdcc3e468, neededbytes:144604, available:28381
03-06 09:27:49.643 22026 22340 D GStreamer+qtdemux: 0:02:46.726665092 0xdd2dbaf0 qtdemux.c:5700:gst_qtdemux_chain:<qtdemux1> pushing in inbuf 0xdccf35c0, neededbytes:144604, available:32477
03-06 09:27:49.643 22026 22340 D GStreamer+qtdemux: 0:02:46.726787644 0xdd2dbaf0 qtdemux.c:5700:gst_qtdemux_chain:<qtdemux1> pushing in inbuf 0xdca79528, neededbytes:144604, available:36573
03-06 09:27:49.643 22026 22340 D GStreamer+qtdemux: 0:02:46.726912332 0xdd2dbaf0 qtdemux.c:5700:gst_qtdemux_chain:<qtdemux1> pushing in inbuf 0xdca79668, neededbytes:144604, available:40669
03-06 09:27:49.643 22026 22340 D GStreamer+qtdemux: 0:02:46.727037019 0xdd2dbaf0 qtdemux.c:5700:gst_qtdemux_chain:<qtdemux1> pushing in inbuf 0xdc977a08, neededbytes:144604, available:44765
03-06 09:27:49.643 22026 22340 D GStreamer+qtdemux: 0:02:46.727182749 0xdd2dbaf0 qtdemux.c:5700:gst_qtdemux_chain:<qtdemux1> pushing in inbuf 0xdccf3b48, neededbytes:144604, available:48861
03-06 09:27:49.643 22026 22340 D GStreamer+qtdemux: 0:02:46.727324624 0xdd2dbaf0 qtdemux.c:5700:gst_qtdemux_chain:<qtdemux1> pushing in inbuf 0xdcbfe828, neededbytes:144604, available:52957
03-06 09:27:49.643 22026 22340 D GStreamer+qtdemux: 0:02:46.727446551 0xdd2dbaf0 qtdemux.c:5700:gst_qtdemux_chain:<qtdemux1> pushing in inbuf 0xdc978988, neededbytes:144604, available:57053
03-06 09:27:49.644 22026 22340 D GStreamer+qtdemux: 0:02:46.728399259 0xdd2dbaf0 qtdemux.c:5700:gst_qtdemux_chain:<qtdemux1> pushing in inbuf 0xdc979380, neededbytes:144604, available:61149
03-06 09:27:49.645 22026 22340 D GStreamer+qtdemux: 0:02:46.728616082 0xdd2dbaf0 qtdemux.c:5700:gst_qtdemux_chain:<qtdemux1> pushing in inbuf 0xdc979b20, neededbytes:144604, available:65245
03-06 09:27:49.645 22026 22340 D GStreamer+qtdemux: 0:02:46.728743113 0xdd2dbaf0 qtdemux.c:5700:gst_qtdemux_chain:<qtdemux1> pushing in inbuf 0xdc978680, neededbytes:144604, available:69341
03-06 09:27:49.645 22026 22340 D GStreamer+qtdemux: 0:02:46.728900040 0xdd2dbaf0 qtdemux.c:5700:gst_qtdemux_chain:<qtdemux1> pushing in inbuf 0xdc9a59e8, neededbytes:144604, available:73437
03-06 09:27:49.645 22026 22340 D GStreamer+qtdemux: 0:02:46.729018894 0xdd2dbaf0 qtdemux.c:5700:gst_qtdemux_chain:<qtdemux1> pushing in inbuf 0xdc977b48, neededbytes:144604, available:77533
03-06 09:27:49.645 22026 22340 D GStreamer+qtdemux: 0:02:46.729132801 0xdd2dbaf0 qtdemux.c:5700:gst_qtdemux_chain:<qtdemux1> pushing in inbuf 0xdcc51c80, neededbytes:144604, available:81629
03-06 09:27:49.645 22026 22340 D GStreamer+qtdemux: 0:02:46.729246603 0xdd2dbaf0 qtdemux.c:5700:gst_qtdemux_chain:<qtdemux1> pushing in inbuf 0xdcc59e48, neededbytes:144604, available:85725
03-06 09:27:49.645 22026 22340 D GStreamer+qtdemux: 0:02:46.729390874 0xdd2dbaf0 qtdemux.c:5700:gst_qtdemux_chain:<qtdemux1> pushing in inbuf 0xdd15cb38, neededbytes:144604, available:89821
03-06 09:27:49.646 22026 22340 D GStreamer+qtdemux: 0:02:46.729509051 0xdd2dbaf0 qtdemux.c:5700:gst_qtdemux_chain:<qtdemux1> pushing in inbuf 0xdccf3c88, neededbytes:144604, available:93917
03-06 09:27:49.646 22026 22340 D GStreamer+qtdemux: 0:02:46.729624051 0xdd2dbaf0 qtdemux.c:5700:gst_qtdemux_chain:<qtdemux1> pushing in inbuf 0xdc979420, neededbytes:144604, available:98013
03-06 09:27:49.646 22026 22340 D GStreamer+qtdemux: 0:02:46.729739207 0xdd2dbaf0 qtdemux.c:5700:gst_qtdemux_chain:<qtdemux1> pushing in inbuf 0xdcbfee68, neededbytes:144604, available:102109
03-06 09:27:49.646 22026 22340 D GStreamer+qtdemux: 0:02:46.729857696 0xdd2dbaf0 qtdemux.c:5700:gst_qtdemux_chain:<qtdemux1> pushing in inbuf 0xdcbfe480, neededbytes:144604, available:106205
03-06 09:27:49.646 22026 22340 D GStreamer+qtdemux: 0:02:46.730001030 0xdd2dbaf0 qtdemux.c:5700:gst_qtdemux_chain:<qtdemux1> pushing in inbuf 0xdccfe538, neededbytes:144604, available:110301
03-06 09:27:49.646 22026 22340 D GStreamer+qtdemux: 0:02:46.730115457 0xdd2dbaf0 qtdemux.c:5700:gst_qtdemux_chain:<qtdemux1> pushing in inbuf 0xdcc59020, neededbytes:144604, available:114397
03-06 09:27:49.646 22026 22340 D GStreamer+qtdemux: 0:02:46.730231030 0xdd2dbaf0 qtdemux.c:5700:gst_qtdemux_chain:<qtdemux1> pushing in inbuf 0xdccff850, neededbytes:144604, available:118493
03-06 09:27:49.646 22026 22340 D GStreamer+qtdemux: 0:02:46.730346290 0xdd2dbaf0 qtdemux.c:5700:gst_qtdemux_chain:<qtdemux1> pushing in inbuf 0xdcc59a88, neededbytes:144604, available:122589
03-06 09:27:49.646 22026 22340 D GStreamer+qtdemux: 0:02:46.730486603 0xdd2dbaf0 qtdemux.c:5700:gst_qtdemux_chain:<qtdemux1> pushing in inbuf 0xdc9a69f8, neededbytes:144604, available:126685
03-06 09:27:49.647 22026 22340 D GStreamer+qtdemux: 0:02:46.730601030 0xdd2dbaf0 qtdemux.c:5700:gst_qtdemux_chain:<qtdemux1> pushing in inbuf 0xdccf3e68, neededbytes:144604, available:130781
03-06 09:27:49.647 22026 22340 D GStreamer+qtdemux: 0:02:46.730718165 0xdd2dbaf0 qtdemux.c:5700:gst_qtdemux_chain:<qtdemux1> pushing in inbuf 0xdcbff8f0, neededbytes:144604, available:134877
03-06 09:27:49.647 22026 22340 D GStreamer+qtdemux: 0:02:46.730832905 0xdd2dbaf0 qtdemux.c:5700:gst_qtdemux_chain:<qtdemux1> pushing in inbuf 0xdcbfe700, neededbytes:144604, available:138973
03-06 09:27:49.647 22026 22340 D GStreamer+qtdemux: 0:02:46.730973269 0xdd2dbaf0 qtdemux.c:5700:gst_qtdemux_chain:<qtdemux1> pushing in inbuf 0xdc978b68, neededbytes:144604, available:143069
03-06 09:27:49.647 22026 22340 D GStreamer+qtdemux: 0:02:46.731088946 0xdd2dbaf0 qtdemux.c:5700:gst_qtdemux_chain:<qtdemux1> pushing in inbuf 0xdd6cd210, neededbytes:144604, available:147165
03-06 09:27:49.647 22026 22340 D GStreamer+qtdemux: 0:02:46.731186134 0xdd2dbaf0 qtdemux.c:5720:gst_qtdemux_process_adapter:<qtdemux1> state:2 , demux->neededbytes:144604, demux->offset:37069131
03-06 09:27:49.647 22026 22340 D GStreamer+qtdemux: 0:02:46.731270457 0xdd2dbaf0 qtdemux.c:6067:gst_qtdemux_process_adapter:<qtdemux1> BEGIN // in MOVIE for offset 37069131
03-06 09:27:49.647 22026 22340 V GStreamer+qtdemux: 0:02:46.731391967 0xdd2dbaf0 qtdemux.c:6145:gst_qtdemux_process_adapter:<qtdemux1> Checking stream 0 (sample_index:256 / offset:37069131 / size:144604)
03-06 09:27:49.647 22026 22340 D GStreamer+qtdemux: 0:02:46.731480561 0xdd2dbaf0 qtdemux.c:6163:gst_qtdemux_process_adapter:<qtdemux1> stream : avc1
03-06 09:27:49.648 22026 22340 V GStreamer+qtdemux: 0:02:46.732072436 0xdd2dbaf0 qtdemux.c:4961:gst_qtdemux_decorate_and_push_buffer:<qtdemux1> Pushing buffer with dts 0:00:05.036400000, pts 0:00:05.036400000, duration 0:00:00.019400000 on pad video_0
03-06 09:27:49.651 22026 22232 V GStreamer+qtdemux: 0:02:46.734880717 0xdd2db980 qtdemux.c:810:gst_qtdemux_handle_src_query:<qtdemux1:video_0> position query
03-06 09:27:49.652 22026 22340 V GStreamer+qtdemux: 0:02:46.736064259 0xdd2dbaf0 qtdemux.c:4633:gst_qtdemux_combine_flows:<qtdemux1> flow return: ok
03-06 09:27:49.652 22026 22342 I GStreamer+baseparse: 0:02:46.736233009 0xd73ffa90 gstbaseparse.c:3945:gst_base_parse_set_latency:<h264parse1> min/max latency 0:00:00.019480519, 0:00:00.019480519
03-06 09:27:49.654 22026 22340 V GStreamer+qtdemux: 0:02:46.738111759 0xdd2dbaf0 qtdemux.c:4641:gst_qtdemux_combine_flows:<qtdemux1> combined flow return: ok
03-06 09:27:49.654 22026 22340 V GStreamer+qtdemux: 0:02:46.738308009 0xdd2dbaf0 qtdemux.c:6219:gst_qtdemux_process_adapter:<qtdemux1> increasing offset 37069131 by 144604
03-06 09:27:49.654 22026 22340 V GStreamer+qtdemux: 0:02:46.738412905 0xdd2dbaf0 qtdemux.c:6222:gst_qtdemux_process_adapter:<qtdemux1> offset is now 37213735
03-06 09:27:49.655 22026 22340 V GStreamer+qtdemux: 0:02:46.739076238 0xdd2dbaf0 qtdemux.c:5472:next_entry_size:<qtdemux1> Finding entry at offset 37213735
03-06 09:27:49.655 22026 22340 V GStreamer+qtdemux: 0:02:46.739280509 0xdd2dbaf0 qtdemux.c:7663:qtdemux_parse_samples:<qtdemux1> parsing samples for stream fourcc avc1, pad video_0
03-06 09:27:49.655 22026 22340 D GStreamer+qtdemux: 0:02:46.739367124 0xdd2dbaf0 qtdemux.c:7674:qtdemux_parse_samples:<qtdemux1> parsing up to sample 257
03-06 09:27:49.656 22026 22340 V GStreamer+qtdemux: 0:02:46.739850926 0xdd2dbaf0 qtdemux.c:7700:qtdemux_parse_samples:<qtdemux1> sample 257 has size 144524
03-06 09:27:49.656 22026 22340 V GStreamer+qtdemux: 0:02:46.740001655 0xdd2dbaf0 qtdemux.c:7824:qtdemux_parse_samples:<qtdemux1> creating entry 257 with offset 37213735 and size 144524
03-06 09:27:49.656 22026 22340 D GStreamer+qtdemux: 0:02:46.740124728 0xdd2dbaf0 qtdemux.c:7881:qtdemux_parse_samples:<qtdemux1> sample 257: index 4, timestamp 0:00:05.055800000
03-06 09:27:49.656 22026 22340 D GStreamer+qtdemux: 0:02:46.740213321 0xdd2dbaf0 qtdemux.c:7936:qtdemux_parse_samples:<qtdemux1> samples at 257 is keyframe
03-06 09:27:49.656 22026 22340 V GStreamer+qtdemux: 0:02:46.740410196 0xdd2dbaf0 qtdemux.c:5498:next_entry_size:<qtdemux1> Checking Stream 0 (sample_index:257 / offset:37213735 / size:144524)
03-06 09:27:49.657 22026 22340 V GStreamer+qtdemux: 0:02:46.740691811 0xdd2dbaf0 qtdemux.c:5509:next_entry_size:<qtdemux1> stream 0 offset 37213735 demux->offset :37213735
03-06 09:27:49.657 22026 22340 D GStreamer+qtdemux: 0:02:46.740849155 0xdd2dbaf0 qtdemux.c:5700:gst_qtdemux_chain:<qtdemux1> pushing in inbuf 0xdcbff350, neededbytes:144524, available:6657
03-06 09:27:49.657 22026 22340 D GStreamer+qtdemux: 0:02:46.740967540 0xdd2dbaf0 qtdemux.c:5700:gst_qtdemux_chain:<qtdemux1> pushing in inbuf 0xdcc51820, neededbytes:144524, available:10753
03-06 09:27:49.657 22026 22340 D GStreamer+qtdemux: 0:02:46.741080613 0xdd2dbaf0 qtdemux.c:5700:gst_qtdemux_chain:<qtdemux1> pushing in inbuf 0xdcc3f0b8, neededbytes:144524, available:14849
03-06 09:27:49.657 22026 22340 D GStreamer+qtdemux: 0:02:46.741195353 0xdd2dbaf0 qtdemux.c:5700:gst_qtdemux_chain:<qtdemux1> pushing in inbuf 0xdc979800, neededbytes:144524, available:18945
03-06 09:27:49.657 22026 22340 D GStreamer+qtdemux: 0:02:46.741317280 0xdd2dbaf0 qtdemux.c:5700:gst_qtdemux_chain:<qtdemux1> pushing in inbuf 0xdc9a5500, neededbytes:144524, available:23041
03-06 09:27:49.657 22026 22340 D GStreamer+qtdemux: 0:02:46.741432488 0xdd2dbaf0 qtdemux.c:5700:gst_qtdemux_chain:<qtdemux1> pushing in inbuf 0xdd6cd2b0, neededbytes:144524, available:27137
03-06 09:27:49.658 22026 22340 D GStreamer+qtdemux: 0:02:46.741545353 0xdd2dbaf0 qtdemux.c:5700:gst_qtdemux_chain:<qtdemux1> pushing in inbuf 0xdccff728, neededbytes:144524, available:31233
03-06 09:27:49.658 22026 22340 D GStreamer+qtdemux: 0:02:46.741656915 0xdd2dbaf0 qtdemux.c:5700:gst_qtdemux_chain:<qtdemux1> pushing in inbuf 0xdccfe0d8, neededbytes:144524, available:35329
03-06 09:27:49.658 22026 22340 D GStreamer+qtdemux: 0:02:46.741771655 0xdd2dbaf0 qtdemux.c:5700:gst_qtdemux_chain:<qtdemux1> pushing in inbuf 0xdcc51d20, neededbytes:144524, available:39425
03-06 09:27:49.658 22026 22340 D GStreamer+qtdemux: 0:02:46.741892124 0xdd2dbaf0 qtdemux.c:5700:gst_qtdemux_chain:<qtdemux1> pushing in inbuf 0xdcc59ee8, neededbytes:144524, available:43521
03-06 09:27:49.658 22026 22340 D GStreamer+qtdemux: 0:02:46.742005509 0xdd2dbaf0 qtdemux.c:5700:gst_qtdemux_chain:<qtdemux1> pushing in inbuf 0xdd6cd350, neededbytes:144524, available:47617
03-06 09:27:49.658 22026 22340 D GStreamer+qtdemux: 0:02:46.742118009 0xdd2dbaf0 qtdemux.c:5700:gst_qtdemux_chain:<qtdemux1> pushing in inbuf 0xdcc510c8, neededbytes:144524, available:51713
03-06 09:27:49.658 22026 22340 D GStreamer+qtdemux: 0:02:46.742230821 0xdd2dbaf0 qtdemux.c:5700:gst_qtdemux_chain:<qtdemux1> pushing in inbuf 0xdcc59700, neededbytes:144524, available:55809
03-06 09:27:49.658 22026 22340 D GStreamer+qtdemux: 0:02:46.742342540 0xdd2dbaf0 qtdemux.c:5700:gst_qtdemux_chain:<qtdemux1> pushing in inbuf 0xdc9a5e48, neededbytes:144524, available:59905
03-06 09:27:49.658 22026 22340 D GStreamer+qtdemux: 0:02:46.742456967 0xdd2dbaf0 qtdemux.c:5700:gst_qtdemux_chain:<qtdemux1> pushing in inbuf 0xdcc3f3d8, neededbytes:144524, available:64001
03-06 09:27:49.659 22026 22340 D GStreamer+qtdemux: 0:02:46.742569936 0xdd2dbaf0 qtdemux.c:5700:gst_qtdemux_chain:<qtdemux1> pushing in inbuf 0xdccf3be8, neededbytes:144524, available:68097
03-06 09:27:49.659 22026 22340 D GStreamer+qtdemux: 0:02:46.742684988 0xdd2dbaf0 qtdemux.c:5700:gst_qtdemux_chain:<qtdemux1> pushing in inbuf 0xdca798d0, neededbytes:144524, available:72193
03-06 09:27:49.659 22026 22340 D GStreamer+qtdemux: 0:02:46.742799051 0xdd2dbaf0 qtdemux.c:5700:gst_qtdemux_chain:<qtdemux1> pushing in inbuf 0xdcbff030, neededbytes:144524, available:76289
03-06 09:27:49.659 22026 22340 D GStreamer+qtdemux: 0:02:46.742913842 0xdd2dbaf0 qtdemux.c:5700:gst_qtdemux_chain:<qtdemux1> pushing in inbuf 0xdcc3f018, neededbytes:144524, available:80385
03-06 09:27:49.659 22026 22340 D GStreamer+qtdemux: 0:02:46.743030301 0xdd2dbaf0 qtdemux.c:5700:gst_qtdemux_chain:<qtdemux1> pushing in inbuf 0xdc9a6650, neededbytes:144524, available:84481
03-06 09:27:49.659 22026 22340 D GStreamer+qtdemux: 0:02:46.743143426 0xdd2dbaf0 qtdemux.c:5700:gst_qtdemux_chain:<qtdemux1> pushing in inbuf 0xdc978a28, neededbytes:144524, available:88577
03-06 09:27:49.659 22026 22340 D GStreamer+qtdemux: 0:02:46.743267332 0xdd2dbaf0 qtdemux.c:5700:gst_qtdemux_chain:<qtdemux1> pushing in inbuf 0xdc9a6d18, neededbytes:144524, available:92673
03-06 09:27:49.659 22026 22340 D GStreamer+qtdemux: 0:02:46.743393165 0xdd2dbaf0 qtdemux.c:5700:gst_qtdemux_chain:<qtdemux1> pushing in inbuf 0xdc9a5da8, neededbytes:144524, available:96769
03-06 09:27:49.660 22026 22340 D GStreamer+qtdemux: 0:02:46.743516499 0xdd2dbaf0 qtdemux.c:5700:gst_qtdemux_chain:<qtdemux1> pushing in inbuf 0xdcc592a0, neededbytes:144524, available:100865
03-06 09:27:49.660 22026 22340 D GStreamer+qtdemux: 0:02:46.743641238 0xdd2dbaf0 qtdemux.c:5700:gst_qtdemux_chain:<qtdemux1> pushing in inbuf 0xdccf3aa8, neededbytes:144524, available:104961
03-06 09:27:49.660 22026 22340 D GStreamer+qtdemux: 0:02:46.743756134 0xdd2dbaf0 qtdemux.c:5700:gst_qtdemux_chain:<qtdemux1> pushing in inbuf 0xdccffe90, neededbytes:144524, available:109057
03-06 09:27:49.660 22026 22340 D GStreamer+qtdemux: 0:02:46.743870405 0xdd2dbaf0 qtdemux.c:5700:gst_qtdemux_chain:<qtdemux1> pushing in inbuf 0xdcbfe520, neededbytes:144524, available:113153
03-06 09:27:49.660 22026 22340 D GStreamer+qtdemux: 0:02:46.743984259 0xdd2dbaf0 qtdemux.c:5700:gst_qtdemux_chain:<qtdemux1> pushing in inbuf 0xdcbfe340, neededbytes:144524, available:117249
03-06 09:27:49.660 22026 22340 D GStreamer+qtdemux: 0:02:46.744099467 0xdd2dbaf0 qtdemux.c:5700:gst_qtdemux_chain:<qtdemux1> pushing in inbuf 0xdc9a6b38, neededbytes:144524, available:121345
03-06 09:27:49.660 22026 22340 D GStreamer+qtdemux: 0:02:46.744211915 0xdd2dbaf0 qtdemux.c:5700:gst_qtdemux_chain:<qtdemux1> pushing in inbuf 0xdc9a5640, neededbytes:144524, available:125441
03-06 09:27:49.660 22026 22340 D GStreamer+qtdemux: 0:02:46.744325457 0xdd2dbaf0 qtdemux.c:5700:gst_qtdemux_chain:<qtdemux1> pushing in inbuf 0xdc9780e0, neededbytes:144524, available:129537
03-06 09:27:49.660 22026 22340 D GStreamer+qtdemux: 0:02:46.744438269 0xdd2dbaf0 qtdemux.c:5700:gst_qtdemux_chain:<qtdemux1> pushing in inbuf 0xdcc3f820, neededbytes:144524, available:133633
03-06 09:27:49.661 22026 22340 D GStreamer+qtdemux: 0:02:46.744553217 0xdd2dbaf0 qtdemux.c:5700:gst_qtdemux_chain:<qtdemux1> pushing in inbuf 0xdcc3e0a8, neededbytes:144524, available:137729
03-06 09:27:49.661 22026 22340 D GStreamer+qtdemux: 0:02:46.744666030 0xdd2dbaf0 qtdemux.c:5700:gst_qtdemux_chain:<qtdemux1> pushing in inbuf 0xdc979740, neededbytes:144524, available:141825
03-06 09:27:49.661 22026 22340 D GStreamer+qtdemux: 0:02:46.744777749 0xdd2dbaf0 qtdemux.c:5700:gst_qtdemux_chain:<qtdemux1> pushing in inbuf 0xdd15cef8, neededbytes:144524, available:145921
03-06 09:27:49.661 22026 22340 D GStreamer+qtdemux: 0:02:46.744872176 0xdd2dbaf0 qtdemux.c:5720:gst_qtdemux_process_adapter:<qtdemux1> state:2 , demux->neededbytes:144524, demux->offset:37213735
03-06 09:27:49.661 22026 22340 D GStreamer+qtdemux: 0:02:46.744955144 0xdd2dbaf0 qtdemux.c:6067:gst_qtdemux_process_adapter:<qtdemux1> BEGIN // in MOVIE for offset 37213735
03-06 09:27:49.661 22026 22340 V GStreamer+qtdemux: 0:02:46.745050509 0xdd2dbaf0 qtdemux.c:6145:gst_qtdemux_process_adapter:<qtdemux1> Checking stream 0 (sample_index:257 / offset:37213735 / size:144524)
03-06 09:27:49.661 22026 22340 D GStreamer+qtdemux: 0:02:46.745139051 0xdd2dbaf0 qtdemux.c:6163:gst_qtdemux_process_adapter:<qtdemux1> stream : avc1
03-06 09:27:49.662 22026 22340 V GStreamer+qtdemux: 0:02:46.745792280 0xdd2dbaf0 qtdemux.c:4961:gst_qtdemux_decorate_and_push_buffer:<qtdemux1> Pushing buffer with dts 0:00:05.055800000, pts 0:00:05.055800000, duration 0:00:00.019400000 on pad video_0
03-06 09:27:49.671 22026 22337 W GStreamer+amcvideodec: 0:02:46.755236967 0xd73ffe60 gstamcvideodec.c:1165:_amc_gl_wait gl_sync 0xdcd45260 could not wait for frame, took too long
03-06 09:27:49.684 22026 22232 V GStreamer+qtdemux: 0:02:46.767966134 0xdd2db980 qtdemux.c:810:gst_qtdemux_handle_src_query:<qtdemux1:video_0> position query
03-06 09:27:49.685 22026 22340 V GStreamer+qtdemux: 0:02:46.769031707 0xdd2dbaf0 qtdemux.c:4633:gst_qtdemux_combine_flows:<qtdemux1> flow return: ok
03-06 09:27:49.685 22026 22342 I GStreamer+baseparse: 0:02:46.769135509 0xd73ffa90 gstbaseparse.c:3945:gst_base_parse_set_latency:<h264parse1> min/max latency 0:00:00.019480519, 0:00:00.019480519
03-06 09:27:49.685 22026 22340 V GStreamer+qtdemux: 0:02:46.769176082 0xdd2dbaf0 qtdemux.c:4641:gst_qtdemux_combine_flows:<qtdemux1> combined flow return: ok
03-06 09:27:49.685 22026 22340 V GStreamer+qtdemux: 0:02:46.769272540 0xdd2dbaf0 qtdemux.c:6219:gst_qtdemux_process_adapter:<qtdemux1> increasing offset 37213735 by 144524
03-06 09:27:49.685 22026 22340 V GStreamer+qtdemux: 0:02:46.769358738 0xdd2dbaf0 qtdemux.c:6222:gst_qtdemux_process_adapter:<qtdemux1> offset is now 37358259
03-06 09:27:49.685 22026 22340 V GStreamer+qtdemux: 0:02:46.769444103 0xdd2dbaf0 qtdemux.c:5472:next_entry_size:<qtdemux1> Finding entry at offset 37358259
03-06 09:27:49.686 22026 22340 V GStreamer+qtdemux: 0:02:46.769543269 0xdd2dbaf0 qtdemux.c:7663:qtdemux_parse_samples:<qtdemux1> parsing samples for stream fourcc avc1, pad video_0
03-06 09:27:49.686 22026 22340 D GStreamer+qtdemux: 0:02:46.769637853 0xdd2dbaf0 qtdemux.c:7674:qtdemux_parse_samples:<qtdemux1> parsing up to sample 258
03-06 09:27:49.686 22026 22340 V GStreamer+qtdemux: 0:02:46.769727436 0xdd2dbaf0 qtdemux.c:7700:qtdemux_parse_samples:<qtdemux1> sample 258 has size 144256
03-06 09:27:49.686 22026 22340 V GStreamer+qtdemux: 0:02:46.769821863 0xdd2dbaf0 qtdemux.c:7824:qtdemux_parse_samples:<qtdemux1> creating entry 258 with offset 37358259 and size 144256
03-06 09:27:49.686 22026 22340 D GStreamer+qtdemux: 0:02:46.769922749 0xdd2dbaf0 qtdemux.c:7881:qtdemux_parse_samples:<qtdemux1> sample 258: index 5, timestamp 0:00:05.075200000
03-06 09:27:49.686 22026 22340 D GStreamer+qtdemux: 0:02:46.770006655 0xdd2dbaf0 qtdemux.c:7936:qtdemux_parse_samples:<qtdemux1> samples at 258 is keyframe
03-06 09:27:49.686 22026 22340 V GStreamer+qtdemux: 0:02:46.770100769 0xdd2dbaf0 qtdemux.c:5498:next_entry_size:<qtdemux1> Checking Stream 0 (sample_index:258 / offset:37358259 / size:144256)
03-06 09:27:49.686 22026 22340 V GStreamer+qtdemux: 0:02:46.770192540 0xdd2dbaf0 qtdemux.c:5509:next_entry_size:<qtdemux1> stream 0 offset 37358259 demux->offset :37358259
03-06 09:27:49.686 22026 22340 D GStreamer+qtdemux: 0:02:46.770340509 0xdd2dbaf0 qtdemux.c:5700:gst_qtdemux_chain:<qtdemux1> pushing in inbuf 0xdcbffad0, neededbytes:144256, available:5493
03-06 09:27:49.686 22026 22340 D GStreamer+qtdemux: 0:02:46.770474571 0xdd2dbaf0 qtdemux.c:5700:gst_qtdemux_chain:<qtdemux1> pushing in inbuf 0xdca79b50, neededbytes:144256, available:9589
03-06 09:27:49.687 22026 22340 D GStreamer+qtdemux: 0:02:46.770596811 0xdd2dbaf0 qtdemux.c:5700:gst_qtdemux_chain:<qtdemux1> pushing in inbuf 0xdccfe498, neededbytes:144256, available:13685
03-06 09:27:49.687 22026 22340 D GStreamer+qtdemux: 0:02:46.770713582 0xdd2dbaf0 qtdemux.c:5700:gst_qtdemux_chain:<qtdemux1> pushing in inbuf 0xdccff8f0, neededbytes:144256, available:17781
03-06 09:27:49.687 22026 22340 D GStreamer+qtdemux: 0:02:46.770830874 0xdd2dbaf0 qtdemux.c:5700:gst_qtdemux_chain:<qtdemux1> pushing in inbuf 0xdc9794c0, neededbytes:144256, available:21877
03-06 09:27:49.687 22026 22340 D GStreamer+qtdemux: 0:02:46.770951134 0xdd2dbaf0 qtdemux.c:5700:gst_qtdemux_chain:<qtdemux1> pushing in inbuf 0xdcc59808, neededbytes:144256, available:25973
03-06 09:27:49.687 22026 22340 D GStreamer+qtdemux: 0:02:46.771070769 0xdd2dbaf0 qtdemux.c:5700:gst_qtdemux_chain:<qtdemux1> pushing in inbuf 0xdcc51be0, neededbytes:144256, available:30069
03-06 09:27:49.687 22026 22340 D GStreamer+qtdemux: 0:02:46.771186551 0xdd2dbaf0 qtdemux.c:5700:gst_qtdemux_chain:<qtdemux1> pushing in inbuf 0xdcc51168, neededbytes:144256, available:34165
03-06 09:27:49.687 22026 22340 D GStreamer+qtdemux: 0:02:46.771358946 0xdd2dbaf0 qtdemux.c:5700:gst_qtdemux_chain:<qtdemux1> pushing in inbuf 0xdcc3e3c8, neededbytes:144256, available:38261
03-06 09:27:49.687 22026 22340 D GStreamer+qtdemux: 0:02:46.771477801 0xdd2dbaf0 qtdemux.c:5700:gst_qtdemux_chain:<qtdemux1> pushing in inbuf 0xdcc3f298, neededbytes:144256, available:42357
03-06 09:27:49.688 22026 22340 D GStreamer+qtdemux: 0:02:46.771583530 0xdd2dbaf0 qtdemux.c:5700:gst_qtdemux_chain:<qtdemux1> pushing in inbuf 0xdcc3fdc0, neededbytes:144256, available:46453
03-06 09:27:49.688 22026 22340 D GStreamer+qtdemux: 0:02:46.771689571 0xdd2dbaf0 qtdemux.c:5700:gst_qtdemux_chain:<qtdemux1> pushing in inbuf 0xdd6cd3f0, neededbytes:144256, available:50549
03-06 09:27:49.688 22026 22340 D GStreamer+qtdemux: 0:02:46.771795821 0xdd2dbaf0 qtdemux.c:5700:gst_qtdemux_chain:<qtdemux1> pushing in inbuf 0xdccf3700, neededbytes:144256, available:54645
03-06 09:27:49.688 22026 22340 D GStreamer+qtdemux: 0:02:46.771906290 0xdd2dbaf0 qtdemux.c:5700:gst_qtdemux_chain:<qtdemux1> pushing in inbuf 0xdcc51b40, neededbytes:144256, available:58741
03-06 09:27:49.688 22026 22340 D GStreamer+qtdemux: 0:02:46.772014051 0xdd2dbaf0 qtdemux.c:5700:gst_qtdemux_chain:<qtdemux1> pushing in inbuf 0xdc9a5808, neededbytes:144256, available:62837
03-06 09:27:49.688 22026 22340 D GStreamer+qtdemux: 0:02:46.772146863 0xdd2dbaf0 qtdemux.c:5700:gst_qtdemux_chain:<qtdemux1> pushing in inbuf 0xdcc3f658, neededbytes:144256, available:66933
03-06 09:27:49.688 22026 22340 D GStreamer+qtdemux: 0:02:46.772258686 0xdd2dbaf0 qtdemux.c:5700:gst_qtdemux_chain:<qtdemux1> pushing in inbuf 0xdcbff2b0, neededbytes:144256, available:71029
03-06 09:27:49.688 22026 22340 D GStreamer+qtdemux: 0:02:46.772369051 0xdd2dbaf0 qtdemux.c:5700:gst_qtdemux_chain:<qtdemux1> pushing in inbuf 0xdcbff0d0, neededbytes:144256, available:75125
03-06 09:27:49.688 22026 22340 D GStreamer+qtdemux: 0:02:46.772489103 0xdd2dbaf0 qtdemux.c:5700:gst_qtdemux_chain:<qtdemux1> pushing in inbuf 0xdcbffcb0, neededbytes:144256, available:79221
03-06 09:27:49.689 22026 22340 D GStreamer+qtdemux: 0:02:46.772594415 0xdd2dbaf0 qtdemux.c:5700:gst_qtdemux_chain:<qtdemux1> pushing in inbuf 0xdc979a80, neededbytes:144256, available:83317
03-06 09:27:49.689 22026 22340 D GStreamer+qtdemux: 0:02:46.772698165 0xdd2dbaf0 qtdemux.c:5700:gst_qtdemux_chain:<qtdemux1> pushing in inbuf 0xdcbff850, neededbytes:144256, available:87413
03-06 09:27:49.689 22026 22340 D GStreamer+qtdemux: 0:02:46.772804311 0xdd2dbaf0 qtdemux.c:5700:gst_qtdemux_chain:<qtdemux1> pushing in inbuf 0xdc9a6330, neededbytes:144256, available:91509
03-06 09:27:49.689 22026 22340 D GStreamer+qtdemux: 0:02:46.772920926 0xdd2dbaf0 qtdemux.c:5700:gst_qtdemux_chain:<qtdemux1> pushing in inbuf 0xdc9a63d0, neededbytes:144256, available:95605
03-06 09:27:49.689 22026 22340 D GStreamer+qtdemux: 0:02:46.773040978 0xdd2dbaf0 qtdemux.c:5700:gst_qtdemux_chain:<qtdemux1> pushing in inbuf 0xdccf3dc8, neededbytes:144256, available:99701
03-06 09:27:49.689 22026 22340 D GStreamer+qtdemux: 0:02:46.773147280 0xdd2dbaf0 qtdemux.c:5700:gst_qtdemux_chain:<qtdemux1> pushing in inbuf 0xdccfe2b8, neededbytes:144256, available:103797
03-06 09:27:49.689 22026 22340 D GStreamer+qtdemux: 0:02:46.773252436 0xdd2dbaf0 qtdemux.c:5700:gst_qtdemux_chain:<qtdemux1> pushing in inbuf 0xdcbfeaa8, neededbytes:144256, available:107893
03-06 09:27:49.689 22026 22340 D GStreamer+qtdemux: 0:02:46.773360926 0xdd2dbaf0 qtdemux.c:5700:gst_qtdemux_chain:<qtdemux1> pushing in inbuf 0xdc9784a0, neededbytes:144256, available:111989
03-06 09:27:49.689 22026 22340 D GStreamer+qtdemux: 0:02:46.773474936 0xdd2dbaf0 qtdemux.c:5700:gst_qtdemux_chain:<qtdemux1> pushing in inbuf 0xdccfeca0, neededbytes:144256, available:116085
03-06 09:27:49.690 22026 22340 D GStreamer+qtdemux: 0:02:46.773613478 0xdd2dbaf0 qtdemux.c:5700:gst_qtdemux_chain:<qtdemux1> pushing in inbuf 0xdccfe5d8, neededbytes:144256, available:120181
03-06 09:27:49.690 22026 22340 D GStreamer+qtdemux: 0:02:46.773724728 0xdd2dbaf0 qtdemux.c:5700:gst_qtdemux_chain:<qtdemux1> pushing in inbuf 0xdc9a5d08, neededbytes:144256, available:124277
03-06 09:27:49.690 22026 22340 D GStreamer+qtdemux: 0:02:46.773832749 0xdd2dbaf0 qtdemux.c:5700:gst_qtdemux_chain:<qtdemux1> pushing in inbuf 0xdcc59bc8, neededbytes:144256, available:128373
03-06 09:27:49.690 22026 22340 D GStreamer+qtdemux: 0:02:46.773935821 0xdd2dbaf0 qtdemux.c:5700:gst_qtdemux_chain:<qtdemux1> pushing in inbuf 0xdd15c958, neededbytes:144256, available:132469
