03-06 09:27:49.497 22026 22340 V GStreamer+qtdemux: 0:02:46.581087072 0xdd2dbaf0 qtdemux.c:7663:qtdemux_parse_samples:<qtdemux1> parsing samples for stream fourcc avc1, pad video_0
03-06 09:27:49.497 22026 22340 D GStreamer+qtdemux: 0:02:46.581170092 0xdd2dbaf0 qtdemux.c:7674:qtdemux_parse_samples:<qtdemux1> parsing up to sample 249
03-06 09:27:49.497 22026 22340 V GStreamer+qtdemux: 0:02:46.581257228 0xdd2dbaf0 qtdemux.c:7700:qtdemux_parse_samples:<qtdemux1> sample 249 has size 144471
03-06 09:27:49.497 22026 22340 V GStreamer+qtdemux: 0:02:46.581347592 0xdd2dbaf0 qtdemux.c:7824:qtdemux_parse_samples:<qtdemux1> creating entry 249 with offset 36058349 and size 144471
03-06 09:27:49.497 22026 22340 V GStreamer+qtdemux: 0:02:46.581435613 0xdd2dbaf0 qtdemux.c:7868:qtdemux_parse_samples:<qtdemux1> block 0, 3 timestamps, duration 97
03-06 09:27:49.498 22026 22340 D GStreamer+qtdemux: 0:02:46.581534155 0xdd2dbaf0 qtdemux.c:7881:qtdemux_parse_samples:<qtdemux1> sample 249: index 0, timestamp 0:00:04.900400000
03-06 09:27:49.498 22026 22340 D GStreamer+qtdemux: 0:02:46.581617228 0xdd2dbaf0 qtdemux.c:7936:qtdemux_parse_samples:<qtdemux1> samples at 249 is keyframe
03-06 09:27:49.498 22026 22340 V GStreamer+qtdemux: 0:02:46.581707436 0xdd2dbaf0 qtdemux.c:5498:next_entry_size:<qtdemux1> Checking Stream 0 (sample_index:249 / offset:36058349 / size:144471)
03-06 09:27:49.498 22026 22340 V GStreamer+qtdemux: 0:02:46.581799103 0xdd2dbaf0 qtdemux.c:5509:next_entry_size:<qtdemux1> stream 0 offset 36058349 demux->offset :36058349
03-06 09:27:49.498 22026 22340 D GStreamer+qtdemux: 0:02:46.581921603 0xdd2dbaf0 qtdemux.c:5700:gst_qtdemux_chain:<qtdemux1> pushing in inbuf 0xdc977b48, neededbytes:144471, available:6971
03-06 09:27:49.498 22026 22340 D GStreamer+qtdemux: 0:02:46.582034624 0xdd2dbaf0 qtdemux.c:5700:gst_qtdemux_chain:<qtdemux1> pushing in inbuf 0xdc9a59e8, neededbytes:144471, available:11067
03-06 09:27:49.498 22026 22340 D GStreamer+qtdemux: 0:02:46.582148061 0xdd2dbaf0 qtdemux.c:5700:gst_qtdemux_chain:<qtdemux1> pushing in inbuf 0xdc978680, neededbytes:144471, available:15163
03-06 09:27:49.498 22026 22340 D GStreamer+qtdemux: 0:02:46.582267384 0xdd2dbaf0 qtdemux.c:5700:gst_qtdemux_chain:<qtdemux1> pushing in inbuf 0xdc979b20, neededbytes:144471, available:19259
03-06 09:27:49.498 22026 22340 D GStreamer+qtdemux: 0:02:46.582373426 0xdd2dbaf0 qtdemux.c:5700:gst_qtdemux_chain:<qtdemux1> pushing in inbuf 0xdcbfed28, neededbytes:144471, available:23355
03-06 09:27:49.498 22026 22340 D GStreamer+qtdemux: 0:02:46.582481186 0xdd2dbaf0 qtdemux.c:5700:gst_qtdemux_chain:<qtdemux1> pushing in inbuf 0xdcc3f1f8, neededbytes:144471, available:27451
03-06 09:27:49.499 22026 22340 D GStreamer+qtdemux: 0:02:46.582583217 0xdd2dbaf0 qtdemux.c:5700:gst_qtdemux_chain:<qtdemux1> pushing in inbuf 0xdc9a6bd8, neededbytes:144471, available:31547
03-06 09:27:49.499 22026 22340 D GStreamer+qtdemux: 0:02:46.582685353 0xdd2dbaf0 qtdemux.c:5700:gst_qtdemux_chain:<qtdemux1> pushing in inbuf 0xdcc51e60, neededbytes:144471, available:35643
03-06 09:27:49.499 22026 22340 D GStreamer+qtdemux: 0:02:46.582784311 0xdd2dbaf0 qtdemux.c:5700:gst_qtdemux_chain:<qtdemux1> pushing in inbuf 0xdcc59b28, neededbytes:144471, available:39739
03-06 09:27:49.499 22026 22340 D GStreamer+qtdemux: 0:02:46.582947228 0xdd2dbaf0 qtdemux.c:5700:gst_qtdemux_chain:<qtdemux1> pushing in inbuf 0xdccffcb0, neededbytes:144471, available:43835
03-06 09:27:49.499 22026 22340 D GStreamer+qtdemux: 0:02:46.583070301 0xdd2dbaf0 qtdemux.c:5700:gst_qtdemux_chain:<qtdemux1> pushing in inbuf 0xdcc3fbe0, neededbytes:144471, available:47931
03-06 09:27:49.499 22026 22340 D GStreamer+qtdemux: 0:02:46.583197124 0xdd2dbaf0 qtdemux.c:5700:gst_qtdemux_chain:<qtdemux1> pushing in inbuf 0xdcc3e5a8, neededbytes:144471, available:52027
03-06 09:27:49.499 22026 22340 D GStreamer+qtdemux: 0:02:46.583306082 0xdd2dbaf0 qtdemux.c:5700:gst_qtdemux_chain:<qtdemux1> pushing in inbuf 0xdcc3e810, neededbytes:144471, available:56123
03-06 09:27:49.499 22026 22340 D GStreamer+qtdemux: 0:02:46.583405197 0xdd2dbaf0 qtdemux.c:5700:gst_qtdemux_chain:<qtdemux1> pushing in inbuf 0xdd6cd030, neededbytes:144471, available:60219
03-06 09:27:49.500 22026 22340 D GStreamer+qtdemux: 0:02:46.583510092 0xdd2dbaf0 qtdemux.c:5700:gst_qtdemux_chain:<qtdemux1> pushing in inbuf 0xdccfec00, neededbytes:144471, available:64315
03-06 09:27:49.500 22026 22340 D GStreamer+qtdemux: 0:02:46.583618269 0xdd2dbaf0 qtdemux.c:5700:gst_qtdemux_chain:<qtdemux1> pushing in inbuf 0xdcc3f018, neededbytes:144471, available:68411
03-06 09:27:49.500 22026 22340 D GStreamer+qtdemux: 0:02:46.583722957 0xdd2dbaf0 qtdemux.c:5700:gst_qtdemux_chain:<qtdemux1> pushing in inbuf 0xdcbff030, neededbytes:144471, available:72507
03-06 09:27:49.500 22026 22340 D GStreamer+qtdemux: 0:02:46.583830249 0xdd2dbaf0 qtdemux.c:5700:gst_qtdemux_chain:<qtdemux1> pushing in inbuf 0xdca798d0, neededbytes:144471, available:76603
03-06 09:27:49.500 22026 22340 D GStreamer+qtdemux: 0:02:46.583937749 0xdd2dbaf0 qtdemux.c:5700:gst_qtdemux_chain:<qtdemux1> pushing in inbuf 0xdccf3be8, neededbytes:144471, available:80699
03-06 09:27:49.500 22026 22340 D GStreamer+qtdemux: 0:02:46.584043999 0xdd2dbaf0 qtdemux.c:5700:gst_qtdemux_chain:<qtdemux1> pushing in inbuf 0xdcc3f3d8, neededbytes:144471, available:84795
03-06 09:27:49.500 22026 22340 D GStreamer+qtdemux: 0:02:46.584148322 0xdd2dbaf0 qtdemux.c:5700:gst_qtdemux_chain:<qtdemux1> pushing in inbuf 0xdc9a5e48, neededbytes:144471, available:88891
03-06 09:27:49.500 22026 22340 D GStreamer+qtdemux: 0:02:46.584255249 0xdd2dbaf0 qtdemux.c:5700:gst_qtdemux_chain:<qtdemux1> pushing in inbuf 0xdcc59700, neededbytes:144471, available:92987
03-06 09:27:49.500 22026 22340 D GStreamer+qtdemux: 0:02:46.584361551 0xdd2dbaf0 qtdemux.c:5700:gst_qtdemux_chain:<qtdemux1> pushing in inbuf 0xdcc510c8, neededbytes:144471, available:97083
03-06 09:27:49.500 22026 22340 D GStreamer+qtdemux: 0:02:46.584466238 0xdd2dbaf0 qtdemux.c:5700:gst_qtdemux_chain:<qtdemux1> pushing in inbuf 0xdd6cd350, neededbytes:144471, available:101179
03-06 09:27:49.501 22026 22340 D GStreamer+qtdemux: 0:02:46.584571967 0xdd2dbaf0 qtdemux.c:5700:gst_qtdemux_chain:<qtdemux1> pushing in inbuf 0xdccf32a0, neededbytes:144471, available:105275
03-06 09:27:49.501 22026 22340 D GStreamer+qtdemux: 0:02:46.584677436 0xdd2dbaf0 qtdemux.c:5700:gst_qtdemux_chain:<qtdemux1> pushing in inbuf 0xdc9a6b38, neededbytes:144471, available:109371
03-06 09:27:49.501 22026 22340 D GStreamer+qtdemux: 0:02:46.584782176 0xdd2dbaf0 qtdemux.c:5700:gst_qtdemux_chain:<qtdemux1> pushing in inbuf 0xdcbfe340, neededbytes:144471, available:113467
03-06 09:27:49.501 22026 22340 D GStreamer+qtdemux: 0:02:46.584886655 0xdd2dbaf0 qtdemux.c:5700:gst_qtdemux_chain:<qtdemux1> pushing in inbuf 0xdcbfe520, neededbytes:144471, available:117563
03-06 09:27:49.501 22026 22340 D GStreamer+qtdemux: 0:02:46.584993478 0xdd2dbaf0 qtdemux.c:5700:gst_qtdemux_chain:<qtdemux1> pushing in inbuf 0xdccffe90, neededbytes:144471, available:121659
03-06 09:27:49.501 22026 22340 D GStreamer+qtdemux: 0:02:46.585106707 0xdd2dbaf0 qtdemux.c:5700:gst_qtdemux_chain:<qtdemux1> pushing in inbuf 0xdccf3aa8, neededbytes:144471, available:125755
03-06 09:27:49.501 22026 22340 D GStreamer+qtdemux: 0:02:46.585222905 0xdd2dbaf0 qtdemux.c:5700:gst_qtdemux_chain:<qtdemux1> pushing in inbuf 0xdcc592a0, neededbytes:144471, available:129851
03-06 09:27:49.501 22026 22340 D GStreamer+qtdemux: 0:02:46.585330561 0xdd2dbaf0 qtdemux.c:5700:gst_qtdemux_chain:<qtdemux1> pushing in inbuf 0xdc9a5da8, neededbytes:144471, available:133947
03-06 09:27:49.501 22026 22340 D GStreamer+qtdemux: 0:02:46.585435665 0xdd2dbaf0 qtdemux.c:5700:gst_qtdemux_chain:<qtdemux1> pushing in inbuf 0xdc9a6d18, neededbytes:144471, available:138043
03-06 09:27:49.502 22026 22340 D GStreamer+qtdemux: 0:02:46.585541811 0xdd2dbaf0 qtdemux.c:5700:gst_qtdemux_chain:<qtdemux1> pushing in inbuf 0xdc978a28, neededbytes:144471, available:142139
03-06 09:27:49.502 22026 22340 D GStreamer+qtdemux: 0:02:46.585646551 0xdd2dbaf0 qtdemux.c:5700:gst_qtdemux_chain:<qtdemux1> pushing in inbuf 0xdc9a6650, neededbytes:144471, available:146235
03-06 09:27:49.502 22026 22340 D GStreamer+qtdemux: 0:02:46.585734988 0xdd2dbaf0 qtdemux.c:5720:gst_qtdemux_process_adapter:<qtdemux1> state:2 , demux->neededbytes:144471, demux->offset:36058349
03-06 09:27:49.502 22026 22340 D GStreamer+qtdemux: 0:02:46.585816603 0xdd2dbaf0 qtdemux.c:6067:gst_qtdemux_process_adapter:<qtdemux1> BEGIN // in MOVIE for offset 36058349
03-06 09:27:49.502 22026 22340 V GStreamer+qtdemux: 0:02:46.585904884 0xdd2dbaf0 qtdemux.c:6145:gst_qtdemux_process_adapter:<qtdemux1> Checking stream 0 (sample_index:249 / offset:36058349 / size:144471)
03-06 09:27:49.502 22026 22340 D GStreamer+qtdemux: 0:02:46.585988009 0xdd2dbaf0 qtdemux.c:6163:gst_qtdemux_process_adapter:<qtdemux1> stream : avc1
03-06 09:27:49.502 22026 22340 V GStreamer+qtdemux: 0:02:46.586382749 0xdd2dbaf0 qtdemux.c:4961:gst_qtdemux_decorate_and_push_buffer:<qtdemux1> Pushing buffer with dts 0:00:04.900400000, pts 0:00:04.900400000, duration 0:00:00.019400000 on pad video_0
03-06 09:27:49.514 22026 22232 V GStreamer+qtdemux: 0:02:46.598112801 0xdd2db980 qtdemux.c:810:gst_qtdemux_handle_src_query:<qtdemux1:video_0> position query
03-06 09:27:49.515 22026 22340 V GStreamer+qtdemux: 0:02:46.598829832 0xdd2dbaf0 qtdemux.c:4633:gst_qtdemux_combine_flows:<qtdemux1> flow return: ok
03-06 09:27:49.515 22026 22340 V GStreamer+qtdemux: 0:02:46.598929728 0xdd2dbaf0 qtdemux.c:4641:gst_qtdemux_combine_flows:<qtdemux1> combined flow return: ok
03-06 09:27:49.515 22026 22340 V GStreamer+qtdemux: 0:02:46.599014571 0xdd2dbaf0 qtdemux.c:6219:gst_qtdemux_process_adapter:<qtdemux1> increasing offset 36058349 by 144471
03-06 09:27:49.515 22026 22340 V GStreamer+qtdemux: 0:02:46.599090926 0xdd2dbaf0 qtdemux.c:6222:gst_qtdemux_process_adapter:<qtdemux1> offset is now 36202820
03-06 09:27:49.515 22026 22340 V GStreamer+qtdemux: 0:02:46.599166186 0xdd2dbaf0 qtdemux.c:5472:next_entry_size:<qtdemux1> Finding entry at offset 36202820
03-06 09:27:49.515 22026 22342 I GStreamer+baseparse: 0:02:46.599211082 0xd73ffa90 gstbaseparse.c:3945:gst_base_parse_set_latency:<h264parse1> min/max latency 0:00:00.019480519, 0:00:00.019480519
03-06 09:27:49.515 22026 22340 V GStreamer+qtdemux: 0:02:46.599248894 0xdd2dbaf0 qtdemux.c:7663:qtdemux_parse_samples:<qtdemux1> parsing samples for stream fourcc avc1, pad video_0
03-06 09:27:49.515 22026 22340 D GStreamer+qtdemux: 0:02:46.599334207 0xdd2dbaf0 qtdemux.c:7674:qtdemux_parse_samples:<qtdemux1> parsing up to sample 250
03-06 09:27:49.515 22026 22340 V GStreamer+qtdemux: 0:02:46.599414155 0xdd2dbaf0 qtdemux.c:7700:qtdemux_parse_samples:<qtdemux1> sample 250 has size 144606
03-06 09:27:49.516 22026 22340 V GStreamer+qtdemux: 0:02:46.599496394 0xdd2dbaf0 qtdemux.c:7824:qtdemux_parse_samples:<qtdemux1> creating entry 250 with offset 36202820 and size 144606
03-06 09:27:49.516 22026 22340 D GStreamer+qtdemux: 0:02:46.599587488 0xdd2dbaf0 qtdemux.c:7881:qtdemux_parse_samples:<qtdemux1> sample 250: index 1, timestamp 0:00:04.919800000
03-06 09:27:49.516 22026 22340 D GStreamer+qtdemux: 0:02:46.599664728 0xdd2dbaf0 qtdemux.c:7936:qtdemux_parse_samples:<qtdemux1> samples at 250 is keyframe
03-06 09:27:49.516 22026 22340 V GStreamer+qtdemux: 0:02:46.599748478 0xdd2dbaf0 qtdemux.c:5498:next_entry_size:<qtdemux1> Checking Stream 0 (sample_index:250 / offset:36202820 / size:144606)
03-06 09:27:49.516 22026 22340 V GStreamer+qtdemux: 0:02:46.599835301 0xdd2dbaf0 qtdemux.c:5509:next_entry_size:<qtdemux1> stream 0 offset 36202820 demux->offset :36202820
03-06 09:27:49.516 22026 22340 D GStreamer+qtdemux: 0:02:46.599958061 0xdd2dbaf0 qtdemux.c:5700:gst_qtdemux_chain:<qtdemux1> pushing in inbuf 0xdcc59ee8, neededbytes:144606, available:5860
03-06 09:27:49.516 22026 22340 D GStreamer+qtdemux: 0:02:46.600063165 0xdd2dbaf0 qtdemux.c:5700:gst_qtdemux_chain:<qtdemux1> pushing in inbuf 0xdcc51d20, neededbytes:144606, available:9956
03-06 09:27:49.516 22026 22340 D GStreamer+qtdemux: 0:02:46.600201655 0xdd2dbaf0 qtdemux.c:5700:gst_qtdemux_chain:<qtdemux1> pushing in inbuf 0xdccfe0d8, neededbytes:144606, available:14052
03-06 09:27:49.516 22026 22340 D GStreamer+qtdemux: 0:02:46.600318374 0xdd2dbaf0 qtdemux.c:5700:gst_qtdemux_chain:<qtdemux1> pushing in inbuf 0xdccff728, neededbytes:144606, available:18148
03-06 09:27:49.516 22026 22340 D GStreamer+qtdemux: 0:02:46.600430821 0xdd2dbaf0 qtdemux.c:5700:gst_qtdemux_chain:<qtdemux1> pushing in inbuf 0xdd6cd2b0, neededbytes:144606, available:22244
03-06 09:27:49.517 22026 22340 D GStreamer+qtdemux: 0:02:46.600563009 0xdd2dbaf0 qtdemux.c:5700:gst_qtdemux_chain:<qtdemux1> pushing in inbuf 0xdc9a5500, neededbytes:144606, available:26340
03-06 09:27:49.517 22026 22340 D GStreamer+qtdemux: 0:02:46.600683999 0xdd2dbaf0 qtdemux.c:5700:gst_qtdemux_chain:<qtdemux1> pushing in inbuf 0xdc979800, neededbytes:144606, available:30436
03-06 09:27:49.517 22026 22340 D GStreamer+qtdemux: 0:02:46.600795769 0xdd2dbaf0 qtdemux.c:5700:gst_qtdemux_chain:<qtdemux1> pushing in inbuf 0xdcc3f0b8, neededbytes:144606, available:34532
03-06 09:27:49.517 22026 22340 D GStreamer+qtdemux: 0:02:46.600903946 0xdd2dbaf0 qtdemux.c:5700:gst_qtdemux_chain:<qtdemux1> pushing in inbuf 0xdcc51820, neededbytes:144606, available:38628
03-06 09:27:49.517 22026 22340 D GStreamer+qtdemux: 0:02:46.601012905 0xdd2dbaf0 qtdemux.c:5700:gst_qtdemux_chain:<qtdemux1> pushing in inbuf 0xdcbff350, neededbytes:144606, available:42724
03-06 09:27:49.517 22026 22340 D GStreamer+qtdemux: 0:02:46.601124259 0xdd2dbaf0 qtdemux.c:5700:gst_qtdemux_chain:<qtdemux1> pushing in inbuf 0xdd6cd210, neededbytes:144606, available:46820
03-06 09:27:49.517 22026 22340 D GStreamer+qtdemux: 0:02:46.601231915 0xdd2dbaf0 qtdemux.c:5700:gst_qtdemux_chain:<qtdemux1> pushing in inbuf 0xdc978b68, neededbytes:144606, available:50916
03-06 09:27:49.517 22026 22340 D GStreamer+qtdemux: 0:02:46.601344988 0xdd2dbaf0 qtdemux.c:5700:gst_qtdemux_chain:<qtdemux1> pushing in inbuf 0xdcbfe700, neededbytes:144606, available:55012
03-06 09:27:49.517 22026 22340 D GStreamer+qtdemux: 0:02:46.601468634 0xdd2dbaf0 qtdemux.c:5700:gst_qtdemux_chain:<qtdemux1> pushing in inbuf 0xdcbff8f0, neededbytes:144606, available:59108
03-06 09:27:49.518 22026 22340 D GStreamer+qtdemux: 0:02:46.601590665 0xdd2dbaf0 qtdemux.c:5700:gst_qtdemux_chain:<qtdemux1> pushing in inbuf 0xdccf3e68, neededbytes:144606, available:63204
03-06 09:27:49.518 22026 22340 D GStreamer+qtdemux: 0:02:46.601690457 0xdd2dbaf0 qtdemux.c:5700:gst_qtdemux_chain:<qtdemux1> pushing in inbuf 0xdc9a69f8, neededbytes:144606, available:67300
03-06 09:27:49.518 22026 22340 D GStreamer+qtdemux: 0:02:46.601795353 0xdd2dbaf0 qtdemux.c:5700:gst_qtdemux_chain:<qtdemux1> pushing in inbuf 0xdcc59a88, neededbytes:144606, available:71396
03-06 09:27:49.518 22026 22340 D GStreamer+qtdemux: 0:02:46.601906551 0xdd2dbaf0 qtdemux.c:5700:gst_qtdemux_chain:<qtdemux1> pushing in inbuf 0xdccff850, neededbytes:144606, available:75492
03-06 09:27:49.518 22026 22340 D GStreamer+qtdemux: 0:02:46.602023842 0xdd2dbaf0 qtdemux.c:5700:gst_qtdemux_chain:<qtdemux1> pushing in inbuf 0xdcc59020, neededbytes:144606, available:79588
03-06 09:27:49.518 22026 22340 D GStreamer+qtdemux: 0:02:46.602140301 0xdd2dbaf0 qtdemux.c:5700:gst_qtdemux_chain:<qtdemux1> pushing in inbuf 0xdccfe538, neededbytes:144606, available:83684
03-06 09:27:49.518 22026 22340 D GStreamer+qtdemux: 0:02:46.602248582 0xdd2dbaf0 qtdemux.c:5700:gst_qtdemux_chain:<qtdemux1> pushing in inbuf 0xdcbfe480, neededbytes:144606, available:87780
03-06 09:27:49.518 22026 22340 D GStreamer+qtdemux: 0:02:46.602354624 0xdd2dbaf0 qtdemux.c:5700:gst_qtdemux_chain:<qtdemux1> pushing in inbuf 0xdcc51b40, neededbytes:144606, available:91876
03-06 09:27:49.518 22026 22340 D GStreamer+qtdemux: 0:02:46.602460092 0xdd2dbaf0 qtdemux.c:5700:gst_qtdemux_chain:<qtdemux1> pushing in inbuf 0xdccf3700, neededbytes:144606, available:95972
03-06 09:27:49.519 22026 22340 D GStreamer+qtdemux: 0:02:46.602563842 0xdd2dbaf0 qtdemux.c:5700:gst_qtdemux_chain:<qtdemux1> pushing in inbuf 0xdd6cd3f0, neededbytes:144606, available:100068
03-06 09:27:49.519 22026 22340 D GStreamer+qtdemux: 0:02:46.602669103 0xdd2dbaf0 qtdemux.c:5700:gst_qtdemux_chain:<qtdemux1> pushing in inbuf 0xdcc3fdc0, neededbytes:144606, available:104164
03-06 09:27:49.519 22026 22340 D GStreamer+qtdemux: 0:02:46.602779051 0xdd2dbaf0 qtdemux.c:5700:gst_qtdemux_chain:<qtdemux1> pushing in inbuf 0xdcc3f298, neededbytes:144606, available:108260
03-06 09:27:49.519 22026 22340 D GStreamer+qtdemux: 0:02:46.602891707 0xdd2dbaf0 qtdemux.c:5700:gst_qtdemux_chain:<qtdemux1> pushing in inbuf 0xdcc3e3c8, neededbytes:144606, available:112356
03-06 09:27:49.519 22026 22340 D GStreamer+qtdemux: 0:02:46.603033165 0xdd2dbaf0 qtdemux.c:5700:gst_qtdemux_chain:<qtdemux1> pushing in inbuf 0xdcc51168, neededbytes:144606, available:116452
03-06 09:27:49.519 22026 22340 D GStreamer+qtdemux: 0:02:46.603138686 0xdd2dbaf0 qtdemux.c:5700:gst_qtdemux_chain:<qtdemux1> pushing in inbuf 0xdcc51be0, neededbytes:144606, available:120548
03-06 09:27:49.519 22026 22340 D GStreamer+qtdemux: 0:02:46.603249155 0xdd2dbaf0 qtdemux.c:5700:gst_qtdemux_chain:<qtdemux1> pushing in inbuf 0xdcc59808, neededbytes:144606, available:124644
03-06 09:27:49.519 22026 22340 D GStreamer+qtdemux: 0:02:46.603363478 0xdd2dbaf0 qtdemux.c:5700:gst_qtdemux_chain:<qtdemux1> pushing in inbuf 0xdca79970, neededbytes:144606, available:128740
03-06 09:27:49.519 22026 22340 D GStreamer+qtdemux: 0:02:46.603468113 0xdd2dbaf0 qtdemux.c:5700:gst_qtdemux_chain:<qtdemux1> pushing in inbuf 0xdccf3dc8, neededbytes:144606, available:132836
03-06 09:27:49.520 22026 22340 D GStreamer+qtdemux: 0:02:46.603581967 0xdd2dbaf0 qtdemux.c:5700:gst_qtdemux_chain:<qtdemux1> pushing in inbuf 0xdc9a63d0, neededbytes:144606, available:136932
03-06 09:27:49.520 22026 22340 D GStreamer+qtdemux: 0:02:46.603686238 0xdd2dbaf0 qtdemux.c:5700:gst_qtdemux_chain:<qtdemux1> pushing in inbuf 0xdc9a6330, neededbytes:144606, available:141028
03-06 09:27:49.520 22026 22340 D GStreamer+qtdemux: 0:02:46.603799415 0xdd2dbaf0 qtdemux.c:5700:gst_qtdemux_chain:<qtdemux1> pushing in inbuf 0xdcbff850, neededbytes:144606, available:145124
03-06 09:27:49.520 22026 22340 D GStreamer+qtdemux: 0:02:46.603887488 0xdd2dbaf0 qtdemux.c:5720:gst_qtdemux_process_adapter:<qtdemux1> state:2 , demux->neededbytes:144606, demux->offset:36202820
03-06 09:27:49.520 22026 22340 D GStreamer+qtdemux: 0:02:46.603970353 0xdd2dbaf0 qtdemux.c:6067:gst_qtdemux_process_adapter:<qtdemux1> BEGIN // in MOVIE for offset 36202820
03-06 09:27:49.520 22026 22340 V GStreamer+qtdemux: 0:02:46.604059884 0xdd2dbaf0 qtdemux.c:6145:gst_qtdemux_process_adapter:<qtdemux1> Checking stream 0 (sample_index:250 / offset:36202820 / size:144606)
03-06 09:27:49.520 22026 22340 D GStreamer+qtdemux: 0:02:46.604144832 0xdd2dbaf0 qtdemux.c:6163:gst_qtdemux_process_adapter:<qtdemux1> stream : avc1
03-06 09:27:49.521 22026 22340 V GStreamer+qtdemux: 0:02:46.604576186 0xdd2dbaf0 qtdemux.c:4961:gst_qtdemux_decorate_and_push_buffer:<qtdemux1> Pushing buffer with dts 0:00:04.919800000, pts 0:00:04.919800000, duration 0:00:00.019400000 on pad video_0
03-06 09:27:49.533 22026 22232 V GStreamer+qtdemux: 0:02:46.617366030 0xdd2db980 qtdemux.c:810:gst_qtdemux_handle_src_query:<qtdemux1:video_0> position query
03-06 09:27:49.535 22026 22340 V GStreamer+qtdemux: 0:02:46.618913530 0xdd2dbaf0 qtdemux.c:4633:gst_qtdemux_combine_flows:<qtdemux1> flow return: ok
03-06 09:27:49.535 22026 22340 V GStreamer+qtdemux: 0:02:46.619013582 0xdd2dbaf0 qtdemux.c:4641:gst_qtdemux_combine_flows:<qtdemux1> combined flow return: ok
03-06 09:27:49.535 22026 22340 V GStreamer+qtdemux: 0:02:46.619096290 0xdd2dbaf0 qtdemux.c:6219:gst_qtdemux_process_adapter:<qtdemux1> increasing offset 36202820 by 144606
03-06 09:27:49.535 22026 22342 I GStreamer+baseparse: 0:02:46.619308894 0xd73ffa90 gstbaseparse.c:3945:gst_base_parse_set_latency:<h264parse1> min/max latency 0:00:00.019480519, 0:00:00.019480519
03-06 09:27:49.535 22026 22340 V GStreamer+qtdemux: 0:02:46.619424624 0xdd2dbaf0 qtdemux.c:6222:gst_qtdemux_process_adapter:<qtdemux1> offset is now 36347426
03-06 09:27:49.536 22026 22340 V GStreamer+qtdemux: 0:02:46.619587488 0xdd2dbaf0 qtdemux.c:5472:next_entry_size:<qtdemux1> Finding entry at offset 36347426
03-06 09:27:49.536 22026 22340 V GStreamer+qtdemux: 0:02:46.619732124 0xdd2dbaf0 qtdemux.c:7663:qtdemux_parse_samples:<qtdemux1> parsing samples for stream fourcc avc1, pad video_0
03-06 09:27:49.536 22026 22340 D GStreamer+qtdemux: 0:02:46.619864728 0xdd2dbaf0 qtdemux.c:7674:qtdemux_parse_samples:<qtdemux1> parsing up to sample 251
03-06 09:27:49.536 22026 22340 V GStreamer+qtdemux: 0:02:46.619999728 0xdd2dbaf0 qtdemux.c:7700:qtdemux_parse_samples:<qtdemux1> sample 251 has size 144535
03-06 09:27:49.536 22026 22340 V GStreamer+qtdemux: 0:02:46.620145978 0xdd2dbaf0 qtdemux.c:7824:qtdemux_parse_samples:<qtdemux1> creating entry 251 with offset 36347426 and size 144535
03-06 09:27:49.536 22026 22340 D GStreamer+qtdemux: 0:02:46.620297696 0xdd2dbaf0 qtdemux.c:7881:qtdemux_parse_samples:<qtdemux1> sample 251: index 2, timestamp 0:00:04.939200000
03-06 09:27:49.536 22026 22340 D GStreamer+qtdemux: 0:02:46.620424363 0xdd2dbaf0 qtdemux.c:7936:qtdemux_parse_samples:<qtdemux1> samples at 251 is keyframe
03-06 09:27:49.537 22026 22340 V GStreamer+qtdemux: 0:02:46.620555196 0xdd2dbaf0 qtdemux.c:5498:next_entry_size:<qtdemux1> Checking Stream 0 (sample_index:251 / offset:36347426 / size:144535)
03-06 09:27:49.537 22026 22340 V GStreamer+qtdemux: 0:02:46.620697176 0xdd2dbaf0 qtdemux.c:5509:next_entry_size:<qtdemux1> stream 0 offset 36347426 demux->offset :36347426
03-06 09:27:49.537 22026 22340 D GStreamer+qtdemux: 0:02:46.620881238 0xdd2dbaf0 qtdemux.c:5700:gst_qtdemux_chain:<qtdemux1> pushing in inbuf 0xdc979a80, neededbytes:144535, available:4614
03-06 09:27:49.537 22026 22340 D GStreamer+qtdemux: 0:02:46.621048894 0xdd2dbaf0 qtdemux.c:5700:gst_qtdemux_chain:<qtdemux1> pushing in inbuf 0xdcbffcb0, neededbytes:144535, available:8710
03-06 09:27:49.537 22026 22340 D GStreamer+qtdemux: 0:02:46.621220196 0xdd2dbaf0 qtdemux.c:5700:gst_qtdemux_chain:<qtdemux1> pushing in inbuf 0xdcbff0d0, neededbytes:144535, available:12806
03-06 09:27:49.537 22026 22340 D GStreamer+qtdemux: 0:02:46.621371446 0xdd2dbaf0 qtdemux.c:5700:gst_qtdemux_chain:<qtdemux1> pushing in inbuf 0xdcbff2b0, neededbytes:144535, available:16902
03-06 09:27:49.538 22026 22340 D GStreamer+qtdemux: 0:02:46.621541134 0xdd2dbaf0 qtdemux.c:5700:gst_qtdemux_chain:<qtdemux1> pushing in inbuf 0xdcc3f658, neededbytes:144535, available:20998
03-06 09:27:49.538 22026 22340 D GStreamer+qtdemux: 0:02:46.621704311 0xdd2dbaf0 qtdemux.c:5700:gst_qtdemux_chain:<qtdemux1> pushing in inbuf 0xdc9a5808, neededbytes:144535, available:25094
03-06 09:27:49.538 22026 22340 D GStreamer+qtdemux: 0:02:46.621872644 0xdd2dbaf0 qtdemux.c:5700:gst_qtdemux_chain:<qtdemux1> pushing in inbuf 0xdc9794c0, neededbytes:144535, available:29190
03-06 09:27:49.538 22026 22340 D GStreamer+qtdemux: 0:02:46.622032905 0xdd2dbaf0 qtdemux.c:5700:gst_qtdemux_chain:<qtdemux1> pushing in inbuf 0xdccff8f0, neededbytes:144535, available:33286
03-06 09:27:49.538 22026 22340 D GStreamer+qtdemux: 0:02:46.622185717 0xdd2dbaf0 qtdemux.c:5700:gst_qtdemux_chain:<qtdemux1> pushing in inbuf 0xdccfe498, neededbytes:144535, available:37382
03-06 09:27:49.538 22026 22340 D GStreamer+qtdemux: 0:02:46.622344155 0xdd2dbaf0 qtdemux.c:5700:gst_qtdemux_chain:<qtdemux1> pushing in inbuf 0xdca79b50, neededbytes:144535, available:41478
03-06 09:27:49.539 22026 22340 D GStreamer+qtdemux: 0:02:46.622533634 0xdd2dbaf0 qtdemux.c:5700:gst_qtdemux_chain:<qtdemux1> pushing in inbuf 0xdcbffad0, neededbytes:144535, available:45574
03-06 09:27:49.539 22026 22340 D GStreamer+qtdemux: 0:02:46.622688165 0xdd2dbaf0 qtdemux.c:5700:gst_qtdemux_chain:<qtdemux1> pushing in inbuf 0xdd15cef8, neededbytes:144535, available:49670
03-06 09:27:49.539 22026 22340 D GStreamer+qtdemux: 0:02:46.622834259 0xdd2dbaf0 qtdemux.c:5700:gst_qtdemux_chain:<qtdemux1> pushing in inbuf 0xdc979740, neededbytes:144535, available:53766
03-06 09:27:49.539 22026 22340 D GStreamer+qtdemux: 0:02:46.622977592 0xdd2dbaf0 qtdemux.c:5700:gst_qtdemux_chain:<qtdemux1> pushing in inbuf 0xdcc3e0a8, neededbytes:144535, available:57862
03-06 09:27:49.539 22026 22340 D GStreamer+qtdemux: 0:02:46.623120821 0xdd2dbaf0 qtdemux.c:5700:gst_qtdemux_chain:<qtdemux1> pushing in inbuf 0xdcc3f820, neededbytes:144535, available:61958
03-06 09:27:49.539 22026 22340 D GStreamer+qtdemux: 0:02:46.623267644 0xdd2dbaf0 qtdemux.c:5700:gst_qtdemux_chain:<qtdemux1> pushing in inbuf 0xdc9780e0, neededbytes:144535, available:66054
03-06 09:27:49.539 22026 22340 D GStreamer+qtdemux: 0:02:46.623412696 0xdd2dbaf0 qtdemux.c:5700:gst_qtdemux_chain:<qtdemux1> pushing in inbuf 0xdc9a5640, neededbytes:144535, available:70150
03-06 09:27:49.540 22026 22340 D GStreamer+qtdemux: 0:02:46.623569363 0xdd2dbaf0 qtdemux.c:5700:gst_qtdemux_chain:<qtdemux1> pushing in inbuf 0xdca793e8, neededbytes:144535, available:74246
03-06 09:27:49.540 22026 22340 D GStreamer+qtdemux: 0:02:46.623725353 0xdd2dbaf0 qtdemux.c:5700:gst_qtdemux_chain:<qtdemux1> pushing in inbuf 0xdc978de8, neededbytes:144535, available:78342
03-06 09:27:49.540 22026 22340 D GStreamer+qtdemux: 0:02:46.623889363 0xdd2dbaf0 qtdemux.c:5700:gst_qtdemux_chain:<qtdemux1> pushing in inbuf 0xdc9a5a88, neededbytes:144535, available:82438
03-06 09:27:49.540 22026 22340 D GStreamer+qtdemux: 0:02:46.624046707 0xdd2dbaf0 qtdemux.c:5700:gst_qtdemux_chain:<qtdemux1> pushing in inbuf 0xdc9a5ee8, neededbytes:144535, available:86534
03-06 09:27:49.540 22026 22340 D GStreamer+qtdemux: 0:02:46.624203530 0xdd2dbaf0 qtdemux.c:5700:gst_qtdemux_chain:<qtdemux1> pushing in inbuf 0xdcc512a8, neededbytes:144535, available:90630
03-06 09:27:49.540 22026 22340 D GStreamer+qtdemux: 0:02:46.624359676 0xdd2dbaf0 qtdemux.c:5700:gst_qtdemux_chain:<qtdemux1> pushing in inbuf 0xdcc51208, neededbytes:144535, available:94726
03-06 09:27:49.541 22026 22340 D GStreamer+qtdemux: 0:02:46.624518165 0xdd2dbaf0 qtdemux.c:5700:gst_qtdemux_chain:<qtdemux1> pushing in inbuf 0xdcbfef08, neededbytes:144535, available:98822
03-06 09:27:49.541 22026 22340 D GStreamer+qtdemux: 0:02:46.624677853 0xdd2dbaf0 qtdemux.c:5700:gst_qtdemux_chain:<qtdemux1> pushing in inbuf 0xdc979560, neededbytes:144535, available:102918
03-06 09:27:49.541 22026 22340 D GStreamer+qtdemux: 0:02:46.624838530 0xdd2dbaf0 qtdemux.c:5700:gst_qtdemux_chain:<qtdemux1> pushing in inbuf 0xdd15ca98, neededbytes:144535, available:107014
03-06 09:27:49.541 22026 22340 D GStreamer+qtdemux: 0:02:46.625013426 0xdd2dbaf0 qtdemux.c:5700:gst_qtdemux_chain:<qtdemux1> pushing in inbuf 0xdc979e40, neededbytes:144535, available:111110
03-06 09:27:49.541 22026 22340 D GStreamer+qtdemux: 0:02:46.625180874 0xdd2dbaf0 qtdemux.c:5700:gst_qtdemux_chain:<qtdemux1> pushing in inbuf 0xdc9a6470, neededbytes:144535, available:115206
03-06 09:27:49.541 22026 22340 D GStreamer+qtdemux: 0:02:46.625346290 0xdd2dbaf0 qtdemux.c:5700:gst_qtdemux_chain:<qtdemux1> pushing in inbuf 0xdc9a6db8, neededbytes:144535, available:119302
03-06 09:27:49.542 22026 22340 D GStreamer+qtdemux: 0:02:46.625512644 0xdd2dbaf0 qtdemux.c:5700:gst_qtdemux_chain:<qtdemux1> pushing in inbuf 0xdcc51348, neededbytes:144535, available:123398
03-06 09:27:49.542 22026 22340 D GStreamer+qtdemux: 0:02:46.625680717 0xdd2dbaf0 qtdemux.c:5700:gst_qtdemux_chain:<qtdemux1> pushing in inbuf 0xdccfeb60, neededbytes:144535, available:127494
03-06 09:27:49.542 22026 22340 D GStreamer+qtdemux: 0:02:46.625849155 0xdd2dbaf0 qtdemux.c:5700:gst_qtdemux_chain:<qtdemux1> pushing in inbuf 0xdd15c8b8, neededbytes:144535, available:131590
03-06 09:27:49.542 22026 22340 D GStreamer+qtdemux: 0:02:46.626014467 0xdd2dbaf0 qtdemux.c:5700:gst_qtdemux_chain:<qtdemux1> pushing in inbuf 0xdcbfe8c8, neededbytes:144535, available:135686
03-06 09:27:49.542 22026 22340 D GStreamer+qtdemux: 0:02:46.626182957 0xdd2dbaf0 qtdemux.c:5700:gst_qtdemux_chain:<qtdemux1> pushing in inbuf 0xdca79c90, neededbytes:144535, available:139782
03-06 09:27:49.542 22026 22340 D GStreamer+qtdemux: 0:02:46.626355405 0xdd2dbaf0 qtdemux.c:5700:gst_qtdemux_chain:<qtdemux1> pushing in inbuf 0xdccf3a08, neededbytes:144535, available:143878
03-06 09:27:49.543 22026 22340 D GStreamer+qtdemux: 0:02:46.626519467 0xdd2dbaf0 qtdemux.c:5700:gst_qtdemux_chain:<qtdemux1> pushing in inbuf 0xdccf3520, neededbytes:144535, available:147974
03-06 09:27:49.543 22026 22340 D GStreamer+qtdemux: 0:02:46.626660613 0xdd2dbaf0 qtdemux.c:5720:gst_qtdemux_process_adapter:<qtdemux1> state:2 , demux->neededbytes:144535, demux->offset:36347426
03-06 09:27:49.543 22026 22340 D GStreamer+qtdemux: 0:02:46.626792696 0xdd2dbaf0 qtdemux.c:6067:gst_qtdemux_process_adapter:<qtdemux1> BEGIN // in MOVIE for offset 36347426
03-06 09:27:49.543 22026 22340 V GStreamer+qtdemux: 0:02:46.626933165 0xdd2dbaf0 qtdemux.c:6145:gst_qtdemux_process_adapter:<qtdemux1> Checking stream 0 (sample_index:251 / offset:36347426 / size:144535)
03-06 09:27:49.543 22026 22340 D GStreamer+qtdemux: 0:02:46.627066655 0xdd2dbaf0 qtdemux.c:6163:gst_qtdemux_process_adapter:<qtdemux1> stream : avc1
03-06 09:27:49.544 22026 22340 V GStreamer+qtdemux: 0:02:46.627727019 0xdd2dbaf0 qtdemux.c:4961:gst_qtdemux_decorate_and_push_buffer:<qtdemux1> Pushing buffer with dts 0:00:04.939200000, pts 0:00:04.939200000, duration 0:00:00.019400000 on pad video_0
03-06 09:27:49.553 22026 22232 V GStreamer+qtdemux: 0:02:46.637427228 0xdd2db980 qtdemux.c:810:gst_qtdemux_handle_src_query:<qtdemux1:video_0> position query
03-06 09:27:49.554 22026 22340 V GStreamer+qtdemux: 0:02:46.638279207 0xdd2dbaf0 qtdemux.c:4633:gst_qtdemux_combine_flows:<qtdemux1> flow return: ok
03-06 09:27:49.554 22026 22340 V GStreamer+qtdemux: 0:02:46.638421134 0xdd2dbaf0 qtdemux.c:4641:gst_qtdemux_combine_flows:<qtdemux1> combined flow return: ok
03-06 09:27:49.555 22026 22340 V GStreamer+qtdemux: 0:02:46.638523165 0xdd2dbaf0 qtdemux.c:6219:gst_qtdemux_process_adapter:<qtdemux1> increasing offset 36347426 by 144535
03-06 09:27:49.555 22026 22340 V GStreamer+qtdemux: 0:02:46.638610301 0xdd2dbaf0 qtdemux.c:6222:gst_qtdemux_process_adapter:<qtdemux1> offset is now 36491961
03-06 09:27:49.555 22026 22342 I GStreamer+baseparse: 0:02:46.638714415 0xd73ffa90 gstbaseparse.c:3945:gst_base_parse_set_latency:<h264parse1> min/max latency 0:00:00.019480519, 0:00:00.019480519
03-06 09:27:49.555 22026 22340 V GStreamer+qtdemux: 0:02:46.638909728 0xdd2dbaf0 qtdemux.c:5472:next_entry_size:<qtdemux1> Finding entry at offset 36491961
03-06 09:27:49.555 22026 22340 V GStreamer+qtdemux: 0:02:46.639019155 0xdd2dbaf0 qtdemux.c:7663:qtdemux_parse_samples:<qtdemux1> parsing samples for stream fourcc avc1, pad video_0
03-06 09:27:49.555 22026 22340 D GStreamer+qtdemux: 0:02:46.639108478 0xdd2dbaf0 qtdemux.c:7674:qtdemux_parse_samples:<qtdemux1> parsing up to sample 252
03-06 09:27:49.555 22026 22340 V GStreamer+qtdemux: 0:02:46.639197436 0xdd2dbaf0 qtdemux.c:7700:qtdemux_parse_samples:<qtdemux1> sample 252 has size 144228
03-06 09:27:49.555 22026 22340 V GStreamer+qtdemux: 0:02:46.639289624 0xdd2dbaf0 qtdemux.c:7824:qtdemux_parse_samples:<qtdemux1> creating entry 252 with offset 36491961 and size 144228
03-06 09:27:49.555 22026 22340 V GStreamer+qtdemux: 0:02:46.639379363 0xdd2dbaf0 qtdemux.c:7868:qtdemux_parse_samples:<qtdemux1> block 0, 1 timestamps, duration 98
03-06 09:27:49.555 22026 22340 D GStreamer+qtdemux: 0:02:46.639481551 0xdd2dbaf0 qtdemux.c:7881:qtdemux_parse_samples:<qtdemux1> sample 252: index 0, timestamp 0:00:04.958600000
03-06 09:27:49.556 22026 22340 D GStreamer+qtdemux: 0:02:46.639564884 0xdd2dbaf0 qtdemux.c:7936:qtdemux_parse_samples:<qtdemux1> samples at 252 is keyframe
03-06 09:27:49.556 22026 22340 V GStreamer+qtdemux: 0:02:46.639659259 0xdd2dbaf0 qtdemux.c:5498:next_entry_size:<qtdemux1> Checking Stream 0 (sample_index:252 / offset:36491961 / size:144228)
03-06 09:27:49.556 22026 22340 V GStreamer+qtdemux: 0:02:46.639752957 0xdd2dbaf0 qtdemux.c:5509:next_entry_size:<qtdemux1> stream 0 offset 36491961 demux->offset :36491961
03-06 09:27:49.556 22026 22340 D GStreamer+qtdemux: 0:02:46.639902019 0xdd2dbaf0 qtdemux.c:5700:gst_qtdemux_chain:<qtdemux1> pushing in inbuf 0xdcbff3f0, neededbytes:144228, available:7535
03-06 09:27:49.556 22026 22340 D GStreamer+qtdemux: 0:02:46.640029415 0xdd2dbaf0 qtdemux.c:5700:gst_qtdemux_chain:<qtdemux1> pushing in inbuf 0xdc9a53c0, neededbytes:144228, available:11631
03-06 09:27:49.556 22026 22340 D GStreamer+qtdemux: 0:02:46.640169311 0xdd2dbaf0 qtdemux.c:5700:gst_qtdemux_chain:<qtdemux1> pushing in inbuf 0xdc9a6150, neededbytes:144228, available:15727
03-06 09:27:49.556 22026 22340 D GStreamer+qtdemux: 0:02:46.640292696 0xdd2dbaf0 qtdemux.c:5700:gst_qtdemux_chain:<qtdemux1> pushing in inbuf 0xdccfef20, neededbytes:144228, available:19823
03-06 09:27:49.556 22026 22340 D GStreamer+qtdemux: 0:02:46.640425249 0xdd2dbaf0 qtdemux.c:5700:gst_qtdemux_chain:<qtdemux1> pushing in inbuf 0xdccfeac0, neededbytes:144228, available:23919
03-06 09:27:49.557 22026 22340 D GStreamer+qtdemux: 0:02:46.640547957 0xdd2dbaf0 qtdemux.c:5700:gst_qtdemux_chain:<qtdemux1> pushing in inbuf 0xdccf30c0, neededbytes:144228, available:28015
03-06 09:27:49.557 22026 22340 D GStreamer+qtdemux: 0:02:46.640666290 0xdd2dbaf0 qtdemux.c:5700:gst_qtdemux_chain:<qtdemux1> pushing in inbuf 0xdccf33e0, neededbytes:144228, available:32111
03-06 09:27:49.557 22026 22340 D GStreamer+qtdemux: 0:02:46.640790457 0xdd2dbaf0 qtdemux.c:5700:gst_qtdemux_chain:<qtdemux1> pushing in inbuf 0xdcc3f158, neededbytes:144228, available:36207
03-06 09:27:49.557 22026 22340 D GStreamer+qtdemux: 0:02:46.640917124 0xdd2dbaf0 qtdemux.c:5700:gst_qtdemux_chain:<qtdemux1> pushing in inbuf 0xdcc59c68, neededbytes:144228, available:40303
03-06 09:27:49.557 22026 22340 D GStreamer+qtdemux: 0:02:46.641038634 0xdd2dbaf0 qtdemux.c:5700:gst_qtdemux_chain:<qtdemux1> pushing in inbuf 0xdcbfe2a0, neededbytes:144228, available:44399
03-06 09:27:49.557 22026 22340 D GStreamer+qtdemux: 0:02:46.641163686 0xdd2dbaf0 qtdemux.c:5700:gst_qtdemux_chain:<qtdemux1> pushing in inbuf 0xdcc3faa0, neededbytes:144228, available:48495
03-06 09:27:49.557 22026 22340 D GStreamer+qtdemux: 0:02:46.641280926 0xdd2dbaf0 qtdemux.c:5700:gst_qtdemux_chain:<qtdemux1> pushing in inbuf 0xdcbfeb48, neededbytes:144228, available:52591
03-06 09:27:49.557 22026 22340 D GStreamer+qtdemux: 0:02:46.641400249 0xdd2dbaf0 qtdemux.c:5700:gst_qtdemux_chain:<qtdemux1> pushing in inbuf 0xdccf3f08, neededbytes:144228, available:56687
03-06 09:27:49.558 22026 22340 D GStreamer+qtdemux: 0:02:46.641516446 0xdd2dbaf0 qtdemux.c:5700:gst_qtdemux_chain:<qtdemux1> pushing in inbuf 0xdc978c08, neededbytes:144228, available:60783
03-06 09:27:49.558 22026 22340 D GStreamer+qtdemux: 0:02:46.641641603 0xdd2dbaf0 qtdemux.c:5700:gst_qtdemux_chain:<qtdemux1> pushing in inbuf 0xdc9a6818, neededbytes:144228, available:64879
03-06 09:27:49.558 22026 22340 D GStreamer+qtdemux: 0:02:46.641756342 0xdd2dbaf0 qtdemux.c:5700:gst_qtdemux_chain:<qtdemux1> pushing in inbuf 0xdcc3fb40, neededbytes:144228, available:68975
03-06 09:27:49.558 22026 22340 D GStreamer+qtdemux: 0:02:46.641879103 0xdd2dbaf0 qtdemux.c:5700:gst_qtdemux_chain:<qtdemux1> pushing in inbuf 0xdcc3e648, neededbytes:144228, available:73071
03-06 09:27:49.558 22026 22340 D GStreamer+qtdemux: 0:02:46.641999363 0xdd2dbaf0 qtdemux.c:5700:gst_qtdemux_chain:<qtdemux1> pushing in inbuf 0xdccffad0, neededbytes:144228, available:77167
03-06 09:27:49.558 22026 22340 D GStreamer+qtdemux: 0:02:46.642117332 0xdd2dbaf0 qtdemux.c:5700:gst_qtdemux_chain:<qtdemux1> pushing in inbuf 0xdc9a6290, neededbytes:144228, available:81263
03-06 09:27:49.558 22026 22340 D GStreamer+qtdemux: 0:02:46.642237071 0xdd2dbaf0 qtdemux.c:5700:gst_qtdemux_chain:<qtdemux1> pushing in inbuf 0xdcc3e508, neededbytes:144228, available:85359
03-06 09:27:49.558 22026 22340 D GStreamer+qtdemux: 0:02:46.642354155 0xdd2dbaf0 qtdemux.c:5700:gst_qtdemux_chain:<qtdemux1> pushing in inbuf 0xdcbfe3e0, neededbytes:144228, available:89455
03-06 09:27:49.558 22026 22340 D GStreamer+qtdemux: 0:02:46.642461863 0xdd2dbaf0 qtdemux.c:5700:gst_qtdemux_chain:<qtdemux1> pushing in inbuf 0xdccf3160, neededbytes:144228, available:93551
03-06 09:27:49.559 22026 22340 D GStreamer+qtdemux: 0:02:46.642566915 0xdd2dbaf0 qtdemux.c:5700:gst_qtdemux_chain:<qtdemux1> pushing in inbuf 0xdc978540, neededbytes:144228, available:97647
03-06 09:27:49.559 22026 22340 D GStreamer+qtdemux: 0:02:46.642674884 0xdd2dbaf0 qtdemux.c:5700:gst_qtdemux_chain:<qtdemux1> pushing in inbuf 0xdcbfebe8, neededbytes:144228, available:101743
03-06 09:27:49.559 22026 22340 D GStreamer+qtdemux: 0:02:46.642779728 0xdd2dbaf0 qtdemux.c:5700:gst_qtdemux_chain:<qtdemux1> pushing in inbuf 0xdc978d48, neededbytes:144228, available:105839
03-06 09:27:49.559 22026 22340 D GStreamer+qtdemux: 0:02:46.642886134 0xdd2dbaf0 qtdemux.c:5700:gst_qtdemux_chain:<qtdemux1> pushing in inbuf 0xdca79348, neededbytes:144228, available:109935
03-06 09:27:49.559 22026 22340 D GStreamer+qtdemux: 0:02:46.642999155 0xdd2dbaf0 qtdemux.c:5700:gst_qtdemux_chain:<qtdemux1> pushing in inbuf 0xdd15cd18, neededbytes:144228, available:114031
03-06 09:27:49.559 22026 22340 D GStreamer+qtdemux: 0:02:46.643105978 0xdd2dbaf0 qtdemux.c:5700:gst_qtdemux_chain:<qtdemux1> pushing in inbuf 0xdccf3200, neededbytes:144228, available:118127
03-06 09:27:49.559 22026 22340 D GStreamer+qtdemux: 0:02:46.643227488 0xdd2dbaf0 qtdemux.c:5700:gst_qtdemux_chain:<qtdemux1> pushing in inbuf 0xdcc3ea90, neededbytes:144228, available:122223
03-06 09:27:49.559 22026 22340 D GStreamer+qtdemux: 0:02:46.643353946 0xdd2dbaf0 qtdemux.c:5700:gst_qtdemux_chain:<qtdemux1> pushing in inbuf 0xdd15cdb8, neededbytes:144228, available:126319
03-06 09:27:49.559 22026 22340 D GStreamer+qtdemux: 0:02:46.643473321 0xdd2dbaf0 qtdemux.c:5700:gst_qtdemux_chain:<qtdemux1> pushing in inbuf 0xdc9a5460, neededbytes:144228, available:130415
03-06 09:27:49.560 22026 22340 D GStreamer+qtdemux: 0:02:46.643594467 0xdd2dbaf0 qtdemux.c:5700:gst_qtdemux_chain:<qtdemux1> pushing in inbuf 0xdca79e70, neededbytes:144228, available:134511
03-06 09:27:49.560 22026 22340 D GStreamer+qtdemux: 0:02:46.643712124 0xdd2dbaf0 qtdemux.c:5700:gst_qtdemux_chain:<qtdemux1> pushing in inbuf 0xdca792a8, neededbytes:144228, available:138607
03-06 09:27:49.560 22026 22340 D GStreamer+qtdemux: 0:02:46.643832228 0xdd2dbaf0 qtdemux.c:5700:gst_qtdemux_chain:<qtdemux1> pushing in inbuf 0xdc9791a0, neededbytes:144228, available:142703
03-06 09:27:49.560 22026 22340 D GStreamer+qtdemux: 0:02:46.643951446 0xdd2dbaf0 qtdemux.c:5700:gst_qtdemux_chain:<qtdemux1> pushing in inbuf 0xdc977be8, neededbytes:144228, available:146799
03-06 09:27:49.560 22026 22340 D GStreamer+qtdemux: 0:02:46.644052384 0xdd2dbaf0 qtdemux.c:5720:gst_qtdemux_process_adapter:<qtdemux1> state:2 , demux->neededbytes:144228, demux->offset:36491961
03-06 09:27:49.560 22026 22340 D GStreamer+qtdemux: 0:02:46.644142124 0xdd2dbaf0 qtdemux.c:6067:gst_qtdemux_process_adapter:<qtdemux1> BEGIN // in MOVIE for offset 36491961
03-06 09:27:49.560 22026 22340 V GStreamer+qtdemux: 0:02:46.644239415 0xdd2dbaf0 qtdemux.c:6145:gst_qtdemux_process_adapter:<qtdemux1> Checking stream 0 (sample_index:252 / offset:36491961 / size:144228)
03-06 09:27:49.560 22026 22340 D GStreamer+qtdemux: 0:02:46.644329884 0xdd2dbaf0 qtdemux.c:6163:gst_qtdemux_process_adapter:<qtdemux1> stream : avc1
03-06 09:27:49.561 22026 22340 V GStreamer+qtdemux: 0:02:46.644973113 0xdd2dbaf0 qtdemux.c:4961:gst_qtdemux_decorate_and_push_buffer:<qtdemux1> Pushing buffer with dts 0:00:04.958600000, pts 0:00:04.958600000, duration 0:00:00.019600000 on pad video_0
03-06 09:27:49.573 22026 22232 V GStreamer+qtdemux: 0:02:46.656686603 0xdd2db980 qtdemux.c:810:gst_qtdemux_handle_src_query:<qtdemux1:video_0> position query
03-06 09:27:49.574 22026 22340 V GStreamer+qtdemux: 0:02:46.658038634 0xdd2dbaf0 qtdemux.c:4633:gst_qtdemux_combine_flows:<qtdemux1> flow return: ok
03-06 09:27:49.574 22026 22340 V GStreamer+qtdemux: 0:02:46.658187592 0xdd2dbaf0 qtdemux.c:4641:gst_qtdemux_combine_flows:<qtdemux1> combined flow return: ok
03-06 09:27:49.574 22026 22340 V GStreamer+qtdemux: 0:02:46.658295978 0xdd2dbaf0 qtdemux.c:6219:gst_qtdemux_process_adapter:<qtdemux1> increasing offset 36491961 by 144228
03-06 09:27:49.574 22026 22340 V GStreamer+qtdemux: 0:02:46.658413165 0xdd2dbaf0 qtdemux.c:6222:gst_qtdemux_process_adapter:<qtdemux1> offset is now 36636189
03-06 09:27:49.575 22026 22340 V GStreamer+qtdemux: 0:02:46.658504207 0xdd2dbaf0 qtdemux.c:5472:next_entry_size:<qtdemux1> Finding entry at offset 36636189
03-06 09:27:49.575 22026 22340 V GStreamer+qtdemux: 0:02:46.658599519 0xdd2dbaf0 qtdemux.c:7663:qtdemux_parse_samples:<qtdemux1> parsing samples for stream fourcc avc1, pad video_0
03-06 09:27:49.575 22026 22340 D GStreamer+qtdemux: 0:02:46.658698842 0xdd2dbaf0 qtdemux.c:7674:qtdemux_parse_samples:<qtdemux1> parsing up to sample 253
03-06 09:27:49.575 22026 22340 V GStreamer+qtdemux: 0:02:46.658795040 0xdd2dbaf0 qtdemux.c:7700:qtdemux_parse_samples:<qtdemux1> sample 253 has size 144221
03-06 09:27:49.575 22026 22340 V GStreamer+qtdemux: 0:02:46.658896134 0xdd2dbaf0 qtdemux.c:7824:qtdemux_parse_samples:<qtdemux1> creating entry 253 with offset 36636189 and size 144221
03-06 09:27:49.575 22026 22340 V GStreamer+qtdemux: 0:02:46.658990665 0xdd2dbaf0 qtdemux.c:7868:qtdemux_parse_samples:<qtdemux1> block 0, 6 timestamps, duration 97
03-06 09:27:49.575 22026 22340 D GStreamer+qtdemux: 0:02:46.659093686 0xdd2dbaf0 qtdemux.c:7881:qtdemux_parse_samples:<qtdemux1> sample 253: index 0, timestamp 0:00:04.978200000
03-06 09:27:49.575 22026 22340 D GStreamer+qtdemux: 0:02:46.659182488 0xdd2dbaf0 qtdemux.c:7936:qtdemux_parse_samples:<qtdemux1> samples at 253 is keyframe
03-06 09:27:49.575 22026 22340 V GStreamer+qtdemux: 0:02:46.659277749 0xdd2dbaf0 qtdemux.c:5498:next_entry_size:<qtdemux1> Checking Stream 0 (sample_index:253 / offset:36636189 / size:144221)
03-06 09:27:49.575 22026 22340 V GStreamer+qtdemux: 0:02:46.659372801 0xdd2dbaf0 qtdemux.c:5509:next_entry_size:<qtdemux1> stream 0 offset 36636189 demux->offset :36636189
03-06 09:27:49.576 22026 22340 D GStreamer+qtdemux: 0:02:46.659553738 0xdd2dbaf0 qtdemux.c:5700:gst_qtdemux_chain:<qtdemux1> pushing in inbuf 0xdc979060, neededbytes:144221, available:6667
03-06 09:27:49.576 22026 22340 D GStreamer+qtdemux: 0:02:46.659701551 0xdd2dbaf0 qtdemux.c:5700:gst_qtdemux_chain:<qtdemux1> pushing in inbuf 0xdcc51028, neededbytes:144221, available:10763
03-06 09:27:49.576 22026 22340 D GStreamer+qtdemux: 0:02:46.659810717 0xdd2dbaf0 qtdemux.c:5700:gst_qtdemux_chain:<qtdemux1> pushing in inbuf 0xdc9799e0, neededbytes:144221, available:14859
03-06 09:27:49.576 22026 22340 D GStreamer+qtdemux: 0:02:46.659931707 0xdd2dbaf0 qtdemux.c:5700:gst_qtdemux_chain:<qtdemux1> pushing in inbuf 0xdcc3fc80, neededbytes:144221, available:18955
03-06 09:27:49.576 22026 22340 D GStreamer+qtdemux: 0:02:46.660050821 0xdd2dbaf0 qtdemux.c:5700:gst_qtdemux_chain:<qtdemux1> pushing in inbuf 0xdc9796a0, neededbytes:144221, available:23051
03-06 09:27:49.576 22026 22340 D GStreamer+qtdemux: 0:02:46.660170821 0xdd2dbaf0 qtdemux.c:5700:gst_qtdemux_chain:<qtdemux1> pushing in inbuf 0xdc979c60, neededbytes:144221, available:27147
03-06 09:27:49.576 22026 22342 I GStreamer+baseparse: 0:02:46.660321342 0xd73ffa90 gstbaseparse.c:3945:gst_base_parse_set_latency:<h264parse1> min/max latency 0:00:00.019480519, 0:00:00.019480519
03-06 09:27:49.576 22026 22340 D GStreamer+qtdemux: 0:02:46.660364988 0xdd2dbaf0 qtdemux.c:5700:gst_qtdemux_chain:<qtdemux1> pushing in inbuf 0xdca79d30, neededbytes:144221, available:31243
03-06 09:27:49.577 22026 22340 D GStreamer+qtdemux: 0:02:46.660720509 0xdd2dbaf0 qtdemux.c:5700:gst_qtdemux_chain:<qtdemux1> pushing in inbuf 0xdc979600, neededbytes:144221, available:35339
03-06 09:27:49.577 22026 22340 D GStreamer+qtdemux: 0:02:46.660939207 0xdd2dbaf0 qtdemux.c:5700:gst_qtdemux_chain:<qtdemux1> pushing in inbuf 0xdc9a6a98, neededbytes:144221, available:39435
03-06 09:27:49.577 22026 22340 D GStreamer+qtdemux: 0:02:46.661077749 0xdd2dbaf0 qtdemux.c:5700:gst_qtdemux_chain:<qtdemux1> pushing in inbuf 0xdc977828, neededbytes:144221, available:43531
03-06 09:27:49.577 22026 22340 D GStreamer+qtdemux: 0:02:46.661186863 0xdd2dbaf0 qtdemux.c:5700:gst_qtdemux_chain:<qtdemux1> pushing in inbuf 0xdccfea20, neededbytes:144221, available:47627
03-06 09:27:49.577 22026 22340 D GStreamer+qtdemux: 0:02:46.661295978 0xdd2dbaf0 qtdemux.c:5700:gst_qtdemux_chain:<qtdemux1> pushing in inbuf 0xdc9798a0, neededbytes:144221, available:51723
03-06 09:27:49.577 22026 22340 D GStreamer+qtdemux: 0:02:46.661410509 0xdd2dbaf0 qtdemux.c:5700:gst_qtdemux_chain:<qtdemux1> pushing in inbuf 0xdcc3f5b8, neededbytes:144221, available:55819
03-06 09:27:49.578 22026 22340 D GStreamer+qtdemux: 0:02:46.661534415 0xdd2dbaf0 qtdemux.c:5700:gst_qtdemux_chain:<qtdemux1> pushing in inbuf 0xdca79830, neededbytes:144221, available:59915
03-06 09:27:49.578 22026 22340 D GStreamer+qtdemux: 0:02:46.661649363 0xdd2dbaf0 qtdemux.c:5700:gst_qtdemux_chain:<qtdemux1> pushing in inbuf 0xdc9a58a8, neededbytes:144221, available:64011
03-06 09:27:49.578 22026 22340 D GStreamer+qtdemux: 0:02:46.661766863 0xdd2dbaf0 qtdemux.c:5700:gst_qtdemux_chain:<qtdemux1> pushing in inbuf 0xdcc3eef0, neededbytes:144221, available:68107
03-06 09:27:49.578 22026 22340 D GStreamer+qtdemux: 0:02:46.661882019 0xdd2dbaf0 qtdemux.c:5700:gst_qtdemux_chain:<qtdemux1> pushing in inbuf 0xdccff688, neededbytes:144221, available:72203
03-06 09:27:49.578 22026 22340 D GStreamer+qtdemux: 0:02:46.661998686 0xdd2dbaf0 qtdemux.c:5700:gst_qtdemux_chain:<qtdemux1> pushing in inbuf 0xdcc3fe60, neededbytes:144221, available:76299
03-06 09:27:49.578 22026 22340 D GStreamer+qtdemux: 0:02:46.662114676 0xdd2dbaf0 qtdemux.c:5700:gst_qtdemux_chain:<qtdemux1> pushing in inbuf 0xdccf3660, neededbytes:144221, available:80395
03-06 09:27:49.578 22026 22340 D GStreamer+qtdemux: 0:02:46.662230665 0xdd2dbaf0 qtdemux.c:5700:gst_qtdemux_chain:<qtdemux1> pushing in inbuf 0xdc9a6e58, neededbytes:144221, available:84491
03-06 09:27:49.578 22026 22340 D GStreamer+qtdemux: 0:02:46.662345978 0xdd2dbaf0 qtdemux.c:5700:gst_qtdemux_chain:<qtdemux1> pushing in inbuf 0xdcbfe0c0, neededbytes:144221, available:88587
03-06 09:27:49.578 22026 22340 D GStreamer+qtdemux: 0:02:46.662462019 0xdd2dbaf0 qtdemux.c:5700:gst_qtdemux_chain:<qtdemux1> pushing in inbuf 0xdcbffa30, neededbytes:144221, available:92683
03-06 09:27:49.579 22026 22340 D GStreamer+qtdemux: 0:02:46.662575509 0xdd2dbaf0 qtdemux.c:5700:gst_qtdemux_chain:<qtdemux1> pushing in inbuf 0xdcc59160, neededbytes:144221, available:96779
03-06 09:27:49.579 22026 22340 D GStreamer+qtdemux: 0:02:46.662691082 0xdd2dbaf0 qtdemux.c:5700:gst_qtdemux_chain:<qtdemux1> pushing in inbuf 0xdc9a6510, neededbytes:144221, available:100875
03-06 09:27:49.579 22026 22340 D GStreamer+qtdemux: 0:02:46.662805249 0xdd2dbaf0 qtdemux.c:5700:gst_qtdemux_chain:<qtdemux1> pushing in inbuf 0xdcbfea08, neededbytes:144221, available:104971
03-06 09:27:49.579 22026 22340 D GStreamer+qtdemux: 0:02:46.662918478 0xdd2dbaf0 qtdemux.c:5700:gst_qtdemux_chain:<qtdemux1> pushing in inbuf 0xdccfe038, neededbytes:144221, available:109067
03-06 09:27:49.579 22026 22340 D GStreamer+qtdemux: 0:02:46.663032592 0xdd2dbaf0 qtdemux.c:5700:gst_qtdemux_chain:<qtdemux1> pushing in inbuf 0xdccff228, neededbytes:144221, available:113163
03-06 09:27:49.579 22026 22340 D GStreamer+qtdemux: 0:02:46.663152488 0xdd2dbaf0 qtdemux.c:5700:gst_qtdemux_chain:<qtdemux1> pushing in inbuf 0xdccffc10, neededbytes:144221, available:117259
03-06 09:27:49.579 22026 22340 D GStreamer+qtdemux: 0:02:46.663271290 0xdd2dbaf0 qtdemux.c:5700:gst_qtdemux_chain:<qtdemux1> pushing in inbuf 0xdcbff530, neededbytes:144221, available:121355
03-06 09:27:49.579 22026 22340 D GStreamer+qtdemux: 0:02:46.663385405 0xdd2dbaf0 qtdemux.c:5700:gst_qtdemux_chain:<qtdemux1> pushing in inbuf 0xdcc51488, neededbytes:144221, available:125451
03-06 09:27:49.580 22026 22340 D GStreamer+qtdemux: 0:02:46.663499259 0xdd2dbaf0 qtdemux.c:5700:gst_qtdemux_chain:<qtdemux1> pushing in inbuf 0xdca79a10, neededbytes:144221, available:129547
03-06 09:27:49.580 22026 22340 D GStreamer+qtdemux: 0:02:46.663612488 0xdd2dbaf0 qtdemux.c:5700:gst_qtdemux_chain:<qtdemux1> pushing in inbuf 0xdcc51aa0, neededbytes:144221, available:133643
03-06 09:27:49.580 22026 22340 D GStreamer+qtdemux: 0:02:46.663728790 0xdd2dbaf0 qtdemux.c:5700:gst_qtdemux_chain:<qtdemux1> pushing in inbuf 0xdcc51dc0, neededbytes:144221, available:137739
03-06 09:27:49.580 22026 22340 D GStreamer+qtdemux: 0:02:46.663842436 0xdd2dbaf0 qtdemux.c:5700:gst_qtdemux_chain:<qtdemux1> pushing in inbuf 0xdc977dc8, neededbytes:144221, available:141835
03-06 09:27:49.580 22026 22340 D GStreamer+qtdemux: 0:02:46.663956186 0xdd2dbaf0 qtdemux.c:5700:gst_qtdemux_chain:<qtdemux1> pushing in inbuf 0xdcc3e008, neededbytes:144221, available:145931
03-06 09:27:49.580 22026 22340 D GStreamer+qtdemux: 0:02:46.664050978 0xdd2dbaf0 qtdemux.c:5720:gst_qtdemux_process_adapter:<qtdemux1> state:2 , demux->neededbytes:144221, demux->offset:36636189
03-06 09:27:49.580 22026 22340 D GStreamer+qtdemux: 0:02:46.664138530 0xdd2dbaf0 qtdemux.c:6067:gst_qtdemux_process_adapter:<qtdemux1> BEGIN // in MOVIE for offset 36636189
03-06 09:27:49.580 22026 22340 V GStreamer+qtdemux: 0:02:46.664236134 0xdd2dbaf0 qtdemux.c:6145:gst_qtdemux_process_adapter:<qtdemux1> Checking stream 0 (sample_index:253 / offset:36636189 / size:144221)
