03-06 09:27:50.491 22026 22340 D GStreamer+qtdemux: 0:02:47.574833373 0xdd2dbaf0 qtdemux.c:5700:gst_qtdemux_chain:<qtdemux1> pushing in inbuf 0xdccfec00, neededbytes:144136, available:67231
03-06 09:27:50.491 22026 22340 D GStreamer+qtdemux: 0:02:47.574943582 0xdd2dbaf0 qtdemux.c:5700:gst_qtdemux_chain:<qtdemux1> pushing in inbuf 0xdc978a28, neededbytes:144136, available:71327
03-06 09:27:50.491 22026 22340 D GStreamer+qtdemux: 0:02:47.575062019 0xdd2dbaf0 qtdemux.c:5700:gst_qtdemux_chain:<qtdemux1> pushing in inbuf 0xdd15cbd8, neededbytes:144136, available:75423
03-06 09:27:50.491 22026 22340 D GStreamer+qtdemux: 0:02:47.575168738 0xdd2dbaf0 qtdemux.c:5700:gst_qtdemux_chain:<qtdemux1> pushing in inbuf 0xdcc3e1e8, neededbytes:144136, available:79519
03-06 09:27:50.491 22026 22340 D GStreamer+qtdemux: 0:02:47.575275300 0xdd2dbaf0 qtdemux.c:5700:gst_qtdemux_chain:<qtdemux1> pushing in inbuf 0xdcc59a88, neededbytes:144136, available:83615
03-06 09:27:50.491 22026 22340 D GStreamer+qtdemux: 0:02:47.575382904 0xdd2dbaf0 qtdemux.c:5700:gst_qtdemux_chain:<qtdemux1> pushing in inbuf 0xdccff850, neededbytes:144136, available:87711
03-06 09:27:50.492 22026 22340 D GStreamer+qtdemux: 0:02:47.575496238 0xdd2dbaf0 qtdemux.c:5700:gst_qtdemux_chain:<qtdemux1> pushing in inbuf 0xdcc59020, neededbytes:144136, available:91807
03-06 09:27:50.492 22026 22340 D GStreamer+qtdemux: 0:02:47.575603113 0xdd2dbaf0 qtdemux.c:5700:gst_qtdemux_chain:<qtdemux1> pushing in inbuf 0xdccfe538, neededbytes:144136, available:95903
03-06 09:27:50.492 22026 22340 D GStreamer+qtdemux: 0:02:47.575709102 0xdd2dbaf0 qtdemux.c:5700:gst_qtdemux_chain:<qtdemux1> pushing in inbuf 0xdc978ca8, neededbytes:144136, available:99999
03-06 09:27:50.492 22026 22340 D GStreamer+qtdemux: 0:02:47.575814571 0xdd2dbaf0 qtdemux.c:5700:gst_qtdemux_chain:<qtdemux1> pushing in inbuf 0xdcc3ed10, neededbytes:144136, available:104095
03-06 09:27:50.492 22026 22340 D GStreamer+qtdemux: 0:02:47.575922279 0xdd2dbaf0 qtdemux.c:5700:gst_qtdemux_chain:<qtdemux1> pushing in inbuf 0xdcc3e328, neededbytes:144136, available:108191
03-06 09:27:50.492 22026 22340 D GStreamer+qtdemux: 0:02:47.576031446 0xdd2dbaf0 qtdemux.c:5700:gst_qtdemux_chain:<qtdemux1> pushing in inbuf 0xdccfe218, neededbytes:144136, available:112287
03-06 09:27:50.492 22026 22340 D GStreamer+qtdemux: 0:02:47.576142279 0xdd2dbaf0 qtdemux.c:5700:gst_qtdemux_chain:<qtdemux1> pushing in inbuf 0xdc978f28, neededbytes:144136, available:116383
03-06 09:27:50.492 22026 22340 D GStreamer+qtdemux: 0:02:47.576254675 0xdd2dbaf0 qtdemux.c:5700:gst_qtdemux_chain:<qtdemux1> pushing in inbuf 0xdcc3ff00, neededbytes:144136, available:120479
03-06 09:27:50.492 22026 22340 D GStreamer+qtdemux: 0:02:47.576359727 0xdd2dbaf0 qtdemux.c:5700:gst_qtdemux_chain:<qtdemux1> pushing in inbuf 0xdccf3520, neededbytes:144136, available:124575
03-06 09:27:50.492 22026 22340 D GStreamer+qtdemux: 0:02:47.576466602 0xdd2dbaf0 qtdemux.c:5700:gst_qtdemux_chain:<qtdemux1> pushing in inbuf 0xdcbff3f0, neededbytes:144136, available:128671
03-06 09:27:50.493 22026 22340 D GStreamer+qtdemux: 0:02:47.576572019 0xdd2dbaf0 qtdemux.c:5700:gst_qtdemux_chain:<qtdemux1> pushing in inbuf 0xdca792a8, neededbytes:144136, available:132767
03-06 09:27:50.493 22026 22340 D GStreamer+qtdemux: 0:02:47.576677436 0xdd2dbaf0 qtdemux.c:5700:gst_qtdemux_chain:<qtdemux1> pushing in inbuf 0xdc9791a0, neededbytes:144136, available:136863
03-06 09:27:50.493 22026 22340 D GStreamer+qtdemux: 0:02:47.576782852 0xdd2dbaf0 qtdemux.c:5700:gst_qtdemux_chain:<qtdemux1> pushing in inbuf 0xdc977be8, neededbytes:144136, available:140959
03-06 09:27:50.493 22026 22340 D GStreamer+qtdemux: 0:02:47.576888217 0xdd2dbaf0 qtdemux.c:5700:gst_qtdemux_chain:<qtdemux1> pushing in inbuf 0xdc979060, neededbytes:144136, available:145055
03-06 09:27:50.493 22026 22340 D GStreamer+qtdemux: 0:02:47.576991602 0xdd2dbaf0 qtdemux.c:5720:gst_qtdemux_process_adapter:<qtdemux1> state:2 , demux->neededbytes:144136, demux->offset:42989961
03-06 09:27:50.493 22026 22340 D GStreamer+qtdemux: 0:02:47.577075925 0xdd2dbaf0 qtdemux.c:6067:gst_qtdemux_process_adapter:<qtdemux1> BEGIN // in MOVIE for offset 42989961
03-06 09:27:50.493 22026 22340 V GStreamer+qtdemux: 0:02:47.577168790 0xdd2dbaf0 qtdemux.c:6145:gst_qtdemux_process_adapter:<qtdemux1> Checking stream 0 (sample_index:297 / offset:42989961 / size:144136)
03-06 09:27:50.493 22026 22340 D GStreamer+qtdemux: 0:02:47.577254102 0xdd2dbaf0 qtdemux.c:6163:gst_qtdemux_process_adapter:<qtdemux1> stream : avc1
03-06 09:27:50.494 22026 22340 V GStreamer+qtdemux: 0:02:47.577786759 0xdd2dbaf0 qtdemux.c:4961:gst_qtdemux_decorate_and_push_buffer:<qtdemux1> Pushing buffer with dts 0:00:05.833600000, pts 0:00:05.833600000, duration 0:00:00.019400000 on pad video_0
03-06 09:27:50.506 22026 22232 V GStreamer+qtdemux: 0:02:47.590009832 0xdd2db980 qtdemux.c:810:gst_qtdemux_handle_src_query:<qtdemux1:video_0> position query
03-06 09:27:50.509 22026 22340 V GStreamer+qtdemux: 0:02:47.592500925 0xdd2dbaf0 qtdemux.c:4633:gst_qtdemux_combine_flows:<qtdemux1> flow return: ok
03-06 09:27:50.509 22026 22340 V GStreamer+qtdemux: 0:02:47.592633165 0xdd2dbaf0 qtdemux.c:4641:gst_qtdemux_combine_flows:<qtdemux1> combined flow return: ok
03-06 09:27:50.509 22026 22340 V GStreamer+qtdemux: 0:02:47.592741394 0xdd2dbaf0 qtdemux.c:6219:gst_qtdemux_process_adapter:<qtdemux1> increasing offset 42989961 by 144136
03-06 09:27:50.509 22026 22340 V GStreamer+qtdemux: 0:02:47.592841342 0xdd2dbaf0 qtdemux.c:6222:gst_qtdemux_process_adapter:<qtdemux1> offset is now 43134097
03-06 09:27:50.509 22026 22340 V GStreamer+qtdemux: 0:02:47.592933738 0xdd2dbaf0 qtdemux.c:5472:next_entry_size:<qtdemux1> Finding entry at offset 43134097
03-06 09:27:50.509 22026 22340 V GStreamer+qtdemux: 0:02:47.593037904 0xdd2dbaf0 qtdemux.c:7663:qtdemux_parse_samples:<qtdemux1> parsing samples for stream fourcc avc1, pad video_0
03-06 09:27:50.509 22026 22342 I GStreamer+baseparse: 0:02:47.593073165 0xd73ffa90 gstbaseparse.c:3945:gst_base_parse_set_latency:<h264parse1> min/max latency 0:00:00.019480519, 0:00:00.019480519
03-06 09:27:50.509 22026 22340 D GStreamer+qtdemux: 0:02:47.593125925 0xdd2dbaf0 qtdemux.c:7674:qtdemux_parse_samples:<qtdemux1> parsing up to sample 298
03-06 09:27:50.509 22026 22340 V GStreamer+qtdemux: 0:02:47.593207696 0xdd2dbaf0 qtdemux.c:7700:qtdemux_parse_samples:<qtdemux1> sample 298 has size 144543
03-06 09:27:50.509 22026 22340 V GStreamer+qtdemux: 0:02:47.593306550 0xdd2dbaf0 qtdemux.c:7824:qtdemux_parse_samples:<qtdemux1> creating entry 298 with offset 43134097 and size 144543
03-06 09:27:50.509 22026 22340 V GStreamer+qtdemux: 0:02:47.593405404 0xdd2dbaf0 qtdemux.c:7868:qtdemux_parse_samples:<qtdemux1> block 0, 1 timestamps, duration 98
03-06 09:27:50.510 22026 22340 D GStreamer+qtdemux: 0:02:47.593524623 0xdd2dbaf0 qtdemux.c:7881:qtdemux_parse_samples:<qtdemux1> sample 298: index 0, timestamp 0:00:05.853000000
03-06 09:27:50.510 22026 22340 D GStreamer+qtdemux: 0:02:47.593624832 0xdd2dbaf0 qtdemux.c:7936:qtdemux_parse_samples:<qtdemux1> samples at 298 is keyframe
03-06 09:27:50.510 22026 22340 V GStreamer+qtdemux: 0:02:47.593724675 0xdd2dbaf0 qtdemux.c:5498:next_entry_size:<qtdemux1> Checking Stream 0 (sample_index:298 / offset:43134097 / size:144543)
03-06 09:27:50.510 22026 22340 V GStreamer+qtdemux: 0:02:47.593844311 0xdd2dbaf0 qtdemux.c:5509:next_entry_size:<qtdemux1> stream 0 offset 43134097 demux->offset :43134097
03-06 09:27:50.510 22026 22340 D GStreamer+qtdemux: 0:02:47.593995248 0xdd2dbaf0 qtdemux.c:5700:gst_qtdemux_chain:<qtdemux1> pushing in inbuf 0xdca79c90, neededbytes:144543, available:5015
03-06 09:27:50.510 22026 22340 D GStreamer+qtdemux: 0:02:47.594121029 0xdd2dbaf0 qtdemux.c:5700:gst_qtdemux_chain:<qtdemux1> pushing in inbuf 0xdccf3a08, neededbytes:144543, available:9111
03-06 09:27:50.510 22026 22340 D GStreamer+qtdemux: 0:02:47.594232800 0xdd2dbaf0 qtdemux.c:5700:gst_qtdemux_chain:<qtdemux1> pushing in inbuf 0xdc9a56e0, neededbytes:144543, available:13207
03-06 09:27:50.510 22026 22340 D GStreamer+qtdemux: 0:02:47.594342071 0xdd2dbaf0 qtdemux.c:5700:gst_qtdemux_chain:<qtdemux1> pushing in inbuf 0xdc979d00, neededbytes:144543, available:17303
03-06 09:27:50.510 22026 22340 D GStreamer+qtdemux: 0:02:47.594452384 0xdd2dbaf0 qtdemux.c:5700:gst_qtdemux_chain:<qtdemux1> pushing in inbuf 0xdccf3660, neededbytes:144543, available:21399
03-06 09:27:50.511 22026 22340 D GStreamer+qtdemux: 0:02:47.594563998 0xdd2dbaf0 qtdemux.c:5700:gst_qtdemux_chain:<qtdemux1> pushing in inbuf 0xdcbff530, neededbytes:144543, available:25495
03-06 09:27:50.511 22026 22340 D GStreamer+qtdemux: 0:02:47.594674832 0xdd2dbaf0 qtdemux.c:5700:gst_qtdemux_chain:<qtdemux1> pushing in inbuf 0xdcc51488, neededbytes:144543, available:29591
03-06 09:27:50.511 22026 22340 D GStreamer+qtdemux: 0:02:47.594784779 0xdd2dbaf0 qtdemux.c:5700:gst_qtdemux_chain:<qtdemux1> pushing in inbuf 0xdca79a10, neededbytes:144543, available:33687
03-06 09:27:50.511 22026 22340 D GStreamer+qtdemux: 0:02:47.594884415 0xdd2dbaf0 qtdemux.c:5700:gst_qtdemux_chain:<qtdemux1> pushing in inbuf 0xdcc51aa0, neededbytes:144543, available:37783
03-06 09:27:50.511 22026 22340 D GStreamer+qtdemux: 0:02:47.594990509 0xdd2dbaf0 qtdemux.c:5700:gst_qtdemux_chain:<qtdemux1> pushing in inbuf 0xdcc3e008, neededbytes:144543, available:41879
03-06 09:27:50.511 22026 22340 D GStreamer+qtdemux: 0:02:47.595134363 0xdd2dbaf0 qtdemux.c:5700:gst_qtdemux_chain:<qtdemux1> pushing in inbuf 0xdca79f10, neededbytes:144543, available:45975
03-06 09:27:50.511 22026 22340 D GStreamer+qtdemux: 0:02:47.595280925 0xdd2dbaf0 qtdemux.c:5700:gst_qtdemux_chain:<qtdemux1> pushing in inbuf 0xdcc3eef0, neededbytes:144543, available:50071
03-06 09:27:50.511 22026 22340 D GStreamer+qtdemux: 0:02:47.595408842 0xdd2dbaf0 qtdemux.c:5700:gst_qtdemux_chain:<qtdemux1> pushing in inbuf 0xdcbfea08, neededbytes:144543, available:54167
03-06 09:27:50.512 22026 22340 D GStreamer+qtdemux: 0:02:47.595529050 0xdd2dbaf0 qtdemux.c:5700:gst_qtdemux_chain:<qtdemux1> pushing in inbuf 0xdccf3160, neededbytes:144543, available:58263
03-06 09:27:50.512 22026 22340 D GStreamer+qtdemux: 0:02:47.595637904 0xdd2dbaf0 qtdemux.c:5700:gst_qtdemux_chain:<qtdemux1> pushing in inbuf 0xdc9a6e58, neededbytes:144543, available:62359
03-06 09:27:50.512 22026 22340 D GStreamer+qtdemux: 0:02:47.595729884 0xdd2dbaf0 qtdemux.c:5700:gst_qtdemux_chain:<qtdemux1> pushing in inbuf 0xdcbfe0c0, neededbytes:144543, available:66455
03-06 09:27:50.512 22026 22340 D GStreamer+qtdemux: 0:02:47.595838061 0xdd2dbaf0 qtdemux.c:5700:gst_qtdemux_chain:<qtdemux1> pushing in inbuf 0xdcbffa30, neededbytes:144543, available:70551
03-06 09:27:50.512 22026 22340 D GStreamer+qtdemux: 0:02:47.595953061 0xdd2dbaf0 qtdemux.c:5700:gst_qtdemux_chain:<qtdemux1> pushing in inbuf 0xdcc59160, neededbytes:144543, available:74647
03-06 09:27:50.512 22026 22340 D GStreamer+qtdemux: 0:02:47.596075717 0xdd2dbaf0 qtdemux.c:5700:gst_qtdemux_chain:<qtdemux1> pushing in inbuf 0xdc979bc0, neededbytes:144543, available:78743
03-06 09:27:50.512 22026 22340 D GStreamer+qtdemux: 0:02:47.596196759 0xdd2dbaf0 qtdemux.c:5700:gst_qtdemux_chain:<qtdemux1> pushing in inbuf 0xdd6cd530, neededbytes:144543, available:82839
03-06 09:27:50.512 22026 22340 D GStreamer+qtdemux: 0:02:47.596309884 0xdd2dbaf0 qtdemux.c:5700:gst_qtdemux_chain:<qtdemux1> pushing in inbuf 0xdcc3f518, neededbytes:144543, available:86935
03-06 09:27:50.512 22026 22340 D GStreamer+qtdemux: 0:02:47.596432904 0xdd2dbaf0 qtdemux.c:5700:gst_qtdemux_chain:<qtdemux1> pushing in inbuf 0xdcc3fc80, neededbytes:144543, available:91031
03-06 09:27:50.513 22026 22340 D GStreamer+qtdemux: 0:02:47.596557123 0xdd2dbaf0 qtdemux.c:5700:gst_qtdemux_chain:<qtdemux1> pushing in inbuf 0xdc9796a0, neededbytes:144543, available:95127
03-06 09:27:50.513 22026 22340 D GStreamer+qtdemux: 0:02:47.596671967 0xdd2dbaf0 qtdemux.c:5700:gst_qtdemux_chain:<qtdemux1> pushing in inbuf 0xdc979c60, neededbytes:144543, available:99223
03-06 09:27:50.513 22026 22340 D GStreamer+qtdemux: 0:02:47.596784832 0xdd2dbaf0 qtdemux.c:5700:gst_qtdemux_chain:<qtdemux1> pushing in inbuf 0xdcc3fb40, neededbytes:144543, available:103319
03-06 09:27:50.513 22026 22340 D GStreamer+qtdemux: 0:02:47.596887904 0xdd2dbaf0 qtdemux.c:5700:gst_qtdemux_chain:<qtdemux1> pushing in inbuf 0xdcc3e648, neededbytes:144543, available:107415
03-06 09:27:50.513 22026 22340 D GStreamer+qtdemux: 0:02:47.596997019 0xdd2dbaf0 qtdemux.c:5700:gst_qtdemux_chain:<qtdemux1> pushing in inbuf 0xdccffad0, neededbytes:144543, available:111511
03-06 09:27:50.513 22026 22340 D GStreamer+qtdemux: 0:02:47.597103009 0xdd2dbaf0 qtdemux.c:5700:gst_qtdemux_chain:<qtdemux1> pushing in inbuf 0xdc9a6290, neededbytes:144543, available:115607
03-06 09:27:50.513 22026 22340 D GStreamer+qtdemux: 0:02:47.597210821 0xdd2dbaf0 qtdemux.c:5700:gst_qtdemux_chain:<qtdemux1> pushing in inbuf 0xdcbfeaa8, neededbytes:144543, available:119703
03-06 09:27:50.513 22026 22340 D GStreamer+qtdemux: 0:02:47.597316707 0xdd2dbaf0 qtdemux.c:5700:gst_qtdemux_chain:<qtdemux1> pushing in inbuf 0xdccfe2b8, neededbytes:144543, available:123799
03-06 09:27:50.513 22026 22340 D GStreamer+qtdemux: 0:02:47.597421863 0xdd2dbaf0 qtdemux.c:5700:gst_qtdemux_chain:<qtdemux1> pushing in inbuf 0xdccf3dc8, neededbytes:144543, available:127895
03-06 09:27:50.514 22026 22340 D GStreamer+qtdemux: 0:02:47.597525925 0xdd2dbaf0 qtdemux.c:5700:gst_qtdemux_chain:<qtdemux1> pushing in inbuf 0xdcc3f018, neededbytes:144543, available:131991
03-06 09:27:50.514 22026 22340 D GStreamer+qtdemux: 0:02:47.597721967 0xdd2dbaf0 qtdemux.c:5700:gst_qtdemux_chain:<qtdemux1> pushing in inbuf 0xdcbff030, neededbytes:144543, available:136087
03-06 09:27:50.514 22026 22340 D GStreamer+qtdemux: 0:02:47.597892748 0xdd2dbaf0 qtdemux.c:5700:gst_qtdemux_chain:<qtdemux1> pushing in inbuf 0xdca798d0, neededbytes:144543, available:140183
03-06 09:27:50.514 22026 22340 D GStreamer+qtdemux: 0:02:47.598016967 0xdd2dbaf0 qtdemux.c:5700:gst_qtdemux_chain:<qtdemux1> pushing in inbuf 0xdca79dd0, neededbytes:144543, available:144279
03-06 09:27:50.514 22026 22340 D GStreamer+qtdemux: 0:02:47.598452279 0xdd2dbaf0 qtdemux.c:5700:gst_qtdemux_chain:<qtdemux1> pushing in inbuf 0xdccfe3f8, neededbytes:144543, available:148375
03-06 09:27:50.515 22026 22340 D GStreamer+qtdemux: 0:02:47.598683477 0xdd2dbaf0 qtdemux.c:5720:gst_qtdemux_process_adapter:<qtdemux1> state:2 , demux->neededbytes:144543, demux->offset:43134097
03-06 09:27:50.515 22026 22340 D GStreamer+qtdemux: 0:02:47.598801967 0xdd2dbaf0 qtdemux.c:6067:gst_qtdemux_process_adapter:<qtdemux1> BEGIN // in MOVIE for offset 43134097
03-06 09:27:50.515 22026 22340 V GStreamer+qtdemux: 0:02:47.598913686 0xdd2dbaf0 qtdemux.c:6145:gst_qtdemux_process_adapter:<qtdemux1> Checking stream 0 (sample_index:298 / offset:43134097 / size:144543)
03-06 09:27:50.515 22026 22340 D GStreamer+qtdemux: 0:02:47.599005717 0xdd2dbaf0 qtdemux.c:6163:gst_qtdemux_process_adapter:<qtdemux1> stream : avc1
03-06 09:27:50.516 22026 22340 V GStreamer+qtdemux: 0:02:47.599702332 0xdd2dbaf0 qtdemux.c:4961:gst_qtdemux_decorate_and_push_buffer:<qtdemux1> Pushing buffer with dts 0:00:05.853000000, pts 0:00:05.853000000, duration 0:00:00.019600000 on pad video_0
03-06 09:27:50.526 22026 22026 D GStreamer+aiTennis3D: 0:02:47.609583946 0xeba59c00 gstreamer/aigstreamer.c:862:gst_native_seek Doing seek at 26384 mseconds
03-06 09:27:50.526 22026 22026 I GStreamer+GST_EVENT: 0:02:47.609820717 0xeba59c00 gstevent.c:1139:gst_event_new_seek creating seek rate 1.000000, format TIME, flags 5, start_type 1, start 0:00:26.384000000, stop_type 0, stop 0:00:00.000000000
03-06 09:27:50.526 22026 22026 D GStreamer+qtdemux: 0:02:47.610118425 0xeba59c00 qtdemux.c:1630:qtdemux_ensure_index:<qtdemux1> collecting all metadata for all streams
03-06 09:27:50.526 22026 22026 V GStreamer+qtdemux: 0:02:47.610248009 0xeba59c00 qtdemux.c:7663:qtdemux_parse_samples:<qtdemux1> parsing samples for stream fourcc avc1, pad video_0
03-06 09:27:50.526 22026 22026 D GStreamer+qtdemux: 0:02:47.610334571 0xeba59c00 qtdemux.c:7674:qtdemux_parse_samples:<qtdemux1> parsing up to sample 2154
03-06 09:27:50.526 22026 22026 V GStreamer+qtdemux: 0:02:47.610423634 0xeba59c00 qtdemux.c:7700:qtdemux_parse_samples:<qtdemux1> sample 299 has size 144581
03-06 09:27:50.527 22026 22026 V GStreamer+qtdemux: 0:02:47.610509571 0xeba59c00 qtdemux.c:7700:qtdemux_parse_samples:<qtdemux1> sample 300 has size 144166
03-06 09:27:50.527 22026 22026 V GStreamer+qtdemux: 0:02:47.610599623 0xeba59c00 qtdemux.c:7700:qtdemux_parse_samples:<qtdemux1> sample 301 has size 144383
03-06 09:27:50.527 22026 22026 V GStreamer+qtdemux: 0:02:47.610684415 0xeba59c00 qtdemux.c:7700:qtdemux_parse_samples:<qtdemux1> sample 302 has size 144380
03-06 09:27:50.527 22026 22026 V GStreamer+qtdemux: 0:02:47.610773582 0xeba59c00 qtdemux.c:7700:qtdemux_parse_samples:<qtdemux1> sample 303 has size 144944
03-06 09:27:50.527 22026 22026 V GStreamer+qtdemux: 0:02:47.610861394 0xeba59c00 qtdemux.c:7700:qtdemux_parse_samples:<qtdemux1> sample 304 has size 144273
03-06 09:27:50.527 22026 22026 V GStreamer+qtdemux: 0:02:47.610945769 0xeba59c00 qtdemux.c:7700:qtdemux_parse_samples:<qtdemux1> sample 305 has size 144266
03-06 09:27:50.527 22026 22026 V GStreamer+qtdemux: 0:02:47.611029102 0xeba59c00 qtdemux.c:7700:qtdemux_parse_samples:<qtdemux1> sample 306 has size 144758
03-06 09:27:50.527 22026 22026 V GStreamer+qtdemux: 0:02:47.611113113 0xeba59c00 qtdemux.c:7700:qtdemux_parse_samples:<qtdemux1> sample 307 has size 144633
03-06 09:27:50.527 22026 22026 V GStreamer+qtdemux: 0:02:47.611198321 0xeba59c00 qtdemux.c:7700:qtdemux_parse_samples:<qtdemux1> sample 308 has size 145031
03-06 09:27:50.527 22026 22026 V GStreamer+qtdemux: 0:02:47.611281707 0xeba59c00 qtdemux.c:7700:qtdemux_parse_samples:<qtdemux1> sample 309 has size 144642
03-06 09:27:50.527 22026 22026 V GStreamer+qtdemux: 0:02:47.611365196 0xeba59c00 qtdemux.c:7700:qtdemux_parse_samples:<qtdemux1> sample 310 has size 144026
03-06 09:27:50.527 22026 22026 V GStreamer+qtdemux: 0:02:47.611450092 0xeba59c00 qtdemux.c:7700:qtdemux_parse_samples:<qtdemux1> sample 311 has size 144479
03-06 09:27:50.528 22026 22026 V GStreamer+qtdemux: 0:02:47.611536186 0xeba59c00 qtdemux.c:7700:qtdemux_parse_samples:<qtdemux1> sample 312 has size 144369
03-06 09:27:50.528 22026 22026 V GStreamer+qtdemux: 0:02:47.611620925 0xeba59c00 qtdemux.c:7700:qtdemux_parse_samples:<qtdemux1> sample 313 has size 144241
03-06 09:27:50.528 22026 22026 V GStreamer+qtdemux: 0:02:47.611703477 0xeba59c00 qtdemux.c:7700:qtdemux_parse_samples:<qtdemux1> sample 314 has size 144282
03-06 09:27:50.528 22026 22026 V GStreamer+qtdemux: 0:02:47.611787071 0xeba59c00 qtdemux.c:7700:qtdemux_parse_samples:<qtdemux1> sample 315 has size 144380
03-06 09:27:50.528 22026 22026 V GStreamer+qtdemux: 0:02:47.611872279 0xeba59c00 qtdemux.c:7700:qtdemux_parse_samples:<qtdemux1> sample 316 has size 144528
03-06 09:27:50.528 22026 22026 V GStreamer+qtdemux: 0:02:47.611956290 0xeba59c00 qtdemux.c:7700:qtdemux_parse_samples:<qtdemux1> sample 317 has size 144599
03-06 09:27:50.528 22026 22026 V GStreamer+qtdemux: 0:02:47.612041134 0xeba59c00 qtdemux.c:7700:qtdemux_parse_samples:<qtdemux1> sample 318 has size 144683
03-06 09:27:50.528 22026 22026 V GStreamer+qtdemux: 0:02:47.612124050 0xeba59c00 qtdemux.c:7700:qtdemux_parse_samples:<qtdemux1> sample 319 has size 144532
03-06 09:27:50.528 22026 22026 V GStreamer+qtdemux: 0:02:47.612209675 0xeba59c00 qtdemux.c:7700:qtdemux_parse_samples:<qtdemux1> sample 320 has size 144081
03-06 09:27:50.528 22026 22026 V GStreamer+qtdemux: 0:02:47.612294519 0xeba59c00 qtdemux.c:7700:qtdemux_parse_samples:<qtdemux1> sample 321 has size 144565
03-06 09:27:50.528 22026 22026 V GStreamer+qtdemux: 0:02:47.612377748 0xeba59c00 qtdemux.c:7700:qtdemux_parse_samples:<qtdemux1> sample 322 has size 144687
03-06 09:27:50.528 22026 22026 V GStreamer+qtdemux: 0:02:47.612461029 0xeba59c00 qtdemux.c:7700:qtdemux_parse_samples:<qtdemux1> sample 323 has size 143836
03-06 09:27:50.529 22026 22026 V GStreamer+qtdemux: 0:02:47.612544936 0xeba59c00 qtdemux.c:7700:qtdemux_parse_samples:<qtdemux1> sample 324 has size 144182
03-06 09:27:50.529 22026 22026 V GStreamer+qtdemux: 0:02:47.612629936 0xeba59c00 qtdemux.c:7700:qtdemux_parse_samples:<qtdemux1> sample 325 has size 144843
03-06 09:27:50.529 22026 22026 V GStreamer+qtdemux: 0:02:47.612718373 0xeba59c00 qtdemux.c:7700:qtdemux_parse_samples:<qtdemux1> sample 326 has size 144851
03-06 09:27:50.529 22026 22026 V GStreamer+qtdemux: 0:02:47.612802227 0xeba59c00 qtdemux.c:7700:qtdemux_parse_samples:<qtdemux1> sample 327 has size 144827
03-06 09:27:50.529 22026 22026 V GStreamer+qtdemux: 0:02:47.612886134 0xeba59c00 qtdemux.c:7700:qtdemux_parse_samples:<qtdemux1> sample 328 has size 144456
03-06 09:27:50.529 22026 22026 V GStreamer+qtdemux: 0:02:47.612971134 0xeba59c00 qtdemux.c:7700:qtdemux_parse_samples:<qtdemux1> sample 329 has size 144711
03-06 09:27:50.529 22026 22026 V GStreamer+qtdemux: 0:02:47.613054779 0xeba59c00 qtdemux.c:7700:qtdemux_parse_samples:<qtdemux1> sample 330 has size 144175
03-06 09:27:50.529 22026 22026 V GStreamer+qtdemux: 0:02:47.613138842 0xeba59c00 qtdemux.c:7700:qtdemux_parse_samples:<qtdemux1> sample 331 has size 144449
03-06 09:27:50.529 22026 22026 V GStreamer+qtdemux: 0:02:47.613222540 0xeba59c00 qtdemux.c:7700:qtdemux_parse_samples:<qtdemux1> sample 332 has size 144616
03-06 09:27:50.529 22026 22026 V GStreamer+qtdemux: 0:02:47.613308738 0xeba59c00 qtdemux.c:7700:qtdemux_parse_samples:<qtdemux1> sample 333 has size 144555
03-06 09:27:50.529 22026 22026 V GStreamer+qtdemux: 0:02:47.613393477 0xeba59c00 qtdemux.c:7700:qtdemux_parse_samples:<qtdemux1> sample 334 has size 144387
03-06 09:27:50.529 22026 22026 V GStreamer+qtdemux: 0:02:47.613476915 0xeba59c00 qtdemux.c:7700:qtdemux_parse_samples:<qtdemux1> sample 335 has size 144746
03-06 09:27:50.530 22026 22026 V GStreamer+qtdemux: 0:02:47.613560665 0xeba59c00 qtdemux.c:7700:qtdemux_parse_samples:<qtdemux1> sample 336 has size 144624
03-06 09:27:50.530 22026 22026 V GStreamer+qtdemux: 0:02:47.613645821 0xeba59c00 qtdemux.c:7700:qtdemux_parse_samples:<qtdemux1> sample 337 has size 144589
03-06 09:27:50.530 22026 22026 V GStreamer+qtdemux: 0:02:47.613729623 0xeba59c00 qtdemux.c:7700:qtdemux_parse_samples:<qtdemux1> sample 338 has size 144722
03-06 09:27:50.530 22026 22026 V GStreamer+qtdemux: 0:02:47.613814102 0xeba59c00 qtdemux.c:7700:qtdemux_parse_samples:<qtdemux1> sample 339 has size 144400
03-06 09:27:50.530 22026 22026 V GStreamer+qtdemux: 0:02:47.613897748 0xeba59c00 qtdemux.c:7700:qtdemux_parse_samples:<qtdemux1> sample 340 has size 144420
03-06 09:27:50.530 22026 22026 V GStreamer+qtdemux: 0:02:47.613984988 0xeba59c00 qtdemux.c:7700:qtdemux_parse_samples:<qtdemux1> sample 341 has size 144554
03-06 09:27:50.530 22026 22026 V GStreamer+qtdemux: 0:02:47.614068217 0xeba59c00 qtdemux.c:7700:qtdemux_parse_samples:<qtdemux1> sample 342 has size 144488
03-06 09:27:50.530 22026 22026 V GStreamer+qtdemux: 0:02:47.614152592 0xeba59c00 qtdemux.c:7700:qtdemux_parse_samples:<qtdemux1> sample 343 has size 144710
03-06 09:27:50.530 22026 22026 V GStreamer+qtdemux: 0:02:47.614236759 0xeba59c00 qtdemux.c:7700:qtdemux_parse_samples:<qtdemux1> sample 344 has size 144810
03-06 09:27:50.530 22026 22026 V GStreamer+qtdemux: 0:02:47.614320248 0xeba59c00 qtdemux.c:7700:qtdemux_parse_samples:<qtdemux1> sample 345 has size 144597
03-06 09:27:50.530 22026 22026 V GStreamer+qtdemux: 0:02:47.614403529 0xeba59c00 qtdemux.c:7700:qtdemux_parse_samples:<qtdemux1> sample 346 has size 144792
03-06 09:27:50.530 22026 22026 V GStreamer+qtdemux: 0:02:47.614487748 0xeba59c00 qtdemux.c:7700:qtdemux_parse_samples:<qtdemux1> sample 347 has size 145048
03-06 09:27:50.531 22026 22026 V GStreamer+qtdemux: 0:02:47.614571707 0xeba59c00 qtdemux.c:7700:qtdemux_parse_samples:<qtdemux1> sample 348 has size 144020
03-06 09:27:50.531 22026 22026 V GStreamer+qtdemux: 0:02:47.614655457 0xeba59c00 qtdemux.c:7700:qtdemux_parse_samples:<qtdemux1> sample 349 has size 145027
03-06 09:27:50.531 22026 22026 V GStreamer+qtdemux: 0:02:47.614737904 0xeba59c00 qtdemux.c:7700:qtdemux_parse_samples:<qtdemux1> sample 350 has size 144765
03-06 09:27:50.531 22026 22026 V GStreamer+qtdemux: 0:02:47.614820769 0xeba59c00 qtdemux.c:7700:qtdemux_parse_samples:<qtdemux1> sample 351 has size 144640
03-06 09:27:50.531 22026 22026 V GStreamer+qtdemux: 0:02:47.614906498 0xeba59c00 qtdemux.c:7700:qtdemux_parse_samples:<qtdemux1> sample 352 has size 144615
03-06 09:27:50.531 22026 22026 V GStreamer+qtdemux: 0:02:47.614989988 0xeba59c00 qtdemux.c:7700:qtdemux_parse_samples:<qtdemux1> sample 353 has size 144413
03-06 09:27:50.531 22026 22026 V GStreamer+qtdemux: 0:02:47.615076394 0xeba59c00 qtdemux.c:7700:qtdemux_parse_samples:<qtdemux1> sample 354 has size 144618
03-06 09:27:50.531 22026 22026 V GStreamer+qtdemux: 0:02:47.615162852 0xeba59c00 qtdemux.c:7700:qtdemux_parse_samples:<qtdemux1> sample 355 has size 144550
03-06 09:27:50.531 22026 22026 V GStreamer+qtdemux: 0:02:47.615248894 0xeba59c00 qtdemux.c:7700:qtdemux_parse_samples:<qtdemux1> sample 356 has size 144564
03-06 09:27:50.531 22026 22026 V GStreamer+qtdemux: 0:02:47.615332957 0xeba59c00 qtdemux.c:7700:qtdemux_parse_samples:<qtdemux1> sample 357 has size 144709
03-06 09:27:50.531 22026 22026 V GStreamer+qtdemux: 0:02:47.615416811 0xeba59c00 qtdemux.c:7700:qtdemux_parse_samples:<qtdemux1> sample 358 has size 144487
03-06 09:27:50.532 22026 22026 V GStreamer+qtdemux: 0:02:47.615499884 0xeba59c00 qtdemux.c:7700:qtdemux_parse_samples:<qtdemux1> sample 359 has size 144509
03-06 09:27:50.532 22026 22026 V GStreamer+qtdemux: 0:02:47.615585925 0xeba59c00 qtdemux.c:7700:qtdemux_parse_samples:<qtdemux1> sample 360 has size 144700
03-06 09:27:50.532 22026 22026 V GStreamer+qtdemux: 0:02:47.615669571 0xeba59c00 qtdemux.c:7700:qtdemux_parse_samples:<qtdemux1> sample 361 has size 144532
03-06 09:27:50.532 22026 22026 V GStreamer+qtdemux: 0:02:47.615783009 0xeba59c00 qtdemux.c:7700:qtdemux_parse_samples:<qtdemux1> sample 362 has size 144727
03-06 09:27:50.532 22026 22026 V GStreamer+qtdemux: 0:02:47.615869050 0xeba59c00 qtdemux.c:7700:qtdemux_parse_samples:<qtdemux1> sample 363 has size 144312
03-06 09:27:50.532 22026 22026 V GStreamer+qtdemux: 0:02:47.615953634 0xeba59c00 qtdemux.c:7700:qtdemux_parse_samples:<qtdemux1> sample 364 has size 144677
03-06 09:27:50.532 22026 22026 V GStreamer+qtdemux: 0:02:47.616039832 0xeba59c00 qtdemux.c:7700:qtdemux_parse_samples:<qtdemux1> sample 365 has size 144927
03-06 09:27:50.532 22026 22026 V GStreamer+qtdemux: 0:02:47.616124884 0xeba59c00 qtdemux.c:7700:qtdemux_parse_samples:<qtdemux1> sample 366 has size 144140
03-06 09:27:50.532 22026 22026 V GStreamer+qtdemux: 0:02:47.616211394 0xeba59c00 qtdemux.c:7700:qtdemux_parse_samples:<qtdemux1> sample 367 has size 144680
03-06 09:27:50.532 22026 22026 V GStreamer+qtdemux: 0:02:47.616296342 0xeba59c00 qtdemux.c:7700:qtdemux_parse_samples:<qtdemux1> sample 368 has size 144488
03-06 09:27:50.532 22026 22026 V GStreamer+qtdemux: 0:02:47.616380561 0xeba59c00 qtdemux.c:7700:qtdemux_parse_samples:<qtdemux1> sample 369 has size 144520
03-06 09:27:50.532 22026 22026 V GStreamer+qtdemux: 0:02:47.616464623 0xeba59c00 qtdemux.c:7700:qtdemux_parse_samples:<qtdemux1> sample 370 has size 144675
03-06 09:27:50.533 22026 22026 V GStreamer+qtdemux: 0:02:47.616548269 0xeba59c00 qtdemux.c:7700:qtdemux_parse_samples:<qtdemux1> sample 371 has size 144686
03-06 09:27:50.533 22026 22026 V GStreamer+qtdemux: 0:02:47.616631863 0xeba59c00 qtdemux.c:7700:qtdemux_parse_samples:<qtdemux1> sample 372 has size 144200
03-06 09:27:50.533 22026 22026 V GStreamer+qtdemux: 0:02:47.616719154 0xeba59c00 qtdemux.c:7700:qtdemux_parse_samples:<qtdemux1> sample 373 has size 144136
03-06 09:27:50.533 22026 22026 V GStreamer+qtdemux: 0:02:47.616804988 0xeba59c00 qtdemux.c:7700:qtdemux_parse_samples:<qtdemux1> sample 374 has size 144342
03-06 09:27:50.533 22026 22026 V GStreamer+qtdemux: 0:02:47.616889154 0xeba59c00 qtdemux.c:7700:qtdemux_parse_samples:<qtdemux1> sample 375 has size 144618
03-06 09:27:50.533 22026 22026 V GStreamer+qtdemux: 0:02:47.616973217 0xeba59c00 qtdemux.c:7700:qtdemux_parse_samples:<qtdemux1> sample 376 has size 144448
03-06 09:27:50.533 22026 22026 V GStreamer+qtdemux: 0:02:47.617056811 0xeba59c00 qtdemux.c:7700:qtdemux_parse_samples:<qtdemux1> sample 377 has size 145207
03-06 09:27:50.533 22026 22026 V GStreamer+qtdemux: 0:02:47.617144832 0xeba59c00 qtdemux.c:7700:qtdemux_parse_samples:<qtdemux1> sample 378 has size 144230
03-06 09:27:50.533 22026 22026 V GStreamer+qtdemux: 0:02:47.617230665 0xeba59c00 qtdemux.c:7700:qtdemux_parse_samples:<qtdemux1> sample 379 has size 144584
03-06 09:27:50.533 22026 22026 V GStreamer+qtdemux: 0:02:47.617318113 0xeba59c00 qtdemux.c:7700:qtdemux_parse_samples:<qtdemux1> sample 380 has size 144564
03-06 09:27:50.533 22026 22026 V GStreamer+qtdemux: 0:02:47.617404623 0xeba59c00 qtdemux.c:7700:qtdemux_parse_samples:<qtdemux1> sample 381 has size 144478
03-06 09:27:50.533 22026 22026 V GStreamer+qtdemux: 0:02:47.617488790 0xeba59c00 qtdemux.c:7700:qtdemux_parse_samples:<qtdemux1> sample 382 has size 144605
03-06 09:27:50.534 22026 22026 V GStreamer+qtdemux: 0:02:47.617664623 0xeba59c00 qtdemux.c:7700:qtdemux_parse_samples:<qtdemux1> sample 383 has size 144433
03-06 09:27:50.534 22026 22026 V GStreamer+qtdemux: 0:02:47.617806602 0xeba59c00 qtdemux.c:7700:qtdemux_parse_samples:<qtdemux1> sample 384 has size 144516
03-06 09:27:50.534 22026 22026 V GStreamer+qtdemux: 0:02:47.617890144 0xeba59c00 qtdemux.c:7700:qtdemux_parse_samples:<qtdemux1> sample 385 has size 144343
03-06 09:27:50.534 22026 22026 V GStreamer+qtdemux: 0:02:47.618201238 0xeba59c00 qtdemux.c:7700:qtdemux_parse_samples:<qtdemux1> sample 386 has size 144871
03-06 09:27:50.534 22026 22232 V GStreamer+qtdemux: 0:02:47.618228321 0xdd2db980 qtdemux.c:810:gst_qtdemux_handle_src_query:<qtdemux1:video_0> position query
03-06 09:27:50.534 22026 22026 V GStreamer+qtdemux: 0:02:47.618319779 0xeba59c00 qtdemux.c:7700:qtdemux_parse_samples:<qtdemux1> sample 387 has size 144708
03-06 09:27:50.534 22026 22026 V GStreamer+qtdemux: 0:02:47.618426602 0xeba59c00 qtdemux.c:7700:qtdemux_parse_samples:<qtdemux1> sample 388 has size 144383
03-06 09:27:50.535 22026 22026 V GStreamer+qtdemux: 0:02:47.618527800 0xeba59c00 qtdemux.c:7700:qtdemux_parse_samples:<qtdemux1> sample 389 has size 143986
03-06 09:27:50.535 22026 22026 V GStreamer+qtdemux: 0:02:47.618625821 0xeba59c00 qtdemux.c:7700:qtdemux_parse_samples:<qtdemux1> sample 390 has size 144827
03-06 09:27:50.535 22026 22026 V GStreamer+qtdemux: 0:02:47.618733790 0xeba59c00 qtdemux.c:7700:qtdemux_parse_samples:<qtdemux1> sample 391 has size 144559
03-06 09:27:50.535 22026 22026 V GStreamer+qtdemux: 0:02:47.618838842 0xeba59c00 qtdemux.c:7700:qtdemux_parse_samples:<qtdemux1> sample 392 has size 144608
03-06 09:27:50.535 22026 22026 V GStreamer+qtdemux: 0:02:47.618947123 0xeba59c00 qtdemux.c:7700:qtdemux_parse_samples:<qtdemux1> sample 393 has size 144839
03-06 09:27:50.535 22026 22026 V GStreamer+qtdemux: 0:02:47.619056707 0xeba59c00 qtdemux.c:7700:qtdemux_parse_samples:<qtdemux1> sample 394 has size 144902
03-06 09:27:50.535 22026 22026 V GStreamer+qtdemux: 0:02:47.619170404 0xeba59c00 qtdemux.c:7700:qtdemux_parse_samples:<qtdemux1> sample 395 has size 144679
03-06 09:27:50.535 22026 22026 V GStreamer+qtdemux: 0:02:47.619292123 0xeba59c00 qtdemux.c:7700:qtdemux_parse_samples:<qtdemux1> sample 396 has size 144574
03-06 09:27:50.535 22026 22026 V GStreamer+qtdemux: 0:02:47.619409988 0xeba59c00 qtdemux.c:7700:qtdemux_parse_samples:<qtdemux1> sample 397 has size 144330
03-06 09:27:50.536 22026 22026 V GStreamer+qtdemux: 0:02:47.619544832 0xeba59c00 qtdemux.c:7700:qtdemux_parse_samples:<qtdemux1> sample 398 has size 144209
03-06 09:27:50.536 22026 22026 V GStreamer+qtdemux: 0:02:47.619667123 0xeba59c00 qtdemux.c:7700:qtdemux_parse_samples:<qtdemux1> sample 399 has size 144611
03-06 09:27:50.536 22026 22026 V GStreamer+qtdemux: 0:02:47.619782071 0xeba59c00 qtdemux.c:7700:qtdemux_parse_samples:<qtdemux1> sample 400 has size 144611
03-06 09:27:50.536 22026 22026 V GStreamer+qtdemux: 0:02:47.619890561 0xeba59c00 qtdemux.c:7700:qtdemux_parse_samples:<qtdemux1> sample 401 has size 144751
03-06 09:27:50.536 22026 22026 V GStreamer+qtdemux: 0:02:47.619997123 0xeba59c00 qtdemux.c:7700:qtdemux_parse_samples:<qtdemux1> sample 402 has size 144549
03-06 09:27:50.536 22026 22026 V GStreamer+qtdemux: 0:02:47.620106550 0xeba59c00 qtdemux.c:7700:qtdemux_parse_samples:<qtdemux1> sample 403 has size 144770
03-06 09:27:50.536 22026 22026 V GStreamer+qtdemux: 0:02:47.620212175 0xeba59c00 qtdemux.c:7700:qtdemux_parse_samples:<qtdemux1> sample 404 has size 145047
03-06 09:27:50.536 22026 22026 V GStreamer+qtdemux: 0:02:47.620317540 0xeba59c00 qtdemux.c:7700:qtdemux_parse_samples:<qtdemux1> sample 405 has size 144504
03-06 09:27:50.536 22026 22026 V GStreamer+qtdemux: 0:02:47.620426394 0xeba59c00 qtdemux.c:7700:qtdemux_parse_samples:<qtdemux1> sample 406 has size 144911
03-06 09:27:50.537 22026 22026 V GStreamer+qtdemux: 0:02:47.620533217 0xeba59c00 qtdemux.c:7700:qtdemux_parse_samples:<qtdemux1> sample 407 has size 144406
03-06 09:27:50.537 22026 22026 V GStreamer+qtdemux: 0:02:47.620641082 0xeba59c00 qtdemux.c:7700:qtdemux_parse_samples:<qtdemux1> sample 408 has size 144488
03-06 09:27:50.537 22026 22026 V GStreamer+qtdemux: 0:02:47.620749050 0xeba59c00 qtdemux.c:7700:qtdemux_parse_samples:<qtdemux1> sample 409 has size 144770
03-06 09:27:50.537 22026 22026 V GStreamer+qtdemux: 0:02:47.620859988 0xeba59c00 qtdemux.c:7700:qtdemux_parse_samples:<qtdemux1> sample 410 has size 144948
03-06 09:27:50.537 22026 22026 V GStreamer+qtdemux: 0:02:47.620967227 0xeba59c00 qtdemux.c:7700:qtdemux_parse_samples:<qtdemux1> sample 411 has size 145009
03-06 09:27:50.537 22026 22026 V GStreamer+qtdemux: 0:02:47.621074050 0xeba59c00 qtdemux.c:7700:qtdemux_parse_samples:<qtdemux1> sample 412 has size 144334
03-06 09:27:50.537 22026 22026 V GStreamer+qtdemux: 0:02:47.621179779 0xeba59c00 qtdemux.c:7700:qtdemux_parse_samples:<qtdemux1> sample 413 has size 144569
03-06 09:27:50.537 22026 22026 V GStreamer+qtdemux: 0:02:47.621285873 0xeba59c00 qtdemux.c:7700:qtdemux_parse_samples:<qtdemux1> sample 414 has size 144450
03-06 09:27:50.537 22026 22026 V GStreamer+qtdemux: 0:02:47.621393686 0xeba59c00 qtdemux.c:7700:qtdemux_parse_samples:<qtdemux1> sample 415 has size 144723
03-06 09:27:50.538 22026 22026 V GStreamer+qtdemux: 0:02:47.621499415 0xeba59c00 qtdemux.c:7700:qtdemux_parse_samples:<qtdemux1> sample 416 has size 145086
03-06 09:27:50.538 22026 22026 V GStreamer+qtdemux: 0:02:47.621619207 0xeba59c00 qtdemux.c:7700:qtdemux_parse_samples:<qtdemux1> sample 417 has size 144570
03-06 09:27:50.538 22026 22026 V GStreamer+qtdemux: 0:02:47.621733373 0xeba59c00 qtdemux.c:7700:qtdemux_parse_samples:<qtdemux1> sample 418 has size 144389
03-06 09:27:50.538 22026 22026 V GStreamer+qtdemux: 0:02:47.621830717 0xeba59c00 qtdemux.c:7700:qtdemux_parse_samples:<qtdemux1> sample 419 has size 145010
03-06 09:27:50.538 22026 22026 V GStreamer+qtdemux: 0:02:47.621937696 0xeba59c00 qtdemux.c:7700:qtdemux_parse_samples:<qtdemux1> sample 420 has size 144520
03-06 09:27:50.538 22026 22026 V GStreamer+qtdemux: 0:02:47.622047852 0xeba59c00 qtdemux.c:7700:qtdemux_parse_samples:<qtdemux1> sample 421 has size 145020
03-06 09:27:50.538 22026 22026 V GStreamer+qtdemux: 0:02:47.622155352 0xeba59c00 qtdemux.c:7700:qtdemux_parse_samples:<qtdemux1> sample 422 has size 144055
03-06 09:27:50.538 22026 22026 V GStreamer+qtdemux: 0:02:47.622261498 0xeba59c00 qtdemux.c:7700:qtdemux_parse_samples:<qtdemux1> sample 423 has size 144838
03-06 09:27:50.538 22026 22026 V GStreamer+qtdemux: 0:02:47.622366446 0xeba59c00 qtdemux.c:7700:qtdemux_parse_samples:<qtdemux1> sample 424 has size 145433
03-06 09:27:50.538 22026 22026 V GStreamer+qtdemux: 0:02:47.622469832 0xeba59c00 qtdemux.c:7700:qtdemux_parse_samples:<qtdemux1> sample 425 has size 144259
03-06 09:27:50.539 22026 22026 V GStreamer+qtdemux: 0:02:47.622574311 0xeba59c00 qtdemux.c:7700:qtdemux_parse_samples:<qtdemux1> sample 426 has size 144567
03-06 09:27:50.539 22026 22026 V GStreamer+qtdemux: 0:02:47.622677436 0xeba59c00 qtdemux.c:7700:qtdemux_parse_samples:<qtdemux1> sample 427 has size 145040
03-06 09:27:50.539 22026 22026 V GStreamer+qtdemux: 0:02:47.622780509 0xeba59c00 qtdemux.c:7700:qtdemux_parse_samples:<qtdemux1> sample 428 has size 144590
03-06 09:27:50.539 22026 22026 V GStreamer+qtdemux: 0:02:47.622887644 0xeba59c00 qtdemux.c:7700:qtdemux_parse_samples:<qtdemux1> sample 429 has size 144576
03-06 09:27:50.539 22026 22026 V GStreamer+qtdemux: 0:02:47.622991186 0xeba59c00 qtdemux.c:7700:qtdemux_parse_samples:<qtdemux1> sample 430 has size 144355
03-06 09:27:50.539 22026 22026 V GStreamer+qtdemux: 0:02:47.623093477 0xeba59c00 qtdemux.c:7700:qtdemux_parse_samples:<qtdemux1> sample 431 has size 144592
03-06 09:27:50.539 22026 22026 V GStreamer+qtdemux: 0:02:47.623195717 0xeba59c00 qtdemux.c:7700:qtdemux_parse_samples:<qtdemux1> sample 432 has size 144524
03-06 09:27:50.539 22026 22026 V GStreamer+qtdemux: 0:02:47.623300821 0xeba59c00 qtdemux.c:7700:qtdemux_parse_samples:<qtdemux1> sample 433 has size 144806
03-06 09:27:50.539 22026 22026 V GStreamer+qtdemux: 0:02:47.623404154 0xeba59c00 qtdemux.c:7700:qtdemux_parse_samples:<qtdemux1> sample 434 has size 144617
03-06 09:27:50.540 22026 22026 V GStreamer+qtdemux: 0:02:47.623508425 0xeba59c00 qtdemux.c:7700:qtdemux_parse_samples:<qtdemux1> sample 435 has size 144768
03-06 09:27:50.540 22026 22026 V GStreamer+qtdemux: 0:02:47.623613009 0xeba59c00 qtdemux.c:7700:qtdemux_parse_samples:<qtdemux1> sample 436 has size 144695
03-06 09:27:50.540 22026 22026 V GStreamer+qtdemux: 0:02:47.623716446 0xeba59c00 qtdemux.c:7700:qtdemux_parse_samples:<qtdemux1> sample 437 has size 145033
03-06 09:27:50.540 22026 22026 V GStreamer+qtdemux: 0:02:47.623821238 0xeba59c00 qtdemux.c:7700:qtdemux_parse_samples:<qtdemux1> sample 438 has size 144781
03-06 09:27:50.540 22026 22026 V GStreamer+qtdemux: 0:02:47.623924884 0xeba59c00 qtdemux.c:7700:qtdemux_parse_samples:<qtdemux1> sample 439 has size 144494
03-06 09:27:50.540 22026 22026 V GStreamer+qtdemux: 0:02:47.624029207 0xeba59c00 qtdemux.c:7700:qtdemux_parse_samples:<qtdemux1> sample 440 has size 145097
03-06 09:27:50.540 22026 22026 V GStreamer+qtdemux: 0:02:47.624133634 0xeba59c00 qtdemux.c:7700:qtdemux_parse_samples:<qtdemux1> sample 441 has size 144783
03-06 09:27:50.540 22026 22026 V GStreamer+qtdemux: 0:02:47.624237019 0xeba59c00 qtdemux.c:7700:qtdemux_parse_samples:<qtdemux1> sample 442 has size 144686
03-06 09:27:50.540 22026 22026 V GStreamer+qtdemux: 0:02:47.624341394 0xeba59c00 qtdemux.c:7700:qtdemux_parse_samples:<qtdemux1> sample 443 has size 144893
03-06 09:27:50.540 22026 22026 V GStreamer+qtdemux: 0:02:47.624447488 0xeba59c00 qtdemux.c:7700:qtdemux_parse_samples:<qtdemux1> sample 444 has size 144688
03-06 09:27:50.541 22026 22026 V GStreamer+qtdemux: 0:02:47.624551654 0xeba59c00 qtdemux.c:7700:qtdemux_parse_samples:<qtdemux1> sample 445 has size 144697
03-06 09:27:50.541 22026 22026 V GStreamer+qtdemux: 0:02:47.624655144 0xeba59c00 qtdemux.c:7700:qtdemux_parse_samples:<qtdemux1> sample 446 has size 144592
03-06 09:27:50.541 22026 22026 V GStreamer+qtdemux: 0:02:47.624759050 0xeba59c00 qtdemux.c:7700:qtdemux_parse_samples:<qtdemux1> sample 447 has size 144789
03-06 09:27:50.541 22026 22026 V GStreamer+qtdemux: 0:02:47.624862592 0xeba59c00 qtdemux.c:7700:qtdemux_parse_samples:<qtdemux1> sample 448 has size 144514
03-06 09:27:50.541 22026 22026 V GStreamer+qtdemux: 0:02:47.624964884 0xeba59c00 qtdemux.c:7700:qtdemux_parse_samples:<qtdemux1> sample 449 has size 145126
03-06 09:27:50.541 22026 22026 V GStreamer+qtdemux: 0:02:47.625067644 0xeba59c00 qtdemux.c:7700:qtdemux_parse_samples:<qtdemux1> sample 450 has size 144658
03-06 09:27:50.541 22026 22026 V GStreamer+qtdemux: 0:02:47.625172540 0xeba59c00 qtdemux.c:7700:qtdemux_parse_samples:<qtdemux1> sample 451 has size 144491
03-06 09:27:50.541 22026 22026 V GStreamer+qtdemux: 0:02:47.625276029 0xeba59c00 qtdemux.c:7700:qtdemux_parse_samples:<qtdemux1> sample 452 has size 145075
03-06 09:27:50.541 22026 22026 V GStreamer+qtdemux: 0:02:47.625378217 0xeba59c00 qtdemux.c:7700:qtdemux_parse_samples:<qtdemux1> sample 453 has size 145234
03-06 09:27:50.541 22026 22026 V GStreamer+qtdemux: 0:02:47.625480561 0xeba59c00 qtdemux.c:7700:qtdemux_parse_samples:<qtdemux1> sample 454 has size 144515
03-06 09:27:50.542 22026 22026 V GStreamer+qtdemux: 0:02:47.625583217 0xeba59c00 qtdemux.c:7700:qtdemux_parse_samples:<qtdemux1> sample 455 has size 144868
03-06 09:27:50.542 22026 22026 V GStreamer+qtdemux: 0:02:47.625688113 0xeba59c00 qtdemux.c:7700:qtdemux_parse_samples:<qtdemux1> sample 456 has size 144512
03-06 09:27:50.542 22026 22026 V GStreamer+qtdemux: 0:02:47.625790977 0xeba59c00 qtdemux.c:7700:qtdemux_parse_samples:<qtdemux1> sample 457 has size 144115
03-06 09:27:50.542 22026 22026 V GStreamer+qtdemux: 0:02:47.625894207 0xeba59c00 qtdemux.c:7700:qtdemux_parse_samples:<qtdemux1> sample 458 has size 144718
03-06 09:27:50.542 22026 22026 V GStreamer+qtdemux: 0:02:47.625996498 0xeba59c00 qtdemux.c:7700:qtdemux_parse_samples:<qtdemux1> sample 459 has size 145323
03-06 09:27:50.542 22026 22026 V GStreamer+qtdemux: 0:02:47.626103217 0xeba59c00 qtdemux.c:7700:qtdemux_parse_samples:<qtdemux1> sample 460 has size 144751
03-06 09:27:50.542 22026 22026 V GStreamer+qtdemux: 0:02:47.626213998 0xeba59c00 qtdemux.c:7700:qtdemux_parse_samples:<qtdemux1> sample 461 has size 144635
03-06 09:27:50.542 22026 22026 V GStreamer+qtdemux: 0:02:47.626326082 0xeba59c00 qtdemux.c:7700:qtdemux_parse_samples:<qtdemux1> sample 462 has size 144463
03-06 09:27:50.542 22026 22026 V GStreamer+qtdemux: 0:02:47.626434988 0xeba59c00 qtdemux.c:7700:qtdemux_parse_samples:<qtdemux1> sample 463 has size 144784
03-06 09:27:50.543 22026 22026 V GStreamer+qtdemux: 0:02:47.626532384 0xeba59c00 qtdemux.c:7700:qtdemux_parse_samples:<qtdemux1> sample 464 has size 144294
03-06 09:27:50.543 22026 22026 V GStreamer+qtdemux: 0:02:47.626629832 0xeba59c00 qtdemux.c:7700:qtdemux_parse_samples:<qtdemux1> sample 465 has size 144986
03-06 09:27:50.543 22026 22026 V GStreamer+qtdemux: 0:02:47.626724571 0xeba59c00 qtdemux.c:7700:qtdemux_parse_samples:<qtdemux1> sample 466 has size 144465
03-06 09:27:50.543 22026 22026 V GStreamer+qtdemux: 0:02:47.626817592 0xeba59c00 qtdemux.c:7700:qtdemux_parse_samples:<qtdemux1> sample 467 has size 144648
03-06 09:27:50.543 22026 22026 V GStreamer+qtdemux: 0:02:47.626910925 0xeba59c00 qtdemux.c:7700:qtdemux_parse_samples:<qtdemux1> sample 468 has size 144630
03-06 09:27:50.543 22026 22026 V GStreamer+qtdemux: 0:02:47.627007332 0xeba59c00 qtdemux.c:7700:qtdemux_parse_samples:<qtdemux1> sample 469 has size 144602
03-06 09:27:50.543 22026 22026 V GStreamer+qtdemux: 0:02:47.627102436 0xeba59c00 qtdemux.c:7700:qtdemux_parse_samples:<qtdemux1> sample 470 has size 144878
03-06 09:27:50.543 22026 22026 V GStreamer+qtdemux: 0:02:47.627196967 0xeba59c00 qtdemux.c:7700:qtdemux_parse_samples:<qtdemux1> sample 471 has size 144942
03-06 09:27:50.543 22026 22026 V GStreamer+qtdemux: 0:02:47.627292175 0xeba59c00 qtdemux.c:7700:qtdemux_parse_samples:<qtdemux1> sample 472 has size 144483
03-06 09:27:50.543 22026 22026 V GStreamer+qtdemux: 0:02:47.627386342 0xeba59c00 qtdemux.c:7700:qtdemux_parse_samples:<qtdemux1> sample 473 has size 144496
03-06 09:27:50.543 22026 22026 V GStreamer+qtdemux: 0:02:47.627481029 0xeba59c00 qtdemux.c:7700:qtdemux_parse_samples:<qtdemux1> sample 474 has size 144551
03-06 09:27:50.544 22026 22026 V GStreamer+qtdemux: 0:02:47.627671082 0xeba59c00 qtdemux.c:7700:qtdemux_parse_samples:<qtdemux1> sample 475 has size 144458
03-06 09:27:50.544 22026 22026 V GStreamer+qtdemux: 0:02:47.627809571 0xeba59c00 qtdemux.c:7700:qtdemux_parse_samples:<qtdemux1> sample 476 has size 145036
03-06 09:27:50.544 22026 22026 V GStreamer+qtdemux: 0:02:47.627919936 0xeba59c00 qtdemux.c:7700:qtdemux_parse_samples:<qtdemux1> sample 477 has size 144724
03-06 09:27:50.544 22026 22026 V GStreamer+qtdemux: 0:02:47.628049259 0xeba59c00 qtdemux.c:7700:qtdemux_parse_samples:<qtdemux1> sample 478 has size 144683
03-06 09:27:50.544 22026 22026 V GStreamer+qtdemux: 0:02:47.628159936 0xeba59c00 qtdemux.c:7700:qtdemux_parse_samples:<qtdemux1> sample 479 has size 144595
03-06 09:27:50.544 22026 22026 V GStreamer+qtdemux: 0:02:47.628276394 0xeba59c00 qtdemux.c:7700:qtdemux_parse_samples:<qtdemux1> sample 480 has size 144961
03-06 09:27:50.544 22026 22026 V GStreamer+qtdemux: 0:02:47.628383634 0xeba59c00 qtdemux.c:7700:qtdemux_parse_samples:<qtdemux1> sample 481 has size 144908
03-06 09:27:50.545 22026 22026 V GStreamer+qtdemux: 0:02:47.628494467 0xeba59c00 qtdemux.c:7700:qtdemux_parse_samples:<qtdemux1> sample 482 has size 144679
03-06 09:27:50.545 22026 22026 V GStreamer+qtdemux: 0:02:47.628602019 0xeba59c00 qtdemux.c:7700:qtdemux_parse_samples:<qtdemux1> sample 483 has size 144701
03-06 09:27:50.545 22026 22026 V GStreamer+qtdemux: 0:02:47.628712592 0xeba59c00 qtdemux.c:7700:qtdemux_parse_samples:<qtdemux1> sample 484 has size 144912
03-06 09:27:50.545 22026 22026 V GStreamer+qtdemux: 0:02:47.628829571 0xeba59c00 qtdemux.c:7700:qtdemux_parse_samples:<qtdemux1> sample 485 has size 145127
03-06 09:27:50.545 22026 22232 V GStreamer+qtdemux: 0:02:47.628871446 0xdd2db980 qtdemux.c:810:gst_qtdemux_handle_src_query:<qtdemux1:video_0> position query
03-06 09:27:50.545 22026 22026 V GStreamer+qtdemux: 0:02:47.628970613 0xeba59c00 qtdemux.c:7700:qtdemux_parse_samples:<qtdemux1> sample 486 has size 144923
03-06 09:27:50.545 22026 22026 V GStreamer+qtdemux: 0:02:47.629088686 0xeba59c00 qtdemux.c:7700:qtdemux_parse_samples:<qtdemux1> sample 487 has size 144803
03-06 09:27:50.545 22026 22026 V GStreamer+qtdemux: 0:02:47.629198217 0xeba59c00 qtdemux.c:7700:qtdemux_parse_samples:<qtdemux1> sample 488 has size 144090
03-06 09:27:50.545 22026 22026 V GStreamer+qtdemux: 0:02:47.629303269 0xeba59c00 qtdemux.c:7700:qtdemux_parse_samples:<qtdemux1> sample 489 has size 145054
03-06 09:27:50.545 22026 22026 V GStreamer+qtdemux: 0:02:47.629403165 0xeba59c00 qtdemux.c:7700:qtdemux_parse_samples:<qtdemux1> sample 490 has size 144660
03-06 09:27:50.546 22026 22026 V GStreamer+qtdemux: 0:02:47.629507332 0xeba59c00 qtdemux.c:7700:qtdemux_parse_samples:<qtdemux1> sample 491 has size 144754
03-06 09:27:50.546 22026 22340 V GStreamer+qtdemux: 0:02:47.629603009 0xdd2dbaf0 qtdemux.c:4633:gst_qtdemux_combine_flows:<qtdemux1> flow return: ok
03-06 09:27:50.546 22026 22026 V GStreamer+qtdemux: 0:02:47.629623217 0xeba59c00 qtdemux.c:7700:qtdemux_parse_samples:<qtdemux1> sample 492 has size 144867
03-06 09:27:50.546 22026 22340 V GStreamer+qtdemux: 0:02:47.629766863 0xdd2dbaf0 qtdemux.c:4641:gst_qtdemux_combine_flows:<qtdemux1> combined flow return: ok
03-06 09:27:50.546 22026 22026 V GStreamer+qtdemux: 0:02:47.629808217 0xeba59c00 qtdemux.c:7700:qtdemux_parse_samples:<qtdemux1> sample 493 has size 144847
03-06 09:27:50.546 22026 22340 V GStreamer+qtdemux: 0:02:47.629888165 0xdd2dbaf0 qtdemux.c:6219:gst_qtdemux_process_adapter:<qtdemux1> increasing offset 43134097 by 144543
03-06 09:27:50.546 22026 22026 V GStreamer+qtdemux: 0:02:47.629914415 0xeba59c00 qtdemux.c:7700:qtdemux_parse_samples:<qtdemux1> sample 494 has size 144546
03-06 09:27:50.546 22026 22342 I GStreamer+baseparse: 0:02:47.629984363 0xd73ffa90 gstbaseparse.c:3945:gst_base_parse_set_latency:<h264parse1> min/max latency 0:00:00.019480519, 0:00:00.019480519
03-06 09:27:50.546 22026 22026 V GStreamer+qtdemux: 0:02:47.630047748 0xeba59c00 qtdemux.c:7700:qtdemux_parse_samples:<qtdemux1> sample 495 has size 144704
03-06 09:27:50.546 22026 22340 V GStreamer+qtdemux: 0:02:47.630087019 0xdd2dbaf0 qtdemux.c:6222:gst_qtdemux_process_adapter:<qtdemux1> offset is now 43278640
03-06 09:27:50.546 22026 22026 V GStreamer+qtdemux: 0:02:47.630155040 0xeba59c00 qtdemux.c:7700:qtdemux_parse_samples:<qtdemux1> sample 496 has size 144047
03-06 09:27:50.546 22026 22340 V GStreamer+qtdemux: 0:02:47.630195873 0xdd2dbaf0 qtdemux.c:5472:next_entry_size:<qtdemux1> Finding entry at offset 43278640
03-06 09:27:50.546 22026 22026 V GStreamer+qtdemux: 0:02:47.630253998 0xeba59c00 qtdemux.c:7700:qtdemux_parse_samples:<qtdemux1> sample 497 has size 144627
03-06 09:27:50.546 22026 22340 V GStreamer+qtdemux: 0:02:47.630304623 0xdd2dbaf0 qtdemux.c:7663:qtdemux_parse_samples:<qtdemux1> parsing samples for stream fourcc avc1, pad video_0
03-06 09:27:50.546 22026 22026 V GStreamer+qtdemux: 0:02:47.630353477 0xeba59c00 qtdemux.c:7700:qtdemux_parse_samples:<qtdemux1> sample 498 has size 144771
03-06 09:27:50.546 22026 22026 V GStreamer+qtdemux: 0:02:47.630452852 0xeba59c00 qtdemux.c:7700:qtdemux_parse_samples:<qtdemux1> sample 499 has size 144478
03-06 09:27:50.547 22026 22026 V GStreamer+qtdemux: 0:02:47.630552175 0xeba59c00 qtdemux.c:7700:qtdemux_parse_samples:<qtdemux1> sample 500 has size 144877
03-06 09:27:50.547 22026 22026 V GStreamer+qtdemux: 0:02:47.630649832 0xeba59c00 qtdemux.c:7700:qtdemux_parse_samples:<qtdemux1> sample 501 has size 145143
03-06 09:27:50.547 22026 22026 V GStreamer+qtdemux: 0:02:47.630779363 0xeba59c00 qtdemux.c:7700:qtdemux_parse_samples:<qtdemux1> sample 502 has size 144583
03-06 09:27:50.547 22026 22026 V GStreamer+qtdemux: 0:02:47.630884623 0xeba59c00 qtdemux.c:7700:qtdemux_parse_samples:<qtdemux1> sample 503 has size 144583
03-06 09:27:50.547 22026 22026 V GStreamer+qtdemux: 0:02:47.630989779 0xeba59c00 qtdemux.c:7700:qtdemux_parse_samples:<qtdemux1> sample 504 has size 144877
03-06 09:27:50.547 22026 22026 V GStreamer+qtdemux: 0:02:47.631093946 0xeba59c00 qtdemux.c:7700:qtdemux_parse_samples:<qtdemux1> sample 505 has size 145160
