03-06 09:27:49.973 22026 22340 D GStreamer+qtdemux: 0:02:47.057319519 0xdd2dbaf0 qtdemux.c:5700:gst_qtdemux_chain:<qtdemux1> pushing in inbuf 0xdc9a6290, neededbytes:144333, available:26798
03-06 09:27:49.974 22026 22340 D GStreamer+qtdemux: 0:02:47.057512071 0xdd2dbaf0 qtdemux.c:5700:gst_qtdemux_chain:<qtdemux1> pushing in inbuf 0xdccffad0, neededbytes:144333, available:30894
03-06 09:27:49.974 22026 22340 D GStreamer+qtdemux: 0:02:47.057811863 0xdd2dbaf0 qtdemux.c:5700:gst_qtdemux_chain:<qtdemux1> pushing in inbuf 0xdcc3e648, neededbytes:144333, available:34990
03-06 09:27:49.974 22026 22340 D GStreamer+qtdemux: 0:02:47.058210978 0xdd2dbaf0 qtdemux.c:5700:gst_qtdemux_chain:<qtdemux1> pushing in inbuf 0xdcc3fb40, neededbytes:144333, available:39086
03-06 09:27:49.974 22026 22340 D GStreamer+qtdemux: 0:02:47.058315821 0xdd2dbaf0 qtdemux.c:5700:gst_qtdemux_chain:<qtdemux1> pushing in inbuf 0xdc9a6818, neededbytes:144333, available:43182
03-06 09:27:49.974 22026 22340 D GStreamer+qtdemux: 0:02:47.058418842 0xdd2dbaf0 qtdemux.c:5700:gst_qtdemux_chain:<qtdemux1> pushing in inbuf 0xdc978c08, neededbytes:144333, available:47278
03-06 09:27:49.975 22026 22340 D GStreamer+qtdemux: 0:02:47.058520040 0xdd2dbaf0 qtdemux.c:5700:gst_qtdemux_chain:<qtdemux1> pushing in inbuf 0xdccf3f08, neededbytes:144333, available:51374
03-06 09:27:49.975 22026 22340 D GStreamer+qtdemux: 0:02:47.058623686 0xdd2dbaf0 qtdemux.c:5700:gst_qtdemux_chain:<qtdemux1> pushing in inbuf 0xdcbfeb48, neededbytes:144333, available:55470
03-06 09:27:49.975 22026 22340 D GStreamer+qtdemux: 0:02:47.058728269 0xdd2dbaf0 qtdemux.c:5700:gst_qtdemux_chain:<qtdemux1> pushing in inbuf 0xdcc3faa0, neededbytes:144333, available:59566
03-06 09:27:49.975 22026 22340 D GStreamer+qtdemux: 0:02:47.058831967 0xdd2dbaf0 qtdemux.c:5700:gst_qtdemux_chain:<qtdemux1> pushing in inbuf 0xdcbfe2a0, neededbytes:144333, available:63662
03-06 09:27:49.975 22026 22340 D GStreamer+qtdemux: 0:02:47.058933946 0xdd2dbaf0 qtdemux.c:5700:gst_qtdemux_chain:<qtdemux1> pushing in inbuf 0xdcc59c68, neededbytes:144333, available:67758
03-06 09:27:49.975 22026 22340 D GStreamer+qtdemux: 0:02:47.059035925 0xdd2dbaf0 qtdemux.c:5700:gst_qtdemux_chain:<qtdemux1> pushing in inbuf 0xdc9a59e8, neededbytes:144333, available:71854
03-06 09:27:49.975 22026 22340 D GStreamer+qtdemux: 0:02:47.059139311 0xdd2dbaf0 qtdemux.c:5700:gst_qtdemux_chain:<qtdemux1> pushing in inbuf 0xdc977b48, neededbytes:144333, available:75950
03-06 09:27:49.975 22026 22340 D GStreamer+qtdemux: 0:02:47.059242436 0xdd2dbaf0 qtdemux.c:5700:gst_qtdemux_chain:<qtdemux1> pushing in inbuf 0xdcc51c80, neededbytes:144333, available:80046
03-06 09:27:49.975 22026 22340 D GStreamer+qtdemux: 0:02:47.059355248 0xdd2dbaf0 qtdemux.c:5700:gst_qtdemux_chain:<qtdemux1> pushing in inbuf 0xdcc59e48, neededbytes:144333, available:84142
03-06 09:27:49.975 22026 22340 D GStreamer+qtdemux: 0:02:47.059459519 0xdd2dbaf0 qtdemux.c:5700:gst_qtdemux_chain:<qtdemux1> pushing in inbuf 0xdd15cb38, neededbytes:144333, available:88238
03-06 09:27:49.976 22026 22340 D GStreamer+qtdemux: 0:02:47.059562384 0xdd2dbaf0 qtdemux.c:5700:gst_qtdemux_chain:<qtdemux1> pushing in inbuf 0xdccf3c88, neededbytes:144333, available:92334
03-06 09:27:49.976 22026 22340 D GStreamer+qtdemux: 0:02:47.059669415 0xdd2dbaf0 qtdemux.c:5700:gst_qtdemux_chain:<qtdemux1> pushing in inbuf 0xdc979420, neededbytes:144333, available:96430
03-06 09:27:49.976 22026 22340 D GStreamer+qtdemux: 0:02:47.059771186 0xdd2dbaf0 qtdemux.c:5700:gst_qtdemux_chain:<qtdemux1> pushing in inbuf 0xdcbfee68, neededbytes:144333, available:100526
03-06 09:27:49.976 22026 22340 D GStreamer+qtdemux: 0:02:47.059874728 0xdd2dbaf0 qtdemux.c:5700:gst_qtdemux_chain:<qtdemux1> pushing in inbuf 0xdcbff350, neededbytes:144333, available:104622
03-06 09:27:49.976 22026 22340 D GStreamer+qtdemux: 0:02:47.059978061 0xdd2dbaf0 qtdemux.c:5700:gst_qtdemux_chain:<qtdemux1> pushing in inbuf 0xdcbfe3e0, neededbytes:144333, available:108718
03-06 09:27:49.976 22026 22340 D GStreamer+qtdemux: 0:02:47.060090092 0xdd2dbaf0 qtdemux.c:5700:gst_qtdemux_chain:<qtdemux1> pushing in inbuf 0xdcc3e508, neededbytes:144333, available:112814
03-06 09:27:49.976 22026 22340 D GStreamer+qtdemux: 0:02:47.060192436 0xdd2dbaf0 qtdemux.c:5700:gst_qtdemux_chain:<qtdemux1> pushing in inbuf 0xdca79830, neededbytes:144333, available:116910
03-06 09:27:49.976 22026 22340 D GStreamer+qtdemux: 0:02:47.060293738 0xdd2dbaf0 qtdemux.c:5700:gst_qtdemux_chain:<qtdemux1> pushing in inbuf 0xdcc3f5b8, neededbytes:144333, available:121006
03-06 09:27:49.976 22026 22340 D GStreamer+qtdemux: 0:02:47.060396759 0xdd2dbaf0 qtdemux.c:5700:gst_qtdemux_chain:<qtdemux1> pushing in inbuf 0xdc9798a0, neededbytes:144333, available:125102
03-06 09:27:49.977 22026 22340 D GStreamer+qtdemux: 0:02:47.060498738 0xdd2dbaf0 qtdemux.c:5700:gst_qtdemux_chain:<qtdemux1> pushing in inbuf 0xdccfea20, neededbytes:144333, available:129198
03-06 09:27:49.977 22026 22340 D GStreamer+qtdemux: 0:02:47.060613738 0xdd2dbaf0 qtdemux.c:5700:gst_qtdemux_chain:<qtdemux1> pushing in inbuf 0xdc977828, neededbytes:144333, available:133294
03-06 09:27:49.977 22026 22340 D GStreamer+qtdemux: 0:02:47.060718061 0xdd2dbaf0 qtdemux.c:5700:gst_qtdemux_chain:<qtdemux1> pushing in inbuf 0xdc9a6a98, neededbytes:144333, available:137390
03-06 09:27:49.977 22026 22340 D GStreamer+qtdemux: 0:02:47.060820769 0xdd2dbaf0 qtdemux.c:5700:gst_qtdemux_chain:<qtdemux1> pushing in inbuf 0xdc979600, neededbytes:144333, available:141486
03-06 09:27:49.977 22026 22340 D GStreamer+qtdemux: 0:02:47.060925405 0xdd2dbaf0 qtdemux.c:5700:gst_qtdemux_chain:<qtdemux1> pushing in inbuf 0xdc9a5460, neededbytes:144333, available:145582
03-06 09:27:49.977 22026 22340 D GStreamer+qtdemux: 0:02:47.061012175 0xdd2dbaf0 qtdemux.c:5720:gst_qtdemux_process_adapter:<qtdemux1> state:2 , demux->neededbytes:144333, demux->offset:39524218
03-06 09:27:49.977 22026 22340 D GStreamer+qtdemux: 0:02:47.061093061 0xdd2dbaf0 qtdemux.c:6067:gst_qtdemux_process_adapter:<qtdemux1> BEGIN // in MOVIE for offset 39524218
03-06 09:27:49.977 22026 22340 V GStreamer+qtdemux: 0:02:47.061178686 0xdd2dbaf0 qtdemux.c:6145:gst_qtdemux_process_adapter:<qtdemux1> Checking stream 0 (sample_index:273 / offset:39524218 / size:144333)
03-06 09:27:49.977 22026 22340 D GStreamer+qtdemux: 0:02:47.061262332 0xdd2dbaf0 qtdemux.c:6163:gst_qtdemux_process_adapter:<qtdemux1> stream : avc1
03-06 09:27:49.978 22026 22340 V GStreamer+qtdemux: 0:02:47.061653478 0xdd2dbaf0 qtdemux.c:4961:gst_qtdemux_decorate_and_push_buffer:<qtdemux1> Pushing buffer with dts 0:00:05.367000000, pts 0:00:05.367000000, duration 0:00:00.019400000 on pad video_0
03-06 09:27:49.981 22026 22232 V GStreamer+qtdemux: 0:02:47.064733373 0xdd2db980 qtdemux.c:810:gst_qtdemux_handle_src_query:<qtdemux1:video_0> position query
03-06 09:27:49.983 22026 22340 V GStreamer+qtdemux: 0:02:47.067334467 0xdd2dbaf0 qtdemux.c:4633:gst_qtdemux_combine_flows:<qtdemux1> flow return: ok
03-06 09:27:49.983 22026 22340 V GStreamer+qtdemux: 0:02:47.067425248 0xdd2dbaf0 qtdemux.c:4641:gst_qtdemux_combine_flows:<qtdemux1> combined flow return: ok
03-06 09:27:49.984 22026 22340 V GStreamer+qtdemux: 0:02:47.067535300 0xdd2dbaf0 qtdemux.c:6219:gst_qtdemux_process_adapter:<qtdemux1> increasing offset 39524218 by 144333
03-06 09:27:49.984 22026 22340 V GStreamer+qtdemux: 0:02:47.067659884 0xdd2dbaf0 qtdemux.c:6222:gst_qtdemux_process_adapter:<qtdemux1> offset is now 39668551
03-06 09:27:49.984 22026 22340 V GStreamer+qtdemux: 0:02:47.067735717 0xdd2dbaf0 qtdemux.c:5472:next_entry_size:<qtdemux1> Finding entry at offset 39668551
03-06 09:27:49.984 22026 22340 V GStreamer+qtdemux: 0:02:47.067830092 0xdd2dbaf0 qtdemux.c:7663:qtdemux_parse_samples:<qtdemux1> parsing samples for stream fourcc avc1, pad video_0
03-06 09:27:49.984 22026 22342 I GStreamer+baseparse: 0:02:47.067856446 0xd73ffa90 gstbaseparse.c:3945:gst_base_parse_set_latency:<h264parse1> min/max latency 0:00:00.019480519, 0:00:00.019480519
03-06 09:27:49.984 22026 22340 D GStreamer+qtdemux: 0:02:47.067905509 0xdd2dbaf0 qtdemux.c:7674:qtdemux_parse_samples:<qtdemux1> parsing up to sample 274
03-06 09:27:49.984 22026 22340 V GStreamer+qtdemux: 0:02:47.067988321 0xdd2dbaf0 qtdemux.c:7700:qtdemux_parse_samples:<qtdemux1> sample 274 has size 144291
03-06 09:27:49.984 22026 22340 V GStreamer+qtdemux: 0:02:47.068070457 0xdd2dbaf0 qtdemux.c:7824:qtdemux_parse_samples:<qtdemux1> creating entry 274 with offset 39668551 and size 144291
03-06 09:27:49.984 22026 22340 D GStreamer+qtdemux: 0:02:47.068158790 0xdd2dbaf0 qtdemux.c:7881:qtdemux_parse_samples:<qtdemux1> sample 274: index 2, timestamp 0:00:05.386400000
03-06 09:27:49.984 22026 22340 D GStreamer+qtdemux: 0:02:47.068231707 0xdd2dbaf0 qtdemux.c:7936:qtdemux_parse_samples:<qtdemux1> samples at 274 is keyframe
03-06 09:27:49.984 22026 22340 V GStreamer+qtdemux: 0:02:47.068311915 0xdd2dbaf0 qtdemux.c:5498:next_entry_size:<qtdemux1> Checking Stream 0 (sample_index:274 / offset:39668551 / size:144291)
03-06 09:27:49.984 22026 22340 V GStreamer+qtdemux: 0:02:47.068392800 0xdd2dbaf0 qtdemux.c:5509:next_entry_size:<qtdemux1> stream 0 offset 39668551 demux->offset :39668551
03-06 09:27:49.985 22026 22340 D GStreamer+qtdemux: 0:02:47.068508165 0xdd2dbaf0 qtdemux.c:5700:gst_qtdemux_chain:<qtdemux1> pushing in inbuf 0xdd15cdb8, neededbytes:144291, available:5345
03-06 09:27:49.985 22026 22340 D GStreamer+qtdemux: 0:02:47.068601863 0xdd2dbaf0 qtdemux.c:5700:gst_qtdemux_chain:<qtdemux1> pushing in inbuf 0xdd15cd18, neededbytes:144291, available:9441
03-06 09:27:49.985 22026 22340 D GStreamer+qtdemux: 0:02:47.068717332 0xdd2dbaf0 qtdemux.c:5700:gst_qtdemux_chain:<qtdemux1> pushing in inbuf 0xdca79348, neededbytes:144291, available:13537
03-06 09:27:49.985 22026 22340 D GStreamer+qtdemux: 0:02:47.068824415 0xdd2dbaf0 qtdemux.c:5700:gst_qtdemux_chain:<qtdemux1> pushing in inbuf 0xdc978d48, neededbytes:144291, available:17633
03-06 09:27:49.985 22026 22340 D GStreamer+qtdemux: 0:02:47.068934103 0xdd2dbaf0 qtdemux.c:5700:gst_qtdemux_chain:<qtdemux1> pushing in inbuf 0xdcbfebe8, neededbytes:144291, available:21729
03-06 09:27:49.985 22026 22340 D GStreamer+qtdemux: 0:02:47.069040873 0xdd2dbaf0 qtdemux.c:5700:gst_qtdemux_chain:<qtdemux1> pushing in inbuf 0xdc978540, neededbytes:144291, available:25825
03-06 09:27:49.985 22026 22340 D GStreamer+qtdemux: 0:02:47.069138790 0xdd2dbaf0 qtdemux.c:5700:gst_qtdemux_chain:<qtdemux1> pushing in inbuf 0xdccf3020, neededbytes:144291, available:29921
03-06 09:27:49.985 22026 22340 D GStreamer+qtdemux: 0:02:47.069235821 0xdd2dbaf0 qtdemux.c:5700:gst_qtdemux_chain:<qtdemux1> pushing in inbuf 0xdd15c9f8, neededbytes:144291, available:34017
03-06 09:27:49.985 22026 22340 D GStreamer+qtdemux: 0:02:47.069334571 0xdd2dbaf0 qtdemux.c:5700:gst_qtdemux_chain:<qtdemux1> pushing in inbuf 0xdc9a50a0, neededbytes:144291, available:38113
03-06 09:27:49.985 22026 22340 D GStreamer+qtdemux: 0:02:47.069434675 0xdd2dbaf0 qtdemux.c:5700:gst_qtdemux_chain:<qtdemux1> pushing in inbuf 0xdd15ce58, neededbytes:144291, available:42209
03-06 09:27:49.986 22026 22340 D GStreamer+qtdemux: 0:02:47.069532905 0xdd2dbaf0 qtdemux.c:5700:gst_qtdemux_chain:<qtdemux1> pushing in inbuf 0xdccff408, neededbytes:144291, available:46305
03-06 09:27:49.986 22026 22340 D GStreamer+qtdemux: 0:02:47.069631603 0xdd2dbaf0 qtdemux.c:5700:gst_qtdemux_chain:<qtdemux1> pushing in inbuf 0xdcbff710, neededbytes:144291, available:50401
03-06 09:27:49.986 22026 22340 D GStreamer+qtdemux: 0:02:47.069745717 0xdd2dbaf0 qtdemux.c:5700:gst_qtdemux_chain:<qtdemux1> pushing in inbuf 0xdcc3fa00, neededbytes:144291, available:54497
03-06 09:27:49.986 22026 22340 D GStreamer+qtdemux: 0:02:47.069849780 0xdd2dbaf0 qtdemux.c:5700:gst_qtdemux_chain:<qtdemux1> pushing in inbuf 0xdc9a6ef8, neededbytes:144291, available:58593
03-06 09:27:49.986 22026 22340 D GStreamer+qtdemux: 0:02:47.069962592 0xdd2dbaf0 qtdemux.c:5700:gst_qtdemux_chain:<qtdemux1> pushing in inbuf 0xdc978848, neededbytes:144291, available:62689
03-06 09:27:49.986 22026 22340 D GStreamer+qtdemux: 0:02:47.070065873 0xdd2dbaf0 qtdemux.c:5700:gst_qtdemux_chain:<qtdemux1> pushing in inbuf 0xdcc59520, neededbytes:144291, available:66785
03-06 09:27:49.986 22026 22340 D GStreamer+qtdemux: 0:02:47.070175144 0xdd2dbaf0 qtdemux.c:5700:gst_qtdemux_chain:<qtdemux1> pushing in inbuf 0xdca79ab0, neededbytes:144291, available:70881
03-06 09:27:49.986 22026 22340 D GStreamer+qtdemux: 0:02:47.070286915 0xdd2dbaf0 qtdemux.c:5700:gst_qtdemux_chain:<qtdemux1> pushing in inbuf 0xdccf3d28, neededbytes:144291, available:74977
03-06 09:27:49.986 22026 22340 D GStreamer+qtdemux: 0:02:47.070378634 0xdd2dbaf0 qtdemux.c:5700:gst_qtdemux_chain:<qtdemux1> pushing in inbuf 0xdc977c88, neededbytes:144291, available:79073
03-06 09:27:49.986 22026 22340 D GStreamer+qtdemux: 0:02:47.070470405 0xdd2dbaf0 qtdemux.c:5700:gst_qtdemux_chain:<qtdemux1> pushing in inbuf 0xdc9a6c78, neededbytes:144291, available:83169
03-06 09:27:49.987 22026 22340 D GStreamer+qtdemux: 0:02:47.070562957 0xdd2dbaf0 qtdemux.c:5700:gst_qtdemux_chain:<qtdemux1> pushing in inbuf 0xdcc3ea90, neededbytes:144291, available:87265
03-06 09:27:49.987 22026 22340 D GStreamer+qtdemux: 0:02:47.070659207 0xdd2dbaf0 qtdemux.c:5700:gst_qtdemux_chain:<qtdemux1> pushing in inbuf 0xdcc51208, neededbytes:144291, available:91361
03-06 09:27:49.987 22026 22340 D GStreamer+qtdemux: 0:02:47.070755509 0xdd2dbaf0 qtdemux.c:5700:gst_qtdemux_chain:<qtdemux1> pushing in inbuf 0xdcc512a8, neededbytes:144291, available:95457
03-06 09:27:49.987 22026 22340 D GStreamer+qtdemux: 0:02:47.070858738 0xdd2dbaf0 qtdemux.c:5700:gst_qtdemux_chain:<qtdemux1> pushing in inbuf 0xdc9a5ee8, neededbytes:144291, available:99553
03-06 09:27:49.987 22026 22340 D GStreamer+qtdemux: 0:02:47.070959884 0xdd2dbaf0 qtdemux.c:5700:gst_qtdemux_chain:<qtdemux1> pushing in inbuf 0xdc9a5a88, neededbytes:144291, available:103649
03-06 09:27:49.987 22026 22340 D GStreamer+qtdemux: 0:02:47.071061446 0xdd2dbaf0 qtdemux.c:5700:gst_qtdemux_chain:<qtdemux1> pushing in inbuf 0xdc978de8, neededbytes:144291, available:107745
03-06 09:27:49.987 22026 22340 D GStreamer+qtdemux: 0:02:47.071160821 0xdd2dbaf0 qtdemux.c:5700:gst_qtdemux_chain:<qtdemux1> pushing in inbuf 0xdca793e8, neededbytes:144291, available:111841
03-06 09:27:49.987 22026 22340 D GStreamer+qtdemux: 0:02:47.071263061 0xdd2dbaf0 qtdemux.c:5700:gst_qtdemux_chain:<qtdemux1> pushing in inbuf 0xdcc3fe60, neededbytes:144291, available:115937
03-06 09:27:49.987 22026 22340 D GStreamer+qtdemux: 0:02:47.071363738 0xdd2dbaf0 qtdemux.c:5700:gst_qtdemux_chain:<qtdemux1> pushing in inbuf 0xdccff688, neededbytes:144291, available:120033
03-06 09:27:49.987 22026 22340 D GStreamer+qtdemux: 0:02:47.071467540 0xdd2dbaf0 qtdemux.c:5700:gst_qtdemux_chain:<qtdemux1> pushing in inbuf 0xdcc3eef0, neededbytes:144291, available:124129
03-06 09:27:49.988 22026 22340 D GStreamer+qtdemux: 0:02:47.071572436 0xdd2dbaf0 qtdemux.c:5700:gst_qtdemux_chain:<qtdemux1> pushing in inbuf 0xdca79f10, neededbytes:144291, available:128225
03-06 09:27:49.988 22026 22340 D GStreamer+qtdemux: 0:02:47.071675144 0xdd2dbaf0 qtdemux.c:5700:gst_qtdemux_chain:<qtdemux1> pushing in inbuf 0xdcc3e008, neededbytes:144291, available:132321
03-06 09:27:49.988 22026 22340 D GStreamer+qtdemux: 0:02:47.071779103 0xdd2dbaf0 qtdemux.c:5700:gst_qtdemux_chain:<qtdemux1> pushing in inbuf 0xdc977dc8, neededbytes:144291, available:136417
03-06 09:27:49.988 22026 22340 D GStreamer+qtdemux: 0:02:47.071872592 0xdd2dbaf0 qtdemux.c:5700:gst_qtdemux_chain:<qtdemux1> pushing in inbuf 0xdc9a66f0, neededbytes:144291, available:140513
03-06 09:27:49.988 22026 22340 D GStreamer+qtdemux: 0:02:47.071976134 0xdd2dbaf0 qtdemux.c:5700:gst_qtdemux_chain:<qtdemux1> pushing in inbuf 0xdcbfe968, neededbytes:144291, available:144609
03-06 09:27:49.988 22026 22340 D GStreamer+qtdemux: 0:02:47.072066342 0xdd2dbaf0 qtdemux.c:5720:gst_qtdemux_process_adapter:<qtdemux1> state:2 , demux->neededbytes:144291, demux->offset:39668551
03-06 09:27:49.988 22026 22340 D GStreamer+qtdemux: 0:02:47.072150873 0xdd2dbaf0 qtdemux.c:6067:gst_qtdemux_process_adapter:<qtdemux1> BEGIN // in MOVIE for offset 39668551
03-06 09:27:49.988 22026 22340 V GStreamer+qtdemux: 0:02:47.072242540 0xdd2dbaf0 qtdemux.c:6145:gst_qtdemux_process_adapter:<qtdemux1> Checking stream 0 (sample_index:274 / offset:39668551 / size:144291)
03-06 09:27:49.988 22026 22340 D GStreamer+qtdemux: 0:02:47.072324936 0xdd2dbaf0 qtdemux.c:6163:gst_qtdemux_process_adapter:<qtdemux1> stream : avc1
03-06 09:27:49.989 22026 22340 V GStreamer+qtdemux: 0:02:47.072768790 0xdd2dbaf0 qtdemux.c:4961:gst_qtdemux_decorate_and_push_buffer:<qtdemux1> Pushing buffer with dts 0:00:05.386400000, pts 0:00:05.386400000, duration 0:00:00.019400000 on pad video_0
03-06 09:27:50.000 22026 22232 V GStreamer+qtdemux: 0:02:47.084003009 0xdd2db980 qtdemux.c:810:gst_qtdemux_handle_src_query:<qtdemux1:video_0> position query
03-06 09:27:50.001 22026 22340 V GStreamer+qtdemux: 0:02:47.085019832 0xdd2dbaf0 qtdemux.c:4633:gst_qtdemux_combine_flows:<qtdemux1> flow return: ok
03-06 09:27:50.001 22026 22340 V GStreamer+qtdemux: 0:02:47.085120769 0xdd2dbaf0 qtdemux.c:4641:gst_qtdemux_combine_flows:<qtdemux1> combined flow return: ok
03-06 09:27:50.001 22026 22340 V GStreamer+qtdemux: 0:02:47.085204988 0xdd2dbaf0 qtdemux.c:6219:gst_qtdemux_process_adapter:<qtdemux1> increasing offset 39668551 by 144291
03-06 09:27:50.001 22026 22340 V GStreamer+qtdemux: 0:02:47.085286811 0xdd2dbaf0 qtdemux.c:6222:gst_qtdemux_process_adapter:<qtdemux1> offset is now 39812842
03-06 09:27:50.001 22026 22342 I GStreamer+baseparse: 0:02:47.085393738 0xd73ffa90 gstbaseparse.c:3945:gst_base_parse_set_latency:<h264parse1> min/max latency 0:00:00.019480519, 0:00:00.019480519
03-06 09:27:50.001 22026 22340 V GStreamer+qtdemux: 0:02:47.085430613 0xdd2dbaf0 qtdemux.c:5472:next_entry_size:<qtdemux1> Finding entry at offset 39812842
03-06 09:27:50.002 22026 22340 V GStreamer+qtdemux: 0:02:47.085520978 0xdd2dbaf0 qtdemux.c:7663:qtdemux_parse_samples:<qtdemux1> parsing samples for stream fourcc avc1, pad video_0
03-06 09:27:50.002 22026 22340 D GStreamer+qtdemux: 0:02:47.085594363 0xdd2dbaf0 qtdemux.c:7674:qtdemux_parse_samples:<qtdemux1> parsing up to sample 275
03-06 09:27:50.002 22026 22340 V GStreamer+qtdemux: 0:02:47.085670196 0xdd2dbaf0 qtdemux.c:7700:qtdemux_parse_samples:<qtdemux1> sample 275 has size 144504
03-06 09:27:50.002 22026 22340 V GStreamer+qtdemux: 0:02:47.085752853 0xdd2dbaf0 qtdemux.c:7824:qtdemux_parse_samples:<qtdemux1> creating entry 275 with offset 39812842 and size 144504
03-06 09:27:50.002 22026 22340 D GStreamer+qtdemux: 0:02:47.085839884 0xdd2dbaf0 qtdemux.c:7881:qtdemux_parse_samples:<qtdemux1> sample 275: index 3, timestamp 0:00:05.405800000
03-06 09:27:50.002 22026 22340 D GStreamer+qtdemux: 0:02:47.085912592 0xdd2dbaf0 qtdemux.c:7936:qtdemux_parse_samples:<qtdemux1> samples at 275 is keyframe
03-06 09:27:50.002 22026 22340 V GStreamer+qtdemux: 0:02:47.085994155 0xdd2dbaf0 qtdemux.c:5498:next_entry_size:<qtdemux1> Checking Stream 0 (sample_index:275 / offset:39812842 / size:144504)
03-06 09:27:50.002 22026 22340 V GStreamer+qtdemux: 0:02:47.086075769 0xdd2dbaf0 qtdemux.c:5509:next_entry_size:<qtdemux1> stream 0 offset 39812842 demux->offset :39812842
03-06 09:27:50.002 22026 22340 D GStreamer+qtdemux: 0:02:47.086192332 0xdd2dbaf0 qtdemux.c:5700:gst_qtdemux_chain:<qtdemux1> pushing in inbuf 0xdd6cd170, neededbytes:144504, available:4414
03-06 09:27:50.002 22026 22340 D GStreamer+qtdemux: 0:02:47.086308894 0xdd2dbaf0 qtdemux.c:5700:gst_qtdemux_chain:<qtdemux1> pushing in inbuf 0xdcc51f00, neededbytes:144504, available:8510
03-06 09:27:50.002 22026 22340 D GStreamer+qtdemux: 0:02:47.086416082 0xdd2dbaf0 qtdemux.c:5700:gst_qtdemux_chain:<qtdemux1> pushing in inbuf 0xdcc3ee50, neededbytes:144504, available:12606
03-06 09:27:50.003 22026 22340 D GStreamer+qtdemux: 0:02:47.086521603 0xdd2dbaf0 qtdemux.c:5700:gst_qtdemux_chain:<qtdemux1> pushing in inbuf 0xdc9a5bc8, neededbytes:144504, available:16702
03-06 09:27:50.003 22026 22340 D GStreamer+qtdemux: 0:02:47.086626655 0xdd2dbaf0 qtdemux.c:5700:gst_qtdemux_chain:<qtdemux1> pushing in inbuf 0xdccff228, neededbytes:144504, available:20798
03-06 09:27:50.003 22026 22340 D GStreamer+qtdemux: 0:02:47.086727123 0xdd2dbaf0 qtdemux.c:5700:gst_qtdemux_chain:<qtdemux1> pushing in inbuf 0xdc9a6958, neededbytes:144504, available:24894
03-06 09:27:50.003 22026 22340 D GStreamer+qtdemux: 0:02:47.086832592 0xdd2dbaf0 qtdemux.c:5700:gst_qtdemux_chain:<qtdemux1> pushing in inbuf 0xdccffb70, neededbytes:144504, available:28990
03-06 09:27:50.003 22026 22340 D GStreamer+qtdemux: 0:02:47.086937696 0xdd2dbaf0 qtdemux.c:5700:gst_qtdemux_chain:<qtdemux1> pushing in inbuf 0xdc978e88, neededbytes:144504, available:33086
03-06 09:27:50.003 22026 22340 D GStreamer+qtdemux: 0:02:47.087036290 0xdd2dbaf0 qtdemux.c:5700:gst_qtdemux_chain:<qtdemux1> pushing in inbuf 0xdcbff210, neededbytes:144504, available:37182
03-06 09:27:50.003 22026 22340 D GStreamer+qtdemux: 0:02:47.087127436 0xdd2dbaf0 qtdemux.c:5700:gst_qtdemux_chain:<qtdemux1> pushing in inbuf 0xdccfff30, neededbytes:144504, available:41278
03-06 09:27:50.003 22026 22340 D GStreamer+qtdemux: 0:02:47.087218061 0xdd2dbaf0 qtdemux.c:5700:gst_qtdemux_chain:<qtdemux1> pushing in inbuf 0xdc9a68b8, neededbytes:144504, available:45374
03-06 09:27:50.003 22026 22340 D GStreamer+qtdemux: 0:02:47.087311030 0xdd2dbaf0 qtdemux.c:5700:gst_qtdemux_chain:<qtdemux1> pushing in inbuf 0xdcc59660, neededbytes:144504, available:49470
03-06 09:27:50.003 22026 22340 D GStreamer+qtdemux: 0:02:47.087466186 0xdd2dbaf0 qtdemux.c:5700:gst_qtdemux_chain:<qtdemux1> pushing in inbuf 0xdd15c818, neededbytes:144504, available:53566
03-06 09:27:50.004 22026 22340 D GStreamer+qtdemux: 0:02:47.087614415 0xdd2dbaf0 qtdemux.c:5700:gst_qtdemux_chain:<qtdemux1> pushing in inbuf 0xdcc3e1e8, neededbytes:144504, available:57662
03-06 09:27:50.004 22026 22340 D GStreamer+qtdemux: 0:02:47.087743373 0xdd2dbaf0 qtdemux.c:5700:gst_qtdemux_chain:<qtdemux1> pushing in inbuf 0xdd15cbd8, neededbytes:144504, available:61758
03-06 09:27:50.004 22026 22340 D GStreamer+qtdemux: 0:02:47.087839050 0xdd2dbaf0 qtdemux.c:5700:gst_qtdemux_chain:<qtdemux1> pushing in inbuf 0xdccf3a08, neededbytes:144504, available:65854
03-06 09:27:50.004 22026 22340 D GStreamer+qtdemux: 0:02:47.087932957 0xdd2dbaf0 qtdemux.c:5700:gst_qtdemux_chain:<qtdemux1> pushing in inbuf 0xdca79c90, neededbytes:144504, available:69950
03-06 09:27:50.004 22026 22340 D GStreamer+qtdemux: 0:02:47.088025457 0xdd2dbaf0 qtdemux.c:5700:gst_qtdemux_chain:<qtdemux1> pushing in inbuf 0xdcbfe8c8, neededbytes:144504, available:74046
03-06 09:27:50.004 22026 22340 D GStreamer+qtdemux: 0:02:47.088119988 0xdd2dbaf0 qtdemux.c:5700:gst_qtdemux_chain:<qtdemux1> pushing in inbuf 0xdcc590c0, neededbytes:144504, available:78142
03-06 09:27:50.004 22026 22340 D GStreamer+qtdemux: 0:02:47.088223217 0xdd2dbaf0 qtdemux.c:5700:gst_qtdemux_chain:<qtdemux1> pushing in inbuf 0xdccf3968, neededbytes:144504, available:82238
03-06 09:27:50.004 22026 22340 D GStreamer+qtdemux: 0:02:47.088316186 0xdd2dbaf0 qtdemux.c:5700:gst_qtdemux_chain:<qtdemux1> pushing in inbuf 0xdccff990, neededbytes:144504, available:86334
03-06 09:27:50.004 22026 22340 D GStreamer+qtdemux: 0:02:47.088405821 0xdd2dbaf0 qtdemux.c:5700:gst_qtdemux_chain:<qtdemux1> pushing in inbuf 0xdcc3ff00, neededbytes:144504, available:90430
03-06 09:27:50.004 22026 22340 D GStreamer+qtdemux: 0:02:47.088494311 0xdd2dbaf0 qtdemux.c:5700:gst_qtdemux_chain:<qtdemux1> pushing in inbuf 0xdc978f28, neededbytes:144504, available:94526
03-06 09:27:50.005 22026 22340 D GStreamer+qtdemux: 0:02:47.088585717 0xdd2dbaf0 qtdemux.c:5700:gst_qtdemux_chain:<qtdemux1> pushing in inbuf 0xdccfe218, neededbytes:144504, available:98622
03-06 09:27:50.005 22026 22340 D GStreamer+qtdemux: 0:02:47.088679728 0xdd2dbaf0 qtdemux.c:5700:gst_qtdemux_chain:<qtdemux1> pushing in inbuf 0xdcc59340, neededbytes:144504, available:102718
03-06 09:27:50.005 22026 22340 D GStreamer+qtdemux: 0:02:47.088893478 0xdd2dbaf0 qtdemux.c:5700:gst_qtdemux_chain:<qtdemux1> pushing in inbuf 0xdc9a5000, neededbytes:144504, available:106814
03-06 09:27:50.005 22026 22340 D GStreamer+qtdemux: 0:02:47.089021655 0xdd2dbaf0 qtdemux.c:5700:gst_qtdemux_chain:<qtdemux1> pushing in inbuf 0xdc978b68, neededbytes:144504, available:110910
03-06 09:27:50.005 22026 22340 D GStreamer+qtdemux: 0:02:47.089129728 0xdd2dbaf0 qtdemux.c:5700:gst_qtdemux_chain:<qtdemux1> pushing in inbuf 0xdd6cd210, neededbytes:144504, available:115006
03-06 09:27:50.005 22026 22340 D GStreamer+qtdemux: 0:02:47.089229467 0xdd2dbaf0 qtdemux.c:5700:gst_qtdemux_chain:<qtdemux1> pushing in inbuf 0xdcc59160, neededbytes:144504, available:119102
03-06 09:27:50.005 22026 22340 D GStreamer+qtdemux: 0:02:47.089331603 0xdd2dbaf0 qtdemux.c:5700:gst_qtdemux_chain:<qtdemux1> pushing in inbuf 0xdcbffa30, neededbytes:144504, available:123198
03-06 09:27:50.005 22026 22340 D GStreamer+qtdemux: 0:02:47.089432384 0xdd2dbaf0 qtdemux.c:5700:gst_qtdemux_chain:<qtdemux1> pushing in inbuf 0xdcbfe0c0, neededbytes:144504, available:127294
03-06 09:27:50.006 22026 22340 D GStreamer+qtdemux: 0:02:47.089541082 0xdd2dbaf0 qtdemux.c:5700:gst_qtdemux_chain:<qtdemux1> pushing in inbuf 0xdc9a6e58, neededbytes:144504, available:131390
03-06 09:27:50.006 22026 22340 D GStreamer+qtdemux: 0:02:47.089642071 0xdd2dbaf0 qtdemux.c:5700:gst_qtdemux_chain:<qtdemux1> pushing in inbuf 0xdccf3660, neededbytes:144504, available:135486
03-06 09:27:50.006 22026 22340 D GStreamer+qtdemux: 0:02:47.089759155 0xdd2dbaf0 qtdemux.c:5700:gst_qtdemux_chain:<qtdemux1> pushing in inbuf 0xdc979d00, neededbytes:144504, available:139582
03-06 09:27:50.006 22026 22340 D GStreamer+qtdemux: 0:02:47.089873009 0xdd2dbaf0 qtdemux.c:5700:gst_qtdemux_chain:<qtdemux1> pushing in inbuf 0xdc9a56e0, neededbytes:144504, available:143678
03-06 09:27:50.006 22026 22340 D GStreamer+qtdemux: 0:02:47.089971082 0xdd2dbaf0 qtdemux.c:5700:gst_qtdemux_chain:<qtdemux1> pushing in inbuf 0xdcc3e328, neededbytes:144504, available:147774
03-06 09:27:50.006 22026 22340 D GStreamer+qtdemux: 0:02:47.090066394 0xdd2dbaf0 qtdemux.c:5720:gst_qtdemux_process_adapter:<qtdemux1> state:2 , demux->neededbytes:144504, demux->offset:39812842
03-06 09:27:50.006 22026 22340 D GStreamer+qtdemux: 0:02:47.090149623 0xdd2dbaf0 qtdemux.c:6067:gst_qtdemux_process_adapter:<qtdemux1> BEGIN // in MOVIE for offset 39812842
03-06 09:27:50.006 22026 22340 V GStreamer+qtdemux: 0:02:47.090235561 0xdd2dbaf0 qtdemux.c:6145:gst_qtdemux_process_adapter:<qtdemux1> Checking stream 0 (sample_index:275 / offset:39812842 / size:144504)
03-06 09:27:50.006 22026 22340 D GStreamer+qtdemux: 0:02:47.090316290 0xdd2dbaf0 qtdemux.c:6163:gst_qtdemux_process_adapter:<qtdemux1> stream : avc1
03-06 09:27:50.007 22026 22340 V GStreamer+qtdemux: 0:02:47.090699415 0xdd2dbaf0 qtdemux.c:4961:gst_qtdemux_decorate_and_push_buffer:<qtdemux1> Pushing buffer with dts 0:00:05.405800000, pts 0:00:05.405800000, duration 0:00:00.019400000 on pad video_0
03-06 09:27:50.020 22026 22232 V GStreamer+qtdemux: 0:02:47.103830978 0xdd2db980 qtdemux.c:810:gst_qtdemux_handle_src_query:<qtdemux1:video_0> position query
03-06 09:27:50.021 22026 22340 V GStreamer+qtdemux: 0:02:47.105479155 0xdd2dbaf0 qtdemux.c:4633:gst_qtdemux_combine_flows:<qtdemux1> flow return: ok
03-06 09:27:50.022 22026 22340 V GStreamer+qtdemux: 0:02:47.105575196 0xdd2dbaf0 qtdemux.c:4641:gst_qtdemux_combine_flows:<qtdemux1> combined flow return: ok
03-06 09:27:50.022 22026 22340 V GStreamer+qtdemux: 0:02:47.105656186 0xdd2dbaf0 qtdemux.c:6219:gst_qtdemux_process_adapter:<qtdemux1> increasing offset 39812842 by 144504
03-06 09:27:50.022 22026 22340 V GStreamer+qtdemux: 0:02:47.105984050 0xdd2dbaf0 qtdemux.c:6222:gst_qtdemux_process_adapter:<qtdemux1> offset is now 39957346
03-06 09:27:50.022 22026 22340 V GStreamer+qtdemux: 0:02:47.106141290 0xdd2dbaf0 qtdemux.c:5472:next_entry_size:<qtdemux1> Finding entry at offset 39957346
03-06 09:27:50.022 22026 22340 V GStreamer+qtdemux: 0:02:47.106301707 0xdd2dbaf0 qtdemux.c:7663:qtdemux_parse_samples:<qtdemux1> parsing samples for stream fourcc avc1, pad video_0
03-06 09:27:50.022 22026 22340 D GStreamer+qtdemux: 0:02:47.106452957 0xdd2dbaf0 qtdemux.c:7674:qtdemux_parse_samples:<qtdemux1> parsing up to sample 276
03-06 09:27:50.023 22026 22340 V GStreamer+qtdemux: 0:02:47.106613113 0xdd2dbaf0 qtdemux.c:7700:qtdemux_parse_samples:<qtdemux1> sample 276 has size 144079
03-06 09:27:50.023 22026 22340 V GStreamer+qtdemux: 0:02:47.106779519 0xdd2dbaf0 qtdemux.c:7824:qtdemux_parse_samples:<qtdemux1> creating entry 276 with offset 39957346 and size 144079
03-06 09:27:50.023 22026 22340 V GStreamer+qtdemux: 0:02:47.106942175 0xdd2dbaf0 qtdemux.c:7868:qtdemux_parse_samples:<qtdemux1> block 0, 1 timestamps, duration 98
03-06 09:27:50.023 22026 22340 D GStreamer+qtdemux: 0:02:47.107121030 0xdd2dbaf0 qtdemux.c:7881:qtdemux_parse_samples:<qtdemux1> sample 276: index 0, timestamp 0:00:05.425200000
03-06 09:27:50.023 22026 22340 D GStreamer+qtdemux: 0:02:47.107271863 0xdd2dbaf0 qtdemux.c:7936:qtdemux_parse_samples:<qtdemux1> samples at 276 is keyframe
03-06 09:27:50.023 22026 22340 V GStreamer+qtdemux: 0:02:47.107444103 0xdd2dbaf0 qtdemux.c:5498:next_entry_size:<qtdemux1> Checking Stream 0 (sample_index:276 / offset:39957346 / size:144079)
03-06 09:27:50.024 22026 22340 V GStreamer+qtdemux: 0:02:47.107669936 0xdd2dbaf0 qtdemux.c:5509:next_entry_size:<qtdemux1> stream 0 offset 39957346 demux->offset :39957346
03-06 09:27:50.024 22026 22340 D GStreamer+qtdemux: 0:02:47.107933113 0xdd2dbaf0 qtdemux.c:5700:gst_qtdemux_chain:<qtdemux1> pushing in inbuf 0xdcc3ed10, neededbytes:144079, available:7366
03-06 09:27:50.024 22026 22340 D GStreamer+qtdemux: 0:02:47.108150769 0xdd2dbaf0 qtdemux.c:5700:gst_qtdemux_chain:<qtdemux1> pushing in inbuf 0xdc978ca8, neededbytes:144079, available:11462
03-06 09:27:50.024 22026 22342 I GStreamer+baseparse: 0:02:47.108116238 0xd73ffa90 gstbaseparse.c:3945:gst_base_parse_set_latency:<h264parse1> min/max latency 0:00:00.019480519, 0:00:00.019480519
03-06 09:27:50.024 22026 22340 D GStreamer+qtdemux: 0:02:47.108379259 0xdd2dbaf0 qtdemux.c:5700:gst_qtdemux_chain:<qtdemux1> pushing in inbuf 0xdccfe538, neededbytes:144079, available:15558
03-06 09:27:50.025 22026 22340 D GStreamer+qtdemux: 0:02:47.108587123 0xdd2dbaf0 qtdemux.c:5700:gst_qtdemux_chain:<qtdemux1> pushing in inbuf 0xdcc59020, neededbytes:144079, available:19654
03-06 09:27:50.025 22026 22340 D GStreamer+qtdemux: 0:02:47.108788425 0xdd2dbaf0 qtdemux.c:5700:gst_qtdemux_chain:<qtdemux1> pushing in inbuf 0xdccff850, neededbytes:144079, available:23750
03-06 09:27:50.025 22026 22340 D GStreamer+qtdemux: 0:02:47.108986863 0xdd2dbaf0 qtdemux.c:5700:gst_qtdemux_chain:<qtdemux1> pushing in inbuf 0xdcc59a88, neededbytes:144079, available:27846
03-06 09:27:50.025 22026 22340 D GStreamer+qtdemux: 0:02:47.109178686 0xdd2dbaf0 qtdemux.c:5700:gst_qtdemux_chain:<qtdemux1> pushing in inbuf 0xdc9a69f8, neededbytes:144079, available:31942
03-06 09:27:50.025 22026 22340 D GStreamer+qtdemux: 0:02:47.109369571 0xdd2dbaf0 qtdemux.c:5700:gst_qtdemux_chain:<qtdemux1> pushing in inbuf 0xdccf3e68, neededbytes:144079, available:36038
03-06 09:27:50.026 22026 22340 D GStreamer+qtdemux: 0:02:47.109562280 0xdd2dbaf0 qtdemux.c:5700:gst_qtdemux_chain:<qtdemux1> pushing in inbuf 0xdcbff8f0, neededbytes:144079, available:40134
03-06 09:27:50.026 22026 22340 D GStreamer+qtdemux: 0:02:47.109759832 0xdd2dbaf0 qtdemux.c:5700:gst_qtdemux_chain:<qtdemux1> pushing in inbuf 0xdccfe038, neededbytes:144079, available:44230
03-06 09:27:50.026 22026 22340 D GStreamer+qtdemux: 0:02:47.109948425 0xdd2dbaf0 qtdemux.c:5700:gst_qtdemux_chain:<qtdemux1> pushing in inbuf 0xdcc51028, neededbytes:144079, available:48326
03-06 09:27:50.026 22026 22340 D GStreamer+qtdemux: 0:02:47.110158946 0xdd2dbaf0 qtdemux.c:5700:gst_qtdemux_chain:<qtdemux1> pushing in inbuf 0xdccfeca0, neededbytes:144079, available:52422
03-06 09:27:50.026 22026 22340 D GStreamer+qtdemux: 0:02:47.110356342 0xdd2dbaf0 qtdemux.c:5700:gst_qtdemux_chain:<qtdemux1> pushing in inbuf 0xdccfe5d8, neededbytes:144079, available:56518
03-06 09:27:50.027 22026 22340 D GStreamer+qtdemux: 0:02:47.110559207 0xdd2dbaf0 qtdemux.c:5700:gst_qtdemux_chain:<qtdemux1> pushing in inbuf 0xdc9a5d08, neededbytes:144079, available:60614
03-06 09:27:50.027 22026 22340 D GStreamer+qtdemux: 0:02:47.110760040 0xdd2dbaf0 qtdemux.c:5700:gst_qtdemux_chain:<qtdemux1> pushing in inbuf 0xdcc59bc8, neededbytes:144079, available:64710
03-06 09:27:50.027 22026 22340 D GStreamer+qtdemux: 0:02:47.110948998 0xdd2dbaf0 qtdemux.c:5700:gst_qtdemux_chain:<qtdemux1> pushing in inbuf 0xdd15c958, neededbytes:144079, available:68806
03-06 09:27:50.027 22026 22340 D GStreamer+qtdemux: 0:02:47.111122280 0xdd2dbaf0 qtdemux.c:5700:gst_qtdemux_chain:<qtdemux1> pushing in inbuf 0xdc9a5b28, neededbytes:144079, available:72902
03-06 09:27:50.027 22026 22340 D GStreamer+qtdemux: 0:02:47.111297592 0xdd2dbaf0 qtdemux.c:5700:gst_qtdemux_chain:<qtdemux1> pushing in inbuf 0xdcc3e950, neededbytes:144079, available:76998
03-06 09:27:50.028 22026 22340 D GStreamer+qtdemux: 0:02:47.111481915 0xdd2dbaf0 qtdemux.c:5700:gst_qtdemux_chain:<qtdemux1> pushing in inbuf 0xdccf3160, neededbytes:144079, available:81094
03-06 09:27:50.028 22026 22340 D GStreamer+qtdemux: 0:02:47.111663842 0xdd2dbaf0 qtdemux.c:5700:gst_qtdemux_chain:<qtdemux1> pushing in inbuf 0xdcbfea08, neededbytes:144079, available:85190
03-06 09:27:50.028 22026 22340 D GStreamer+qtdemux: 0:02:47.111848634 0xdd2dbaf0 qtdemux.c:5700:gst_qtdemux_chain:<qtdemux1> pushing in inbuf 0xdcc51dc0, neededbytes:144079, available:89286
03-06 09:27:50.028 22026 22340 D GStreamer+qtdemux: 0:02:47.112034988 0xdd2dbaf0 qtdemux.c:5700:gst_qtdemux_chain:<qtdemux1> pushing in inbuf 0xdcc51aa0, neededbytes:144079, available:93382
03-06 09:27:50.028 22026 22340 D GStreamer+qtdemux: 0:02:47.112224884 0xdd2dbaf0 qtdemux.c:5700:gst_qtdemux_chain:<qtdemux1> pushing in inbuf 0xdca79a10, neededbytes:144079, available:97478
03-06 09:27:50.028 22026 22340 D GStreamer+qtdemux: 0:02:47.112411863 0xdd2dbaf0 qtdemux.c:5700:gst_qtdemux_chain:<qtdemux1> pushing in inbuf 0xdcc51488, neededbytes:144079, available:101574
03-06 09:27:50.029 22026 22340 D GStreamer+qtdemux: 0:02:47.112585040 0xdd2dbaf0 qtdemux.c:5700:gst_qtdemux_chain:<qtdemux1> pushing in inbuf 0xdcbff530, neededbytes:144079, available:105670
03-06 09:27:50.029 22026 22340 D GStreamer+qtdemux: 0:02:47.112795144 0xdd2dbaf0 qtdemux.c:5700:gst_qtdemux_chain:<qtdemux1> pushing in inbuf 0xdca79d30, neededbytes:144079, available:109766
03-06 09:27:50.029 22026 22340 D GStreamer+qtdemux: 0:02:47.113003425 0xdd2dbaf0 qtdemux.c:5700:gst_qtdemux_chain:<qtdemux1> pushing in inbuf 0xdc979c60, neededbytes:144079, available:113862
03-06 09:27:50.029 22026 22340 D GStreamer+qtdemux: 0:02:47.113204155 0xdd2dbaf0 qtdemux.c:5700:gst_qtdemux_chain:<qtdemux1> pushing in inbuf 0xdc9796a0, neededbytes:144079, available:117958
03-06 09:27:50.029 22026 22340 D GStreamer+qtdemux: 0:02:47.113401030 0xdd2dbaf0 qtdemux.c:5700:gst_qtdemux_chain:<qtdemux1> pushing in inbuf 0xdcc3fc80, neededbytes:144079, available:122054
03-06 09:27:50.030 22026 22340 D GStreamer+qtdemux: 0:02:47.113600353 0xdd2dbaf0 qtdemux.c:5700:gst_qtdemux_chain:<qtdemux1> pushing in inbuf 0xdc978988, neededbytes:144079, available:126150
03-06 09:27:50.030 22026 22340 D GStreamer+qtdemux: 0:02:47.113800509 0xdd2dbaf0 qtdemux.c:5700:gst_qtdemux_chain:<qtdemux1> pushing in inbuf 0xdcbfe828, neededbytes:144079, available:130246
03-06 09:27:50.030 22026 22340 D GStreamer+qtdemux: 0:02:47.114006446 0xdd2dbaf0 qtdemux.c:5700:gst_qtdemux_chain:<qtdemux1> pushing in inbuf 0xdccf3b48, neededbytes:144079, available:134342
03-06 09:27:50.030 22026 22340 D GStreamer+qtdemux: 0:02:47.114205196 0xdd2dbaf0 qtdemux.c:5700:gst_qtdemux_chain:<qtdemux1> pushing in inbuf 0xdc977a08, neededbytes:144079, available:138438
03-06 09:27:50.030 22026 22340 D GStreamer+qtdemux: 0:02:47.114418165 0xdd2dbaf0 qtdemux.c:5700:gst_qtdemux_chain:<qtdemux1> pushing in inbuf 0xdca79668, neededbytes:144079, available:142534
03-06 09:27:50.031 22026 22340 D GStreamer+qtdemux: 0:02:47.114618634 0xdd2dbaf0 qtdemux.c:5700:gst_qtdemux_chain:<qtdemux1> pushing in inbuf 0xdc979da0, neededbytes:144079, available:146630
03-06 09:27:50.031 22026 22340 D GStreamer+qtdemux: 0:02:47.114786030 0xdd2dbaf0 qtdemux.c:5720:gst_qtdemux_process_adapter:<qtdemux1> state:2 , demux->neededbytes:144079, demux->offset:39957346
03-06 09:27:50.031 22026 22340 D GStreamer+qtdemux: 0:02:47.114942592 0xdd2dbaf0 qtdemux.c:6067:gst_qtdemux_process_adapter:<qtdemux1> BEGIN // in MOVIE for offset 39957346
03-06 09:27:50.031 22026 22340 V GStreamer+qtdemux: 0:02:47.115109155 0xdd2dbaf0 qtdemux.c:6145:gst_qtdemux_process_adapter:<qtdemux1> Checking stream 0 (sample_index:276 / offset:39957346 / size:144079)
03-06 09:27:50.031 22026 22340 D GStreamer+qtdemux: 0:02:47.115263269 0xdd2dbaf0 qtdemux.c:6163:gst_qtdemux_process_adapter:<qtdemux1> stream : avc1
03-06 09:27:50.032 22026 22340 V GStreamer+qtdemux: 0:02:47.115956394 0xdd2dbaf0 qtdemux.c:4961:gst_qtdemux_decorate_and_push_buffer:<qtdemux1> Pushing buffer with dts 0:00:05.425200000, pts 0:00:05.425200000, duration 0:00:00.019600000 on pad video_0
03-06 09:27:50.039 22026 22232 V GStreamer+qtdemux: 0:02:47.123138061 0xdd2db980 qtdemux.c:810:gst_qtdemux_handle_src_query:<qtdemux1:video_0> position query
03-06 09:27:50.043 22026 22340 V GStreamer+qtdemux: 0:02:47.127320665 0xdd2dbaf0 qtdemux.c:4633:gst_qtdemux_combine_flows:<qtdemux1> flow return: ok
03-06 09:27:50.043 22026 22342 I GStreamer+baseparse: 0:02:47.127393686 0xd73ffa90 gstbaseparse.c:3945:gst_base_parse_set_latency:<h264parse1> min/max latency 0:00:00.019480519, 0:00:00.019480519
03-06 09:27:50.043 22026 22340 V GStreamer+qtdemux: 0:02:47.127483113 0xdd2dbaf0 qtdemux.c:4641:gst_qtdemux_combine_flows:<qtdemux1> combined flow return: ok
03-06 09:27:50.044 22026 22340 V GStreamer+qtdemux: 0:02:47.127675248 0xdd2dbaf0 qtdemux.c:6219:gst_qtdemux_process_adapter:<qtdemux1> increasing offset 39957346 by 144079
03-06 09:27:50.044 22026 22340 V GStreamer+qtdemux: 0:02:47.127769467 0xdd2dbaf0 qtdemux.c:6222:gst_qtdemux_process_adapter:<qtdemux1> offset is now 40101425
03-06 09:27:50.044 22026 22340 V GStreamer+qtdemux: 0:02:47.127867905 0xdd2dbaf0 qtdemux.c:5472:next_entry_size:<qtdemux1> Finding entry at offset 40101425
03-06 09:27:50.044 22026 22340 V GStreamer+qtdemux: 0:02:47.127962071 0xdd2dbaf0 qtdemux.c:7663:qtdemux_parse_samples:<qtdemux1> parsing samples for stream fourcc avc1, pad video_0
03-06 09:27:50.044 22026 22340 D GStreamer+qtdemux: 0:02:47.128060092 0xdd2dbaf0 qtdemux.c:7674:qtdemux_parse_samples:<qtdemux1> parsing up to sample 277
03-06 09:27:50.044 22026 22340 V GStreamer+qtdemux: 0:02:47.128151446 0xdd2dbaf0 qtdemux.c:7700:qtdemux_parse_samples:<qtdemux1> sample 277 has size 144235
03-06 09:27:50.044 22026 22340 V GStreamer+qtdemux: 0:02:47.128243165 0xdd2dbaf0 qtdemux.c:7824:qtdemux_parse_samples:<qtdemux1> creating entry 277 with offset 40101425 and size 144235
03-06 09:27:50.044 22026 22340 V GStreamer+qtdemux: 0:02:47.128329884 0xdd2dbaf0 qtdemux.c:7868:qtdemux_parse_samples:<qtdemux1> block 0, 3 timestamps, duration 97
03-06 09:27:50.044 22026 22340 D GStreamer+qtdemux: 0:02:47.128429884 0xdd2dbaf0 qtdemux.c:7881:qtdemux_parse_samples:<qtdemux1> sample 277: index 0, timestamp 0:00:05.444800000
03-06 09:27:50.045 22026 22340 D GStreamer+qtdemux: 0:02:47.128512488 0xdd2dbaf0 qtdemux.c:7936:qtdemux_parse_samples:<qtdemux1> samples at 277 is keyframe
03-06 09:27:50.045 22026 22340 V GStreamer+qtdemux: 0:02:47.128606134 0xdd2dbaf0 qtdemux.c:5498:next_entry_size:<qtdemux1> Checking Stream 0 (sample_index:277 / offset:40101425 / size:144235)
03-06 09:27:50.045 22026 22340 V GStreamer+qtdemux: 0:02:47.128699675 0xdd2dbaf0 qtdemux.c:5509:next_entry_size:<qtdemux1> stream 0 offset 40101425 demux->offset :40101425
03-06 09:27:50.045 22026 22340 D GStreamer+qtdemux: 0:02:47.128838165 0xdd2dbaf0 qtdemux.c:5700:gst_qtdemux_chain:<qtdemux1> pushing in inbuf 0xdc978ac8, neededbytes:144235, available:6647
03-06 09:27:50.045 22026 22340 D GStreamer+qtdemux: 0:02:47.128952957 0xdd2dbaf0 qtdemux.c:5700:gst_qtdemux_chain:<qtdemux1> pushing in inbuf 0xdccfe3f8, neededbytes:144235, available:10743
03-06 09:27:50.045 22026 22340 D GStreamer+qtdemux: 0:02:47.129066967 0xdd2dbaf0 qtdemux.c:5700:gst_qtdemux_chain:<qtdemux1> pushing in inbuf 0xdca79dd0, neededbytes:144235, available:14839
03-06 09:27:50.045 22026 22340 D GStreamer+qtdemux: 0:02:47.129181759 0xdd2dbaf0 qtdemux.c:5700:gst_qtdemux_chain:<qtdemux1> pushing in inbuf 0xdcc51668, neededbytes:144235, available:18935
03-06 09:27:50.045 22026 22340 D GStreamer+qtdemux: 0:02:47.129293425 0xdd2dbaf0 qtdemux.c:5700:gst_qtdemux_chain:<qtdemux1> pushing in inbuf 0xdccf3828, neededbytes:144235, available:23031
03-06 09:27:50.045 22026 22340 D GStreamer+qtdemux: 0:02:47.129406863 0xdd2dbaf0 qtdemux.c:5700:gst_qtdemux_chain:<qtdemux1> pushing in inbuf 0xdcc3f518, neededbytes:144235, available:27127
03-06 09:27:50.046 22026 22340 D GStreamer+qtdemux: 0:02:47.129519780 0xdd2dbaf0 qtdemux.c:5700:gst_qtdemux_chain:<qtdemux1> pushing in inbuf 0xdd6cd530, neededbytes:144235, available:31223
03-06 09:27:50.046 22026 22340 D GStreamer+qtdemux: 0:02:47.129632436 0xdd2dbaf0 qtdemux.c:5700:gst_qtdemux_chain:<qtdemux1> pushing in inbuf 0xdc979bc0, neededbytes:144235, available:35319
03-06 09:27:50.046 22026 22340 D GStreamer+qtdemux: 0:02:47.129747228 0xdd2dbaf0 qtdemux.c:5700:gst_qtdemux_chain:<qtdemux1> pushing in inbuf 0xdc979060, neededbytes:144235, available:39415
03-06 09:27:50.046 22026 22340 D GStreamer+qtdemux: 0:02:47.129859103 0xdd2dbaf0 qtdemux.c:5700:gst_qtdemux_chain:<qtdemux1> pushing in inbuf 0xdc977be8, neededbytes:144235, available:43511
03-06 09:27:50.046 22026 22340 D GStreamer+qtdemux: 0:02:47.129970769 0xdd2dbaf0 qtdemux.c:5700:gst_qtdemux_chain:<qtdemux1> pushing in inbuf 0xdc9791a0, neededbytes:144235, available:47607
03-06 09:27:50.046 22026 22340 D GStreamer+qtdemux: 0:02:47.130092175 0xdd2dbaf0 qtdemux.c:5700:gst_qtdemux_chain:<qtdemux1> pushing in inbuf 0xdca792a8, neededbytes:144235, available:51703
03-06 09:27:50.046 22026 22340 D GStreamer+qtdemux: 0:02:47.130216967 0xdd2dbaf0 qtdemux.c:5700:gst_qtdemux_chain:<qtdemux1> pushing in inbuf 0xdcbff3f0, neededbytes:144235, available:55799
03-06 09:27:50.046 22026 22340 D GStreamer+qtdemux: 0:02:47.130328582 0xdd2dbaf0 qtdemux.c:5700:gst_qtdemux_chain:<qtdemux1> pushing in inbuf 0xdccf3520, neededbytes:144235, available:59895
03-06 09:27:50.046 22026 22340 D GStreamer+qtdemux: 0:02:47.130441550 0xdd2dbaf0 qtdemux.c:5700:gst_qtdemux_chain:<qtdemux1> pushing in inbuf 0xdc979100, neededbytes:144235, available:63991
03-06 09:27:50.047 22026 22340 D GStreamer+qtdemux: 0:02:47.130553061 0xdd2dbaf0 qtdemux.c:5700:gst_qtdemux_chain:<qtdemux1> pushing in inbuf 0xdcbfe660, neededbytes:144235, available:68087
03-06 09:27:50.047 22026 22340 D GStreamer+qtdemux: 0:02:47.130668894 0xdd2dbaf0 qtdemux.c:5700:gst_qtdemux_chain:<qtdemux1> pushing in inbuf 0xdca79488, neededbytes:144235, available:72183
03-06 09:27:50.047 22026 22340 D GStreamer+qtdemux: 0:02:47.130782853 0xdd2dbaf0 qtdemux.c:5700:gst_qtdemux_chain:<qtdemux1> pushing in inbuf 0xdca79528, neededbytes:144235, available:76279
03-06 09:27:50.047 22026 22340 D GStreamer+qtdemux: 0:02:47.130894259 0xdd2dbaf0 qtdemux.c:5700:gst_qtdemux_chain:<qtdemux1> pushing in inbuf 0xdccf35c0, neededbytes:144235, available:80375
03-06 09:27:50.047 22026 22340 D GStreamer+qtdemux: 0:02:47.131007384 0xdd2dbaf0 qtdemux.c:5700:gst_qtdemux_chain:<qtdemux1> pushing in inbuf 0xdcc3e468, neededbytes:144235, available:84471
03-06 09:27:50.047 22026 22340 D GStreamer+qtdemux: 0:02:47.131123946 0xdd2dbaf0 qtdemux.c:5700:gst_qtdemux_chain:<qtdemux1> pushing in inbuf 0xdcbfed28, neededbytes:144235, available:88567
03-06 09:27:50.047 22026 22340 D GStreamer+qtdemux: 0:02:47.131238217 0xdd2dbaf0 qtdemux.c:5700:gst_qtdemux_chain:<qtdemux1> pushing in inbuf 0xdc9778c8, neededbytes:144235, available:92663
03-06 09:27:50.047 22026 22340 D GStreamer+qtdemux: 0:02:47.131350353 0xdd2dbaf0 qtdemux.c:5700:gst_qtdemux_chain:<qtdemux1> pushing in inbuf 0xdcbfff30, neededbytes:144235, available:96759
03-06 09:27:50.047 22026 22340 D GStreamer+qtdemux: 0:02:47.131461238 0xdd2dbaf0 qtdemux.c:5700:gst_qtdemux_chain:<qtdemux1> pushing in inbuf 0xdcc3e6e8, neededbytes:144235, available:100855
03-06 09:27:50.048 22026 22340 D GStreamer+qtdemux: 0:02:47.131575092 0xdd2dbaf0 qtdemux.c:5700:gst_qtdemux_chain:<qtdemux1> pushing in inbuf 0xdcc3f158, neededbytes:144235, available:104951
03-06 09:27:50.048 22026 22340 D GStreamer+qtdemux: 0:02:47.131688790 0xdd2dbaf0 qtdemux.c:5700:gst_qtdemux_chain:<qtdemux1> pushing in inbuf 0xdccf33e0, neededbytes:144235, available:109047
03-06 09:27:50.048 22026 22340 D GStreamer+qtdemux: 0:02:47.131799050 0xdd2dbaf0 qtdemux.c:5700:gst_qtdemux_chain:<qtdemux1> pushing in inbuf 0xdccf30c0, neededbytes:144235, available:113143
03-06 09:27:50.048 22026 22340 D GStreamer+qtdemux: 0:02:47.131913061 0xdd2dbaf0 qtdemux.c:5700:gst_qtdemux_chain:<qtdemux1> pushing in inbuf 0xdccfeac0, neededbytes:144235, available:117239
03-06 09:27:50.048 22026 22340 D GStreamer+qtdemux: 0:02:47.132026238 0xdd2dbaf0 qtdemux.c:5700:gst_qtdemux_chain:<qtdemux1> pushing in inbuf 0xdccfef20, neededbytes:144235, available:121335
03-06 09:27:50.048 22026 22340 D GStreamer+qtdemux: 0:02:47.132137123 0xdd2dbaf0 qtdemux.c:5700:gst_qtdemux_chain:<qtdemux1> pushing in inbuf 0xdc9a6150, neededbytes:144235, available:125431
03-06 09:27:50.048 22026 22340 D GStreamer+qtdemux: 0:02:47.132248321 0xdd2dbaf0 qtdemux.c:5700:gst_qtdemux_chain:<qtdemux1> pushing in inbuf 0xdc9a53c0, neededbytes:144235, available:129527
03-06 09:27:50.048 22026 22340 D GStreamer+qtdemux: 0:02:47.132366498 0xdd2dbaf0 qtdemux.c:5700:gst_qtdemux_chain:<qtdemux1> pushing in inbuf 0xdd15ca98, neededbytes:144235, available:133623
03-06 09:27:50.048 22026 22340 D GStreamer+qtdemux: 0:02:47.132479571 0xdd2dbaf0 qtdemux.c:5700:gst_qtdemux_chain:<qtdemux1> pushing in inbuf 0xdc979560, neededbytes:144235, available:137719
03-06 09:27:50.049 22026 22340 D GStreamer+qtdemux: 0:02:47.132591498 0xdd2dbaf0 qtdemux.c:5700:gst_qtdemux_chain:<qtdemux1> pushing in inbuf 0xdcbfef08, neededbytes:144235, available:141815
03-06 09:27:50.049 22026 22340 D GStreamer+qtdemux: 0:02:47.132703634 0xdd2dbaf0 qtdemux.c:5700:gst_qtdemux_chain:<qtdemux1> pushing in inbuf 0xdcc51e60, neededbytes:144235, available:145911
03-06 09:27:50.049 22026 22340 D GStreamer+qtdemux: 0:02:47.132796030 0xdd2dbaf0 qtdemux.c:5720:gst_qtdemux_process_adapter:<qtdemux1> state:2 , demux->neededbytes:144235, demux->offset:40101425
03-06 09:27:50.049 22026 22340 D GStreamer+qtdemux: 0:02:47.132878582 0xdd2dbaf0 qtdemux.c:6067:gst_qtdemux_process_adapter:<qtdemux1> BEGIN // in MOVIE for offset 40101425
03-06 09:27:50.049 22026 22340 V GStreamer+qtdemux: 0:02:47.132971342 0xdd2dbaf0 qtdemux.c:6145:gst_qtdemux_process_adapter:<qtdemux1> Checking stream 0 (sample_index:277 / offset:40101425 / size:144235)
03-06 09:27:50.049 22026 22340 D GStreamer+qtdemux: 0:02:47.133060092 0xdd2dbaf0 qtdemux.c:6163:gst_qtdemux_process_adapter:<qtdemux1> stream : avc1
03-06 09:27:50.050 22026 22340 V GStreamer+qtdemux: 0:02:47.133593373 0xdd2dbaf0 qtdemux.c:4961:gst_qtdemux_decorate_and_push_buffer:<qtdemux1> Pushing buffer with dts 0:00:05.444800000, pts 0:00:05.444800000, duration 0:00:00.019400000 on pad video_0
03-06 09:27:50.058 22026 22232 V GStreamer+qtdemux: 0:02:47.142427332 0xdd2db980 qtdemux.c:810:gst_qtdemux_handle_src_query:<qtdemux1:video_0> position query
03-06 09:27:50.059 22026 22340 V GStreamer+qtdemux: 0:02:47.143219207 0xdd2dbaf0 qtdemux.c:4633:gst_qtdemux_combine_flows:<qtdemux1> flow return: ok
03-06 09:27:50.059 22026 22340 V GStreamer+qtdemux: 0:02:47.143368582 0xdd2dbaf0 qtdemux.c:4641:gst_qtdemux_combine_flows:<qtdemux1> combined flow return: ok
03-06 09:27:50.059 22026 22340 V GStreamer+qtdemux: 0:02:47.143474311 0xdd2dbaf0 qtdemux.c:6219:gst_qtdemux_process_adapter:<qtdemux1> increasing offset 40101425 by 144235
03-06 09:27:50.060 22026 22340 V GStreamer+qtdemux: 0:02:47.143562905 0xdd2dbaf0 qtdemux.c:6222:gst_qtdemux_process_adapter:<qtdemux1> offset is now 40245660
03-06 09:27:50.060 22026 22340 V GStreamer+qtdemux: 0:02:47.143651811 0xdd2dbaf0 qtdemux.c:5472:next_entry_size:<qtdemux1> Finding entry at offset 40245660
03-06 09:27:50.060 22026 22342 I GStreamer+baseparse: 0:02:47.143691498 0xd73ffa90 gstbaseparse.c:3945:gst_base_parse_set_latency:<h264parse1> min/max latency 0:00:00.019480519, 0:00:00.019480519
03-06 09:27:50.060 22026 22340 V GStreamer+qtdemux: 0:02:47.143743321 0xdd2dbaf0 qtdemux.c:7663:qtdemux_parse_samples:<qtdemux1> parsing samples for stream fourcc avc1, pad video_0
03-06 09:27:50.060 22026 22340 D GStreamer+qtdemux: 0:02:47.143825821 0xdd2dbaf0 qtdemux.c:7674:qtdemux_parse_samples:<qtdemux1> parsing up to sample 278
03-06 09:27:50.060 22026 22340 V GStreamer+qtdemux: 0:02:47.143912488 0xdd2dbaf0 qtdemux.c:7700:qtdemux_parse_samples:<qtdemux1> sample 278 has size 144626
03-06 09:27:50.060 22026 22340 V GStreamer+qtdemux: 0:02:47.144006238 0xdd2dbaf0 qtdemux.c:7824:qtdemux_parse_samples:<qtdemux1> creating entry 278 with offset 40245660 and size 144626
03-06 09:27:50.060 22026 22340 D GStreamer+qtdemux: 0:02:47.144109623 0xdd2dbaf0 qtdemux.c:7881:qtdemux_parse_samples:<qtdemux1> sample 278: index 1, timestamp 0:00:05.464200000
03-06 09:27:50.060 22026 22340 D GStreamer+qtdemux: 0:02:47.144195978 0xdd2dbaf0 qtdemux.c:7936:qtdemux_parse_samples:<qtdemux1> samples at 278 is keyframe
