03-06 09:27:49.870 22026 22340 D GStreamer+qtdemux: 0:02:46.953558790 0xdd2dbaf0 qtdemux.c:5700:gst_qtdemux_chain:<qtdemux1> pushing in inbuf 0xdca79f10, neededbytes:144248, available:61180
03-06 09:27:49.870 22026 22340 D GStreamer+qtdemux: 0:02:46.953673373 0xdd2dbaf0 qtdemux.c:5700:gst_qtdemux_chain:<qtdemux1> pushing in inbuf 0xdc9a56e0, neededbytes:144248, available:65276
03-06 09:27:49.870 22026 22340 D GStreamer+qtdemux: 0:02:46.953789051 0xdd2dbaf0 qtdemux.c:5700:gst_qtdemux_chain:<qtdemux1> pushing in inbuf 0xdc979d00, neededbytes:144248, available:69372
03-06 09:27:49.870 22026 22340 D GStreamer+qtdemux: 0:02:46.953903478 0xdd2dbaf0 qtdemux.c:5700:gst_qtdemux_chain:<qtdemux1> pushing in inbuf 0xdccf3660, neededbytes:144248, available:73468
03-06 09:27:49.870 22026 22340 D GStreamer+qtdemux: 0:02:46.954021967 0xdd2dbaf0 qtdemux.c:5700:gst_qtdemux_chain:<qtdemux1> pushing in inbuf 0xdc9a6e58, neededbytes:144248, available:77564
03-06 09:27:49.870 22026 22340 D GStreamer+qtdemux: 0:02:46.954137957 0xdd2dbaf0 qtdemux.c:5700:gst_qtdemux_chain:<qtdemux1> pushing in inbuf 0xdcbfe0c0, neededbytes:144248, available:81660
03-06 09:27:49.870 22026 22340 D GStreamer+qtdemux: 0:02:46.954254051 0xdd2dbaf0 qtdemux.c:5700:gst_qtdemux_chain:<qtdemux1> pushing in inbuf 0xdcbffa30, neededbytes:144248, available:85756
03-06 09:27:49.870 22026 22340 D GStreamer+qtdemux: 0:02:46.954363217 0xdd2dbaf0 qtdemux.c:5700:gst_qtdemux_chain:<qtdemux1> pushing in inbuf 0xdcc59160, neededbytes:144248, available:89852
03-06 09:27:49.870 22026 22340 D GStreamer+qtdemux: 0:02:46.954471863 0xdd2dbaf0 qtdemux.c:5700:gst_qtdemux_chain:<qtdemux1> pushing in inbuf 0xdd6cd210, neededbytes:144248, available:93948
03-06 09:27:49.871 22026 22340 D GStreamer+qtdemux: 0:02:46.954579415 0xdd2dbaf0 qtdemux.c:5700:gst_qtdemux_chain:<qtdemux1> pushing in inbuf 0xdc978b68, neededbytes:144248, available:98044
03-06 09:27:49.871 22026 22340 D GStreamer+qtdemux: 0:02:46.954685144 0xdd2dbaf0 qtdemux.c:5700:gst_qtdemux_chain:<qtdemux1> pushing in inbuf 0xdcbfe700, neededbytes:144248, available:102140
03-06 09:27:49.871 22026 22340 D GStreamer+qtdemux: 0:02:46.954795821 0xdd2dbaf0 qtdemux.c:5700:gst_qtdemux_chain:<qtdemux1> pushing in inbuf 0xdcbff8f0, neededbytes:144248, available:106236
03-06 09:27:49.871 22026 22340 D GStreamer+qtdemux: 0:02:46.954902123 0xdd2dbaf0 qtdemux.c:5700:gst_qtdemux_chain:<qtdemux1> pushing in inbuf 0xdccf3e68, neededbytes:144248, available:110332
03-06 09:27:49.871 22026 22340 D GStreamer+qtdemux: 0:02:46.955005405 0xdd2dbaf0 qtdemux.c:5700:gst_qtdemux_chain:<qtdemux1> pushing in inbuf 0xdc9a69f8, neededbytes:144248, available:114428
03-06 09:27:49.871 22026 22340 D GStreamer+qtdemux: 0:02:46.955109571 0xdd2dbaf0 qtdemux.c:5700:gst_qtdemux_chain:<qtdemux1> pushing in inbuf 0xdcc59a88, neededbytes:144248, available:118524
03-06 09:27:49.871 22026 22340 D GStreamer+qtdemux: 0:02:46.955220457 0xdd2dbaf0 qtdemux.c:5700:gst_qtdemux_chain:<qtdemux1> pushing in inbuf 0xdccff850, neededbytes:144248, available:122620
03-06 09:27:49.871 22026 22340 D GStreamer+qtdemux: 0:02:46.955331811 0xdd2dbaf0 qtdemux.c:5700:gst_qtdemux_chain:<qtdemux1> pushing in inbuf 0xdcc59020, neededbytes:144248, available:126716
03-06 09:27:49.871 22026 22340 D GStreamer+qtdemux: 0:02:46.955437748 0xdd2dbaf0 qtdemux.c:5700:gst_qtdemux_chain:<qtdemux1> pushing in inbuf 0xdccfe538, neededbytes:144248, available:130812
03-06 09:27:49.872 22026 22340 D GStreamer+qtdemux: 0:02:46.955545873 0xdd2dbaf0 qtdemux.c:5700:gst_qtdemux_chain:<qtdemux1> pushing in inbuf 0xdc978ca8, neededbytes:144248, available:134908
03-06 09:27:49.872 22026 22340 D GStreamer+qtdemux: 0:02:46.955675196 0xdd2dbaf0 qtdemux.c:5700:gst_qtdemux_chain:<qtdemux1> pushing in inbuf 0xdcc3ed10, neededbytes:144248, available:139004
03-06 09:27:49.872 22026 22340 D GStreamer+qtdemux: 0:02:46.955791446 0xdd2dbaf0 qtdemux.c:5700:gst_qtdemux_chain:<qtdemux1> pushing in inbuf 0xdcc3e328, neededbytes:144248, available:143100
03-06 09:27:49.872 22026 22340 D GStreamer+qtdemux: 0:02:46.955909467 0xdd2dbaf0 qtdemux.c:5700:gst_qtdemux_chain:<qtdemux1> pushing in inbuf 0xdc9a5000, neededbytes:144248, available:147196
03-06 09:27:49.872 22026 22340 D GStreamer+qtdemux: 0:02:46.956002592 0xdd2dbaf0 qtdemux.c:5720:gst_qtdemux_process_adapter:<qtdemux1> state:2 , demux->neededbytes:144248, demux->offset:38801708
03-06 09:27:49.872 22026 22340 D GStreamer+qtdemux: 0:02:46.956086603 0xdd2dbaf0 qtdemux.c:6067:gst_qtdemux_process_adapter:<qtdemux1> BEGIN // in MOVIE for offset 38801708
03-06 09:27:49.872 22026 22340 V GStreamer+qtdemux: 0:02:46.956184155 0xdd2dbaf0 qtdemux.c:6145:gst_qtdemux_process_adapter:<qtdemux1> Checking stream 0 (sample_index:268 / offset:38801708 / size:144248)
03-06 09:27:49.872 22026 22340 D GStreamer+qtdemux: 0:02:46.956271603 0xdd2dbaf0 qtdemux.c:6163:gst_qtdemux_process_adapter:<qtdemux1> stream : avc1
03-06 09:27:49.873 22026 22340 V GStreamer+qtdemux: 0:02:46.956759467 0xdd2dbaf0 qtdemux.c:4961:gst_qtdemux_decorate_and_push_buffer:<qtdemux1> Pushing buffer with dts 0:00:05.269800000, pts 0:00:05.269800000, duration 0:00:00.019400000 on pad video_0
03-06 09:27:49.884 22026 22232 V GStreamer+qtdemux: 0:02:46.967730769 0xdd2db980 qtdemux.c:810:gst_qtdemux_handle_src_query:<qtdemux1:video_0> position query
03-06 09:27:49.885 22026 22340 V GStreamer+qtdemux: 0:02:46.969021603 0xdd2dbaf0 qtdemux.c:4633:gst_qtdemux_combine_flows:<qtdemux1> flow return: ok
03-06 09:27:49.885 22026 22340 V GStreamer+qtdemux: 0:02:46.969189051 0xdd2dbaf0 qtdemux.c:4641:gst_qtdemux_combine_flows:<qtdemux1> combined flow return: ok
03-06 09:27:49.885 22026 22340 V GStreamer+qtdemux: 0:02:46.969298842 0xdd2dbaf0 qtdemux.c:6219:gst_qtdemux_process_adapter:<qtdemux1> increasing offset 38801708 by 144248
03-06 09:27:49.885 22026 22342 I GStreamer+baseparse: 0:02:46.969374415 0xd73ffa90 gstbaseparse.c:3945:gst_base_parse_set_latency:<h264parse1> min/max latency 0:00:00.019480519, 0:00:00.019480519
03-06 09:27:49.885 22026 22340 V GStreamer+qtdemux: 0:02:46.969392488 0xdd2dbaf0 qtdemux.c:6222:gst_qtdemux_process_adapter:<qtdemux1> offset is now 38945956
03-06 09:27:49.885 22026 22340 V GStreamer+qtdemux: 0:02:46.969481603 0xdd2dbaf0 qtdemux.c:5472:next_entry_size:<qtdemux1> Finding entry at offset 38945956
03-06 09:27:49.886 22026 22340 V GStreamer+qtdemux: 0:02:46.969577280 0xdd2dbaf0 qtdemux.c:7663:qtdemux_parse_samples:<qtdemux1> parsing samples for stream fourcc avc1, pad video_0
03-06 09:27:49.886 22026 22340 D GStreamer+qtdemux: 0:02:46.969661030 0xdd2dbaf0 qtdemux.c:7674:qtdemux_parse_samples:<qtdemux1> parsing up to sample 269
03-06 09:27:49.886 22026 22340 V GStreamer+qtdemux: 0:02:46.969755040 0xdd2dbaf0 qtdemux.c:7700:qtdemux_parse_samples:<qtdemux1> sample 269 has size 144542
03-06 09:27:49.886 22026 22340 V GStreamer+qtdemux: 0:02:46.969848582 0xdd2dbaf0 qtdemux.c:7824:qtdemux_parse_samples:<qtdemux1> creating entry 269 with offset 38945956 and size 144542
03-06 09:27:49.886 22026 22340 D GStreamer+qtdemux: 0:02:46.969948946 0xdd2dbaf0 qtdemux.c:7881:qtdemux_parse_samples:<qtdemux1> sample 269: index 2, timestamp 0:00:05.289200000
03-06 09:27:49.886 22026 22340 D GStreamer+qtdemux: 0:02:46.970033998 0xdd2dbaf0 qtdemux.c:7936:qtdemux_parse_samples:<qtdemux1> samples at 269 is keyframe
03-06 09:27:49.886 22026 22340 V GStreamer+qtdemux: 0:02:46.970136342 0xdd2dbaf0 qtdemux.c:5498:next_entry_size:<qtdemux1> Checking Stream 0 (sample_index:269 / offset:38945956 / size:144542)
03-06 09:27:49.886 22026 22340 V GStreamer+qtdemux: 0:02:46.970231342 0xdd2dbaf0 qtdemux.c:5509:next_entry_size:<qtdemux1> stream 0 offset 38945956 demux->offset :38945956
03-06 09:27:49.886 22026 22340 D GStreamer+qtdemux: 0:02:46.970412280 0xdd2dbaf0 qtdemux.c:5700:gst_qtdemux_chain:<qtdemux1> pushing in inbuf 0xdd15cbd8, neededbytes:144542, available:7044
03-06 09:27:49.887 22026 22340 D GStreamer+qtdemux: 0:02:46.970621498 0xdd2dbaf0 qtdemux.c:5700:gst_qtdemux_chain:<qtdemux1> pushing in inbuf 0xdcc3e1e8, neededbytes:144542, available:11140
03-06 09:27:49.887 22026 22340 D GStreamer+qtdemux: 0:02:46.970750405 0xdd2dbaf0 qtdemux.c:5700:gst_qtdemux_chain:<qtdemux1> pushing in inbuf 0xdd15c818, neededbytes:144542, available:15236
03-06 09:27:49.887 22026 22340 D GStreamer+qtdemux: 0:02:46.970869155 0xdd2dbaf0 qtdemux.c:5700:gst_qtdemux_chain:<qtdemux1> pushing in inbuf 0xdcc59660, neededbytes:144542, available:19332
03-06 09:27:49.887 22026 22340 D GStreamer+qtdemux: 0:02:46.970979988 0xdd2dbaf0 qtdemux.c:5700:gst_qtdemux_chain:<qtdemux1> pushing in inbuf 0xdc9a68b8, neededbytes:144542, available:23428
03-06 09:27:49.887 22026 22340 D GStreamer+qtdemux: 0:02:46.971089259 0xdd2dbaf0 qtdemux.c:5700:gst_qtdemux_chain:<qtdemux1> pushing in inbuf 0xdccfff30, neededbytes:144542, available:27524
03-06 09:27:49.887 22026 22340 D GStreamer+qtdemux: 0:02:46.971263269 0xdd2dbaf0 qtdemux.c:5700:gst_qtdemux_chain:<qtdemux1> pushing in inbuf 0xdcbff210, neededbytes:144542, available:31620
03-06 09:27:49.887 22026 22340 D GStreamer+qtdemux: 0:02:46.971367592 0xdd2dbaf0 qtdemux.c:5700:gst_qtdemux_chain:<qtdemux1> pushing in inbuf 0xdc978e88, neededbytes:144542, available:35716
03-06 09:27:49.887 22026 22340 D GStreamer+qtdemux: 0:02:46.971473321 0xdd2dbaf0 qtdemux.c:5700:gst_qtdemux_chain:<qtdemux1> pushing in inbuf 0xdccffb70, neededbytes:144542, available:39812
03-06 09:27:49.888 22026 22340 D GStreamer+qtdemux: 0:02:46.971581551 0xdd2dbaf0 qtdemux.c:5700:gst_qtdemux_chain:<qtdemux1> pushing in inbuf 0xdc9a6958, neededbytes:144542, available:43908
03-06 09:27:49.888 22026 22340 D GStreamer+qtdemux: 0:02:46.971726551 0xdd2dbaf0 qtdemux.c:5700:gst_qtdemux_chain:<qtdemux1> pushing in inbuf 0xdcc59340, neededbytes:144542, available:48004
03-06 09:27:49.888 22026 22340 D GStreamer+qtdemux: 0:02:46.971834103 0xdd2dbaf0 qtdemux.c:5700:gst_qtdemux_chain:<qtdemux1> pushing in inbuf 0xdccfe218, neededbytes:144542, available:52100
03-06 09:27:49.888 22026 22340 D GStreamer+qtdemux: 0:02:46.971941707 0xdd2dbaf0 qtdemux.c:5700:gst_qtdemux_chain:<qtdemux1> pushing in inbuf 0xdc978f28, neededbytes:144542, available:56196
03-06 09:27:49.888 22026 22340 D GStreamer+qtdemux: 0:02:46.972054780 0xdd2dbaf0 qtdemux.c:5700:gst_qtdemux_chain:<qtdemux1> pushing in inbuf 0xdcc3ff00, neededbytes:144542, available:60292
03-06 09:27:49.888 22026 22340 D GStreamer+qtdemux: 0:02:46.972201186 0xdd2dbaf0 qtdemux.c:5700:gst_qtdemux_chain:<qtdemux1> pushing in inbuf 0xdccff990, neededbytes:144542, available:64388
03-06 09:27:49.888 22026 22340 D GStreamer+qtdemux: 0:02:46.972309415 0xdd2dbaf0 qtdemux.c:5700:gst_qtdemux_chain:<qtdemux1> pushing in inbuf 0xdccf3968, neededbytes:144542, available:68484
03-06 09:27:49.888 22026 22340 D GStreamer+qtdemux: 0:02:46.972419571 0xdd2dbaf0 qtdemux.c:5700:gst_qtdemux_chain:<qtdemux1> pushing in inbuf 0xdcc590c0, neededbytes:144542, available:72580
03-06 09:27:49.889 22026 22340 D GStreamer+qtdemux: 0:02:46.972525301 0xdd2dbaf0 qtdemux.c:5700:gst_qtdemux_chain:<qtdemux1> pushing in inbuf 0xdcbfe8c8, neededbytes:144542, available:76676
03-06 09:27:49.889 22026 22340 D GStreamer+qtdemux: 0:02:46.972669259 0xdd2dbaf0 qtdemux.c:5700:gst_qtdemux_chain:<qtdemux1> pushing in inbuf 0xdca79c90, neededbytes:144542, available:80772
03-06 09:27:49.889 22026 22340 D GStreamer+qtdemux: 0:02:46.972778478 0xdd2dbaf0 qtdemux.c:5700:gst_qtdemux_chain:<qtdemux1> pushing in inbuf 0xdccf3a08, neededbytes:144542, available:84868
03-06 09:27:49.889 22026 22340 D GStreamer+qtdemux: 0:02:46.972883686 0xdd2dbaf0 qtdemux.c:5700:gst_qtdemux_chain:<qtdemux1> pushing in inbuf 0xdccf3520, neededbytes:144542, available:88964
03-06 09:27:49.889 22026 22340 D GStreamer+qtdemux: 0:02:46.972989623 0xdd2dbaf0 qtdemux.c:5700:gst_qtdemux_chain:<qtdemux1> pushing in inbuf 0xdcbff3f0, neededbytes:144542, available:93060
03-06 09:27:49.889 22026 22340 D GStreamer+qtdemux: 0:02:46.973140092 0xdd2dbaf0 qtdemux.c:5700:gst_qtdemux_chain:<qtdemux1> pushing in inbuf 0xdca792a8, neededbytes:144542, available:97156
03-06 09:27:49.889 22026 22340 D GStreamer+qtdemux: 0:02:46.973247280 0xdd2dbaf0 qtdemux.c:5700:gst_qtdemux_chain:<qtdemux1> pushing in inbuf 0xdc9791a0, neededbytes:144542, available:101252
03-06 09:27:49.889 22026 22340 D GStreamer+qtdemux: 0:02:46.973355301 0xdd2dbaf0 qtdemux.c:5700:gst_qtdemux_chain:<qtdemux1> pushing in inbuf 0xdc977be8, neededbytes:144542, available:105348
03-06 09:27:49.889 22026 22340 D GStreamer+qtdemux: 0:02:46.973460196 0xdd2dbaf0 qtdemux.c:5700:gst_qtdemux_chain:<qtdemux1> pushing in inbuf 0xdc979060, neededbytes:144542, available:109444
03-06 09:27:49.890 22026 22340 D GStreamer+qtdemux: 0:02:46.973607540 0xdd2dbaf0 qtdemux.c:5700:gst_qtdemux_chain:<qtdemux1> pushing in inbuf 0xdc979bc0, neededbytes:144542, available:113540
03-06 09:27:49.890 22026 22340 D GStreamer+qtdemux: 0:02:46.973723165 0xdd2dbaf0 qtdemux.c:5700:gst_qtdemux_chain:<qtdemux1> pushing in inbuf 0xdd6cd530, neededbytes:144542, available:117636
03-06 09:27:49.890 22026 22340 D GStreamer+qtdemux: 0:02:46.973831551 0xdd2dbaf0 qtdemux.c:5700:gst_qtdemux_chain:<qtdemux1> pushing in inbuf 0xdcc3f518, neededbytes:144542, available:121732
03-06 09:27:49.890 22026 22340 D GStreamer+qtdemux: 0:02:46.973939415 0xdd2dbaf0 qtdemux.c:5700:gst_qtdemux_chain:<qtdemux1> pushing in inbuf 0xdcc3e148, neededbytes:144542, available:125828
03-06 09:27:49.890 22026 22340 D GStreamer+qtdemux: 0:02:46.974042853 0xdd2dbaf0 qtdemux.c:5700:gst_qtdemux_chain:<qtdemux1> pushing in inbuf 0xdcc3e6e8, neededbytes:144542, available:129924
03-06 09:27:49.890 22026 22340 D GStreamer+qtdemux: 0:02:46.974180196 0xdd2dbaf0 qtdemux.c:5700:gst_qtdemux_chain:<qtdemux1> pushing in inbuf 0xdcbfff30, neededbytes:144542, available:134020
03-06 09:27:49.890 22026 22340 D GStreamer+qtdemux: 0:02:46.974301863 0xdd2dbaf0 qtdemux.c:5700:gst_qtdemux_chain:<qtdemux1> pushing in inbuf 0xdc9778c8, neededbytes:144542, available:138116
03-06 09:27:49.890 22026 22340 D GStreamer+qtdemux: 0:02:46.974419571 0xdd2dbaf0 qtdemux.c:5700:gst_qtdemux_chain:<qtdemux1> pushing in inbuf 0xdcbfed28, neededbytes:144542, available:142212
03-06 09:27:49.891 22026 22340 D GStreamer+qtdemux: 0:02:46.974526342 0xdd2dbaf0 qtdemux.c:5700:gst_qtdemux_chain:<qtdemux1> pushing in inbuf 0xdcc3e468, neededbytes:144542, available:146308
03-06 09:27:49.891 22026 22340 D GStreamer+qtdemux: 0:02:46.974653998 0xdd2dbaf0 qtdemux.c:5720:gst_qtdemux_process_adapter:<qtdemux1> state:2 , demux->neededbytes:144542, demux->offset:38945956
03-06 09:27:49.891 22026 22340 D GStreamer+qtdemux: 0:02:46.974742488 0xdd2dbaf0 qtdemux.c:6067:gst_qtdemux_process_adapter:<qtdemux1> BEGIN // in MOVIE for offset 38945956
03-06 09:27:49.891 22026 22340 V GStreamer+qtdemux: 0:02:46.974850196 0xdd2dbaf0 qtdemux.c:6145:gst_qtdemux_process_adapter:<qtdemux1> Checking stream 0 (sample_index:269 / offset:38945956 / size:144542)
03-06 09:27:49.891 22026 22340 D GStreamer+qtdemux: 0:02:46.974953842 0xdd2dbaf0 qtdemux.c:6163:gst_qtdemux_process_adapter:<qtdemux1> stream : avc1
03-06 09:27:49.892 22026 22340 V GStreamer+qtdemux: 0:02:46.975696394 0xdd2dbaf0 qtdemux.c:4961:gst_qtdemux_decorate_and_push_buffer:<qtdemux1> Pushing buffer with dts 0:00:05.289200000, pts 0:00:05.289200000, duration 0:00:00.019400000 on pad video_0
03-06 09:27:49.904 22026 22232 V GStreamer+qtdemux: 0:02:46.987547176 0xdd2db980 qtdemux.c:810:gst_qtdemux_handle_src_query:<qtdemux1:video_0> position query
03-06 09:27:49.906 22026 22340 V GStreamer+qtdemux: 0:02:46.989702280 0xdd2dbaf0 qtdemux.c:4633:gst_qtdemux_combine_flows:<qtdemux1> flow return: ok
03-06 09:27:49.906 22026 22340 V GStreamer+qtdemux: 0:02:46.989897384 0xdd2dbaf0 qtdemux.c:4641:gst_qtdemux_combine_flows:<qtdemux1> combined flow return: ok
03-06 09:27:49.906 22026 22340 V GStreamer+qtdemux: 0:02:46.990017592 0xdd2dbaf0 qtdemux.c:6219:gst_qtdemux_process_adapter:<qtdemux1> increasing offset 38945956 by 144542
03-06 09:27:49.906 22026 22342 I GStreamer+baseparse: 0:02:46.990050405 0xd73ffa90 gstbaseparse.c:3945:gst_base_parse_set_latency:<h264parse1> min/max latency 0:00:00.019480519, 0:00:00.019480519
03-06 09:27:49.906 22026 22340 V GStreamer+qtdemux: 0:02:46.990103373 0xdd2dbaf0 qtdemux.c:6222:gst_qtdemux_process_adapter:<qtdemux1> offset is now 39090498
03-06 09:27:49.906 22026 22340 V GStreamer+qtdemux: 0:02:46.990189988 0xdd2dbaf0 qtdemux.c:5472:next_entry_size:<qtdemux1> Finding entry at offset 39090498
03-06 09:27:49.906 22026 22340 V GStreamer+qtdemux: 0:02:46.990284103 0xdd2dbaf0 qtdemux.c:7663:qtdemux_parse_samples:<qtdemux1> parsing samples for stream fourcc avc1, pad video_0
03-06 09:27:49.906 22026 22340 D GStreamer+qtdemux: 0:02:46.990368478 0xdd2dbaf0 qtdemux.c:7674:qtdemux_parse_samples:<qtdemux1> parsing up to sample 270
03-06 09:27:49.906 22026 22340 V GStreamer+qtdemux: 0:02:46.990456811 0xdd2dbaf0 qtdemux.c:7700:qtdemux_parse_samples:<qtdemux1> sample 270 has size 144603
03-06 09:27:49.907 22026 22340 V GStreamer+qtdemux: 0:02:46.990552071 0xdd2dbaf0 qtdemux.c:7824:qtdemux_parse_samples:<qtdemux1> creating entry 270 with offset 39090498 and size 144603
03-06 09:27:49.907 22026 22340 D GStreamer+qtdemux: 0:02:46.990652801 0xdd2dbaf0 qtdemux.c:7881:qtdemux_parse_samples:<qtdemux1> sample 270: index 3, timestamp 0:00:05.308600000
03-06 09:27:49.907 22026 22340 D GStreamer+qtdemux: 0:02:46.990736811 0xdd2dbaf0 qtdemux.c:7936:qtdemux_parse_samples:<qtdemux1> samples at 270 is keyframe
03-06 09:27:49.907 22026 22340 V GStreamer+qtdemux: 0:02:46.990828686 0xdd2dbaf0 qtdemux.c:5498:next_entry_size:<qtdemux1> Checking Stream 0 (sample_index:270 / offset:39090498 / size:144603)
03-06 09:27:49.907 22026 22340 V GStreamer+qtdemux: 0:02:46.990921603 0xdd2dbaf0 qtdemux.c:5509:next_entry_size:<qtdemux1> stream 0 offset 39090498 demux->offset :39090498
03-06 09:27:49.907 22026 22340 D GStreamer+qtdemux: 0:02:46.991069884 0xdd2dbaf0 qtdemux.c:5700:gst_qtdemux_chain:<qtdemux1> pushing in inbuf 0xdccf35c0, neededbytes:144603, available:5862
03-06 09:27:49.907 22026 22340 D GStreamer+qtdemux: 0:02:46.991198530 0xdd2dbaf0 qtdemux.c:5700:gst_qtdemux_chain:<qtdemux1> pushing in inbuf 0xdca79528, neededbytes:144603, available:9958
03-06 09:27:49.907 22026 22340 D GStreamer+qtdemux: 0:02:46.991325717 0xdd2dbaf0 qtdemux.c:5700:gst_qtdemux_chain:<qtdemux1> pushing in inbuf 0xdca79488, neededbytes:144603, available:14054
03-06 09:27:49.907 22026 22340 D GStreamer+qtdemux: 0:02:46.991450353 0xdd2dbaf0 qtdemux.c:5700:gst_qtdemux_chain:<qtdemux1> pushing in inbuf 0xdcbfe660, neededbytes:144603, available:18150
03-06 09:27:49.908 22026 22340 D GStreamer+qtdemux: 0:02:46.991563113 0xdd2dbaf0 qtdemux.c:5700:gst_qtdemux_chain:<qtdemux1> pushing in inbuf 0xdc979100, neededbytes:144603, available:22246
03-06 09:27:49.908 22026 22340 D GStreamer+qtdemux: 0:02:46.991675405 0xdd2dbaf0 qtdemux.c:5700:gst_qtdemux_chain:<qtdemux1> pushing in inbuf 0xdccf3828, neededbytes:144603, available:26342
03-06 09:27:49.908 22026 22340 D GStreamer+qtdemux: 0:02:46.991787332 0xdd2dbaf0 qtdemux.c:5700:gst_qtdemux_chain:<qtdemux1> pushing in inbuf 0xdcc51668, neededbytes:144603, available:30438
03-06 09:27:49.908 22026 22340 D GStreamer+qtdemux: 0:02:46.991899728 0xdd2dbaf0 qtdemux.c:5700:gst_qtdemux_chain:<qtdemux1> pushing in inbuf 0xdca79dd0, neededbytes:144603, available:34534
03-06 09:27:49.908 22026 22340 D GStreamer+qtdemux: 0:02:46.992054676 0xdd2dbaf0 qtdemux.c:5700:gst_qtdemux_chain:<qtdemux1> pushing in inbuf 0xdccfe3f8, neededbytes:144603, available:38630
03-06 09:27:49.908 22026 22340 D GStreamer+qtdemux: 0:02:46.992171759 0xdd2dbaf0 qtdemux.c:5700:gst_qtdemux_chain:<qtdemux1> pushing in inbuf 0xdc978ac8, neededbytes:144603, available:42726
03-06 09:27:49.908 22026 22340 D GStreamer+qtdemux: 0:02:46.992288321 0xdd2dbaf0 qtdemux.c:5700:gst_qtdemux_chain:<qtdemux1> pushing in inbuf 0xdc979da0, neededbytes:144603, available:46822
03-06 09:27:49.908 22026 22340 D GStreamer+qtdemux: 0:02:46.992405301 0xdd2dbaf0 qtdemux.c:5700:gst_qtdemux_chain:<qtdemux1> pushing in inbuf 0xdca79668, neededbytes:144603, available:50918
03-06 09:27:49.909 22026 22340 D GStreamer+qtdemux: 0:02:46.992544415 0xdd2dbaf0 qtdemux.c:5700:gst_qtdemux_chain:<qtdemux1> pushing in inbuf 0xdc977a08, neededbytes:144603, available:55014
03-06 09:27:49.909 22026 22340 D GStreamer+qtdemux: 0:02:46.992657644 0xdd2dbaf0 qtdemux.c:5700:gst_qtdemux_chain:<qtdemux1> pushing in inbuf 0xdccf3b48, neededbytes:144603, available:59110
03-06 09:27:49.909 22026 22340 D GStreamer+qtdemux: 0:02:46.992791759 0xdd2dbaf0 qtdemux.c:5700:gst_qtdemux_chain:<qtdemux1> pushing in inbuf 0xdcbfe828, neededbytes:144603, available:63206
03-06 09:27:49.909 22026 22340 D GStreamer+qtdemux: 0:02:46.992904363 0xdd2dbaf0 qtdemux.c:5700:gst_qtdemux_chain:<qtdemux1> pushing in inbuf 0xdc978988, neededbytes:144603, available:67302
03-06 09:27:49.909 22026 22340 D GStreamer+qtdemux: 0:02:46.993017332 0xdd2dbaf0 qtdemux.c:5700:gst_qtdemux_chain:<qtdemux1> pushing in inbuf 0xdc979380, neededbytes:144603, available:71398
03-06 09:27:49.909 22026 22340 D GStreamer+qtdemux: 0:02:46.993131707 0xdd2dbaf0 qtdemux.c:5700:gst_qtdemux_chain:<qtdemux1> pushing in inbuf 0xdc979b20, neededbytes:144603, available:75494
03-06 09:27:49.909 22026 22340 D GStreamer+qtdemux: 0:02:46.993245665 0xdd2dbaf0 qtdemux.c:5700:gst_qtdemux_chain:<qtdemux1> pushing in inbuf 0xdcc59480, neededbytes:144603, available:79590
03-06 09:27:49.909 22026 22340 D GStreamer+qtdemux: 0:02:46.993358061 0xdd2dbaf0 qtdemux.c:5700:gst_qtdemux_chain:<qtdemux1> pushing in inbuf 0xdcc3e288, neededbytes:144603, available:83686
03-06 09:27:49.910 22026 22340 D GStreamer+qtdemux: 0:02:46.993496811 0xdd2dbaf0 qtdemux.c:5700:gst_qtdemux_chain:<qtdemux1> pushing in inbuf 0xdcc59da8, neededbytes:144603, available:87782
03-06 09:27:49.910 22026 22340 D GStreamer+qtdemux: 0:02:46.993629832 0xdd2dbaf0 qtdemux.c:5700:gst_qtdemux_chain:<qtdemux1> pushing in inbuf 0xdc9788e8, neededbytes:144603, available:91878
03-06 09:27:49.910 22026 22340 D GStreamer+qtdemux: 0:02:46.993746134 0xdd2dbaf0 qtdemux.c:5700:gst_qtdemux_chain:<qtdemux1> pushing in inbuf 0xdcbff670, neededbytes:144603, available:95974
03-06 09:27:49.910 22026 22340 D GStreamer+qtdemux: 0:02:46.993860196 0xdd2dbaf0 qtdemux.c:5700:gst_qtdemux_chain:<qtdemux1> pushing in inbuf 0xdcc3f8c0, neededbytes:144603, available:100070
03-06 09:27:49.910 22026 22340 D GStreamer+qtdemux: 0:02:46.993974363 0xdd2dbaf0 qtdemux.c:5700:gst_qtdemux_chain:<qtdemux1> pushing in inbuf 0xdcc515c8, neededbytes:144603, available:104166
03-06 09:27:49.910 22026 22340 D GStreamer+qtdemux: 0:02:46.994091498 0xdd2dbaf0 qtdemux.c:5700:gst_qtdemux_chain:<qtdemux1> pushing in inbuf 0xdccffa30, neededbytes:144603, available:108262
03-06 09:27:49.910 22026 22340 D GStreamer+qtdemux: 0:02:46.994221394 0xdd2dbaf0 qtdemux.c:5700:gst_qtdemux_chain:<qtdemux1> pushing in inbuf 0xdccfede0, neededbytes:144603, available:112358
03-06 09:27:49.910 22026 22340 D GStreamer+qtdemux: 0:02:46.994339467 0xdd2dbaf0 qtdemux.c:5700:gst_qtdemux_chain:<qtdemux1> pushing in inbuf 0xdc9a6470, neededbytes:144603, available:116454
03-06 09:27:49.910 22026 22340 D GStreamer+qtdemux: 0:02:46.994457748 0xdd2dbaf0 qtdemux.c:5700:gst_qtdemux_chain:<qtdemux1> pushing in inbuf 0xdc9a6db8, neededbytes:144603, available:120550
03-06 09:27:49.911 22026 22340 D GStreamer+qtdemux: 0:02:46.994570926 0xdd2dbaf0 qtdemux.c:5700:gst_qtdemux_chain:<qtdemux1> pushing in inbuf 0xdcc51348, neededbytes:144603, available:124646
03-06 09:27:49.911 22026 22340 D GStreamer+qtdemux: 0:02:46.994691498 0xdd2dbaf0 qtdemux.c:5700:gst_qtdemux_chain:<qtdemux1> pushing in inbuf 0xdccfeb60, neededbytes:144603, available:128742
03-06 09:27:49.911 22026 22340 D GStreamer+qtdemux: 0:02:46.994806967 0xdd2dbaf0 qtdemux.c:5700:gst_qtdemux_chain:<qtdemux1> pushing in inbuf 0xdcc3e0a8, neededbytes:144603, available:132838
03-06 09:27:49.911 22026 22340 D GStreamer+qtdemux: 0:02:46.994942176 0xdd2dbaf0 qtdemux.c:5700:gst_qtdemux_chain:<qtdemux1> pushing in inbuf 0xdc979740, neededbytes:144603, available:136934
03-06 09:27:49.911 22026 22340 D GStreamer+qtdemux: 0:02:46.995059467 0xdd2dbaf0 qtdemux.c:5700:gst_qtdemux_chain:<qtdemux1> pushing in inbuf 0xdd15cef8, neededbytes:144603, available:141030
03-06 09:27:49.911 22026 22340 D GStreamer+qtdemux: 0:02:46.995183738 0xdd2dbaf0 qtdemux.c:5700:gst_qtdemux_chain:<qtdemux1> pushing in inbuf 0xdcbffad0, neededbytes:144603, available:145126
03-06 09:27:49.911 22026 22340 D GStreamer+qtdemux: 0:02:46.995278686 0xdd2dbaf0 qtdemux.c:5720:gst_qtdemux_process_adapter:<qtdemux1> state:2 , demux->neededbytes:144603, demux->offset:39090498
03-06 09:27:49.911 22026 22340 D GStreamer+qtdemux: 0:02:46.995365821 0xdd2dbaf0 qtdemux.c:6067:gst_qtdemux_process_adapter:<qtdemux1> BEGIN // in MOVIE for offset 39090498
03-06 09:27:49.911 22026 22340 V GStreamer+qtdemux: 0:02:46.995460978 0xdd2dbaf0 qtdemux.c:6145:gst_qtdemux_process_adapter:<qtdemux1> Checking stream 0 (sample_index:270 / offset:39090498 / size:144603)
03-06 09:27:49.912 22026 22340 D GStreamer+qtdemux: 0:02:46.995601603 0xdd2dbaf0 qtdemux.c:6163:gst_qtdemux_process_adapter:<qtdemux1> stream : avc1
03-06 09:27:49.912 22026 22340 V GStreamer+qtdemux: 0:02:46.996172957 0xdd2dbaf0 qtdemux.c:4961:gst_qtdemux_decorate_and_push_buffer:<qtdemux1> Pushing buffer with dts 0:00:05.308600000, pts 0:00:05.308600000, duration 0:00:00.019400000 on pad video_0
03-06 09:27:49.916 22026 22337 W GStreamer+amcvideodec: 0:02:46.999766603 0xd73ffe60 gstamcvideodec.c:1165:_amc_gl_wait gl_sync 0xdcd45260 could not wait for frame, took too long
03-06 09:27:49.923 22026 22232 V GStreamer+qtdemux: 0:02:47.006962071 0xdd2db980 qtdemux.c:810:gst_qtdemux_handle_src_query:<qtdemux1:video_0> position query
03-06 09:27:49.942 22026 22232 V GStreamer+qtdemux: 0:02:47.025657905 0xdd2db980 qtdemux.c:810:gst_qtdemux_handle_src_query:<qtdemux1:video_0> position query
03-06 09:27:49.943 22026 22340 V GStreamer+qtdemux: 0:02:47.026767905 0xdd2dbaf0 qtdemux.c:4633:gst_qtdemux_combine_flows:<qtdemux1> flow return: ok
03-06 09:27:49.943 22026 22340 V GStreamer+qtdemux: 0:02:47.026938998 0xdd2dbaf0 qtdemux.c:4641:gst_qtdemux_combine_flows:<qtdemux1> combined flow return: ok
03-06 09:27:49.943 22026 22340 V GStreamer+qtdemux: 0:02:47.027049311 0xdd2dbaf0 qtdemux.c:6219:gst_qtdemux_process_adapter:<qtdemux1> increasing offset 39090498 by 144603
03-06 09:27:49.943 22026 22342 I GStreamer+baseparse: 0:02:47.027152696 0xd73ffa90 gstbaseparse.c:3945:gst_base_parse_set_latency:<h264parse1> min/max latency 0:00:00.019480519, 0:00:00.019480519
03-06 09:27:49.944 22026 22340 V GStreamer+qtdemux: 0:02:47.027997853 0xdd2dbaf0 qtdemux.c:6222:gst_qtdemux_process_adapter:<qtdemux1> offset is now 39235101
03-06 09:27:49.944 22026 22340 V GStreamer+qtdemux: 0:02:47.028179675 0xdd2dbaf0 qtdemux.c:5472:next_entry_size:<qtdemux1> Finding entry at offset 39235101
03-06 09:27:49.944 22026 22340 V GStreamer+qtdemux: 0:02:47.028287905 0xdd2dbaf0 qtdemux.c:7663:qtdemux_parse_samples:<qtdemux1> parsing samples for stream fourcc avc1, pad video_0
03-06 09:27:49.944 22026 22340 D GStreamer+qtdemux: 0:02:47.028373530 0xdd2dbaf0 qtdemux.c:7674:qtdemux_parse_samples:<qtdemux1> parsing up to sample 271
03-06 09:27:49.944 22026 22340 V GStreamer+qtdemux: 0:02:47.028473321 0xdd2dbaf0 qtdemux.c:7700:qtdemux_parse_samples:<qtdemux1> sample 271 has size 144623
03-06 09:27:49.945 22026 22340 V GStreamer+qtdemux: 0:02:47.028572905 0xdd2dbaf0 qtdemux.c:7824:qtdemux_parse_samples:<qtdemux1> creating entry 271 with offset 39235101 and size 144623
03-06 09:27:49.945 22026 22340 V GStreamer+qtdemux: 0:02:47.028671030 0xdd2dbaf0 qtdemux.c:7868:qtdemux_parse_samples:<qtdemux1> block 0, 1 timestamps, duration 98
03-06 09:27:49.945 22026 22340 D GStreamer+qtdemux: 0:02:47.028802905 0xdd2dbaf0 qtdemux.c:7881:qtdemux_parse_samples:<qtdemux1> sample 271: index 0, timestamp 0:00:05.328000000
03-06 09:27:49.945 22026 22342 I GStreamer+baseparse: 0:02:47.028836498 0xd73ffa90 gstbaseparse.c:3945:gst_base_parse_set_latency:<h264parse1> min/max latency 0:00:00.019480519, 0:00:00.019480519
03-06 09:27:49.945 22026 22340 D GStreamer+qtdemux: 0:02:47.028893478 0xdd2dbaf0 qtdemux.c:7936:qtdemux_parse_samples:<qtdemux1> samples at 271 is keyframe
03-06 09:27:49.945 22026 22340 V GStreamer+qtdemux: 0:02:47.028988425 0xdd2dbaf0 qtdemux.c:5498:next_entry_size:<qtdemux1> Checking Stream 0 (sample_index:271 / offset:39235101 / size:144623)
03-06 09:27:49.945 22026 22340 V GStreamer+qtdemux: 0:02:47.029083269 0xdd2dbaf0 qtdemux.c:5509:next_entry_size:<qtdemux1> stream 0 offset 39235101 demux->offset :39235101
03-06 09:27:49.945 22026 22340 D GStreamer+qtdemux: 0:02:47.029240040 0xdd2dbaf0 qtdemux.c:5700:gst_qtdemux_chain:<qtdemux1> pushing in inbuf 0xdca79b50, neededbytes:144623, available:4619
03-06 09:27:49.945 22026 22340 D GStreamer+qtdemux: 0:02:47.029364728 0xdd2dbaf0 qtdemux.c:5700:gst_qtdemux_chain:<qtdemux1> pushing in inbuf 0xdccfe498, neededbytes:144623, available:8715
03-06 09:27:49.945 22026 22340 D GStreamer+qtdemux: 0:02:47.029486707 0xdd2dbaf0 qtdemux.c:5700:gst_qtdemux_chain:<qtdemux1> pushing in inbuf 0xdccff8f0, neededbytes:144623, available:12811
03-06 09:27:49.946 22026 22340 D GStreamer+qtdemux: 0:02:47.029603998 0xdd2dbaf0 qtdemux.c:5700:gst_qtdemux_chain:<qtdemux1> pushing in inbuf 0xdc9794c0, neededbytes:144623, available:16907
03-06 09:27:49.946 22026 22340 D GStreamer+qtdemux: 0:02:47.029719311 0xdd2dbaf0 qtdemux.c:5700:gst_qtdemux_chain:<qtdemux1> pushing in inbuf 0xdcc59808, neededbytes:144623, available:21003
03-06 09:27:49.946 22026 22340 D GStreamer+qtdemux: 0:02:47.029831290 0xdd2dbaf0 qtdemux.c:5700:gst_qtdemux_chain:<qtdemux1> pushing in inbuf 0xdccfe718, neededbytes:144623, available:25099
03-06 09:27:49.946 22026 22340 D GStreamer+qtdemux: 0:02:47.029946603 0xdd2dbaf0 qtdemux.c:5700:gst_qtdemux_chain:<qtdemux1> pushing in inbuf 0xdca79bf0, neededbytes:144623, available:29195
03-06 09:27:49.946 22026 22340 D GStreamer+qtdemux: 0:02:47.030058738 0xdd2dbaf0 qtdemux.c:5700:gst_qtdemux_chain:<qtdemux1> pushing in inbuf 0xdc9a5320, neededbytes:144623, available:33291
03-06 09:27:49.946 22026 22340 D GStreamer+qtdemux: 0:02:47.030177436 0xdd2dbaf0 qtdemux.c:5700:gst_qtdemux_chain:<qtdemux1> pushing in inbuf 0xdca79208, neededbytes:144623, available:37387
03-06 09:27:49.946 22026 22340 D GStreamer+qtdemux: 0:02:47.030290925 0xdd2dbaf0 qtdemux.c:5700:gst_qtdemux_chain:<qtdemux1> pushing in inbuf 0xdcbfec88, neededbytes:144623, available:41483
03-06 09:27:49.946 22026 22340 D GStreamer+qtdemux: 0:02:47.030403425 0xdd2dbaf0 qtdemux.c:5700:gst_qtdemux_chain:<qtdemux1> pushing in inbuf 0xdca795c8, neededbytes:144623, available:45579
03-06 09:27:49.947 22026 22340 D GStreamer+qtdemux: 0:02:47.030519988 0xdd2dbaf0 qtdemux.c:5700:gst_qtdemux_chain:<qtdemux1> pushing in inbuf 0xdcc3fd20, neededbytes:144623, available:49675
03-06 09:27:49.947 22026 22340 D GStreamer+qtdemux: 0:02:47.030641550 0xdd2dbaf0 qtdemux.c:5700:gst_qtdemux_chain:<qtdemux1> pushing in inbuf 0xdcc593e0, neededbytes:144623, available:53771
03-06 09:27:49.947 22026 22340 D GStreamer+qtdemux: 0:02:47.030762800 0xdd2dbaf0 qtdemux.c:5700:gst_qtdemux_chain:<qtdemux1> pushing in inbuf 0xdc9785e0, neededbytes:144623, available:57867
03-06 09:27:49.947 22026 22340 D GStreamer+qtdemux: 0:02:47.030893530 0xdd2dbaf0 qtdemux.c:5700:gst_qtdemux_chain:<qtdemux1> pushing in inbuf 0xdcc3e8b0, neededbytes:144623, available:61963
03-06 09:27:49.947 22026 22340 D GStreamer+qtdemux: 0:02:47.031019623 0xdd2dbaf0 qtdemux.c:5700:gst_qtdemux_chain:<qtdemux1> pushing in inbuf 0xdcc510c8, neededbytes:144623, available:66059
03-06 09:27:49.957 22026 22340 D GStreamer+qtdemux: 0:02:47.041410300 0xdd2dbaf0 qtdemux.c:5700:gst_qtdemux_chain:<qtdemux1> pushing in inbuf 0xdcc59700, neededbytes:144623, available:70155
03-06 09:27:49.958 22026 22340 D GStreamer+qtdemux: 0:02:47.041537384 0xdd2dbaf0 qtdemux.c:5700:gst_qtdemux_chain:<qtdemux1> pushing in inbuf 0xdcc3e5a8, neededbytes:144623, available:74251
03-06 09:27:49.958 22026 22340 D GStreamer+qtdemux: 0:02:47.041653373 0xdd2dbaf0 qtdemux.c:5700:gst_qtdemux_chain:<qtdemux1> pushing in inbuf 0xdcc3fbe0, neededbytes:144623, available:78347
03-06 09:27:49.958 22026 22340 D GStreamer+qtdemux: 0:02:47.041771915 0xdd2dbaf0 qtdemux.c:5700:gst_qtdemux_chain:<qtdemux1> pushing in inbuf 0xdccffcb0, neededbytes:144623, available:82443
03-06 09:27:49.958 22026 22340 D GStreamer+qtdemux: 0:02:47.041882123 0xdd2dbaf0 qtdemux.c:5700:gst_qtdemux_chain:<qtdemux1> pushing in inbuf 0xdcc59b28, neededbytes:144623, available:86539
03-06 09:27:49.958 22026 22340 D GStreamer+qtdemux: 0:02:47.041993686 0xdd2dbaf0 qtdemux.c:5700:gst_qtdemux_chain:<qtdemux1> pushing in inbuf 0xdcc51e60, neededbytes:144623, available:90635
03-06 09:27:49.958 22026 22340 D GStreamer+qtdemux: 0:02:47.042106238 0xdd2dbaf0 qtdemux.c:5700:gst_qtdemux_chain:<qtdemux1> pushing in inbuf 0xdc9a6bd8, neededbytes:144623, available:94731
03-06 09:27:49.958 22026 22340 D GStreamer+qtdemux: 0:02:47.042220873 0xdd2dbaf0 qtdemux.c:5700:gst_qtdemux_chain:<qtdemux1> pushing in inbuf 0xdcc3f1f8, neededbytes:144623, available:98827
03-06 09:27:49.958 22026 22340 D GStreamer+qtdemux: 0:02:47.042340248 0xdd2dbaf0 qtdemux.c:5700:gst_qtdemux_chain:<qtdemux1> pushing in inbuf 0xdcc59948, neededbytes:144623, available:102923
03-06 09:27:49.958 22026 22340 D GStreamer+qtdemux: 0:02:47.042451811 0xdd2dbaf0 qtdemux.c:5700:gst_qtdemux_chain:<qtdemux1> pushing in inbuf 0xdcbff5d0, neededbytes:144623, available:107019
03-06 09:27:49.959 22026 22340 D GStreamer+qtdemux: 0:02:47.042562696 0xdd2dbaf0 qtdemux.c:5700:gst_qtdemux_chain:<qtdemux1> pushing in inbuf 0xdcc51820, neededbytes:144623, available:111115
03-06 09:27:49.959 22026 22340 D GStreamer+qtdemux: 0:02:47.042673269 0xdd2dbaf0 qtdemux.c:5700:gst_qtdemux_chain:<qtdemux1> pushing in inbuf 0xdcc3f0b8, neededbytes:144623, available:115211
03-06 09:27:49.959 22026 22340 D GStreamer+qtdemux: 0:02:47.042787800 0xdd2dbaf0 qtdemux.c:5700:gst_qtdemux_chain:<qtdemux1> pushing in inbuf 0xdc979800, neededbytes:144623, available:119307
03-06 09:27:49.959 22026 22340 D GStreamer+qtdemux: 0:02:47.042915509 0xdd2dbaf0 qtdemux.c:5700:gst_qtdemux_chain:<qtdemux1> pushing in inbuf 0xdc9a5500, neededbytes:144623, available:123403
03-06 09:27:49.959 22026 22340 D GStreamer+qtdemux: 0:02:47.043032332 0xdd2dbaf0 qtdemux.c:5700:gst_qtdemux_chain:<qtdemux1> pushing in inbuf 0xdd6cd2b0, neededbytes:144623, available:127499
03-06 09:27:49.959 22026 22340 D GStreamer+qtdemux: 0:02:47.043154623 0xdd2dbaf0 qtdemux.c:5700:gst_qtdemux_chain:<qtdemux1> pushing in inbuf 0xdccff728, neededbytes:144623, available:131595
03-06 09:27:49.959 22026 22340 D GStreamer+qtdemux: 0:02:47.043272540 0xdd2dbaf0 qtdemux.c:5700:gst_qtdemux_chain:<qtdemux1> pushing in inbuf 0xdccfe0d8, neededbytes:144623, available:135691
03-06 09:27:49.959 22026 22340 D GStreamer+qtdemux: 0:02:47.043388946 0xdd2dbaf0 qtdemux.c:5700:gst_qtdemux_chain:<qtdemux1> pushing in inbuf 0xdcc51d20, neededbytes:144623, available:139787
03-06 09:27:49.960 22026 22340 D GStreamer+qtdemux: 0:02:47.043502540 0xdd2dbaf0 qtdemux.c:5700:gst_qtdemux_chain:<qtdemux1> pushing in inbuf 0xdcc59ee8, neededbytes:144623, available:143883
03-06 09:27:49.960 22026 22340 D GStreamer+qtdemux: 0:02:47.043623530 0xdd2dbaf0 qtdemux.c:5700:gst_qtdemux_chain:<qtdemux1> pushing in inbuf 0xdd6cd350, neededbytes:144623, available:147979
03-06 09:27:49.960 22026 22340 D GStreamer+qtdemux: 0:02:47.043717853 0xdd2dbaf0 qtdemux.c:5720:gst_qtdemux_process_adapter:<qtdemux1> state:2 , demux->neededbytes:144623, demux->offset:39235101
03-06 09:27:49.960 22026 22340 D GStreamer+qtdemux: 0:02:47.043804780 0xdd2dbaf0 qtdemux.c:6067:gst_qtdemux_process_adapter:<qtdemux1> BEGIN // in MOVIE for offset 39235101
03-06 09:27:49.960 22026 22340 V GStreamer+qtdemux: 0:02:47.043902071 0xdd2dbaf0 qtdemux.c:6145:gst_qtdemux_process_adapter:<qtdemux1> Checking stream 0 (sample_index:271 / offset:39235101 / size:144623)
03-06 09:27:49.960 22026 22340 D GStreamer+qtdemux: 0:02:47.043987957 0xdd2dbaf0 qtdemux.c:6163:gst_qtdemux_process_adapter:<qtdemux1> stream : avc1
03-06 09:27:49.961 22026 22340 V GStreamer+qtdemux: 0:02:47.044624571 0xdd2dbaf0 qtdemux.c:4961:gst_qtdemux_decorate_and_push_buffer:<qtdemux1> Pushing buffer with dts 0:00:05.328000000, pts 0:00:05.328000000, duration 0:00:00.019600000 on pad video_0
03-06 09:27:49.961 22026 22340 V GStreamer+qtdemux: 0:02:47.044831394 0xdd2dbaf0 qtdemux.c:4633:gst_qtdemux_combine_flows:<qtdemux1> flow return: ok
03-06 09:27:49.961 22026 22340 V GStreamer+qtdemux: 0:02:47.044927280 0xdd2dbaf0 qtdemux.c:4641:gst_qtdemux_combine_flows:<qtdemux1> combined flow return: ok
03-06 09:27:49.961 22026 22340 V GStreamer+qtdemux: 0:02:47.045018946 0xdd2dbaf0 qtdemux.c:6219:gst_qtdemux_process_adapter:<qtdemux1> increasing offset 39235101 by 144623
03-06 09:27:49.961 22026 22340 V GStreamer+qtdemux: 0:02:47.045104936 0xdd2dbaf0 qtdemux.c:6222:gst_qtdemux_process_adapter:<qtdemux1> offset is now 39379724
03-06 09:27:49.961 22026 22340 V GStreamer+qtdemux: 0:02:47.045190717 0xdd2dbaf0 qtdemux.c:5472:next_entry_size:<qtdemux1> Finding entry at offset 39379724
03-06 09:27:49.961 22026 22340 V GStreamer+qtdemux: 0:02:47.045283634 0xdd2dbaf0 qtdemux.c:7663:qtdemux_parse_samples:<qtdemux1> parsing samples for stream fourcc avc1, pad video_0
03-06 09:27:49.961 22026 22340 D GStreamer+qtdemux: 0:02:47.045377019 0xdd2dbaf0 qtdemux.c:7674:qtdemux_parse_samples:<qtdemux1> parsing up to sample 272
03-06 09:27:49.961 22026 22232 V GStreamer+qtdemux: 0:02:47.045404155 0xdd2db980 qtdemux.c:810:gst_qtdemux_handle_src_query:<qtdemux1:video_0> position query
03-06 09:27:49.961 22026 22340 V GStreamer+qtdemux: 0:02:47.045462019 0xdd2dbaf0 qtdemux.c:7700:qtdemux_parse_samples:<qtdemux1> sample 272 has size 144494
03-06 09:27:49.962 22026 22340 V GStreamer+qtdemux: 0:02:47.045563738 0xdd2dbaf0 qtdemux.c:7824:qtdemux_parse_samples:<qtdemux1> creating entry 272 with offset 39379724 and size 144494
03-06 09:27:49.962 22026 22340 V GStreamer+qtdemux: 0:02:47.045660405 0xdd2dbaf0 qtdemux.c:7868:qtdemux_parse_samples:<qtdemux1> block 0, 4 timestamps, duration 97
03-06 09:27:49.962 22026 22340 D GStreamer+qtdemux: 0:02:47.045765457 0xdd2dbaf0 qtdemux.c:7881:qtdemux_parse_samples:<qtdemux1> sample 272: index 0, timestamp 0:00:05.347600000
03-06 09:27:49.962 22026 22340 D GStreamer+qtdemux: 0:02:47.045851498 0xdd2dbaf0 qtdemux.c:7936:qtdemux_parse_samples:<qtdemux1> samples at 272 is keyframe
03-06 09:27:49.962 22026 22340 V GStreamer+qtdemux: 0:02:47.045949780 0xdd2dbaf0 qtdemux.c:5498:next_entry_size:<qtdemux1> Checking Stream 0 (sample_index:272 / offset:39379724 / size:144494)
03-06 09:27:49.962 22026 22340 V GStreamer+qtdemux: 0:02:47.046047905 0xdd2dbaf0 qtdemux.c:5509:next_entry_size:<qtdemux1> stream 0 offset 39379724 demux->offset :39379724
03-06 09:27:49.962 22026 22340 D GStreamer+qtdemux: 0:02:47.046215405 0xdd2dbaf0 qtdemux.c:5700:gst_qtdemux_chain:<qtdemux1> pushing in inbuf 0xdc9a6d18, neededbytes:144494, available:7452
03-06 09:27:49.962 22026 22340 D GStreamer+qtdemux: 0:02:47.046360248 0xdd2dbaf0 qtdemux.c:5700:gst_qtdemux_chain:<qtdemux1> pushing in inbuf 0xdcc3f298, neededbytes:144494, available:11548
03-06 09:27:49.962 22026 22340 D GStreamer+qtdemux: 0:02:47.046482228 0xdd2dbaf0 qtdemux.c:5700:gst_qtdemux_chain:<qtdemux1> pushing in inbuf 0xdcc3fdc0, neededbytes:144494, available:15644
03-06 09:27:49.963 22026 22340 D GStreamer+qtdemux: 0:02:47.046649728 0xdd2dbaf0 qtdemux.c:5700:gst_qtdemux_chain:<qtdemux1> pushing in inbuf 0xdd6cd3f0, neededbytes:144494, available:19740
03-06 09:27:49.963 22026 22342 I GStreamer+baseparse: 0:02:47.046693998 0xd73ffa90 gstbaseparse.c:3945:gst_base_parse_set_latency:<h264parse1> min/max latency 0:00:00.019480519, 0:00:00.019480519
03-06 09:27:49.963 22026 22340 D GStreamer+qtdemux: 0:02:47.046771394 0xdd2dbaf0 qtdemux.c:5700:gst_qtdemux_chain:<qtdemux1> pushing in inbuf 0xdccf3700, neededbytes:144494, available:23836
03-06 09:27:49.963 22026 22340 D GStreamer+qtdemux: 0:02:47.047017905 0xdd2dbaf0 qtdemux.c:5700:gst_qtdemux_chain:<qtdemux1> pushing in inbuf 0xdcc51b40, neededbytes:144494, available:27932
03-06 09:27:49.963 22026 22340 D GStreamer+qtdemux: 0:02:47.047368582 0xdd2dbaf0 qtdemux.c:5700:gst_qtdemux_chain:<qtdemux1> pushing in inbuf 0xdc9a5808, neededbytes:144494, available:32028
03-06 09:27:49.964 22026 22340 D GStreamer+qtdemux: 0:02:47.047557696 0xdd2dbaf0 qtdemux.c:5700:gst_qtdemux_chain:<qtdemux1> pushing in inbuf 0xdcc3f658, neededbytes:144494, available:36124
03-06 09:27:49.964 22026 22340 D GStreamer+qtdemux: 0:02:47.047808686 0xdd2dbaf0 qtdemux.c:5700:gst_qtdemux_chain:<qtdemux1> pushing in inbuf 0xdcbff2b0, neededbytes:144494, available:40220
03-06 09:27:49.964 22026 22340 D GStreamer+qtdemux: 0:02:47.047992592 0xdd2dbaf0 qtdemux.c:5700:gst_qtdemux_chain:<qtdemux1> pushing in inbuf 0xdcc3f820, neededbytes:144494, available:44316
03-06 09:27:49.964 22026 22340 D GStreamer+qtdemux: 0:02:47.048184259 0xdd2dbaf0 qtdemux.c:5700:gst_qtdemux_chain:<qtdemux1> pushing in inbuf 0xdc9a5da8, neededbytes:144494, available:48412
03-06 09:27:49.964 22026 22340 D GStreamer+qtdemux: 0:02:47.048397175 0xdd2dbaf0 qtdemux.c:5700:gst_qtdemux_chain:<qtdemux1> pushing in inbuf 0xdcc592a0, neededbytes:144494, available:52508
03-06 09:27:49.965 22026 22340 D GStreamer+qtdemux: 0:02:47.048576811 0xdd2dbaf0 qtdemux.c:5700:gst_qtdemux_chain:<qtdemux1> pushing in inbuf 0xdccf3aa8, neededbytes:144494, available:56604
03-06 09:27:49.965 22026 22340 D GStreamer+qtdemux: 0:02:47.048748894 0xdd2dbaf0 qtdemux.c:5700:gst_qtdemux_chain:<qtdemux1> pushing in inbuf 0xdccffe90, neededbytes:144494, available:60700
03-06 09:27:49.965 22026 22340 D GStreamer+qtdemux: 0:02:47.048920405 0xdd2dbaf0 qtdemux.c:5700:gst_qtdemux_chain:<qtdemux1> pushing in inbuf 0xdcbfe520, neededbytes:144494, available:64796
03-06 09:27:49.965 22026 22340 D GStreamer+qtdemux: 0:02:47.049096030 0xdd2dbaf0 qtdemux.c:5700:gst_qtdemux_chain:<qtdemux1> pushing in inbuf 0xdcbfe340, neededbytes:144494, available:68892
03-06 09:27:49.965 22026 22340 D GStreamer+qtdemux: 0:02:47.049279311 0xdd2dbaf0 qtdemux.c:5700:gst_qtdemux_chain:<qtdemux1> pushing in inbuf 0xdc9a6b38, neededbytes:144494, available:72988
03-06 09:27:49.965 22026 22340 D GStreamer+qtdemux: 0:02:47.049473009 0xdd2dbaf0 qtdemux.c:5700:gst_qtdemux_chain:<qtdemux1> pushing in inbuf 0xdc9a5640, neededbytes:144494, available:77084
03-06 09:27:49.966 22026 22340 D GStreamer+qtdemux: 0:02:47.049661394 0xdd2dbaf0 qtdemux.c:5700:gst_qtdemux_chain:<qtdemux1> pushing in inbuf 0xdcc51be0, neededbytes:144494, available:81180
03-06 09:27:49.966 22026 22340 D GStreamer+qtdemux: 0:02:47.049857905 0xdd2dbaf0 qtdemux.c:5700:gst_qtdemux_chain:<qtdemux1> pushing in inbuf 0xdcc51168, neededbytes:144494, available:85276
03-06 09:27:49.966 22026 22340 D GStreamer+qtdemux: 0:02:47.050046915 0xdd2dbaf0 qtdemux.c:5700:gst_qtdemux_chain:<qtdemux1> pushing in inbuf 0xdc9a5e48, neededbytes:144494, available:89372
03-06 09:27:49.966 22026 22340 D GStreamer+qtdemux: 0:02:47.050245196 0xdd2dbaf0 qtdemux.c:5700:gst_qtdemux_chain:<qtdemux1> pushing in inbuf 0xdcc3f3d8, neededbytes:144494, available:93468
03-06 09:27:49.966 22026 22340 D GStreamer+qtdemux: 0:02:47.050432853 0xdd2dbaf0 qtdemux.c:5700:gst_qtdemux_chain:<qtdemux1> pushing in inbuf 0xdccf3be8, neededbytes:144494, available:97564
03-06 09:27:49.967 22026 22340 D GStreamer+qtdemux: 0:02:47.050624103 0xdd2dbaf0 qtdemux.c:5700:gst_qtdemux_chain:<qtdemux1> pushing in inbuf 0xdca798d0, neededbytes:144494, available:101660
03-06 09:27:49.967 22026 22340 D GStreamer+qtdemux: 0:02:47.050813217 0xdd2dbaf0 qtdemux.c:5700:gst_qtdemux_chain:<qtdemux1> pushing in inbuf 0xdcbff030, neededbytes:144494, available:105756
03-06 09:27:49.967 22026 22340 D GStreamer+qtdemux: 0:02:47.051003842 0xdd2dbaf0 qtdemux.c:5700:gst_qtdemux_chain:<qtdemux1> pushing in inbuf 0xdcc3f018, neededbytes:144494, available:109852
03-06 09:27:49.967 22026 22340 D GStreamer+qtdemux: 0:02:47.051200873 0xdd2dbaf0 qtdemux.c:5700:gst_qtdemux_chain:<qtdemux1> pushing in inbuf 0xdc9a6650, neededbytes:144494, available:113948
03-06 09:27:49.967 22026 22340 D GStreamer+qtdemux: 0:02:47.051389311 0xdd2dbaf0 qtdemux.c:5700:gst_qtdemux_chain:<qtdemux1> pushing in inbuf 0xdc978a28, neededbytes:144494, available:118044
03-06 09:27:49.968 22026 22340 D GStreamer+qtdemux: 0:02:47.051565665 0xdd2dbaf0 qtdemux.c:5700:gst_qtdemux_chain:<qtdemux1> pushing in inbuf 0xdccfec00, neededbytes:144494, available:122140
03-06 09:27:49.968 22026 22340 D GStreamer+qtdemux: 0:02:47.051743738 0xdd2dbaf0 qtdemux.c:5700:gst_qtdemux_chain:<qtdemux1> pushing in inbuf 0xdd6cd030, neededbytes:144494, available:126236
03-06 09:27:49.968 22026 22340 D GStreamer+qtdemux: 0:02:47.051915925 0xdd2dbaf0 qtdemux.c:5700:gst_qtdemux_chain:<qtdemux1> pushing in inbuf 0xdc9a51e0, neededbytes:144494, available:130332
03-06 09:27:49.968 22026 22340 D GStreamer+qtdemux: 0:02:47.052100665 0xdd2dbaf0 qtdemux.c:5700:gst_qtdemux_chain:<qtdemux1> pushing in inbuf 0xdcbff0d0, neededbytes:144494, available:134428
03-06 09:27:49.968 22026 22340 D GStreamer+qtdemux: 0:02:47.052281967 0xdd2dbaf0 qtdemux.c:5700:gst_qtdemux_chain:<qtdemux1> pushing in inbuf 0xdcbffcb0, neededbytes:144494, available:138524
03-06 09:27:49.968 22026 22340 D GStreamer+qtdemux: 0:02:47.052469467 0xdd2dbaf0 qtdemux.c:5700:gst_qtdemux_chain:<qtdemux1> pushing in inbuf 0xdc979a80, neededbytes:144494, available:142620
03-06 09:27:49.969 22026 22340 D GStreamer+qtdemux: 0:02:47.052655821 0xdd2dbaf0 qtdemux.c:5700:gst_qtdemux_chain:<qtdemux1> pushing in inbuf 0xdcbff850, neededbytes:144494, available:146716
03-06 09:27:49.969 22026 22340 D GStreamer+qtdemux: 0:02:47.052825040 0xdd2dbaf0 qtdemux.c:5720:gst_qtdemux_process_adapter:<qtdemux1> state:2 , demux->neededbytes:144494, demux->offset:39379724
03-06 09:27:49.969 22026 22340 D GStreamer+qtdemux: 0:02:47.052983113 0xdd2dbaf0 qtdemux.c:6067:gst_qtdemux_process_adapter:<qtdemux1> BEGIN // in MOVIE for offset 39379724
03-06 09:27:49.969 22026 22340 V GStreamer+qtdemux: 0:02:47.053154571 0xdd2dbaf0 qtdemux.c:6145:gst_qtdemux_process_adapter:<qtdemux1> Checking stream 0 (sample_index:272 / offset:39379724 / size:144494)
03-06 09:27:49.969 22026 22340 D GStreamer+qtdemux: 0:02:47.053310925 0xdd2dbaf0 qtdemux.c:6163:gst_qtdemux_process_adapter:<qtdemux1> stream : avc1
03-06 09:27:49.970 22026 22340 V GStreamer+qtdemux: 0:02:47.054010353 0xdd2dbaf0 qtdemux.c:4961:gst_qtdemux_decorate_and_push_buffer:<qtdemux1> Pushing buffer with dts 0:00:05.347600000, pts 0:00:05.347600000, duration 0:00:00.019400000 on pad video_0
03-06 09:27:49.970 22026 22340 V GStreamer+qtdemux: 0:02:47.054223425 0xdd2dbaf0 qtdemux.c:4633:gst_qtdemux_combine_flows:<qtdemux1> flow return: ok
03-06 09:27:49.970 22026 22340 V GStreamer+qtdemux: 0:02:47.054377853 0xdd2dbaf0 qtdemux.c:4641:gst_qtdemux_combine_flows:<qtdemux1> combined flow return: ok
03-06 09:27:49.971 22026 22340 V GStreamer+qtdemux: 0:02:47.054541290 0xdd2dbaf0 qtdemux.c:6219:gst_qtdemux_process_adapter:<qtdemux1> increasing offset 39379724 by 144494
03-06 09:27:49.971 22026 22340 V GStreamer+qtdemux: 0:02:47.054692175 0xdd2dbaf0 qtdemux.c:6222:gst_qtdemux_process_adapter:<qtdemux1> offset is now 39524218
03-06 09:27:49.971 22026 22340 V GStreamer+qtdemux: 0:02:47.054843894 0xdd2dbaf0 qtdemux.c:5472:next_entry_size:<qtdemux1> Finding entry at offset 39524218
03-06 09:27:49.971 22026 22340 V GStreamer+qtdemux: 0:02:47.054999363 0xdd2dbaf0 qtdemux.c:7663:qtdemux_parse_samples:<qtdemux1> parsing samples for stream fourcc avc1, pad video_0
03-06 09:27:49.971 22026 22340 D GStreamer+qtdemux: 0:02:47.055146342 0xdd2dbaf0 qtdemux.c:7674:qtdemux_parse_samples:<qtdemux1> parsing up to sample 273
03-06 09:27:49.971 22026 22340 V GStreamer+qtdemux: 0:02:47.055300040 0xdd2dbaf0 qtdemux.c:7700:qtdemux_parse_samples:<qtdemux1> sample 273 has size 144333
03-06 09:27:49.971 22026 22340 V GStreamer+qtdemux: 0:02:47.055460873 0xdd2dbaf0 qtdemux.c:7824:qtdemux_parse_samples:<qtdemux1> creating entry 273 with offset 39524218 and size 144333
03-06 09:27:49.972 22026 22340 D GStreamer+qtdemux: 0:02:47.055634363 0xdd2dbaf0 qtdemux.c:7881:qtdemux_parse_samples:<qtdemux1> sample 273: index 1, timestamp 0:00:05.367000000
03-06 09:27:49.972 22026 22340 D GStreamer+qtdemux: 0:02:47.055780092 0xdd2dbaf0 qtdemux.c:7936:qtdemux_parse_samples:<qtdemux1> samples at 273 is keyframe
03-06 09:27:49.972 22026 22340 V GStreamer+qtdemux: 0:02:47.055942280 0xdd2dbaf0 qtdemux.c:5498:next_entry_size:<qtdemux1> Checking Stream 0 (sample_index:273 / offset:39524218 / size:144333)
03-06 09:27:49.972 22026 22340 V GStreamer+qtdemux: 0:02:47.056103842 0xdd2dbaf0 qtdemux.c:5509:next_entry_size:<qtdemux1> stream 0 offset 39524218 demux->offset :39524218
03-06 09:27:49.972 22026 22340 D GStreamer+qtdemux: 0:02:47.056311238 0xdd2dbaf0 qtdemux.c:5700:gst_qtdemux_chain:<qtdemux1> pushing in inbuf 0xdc9a6330, neededbytes:144333, available:6318
03-06 09:27:49.973 22026 22340 D GStreamer+qtdemux: 0:02:47.056515144 0xdd2dbaf0 qtdemux.c:5700:gst_qtdemux_chain:<qtdemux1> pushing in inbuf 0xdc9a63d0, neededbytes:144333, available:10414
03-06 09:27:49.973 22026 22340 D GStreamer+qtdemux: 0:02:47.056722488 0xdd2dbaf0 qtdemux.c:5700:gst_qtdemux_chain:<qtdemux1> pushing in inbuf 0xdccf3dc8, neededbytes:144333, available:14510
03-06 09:27:49.973 22026 22340 D GStreamer+qtdemux: 0:02:47.056928269 0xdd2dbaf0 qtdemux.c:5700:gst_qtdemux_chain:<qtdemux1> pushing in inbuf 0xdccfe2b8, neededbytes:144333, available:18606
03-06 09:27:49.973 22026 22340 D GStreamer+qtdemux: 0:02:47.057125873 0xdd2dbaf0 qtdemux.c:5700:gst_qtdemux_chain:<qtdemux1> pushing in inbuf 0xdcbfeaa8, neededbytes:144333, available:22702
