03-06 09:27:49.458 22026 22340 V GStreamer+qtdemux: 0:02:46.542280509 0xdd2dbaf0 qtdemux.c:5498:next_entry_size:<qtdemux1> Checking Stream 0 (sample_index:244 / offset:35337019 / size:144531)
03-06 09:27:49.458 22026 22340 V GStreamer+qtdemux: 0:02:46.542374103 0xdd2dbaf0 qtdemux.c:5509:next_entry_size:<qtdemux1> stream 0 offset 35337019 demux->offset :35337019
03-06 09:27:49.459 22026 22340 D GStreamer+qtdemux: 0:02:46.542558217 0xdd2dbaf0 qtdemux.c:5700:gst_qtdemux_chain:<qtdemux1> pushing in inbuf 0xdc9780e0, neededbytes:144531, available:7405
03-06 09:27:49.459 22026 22340 D GStreamer+qtdemux: 0:02:46.542690457 0xdd2dbaf0 qtdemux.c:5700:gst_qtdemux_chain:<qtdemux1> pushing in inbuf 0xdcc3f820, neededbytes:144531, available:11501
03-06 09:27:49.459 22026 22340 D GStreamer+qtdemux: 0:02:46.542814051 0xdd2dbaf0 qtdemux.c:5700:gst_qtdemux_chain:<qtdemux1> pushing in inbuf 0xdcc3e0a8, neededbytes:144531, available:15597
03-06 09:27:49.459 22026 22340 D GStreamer+qtdemux: 0:02:46.542932019 0xdd2dbaf0 qtdemux.c:5700:gst_qtdemux_chain:<qtdemux1> pushing in inbuf 0xdc979740, neededbytes:144531, available:19693
03-06 09:27:49.459 22026 22340 D GStreamer+qtdemux: 0:02:46.543055822 0xdd2dbaf0 qtdemux.c:5700:gst_qtdemux_chain:<qtdemux1> pushing in inbuf 0xdd15cef8, neededbytes:144531, available:23789
03-06 09:27:49.459 22026 22340 D GStreamer+qtdemux: 0:02:46.543174155 0xdd2dbaf0 qtdemux.c:5700:gst_qtdemux_chain:<qtdemux1> pushing in inbuf 0xdcbffcb0, neededbytes:144531, available:27885
03-06 09:27:49.459 22026 22340 D GStreamer+qtdemux: 0:02:46.543300509 0xdd2dbaf0 qtdemux.c:5700:gst_qtdemux_chain:<qtdemux1> pushing in inbuf 0xdc979a80, neededbytes:144531, available:31981
03-06 09:27:49.459 22026 22340 D GStreamer+qtdemux: 0:02:46.543430405 0xdd2dbaf0 qtdemux.c:5700:gst_qtdemux_chain:<qtdemux1> pushing in inbuf 0xdcbff850, neededbytes:144531, available:36077
03-06 09:27:49.460 22026 22340 D GStreamer+qtdemux: 0:02:46.543548842 0xdd2dbaf0 qtdemux.c:5700:gst_qtdemux_chain:<qtdemux1> pushing in inbuf 0xdc9a6330, neededbytes:144531, available:40173
03-06 09:27:49.460 22026 22340 D GStreamer+qtdemux: 0:02:46.543656863 0xdd2dbaf0 qtdemux.c:5700:gst_qtdemux_chain:<qtdemux1> pushing in inbuf 0xdc9a63d0, neededbytes:144531, available:44269
03-06 09:27:49.460 22026 22342 I GStreamer+baseparse: 0:02:46.543678894 0xd73ffa90 gstbaseparse.c:3945:gst_base_parse_set_latency:<h264parse1> min/max latency 0:00:00.019480519, 0:00:00.019480519
03-06 09:27:49.460 22026 22340 D GStreamer+qtdemux: 0:02:46.543765926 0xdd2dbaf0 qtdemux.c:5700:gst_qtdemux_chain:<qtdemux1> pushing in inbuf 0xdccf3dc8, neededbytes:144531, available:48365
03-06 09:27:49.460 22026 22340 D GStreamer+qtdemux: 0:02:46.543886342 0xdd2dbaf0 qtdemux.c:5700:gst_qtdemux_chain:<qtdemux1> pushing in inbuf 0xdca79970, neededbytes:144531, available:52461
03-06 09:27:49.460 22026 22340 D GStreamer+qtdemux: 0:02:46.544016342 0xdd2dbaf0 qtdemux.c:5700:gst_qtdemux_chain:<qtdemux1> pushing in inbuf 0xdcc59808, neededbytes:144531, available:56557
03-06 09:27:49.460 22026 22340 D GStreamer+qtdemux: 0:02:46.544136655 0xdd2dbaf0 qtdemux.c:5700:gst_qtdemux_chain:<qtdemux1> pushing in inbuf 0xdcc51be0, neededbytes:144531, available:60653
03-06 09:27:49.460 22026 22340 D GStreamer+qtdemux: 0:02:46.544245926 0xdd2dbaf0 qtdemux.c:5700:gst_qtdemux_chain:<qtdemux1> pushing in inbuf 0xdcc51168, neededbytes:144531, available:64749
03-06 09:27:49.460 22026 22340 D GStreamer+qtdemux: 0:02:46.544365405 0xdd2dbaf0 qtdemux.c:5700:gst_qtdemux_chain:<qtdemux1> pushing in inbuf 0xdcc3e3c8, neededbytes:144531, available:68845
03-06 09:27:49.460 22026 22340 D GStreamer+qtdemux: 0:02:46.544485197 0xdd2dbaf0 qtdemux.c:5700:gst_qtdemux_chain:<qtdemux1> pushing in inbuf 0xdc978d48, neededbytes:144531, available:72941
03-06 09:27:49.461 22026 22340 D GStreamer+qtdemux: 0:02:46.544622280 0xdd2dbaf0 qtdemux.c:5700:gst_qtdemux_chain:<qtdemux1> pushing in inbuf 0xdcbfebe8, neededbytes:144531, available:77037
03-06 09:27:49.461 22026 22340 D GStreamer+qtdemux: 0:02:46.544748113 0xdd2dbaf0 qtdemux.c:5700:gst_qtdemux_chain:<qtdemux1> pushing in inbuf 0xdc978540, neededbytes:144531, available:81133
03-06 09:27:49.461 22026 22340 D GStreamer+qtdemux: 0:02:46.544878217 0xdd2dbaf0 qtdemux.c:5700:gst_qtdemux_chain:<qtdemux1> pushing in inbuf 0xdccf3160, neededbytes:144531, available:85229
03-06 09:27:49.461 22026 22340 D GStreamer+qtdemux: 0:02:46.545004728 0xdd2dbaf0 qtdemux.c:5700:gst_qtdemux_chain:<qtdemux1> pushing in inbuf 0xdcbfe3e0, neededbytes:144531, available:89325
03-06 09:27:49.461 22026 22340 D GStreamer+qtdemux: 0:02:46.545126134 0xdd2dbaf0 qtdemux.c:5700:gst_qtdemux_chain:<qtdemux1> pushing in inbuf 0xdcc3e508, neededbytes:144531, available:93421
03-06 09:27:49.461 22026 22340 D GStreamer+qtdemux: 0:02:46.545255353 0xdd2dbaf0 qtdemux.c:5700:gst_qtdemux_chain:<qtdemux1> pushing in inbuf 0xdc9a6290, neededbytes:144531, available:97517
03-06 09:27:49.461 22026 22340 D GStreamer+qtdemux: 0:02:46.545364728 0xdd2dbaf0 qtdemux.c:5700:gst_qtdemux_chain:<qtdemux1> pushing in inbuf 0xdccffad0, neededbytes:144531, available:101613
03-06 09:27:49.461 22026 22340 D GStreamer+qtdemux: 0:02:46.545471499 0xdd2dbaf0 qtdemux.c:5700:gst_qtdemux_chain:<qtdemux1> pushing in inbuf 0xdcc3e648, neededbytes:144531, available:105709
03-06 09:27:49.462 22026 22340 D GStreamer+qtdemux: 0:02:46.545583322 0xdd2dbaf0 qtdemux.c:5700:gst_qtdemux_chain:<qtdemux1> pushing in inbuf 0xdcbffe90, neededbytes:144531, available:109805
03-06 09:27:49.462 22026 22340 D GStreamer+qtdemux: 0:02:46.545764780 0xdd2dbaf0 qtdemux.c:5700:gst_qtdemux_chain:<qtdemux1> pushing in inbuf 0xdcc3e950, neededbytes:144531, available:113901
03-06 09:27:49.462 22026 22342 I GStreamer+baseparse: 0:02:46.545829728 0xd73ffa90 gstbaseparse.c:3945:gst_base_parse_set_latency:<h264parse1> min/max latency 0:00:00.019480519, 0:00:00.019480519
03-06 09:27:49.462 22026 22340 D GStreamer+qtdemux: 0:02:46.545870613 0xdd2dbaf0 qtdemux.c:5700:gst_qtdemux_chain:<qtdemux1> pushing in inbuf 0xdc9a5b28, neededbytes:144531, available:117997
03-06 09:27:49.462 22026 22340 D GStreamer+qtdemux: 0:02:46.546012019 0xdd2dbaf0 qtdemux.c:5700:gst_qtdemux_chain:<qtdemux1> pushing in inbuf 0xdd15c958, neededbytes:144531, available:122093
03-06 09:27:49.462 22026 22340 D GStreamer+qtdemux: 0:02:46.546136134 0xdd2dbaf0 qtdemux.c:5700:gst_qtdemux_chain:<qtdemux1> pushing in inbuf 0xdcc59bc8, neededbytes:144531, available:126189
03-06 09:27:49.462 22026 22340 D GStreamer+qtdemux: 0:02:46.546256707 0xdd2dbaf0 qtdemux.c:5700:gst_qtdemux_chain:<qtdemux1> pushing in inbuf 0xdc9a5d08, neededbytes:144531, available:130285
03-06 09:27:49.462 22026 22340 D GStreamer+qtdemux: 0:02:46.546371551 0xdd2dbaf0 qtdemux.c:5700:gst_qtdemux_chain:<qtdemux1> pushing in inbuf 0xdccfe5d8, neededbytes:144531, available:134381
03-06 09:27:49.463 22026 22340 D GStreamer+qtdemux: 0:02:46.546492592 0xdd2dbaf0 qtdemux.c:5700:gst_qtdemux_chain:<qtdemux1> pushing in inbuf 0xdccfeca0, neededbytes:144531, available:138477
03-06 09:27:49.463 22026 22340 D GStreamer+qtdemux: 0:02:46.546611707 0xdd2dbaf0 qtdemux.c:5700:gst_qtdemux_chain:<qtdemux1> pushing in inbuf 0xdc9784a0, neededbytes:144531, available:142573
03-06 09:27:49.463 22026 22340 D GStreamer+qtdemux: 0:02:46.546734259 0xdd2dbaf0 qtdemux.c:5700:gst_qtdemux_chain:<qtdemux1> pushing in inbuf 0xdcbfeaa8, neededbytes:144531, available:146669
03-06 09:27:49.463 22026 22340 D GStreamer+qtdemux: 0:02:46.546832957 0xdd2dbaf0 qtdemux.c:5720:gst_qtdemux_process_adapter:<qtdemux1> state:2 , demux->neededbytes:144531, demux->offset:35337019
03-06 09:27:49.463 22026 22340 D GStreamer+qtdemux: 0:02:46.546920144 0xdd2dbaf0 qtdemux.c:6067:gst_qtdemux_process_adapter:<qtdemux1> BEGIN // in MOVIE for offset 35337019
03-06 09:27:49.463 22026 22340 V GStreamer+qtdemux: 0:02:46.547015144 0xdd2dbaf0 qtdemux.c:6145:gst_qtdemux_process_adapter:<qtdemux1> Checking stream 0 (sample_index:244 / offset:35337019 / size:144531)
03-06 09:27:49.463 22026 22340 D GStreamer+qtdemux: 0:02:46.547101655 0xdd2dbaf0 qtdemux.c:6163:gst_qtdemux_process_adapter:<qtdemux1> stream : avc1
03-06 09:27:49.464 22026 22342 I GStreamer+baseparse: 0:02:46.547953842 0xd73ffa90 gstbaseparse.c:3945:gst_base_parse_set_latency:<h264parse1> min/max latency 0:00:00.019480519, 0:00:00.019480519
03-06 09:27:49.465 22026 22340 V GStreamer+qtdemux: 0:02:46.548793061 0xdd2dbaf0 qtdemux.c:4961:gst_qtdemux_decorate_and_push_buffer:<qtdemux1> Pushing buffer with dts 0:00:04.803000000, pts 0:00:04.803000000, duration 0:00:00.019400000 on pad video_0
03-06 09:27:49.465 22026 22340 V GStreamer+qtdemux: 0:02:46.548977072 0xdd2dbaf0 qtdemux.c:4633:gst_qtdemux_combine_flows:<qtdemux1> flow return: ok
03-06 09:27:49.465 22026 22340 V GStreamer+qtdemux: 0:02:46.549061394 0xdd2dbaf0 qtdemux.c:4641:gst_qtdemux_combine_flows:<qtdemux1> combined flow return: ok
03-06 09:27:49.465 22026 22340 V GStreamer+qtdemux: 0:02:46.549150665 0xdd2dbaf0 qtdemux.c:6219:gst_qtdemux_process_adapter:<qtdemux1> increasing offset 35337019 by 144531
03-06 09:27:49.465 22026 22340 V GStreamer+qtdemux: 0:02:46.549232853 0xdd2dbaf0 qtdemux.c:6222:gst_qtdemux_process_adapter:<qtdemux1> offset is now 35481550
03-06 09:27:49.465 22026 22340 V GStreamer+qtdemux: 0:02:46.549315092 0xdd2dbaf0 qtdemux.c:5472:next_entry_size:<qtdemux1> Finding entry at offset 35481550
03-06 09:27:49.465 22026 22340 V GStreamer+qtdemux: 0:02:46.549405978 0xdd2dbaf0 qtdemux.c:7663:qtdemux_parse_samples:<qtdemux1> parsing samples for stream fourcc avc1, pad video_0
03-06 09:27:49.465 22026 22340 D GStreamer+qtdemux: 0:02:46.549487280 0xdd2dbaf0 qtdemux.c:7674:qtdemux_parse_samples:<qtdemux1> parsing up to sample 245
03-06 09:27:49.466 22026 22340 V GStreamer+qtdemux: 0:02:46.549571967 0xdd2dbaf0 qtdemux.c:7700:qtdemux_parse_samples:<qtdemux1> sample 245 has size 144045
03-06 09:27:49.466 22026 22340 V GStreamer+qtdemux: 0:02:46.549662488 0xdd2dbaf0 qtdemux.c:7824:qtdemux_parse_samples:<qtdemux1> creating entry 245 with offset 35481550 and size 144045
03-06 09:27:49.466 22026 22340 V GStreamer+qtdemux: 0:02:46.549748686 0xdd2dbaf0 qtdemux.c:7868:qtdemux_parse_samples:<qtdemux1> block 0, 1 timestamps, duration 98
03-06 09:27:49.466 22026 22340 D GStreamer+qtdemux: 0:02:46.549846290 0xdd2dbaf0 qtdemux.c:7881:qtdemux_parse_samples:<qtdemux1> sample 245: index 0, timestamp 0:00:04.822400000
03-06 09:27:49.466 22026 22340 D GStreamer+qtdemux: 0:02:46.549929259 0xdd2dbaf0 qtdemux.c:7936:qtdemux_parse_samples:<qtdemux1> samples at 245 is keyframe
03-06 09:27:49.466 22026 22340 V GStreamer+qtdemux: 0:02:46.550020613 0xdd2dbaf0 qtdemux.c:5498:next_entry_size:<qtdemux1> Checking Stream 0 (sample_index:245 / offset:35481550 / size:144045)
03-06 09:27:49.466 22026 22340 V GStreamer+qtdemux: 0:02:46.550111863 0xdd2dbaf0 qtdemux.c:5509:next_entry_size:<qtdemux1> stream 0 offset 35481550 demux->offset :35481550
03-06 09:27:49.466 22026 22340 D GStreamer+qtdemux: 0:02:46.550252384 0xdd2dbaf0 qtdemux.c:5700:gst_qtdemux_chain:<qtdemux1> pushing in inbuf 0xdccfe2b8, neededbytes:144045, available:6234
03-06 09:27:49.466 22026 22340 D GStreamer+qtdemux: 0:02:46.550368165 0xdd2dbaf0 qtdemux.c:5700:gst_qtdemux_chain:<qtdemux1> pushing in inbuf 0xdcc3fb40, neededbytes:144045, available:10330
03-06 09:27:49.466 22026 22340 D GStreamer+qtdemux: 0:02:46.550484415 0xdd2dbaf0 qtdemux.c:5700:gst_qtdemux_chain:<qtdemux1> pushing in inbuf 0xdc9a6818, neededbytes:144045, available:14426
03-06 09:27:49.467 22026 22340 D GStreamer+qtdemux: 0:02:46.550602072 0xdd2dbaf0 qtdemux.c:5700:gst_qtdemux_chain:<qtdemux1> pushing in inbuf 0xdc978c08, neededbytes:144045, available:18522
03-06 09:27:49.467 22026 22340 D GStreamer+qtdemux: 0:02:46.550714467 0xdd2dbaf0 qtdemux.c:5700:gst_qtdemux_chain:<qtdemux1> pushing in inbuf 0xdccf3f08, neededbytes:144045, available:22618
03-06 09:27:49.467 22026 22340 D GStreamer+qtdemux: 0:02:46.550828478 0xdd2dbaf0 qtdemux.c:5700:gst_qtdemux_chain:<qtdemux1> pushing in inbuf 0xdcbfeb48, neededbytes:144045, available:26714
03-06 09:27:49.467 22026 22340 D GStreamer+qtdemux: 0:02:46.550942697 0xdd2dbaf0 qtdemux.c:5700:gst_qtdemux_chain:<qtdemux1> pushing in inbuf 0xdcc3faa0, neededbytes:144045, available:30810
03-06 09:27:49.467 22026 22340 D GStreamer+qtdemux: 0:02:46.551055301 0xdd2dbaf0 qtdemux.c:5700:gst_qtdemux_chain:<qtdemux1> pushing in inbuf 0xdcbfe2a0, neededbytes:144045, available:34906
03-06 09:27:49.467 22026 22340 D GStreamer+qtdemux: 0:02:46.551169103 0xdd2dbaf0 qtdemux.c:5700:gst_qtdemux_chain:<qtdemux1> pushing in inbuf 0xdcc59c68, neededbytes:144045, available:39002
03-06 09:27:49.467 22026 22340 D GStreamer+qtdemux: 0:02:46.551282332 0xdd2dbaf0 qtdemux.c:5700:gst_qtdemux_chain:<qtdemux1> pushing in inbuf 0xdcc3f158, neededbytes:144045, available:43098
03-06 09:27:49.467 22026 22340 D GStreamer+qtdemux: 0:02:46.551404572 0xdd2dbaf0 qtdemux.c:5700:gst_qtdemux_chain:<qtdemux1> pushing in inbuf 0xdccf33e0, neededbytes:144045, available:47194
03-06 09:27:49.468 22026 22340 D GStreamer+qtdemux: 0:02:46.551517384 0xdd2dbaf0 qtdemux.c:5700:gst_qtdemux_chain:<qtdemux1> pushing in inbuf 0xdccf30c0, neededbytes:144045, available:51290
03-06 09:27:49.468 22026 22340 D GStreamer+qtdemux: 0:02:46.551642905 0xdd2dbaf0 qtdemux.c:5700:gst_qtdemux_chain:<qtdemux1> pushing in inbuf 0xdccfeac0, neededbytes:144045, available:55386
03-06 09:27:49.468 22026 22340 D GStreamer+qtdemux: 0:02:46.551759259 0xdd2dbaf0 qtdemux.c:5700:gst_qtdemux_chain:<qtdemux1> pushing in inbuf 0xdccfef20, neededbytes:144045, available:59482
03-06 09:27:49.468 22026 22340 D GStreamer+qtdemux: 0:02:46.551866238 0xdd2dbaf0 qtdemux.c:5700:gst_qtdemux_chain:<qtdemux1> pushing in inbuf 0xdc9a6150, neededbytes:144045, available:63578
03-06 09:27:49.468 22026 22340 D GStreamer+qtdemux: 0:02:46.551971915 0xdd2dbaf0 qtdemux.c:5700:gst_qtdemux_chain:<qtdemux1> pushing in inbuf 0xdc9a53c0, neededbytes:144045, available:67674
03-06 09:27:49.468 22026 22340 D GStreamer+qtdemux: 0:02:46.552097697 0xdd2dbaf0 qtdemux.c:5700:gst_qtdemux_chain:<qtdemux1> pushing in inbuf 0xdcbff3f0, neededbytes:144045, available:71770
03-06 09:27:49.468 22026 22340 D GStreamer+qtdemux: 0:02:46.552214728 0xdd2dbaf0 qtdemux.c:5700:gst_qtdemux_chain:<qtdemux1> pushing in inbuf 0xdccf3520, neededbytes:144045, available:75866
03-06 09:27:49.468 22026 22340 D GStreamer+qtdemux: 0:02:46.552340874 0xdd2dbaf0 qtdemux.c:5700:gst_qtdemux_chain:<qtdemux1> pushing in inbuf 0xdccf3a08, neededbytes:144045, available:79962
03-06 09:27:49.468 22026 22340 D GStreamer+qtdemux: 0:02:46.552457436 0xdd2dbaf0 qtdemux.c:5700:gst_qtdemux_chain:<qtdemux1> pushing in inbuf 0xdca79c90, neededbytes:144045, available:84058
03-06 09:27:49.469 22026 22340 D GStreamer+qtdemux: 0:02:46.552572436 0xdd2dbaf0 qtdemux.c:5700:gst_qtdemux_chain:<qtdemux1> pushing in inbuf 0xdcbfe8c8, neededbytes:144045, available:88154
03-06 09:27:49.469 22026 22340 D GStreamer+qtdemux: 0:02:46.552689728 0xdd2dbaf0 qtdemux.c:5700:gst_qtdemux_chain:<qtdemux1> pushing in inbuf 0xdd15c8b8, neededbytes:144045, available:92250
03-06 09:27:49.469 22026 22340 D GStreamer+qtdemux: 0:02:46.552804259 0xdd2dbaf0 qtdemux.c:5700:gst_qtdemux_chain:<qtdemux1> pushing in inbuf 0xdc977828, neededbytes:144045, available:96346
03-06 09:27:49.469 22026 22340 D GStreamer+qtdemux: 0:02:46.552919988 0xdd2dbaf0 qtdemux.c:5700:gst_qtdemux_chain:<qtdemux1> pushing in inbuf 0xdc9a6a98, neededbytes:144045, available:100442
03-06 09:27:49.469 22026 22340 D GStreamer+qtdemux: 0:02:46.553032957 0xdd2dbaf0 qtdemux.c:5700:gst_qtdemux_chain:<qtdemux1> pushing in inbuf 0xdc979600, neededbytes:144045, available:104538
03-06 09:27:49.469 22026 22340 D GStreamer+qtdemux: 0:02:46.553242592 0xdd2dbaf0 qtdemux.c:5700:gst_qtdemux_chain:<qtdemux1> pushing in inbuf 0xdca79d30, neededbytes:144045, available:108634
03-06 09:27:49.469 22026 22340 D GStreamer+qtdemux: 0:02:46.553357488 0xdd2dbaf0 qtdemux.c:5700:gst_qtdemux_chain:<qtdemux1> pushing in inbuf 0xdc979c60, neededbytes:144045, available:112730
03-06 09:27:49.469 22026 22340 D GStreamer+qtdemux: 0:02:46.553479988 0xdd2dbaf0 qtdemux.c:5700:gst_qtdemux_chain:<qtdemux1> pushing in inbuf 0xdc9796a0, neededbytes:144045, available:116826
03-06 09:27:49.470 22026 22340 D GStreamer+qtdemux: 0:02:46.553605874 0xdd2dbaf0 qtdemux.c:5700:gst_qtdemux_chain:<qtdemux1> pushing in inbuf 0xdcc3fc80, neededbytes:144045, available:120922
03-06 09:27:49.470 22026 22340 D GStreamer+qtdemux: 0:02:46.553720301 0xdd2dbaf0 qtdemux.c:5700:gst_qtdemux_chain:<qtdemux1> pushing in inbuf 0xdc9799e0, neededbytes:144045, available:125018
03-06 09:27:49.470 22026 22340 D GStreamer+qtdemux: 0:02:46.553833999 0xdd2dbaf0 qtdemux.c:5700:gst_qtdemux_chain:<qtdemux1> pushing in inbuf 0xdcc51028, neededbytes:144045, available:129114
03-06 09:27:49.470 22026 22340 D GStreamer+qtdemux: 0:02:46.553947280 0xdd2dbaf0 qtdemux.c:5700:gst_qtdemux_chain:<qtdemux1> pushing in inbuf 0xdcc3f6f8, neededbytes:144045, available:133210
03-06 09:27:49.470 22026 22340 D GStreamer+qtdemux: 0:02:46.554060457 0xdd2dbaf0 qtdemux.c:5700:gst_qtdemux_chain:<qtdemux1> pushing in inbuf 0xdc9a6e58, neededbytes:144045, available:137306
03-06 09:27:49.470 22026 22340 D GStreamer+qtdemux: 0:02:46.554175457 0xdd2dbaf0 qtdemux.c:5700:gst_qtdemux_chain:<qtdemux1> pushing in inbuf 0xdccf3660, neededbytes:144045, available:141402
03-06 09:27:49.470 22026 22340 D GStreamer+qtdemux: 0:02:46.554287853 0xdd2dbaf0 qtdemux.c:5700:gst_qtdemux_chain:<qtdemux1> pushing in inbuf 0xdcc3fe60, neededbytes:144045, available:145498
03-06 09:27:49.470 22026 22340 D GStreamer+qtdemux: 0:02:46.554385822 0xdd2dbaf0 qtdemux.c:5720:gst_qtdemux_process_adapter:<qtdemux1> state:2 , demux->neededbytes:144045, demux->offset:35481550
03-06 09:27:49.470 22026 22340 D GStreamer+qtdemux: 0:02:46.554471238 0xdd2dbaf0 qtdemux.c:6067:gst_qtdemux_process_adapter:<qtdemux1> BEGIN // in MOVIE for offset 35481550
03-06 09:27:49.471 22026 22340 V GStreamer+qtdemux: 0:02:46.554566186 0xdd2dbaf0 qtdemux.c:6145:gst_qtdemux_process_adapter:<qtdemux1> Checking stream 0 (sample_index:245 / offset:35481550 / size:144045)
03-06 09:27:49.471 22026 22340 D GStreamer+qtdemux: 0:02:46.554653374 0xdd2dbaf0 qtdemux.c:6163:gst_qtdemux_process_adapter:<qtdemux1> stream : avc1
03-06 09:27:49.471 22026 22340 V GStreamer+qtdemux: 0:02:46.555192697 0xdd2dbaf0 qtdemux.c:4961:gst_qtdemux_decorate_and_push_buffer:<qtdemux1> Pushing buffer with dts 0:00:04.822400000, pts 0:00:04.822400000, duration 0:00:00.019600000 on pad video_0
03-06 09:27:49.471 22026 22340 V GStreamer+qtdemux: 0:02:46.555324572 0xdd2dbaf0 qtdemux.c:4633:gst_qtdemux_combine_flows:<qtdemux1> flow return: ok
03-06 09:27:49.471 22026 22340 V GStreamer+qtdemux: 0:02:46.555405978 0xdd2dbaf0 qtdemux.c:4641:gst_qtdemux_combine_flows:<qtdemux1> combined flow return: ok
03-06 09:27:49.472 22026 22340 V GStreamer+qtdemux: 0:02:46.555498165 0xdd2dbaf0 qtdemux.c:6219:gst_qtdemux_process_adapter:<qtdemux1> increasing offset 35481550 by 144045
03-06 09:27:49.472 22026 22340 V GStreamer+qtdemux: 0:02:46.555583165 0xdd2dbaf0 qtdemux.c:6222:gst_qtdemux_process_adapter:<qtdemux1> offset is now 35625595
03-06 09:27:49.472 22026 22340 V GStreamer+qtdemux: 0:02:46.555774936 0xdd2dbaf0 qtdemux.c:5472:next_entry_size:<qtdemux1> Finding entry at offset 35625595
03-06 09:27:49.472 22026 22340 V GStreamer+qtdemux: 0:02:46.555867853 0xdd2dbaf0 qtdemux.c:7663:qtdemux_parse_samples:<qtdemux1> parsing samples for stream fourcc avc1, pad video_0
03-06 09:27:49.472 22026 22340 D GStreamer+qtdemux: 0:02:46.555953478 0xdd2dbaf0 qtdemux.c:7674:qtdemux_parse_samples:<qtdemux1> parsing up to sample 246
03-06 09:27:49.472 22026 22340 V GStreamer+qtdemux: 0:02:46.556039832 0xdd2dbaf0 qtdemux.c:7700:qtdemux_parse_samples:<qtdemux1> sample 246 has size 144304
03-06 09:27:49.472 22026 22340 V GStreamer+qtdemux: 0:02:46.556130405 0xdd2dbaf0 qtdemux.c:7824:qtdemux_parse_samples:<qtdemux1> creating entry 246 with offset 35625595 and size 144304
03-06 09:27:49.472 22026 22340 V GStreamer+qtdemux: 0:02:46.556216655 0xdd2dbaf0 qtdemux.c:7868:qtdemux_parse_samples:<qtdemux1> block 0, 2 timestamps, duration 97
03-06 09:27:49.472 22026 22340 D GStreamer+qtdemux: 0:02:46.556319155 0xdd2dbaf0 qtdemux.c:7881:qtdemux_parse_samples:<qtdemux1> sample 246: index 0, timestamp 0:00:04.842000000
03-06 09:27:49.472 22026 22340 D GStreamer+qtdemux: 0:02:46.556402280 0xdd2dbaf0 qtdemux.c:7936:qtdemux_parse_samples:<qtdemux1> samples at 246 is keyframe
03-06 09:27:49.473 22026 22340 V GStreamer+qtdemux: 0:02:46.556494207 0xdd2dbaf0 qtdemux.c:5498:next_entry_size:<qtdemux1> Checking Stream 0 (sample_index:246 / offset:35625595 / size:144304)
03-06 09:27:49.473 22026 22340 V GStreamer+qtdemux: 0:02:46.556600561 0xdd2dbaf0 qtdemux.c:5509:next_entry_size:<qtdemux1> stream 0 offset 35625595 demux->offset :35625595
03-06 09:27:49.473 22026 22340 D GStreamer+qtdemux: 0:02:46.556759519 0xdd2dbaf0 qtdemux.c:5700:gst_qtdemux_chain:<qtdemux1> pushing in inbuf 0xdccff688, neededbytes:144304, available:5549
03-06 09:27:49.473 22026 22340 D GStreamer+qtdemux: 0:02:46.556880769 0xdd2dbaf0 qtdemux.c:5700:gst_qtdemux_chain:<qtdemux1> pushing in inbuf 0xdcc3eef0, neededbytes:144304, available:9645
03-06 09:27:49.473 22026 22340 D GStreamer+qtdemux: 0:02:46.557006030 0xdd2dbaf0 qtdemux.c:5700:gst_qtdemux_chain:<qtdemux1> pushing in inbuf 0xdc9a58a8, neededbytes:144304, available:13741
03-06 09:27:49.473 22026 22340 D GStreamer+qtdemux: 0:02:46.557124728 0xdd2dbaf0 qtdemux.c:5700:gst_qtdemux_chain:<qtdemux1> pushing in inbuf 0xdca79830, neededbytes:144304, available:17837
03-06 09:27:49.473 22026 22340 D GStreamer+qtdemux: 0:02:46.557240040 0xdd2dbaf0 qtdemux.c:5700:gst_qtdemux_chain:<qtdemux1> pushing in inbuf 0xdcc3f5b8, neededbytes:144304, available:21933
03-06 09:27:49.473 22026 22340 D GStreamer+qtdemux: 0:02:46.557356551 0xdd2dbaf0 qtdemux.c:5700:gst_qtdemux_chain:<qtdemux1> pushing in inbuf 0xdc9798a0, neededbytes:144304, available:26029
03-06 09:27:49.473 22026 22340 D GStreamer+qtdemux: 0:02:46.557474363 0xdd2dbaf0 qtdemux.c:5700:gst_qtdemux_chain:<qtdemux1> pushing in inbuf 0xdccfea20, neededbytes:144304, available:30125
03-06 09:27:49.474 22026 22340 D GStreamer+qtdemux: 0:02:46.557709051 0xdd2dbaf0 qtdemux.c:5700:gst_qtdemux_chain:<qtdemux1> pushing in inbuf 0xdc979060, neededbytes:144304, available:34221
03-06 09:27:49.474 22026 22340 D GStreamer+qtdemux: 0:02:46.557884363 0xdd2dbaf0 qtdemux.c:5700:gst_qtdemux_chain:<qtdemux1> pushing in inbuf 0xdc977be8, neededbytes:144304, available:38317
03-06 09:27:49.474 22026 22340 D GStreamer+qtdemux: 0:02:46.558240717 0xdd2dbaf0 qtdemux.c:5700:gst_qtdemux_chain:<qtdemux1> pushing in inbuf 0xdc9791a0, neededbytes:144304, available:42413
03-06 09:27:49.474 22026 22340 D GStreamer+qtdemux: 0:02:46.558422072 0xdd2dbaf0 qtdemux.c:5700:gst_qtdemux_chain:<qtdemux1> pushing in inbuf 0xdca792a8, neededbytes:144304, available:46509
03-06 09:27:49.475 22026 22340 D GStreamer+qtdemux: 0:02:46.558598790 0xdd2dbaf0 qtdemux.c:5700:gst_qtdemux_chain:<qtdemux1> pushing in inbuf 0xdca79e70, neededbytes:144304, available:50605
03-06 09:27:49.475 22026 22340 D GStreamer+qtdemux: 0:02:46.558778738 0xdd2dbaf0 qtdemux.c:5700:gst_qtdemux_chain:<qtdemux1> pushing in inbuf 0xdc9a5460, neededbytes:144304, available:54701
03-06 09:27:49.475 22026 22340 D GStreamer+qtdemux: 0:02:46.558961863 0xdd2dbaf0 qtdemux.c:5700:gst_qtdemux_chain:<qtdemux1> pushing in inbuf 0xdd15cdb8, neededbytes:144304, available:58797
03-06 09:27:49.475 22026 22340 D GStreamer+qtdemux: 0:02:46.559140301 0xdd2dbaf0 qtdemux.c:5700:gst_qtdemux_chain:<qtdemux1> pushing in inbuf 0xdcc3ea90, neededbytes:144304, available:62893
03-06 09:27:49.475 22026 22232 V GStreamer+qtdemux: 0:02:46.559192957 0xdd2db980 qtdemux.c:810:gst_qtdemux_handle_src_query:<qtdemux1:video_0> position query
03-06 09:27:49.475 22026 22340 D GStreamer+qtdemux: 0:02:46.559318947 0xdd2dbaf0 qtdemux.c:5700:gst_qtdemux_chain:<qtdemux1> pushing in inbuf 0xdccf3200, neededbytes:144304, available:66989
03-06 09:27:49.476 22026 22340 D GStreamer+qtdemux: 0:02:46.559487072 0xdd2dbaf0 qtdemux.c:5700:gst_qtdemux_chain:<qtdemux1> pushing in inbuf 0xdd15cd18, neededbytes:144304, available:71085
03-06 09:27:49.476 22026 22340 D GStreamer+qtdemux: 0:02:46.559661551 0xdd2dbaf0 qtdemux.c:5700:gst_qtdemux_chain:<qtdemux1> pushing in inbuf 0xdca79348, neededbytes:144304, available:75181
03-06 09:27:49.476 22026 22340 D GStreamer+qtdemux: 0:02:46.559819572 0xdd2dbaf0 qtdemux.c:5700:gst_qtdemux_chain:<qtdemux1> pushing in inbuf 0xdccfe3f8, neededbytes:144304, available:79277
03-06 09:27:49.476 22026 22340 D GStreamer+qtdemux: 0:02:46.559986863 0xdd2dbaf0 qtdemux.c:5700:gst_qtdemux_chain:<qtdemux1> pushing in inbuf 0xdccf3020, neededbytes:144304, available:83373
03-06 09:27:49.476 22026 22340 D GStreamer+qtdemux: 0:02:46.560137124 0xdd2dbaf0 qtdemux.c:5700:gst_qtdemux_chain:<qtdemux1> pushing in inbuf 0xdd15c9f8, neededbytes:144304, available:87469
03-06 09:27:49.476 22026 22342 I GStreamer+baseparse: 0:02:46.560245353 0xd73ffa90 gstbaseparse.c:3945:gst_base_parse_set_latency:<h264parse1> min/max latency 0:00:00.019480519, 0:00:00.019480519
03-06 09:27:49.476 22026 22340 D GStreamer+qtdemux: 0:02:46.560284780 0xdd2dbaf0 qtdemux.c:5700:gst_qtdemux_chain:<qtdemux1> pushing in inbuf 0xdc9a50a0, neededbytes:144304, available:91565
03-06 09:27:49.476 22026 22340 D GStreamer+qtdemux: 0:02:46.560467592 0xdd2dbaf0 qtdemux.c:5700:gst_qtdemux_chain:<qtdemux1> pushing in inbuf 0xdd15ce58, neededbytes:144304, available:95661
03-06 09:27:49.477 22026 22340 D GStreamer+qtdemux: 0:02:46.560631603 0xdd2dbaf0 qtdemux.c:5700:gst_qtdemux_chain:<qtdemux1> pushing in inbuf 0xdc9a51e0, neededbytes:144304, available:99757
03-06 09:27:49.477 22026 22340 D GStreamer+qtdemux: 0:02:46.560796447 0xdd2dbaf0 qtdemux.c:5700:gst_qtdemux_chain:<qtdemux1> pushing in inbuf 0xdc9a66f0, neededbytes:144304, available:103853
03-06 09:27:49.477 22026 22340 D GStreamer+qtdemux: 0:02:46.560964363 0xdd2dbaf0 qtdemux.c:5700:gst_qtdemux_chain:<qtdemux1> pushing in inbuf 0xdcbfe968, neededbytes:144304, available:107949
03-06 09:27:49.477 22026 22340 D GStreamer+qtdemux: 0:02:46.561145561 0xdd2dbaf0 qtdemux.c:5700:gst_qtdemux_chain:<qtdemux1> pushing in inbuf 0xdd6cd170, neededbytes:144304, available:112045
03-06 09:27:49.477 22026 22340 D GStreamer+qtdemux: 0:02:46.561315613 0xdd2dbaf0 qtdemux.c:5700:gst_qtdemux_chain:<qtdemux1> pushing in inbuf 0xdc978040, neededbytes:144304, available:116141
03-06 09:27:49.478 22026 22340 D GStreamer+qtdemux: 0:02:46.561488686 0xdd2dbaf0 qtdemux.c:5700:gst_qtdemux_chain:<qtdemux1> pushing in inbuf 0xdcc59480, neededbytes:144304, available:120237
03-06 09:27:49.478 22026 22340 D GStreamer+qtdemux: 0:02:46.561660769 0xdd2dbaf0 qtdemux.c:5700:gst_qtdemux_chain:<qtdemux1> pushing in inbuf 0xdcbff170, neededbytes:144304, available:124333
03-06 09:27:49.478 22026 22340 D GStreamer+qtdemux: 0:02:46.561839884 0xdd2dbaf0 qtdemux.c:5700:gst_qtdemux_chain:<qtdemux1> pushing in inbuf 0xdcc3e1e8, neededbytes:144304, available:128429
03-06 09:27:49.478 22026 22340 D GStreamer+qtdemux: 0:02:46.562011759 0xdd2dbaf0 qtdemux.c:5700:gst_qtdemux_chain:<qtdemux1> pushing in inbuf 0xdd15cbd8, neededbytes:144304, available:132525
03-06 09:27:49.478 22026 22340 D GStreamer+qtdemux: 0:02:46.562179884 0xdd2dbaf0 qtdemux.c:5700:gst_qtdemux_chain:<qtdemux1> pushing in inbuf 0xdc9a5000, neededbytes:144304, available:136621
03-06 09:27:49.478 22026 22340 D GStreamer+qtdemux: 0:02:46.562348009 0xdd2dbaf0 qtdemux.c:5700:gst_qtdemux_chain:<qtdemux1> pushing in inbuf 0xdcc3e328, neededbytes:144304, available:140717
03-06 09:27:49.479 22026 22340 D GStreamer+qtdemux: 0:02:46.562523582 0xdd2dbaf0 qtdemux.c:5700:gst_qtdemux_chain:<qtdemux1> pushing in inbuf 0xdcc3ed10, neededbytes:144304, available:144813
03-06 09:27:49.479 22026 22340 D GStreamer+qtdemux: 0:02:46.562668269 0xdd2dbaf0 qtdemux.c:5720:gst_qtdemux_process_adapter:<qtdemux1> state:2 , demux->neededbytes:144304, demux->offset:35625595
03-06 09:27:49.479 22026 22340 D GStreamer+qtdemux: 0:02:46.562800926 0xdd2dbaf0 qtdemux.c:6067:gst_qtdemux_process_adapter:<qtdemux1> BEGIN // in MOVIE for offset 35625595
03-06 09:27:49.479 22026 22340 V GStreamer+qtdemux: 0:02:46.562933947 0xdd2dbaf0 qtdemux.c:6145:gst_qtdemux_process_adapter:<qtdemux1> Checking stream 0 (sample_index:246 / offset:35625595 / size:144304)
03-06 09:27:49.479 22026 22340 D GStreamer+qtdemux: 0:02:46.563065457 0xdd2dbaf0 qtdemux.c:6163:gst_qtdemux_process_adapter:<qtdemux1> stream : avc1
03-06 09:27:49.480 22026 22340 V GStreamer+qtdemux: 0:02:46.563652905 0xdd2dbaf0 qtdemux.c:4961:gst_qtdemux_decorate_and_push_buffer:<qtdemux1> Pushing buffer with dts 0:00:04.842000000, pts 0:00:04.842000000, duration 0:00:00.019400000 on pad video_0
03-06 09:27:49.480 22026 22340 V GStreamer+qtdemux: 0:02:46.563836186 0xdd2dbaf0 qtdemux.c:4633:gst_qtdemux_combine_flows:<qtdemux1> flow return: ok
03-06 09:27:49.480 22026 22340 V GStreamer+qtdemux: 0:02:46.563968374 0xdd2dbaf0 qtdemux.c:4641:gst_qtdemux_combine_flows:<qtdemux1> combined flow return: ok
03-06 09:27:49.480 22026 22340 V GStreamer+qtdemux: 0:02:46.564106082 0xdd2dbaf0 qtdemux.c:6219:gst_qtdemux_process_adapter:<qtdemux1> increasing offset 35625595 by 144304
03-06 09:27:49.480 22026 22340 V GStreamer+qtdemux: 0:02:46.564237280 0xdd2dbaf0 qtdemux.c:6222:gst_qtdemux_process_adapter:<qtdemux1> offset is now 35769899
03-06 09:27:49.480 22026 22340 V GStreamer+qtdemux: 0:02:46.564368842 0xdd2dbaf0 qtdemux.c:5472:next_entry_size:<qtdemux1> Finding entry at offset 35769899
03-06 09:27:49.481 22026 22340 V GStreamer+qtdemux: 0:02:46.564506447 0xdd2dbaf0 qtdemux.c:7663:qtdemux_parse_samples:<qtdemux1> parsing samples for stream fourcc avc1, pad video_0
03-06 09:27:49.481 22026 22340 D GStreamer+qtdemux: 0:02:46.564634207 0xdd2dbaf0 qtdemux.c:7674:qtdemux_parse_samples:<qtdemux1> parsing up to sample 247
03-06 09:27:49.481 22026 22340 V GStreamer+qtdemux: 0:02:46.564764884 0xdd2dbaf0 qtdemux.c:7700:qtdemux_parse_samples:<qtdemux1> sample 247 has size 143856
03-06 09:27:49.481 22026 22340 V GStreamer+qtdemux: 0:02:46.564902540 0xdd2dbaf0 qtdemux.c:7824:qtdemux_parse_samples:<qtdemux1> creating entry 247 with offset 35769899 and size 143856
03-06 09:27:49.481 22026 22340 D GStreamer+qtdemux: 0:02:46.565055144 0xdd2dbaf0 qtdemux.c:7881:qtdemux_parse_samples:<qtdemux1> sample 247: index 1, timestamp 0:00:04.861400000
03-06 09:27:49.481 22026 22340 D GStreamer+qtdemux: 0:02:46.565180301 0xdd2dbaf0 qtdemux.c:7936:qtdemux_parse_samples:<qtdemux1> samples at 247 is keyframe
03-06 09:27:49.481 22026 22340 V GStreamer+qtdemux: 0:02:46.565320197 0xdd2dbaf0 qtdemux.c:5498:next_entry_size:<qtdemux1> Checking Stream 0 (sample_index:247 / offset:35769899 / size:143856)
03-06 09:27:49.481 22026 22340 V GStreamer+qtdemux: 0:02:46.565460249 0xdd2dbaf0 qtdemux.c:5509:next_entry_size:<qtdemux1> stream 0 offset 35769899 demux->offset :35769899
03-06 09:27:49.482 22026 22340 D GStreamer+qtdemux: 0:02:46.565638478 0xdd2dbaf0 qtdemux.c:5700:gst_qtdemux_chain:<qtdemux1> pushing in inbuf 0xdc978ca8, neededbytes:143856, available:4605
03-06 09:27:49.482 22026 22340 D GStreamer+qtdemux: 0:02:46.565809415 0xdd2dbaf0 qtdemux.c:5700:gst_qtdemux_chain:<qtdemux1> pushing in inbuf 0xdc979da0, neededbytes:143856, available:8701
03-06 09:27:49.482 22026 22340 D GStreamer+qtdemux: 0:02:46.565976238 0xdd2dbaf0 qtdemux.c:5700:gst_qtdemux_chain:<qtdemux1> pushing in inbuf 0xdc978ac8, neededbytes:143856, available:12797
03-06 09:27:49.482 22026 22340 D GStreamer+qtdemux: 0:02:46.566143113 0xdd2dbaf0 qtdemux.c:5700:gst_qtdemux_chain:<qtdemux1> pushing in inbuf 0xdcc51f00, neededbytes:143856, available:16893
03-06 09:27:49.482 22026 22340 D GStreamer+qtdemux: 0:02:46.566307749 0xdd2dbaf0 qtdemux.c:5700:gst_qtdemux_chain:<qtdemux1> pushing in inbuf 0xdcc3ee50, neededbytes:143856, available:20989
03-06 09:27:49.482 22026 22340 D GStreamer+qtdemux: 0:02:46.566482644 0xdd2dbaf0 qtdemux.c:5700:gst_qtdemux_chain:<qtdemux1> pushing in inbuf 0xdc9a5bc8, neededbytes:143856, available:25085
03-06 09:27:49.483 22026 22340 D GStreamer+qtdemux: 0:02:46.566647853 0xdd2dbaf0 qtdemux.c:5700:gst_qtdemux_chain:<qtdemux1> pushing in inbuf 0xdc979d00, neededbytes:143856, available:29181
03-06 09:27:49.483 22026 22340 D GStreamer+qtdemux: 0:02:46.566815769 0xdd2dbaf0 qtdemux.c:5700:gst_qtdemux_chain:<qtdemux1> pushing in inbuf 0xdc9a56e0, neededbytes:143856, available:33277
03-06 09:27:49.483 22026 22340 D GStreamer+qtdemux: 0:02:46.566980717 0xdd2dbaf0 qtdemux.c:5700:gst_qtdemux_chain:<qtdemux1> pushing in inbuf 0xdca79f10, neededbytes:143856, available:37373
03-06 09:27:49.483 22026 22340 D GStreamer+qtdemux: 0:02:46.567150509 0xdd2dbaf0 qtdemux.c:5700:gst_qtdemux_chain:<qtdemux1> pushing in inbuf 0xdcc3e008, neededbytes:143856, available:41469
03-06 09:27:49.483 22026 22340 D GStreamer+qtdemux: 0:02:46.567315405 0xdd2dbaf0 qtdemux.c:5700:gst_qtdemux_chain:<qtdemux1> pushing in inbuf 0xdc977dc8, neededbytes:143856, available:45565
03-06 09:27:49.484 22026 22340 D GStreamer+qtdemux: 0:02:46.567489467 0xdd2dbaf0 qtdemux.c:5700:gst_qtdemux_chain:<qtdemux1> pushing in inbuf 0xdcc51dc0, neededbytes:143856, available:49661
03-06 09:27:49.484 22026 22340 D GStreamer+qtdemux: 0:02:46.567714988 0xdd2dbaf0 qtdemux.c:5700:gst_qtdemux_chain:<qtdemux1> pushing in inbuf 0xdcc51aa0, neededbytes:143856, available:53757
03-06 09:27:49.484 22026 22340 D GStreamer+qtdemux: 0:02:46.567886551 0xdd2dbaf0 qtdemux.c:5700:gst_qtdemux_chain:<qtdemux1> pushing in inbuf 0xdca79a10, neededbytes:143856, available:57853
03-06 09:27:49.484 22026 22340 D GStreamer+qtdemux: 0:02:46.568049728 0xdd2dbaf0 qtdemux.c:5700:gst_qtdemux_chain:<qtdemux1> pushing in inbuf 0xdccfede0, neededbytes:143856, available:61949
03-06 09:27:49.484 22026 22340 D GStreamer+qtdemux: 0:02:46.568207540 0xdd2dbaf0 qtdemux.c:5700:gst_qtdemux_chain:<qtdemux1> pushing in inbuf 0xdccffa30, neededbytes:143856, available:66045
03-06 09:27:49.484 22026 22340 D GStreamer+qtdemux: 0:02:46.568361394 0xdd2dbaf0 qtdemux.c:5700:gst_qtdemux_chain:<qtdemux1> pushing in inbuf 0xdcc515c8, neededbytes:143856, available:70141
03-06 09:27:49.485 22026 22340 D GStreamer+qtdemux: 0:02:46.568516134 0xdd2dbaf0 qtdemux.c:5700:gst_qtdemux_chain:<qtdemux1> pushing in inbuf 0xdcc3f8c0, neededbytes:143856, available:74237
03-06 09:27:49.485 22026 22340 D GStreamer+qtdemux: 0:02:46.568669363 0xdd2dbaf0 qtdemux.c:5700:gst_qtdemux_chain:<qtdemux1> pushing in inbuf 0xdcbff670, neededbytes:143856, available:78333
03-06 09:27:49.485 22026 22340 D GStreamer+qtdemux: 0:02:46.568823061 0xdd2dbaf0 qtdemux.c:5700:gst_qtdemux_chain:<qtdemux1> pushing in inbuf 0xdc9788e8, neededbytes:143856, available:82429
03-06 09:27:49.485 22026 22340 D GStreamer+qtdemux: 0:02:46.568977749 0xdd2dbaf0 qtdemux.c:5700:gst_qtdemux_chain:<qtdemux1> pushing in inbuf 0xdcc590c0, neededbytes:143856, available:86525
03-06 09:27:49.485 22026 22340 D GStreamer+qtdemux: 0:02:46.569132853 0xdd2dbaf0 qtdemux.c:5700:gst_qtdemux_chain:<qtdemux1> pushing in inbuf 0xdccf3968, neededbytes:143856, available:90621
03-06 09:27:49.485 22026 22340 D GStreamer+qtdemux: 0:02:46.569288530 0xdd2dbaf0 qtdemux.c:5700:gst_qtdemux_chain:<qtdemux1> pushing in inbuf 0xdccff990, neededbytes:143856, available:94717
03-06 09:27:49.485 22026 22340 D GStreamer+qtdemux: 0:02:46.569444572 0xdd2dbaf0 qtdemux.c:5700:gst_qtdemux_chain:<qtdemux1> pushing in inbuf 0xdcc513e8, neededbytes:143856, available:98813
03-06 09:27:49.486 22026 22340 D GStreamer+qtdemux: 0:02:46.569599676 0xdd2dbaf0 qtdemux.c:5700:gst_qtdemux_chain:<qtdemux1> pushing in inbuf 0xdc9a65b0, neededbytes:143856, available:102909
03-06 09:27:49.486 22026 22340 D GStreamer+qtdemux: 0:02:46.569758894 0xdd2dbaf0 qtdemux.c:5700:gst_qtdemux_chain:<qtdemux1> pushing in inbuf 0xdc9778c8, neededbytes:143856, available:107005
03-06 09:27:49.486 22026 22340 D GStreamer+qtdemux: 0:02:46.569915092 0xdd2dbaf0 qtdemux.c:5700:gst_qtdemux_chain:<qtdemux1> pushing in inbuf 0xdcbfff30, neededbytes:143856, available:111101
03-06 09:27:49.486 22026 22340 D GStreamer+qtdemux: 0:02:46.570074155 0xdd2dbaf0 qtdemux.c:5700:gst_qtdemux_chain:<qtdemux1> pushing in inbuf 0xdcc3e6e8, neededbytes:143856, available:115197
03-06 09:27:49.486 22026 22340 D GStreamer+qtdemux: 0:02:46.570231134 0xdd2dbaf0 qtdemux.c:5700:gst_qtdemux_chain:<qtdemux1> pushing in inbuf 0xdcc3e148, neededbytes:143856, available:119293
03-06 09:27:49.486 22026 22340 D GStreamer+qtdemux: 0:02:46.570396655 0xdd2dbaf0 qtdemux.c:5700:gst_qtdemux_chain:<qtdemux1> pushing in inbuf 0xdcc3f518, neededbytes:143856, available:123389
03-06 09:27:49.487 22026 22340 D GStreamer+qtdemux: 0:02:46.570560717 0xdd2dbaf0 qtdemux.c:5700:gst_qtdemux_chain:<qtdemux1> pushing in inbuf 0xdd6cd530, neededbytes:143856, available:127485
03-06 09:27:49.487 22026 22340 D GStreamer+qtdemux: 0:02:46.570733009 0xdd2dbaf0 qtdemux.c:5700:gst_qtdemux_chain:<qtdemux1> pushing in inbuf 0xdc979bc0, neededbytes:143856, available:131581
03-06 09:27:49.487 22026 22340 D GStreamer+qtdemux: 0:02:46.570917905 0xdd2dbaf0 qtdemux.c:5700:gst_qtdemux_chain:<qtdemux1> pushing in inbuf 0xdcbff5d0, neededbytes:143856, available:135677
03-06 09:27:49.487 22026 22340 D GStreamer+qtdemux: 0:02:46.571090144 0xdd2dbaf0 qtdemux.c:5700:gst_qtdemux_chain:<qtdemux1> pushing in inbuf 0xdcc59948, neededbytes:143856, available:139773
03-06 09:27:49.487 22026 22340 D GStreamer+qtdemux: 0:02:46.571256915 0xdd2dbaf0 qtdemux.c:5700:gst_qtdemux_chain:<qtdemux1> pushing in inbuf 0xdcc3ff00, neededbytes:143856, available:143869
03-06 09:27:49.487 22026 22340 D GStreamer+qtdemux: 0:02:46.571398113 0xdd2dbaf0 qtdemux.c:5720:gst_qtdemux_process_adapter:<qtdemux1> state:2 , demux->neededbytes:143856, demux->offset:35769899
03-06 09:27:49.488 22026 22340 D GStreamer+qtdemux: 0:02:46.571526603 0xdd2dbaf0 qtdemux.c:6067:gst_qtdemux_process_adapter:<qtdemux1> BEGIN // in MOVIE for offset 35769899
03-06 09:27:49.488 22026 22340 V GStreamer+qtdemux: 0:02:46.571669884 0xdd2dbaf0 qtdemux.c:6145:gst_qtdemux_process_adapter:<qtdemux1> Checking stream 0 (sample_index:247 / offset:35769899 / size:143856)
03-06 09:27:49.488 22026 22340 D GStreamer+qtdemux: 0:02:46.571802540 0xdd2dbaf0 qtdemux.c:6163:gst_qtdemux_process_adapter:<qtdemux1> stream : avc1
03-06 09:27:49.488 22026 22340 V GStreamer+qtdemux: 0:02:46.572400249 0xdd2dbaf0 qtdemux.c:4961:gst_qtdemux_decorate_and_push_buffer:<qtdemux1> Pushing buffer with dts 0:00:04.861400000, pts 0:00:04.861400000, duration 0:00:00.019400000 on pad video_0
03-06 09:27:49.489 22026 22340 V GStreamer+qtdemux: 0:02:46.572573842 0xdd2dbaf0 qtdemux.c:4633:gst_qtdemux_combine_flows:<qtdemux1> flow return: ok
03-06 09:27:49.489 22026 22340 V GStreamer+qtdemux: 0:02:46.572705665 0xdd2dbaf0 qtdemux.c:4641:gst_qtdemux_combine_flows:<qtdemux1> combined flow return: ok
03-06 09:27:49.489 22026 22340 V GStreamer+qtdemux: 0:02:46.572842540 0xdd2dbaf0 qtdemux.c:6219:gst_qtdemux_process_adapter:<qtdemux1> increasing offset 35769899 by 143856
03-06 09:27:49.489 22026 22340 V GStreamer+qtdemux: 0:02:46.572972124 0xdd2dbaf0 qtdemux.c:6222:gst_qtdemux_process_adapter:<qtdemux1> offset is now 35913755
03-06 09:27:49.489 22026 22340 V GStreamer+qtdemux: 0:02:46.573101499 0xdd2dbaf0 qtdemux.c:5472:next_entry_size:<qtdemux1> Finding entry at offset 35913755
03-06 09:27:49.489 22026 22340 V GStreamer+qtdemux: 0:02:46.573238530 0xdd2dbaf0 qtdemux.c:7663:qtdemux_parse_samples:<qtdemux1> parsing samples for stream fourcc avc1, pad video_0
03-06 09:27:49.489 22026 22340 D GStreamer+qtdemux: 0:02:46.573366811 0xdd2dbaf0 qtdemux.c:7674:qtdemux_parse_samples:<qtdemux1> parsing up to sample 248
03-06 09:27:49.490 22026 22340 V GStreamer+qtdemux: 0:02:46.573501603 0xdd2dbaf0 qtdemux.c:7700:qtdemux_parse_samples:<qtdemux1> sample 248 has size 144594
03-06 09:27:49.490 22026 22340 V GStreamer+qtdemux: 0:02:46.573668374 0xdd2dbaf0 qtdemux.c:7824:qtdemux_parse_samples:<qtdemux1> creating entry 248 with offset 35913755 and size 144594
03-06 09:27:49.490 22026 22340 V GStreamer+qtdemux: 0:02:46.573798947 0xdd2dbaf0 qtdemux.c:7868:qtdemux_parse_samples:<qtdemux1> block 0, 1 timestamps, duration 98
03-06 09:27:49.490 22026 22340 D GStreamer+qtdemux: 0:02:46.573948530 0xdd2dbaf0 qtdemux.c:7881:qtdemux_parse_samples:<qtdemux1> sample 248: index 0, timestamp 0:00:04.880800000
03-06 09:27:49.490 22026 22340 D GStreamer+qtdemux: 0:02:46.574077332 0xdd2dbaf0 qtdemux.c:7936:qtdemux_parse_samples:<qtdemux1> samples at 248 is keyframe
03-06 09:27:49.490 22026 22340 V GStreamer+qtdemux: 0:02:46.574218217 0xdd2dbaf0 qtdemux.c:5498:next_entry_size:<qtdemux1> Checking Stream 0 (sample_index:248 / offset:35913755 / size:144594)
03-06 09:27:49.490 22026 22340 V GStreamer+qtdemux: 0:02:46.574356134 0xdd2dbaf0 qtdemux.c:5509:next_entry_size:<qtdemux1> stream 0 offset 35913755 demux->offset :35913755
03-06 09:27:49.491 22026 22340 D GStreamer+qtdemux: 0:02:46.574533426 0xdd2dbaf0 qtdemux.c:5700:gst_qtdemux_chain:<qtdemux1> pushing in inbuf 0xdc978f28, neededbytes:144594, available:4109
03-06 09:27:49.491 22026 22340 D GStreamer+qtdemux: 0:02:46.574702905 0xdd2dbaf0 qtdemux.c:5700:gst_qtdemux_chain:<qtdemux1> pushing in inbuf 0xdccfe218, neededbytes:144594, available:8205
03-06 09:27:49.491 22026 22340 D GStreamer+qtdemux: 0:02:46.574871394 0xdd2dbaf0 qtdemux.c:5700:gst_qtdemux_chain:<qtdemux1> pushing in inbuf 0xdcc59340, neededbytes:144594, available:12301
03-06 09:27:49.491 22026 22340 D GStreamer+qtdemux: 0:02:46.575038113 0xdd2dbaf0 qtdemux.c:5700:gst_qtdemux_chain:<qtdemux1> pushing in inbuf 0xdc9a6958, neededbytes:144594, available:16397
03-06 09:27:49.491 22026 22340 D GStreamer+qtdemux: 0:02:46.575202332 0xdd2dbaf0 qtdemux.c:5700:gst_qtdemux_chain:<qtdemux1> pushing in inbuf 0xdccffb70, neededbytes:144594, available:20493
03-06 09:27:49.491 22026 22340 D GStreamer+qtdemux: 0:02:46.575367905 0xdd2dbaf0 qtdemux.c:5700:gst_qtdemux_chain:<qtdemux1> pushing in inbuf 0xdc978e88, neededbytes:144594, available:24589
03-06 09:27:49.492 22026 22340 D GStreamer+qtdemux: 0:02:46.575534259 0xdd2dbaf0 qtdemux.c:5700:gst_qtdemux_chain:<qtdemux1> pushing in inbuf 0xdcbff210, neededbytes:144594, available:28685
03-06 09:27:49.492 22026 22340 D GStreamer+qtdemux: 0:02:46.575701238 0xdd2dbaf0 qtdemux.c:5700:gst_qtdemux_chain:<qtdemux1> pushing in inbuf 0xdccfff30, neededbytes:144594, available:32781
03-06 09:27:49.492 22026 22340 D GStreamer+qtdemux: 0:02:46.575866499 0xdd2dbaf0 qtdemux.c:5700:gst_qtdemux_chain:<qtdemux1> pushing in inbuf 0xdc9a68b8, neededbytes:144594, available:36877
03-06 09:27:49.492 22026 22340 D GStreamer+qtdemux: 0:02:46.576030822 0xdd2dbaf0 qtdemux.c:5700:gst_qtdemux_chain:<qtdemux1> pushing in inbuf 0xdcc59660, neededbytes:144594, available:40973
03-06 09:27:49.492 22026 22340 D GStreamer+qtdemux: 0:02:46.576198061 0xdd2dbaf0 qtdemux.c:5700:gst_qtdemux_chain:<qtdemux1> pushing in inbuf 0xdd15c818, neededbytes:144594, available:45069
03-06 09:27:49.492 22026 22340 D GStreamer+qtdemux: 0:02:46.576374207 0xdd2dbaf0 qtdemux.c:5700:gst_qtdemux_chain:<qtdemux1> pushing in inbuf 0xdca79dd0, neededbytes:144594, available:49165
03-06 09:27:49.493 22026 22340 D GStreamer+qtdemux: 0:02:46.576547176 0xdd2dbaf0 qtdemux.c:5700:gst_qtdemux_chain:<qtdemux1> pushing in inbuf 0xdcc51668, neededbytes:144594, available:53261
03-06 09:27:49.493 22026 22340 D GStreamer+qtdemux: 0:02:46.576707592 0xdd2dbaf0 qtdemux.c:5700:gst_qtdemux_chain:<qtdemux1> pushing in inbuf 0xdccf3828, neededbytes:144594, available:57357
03-06 09:27:49.493 22026 22340 D GStreamer+qtdemux: 0:02:46.576864780 0xdd2dbaf0 qtdemux.c:5700:gst_qtdemux_chain:<qtdemux1> pushing in inbuf 0xdc979100, neededbytes:144594, available:61453
03-06 09:27:49.493 22026 22340 D GStreamer+qtdemux: 0:02:46.577020144 0xdd2dbaf0 qtdemux.c:5700:gst_qtdemux_chain:<qtdemux1> pushing in inbuf 0xdcbfe660, neededbytes:144594, available:65549
03-06 09:27:49.493 22026 22340 D GStreamer+qtdemux: 0:02:46.577176134 0xdd2dbaf0 qtdemux.c:5700:gst_qtdemux_chain:<qtdemux1> pushing in inbuf 0xdca79488, neededbytes:144594, available:69645
03-06 09:27:49.493 22026 22340 D GStreamer+qtdemux: 0:02:46.577344207 0xdd2dbaf0 qtdemux.c:5700:gst_qtdemux_chain:<qtdemux1> pushing in inbuf 0xdcbffc10, neededbytes:144594, available:73741
03-06 09:27:49.494 22026 22340 D GStreamer+qtdemux: 0:02:46.577502019 0xdd2dbaf0 qtdemux.c:5700:gst_qtdemux_chain:<qtdemux1> pushing in inbuf 0xdcc59da8, neededbytes:144594, available:77837
03-06 09:27:49.494 22026 22340 D GStreamer+qtdemux: 0:02:46.577759780 0xdd2dbaf0 qtdemux.c:5700:gst_qtdemux_chain:<qtdemux1> pushing in inbuf 0xdcc3e288, neededbytes:144594, available:81933
03-06 09:27:49.494 22026 22340 D GStreamer+qtdemux: 0:02:46.577914832 0xdd2dbaf0 qtdemux.c:5700:gst_qtdemux_chain:<qtdemux1> pushing in inbuf 0xdc979380, neededbytes:144594, available:86029
03-06 09:27:49.494 22026 22340 D GStreamer+qtdemux: 0:02:46.578271551 0xdd2dbaf0 qtdemux.c:5700:gst_qtdemux_chain:<qtdemux1> pushing in inbuf 0xdc978988, neededbytes:144594, available:90125
03-06 09:27:49.494 22026 22340 D GStreamer+qtdemux: 0:02:46.578394572 0xdd2dbaf0 qtdemux.c:5700:gst_qtdemux_chain:<qtdemux1> pushing in inbuf 0xdcbfe828, neededbytes:144594, available:94221
03-06 09:27:49.495 22026 22340 D GStreamer+qtdemux: 0:02:46.578507436 0xdd2dbaf0 qtdemux.c:5700:gst_qtdemux_chain:<qtdemux1> pushing in inbuf 0xdccf3b48, neededbytes:144594, available:98317
03-06 09:27:49.495 22026 22340 D GStreamer+qtdemux: 0:02:46.578611915 0xdd2dbaf0 qtdemux.c:5700:gst_qtdemux_chain:<qtdemux1> pushing in inbuf 0xdc977a08, neededbytes:144594, available:102413
03-06 09:27:49.495 22026 22340 D GStreamer+qtdemux: 0:02:46.578713217 0xdd2dbaf0 qtdemux.c:5700:gst_qtdemux_chain:<qtdemux1> pushing in inbuf 0xdca79668, neededbytes:144594, available:106509
03-06 09:27:49.495 22026 22232 V GStreamer+qtdemux: 0:02:46.578753374 0xdd2db980 qtdemux.c:810:gst_qtdemux_handle_src_query:<qtdemux1:video_0> position query
03-06 09:27:49.495 22026 22340 D GStreamer+qtdemux: 0:02:46.578820926 0xdd2dbaf0 qtdemux.c:5700:gst_qtdemux_chain:<qtdemux1> pushing in inbuf 0xdca79528, neededbytes:144594, available:110605
03-06 09:27:49.495 22026 22340 D GStreamer+qtdemux: 0:02:46.578918426 0xdd2dbaf0 qtdemux.c:5700:gst_qtdemux_chain:<qtdemux1> pushing in inbuf 0xdccf35c0, neededbytes:144594, available:114701
03-06 09:27:49.495 22026 22340 D GStreamer+qtdemux: 0:02:46.579016186 0xdd2dbaf0 qtdemux.c:5700:gst_qtdemux_chain:<qtdemux1> pushing in inbuf 0xdcc3e468, neededbytes:144594, available:118797
03-06 09:27:49.495 22026 22340 D GStreamer+qtdemux: 0:02:46.579115249 0xdd2dbaf0 qtdemux.c:5700:gst_qtdemux_chain:<qtdemux1> pushing in inbuf 0xdd6cd5d0, neededbytes:144594, available:122893
03-06 09:27:49.495 22026 22340 D GStreamer+qtdemux: 0:02:46.579210405 0xdd2dbaf0 qtdemux.c:5700:gst_qtdemux_chain:<qtdemux1> pushing in inbuf 0xdcbfee68, neededbytes:144594, available:126989
03-06 09:27:49.495 22026 22340 D GStreamer+qtdemux: 0:02:46.579309519 0xdd2dbaf0 qtdemux.c:5700:gst_qtdemux_chain:<qtdemux1> pushing in inbuf 0xdc979420, neededbytes:144594, available:131085
03-06 09:27:49.495 22026 22340 D GStreamer+qtdemux: 0:02:46.579406186 0xdd2dbaf0 qtdemux.c:5700:gst_qtdemux_chain:<qtdemux1> pushing in inbuf 0xdccf3c88, neededbytes:144594, available:135181
03-06 09:27:49.496 22026 22340 D GStreamer+qtdemux: 0:02:46.579508530 0xdd2dbaf0 qtdemux.c:5700:gst_qtdemux_chain:<qtdemux1> pushing in inbuf 0xdd15cb38, neededbytes:144594, available:139277
03-06 09:27:49.496 22026 22340 D GStreamer+qtdemux: 0:02:46.579611863 0xdd2dbaf0 qtdemux.c:5700:gst_qtdemux_chain:<qtdemux1> pushing in inbuf 0xdcc59e48, neededbytes:144594, available:143373
03-06 09:27:49.496 22026 22342 I GStreamer+baseparse: 0:02:46.579740665 0xd73ffa90 gstbaseparse.c:3945:gst_base_parse_set_latency:<h264parse1> min/max latency 0:00:00.019480519, 0:00:00.019480519
03-06 09:27:49.496 22026 22340 D GStreamer+qtdemux: 0:02:46.579779259 0xdd2dbaf0 qtdemux.c:5700:gst_qtdemux_chain:<qtdemux1> pushing in inbuf 0xdcc51c80, neededbytes:144594, available:147469
03-06 09:27:49.496 22026 22340 D GStreamer+qtdemux: 0:02:46.579874676 0xdd2dbaf0 qtdemux.c:5720:gst_qtdemux_process_adapter:<qtdemux1> state:2 , demux->neededbytes:144594, demux->offset:35913755
03-06 09:27:49.496 22026 22340 D GStreamer+qtdemux: 0:02:46.579966603 0xdd2dbaf0 qtdemux.c:6067:gst_qtdemux_process_adapter:<qtdemux1> BEGIN // in MOVIE for offset 35913755
03-06 09:27:49.496 22026 22340 V GStreamer+qtdemux: 0:02:46.580058009 0xdd2dbaf0 qtdemux.c:6145:gst_qtdemux_process_adapter:<qtdemux1> Checking stream 0 (sample_index:248 / offset:35913755 / size:144594)
03-06 09:27:49.496 22026 22340 D GStreamer+qtdemux: 0:02:46.580138322 0xdd2dbaf0 qtdemux.c:6163:gst_qtdemux_process_adapter:<qtdemux1> stream : avc1
03-06 09:27:49.497 22026 22340 V GStreamer+qtdemux: 0:02:46.580523894 0xdd2dbaf0 qtdemux.c:4961:gst_qtdemux_decorate_and_push_buffer:<qtdemux1> Pushing buffer with dts 0:00:04.880800000, pts 0:00:04.880800000, duration 0:00:00.019600000 on pad video_0
03-06 09:27:49.497 22026 22340 V GStreamer+qtdemux: 0:02:46.580651342 0xdd2dbaf0 qtdemux.c:4633:gst_qtdemux_combine_flows:<qtdemux1> flow return: ok
03-06 09:27:49.497 22026 22340 V GStreamer+qtdemux: 0:02:46.580737853 0xdd2dbaf0 qtdemux.c:4641:gst_qtdemux_combine_flows:<qtdemux1> combined flow return: ok
03-06 09:27:49.497 22026 22340 V GStreamer+qtdemux: 0:02:46.580827280 0xdd2dbaf0 qtdemux.c:6219:gst_qtdemux_process_adapter:<qtdemux1> increasing offset 35913755 by 144594
03-06 09:27:49.497 22026 22340 V GStreamer+qtdemux: 0:02:46.580912957 0xdd2dbaf0 qtdemux.c:6222:gst_qtdemux_process_adapter:<qtdemux1> offset is now 36058349
03-06 09:27:49.497 22026 22340 V GStreamer+qtdemux: 0:02:46.580996238 0xdd2dbaf0 qtdemux.c:5472:next_entry_size:<qtdemux1> Finding entry at offset 36058349
