03-06 09:27:49.112 22026 22340 D GStreamer+qtdemux: 0:02:46.195633426 0xdd2dbaf0 qtdemux.c:5700:gst_qtdemux_chain:<qtdemux1> pushing in inbuf 0xdccf3968, neededbytes:144093, available:123707
03-06 09:27:49.112 22026 22340 D GStreamer+qtdemux: 0:02:46.196209207 0xdd2dbaf0 qtdemux.c:5700:gst_qtdemux_chain:<qtdemux1> pushing in inbuf 0xdcc3e8b0, neededbytes:144093, available:127803
03-06 09:27:49.112 22026 22340 D GStreamer+qtdemux: 0:02:46.196351499 0xdd2dbaf0 qtdemux.c:5700:gst_qtdemux_chain:<qtdemux1> pushing in inbuf 0xdcc3f3d8, neededbytes:144093, available:131899
03-06 09:27:49.113 22026 22340 D GStreamer+qtdemux: 0:02:46.196496655 0xdd2dbaf0 qtdemux.c:5700:gst_qtdemux_chain:<qtdemux1> pushing in inbuf 0xdccf3be8, neededbytes:144093, available:135995
03-06 09:27:49.113 22026 22340 D GStreamer+qtdemux: 0:02:46.196609624 0xdd2dbaf0 qtdemux.c:5700:gst_qtdemux_chain:<qtdemux1> pushing in inbuf 0xdca798d0, neededbytes:144093, available:140091
03-06 09:27:49.113 22026 22340 D GStreamer+qtdemux: 0:02:46.196738634 0xdd2dbaf0 qtdemux.c:5700:gst_qtdemux_chain:<qtdemux1> pushing in inbuf 0xdc9791a0, neededbytes:144093, available:144187
03-06 09:27:49.113 22026 22340 D GStreamer+qtdemux: 0:02:46.196870092 0xdd2dbaf0 qtdemux.c:5720:gst_qtdemux_process_adapter:<qtdemux1> state:2 , demux->neededbytes:144093, demux->offset:32451821
03-06 09:27:49.113 22026 22340 D GStreamer+qtdemux: 0:02:46.196954936 0xdd2dbaf0 qtdemux.c:6067:gst_qtdemux_process_adapter:<qtdemux1> BEGIN // in MOVIE for offset 32451821
03-06 09:27:49.113 22026 22340 V GStreamer+qtdemux: 0:02:46.197048634 0xdd2dbaf0 qtdemux.c:6145:gst_qtdemux_process_adapter:<qtdemux1> Checking stream 0 (sample_index:224 / offset:32451821 / size:144093)
03-06 09:27:49.113 22026 22340 D GStreamer+qtdemux: 0:02:46.197137905 0xdd2dbaf0 qtdemux.c:6163:gst_qtdemux_process_adapter:<qtdemux1> stream : avc1
03-06 09:27:49.115 22026 22340 V GStreamer+qtdemux: 0:02:46.199375874 0xdd2dbaf0 qtdemux.c:4961:gst_qtdemux_decorate_and_push_buffer:<qtdemux1> Pushing buffer with dts 0:00:04.414200000, pts 0:00:04.414200000, duration 0:00:00.019400000 on pad video_0
03-06 09:27:49.126 22026 22232 V GStreamer+qtdemux: 0:02:46.209675145 0xdd2db980 qtdemux.c:810:gst_qtdemux_handle_src_query:<qtdemux1:video_0> position query
03-06 09:27:49.129 22026 22340 V GStreamer+qtdemux: 0:02:46.213404884 0xdd2dbaf0 qtdemux.c:4633:gst_qtdemux_combine_flows:<qtdemux1> flow return: ok
03-06 09:27:49.130 22026 22340 V GStreamer+qtdemux: 0:02:46.213576030 0xdd2dbaf0 qtdemux.c:4641:gst_qtdemux_combine_flows:<qtdemux1> combined flow return: ok
03-06 09:27:49.130 22026 22340 V GStreamer+qtdemux: 0:02:46.213704728 0xdd2dbaf0 qtdemux.c:6219:gst_qtdemux_process_adapter:<qtdemux1> increasing offset 32451821 by 144093
03-06 09:27:49.130 22026 22342 I GStreamer+baseparse: 0:02:46.213813374 0xd73ffa90 gstbaseparse.c:3945:gst_base_parse_set_latency:<h264parse1> min/max latency 0:00:00.019480519, 0:00:00.019480519
03-06 09:27:49.130 22026 22340 V GStreamer+qtdemux: 0:02:46.213846395 0xdd2dbaf0 qtdemux.c:6222:gst_qtdemux_process_adapter:<qtdemux1> offset is now 32595914
03-06 09:27:49.130 22026 22340 V GStreamer+qtdemux: 0:02:46.213942020 0xdd2dbaf0 qtdemux.c:5472:next_entry_size:<qtdemux1> Finding entry at offset 32595914
03-06 09:27:49.130 22026 22340 V GStreamer+qtdemux: 0:02:46.214038947 0xdd2dbaf0 qtdemux.c:7663:qtdemux_parse_samples:<qtdemux1> parsing samples for stream fourcc avc1, pad video_0
03-06 09:27:49.130 22026 22340 D GStreamer+qtdemux: 0:02:46.214131863 0xdd2dbaf0 qtdemux.c:7674:qtdemux_parse_samples:<qtdemux1> parsing up to sample 225
03-06 09:27:49.130 22026 22340 V GStreamer+qtdemux: 0:02:46.214220145 0xdd2dbaf0 qtdemux.c:7700:qtdemux_parse_samples:<qtdemux1> sample 225 has size 144349
03-06 09:27:49.130 22026 22340 V GStreamer+qtdemux: 0:02:46.214313790 0xdd2dbaf0 qtdemux.c:7824:qtdemux_parse_samples:<qtdemux1> creating entry 225 with offset 32595914 and size 144349
03-06 09:27:49.130 22026 22340 D GStreamer+qtdemux: 0:02:46.214414728 0xdd2dbaf0 qtdemux.c:7881:qtdemux_parse_samples:<qtdemux1> sample 225: index 1, timestamp 0:00:04.433600000
03-06 09:27:49.131 22026 22340 D GStreamer+qtdemux: 0:02:46.214497176 0xdd2dbaf0 qtdemux.c:7936:qtdemux_parse_samples:<qtdemux1> samples at 225 is keyframe
03-06 09:27:49.131 22026 22340 V GStreamer+qtdemux: 0:02:46.214593842 0xdd2dbaf0 qtdemux.c:5498:next_entry_size:<qtdemux1> Checking Stream 0 (sample_index:225 / offset:32595914 / size:144349)
03-06 09:27:49.131 22026 22340 V GStreamer+qtdemux: 0:02:46.214683634 0xdd2dbaf0 qtdemux.c:5509:next_entry_size:<qtdemux1> stream 0 offset 32595914 demux->offset :32595914
03-06 09:27:49.131 22026 22340 D GStreamer+qtdemux: 0:02:46.214826499 0xdd2dbaf0 qtdemux.c:5700:gst_qtdemux_chain:<qtdemux1> pushing in inbuf 0xdc977be8, neededbytes:144349, available:4190
03-06 09:27:49.131 22026 22340 D GStreamer+qtdemux: 0:02:46.214944363 0xdd2dbaf0 qtdemux.c:5700:gst_qtdemux_chain:<qtdemux1> pushing in inbuf 0xdca79708, neededbytes:144349, available:8286
03-06 09:27:49.131 22026 22340 D GStreamer+qtdemux: 0:02:46.215061551 0xdd2dbaf0 qtdemux.c:5700:gst_qtdemux_chain:<qtdemux1> pushing in inbuf 0xdd6cd170, neededbytes:144349, available:12382
03-06 09:27:49.131 22026 22340 D GStreamer+qtdemux: 0:02:46.215174780 0xdd2dbaf0 qtdemux.c:5700:gst_qtdemux_chain:<qtdemux1> pushing in inbuf 0xdcbfe968, neededbytes:144349, available:16478
03-06 09:27:49.131 22026 22340 D GStreamer+qtdemux: 0:02:46.215291759 0xdd2dbaf0 qtdemux.c:5700:gst_qtdemux_chain:<qtdemux1> pushing in inbuf 0xdc9a66f0, neededbytes:144349, available:20574
03-06 09:27:49.131 22026 22340 D GStreamer+qtdemux: 0:02:46.215405145 0xdd2dbaf0 qtdemux.c:5700:gst_qtdemux_chain:<qtdemux1> pushing in inbuf 0xdc9a51e0, neededbytes:144349, available:24670
03-06 09:27:49.132 22026 22340 D GStreamer+qtdemux: 0:02:46.215521134 0xdd2dbaf0 qtdemux.c:5700:gst_qtdemux_chain:<qtdemux1> pushing in inbuf 0xdcc590c0, neededbytes:144349, available:28766
03-06 09:27:49.132 22026 22340 D GStreamer+qtdemux: 0:02:46.215645717 0xdd2dbaf0 qtdemux.c:5700:gst_qtdemux_chain:<qtdemux1> pushing in inbuf 0xdc9788e8, neededbytes:144349, available:32862
03-06 09:27:49.132 22026 22340 D GStreamer+qtdemux: 0:02:46.215774207 0xdd2dbaf0 qtdemux.c:5700:gst_qtdemux_chain:<qtdemux1> pushing in inbuf 0xdcbff670, neededbytes:144349, available:36958
03-06 09:27:49.132 22026 22340 D GStreamer+qtdemux: 0:02:46.215901863 0xdd2dbaf0 qtdemux.c:5700:gst_qtdemux_chain:<qtdemux1> pushing in inbuf 0xdcc3f8c0, neededbytes:144349, available:41054
03-06 09:27:49.132 22026 22340 D GStreamer+qtdemux: 0:02:46.216027332 0xdd2dbaf0 qtdemux.c:5700:gst_qtdemux_chain:<qtdemux1> pushing in inbuf 0xdcc515c8, neededbytes:144349, available:45150
03-06 09:27:49.132 22026 22340 D GStreamer+qtdemux: 0:02:46.216154832 0xdd2dbaf0 qtdemux.c:5700:gst_qtdemux_chain:<qtdemux1> pushing in inbuf 0xdccf3340, neededbytes:144349, available:49246
03-06 09:27:49.132 22026 22340 D GStreamer+qtdemux: 0:02:46.216269832 0xdd2dbaf0 qtdemux.c:5700:gst_qtdemux_chain:<qtdemux1> pushing in inbuf 0xdccfe3f8, neededbytes:144349, available:53342
03-06 09:27:49.132 22026 22340 D GStreamer+qtdemux: 0:02:46.216392020 0xdd2dbaf0 qtdemux.c:5700:gst_qtdemux_chain:<qtdemux1> pushing in inbuf 0xdca79348, neededbytes:144349, available:57438
03-06 09:27:49.133 22026 22340 D GStreamer+qtdemux: 0:02:46.216505457 0xdd2dbaf0 qtdemux.c:5700:gst_qtdemux_chain:<qtdemux1> pushing in inbuf 0xdc979060, neededbytes:144349, available:61534
03-06 09:27:49.133 22026 22340 D GStreamer+qtdemux: 0:02:46.216618530 0xdd2dbaf0 qtdemux.c:5700:gst_qtdemux_chain:<qtdemux1> pushing in inbuf 0xdccfea20, neededbytes:144349, available:65630
03-06 09:27:49.133 22026 22340 D GStreamer+qtdemux: 0:02:46.216732645 0xdd2dbaf0 qtdemux.c:5700:gst_qtdemux_chain:<qtdemux1> pushing in inbuf 0xdc9798a0, neededbytes:144349, available:69726
03-06 09:27:49.133 22026 22340 D GStreamer+qtdemux: 0:02:46.216863374 0xdd2dbaf0 qtdemux.c:5700:gst_qtdemux_chain:<qtdemux1> pushing in inbuf 0xdccffb70, neededbytes:144349, available:73822
03-06 09:27:49.133 22026 22340 D GStreamer+qtdemux: 0:02:46.216979780 0xdd2dbaf0 qtdemux.c:5700:gst_qtdemux_chain:<qtdemux1> pushing in inbuf 0xdc9a6958, neededbytes:144349, available:77918
03-06 09:27:49.133 22026 22340 D GStreamer+qtdemux: 0:02:46.217094884 0xdd2dbaf0 qtdemux.c:5700:gst_qtdemux_chain:<qtdemux1> pushing in inbuf 0xdc9778c8, neededbytes:144349, available:82014
03-06 09:27:49.133 22026 22340 D GStreamer+qtdemux: 0:02:46.217217280 0xdd2dbaf0 qtdemux.c:5700:gst_qtdemux_chain:<qtdemux1> pushing in inbuf 0xdc9a65b0, neededbytes:144349, available:86110
03-06 09:27:49.133 22026 22340 D GStreamer+qtdemux: 0:02:46.217320301 0xdd2dbaf0 qtdemux.c:5700:gst_qtdemux_chain:<qtdemux1> pushing in inbuf 0xdcc513e8, neededbytes:144349, available:90206
03-06 09:27:49.133 22026 22340 D GStreamer+qtdemux: 0:02:46.217424520 0xdd2dbaf0 qtdemux.c:5700:gst_qtdemux_chain:<qtdemux1> pushing in inbuf 0xdccff990, neededbytes:144349, available:94302
03-06 09:27:49.134 22026 22340 D GStreamer+qtdemux: 0:02:46.217555874 0xdd2dbaf0 qtdemux.c:5700:gst_qtdemux_chain:<qtdemux1> pushing in inbuf 0xdcc51aa0, neededbytes:144349, available:98398
03-06 09:27:49.134 22026 22340 D GStreamer+qtdemux: 0:02:46.217785197 0xdd2dbaf0 qtdemux.c:5700:gst_qtdemux_chain:<qtdemux1> pushing in inbuf 0xdcc51dc0, neededbytes:144349, available:102494
03-06 09:27:49.134 22026 22340 D GStreamer+qtdemux: 0:02:46.217896603 0xdd2dbaf0 qtdemux.c:5700:gst_qtdemux_chain:<qtdemux1> pushing in inbuf 0xdc977dc8, neededbytes:144349, available:106590
03-06 09:27:49.134 22026 22340 D GStreamer+qtdemux: 0:02:46.218007957 0xdd2dbaf0 qtdemux.c:5700:gst_qtdemux_chain:<qtdemux1> pushing in inbuf 0xdc978400, neededbytes:144349, available:110686
03-06 09:27:49.134 22026 22340 D GStreamer+qtdemux: 0:02:46.218113270 0xdd2dbaf0 qtdemux.c:5700:gst_qtdemux_chain:<qtdemux1> pushing in inbuf 0xdc9a5a88, neededbytes:144349, available:114782
03-06 09:27:49.134 22026 22340 D GStreamer+qtdemux: 0:02:46.218217332 0xdd2dbaf0 qtdemux.c:5700:gst_qtdemux_chain:<qtdemux1> pushing in inbuf 0xdccff408, neededbytes:144349, available:118878
03-06 09:27:49.134 22026 22340 D GStreamer+qtdemux: 0:02:46.218338113 0xdd2dbaf0 qtdemux.c:5700:gst_qtdemux_chain:<qtdemux1> pushing in inbuf 0xdcbfe520, neededbytes:144349, available:122974
03-06 09:27:49.134 22026 22340 D GStreamer+qtdemux: 0:02:46.218456342 0xdd2dbaf0 qtdemux.c:5700:gst_qtdemux_chain:<qtdemux1> pushing in inbuf 0xdcbfe340, neededbytes:144349, available:127070
03-06 09:27:49.135 22026 22340 D GStreamer+qtdemux: 0:02:46.218568165 0xdd2dbaf0 qtdemux.c:5700:gst_qtdemux_chain:<qtdemux1> pushing in inbuf 0xdc9a6b38, neededbytes:144349, available:131166
03-06 09:27:49.135 22026 22340 D GStreamer+qtdemux: 0:02:46.218670874 0xdd2dbaf0 qtdemux.c:5700:gst_qtdemux_chain:<qtdemux1> pushing in inbuf 0xdccf32a0, neededbytes:144349, available:135262
03-06 09:27:49.135 22026 22340 D GStreamer+qtdemux: 0:02:46.218795092 0xdd2dbaf0 qtdemux.c:5700:gst_qtdemux_chain:<qtdemux1> pushing in inbuf 0xdd6cd350, neededbytes:144349, available:139358
03-06 09:27:49.135 22026 22340 D GStreamer+qtdemux: 0:02:46.218900353 0xdd2dbaf0 qtdemux.c:5700:gst_qtdemux_chain:<qtdemux1> pushing in inbuf 0xdcc510c8, neededbytes:144349, available:143454
03-06 09:27:49.135 22026 22340 D GStreamer+qtdemux: 0:02:46.219034624 0xdd2dbaf0 qtdemux.c:5700:gst_qtdemux_chain:<qtdemux1> pushing in inbuf 0xdcc59700, neededbytes:144349, available:147550
03-06 09:27:49.135 22026 22340 D GStreamer+qtdemux: 0:02:46.219138426 0xdd2dbaf0 qtdemux.c:5720:gst_qtdemux_process_adapter:<qtdemux1> state:2 , demux->neededbytes:144349, demux->offset:32595914
03-06 09:27:49.135 22026 22340 D GStreamer+qtdemux: 0:02:46.219227540 0xdd2dbaf0 qtdemux.c:6067:gst_qtdemux_process_adapter:<qtdemux1> BEGIN // in MOVIE for offset 32595914
03-06 09:27:49.135 22026 22340 V GStreamer+qtdemux: 0:02:46.219330665 0xdd2dbaf0 qtdemux.c:6145:gst_qtdemux_process_adapter:<qtdemux1> Checking stream 0 (sample_index:225 / offset:32595914 / size:144349)
03-06 09:27:49.135 22026 22340 D GStreamer+qtdemux: 0:02:46.219422853 0xdd2dbaf0 qtdemux.c:6163:gst_qtdemux_process_adapter:<qtdemux1> stream : avc1
03-06 09:27:49.136 22026 22340 V GStreamer+qtdemux: 0:02:46.220026759 0xdd2dbaf0 qtdemux.c:4961:gst_qtdemux_decorate_and_push_buffer:<qtdemux1> Pushing buffer with dts 0:00:04.433600000, pts 0:00:04.433600000, duration 0:00:00.019400000 on pad video_0
03-06 09:27:49.145 22026 22232 V GStreamer+qtdemux: 0:02:46.228788530 0xdd2db980 qtdemux.c:810:gst_qtdemux_handle_src_query:<qtdemux1:video_0> position query
03-06 09:27:49.145 22026 22340 V GStreamer+qtdemux: 0:02:46.229450092 0xdd2dbaf0 qtdemux.c:4633:gst_qtdemux_combine_flows:<qtdemux1> flow return: ok
03-06 09:27:49.146 22026 22340 V GStreamer+qtdemux: 0:02:46.229647488 0xdd2dbaf0 qtdemux.c:4641:gst_qtdemux_combine_flows:<qtdemux1> combined flow return: ok
03-06 09:27:49.146 22026 22340 V GStreamer+qtdemux: 0:02:46.229773790 0xdd2dbaf0 qtdemux.c:6219:gst_qtdemux_process_adapter:<qtdemux1> increasing offset 32595914 by 144349
03-06 09:27:49.146 22026 22342 I GStreamer+baseparse: 0:02:46.229821186 0xd73ffa90 gstbaseparse.c:3945:gst_base_parse_set_latency:<h264parse1> min/max latency 0:00:00.019480519, 0:00:00.019480519
03-06 09:27:49.146 22026 22340 V GStreamer+qtdemux: 0:02:46.229861863 0xdd2dbaf0 qtdemux.c:6222:gst_qtdemux_process_adapter:<qtdemux1> offset is now 32740263
03-06 09:27:49.146 22026 22340 V GStreamer+qtdemux: 0:02:46.229948009 0xdd2dbaf0 qtdemux.c:5472:next_entry_size:<qtdemux1> Finding entry at offset 32740263
03-06 09:27:49.146 22026 22340 V GStreamer+qtdemux: 0:02:46.230048530 0xdd2dbaf0 qtdemux.c:7663:qtdemux_parse_samples:<qtdemux1> parsing samples for stream fourcc avc1, pad video_0
03-06 09:27:49.146 22026 22340 D GStreamer+qtdemux: 0:02:46.230137697 0xdd2dbaf0 qtdemux.c:7674:qtdemux_parse_samples:<qtdemux1> parsing up to sample 226
03-06 09:27:49.146 22026 22340 V GStreamer+qtdemux: 0:02:46.230229103 0xdd2dbaf0 qtdemux.c:7700:qtdemux_parse_samples:<qtdemux1> sample 226 has size 144481
03-06 09:27:49.146 22026 22340 V GStreamer+qtdemux: 0:02:46.230324676 0xdd2dbaf0 qtdemux.c:7824:qtdemux_parse_samples:<qtdemux1> creating entry 226 with offset 32740263 and size 144481
03-06 09:27:49.146 22026 22340 D GStreamer+qtdemux: 0:02:46.230426863 0xdd2dbaf0 qtdemux.c:7881:qtdemux_parse_samples:<qtdemux1> sample 226: index 2, timestamp 0:00:04.453000000
03-06 09:27:49.147 22026 22340 D GStreamer+qtdemux: 0:02:46.230511863 0xdd2dbaf0 qtdemux.c:7936:qtdemux_parse_samples:<qtdemux1> samples at 226 is keyframe
03-06 09:27:49.147 22026 22340 V GStreamer+qtdemux: 0:02:46.230605092 0xdd2dbaf0 qtdemux.c:5498:next_entry_size:<qtdemux1> Checking Stream 0 (sample_index:226 / offset:32740263 / size:144481)
03-06 09:27:49.147 22026 22340 V GStreamer+qtdemux: 0:02:46.230700197 0xdd2dbaf0 qtdemux.c:5509:next_entry_size:<qtdemux1> stream 0 offset 32740263 demux->offset :32740263
03-06 09:27:49.147 22026 22340 D GStreamer+qtdemux: 0:02:46.230856290 0xdd2dbaf0 qtdemux.c:5700:gst_qtdemux_chain:<qtdemux1> pushing in inbuf 0xdcbffad0, neededbytes:144481, available:7297
03-06 09:27:49.147 22026 22340 D GStreamer+qtdemux: 0:02:46.230981551 0xdd2dbaf0 qtdemux.c:5700:gst_qtdemux_chain:<qtdemux1> pushing in inbuf 0xdcc3e008, neededbytes:144481, available:11393
03-06 09:27:49.147 22026 22340 D GStreamer+qtdemux: 0:02:46.231097436 0xdd2dbaf0 qtdemux.c:5700:gst_qtdemux_chain:<qtdemux1> pushing in inbuf 0xdca79f10, neededbytes:144481, available:15489
03-06 09:27:49.147 22026 22340 D GStreamer+qtdemux: 0:02:46.231211551 0xdd2dbaf0 qtdemux.c:5700:gst_qtdemux_chain:<qtdemux1> pushing in inbuf 0xdc9a56e0, neededbytes:144481, available:19585
03-06 09:27:49.147 22026 22340 D GStreamer+qtdemux: 0:02:46.231324832 0xdd2dbaf0 qtdemux.c:5700:gst_qtdemux_chain:<qtdemux1> pushing in inbuf 0xdc979d00, neededbytes:144481, available:23681
03-06 09:27:49.147 22026 22340 D GStreamer+qtdemux: 0:02:46.231439832 0xdd2dbaf0 qtdemux.c:5700:gst_qtdemux_chain:<qtdemux1> pushing in inbuf 0xdc9a5bc8, neededbytes:144481, available:27777
03-06 09:27:49.148 22026 22340 D GStreamer+qtdemux: 0:02:46.231559103 0xdd2dbaf0 qtdemux.c:5700:gst_qtdemux_chain:<qtdemux1> pushing in inbuf 0xdcc3ee50, neededbytes:144481, available:31873
03-06 09:27:49.148 22026 22340 D GStreamer+qtdemux: 0:02:46.231675509 0xdd2dbaf0 qtdemux.c:5700:gst_qtdemux_chain:<qtdemux1> pushing in inbuf 0xdcc51f00, neededbytes:144481, available:35969
03-06 09:27:49.148 22026 22340 D GStreamer+qtdemux: 0:02:46.231790613 0xdd2dbaf0 qtdemux.c:5700:gst_qtdemux_chain:<qtdemux1> pushing in inbuf 0xdc978ac8, neededbytes:144481, available:40065
03-06 09:27:49.148 22026 22340 D GStreamer+qtdemux: 0:02:46.231907540 0xdd2dbaf0 qtdemux.c:5700:gst_qtdemux_chain:<qtdemux1> pushing in inbuf 0xdc979da0, neededbytes:144481, available:44161
03-06 09:27:49.148 22026 22340 D GStreamer+qtdemux: 0:02:46.232028322 0xdd2dbaf0 qtdemux.c:5700:gst_qtdemux_chain:<qtdemux1> pushing in inbuf 0xdc978ca8, neededbytes:144481, available:48257
03-06 09:27:49.148 22026 22340 D GStreamer+qtdemux: 0:02:46.232142801 0xdd2dbaf0 qtdemux.c:5700:gst_qtdemux_chain:<qtdemux1> pushing in inbuf 0xdcc3ed10, neededbytes:144481, available:52353
03-06 09:27:49.148 22026 22340 D GStreamer+qtdemux: 0:02:46.232276551 0xdd2dbaf0 qtdemux.c:5700:gst_qtdemux_chain:<qtdemux1> pushing in inbuf 0xdcc3e328, neededbytes:144481, available:56449
03-06 09:27:49.148 22026 22340 D GStreamer+qtdemux: 0:02:46.232395509 0xdd2dbaf0 qtdemux.c:5700:gst_qtdemux_chain:<qtdemux1> pushing in inbuf 0xdc9a5000, neededbytes:144481, available:60545
03-06 09:27:49.149 22026 22340 D GStreamer+qtdemux: 0:02:46.232510040 0xdd2dbaf0 qtdemux.c:5700:gst_qtdemux_chain:<qtdemux1> pushing in inbuf 0xdc9a6bd8, neededbytes:144481, available:64641
03-06 09:27:49.149 22026 22340 D GStreamer+qtdemux: 0:02:46.232628217 0xdd2dbaf0 qtdemux.c:5700:gst_qtdemux_chain:<qtdemux1> pushing in inbuf 0xdcc512a8, neededbytes:144481, available:68737
03-06 09:27:49.149 22026 22340 D GStreamer+qtdemux: 0:02:46.232743842 0xdd2dbaf0 qtdemux.c:5700:gst_qtdemux_chain:<qtdemux1> pushing in inbuf 0xdcc51208, neededbytes:144481, available:72833
03-06 09:27:49.149 22026 22340 D GStreamer+qtdemux: 0:02:46.232856811 0xdd2dbaf0 qtdemux.c:5700:gst_qtdemux_chain:<qtdemux1> pushing in inbuf 0xdcbfef08, neededbytes:144481, available:76929
03-06 09:27:49.149 22026 22340 D GStreamer+qtdemux: 0:02:46.232985665 0xdd2dbaf0 qtdemux.c:5700:gst_qtdemux_chain:<qtdemux1> pushing in inbuf 0xdc979560, neededbytes:144481, available:81025
03-06 09:27:49.149 22026 22340 D GStreamer+qtdemux: 0:02:46.233100301 0xdd2dbaf0 qtdemux.c:5700:gst_qtdemux_chain:<qtdemux1> pushing in inbuf 0xdd15ca98, neededbytes:144481, available:85121
03-06 09:27:49.149 22026 22340 D GStreamer+qtdemux: 0:02:46.233214728 0xdd2dbaf0 qtdemux.c:5700:gst_qtdemux_chain:<qtdemux1> pushing in inbuf 0xdc979e40, neededbytes:144481, available:89217
03-06 09:27:49.149 22026 22340 D GStreamer+qtdemux: 0:02:46.233329051 0xdd2dbaf0 qtdemux.c:5700:gst_qtdemux_chain:<qtdemux1> pushing in inbuf 0xdc9a6470, neededbytes:144481, available:93313
03-06 09:27:49.149 22026 22340 D GStreamer+qtdemux: 0:02:46.233442488 0xdd2dbaf0 qtdemux.c:5700:gst_qtdemux_chain:<qtdemux1> pushing in inbuf 0xdcbfe828, neededbytes:144481, available:97409
03-06 09:27:49.150 22026 22340 D GStreamer+qtdemux: 0:02:46.233557072 0xdd2dbaf0 qtdemux.c:5700:gst_qtdemux_chain:<qtdemux1> pushing in inbuf 0xdc978988, neededbytes:144481, available:101505
03-06 09:27:49.150 22026 22340 D GStreamer+qtdemux: 0:02:46.233685822 0xdd2dbaf0 qtdemux.c:5700:gst_qtdemux_chain:<qtdemux1> pushing in inbuf 0xdcc59340, neededbytes:144481, available:105601
03-06 09:27:49.150 22026 22340 D GStreamer+qtdemux: 0:02:46.233801186 0xdd2dbaf0 qtdemux.c:5700:gst_qtdemux_chain:<qtdemux1> pushing in inbuf 0xdccfe218, neededbytes:144481, available:109697
03-06 09:27:49.150 22026 22340 D GStreamer+qtdemux: 0:02:46.233917176 0xdd2dbaf0 qtdemux.c:5700:gst_qtdemux_chain:<qtdemux1> pushing in inbuf 0xdc978f28, neededbytes:144481, available:113793
03-06 09:27:49.150 22026 22340 D GStreamer+qtdemux: 0:02:46.234029624 0xdd2dbaf0 qtdemux.c:5700:gst_qtdemux_chain:<qtdemux1> pushing in inbuf 0xdcc3ff00, neededbytes:144481, available:117889
03-06 09:27:49.150 22026 22340 D GStreamer+qtdemux: 0:02:46.234143113 0xdd2dbaf0 qtdemux.c:5700:gst_qtdemux_chain:<qtdemux1> pushing in inbuf 0xdcc59948, neededbytes:144481, available:121985
03-06 09:27:49.150 22026 22340 D GStreamer+qtdemux: 0:02:46.234259572 0xdd2dbaf0 qtdemux.c:5700:gst_qtdemux_chain:<qtdemux1> pushing in inbuf 0xdcbff5d0, neededbytes:144481, available:126081
03-06 09:27:49.150 22026 22340 D GStreamer+qtdemux: 0:02:46.234394884 0xdd2dbaf0 qtdemux.c:5700:gst_qtdemux_chain:<qtdemux1> pushing in inbuf 0xdcc3fbe0, neededbytes:144481, available:130177
03-06 09:27:49.151 22026 22340 D GStreamer+qtdemux: 0:02:46.234512020 0xdd2dbaf0 qtdemux.c:5700:gst_qtdemux_chain:<qtdemux1> pushing in inbuf 0xdcc51960, neededbytes:144481, available:134273
03-06 09:27:49.151 22026 22340 D GStreamer+qtdemux: 0:02:46.234630770 0xdd2dbaf0 qtdemux.c:5700:gst_qtdemux_chain:<qtdemux1> pushing in inbuf 0xdca79b50, neededbytes:144481, available:138369
03-06 09:27:49.151 22026 22340 D GStreamer+qtdemux: 0:02:46.234754780 0xdd2dbaf0 qtdemux.c:5700:gst_qtdemux_chain:<qtdemux1> pushing in inbuf 0xdca79dd0, neededbytes:144481, available:142465
03-06 09:27:49.151 22026 22340 D GStreamer+qtdemux: 0:02:46.234872020 0xdd2dbaf0 qtdemux.c:5700:gst_qtdemux_chain:<qtdemux1> pushing in inbuf 0xdd15c818, neededbytes:144481, available:146561
03-06 09:27:49.151 22026 22340 D GStreamer+qtdemux: 0:02:46.234973165 0xdd2dbaf0 qtdemux.c:5720:gst_qtdemux_process_adapter:<qtdemux1> state:2 , demux->neededbytes:144481, demux->offset:32740263
03-06 09:27:49.151 22026 22340 D GStreamer+qtdemux: 0:02:46.235088790 0xdd2dbaf0 qtdemux.c:6067:gst_qtdemux_process_adapter:<qtdemux1> BEGIN // in MOVIE for offset 32740263
03-06 09:27:49.151 22026 22340 V GStreamer+qtdemux: 0:02:46.235184363 0xdd2dbaf0 qtdemux.c:6145:gst_qtdemux_process_adapter:<qtdemux1> Checking stream 0 (sample_index:226 / offset:32740263 / size:144481)
03-06 09:27:49.151 22026 22340 D GStreamer+qtdemux: 0:02:46.235273999 0xdd2dbaf0 qtdemux.c:6163:gst_qtdemux_process_adapter:<qtdemux1> stream : avc1
03-06 09:27:49.152 22026 22340 V GStreamer+qtdemux: 0:02:46.235798113 0xdd2dbaf0 qtdemux.c:4961:gst_qtdemux_decorate_and_push_buffer:<qtdemux1> Pushing buffer with dts 0:00:04.453000000, pts 0:00:04.453000000, duration 0:00:00.019400000 on pad video_0
03-06 09:27:49.158 22026 22337 W GStreamer+amcvideodec: 0:02:46.242029624 0xd73ffe60 gstamcvideodec.c:1165:_amc_gl_wait gl_sync 0xdcd45530 could not wait for frame, took too long
03-06 09:27:49.164 22026 22232 V GStreamer+qtdemux: 0:02:46.248295197 0xdd2db980 qtdemux.c:810:gst_qtdemux_handle_src_query:<qtdemux1:video_0> position query
03-06 09:27:49.165 22026 22340 V GStreamer+qtdemux: 0:02:46.249179155 0xdd2dbaf0 qtdemux.c:4633:gst_qtdemux_combine_flows:<qtdemux1> flow return: ok
03-06 09:27:49.165 22026 22342 I GStreamer+baseparse: 0:02:46.249286134 0xd73ffa90 gstbaseparse.c:3945:gst_base_parse_set_latency:<h264parse1> min/max latency 0:00:00.019480519, 0:00:00.019480519
03-06 09:27:49.165 22026 22340 V GStreamer+qtdemux: 0:02:46.249345613 0xdd2dbaf0 qtdemux.c:4641:gst_qtdemux_combine_flows:<qtdemux1> combined flow return: ok
03-06 09:27:49.165 22026 22340 V GStreamer+qtdemux: 0:02:46.249443322 0xdd2dbaf0 qtdemux.c:6219:gst_qtdemux_process_adapter:<qtdemux1> increasing offset 32740263 by 144481
03-06 09:27:49.166 22026 22340 V GStreamer+qtdemux: 0:02:46.249528061 0xdd2dbaf0 qtdemux.c:6222:gst_qtdemux_process_adapter:<qtdemux1> offset is now 32884744
03-06 09:27:49.166 22026 22340 V GStreamer+qtdemux: 0:02:46.249616134 0xdd2dbaf0 qtdemux.c:5472:next_entry_size:<qtdemux1> Finding entry at offset 32884744
03-06 09:27:49.166 22026 22340 V GStreamer+qtdemux: 0:02:46.249714676 0xdd2dbaf0 qtdemux.c:7663:qtdemux_parse_samples:<qtdemux1> parsing samples for stream fourcc avc1, pad video_0
03-06 09:27:49.166 22026 22340 D GStreamer+qtdemux: 0:02:46.249796915 0xdd2dbaf0 qtdemux.c:7674:qtdemux_parse_samples:<qtdemux1> parsing up to sample 227
03-06 09:27:49.166 22026 22340 V GStreamer+qtdemux: 0:02:46.249882853 0xdd2dbaf0 qtdemux.c:7700:qtdemux_parse_samples:<qtdemux1> sample 227 has size 144126
03-06 09:27:49.166 22026 22340 V GStreamer+qtdemux: 0:02:46.249979624 0xdd2dbaf0 qtdemux.c:7824:qtdemux_parse_samples:<qtdemux1> creating entry 227 with offset 32884744 and size 144126
03-06 09:27:49.166 22026 22340 V GStreamer+qtdemux: 0:02:46.250064103 0xdd2dbaf0 qtdemux.c:7868:qtdemux_parse_samples:<qtdemux1> block 0, 1 timestamps, duration 98
03-06 09:27:49.166 22026 22340 D GStreamer+qtdemux: 0:02:46.250162697 0xdd2dbaf0 qtdemux.c:7881:qtdemux_parse_samples:<qtdemux1> sample 227: index 0, timestamp 0:00:04.472400000
03-06 09:27:49.166 22026 22340 D GStreamer+qtdemux: 0:02:46.250250926 0xdd2dbaf0 qtdemux.c:7936:qtdemux_parse_samples:<qtdemux1> samples at 227 is keyframe
03-06 09:27:49.166 22026 22340 V GStreamer+qtdemux: 0:02:46.250344676 0xdd2dbaf0 qtdemux.c:5498:next_entry_size:<qtdemux1> Checking Stream 0 (sample_index:227 / offset:32884744 / size:144126)
03-06 09:27:49.166 22026 22340 V GStreamer+qtdemux: 0:02:46.250440457 0xdd2dbaf0 qtdemux.c:5509:next_entry_size:<qtdemux1> stream 0 offset 32884744 demux->offset :32884744
03-06 09:27:49.167 22026 22340 D GStreamer+qtdemux: 0:02:46.250647592 0xdd2dbaf0 qtdemux.c:5700:gst_qtdemux_chain:<qtdemux1> pushing in inbuf 0xdcc59660, neededbytes:144126, available:6176
03-06 09:27:49.167 22026 22340 D GStreamer+qtdemux: 0:02:46.250781134 0xdd2dbaf0 qtdemux.c:5700:gst_qtdemux_chain:<qtdemux1> pushing in inbuf 0xdc9a68b8, neededbytes:144126, available:10272
03-06 09:27:49.167 22026 22340 D GStreamer+qtdemux: 0:02:46.250887384 0xdd2dbaf0 qtdemux.c:5700:gst_qtdemux_chain:<qtdemux1> pushing in inbuf 0xdcbff990, neededbytes:144126, available:14368
03-06 09:27:49.167 22026 22340 D GStreamer+qtdemux: 0:02:46.251001186 0xdd2dbaf0 qtdemux.c:5700:gst_qtdemux_chain:<qtdemux1> pushing in inbuf 0xdca79528, neededbytes:144126, available:18464
03-06 09:27:49.167 22026 22340 D GStreamer+qtdemux: 0:02:46.251108895 0xdd2dbaf0 qtdemux.c:5700:gst_qtdemux_chain:<qtdemux1> pushing in inbuf 0xdca79668, neededbytes:144126, available:22560
03-06 09:27:49.167 22026 22340 D GStreamer+qtdemux: 0:02:46.251218530 0xdd2dbaf0 qtdemux.c:5700:gst_qtdemux_chain:<qtdemux1> pushing in inbuf 0xdc977a08, neededbytes:144126, available:26656
03-06 09:27:49.167 22026 22340 D GStreamer+qtdemux: 0:02:46.251322905 0xdd2dbaf0 qtdemux.c:5700:gst_qtdemux_chain:<qtdemux1> pushing in inbuf 0xdccf3b48, neededbytes:144126, available:30752
03-06 09:27:49.167 22026 22340 D GStreamer+qtdemux: 0:02:46.251431447 0xdd2dbaf0 qtdemux.c:5700:gst_qtdemux_chain:<qtdemux1> pushing in inbuf 0xdccffcb0, neededbytes:144126, available:34848
03-06 09:27:49.168 22026 22340 D GStreamer+qtdemux: 0:02:46.251536395 0xdd2dbaf0 qtdemux.c:5700:gst_qtdemux_chain:<qtdemux1> pushing in inbuf 0xdcc59b28, neededbytes:144126, available:38944
03-06 09:27:49.168 22026 22340 D GStreamer+qtdemux: 0:02:46.251645301 0xdd2dbaf0 qtdemux.c:5700:gst_qtdemux_chain:<qtdemux1> pushing in inbuf 0xdcc51e60, neededbytes:144126, available:43040
03-06 09:27:49.168 22026 22340 D GStreamer+qtdemux: 0:02:46.251765197 0xdd2dbaf0 qtdemux.c:5700:gst_qtdemux_chain:<qtdemux1> pushing in inbuf 0xdd6cd490, neededbytes:144126, available:47136
03-06 09:27:49.168 22026 22340 D GStreamer+qtdemux: 0:02:46.251871915 0xdd2dbaf0 qtdemux.c:5700:gst_qtdemux_chain:<qtdemux1> pushing in inbuf 0xdc979380, neededbytes:144126, available:51232
03-06 09:27:49.168 22026 22340 D GStreamer+qtdemux: 0:02:46.251976759 0xdd2dbaf0 qtdemux.c:5700:gst_qtdemux_chain:<qtdemux1> pushing in inbuf 0xdcc3e288, neededbytes:144126, available:55328
03-06 09:27:49.168 22026 22340 D GStreamer+qtdemux: 0:02:46.252084572 0xdd2dbaf0 qtdemux.c:5700:gst_qtdemux_chain:<qtdemux1> pushing in inbuf 0xdcc59da8, neededbytes:144126, available:59424
03-06 09:27:49.168 22026 22340 D GStreamer+qtdemux: 0:02:46.252191499 0xdd2dbaf0 qtdemux.c:5700:gst_qtdemux_chain:<qtdemux1> pushing in inbuf 0xdcbffc10, neededbytes:144126, available:63520
03-06 09:27:49.168 22026 22340 D GStreamer+qtdemux: 0:02:46.252297853 0xdd2dbaf0 qtdemux.c:5700:gst_qtdemux_chain:<qtdemux1> pushing in inbuf 0xdccfff30, neededbytes:144126, available:67616
03-06 09:27:49.168 22026 22340 D GStreamer+qtdemux: 0:02:46.252407697 0xdd2dbaf0 qtdemux.c:5700:gst_qtdemux_chain:<qtdemux1> pushing in inbuf 0xdcbff210, neededbytes:144126, available:71712
03-06 09:27:49.169 22026 22340 D GStreamer+qtdemux: 0:02:46.252521603 0xdd2dbaf0 qtdemux.c:5700:gst_qtdemux_chain:<qtdemux1> pushing in inbuf 0xdc978e88, neededbytes:144126, available:75808
03-06 09:27:49.169 22026 22340 D GStreamer+qtdemux: 0:02:46.252628582 0xdd2dbaf0 qtdemux.c:5700:gst_qtdemux_chain:<qtdemux1> pushing in inbuf 0xdcbff030, neededbytes:144126, available:79904
03-06 09:27:49.169 22026 22340 D GStreamer+qtdemux: 0:02:46.252782749 0xdd2dbaf0 qtdemux.c:5700:gst_qtdemux_chain:<qtdemux1> pushing in inbuf 0xdcc3f018, neededbytes:144126, available:84000
03-06 09:27:49.169 22026 22340 D GStreamer+qtdemux: 0:02:46.252890509 0xdd2dbaf0 qtdemux.c:5700:gst_qtdemux_chain:<qtdemux1> pushing in inbuf 0xdccfec00, neededbytes:144126, available:88096
03-06 09:27:49.169 22026 22340 D GStreamer+qtdemux: 0:02:46.252993426 0xdd2dbaf0 qtdemux.c:5700:gst_qtdemux_chain:<qtdemux1> pushing in inbuf 0xdd6cd030, neededbytes:144126, available:92192
03-06 09:27:49.169 22026 22340 D GStreamer+qtdemux: 0:02:46.253095561 0xdd2dbaf0 qtdemux.c:5700:gst_qtdemux_chain:<qtdemux1> pushing in inbuf 0xdcc3e810, neededbytes:144126, available:96288
03-06 09:27:49.169 22026 22340 D GStreamer+qtdemux: 0:02:46.253202436 0xdd2dbaf0 qtdemux.c:5700:gst_qtdemux_chain:<qtdemux1> pushing in inbuf 0xdcc3e5a8, neededbytes:144126, available:100384
03-06 09:27:49.169 22026 22340 D GStreamer+qtdemux: 0:02:46.253305509 0xdd2dbaf0 qtdemux.c:5700:gst_qtdemux_chain:<qtdemux1> pushing in inbuf 0xdc9a59e8, neededbytes:144126, available:104480
03-06 09:27:49.169 22026 22340 D GStreamer+qtdemux: 0:02:46.253409311 0xdd2dbaf0 qtdemux.c:5700:gst_qtdemux_chain:<qtdemux1> pushing in inbuf 0xdc977b48, neededbytes:144126, available:108576
03-06 09:27:49.170 22026 22340 D GStreamer+qtdemux: 0:02:46.253515197 0xdd2dbaf0 qtdemux.c:5700:gst_qtdemux_chain:<qtdemux1> pushing in inbuf 0xdcc51c80, neededbytes:144126, available:112672
03-06 09:27:49.170 22026 22340 D GStreamer+qtdemux: 0:02:46.253620926 0xdd2dbaf0 qtdemux.c:5700:gst_qtdemux_chain:<qtdemux1> pushing in inbuf 0xdcc3eb30, neededbytes:144126, available:116768
03-06 09:27:49.170 22026 22340 D GStreamer+qtdemux: 0:02:46.253728322 0xdd2dbaf0 qtdemux.c:5700:gst_qtdemux_chain:<qtdemux1> pushing in inbuf 0xdcbff490, neededbytes:144126, available:120864
03-06 09:27:49.180 22026 22340 D GStreamer+qtdemux: 0:02:46.263575405 0xdd2dbaf0 qtdemux.c:5700:gst_qtdemux_chain:<qtdemux1> pushing in inbuf 0xdcc51b40, neededbytes:144126, available:124960
03-06 09:27:49.180 22026 22340 D GStreamer+qtdemux: 0:02:46.263714259 0xdd2dbaf0 qtdemux.c:5700:gst_qtdemux_chain:<qtdemux1> pushing in inbuf 0xdcbfe480, neededbytes:144126, available:129056
03-06 09:27:49.180 22026 22340 D GStreamer+qtdemux: 0:02:46.263833634 0xdd2dbaf0 qtdemux.c:5700:gst_qtdemux_chain:<qtdemux1> pushing in inbuf 0xdccfe538, neededbytes:144126, available:133152
03-06 09:27:49.180 22026 22340 D GStreamer+qtdemux: 0:02:46.263956447 0xdd2dbaf0 qtdemux.c:5700:gst_qtdemux_chain:<qtdemux1> pushing in inbuf 0xdcc59020, neededbytes:144126, available:137248
03-06 09:27:49.180 22026 22340 D GStreamer+qtdemux: 0:02:46.264082228 0xdd2dbaf0 qtdemux.c:5700:gst_qtdemux_chain:<qtdemux1> pushing in inbuf 0xdccff850, neededbytes:144126, available:141344
03-06 09:27:49.180 22026 22340 D GStreamer+qtdemux: 0:02:46.264198009 0xdd2dbaf0 qtdemux.c:5700:gst_qtdemux_chain:<qtdemux1> pushing in inbuf 0xdcc59a88, neededbytes:144126, available:145440
03-06 09:27:49.180 22026 22340 D GStreamer+qtdemux: 0:02:46.264296290 0xdd2dbaf0 qtdemux.c:5720:gst_qtdemux_process_adapter:<qtdemux1> state:2 , demux->neededbytes:144126, demux->offset:32884744
03-06 09:27:49.180 22026 22340 D GStreamer+qtdemux: 0:02:46.264391447 0xdd2dbaf0 qtdemux.c:6067:gst_qtdemux_process_adapter:<qtdemux1> BEGIN // in MOVIE for offset 32884744
03-06 09:27:49.180 22026 22340 V GStreamer+qtdemux: 0:02:46.264489363 0xdd2dbaf0 qtdemux.c:6145:gst_qtdemux_process_adapter:<qtdemux1> Checking stream 0 (sample_index:227 / offset:32884744 / size:144126)
03-06 09:27:49.181 22026 22340 D GStreamer+qtdemux: 0:02:46.264575874 0xdd2dbaf0 qtdemux.c:6163:gst_qtdemux_process_adapter:<qtdemux1> stream : avc1
03-06 09:27:49.181 22026 22340 V GStreamer+qtdemux: 0:02:46.265068217 0xdd2dbaf0 qtdemux.c:4961:gst_qtdemux_decorate_and_push_buffer:<qtdemux1> Pushing buffer with dts 0:00:04.472400000, pts 0:00:04.472400000, duration 0:00:00.019600000 on pad video_0
03-06 09:27:49.184 22026 22232 V GStreamer+qtdemux: 0:02:46.267527020 0xdd2db980 qtdemux.c:810:gst_qtdemux_handle_src_query:<qtdemux1:video_0> position query
03-06 09:27:49.203 22026 22232 V GStreamer+qtdemux: 0:02:46.286770926 0xdd2db980 qtdemux.c:810:gst_qtdemux_handle_src_query:<qtdemux1:video_0> position query
03-06 09:27:49.204 22026 22340 V GStreamer+qtdemux: 0:02:46.288218686 0xdd2dbaf0 qtdemux.c:4633:gst_qtdemux_combine_flows:<qtdemux1> flow return: ok
03-06 09:27:49.204 22026 22340 V GStreamer+qtdemux: 0:02:46.288363270 0xdd2dbaf0 qtdemux.c:4641:gst_qtdemux_combine_flows:<qtdemux1> combined flow return: ok
03-06 09:27:49.204 22026 22340 V GStreamer+qtdemux: 0:02:46.288464155 0xdd2dbaf0 qtdemux.c:6219:gst_qtdemux_process_adapter:<qtdemux1> increasing offset 32884744 by 144126
03-06 09:27:49.205 22026 22340 V GStreamer+qtdemux: 0:02:46.288560040 0xdd2dbaf0 qtdemux.c:6222:gst_qtdemux_process_adapter:<qtdemux1> offset is now 33028870
03-06 09:27:49.205 22026 22340 V GStreamer+qtdemux: 0:02:46.288651759 0xdd2dbaf0 qtdemux.c:5472:next_entry_size:<qtdemux1> Finding entry at offset 33028870
03-06 09:27:49.205 22026 22340 V GStreamer+qtdemux: 0:02:46.288742488 0xdd2dbaf0 qtdemux.c:7663:qtdemux_parse_samples:<qtdemux1> parsing samples for stream fourcc avc1, pad video_0
03-06 09:27:49.205 22026 22340 D GStreamer+qtdemux: 0:02:46.288824311 0xdd2dbaf0 qtdemux.c:7674:qtdemux_parse_samples:<qtdemux1> parsing up to sample 228
03-06 09:27:49.205 22026 22340 V GStreamer+qtdemux: 0:02:46.288908686 0xdd2dbaf0 qtdemux.c:7700:qtdemux_parse_samples:<qtdemux1> sample 228 has size 144331
03-06 09:27:49.205 22026 22340 V GStreamer+qtdemux: 0:02:46.289000561 0xdd2dbaf0 qtdemux.c:7824:qtdemux_parse_samples:<qtdemux1> creating entry 228 with offset 33028870 and size 144331
03-06 09:27:49.205 22026 22342 I GStreamer+baseparse: 0:02:46.289039207 0xd73ffa90 gstbaseparse.c:3945:gst_base_parse_set_latency:<h264parse1> min/max latency 0:00:00.019480519, 0:00:00.019480519
03-06 09:27:49.205 22026 22340 V GStreamer+qtdemux: 0:02:46.289088582 0xdd2dbaf0 qtdemux.c:7868:qtdemux_parse_samples:<qtdemux1> block 0, 3 timestamps, duration 97
03-06 09:27:49.205 22026 22340 D GStreamer+qtdemux: 0:02:46.289187488 0xdd2dbaf0 qtdemux.c:7881:qtdemux_parse_samples:<qtdemux1> sample 228: index 0, timestamp 0:00:04.492000000
03-06 09:27:49.205 22026 22340 D GStreamer+qtdemux: 0:02:46.289271030 0xdd2dbaf0 qtdemux.c:7936:qtdemux_parse_samples:<qtdemux1> samples at 228 is keyframe
03-06 09:27:49.205 22026 22340 V GStreamer+qtdemux: 0:02:46.289376863 0xdd2dbaf0 qtdemux.c:5498:next_entry_size:<qtdemux1> Checking Stream 0 (sample_index:228 / offset:33028870 / size:144331)
03-06 09:27:49.205 22026 22340 V GStreamer+qtdemux: 0:02:46.289468374 0xdd2dbaf0 qtdemux.c:5509:next_entry_size:<qtdemux1> stream 0 offset 33028870 demux->offset :33028870
03-06 09:27:49.206 22026 22340 D GStreamer+qtdemux: 0:02:46.289628270 0xdd2dbaf0 qtdemux.c:5700:gst_qtdemux_chain:<qtdemux1> pushing in inbuf 0xdc979800, neededbytes:144331, available:5410
03-06 09:27:49.206 22026 22340 D GStreamer+qtdemux: 0:02:46.289757697 0xdd2dbaf0 qtdemux.c:5700:gst_qtdemux_chain:<qtdemux1> pushing in inbuf 0xdc9a5500, neededbytes:144331, available:9506
03-06 09:27:49.206 22026 22340 D GStreamer+qtdemux: 0:02:46.289880040 0xdd2dbaf0 qtdemux.c:5700:gst_qtdemux_chain:<qtdemux1> pushing in inbuf 0xdd6cd2b0, neededbytes:144331, available:13602
03-06 09:27:49.206 22026 22340 D GStreamer+qtdemux: 0:02:46.290005092 0xdd2dbaf0 qtdemux.c:5700:gst_qtdemux_chain:<qtdemux1> pushing in inbuf 0xdcc59e48, neededbytes:144331, available:17698
03-06 09:27:49.206 22026 22340 D GStreamer+qtdemux: 0:02:46.290123842 0xdd2dbaf0 qtdemux.c:5700:gst_qtdemux_chain:<qtdemux1> pushing in inbuf 0xdccffe90, neededbytes:144331, available:21794
03-06 09:27:49.206 22026 22340 D GStreamer+qtdemux: 0:02:46.290259051 0xdd2dbaf0 qtdemux.c:5700:gst_qtdemux_chain:<qtdemux1> pushing in inbuf 0xdccfe498, neededbytes:144331, available:25890
03-06 09:27:49.206 22026 22340 D GStreamer+qtdemux: 0:02:46.290397645 0xdd2dbaf0 qtdemux.c:5700:gst_qtdemux_chain:<qtdemux1> pushing in inbuf 0xdccff8f0, neededbytes:144331, available:29986
03-06 09:27:49.207 22026 22340 D GStreamer+qtdemux: 0:02:46.290548165 0xdd2dbaf0 qtdemux.c:5700:gst_qtdemux_chain:<qtdemux1> pushing in inbuf 0xdc9794c0, neededbytes:144331, available:34082
03-06 09:27:49.207 22026 22340 D GStreamer+qtdemux: 0:02:46.290679728 0xdd2dbaf0 qtdemux.c:5700:gst_qtdemux_chain:<qtdemux1> pushing in inbuf 0xdc9a5808, neededbytes:144331, available:38178
03-06 09:27:49.207 22026 22340 D GStreamer+qtdemux: 0:02:46.290817072 0xdd2dbaf0 qtdemux.c:5700:gst_qtdemux_chain:<qtdemux1> pushing in inbuf 0xdcc3f658, neededbytes:144331, available:42274
03-06 09:27:49.207 22026 22340 D GStreamer+qtdemux: 0:02:46.290939624 0xdd2dbaf0 qtdemux.c:5700:gst_qtdemux_chain:<qtdemux1> pushing in inbuf 0xdcbff2b0, neededbytes:144331, available:46370
03-06 09:27:49.207 22026 22340 D GStreamer+qtdemux: 0:02:46.291058478 0xdd2dbaf0 qtdemux.c:5700:gst_qtdemux_chain:<qtdemux1> pushing in inbuf 0xdcbff0d0, neededbytes:144331, available:50466
03-06 09:27:49.207 22026 22340 D GStreamer+qtdemux: 0:02:46.291170353 0xdd2dbaf0 qtdemux.c:5700:gst_qtdemux_chain:<qtdemux1> pushing in inbuf 0xdc9792e0, neededbytes:144331, available:54562
03-06 09:27:49.207 22026 22340 D GStreamer+qtdemux: 0:02:46.291279363 0xdd2dbaf0 qtdemux.c:5700:gst_qtdemux_chain:<qtdemux1> pushing in inbuf 0xdc9a5ee8, neededbytes:144331, available:58658
03-06 09:27:49.207 22026 22340 D GStreamer+qtdemux: 0:02:46.291391967 0xdd2dbaf0 qtdemux.c:5700:gst_qtdemux_chain:<qtdemux1> pushing in inbuf 0xdc9a6330, neededbytes:144331, available:62754
03-06 09:27:49.208 22026 22340 D GStreamer+qtdemux: 0:02:46.291498999 0xdd2dbaf0 qtdemux.c:5700:gst_qtdemux_chain:<qtdemux1> pushing in inbuf 0xdc9a63d0, neededbytes:144331, available:66850
03-06 09:27:49.208 22026 22340 D GStreamer+qtdemux: 0:02:46.291609467 0xdd2dbaf0 qtdemux.c:5700:gst_qtdemux_chain:<qtdemux1> pushing in inbuf 0xdccf3dc8, neededbytes:144331, available:70946
03-06 09:27:49.208 22026 22340 D GStreamer+qtdemux: 0:02:46.291732332 0xdd2dbaf0 qtdemux.c:5700:gst_qtdemux_chain:<qtdemux1> pushing in inbuf 0xdca79970, neededbytes:144331, available:75042
03-06 09:27:49.208 22026 22340 D GStreamer+qtdemux: 0:02:46.291847801 0xdd2dbaf0 qtdemux.c:5700:gst_qtdemux_chain:<qtdemux1> pushing in inbuf 0xdcc59808, neededbytes:144331, available:79138
03-06 09:27:49.208 22026 22342 I GStreamer+baseparse: 0:02:46.291890145 0xd73ffa90 gstbaseparse.c:3945:gst_base_parse_set_latency:<h264parse1> min/max latency 0:00:00.019480519, 0:00:00.019480519
03-06 09:27:49.209 22026 22340 D GStreamer+qtdemux: 0:02:46.292870092 0xdd2dbaf0 qtdemux.c:5700:gst_qtdemux_chain:<qtdemux1> pushing in inbuf 0xdcc51be0, neededbytes:144331, available:83234
03-06 09:27:49.209 22026 22340 D GStreamer+qtdemux: 0:02:46.293113999 0xdd2dbaf0 qtdemux.c:5700:gst_qtdemux_chain:<qtdemux1> pushing in inbuf 0xdcc51168, neededbytes:144331, available:87330
03-06 09:27:49.209 22026 22340 D GStreamer+qtdemux: 0:02:46.293227905 0xdd2dbaf0 qtdemux.c:5700:gst_qtdemux_chain:<qtdemux1> pushing in inbuf 0xdcc3e3c8, neededbytes:144331, available:91426
03-06 09:27:49.209 22026 22340 D GStreamer+qtdemux: 0:02:46.293333895 0xdd2dbaf0 qtdemux.c:5700:gst_qtdemux_chain:<qtdemux1> pushing in inbuf 0xdc978d48, neededbytes:144331, available:95522
03-06 09:27:49.209 22026 22340 D GStreamer+qtdemux: 0:02:46.293439051 0xdd2dbaf0 qtdemux.c:5700:gst_qtdemux_chain:<qtdemux1> pushing in inbuf 0xdcc595c0, neededbytes:144331, available:99618
03-06 09:27:49.210 22026 22340 D GStreamer+qtdemux: 0:02:46.293544884 0xdd2dbaf0 qtdemux.c:5700:gst_qtdemux_chain:<qtdemux1> pushing in inbuf 0xdc979600, neededbytes:144331, available:103714
03-06 09:27:49.210 22026 22340 D GStreamer+qtdemux: 0:02:46.293646290 0xdd2dbaf0 qtdemux.c:5700:gst_qtdemux_chain:<qtdemux1> pushing in inbuf 0xdca79d30, neededbytes:144331, available:107810
03-06 09:27:49.210 22026 22340 D GStreamer+qtdemux: 0:02:46.293747384 0xdd2dbaf0 qtdemux.c:5700:gst_qtdemux_chain:<qtdemux1> pushing in inbuf 0xdc979c60, neededbytes:144331, available:111906
03-06 09:27:49.210 22026 22340 D GStreamer+qtdemux: 0:02:46.293865770 0xdd2dbaf0 qtdemux.c:5700:gst_qtdemux_chain:<qtdemux1> pushing in inbuf 0xdc9796a0, neededbytes:144331, available:116002
03-06 09:27:49.210 22026 22340 D GStreamer+qtdemux: 0:02:46.293991447 0xdd2dbaf0 qtdemux.c:5700:gst_qtdemux_chain:<qtdemux1> pushing in inbuf 0xdcc3fc80, neededbytes:144331, available:120098
03-06 09:27:49.210 22026 22342 I GStreamer+baseparse: 0:02:46.294059572 0xd73ffa90 gstbaseparse.c:3945:gst_base_parse_set_latency:<h264parse1> min/max latency 0:00:00.019480519, 0:00:00.019480519
03-06 09:27:49.210 22026 22340 D GStreamer+qtdemux: 0:02:46.294112749 0xdd2dbaf0 qtdemux.c:5700:gst_qtdemux_chain:<qtdemux1> pushing in inbuf 0xdc9799e0, neededbytes:144331, available:124194
03-06 09:27:49.210 22026 22340 D GStreamer+qtdemux: 0:02:46.294234311 0xdd2dbaf0 qtdemux.c:5700:gst_qtdemux_chain:<qtdemux1> pushing in inbuf 0xdcc51028, neededbytes:144331, available:128290
03-06 09:27:49.210 22026 22340 D GStreamer+qtdemux: 0:02:46.294367592 0xdd2dbaf0 qtdemux.c:5700:gst_qtdemux_chain:<qtdemux1> pushing in inbuf 0xdcc3f6f8, neededbytes:144331, available:132386
03-06 09:27:49.210 22026 22340 D GStreamer+qtdemux: 0:02:46.294489884 0xdd2dbaf0 qtdemux.c:5700:gst_qtdemux_chain:<qtdemux1> pushing in inbuf 0xdcc51a00, neededbytes:144331, available:136482
03-06 09:27:49.211 22026 22340 D GStreamer+qtdemux: 0:02:46.294616238 0xdd2dbaf0 qtdemux.c:5700:gst_qtdemux_chain:<qtdemux1> pushing in inbuf 0xdccfef20, neededbytes:144331, available:140578
03-06 09:27:49.211 22026 22340 D GStreamer+qtdemux: 0:02:46.294730978 0xdd2dbaf0 qtdemux.c:5700:gst_qtdemux_chain:<qtdemux1> pushing in inbuf 0xdd15cb38, neededbytes:144331, available:144674
03-06 09:27:49.211 22026 22340 D GStreamer+qtdemux: 0:02:46.294827488 0xdd2dbaf0 qtdemux.c:5720:gst_qtdemux_process_adapter:<qtdemux1> state:2 , demux->neededbytes:144331, demux->offset:33028870
03-06 09:27:49.211 22026 22340 D GStreamer+qtdemux: 0:02:46.294911915 0xdd2dbaf0 qtdemux.c:6067:gst_qtdemux_process_adapter:<qtdemux1> BEGIN // in MOVIE for offset 33028870
03-06 09:27:49.211 22026 22340 V GStreamer+qtdemux: 0:02:46.295007488 0xdd2dbaf0 qtdemux.c:6145:gst_qtdemux_process_adapter:<qtdemux1> Checking stream 0 (sample_index:228 / offset:33028870 / size:144331)
03-06 09:27:49.211 22026 22340 D GStreamer+qtdemux: 0:02:46.295095353 0xdd2dbaf0 qtdemux.c:6163:gst_qtdemux_process_adapter:<qtdemux1> stream : avc1
03-06 09:27:49.212 22026 22340 V GStreamer+qtdemux: 0:02:46.295693686 0xdd2dbaf0 qtdemux.c:4961:gst_qtdemux_decorate_and_push_buffer:<qtdemux1> Pushing buffer with dts 0:00:04.492000000, pts 0:00:04.492000000, duration 0:00:00.019400000 on pad video_0
03-06 09:27:49.212 22026 22340 V GStreamer+qtdemux: 0:02:46.295873426 0xdd2dbaf0 qtdemux.c:4633:gst_qtdemux_combine_flows:<qtdemux1> flow return: ok
03-06 09:27:49.212 22026 22342 I GStreamer+baseparse: 0:02:46.295897176 0xd73ffa90 gstbaseparse.c:3945:gst_base_parse_set_latency:<h264parse1> min/max latency 0:00:00.019480519, 0:00:00.019480519
03-06 09:27:49.212 22026 22340 V GStreamer+qtdemux: 0:02:46.295964103 0xdd2dbaf0 qtdemux.c:4641:gst_qtdemux_combine_flows:<qtdemux1> combined flow return: ok
03-06 09:27:49.212 22026 22340 V GStreamer+qtdemux: 0:02:46.296054467 0xdd2dbaf0 qtdemux.c:6219:gst_qtdemux_process_adapter:<qtdemux1> increasing offset 33028870 by 144331
03-06 09:27:49.212 22026 22340 V GStreamer+qtdemux: 0:02:46.296137853 0xdd2dbaf0 qtdemux.c:6222:gst_qtdemux_process_adapter:<qtdemux1> offset is now 33173201
03-06 09:27:49.212 22026 22340 V GStreamer+qtdemux: 0:02:46.296222020 0xdd2dbaf0 qtdemux.c:5472:next_entry_size:<qtdemux1> Finding entry at offset 33173201
03-06 09:27:49.212 22026 22340 V GStreamer+qtdemux: 0:02:46.296313478 0xdd2dbaf0 qtdemux.c:7663:qtdemux_parse_samples:<qtdemux1> parsing samples for stream fourcc avc1, pad video_0
03-06 09:27:49.212 22026 22340 D GStreamer+qtdemux: 0:02:46.296399103 0xdd2dbaf0 qtdemux.c:7674:qtdemux_parse_samples:<qtdemux1> parsing up to sample 229
03-06 09:27:49.212 22026 22340 V GStreamer+qtdemux: 0:02:46.296482540 0xdd2dbaf0 qtdemux.c:7700:qtdemux_parse_samples:<qtdemux1> sample 229 has size 144369
03-06 09:27:49.213 22026 22340 V GStreamer+qtdemux: 0:02:46.296573009 0xdd2dbaf0 qtdemux.c:7824:qtdemux_parse_samples:<qtdemux1> creating entry 229 with offset 33173201 and size 144369
03-06 09:27:49.213 22026 22340 D GStreamer+qtdemux: 0:02:46.296670822 0xdd2dbaf0 qtdemux.c:7881:qtdemux_parse_samples:<qtdemux1> sample 229: index 1, timestamp 0:00:04.511400000
03-06 09:27:49.213 22026 22340 D GStreamer+qtdemux: 0:02:46.296754259 0xdd2dbaf0 qtdemux.c:7936:qtdemux_parse_samples:<qtdemux1> samples at 229 is keyframe
03-06 09:27:49.213 22026 22340 V GStreamer+qtdemux: 0:02:46.296846863 0xdd2dbaf0 qtdemux.c:5498:next_entry_size:<qtdemux1> Checking Stream 0 (sample_index:229 / offset:33173201 / size:144369)
03-06 09:27:49.213 22026 22340 V GStreamer+qtdemux: 0:02:46.296938113 0xdd2dbaf0 qtdemux.c:5509:next_entry_size:<qtdemux1> stream 0 offset 33173201 demux->offset :33173201
03-06 09:27:49.213 22026 22340 D GStreamer+qtdemux: 0:02:46.297080770 0xdd2dbaf0 qtdemux.c:5700:gst_qtdemux_chain:<qtdemux1> pushing in inbuf 0xdccf3c88, neededbytes:144369, available:4439
03-06 09:27:49.213 22026 22340 D GStreamer+qtdemux: 0:02:46.297209103 0xdd2dbaf0 qtdemux.c:5700:gst_qtdemux_chain:<qtdemux1> pushing in inbuf 0xdc979420, neededbytes:144369, available:8535
03-06 09:27:49.213 22026 22340 D GStreamer+qtdemux: 0:02:46.297333947 0xdd2dbaf0 qtdemux.c:5700:gst_qtdemux_chain:<qtdemux1> pushing in inbuf 0xdcbfee68, neededbytes:144369, available:12631
03-06 09:27:49.213 22026 22340 D GStreamer+qtdemux: 0:02:46.297472697 0xdd2dbaf0 qtdemux.c:5700:gst_qtdemux_chain:<qtdemux1> pushing in inbuf 0xdd6cd5d0, neededbytes:144369, available:16727
03-06 09:27:49.214 22026 22340 D GStreamer+qtdemux: 0:02:46.297643686 0xdd2dbaf0 qtdemux.c:5700:gst_qtdemux_chain:<qtdemux1> pushing in inbuf 0xdcc3e468, neededbytes:144369, available:20823
03-06 09:27:49.214 22026 22340 D GStreamer+qtdemux: 0:02:46.297761290 0xdd2dbaf0 qtdemux.c:5700:gst_qtdemux_chain:<qtdemux1> pushing in inbuf 0xdccf35c0, neededbytes:144369, available:24919
03-06 09:27:49.214 22026 22340 D GStreamer+qtdemux: 0:02:46.297884311 0xdd2dbaf0 qtdemux.c:5700:gst_qtdemux_chain:<qtdemux1> pushing in inbuf 0xdc9a69f8, neededbytes:144369, available:29015
03-06 09:27:49.214 22026 22340 D GStreamer+qtdemux: 0:02:46.297993895 0xdd2dbaf0 qtdemux.c:5700:gst_qtdemux_chain:<qtdemux1> pushing in inbuf 0xdccf3e68, neededbytes:144369, available:33111
03-06 09:27:49.214 22026 22340 D GStreamer+qtdemux: 0:02:46.298097592 0xdd2dbaf0 qtdemux.c:5700:gst_qtdemux_chain:<qtdemux1> pushing in inbuf 0xdcbff8f0, neededbytes:144369, available:37207
03-06 09:27:49.214 22026 22340 D GStreamer+qtdemux: 0:02:46.298200405 0xdd2dbaf0 qtdemux.c:5700:gst_qtdemux_chain:<qtdemux1> pushing in inbuf 0xdcbfe700, neededbytes:144369, available:41303
03-06 09:27:49.214 22026 22340 D GStreamer+qtdemux: 0:02:46.298310978 0xdd2dbaf0 qtdemux.c:5700:gst_qtdemux_chain:<qtdemux1> pushing in inbuf 0xdc978b68, neededbytes:144369, available:45399
03-06 09:27:49.214 22026 22340 D GStreamer+qtdemux: 0:02:46.298422540 0xdd2dbaf0 qtdemux.c:5700:gst_qtdemux_chain:<qtdemux1> pushing in inbuf 0xdd6cd210, neededbytes:144369, available:49495
03-06 09:27:49.215 22026 22340 D GStreamer+qtdemux: 0:02:46.298532905 0xdd2dbaf0 qtdemux.c:5700:gst_qtdemux_chain:<qtdemux1> pushing in inbuf 0xdcbff350, neededbytes:144369, available:53591
03-06 09:27:49.215 22026 22340 D GStreamer+qtdemux: 0:02:46.298638999 0xdd2dbaf0 qtdemux.c:5700:gst_qtdemux_chain:<qtdemux1> pushing in inbuf 0xdcc51820, neededbytes:144369, available:57687
03-06 09:27:49.215 22026 22340 D GStreamer+qtdemux: 0:02:46.298743322 0xdd2dbaf0 qtdemux.c:5700:gst_qtdemux_chain:<qtdemux1> pushing in inbuf 0xdcc3f0b8, neededbytes:144369, available:61783
03-06 09:27:49.215 22026 22340 D GStreamer+qtdemux: 0:02:46.298844415 0xdd2dbaf0 qtdemux.c:5700:gst_qtdemux_chain:<qtdemux1> pushing in inbuf 0xdca79028, neededbytes:144369, available:65879
03-06 09:27:49.215 22026 22340 D GStreamer+qtdemux: 0:02:46.298954311 0xdd2dbaf0 qtdemux.c:5700:gst_qtdemux_chain:<qtdemux1> pushing in inbuf 0xdcc3f298, neededbytes:144369, available:69975
03-06 09:27:49.215 22026 22340 D GStreamer+qtdemux: 0:02:46.299064988 0xdd2dbaf0 qtdemux.c:5700:gst_qtdemux_chain:<qtdemux1> pushing in inbuf 0xdcc3fdc0, neededbytes:144369, available:74071
03-06 09:27:49.215 22026 22340 D GStreamer+qtdemux: 0:02:46.299170353 0xdd2dbaf0 qtdemux.c:5700:gst_qtdemux_chain:<qtdemux1> pushing in inbuf 0xdd6cd3f0, neededbytes:144369, available:78167
