03-06 09:27:50.060 22026 22340 V GStreamer+qtdemux: 0:02:47.144287592 0xdd2dbaf0 qtdemux.c:5498:next_entry_size:<qtdemux1> Checking Stream 0 (sample_index:278 / offset:40245660 / size:144626)
03-06 09:27:50.060 22026 22340 V GStreamer+qtdemux: 0:02:47.144376707 0xdd2dbaf0 qtdemux.c:5509:next_entry_size:<qtdemux1> stream 0 offset 40245660 demux->offset :40245660
03-06 09:27:50.061 22026 22340 D GStreamer+qtdemux: 0:02:47.144517175 0xdd2dbaf0 qtdemux.c:5700:gst_qtdemux_chain:<qtdemux1> pushing in inbuf 0xdcc59b28, neededbytes:144626, available:5772
03-06 09:27:50.061 22026 22340 D GStreamer+qtdemux: 0:02:47.144633530 0xdd2dbaf0 qtdemux.c:5700:gst_qtdemux_chain:<qtdemux1> pushing in inbuf 0xdccffcb0, neededbytes:144626, available:9868
03-06 09:27:50.061 22026 22340 D GStreamer+qtdemux: 0:02:47.144747123 0xdd2dbaf0 qtdemux.c:5700:gst_qtdemux_chain:<qtdemux1> pushing in inbuf 0xdcc3fbe0, neededbytes:144626, available:13964
03-06 09:27:50.061 22026 22340 D GStreamer+qtdemux: 0:02:47.144860978 0xdd2dbaf0 qtdemux.c:5700:gst_qtdemux_chain:<qtdemux1> pushing in inbuf 0xdcc3e5a8, neededbytes:144626, available:18060
03-06 09:27:50.061 22026 22340 D GStreamer+qtdemux: 0:02:47.144974050 0xdd2dbaf0 qtdemux.c:5700:gst_qtdemux_chain:<qtdemux1> pushing in inbuf 0xdcc59700, neededbytes:144626, available:22156
03-06 09:27:50.061 22026 22340 D GStreamer+qtdemux: 0:02:47.145096030 0xdd2dbaf0 qtdemux.c:5700:gst_qtdemux_chain:<qtdemux1> pushing in inbuf 0xdcc510c8, neededbytes:144626, available:26252
03-06 09:27:50.061 22026 22340 D GStreamer+qtdemux: 0:02:47.145209259 0xdd2dbaf0 qtdemux.c:5700:gst_qtdemux_chain:<qtdemux1> pushing in inbuf 0xdcc3e8b0, neededbytes:144626, available:30348
03-06 09:27:50.061 22026 22340 D GStreamer+qtdemux: 0:02:47.145322332 0xdd2dbaf0 qtdemux.c:5700:gst_qtdemux_chain:<qtdemux1> pushing in inbuf 0xdc9785e0, neededbytes:144626, available:34444
03-06 09:27:50.061 22026 22340 D GStreamer+qtdemux: 0:02:47.145435665 0xdd2dbaf0 qtdemux.c:5700:gst_qtdemux_chain:<qtdemux1> pushing in inbuf 0xdcc593e0, neededbytes:144626, available:38540
03-06 09:27:50.062 22026 22340 D GStreamer+qtdemux: 0:02:47.145550717 0xdd2dbaf0 qtdemux.c:5700:gst_qtdemux_chain:<qtdemux1> pushing in inbuf 0xdcc3fd20, neededbytes:144626, available:42636
03-06 09:27:50.062 22026 22340 D GStreamer+qtdemux: 0:02:47.145664832 0xdd2dbaf0 qtdemux.c:5700:gst_qtdemux_chain:<qtdemux1> pushing in inbuf 0xdca795c8, neededbytes:144626, available:46732
03-06 09:27:50.062 22026 22340 D GStreamer+qtdemux: 0:02:47.145775665 0xdd2dbaf0 qtdemux.c:5700:gst_qtdemux_chain:<qtdemux1> pushing in inbuf 0xdcbfec88, neededbytes:144626, available:50828
03-06 09:27:50.062 22026 22340 D GStreamer+qtdemux: 0:02:47.145894155 0xdd2dbaf0 qtdemux.c:5700:gst_qtdemux_chain:<qtdemux1> pushing in inbuf 0xdca79208, neededbytes:144626, available:54924
03-06 09:27:50.062 22026 22340 D GStreamer+qtdemux: 0:02:47.146005717 0xdd2dbaf0 qtdemux.c:5700:gst_qtdemux_chain:<qtdemux1> pushing in inbuf 0xdc9a5320, neededbytes:144626, available:59020
03-06 09:27:50.062 22026 22340 D GStreamer+qtdemux: 0:02:47.146118530 0xdd2dbaf0 qtdemux.c:5700:gst_qtdemux_chain:<qtdemux1> pushing in inbuf 0xdca79bf0, neededbytes:144626, available:63116
03-06 09:27:50.062 22026 22340 D GStreamer+qtdemux: 0:02:47.146230561 0xdd2dbaf0 qtdemux.c:5700:gst_qtdemux_chain:<qtdemux1> pushing in inbuf 0xdccfe718, neededbytes:144626, available:67212
03-06 09:27:50.062 22026 22340 D GStreamer+qtdemux: 0:02:47.146341811 0xdd2dbaf0 qtdemux.c:5700:gst_qtdemux_chain:<qtdemux1> pushing in inbuf 0xdcc59808, neededbytes:144626, available:71308
03-06 09:27:50.062 22026 22340 D GStreamer+qtdemux: 0:02:47.146454832 0xdd2dbaf0 qtdemux.c:5700:gst_qtdemux_chain:<qtdemux1> pushing in inbuf 0xdc9794c0, neededbytes:144626, available:75404
03-06 09:27:50.063 22026 22340 D GStreamer+qtdemux: 0:02:47.146567175 0xdd2dbaf0 qtdemux.c:5700:gst_qtdemux_chain:<qtdemux1> pushing in inbuf 0xdccff8f0, neededbytes:144626, available:79500
03-06 09:27:50.063 22026 22340 D GStreamer+qtdemux: 0:02:47.146679571 0xdd2dbaf0 qtdemux.c:5700:gst_qtdemux_chain:<qtdemux1> pushing in inbuf 0xdccfe498, neededbytes:144626, available:83596
03-06 09:27:50.063 22026 22340 D GStreamer+qtdemux: 0:02:47.146792748 0xdd2dbaf0 qtdemux.c:5700:gst_qtdemux_chain:<qtdemux1> pushing in inbuf 0xdcc515c8, neededbytes:144626, available:87692
03-06 09:27:50.063 22026 22340 D GStreamer+qtdemux: 0:02:47.146908790 0xdd2dbaf0 qtdemux.c:5700:gst_qtdemux_chain:<qtdemux1> pushing in inbuf 0xdcc3f8c0, neededbytes:144626, available:91788
03-06 09:27:50.063 22026 22340 D GStreamer+qtdemux: 0:02:47.147021915 0xdd2dbaf0 qtdemux.c:5700:gst_qtdemux_chain:<qtdemux1> pushing in inbuf 0xdcbff670, neededbytes:144626, available:95884
03-06 09:27:50.063 22026 22340 D GStreamer+qtdemux: 0:02:47.147135353 0xdd2dbaf0 qtdemux.c:5700:gst_qtdemux_chain:<qtdemux1> pushing in inbuf 0xdc9788e8, neededbytes:144626, available:99980
03-06 09:27:50.063 22026 22340 D GStreamer+qtdemux: 0:02:47.147249623 0xdd2dbaf0 qtdemux.c:5700:gst_qtdemux_chain:<qtdemux1> pushing in inbuf 0xdcc59da8, neededbytes:144626, available:104076
03-06 09:27:50.063 22026 22340 D GStreamer+qtdemux: 0:02:47.147362175 0xdd2dbaf0 qtdemux.c:5700:gst_qtdemux_chain:<qtdemux1> pushing in inbuf 0xdcc3e288, neededbytes:144626, available:108172
03-06 09:27:50.063 22026 22340 D GStreamer+qtdemux: 0:02:47.147472228 0xdd2dbaf0 qtdemux.c:5700:gst_qtdemux_chain:<qtdemux1> pushing in inbuf 0xdcc59480, neededbytes:144626, available:112268
03-06 09:27:50.064 22026 22340 D GStreamer+qtdemux: 0:02:47.147645873 0xdd2dbaf0 qtdemux.c:5700:gst_qtdemux_chain:<qtdemux1> pushing in inbuf 0xdc979b20, neededbytes:144626, available:116364
03-06 09:27:50.064 22026 22340 D GStreamer+qtdemux: 0:02:47.147756863 0xdd2dbaf0 qtdemux.c:5700:gst_qtdemux_chain:<qtdemux1> pushing in inbuf 0xdc979380, neededbytes:144626, available:120460
03-06 09:27:50.064 22026 22340 D GStreamer+qtdemux: 0:02:47.147863998 0xdd2dbaf0 qtdemux.c:5700:gst_qtdemux_chain:<qtdemux1> pushing in inbuf 0xdc9a6b38, neededbytes:144626, available:124556
03-06 09:27:50.064 22026 22340 D GStreamer+qtdemux: 0:02:47.147968009 0xdd2dbaf0 qtdemux.c:5700:gst_qtdemux_chain:<qtdemux1> pushing in inbuf 0xdcbfe340, neededbytes:144626, available:128652
03-06 09:27:50.064 22026 22340 D GStreamer+qtdemux: 0:02:47.148071342 0xdd2dbaf0 qtdemux.c:5700:gst_qtdemux_chain:<qtdemux1> pushing in inbuf 0xdcbfe520, neededbytes:144626, available:132748
03-06 09:27:50.064 22026 22340 D GStreamer+qtdemux: 0:02:47.148314988 0xdd2dbaf0 qtdemux.c:5700:gst_qtdemux_chain:<qtdemux1> pushing in inbuf 0xdccffe90, neededbytes:144626, available:136844
03-06 09:27:50.065 22026 22340 D GStreamer+qtdemux: 0:02:47.148632019 0xdd2dbaf0 qtdemux.c:5700:gst_qtdemux_chain:<qtdemux1> pushing in inbuf 0xdccf3aa8, neededbytes:144626, available:140940
03-06 09:27:50.065 22026 22340 D GStreamer+qtdemux: 0:02:47.148791863 0xdd2dbaf0 qtdemux.c:5700:gst_qtdemux_chain:<qtdemux1> pushing in inbuf 0xdcc592a0, neededbytes:144626, available:145036
03-06 09:27:50.065 22026 22340 D GStreamer+qtdemux: 0:02:47.148889311 0xdd2dbaf0 qtdemux.c:5720:gst_qtdemux_process_adapter:<qtdemux1> state:2 , demux->neededbytes:144626, demux->offset:40245660
03-06 09:27:50.065 22026 22340 D GStreamer+qtdemux: 0:02:47.148975561 0xdd2dbaf0 qtdemux.c:6067:gst_qtdemux_process_adapter:<qtdemux1> BEGIN // in MOVIE for offset 40245660
03-06 09:27:50.065 22026 22340 V GStreamer+qtdemux: 0:02:47.149075665 0xdd2dbaf0 qtdemux.c:6145:gst_qtdemux_process_adapter:<qtdemux1> Checking stream 0 (sample_index:278 / offset:40245660 / size:144626)
03-06 09:27:50.065 22026 22340 D GStreamer+qtdemux: 0:02:47.149165040 0xdd2dbaf0 qtdemux.c:6163:gst_qtdemux_process_adapter:<qtdemux1> stream : avc1
03-06 09:27:50.066 22026 22340 V GStreamer+qtdemux: 0:02:47.150267800 0xdd2dbaf0 qtdemux.c:4961:gst_qtdemux_decorate_and_push_buffer:<qtdemux1> Pushing buffer with dts 0:00:05.464200000, pts 0:00:05.464200000, duration 0:00:00.019400000 on pad video_0
03-06 09:27:50.078 22026 22232 V GStreamer+qtdemux: 0:02:47.162084103 0xdd2db980 qtdemux.c:810:gst_qtdemux_handle_src_query:<qtdemux1:video_0> position query
03-06 09:27:50.080 22026 22342 I GStreamer+baseparse: 0:02:47.164392800 0xd73ffa90 gstbaseparse.c:3945:gst_base_parse_set_latency:<h264parse1> min/max latency 0:00:00.019480519, 0:00:00.019480519
03-06 09:27:50.084 22026 22340 V GStreamer+qtdemux: 0:02:47.168286446 0xdd2dbaf0 qtdemux.c:4633:gst_qtdemux_combine_flows:<qtdemux1> flow return: ok
03-06 09:27:50.084 22026 22340 V GStreamer+qtdemux: 0:02:47.168413165 0xdd2dbaf0 qtdemux.c:4641:gst_qtdemux_combine_flows:<qtdemux1> combined flow return: ok
03-06 09:27:50.085 22026 22340 V GStreamer+qtdemux: 0:02:47.168504519 0xdd2dbaf0 qtdemux.c:6219:gst_qtdemux_process_adapter:<qtdemux1> increasing offset 40245660 by 144626
03-06 09:27:50.085 22026 22340 V GStreamer+qtdemux: 0:02:47.168588425 0xdd2dbaf0 qtdemux.c:6222:gst_qtdemux_process_adapter:<qtdemux1> offset is now 40390286
03-06 09:27:50.085 22026 22340 V GStreamer+qtdemux: 0:02:47.168673530 0xdd2dbaf0 qtdemux.c:5472:next_entry_size:<qtdemux1> Finding entry at offset 40390286
03-06 09:27:50.085 22026 22340 V GStreamer+qtdemux: 0:02:47.168764728 0xdd2dbaf0 qtdemux.c:7663:qtdemux_parse_samples:<qtdemux1> parsing samples for stream fourcc avc1, pad video_0
03-06 09:27:50.085 22026 22340 D GStreamer+qtdemux: 0:02:47.168847800 0xdd2dbaf0 qtdemux.c:7674:qtdemux_parse_samples:<qtdemux1> parsing up to sample 279
03-06 09:27:50.085 22026 22340 V GStreamer+qtdemux: 0:02:47.168935248 0xdd2dbaf0 qtdemux.c:7700:qtdemux_parse_samples:<qtdemux1> sample 279 has size 144655
03-06 09:27:50.085 22026 22340 V GStreamer+qtdemux: 0:02:47.169024519 0xdd2dbaf0 qtdemux.c:7824:qtdemux_parse_samples:<qtdemux1> creating entry 279 with offset 40390286 and size 144655
03-06 09:27:50.085 22026 22340 D GStreamer+qtdemux: 0:02:47.169122071 0xdd2dbaf0 qtdemux.c:7881:qtdemux_parse_samples:<qtdemux1> sample 279: index 2, timestamp 0:00:05.483600000
03-06 09:27:50.085 22026 22340 D GStreamer+qtdemux: 0:02:47.169203998 0xdd2dbaf0 qtdemux.c:7936:qtdemux_parse_samples:<qtdemux1> samples at 279 is keyframe
03-06 09:27:50.085 22026 22340 V GStreamer+qtdemux: 0:02:47.169297071 0xdd2dbaf0 qtdemux.c:5498:next_entry_size:<qtdemux1> Checking Stream 0 (sample_index:279 / offset:40390286 / size:144655)
03-06 09:27:50.085 22026 22340 V GStreamer+qtdemux: 0:02:47.169386863 0xdd2dbaf0 qtdemux.c:5509:next_entry_size:<qtdemux1> stream 0 offset 40390286 demux->offset :40390286
03-06 09:27:50.086 22026 22340 D GStreamer+qtdemux: 0:02:47.169523998 0xdd2dbaf0 qtdemux.c:5700:gst_qtdemux_chain:<qtdemux1> pushing in inbuf 0xdc9a5da8, neededbytes:144655, available:4506
03-06 09:27:50.086 22026 22340 D GStreamer+qtdemux: 0:02:47.169642748 0xdd2dbaf0 qtdemux.c:5700:gst_qtdemux_chain:<qtdemux1> pushing in inbuf 0xdcc3f820, neededbytes:144655, available:8602
03-06 09:27:50.086 22026 22340 D GStreamer+qtdemux: 0:02:47.169759103 0xdd2dbaf0 qtdemux.c:5700:gst_qtdemux_chain:<qtdemux1> pushing in inbuf 0xdcbff2b0, neededbytes:144655, available:12698
03-06 09:27:50.086 22026 22340 D GStreamer+qtdemux: 0:02:47.169875300 0xdd2dbaf0 qtdemux.c:5700:gst_qtdemux_chain:<qtdemux1> pushing in inbuf 0xdcc3f658, neededbytes:144655, available:16794
03-06 09:27:50.086 22026 22340 D GStreamer+qtdemux: 0:02:47.169991082 0xdd2dbaf0 qtdemux.c:5700:gst_qtdemux_chain:<qtdemux1> pushing in inbuf 0xdc9a5808, neededbytes:144655, available:20890
03-06 09:27:50.086 22026 22340 D GStreamer+qtdemux: 0:02:47.170107123 0xdd2dbaf0 qtdemux.c:5700:gst_qtdemux_chain:<qtdemux1> pushing in inbuf 0xdd6cd2b0, neededbytes:144655, available:24986
03-06 09:27:50.086 22026 22340 D GStreamer+qtdemux: 0:02:47.170224519 0xdd2dbaf0 qtdemux.c:5700:gst_qtdemux_chain:<qtdemux1> pushing in inbuf 0xdc9a5500, neededbytes:144655, available:29082
03-06 09:27:50.086 22026 22340 D GStreamer+qtdemux: 0:02:47.170347696 0xdd2dbaf0 qtdemux.c:5700:gst_qtdemux_chain:<qtdemux1> pushing in inbuf 0xdc979800, neededbytes:144655, available:33178
03-06 09:27:50.087 22026 22340 D GStreamer+qtdemux: 0:02:47.170513373 0xdd2dbaf0 qtdemux.c:5700:gst_qtdemux_chain:<qtdemux1> pushing in inbuf 0xdcc3f0b8, neededbytes:144655, available:37274
03-06 09:27:50.087 22026 22340 D GStreamer+qtdemux: 0:02:47.170647748 0xdd2dbaf0 qtdemux.c:5700:gst_qtdemux_chain:<qtdemux1> pushing in inbuf 0xdcc51820, neededbytes:144655, available:41370
03-06 09:27:50.087 22026 22340 D GStreamer+qtdemux: 0:02:47.170755457 0xdd2dbaf0 qtdemux.c:5700:gst_qtdemux_chain:<qtdemux1> pushing in inbuf 0xdcbff5d0, neededbytes:144655, available:45466
03-06 09:27:50.087 22026 22340 D GStreamer+qtdemux: 0:02:47.170884623 0xdd2dbaf0 qtdemux.c:5700:gst_qtdemux_chain:<qtdemux1> pushing in inbuf 0xdcc59948, neededbytes:144655, available:49562
03-06 09:27:50.087 22026 22340 D GStreamer+qtdemux: 0:02:47.170999311 0xdd2dbaf0 qtdemux.c:5700:gst_qtdemux_chain:<qtdemux1> pushing in inbuf 0xdcc3f1f8, neededbytes:144655, available:53658
03-06 09:27:50.087 22026 22340 D GStreamer+qtdemux: 0:02:47.171114936 0xdd2dbaf0 qtdemux.c:5700:gst_qtdemux_chain:<qtdemux1> pushing in inbuf 0xdc9a6bd8, neededbytes:144655, available:57754
03-06 09:27:50.087 22026 22340 D GStreamer+qtdemux: 0:02:47.171232019 0xdd2dbaf0 qtdemux.c:5700:gst_qtdemux_chain:<qtdemux1> pushing in inbuf 0xdcc51b40, neededbytes:144655, available:61850
03-06 09:27:50.087 22026 22340 D GStreamer+qtdemux: 0:02:47.171359415 0xdd2dbaf0 qtdemux.c:5700:gst_qtdemux_chain:<qtdemux1> pushing in inbuf 0xdccf3700, neededbytes:144655, available:65946
03-06 09:27:50.087 22026 22340 D GStreamer+qtdemux: 0:02:47.171478738 0xdd2dbaf0 qtdemux.c:5700:gst_qtdemux_chain:<qtdemux1> pushing in inbuf 0xdd6cd3f0, neededbytes:144655, available:70042
03-06 09:27:50.088 22026 22340 D GStreamer+qtdemux: 0:02:47.171598530 0xdd2dbaf0 qtdemux.c:5700:gst_qtdemux_chain:<qtdemux1> pushing in inbuf 0xdcc3fdc0, neededbytes:144655, available:74138
03-06 09:27:50.088 22026 22340 D GStreamer+qtdemux: 0:02:47.171714936 0xdd2dbaf0 qtdemux.c:5700:gst_qtdemux_chain:<qtdemux1> pushing in inbuf 0xdcc3f298, neededbytes:144655, available:78234
03-06 09:27:50.088 22026 22340 D GStreamer+qtdemux: 0:02:47.171827957 0xdd2dbaf0 qtdemux.c:5700:gst_qtdemux_chain:<qtdemux1> pushing in inbuf 0xdc9a6d18, neededbytes:144655, available:82330
03-06 09:27:50.088 22026 22340 D GStreamer+qtdemux: 0:02:47.171941603 0xdd2dbaf0 qtdemux.c:5700:gst_qtdemux_chain:<qtdemux1> pushing in inbuf 0xdd6cd350, neededbytes:144655, available:86426
03-06 09:27:50.088 22026 22340 D GStreamer+qtdemux: 0:02:47.172055457 0xdd2dbaf0 qtdemux.c:5700:gst_qtdemux_chain:<qtdemux1> pushing in inbuf 0xdcc59ee8, neededbytes:144655, available:90522
03-06 09:27:50.088 22026 22340 D GStreamer+qtdemux: 0:02:47.172167332 0xdd2dbaf0 qtdemux.c:5700:gst_qtdemux_chain:<qtdemux1> pushing in inbuf 0xdcc51d20, neededbytes:144655, available:94618
03-06 09:27:50.088 22026 22340 D GStreamer+qtdemux: 0:02:47.172281134 0xdd2dbaf0 qtdemux.c:5700:gst_qtdemux_chain:<qtdemux1> pushing in inbuf 0xdccfe0d8, neededbytes:144655, available:98714
03-06 09:27:50.088 22026 22340 D GStreamer+qtdemux: 0:02:47.172396238 0xdd2dbaf0 qtdemux.c:5700:gst_qtdemux_chain:<qtdemux1> pushing in inbuf 0xdca79b50, neededbytes:144655, available:102810
03-06 09:27:50.089 22026 22340 D GStreamer+qtdemux: 0:02:47.172510665 0xdd2dbaf0 qtdemux.c:5700:gst_qtdemux_chain:<qtdemux1> pushing in inbuf 0xdcbffad0, neededbytes:144655, available:106906
03-06 09:27:50.089 22026 22340 D GStreamer+qtdemux: 0:02:47.172628738 0xdd2dbaf0 qtdemux.c:5700:gst_qtdemux_chain:<qtdemux1> pushing in inbuf 0xdd15cef8, neededbytes:144655, available:111002
03-06 09:27:50.089 22026 22340 D GStreamer+qtdemux: 0:02:47.172746446 0xdd2dbaf0 qtdemux.c:5700:gst_qtdemux_chain:<qtdemux1> pushing in inbuf 0xdc979740, neededbytes:144655, available:115098
03-06 09:27:50.089 22026 22340 D GStreamer+qtdemux: 0:02:47.172863842 0xdd2dbaf0 qtdemux.c:5700:gst_qtdemux_chain:<qtdemux1> pushing in inbuf 0xdcc3e0a8, neededbytes:144655, available:119194
03-06 09:27:50.089 22026 22340 D GStreamer+qtdemux: 0:02:47.172983165 0xdd2dbaf0 qtdemux.c:5700:gst_qtdemux_chain:<qtdemux1> pushing in inbuf 0xdccfeb60, neededbytes:144655, available:123290
03-06 09:27:50.089 22026 22340 D GStreamer+qtdemux: 0:02:47.173111498 0xdd2dbaf0 qtdemux.c:5700:gst_qtdemux_chain:<qtdemux1> pushing in inbuf 0xdcc51348, neededbytes:144655, available:127386
03-06 09:27:50.089 22026 22340 D GStreamer+qtdemux: 0:02:47.173227384 0xdd2dbaf0 qtdemux.c:5700:gst_qtdemux_chain:<qtdemux1> pushing in inbuf 0xdc9a6db8, neededbytes:144655, available:131482
03-06 09:27:50.089 22026 22340 D GStreamer+qtdemux: 0:02:47.173342019 0xdd2dbaf0 qtdemux.c:5700:gst_qtdemux_chain:<qtdemux1> pushing in inbuf 0xdc9a6470, neededbytes:144655, available:135578
03-06 09:27:50.089 22026 22340 D GStreamer+qtdemux: 0:02:47.173469728 0xdd2dbaf0 qtdemux.c:5700:gst_qtdemux_chain:<qtdemux1> pushing in inbuf 0xdccfede0, neededbytes:144655, available:139674
03-06 09:27:50.090 22026 22340 D GStreamer+qtdemux: 0:02:47.173582853 0xdd2dbaf0 qtdemux.c:5700:gst_qtdemux_chain:<qtdemux1> pushing in inbuf 0xdc979420, neededbytes:144655, available:143770
03-06 09:27:50.090 22026 22340 D GStreamer+qtdemux: 0:02:47.173696290 0xdd2dbaf0 qtdemux.c:5700:gst_qtdemux_chain:<qtdemux1> pushing in inbuf 0xdccf3c88, neededbytes:144655, available:147866
03-06 09:27:50.090 22026 22340 D GStreamer+qtdemux: 0:02:47.173788217 0xdd2dbaf0 qtdemux.c:5720:gst_qtdemux_process_adapter:<qtdemux1> state:2 , demux->neededbytes:144655, demux->offset:40390286
03-06 09:27:50.090 22026 22340 D GStreamer+qtdemux: 0:02:47.173870561 0xdd2dbaf0 qtdemux.c:6067:gst_qtdemux_process_adapter:<qtdemux1> BEGIN // in MOVIE for offset 40390286
03-06 09:27:50.090 22026 22340 V GStreamer+qtdemux: 0:02:47.173964728 0xdd2dbaf0 qtdemux.c:6145:gst_qtdemux_process_adapter:<qtdemux1> Checking stream 0 (sample_index:279 / offset:40390286 / size:144655)
03-06 09:27:50.090 22026 22340 D GStreamer+qtdemux: 0:02:47.174050769 0xdd2dbaf0 qtdemux.c:6163:gst_qtdemux_process_adapter:<qtdemux1> stream : avc1
03-06 09:27:50.091 22026 22340 V GStreamer+qtdemux: 0:02:47.174595040 0xdd2dbaf0 qtdemux.c:4961:gst_qtdemux_decorate_and_push_buffer:<qtdemux1> Pushing buffer with dts 0:00:05.483600000, pts 0:00:05.483600000, duration 0:00:00.019400000 on pad video_0
03-06 09:27:50.098 22026 22232 V GStreamer+qtdemux: 0:02:47.181557071 0xdd2db980 qtdemux.c:810:gst_qtdemux_handle_src_query:<qtdemux1:video_0> position query
03-06 09:27:50.099 22026 22340 V GStreamer+qtdemux: 0:02:47.182553998 0xdd2dbaf0 qtdemux.c:4633:gst_qtdemux_combine_flows:<qtdemux1> flow return: ok
03-06 09:27:50.099 22026 22340 V GStreamer+qtdemux: 0:02:47.182736186 0xdd2dbaf0 qtdemux.c:4641:gst_qtdemux_combine_flows:<qtdemux1> combined flow return: ok
03-06 09:27:50.099 22026 22340 V GStreamer+qtdemux: 0:02:47.182936498 0xdd2dbaf0 qtdemux.c:6219:gst_qtdemux_process_adapter:<qtdemux1> increasing offset 40390286 by 144655
03-06 09:27:50.099 22026 22342 I GStreamer+baseparse: 0:02:47.182984467 0xd73ffa90 gstbaseparse.c:3945:gst_base_parse_set_latency:<h264parse1> min/max latency 0:00:00.019480519, 0:00:00.019480519
03-06 09:27:50.099 22026 22340 V GStreamer+qtdemux: 0:02:47.183105300 0xdd2dbaf0 qtdemux.c:6222:gst_qtdemux_process_adapter:<qtdemux1> offset is now 40534941
03-06 09:27:50.099 22026 22340 V GStreamer+qtdemux: 0:02:47.183271238 0xdd2dbaf0 qtdemux.c:5472:next_entry_size:<qtdemux1> Finding entry at offset 40534941
03-06 09:27:50.099 22026 22340 V GStreamer+qtdemux: 0:02:47.183441863 0xdd2dbaf0 qtdemux.c:7663:qtdemux_parse_samples:<qtdemux1> parsing samples for stream fourcc avc1, pad video_0
03-06 09:27:50.100 22026 22340 D GStreamer+qtdemux: 0:02:47.183594988 0xdd2dbaf0 qtdemux.c:7674:qtdemux_parse_samples:<qtdemux1> parsing up to sample 280
03-06 09:27:50.100 22026 22340 V GStreamer+qtdemux: 0:02:47.183792228 0xdd2dbaf0 qtdemux.c:7700:qtdemux_parse_samples:<qtdemux1> sample 280 has size 144375
03-06 09:27:50.100 22026 22340 V GStreamer+qtdemux: 0:02:47.183960925 0xdd2dbaf0 qtdemux.c:7824:qtdemux_parse_samples:<qtdemux1> creating entry 280 with offset 40534941 and size 144375
03-06 09:27:50.100 22026 22340 V GStreamer+qtdemux: 0:02:47.184119623 0xdd2dbaf0 qtdemux.c:7868:qtdemux_parse_samples:<qtdemux1> block 0, 1 timestamps, duration 98
03-06 09:27:50.100 22026 22340 D GStreamer+qtdemux: 0:02:47.184304363 0xdd2dbaf0 qtdemux.c:7881:qtdemux_parse_samples:<qtdemux1> sample 280: index 0, timestamp 0:00:05.503000000
03-06 09:27:50.100 22026 22340 D GStreamer+qtdemux: 0:02:47.184459728 0xdd2dbaf0 qtdemux.c:7936:qtdemux_parse_samples:<qtdemux1> samples at 280 is keyframe
03-06 09:27:50.101 22026 22340 V GStreamer+qtdemux: 0:02:47.184634832 0xdd2dbaf0 qtdemux.c:5498:next_entry_size:<qtdemux1> Checking Stream 0 (sample_index:280 / offset:40534941 / size:144375)
03-06 09:27:50.101 22026 22340 V GStreamer+qtdemux: 0:02:47.184808634 0xdd2dbaf0 qtdemux.c:5509:next_entry_size:<qtdemux1> stream 0 offset 40534941 demux->offset :40534941
03-06 09:27:50.101 22026 22340 D GStreamer+qtdemux: 0:02:47.185036759 0xdd2dbaf0 qtdemux.c:5700:gst_qtdemux_chain:<qtdemux1> pushing in inbuf 0xdd15cb38, neededbytes:144375, available:7307
03-06 09:27:50.101 22026 22340 D GStreamer+qtdemux: 0:02:47.185249467 0xdd2dbaf0 qtdemux.c:5700:gst_qtdemux_chain:<qtdemux1> pushing in inbuf 0xdcc59e48, neededbytes:144375, available:11403
03-06 09:27:50.101 22026 22340 D GStreamer+qtdemux: 0:02:47.185443790 0xdd2dbaf0 qtdemux.c:5700:gst_qtdemux_chain:<qtdemux1> pushing in inbuf 0xdcc51c80, neededbytes:144375, available:15499
03-06 09:27:50.102 22026 22340 D GStreamer+qtdemux: 0:02:47.185640769 0xdd2dbaf0 qtdemux.c:5700:gst_qtdemux_chain:<qtdemux1> pushing in inbuf 0xdc977b48, neededbytes:144375, available:19595
03-06 09:27:50.102 22026 22340 D GStreamer+qtdemux: 0:02:47.185839415 0xdd2dbaf0 qtdemux.c:5700:gst_qtdemux_chain:<qtdemux1> pushing in inbuf 0xdc9a59e8, neededbytes:144375, available:23691
03-06 09:27:50.102 22026 22340 D GStreamer+qtdemux: 0:02:47.186037488 0xdd2dbaf0 qtdemux.c:5700:gst_qtdemux_chain:<qtdemux1> pushing in inbuf 0xdcc59c68, neededbytes:144375, available:27787
03-06 09:27:50.102 22026 22340 D GStreamer+qtdemux: 0:02:47.186232123 0xdd2dbaf0 qtdemux.c:5700:gst_qtdemux_chain:<qtdemux1> pushing in inbuf 0xdcbfe2a0, neededbytes:144375, available:31883
03-06 09:27:50.102 22026 22340 D GStreamer+qtdemux: 0:02:47.186422800 0xdd2dbaf0 qtdemux.c:5700:gst_qtdemux_chain:<qtdemux1> pushing in inbuf 0xdcc3faa0, neededbytes:144375, available:35979
03-06 09:27:50.103 22026 22340 D GStreamer+qtdemux: 0:02:47.186613061 0xdd2dbaf0 qtdemux.c:5700:gst_qtdemux_chain:<qtdemux1> pushing in inbuf 0xdcbfeb48, neededbytes:144375, available:40075
03-06 09:27:50.103 22026 22340 D GStreamer+qtdemux: 0:02:47.186791030 0xdd2dbaf0 qtdemux.c:5700:gst_qtdemux_chain:<qtdemux1> pushing in inbuf 0xdccf3f08, neededbytes:144375, available:44171
03-06 09:27:50.103 22026 22340 D GStreamer+qtdemux: 0:02:47.186969259 0xdd2dbaf0 qtdemux.c:5700:gst_qtdemux_chain:<qtdemux1> pushing in inbuf 0xdc978c08, neededbytes:144375, available:48267
03-06 09:27:50.103 22026 22340 D GStreamer+qtdemux: 0:02:47.187157175 0xdd2dbaf0 qtdemux.c:5700:gst_qtdemux_chain:<qtdemux1> pushing in inbuf 0xdc9a6818, neededbytes:144375, available:52363
03-06 09:27:50.103 22026 22340 D GStreamer+qtdemux: 0:02:47.187335040 0xdd2dbaf0 qtdemux.c:5700:gst_qtdemux_chain:<qtdemux1> pushing in inbuf 0xdcc3fb40, neededbytes:144375, available:56459
03-06 09:27:50.104 22026 22340 D GStreamer+qtdemux: 0:02:47.187517123 0xdd2dbaf0 qtdemux.c:5700:gst_qtdemux_chain:<qtdemux1> pushing in inbuf 0xdcc3e648, neededbytes:144375, available:60555
03-06 09:27:50.104 22026 22340 D GStreamer+qtdemux: 0:02:47.187775978 0xdd2dbaf0 qtdemux.c:5700:gst_qtdemux_chain:<qtdemux1> pushing in inbuf 0xdccffad0, neededbytes:144375, available:64651
03-06 09:27:50.104 22026 22340 D GStreamer+qtdemux: 0:02:47.187951498 0xdd2dbaf0 qtdemux.c:5700:gst_qtdemux_chain:<qtdemux1> pushing in inbuf 0xdc9a6290, neededbytes:144375, available:68747
03-06 09:27:50.104 22026 22340 D GStreamer+qtdemux: 0:02:47.188134103 0xdd2dbaf0 qtdemux.c:5700:gst_qtdemux_chain:<qtdemux1> pushing in inbuf 0xdcbfeaa8, neededbytes:144375, available:72843
03-06 09:27:50.104 22026 22340 D GStreamer+qtdemux: 0:02:47.188318790 0xdd2dbaf0 qtdemux.c:5700:gst_qtdemux_chain:<qtdemux1> pushing in inbuf 0xdccfe2b8, neededbytes:144375, available:76939
03-06 09:27:50.105 22026 22340 D GStreamer+qtdemux: 0:02:47.188525144 0xdd2dbaf0 qtdemux.c:5700:gst_qtdemux_chain:<qtdemux1> pushing in inbuf 0xdccf3dc8, neededbytes:144375, available:81035
03-06 09:27:50.105 22026 22340 D GStreamer+qtdemux: 0:02:47.188720821 0xdd2dbaf0 qtdemux.c:5700:gst_qtdemux_chain:<qtdemux1> pushing in inbuf 0xdcc3f018, neededbytes:144375, available:85131
03-06 09:27:50.105 22026 22340 D GStreamer+qtdemux: 0:02:47.188911811 0xdd2dbaf0 qtdemux.c:5700:gst_qtdemux_chain:<qtdemux1> pushing in inbuf 0xdcbff030, neededbytes:144375, available:89227
03-06 09:27:50.105 22026 22340 D GStreamer+qtdemux: 0:02:47.189105613 0xdd2dbaf0 qtdemux.c:5700:gst_qtdemux_chain:<qtdemux1> pushing in inbuf 0xdca798d0, neededbytes:144375, available:93323
03-06 09:27:50.105 22026 22340 D GStreamer+qtdemux: 0:02:47.189300821 0xdd2dbaf0 qtdemux.c:5700:gst_qtdemux_chain:<qtdemux1> pushing in inbuf 0xdccf3be8, neededbytes:144375, available:97419
03-06 09:27:50.106 22026 22340 D GStreamer+qtdemux: 0:02:47.189491550 0xdd2dbaf0 qtdemux.c:5700:gst_qtdemux_chain:<qtdemux1> pushing in inbuf 0xdcc3f3d8, neededbytes:144375, available:101515
03-06 09:27:50.106 22026 22340 D GStreamer+qtdemux: 0:02:47.189696238 0xdd2dbaf0 qtdemux.c:5700:gst_qtdemux_chain:<qtdemux1> pushing in inbuf 0xdc9a5e48, neededbytes:144375, available:105611
03-06 09:27:50.106 22026 22340 D GStreamer+qtdemux: 0:02:47.189897853 0xdd2dbaf0 qtdemux.c:5700:gst_qtdemux_chain:<qtdemux1> pushing in inbuf 0xdcc51168, neededbytes:144375, available:109707
03-06 09:27:50.106 22026 22340 D GStreamer+qtdemux: 0:02:47.190096550 0xdd2dbaf0 qtdemux.c:5700:gst_qtdemux_chain:<qtdemux1> pushing in inbuf 0xdcc51be0, neededbytes:144375, available:113803
03-06 09:27:50.106 22026 22340 D GStreamer+qtdemux: 0:02:47.190299155 0xdd2dbaf0 qtdemux.c:5700:gst_qtdemux_chain:<qtdemux1> pushing in inbuf 0xdc9a5640, neededbytes:144375, available:117899
03-06 09:27:50.107 22026 22340 D GStreamer+qtdemux: 0:02:47.190497540 0xdd2dbaf0 qtdemux.c:5700:gst_qtdemux_chain:<qtdemux1> pushing in inbuf 0xdc977c88, neededbytes:144375, available:121995
03-06 09:27:50.107 22026 22340 D GStreamer+qtdemux: 0:02:47.190697853 0xdd2dbaf0 qtdemux.c:5700:gst_qtdemux_chain:<qtdemux1> pushing in inbuf 0xdccf3d28, neededbytes:144375, available:126091
03-06 09:27:50.107 22026 22340 D GStreamer+qtdemux: 0:02:47.190908425 0xdd2dbaf0 qtdemux.c:5700:gst_qtdemux_chain:<qtdemux1> pushing in inbuf 0xdca79ab0, neededbytes:144375, available:130187
03-06 09:27:50.107 22026 22340 D GStreamer+qtdemux: 0:02:47.191109780 0xdd2dbaf0 qtdemux.c:5700:gst_qtdemux_chain:<qtdemux1> pushing in inbuf 0xdcc59520, neededbytes:144375, available:134283
03-06 09:27:50.107 22026 22340 D GStreamer+qtdemux: 0:02:47.191321967 0xdd2dbaf0 qtdemux.c:5700:gst_qtdemux_chain:<qtdemux1> pushing in inbuf 0xdc978848, neededbytes:144375, available:138379
03-06 09:27:50.108 22026 22340 D GStreamer+qtdemux: 0:02:47.191523061 0xdd2dbaf0 qtdemux.c:5700:gst_qtdemux_chain:<qtdemux1> pushing in inbuf 0xdc9a6ef8, neededbytes:144375, available:142475
03-06 09:27:50.108 22026 22340 D GStreamer+qtdemux: 0:02:47.191725196 0xdd2dbaf0 qtdemux.c:5700:gst_qtdemux_chain:<qtdemux1> pushing in inbuf 0xdcc3fa00, neededbytes:144375, available:146571
03-06 09:27:50.108 22026 22340 D GStreamer+qtdemux: 0:02:47.191894884 0xdd2dbaf0 qtdemux.c:5720:gst_qtdemux_process_adapter:<qtdemux1> state:2 , demux->neededbytes:144375, demux->offset:40534941
03-06 09:27:50.108 22026 22340 D GStreamer+qtdemux: 0:02:47.192053373 0xdd2dbaf0 qtdemux.c:6067:gst_qtdemux_process_adapter:<qtdemux1> BEGIN // in MOVIE for offset 40534941
03-06 09:27:50.108 22026 22340 V GStreamer+qtdemux: 0:02:47.192223946 0xdd2dbaf0 qtdemux.c:6145:gst_qtdemux_process_adapter:<qtdemux1> Checking stream 0 (sample_index:280 / offset:40534941 / size:144375)
03-06 09:27:50.108 22026 22340 D GStreamer+qtdemux: 0:02:47.192382957 0xdd2dbaf0 qtdemux.c:6163:gst_qtdemux_process_adapter:<qtdemux1> stream : avc1
03-06 09:27:50.109 22026 22340 V GStreamer+qtdemux: 0:02:47.193082436 0xdd2dbaf0 qtdemux.c:4961:gst_qtdemux_decorate_and_push_buffer:<qtdemux1> Pushing buffer with dts 0:00:05.503000000, pts 0:00:05.503000000, duration 0:00:00.019600000 on pad video_0
03-06 09:27:50.117 22026 22232 V GStreamer+qtdemux: 0:02:47.201397332 0xdd2db980 qtdemux.c:810:gst_qtdemux_handle_src_query:<qtdemux1:video_0> position query
03-06 09:27:50.118 22026 22342 I GStreamer+baseparse: 0:02:47.202410196 0xd73ffa90 gstbaseparse.c:3945:gst_base_parse_set_latency:<h264parse1> min/max latency 0:00:00.019480519, 0:00:00.019480519
03-06 09:27:50.119 22026 22340 V GStreamer+qtdemux: 0:02:47.203166446 0xdd2dbaf0 qtdemux.c:4633:gst_qtdemux_combine_flows:<qtdemux1> flow return: ok
03-06 09:27:50.119 22026 22340 V GStreamer+qtdemux: 0:02:47.203296030 0xdd2dbaf0 qtdemux.c:4641:gst_qtdemux_combine_flows:<qtdemux1> combined flow return: ok
03-06 09:27:50.119 22026 22340 V GStreamer+qtdemux: 0:02:47.203389675 0xdd2dbaf0 qtdemux.c:6219:gst_qtdemux_process_adapter:<qtdemux1> increasing offset 40534941 by 144375
03-06 09:27:50.119 22026 22340 V GStreamer+qtdemux: 0:02:47.203475769 0xdd2dbaf0 qtdemux.c:6222:gst_qtdemux_process_adapter:<qtdemux1> offset is now 40679316
03-06 09:27:50.120 22026 22340 V GStreamer+qtdemux: 0:02:47.203560717 0xdd2dbaf0 qtdemux.c:5472:next_entry_size:<qtdemux1> Finding entry at offset 40679316
03-06 09:27:50.120 22026 22340 V GStreamer+qtdemux: 0:02:47.203652800 0xdd2dbaf0 qtdemux.c:7663:qtdemux_parse_samples:<qtdemux1> parsing samples for stream fourcc avc1, pad video_0
03-06 09:27:50.120 22026 22340 D GStreamer+qtdemux: 0:02:47.203735978 0xdd2dbaf0 qtdemux.c:7674:qtdemux_parse_samples:<qtdemux1> parsing up to sample 281
03-06 09:27:50.120 22026 22340 V GStreamer+qtdemux: 0:02:47.203822332 0xdd2dbaf0 qtdemux.c:7700:qtdemux_parse_samples:<qtdemux1> sample 281 has size 144534
03-06 09:27:50.120 22026 22340 V GStreamer+qtdemux: 0:02:47.203912905 0xdd2dbaf0 qtdemux.c:7824:qtdemux_parse_samples:<qtdemux1> creating entry 281 with offset 40679316 and size 144534
03-06 09:27:50.120 22026 22340 V GStreamer+qtdemux: 0:02:47.204001186 0xdd2dbaf0 qtdemux.c:7868:qtdemux_parse_samples:<qtdemux1> block 0, 4 timestamps, duration 97
03-06 09:27:50.120 22026 22340 D GStreamer+qtdemux: 0:02:47.204109936 0xdd2dbaf0 qtdemux.c:7881:qtdemux_parse_samples:<qtdemux1> sample 281: index 0, timestamp 0:00:05.522600000
03-06 09:27:50.120 22026 22340 D GStreamer+qtdemux: 0:02:47.204199467 0xdd2dbaf0 qtdemux.c:7936:qtdemux_parse_samples:<qtdemux1> samples at 281 is keyframe
03-06 09:27:50.120 22026 22340 V GStreamer+qtdemux: 0:02:47.204294259 0xdd2dbaf0 qtdemux.c:5498:next_entry_size:<qtdemux1> Checking Stream 0 (sample_index:281 / offset:40679316 / size:144534)
03-06 09:27:50.120 22026 22340 V GStreamer+qtdemux: 0:02:47.204388842 0xdd2dbaf0 qtdemux.c:5509:next_entry_size:<qtdemux1> stream 0 offset 40679316 demux->offset :40679316
03-06 09:27:50.121 22026 22340 D GStreamer+qtdemux: 0:02:47.204538269 0xdd2dbaf0 qtdemux.c:5700:gst_qtdemux_chain:<qtdemux1> pushing in inbuf 0xdcbff710, neededbytes:144534, available:6292
03-06 09:27:50.121 22026 22340 D GStreamer+qtdemux: 0:02:47.204661967 0xdd2dbaf0 qtdemux.c:5700:gst_qtdemux_chain:<qtdemux1> pushing in inbuf 0xdccff408, neededbytes:144534, available:10388
03-06 09:27:50.121 22026 22340 D GStreamer+qtdemux: 0:02:47.204769311 0xdd2dbaf0 qtdemux.c:5700:gst_qtdemux_chain:<qtdemux1> pushing in inbuf 0xdd15ce58, neededbytes:144534, available:14484
03-06 09:27:50.121 22026 22340 D GStreamer+qtdemux: 0:02:47.204879936 0xdd2dbaf0 qtdemux.c:5700:gst_qtdemux_chain:<qtdemux1> pushing in inbuf 0xdc9a50a0, neededbytes:144534, available:18580
03-06 09:27:50.121 22026 22340 D GStreamer+qtdemux: 0:02:47.205003269 0xdd2dbaf0 qtdemux.c:5700:gst_qtdemux_chain:<qtdemux1> pushing in inbuf 0xdc977828, neededbytes:144534, available:22676
03-06 09:27:50.121 22026 22340 D GStreamer+qtdemux: 0:02:47.205119936 0xdd2dbaf0 qtdemux.c:5700:gst_qtdemux_chain:<qtdemux1> pushing in inbuf 0xdccfea20, neededbytes:144534, available:26772
03-06 09:27:50.121 22026 22340 D GStreamer+qtdemux: 0:02:47.205243634 0xdd2dbaf0 qtdemux.c:5700:gst_qtdemux_chain:<qtdemux1> pushing in inbuf 0xdc9798a0, neededbytes:144534, available:30868
03-06 09:27:50.121 22026 22340 D GStreamer+qtdemux: 0:02:47.205366446 0xdd2dbaf0 qtdemux.c:5700:gst_qtdemux_chain:<qtdemux1> pushing in inbuf 0xdcc3f5b8, neededbytes:144534, available:34964
03-06 09:27:50.121 22026 22340 D GStreamer+qtdemux: 0:02:47.205473582 0xdd2dbaf0 qtdemux.c:5700:gst_qtdemux_chain:<qtdemux1> pushing in inbuf 0xdca79830, neededbytes:144534, available:39060
03-06 09:27:50.122 22026 22340 D GStreamer+qtdemux: 0:02:47.205579363 0xdd2dbaf0 qtdemux.c:5700:gst_qtdemux_chain:<qtdemux1> pushing in inbuf 0xdcc3e508, neededbytes:144534, available:43156
03-06 09:27:50.122 22026 22340 D GStreamer+qtdemux: 0:02:47.205685405 0xdd2dbaf0 qtdemux.c:5700:gst_qtdemux_chain:<qtdemux1> pushing in inbuf 0xdcbfe3e0, neededbytes:144534, available:47252
03-06 09:27:50.122 22026 22340 D GStreamer+qtdemux: 0:02:47.205790821 0xdd2dbaf0 qtdemux.c:5700:gst_qtdemux_chain:<qtdemux1> pushing in inbuf 0xdcbff350, neededbytes:144534, available:51348
03-06 09:27:50.122 22026 22340 D GStreamer+qtdemux: 0:02:47.205896186 0xdd2dbaf0 qtdemux.c:5700:gst_qtdemux_chain:<qtdemux1> pushing in inbuf 0xdcbfee68, neededbytes:144534, available:55444
03-06 09:27:50.122 22026 22340 D GStreamer+qtdemux: 0:02:47.205998998 0xdd2dbaf0 qtdemux.c:5700:gst_qtdemux_chain:<qtdemux1> pushing in inbuf 0xdd15c9f8, neededbytes:144534, available:59540
03-06 09:27:50.122 22026 22340 D GStreamer+qtdemux: 0:02:47.206106134 0xdd2dbaf0 qtdemux.c:5700:gst_qtdemux_chain:<qtdemux1> pushing in inbuf 0xdccf3020, neededbytes:144534, available:63636
03-06 09:27:50.122 22026 22340 D GStreamer+qtdemux: 0:02:47.206210040 0xdd2dbaf0 qtdemux.c:5700:gst_qtdemux_chain:<qtdemux1> pushing in inbuf 0xdc978540, neededbytes:144534, available:67732
03-06 09:27:50.122 22026 22340 D GStreamer+qtdemux: 0:02:47.206316603 0xdd2dbaf0 qtdemux.c:5700:gst_qtdemux_chain:<qtdemux1> pushing in inbuf 0xdcbfebe8, neededbytes:144534, available:71828
03-06 09:27:50.122 22026 22340 D GStreamer+qtdemux: 0:02:47.206423946 0xdd2dbaf0 qtdemux.c:5700:gst_qtdemux_chain:<qtdemux1> pushing in inbuf 0xdc978d48, neededbytes:144534, available:75924
03-06 09:27:50.123 22026 22340 D GStreamer+qtdemux: 0:02:47.206527644 0xdd2dbaf0 qtdemux.c:5700:gst_qtdemux_chain:<qtdemux1> pushing in inbuf 0xdca79348, neededbytes:144534, available:80020
03-06 09:27:50.123 22026 22340 D GStreamer+qtdemux: 0:02:47.206631498 0xdd2dbaf0 qtdemux.c:5700:gst_qtdemux_chain:<qtdemux1> pushing in inbuf 0xdd15cd18, neededbytes:144534, available:84116
03-06 09:27:50.123 22026 22340 D GStreamer+qtdemux: 0:02:47.206741030 0xdd2dbaf0 qtdemux.c:5700:gst_qtdemux_chain:<qtdemux1> pushing in inbuf 0xdd15cdb8, neededbytes:144534, available:88212
03-06 09:27:50.123 22026 22340 D GStreamer+qtdemux: 0:02:47.206848061 0xdd2dbaf0 qtdemux.c:5700:gst_qtdemux_chain:<qtdemux1> pushing in inbuf 0xdc9a5460, neededbytes:144534, available:92308
03-06 09:27:50.123 22026 22340 D GStreamer+qtdemux: 0:02:47.206982644 0xdd2dbaf0 qtdemux.c:5700:gst_qtdemux_chain:<qtdemux1> pushing in inbuf 0xdc979600, neededbytes:144534, available:96404
03-06 09:27:50.123 22026 22340 D GStreamer+qtdemux: 0:02:47.207103478 0xdd2dbaf0 qtdemux.c:5700:gst_qtdemux_chain:<qtdemux1> pushing in inbuf 0xdc9a63d0, neededbytes:144534, available:100500
03-06 09:27:50.123 22026 22340 D GStreamer+qtdemux: 0:02:47.207228009 0xdd2dbaf0 qtdemux.c:5700:gst_qtdemux_chain:<qtdemux1> pushing in inbuf 0xdc9a6330, neededbytes:144534, available:104596
03-06 09:27:50.123 22026 22340 D GStreamer+qtdemux: 0:02:47.207355353 0xdd2dbaf0 qtdemux.c:5700:gst_qtdemux_chain:<qtdemux1> pushing in inbuf 0xdcbff850, neededbytes:144534, available:108692
03-06 09:27:50.123 22026 22340 D GStreamer+qtdemux: 0:02:47.207481238 0xdd2dbaf0 qtdemux.c:5700:gst_qtdemux_chain:<qtdemux1> pushing in inbuf 0xdc979a80, neededbytes:144534, available:112788
03-06 09:27:50.124 22026 22340 D GStreamer+qtdemux: 0:02:47.207668321 0xdd2dbaf0 qtdemux.c:5700:gst_qtdemux_chain:<qtdemux1> pushing in inbuf 0xdcbffcb0, neededbytes:144534, available:116884
03-06 09:27:50.124 22026 22340 D GStreamer+qtdemux: 0:02:47.207794467 0xdd2dbaf0 qtdemux.c:5700:gst_qtdemux_chain:<qtdemux1> pushing in inbuf 0xdcbff0d0, neededbytes:144534, available:120980
03-06 09:27:50.124 22026 22340 D GStreamer+qtdemux: 0:02:47.207923582 0xdd2dbaf0 qtdemux.c:5700:gst_qtdemux_chain:<qtdemux1> pushing in inbuf 0xdc9a51e0, neededbytes:144534, available:125076
03-06 09:27:50.124 22026 22340 D GStreamer+qtdemux: 0:02:47.208042071 0xdd2dbaf0 qtdemux.c:5700:gst_qtdemux_chain:<qtdemux1> pushing in inbuf 0xdd6cd030, neededbytes:144534, available:129172
03-06 09:27:50.124 22026 22340 D GStreamer+qtdemux: 0:02:47.208174571 0xdd2dbaf0 qtdemux.c:5700:gst_qtdemux_chain:<qtdemux1> pushing in inbuf 0xdccfec00, neededbytes:144534, available:133268
03-06 09:27:50.124 22026 22340 D GStreamer+qtdemux: 0:02:47.208304259 0xdd2dbaf0 qtdemux.c:5700:gst_qtdemux_chain:<qtdemux1> pushing in inbuf 0xdc978a28, neededbytes:144534, available:137364
03-06 09:27:50.124 22026 22340 D GStreamer+qtdemux: 0:02:47.208422748 0xdd2dbaf0 qtdemux.c:5700:gst_qtdemux_chain:<qtdemux1> pushing in inbuf 0xdd15cbd8, neededbytes:144534, available:141460
03-06 09:27:50.125 22026 22340 D GStreamer+qtdemux: 0:02:47.208548373 0xdd2dbaf0 qtdemux.c:5700:gst_qtdemux_chain:<qtdemux1> pushing in inbuf 0xdcc3e1e8, neededbytes:144534, available:145556
03-06 09:27:50.125 22026 22340 D GStreamer+qtdemux: 0:02:47.208652280 0xdd2dbaf0 qtdemux.c:5720:gst_qtdemux_process_adapter:<qtdemux1> state:2 , demux->neededbytes:144534, demux->offset:40679316
03-06 09:27:50.125 22026 22340 D GStreamer+qtdemux: 0:02:47.208744571 0xdd2dbaf0 qtdemux.c:6067:gst_qtdemux_process_adapter:<qtdemux1> BEGIN // in MOVIE for offset 40679316
03-06 09:27:50.125 22026 22340 V GStreamer+qtdemux: 0:02:47.208843061 0xdd2dbaf0 qtdemux.c:6145:gst_qtdemux_process_adapter:<qtdemux1> Checking stream 0 (sample_index:281 / offset:40679316 / size:144534)
03-06 09:27:50.125 22026 22340 D GStreamer+qtdemux: 0:02:47.208934467 0xdd2dbaf0 qtdemux.c:6163:gst_qtdemux_process_adapter:<qtdemux1> stream : avc1
03-06 09:27:50.126 22026 22340 V GStreamer+qtdemux: 0:02:47.209686394 0xdd2dbaf0 qtdemux.c:4961:gst_qtdemux_decorate_and_push_buffer:<qtdemux1> Pushing buffer with dts 0:00:05.522600000, pts 0:00:05.522600000, duration 0:00:00.019400000 on pad video_0
03-06 09:27:50.137 22026 22232 V GStreamer+qtdemux: 0:02:47.221103373 0xdd2db980 qtdemux.c:810:gst_qtdemux_handle_src_query:<qtdemux1:video_0> position query
03-06 09:27:50.138 22026 22340 V GStreamer+qtdemux: 0:02:47.222102644 0xdd2dbaf0 qtdemux.c:4633:gst_qtdemux_combine_flows:<qtdemux1> flow return: ok
03-06 09:27:50.138 22026 22340 V GStreamer+qtdemux: 0:02:47.222248582 0xdd2dbaf0 qtdemux.c:4641:gst_qtdemux_combine_flows:<qtdemux1> combined flow return: ok
03-06 09:27:50.138 22026 22340 V GStreamer+qtdemux: 0:02:47.222360821 0xdd2dbaf0 qtdemux.c:6219:gst_qtdemux_process_adapter:<qtdemux1> increasing offset 40679316 by 144534
03-06 09:27:50.138 22026 22340 V GStreamer+qtdemux: 0:02:47.222447696 0xdd2dbaf0 qtdemux.c:6222:gst_qtdemux_process_adapter:<qtdemux1> offset is now 40823850
03-06 09:27:50.138 22026 22342 I GStreamer+baseparse: 0:02:47.222485613 0xd73ffa90 gstbaseparse.c:3945:gst_base_parse_set_latency:<h264parse1> min/max latency 0:00:00.019480519, 0:00:00.019480519
03-06 09:27:50.139 22026 22340 V GStreamer+qtdemux: 0:02:47.222532488 0xdd2dbaf0 qtdemux.c:5472:next_entry_size:<qtdemux1> Finding entry at offset 40823850
03-06 09:27:50.139 22026 22340 V GStreamer+qtdemux: 0:02:47.222628373 0xdd2dbaf0 qtdemux.c:7663:qtdemux_parse_samples:<qtdemux1> parsing samples for stream fourcc avc1, pad video_0
03-06 09:27:50.139 22026 22340 D GStreamer+qtdemux: 0:02:47.222718165 0xdd2dbaf0 qtdemux.c:7674:qtdemux_parse_samples:<qtdemux1> parsing up to sample 282
03-06 09:27:50.139 22026 22340 V GStreamer+qtdemux: 0:02:47.222810353 0xdd2dbaf0 qtdemux.c:7700:qtdemux_parse_samples:<qtdemux1> sample 282 has size 144582
03-06 09:27:50.139 22026 22340 V GStreamer+qtdemux: 0:02:47.222906186 0xdd2dbaf0 qtdemux.c:7824:qtdemux_parse_samples:<qtdemux1> creating entry 282 with offset 40823850 and size 144582
03-06 09:27:50.139 22026 22340 D GStreamer+qtdemux: 0:02:47.223011655 0xdd2dbaf0 qtdemux.c:7881:qtdemux_parse_samples:<qtdemux1> sample 282: index 1, timestamp 0:00:05.542000000
03-06 09:27:50.139 22026 22340 D GStreamer+qtdemux: 0:02:47.223096238 0xdd2dbaf0 qtdemux.c:7936:qtdemux_parse_samples:<qtdemux1> samples at 282 is keyframe
03-06 09:27:50.139 22026 22340 V GStreamer+qtdemux: 0:02:47.223197280 0xdd2dbaf0 qtdemux.c:5498:next_entry_size:<qtdemux1> Checking Stream 0 (sample_index:282 / offset:40823850 / size:144582)
03-06 09:27:50.139 22026 22340 V GStreamer+qtdemux: 0:02:47.223289780 0xdd2dbaf0 qtdemux.c:5509:next_entry_size:<qtdemux1> stream 0 offset 40823850 demux->offset :40823850
03-06 09:27:50.139 22026 22340 D GStreamer+qtdemux: 0:02:47.223438790 0xdd2dbaf0 qtdemux.c:5700:gst_qtdemux_chain:<qtdemux1> pushing in inbuf 0xdd15c818, neededbytes:144582, available:5118
03-06 09:27:50.140 22026 22340 D GStreamer+qtdemux: 0:02:47.223560196 0xdd2dbaf0 qtdemux.c:5700:gst_qtdemux_chain:<qtdemux1> pushing in inbuf 0xdcc59660, neededbytes:144582, available:9214
03-06 09:27:50.140 22026 22340 D GStreamer+qtdemux: 0:02:47.223676342 0xdd2dbaf0 qtdemux.c:5700:gst_qtdemux_chain:<qtdemux1> pushing in inbuf 0xdc9a68b8, neededbytes:144582, available:13310
03-06 09:27:50.140 22026 22340 D GStreamer+qtdemux: 0:02:47.223792228 0xdd2dbaf0 qtdemux.c:5700:gst_qtdemux_chain:<qtdemux1> pushing in inbuf 0xdccfff30, neededbytes:144582, available:17406
03-06 09:27:50.140 22026 22340 D GStreamer+qtdemux: 0:02:47.223909050 0xdd2dbaf0 qtdemux.c:5700:gst_qtdemux_chain:<qtdemux1> pushing in inbuf 0xdcbff210, neededbytes:144582, available:21502
03-06 09:27:50.140 22026 22340 D GStreamer+qtdemux: 0:02:47.224026238 0xdd2dbaf0 qtdemux.c:5700:gst_qtdemux_chain:<qtdemux1> pushing in inbuf 0xdc978e88, neededbytes:144582, available:25598
03-06 09:27:50.140 22026 22340 D GStreamer+qtdemux: 0:02:47.224140248 0xdd2dbaf0 qtdemux.c:5700:gst_qtdemux_chain:<qtdemux1> pushing in inbuf 0xdccffb70, neededbytes:144582, available:29694
03-06 09:27:50.140 22026 22340 D GStreamer+qtdemux: 0:02:47.224255925 0xdd2dbaf0 qtdemux.c:5700:gst_qtdemux_chain:<qtdemux1> pushing in inbuf 0xdc9a6958, neededbytes:144582, available:33790
03-06 09:27:50.140 22026 22340 D GStreamer+qtdemux: 0:02:47.224371030 0xdd2dbaf0 qtdemux.c:5700:gst_qtdemux_chain:<qtdemux1> pushing in inbuf 0xdccff228, neededbytes:144582, available:37886
03-06 09:27:50.140 22026 22340 D GStreamer+qtdemux: 0:02:47.224487957 0xdd2dbaf0 qtdemux.c:5700:gst_qtdemux_chain:<qtdemux1> pushing in inbuf 0xdcc3fe60, neededbytes:144582, available:41982
03-06 09:27:50.141 22026 22340 D GStreamer+qtdemux: 0:02:47.224611967 0xdd2dbaf0 qtdemux.c:5700:gst_qtdemux_chain:<qtdemux1> pushing in inbuf 0xdca793e8, neededbytes:144582, available:46078
03-06 09:27:50.141 22026 22340 D GStreamer+qtdemux: 0:02:47.224726186 0xdd2dbaf0 qtdemux.c:5700:gst_qtdemux_chain:<qtdemux1> pushing in inbuf 0xdc978de8, neededbytes:144582, available:50174
03-06 09:27:50.141 22026 22340 D GStreamer+qtdemux: 0:02:47.224843478 0xdd2dbaf0 qtdemux.c:5700:gst_qtdemux_chain:<qtdemux1> pushing in inbuf 0xdc9a5a88, neededbytes:144582, available:54270
03-06 09:27:50.141 22026 22340 D GStreamer+qtdemux: 0:02:47.224960613 0xdd2dbaf0 qtdemux.c:5700:gst_qtdemux_chain:<qtdemux1> pushing in inbuf 0xdc9a5ee8, neededbytes:144582, available:58366
03-06 09:27:50.141 22026 22340 D GStreamer+qtdemux: 0:02:47.225075457 0xdd2dbaf0 qtdemux.c:5700:gst_qtdemux_chain:<qtdemux1> pushing in inbuf 0xdcc512a8, neededbytes:144582, available:62462
03-06 09:27:50.141 22026 22340 D GStreamer+qtdemux: 0:02:47.225189311 0xdd2dbaf0 qtdemux.c:5700:gst_qtdemux_chain:<qtdemux1> pushing in inbuf 0xdcc51208, neededbytes:144582, available:66558
03-06 09:27:50.141 22026 22340 D GStreamer+qtdemux: 0:02:47.225313894 0xdd2dbaf0 qtdemux.c:5700:gst_qtdemux_chain:<qtdemux1> pushing in inbuf 0xdcc3ea90, neededbytes:144582, available:70654
03-06 09:27:50.142 22026 22340 D GStreamer+qtdemux: 0:02:47.225714936 0xdd2dbaf0 qtdemux.c:5700:gst_qtdemux_chain:<qtdemux1> pushing in inbuf 0xdc9a6c78, neededbytes:144582, available:74750
03-06 09:27:50.142 22026 22340 D GStreamer+qtdemux: 0:02:47.225929207 0xdd2dbaf0 qtdemux.c:5700:gst_qtdemux_chain:<qtdemux1> pushing in inbuf 0xdc9a5bc8, neededbytes:144582, available:78846
03-06 09:27:50.142 22026 22340 D GStreamer+qtdemux: 0:02:47.226033113 0xdd2dbaf0 qtdemux.c:5700:gst_qtdemux_chain:<qtdemux1> pushing in inbuf 0xdcc3ee50, neededbytes:144582, available:82942
03-06 09:27:50.142 22026 22340 D GStreamer+qtdemux: 0:02:47.226137488 0xdd2dbaf0 qtdemux.c:5700:gst_qtdemux_chain:<qtdemux1> pushing in inbuf 0xdcc51f00, neededbytes:144582, available:87038
03-06 09:27:50.142 22026 22340 D GStreamer+qtdemux: 0:02:47.226255040 0xdd2dbaf0 qtdemux.c:5700:gst_qtdemux_chain:<qtdemux1> pushing in inbuf 0xdd6cd170, neededbytes:144582, available:91134
03-06 09:27:50.142 22026 22340 D GStreamer+qtdemux: 0:02:47.226373946 0xdd2dbaf0 qtdemux.c:5700:gst_qtdemux_chain:<qtdemux1> pushing in inbuf 0xdcbfe968, neededbytes:144582, available:95230
03-06 09:27:50.142 22026 22340 D GStreamer+qtdemux: 0:02:47.226489467 0xdd2dbaf0 qtdemux.c:5700:gst_qtdemux_chain:<qtdemux1> pushing in inbuf 0xdc9a66f0, neededbytes:144582, available:99326
03-06 09:27:50.143 22026 22340 D GStreamer+qtdemux: 0:02:47.226609675 0xdd2dbaf0 qtdemux.c:5700:gst_qtdemux_chain:<qtdemux1> pushing in inbuf 0xdc977dc8, neededbytes:144582, available:103422
03-06 09:27:50.143 22026 22340 D GStreamer+qtdemux: 0:02:47.226736134 0xdd2dbaf0 qtdemux.c:5700:gst_qtdemux_chain:<qtdemux1> pushing in inbuf 0xdcc3e008, neededbytes:144582, available:107518
03-06 09:27:50.143 22026 22340 D GStreamer+qtdemux: 0:02:47.226852696 0xdd2dbaf0 qtdemux.c:5700:gst_qtdemux_chain:<qtdemux1> pushing in inbuf 0xdca79f10, neededbytes:144582, available:111614
03-06 09:27:50.143 22026 22340 D GStreamer+qtdemux: 0:02:47.226957332 0xdd2dbaf0 qtdemux.c:5700:gst_qtdemux_chain:<qtdemux1> pushing in inbuf 0xdcc3eef0, neededbytes:144582, available:115710
03-06 09:27:50.143 22026 22340 D GStreamer+qtdemux: 0:02:47.227071238 0xdd2dbaf0 qtdemux.c:5700:gst_qtdemux_chain:<qtdemux1> pushing in inbuf 0xdcbfea08, neededbytes:144582, available:119806
03-06 09:27:50.143 22026 22340 D GStreamer+qtdemux: 0:02:47.227187748 0xdd2dbaf0 qtdemux.c:5700:gst_qtdemux_chain:<qtdemux1> pushing in inbuf 0xdccf3160, neededbytes:144582, available:123902
03-06 09:27:50.143 22026 22340 D GStreamer+qtdemux: 0:02:47.227303894 0xdd2dbaf0 qtdemux.c:5700:gst_qtdemux_chain:<qtdemux1> pushing in inbuf 0xdcc3e950, neededbytes:144582, available:127998
03-06 09:27:50.143 22026 22340 D GStreamer+qtdemux: 0:02:47.227417696 0xdd2dbaf0 qtdemux.c:5700:gst_qtdemux_chain:<qtdemux1> pushing in inbuf 0xdc9a5b28, neededbytes:144582, available:132094
03-06 09:27:50.144 22026 22340 D GStreamer+qtdemux: 0:02:47.227532019 0xdd2dbaf0 qtdemux.c:5700:gst_qtdemux_chain:<qtdemux1> pushing in inbuf 0xdd15c958, neededbytes:144582, available:136190
03-06 09:27:50.147 22026 22340 D GStreamer+qtdemux: 0:02:47.230652488 0xdd2dbaf0 qtdemux.c:5700:gst_qtdemux_chain:<qtdemux1> pushing in inbuf 0xdcc59bc8, neededbytes:144582, available:140286
03-06 09:27:50.147 22026 22340 D GStreamer+qtdemux: 0:02:47.230795509 0xdd2dbaf0 qtdemux.c:5700:gst_qtdemux_chain:<qtdemux1> pushing in inbuf 0xdc9a5d08, neededbytes:144582, available:144382
03-06 09:27:50.147 22026 22340 D GStreamer+qtdemux: 0:02:47.230921967 0xdd2dbaf0 qtdemux.c:5700:gst_qtdemux_chain:<qtdemux1> pushing in inbuf 0xdccfe5d8, neededbytes:144582, available:148478
03-06 09:27:50.147 22026 22340 D GStreamer+qtdemux: 0:02:47.231016603 0xdd2dbaf0 qtdemux.c:5720:gst_qtdemux_process_adapter:<qtdemux1> state:2 , demux->neededbytes:144582, demux->offset:40823850
03-06 09:27:50.147 22026 22340 D GStreamer+qtdemux: 0:02:47.231100300 0xdd2dbaf0 qtdemux.c:6067:gst_qtdemux_process_adapter:<qtdemux1> BEGIN // in MOVIE for offset 40823850
03-06 09:27:50.147 22026 22340 V GStreamer+qtdemux: 0:02:47.231193530 0xdd2dbaf0 qtdemux.c:6145:gst_qtdemux_process_adapter:<qtdemux1> Checking stream 0 (sample_index:282 / offset:40823850 / size:144582)
03-06 09:27:50.147 22026 22340 D GStreamer+qtdemux: 0:02:47.231280040 0xdd2dbaf0 qtdemux.c:6163:gst_qtdemux_process_adapter:<qtdemux1> stream : avc1
03-06 09:27:50.148 22026 22340 V GStreamer+qtdemux: 0:02:47.231883946 0xdd2dbaf0 qtdemux.c:4961:gst_qtdemux_decorate_and_push_buffer:<qtdemux1> Pushing buffer with dts 0:00:05.542000000, pts 0:00:05.542000000, duration 0:00:00.019400000 on pad video_0
03-06 09:27:50.154 22026 22337 W GStreamer+amcvideodec: 0:02:47.237787071 0xd73ffe60 gstamcvideodec.c:1165:_amc_gl_wait gl_sync 0xdcd45590 could not wait for frame, took too long
03-06 09:27:50.159 22026 22232 V GStreamer+qtdemux: 0:02:47.243382852 0xdd2db980 qtdemux.c:810:gst_qtdemux_handle_src_query:<qtdemux1:video_0> position query
03-06 09:27:50.191 22026 22232 V GStreamer+qtdemux: 0:02:47.274567644 0xdd2db980 qtdemux.c:810:gst_qtdemux_handle_src_query:<qtdemux1:video_0> position query
03-06 09:27:50.192 22026 22340 V GStreamer+qtdemux: 0:02:47.275762280 0xdd2dbaf0 qtdemux.c:4633:gst_qtdemux_combine_flows:<qtdemux1> flow return: ok
