03-06 09:27:49.798 22026 22340 D GStreamer+qtdemux: 0:02:46.882150613 0xdd2dbaf0 qtdemux.c:5700:gst_qtdemux_chain:<qtdemux1> pushing in inbuf 0xdcc51e60, neededbytes:143924, available:86399
03-06 09:27:49.798 22026 22340 D GStreamer+qtdemux: 0:02:46.882263426 0xdd2dbaf0 qtdemux.c:5700:gst_qtdemux_chain:<qtdemux1> pushing in inbuf 0xdcc59b28, neededbytes:143924, available:90495
03-06 09:27:49.798 22026 22340 D GStreamer+qtdemux: 0:02:46.882376967 0xdd2dbaf0 qtdemux.c:5700:gst_qtdemux_chain:<qtdemux1> pushing in inbuf 0xdccffcb0, neededbytes:143924, available:94591
03-06 09:27:49.799 22026 22340 D GStreamer+qtdemux: 0:02:46.882507592 0xdd2dbaf0 qtdemux.c:5700:gst_qtdemux_chain:<qtdemux1> pushing in inbuf 0xdcc3fbe0, neededbytes:143924, available:98687
03-06 09:27:49.799 22026 22340 D GStreamer+qtdemux: 0:02:46.882624623 0xdd2dbaf0 qtdemux.c:5700:gst_qtdemux_chain:<qtdemux1> pushing in inbuf 0xdcc3e5a8, neededbytes:143924, available:102783
03-06 09:27:49.799 22026 22340 D GStreamer+qtdemux: 0:02:46.882737176 0xdd2dbaf0 qtdemux.c:5700:gst_qtdemux_chain:<qtdemux1> pushing in inbuf 0xdcc3e810, neededbytes:143924, available:106879
03-06 09:27:49.799 22026 22340 D GStreamer+qtdemux: 0:02:46.882848842 0xdd2dbaf0 qtdemux.c:5700:gst_qtdemux_chain:<qtdemux1> pushing in inbuf 0xdd6cd030, neededbytes:143924, available:110975
03-06 09:27:49.799 22026 22340 D GStreamer+qtdemux: 0:02:46.882960926 0xdd2dbaf0 qtdemux.c:5700:gst_qtdemux_chain:<qtdemux1> pushing in inbuf 0xdccfec00, neededbytes:143924, available:115071
03-06 09:27:49.799 22026 22340 D GStreamer+qtdemux: 0:02:46.883075196 0xdd2dbaf0 qtdemux.c:5700:gst_qtdemux_chain:<qtdemux1> pushing in inbuf 0xdc978a28, neededbytes:143924, available:119167
03-06 09:27:49.799 22026 22340 D GStreamer+qtdemux: 0:02:46.883190144 0xdd2dbaf0 qtdemux.c:5700:gst_qtdemux_chain:<qtdemux1> pushing in inbuf 0xdc9a6650, neededbytes:143924, available:123263
03-06 09:27:49.799 22026 22340 D GStreamer+qtdemux: 0:02:46.883302384 0xdd2dbaf0 qtdemux.c:5700:gst_qtdemux_chain:<qtdemux1> pushing in inbuf 0xdcc3f018, neededbytes:143924, available:127359
03-06 09:27:49.799 22026 22340 D GStreamer+qtdemux: 0:02:46.883414207 0xdd2dbaf0 qtdemux.c:5700:gst_qtdemux_chain:<qtdemux1> pushing in inbuf 0xdcbff030, neededbytes:143924, available:131455
03-06 09:27:49.800 22026 22340 D GStreamer+qtdemux: 0:02:46.883528009 0xdd2dbaf0 qtdemux.c:5700:gst_qtdemux_chain:<qtdemux1> pushing in inbuf 0xdca798d0, neededbytes:143924, available:135551
03-06 09:27:49.800 22026 22340 D GStreamer+qtdemux: 0:02:46.883642071 0xdd2dbaf0 qtdemux.c:5700:gst_qtdemux_chain:<qtdemux1> pushing in inbuf 0xdccf3be8, neededbytes:143924, available:139647
03-06 09:27:49.800 22026 22340 D GStreamer+qtdemux: 0:02:46.883754519 0xdd2dbaf0 qtdemux.c:5700:gst_qtdemux_chain:<qtdemux1> pushing in inbuf 0xdcc3f3d8, neededbytes:143924, available:143743
03-06 09:27:49.800 22026 22340 D GStreamer+qtdemux: 0:02:46.883870873 0xdd2dbaf0 qtdemux.c:5700:gst_qtdemux_chain:<qtdemux1> pushing in inbuf 0xdc9a5e48, neededbytes:143924, available:147839
03-06 09:27:49.800 22026 22340 D GStreamer+qtdemux: 0:02:46.883968686 0xdd2dbaf0 qtdemux.c:5720:gst_qtdemux_process_adapter:<qtdemux1> state:2 , demux->neededbytes:143924, demux->offset:38080169
03-06 09:27:49.800 22026 22340 D GStreamer+qtdemux: 0:02:46.884052957 0xdd2dbaf0 qtdemux.c:6067:gst_qtdemux_process_adapter:<qtdemux1> BEGIN // in MOVIE for offset 38080169
03-06 09:27:49.800 22026 22340 V GStreamer+qtdemux: 0:02:46.884148217 0xdd2dbaf0 qtdemux.c:6145:gst_qtdemux_process_adapter:<qtdemux1> Checking stream 0 (sample_index:263 / offset:38080169 / size:143924)
03-06 09:27:49.800 22026 22340 D GStreamer+qtdemux: 0:02:46.884235353 0xdd2dbaf0 qtdemux.c:6163:gst_qtdemux_process_adapter:<qtdemux1> stream : avc1
03-06 09:27:49.801 22026 22340 V GStreamer+qtdemux: 0:02:46.884811498 0xdd2dbaf0 qtdemux.c:4961:gst_qtdemux_decorate_and_push_buffer:<qtdemux1> Pushing buffer with dts 0:00:05.172400000, pts 0:00:05.172400000, duration 0:00:00.019600000 on pad video_0
03-06 09:27:49.802 22026 22340 V GStreamer+qtdemux: 0:02:46.886200509 0xdd2dbaf0 qtdemux.c:4633:gst_qtdemux_combine_flows:<qtdemux1> flow return: ok
03-06 09:27:49.802 22026 22340 V GStreamer+qtdemux: 0:02:46.886444676 0xdd2dbaf0 qtdemux.c:4641:gst_qtdemux_combine_flows:<qtdemux1> combined flow return: ok
03-06 09:27:49.803 22026 22340 V GStreamer+qtdemux: 0:02:46.886629415 0xdd2dbaf0 qtdemux.c:6219:gst_qtdemux_process_adapter:<qtdemux1> increasing offset 38080169 by 143924
03-06 09:27:49.803 22026 22340 V GStreamer+qtdemux: 0:02:46.886798165 0xdd2dbaf0 qtdemux.c:6222:gst_qtdemux_process_adapter:<qtdemux1> offset is now 38224093
03-06 09:27:49.803 22026 22340 V GStreamer+qtdemux: 0:02:46.886963530 0xdd2dbaf0 qtdemux.c:5472:next_entry_size:<qtdemux1> Finding entry at offset 38224093
03-06 09:27:49.803 22026 22340 V GStreamer+qtdemux: 0:02:46.887133530 0xdd2dbaf0 qtdemux.c:7663:qtdemux_parse_samples:<qtdemux1> parsing samples for stream fourcc avc1, pad video_0
03-06 09:27:49.803 22026 22340 D GStreamer+qtdemux: 0:02:46.887289519 0xdd2dbaf0 qtdemux.c:7674:qtdemux_parse_samples:<qtdemux1> parsing up to sample 264
03-06 09:27:49.803 22026 22340 V GStreamer+qtdemux: 0:02:46.887453217 0xdd2dbaf0 qtdemux.c:7700:qtdemux_parse_samples:<qtdemux1> sample 264 has size 144328
03-06 09:27:49.804 22026 22340 V GStreamer+qtdemux: 0:02:46.887680248 0xdd2dbaf0 qtdemux.c:7824:qtdemux_parse_samples:<qtdemux1> creating entry 264 with offset 38224093 and size 144328
03-06 09:27:49.804 22026 22340 V GStreamer+qtdemux: 0:02:46.887854832 0xdd2dbaf0 qtdemux.c:7868:qtdemux_parse_samples:<qtdemux1> block 0, 2 timestamps, duration 97
03-06 09:27:49.804 22026 22340 D GStreamer+qtdemux: 0:02:46.888040769 0xdd2dbaf0 qtdemux.c:7881:qtdemux_parse_samples:<qtdemux1> sample 264: index 0, timestamp 0:00:05.192000000
03-06 09:27:49.804 22026 22340 D GStreamer+qtdemux: 0:02:46.888367801 0xdd2dbaf0 qtdemux.c:7936:qtdemux_parse_samples:<qtdemux1> samples at 264 is keyframe
03-06 09:27:49.805 22026 22340 V GStreamer+qtdemux: 0:02:46.888791342 0xdd2dbaf0 qtdemux.c:5498:next_entry_size:<qtdemux1> Checking Stream 0 (sample_index:264 / offset:38224093 / size:144328)
03-06 09:27:49.805 22026 22340 V GStreamer+qtdemux: 0:02:46.888961915 0xdd2dbaf0 qtdemux.c:5509:next_entry_size:<qtdemux1> stream 0 offset 38224093 demux->offset :38224093
03-06 09:27:49.805 22026 22340 D GStreamer+qtdemux: 0:02:46.889202801 0xdd2dbaf0 qtdemux.c:5700:gst_qtdemux_chain:<qtdemux1> pushing in inbuf 0xdcc59700, neededbytes:144328, available:8011
03-06 09:27:49.806 22026 22340 D GStreamer+qtdemux: 0:02:46.889870665 0xdd2dbaf0 qtdemux.c:5700:gst_qtdemux_chain:<qtdemux1> pushing in inbuf 0xdcc510c8, neededbytes:144328, available:12107
03-06 09:27:49.806 22026 22340 D GStreamer+qtdemux: 0:02:46.890086915 0xdd2dbaf0 qtdemux.c:5700:gst_qtdemux_chain:<qtdemux1> pushing in inbuf 0xdcc3e8b0, neededbytes:144328, available:16203
03-06 09:27:49.806 22026 22340 D GStreamer+qtdemux: 0:02:46.890293634 0xdd2dbaf0 qtdemux.c:5700:gst_qtdemux_chain:<qtdemux1> pushing in inbuf 0xdc9785e0, neededbytes:144328, available:20299
03-06 09:27:49.807 22026 22340 D GStreamer+qtdemux: 0:02:46.890489467 0xdd2dbaf0 qtdemux.c:5700:gst_qtdemux_chain:<qtdemux1> pushing in inbuf 0xdcc593e0, neededbytes:144328, available:24395
03-06 09:27:49.807 22026 22340 D GStreamer+qtdemux: 0:02:46.890698061 0xdd2dbaf0 qtdemux.c:5700:gst_qtdemux_chain:<qtdemux1> pushing in inbuf 0xdcc3fd20, neededbytes:144328, available:28491
03-06 09:27:49.807 22026 22340 D GStreamer+qtdemux: 0:02:46.890903217 0xdd2dbaf0 qtdemux.c:5700:gst_qtdemux_chain:<qtdemux1> pushing in inbuf 0xdca795c8, neededbytes:144328, available:32587
03-06 09:27:49.807 22026 22340 D GStreamer+qtdemux: 0:02:46.891136238 0xdd2dbaf0 qtdemux.c:5700:gst_qtdemux_chain:<qtdemux1> pushing in inbuf 0xdcbfec88, neededbytes:144328, available:36683
03-06 09:27:49.808 22026 22340 D GStreamer+qtdemux: 0:02:46.891731342 0xdd2dbaf0 qtdemux.c:5700:gst_qtdemux_chain:<qtdemux1> pushing in inbuf 0xdca79208, neededbytes:144328, available:40779
03-06 09:27:49.808 22026 22232 V GStreamer+qtdemux: 0:02:46.891828478 0xdd2db980 qtdemux.c:810:gst_qtdemux_handle_src_query:<qtdemux1:video_0> position query
03-06 09:27:49.808 22026 22340 D GStreamer+qtdemux: 0:02:46.891926290 0xdd2dbaf0 qtdemux.c:5700:gst_qtdemux_chain:<qtdemux1> pushing in inbuf 0xdc9a5320, neededbytes:144328, available:44875
03-06 09:27:49.808 22026 22340 D GStreamer+qtdemux: 0:02:46.892110769 0xdd2dbaf0 qtdemux.c:5700:gst_qtdemux_chain:<qtdemux1> pushing in inbuf 0xdca79bf0, neededbytes:144328, available:48971
03-06 09:27:49.808 22026 22340 D GStreamer+qtdemux: 0:02:46.892294467 0xdd2dbaf0 qtdemux.c:5700:gst_qtdemux_chain:<qtdemux1> pushing in inbuf 0xdccfe718, neededbytes:144328, available:53067
03-06 09:27:49.809 22026 22340 D GStreamer+qtdemux: 0:02:46.892492019 0xdd2dbaf0 qtdemux.c:5700:gst_qtdemux_chain:<qtdemux1> pushing in inbuf 0xdcc59808, neededbytes:144328, available:57163
03-06 09:27:49.809 22026 22340 D GStreamer+qtdemux: 0:02:46.892682019 0xdd2dbaf0 qtdemux.c:5700:gst_qtdemux_chain:<qtdemux1> pushing in inbuf 0xdc9794c0, neededbytes:144328, available:61259
03-06 09:27:49.809 22026 22340 D GStreamer+qtdemux: 0:02:46.892877488 0xdd2dbaf0 qtdemux.c:5700:gst_qtdemux_chain:<qtdemux1> pushing in inbuf 0xdccff8f0, neededbytes:144328, available:65355
03-06 09:27:49.809 22026 22342 I GStreamer+baseparse: 0:02:46.893109884 0xd73ffa90 gstbaseparse.c:3945:gst_base_parse_set_latency:<h264parse1> min/max latency 0:00:00.019480519, 0:00:00.019480519
03-06 09:27:49.809 22026 22340 D GStreamer+qtdemux: 0:02:46.893185144 0xdd2dbaf0 qtdemux.c:5700:gst_qtdemux_chain:<qtdemux1> pushing in inbuf 0xdccfe498, neededbytes:144328, available:69451
03-06 09:27:49.809 22026 22340 D GStreamer+qtdemux: 0:02:46.893403373 0xdd2dbaf0 qtdemux.c:5700:gst_qtdemux_chain:<qtdemux1> pushing in inbuf 0xdca79b50, neededbytes:144328, available:73547
03-06 09:27:49.810 22026 22340 D GStreamer+qtdemux: 0:02:46.893590196 0xdd2dbaf0 qtdemux.c:5700:gst_qtdemux_chain:<qtdemux1> pushing in inbuf 0xdcbffad0, neededbytes:144328, available:77643
03-06 09:27:49.810 22026 22340 D GStreamer+qtdemux: 0:02:46.893770926 0xdd2dbaf0 qtdemux.c:5700:gst_qtdemux_chain:<qtdemux1> pushing in inbuf 0xdd15cef8, neededbytes:144328, available:81739
03-06 09:27:49.810 22026 22340 D GStreamer+qtdemux: 0:02:46.893996082 0xdd2dbaf0 qtdemux.c:5700:gst_qtdemux_chain:<qtdemux1> pushing in inbuf 0xdc979740, neededbytes:144328, available:85835
03-06 09:27:49.810 22026 22340 D GStreamer+qtdemux: 0:02:46.894208634 0xdd2dbaf0 qtdemux.c:5700:gst_qtdemux_chain:<qtdemux1> pushing in inbuf 0xdcc3e0a8, neededbytes:144328, available:89931
03-06 09:27:49.810 22026 22340 D GStreamer+qtdemux: 0:02:46.894415509 0xdd2dbaf0 qtdemux.c:5700:gst_qtdemux_chain:<qtdemux1> pushing in inbuf 0xdcc3f820, neededbytes:144328, available:94027
03-06 09:27:49.811 22026 22340 D GStreamer+qtdemux: 0:02:46.894626290 0xdd2dbaf0 qtdemux.c:5700:gst_qtdemux_chain:<qtdemux1> pushing in inbuf 0xdcbff2b0, neededbytes:144328, available:98123
03-06 09:27:49.811 22026 22340 D GStreamer+qtdemux: 0:02:46.894834103 0xdd2dbaf0 qtdemux.c:5700:gst_qtdemux_chain:<qtdemux1> pushing in inbuf 0xdcc3f658, neededbytes:144328, available:102219
03-06 09:27:49.811 22026 22340 D GStreamer+qtdemux: 0:02:46.895040196 0xdd2dbaf0 qtdemux.c:5700:gst_qtdemux_chain:<qtdemux1> pushing in inbuf 0xdc9a5808, neededbytes:144328, available:106315
03-06 09:27:49.811 22026 22340 D GStreamer+qtdemux: 0:02:46.895251707 0xdd2dbaf0 qtdemux.c:5700:gst_qtdemux_chain:<qtdemux1> pushing in inbuf 0xdcc51b40, neededbytes:144328, available:110411
03-06 09:27:49.811 22026 22340 D GStreamer+qtdemux: 0:02:46.895456134 0xdd2dbaf0 qtdemux.c:5700:gst_qtdemux_chain:<qtdemux1> pushing in inbuf 0xdccf3700, neededbytes:144328, available:114507
03-06 09:27:49.812 22026 22340 D GStreamer+qtdemux: 0:02:46.895664311 0xdd2dbaf0 qtdemux.c:5700:gst_qtdemux_chain:<qtdemux1> pushing in inbuf 0xdd6cd3f0, neededbytes:144328, available:118603
03-06 09:27:49.812 22026 22340 D GStreamer+qtdemux: 0:02:46.895872592 0xdd2dbaf0 qtdemux.c:5700:gst_qtdemux_chain:<qtdemux1> pushing in inbuf 0xdcc3fdc0, neededbytes:144328, available:122699
03-06 09:27:49.812 22026 22340 D GStreamer+qtdemux: 0:02:46.896081342 0xdd2dbaf0 qtdemux.c:5700:gst_qtdemux_chain:<qtdemux1> pushing in inbuf 0xdcc3f298, neededbytes:144328, available:126795
03-06 09:27:49.812 22026 22340 D GStreamer+qtdemux: 0:02:46.896284884 0xdd2dbaf0 qtdemux.c:5700:gst_qtdemux_chain:<qtdemux1> pushing in inbuf 0xdcc3e3c8, neededbytes:144328, available:130891
03-06 09:27:49.813 22026 22340 D GStreamer+qtdemux: 0:02:46.896486759 0xdd2dbaf0 qtdemux.c:5700:gst_qtdemux_chain:<qtdemux1> pushing in inbuf 0xdcc51168, neededbytes:144328, available:134987
03-06 09:27:49.813 22026 22340 D GStreamer+qtdemux: 0:02:46.896690353 0xdd2dbaf0 qtdemux.c:5700:gst_qtdemux_chain:<qtdemux1> pushing in inbuf 0xdcc51be0, neededbytes:144328, available:139083
03-06 09:27:49.813 22026 22340 D GStreamer+qtdemux: 0:02:46.896894832 0xdd2dbaf0 qtdemux.c:5700:gst_qtdemux_chain:<qtdemux1> pushing in inbuf 0xdc9a5640, neededbytes:144328, available:143179
03-06 09:27:49.813 22026 22340 D GStreamer+qtdemux: 0:02:46.897094623 0xdd2dbaf0 qtdemux.c:5700:gst_qtdemux_chain:<qtdemux1> pushing in inbuf 0xdc9a6b38, neededbytes:144328, available:147275
03-06 09:27:49.813 22026 22340 D GStreamer+qtdemux: 0:02:46.897263530 0xdd2dbaf0 qtdemux.c:5720:gst_qtdemux_process_adapter:<qtdemux1> state:2 , demux->neededbytes:144328, demux->offset:38224093
03-06 09:27:49.813 22026 22340 D GStreamer+qtdemux: 0:02:46.897421342 0xdd2dbaf0 qtdemux.c:6067:gst_qtdemux_process_adapter:<qtdemux1> BEGIN // in MOVIE for offset 38224093
03-06 09:27:49.814 22026 22340 V GStreamer+qtdemux: 0:02:46.897665665 0xdd2dbaf0 qtdemux.c:6145:gst_qtdemux_process_adapter:<qtdemux1> Checking stream 0 (sample_index:264 / offset:38224093 / size:144328)
03-06 09:27:49.814 22026 22340 D GStreamer+qtdemux: 0:02:46.897848113 0xdd2dbaf0 qtdemux.c:6163:gst_qtdemux_process_adapter:<qtdemux1> stream : avc1
03-06 09:27:49.815 22026 22340 V GStreamer+qtdemux: 0:02:46.898597228 0xdd2dbaf0 qtdemux.c:4961:gst_qtdemux_decorate_and_push_buffer:<qtdemux1> Pushing buffer with dts 0:00:05.192000000, pts 0:00:05.192000000, duration 0:00:00.019400000 on pad video_0
03-06 09:27:49.815 22026 22340 V GStreamer+qtdemux: 0:02:46.898725561 0xdd2dbaf0 qtdemux.c:4633:gst_qtdemux_combine_flows:<qtdemux1> flow return: ok
03-06 09:27:49.815 22026 22340 V GStreamer+qtdemux: 0:02:46.898814155 0xdd2dbaf0 qtdemux.c:4641:gst_qtdemux_combine_flows:<qtdemux1> combined flow return: ok
03-06 09:27:49.815 22026 22340 V GStreamer+qtdemux: 0:02:46.898901915 0xdd2dbaf0 qtdemux.c:6219:gst_qtdemux_process_adapter:<qtdemux1> increasing offset 38224093 by 144328
03-06 09:27:49.815 22026 22340 V GStreamer+qtdemux: 0:02:46.898983946 0xdd2dbaf0 qtdemux.c:6222:gst_qtdemux_process_adapter:<qtdemux1> offset is now 38368421
03-06 09:27:49.815 22026 22340 V GStreamer+qtdemux: 0:02:46.899066759 0xdd2dbaf0 qtdemux.c:5472:next_entry_size:<qtdemux1> Finding entry at offset 38368421
03-06 09:27:49.815 22026 22340 V GStreamer+qtdemux: 0:02:46.899152228 0xdd2dbaf0 qtdemux.c:7663:qtdemux_parse_samples:<qtdemux1> parsing samples for stream fourcc avc1, pad video_0
03-06 09:27:49.815 22026 22340 D GStreamer+qtdemux: 0:02:46.899232071 0xdd2dbaf0 qtdemux.c:7674:qtdemux_parse_samples:<qtdemux1> parsing up to sample 265
03-06 09:27:49.815 22026 22340 V GStreamer+qtdemux: 0:02:46.899314988 0xdd2dbaf0 qtdemux.c:7700:qtdemux_parse_samples:<qtdemux1> sample 265 has size 144118
03-06 09:27:49.815 22026 22340 V GStreamer+qtdemux: 0:02:46.899404884 0xdd2dbaf0 qtdemux.c:7824:qtdemux_parse_samples:<qtdemux1> creating entry 265 with offset 38368421 and size 144118
03-06 09:27:49.816 22026 22340 D GStreamer+qtdemux: 0:02:46.899499832 0xdd2dbaf0 qtdemux.c:7881:qtdemux_parse_samples:<qtdemux1> sample 265: index 1, timestamp 0:00:05.211400000
03-06 09:27:49.816 22026 22340 D GStreamer+qtdemux: 0:02:46.899579623 0xdd2dbaf0 qtdemux.c:7936:qtdemux_parse_samples:<qtdemux1> samples at 265 is keyframe
03-06 09:27:49.816 22026 22340 V GStreamer+qtdemux: 0:02:46.899668738 0xdd2dbaf0 qtdemux.c:5498:next_entry_size:<qtdemux1> Checking Stream 0 (sample_index:265 / offset:38368421 / size:144118)
03-06 09:27:49.816 22026 22340 V GStreamer+qtdemux: 0:02:46.899758738 0xdd2dbaf0 qtdemux.c:5509:next_entry_size:<qtdemux1> stream 0 offset 38368421 demux->offset :38368421
03-06 09:27:49.816 22026 22340 D GStreamer+qtdemux: 0:02:46.899873113 0xdd2dbaf0 qtdemux.c:5700:gst_qtdemux_chain:<qtdemux1> pushing in inbuf 0xdcbfe340, neededbytes:144118, available:7043
03-06 09:27:49.816 22026 22340 D GStreamer+qtdemux: 0:02:46.899981342 0xdd2dbaf0 qtdemux.c:5700:gst_qtdemux_chain:<qtdemux1> pushing in inbuf 0xdcbfe520, neededbytes:144118, available:11139
03-06 09:27:49.816 22026 22340 D GStreamer+qtdemux: 0:02:46.900100196 0xdd2dbaf0 qtdemux.c:5700:gst_qtdemux_chain:<qtdemux1> pushing in inbuf 0xdccffe90, neededbytes:144118, available:15235
03-06 09:27:49.816 22026 22340 D GStreamer+qtdemux: 0:02:46.900208998 0xdd2dbaf0 qtdemux.c:5700:gst_qtdemux_chain:<qtdemux1> pushing in inbuf 0xdccf3aa8, neededbytes:144118, available:19331
03-06 09:27:49.816 22026 22340 D GStreamer+qtdemux: 0:02:46.900317540 0xdd2dbaf0 qtdemux.c:5700:gst_qtdemux_chain:<qtdemux1> pushing in inbuf 0xdcc592a0, neededbytes:144118, available:23427
03-06 09:27:49.816 22026 22340 D GStreamer+qtdemux: 0:02:46.900423373 0xdd2dbaf0 qtdemux.c:5700:gst_qtdemux_chain:<qtdemux1> pushing in inbuf 0xdc9a5da8, neededbytes:144118, available:27523
03-06 09:27:49.817 22026 22340 D GStreamer+qtdemux: 0:02:46.900528946 0xdd2dbaf0 qtdemux.c:5700:gst_qtdemux_chain:<qtdemux1> pushing in inbuf 0xdc9a6d18, neededbytes:144118, available:31619
03-06 09:27:49.817 22026 22340 D GStreamer+qtdemux: 0:02:46.900636186 0xdd2dbaf0 qtdemux.c:5700:gst_qtdemux_chain:<qtdemux1> pushing in inbuf 0xdd6cd350, neededbytes:144118, available:35715
03-06 09:27:49.817 22026 22340 D GStreamer+qtdemux: 0:02:46.900752384 0xdd2dbaf0 qtdemux.c:5700:gst_qtdemux_chain:<qtdemux1> pushing in inbuf 0xdcc59ee8, neededbytes:144118, available:39811
03-06 09:27:49.817 22026 22340 D GStreamer+qtdemux: 0:02:46.900867905 0xdd2dbaf0 qtdemux.c:5700:gst_qtdemux_chain:<qtdemux1> pushing in inbuf 0xdcc51d20, neededbytes:144118, available:43907
03-06 09:27:49.817 22026 22340 D GStreamer+qtdemux: 0:02:46.900982592 0xdd2dbaf0 qtdemux.c:5700:gst_qtdemux_chain:<qtdemux1> pushing in inbuf 0xdccfe0d8, neededbytes:144118, available:48003
03-06 09:27:49.817 22026 22340 D GStreamer+qtdemux: 0:02:46.901100509 0xdd2dbaf0 qtdemux.c:5700:gst_qtdemux_chain:<qtdemux1> pushing in inbuf 0xdccff728, neededbytes:144118, available:52099
03-06 09:27:49.817 22026 22340 D GStreamer+qtdemux: 0:02:46.901207280 0xdd2dbaf0 qtdemux.c:5700:gst_qtdemux_chain:<qtdemux1> pushing in inbuf 0xdd6cd2b0, neededbytes:144118, available:56195
03-06 09:27:49.817 22026 22340 D GStreamer+qtdemux: 0:02:46.901313373 0xdd2dbaf0 qtdemux.c:5700:gst_qtdemux_chain:<qtdemux1> pushing in inbuf 0xdc9a5500, neededbytes:144118, available:60291
03-06 09:27:49.817 22026 22340 D GStreamer+qtdemux: 0:02:46.901417176 0xdd2dbaf0 qtdemux.c:5700:gst_qtdemux_chain:<qtdemux1> pushing in inbuf 0xdc979800, neededbytes:144118, available:64387
03-06 09:27:49.818 22026 22340 D GStreamer+qtdemux: 0:02:46.901522853 0xdd2dbaf0 qtdemux.c:5700:gst_qtdemux_chain:<qtdemux1> pushing in inbuf 0xdcc3f0b8, neededbytes:144118, available:68483
03-06 09:27:49.818 22026 22340 D GStreamer+qtdemux: 0:02:46.901640248 0xdd2dbaf0 qtdemux.c:5700:gst_qtdemux_chain:<qtdemux1> pushing in inbuf 0xdcc51820, neededbytes:144118, available:72579
03-06 09:27:49.818 22026 22340 D GStreamer+qtdemux: 0:02:46.901746030 0xdd2dbaf0 qtdemux.c:5700:gst_qtdemux_chain:<qtdemux1> pushing in inbuf 0xdcbff350, neededbytes:144118, available:76675
03-06 09:27:49.818 22026 22340 D GStreamer+qtdemux: 0:02:46.901852123 0xdd2dbaf0 qtdemux.c:5700:gst_qtdemux_chain:<qtdemux1> pushing in inbuf 0xdcbfee68, neededbytes:144118, available:80771
03-06 09:27:49.818 22026 22340 D GStreamer+qtdemux: 0:02:46.901950457 0xdd2dbaf0 qtdemux.c:5700:gst_qtdemux_chain:<qtdemux1> pushing in inbuf 0xdc979420, neededbytes:144118, available:84867
03-06 09:27:49.818 22026 22340 D GStreamer+qtdemux: 0:02:46.902049519 0xdd2dbaf0 qtdemux.c:5700:gst_qtdemux_chain:<qtdemux1> pushing in inbuf 0xdccf3c88, neededbytes:144118, available:88963
03-06 09:27:49.818 22026 22340 D GStreamer+qtdemux: 0:02:46.902148217 0xdd2dbaf0 qtdemux.c:5700:gst_qtdemux_chain:<qtdemux1> pushing in inbuf 0xdd15cb38, neededbytes:144118, available:93059
03-06 09:27:49.818 22026 22340 D GStreamer+qtdemux: 0:02:46.902248634 0xdd2dbaf0 qtdemux.c:5700:gst_qtdemux_chain:<qtdemux1> pushing in inbuf 0xdcc59e48, neededbytes:144118, available:97155
03-06 09:27:49.818 22026 22340 D GStreamer+qtdemux: 0:02:46.902346394 0xdd2dbaf0 qtdemux.c:5700:gst_qtdemux_chain:<qtdemux1> pushing in inbuf 0xdcc51c80, neededbytes:144118, available:101251
03-06 09:27:49.818 22026 22340 D GStreamer+qtdemux: 0:02:46.902444988 0xdd2dbaf0 qtdemux.c:5700:gst_qtdemux_chain:<qtdemux1> pushing in inbuf 0xdc977b48, neededbytes:144118, available:105347
03-06 09:27:49.819 22026 22340 D GStreamer+qtdemux: 0:02:46.902545092 0xdd2dbaf0 qtdemux.c:5700:gst_qtdemux_chain:<qtdemux1> pushing in inbuf 0xdc9a59e8, neededbytes:144118, available:109443
03-06 09:27:49.819 22026 22340 D GStreamer+qtdemux: 0:02:46.902650353 0xdd2dbaf0 qtdemux.c:5700:gst_qtdemux_chain:<qtdemux1> pushing in inbuf 0xdc978680, neededbytes:144118, available:113539
03-06 09:27:49.819 22026 22340 D GStreamer+qtdemux: 0:02:46.902749884 0xdd2dbaf0 qtdemux.c:5700:gst_qtdemux_chain:<qtdemux1> pushing in inbuf 0xdcbfef08, neededbytes:144118, available:117635
03-06 09:27:49.819 22026 22340 D GStreamer+qtdemux: 0:02:46.902850353 0xdd2dbaf0 qtdemux.c:5700:gst_qtdemux_chain:<qtdemux1> pushing in inbuf 0xdc979560, neededbytes:144118, available:121731
03-06 09:27:49.819 22026 22340 D GStreamer+qtdemux: 0:02:46.902951551 0xdd2dbaf0 qtdemux.c:5700:gst_qtdemux_chain:<qtdemux1> pushing in inbuf 0xdd15ca98, neededbytes:144118, available:125827
03-06 09:27:49.819 22026 22340 D GStreamer+qtdemux: 0:02:46.903052123 0xdd2dbaf0 qtdemux.c:5700:gst_qtdemux_chain:<qtdemux1> pushing in inbuf 0xdc9a53c0, neededbytes:144118, available:129923
03-06 09:27:49.819 22026 22340 D GStreamer+qtdemux: 0:02:46.903156290 0xdd2dbaf0 qtdemux.c:5700:gst_qtdemux_chain:<qtdemux1> pushing in inbuf 0xdc9a6150, neededbytes:144118, available:134019
03-06 09:27:49.819 22026 22340 D GStreamer+qtdemux: 0:02:46.903256811 0xdd2dbaf0 qtdemux.c:5700:gst_qtdemux_chain:<qtdemux1> pushing in inbuf 0xdccfef20, neededbytes:144118, available:138115
03-06 09:27:49.819 22026 22340 D GStreamer+qtdemux: 0:02:46.903348530 0xdd2dbaf0 qtdemux.c:5700:gst_qtdemux_chain:<qtdemux1> pushing in inbuf 0xdccfeac0, neededbytes:144118, available:142211
03-06 09:27:49.819 22026 22340 D GStreamer+qtdemux: 0:02:46.903441290 0xdd2dbaf0 qtdemux.c:5700:gst_qtdemux_chain:<qtdemux1> pushing in inbuf 0xdccf30c0, neededbytes:144118, available:146307
03-06 09:27:49.820 22026 22340 D GStreamer+qtdemux: 0:02:46.903524051 0xdd2dbaf0 qtdemux.c:5720:gst_qtdemux_process_adapter:<qtdemux1> state:2 , demux->neededbytes:144118, demux->offset:38368421
03-06 09:27:49.820 22026 22340 D GStreamer+qtdemux: 0:02:46.903609467 0xdd2dbaf0 qtdemux.c:6067:gst_qtdemux_process_adapter:<qtdemux1> BEGIN // in MOVIE for offset 38368421
03-06 09:27:49.820 22026 22340 V GStreamer+qtdemux: 0:02:46.903699623 0xdd2dbaf0 qtdemux.c:6145:gst_qtdemux_process_adapter:<qtdemux1> Checking stream 0 (sample_index:265 / offset:38368421 / size:144118)
03-06 09:27:49.820 22026 22340 D GStreamer+qtdemux: 0:02:46.903785509 0xdd2dbaf0 qtdemux.c:6163:gst_qtdemux_process_adapter:<qtdemux1> stream : avc1
03-06 09:27:49.820 22026 22340 V GStreamer+qtdemux: 0:02:46.904182957 0xdd2dbaf0 qtdemux.c:4961:gst_qtdemux_decorate_and_push_buffer:<qtdemux1> Pushing buffer with dts 0:00:05.211400000, pts 0:00:05.211400000, duration 0:00:00.019400000 on pad video_0
03-06 09:27:49.825 22026 22232 V GStreamer+qtdemux: 0:02:46.909196446 0xdd2db980 qtdemux.c:810:gst_qtdemux_handle_src_query:<qtdemux1:video_0> position query
03-06 09:27:49.826 22026 22340 V GStreamer+qtdemux: 0:02:46.909917123 0xdd2dbaf0 qtdemux.c:4633:gst_qtdemux_combine_flows:<qtdemux1> flow return: ok
03-06 09:27:49.826 22026 22340 V GStreamer+qtdemux: 0:02:46.910016134 0xdd2dbaf0 qtdemux.c:4641:gst_qtdemux_combine_flows:<qtdemux1> combined flow return: ok
03-06 09:27:49.826 22026 22340 V GStreamer+qtdemux: 0:02:46.910101707 0xdd2dbaf0 qtdemux.c:6219:gst_qtdemux_process_adapter:<qtdemux1> increasing offset 38368421 by 144118
03-06 09:27:49.826 22026 22340 V GStreamer+qtdemux: 0:02:46.910181811 0xdd2dbaf0 qtdemux.c:6222:gst_qtdemux_process_adapter:<qtdemux1> offset is now 38512539
03-06 09:27:49.826 22026 22340 V GStreamer+qtdemux: 0:02:46.910257123 0xdd2dbaf0 qtdemux.c:5472:next_entry_size:<qtdemux1> Finding entry at offset 38512539
03-06 09:27:49.826 22026 22342 I GStreamer+baseparse: 0:02:46.910359936 0xd73ffa90 gstbaseparse.c:3945:gst_base_parse_set_latency:<h264parse1> min/max latency 0:00:00.019480519, 0:00:00.019480519
03-06 09:27:49.826 22026 22340 V GStreamer+qtdemux: 0:02:46.910398998 0xdd2dbaf0 qtdemux.c:7663:qtdemux_parse_samples:<qtdemux1> parsing samples for stream fourcc avc1, pad video_0
03-06 09:27:49.826 22026 22340 D GStreamer+qtdemux: 0:02:46.910486915 0xdd2dbaf0 qtdemux.c:7674:qtdemux_parse_samples:<qtdemux1> parsing up to sample 266
03-06 09:27:49.827 22026 22340 V GStreamer+qtdemux: 0:02:46.910564207 0xdd2dbaf0 qtdemux.c:7700:qtdemux_parse_samples:<qtdemux1> sample 266 has size 144620
03-06 09:27:49.827 22026 22340 V GStreamer+qtdemux: 0:02:46.910649311 0xdd2dbaf0 qtdemux.c:7824:qtdemux_parse_samples:<qtdemux1> creating entry 266 with offset 38512539 and size 144620
03-06 09:27:49.827 22026 22340 V GStreamer+qtdemux: 0:02:46.910743217 0xdd2dbaf0 qtdemux.c:7868:qtdemux_parse_samples:<qtdemux1> block 0, 1 timestamps, duration 98
03-06 09:27:49.827 22026 22340 D GStreamer+qtdemux: 0:02:46.910843061 0xdd2dbaf0 qtdemux.c:7881:qtdemux_parse_samples:<qtdemux1> sample 266: index 0, timestamp 0:00:05.230800000
03-06 09:27:49.827 22026 22340 D GStreamer+qtdemux: 0:02:46.910927123 0xdd2dbaf0 qtdemux.c:7936:qtdemux_parse_samples:<qtdemux1> samples at 266 is keyframe
03-06 09:27:49.827 22026 22340 V GStreamer+qtdemux: 0:02:46.911016655 0xdd2dbaf0 qtdemux.c:5498:next_entry_size:<qtdemux1> Checking Stream 0 (sample_index:266 / offset:38512539 / size:144620)
03-06 09:27:49.827 22026 22340 V GStreamer+qtdemux: 0:02:46.911107592 0xdd2dbaf0 qtdemux.c:5509:next_entry_size:<qtdemux1> stream 0 offset 38512539 demux->offset :38512539
03-06 09:27:49.827 22026 22340 D GStreamer+qtdemux: 0:02:46.911234936 0xdd2dbaf0 qtdemux.c:5700:gst_qtdemux_chain:<qtdemux1> pushing in inbuf 0xdccf33e0, neededbytes:144620, available:6285
03-06 09:27:49.827 22026 22340 D GStreamer+qtdemux: 0:02:46.911339832 0xdd2dbaf0 qtdemux.c:5700:gst_qtdemux_chain:<qtdemux1> pushing in inbuf 0xdcc3f158, neededbytes:144620, available:10381
03-06 09:27:49.827 22026 22340 D GStreamer+qtdemux: 0:02:46.911458321 0xdd2dbaf0 qtdemux.c:5700:gst_qtdemux_chain:<qtdemux1> pushing in inbuf 0xdcc59c68, neededbytes:144620, available:14477
03-06 09:27:49.828 22026 22340 D GStreamer+qtdemux: 0:02:46.911577853 0xdd2dbaf0 qtdemux.c:5700:gst_qtdemux_chain:<qtdemux1> pushing in inbuf 0xdcbfe2a0, neededbytes:144620, available:18573
03-06 09:27:49.828 22026 22340 D GStreamer+qtdemux: 0:02:46.911695353 0xdd2dbaf0 qtdemux.c:5700:gst_qtdemux_chain:<qtdemux1> pushing in inbuf 0xdcc3faa0, neededbytes:144620, available:22669
03-06 09:27:49.828 22026 22340 D GStreamer+qtdemux: 0:02:46.911806238 0xdd2dbaf0 qtdemux.c:5700:gst_qtdemux_chain:<qtdemux1> pushing in inbuf 0xdcbfeb48, neededbytes:144620, available:26765
03-06 09:27:49.828 22026 22340 D GStreamer+qtdemux: 0:02:46.911914467 0xdd2dbaf0 qtdemux.c:5700:gst_qtdemux_chain:<qtdemux1> pushing in inbuf 0xdccf3f08, neededbytes:144620, available:30861
03-06 09:27:49.828 22026 22340 D GStreamer+qtdemux: 0:02:46.912022540 0xdd2dbaf0 qtdemux.c:5700:gst_qtdemux_chain:<qtdemux1> pushing in inbuf 0xdc978c08, neededbytes:144620, available:34957
03-06 09:27:49.828 22026 22340 D GStreamer+qtdemux: 0:02:46.912130301 0xdd2dbaf0 qtdemux.c:5700:gst_qtdemux_chain:<qtdemux1> pushing in inbuf 0xdc9a6818, neededbytes:144620, available:39053
03-06 09:27:49.828 22026 22340 D GStreamer+qtdemux: 0:02:46.912239103 0xdd2dbaf0 qtdemux.c:5700:gst_qtdemux_chain:<qtdemux1> pushing in inbuf 0xdcc3fb40, neededbytes:144620, available:43149
03-06 09:27:49.828 22026 22340 D GStreamer+qtdemux: 0:02:46.912348478 0xdd2dbaf0 qtdemux.c:5700:gst_qtdemux_chain:<qtdemux1> pushing in inbuf 0xdcc3e648, neededbytes:144620, available:47245
03-06 09:27:49.828 22026 22340 D GStreamer+qtdemux: 0:02:46.912462019 0xdd2dbaf0 qtdemux.c:5700:gst_qtdemux_chain:<qtdemux1> pushing in inbuf 0xdccffad0, neededbytes:144620, available:51341
03-06 09:27:49.829 22026 22340 D GStreamer+qtdemux: 0:02:46.912583478 0xdd2dbaf0 qtdemux.c:5700:gst_qtdemux_chain:<qtdemux1> pushing in inbuf 0xdc9a6290, neededbytes:144620, available:55437
03-06 09:27:49.829 22026 22340 D GStreamer+qtdemux: 0:02:46.912690353 0xdd2dbaf0 qtdemux.c:5700:gst_qtdemux_chain:<qtdemux1> pushing in inbuf 0xdcbfeaa8, neededbytes:144620, available:59533
03-06 09:27:49.829 22026 22340 D GStreamer+qtdemux: 0:02:46.912872488 0xdd2dbaf0 qtdemux.c:5700:gst_qtdemux_chain:<qtdemux1> pushing in inbuf 0xdccfe2b8, neededbytes:144620, available:63629
03-06 09:27:49.829 22026 22340 D GStreamer+qtdemux: 0:02:46.912980978 0xdd2dbaf0 qtdemux.c:5700:gst_qtdemux_chain:<qtdemux1> pushing in inbuf 0xdccf3dc8, neededbytes:144620, available:67725
03-06 09:27:49.829 22026 22340 D GStreamer+qtdemux: 0:02:46.913097801 0xdd2dbaf0 qtdemux.c:5700:gst_qtdemux_chain:<qtdemux1> pushing in inbuf 0xdc9a63d0, neededbytes:144620, available:71821
03-06 09:27:49.829 22026 22340 D GStreamer+qtdemux: 0:02:46.913202384 0xdd2dbaf0 qtdemux.c:5700:gst_qtdemux_chain:<qtdemux1> pushing in inbuf 0xdc9a6330, neededbytes:144620, available:75917
03-06 09:27:49.829 22026 22340 D GStreamer+qtdemux: 0:02:46.913317123 0xdd2dbaf0 qtdemux.c:5700:gst_qtdemux_chain:<qtdemux1> pushing in inbuf 0xdcbff850, neededbytes:144620, available:80013
03-06 09:27:49.829 22026 22340 D GStreamer+qtdemux: 0:02:46.913431655 0xdd2dbaf0 qtdemux.c:5700:gst_qtdemux_chain:<qtdemux1> pushing in inbuf 0xdc979a80, neededbytes:144620, available:84109
03-06 09:27:49.830 22026 22340 D GStreamer+qtdemux: 0:02:46.913536551 0xdd2dbaf0 qtdemux.c:5700:gst_qtdemux_chain:<qtdemux1> pushing in inbuf 0xdcbffcb0, neededbytes:144620, available:88205
03-06 09:27:49.830 22026 22340 D GStreamer+qtdemux: 0:02:46.913644676 0xdd2dbaf0 qtdemux.c:5700:gst_qtdemux_chain:<qtdemux1> pushing in inbuf 0xdcbff0d0, neededbytes:144620, available:92301
03-06 09:27:49.830 22026 22340 D GStreamer+qtdemux: 0:02:46.913757592 0xdd2dbaf0 qtdemux.c:5700:gst_qtdemux_chain:<qtdemux1> pushing in inbuf 0xdc9a51e0, neededbytes:144620, available:96397
03-06 09:27:49.830 22026 22340 D GStreamer+qtdemux: 0:02:46.913872540 0xdd2dbaf0 qtdemux.c:5700:gst_qtdemux_chain:<qtdemux1> pushing in inbuf 0xdd15ce58, neededbytes:144620, available:100493
03-06 09:27:49.830 22026 22340 D GStreamer+qtdemux: 0:02:46.913978009 0xdd2dbaf0 qtdemux.c:5700:gst_qtdemux_chain:<qtdemux1> pushing in inbuf 0xdc9a50a0, neededbytes:144620, available:104589
03-06 09:27:49.830 22026 22340 D GStreamer+qtdemux: 0:02:46.914083061 0xdd2dbaf0 qtdemux.c:5700:gst_qtdemux_chain:<qtdemux1> pushing in inbuf 0xdd15c9f8, neededbytes:144620, available:108685
03-06 09:27:49.830 22026 22340 D GStreamer+qtdemux: 0:02:46.914186915 0xdd2dbaf0 qtdemux.c:5700:gst_qtdemux_chain:<qtdemux1> pushing in inbuf 0xdccf3020, neededbytes:144620, available:112781
03-06 09:27:49.830 22026 22340 D GStreamer+qtdemux: 0:02:46.914291082 0xdd2dbaf0 qtdemux.c:5700:gst_qtdemux_chain:<qtdemux1> pushing in inbuf 0xdc978540, neededbytes:144620, available:116877
03-06 09:27:49.830 22026 22340 D GStreamer+qtdemux: 0:02:46.914397644 0xdd2dbaf0 qtdemux.c:5700:gst_qtdemux_chain:<qtdemux1> pushing in inbuf 0xdcbfebe8, neededbytes:144620, available:120973
03-06 09:27:49.831 22026 22340 D GStreamer+qtdemux: 0:02:46.914505301 0xdd2dbaf0 qtdemux.c:5700:gst_qtdemux_chain:<qtdemux1> pushing in inbuf 0xdc978d48, neededbytes:144620, available:125069
03-06 09:27:49.831 22026 22340 D GStreamer+qtdemux: 0:02:46.914617488 0xdd2dbaf0 qtdemux.c:5700:gst_qtdemux_chain:<qtdemux1> pushing in inbuf 0xdca79348, neededbytes:144620, available:129165
03-06 09:27:49.831 22026 22340 D GStreamer+qtdemux: 0:02:46.914728373 0xdd2dbaf0 qtdemux.c:5700:gst_qtdemux_chain:<qtdemux1> pushing in inbuf 0xdd15cd18, neededbytes:144620, available:133261
03-06 09:27:49.831 22026 22340 D GStreamer+qtdemux: 0:02:46.914841186 0xdd2dbaf0 qtdemux.c:5700:gst_qtdemux_chain:<qtdemux1> pushing in inbuf 0xdccf3200, neededbytes:144620, available:137357
03-06 09:27:49.831 22026 22340 D GStreamer+qtdemux: 0:02:46.914947748 0xdd2dbaf0 qtdemux.c:5700:gst_qtdemux_chain:<qtdemux1> pushing in inbuf 0xdcc3eef0, neededbytes:144620, available:141453
03-06 09:27:49.831 22026 22340 D GStreamer+qtdemux: 0:02:46.915050196 0xdd2dbaf0 qtdemux.c:5700:gst_qtdemux_chain:<qtdemux1> pushing in inbuf 0xdccff688, neededbytes:144620, available:145549
03-06 09:27:49.831 22026 22340 D GStreamer+qtdemux: 0:02:46.915139207 0xdd2dbaf0 qtdemux.c:5720:gst_qtdemux_process_adapter:<qtdemux1> state:2 , demux->neededbytes:144620, demux->offset:38512539
03-06 09:27:49.831 22026 22340 D GStreamer+qtdemux: 0:02:46.915221394 0xdd2dbaf0 qtdemux.c:6067:gst_qtdemux_process_adapter:<qtdemux1> BEGIN // in MOVIE for offset 38512539
03-06 09:27:49.831 22026 22340 V GStreamer+qtdemux: 0:02:46.915318061 0xdd2dbaf0 qtdemux.c:6145:gst_qtdemux_process_adapter:<qtdemux1> Checking stream 0 (sample_index:266 / offset:38512539 / size:144620)
03-06 09:27:49.831 22026 22340 D GStreamer+qtdemux: 0:02:46.915401759 0xdd2dbaf0 qtdemux.c:6163:gst_qtdemux_process_adapter:<qtdemux1> stream : avc1
03-06 09:27:49.832 22026 22340 V GStreamer+qtdemux: 0:02:46.915840457 0xdd2dbaf0 qtdemux.c:4961:gst_qtdemux_decorate_and_push_buffer:<qtdemux1> Pushing buffer with dts 0:00:05.230800000, pts 0:00:05.230800000, duration 0:00:00.019600000 on pad video_0
03-06 09:27:49.845 22026 22232 V GStreamer+qtdemux: 0:02:46.928742123 0xdd2db980 qtdemux.c:810:gst_qtdemux_handle_src_query:<qtdemux1:video_0> position query
03-06 09:27:49.848 22026 22340 V GStreamer+qtdemux: 0:02:46.932226134 0xdd2dbaf0 qtdemux.c:4633:gst_qtdemux_combine_flows:<qtdemux1> flow return: ok
03-06 09:27:49.848 22026 22340 V GStreamer+qtdemux: 0:02:46.932323113 0xdd2dbaf0 qtdemux.c:4641:gst_qtdemux_combine_flows:<qtdemux1> combined flow return: ok
03-06 09:27:49.848 22026 22340 V GStreamer+qtdemux: 0:02:46.932410509 0xdd2dbaf0 qtdemux.c:6219:gst_qtdemux_process_adapter:<qtdemux1> increasing offset 38512539 by 144620
03-06 09:27:49.849 22026 22340 V GStreamer+qtdemux: 0:02:46.932496498 0xdd2dbaf0 qtdemux.c:6222:gst_qtdemux_process_adapter:<qtdemux1> offset is now 38657159
03-06 09:27:49.849 22026 22340 V GStreamer+qtdemux: 0:02:46.932605978 0xdd2dbaf0 qtdemux.c:5472:next_entry_size:<qtdemux1> Finding entry at offset 38657159
03-06 09:27:49.849 22026 22342 I GStreamer+baseparse: 0:02:46.932652696 0xd73ffa90 gstbaseparse.c:3945:gst_base_parse_set_latency:<h264parse1> min/max latency 0:00:00.019480519, 0:00:00.019480519
03-06 09:27:49.849 22026 22340 V GStreamer+qtdemux: 0:02:46.932707019 0xdd2dbaf0 qtdemux.c:7663:qtdemux_parse_samples:<qtdemux1> parsing samples for stream fourcc avc1, pad video_0
03-06 09:27:49.849 22026 22340 D GStreamer+qtdemux: 0:02:46.932787540 0xdd2dbaf0 qtdemux.c:7674:qtdemux_parse_samples:<qtdemux1> parsing up to sample 267
03-06 09:27:49.849 22026 22340 V GStreamer+qtdemux: 0:02:46.932870144 0xdd2dbaf0 qtdemux.c:7700:qtdemux_parse_samples:<qtdemux1> sample 267 has size 144549
03-06 09:27:49.849 22026 22340 V GStreamer+qtdemux: 0:02:46.932966290 0xdd2dbaf0 qtdemux.c:7824:qtdemux_parse_samples:<qtdemux1> creating entry 267 with offset 38657159 and size 144549
03-06 09:27:49.849 22026 22340 V GStreamer+qtdemux: 0:02:46.933044155 0xdd2dbaf0 qtdemux.c:7868:qtdemux_parse_samples:<qtdemux1> block 0, 4 timestamps, duration 97
03-06 09:27:49.849 22026 22340 D GStreamer+qtdemux: 0:02:46.933133998 0xdd2dbaf0 qtdemux.c:7881:qtdemux_parse_samples:<qtdemux1> sample 267: index 0, timestamp 0:00:05.250400000
03-06 09:27:49.849 22026 22340 D GStreamer+qtdemux: 0:02:46.933209519 0xdd2dbaf0 qtdemux.c:7936:qtdemux_parse_samples:<qtdemux1> samples at 267 is keyframe
03-06 09:27:49.849 22026 22340 V GStreamer+qtdemux: 0:02:46.933291603 0xdd2dbaf0 qtdemux.c:5498:next_entry_size:<qtdemux1> Checking Stream 0 (sample_index:267 / offset:38657159 / size:144549)
03-06 09:27:49.849 22026 22340 V GStreamer+qtdemux: 0:02:46.933375926 0xdd2dbaf0 qtdemux.c:5509:next_entry_size:<qtdemux1> stream 0 offset 38657159 demux->offset :38657159
03-06 09:27:49.849 22026 22340 D GStreamer+qtdemux: 0:02:46.933489103 0xdd2dbaf0 qtdemux.c:5700:gst_qtdemux_chain:<qtdemux1> pushing in inbuf 0xdcc3fe60, neededbytes:144549, available:5025
03-06 09:27:49.850 22026 22340 D GStreamer+qtdemux: 0:02:46.933604832 0xdd2dbaf0 qtdemux.c:5700:gst_qtdemux_chain:<qtdemux1> pushing in inbuf 0xdca793e8, neededbytes:144549, available:9121
03-06 09:27:49.850 22026 22340 D GStreamer+qtdemux: 0:02:46.933713061 0xdd2dbaf0 qtdemux.c:5700:gst_qtdemux_chain:<qtdemux1> pushing in inbuf 0xdc978de8, neededbytes:144549, available:13217
03-06 09:27:49.850 22026 22340 D GStreamer+qtdemux: 0:02:46.933819988 0xdd2dbaf0 qtdemux.c:5700:gst_qtdemux_chain:<qtdemux1> pushing in inbuf 0xdc9a5a88, neededbytes:144549, available:17313
03-06 09:27:49.850 22026 22340 D GStreamer+qtdemux: 0:02:46.933928321 0xdd2dbaf0 qtdemux.c:5700:gst_qtdemux_chain:<qtdemux1> pushing in inbuf 0xdc9a5ee8, neededbytes:144549, available:21409
03-06 09:27:49.850 22026 22340 D GStreamer+qtdemux: 0:02:46.934034519 0xdd2dbaf0 qtdemux.c:5700:gst_qtdemux_chain:<qtdemux1> pushing in inbuf 0xdcc512a8, neededbytes:144549, available:25505
03-06 09:27:49.850 22026 22340 D GStreamer+qtdemux: 0:02:46.934142019 0xdd2dbaf0 qtdemux.c:5700:gst_qtdemux_chain:<qtdemux1> pushing in inbuf 0xdcc51208, neededbytes:144549, available:29601
03-06 09:27:49.850 22026 22340 D GStreamer+qtdemux: 0:02:46.934254884 0xdd2dbaf0 qtdemux.c:5700:gst_qtdemux_chain:<qtdemux1> pushing in inbuf 0xdcc3ea90, neededbytes:144549, available:33697
03-06 09:27:49.850 22026 22340 D GStreamer+qtdemux: 0:02:46.934360457 0xdd2dbaf0 qtdemux.c:5700:gst_qtdemux_chain:<qtdemux1> pushing in inbuf 0xdd15cdb8, neededbytes:144549, available:37793
03-06 09:27:49.850 22026 22340 D GStreamer+qtdemux: 0:02:46.934467853 0xdd2dbaf0 qtdemux.c:5700:gst_qtdemux_chain:<qtdemux1> pushing in inbuf 0xdc9a5460, neededbytes:144549, available:41889
03-06 09:27:49.851 22026 22340 D GStreamer+qtdemux: 0:02:46.934583009 0xdd2dbaf0 qtdemux.c:5700:gst_qtdemux_chain:<qtdemux1> pushing in inbuf 0xdc979600, neededbytes:144549, available:45985
03-06 09:27:49.851 22026 22340 D GStreamer+qtdemux: 0:02:46.934698842 0xdd2dbaf0 qtdemux.c:5700:gst_qtdemux_chain:<qtdemux1> pushing in inbuf 0xdc9a6a98, neededbytes:144549, available:50081
03-06 09:27:49.851 22026 22340 D GStreamer+qtdemux: 0:02:46.934834623 0xdd2dbaf0 qtdemux.c:5700:gst_qtdemux_chain:<qtdemux1> pushing in inbuf 0xdc977828, neededbytes:144549, available:54177
03-06 09:27:49.851 22026 22340 D GStreamer+qtdemux: 0:02:46.934932592 0xdd2dbaf0 qtdemux.c:5700:gst_qtdemux_chain:<qtdemux1> pushing in inbuf 0xdccfea20, neededbytes:144549, available:58273
03-06 09:27:49.851 22026 22340 D GStreamer+qtdemux: 0:02:46.935042540 0xdd2dbaf0 qtdemux.c:5700:gst_qtdemux_chain:<qtdemux1> pushing in inbuf 0xdc9798a0, neededbytes:144549, available:62369
03-06 09:27:49.851 22026 22340 D GStreamer+qtdemux: 0:02:46.935146498 0xdd2dbaf0 qtdemux.c:5700:gst_qtdemux_chain:<qtdemux1> pushing in inbuf 0xdcc3f5b8, neededbytes:144549, available:66465
03-06 09:27:49.851 22026 22340 D GStreamer+qtdemux: 0:02:46.935251238 0xdd2dbaf0 qtdemux.c:5700:gst_qtdemux_chain:<qtdemux1> pushing in inbuf 0xdca79830, neededbytes:144549, available:70561
03-06 09:27:49.851 22026 22340 D GStreamer+qtdemux: 0:02:46.935368217 0xdd2dbaf0 qtdemux.c:5700:gst_qtdemux_chain:<qtdemux1> pushing in inbuf 0xdcc3e508, neededbytes:144549, available:74657
03-06 09:27:49.851 22026 22340 D GStreamer+qtdemux: 0:02:46.935477488 0xdd2dbaf0 qtdemux.c:5700:gst_qtdemux_chain:<qtdemux1> pushing in inbuf 0xdcbfe3e0, neededbytes:144549, available:78753
03-06 09:27:49.852 22026 22340 D GStreamer+qtdemux: 0:02:46.935583373 0xdd2dbaf0 qtdemux.c:5700:gst_qtdemux_chain:<qtdemux1> pushing in inbuf 0xdccf3160, neededbytes:144549, available:82849
03-06 09:27:49.852 22026 22340 D GStreamer+qtdemux: 0:02:46.935688426 0xdd2dbaf0 qtdemux.c:5700:gst_qtdemux_chain:<qtdemux1> pushing in inbuf 0xdcc3e950, neededbytes:144549, available:86945
03-06 09:27:49.852 22026 22340 D GStreamer+qtdemux: 0:02:46.935795821 0xdd2dbaf0 qtdemux.c:5700:gst_qtdemux_chain:<qtdemux1> pushing in inbuf 0xdc9a5b28, neededbytes:144549, available:91041
03-06 09:27:49.852 22026 22340 D GStreamer+qtdemux: 0:02:46.935899936 0xdd2dbaf0 qtdemux.c:5700:gst_qtdemux_chain:<qtdemux1> pushing in inbuf 0xdd15c958, neededbytes:144549, available:95137
03-06 09:27:49.852 22026 22340 D GStreamer+qtdemux: 0:02:46.936005248 0xdd2dbaf0 qtdemux.c:5700:gst_qtdemux_chain:<qtdemux1> pushing in inbuf 0xdcc59bc8, neededbytes:144549, available:99233
03-06 09:27:49.852 22026 22340 D GStreamer+qtdemux: 0:02:46.936119467 0xdd2dbaf0 qtdemux.c:5700:gst_qtdemux_chain:<qtdemux1> pushing in inbuf 0xdc9a5d08, neededbytes:144549, available:103329
03-06 09:27:49.852 22026 22340 D GStreamer+qtdemux: 0:02:46.936227280 0xdd2dbaf0 qtdemux.c:5700:gst_qtdemux_chain:<qtdemux1> pushing in inbuf 0xdccfe5d8, neededbytes:144549, available:107425
03-06 09:27:49.852 22026 22340 D GStreamer+qtdemux: 0:02:46.936331915 0xdd2dbaf0 qtdemux.c:5700:gst_qtdemux_chain:<qtdemux1> pushing in inbuf 0xdccfeca0, neededbytes:144549, available:111521
03-06 09:27:49.852 22026 22340 D GStreamer+qtdemux: 0:02:46.936436290 0xdd2dbaf0 qtdemux.c:5700:gst_qtdemux_chain:<qtdemux1> pushing in inbuf 0xdcc51028, neededbytes:144549, available:115617
03-06 09:27:49.853 22026 22340 D GStreamer+qtdemux: 0:02:46.936540926 0xdd2dbaf0 qtdemux.c:5700:gst_qtdemux_chain:<qtdemux1> pushing in inbuf 0xdc9799e0, neededbytes:144549, available:119713
03-06 09:27:49.853 22026 22340 D GStreamer+qtdemux: 0:02:46.936646186 0xdd2dbaf0 qtdemux.c:5700:gst_qtdemux_chain:<qtdemux1> pushing in inbuf 0xdcc3fc80, neededbytes:144549, available:123809
03-06 09:27:49.853 22026 22340 D GStreamer+qtdemux: 0:02:46.936760873 0xdd2dbaf0 qtdemux.c:5700:gst_qtdemux_chain:<qtdemux1> pushing in inbuf 0xdc9796a0, neededbytes:144549, available:127905
03-06 09:27:49.853 22026 22340 D GStreamer+qtdemux: 0:02:46.936876082 0xdd2dbaf0 qtdemux.c:5700:gst_qtdemux_chain:<qtdemux1> pushing in inbuf 0xdc979c60, neededbytes:144549, available:132001
03-06 09:27:49.853 22026 22340 D GStreamer+qtdemux: 0:02:46.936983894 0xdd2dbaf0 qtdemux.c:5700:gst_qtdemux_chain:<qtdemux1> pushing in inbuf 0xdca79d30, neededbytes:144549, available:136097
03-06 09:27:49.853 22026 22340 D GStreamer+qtdemux: 0:02:46.937088478 0xdd2dbaf0 qtdemux.c:5700:gst_qtdemux_chain:<qtdemux1> pushing in inbuf 0xdcbff530, neededbytes:144549, available:140193
03-06 09:27:49.853 22026 22340 D GStreamer+qtdemux: 0:02:46.937202540 0xdd2dbaf0 qtdemux.c:5700:gst_qtdemux_chain:<qtdemux1> pushing in inbuf 0xdcc51488, neededbytes:144549, available:144289
03-06 09:27:49.853 22026 22340 D GStreamer+qtdemux: 0:02:46.937308009 0xdd2dbaf0 qtdemux.c:5700:gst_qtdemux_chain:<qtdemux1> pushing in inbuf 0xdca79a10, neededbytes:144549, available:148385
03-06 09:27:49.853 22026 22340 D GStreamer+qtdemux: 0:02:46.937391082 0xdd2dbaf0 qtdemux.c:5720:gst_qtdemux_process_adapter:<qtdemux1> state:2 , demux->neededbytes:144549, demux->offset:38657159
03-06 09:27:49.853 22026 22340 D GStreamer+qtdemux: 0:02:46.937474467 0xdd2dbaf0 qtdemux.c:6067:gst_qtdemux_process_adapter:<qtdemux1> BEGIN // in MOVIE for offset 38657159
03-06 09:27:49.854 22026 22340 V GStreamer+qtdemux: 0:02:46.937568061 0xdd2dbaf0 qtdemux.c:6145:gst_qtdemux_process_adapter:<qtdemux1> Checking stream 0 (sample_index:267 / offset:38657159 / size:144549)
03-06 09:27:49.854 22026 22340 D GStreamer+qtdemux: 0:02:46.937691707 0xdd2dbaf0 qtdemux.c:6163:gst_qtdemux_process_adapter:<qtdemux1> stream : avc1
03-06 09:27:49.854 22026 22340 V GStreamer+qtdemux: 0:02:46.938092280 0xdd2dbaf0 qtdemux.c:4961:gst_qtdemux_decorate_and_push_buffer:<qtdemux1> Pushing buffer with dts 0:00:05.250400000, pts 0:00:05.250400000, duration 0:00:00.019400000 on pad video_0
03-06 09:27:49.864 22026 22232 V GStreamer+qtdemux: 0:02:46.948014623 0xdd2db980 qtdemux.c:810:gst_qtdemux_handle_src_query:<qtdemux1:video_0> position query
03-06 09:27:49.867 22026 22340 V GStreamer+qtdemux: 0:02:46.950583634 0xdd2dbaf0 qtdemux.c:4633:gst_qtdemux_combine_flows:<qtdemux1> flow return: ok
03-06 09:27:49.867 22026 22340 V GStreamer+qtdemux: 0:02:46.950713790 0xdd2dbaf0 qtdemux.c:4641:gst_qtdemux_combine_flows:<qtdemux1> combined flow return: ok
03-06 09:27:49.867 22026 22340 V GStreamer+qtdemux: 0:02:46.950818582 0xdd2dbaf0 qtdemux.c:6219:gst_qtdemux_process_adapter:<qtdemux1> increasing offset 38657159 by 144549
03-06 09:27:49.867 22026 22340 V GStreamer+qtdemux: 0:02:46.950906186 0xdd2dbaf0 qtdemux.c:6222:gst_qtdemux_process_adapter:<qtdemux1> offset is now 38801708
03-06 09:27:49.867 22026 22342 I GStreamer+baseparse: 0:02:46.950962280 0xd73ffa90 gstbaseparse.c:3945:gst_base_parse_set_latency:<h264parse1> min/max latency 0:00:00.019480519, 0:00:00.019480519
03-06 09:27:49.867 22026 22340 V GStreamer+qtdemux: 0:02:46.950990613 0xdd2dbaf0 qtdemux.c:5472:next_entry_size:<qtdemux1> Finding entry at offset 38801708
03-06 09:27:49.867 22026 22340 V GStreamer+qtdemux: 0:02:46.951090353 0xdd2dbaf0 qtdemux.c:7663:qtdemux_parse_samples:<qtdemux1> parsing samples for stream fourcc avc1, pad video_0
03-06 09:27:49.867 22026 22340 D GStreamer+qtdemux: 0:02:46.951176915 0xdd2dbaf0 qtdemux.c:7674:qtdemux_parse_samples:<qtdemux1> parsing up to sample 268
03-06 09:27:49.867 22026 22340 V GStreamer+qtdemux: 0:02:46.951269103 0xdd2dbaf0 qtdemux.c:7700:qtdemux_parse_samples:<qtdemux1> sample 268 has size 144248
03-06 09:27:49.867 22026 22340 V GStreamer+qtdemux: 0:02:46.951397801 0xdd2dbaf0 qtdemux.c:7824:qtdemux_parse_samples:<qtdemux1> creating entry 268 with offset 38801708 and size 144248
03-06 09:27:49.868 22026 22340 D GStreamer+qtdemux: 0:02:46.951507905 0xdd2dbaf0 qtdemux.c:7881:qtdemux_parse_samples:<qtdemux1> sample 268: index 1, timestamp 0:00:05.269800000
03-06 09:27:49.868 22026 22340 D GStreamer+qtdemux: 0:02:46.951591186 0xdd2dbaf0 qtdemux.c:7936:qtdemux_parse_samples:<qtdemux1> samples at 268 is keyframe
03-06 09:27:49.868 22026 22340 V GStreamer+qtdemux: 0:02:46.951686707 0xdd2dbaf0 qtdemux.c:5498:next_entry_size:<qtdemux1> Checking Stream 0 (sample_index:268 / offset:38801708 / size:144248)
03-06 09:27:49.868 22026 22340 V GStreamer+qtdemux: 0:02:46.951783061 0xdd2dbaf0 qtdemux.c:5509:next_entry_size:<qtdemux1> stream 0 offset 38801708 demux->offset :38801708
03-06 09:27:49.868 22026 22340 D GStreamer+qtdemux: 0:02:46.951935613 0xdd2dbaf0 qtdemux.c:5700:gst_qtdemux_chain:<qtdemux1> pushing in inbuf 0xdcc51aa0, neededbytes:144248, available:7932
03-06 09:27:49.868 22026 22340 D GStreamer+qtdemux: 0:02:46.952050040 0xdd2dbaf0 qtdemux.c:5700:gst_qtdemux_chain:<qtdemux1> pushing in inbuf 0xdcc51dc0, neededbytes:144248, available:12028
03-06 09:27:49.868 22026 22340 D GStreamer+qtdemux: 0:02:46.952168894 0xdd2dbaf0 qtdemux.c:5700:gst_qtdemux_chain:<qtdemux1> pushing in inbuf 0xdcbfea08, neededbytes:144248, available:16124
03-06 09:27:49.868 22026 22340 D GStreamer+qtdemux: 0:02:46.952298165 0xdd2dbaf0 qtdemux.c:5700:gst_qtdemux_chain:<qtdemux1> pushing in inbuf 0xdccfe038, neededbytes:144248, available:20220
03-06 09:27:49.868 22026 22340 D GStreamer+qtdemux: 0:02:46.952415144 0xdd2dbaf0 qtdemux.c:5700:gst_qtdemux_chain:<qtdemux1> pushing in inbuf 0xdccff228, neededbytes:144248, available:24316
03-06 09:27:49.869 22026 22340 D GStreamer+qtdemux: 0:02:46.952536603 0xdd2dbaf0 qtdemux.c:5700:gst_qtdemux_chain:<qtdemux1> pushing in inbuf 0xdc9a5bc8, neededbytes:144248, available:28412
03-06 09:27:49.869 22026 22340 D GStreamer+qtdemux: 0:02:46.952652748 0xdd2dbaf0 qtdemux.c:5700:gst_qtdemux_chain:<qtdemux1> pushing in inbuf 0xdcc3ee50, neededbytes:144248, available:32508
03-06 09:27:49.869 22026 22340 D GStreamer+qtdemux: 0:02:46.952769467 0xdd2dbaf0 qtdemux.c:5700:gst_qtdemux_chain:<qtdemux1> pushing in inbuf 0xdcc51f00, neededbytes:144248, available:36604
03-06 09:27:49.869 22026 22340 D GStreamer+qtdemux: 0:02:46.952896707 0xdd2dbaf0 qtdemux.c:5700:gst_qtdemux_chain:<qtdemux1> pushing in inbuf 0xdd6cd170, neededbytes:144248, available:40700
03-06 09:27:49.869 22026 22340 D GStreamer+qtdemux: 0:02:46.953022748 0xdd2dbaf0 qtdemux.c:5700:gst_qtdemux_chain:<qtdemux1> pushing in inbuf 0xdcbfe968, neededbytes:144248, available:44796
03-06 09:27:49.869 22026 22340 D GStreamer+qtdemux: 0:02:46.953147488 0xdd2dbaf0 qtdemux.c:5700:gst_qtdemux_chain:<qtdemux1> pushing in inbuf 0xdc9a66f0, neededbytes:144248, available:48892
03-06 09:27:49.869 22026 22340 D GStreamer+qtdemux: 0:02:46.953273269 0xdd2dbaf0 qtdemux.c:5700:gst_qtdemux_chain:<qtdemux1> pushing in inbuf 0xdc977dc8, neededbytes:144248, available:52988
03-06 09:27:49.869 22026 22340 D GStreamer+qtdemux: 0:02:46.953443426 0xdd2dbaf0 qtdemux.c:5700:gst_qtdemux_chain:<qtdemux1> pushing in inbuf 0xdcc3e008, neededbytes:144248, available:57084
