03-06 09:27:49.215 22026 22340 D GStreamer+qtdemux: 0:02:46.299280040 0xdd2dbaf0 qtdemux.c:5700:gst_qtdemux_chain:<qtdemux1> pushing in inbuf 0xdccf3700, neededbytes:144369, available:82263
03-06 09:27:49.215 22026 22342 I GStreamer+baseparse: 0:02:46.299406342 0xd73ffa90 gstbaseparse.c:3945:gst_base_parse_set_latency:<h264parse1> min/max latency 0:00:00.019480519, 0:00:00.019480519
03-06 09:27:49.215 22026 22340 D GStreamer+qtdemux: 0:02:46.299444467 0xdd2dbaf0 qtdemux.c:5700:gst_qtdemux_chain:<qtdemux1> pushing in inbuf 0xdc9a5640, neededbytes:144369, available:86359
03-06 09:27:49.216 22026 22340 D GStreamer+qtdemux: 0:02:46.299583165 0xdd2dbaf0 qtdemux.c:5700:gst_qtdemux_chain:<qtdemux1> pushing in inbuf 0xdc9780e0, neededbytes:144369, available:90455
03-06 09:27:49.216 22026 22340 D GStreamer+qtdemux: 0:02:46.299662072 0xdd2dbaf0 qtdemux.c:5700:gst_qtdemux_chain:<qtdemux1> pushing in inbuf 0xdcc3f820, neededbytes:144369, available:94551
03-06 09:27:49.216 22026 22340 D GStreamer+qtdemux: 0:02:46.299731499 0xdd2dbaf0 qtdemux.c:5700:gst_qtdemux_chain:<qtdemux1> pushing in inbuf 0xdcc3e0a8, neededbytes:144369, available:98647
03-06 09:27:49.216 22026 22340 D GStreamer+qtdemux: 0:02:46.299802905 0xdd2dbaf0 qtdemux.c:5700:gst_qtdemux_chain:<qtdemux1> pushing in inbuf 0xdc979740, neededbytes:144369, available:102743
03-06 09:27:49.216 22026 22340 D GStreamer+qtdemux: 0:02:46.299870613 0xdd2dbaf0 qtdemux.c:5700:gst_qtdemux_chain:<qtdemux1> pushing in inbuf 0xdd15cef8, neededbytes:144369, available:106839
03-06 09:27:49.216 22026 22340 D GStreamer+qtdemux: 0:02:46.299936447 0xdd2dbaf0 qtdemux.c:5700:gst_qtdemux_chain:<qtdemux1> pushing in inbuf 0xdcbffcb0, neededbytes:144369, available:110935
03-06 09:27:49.216 22026 22340 D GStreamer+qtdemux: 0:02:46.300000509 0xdd2dbaf0 qtdemux.c:5700:gst_qtdemux_chain:<qtdemux1> pushing in inbuf 0xdc979a80, neededbytes:144369, available:115031
03-06 09:27:49.216 22026 22340 D GStreamer+qtdemux: 0:02:46.300064988 0xdd2dbaf0 qtdemux.c:5700:gst_qtdemux_chain:<qtdemux1> pushing in inbuf 0xdcbff850, neededbytes:144369, available:119127
03-06 09:27:49.216 22026 22340 D GStreamer+qtdemux: 0:02:46.300130613 0xdd2dbaf0 qtdemux.c:5700:gst_qtdemux_chain:<qtdemux1> pushing in inbuf 0xdccff0e8, neededbytes:144369, available:123223
03-06 09:27:49.216 22026 22340 D GStreamer+qtdemux: 0:02:46.300194572 0xdd2dbaf0 qtdemux.c:5700:gst_qtdemux_chain:<qtdemux1> pushing in inbuf 0xdc9a6150, neededbytes:144369, available:127319
03-06 09:27:49.216 22026 22340 D GStreamer+qtdemux: 0:02:46.300262905 0xdd2dbaf0 qtdemux.c:5700:gst_qtdemux_chain:<qtdemux1> pushing in inbuf 0xdc9a53c0, neededbytes:144369, available:131415
03-06 09:27:49.216 22026 22340 D GStreamer+qtdemux: 0:02:46.300336811 0xdd2dbaf0 qtdemux.c:5700:gst_qtdemux_chain:<qtdemux1> pushing in inbuf 0xdcbff3f0, neededbytes:144369, available:135511
03-06 09:27:49.216 22026 22340 D GStreamer+qtdemux: 0:02:46.300403113 0xdd2dbaf0 qtdemux.c:5700:gst_qtdemux_chain:<qtdemux1> pushing in inbuf 0xdccf3520, neededbytes:144369, available:139607
03-06 09:27:49.216 22026 22340 D GStreamer+qtdemux: 0:02:46.300486447 0xdd2dbaf0 qtdemux.c:5700:gst_qtdemux_chain:<qtdemux1> pushing in inbuf 0xdccf3a08, neededbytes:144369, available:143703
03-06 09:27:49.217 22026 22340 D GStreamer+qtdemux: 0:02:46.300581603 0xdd2dbaf0 qtdemux.c:5700:gst_qtdemux_chain:<qtdemux1> pushing in inbuf 0xdca79c90, neededbytes:144369, available:147799
03-06 09:27:49.217 22026 22340 D GStreamer+qtdemux: 0:02:46.300647801 0xdd2dbaf0 qtdemux.c:5720:gst_qtdemux_process_adapter:<qtdemux1> state:2 , demux->neededbytes:144369, demux->offset:33173201
03-06 09:27:49.217 22026 22340 D GStreamer+qtdemux: 0:02:46.300706447 0xdd2dbaf0 qtdemux.c:6067:gst_qtdemux_process_adapter:<qtdemux1> BEGIN // in MOVIE for offset 33173201
03-06 09:27:49.217 22026 22340 V GStreamer+qtdemux: 0:02:46.300771186 0xdd2dbaf0 qtdemux.c:6145:gst_qtdemux_process_adapter:<qtdemux1> Checking stream 0 (sample_index:229 / offset:33173201 / size:144369)
03-06 09:27:49.217 22026 22340 D GStreamer+qtdemux: 0:02:46.300831082 0xdd2dbaf0 qtdemux.c:6163:gst_qtdemux_process_adapter:<qtdemux1> stream : avc1
03-06 09:27:49.217 22026 22340 V GStreamer+qtdemux: 0:02:46.301162697 0xdd2dbaf0 qtdemux.c:4961:gst_qtdemux_decorate_and_push_buffer:<qtdemux1> Pushing buffer with dts 0:00:04.511400000, pts 0:00:04.511400000, duration 0:00:00.019400000 on pad video_0
03-06 09:27:49.217 22026 22340 V GStreamer+qtdemux: 0:02:46.301260665 0xdd2dbaf0 qtdemux.c:4633:gst_qtdemux_combine_flows:<qtdemux1> flow return: ok
03-06 09:27:49.217 22026 22340 V GStreamer+qtdemux: 0:02:46.301321134 0xdd2dbaf0 qtdemux.c:4641:gst_qtdemux_combine_flows:<qtdemux1> combined flow return: ok
03-06 09:27:49.217 22026 22340 V GStreamer+qtdemux: 0:02:46.301384415 0xdd2dbaf0 qtdemux.c:6219:gst_qtdemux_process_adapter:<qtdemux1> increasing offset 33173201 by 144369
03-06 09:27:49.217 22026 22340 V GStreamer+qtdemux: 0:02:46.301443061 0xdd2dbaf0 qtdemux.c:6222:gst_qtdemux_process_adapter:<qtdemux1> offset is now 33317570
03-06 09:27:49.218 22026 22340 V GStreamer+qtdemux: 0:02:46.301503947 0xdd2dbaf0 qtdemux.c:5472:next_entry_size:<qtdemux1> Finding entry at offset 33317570
03-06 09:27:49.218 22026 22340 V GStreamer+qtdemux: 0:02:46.301564103 0xdd2dbaf0 qtdemux.c:7663:qtdemux_parse_samples:<qtdemux1> parsing samples for stream fourcc avc1, pad video_0
03-06 09:27:49.218 22026 22340 D GStreamer+qtdemux: 0:02:46.301624988 0xdd2dbaf0 qtdemux.c:7674:qtdemux_parse_samples:<qtdemux1> parsing up to sample 230
03-06 09:27:49.218 22026 22340 V GStreamer+qtdemux: 0:02:46.301686603 0xdd2dbaf0 qtdemux.c:7700:qtdemux_parse_samples:<qtdemux1> sample 230 has size 144029
03-06 09:27:49.218 22026 22340 V GStreamer+qtdemux: 0:02:46.301748999 0xdd2dbaf0 qtdemux.c:7824:qtdemux_parse_samples:<qtdemux1> creating entry 230 with offset 33317570 and size 144029
03-06 09:27:49.218 22026 22340 D GStreamer+qtdemux: 0:02:46.301816915 0xdd2dbaf0 qtdemux.c:7881:qtdemux_parse_samples:<qtdemux1> sample 230: index 2, timestamp 0:00:04.530800000
03-06 09:27:49.218 22026 22340 D GStreamer+qtdemux: 0:02:46.301875040 0xdd2dbaf0 qtdemux.c:7936:qtdemux_parse_samples:<qtdemux1> samples at 230 is keyframe
03-06 09:27:49.218 22026 22340 V GStreamer+qtdemux: 0:02:46.301937332 0xdd2dbaf0 qtdemux.c:5498:next_entry_size:<qtdemux1> Checking Stream 0 (sample_index:230 / offset:33317570 / size:144029)
03-06 09:27:49.218 22026 22340 V GStreamer+qtdemux: 0:02:46.301999155 0xdd2dbaf0 qtdemux.c:5509:next_entry_size:<qtdemux1> stream 0 offset 33317570 demux->offset :33317570
03-06 09:27:49.218 22026 22340 D GStreamer+qtdemux: 0:02:46.302082280 0xdd2dbaf0 qtdemux.c:5700:gst_qtdemux_chain:<qtdemux1> pushing in inbuf 0xdcbfe8c8, neededbytes:144029, available:7526
03-06 09:27:49.218 22026 22340 D GStreamer+qtdemux: 0:02:46.302166134 0xdd2dbaf0 qtdemux.c:5700:gst_qtdemux_chain:<qtdemux1> pushing in inbuf 0xdd15c8b8, neededbytes:144029, available:11622
03-06 09:27:49.218 22026 22340 D GStreamer+qtdemux: 0:02:46.302242124 0xdd2dbaf0 qtdemux.c:5700:gst_qtdemux_chain:<qtdemux1> pushing in inbuf 0xdc978de8, neededbytes:144029, available:15718
03-06 09:27:49.218 22026 22340 D GStreamer+qtdemux: 0:02:46.302317228 0xdd2dbaf0 qtdemux.c:5700:gst_qtdemux_chain:<qtdemux1> pushing in inbuf 0xdca793e8, neededbytes:144029, available:19814
03-06 09:27:49.218 22026 22340 D GStreamer+qtdemux: 0:02:46.302403634 0xdd2dbaf0 qtdemux.c:5700:gst_qtdemux_chain:<qtdemux1> pushing in inbuf 0xdcbfebe8, neededbytes:144029, available:23910
03-06 09:27:49.218 22026 22340 D GStreamer+qtdemux: 0:02:46.302487124 0xdd2dbaf0 qtdemux.c:5700:gst_qtdemux_chain:<qtdemux1> pushing in inbuf 0xdc978540, neededbytes:144029, available:28006
03-06 09:27:49.219 22026 22340 D GStreamer+qtdemux: 0:02:46.302568738 0xdd2dbaf0 qtdemux.c:5700:gst_qtdemux_chain:<qtdemux1> pushing in inbuf 0xdccf3160, neededbytes:144029, available:32102
03-06 09:27:49.219 22026 22340 D GStreamer+qtdemux: 0:02:46.302643842 0xdd2dbaf0 qtdemux.c:5700:gst_qtdemux_chain:<qtdemux1> pushing in inbuf 0xdcbfe3e0, neededbytes:144029, available:36198
03-06 09:27:49.219 22026 22340 D GStreamer+qtdemux: 0:02:46.302722020 0xdd2dbaf0 qtdemux.c:5700:gst_qtdemux_chain:<qtdemux1> pushing in inbuf 0xdcc3e508, neededbytes:144029, available:40294
03-06 09:27:49.219 22026 22340 D GStreamer+qtdemux: 0:02:46.302797124 0xdd2dbaf0 qtdemux.c:5700:gst_qtdemux_chain:<qtdemux1> pushing in inbuf 0xdc9a6290, neededbytes:144029, available:44390
03-06 09:27:49.219 22026 22340 D GStreamer+qtdemux: 0:02:46.302873009 0xdd2dbaf0 qtdemux.c:5700:gst_qtdemux_chain:<qtdemux1> pushing in inbuf 0xdccffad0, neededbytes:144029, available:48486
03-06 09:27:49.219 22026 22340 D GStreamer+qtdemux: 0:02:46.302948634 0xdd2dbaf0 qtdemux.c:5700:gst_qtdemux_chain:<qtdemux1> pushing in inbuf 0xdcc3e648, neededbytes:144029, available:52582
03-06 09:27:49.219 22026 22340 D GStreamer+qtdemux: 0:02:46.303023842 0xdd2dbaf0 qtdemux.c:5700:gst_qtdemux_chain:<qtdemux1> pushing in inbuf 0xdcbffe90, neededbytes:144029, available:56678
03-06 09:27:49.219 22026 22340 D GStreamer+qtdemux: 0:02:46.303093270 0xdd2dbaf0 qtdemux.c:5700:gst_qtdemux_chain:<qtdemux1> pushing in inbuf 0xdcc3e950, neededbytes:144029, available:60774
03-06 09:27:49.219 22026 22340 D GStreamer+qtdemux: 0:02:46.303169363 0xdd2dbaf0 qtdemux.c:5700:gst_qtdemux_chain:<qtdemux1> pushing in inbuf 0xdcbffdf0, neededbytes:144029, available:64870
03-06 09:27:49.219 22026 22340 D GStreamer+qtdemux: 0:02:46.303247853 0xdd2dbaf0 qtdemux.c:5700:gst_qtdemux_chain:<qtdemux1> pushing in inbuf 0xdca792a8, neededbytes:144029, available:68966
03-06 09:27:49.219 22026 22340 D GStreamer+qtdemux: 0:02:46.303323842 0xdd2dbaf0 qtdemux.c:5700:gst_qtdemux_chain:<qtdemux1> pushing in inbuf 0xdca79e70, neededbytes:144029, available:73062
03-06 09:27:49.219 22026 22340 D GStreamer+qtdemux: 0:02:46.303408113 0xdd2dbaf0 qtdemux.c:5700:gst_qtdemux_chain:<qtdemux1> pushing in inbuf 0xdc9a5460, neededbytes:144029, available:77158
03-06 09:27:49.219 22026 22340 D GStreamer+qtdemux: 0:02:46.303489832 0xdd2dbaf0 qtdemux.c:5700:gst_qtdemux_chain:<qtdemux1> pushing in inbuf 0xdd15cdb8, neededbytes:144029, available:81254
03-06 09:27:49.220 22026 22340 D GStreamer+qtdemux: 0:02:46.303561395 0xdd2dbaf0 qtdemux.c:5700:gst_qtdemux_chain:<qtdemux1> pushing in inbuf 0xdcc3ea90, neededbytes:144029, available:85350
03-06 09:27:49.220 22026 22340 D GStreamer+qtdemux: 0:02:46.303645822 0xdd2dbaf0 qtdemux.c:5700:gst_qtdemux_chain:<qtdemux1> pushing in inbuf 0xdccf3200, neededbytes:144029, available:89446
03-06 09:27:49.220 22026 22340 D GStreamer+qtdemux: 0:02:46.303722645 0xdd2dbaf0 qtdemux.c:5700:gst_qtdemux_chain:<qtdemux1> pushing in inbuf 0xdd15cd18, neededbytes:144029, available:93542
03-06 09:27:49.220 22026 22340 D GStreamer+qtdemux: 0:02:46.303792592 0xdd2dbaf0 qtdemux.c:5700:gst_qtdemux_chain:<qtdemux1> pushing in inbuf 0xdc9a5b28, neededbytes:144029, available:97638
03-06 09:27:49.220 22026 22340 D GStreamer+qtdemux: 0:02:46.303997072 0xdd2dbaf0 qtdemux.c:5700:gst_qtdemux_chain:<qtdemux1> pushing in inbuf 0xdd15c958, neededbytes:144029, available:101734
03-06 09:27:49.220 22026 22340 D GStreamer+qtdemux: 0:02:46.304141707 0xdd2dbaf0 qtdemux.c:5700:gst_qtdemux_chain:<qtdemux1> pushing in inbuf 0xdcbfedc8, neededbytes:144029, available:105830
03-06 09:27:49.220 22026 22340 D GStreamer+qtdemux: 0:02:46.304304676 0xdd2dbaf0 qtdemux.c:5700:gst_qtdemux_chain:<qtdemux1> pushing in inbuf 0xdcbfff30, neededbytes:144029, available:109926
03-06 09:27:49.220 22026 22340 D GStreamer+qtdemux: 0:02:46.304421082 0xdd2dbaf0 qtdemux.c:5700:gst_qtdemux_chain:<qtdemux1> pushing in inbuf 0xdcc3e6e8, neededbytes:144029, available:114022
03-06 09:27:49.221 22026 22340 D GStreamer+qtdemux: 0:02:46.304525457 0xdd2dbaf0 qtdemux.c:5700:gst_qtdemux_chain:<qtdemux1> pushing in inbuf 0xdcc3e148, neededbytes:144029, available:118118
03-06 09:27:49.221 22026 22340 D GStreamer+qtdemux: 0:02:46.304630874 0xdd2dbaf0 qtdemux.c:5700:gst_qtdemux_chain:<qtdemux1> pushing in inbuf 0xdcc3f518, neededbytes:144029, available:122214
03-06 09:27:49.221 22026 22340 D GStreamer+qtdemux: 0:02:46.304733217 0xdd2dbaf0 qtdemux.c:5700:gst_qtdemux_chain:<qtdemux1> pushing in inbuf 0xdd6cd530, neededbytes:144029, available:126310
03-06 09:27:49.221 22026 22340 D GStreamer+qtdemux: 0:02:46.304836342 0xdd2dbaf0 qtdemux.c:5700:gst_qtdemux_chain:<qtdemux1> pushing in inbuf 0xdc979bc0, neededbytes:144029, available:130406
03-06 09:27:49.221 22026 22340 D GStreamer+qtdemux: 0:02:46.304951603 0xdd2dbaf0 qtdemux.c:5700:gst_qtdemux_chain:<qtdemux1> pushing in inbuf 0xdcc3f960, neededbytes:144029, available:134502
03-06 09:27:49.221 22026 22340 D GStreamer+qtdemux: 0:02:46.305069728 0xdd2dbaf0 qtdemux.c:5700:gst_qtdemux_chain:<qtdemux1> pushing in inbuf 0xdca79a10, neededbytes:144029, available:138598
03-06 09:27:49.221 22026 22340 D GStreamer+qtdemux: 0:02:46.305183895 0xdd2dbaf0 qtdemux.c:5700:gst_qtdemux_chain:<qtdemux1> pushing in inbuf 0xdccfede0, neededbytes:144029, available:142694
03-06 09:27:49.221 22026 22340 D GStreamer+qtdemux: 0:02:46.305300717 0xdd2dbaf0 qtdemux.c:5700:gst_qtdemux_chain:<qtdemux1> pushing in inbuf 0xdccffa30, neededbytes:144029, available:146790
03-06 09:27:49.221 22026 22340 D GStreamer+qtdemux: 0:02:46.305394311 0xdd2dbaf0 qtdemux.c:5720:gst_qtdemux_process_adapter:<qtdemux1> state:2 , demux->neededbytes:144029, demux->offset:33317570
03-06 09:27:49.221 22026 22340 D GStreamer+qtdemux: 0:02:46.305479832 0xdd2dbaf0 qtdemux.c:6067:gst_qtdemux_process_adapter:<qtdemux1> BEGIN // in MOVIE for offset 33317570
03-06 09:27:49.222 22026 22340 V GStreamer+qtdemux: 0:02:46.305573790 0xdd2dbaf0 qtdemux.c:6145:gst_qtdemux_process_adapter:<qtdemux1> Checking stream 0 (sample_index:230 / offset:33317570 / size:144029)
03-06 09:27:49.222 22026 22340 D GStreamer+qtdemux: 0:02:46.305660926 0xdd2dbaf0 qtdemux.c:6163:gst_qtdemux_process_adapter:<qtdemux1> stream : avc1
03-06 09:27:49.222 22026 22340 V GStreamer+qtdemux: 0:02:46.306233061 0xdd2dbaf0 qtdemux.c:4961:gst_qtdemux_decorate_and_push_buffer:<qtdemux1> Pushing buffer with dts 0:00:04.530800000, pts 0:00:04.530800000, duration 0:00:00.019400000 on pad video_0
03-06 09:27:49.222 22026 22340 V GStreamer+qtdemux: 0:02:46.306374728 0xdd2dbaf0 qtdemux.c:4633:gst_qtdemux_combine_flows:<qtdemux1> flow return: ok
03-06 09:27:49.222 22026 22340 V GStreamer+qtdemux: 0:02:46.306463842 0xdd2dbaf0 qtdemux.c:4641:gst_qtdemux_combine_flows:<qtdemux1> combined flow return: ok
03-06 09:27:49.223 22026 22340 V GStreamer+qtdemux: 0:02:46.306554311 0xdd2dbaf0 qtdemux.c:6219:gst_qtdemux_process_adapter:<qtdemux1> increasing offset 33317570 by 144029
03-06 09:27:49.223 22026 22340 V GStreamer+qtdemux: 0:02:46.306640926 0xdd2dbaf0 qtdemux.c:6222:gst_qtdemux_process_adapter:<qtdemux1> offset is now 33461599
03-06 09:27:49.223 22026 22340 V GStreamer+qtdemux: 0:02:46.306723947 0xdd2dbaf0 qtdemux.c:5472:next_entry_size:<qtdemux1> Finding entry at offset 33461599
03-06 09:27:49.223 22026 22232 V GStreamer+qtdemux: 0:02:46.306850613 0xdd2db980 qtdemux.c:810:gst_qtdemux_handle_src_query:<qtdemux1:video_0> position query
03-06 09:27:49.223 22026 22340 V GStreamer+qtdemux: 0:02:46.307367436 0xdd2dbaf0 qtdemux.c:7663:qtdemux_parse_samples:<qtdemux1> parsing samples for stream fourcc avc1, pad video_0
03-06 09:27:49.223 22026 22340 D GStreamer+qtdemux: 0:02:46.307470249 0xdd2dbaf0 qtdemux.c:7674:qtdemux_parse_samples:<qtdemux1> parsing up to sample 231
03-06 09:27:49.224 22026 22340 V GStreamer+qtdemux: 0:02:46.307560249 0xdd2dbaf0 qtdemux.c:7700:qtdemux_parse_samples:<qtdemux1> sample 231 has size 144286
03-06 09:27:49.224 22026 22340 V GStreamer+qtdemux: 0:02:46.307732332 0xdd2dbaf0 qtdemux.c:7824:qtdemux_parse_samples:<qtdemux1> creating entry 231 with offset 33461599 and size 144286
03-06 09:27:49.224 22026 22340 V GStreamer+qtdemux: 0:02:46.307797853 0xdd2dbaf0 qtdemux.c:7868:qtdemux_parse_samples:<qtdemux1> block 0, 1 timestamps, duration 98
03-06 09:27:49.224 22026 22340 D GStreamer+qtdemux: 0:02:46.307870145 0xdd2dbaf0 qtdemux.c:7881:qtdemux_parse_samples:<qtdemux1> sample 231: index 0, timestamp 0:00:04.550200000
03-06 09:27:49.224 22026 22340 D GStreamer+qtdemux: 0:02:46.307923113 0xdd2dbaf0 qtdemux.c:7936:qtdemux_parse_samples:<qtdemux1> samples at 231 is keyframe
03-06 09:27:49.224 22026 22340 V GStreamer+qtdemux: 0:02:46.307989572 0xdd2dbaf0 qtdemux.c:5498:next_entry_size:<qtdemux1> Checking Stream 0 (sample_index:231 / offset:33461599 / size:144286)
03-06 09:27:49.224 22026 22340 V GStreamer+qtdemux: 0:02:46.308063686 0xdd2dbaf0 qtdemux.c:5509:next_entry_size:<qtdemux1> stream 0 offset 33461599 demux->offset :33461599
03-06 09:27:49.224 22026 22340 D GStreamer+qtdemux: 0:02:46.308151967 0xdd2dbaf0 qtdemux.c:5700:gst_qtdemux_chain:<qtdemux1> pushing in inbuf 0xdcc59bc8, neededbytes:144286, available:6857
03-06 09:27:49.224 22026 22340 D GStreamer+qtdemux: 0:02:46.308222905 0xdd2dbaf0 qtdemux.c:5700:gst_qtdemux_chain:<qtdemux1> pushing in inbuf 0xdc9a5d08, neededbytes:144286, available:10953
03-06 09:27:49.224 22026 22340 D GStreamer+qtdemux: 0:02:46.308288530 0xdd2dbaf0 qtdemux.c:5700:gst_qtdemux_chain:<qtdemux1> pushing in inbuf 0xdccfe5d8, neededbytes:144286, available:15049
03-06 09:27:49.224 22026 22340 D GStreamer+qtdemux: 0:02:46.308358061 0xdd2dbaf0 qtdemux.c:5700:gst_qtdemux_chain:<qtdemux1> pushing in inbuf 0xdccfeca0, neededbytes:144286, available:19145
03-06 09:27:49.224 22026 22340 D GStreamer+qtdemux: 0:02:46.308427384 0xdd2dbaf0 qtdemux.c:5700:gst_qtdemux_chain:<qtdemux1> pushing in inbuf 0xdc9784a0, neededbytes:144286, available:23241
03-06 09:27:49.224 22026 22340 D GStreamer+qtdemux: 0:02:46.308497228 0xdd2dbaf0 qtdemux.c:5700:gst_qtdemux_chain:<qtdemux1> pushing in inbuf 0xdcbfeaa8, neededbytes:144286, available:27337
03-06 09:27:49.225 22026 22340 D GStreamer+qtdemux: 0:02:46.308576395 0xdd2dbaf0 qtdemux.c:5700:gst_qtdemux_chain:<qtdemux1> pushing in inbuf 0xdccfe2b8, neededbytes:144286, available:31433
03-06 09:27:49.225 22026 22340 D GStreamer+qtdemux: 0:02:46.308643634 0xdd2dbaf0 qtdemux.c:5700:gst_qtdemux_chain:<qtdemux1> pushing in inbuf 0xdcc3fb40, neededbytes:144286, available:35529
03-06 09:27:49.225 22026 22340 D GStreamer+qtdemux: 0:02:46.308722384 0xdd2dbaf0 qtdemux.c:5700:gst_qtdemux_chain:<qtdemux1> pushing in inbuf 0xdc9a6818, neededbytes:144286, available:39625
03-06 09:27:49.225 22026 22340 D GStreamer+qtdemux: 0:02:46.308787072 0xdd2dbaf0 qtdemux.c:5700:gst_qtdemux_chain:<qtdemux1> pushing in inbuf 0xdc978c08, neededbytes:144286, available:43721
03-06 09:27:49.225 22026 22340 D GStreamer+qtdemux: 0:02:46.308869103 0xdd2dbaf0 qtdemux.c:5700:gst_qtdemux_chain:<qtdemux1> pushing in inbuf 0xdccf3f08, neededbytes:144286, available:47817
03-06 09:27:49.225 22026 22340 D GStreamer+qtdemux: 0:02:46.308940145 0xdd2dbaf0 qtdemux.c:5700:gst_qtdemux_chain:<qtdemux1> pushing in inbuf 0xdcbfeb48, neededbytes:144286, available:51913
03-06 09:27:49.225 22026 22340 D GStreamer+qtdemux: 0:02:46.309016134 0xdd2dbaf0 qtdemux.c:5700:gst_qtdemux_chain:<qtdemux1> pushing in inbuf 0xdcc3faa0, neededbytes:144286, available:56009
03-06 09:27:49.225 22026 22340 D GStreamer+qtdemux: 0:02:46.309087124 0xdd2dbaf0 qtdemux.c:5700:gst_qtdemux_chain:<qtdemux1> pushing in inbuf 0xdcbfe2a0, neededbytes:144286, available:60105
03-06 09:27:49.225 22026 22340 D GStreamer+qtdemux: 0:02:46.309158113 0xdd2dbaf0 qtdemux.c:5700:gst_qtdemux_chain:<qtdemux1> pushing in inbuf 0xdcc59c68, neededbytes:144286, available:64201
03-06 09:27:49.225 22026 22340 D GStreamer+qtdemux: 0:02:46.309221915 0xdd2dbaf0 qtdemux.c:5700:gst_qtdemux_chain:<qtdemux1> pushing in inbuf 0xdcc3f158, neededbytes:144286, available:68297
03-06 09:27:49.225 22026 22340 D GStreamer+qtdemux: 0:02:46.309299572 0xdd2dbaf0 qtdemux.c:5700:gst_qtdemux_chain:<qtdemux1> pushing in inbuf 0xdccf33e0, neededbytes:144286, available:72393
03-06 09:27:49.225 22026 22340 D GStreamer+qtdemux: 0:02:46.309364155 0xdd2dbaf0 qtdemux.c:5700:gst_qtdemux_chain:<qtdemux1> pushing in inbuf 0xdccf30c0, neededbytes:144286, available:76489
03-06 09:27:49.225 22026 22340 D GStreamer+qtdemux: 0:02:46.309428530 0xdd2dbaf0 qtdemux.c:5700:gst_qtdemux_chain:<qtdemux1> pushing in inbuf 0xdccfeac0, neededbytes:144286, available:80585
03-06 09:27:49.225 22026 22340 D GStreamer+qtdemux: 0:02:46.309496030 0xdd2dbaf0 qtdemux.c:5700:gst_qtdemux_chain:<qtdemux1> pushing in inbuf 0xdc977828, neededbytes:144286, available:84681
03-06 09:27:49.226 22026 22340 D GStreamer+qtdemux: 0:02:46.309562853 0xdd2dbaf0 qtdemux.c:5700:gst_qtdemux_chain:<qtdemux1> pushing in inbuf 0xdc9a6a98, neededbytes:144286, available:88777
03-06 09:27:49.226 22026 22340 D GStreamer+qtdemux: 0:02:46.309635353 0xdd2dbaf0 qtdemux.c:5700:gst_qtdemux_chain:<qtdemux1> pushing in inbuf 0xdcc3eef0, neededbytes:144286, available:92873
03-06 09:27:49.226 22026 22340 D GStreamer+qtdemux: 0:02:46.309705249 0xdd2dbaf0 qtdemux.c:5700:gst_qtdemux_chain:<qtdemux1> pushing in inbuf 0xdc9a58a8, neededbytes:144286, available:96969
03-06 09:27:49.226 22026 22340 D GStreamer+qtdemux: 0:02:46.309771603 0xdd2dbaf0 qtdemux.c:5700:gst_qtdemux_chain:<qtdemux1> pushing in inbuf 0xdca79830, neededbytes:144286, available:101065
03-06 09:27:49.226 22026 22340 D GStreamer+qtdemux: 0:02:46.309851603 0xdd2dbaf0 qtdemux.c:5700:gst_qtdemux_chain:<qtdemux1> pushing in inbuf 0xdcc3f5b8, neededbytes:144286, available:105161
03-06 09:27:49.226 22026 22340 D GStreamer+qtdemux: 0:02:46.309930561 0xdd2dbaf0 qtdemux.c:5700:gst_qtdemux_chain:<qtdemux1> pushing in inbuf 0xdc9798a0, neededbytes:144286, available:109257
03-06 09:27:49.226 22026 22340 D GStreamer+qtdemux: 0:02:46.309999051 0xdd2dbaf0 qtdemux.c:5700:gst_qtdemux_chain:<qtdemux1> pushing in inbuf 0xdccfea20, neededbytes:144286, available:113353
03-06 09:27:49.226 22026 22340 D GStreamer+qtdemux: 0:02:46.310066967 0xdd2dbaf0 qtdemux.c:5700:gst_qtdemux_chain:<qtdemux1> pushing in inbuf 0xdc979060, neededbytes:144286, available:117449
03-06 09:27:49.226 22026 22340 D GStreamer+qtdemux: 0:02:46.310132332 0xdd2dbaf0 qtdemux.c:5700:gst_qtdemux_chain:<qtdemux1> pushing in inbuf 0xdca79348, neededbytes:144286, available:121545
03-06 09:27:49.226 22026 22340 D GStreamer+qtdemux: 0:02:46.310203165 0xdd2dbaf0 qtdemux.c:5700:gst_qtdemux_chain:<qtdemux1> pushing in inbuf 0xdccfe3f8, neededbytes:144286, available:125641
03-06 09:27:49.226 22026 22340 D GStreamer+qtdemux: 0:02:46.310269467 0xdd2dbaf0 qtdemux.c:5700:gst_qtdemux_chain:<qtdemux1> pushing in inbuf 0xdccf3340, neededbytes:144286, available:129737
03-06 09:27:49.226 22026 22340 D GStreamer+qtdemux: 0:02:46.310348270 0xdd2dbaf0 qtdemux.c:5700:gst_qtdemux_chain:<qtdemux1> pushing in inbuf 0xdcc515c8, neededbytes:144286, available:133833
03-06 09:27:49.226 22026 22340 D GStreamer+qtdemux: 0:02:46.310424832 0xdd2dbaf0 qtdemux.c:5700:gst_qtdemux_chain:<qtdemux1> pushing in inbuf 0xdcc3f8c0, neededbytes:144286, available:137929
03-06 09:27:49.227 22026 22340 D GStreamer+qtdemux: 0:02:46.310500717 0xdd2dbaf0 qtdemux.c:5700:gst_qtdemux_chain:<qtdemux1> pushing in inbuf 0xdcbff670, neededbytes:144286, available:142025
03-06 09:27:49.227 22026 22340 D GStreamer+qtdemux: 0:02:46.310576967 0xdd2dbaf0 qtdemux.c:5700:gst_qtdemux_chain:<qtdemux1> pushing in inbuf 0xdc9788e8, neededbytes:144286, available:146121
03-06 09:27:49.227 22026 22340 D GStreamer+qtdemux: 0:02:46.310636603 0xdd2dbaf0 qtdemux.c:5720:gst_qtdemux_process_adapter:<qtdemux1> state:2 , demux->neededbytes:144286, demux->offset:33461599
03-06 09:27:49.227 22026 22340 D GStreamer+qtdemux: 0:02:46.310692853 0xdd2dbaf0 qtdemux.c:6067:gst_qtdemux_process_adapter:<qtdemux1> BEGIN // in MOVIE for offset 33461599
03-06 09:27:49.227 22026 22340 V GStreamer+qtdemux: 0:02:46.310753217 0xdd2dbaf0 qtdemux.c:6145:gst_qtdemux_process_adapter:<qtdemux1> Checking stream 0 (sample_index:231 / offset:33461599 / size:144286)
03-06 09:27:49.227 22026 22340 D GStreamer+qtdemux: 0:02:46.310809728 0xdd2dbaf0 qtdemux.c:6163:gst_qtdemux_process_adapter:<qtdemux1> stream : avc1
03-06 09:27:49.227 22026 22340 V GStreamer+qtdemux: 0:02:46.311222749 0xdd2dbaf0 qtdemux.c:4961:gst_qtdemux_decorate_and_push_buffer:<qtdemux1> Pushing buffer with dts 0:00:04.550200000, pts 0:00:04.550200000, duration 0:00:00.019600000 on pad video_0
03-06 09:27:49.227 22026 22340 V GStreamer+qtdemux: 0:02:46.311316551 0xdd2dbaf0 qtdemux.c:4633:gst_qtdemux_combine_flows:<qtdemux1> flow return: ok
03-06 09:27:49.227 22026 22340 V GStreamer+qtdemux: 0:02:46.311376603 0xdd2dbaf0 qtdemux.c:4641:gst_qtdemux_combine_flows:<qtdemux1> combined flow return: ok
03-06 09:27:49.227 22026 22340 V GStreamer+qtdemux: 0:02:46.311437280 0xdd2dbaf0 qtdemux.c:6219:gst_qtdemux_process_adapter:<qtdemux1> increasing offset 33461599 by 144286
03-06 09:27:49.227 22026 22340 V GStreamer+qtdemux: 0:02:46.311491342 0xdd2dbaf0 qtdemux.c:6222:gst_qtdemux_process_adapter:<qtdemux1> offset is now 33605885
03-06 09:27:49.228 22026 22340 V GStreamer+qtdemux: 0:02:46.311543374 0xdd2dbaf0 qtdemux.c:5472:next_entry_size:<qtdemux1> Finding entry at offset 33605885
03-06 09:27:49.228 22026 22340 V GStreamer+qtdemux: 0:02:46.311605874 0xdd2dbaf0 qtdemux.c:7663:qtdemux_parse_samples:<qtdemux1> parsing samples for stream fourcc avc1, pad video_0
03-06 09:27:49.228 22026 22340 D GStreamer+qtdemux: 0:02:46.311663009 0xdd2dbaf0 qtdemux.c:7674:qtdemux_parse_samples:<qtdemux1> parsing up to sample 232
03-06 09:27:49.228 22026 22340 V GStreamer+qtdemux: 0:02:46.311723895 0xdd2dbaf0 qtdemux.c:7700:qtdemux_parse_samples:<qtdemux1> sample 232 has size 144393
03-06 09:27:49.228 22026 22340 V GStreamer+qtdemux: 0:02:46.311808217 0xdd2dbaf0 qtdemux.c:7824:qtdemux_parse_samples:<qtdemux1> creating entry 232 with offset 33605885 and size 144393
03-06 09:27:49.228 22026 22340 V GStreamer+qtdemux: 0:02:46.311866082 0xdd2dbaf0 qtdemux.c:7868:qtdemux_parse_samples:<qtdemux1> block 0, 4 timestamps, duration 97
03-06 09:27:49.228 22026 22340 D GStreamer+qtdemux: 0:02:46.311932488 0xdd2dbaf0 qtdemux.c:7881:qtdemux_parse_samples:<qtdemux1> sample 232: index 0, timestamp 0:00:04.569800000
03-06 09:27:49.228 22026 22340 D GStreamer+qtdemux: 0:02:46.311988738 0xdd2dbaf0 qtdemux.c:7936:qtdemux_parse_samples:<qtdemux1> samples at 232 is keyframe
03-06 09:27:49.228 22026 22340 V GStreamer+qtdemux: 0:02:46.312049728 0xdd2dbaf0 qtdemux.c:5498:next_entry_size:<qtdemux1> Checking Stream 0 (sample_index:232 / offset:33605885 / size:144393)
03-06 09:27:49.228 22026 22340 V GStreamer+qtdemux: 0:02:46.312111603 0xdd2dbaf0 qtdemux.c:5509:next_entry_size:<qtdemux1> stream 0 offset 33605885 demux->offset :33605885
03-06 09:27:49.228 22026 22340 D GStreamer+qtdemux: 0:02:46.312198322 0xdd2dbaf0 qtdemux.c:5700:gst_qtdemux_chain:<qtdemux1> pushing in inbuf 0xdcc590c0, neededbytes:144393, available:5931
03-06 09:27:49.228 22026 22340 D GStreamer+qtdemux: 0:02:46.312269467 0xdd2dbaf0 qtdemux.c:5700:gst_qtdemux_chain:<qtdemux1> pushing in inbuf 0xdccf3968, neededbytes:144393, available:10027
03-06 09:27:49.228 22026 22340 D GStreamer+qtdemux: 0:02:46.312346967 0xdd2dbaf0 qtdemux.c:5700:gst_qtdemux_chain:<qtdemux1> pushing in inbuf 0xdc9a6e58, neededbytes:144393, available:14123
03-06 09:27:49.228 22026 22340 D GStreamer+qtdemux: 0:02:46.312433478 0xdd2dbaf0 qtdemux.c:5700:gst_qtdemux_chain:<qtdemux1> pushing in inbuf 0xdccf3660, neededbytes:144393, available:18219
03-06 09:27:49.229 22026 22340 D GStreamer+qtdemux: 0:02:46.312508009 0xdd2dbaf0 qtdemux.c:5700:gst_qtdemux_chain:<qtdemux1> pushing in inbuf 0xdcc3fe60, neededbytes:144393, available:22315
03-06 09:27:49.229 22026 22340 D GStreamer+qtdemux: 0:02:46.312583113 0xdd2dbaf0 qtdemux.c:5700:gst_qtdemux_chain:<qtdemux1> pushing in inbuf 0xdccff688, neededbytes:144393, available:26411
03-06 09:27:49.229 22026 22340 D GStreamer+qtdemux: 0:02:46.312660405 0xdd2dbaf0 qtdemux.c:5700:gst_qtdemux_chain:<qtdemux1> pushing in inbuf 0xdccf3020, neededbytes:144393, available:30507
03-06 09:27:49.229 22026 22340 D GStreamer+qtdemux: 0:02:46.312732384 0xdd2dbaf0 qtdemux.c:5700:gst_qtdemux_chain:<qtdemux1> pushing in inbuf 0xdd15c9f8, neededbytes:144393, available:34603
03-06 09:27:49.229 22026 22340 D GStreamer+qtdemux: 0:02:46.312809155 0xdd2dbaf0 qtdemux.c:5700:gst_qtdemux_chain:<qtdemux1> pushing in inbuf 0xdc9a50a0, neededbytes:144393, available:38699
03-06 09:27:49.229 22026 22340 D GStreamer+qtdemux: 0:02:46.312884363 0xdd2dbaf0 qtdemux.c:5700:gst_qtdemux_chain:<qtdemux1> pushing in inbuf 0xdd15ce58, neededbytes:144393, available:42795
03-06 09:27:49.229 22026 22340 D GStreamer+qtdemux: 0:02:46.312961395 0xdd2dbaf0 qtdemux.c:5700:gst_qtdemux_chain:<qtdemux1> pushing in inbuf 0xdc9a51e0, neededbytes:144393, available:46891
03-06 09:27:49.229 22026 22340 D GStreamer+qtdemux: 0:02:46.313040301 0xdd2dbaf0 qtdemux.c:5700:gst_qtdemux_chain:<qtdemux1> pushing in inbuf 0xdc9a66f0, neededbytes:144393, available:50987
03-06 09:27:49.229 22026 22340 D GStreamer+qtdemux: 0:02:46.313111655 0xdd2dbaf0 qtdemux.c:5700:gst_qtdemux_chain:<qtdemux1> pushing in inbuf 0xdcbfe968, neededbytes:144393, available:55083
03-06 09:27:49.229 22026 22340 D GStreamer+qtdemux: 0:02:46.313181030 0xdd2dbaf0 qtdemux.c:5700:gst_qtdemux_chain:<qtdemux1> pushing in inbuf 0xdd6cd170, neededbytes:144393, available:59179
03-06 09:27:49.229 22026 22340 D GStreamer+qtdemux: 0:02:46.313250613 0xdd2dbaf0 qtdemux.c:5700:gst_qtdemux_chain:<qtdemux1> pushing in inbuf 0xdca79708, neededbytes:144393, available:63275
03-06 09:27:49.229 22026 22340 D GStreamer+qtdemux: 0:02:46.313328530 0xdd2dbaf0 qtdemux.c:5700:gst_qtdemux_chain:<qtdemux1> pushing in inbuf 0xdc977be8, neededbytes:144393, available:67371
03-06 09:27:49.229 22026 22340 D GStreamer+qtdemux: 0:02:46.313404467 0xdd2dbaf0 qtdemux.c:5700:gst_qtdemux_chain:<qtdemux1> pushing in inbuf 0xdc9791a0, neededbytes:144393, available:71467
03-06 09:27:49.229 22026 22340 D GStreamer+qtdemux: 0:02:46.313489728 0xdd2dbaf0 qtdemux.c:5700:gst_qtdemux_chain:<qtdemux1> pushing in inbuf 0xdca798d0, neededbytes:144393, available:75563
03-06 09:27:49.230 22026 22340 D GStreamer+qtdemux: 0:02:46.313575613 0xdd2dbaf0 qtdemux.c:5700:gst_qtdemux_chain:<qtdemux1> pushing in inbuf 0xdccf3be8, neededbytes:144393, available:79659
03-06 09:27:49.230 22026 22340 D GStreamer+qtdemux: 0:02:46.313651603 0xdd2dbaf0 qtdemux.c:5700:gst_qtdemux_chain:<qtdemux1> pushing in inbuf 0xdcc3f3d8, neededbytes:144393, available:83755
03-06 09:27:49.230 22026 22340 D GStreamer+qtdemux: 0:02:46.313727905 0xdd2dbaf0 qtdemux.c:5700:gst_qtdemux_chain:<qtdemux1> pushing in inbuf 0xdc9a5e48, neededbytes:144393, available:87851
03-06 09:27:49.230 22026 22340 D GStreamer+qtdemux: 0:02:46.313813426 0xdd2dbaf0 qtdemux.c:5700:gst_qtdemux_chain:<qtdemux1> pushing in inbuf 0xdccf3480, neededbytes:144393, available:91947
03-06 09:27:49.230 22026 22340 D GStreamer+qtdemux: 0:02:46.313887124 0xdd2dbaf0 qtdemux.c:5700:gst_qtdemux_chain:<qtdemux1> pushing in inbuf 0xdc978680, neededbytes:144393, available:96043
03-06 09:27:49.230 22026 22340 D GStreamer+qtdemux: 0:02:46.313963165 0xdd2dbaf0 qtdemux.c:5700:gst_qtdemux_chain:<qtdemux1> pushing in inbuf 0xdc979b20, neededbytes:144393, available:100139
03-06 09:27:49.230 22026 22340 D GStreamer+qtdemux: 0:02:46.314038113 0xdd2dbaf0 qtdemux.c:5700:gst_qtdemux_chain:<qtdemux1> pushing in inbuf 0xdcbfed28, neededbytes:144393, available:104235
03-06 09:27:49.230 22026 22340 D GStreamer+qtdemux: 0:02:46.314113686 0xdd2dbaf0 qtdemux.c:5700:gst_qtdemux_chain:<qtdemux1> pushing in inbuf 0xdcc3f1f8, neededbytes:144393, available:108331
03-06 09:27:49.230 22026 22340 D GStreamer+qtdemux: 0:02:46.314200092 0xdd2dbaf0 qtdemux.c:5700:gst_qtdemux_chain:<qtdemux1> pushing in inbuf 0xdc979240, neededbytes:144393, available:112427
03-06 09:27:49.230 22026 22340 D GStreamer+qtdemux: 0:02:46.314285145 0xdd2dbaf0 qtdemux.c:5700:gst_qtdemux_chain:<qtdemux1> pushing in inbuf 0xdccfeb60, neededbytes:144393, available:116523
03-06 09:27:49.230 22026 22340 D GStreamer+qtdemux: 0:02:46.314363634 0xdd2dbaf0 qtdemux.c:5700:gst_qtdemux_chain:<qtdemux1> pushing in inbuf 0xdcc51348, neededbytes:144393, available:120619
03-06 09:27:49.230 22026 22340 D GStreamer+qtdemux: 0:02:46.314445665 0xdd2dbaf0 qtdemux.c:5700:gst_qtdemux_chain:<qtdemux1> pushing in inbuf 0xdc9a6db8, neededbytes:144393, available:124715
03-06 09:27:49.231 22026 22340 D GStreamer+qtdemux: 0:02:46.314515197 0xdd2dbaf0 qtdemux.c:5700:gst_qtdemux_chain:<qtdemux1> pushing in inbuf 0xdc9a6470, neededbytes:144393, available:128811
03-06 09:27:49.231 22026 22340 D GStreamer+qtdemux: 0:02:46.314599155 0xdd2dbaf0 qtdemux.c:5700:gst_qtdemux_chain:<qtdemux1> pushing in inbuf 0xdc979e40, neededbytes:144393, available:132907
03-06 09:27:49.231 22026 22340 D GStreamer+qtdemux: 0:02:46.314665978 0xdd2dbaf0 qtdemux.c:5700:gst_qtdemux_chain:<qtdemux1> pushing in inbuf 0xdd15ca98, neededbytes:144393, available:137003
03-06 09:27:49.231 22026 22340 D GStreamer+qtdemux: 0:02:46.314734676 0xdd2dbaf0 qtdemux.c:5700:gst_qtdemux_chain:<qtdemux1> pushing in inbuf 0xdc979560, neededbytes:144393, available:141099
03-06 09:27:49.231 22026 22340 D GStreamer+qtdemux: 0:02:46.314804259 0xdd2dbaf0 qtdemux.c:5700:gst_qtdemux_chain:<qtdemux1> pushing in inbuf 0xdcbfef08, neededbytes:144393, available:145195
03-06 09:27:49.231 22026 22340 D GStreamer+qtdemux: 0:02:46.314866967 0xdd2dbaf0 qtdemux.c:5720:gst_qtdemux_process_adapter:<qtdemux1> state:2 , demux->neededbytes:144393, demux->offset:33605885
03-06 09:27:49.231 22026 22340 D GStreamer+qtdemux: 0:02:46.314925457 0xdd2dbaf0 qtdemux.c:6067:gst_qtdemux_process_adapter:<qtdemux1> BEGIN // in MOVIE for offset 33605885
03-06 09:27:49.231 22026 22340 V GStreamer+qtdemux: 0:02:46.314998738 0xdd2dbaf0 qtdemux.c:6145:gst_qtdemux_process_adapter:<qtdemux1> Checking stream 0 (sample_index:232 / offset:33605885 / size:144393)
03-06 09:27:49.231 22026 22340 D GStreamer+qtdemux: 0:02:46.315060717 0xdd2dbaf0 qtdemux.c:6163:gst_qtdemux_process_adapter:<qtdemux1> stream : avc1
03-06 09:27:49.231 22026 22340 V GStreamer+qtdemux: 0:02:46.315399155 0xdd2dbaf0 qtdemux.c:4961:gst_qtdemux_decorate_and_push_buffer:<qtdemux1> Pushing buffer with dts 0:00:04.569800000, pts 0:00:04.569800000, duration 0:00:00.019400000 on pad video_0
03-06 09:27:49.242 22026 22232 V GStreamer+qtdemux: 0:02:46.325651447 0xdd2db980 qtdemux.c:810:gst_qtdemux_handle_src_query:<qtdemux1:video_0> position query
03-06 09:27:49.243 22026 22340 V GStreamer+qtdemux: 0:02:46.326622801 0xdd2dbaf0 qtdemux.c:4633:gst_qtdemux_combine_flows:<qtdemux1> flow return: ok
03-06 09:27:49.243 22026 22340 V GStreamer+qtdemux: 0:02:46.326691655 0xdd2dbaf0 qtdemux.c:4641:gst_qtdemux_combine_flows:<qtdemux1> combined flow return: ok
03-06 09:27:49.243 22026 22340 V GStreamer+qtdemux: 0:02:46.326753842 0xdd2dbaf0 qtdemux.c:6219:gst_qtdemux_process_adapter:<qtdemux1> increasing offset 33605885 by 144393
03-06 09:27:49.243 22026 22340 V GStreamer+qtdemux: 0:02:46.326808686 0xdd2dbaf0 qtdemux.c:6222:gst_qtdemux_process_adapter:<qtdemux1> offset is now 33750278
03-06 09:27:49.243 22026 22340 V GStreamer+qtdemux: 0:02:46.326861967 0xdd2dbaf0 qtdemux.c:5472:next_entry_size:<qtdemux1> Finding entry at offset 33750278
03-06 09:27:49.243 22026 22340 V GStreamer+qtdemux: 0:02:46.326929520 0xdd2dbaf0 qtdemux.c:7663:qtdemux_parse_samples:<qtdemux1> parsing samples for stream fourcc avc1, pad video_0
03-06 09:27:49.243 22026 22340 D GStreamer+qtdemux: 0:02:46.326989988 0xdd2dbaf0 qtdemux.c:7674:qtdemux_parse_samples:<qtdemux1> parsing up to sample 233
03-06 09:27:49.243 22026 22342 I GStreamer+baseparse: 0:02:46.327016342 0xd73ffa90 gstbaseparse.c:3945:gst_base_parse_set_latency:<h264parse1> min/max latency 0:00:00.019480519, 0:00:00.019480519
03-06 09:27:49.243 22026 22340 V GStreamer+qtdemux: 0:02:46.327049780 0xdd2dbaf0 qtdemux.c:7700:qtdemux_parse_samples:<qtdemux1> sample 233 has size 144322
03-06 09:27:49.243 22026 22340 V GStreamer+qtdemux: 0:02:46.327128842 0xdd2dbaf0 qtdemux.c:7824:qtdemux_parse_samples:<qtdemux1> creating entry 233 with offset 33750278 and size 144322
03-06 09:27:49.243 22026 22340 D GStreamer+qtdemux: 0:02:46.327206707 0xdd2dbaf0 qtdemux.c:7881:qtdemux_parse_samples:<qtdemux1> sample 233: index 1, timestamp 0:00:04.589200000
03-06 09:27:49.243 22026 22340 D GStreamer+qtdemux: 0:02:46.327265717 0xdd2dbaf0 qtdemux.c:7936:qtdemux_parse_samples:<qtdemux1> samples at 233 is keyframe
03-06 09:27:49.243 22026 22340 V GStreamer+qtdemux: 0:02:46.327328217 0xdd2dbaf0 qtdemux.c:5498:next_entry_size:<qtdemux1> Checking Stream 0 (sample_index:233 / offset:33750278 / size:144322)
03-06 09:27:49.243 22026 22340 V GStreamer+qtdemux: 0:02:46.327394988 0xdd2dbaf0 qtdemux.c:5509:next_entry_size:<qtdemux1> stream 0 offset 33750278 demux->offset :33750278
03-06 09:27:49.244 22026 22340 D GStreamer+qtdemux: 0:02:46.327501551 0xdd2dbaf0 qtdemux.c:5700:gst_qtdemux_chain:<qtdemux1> pushing in inbuf 0xdcc51208, neededbytes:144322, available:4898
03-06 09:27:49.244 22026 22340 D GStreamer+qtdemux: 0:02:46.327712801 0xdd2dbaf0 qtdemux.c:5700:gst_qtdemux_chain:<qtdemux1> pushing in inbuf 0xdcc512a8, neededbytes:144322, available:8994
03-06 09:27:49.244 22026 22340 D GStreamer+qtdemux: 0:02:46.327800926 0xdd2dbaf0 qtdemux.c:5700:gst_qtdemux_chain:<qtdemux1> pushing in inbuf 0xdc9a6bd8, neededbytes:144322, available:13090
03-06 09:27:49.244 22026 22340 D GStreamer+qtdemux: 0:02:46.327869311 0xdd2dbaf0 qtdemux.c:5700:gst_qtdemux_chain:<qtdemux1> pushing in inbuf 0xdc9a5000, neededbytes:144322, available:17186
03-06 09:27:49.244 22026 22340 D GStreamer+qtdemux: 0:02:46.327937488 0xdd2dbaf0 qtdemux.c:5700:gst_qtdemux_chain:<qtdemux1> pushing in inbuf 0xdcc3e328, neededbytes:144322, available:21282
03-06 09:27:49.244 22026 22340 D GStreamer+qtdemux: 0:02:46.328005822 0xdd2dbaf0 qtdemux.c:5700:gst_qtdemux_chain:<qtdemux1> pushing in inbuf 0xdcc3ed10, neededbytes:144322, available:25378
03-06 09:27:49.244 22026 22340 D GStreamer+qtdemux: 0:02:46.328089520 0xdd2dbaf0 qtdemux.c:5700:gst_qtdemux_chain:<qtdemux1> pushing in inbuf 0xdc978ca8, neededbytes:144322, available:29474
03-06 09:27:49.244 22026 22340 D GStreamer+qtdemux: 0:02:46.328169259 0xdd2dbaf0 qtdemux.c:5700:gst_qtdemux_chain:<qtdemux1> pushing in inbuf 0xdc979da0, neededbytes:144322, available:33570
03-06 09:27:49.244 22026 22340 D GStreamer+qtdemux: 0:02:46.328251030 0xdd2dbaf0 qtdemux.c:5700:gst_qtdemux_chain:<qtdemux1> pushing in inbuf 0xdc978ac8, neededbytes:144322, available:37666
03-06 09:27:49.244 22026 22340 D GStreamer+qtdemux: 0:02:46.328342072 0xdd2dbaf0 qtdemux.c:5700:gst_qtdemux_chain:<qtdemux1> pushing in inbuf 0xdcc51f00, neededbytes:144322, available:41762
03-06 09:27:49.244 22026 22340 D GStreamer+qtdemux: 0:02:46.328423009 0xdd2dbaf0 qtdemux.c:5700:gst_qtdemux_chain:<qtdemux1> pushing in inbuf 0xdcc3ee50, neededbytes:144322, available:45858
03-06 09:27:49.245 22026 22340 D GStreamer+qtdemux: 0:02:46.328517332 0xdd2dbaf0 qtdemux.c:5700:gst_qtdemux_chain:<qtdemux1> pushing in inbuf 0xdc9a5bc8, neededbytes:144322, available:49954
03-06 09:27:49.245 22026 22340 D GStreamer+qtdemux: 0:02:46.328608530 0xdd2dbaf0 qtdemux.c:5700:gst_qtdemux_chain:<qtdemux1> pushing in inbuf 0xdc979d00, neededbytes:144322, available:54050
03-06 09:27:49.245 22026 22340 D GStreamer+qtdemux: 0:02:46.328689363 0xdd2dbaf0 qtdemux.c:5700:gst_qtdemux_chain:<qtdemux1> pushing in inbuf 0xdc9a56e0, neededbytes:144322, available:58146
03-06 09:27:49.245 22026 22340 D GStreamer+qtdemux: 0:02:46.328768582 0xdd2dbaf0 qtdemux.c:5700:gst_qtdemux_chain:<qtdemux1> pushing in inbuf 0xdca79f10, neededbytes:144322, available:62242
03-06 09:27:49.245 22026 22340 D GStreamer+qtdemux: 0:02:46.328845353 0xdd2dbaf0 qtdemux.c:5700:gst_qtdemux_chain:<qtdemux1> pushing in inbuf 0xdcc3e008, neededbytes:144322, available:66338
03-06 09:27:49.245 22026 22340 D GStreamer+qtdemux: 0:02:46.328923686 0xdd2dbaf0 qtdemux.c:5700:gst_qtdemux_chain:<qtdemux1> pushing in inbuf 0xdc977dc8, neededbytes:144322, available:70434
03-06 09:27:49.245 22026 22340 D GStreamer+qtdemux: 0:02:46.329009520 0xdd2dbaf0 qtdemux.c:5700:gst_qtdemux_chain:<qtdemux1> pushing in inbuf 0xdcc51dc0, neededbytes:144322, available:74530
03-06 09:27:49.245 22026 22340 D GStreamer+qtdemux: 0:02:46.329084624 0xdd2dbaf0 qtdemux.c:5700:gst_qtdemux_chain:<qtdemux1> pushing in inbuf 0xdcc51aa0, neededbytes:144322, available:78626
03-06 09:27:49.245 22026 22340 D GStreamer+qtdemux: 0:02:46.329158947 0xdd2dbaf0 qtdemux.c:5700:gst_qtdemux_chain:<qtdemux1> pushing in inbuf 0xdccff990, neededbytes:144322, available:82722
03-06 09:27:49.245 22026 22340 D GStreamer+qtdemux: 0:02:46.329234051 0xdd2dbaf0 qtdemux.c:5700:gst_qtdemux_chain:<qtdemux1> pushing in inbuf 0xdcc513e8, neededbytes:144322, available:86818
03-06 09:27:49.245 22026 22340 D GStreamer+qtdemux: 0:02:46.329309363 0xdd2dbaf0 qtdemux.c:5700:gst_qtdemux_chain:<qtdemux1> pushing in inbuf 0xdc9a65b0, neededbytes:144322, available:90914
03-06 09:27:49.245 22026 22340 D GStreamer+qtdemux: 0:02:46.329395040 0xdd2dbaf0 qtdemux.c:5700:gst_qtdemux_chain:<qtdemux1> pushing in inbuf 0xdc9778c8, neededbytes:144322, available:95010
03-06 09:27:49.245 22026 22340 D GStreamer+qtdemux: 0:02:46.329478009 0xdd2dbaf0 qtdemux.c:5700:gst_qtdemux_chain:<qtdemux1> pushing in inbuf 0xdc9a6958, neededbytes:144322, available:99106
03-06 09:27:49.246 22026 22340 D GStreamer+qtdemux: 0:02:46.329553165 0xdd2dbaf0 qtdemux.c:5700:gst_qtdemux_chain:<qtdemux1> pushing in inbuf 0xdccffb70, neededbytes:144322, available:103202
03-06 09:27:49.246 22026 22340 D GStreamer+qtdemux: 0:02:46.329628999 0xdd2dbaf0 qtdemux.c:5700:gst_qtdemux_chain:<qtdemux1> pushing in inbuf 0xdc978e88, neededbytes:144322, available:107298
03-06 09:27:49.246 22026 22340 D GStreamer+qtdemux: 0:02:46.329705249 0xdd2dbaf0 qtdemux.c:5700:gst_qtdemux_chain:<qtdemux1> pushing in inbuf 0xdcbff210, neededbytes:144322, available:111394
03-06 09:27:49.246 22026 22340 D GStreamer+qtdemux: 0:02:46.329782384 0xdd2dbaf0 qtdemux.c:5700:gst_qtdemux_chain:<qtdemux1> pushing in inbuf 0xdccfff30, neededbytes:144322, available:115490
03-06 09:27:49.246 22026 22340 D GStreamer+qtdemux: 0:02:46.329859207 0xdd2dbaf0 qtdemux.c:5700:gst_qtdemux_chain:<qtdemux1> pushing in inbuf 0xdcbffc10, neededbytes:144322, available:119586
03-06 09:27:49.246 22026 22340 D GStreamer+qtdemux: 0:02:46.329940092 0xdd2dbaf0 qtdemux.c:5700:gst_qtdemux_chain:<qtdemux1> pushing in inbuf 0xdcc59da8, neededbytes:144322, available:123682
03-06 09:27:49.246 22026 22340 D GStreamer+qtdemux: 0:02:46.330019676 0xdd2dbaf0 qtdemux.c:5700:gst_qtdemux_chain:<qtdemux1> pushing in inbuf 0xdcc3e288, neededbytes:144322, available:127778
03-06 09:27:49.246 22026 22340 D GStreamer+qtdemux: 0:02:46.330090301 0xdd2dbaf0 qtdemux.c:5700:gst_qtdemux_chain:<qtdemux1> pushing in inbuf 0xdc979380, neededbytes:144322, available:131874
03-06 09:27:49.246 22026 22340 D GStreamer+qtdemux: 0:02:46.330260457 0xdd2dbaf0 qtdemux.c:5700:gst_qtdemux_chain:<qtdemux1> pushing in inbuf 0xdd6cd490, neededbytes:144322, available:135970
03-06 09:27:49.246 22026 22340 D GStreamer+qtdemux: 0:02:46.330364884 0xdd2dbaf0 qtdemux.c:5700:gst_qtdemux_chain:<qtdemux1> pushing in inbuf 0xdcc51e60, neededbytes:144322, available:140066
03-06 09:27:49.246 22026 22340 D GStreamer+qtdemux: 0:02:46.330467853 0xdd2dbaf0 qtdemux.c:5700:gst_qtdemux_chain:<qtdemux1> pushing in inbuf 0xdcc59b28, neededbytes:144322, available:144162
03-06 09:27:49.247 22026 22340 D GStreamer+qtdemux: 0:02:46.330575770 0xdd2dbaf0 qtdemux.c:5700:gst_qtdemux_chain:<qtdemux1> pushing in inbuf 0xdccffcb0, neededbytes:144322, available:148258
03-06 09:27:49.247 22026 22340 D GStreamer+qtdemux: 0:02:46.330657749 0xdd2dbaf0 qtdemux.c:5720:gst_qtdemux_process_adapter:<qtdemux1> state:2 , demux->neededbytes:144322, demux->offset:33750278
03-06 09:27:49.247 22026 22340 D GStreamer+qtdemux: 0:02:46.330736290 0xdd2dbaf0 qtdemux.c:6067:gst_qtdemux_process_adapter:<qtdemux1> BEGIN // in MOVIE for offset 33750278
03-06 09:27:49.247 22026 22340 V GStreamer+qtdemux: 0:02:46.330820822 0xdd2dbaf0 qtdemux.c:6145:gst_qtdemux_process_adapter:<qtdemux1> Checking stream 0 (sample_index:233 / offset:33750278 / size:144322)
03-06 09:27:49.247 22026 22340 D GStreamer+qtdemux: 0:02:46.330897697 0xdd2dbaf0 qtdemux.c:6163:gst_qtdemux_process_adapter:<qtdemux1> stream : avc1
03-06 09:27:49.247 22026 22340 V GStreamer+qtdemux: 0:02:46.331291915 0xdd2dbaf0 qtdemux.c:4961:gst_qtdemux_decorate_and_push_buffer:<qtdemux1> Pushing buffer with dts 0:00:04.589200000, pts 0:00:04.589200000, duration 0:00:00.019400000 on pad video_0
03-06 09:27:49.261 22026 22232 V GStreamer+qtdemux: 0:02:46.345188530 0xdd2db980 qtdemux.c:810:gst_qtdemux_handle_src_query:<qtdemux1:video_0> position query
03-06 09:27:49.281 22026 22232 V GStreamer+qtdemux: 0:02:46.364620770 0xdd2db980 qtdemux.c:810:gst_qtdemux_handle_src_query:<qtdemux1:video_0> position query
03-06 09:27:49.281 22026 22340 V GStreamer+qtdemux: 0:02:46.365115665 0xdd2dbaf0 qtdemux.c:4633:gst_qtdemux_combine_flows:<qtdemux1> flow return: ok
03-06 09:27:49.281 22026 22340 V GStreamer+qtdemux: 0:02:46.365214624 0xdd2dbaf0 qtdemux.c:4641:gst_qtdemux_combine_flows:<qtdemux1> combined flow return: ok
03-06 09:27:49.281 22026 22340 V GStreamer+qtdemux: 0:02:46.365311759 0xdd2dbaf0 qtdemux.c:6219:gst_qtdemux_process_adapter:<qtdemux1> increasing offset 33750278 by 144322
03-06 09:27:49.281 22026 22340 V GStreamer+qtdemux: 0:02:46.365405822 0xdd2dbaf0 qtdemux.c:6222:gst_qtdemux_process_adapter:<qtdemux1> offset is now 33894600
03-06 09:27:49.281 22026 22340 V GStreamer+qtdemux: 0:02:46.365488061 0xdd2dbaf0 qtdemux.c:5472:next_entry_size:<qtdemux1> Finding entry at offset 33894600
03-06 09:27:49.282 22026 22342 I GStreamer+baseparse: 0:02:46.365592957 0xd73ffa90 gstbaseparse.c:3945:gst_base_parse_set_latency:<h264parse1> min/max latency 0:00:00.019480519, 0:00:00.019480519
03-06 09:27:49.282 22026 22340 V GStreamer+qtdemux: 0:02:46.365629363 0xdd2dbaf0 qtdemux.c:7663:qtdemux_parse_samples:<qtdemux1> parsing samples for stream fourcc avc1, pad video_0
03-06 09:27:49.282 22026 22340 D GStreamer+qtdemux: 0:02:46.365720874 0xdd2dbaf0 qtdemux.c:7674:qtdemux_parse_samples:<qtdemux1> parsing up to sample 234
03-06 09:27:49.282 22026 22340 V GStreamer+qtdemux: 0:02:46.365798686 0xdd2dbaf0 qtdemux.c:7700:qtdemux_parse_samples:<qtdemux1> sample 234 has size 144149
03-06 09:27:49.282 22026 22340 V GStreamer+qtdemux: 0:02:46.365880145 0xdd2dbaf0 qtdemux.c:7824:qtdemux_parse_samples:<qtdemux1> creating entry 234 with offset 33894600 and size 144149
03-06 09:27:49.282 22026 22340 D GStreamer+qtdemux: 0:02:46.365967801 0xdd2dbaf0 qtdemux.c:7881:qtdemux_parse_samples:<qtdemux1> sample 234: index 2, timestamp 0:00:04.608600000
03-06 09:27:49.282 22026 22340 D GStreamer+qtdemux: 0:02:46.366044103 0xdd2dbaf0 qtdemux.c:7936:qtdemux_parse_samples:<qtdemux1> samples at 234 is keyframe
03-06 09:27:49.282 22026 22340 V GStreamer+qtdemux: 0:02:46.366127176 0xdd2dbaf0 qtdemux.c:5498:next_entry_size:<qtdemux1> Checking Stream 0 (sample_index:234 / offset:33894600 / size:144149)
03-06 09:27:49.282 22026 22340 V GStreamer+qtdemux: 0:02:46.366208634 0xdd2dbaf0 qtdemux.c:5509:next_entry_size:<qtdemux1> stream 0 offset 33894600 demux->offset :33894600
03-06 09:27:49.282 22026 22340 D GStreamer+qtdemux: 0:02:46.366323269 0xdd2dbaf0 qtdemux.c:5700:gst_qtdemux_chain:<qtdemux1> pushing in inbuf 0xdcc3fbe0, neededbytes:144149, available:8032
03-06 09:27:49.282 22026 22340 D GStreamer+qtdemux: 0:02:46.366425301 0xdd2dbaf0 qtdemux.c:5700:gst_qtdemux_chain:<qtdemux1> pushing in inbuf 0xdcbff5d0, neededbytes:144149, available:12128
03-06 09:27:49.283 22026 22340 D GStreamer+qtdemux: 0:02:46.366535926 0xdd2dbaf0 qtdemux.c:5700:gst_qtdemux_chain:<qtdemux1> pushing in inbuf 0xdcc59948, neededbytes:144149, available:16224
03-06 09:27:49.283 22026 22340 D GStreamer+qtdemux: 0:02:46.366641655 0xdd2dbaf0 qtdemux.c:5700:gst_qtdemux_chain:<qtdemux1> pushing in inbuf 0xdcc3ff00, neededbytes:144149, available:20320
03-06 09:27:49.283 22026 22340 D GStreamer+qtdemux: 0:02:46.366756707 0xdd2dbaf0 qtdemux.c:5700:gst_qtdemux_chain:<qtdemux1> pushing in inbuf 0xdc978f28, neededbytes:144149, available:24416
03-06 09:27:49.283 22026 22340 D GStreamer+qtdemux: 0:02:46.366874103 0xdd2dbaf0 qtdemux.c:5700:gst_qtdemux_chain:<qtdemux1> pushing in inbuf 0xdccfe218, neededbytes:144149, available:28512
03-06 09:27:49.283 22026 22340 D GStreamer+qtdemux: 0:02:46.367001707 0xdd2dbaf0 qtdemux.c:5700:gst_qtdemux_chain:<qtdemux1> pushing in inbuf 0xdcc59340, neededbytes:144149, available:32608
03-06 09:27:49.283 22026 22340 D GStreamer+qtdemux: 0:02:46.367124207 0xdd2dbaf0 qtdemux.c:5700:gst_qtdemux_chain:<qtdemux1> pushing in inbuf 0xdc978988, neededbytes:144149, available:36704
03-06 09:27:49.283 22026 22342 I GStreamer+baseparse: 0:02:46.367203217 0xd73ffa90 gstbaseparse.c:3945:gst_base_parse_set_latency:<h264parse1> min/max latency 0:00:00.019480519, 0:00:00.019480519
03-06 09:27:49.283 22026 22340 D GStreamer+qtdemux: 0:02:46.367243738 0xdd2dbaf0 qtdemux.c:5700:gst_qtdemux_chain:<qtdemux1> pushing in inbuf 0xdcbfe828, neededbytes:144149, available:40800
03-06 09:27:49.283 22026 22340 D GStreamer+qtdemux: 0:02:46.367382124 0xdd2dbaf0 qtdemux.c:5700:gst_qtdemux_chain:<qtdemux1> pushing in inbuf 0xdccf3b48, neededbytes:144149, available:44896
03-06 09:27:49.283 22026 22340 D GStreamer+qtdemux: 0:02:46.367487176 0xdd2dbaf0 qtdemux.c:5700:gst_qtdemux_chain:<qtdemux1> pushing in inbuf 0xdc977a08, neededbytes:144149, available:48992
03-06 09:27:49.284 22026 22340 D GStreamer+qtdemux: 0:02:46.367651134 0xdd2dbaf0 qtdemux.c:5700:gst_qtdemux_chain:<qtdemux1> pushing in inbuf 0xdca79668, neededbytes:144149, available:53088
03-06 09:27:49.284 22026 22340 D GStreamer+qtdemux: 0:02:46.367765353 0xdd2dbaf0 qtdemux.c:5700:gst_qtdemux_chain:<qtdemux1> pushing in inbuf 0xdca79528, neededbytes:144149, available:57184
