03-06 09:27:50.256 22026 22340 D GStreamer+qtdemux: 0:02:47.340168842 0xdd2dbaf0 qtdemux.c:5700:gst_qtdemux_chain:<qtdemux1> pushing in inbuf 0xdc978540, neededbytes:143762, available:146970
03-06 09:27:50.256 22026 22340 D GStreamer+qtdemux: 0:02:47.340333998 0xdd2dbaf0 qtdemux.c:5720:gst_qtdemux_process_adapter:<qtdemux1> state:2 , demux->neededbytes:143762, demux->offset:41546254
03-06 09:27:50.257 22026 22340 D GStreamer+qtdemux: 0:02:47.340483998 0xdd2dbaf0 qtdemux.c:6067:gst_qtdemux_process_adapter:<qtdemux1> BEGIN // in MOVIE for offset 41546254
03-06 09:27:50.257 22026 22340 V GStreamer+qtdemux: 0:02:47.340669675 0xdd2dbaf0 qtdemux.c:6145:gst_qtdemux_process_adapter:<qtdemux1> Checking stream 0 (sample_index:287 / offset:41546254 / size:143762)
03-06 09:27:50.257 22026 22340 D GStreamer+qtdemux: 0:02:47.340833946 0xdd2dbaf0 qtdemux.c:6163:gst_qtdemux_process_adapter:<qtdemux1> stream : avc1
03-06 09:27:50.258 22026 22340 V GStreamer+qtdemux: 0:02:47.342235457 0xdd2dbaf0 qtdemux.c:4961:gst_qtdemux_decorate_and_push_buffer:<qtdemux1> Pushing buffer with dts 0:00:05.639200000, pts 0:00:05.639200000, duration 0:00:00.019400000 on pad video_0
03-06 09:27:50.266 22026 22337 W GStreamer+amcvideodec: 0:02:47.350056915 0xd73ffe60 gstamcvideodec.c:1165:_amc_gl_wait gl_sync 0xdcd44420 could not wait for frame, took too long
03-06 09:27:50.272 22026 22232 V GStreamer+qtdemux: 0:02:47.356476446 0xdd2db980 qtdemux.c:810:gst_qtdemux_handle_src_query:<qtdemux1:video_0> position query
03-06 09:27:50.273 22026 22340 V GStreamer+qtdemux: 0:02:47.357384467 0xdd2dbaf0 qtdemux.c:4633:gst_qtdemux_combine_flows:<qtdemux1> flow return: ok
03-06 09:27:50.274 22026 22340 V GStreamer+qtdemux: 0:02:47.357548946 0xdd2dbaf0 qtdemux.c:4641:gst_qtdemux_combine_flows:<qtdemux1> combined flow return: ok
03-06 09:27:50.274 22026 22340 V GStreamer+qtdemux: 0:02:47.357754415 0xdd2dbaf0 qtdemux.c:6219:gst_qtdemux_process_adapter:<qtdemux1> increasing offset 41546254 by 143762
03-06 09:27:50.274 22026 22342 I GStreamer+baseparse: 0:02:47.357823582 0xd73ffa90 gstbaseparse.c:3945:gst_base_parse_set_latency:<h264parse1> min/max latency 0:00:00.019480519, 0:00:00.019480519
03-06 09:27:50.274 22026 22340 V GStreamer+qtdemux: 0:02:47.357842800 0xdd2dbaf0 qtdemux.c:6222:gst_qtdemux_process_adapter:<qtdemux1> offset is now 41690016
03-06 09:27:50.274 22026 22340 V GStreamer+qtdemux: 0:02:47.357927852 0xdd2dbaf0 qtdemux.c:5472:next_entry_size:<qtdemux1> Finding entry at offset 41690016
03-06 09:27:50.274 22026 22340 V GStreamer+qtdemux: 0:02:47.358021759 0xdd2dbaf0 qtdemux.c:7663:qtdemux_parse_samples:<qtdemux1> parsing samples for stream fourcc avc1, pad video_0
03-06 09:27:50.274 22026 22340 D GStreamer+qtdemux: 0:02:47.358109363 0xdd2dbaf0 qtdemux.c:7674:qtdemux_parse_samples:<qtdemux1> parsing up to sample 288
03-06 09:27:50.274 22026 22340 V GStreamer+qtdemux: 0:02:47.358198998 0xdd2dbaf0 qtdemux.c:7700:qtdemux_parse_samples:<qtdemux1> sample 288 has size 144614
03-06 09:27:50.274 22026 22340 V GStreamer+qtdemux: 0:02:47.358294675 0xdd2dbaf0 qtdemux.c:7824:qtdemux_parse_samples:<qtdemux1> creating entry 288 with offset 41690016 and size 144614
03-06 09:27:50.274 22026 22340 D GStreamer+qtdemux: 0:02:47.358397644 0xdd2dbaf0 qtdemux.c:7881:qtdemux_parse_samples:<qtdemux1> sample 288: index 2, timestamp 0:00:05.658600000
03-06 09:27:50.275 22026 22340 D GStreamer+qtdemux: 0:02:47.358492540 0xdd2dbaf0 qtdemux.c:7936:qtdemux_parse_samples:<qtdemux1> samples at 288 is keyframe
03-06 09:27:50.275 22026 22340 V GStreamer+qtdemux: 0:02:47.358587540 0xdd2dbaf0 qtdemux.c:5498:next_entry_size:<qtdemux1> Checking Stream 0 (sample_index:288 / offset:41690016 / size:144614)
03-06 09:27:50.275 22026 22340 V GStreamer+qtdemux: 0:02:47.358683061 0xdd2dbaf0 qtdemux.c:5509:next_entry_size:<qtdemux1> stream 0 offset 41690016 demux->offset :41690016
03-06 09:27:50.275 22026 22340 D GStreamer+qtdemux: 0:02:47.358833634 0xdd2dbaf0 qtdemux.c:5700:gst_qtdemux_chain:<qtdemux1> pushing in inbuf 0xdccf3020, neededbytes:144614, available:7304
03-06 09:27:50.275 22026 22340 D GStreamer+qtdemux: 0:02:47.358960821 0xdd2dbaf0 qtdemux.c:5700:gst_qtdemux_chain:<qtdemux1> pushing in inbuf 0xdd15c9f8, neededbytes:144614, available:11400
03-06 09:27:50.275 22026 22340 D GStreamer+qtdemux: 0:02:47.359075717 0xdd2dbaf0 qtdemux.c:5700:gst_qtdemux_chain:<qtdemux1> pushing in inbuf 0xdcbfee68, neededbytes:144614, available:15496
03-06 09:27:50.275 22026 22340 D GStreamer+qtdemux: 0:02:47.359190405 0xdd2dbaf0 qtdemux.c:5700:gst_qtdemux_chain:<qtdemux1> pushing in inbuf 0xdcbff350, neededbytes:144614, available:19592
03-06 09:27:50.275 22026 22340 D GStreamer+qtdemux: 0:02:47.359302748 0xdd2dbaf0 qtdemux.c:5700:gst_qtdemux_chain:<qtdemux1> pushing in inbuf 0xdcbfe3e0, neededbytes:144614, available:23688
03-06 09:27:50.275 22026 22340 D GStreamer+qtdemux: 0:02:47.359415457 0xdd2dbaf0 qtdemux.c:5700:gst_qtdemux_chain:<qtdemux1> pushing in inbuf 0xdcc3e508, neededbytes:144614, available:27784
03-06 09:27:50.276 22026 22340 D GStreamer+qtdemux: 0:02:47.359529311 0xdd2dbaf0 qtdemux.c:5700:gst_qtdemux_chain:<qtdemux1> pushing in inbuf 0xdca79830, neededbytes:144614, available:31880
03-06 09:27:50.276 22026 22340 D GStreamer+qtdemux: 0:02:47.359644727 0xdd2dbaf0 qtdemux.c:5700:gst_qtdemux_chain:<qtdemux1> pushing in inbuf 0xdcc59520, neededbytes:144614, available:35976
03-06 09:27:50.276 22026 22340 D GStreamer+qtdemux: 0:02:47.359757852 0xdd2dbaf0 qtdemux.c:5700:gst_qtdemux_chain:<qtdemux1> pushing in inbuf 0xdca79ab0, neededbytes:144614, available:40072
03-06 09:27:50.276 22026 22340 D GStreamer+qtdemux: 0:02:47.359873530 0xdd2dbaf0 qtdemux.c:5700:gst_qtdemux_chain:<qtdemux1> pushing in inbuf 0xdccf3d28, neededbytes:144614, available:44168
03-06 09:27:50.276 22026 22340 D GStreamer+qtdemux: 0:02:47.359985561 0xdd2dbaf0 qtdemux.c:5700:gst_qtdemux_chain:<qtdemux1> pushing in inbuf 0xdc977c88, neededbytes:144614, available:48264
03-06 09:27:50.276 22026 22340 D GStreamer+qtdemux: 0:02:47.360099675 0xdd2dbaf0 qtdemux.c:5700:gst_qtdemux_chain:<qtdemux1> pushing in inbuf 0xdc9a5640, neededbytes:144614, available:52360
03-06 09:27:50.276 22026 22340 D GStreamer+qtdemux: 0:02:47.360213634 0xdd2dbaf0 qtdemux.c:5700:gst_qtdemux_chain:<qtdemux1> pushing in inbuf 0xdcc51be0, neededbytes:144614, available:56456
03-06 09:27:50.276 22026 22340 D GStreamer+qtdemux: 0:02:47.360328634 0xdd2dbaf0 qtdemux.c:5700:gst_qtdemux_chain:<qtdemux1> pushing in inbuf 0xdcc51168, neededbytes:144614, available:60552
03-06 09:27:50.276 22026 22340 D GStreamer+qtdemux: 0:02:47.360444207 0xdd2dbaf0 qtdemux.c:5700:gst_qtdemux_chain:<qtdemux1> pushing in inbuf 0xdc9a5e48, neededbytes:144614, available:64648
03-06 09:27:50.277 22026 22340 D GStreamer+qtdemux: 0:02:47.360559102 0xdd2dbaf0 qtdemux.c:5700:gst_qtdemux_chain:<qtdemux1> pushing in inbuf 0xdcc3f3d8, neededbytes:144614, available:68744
03-06 09:27:50.277 22026 22340 D GStreamer+qtdemux: 0:02:47.360672696 0xdd2dbaf0 qtdemux.c:5700:gst_qtdemux_chain:<qtdemux1> pushing in inbuf 0xdcc3f5b8, neededbytes:144614, available:72840
03-06 09:27:50.277 22026 22340 D GStreamer+qtdemux: 0:02:47.360790873 0xdd2dbaf0 qtdemux.c:5700:gst_qtdemux_chain:<qtdemux1> pushing in inbuf 0xdc9798a0, neededbytes:144614, available:76936
03-06 09:27:50.277 22026 22340 D GStreamer+qtdemux: 0:02:47.360904363 0xdd2dbaf0 qtdemux.c:5700:gst_qtdemux_chain:<qtdemux1> pushing in inbuf 0xdccfea20, neededbytes:144614, available:81032
03-06 09:27:50.277 22026 22340 D GStreamer+qtdemux: 0:02:47.361021342 0xdd2dbaf0 qtdemux.c:5700:gst_qtdemux_chain:<qtdemux1> pushing in inbuf 0xdc977828, neededbytes:144614, available:85128
03-06 09:27:50.277 22026 22340 D GStreamer+qtdemux: 0:02:47.361134727 0xdd2dbaf0 qtdemux.c:5700:gst_qtdemux_chain:<qtdemux1> pushing in inbuf 0xdc9a50a0, neededbytes:144614, available:89224
03-06 09:27:50.277 22026 22340 D GStreamer+qtdemux: 0:02:47.361247905 0xdd2dbaf0 qtdemux.c:5700:gst_qtdemux_chain:<qtdemux1> pushing in inbuf 0xdd15ce58, neededbytes:144614, available:93320
03-06 09:27:50.277 22026 22340 D GStreamer+qtdemux: 0:02:47.361361655 0xdd2dbaf0 qtdemux.c:5700:gst_qtdemux_chain:<qtdemux1> pushing in inbuf 0xdccff408, neededbytes:144614, available:97416
03-06 09:27:50.277 22026 22340 D GStreamer+qtdemux: 0:02:47.361474675 0xdd2dbaf0 qtdemux.c:5700:gst_qtdemux_chain:<qtdemux1> pushing in inbuf 0xdcbff710, neededbytes:144614, available:101512
03-06 09:27:50.278 22026 22340 D GStreamer+qtdemux: 0:02:47.361589780 0xdd2dbaf0 qtdemux.c:5700:gst_qtdemux_chain:<qtdemux1> pushing in inbuf 0xdcc3fa00, neededbytes:144614, available:105608
03-06 09:27:50.278 22026 22340 D GStreamer+qtdemux: 0:02:47.361704363 0xdd2dbaf0 qtdemux.c:5700:gst_qtdemux_chain:<qtdemux1> pushing in inbuf 0xdc9a6ef8, neededbytes:144614, available:109704
03-06 09:27:50.278 22026 22340 D GStreamer+qtdemux: 0:02:47.361818790 0xdd2dbaf0 qtdemux.c:5700:gst_qtdemux_chain:<qtdemux1> pushing in inbuf 0xdcc512a8, neededbytes:144614, available:113800
03-06 09:27:50.278 22026 22340 D GStreamer+qtdemux: 0:02:47.361933321 0xdd2dbaf0 qtdemux.c:5700:gst_qtdemux_chain:<qtdemux1> pushing in inbuf 0xdc9a5ee8, neededbytes:144614, available:117896
03-06 09:27:50.278 22026 22340 D GStreamer+qtdemux: 0:02:47.362047957 0xdd2dbaf0 qtdemux.c:5700:gst_qtdemux_chain:<qtdemux1> pushing in inbuf 0xdc9a5a88, neededbytes:144614, available:121992
03-06 09:27:50.278 22026 22340 D GStreamer+qtdemux: 0:02:47.362170352 0xdd2dbaf0 qtdemux.c:5700:gst_qtdemux_chain:<qtdemux1> pushing in inbuf 0xdc978de8, neededbytes:144614, available:126088
03-06 09:27:50.278 22026 22340 D GStreamer+qtdemux: 0:02:47.362285613 0xdd2dbaf0 qtdemux.c:5700:gst_qtdemux_chain:<qtdemux1> pushing in inbuf 0xdca793e8, neededbytes:144614, available:130184
03-06 09:27:50.278 22026 22340 D GStreamer+qtdemux: 0:02:47.362400509 0xdd2dbaf0 qtdemux.c:5700:gst_qtdemux_chain:<qtdemux1> pushing in inbuf 0xdcc3fe60, neededbytes:144614, available:134280
03-06 09:27:50.279 22026 22340 D GStreamer+qtdemux: 0:02:47.362512436 0xdd2dbaf0 qtdemux.c:5700:gst_qtdemux_chain:<qtdemux1> pushing in inbuf 0xdccff228, neededbytes:144614, available:138376
03-06 09:27:50.279 22026 22340 D GStreamer+qtdemux: 0:02:47.362624780 0xdd2dbaf0 qtdemux.c:5700:gst_qtdemux_chain:<qtdemux1> pushing in inbuf 0xdc9a6958, neededbytes:144614, available:142472
03-06 09:27:50.279 22026 22340 D GStreamer+qtdemux: 0:02:47.362739675 0xdd2dbaf0 qtdemux.c:5700:gst_qtdemux_chain:<qtdemux1> pushing in inbuf 0xdccffb70, neededbytes:144614, available:146568
03-06 09:27:50.279 22026 22340 D GStreamer+qtdemux: 0:02:47.362832071 0xdd2dbaf0 qtdemux.c:5720:gst_qtdemux_process_adapter:<qtdemux1> state:2 , demux->neededbytes:144614, demux->offset:41690016
03-06 09:27:50.279 22026 22340 D GStreamer+qtdemux: 0:02:47.362916186 0xdd2dbaf0 qtdemux.c:6067:gst_qtdemux_process_adapter:<qtdemux1> BEGIN // in MOVIE for offset 41690016
03-06 09:27:50.279 22026 22340 V GStreamer+qtdemux: 0:02:47.363010769 0xdd2dbaf0 qtdemux.c:6145:gst_qtdemux_process_adapter:<qtdemux1> Checking stream 0 (sample_index:288 / offset:41690016 / size:144614)
03-06 09:27:50.279 22026 22340 D GStreamer+qtdemux: 0:02:47.363101655 0xdd2dbaf0 qtdemux.c:6163:gst_qtdemux_process_adapter:<qtdemux1> stream : avc1
03-06 09:27:50.280 22026 22340 V GStreamer+qtdemux: 0:02:47.363618738 0xdd2dbaf0 qtdemux.c:4961:gst_qtdemux_decorate_and_push_buffer:<qtdemux1> Pushing buffer with dts 0:00:05.658600000, pts 0:00:05.658600000, duration 0:00:00.019400000 on pad video_0
03-06 09:27:50.302 22026 22232 V GStreamer+qtdemux: 0:02:47.385940561 0xdd2db980 qtdemux.c:810:gst_qtdemux_handle_src_query:<qtdemux1:video_0> position query
03-06 09:27:50.311 22026 22232 V GStreamer+qtdemux: 0:02:47.395141602 0xdd2db980 qtdemux.c:810:gst_qtdemux_handle_src_query:<qtdemux1:video_0> position query
03-06 09:27:50.312 22026 22340 V GStreamer+qtdemux: 0:02:47.396046082 0xdd2dbaf0 qtdemux.c:4633:gst_qtdemux_combine_flows:<qtdemux1> flow return: ok
03-06 09:27:50.312 22026 22340 V GStreamer+qtdemux: 0:02:47.396229050 0xdd2dbaf0 qtdemux.c:4641:gst_qtdemux_combine_flows:<qtdemux1> combined flow return: ok
03-06 09:27:50.312 22026 22340 V GStreamer+qtdemux: 0:02:47.396395352 0xdd2dbaf0 qtdemux.c:6219:gst_qtdemux_process_adapter:<qtdemux1> increasing offset 41690016 by 144614
03-06 09:27:50.313 22026 22340 V GStreamer+qtdemux: 0:02:47.396541863 0xdd2dbaf0 qtdemux.c:6222:gst_qtdemux_process_adapter:<qtdemux1> offset is now 41834630
03-06 09:27:50.313 22026 22340 V GStreamer+qtdemux: 0:02:47.396670144 0xdd2dbaf0 qtdemux.c:5472:next_entry_size:<qtdemux1> Finding entry at offset 41834630
03-06 09:27:50.313 22026 22340 V GStreamer+qtdemux: 0:02:47.396804727 0xdd2dbaf0 qtdemux.c:7663:qtdemux_parse_samples:<qtdemux1> parsing samples for stream fourcc avc1, pad video_0
03-06 09:27:50.313 22026 22340 D GStreamer+qtdemux: 0:02:47.396927748 0xdd2dbaf0 qtdemux.c:7674:qtdemux_parse_samples:<qtdemux1> parsing up to sample 289
03-06 09:27:50.313 22026 22340 V GStreamer+qtdemux: 0:02:47.397055717 0xdd2dbaf0 qtdemux.c:7700:qtdemux_parse_samples:<qtdemux1> sample 289 has size 144430
03-06 09:27:50.313 22026 22340 V GStreamer+qtdemux: 0:02:47.397193425 0xdd2dbaf0 qtdemux.c:7824:qtdemux_parse_samples:<qtdemux1> creating entry 289 with offset 41834630 and size 144430
03-06 09:27:50.313 22026 22340 V GStreamer+qtdemux: 0:02:47.397324363 0xdd2dbaf0 qtdemux.c:7868:qtdemux_parse_samples:<qtdemux1> block 0, 1 timestamps, duration 98
03-06 09:27:50.313 22026 22340 D GStreamer+qtdemux: 0:02:47.397469415 0xdd2dbaf0 qtdemux.c:7881:qtdemux_parse_samples:<qtdemux1> sample 289: index 0, timestamp 0:00:05.678000000
03-06 09:27:50.314 22026 22340 D GStreamer+qtdemux: 0:02:47.397648686 0xdd2dbaf0 qtdemux.c:7936:qtdemux_parse_samples:<qtdemux1> samples at 289 is keyframe
03-06 09:27:50.314 22026 22342 I GStreamer+baseparse: 0:02:47.397698842 0xd73ffa90 gstbaseparse.c:3945:gst_base_parse_set_latency:<h264parse1> min/max latency 0:00:00.019480519, 0:00:00.019480519
03-06 09:27:50.314 22026 22340 V GStreamer+qtdemux: 0:02:47.397800457 0xdd2dbaf0 qtdemux.c:5498:next_entry_size:<qtdemux1> Checking Stream 0 (sample_index:289 / offset:41834630 / size:144430)
03-06 09:27:50.314 22026 22340 V GStreamer+qtdemux: 0:02:47.397940977 0xdd2dbaf0 qtdemux.c:5509:next_entry_size:<qtdemux1> stream 0 offset 41834630 demux->offset :41834630
03-06 09:27:50.314 22026 22340 D GStreamer+qtdemux: 0:02:47.398161655 0xdd2dbaf0 qtdemux.c:5700:gst_qtdemux_chain:<qtdemux1> pushing in inbuf 0xdc978e88, neededbytes:144430, available:6050
03-06 09:27:50.314 22026 22340 D GStreamer+qtdemux: 0:02:47.398359363 0xdd2dbaf0 qtdemux.c:5700:gst_qtdemux_chain:<qtdemux1> pushing in inbuf 0xdcbff210, neededbytes:144430, available:10146
03-06 09:27:50.315 22026 22340 D GStreamer+qtdemux: 0:02:47.398560040 0xdd2dbaf0 qtdemux.c:5700:gst_qtdemux_chain:<qtdemux1> pushing in inbuf 0xdcbffcb0, neededbytes:144430, available:14242
03-06 09:27:50.315 22026 22340 D GStreamer+qtdemux: 0:02:47.398739311 0xdd2dbaf0 qtdemux.c:5700:gst_qtdemux_chain:<qtdemux1> pushing in inbuf 0xdc979a80, neededbytes:144430, available:18338
03-06 09:27:50.315 22026 22340 D GStreamer+qtdemux: 0:02:47.398912800 0xdd2dbaf0 qtdemux.c:5700:gst_qtdemux_chain:<qtdemux1> pushing in inbuf 0xdcbff850, neededbytes:144430, available:22434
03-06 09:27:50.315 22026 22340 D GStreamer+qtdemux: 0:02:47.399082019 0xdd2dbaf0 qtdemux.c:5700:gst_qtdemux_chain:<qtdemux1> pushing in inbuf 0xdc9a6330, neededbytes:144430, available:26530
03-06 09:27:50.315 22026 22340 D GStreamer+qtdemux: 0:02:47.399254780 0xdd2dbaf0 qtdemux.c:5700:gst_qtdemux_chain:<qtdemux1> pushing in inbuf 0xdc9a63d0, neededbytes:144430, available:30626
03-06 09:27:50.315 22026 22340 D GStreamer+qtdemux: 0:02:47.399459519 0xdd2dbaf0 qtdemux.c:5700:gst_qtdemux_chain:<qtdemux1> pushing in inbuf 0xdc979600, neededbytes:144430, available:34722
03-06 09:27:50.316 22026 22340 D GStreamer+qtdemux: 0:02:47.399629415 0xdd2dbaf0 qtdemux.c:5700:gst_qtdemux_chain:<qtdemux1> pushing in inbuf 0xdc9a5460, neededbytes:144430, available:38818
03-06 09:27:50.316 22026 22340 D GStreamer+qtdemux: 0:02:47.399796759 0xdd2dbaf0 qtdemux.c:5700:gst_qtdemux_chain:<qtdemux1> pushing in inbuf 0xdd15cdb8, neededbytes:144430, available:42914
03-06 09:27:50.316 22026 22340 D GStreamer+qtdemux: 0:02:47.399969884 0xdd2dbaf0 qtdemux.c:5700:gst_qtdemux_chain:<qtdemux1> pushing in inbuf 0xdd15cd18, neededbytes:144430, available:47010
03-06 09:27:50.316 22026 22340 D GStreamer+qtdemux: 0:02:47.400139571 0xdd2dbaf0 qtdemux.c:5700:gst_qtdemux_chain:<qtdemux1> pushing in inbuf 0xdccfff30, neededbytes:144430, available:51106
03-06 09:27:50.316 22026 22340 D GStreamer+qtdemux: 0:02:47.400307592 0xdd2dbaf0 qtdemux.c:5700:gst_qtdemux_chain:<qtdemux1> pushing in inbuf 0xdc9a68b8, neededbytes:144430, available:55202
03-06 09:27:50.316 22026 22340 D GStreamer+qtdemux: 0:02:47.400478530 0xdd2dbaf0 qtdemux.c:5700:gst_qtdemux_chain:<qtdemux1> pushing in inbuf 0xdcc59660, neededbytes:144430, available:59298
03-06 09:27:50.317 22026 22340 D GStreamer+qtdemux: 0:02:47.400646342 0xdd2dbaf0 qtdemux.c:5700:gst_qtdemux_chain:<qtdemux1> pushing in inbuf 0xdd15c818, neededbytes:144430, available:63394
03-06 09:27:50.317 22026 22340 D GStreamer+qtdemux: 0:02:47.400814259 0xdd2dbaf0 qtdemux.c:5700:gst_qtdemux_chain:<qtdemux1> pushing in inbuf 0xdcc3e1e8, neededbytes:144430, available:67490
03-06 09:27:50.317 22026 22340 D GStreamer+qtdemux: 0:02:47.400981967 0xdd2dbaf0 qtdemux.c:5700:gst_qtdemux_chain:<qtdemux1> pushing in inbuf 0xdd15cbd8, neededbytes:144430, available:71586
03-06 09:27:50.317 22026 22340 D GStreamer+qtdemux: 0:02:47.401150196 0xdd2dbaf0 qtdemux.c:5700:gst_qtdemux_chain:<qtdemux1> pushing in inbuf 0xdc978a28, neededbytes:144430, available:75682
03-06 09:27:50.317 22026 22340 D GStreamer+qtdemux: 0:02:47.401315613 0xdd2dbaf0 qtdemux.c:5700:gst_qtdemux_chain:<qtdemux1> pushing in inbuf 0xdccfec00, neededbytes:144430, available:79778
03-06 09:27:50.317 22026 22340 D GStreamer+qtdemux: 0:02:47.401482696 0xdd2dbaf0 qtdemux.c:5700:gst_qtdemux_chain:<qtdemux1> pushing in inbuf 0xdd6cd030, neededbytes:144430, available:83874
03-06 09:27:50.318 22026 22340 D GStreamer+qtdemux: 0:02:47.401648477 0xdd2dbaf0 qtdemux.c:5700:gst_qtdemux_chain:<qtdemux1> pushing in inbuf 0xdc9a51e0, neededbytes:144430, available:87970
03-06 09:27:50.318 22026 22340 D GStreamer+qtdemux: 0:02:47.401815977 0xdd2dbaf0 qtdemux.c:5700:gst_qtdemux_chain:<qtdemux1> pushing in inbuf 0xdcbfe8c8, neededbytes:144430, available:92066
03-06 09:27:50.318 22026 22340 D GStreamer+qtdemux: 0:02:47.401983738 0xdd2dbaf0 qtdemux.c:5700:gst_qtdemux_chain:<qtdemux1> pushing in inbuf 0xdcc590c0, neededbytes:144430, available:96162
03-06 09:27:50.318 22026 22340 D GStreamer+qtdemux: 0:02:47.402150613 0xdd2dbaf0 qtdemux.c:5700:gst_qtdemux_chain:<qtdemux1> pushing in inbuf 0xdccf3968, neededbytes:144430, available:100258
03-06 09:27:50.318 22026 22340 D GStreamer+qtdemux: 0:02:47.402310457 0xdd2dbaf0 qtdemux.c:5700:gst_qtdemux_chain:<qtdemux1> pushing in inbuf 0xdccff990, neededbytes:144430, available:104354
03-06 09:27:50.318 22026 22340 D GStreamer+qtdemux: 0:02:47.402472436 0xdd2dbaf0 qtdemux.c:5700:gst_qtdemux_chain:<qtdemux1> pushing in inbuf 0xdcc3ff00, neededbytes:144430, available:108450
03-06 09:27:50.319 22026 22340 D GStreamer+qtdemux: 0:02:47.402630092 0xdd2dbaf0 qtdemux.c:5700:gst_qtdemux_chain:<qtdemux1> pushing in inbuf 0xdc978f28, neededbytes:144430, available:112546
03-06 09:27:50.319 22026 22340 D GStreamer+qtdemux: 0:02:47.402788998 0xdd2dbaf0 qtdemux.c:5700:gst_qtdemux_chain:<qtdemux1> pushing in inbuf 0xdccfe218, neededbytes:144430, available:116642
03-06 09:27:50.319 22026 22340 D GStreamer+qtdemux: 0:02:47.402946498 0xdd2dbaf0 qtdemux.c:5700:gst_qtdemux_chain:<qtdemux1> pushing in inbuf 0xdcc3e328, neededbytes:144430, available:120738
03-06 09:27:50.319 22026 22340 D GStreamer+qtdemux: 0:02:47.403102748 0xdd2dbaf0 qtdemux.c:5700:gst_qtdemux_chain:<qtdemux1> pushing in inbuf 0xdcc3ed10, neededbytes:144430, available:124834
03-06 09:27:50.319 22026 22340 D GStreamer+qtdemux: 0:02:47.403263842 0xdd2dbaf0 qtdemux.c:5700:gst_qtdemux_chain:<qtdemux1> pushing in inbuf 0xdc978ca8, neededbytes:144430, available:128930
03-06 09:27:50.319 22026 22340 D GStreamer+qtdemux: 0:02:47.403425248 0xdd2dbaf0 qtdemux.c:5700:gst_qtdemux_chain:<qtdemux1> pushing in inbuf 0xdccfe538, neededbytes:144430, available:133026
03-06 09:27:50.320 22026 22340 D GStreamer+qtdemux: 0:02:47.403588686 0xdd2dbaf0 qtdemux.c:5700:gst_qtdemux_chain:<qtdemux1> pushing in inbuf 0xdcc59020, neededbytes:144430, available:137122
03-06 09:27:50.320 22026 22340 D GStreamer+qtdemux: 0:02:47.403764311 0xdd2dbaf0 qtdemux.c:5700:gst_qtdemux_chain:<qtdemux1> pushing in inbuf 0xdccff850, neededbytes:144430, available:141218
03-06 09:27:50.320 22026 22340 D GStreamer+qtdemux: 0:02:47.403931186 0xdd2dbaf0 qtdemux.c:5700:gst_qtdemux_chain:<qtdemux1> pushing in inbuf 0xdcc59a88, neededbytes:144430, available:145314
03-06 09:27:50.320 22026 22340 D GStreamer+qtdemux: 0:02:47.404074207 0xdd2dbaf0 qtdemux.c:5720:gst_qtdemux_process_adapter:<qtdemux1> state:2 , demux->neededbytes:144430, demux->offset:41834630
03-06 09:27:50.320 22026 22340 D GStreamer+qtdemux: 0:02:47.404216134 0xdd2dbaf0 qtdemux.c:6067:gst_qtdemux_process_adapter:<qtdemux1> BEGIN // in MOVIE for offset 41834630
03-06 09:27:50.320 22026 22340 V GStreamer+qtdemux: 0:02:47.404359207 0xdd2dbaf0 qtdemux.c:6145:gst_qtdemux_process_adapter:<qtdemux1> Checking stream 0 (sample_index:289 / offset:41834630 / size:144430)
03-06 09:27:50.321 22026 22340 D GStreamer+qtdemux: 0:02:47.404491602 0xdd2dbaf0 qtdemux.c:6163:gst_qtdemux_process_adapter:<qtdemux1> stream : avc1
03-06 09:27:50.321 22026 22340 V GStreamer+qtdemux: 0:02:47.405089363 0xdd2dbaf0 qtdemux.c:4961:gst_qtdemux_decorate_and_push_buffer:<qtdemux1> Pushing buffer with dts 0:00:05.678000000, pts 0:00:05.678000000, duration 0:00:00.019600000 on pad video_0
03-06 09:27:50.331 22026 22232 V GStreamer+qtdemux: 0:02:47.414589832 0xdd2db980 qtdemux.c:810:gst_qtdemux_handle_src_query:<qtdemux1:video_0> position query
03-06 09:27:50.331 22026 22340 V GStreamer+qtdemux: 0:02:47.415478946 0xdd2dbaf0 qtdemux.c:4633:gst_qtdemux_combine_flows:<qtdemux1> flow return: ok
03-06 09:27:50.332 22026 22340 V GStreamer+qtdemux: 0:02:47.415611602 0xdd2dbaf0 qtdemux.c:4641:gst_qtdemux_combine_flows:<qtdemux1> combined flow return: ok
03-06 09:27:50.332 22026 22340 V GStreamer+qtdemux: 0:02:47.415713946 0xdd2dbaf0 qtdemux.c:6219:gst_qtdemux_process_adapter:<qtdemux1> increasing offset 41834630 by 144430
03-06 09:27:50.332 22026 22340 V GStreamer+qtdemux: 0:02:47.415873686 0xdd2dbaf0 qtdemux.c:6222:gst_qtdemux_process_adapter:<qtdemux1> offset is now 41979060
03-06 09:27:50.332 22026 22340 V GStreamer+qtdemux: 0:02:47.415989311 0xdd2dbaf0 qtdemux.c:5472:next_entry_size:<qtdemux1> Finding entry at offset 41979060
03-06 09:27:50.332 22026 22340 V GStreamer+qtdemux: 0:02:47.416081550 0xdd2dbaf0 qtdemux.c:7663:qtdemux_parse_samples:<qtdemux1> parsing samples for stream fourcc avc1, pad video_0
03-06 09:27:50.332 22026 22342 I GStreamer+baseparse: 0:02:47.416126238 0xd73ffa90 gstbaseparse.c:3945:gst_base_parse_set_latency:<h264parse1> min/max latency 0:00:00.019480519, 0:00:00.019480519
03-06 09:27:50.332 22026 22340 D GStreamer+qtdemux: 0:02:47.416168530 0xdd2dbaf0 qtdemux.c:7674:qtdemux_parse_samples:<qtdemux1> parsing up to sample 290
03-06 09:27:50.332 22026 22340 V GStreamer+qtdemux: 0:02:47.416255717 0xdd2dbaf0 qtdemux.c:7700:qtdemux_parse_samples:<qtdemux1> sample 290 has size 144204
03-06 09:27:50.332 22026 22340 V GStreamer+qtdemux: 0:02:47.416347957 0xdd2dbaf0 qtdemux.c:7824:qtdemux_parse_samples:<qtdemux1> creating entry 290 with offset 41979060 and size 144204
03-06 09:27:50.332 22026 22340 V GStreamer+qtdemux: 0:02:47.416437540 0xdd2dbaf0 qtdemux.c:7868:qtdemux_parse_samples:<qtdemux1> block 0, 4 timestamps, duration 97
03-06 09:27:50.333 22026 22340 D GStreamer+qtdemux: 0:02:47.416540300 0xdd2dbaf0 qtdemux.c:7881:qtdemux_parse_samples:<qtdemux1> sample 290: index 0, timestamp 0:00:05.697600000
03-06 09:27:50.333 22026 22340 D GStreamer+qtdemux: 0:02:47.416622905 0xdd2dbaf0 qtdemux.c:7936:qtdemux_parse_samples:<qtdemux1> samples at 290 is keyframe
03-06 09:27:50.333 22026 22340 V GStreamer+qtdemux: 0:02:47.416714050 0xdd2dbaf0 qtdemux.c:5498:next_entry_size:<qtdemux1> Checking Stream 0 (sample_index:290 / offset:41979060 / size:144204)
03-06 09:27:50.333 22026 22340 V GStreamer+qtdemux: 0:02:47.416806550 0xdd2dbaf0 qtdemux.c:5509:next_entry_size:<qtdemux1> stream 0 offset 41979060 demux->offset :41979060
03-06 09:27:50.333 22026 22340 D GStreamer+qtdemux: 0:02:47.416948686 0xdd2dbaf0 qtdemux.c:5700:gst_qtdemux_chain:<qtdemux1> pushing in inbuf 0xdc9a69f8, neededbytes:144204, available:4980
03-06 09:27:50.333 22026 22340 D GStreamer+qtdemux: 0:02:47.417058009 0xdd2dbaf0 qtdemux.c:5700:gst_qtdemux_chain:<qtdemux1> pushing in inbuf 0xdccf3e68, neededbytes:144204, available:9076
03-06 09:27:50.333 22026 22340 D GStreamer+qtdemux: 0:02:47.417164884 0xdd2dbaf0 qtdemux.c:5700:gst_qtdemux_chain:<qtdemux1> pushing in inbuf 0xdcbff8f0, neededbytes:144204, available:13172
03-06 09:27:50.333 22026 22340 D GStreamer+qtdemux: 0:02:47.417275873 0xdd2dbaf0 qtdemux.c:5700:gst_qtdemux_chain:<qtdemux1> pushing in inbuf 0xdccfe038, neededbytes:144204, available:17268
03-06 09:27:50.333 22026 22340 D GStreamer+qtdemux: 0:02:47.417396550 0xdd2dbaf0 qtdemux.c:5700:gst_qtdemux_chain:<qtdemux1> pushing in inbuf 0xdcc51028, neededbytes:144204, available:21364
03-06 09:27:50.334 22026 22340 D GStreamer+qtdemux: 0:02:47.417513582 0xdd2dbaf0 qtdemux.c:5700:gst_qtdemux_chain:<qtdemux1> pushing in inbuf 0xdccfeca0, neededbytes:144204, available:25460
03-06 09:27:50.334 22026 22340 D GStreamer+qtdemux: 0:02:47.418219936 0xdd2dbaf0 qtdemux.c:5700:gst_qtdemux_chain:<qtdemux1> pushing in inbuf 0xdccfe5d8, neededbytes:144204, available:29556
03-06 09:27:50.335 22026 22340 D GStreamer+qtdemux: 0:02:47.418503425 0xdd2dbaf0 qtdemux.c:5700:gst_qtdemux_chain:<qtdemux1> pushing in inbuf 0xdc9a66f0, neededbytes:144204, available:33652
03-06 09:27:50.335 22026 22340 D GStreamer+qtdemux: 0:02:47.418643998 0xdd2dbaf0 qtdemux.c:5700:gst_qtdemux_chain:<qtdemux1> pushing in inbuf 0xdcbfe968, neededbytes:144204, available:37748
03-06 09:27:50.335 22026 22340 D GStreamer+qtdemux: 0:02:47.418757957 0xdd2dbaf0 qtdemux.c:5700:gst_qtdemux_chain:<qtdemux1> pushing in inbuf 0xdd6cd170, neededbytes:144204, available:41844
03-06 09:27:50.335 22026 22340 D GStreamer+qtdemux: 0:02:47.418879207 0xdd2dbaf0 qtdemux.c:5700:gst_qtdemux_chain:<qtdemux1> pushing in inbuf 0xdcc51f00, neededbytes:144204, available:45940
03-06 09:27:50.335 22026 22340 D GStreamer+qtdemux: 0:02:47.418986707 0xdd2dbaf0 qtdemux.c:5700:gst_qtdemux_chain:<qtdemux1> pushing in inbuf 0xdcc3ee50, neededbytes:144204, available:50036
03-06 09:27:50.335 22026 22340 D GStreamer+qtdemux: 0:02:47.419097905 0xdd2dbaf0 qtdemux.c:5700:gst_qtdemux_chain:<qtdemux1> pushing in inbuf 0xdc9a5bc8, neededbytes:144204, available:54132
03-06 09:27:50.335 22026 22340 D GStreamer+qtdemux: 0:02:47.419204207 0xdd2dbaf0 qtdemux.c:5700:gst_qtdemux_chain:<qtdemux1> pushing in inbuf 0xdc9a6c78, neededbytes:144204, available:58228
03-06 09:27:50.335 22026 22340 D GStreamer+qtdemux: 0:02:47.419309936 0xdd2dbaf0 qtdemux.c:5700:gst_qtdemux_chain:<qtdemux1> pushing in inbuf 0xdcc3ea90, neededbytes:144204, available:62324
03-06 09:27:50.335 22026 22340 D GStreamer+qtdemux: 0:02:47.419449780 0xdd2dbaf0 qtdemux.c:5700:gst_qtdemux_chain:<qtdemux1> pushing in inbuf 0xdcc51208, neededbytes:144204, available:66420
03-06 09:27:50.336 22026 22340 D GStreamer+qtdemux: 0:02:47.419593217 0xdd2dbaf0 qtdemux.c:5700:gst_qtdemux_chain:<qtdemux1> pushing in inbuf 0xdc9a5d08, neededbytes:144204, available:70516
03-06 09:27:50.336 22026 22340 D GStreamer+qtdemux: 0:02:47.419712905 0xdd2dbaf0 qtdemux.c:5700:gst_qtdemux_chain:<qtdemux1> pushing in inbuf 0xdcc59bc8, neededbytes:144204, available:74612
03-06 09:27:50.336 22026 22340 D GStreamer+qtdemux: 0:02:47.419821290 0xdd2dbaf0 qtdemux.c:5700:gst_qtdemux_chain:<qtdemux1> pushing in inbuf 0xdd15c958, neededbytes:144204, available:78708
03-06 09:27:50.336 22026 22340 D GStreamer+qtdemux: 0:02:47.419930457 0xdd2dbaf0 qtdemux.c:5700:gst_qtdemux_chain:<qtdemux1> pushing in inbuf 0xdc9a5b28, neededbytes:144204, available:82804
03-06 09:27:50.336 22026 22340 D GStreamer+qtdemux: 0:02:47.420042696 0xdd2dbaf0 qtdemux.c:5700:gst_qtdemux_chain:<qtdemux1> pushing in inbuf 0xdcc3e950, neededbytes:144204, available:86900
03-06 09:27:50.336 22026 22340 D GStreamer+qtdemux: 0:02:47.420147227 0xdd2dbaf0 qtdemux.c:5700:gst_qtdemux_chain:<qtdemux1> pushing in inbuf 0xdccf3160, neededbytes:144204, available:90996
03-06 09:27:50.336 22026 22340 D GStreamer+qtdemux: 0:02:47.420252436 0xdd2dbaf0 qtdemux.c:5700:gst_qtdemux_chain:<qtdemux1> pushing in inbuf 0xdcbfea08, neededbytes:144204, available:95092
03-06 09:27:50.336 22026 22340 D GStreamer+qtdemux: 0:02:47.420369571 0xdd2dbaf0 qtdemux.c:5700:gst_qtdemux_chain:<qtdemux1> pushing in inbuf 0xdcc3eef0, neededbytes:144204, available:99188
03-06 09:27:50.336 22026 22340 D GStreamer+qtdemux: 0:02:47.420483269 0xdd2dbaf0 qtdemux.c:5700:gst_qtdemux_chain:<qtdemux1> pushing in inbuf 0xdca79f10, neededbytes:144204, available:103284
03-06 09:27:50.337 22026 22340 D GStreamer+qtdemux: 0:02:47.420595196 0xdd2dbaf0 qtdemux.c:5700:gst_qtdemux_chain:<qtdemux1> pushing in inbuf 0xdcc3e008, neededbytes:144204, available:107380
03-06 09:27:50.337 22026 22340 D GStreamer+qtdemux: 0:02:47.420707019 0xdd2dbaf0 qtdemux.c:5700:gst_qtdemux_chain:<qtdemux1> pushing in inbuf 0xdcc51aa0, neededbytes:144204, available:111476
03-06 09:27:50.337 22026 22340 D GStreamer+qtdemux: 0:02:47.420820925 0xdd2dbaf0 qtdemux.c:5700:gst_qtdemux_chain:<qtdemux1> pushing in inbuf 0xdca79a10, neededbytes:144204, available:115572
03-06 09:27:50.337 22026 22340 D GStreamer+qtdemux: 0:02:47.420935352 0xdd2dbaf0 qtdemux.c:5700:gst_qtdemux_chain:<qtdemux1> pushing in inbuf 0xdcc51488, neededbytes:144204, available:119668
03-06 09:27:50.337 22026 22340 D GStreamer+qtdemux: 0:02:47.421049988 0xdd2dbaf0 qtdemux.c:5700:gst_qtdemux_chain:<qtdemux1> pushing in inbuf 0xdcbff530, neededbytes:144204, available:123764
03-06 09:27:50.337 22026 22340 D GStreamer+qtdemux: 0:02:47.421163477 0xdd2dbaf0 qtdemux.c:5700:gst_qtdemux_chain:<qtdemux1> pushing in inbuf 0xdca79d30, neededbytes:144204, available:127860
03-06 09:27:50.337 22026 22340 D GStreamer+qtdemux: 0:02:47.421275873 0xdd2dbaf0 qtdemux.c:5700:gst_qtdemux_chain:<qtdemux1> pushing in inbuf 0xdc979c60, neededbytes:144204, available:131956
03-06 09:27:50.337 22026 22340 D GStreamer+qtdemux: 0:02:47.421387488 0xdd2dbaf0 qtdemux.c:5700:gst_qtdemux_chain:<qtdemux1> pushing in inbuf 0xdc9796a0, neededbytes:144204, available:136052
03-06 09:27:50.338 22026 22340 D GStreamer+qtdemux: 0:02:47.421499050 0xdd2dbaf0 qtdemux.c:5700:gst_qtdemux_chain:<qtdemux1> pushing in inbuf 0xdcc3fc80, neededbytes:144204, available:140148
03-06 09:27:50.338 22026 22340 D GStreamer+qtdemux: 0:02:47.421603582 0xdd2dbaf0 qtdemux.c:5700:gst_qtdemux_chain:<qtdemux1> pushing in inbuf 0xdcc3f518, neededbytes:144204, available:144244
03-06 09:27:50.338 22026 22340 D GStreamer+qtdemux: 0:02:47.421696446 0xdd2dbaf0 qtdemux.c:5720:gst_qtdemux_process_adapter:<qtdemux1> state:2 , demux->neededbytes:144204, demux->offset:41979060
03-06 09:27:50.338 22026 22340 D GStreamer+qtdemux: 0:02:47.421780457 0xdd2dbaf0 qtdemux.c:6067:gst_qtdemux_process_adapter:<qtdemux1> BEGIN // in MOVIE for offset 41979060
03-06 09:27:50.338 22026 22340 V GStreamer+qtdemux: 0:02:47.421875821 0xdd2dbaf0 qtdemux.c:6145:gst_qtdemux_process_adapter:<qtdemux1> Checking stream 0 (sample_index:290 / offset:41979060 / size:144204)
03-06 09:27:50.338 22026 22340 D GStreamer+qtdemux: 0:02:47.421970821 0xdd2dbaf0 qtdemux.c:6163:gst_qtdemux_process_adapter:<qtdemux1> stream : avc1
03-06 09:27:50.338 22026 22340 V GStreamer+qtdemux: 0:02:47.422474884 0xdd2dbaf0 qtdemux.c:4961:gst_qtdemux_decorate_and_push_buffer:<qtdemux1> Pushing buffer with dts 0:00:05.697600000, pts 0:00:05.697600000, duration 0:00:00.019400000 on pad video_0
03-06 09:27:50.350 22026 22232 V GStreamer+qtdemux: 0:02:47.434205925 0xdd2db980 qtdemux.c:810:gst_qtdemux_handle_src_query:<qtdemux1:video_0> position query
03-06 09:27:50.370 22026 22232 V GStreamer+qtdemux: 0:02:47.454004675 0xdd2db980 qtdemux.c:810:gst_qtdemux_handle_src_query:<qtdemux1:video_0> position query
03-06 09:27:50.371 22026 22342 I GStreamer+baseparse: 0:02:47.455070352 0xd73ffa90 gstbaseparse.c:3945:gst_base_parse_set_latency:<h264parse1> min/max latency 0:00:00.019480519, 0:00:00.019480519
03-06 09:27:50.371 22026 22340 V GStreamer+qtdemux: 0:02:47.455402175 0xdd2dbaf0 qtdemux.c:4633:gst_qtdemux_combine_flows:<qtdemux1> flow return: ok
03-06 09:27:50.372 22026 22340 V GStreamer+qtdemux: 0:02:47.455507384 0xdd2dbaf0 qtdemux.c:4641:gst_qtdemux_combine_flows:<qtdemux1> combined flow return: ok
03-06 09:27:50.372 22026 22340 V GStreamer+qtdemux: 0:02:47.455599467 0xdd2dbaf0 qtdemux.c:6219:gst_qtdemux_process_adapter:<qtdemux1> increasing offset 41979060 by 144204
03-06 09:27:50.372 22026 22340 V GStreamer+qtdemux: 0:02:47.455686394 0xdd2dbaf0 qtdemux.c:6222:gst_qtdemux_process_adapter:<qtdemux1> offset is now 42123264
03-06 09:27:50.372 22026 22340 V GStreamer+qtdemux: 0:02:47.455770613 0xdd2dbaf0 qtdemux.c:5472:next_entry_size:<qtdemux1> Finding entry at offset 42123264
03-06 09:27:50.372 22026 22340 V GStreamer+qtdemux: 0:02:47.455860873 0xdd2dbaf0 qtdemux.c:7663:qtdemux_parse_samples:<qtdemux1> parsing samples for stream fourcc avc1, pad video_0
03-06 09:27:50.372 22026 22340 D GStreamer+qtdemux: 0:02:47.455941811 0xdd2dbaf0 qtdemux.c:7674:qtdemux_parse_samples:<qtdemux1> parsing up to sample 291
03-06 09:27:50.372 22026 22340 V GStreamer+qtdemux: 0:02:47.456027592 0xdd2dbaf0 qtdemux.c:7700:qtdemux_parse_samples:<qtdemux1> sample 291 has size 144181
03-06 09:27:50.372 22026 22340 V GStreamer+qtdemux: 0:02:47.456121342 0xdd2dbaf0 qtdemux.c:7824:qtdemux_parse_samples:<qtdemux1> creating entry 291 with offset 42123264 and size 144181
03-06 09:27:50.372 22026 22340 D GStreamer+qtdemux: 0:02:47.456221290 0xdd2dbaf0 qtdemux.c:7881:qtdemux_parse_samples:<qtdemux1> sample 291: index 1, timestamp 0:00:05.717000000
03-06 09:27:50.372 22026 22340 D GStreamer+qtdemux: 0:02:47.456303113 0xdd2dbaf0 qtdemux.c:7936:qtdemux_parse_samples:<qtdemux1> samples at 291 is keyframe
03-06 09:27:50.372 22026 22340 V GStreamer+qtdemux: 0:02:47.456396915 0xdd2dbaf0 qtdemux.c:5498:next_entry_size:<qtdemux1> Checking Stream 0 (sample_index:291 / offset:42123264 / size:144181)
03-06 09:27:50.372 22026 22340 V GStreamer+qtdemux: 0:02:47.456485925 0xdd2dbaf0 qtdemux.c:5509:next_entry_size:<qtdemux1> stream 0 offset 42123264 demux->offset :42123264
03-06 09:27:50.373 22026 22340 D GStreamer+qtdemux: 0:02:47.456627280 0xdd2dbaf0 qtdemux.c:5700:gst_qtdemux_chain:<qtdemux1> pushing in inbuf 0xdd6cd530, neededbytes:144181, available:4136
03-06 09:27:50.373 22026 22340 D GStreamer+qtdemux: 0:02:47.456743738 0xdd2dbaf0 qtdemux.c:5700:gst_qtdemux_chain:<qtdemux1> pushing in inbuf 0xdc979bc0, neededbytes:144181, available:8232
03-06 09:27:50.373 22026 22340 D GStreamer+qtdemux: 0:02:47.456860196 0xdd2dbaf0 qtdemux.c:5700:gst_qtdemux_chain:<qtdemux1> pushing in inbuf 0xdcc59160, neededbytes:144181, available:12328
03-06 09:27:50.373 22026 22340 D GStreamer+qtdemux: 0:02:47.456975561 0xdd2dbaf0 qtdemux.c:5700:gst_qtdemux_chain:<qtdemux1> pushing in inbuf 0xdcbffa30, neededbytes:144181, available:16424
03-06 09:27:50.373 22026 22340 D GStreamer+qtdemux: 0:02:47.457090352 0xdd2dbaf0 qtdemux.c:5700:gst_qtdemux_chain:<qtdemux1> pushing in inbuf 0xdcbfe0c0, neededbytes:144181, available:20520
03-06 09:27:50.373 22026 22340 D GStreamer+qtdemux: 0:02:47.457197852 0xdd2dbaf0 qtdemux.c:5700:gst_qtdemux_chain:<qtdemux1> pushing in inbuf 0xdc9a6e58, neededbytes:144181, available:24616
03-06 09:27:50.373 22026 22340 D GStreamer+qtdemux: 0:02:47.457321759 0xdd2dbaf0 qtdemux.c:5700:gst_qtdemux_chain:<qtdemux1> pushing in inbuf 0xdccf3660, neededbytes:144181, available:28712
03-06 09:27:50.373 22026 22340 D GStreamer+qtdemux: 0:02:47.457434727 0xdd2dbaf0 qtdemux.c:5700:gst_qtdemux_chain:<qtdemux1> pushing in inbuf 0xdc979d00, neededbytes:144181, available:32808
03-06 09:27:50.374 22026 22340 D GStreamer+qtdemux: 0:02:47.457547175 0xdd2dbaf0 qtdemux.c:5700:gst_qtdemux_chain:<qtdemux1> pushing in inbuf 0xdc9a56e0, neededbytes:144181, available:36904
03-06 09:27:50.374 22026 22340 D GStreamer+qtdemux: 0:02:47.458286863 0xdd2dbaf0 qtdemux.c:5700:gst_qtdemux_chain:<qtdemux1> pushing in inbuf 0xdccf3a08, neededbytes:144181, available:41000
03-06 09:27:50.374 22026 22340 D GStreamer+qtdemux: 0:02:47.458442800 0xdd2dbaf0 qtdemux.c:5700:gst_qtdemux_chain:<qtdemux1> pushing in inbuf 0xdca79c90, neededbytes:144181, available:45096
03-06 09:27:50.375 22026 22340 D GStreamer+qtdemux: 0:02:47.458571915 0xdd2dbaf0 qtdemux.c:5700:gst_qtdemux_chain:<qtdemux1> pushing in inbuf 0xdc979060, neededbytes:144181, available:49192
03-06 09:27:50.375 22026 22340 D GStreamer+qtdemux: 0:02:47.458700509 0xdd2dbaf0 qtdemux.c:5700:gst_qtdemux_chain:<qtdemux1> pushing in inbuf 0xdc977be8, neededbytes:144181, available:53288
03-06 09:27:50.375 22026 22340 D GStreamer+qtdemux: 0:02:47.458827748 0xdd2dbaf0 qtdemux.c:5700:gst_qtdemux_chain:<qtdemux1> pushing in inbuf 0xdc9791a0, neededbytes:144181, available:57384
03-06 09:27:50.375 22026 22340 D GStreamer+qtdemux: 0:02:47.458948165 0xdd2dbaf0 qtdemux.c:5700:gst_qtdemux_chain:<qtdemux1> pushing in inbuf 0xdca792a8, neededbytes:144181, available:61480
03-06 09:27:50.375 22026 22340 D GStreamer+qtdemux: 0:02:47.459067279 0xdd2dbaf0 qtdemux.c:5700:gst_qtdemux_chain:<qtdemux1> pushing in inbuf 0xdcbff3f0, neededbytes:144181, available:65576
03-06 09:27:50.375 22026 22340 D GStreamer+qtdemux: 0:02:47.459190925 0xdd2dbaf0 qtdemux.c:5700:gst_qtdemux_chain:<qtdemux1> pushing in inbuf 0xdccf3520, neededbytes:144181, available:69672
03-06 09:27:50.375 22026 22340 D GStreamer+qtdemux: 0:02:47.459310248 0xdd2dbaf0 qtdemux.c:5700:gst_qtdemux_chain:<qtdemux1> pushing in inbuf 0xdc979100, neededbytes:144181, available:73768
03-06 09:27:50.375 22026 22340 D GStreamer+qtdemux: 0:02:47.459427540 0xdd2dbaf0 qtdemux.c:5700:gst_qtdemux_chain:<qtdemux1> pushing in inbuf 0xdcbfe660, neededbytes:144181, available:77864
03-06 09:27:50.376 22026 22340 D GStreamer+qtdemux: 0:02:47.459548634 0xdd2dbaf0 qtdemux.c:5700:gst_qtdemux_chain:<qtdemux1> pushing in inbuf 0xdc9a5000, neededbytes:144181, available:81960
03-06 09:27:50.376 22026 22340 D GStreamer+qtdemux: 0:02:47.459676498 0xdd2dbaf0 qtdemux.c:5700:gst_qtdemux_chain:<qtdemux1> pushing in inbuf 0xdc978b68, neededbytes:144181, available:86056
03-06 09:27:50.376 22026 22340 D GStreamer+qtdemux: 0:02:47.459797644 0xdd2dbaf0 qtdemux.c:5700:gst_qtdemux_chain:<qtdemux1> pushing in inbuf 0xdcc59b28, neededbytes:144181, available:90152
03-06 09:27:50.376 22026 22340 D GStreamer+qtdemux: 0:02:47.459919259 0xdd2dbaf0 qtdemux.c:5700:gst_qtdemux_chain:<qtdemux1> pushing in inbuf 0xdcc51e60, neededbytes:144181, available:94248
03-06 09:27:50.376 22026 22340 D GStreamer+qtdemux: 0:02:47.460042488 0xdd2dbaf0 qtdemux.c:5700:gst_qtdemux_chain:<qtdemux1> pushing in inbuf 0xdcbfef08, neededbytes:144181, available:98344
03-06 09:27:50.376 22026 22340 D GStreamer+qtdemux: 0:02:47.460166707 0xdd2dbaf0 qtdemux.c:5700:gst_qtdemux_chain:<qtdemux1> pushing in inbuf 0xdc979560, neededbytes:144181, available:102440
03-06 09:27:50.376 22026 22340 D GStreamer+qtdemux: 0:02:47.460284675 0xdd2dbaf0 qtdemux.c:5700:gst_qtdemux_chain:<qtdemux1> pushing in inbuf 0xdd15ca98, neededbytes:144181, available:106536
03-06 09:27:50.376 22026 22340 D GStreamer+qtdemux: 0:02:47.460403529 0xdd2dbaf0 qtdemux.c:5700:gst_qtdemux_chain:<qtdemux1> pushing in inbuf 0xdc9a53c0, neededbytes:144181, available:110632
03-06 09:27:50.377 22026 22340 D GStreamer+qtdemux: 0:02:47.460526029 0xdd2dbaf0 qtdemux.c:5700:gst_qtdemux_chain:<qtdemux1> pushing in inbuf 0xdc9a6150, neededbytes:144181, available:114728
03-06 09:27:50.377 22026 22340 D GStreamer+qtdemux: 0:02:47.460647436 0xdd2dbaf0 qtdemux.c:5700:gst_qtdemux_chain:<qtdemux1> pushing in inbuf 0xdccfef20, neededbytes:144181, available:118824
03-06 09:27:50.377 22026 22340 D GStreamer+qtdemux: 0:02:47.460770092 0xdd2dbaf0 qtdemux.c:5700:gst_qtdemux_chain:<qtdemux1> pushing in inbuf 0xdccfeac0, neededbytes:144181, available:122920
03-06 09:27:50.377 22026 22340 D GStreamer+qtdemux: 0:02:47.460895665 0xdd2dbaf0 qtdemux.c:5700:gst_qtdemux_chain:<qtdemux1> pushing in inbuf 0xdccf30c0, neededbytes:144181, available:127016
03-06 09:27:50.377 22026 22340 D GStreamer+qtdemux: 0:02:47.461022592 0xdd2dbaf0 qtdemux.c:5700:gst_qtdemux_chain:<qtdemux1> pushing in inbuf 0xdcc3fbe0, neededbytes:144181, available:131112
03-06 09:27:50.377 22026 22340 D GStreamer+qtdemux: 0:02:47.461146446 0xdd2dbaf0 qtdemux.c:5700:gst_qtdemux_chain:<qtdemux1> pushing in inbuf 0xdcc3e5a8, neededbytes:144181, available:135208
03-06 09:27:50.377 22026 22340 D GStreamer+qtdemux: 0:02:47.461268321 0xdd2dbaf0 qtdemux.c:5700:gst_qtdemux_chain:<qtdemux1> pushing in inbuf 0xdcc59700, neededbytes:144181, available:139304
03-06 09:27:50.377 22026 22340 D GStreamer+qtdemux: 0:02:47.461392175 0xdd2dbaf0 qtdemux.c:5700:gst_qtdemux_chain:<qtdemux1> pushing in inbuf 0xdcc510c8, neededbytes:144181, available:143400
03-06 09:27:50.378 22026 22340 D GStreamer+qtdemux: 0:02:47.461510144 0xdd2dbaf0 qtdemux.c:5700:gst_qtdemux_chain:<qtdemux1> pushing in inbuf 0xdcc3e8b0, neededbytes:144181, available:147496
03-06 09:27:50.378 22026 22340 D GStreamer+qtdemux: 0:02:47.461607852 0xdd2dbaf0 qtdemux.c:5720:gst_qtdemux_process_adapter:<qtdemux1> state:2 , demux->neededbytes:144181, demux->offset:42123264
03-06 09:27:50.378 22026 22340 D GStreamer+qtdemux: 0:02:47.461695925 0xdd2dbaf0 qtdemux.c:6067:gst_qtdemux_process_adapter:<qtdemux1> BEGIN // in MOVIE for offset 42123264
03-06 09:27:50.378 22026 22340 V GStreamer+qtdemux: 0:02:47.461793738 0xdd2dbaf0 qtdemux.c:6145:gst_qtdemux_process_adapter:<qtdemux1> Checking stream 0 (sample_index:291 / offset:42123264 / size:144181)
03-06 09:27:50.378 22026 22340 D GStreamer+qtdemux: 0:02:47.461884154 0xdd2dbaf0 qtdemux.c:6163:gst_qtdemux_process_adapter:<qtdemux1> stream : avc1
03-06 09:27:50.378 22026 22340 V GStreamer+qtdemux: 0:02:47.462460717 0xdd2dbaf0 qtdemux.c:4961:gst_qtdemux_decorate_and_push_buffer:<qtdemux1> Pushing buffer with dts 0:00:05.717000000, pts 0:00:05.717000000, duration 0:00:00.019400000 on pad video_0
03-06 09:27:50.390 22026 22232 V GStreamer+qtdemux: 0:02:47.473539623 0xdd2db980 qtdemux.c:810:gst_qtdemux_handle_src_query:<qtdemux1:video_0> position query
03-06 09:27:50.391 22026 22340 V GStreamer+qtdemux: 0:02:47.474502227 0xdd2dbaf0 qtdemux.c:4633:gst_qtdemux_combine_flows:<qtdemux1> flow return: ok
03-06 09:27:50.391 22026 22340 V GStreamer+qtdemux: 0:02:47.475122904 0xdd2dbaf0 qtdemux.c:4641:gst_qtdemux_combine_flows:<qtdemux1> combined flow return: ok
03-06 09:27:50.391 22026 22340 V GStreamer+qtdemux: 0:02:47.475289936 0xdd2dbaf0 qtdemux.c:6219:gst_qtdemux_process_adapter:<qtdemux1> increasing offset 42123264 by 144181
03-06 09:27:50.391 22026 22340 V GStreamer+qtdemux: 0:02:47.475475717 0xdd2dbaf0 qtdemux.c:6222:gst_qtdemux_process_adapter:<qtdemux1> offset is now 42267445
03-06 09:27:50.392 22026 22342 I GStreamer+baseparse: 0:02:47.475525457 0xd73ffa90 gstbaseparse.c:3945:gst_base_parse_set_latency:<h264parse1> min/max latency 0:00:00.019480519, 0:00:00.019480519
03-06 09:27:50.392 22026 22340 V GStreamer+qtdemux: 0:02:47.475652488 0xdd2dbaf0 qtdemux.c:5472:next_entry_size:<qtdemux1> Finding entry at offset 42267445
03-06 09:27:50.392 22026 22340 V GStreamer+qtdemux: 0:02:47.475829519 0xdd2dbaf0 qtdemux.c:7663:qtdemux_parse_samples:<qtdemux1> parsing samples for stream fourcc avc1, pad video_0
03-06 09:27:50.392 22026 22340 D GStreamer+qtdemux: 0:02:47.475990873 0xdd2dbaf0 qtdemux.c:7674:qtdemux_parse_samples:<qtdemux1> parsing up to sample 292
03-06 09:27:50.392 22026 22340 V GStreamer+qtdemux: 0:02:47.476147384 0xdd2dbaf0 qtdemux.c:7700:qtdemux_parse_samples:<qtdemux1> sample 292 has size 144468
03-06 09:27:50.392 22026 22340 V GStreamer+qtdemux: 0:02:47.476304363 0xdd2dbaf0 qtdemux.c:7824:qtdemux_parse_samples:<qtdemux1> creating entry 292 with offset 42267445 and size 144468
03-06 09:27:50.393 22026 22340 D GStreamer+qtdemux: 0:02:47.476479363 0xdd2dbaf0 qtdemux.c:7881:qtdemux_parse_samples:<qtdemux1> sample 292: index 2, timestamp 0:00:05.736400000
03-06 09:27:50.393 22026 22340 D GStreamer+qtdemux: 0:02:47.476637019 0xdd2dbaf0 qtdemux.c:7936:qtdemux_parse_samples:<qtdemux1> samples at 292 is keyframe
03-06 09:27:50.393 22026 22340 V GStreamer+qtdemux: 0:02:47.476881134 0xdd2dbaf0 qtdemux.c:5498:next_entry_size:<qtdemux1> Checking Stream 0 (sample_index:292 / offset:42267445 / size:144468)
03-06 09:27:50.393 22026 22340 V GStreamer+qtdemux: 0:02:47.477388269 0xdd2dbaf0 qtdemux.c:5509:next_entry_size:<qtdemux1> stream 0 offset 42267445 demux->offset :42267445
03-06 09:27:50.394 22026 22340 D GStreamer+qtdemux: 0:02:47.477650873 0xdd2dbaf0 qtdemux.c:5700:gst_qtdemux_chain:<qtdemux1> pushing in inbuf 0xdc9785e0, neededbytes:144468, available:7411
03-06 09:27:50.394 22026 22340 D GStreamer+qtdemux: 0:02:47.477882227 0xdd2dbaf0 qtdemux.c:5700:gst_qtdemux_chain:<qtdemux1> pushing in inbuf 0xdcc593e0, neededbytes:144468, available:11507
03-06 09:27:50.394 22026 22340 D GStreamer+qtdemux: 0:02:47.478110352 0xdd2dbaf0 qtdemux.c:5700:gst_qtdemux_chain:<qtdemux1> pushing in inbuf 0xdcc3fd20, neededbytes:144468, available:15603
03-06 09:27:50.394 22026 22340 D GStreamer+qtdemux: 0:02:47.478352957 0xdd2dbaf0 qtdemux.c:5700:gst_qtdemux_chain:<qtdemux1> pushing in inbuf 0xdca795c8, neededbytes:144468, available:19699
03-06 09:27:50.395 22026 22340 D GStreamer+qtdemux: 0:02:47.478593842 0xdd2dbaf0 qtdemux.c:5700:gst_qtdemux_chain:<qtdemux1> pushing in inbuf 0xdcbfec88, neededbytes:144468, available:23795
03-06 09:27:50.395 22026 22340 D GStreamer+qtdemux: 0:02:47.478834936 0xdd2dbaf0 qtdemux.c:5700:gst_qtdemux_chain:<qtdemux1> pushing in inbuf 0xdca79208, neededbytes:144468, available:27891
03-06 09:27:50.395 22026 22340 D GStreamer+qtdemux: 0:02:47.479074050 0xdd2dbaf0 qtdemux.c:5700:gst_qtdemux_chain:<qtdemux1> pushing in inbuf 0xdc9a5320, neededbytes:144468, available:31987
03-06 09:27:50.395 22026 22340 D GStreamer+qtdemux: 0:02:47.479312957 0xdd2dbaf0 qtdemux.c:5700:gst_qtdemux_chain:<qtdemux1> pushing in inbuf 0xdca79bf0, neededbytes:144468, available:36083
03-06 09:27:50.396 22026 22340 D GStreamer+qtdemux: 0:02:47.479551863 0xdd2dbaf0 qtdemux.c:5700:gst_qtdemux_chain:<qtdemux1> pushing in inbuf 0xdccfe718, neededbytes:144468, available:40179
03-06 09:27:50.396 22026 22340 D GStreamer+qtdemux: 0:02:47.479790977 0xdd2dbaf0 qtdemux.c:5700:gst_qtdemux_chain:<qtdemux1> pushing in inbuf 0xdcc59808, neededbytes:144468, available:44275
03-06 09:27:50.396 22026 22340 D GStreamer+qtdemux: 0:02:47.480027175 0xdd2dbaf0 qtdemux.c:5700:gst_qtdemux_chain:<qtdemux1> pushing in inbuf 0xdc9794c0, neededbytes:144468, available:48371
03-06 09:27:50.396 22026 22340 D GStreamer+qtdemux: 0:02:47.480264623 0xdd2dbaf0 qtdemux.c:5700:gst_qtdemux_chain:<qtdemux1> pushing in inbuf 0xdccff8f0, neededbytes:144468, available:52467
03-06 09:27:50.397 22026 22340 D GStreamer+qtdemux: 0:02:47.480524832 0xdd2dbaf0 qtdemux.c:5700:gst_qtdemux_chain:<qtdemux1> pushing in inbuf 0xdccfe498, neededbytes:144468, available:56563
03-06 09:27:50.397 22026 22340 D GStreamer+qtdemux: 0:02:47.480758373 0xdd2dbaf0 qtdemux.c:5700:gst_qtdemux_chain:<qtdemux1> pushing in inbuf 0xdcc515c8, neededbytes:144468, available:60659
03-06 09:27:50.397 22026 22340 D GStreamer+qtdemux: 0:02:47.481013790 0xdd2dbaf0 qtdemux.c:5700:gst_qtdemux_chain:<qtdemux1> pushing in inbuf 0xdcc3f8c0, neededbytes:144468, available:64755
03-06 09:27:50.397 22026 22340 D GStreamer+qtdemux: 0:02:47.481270092 0xdd2dbaf0 qtdemux.c:5700:gst_qtdemux_chain:<qtdemux1> pushing in inbuf 0xdd6cd490, neededbytes:144468, available:68851
03-06 09:27:50.398 22026 22340 D GStreamer+qtdemux: 0:02:47.481513269 0xdd2dbaf0 qtdemux.c:5700:gst_qtdemux_chain:<qtdemux1> pushing in inbuf 0xdc977a08, neededbytes:144468, available:72947
03-06 09:27:50.398 22026 22340 D GStreamer+qtdemux: 0:02:47.481747279 0xdd2dbaf0 qtdemux.c:5700:gst_qtdemux_chain:<qtdemux1> pushing in inbuf 0xdca79668, neededbytes:144468, available:77043
03-06 09:27:50.398 22026 22340 D GStreamer+qtdemux: 0:02:47.482018790 0xdd2dbaf0 qtdemux.c:5700:gst_qtdemux_chain:<qtdemux1> pushing in inbuf 0xdc979da0, neededbytes:144468, available:81139
03-06 09:27:50.398 22026 22340 D GStreamer+qtdemux: 0:02:47.482263477 0xdd2dbaf0 qtdemux.c:5700:gst_qtdemux_chain:<qtdemux1> pushing in inbuf 0xdc978ac8, neededbytes:144468, available:85235
03-06 09:27:50.399 22026 22340 D GStreamer+qtdemux: 0:02:47.482520821 0xdd2dbaf0 qtdemux.c:5700:gst_qtdemux_chain:<qtdemux1> pushing in inbuf 0xdccfe3f8, neededbytes:144468, available:89331
03-06 09:27:50.399 22026 22340 D GStreamer+qtdemux: 0:02:47.482775457 0xdd2dbaf0 qtdemux.c:5700:gst_qtdemux_chain:<qtdemux1> pushing in inbuf 0xdca79dd0, neededbytes:144468, available:93427
03-06 09:27:50.399 22026 22340 D GStreamer+qtdemux: 0:02:47.483043842 0xdd2dbaf0 qtdemux.c:5700:gst_qtdemux_chain:<qtdemux1> pushing in inbuf 0xdcc51668, neededbytes:144468, available:97523
03-06 09:27:50.399 22026 22340 D GStreamer+qtdemux: 0:02:47.483296238 0xdd2dbaf0 qtdemux.c:5700:gst_qtdemux_chain:<qtdemux1> pushing in inbuf 0xdccf3828, neededbytes:144468, available:101619
