0:00:29.279365000 [336m 4877[00m  0xdc450e0 [37mDEBUG  [00m [00;01;31m          GST_STATES gstbin.c:2715:GstStateChangeReturn gst_bin_change_state_func(GstElement *, GstStateChange):<source>[00m iterator done
0:00:29.279382000 [336m 4877[00m  0xdc450e0 [33;01mLOG    [00m [00;01;31m          GST_STATES gstelement.c:2797:GstStateChangeReturn gst_element_change_state_func(GstElement *, GstStateChange):<source>[00m default handler tries setting state from NULL to READY (000a)
0:00:29.279401000 [336m 4877[00m  0xdc450e0 [37mDEBUG  [00m [00;01m                 bin gstbin.c:2125:void gst_bin_sort_iterator_free(GstBinSortIterator *):<source>[00m free
0:00:29.279543000 [336m 4877[00m  0xdc450e0 [37mDEBUG  [00m [00;01m                 bin gstbin.c:2750:GstStateChangeReturn gst_bin_change_state_func(GstElement *, GstStateChange):<source>[00m no async elements
0:00:29.279562000 [336m 4877[00m  0xdc450e0 [37mDEBUG  [00m [00;01;31m          GST_STATES gstbin.c:2784:GstStateChangeReturn gst_bin_change_state_func(GstElement *, GstStateChange):<source>[00m done changing bin's state from NULL to READY, now in NULL, ret SUCCESS
0:00:29.279588000 [336m 4877[00m  0xdc450e0 [37mDEBUG  [00m [00;01;31m          GST_STATES gstelement.c:2636:GstStateChangeReturn gst_element_change_state(GstElement *, GstStateChange):<source>[00m element changed state SUCCESS
0:00:29.279606000 [336m 4877[00m  0xdc450e0 [36mINFO   [00m [00;01;31m          GST_STATES gstelement.c:2303:GstStateChangeReturn gst_element_continue_state(GstElement *, GstStateChangeReturn):<source>[00m committing state from NULL to READY, pending PAUSED, next PAUSED
0:00:29.279752000 [336m 4877[00m  0xdc450e0 [36mINFO   [00m [00;01;31m          GST_STATES gstelement.c:2233:void _priv_gst_element_state_changed(GstElement *, GstState, GstState, GstState):<source>[00m notifying about state-changed NULL to READY (PAUSED pending)
0:00:29.279782000 [336m 4877[00m  0xdc450e0 [33;01mLOG    [00m [00;01;37;41m         GST_MESSAGE gstmessage.c:284:GstMessage *gst_message_new_custom(GstMessageType, GstObject *, GstStructure *):[00m source source: creating new message 0xf24e248 state-changed
0:00:29.279806000 [336m 4877[00m  0xdc450e0 [37mDEBUG  [00m [00;43m             GST_BUS gstbus.c:312:gboolean gst_bus_post(GstBus *, GstMessage *):<bus3>[00m [msg 0xf24e248] posting on bus state-changed message: 0xf24e248, time 99:99:99.999999999, seq-num 7, element 'source', GstMessageStateChanged, old-state=(GstState)GST_STATE_NULL, new-state=(GstState)GST_STATE_READY, pending-state=(GstState)GST_STATE_PAUSED;
0:00:29.279846000 [336m 4877[00m  0xdc450e0 [37mDEBUG  [00m [00;01m                 bin gstbin.c:3396:void gst_bin_handle_message_func(GstBin *, GstMessage *):<uridecodebin0>[00m [msg 0xf24e248] handling child source message of type state-changed
0:00:29.279951000 [336m 4877[00m  0xdc450e0 [37mDEBUG  [00m [00;01m                 bin gstbin.c:3729:void gst_bin_handle_message_func(GstBin *, GstMessage *):<uridecodebin0>[00m posting message upward
0:00:29.279972000 [336m 4877[00m  0xdc450e0 [37mDEBUG  [00m [00;43m             GST_BUS gstbus.c:312:gboolean gst_bus_post(GstBus *, GstMessage *):<bus0>[00m [msg 0xf24e248] posting on bus state-changed message: 0xf24e248, time 99:99:99.999999999, seq-num 7, element 'source', GstMessageStateChanged, old-state=(GstState)GST_STATE_NULL, new-state=(GstState)GST_STATE_READY, pending-state=(GstState)GST_STATE_PAUSED;
0:00:29.280028000 [336m 4877[00m  0xdc450e0 [37mDEBUG  [00m [00;01m                 bin gstbin.c:3396:void gst_bin_handle_message_func(GstBin *, GstMessage *):<playbin0>[00m [msg 0xf24e248] handling child source message of type state-changed
0:00:29.280175000 [336m 4877[00m  0xdc450e0 [37mDEBUG  [00m [00;01m                 bin gstbin.c:3729:void gst_bin_handle_message_func(GstBin *, GstMessage *):<playbin0>[00m posting message upward
0:00:29.280194000 [336m 4877[00m  0xdc450e0 [37mDEBUG  [00m [00;43m             GST_BUS gstbus.c:312:gboolean gst_bus_post(GstBus *, GstMessage *):<bus1>[00m [msg 0xf24e248] posting on bus state-changed message: 0xf24e248, time 99:99:99.999999999, seq-num 7, element 'source', GstMessageStateChanged, old-state=(GstState)GST_STATE_NULL, new-state=(GstState)GST_STATE_READY, pending-state=(GstState)GST_STATE_PAUSED;
0:00:29.280244000 [336m 4877[00m  0xdc450e0 [37mDEBUG  [00m [00;43m             GST_BUS gstbus.c:347:gboolean gst_bus_post(GstBus *, GstMessage *):<bus1>[00m [msg 0xf24e248] pushing on async queue
0:00:29.280262000 [336m 4877[00m  0xdc450e0 [33;01mLOG    [00m [00m            GST_POLL gstpoll.c:186:gboolean raise_wakeup(GstPoll *):[00m 0xdbed6a0: raise
0:00:29.280412000 [336m 4877[00m  0xdc450e0 [37mDEBUG  [00m [00;43m             GST_BUS gstbus.c:350:gboolean gst_bus_post(GstBus *, GstMessage *):<bus1>[00m [msg 0xf24e248] pushed on async queue
0:00:29.280434000 [336m 4877[00m  0xdc450e0 [37mDEBUG  [00m [00;43m             GST_BUS gstbus.c:343:gboolean gst_bus_post(GstBus *, GstMessage *):<bus0>[00m [msg 0xf24e248] dropped
0:00:29.280442000 [336m 4877[00m  0xdc42b20 [33;01mLOG    [00m [00;43m             GST_BUS gstbus.c:498:GstMessage *gst_bus_timed_pop_filtered(GstBus *, GstClockTime, GstMessageType):<bus1>[00m have 1 messages
0:00:29.280454000 [336m 4877[00m  0xdc450e0 [37mDEBUG  [00m [00;43m             GST_BUS gstbus.c:343:gboolean gst_bus_post(GstBus *, GstMessage *):<bus3>[00m [msg 0xf24e248] dropped
0:00:29.280458000 [336m 4877[00m  0xdc42b20 [33;01mLOG    [00m [00m            GST_POLL gstpoll.c:201:gboolean release_wakeup(GstPoll *):[00m 0xdbed6a0: release
0:00:29.280494000 [336m 4877[00m  0xdc42b20 [37mDEBUG  [00m [00;43m             GST_BUS gstbus.c:506:GstMessage *gst_bus_timed_pop_filtered(GstBus *, GstClockTime, GstMessageType):<bus1>[00m got message 0xf24e248, state-changed from source, type mask is 4294967295
0:00:29.280490000 [336m 4877[00m  0xdc450e0 [36mINFO   [00m [00;01;31m          GST_STATES gstelement.c:2310:GstStateChangeReturn gst_element_continue_state(GstElement *, GstStateChangeReturn):<source>[00m continue state change READY to PAUSED, final PAUSED
0:00:29.280669000 [336m 4877[00m  0xdc42b20 [37mDEBUG  [00m [00;43m             GST_BUS gstbus.c:767:gboolean gst_bus_source_dispatch(GSource *, GSourceFunc, gpointer):<bus1>[00m source 0xe362e10 calling dispatch with state-changed message: 0xf24e248, time 99:99:99.999999999, seq-num 7, element 'source', GstMessageStateChanged, old-state=(GstState)GST_STATE_NULL, new-state=(GstState)GST_STATE_READY, pending-state=(GstState)GST_STATE_PAUSED;
0:00:29.280689000 [336m 4877[00m  0xdc450e0 [33;01mLOG    [00m [00;01;37;41m         GST_MESSAGE gstmessage.c:284:GstMessage *gst_message_new_custom(GstMessageType, GstObject *, GstStructure *):[00m source source: creating new message 0xf24e1f8 progress
0:00:29.280876000 [336m 4877[00m  0xdc42b20 [33;01mLOG    [00m [00;01;37;41m         GST_MESSAGE gstmessage.c:186:void _gst_message_free(GstMessage *):[00m finalize message 0xf24e248, state-changed from source
0:00:29.280865000 [336m 4877[00m  0xdc450e0 [37mDEBUG  [00m [00;43m             GST_BUS gstbus.c:312:gboolean gst_bus_post(GstBus *, GstMessage *):<bus3>[00m [msg 0xf24e1f8] posting on bus progress message: 0xf24e1f8, time 99:99:99.999999999, seq-num 8, element 'source', GstMessageProgress, type=(GstProgressType)GST_PROGRESS_TYPE_START, code=(string)open, text=(string)"Opening\ Stream", percent=(int)0, timeout=(int)-1;
0:00:29.280907000 [336m 4877[00m  0xdc42b20 [37mDEBUG  [00m [00;43m             GST_BUS gstbus.c:772:gboolean gst_bus_source_dispatch(GSource *, GSourceFunc, gpointer):<bus1>[00m source 0xe362e10 handler returns 1
0:00:29.280919000 [336m 4877[00m  0xdc450e0 [37mDEBUG  [00m [00;01m                 bin gstbin.c:3396:void gst_bin_handle_message_func(GstBin *, GstMessage *):<uridecodebin0>[00m [msg 0xf24e1f8] handling child source message of type progress
0:00:29.281116000 [336m 4877[00m  0xdc450e0 [37mDEBUG  [00m [00;01m                 bin gstbin.c:3729:void gst_bin_handle_message_func(GstBin *, GstMessage *):<uridecodebin0>[00m posting message upward
0:00:29.281131000 [336m 4877[00m  0xdc450e0 [37mDEBUG  [00m [00;43m             GST_BUS gstbus.c:312:gboolean gst_bus_post(GstBus *, GstMessage *):<bus0>[00m [msg 0xf24e1f8] posting on bus progress message: 0xf24e1f8, time 99:99:99.999999999, seq-num 8, element 'source', GstMessageProgress, type=(GstProgressType)GST_PROGRESS_TYPE_START, code=(string)open, text=(string)"Opening\ Stream", percent=(int)0, timeout=(int)-1;
0:00:29.281163000 [336m 4877[00m  0xdc450e0 [37mDEBUG  [00m [00;01m                 bin gstbin.c:3396:void gst_bin_handle_message_func(GstBin *, GstMessage *):<playbin0>[00m [msg 0xf24e1f8] handling child source message of type progress
0:00:29.281293000 [336m 4877[00m  0xdc450e0 [37mDEBUG  [00m [00;01m                 bin gstbin.c:3729:void gst_bin_handle_message_func(GstBin *, GstMessage *):<playbin0>[00m posting message upward
0:00:29.281313000 [336m 4877[00m  0xdc450e0 [37mDEBUG  [00m [00;43m             GST_BUS gstbus.c:312:gboolean gst_bus_post(GstBus *, GstMessage *):<bus1>[00m [msg 0xf24e1f8] posting on bus progress message: 0xf24e1f8, time 99:99:99.999999999, seq-num 8, element 'source', GstMessageProgress, type=(GstProgressType)GST_PROGRESS_TYPE_START, code=(string)open, text=(string)"Opening\ Stream", percent=(int)0, timeout=(int)-1;
0:00:29.281367000 [336m 4877[00m  0xdc450e0 [37mDEBUG  [00m [00;43m             GST_BUS gstbus.c:347:gboolean gst_bus_post(GstBus *, GstMessage *):<bus1>[00m [msg 0xf24e1f8] pushing on async queue
0:00:29.281385000 [336m 4877[00m  0xdc450e0 [33;01mLOG    [00m [00m            GST_POLL gstpoll.c:186:gboolean raise_wakeup(GstPoll *):[00m 0xdbed6a0: raise
0:00:29.281529000 [336m 4877[00m  0xdc450e0 [37mDEBUG  [00m [00;43m             GST_BUS gstbus.c:350:gboolean gst_bus_post(GstBus *, GstMessage *):<bus1>[00m [msg 0xf24e1f8] pushed on async queue
0:00:29.281552000 [336m 4877[00m  0xdc450e0 [37mDEBUG  [00m [00;43m             GST_BUS gstbus.c:343:gboolean gst_bus_post(GstBus *, GstMessage *):<bus0>[00m [msg 0xf24e1f8] dropped
0:00:29.281555000 [336m 4877[00m  0xdc42b20 [33;01mLOG    [00m [00;43m             GST_BUS gstbus.c:498:GstMessage *gst_bus_timed_pop_filtered(GstBus *, GstClockTime, GstMessageType):<bus1>[00m have 1 messages
0:00:29.281592000 [336m 4877[00m  0xdc42b20 [33;01mLOG    [00m [00m            GST_POLL gstpoll.c:201:gboolean release_wakeup(GstPoll *):[00m 0xdbed6a0: release
0:00:29.281593000 [336m 4877[00m  0xdc450e0 [37mDEBUG  [00m [00;43m             GST_BUS gstbus.c:343:gboolean gst_bus_post(GstBus *, GstMessage *):<bus3>[00m [msg 0xf24e1f8] dropped
0:00:29.281606000 [336m 4877[00m  0xdc42b20 [37mDEBUG  [00m [00;43m             GST_BUS gstbus.c:506:GstMessage *gst_bus_timed_pop_filtered(GstBus *, GstClockTime, GstMessageType):<bus1>[00m got message 0xf24e1f8, progress from source, type mask is 4294967295
0:00:29.281775000 [336m 4877[00m  0xdc450e0 [37mDEBUG  [00m [00m             rtspsrc gstrtspsrc.c:4468:gst_rtspsrc_loop_send_cmd:<source>[00m sending cmd 1
0:00:29.281793000 [336m 4877[00m  0xdc450e0 [37mDEBUG  [00m [00m             rtspsrc gstrtspsrc.c:4491:gst_rtspsrc_loop_send_cmd:<source>[00m not interrupting busy cmd 0
0:00:29.281805000 [336m 4877[00m  0xdc450e0 [37mDEBUG  [00m [00m                task gsttask.c:662:gboolean gst_task_set_state(GstTask *, GstTaskState):<task0>[00m Changing task 0xeac6028 to state 0
0:00:29.281779000 [336m 4877[00m  0xdc42b20 [37mDEBUG  [00m [00;43m             GST_BUS gstbus.c:767:gboolean gst_bus_source_dispatch(GSource *, GSourceFunc, gpointer):<bus1>[00m source 0xe362e10 calling dispatch with progress message: 0xf24e1f8, time 99:99:99.999999999, seq-num 8, element 'source', GstMessageProgress, type=(GstProgressType)GST_PROGRESS_TYPE_START, code=(string)open, text=(string)"Opening\ Stream", percent=(int)0, timeout=(int)-1;
0:00:29.281887000 [336m 4877[00m  0xdc450e0 [37mDEBUG  [00m [00;01;31m          GST_STATES gstbin.c:2546:GstStateChangeReturn gst_bin_change_state_func(GstElement *, GstStateChange):<source>[00m changing state of children from READY to PAUSED
0:00:29.281901000 [336m 4877[00m  0xdc45950 [37mDEBUG  [00m [00m                task gsttask.c:270:void gst_task_func(GstTask *):[00m Entering task 0xeac6028, thread 0xdc45950
0:00:29.282050000 [336m 4877[00m  0xdc450e0 [37mDEBUG  [00m [00;01m                 bin gstbin.c:2566:GstStateChangeReturn gst_bin_change_state_func(GstElement *, GstStateChange):<source>[00m clearing EOS elements
0:00:29.282053000 [336m 4877[00m  0xdc42b20 [33;01mLOG    [00m [00;01;37;41m         GST_MESSAGE gstmessage.c:186:void _gst_message_free(GstMessage *):[00m finalize message 0xf24e1f8, progress from source
0:00:29.282241000 [336m 4877[00m  0xdc450e0 [37mDEBUG  [00m [00;01m                 bin gstbin.c:2415:gboolean gst_bin_src_pads_activate(GstBin *, gboolean):<source>[00m activate pads
0:00:29.282249000 [336m 4877[00m  0xdc45950 [37mDEBUG  [00m [00m             rtspsrc gstrtspsrc.c:6974:gst_rtspsrc_thread:<source>[00m got command 1
0:00:29.282256000 [336m 4877[00m  0xdc42b20 [37mDEBUG  [00m [00;43m             GST_BUS gstbus.c:772:gboolean gst_bus_source_dispatch(GSource *, GSourceFunc, gpointer):<bus1>[00m source 0xe362e10 handler returns 1
0:00:29.282311000 [336m 4877[00m  0xdc45950 [37mDEBUG  [00m [00m             rtspsrc gstrtspsrc.c:3717:gst_rtspsrc_connection_flush:<source>[00m set flushing 0
0:00:29.282341000 [336m 4877[00m  0xdc450e0 [37mDEBUG  [00m [00;01m                 bin gstbin.c:2423:gboolean gst_bin_src_pads_activate(GstBin *, gboolean):<source>[00m pad activation successful
0:00:29.282344000 [336m 4877[00m  0xdc45950 [37mDEBUG  [00m [00m             rtspsrc gstrtspsrc.c:3621:gst_rtsp_conninfo_connect:<source>[00m creating connection (rtsp://192.168.111.97:8554/m)...
0:00:29.282485000 [336m 4877[00m  0xdc450e0 [37mDEBUG  [00m [00;01m                 bin gstbin.c:2107:void gst_bin_sort_iterator_resync(GstBinSortIterator *):<source>[00m resync
0:00:29.282502000 [336m 4877[00m  0xdc450e0 [37mDEBUG  [00m [00;01m                 bin gstbin.c:2083:GstIteratorResult gst_bin_sort_iterator_next(GstBinSortIterator *, GValue *):<source>[00m queue empty, elements exhausted
0:00:29.282513000 [336m 4877[00m  0xdc450e0 [37mDEBUG  [00m [00;01;31m          GST_STATES gstbin.c:2715:GstStateChangeReturn gst_bin_change_state_func(GstElement *, GstStateChange):<source>[00m iterator done
0:00:29.282523000 [336m 4877[00m  0xdc450e0 [33;01mLOG    [00m [00;01;31m          GST_STATES gstelement.c:2797:GstStateChangeReturn gst_element_change_state_func(GstElement *, GstStateChange):<source>[00m default handler tries setting state from READY to PAUSED (0013)
0:00:29.282708000 [336m 4877[00m  0xdc450e0 [37mDEBUG  [00m [00;01;37;41m    GST_ELEMENT_PADS gstelement.c:2740:gboolean gst_element_pads_activate(GstElement *, gboolean):<source>[00m activate pads
0:00:29.282738000 [336m 4877[00m  0xdc450e0 [37mDEBUG  [00m [00;01;37;41m    GST_ELEMENT_PADS gstelement.c:2759:gboolean gst_element_pads_activate(GstElement *, gboolean):<source>[00m pad activation successful
0:00:29.282758000 [336m 4877[00m  0xdc450e0 [37mDEBUG  [00m [00;01m                 bin gstbin.c:2125:void gst_bin_sort_iterator_free(GstBinSortIterator *):<source>[00m free
0:00:29.282772000 [336m 4877[00m  0xdc450e0 [37mDEBUG  [00m [00;01m                 bin gstbin.c:2750:GstStateChangeReturn gst_bin_change_state_func(GstElement *, GstStateChange):<source>[00m no async elements
0:00:29.282781000 [336m 4877[00m  0xdc450e0 [37mDEBUG  [00m [00;01;31m          GST_STATES gstbin.c:2784:GstStateChangeReturn gst_bin_change_state_func(GstElement *, GstStateChange):<source>[00m done changing bin's state from READY to PAUSED, now in READY, ret SUCCESS
0:00:29.282952000 [336m 4877[00m  0xdc45950 [37mDEBUG  [00m [00m             rtspsrc gstrtspsrc.c:3629:gst_rtsp_conninfo_connect:<source>[00m sanitized uri rtsp://192.168.111.97:8554/m
0:00:29.282958000 [336m 4877[00m  0xdc450e0 [37mDEBUG  [00m [00;01;31m          GST_STATES gstelement.c:2643:GstStateChangeReturn gst_element_change_state(GstElement *, GstStateChange):<source>[00m element changed state NO_PREROLL
0:00:29.283000000 [336m 4877[00m  0xdc450e0 [36mINFO   [00m [00;01;31m          GST_STATES gstelement.c:2328:GstStateChangeReturn gst_element_continue_state(GstElement *, GstStateChangeReturn):<source>[00m completed state change to PAUSED
0:00:29.283016000 [336m 4877[00m  0xdc450e0 [36mINFO   [00m [00;01;31m          GST_STATES gstelement.c:2233:void _priv_gst_element_state_changed(GstElement *, GstState, GstState, GstState):<source>[00m notifying about state-changed READY to PAUSED (VOID_PENDING pending)
0:00:29.283015000 [336m 4877[00m  0xdc45950 [33;01mLOG    [00m [00;01;37;41m         GST_MESSAGE gstmessage.c:284:GstMessage *gst_message_new_custom(GstMessageType, GstObject *, GstStructure *):[00m source source: creating new message 0xfa4d940 progress
0:00:29.283215000 [336m 4877[00m  0xdc450e0 [33;01mLOG    [00m [00;01;37;41m         GST_MESSAGE gstmessage.c:284:GstMessage *gst_message_new_custom(GstMessageType, GstObject *, GstStructure *):[00m source source: creating new message 0xf24e0b8 state-changed
0:00:29.283239000 [336m 4877[00m  0xdc450e0 [37mDEBUG  [00m [00;43m             GST_BUS gstbus.c:312:gboolean gst_bus_post(GstBus *, GstMessage *):<bus3>[00m [msg 0xf24e0b8] posting on bus state-changed message: 0xf24e0b8, time 99:99:99.999999999, seq-num 10, element 'source', GstMessageStateChanged, old-state=(GstState)GST_STATE_READY, new-state=(GstState)GST_STATE_PAUSED, pending-state=(GstState)GST_STATE_VOID_PENDING;
0:00:29.283222000 [336m 4877[00m  0xdc45950 [37mDEBUG  [00m [00;43m             GST_BUS gstbus.c:312:gboolean gst_bus_post(GstBus *, GstMessage *):<bus3>[00m [msg 0xfa4d940] posting on bus progress message: 0xfa4d940, time 99:99:99.999999999, seq-num 9, element 'source', GstMessageProgress, type=(GstProgressType)GST_PROGRESS_TYPE_CONTINUE, code=(string)connect, text=(string)"Connecting\ to\ rtsp://192.168.111.97:8554/m", percent=(int)0, timeout=(int)-1;
0:00:29.283438000 [336m 4877[00m  0xdc45950 [37mDEBUG  [00m [00;01m                 bin gstbin.c:3396:void gst_bin_handle_message_func(GstBin *, GstMessage *):<uridecodebin0>[00m [msg 0xfa4d940] handling child source message of type progress
0:00:29.283434000 [336m 4877[00m  0xdc450e0 [37mDEBUG  [00m [00;01m                 bin gstbin.c:3396:void gst_bin_handle_message_func(GstBin *, GstMessage *):<uridecodebin0>[00m [msg 0xf24e0b8] handling child source message of type state-changed
0:00:29.283479000 [336m 4877[00m  0xdc45950 [37mDEBUG  [00m [00;01m                 bin gstbin.c:3729:void gst_bin_handle_message_func(GstBin *, GstMessage *):<uridecodebin0>[00m posting message upward
0:00:29.283485000 [336m 4877[00m  0xdc450e0 [37mDEBUG  [00m [00;01m                 bin gstbin.c:3729:void gst_bin_handle_message_func(GstBin *, GstMessage *):<uridecodebin0>[00m posting message upward
0:00:29.283671000 [336m 4877[00m  0xdc45950 [37mDEBUG  [00m [00;43m             GST_BUS gstbus.c:312:gboolean gst_bus_post(GstBus *, GstMessage *):<bus0>[00m [msg 0xfa4d940] posting on bus progress message: 0xfa4d940, time 99:99:99.999999999, seq-num 9, element 'source', GstMessageProgress, type=(GstProgressType)GST_PROGRESS_TYPE_CONTINUE, code=(string)connect, text=(string)"Connecting\ to\ rtsp://192.168.111.97:8554/m", percent=(int)0, timeout=(int)-1;
0:00:29.283676000 [336m 4877[00m  0xdc450e0 [37mDEBUG  [00m [00;43m             GST_BUS gstbus.c:312:gboolean gst_bus_post(GstBus *, GstMessage *):<bus0>[00m [msg 0xf24e0b8] posting on bus state-changed message: 0xf24e0b8, time 99:99:99.999999999, seq-num 10, element 'source', GstMessageStateChanged, old-state=(GstState)GST_STATE_READY, new-state=(GstState)GST_STATE_PAUSED, pending-state=(GstState)GST_STATE_VOID_PENDING;
0:00:29.283883000 [336m 4877[00m  0xdc45950 [37mDEBUG  [00m [00;01m                 bin gstbin.c:3396:void gst_bin_handle_message_func(GstBin *, GstMessage *):<playbin0>[00m [msg 0xfa4d940] handling child source message of type progress
0:00:29.283909000 [336m 4877[00m  0xdc450e0 [37mDEBUG  [00m [00;01m                 bin gstbin.c:3396:void gst_bin_handle_message_func(GstBin *, GstMessage *):<playbin0>[00m [msg 0xf24e0b8] handling child source message of type state-changed
0:00:29.283949000 [336m 4877[00m  0xdc45950 [37mDEBUG  [00m [00;01m                 bin gstbin.c:3729:void gst_bin_handle_message_func(GstBin *, GstMessage *):<playbin0>[00m posting message upward
0:00:29.283954000 [336m 4877[00m  0xdc450e0 [37mDEBUG  [00m [00;01m                 bin gstbin.c:3729:void gst_bin_handle_message_func(GstBin *, GstMessage *):<playbin0>[00m posting message upward
0:00:29.284124000 [336m 4877[00m  0xdc45950 [37mDEBUG  [00m [00;43m             GST_BUS gstbus.c:312:gboolean gst_bus_post(GstBus *, GstMessage *):<bus1>[00m [msg 0xfa4d940] posting on bus progress message: 0xfa4d940, time 99:99:99.999999999, seq-num 9, element 'source', GstMessageProgress, type=(GstProgressType)GST_PROGRESS_TYPE_CONTINUE, code=(string)connect, text=(string)"Connecting\ to\ rtsp://192.168.111.97:8554/m", percent=(int)0, timeout=(int)-1;
0:00:29.284156000 [336m 4877[00m  0xdc450e0 [37mDEBUG  [00m [00;43m             GST_BUS gstbus.c:312:gboolean gst_bus_post(GstBus *, GstMessage *):<bus1>[00m [msg 0xf24e0b8] posting on bus state-changed message: 0xf24e0b8, time 99:99:99.999999999, seq-num 10, element 'source', GstMessageStateChanged, old-state=(GstState)GST_STATE_READY, new-state=(GstState)GST_STATE_PAUSED, pending-state=(GstState)GST_STATE_VOID_PENDING;
0:00:29.284191000 [336m 4877[00m  0xdc45950 [37mDEBUG  [00m [00;43m             GST_BUS gstbus.c:347:gboolean gst_bus_post(GstBus *, GstMessage *):<bus1>[00m [msg 0xfa4d940] pushing on async queue
0:00:29.284387000 [336m 4877[00m  0xdc450e0 [37mDEBUG  [00m [00;43m             GST_BUS gstbus.c:347:gboolean gst_bus_post(GstBus *, GstMessage *):<bus1>[00m [msg 0xf24e0b8] pushing on async queue
0:00:29.284406000 [336m 4877[00m  0xdc45950 [33;01mLOG    [00m [00m            GST_POLL gstpoll.c:186:gboolean raise_wakeup(GstPoll *):[00m 0xdbed6a0: raise
0:00:29.284448000 [336m 4877[00m  0xdc450e0 [37mDEBUG  [00m [00;43m             GST_BUS gstbus.c:350:gboolean gst_bus_post(GstBus *, GstMessage *):<bus1>[00m [msg 0xf24e0b8] pushed on async queue
0:00:29.284462000 [336m 4877[00m  0xdc45950 [37mDEBUG  [00m [00;43m             GST_BUS gstbus.c:350:gboolean gst_bus_post(GstBus *, GstMessage *):<bus1>[00m [msg 0xfa4d940] pushed on async queue
0:00:29.284472000 [336m 4877[00m  0xdc450e0 [37mDEBUG  [00m [00;43m             GST_BUS gstbus.c:343:gboolean gst_bus_post(GstBus *, GstMessage *):<bus0>[00m [msg 0xf24e0b8] dropped
0:00:29.284493000 [336m 4877[00m  0xdc42b20 [33;01mLOG    [00m [00;43m             GST_BUS gstbus.c:498:GstMessage *gst_bus_timed_pop_filtered(GstBus *, GstClockTime, GstMessageType):<bus1>[00m have 2 messages
0:00:29.284615000 [336m 4877[00m  0xdc45950 [37mDEBUG  [00m [00;43m             GST_BUS gstbus.c:343:gboolean gst_bus_post(GstBus *, GstMessage *):<bus0>[00m [msg 0xfa4d940] dropped
0:00:29.284649000 [336m 4877[00m  0xdc450e0 [37mDEBUG  [00m [00;43m             GST_BUS gstbus.c:343:gboolean gst_bus_post(GstBus *, GstMessage *):<bus3>[00m [msg 0xf24e0b8] dropped
0:00:29.284671000 [336m 4877[00m  0xdc42b20 [37mDEBUG  [00m [00;43m             GST_BUS gstbus.c:506:GstMessage *gst_bus_timed_pop_filtered(GstBus *, GstClockTime, GstMessageType):<bus1>[00m got message 0xfa4d940, progress from source, type mask is 4294967295
0:00:29.284689000 [336m 4877[00m  0xdc45950 [37mDEBUG  [00m [00;43m             GST_BUS gstbus.c:343:gboolean gst_bus_post(GstBus *, GstMessage *):<bus3>[00m [msg 0xfa4d940] dropped
0:00:29.284709000 [336m 4877[00m  0xdc450e0 [33;01mLOG    [00m [00;01;31m          GST_STATES gstelement.c:2652:GstStateChangeReturn gst_element_change_state(GstElement *, GstStateChange):<source>[00m exit state change 3
0:00:29.284887000 [336m 4877[00m  0xdc45950 [37mDEBUG  [00m [00m             rtspsrc gstrtspsrc.c:3647:gst_rtsp_conninfo_connect:<source>[00m connecting (rtsp://192.168.111.97:8554/m)...
0:00:29.284891000 [336m 4877[00m  0xdc450e0 [33;01mLOG    [00m [00;01;31m          GST_STATES gstelement.c:2652:GstStateChangeReturn gst_element_change_state(GstElement *, GstStateChange):<source>[00m exit state change 3
0:00:29.284867000 [336m 4877[00m  0xdc42b20 [37mDEBUG  [00m [00;43m             GST_BUS gstbus.c:767:gboolean gst_bus_source_dispatch(GSource *, GSourceFunc, gpointer):<bus1>[00m source 0xe362e10 calling dispatch with progress message: 0xfa4d940, time 99:99:99.999999999, seq-num 9, element 'source', GstMessageProgress, type=(GstProgressType)GST_PROGRESS_TYPE_CONTINUE, code=(string)connect, text=(string)"Connecting\ to\ rtsp://192.168.111.97:8554/m", percent=(int)0, timeout=(int)-1;
0:00:29.285098000 [336m 4877[00m  0xdc450e0 [37mDEBUG  [00m [00;01;31m          GST_STATES gstelement.c:2563:GstStateChangeReturn gst_element_set_state_func(GstElement *, GstState):<source>[00m returned NO PREROLL
0:00:29.285132000 [336m 4877[00m  0xdc42b20 [33;01mLOG    [00m [00;01;37;41m         GST_MESSAGE gstmessage.c:186:void _gst_message_free(GstMessage *):[00m finalize message 0xfa4d940, progress from source
0:00:29.285143000 [336m 4877[00m  0xdc450e0 [36mINFO   [00m [00;01;31m          GST_STATES gstbin.c:2699:GstStateChangeReturn gst_bin_change_state_func(GstElement *, GstStateChange):<uridecodebin0>[00m child 'source' changed state to 3(PAUSED) successfully without preroll
0:00:29.285159000 [336m 4877[00m  0xdc42b20 [37mDEBUG  [00m [00;43m             GST_BUS gstbus.c:772:gboolean gst_bus_source_dispatch(GSource *, GSourceFunc, gpointer):<bus1>[00m source 0xe362e10 handler returns 1
0:00:29.285368000 [336m 4877[00m  0xdc450e0 [37mDEBUG  [00m [00;01m                 bin gstbin.c:2083:GstIteratorResult gst_bin_sort_iterator_next(GstBinSortIterator *, GValue *):<uridecodebin0>[00m queue empty, elements exhausted
0:00:29.285406000 [336m 4877[00m  0xdc450e0 [37mDEBUG  [00m [00;01;31m          GST_STATES gstbin.c:2715:GstStateChangeReturn gst_bin_change_state_func(GstElement *, GstStateChange):<uridecodebin0>[00m iterator done
0:00:29.285418000 [336m 4877[00m  0xdc42b20 [33;01mLOG    [00m [00;43m             GST_BUS gstbus.c:498:GstMessage *gst_bus_timed_pop_filtered(GstBus *, GstClockTime, GstMessageType):<bus1>[00m have 1 messages
0:00:29.285424000 [336m 4877[00m  0xdc450e0 [33;01mLOG    [00m [00;01;31m          GST_STATES gstelement.c:2797:GstStateChangeReturn gst_element_change_state_func(GstElement *, GstStateChange):<uridecodebin0>[00m default handler tries setting state from READY to PAUSED (0013)
0:00:29.285438000 [336m 4877[00m  0xdc42b20 [33;01mLOG    [00m [00m            GST_POLL gstpoll.c:201:gboolean release_wakeup(GstPoll *):[00m 0xdbed6a0: release
0:00:29.285625000 [336m 4877[00m  0xdc450e0 [37mDEBUG  [00m [00;01;37;41m    GST_ELEMENT_PADS gstelement.c:2740:gboolean gst_element_pads_activate(GstElement *, gboolean):<uridecodebin0>[00m activate pads
0:00:29.285649000 [336m 4877[00m  0xdc42b20 [37mDEBUG  [00m [00;43m             GST_BUS gstbus.c:506:GstMessage *gst_bus_timed_pop_filtered(GstBus *, GstClockTime, GstMessageType):<bus1>[00m got message 0xf24e0b8, state-changed from source, type mask is 4294967295
0:00:29.285658000 [336m 4877[00m  0xdc450e0 [37mDEBUG  [00m [00;01;37;41m    GST_ELEMENT_PADS gstelement.c:2759:gboolean gst_element_pads_activate(GstElement *, gboolean):<uridecodebin0>[00m pad activation successful
0:00:29.285704000 [336m 4877[00m  0xdc450e0 [37mDEBUG  [00m [00;01;31m          GST_STATES gstbin.c:2728:GstStateChangeReturn gst_bin_change_state_func(GstElement *, GstStateChange):<uridecodebin0>[00m we have NO_PREROLL elements SUCCESS -> NO_PREROLL
0:00:29.285701000 [336m 4877[00m  0xdc42b20 [37mDEBUG  [00m [00;43m             GST_BUS gstbus.c:767:gboolean gst_bus_source_dispatch(GSource *, GSourceFunc, gpointer):<bus1>[00m source 0xe362e10 calling dispatch with state-changed message: 0xf24e0b8, time 99:99:99.999999999, seq-num 10, element 'source', GstMessageStateChanged, old-state=(GstState)GST_STATE_READY, new-state=(GstState)GST_STATE_PAUSED, pending-state=(GstState)GST_STATE_VOID_PENDING;
0:00:29.285932000 [336m 4877[00m  0xdc450e0 [37mDEBUG  [00m [00;01m                 bin gstbin.c:2125:void gst_bin_sort_iterator_free(GstBinSortIterator *):<uridecodebin0>[00m free
0:00:29.285965000 [336m 4877[00m  0xdc450e0 [37mDEBUG  [00m [00;01m                 bin gstbin.c:2750:GstStateChangeReturn gst_bin_change_state_func(GstElement *, GstStateChange):<uridecodebin0>[00m no async elements
0:00:29.285960000 [336m 4877[00m  0xdc42b20 [33;01mLOG    [00m [00;01;37;41m         GST_MESSAGE gstmessage.c:186:void _gst_message_free(GstMessage *):[00m finalize message 0xf24e0b8, state-changed from source
0:00:29.286180000 [336m 4877[00m  0xdc42b20 [37mDEBUG  [00m [00;43m             GST_BUS gstbus.c:772:gboolean gst_bus_source_dispatch(GSource *, GSourceFunc, gpointer):<bus1>[00m source 0xe362e10 handler returns 1
0:00:29.286175000 [336m 4877[00m  0xdc450e0 [37mDEBUG  [00m [00;01;31m          GST_STATES gstbin.c:2784:GstStateChangeReturn gst_bin_change_state_func(GstElement *, GstStateChange):<uridecodebin0>[00m done changing bin's state from READY to PAUSED, now in READY, ret NO PREROLL
0:00:29.286229000 [336m 4877[00m  0xdc450e0 [37mDEBUG  [00m [00m        uridecodebin gsturidecodebin.c:2658:GstStateChangeReturn gst_uri_decode_bin_change_state(GstElement *, GstStateChange):[00m ready to paused
0:00:29.286244000 [336m 4877[00m  0xdc450e0 [37mDEBUG  [00m [00;01;31m          GST_STATES gstelement.c:2643:GstStateChangeReturn gst_element_change_state(GstElement *, GstStateChange):<uridecodebin0>[00m element changed state NO_PREROLL
0:00:29.286397000 [336m 4877[00m  0xdc450e0 [36mINFO   [00m [00;01;31m          GST_STATES gstelement.c:2328:GstStateChangeReturn gst_element_continue_state(GstElement *, GstStateChangeReturn):<uridecodebin0>[00m completed state change to PAUSED
0:00:29.286420000 [336m 4877[00m  0xdc450e0 [36mINFO   [00m [00;01;31m          GST_STATES gstelement.c:2233:void _priv_gst_element_state_changed(GstElement *, GstState, GstState, GstState):<uridecodebin0>[00m notifying about state-changed READY to PAUSED (VOID_PENDING pending)
0:00:29.286446000 [336m 4877[00m  0xdc450e0 [33;01mLOG    [00m [00;01;37;41m         GST_MESSAGE gstmessage.c:284:GstMessage *gst_message_new_custom(GstMessageType, GstObject *, GstStructure *):[00m source uridecodebin0: creating new message 0xf24db30 state-changed
0:00:29.286615000 [336m 4877[00m  0xdc450e0 [37mDEBUG  [00m [00;43m             GST_BUS gstbus.c:312:gboolean gst_bus_post(GstBus *, GstMessage *):<bus0>[00m [msg 0xf24db30] posting on bus state-changed message: 0xf24db30, time 99:99:99.999999999, seq-num 11, element 'uridecodebin0', GstMessageStateChanged, old-state=(GstState)GST_STATE_READY, new-state=(GstState)GST_STATE_PAUSED, pending-state=(GstState)GST_STATE_VOID_PENDING;
0:00:29.286671000 [336m 4877[00m  0xdc450e0 [37mDEBUG  [00m [00;01m                 bin gstbin.c:3396:void gst_bin_handle_message_func(GstBin *, GstMessage *):<playbin0>[00m [msg 0xf24db30] handling child uridecodebin0 message of type state-changed
0:00:29.286698000 [336m 4877[00m  0xdc450e0 [37mDEBUG  [00m [00;01m                 bin gstbin.c:3729:void gst_bin_handle_message_func(GstBin *, GstMessage *):<playbin0>[00m posting message upward
0:00:29.286713000 [336m 4877[00m  0xdc450e0 [37mDEBUG  [00m [00;43m             GST_BUS gstbus.c:312:gboolean gst_bus_post(GstBus *, GstMessage *):<bus1>[00m [msg 0xf24db30] posting on bus state-changed message: 0xf24db30, time 99:99:99.999999999, seq-num 11, element 'uridecodebin0', GstMessageStateChanged, old-state=(GstState)GST_STATE_READY, new-state=(GstState)GST_STATE_PAUSED, pending-state=(GstState)GST_STATE_VOID_PENDING;
0:00:29.286846000 [336m 4877[00m  0xdc450e0 [37mDEBUG  [00m [00;43m             GST_BUS gstbus.c:347:gboolean gst_bus_post(GstBus *, GstMessage *):<bus1>[00m [msg 0xf24db30] pushing on async queue
0:00:29.286868000 [336m 4877[00m  0xdc450e0 [33;01mLOG    [00m [00m            GST_POLL gstpoll.c:186:gboolean raise_wakeup(GstPoll *):[00m 0xdbed6a0: raise
0:00:29.286915000 [336m 4877[00m  0xdc42b20 [33;01mLOG    [00m [00;43m             GST_BUS gstbus.c:498:GstMessage *gst_bus_timed_pop_filtered(GstBus *, GstClockTime, GstMessageType):<bus1>[00m have 1 messages
0:00:29.286917000 [336m 4877[00m  0xdc450e0 [37mDEBUG  [00m [00;43m             GST_BUS gstbus.c:350:gboolean gst_bus_post(GstBus *, GstMessage *):<bus1>[00m [msg 0xf24db30] pushed on async queue
0:00:29.287093000 [336m 4877[00m  0xdc42b20 [33;01mLOG    [00m [00m            GST_POLL gstpoll.c:201:gboolean release_wakeup(GstPoll *):[00m 0xdbed6a0: release
0:00:29.287104000 [336m 4877[00m  0xdc450e0 [37mDEBUG  [00m [00;43m             GST_BUS gstbus.c:343:gboolean gst_bus_post(GstBus *, GstMessage *):<bus0>[00m [msg 0xf24db30] dropped
0:00:29.287121000 [336m 4877[00m  0xdc42b20 [37mDEBUG  [00m [00;43m             GST_BUS gstbus.c:506:GstMessage *gst_bus_timed_pop_filtered(GstBus *, GstClockTime, GstMessageType):<bus1>[00m got message 0xf24db30, state-changed from uridecodebin0, type mask is 4294967295
0:00:29.287128000 [336m 4877[00m  0xdc450e0 [33;01mLOG    [00m [00;01;31m          GST_STATES gstelement.c:2652:GstStateChangeReturn gst_element_change_state(GstElement *, GstStateChange):<uridecodebin0>[00m exit state change 3
0:00:29.287175000 [336m 4877[00m  0xdc450e0 [37mDEBUG  [00m [00;01;31m          GST_STATES gstelement.c:2563:GstStateChangeReturn gst_element_set_state_func(GstElement *, GstState):<uridecodebin0>[00m returned NO PREROLL
0:00:29.287173000 [336m 4877[00m  0xdc42b20 [37mDEBUG  [00m [00;43m             GST_BUS gstbus.c:767:gboolean gst_bus_source_dispatch(GSource *, GSourceFunc, gpointer):<bus1>[00m source 0xe362e10 calling dispatch with state-changed message: 0xf24db30, time 99:99:99.999999999, seq-num 11, element 'uridecodebin0', GstMessageStateChanged, old-state=(GstState)GST_STATE_READY, new-state=(GstState)GST_STATE_PAUSED, pending-state=(GstState)GST_STATE_VOID_PENDING;
0:00:29.287335000 [336m 4877[00m  0xdc450e0 [36mINFO   [00m [00;01;31m          GST_STATES gstbin.c:2699:GstStateChangeReturn gst_bin_change_state_func(GstElement *, GstStateChange):<playbin0>[00m child 'uridecodebin0' changed state to 3(PAUSED) successfully without preroll
0:00:29.287362000 [336m 4877[00m  0xdc450e0 [37mDEBUG  [00m [00;01m                 bin gstbin.c:2083:GstIteratorResult gst_bin_sort_iterator_next(GstBinSortIterator *, GValue *):<playbin0>[00m queue empty, elements exhausted
0:00:29.287351000 [336m 4877[00m  0xdc42b20 [33;01mLOG    [00m [00;01;37;41m         GST_MESSAGE gstmessage.c:186:void _gst_message_free(GstMessage *):[00m finalize message 0xf24db30, state-changed from uridecodebin0
0:00:29.287544000 [336m 4877[00m  0xdc450e0 [37mDEBUG  [00m [00;01;31m          GST_STATES gstbin.c:2715:GstStateChangeReturn gst_bin_change_state_func(GstElement *, GstStateChange):<playbin0>[00m iterator done
0:00:29.287551000 [336m 4877[00m  0xdc42b20 [37mDEBUG  [00m [00;43m             GST_BUS gstbus.c:772:gboolean gst_bus_source_dispatch(GSource *, GSourceFunc, gpointer):<bus1>[00m source 0xe362e10 handler returns 1
0:00:29.287594000 [336m 4877[00m  0xdc450e0 [33;01mLOG    [00m [00;01;31m          GST_STATES gstelement.c:2797:GstStateChangeReturn gst_element_change_state_func(GstElement *, GstStateChange):<playbin0>[00m default handler tries setting state from READY to PAUSED (0013)
0:00:29.287713000 [336m 4877[00m  0xdc450e0 [37mDEBUG  [00m [00;01;37;41m    GST_ELEMENT_PADS gstelement.c:2740:gboolean gst_element_pads_activate(GstElement *, gboolean):<playbin0>[00m activate pads
0:00:29.287744000 [336m 4877[00m  0xdc450e0 [37mDEBUG  [00m [00;01;37;41m    GST_ELEMENT_PADS gstelement.c:2759:gboolean gst_element_pads_activate(GstElement *, gboolean):<playbin0>[00m pad activation successful
0:00:29.287762000 [336m 4877[00m  0xdc450e0 [37mDEBUG  [00m [00;01;31m          GST_STATES gstbin.c:2728:GstStateChangeReturn gst_bin_change_state_func(GstElement *, GstStateChange):<playbin0>[00m we have NO_PREROLL elements SUCCESS -> NO_PREROLL
0:00:29.287777000 [336m 4877[00m  0xdc450e0 [37mDEBUG  [00m [00;01m                 bin gstbin.c:2125:void gst_bin_sort_iterator_free(GstBinSortIterator *):<playbin0>[00m free
0:00:29.287787000 [336m 4877[00m  0xdc450e0 [37mDEBUG  [00m [00;01m                 bin gstbin.c:2750:GstStateChangeReturn gst_bin_change_state_func(GstElement *, GstStateChange):<playbin0>[00m no async elements
0:00:29.287896000 [336m 4877[00m  0xdc450e0 [37mDEBUG  [00m [00;01;31m          GST_STATES gstbin.c:2784:GstStateChangeReturn gst_bin_change_state_func(GstElement *, GstStateChange):<playbin0>[00m done changing bin's state from READY to PAUSED, now in READY, ret NO PREROLL
0:00:29.287930000 [336m 4877[00m  0xdc450e0 [37mDEBUG  [00m [00;01m            pipeline gstpipeline.c:282:void reset_start_time(GstPipeline *, GstClockTime):<playbin0>[00m reset start_time to 0
0:00:29.287944000 [336m 4877[00m  0xdc450e0 [37mDEBUG  [00m [00;01;31m          GST_STATES gstelement.c:2643:GstStateChangeReturn gst_element_change_state(GstElement *, GstStateChange):<playbin0>[00m element changed state NO_PREROLL
0:00:29.287957000 [336m 4877[00m  0xdc450e0 [36mINFO   [00m [00;01;31m          GST_STATES gstelement.c:2303:GstStateChangeReturn gst_element_continue_state(GstElement *, GstStateChangeReturn):<playbin0>[00m committing state from READY to PAUSED, pending PLAYING, next PLAYING
0:00:29.288077000 [336m 4877[00m  0xdc450e0 [36mINFO   [00m [00;01;31m          GST_STATES gstelement.c:2233:void _priv_gst_element_state_changed(GstElement *, GstState, GstState, GstState):<playbin0>[00m notifying about state-changed READY to PAUSED (PLAYING pending)
0:00:29.288107000 [336m 4877[00m  0xdc450e0 [33;01mLOG    [00m [00;01;37;41m         GST_MESSAGE gstmessage.c:284:GstMessage *gst_message_new_custom(GstMessageType, GstObject *, GstStructure *):[00m source playbin0: creating new message 0xf24d9a0 state-changed
0:00:29.288129000 [336m 4877[00m  0xdc450e0 [37mDEBUG  [00m [00;43m             GST_BUS gstbus.c:312:gboolean gst_bus_post(GstBus *, GstMessage *):<bus1>[00m [msg 0xf24d9a0] posting on bus state-changed message: 0xf24d9a0, time 99:99:99.999999999, seq-num 12, element 'playbin0', GstMessageStateChanged, old-state=(GstState)GST_STATE_READY, new-state=(GstState)GST_STATE_PAUSED, pending-state=(GstState)GST_STATE_PLAYING;
0:00:29.288259000 [336m 4877[00m  0xdc450e0 [37mDEBUG  [00m [00;43m             GST_BUS gstbus.c:347:gboolean gst_bus_post(GstBus *, GstMessage *):<bus1>[00m [msg 0xf24d9a0] pushing on async queue
0:00:29.288278000 [336m 4877[00m  0xdc450e0 [33;01mLOG    [00m [00m            GST_POLL gstpoll.c:186:gboolean raise_wakeup(GstPoll *):[00m 0xdbed6a0: raise
0:00:29.288299000 [336m 4877[00m  0xdc450e0 [37mDEBUG  [00m [00;43m             GST_BUS gstbus.c:350:gboolean gst_bus_post(GstBus *, GstMessage *):<bus1>[00m [msg 0xf24d9a0] pushed on async queue
0:00:29.288319000 [336m 4877[00m  0xdc450e0 [36mINFO   [00m [00;01;31m          GST_STATES gstelement.c:2310:GstStateChangeReturn gst_element_continue_state(GstElement *, GstStateChangeReturn):<playbin0>[00m continue state change PAUSED to PLAYING, final PLAYING
0:00:29.288330000 [336m 4877[00m  0xdc42b20 [33;01mLOG    [00m [00;43m             GST_BUS gstbus.c:498:GstMessage *gst_bus_timed_pop_filtered(GstBus *, GstClockTime, GstMessageType):<bus1>[00m have 1 messages
0:00:29.288340000 [336m 4877[00m  0xdc450e0 [37mDEBUG  [00m [00;01m            pipeline gstpipeline.c:377:GstStateChangeReturn gst_pipeline_change_state(GstElement *, GstStateChange):<playbin0>[00m selecting clock and base_time
0:00:29.288527000 [336m 4877[00m  0xdc42b20 [33;01mLOG    [00m [00m            GST_POLL gstpoll.c:201:gboolean release_wakeup(GstPoll *):[00m 0xdbed6a0: release
0:00:29.288537000 [336m 4877[00m  0xdc450e0 [37mDEBUG  [00m [00;01m            pipeline gstpipeline.c:398:GstStateChangeReturn gst_pipeline_change_state(GstElement *, GstStateChange):<playbin0>[00m Need to update start_time
0:00:29.288549000 [336m 4877[00m  0xdc42b20 [37mDEBUG  [00m [00;43m             GST_BUS gstbus.c:506:GstMessage *gst_bus_timed_pop_filtered(GstBus *, GstClockTime, GstMessageType):<bus1>[00m got message 0xf24d9a0, state-changed from playbin0, type mask is 4294967295
0:00:29.288559000 [336m 4877[00m  0xdc450e0 [37mDEBUG  [00m [00;01m            pipeline gstpipeline.c:403:GstStateChangeReturn gst_pipeline_change_state(GstElement *, GstStateChange):<playbin0>[00m Need to update clock.
0:00:29.288736000 [336m 4877[00m  0xdc450e0 [37mDEBUG  [00m [00;01m                 bin gstbin.c:837:GstClock *gst_bin_provide_clock_func(GstElement *):<playbin0>[00m returning old clock 0x0
0:00:29.288756000 [336m 4877[00m  0xdc450e0 [37mDEBUG  [00m [00;01;33m           GST_CLOCK gstsystemclock.c:303:GstClock *gst_system_clock_obtain():[00m creating new static system clock
0:00:29.288729000 [336m 4877[00m  0xdc42b20 [37mDEBUG  [00m [00;43m             GST_BUS gstbus.c:767:gboolean gst_bus_source_dispatch(GSource *, GSourceFunc, gpointer):<bus1>[00m source 0xe362e10 calling dispatch with state-changed message: 0xf24d9a0, time 99:99:99.999999999, seq-num 12, element 'playbin0', GstMessageStateChanged, old-state=(GstState)GST_STATE_READY, new-state=(GstState)GST_STATE_PAUSED, pending-state=(GstState)GST_STATE_PLAYING;
0:00:29.288786000 [336m 4877[00m  0xdc450e0 [37mDEBUG  [00m [00m            GST_POLL gstpoll.c:556:GstPoll *gst_poll_new(gboolean):[00m controllable : 1
0:00:29.288818000 [336m 4877[00m  0xdc42b20 [33;01mLOG    [00m [00m            playsink gstplaysink.c:858:GstElement *gst_play_sink_get_sink(GstPlaySink *, GstPlaySinkType):<playsink>[00m locking from thread 0xdc42b20
0:00:29.288981000 [336m 4877[00m  0xdc42b20 [33;01mLOG    [00m [00m            playsink gstplaysink.c:858:GstElement *gst_play_sink_get_sink(GstPlaySink *, GstPlaySinkType):<playsink>[00m locked from thread 0xdc42b20
0:00:29.288998000 [336m 4877[00m  0xdc42b20 [33;01mLOG    [00m [00m            playsink gstplaysink.c:896:GstElement *gst_play_sink_get_sink(GstPlaySink *, GstPlaySinkType):<playsink>[00m unlocking from thread 0xdc42b20
0:00:29.288991000 [336m 4877[00m  0xdc450e0 [37mDEBUG  [00m [00m            GST_POLL gstpoll.c:727:gboolean gst_poll_add_fd_unlocked(GstPoll *, GstPollFD *):[00m 0xdbed4e0: fd (fd:23, idx:0)
0:00:29.289031000 [336m 4877[00m  0xdc42b20 [33;01mLOG    [00m [00m             playbin gstplaybin2.c:2344:GstElement *gst_play_bin_get_current_sink(GstPlayBin *, GstElement **, const gchar *, GstPlaySinkType):<playbin0>[00m play_sink_get_sink() returned video sink (NULL), the originally set video sink is (NULL)
0:00:29.289036000 [336m 4877[00m  0xdc450e0 [37mDEBUG  [00m [00m            GST_POLL gstpoll.c:894:gboolean gst_poll_fd_ctl_read_unlocked(GstPoll *, GstPollFD *, gboolean):[00m 0xdbed4e0: fd (fd:23, idx:0), active : 1
0:00:29.289221000 [336m 4877[00m  0xdc42b20 [37mDEBUG  [00m [00m     playback-sample /Users/iddoshoham/Desktop/UscStudent/UscStudent/GStreamerBackend.m:170:execute_seek:[00m Seeking to 0:00:00.000000000
0:00:29.289239000 [336m 4877[00m  0xdc450e0 [37mDEBUG  [00m [00;01;33m           GST_CLOCK gstpipeline.c:622:GstClock *gst_pipeline_provide_clock_func(GstElement *):[00m pipeline obtained system clock: 0xdc77028 (GstSystemClock)
0:00:29.289248000 [336m 4877[00m  0xdc42b20 [36mINFO   [00m [00;01;34m           GST_EVENT gstevent.c:1070:GstEvent *gst_event_new_seek(gdouble, GstFormat, GstSeekFlags, GstSeekType, gint64, GstSeekType, gint64):[00m creating seek rate 1.000000, format TIME, flags 5, start_type 1, start 0:00:00.000000000, stop_type 0, stop 0:00:00.000000000
0:00:29.289272000 [336m 4877[00m  0xdc450e0 [37mDEBUG  [00m [00;01;33m           GST_CLOCK gstclock.c:952:GstClockTime gst_clock_get_internal_time(GstClock *):<GstSystemClock>[00m internal time 384207:38:15.029612000
0:00:29.289436000 [336m 4877[00m  0xdc450e0 [37mDEBUG  [00m [00;01;33m           GST_CLOCK gstclock.c:997:GstClockTime gst_clock_get_time(GstClock *):<GstSystemClock>[00m adjusted time 384207:38:15.029612000
0:00:29.289439000 [336m 4877[00m  0xdc42b20 [37mDEBUG  [00m [00;01;34m           GST_EVENT gstevent.c:300:GstEvent *gst_event_new_custom(GstEventType, GstStructure *):[00m creating new event 0xdc46390 seek 51201
0:00:29.289484000 [336m 4877[00m  0xdc450e0 [37mDEBUG  [00m [00;01;33m           GST_CLOCK gstelement.c:408:gboolean gst_element_set_clock(GstElement *, GstClock *):<playbin0>[00m setting clock 0xdc77028
0:00:29.289641000 [336m 4877[00m  0xdc450e0 [37mDEBUG  [00m [00;01;33m           GST_CLOCK gstelement.c:408:gboolean gst_element_set_clock(GstElement *, GstClock *):<uridecodebin0>[00m setting clock 0xdc77028
0:00:29.289671000 [336m 4877[00m  0xdc450e0 [37mDEBUG  [00m [00;01;33m           GST_CLOCK gstelement.c:408:gboolean gst_element_set_clock(GstElement *, GstClock *):<source>[00m setting clock 0xdc77028
0:00:29.289694000 [336m 4877[00m  0xdc450e0 [37mDEBUG  [00m [00;01m                 bin gstbin.c:726:gboolean gst_bin_set_clock_func(GstElement *, GstClock *):<source>[00m iterator done
0:00:29.289714000 [336m 4877[00m  0xdc450e0 [37mDEBUG  [00m [00;01m                 bin gstbin.c:726:gboolean gst_bin_set_clock_func(GstElement *, GstClock *):<uridecodebin0>[00m iterator done
0:00:29.289734000 [336m 4877[00m  0xdc450e0 [37mDEBUG  [00m [00;01;33m           GST_CLOCK gstelement.c:408:gboolean gst_element_set_clock(GstElement *, GstClock *):<playsink>[00m setting clock 0xdc77028
0:00:29.289868000 [336m 4877[00m  0xdc450e0 [37mDEBUG  [00m [00;01;33m           GST_CLOCK gstelement.c:408:gboolean gst_element_set_clock(GstElement *, GstClock *):<streamsynchronizer0>[00m setting clock 0xdc77028
0:00:29.289893000 [336m 4877[00m  0xdc450e0 [37mDEBUG  [00m [00;01m                 bin gstbin.c:726:gboolean gst_bin_set_clock_func(GstElement *, GstClock *):<playsink>[00m iterator done
0:00:29.289909000 [336m 4877[00m  0xdc450e0 [37mDEBUG  [00m [00;01m                 bin gstbin.c:726:gboolean gst_bin_set_clock_func(GstElement *, GstClock *):<playbin0>[00m iterator done
0:00:29.289926000 [336m 4877[00m  0xdc450e0 [33;01mLOG    [00m [00;01;37;41m         GST_MESSAGE gstmessage.c:284:GstMessage *gst_message_new_custom(GstMessageType, GstObject *, GstStructure *):[00m source playbin0: creating new message 0xf24e018 new-clock
0:00:29.289941000 [336m 4877[00m  0xdc450e0 [37mDEBUG  [00m [00;43m             GST_BUS gstbus.c:312:gboolean gst_bus_post(GstBus *, GstMessage *):<bus1>[00m [msg 0xf24e018] posting on bus new-clock message: 0xf24e018, time 99:99:99.999999999, seq-num 14, element 'playbin0', GstMessageNewClock, clock=(GstClock)"\(GstSystemClock\)\ GstSystemClock";
0:00:29.290062000 [336m 4877[00m  0xdc450e0 [37mDEBUG  [00m [00;43m             GST_BUS gstbus.c:347:gboolean gst_bus_post(GstBus *, GstMessage *):<bus1>[00m [msg 0xf24e018] pushing on async queue
0:00:29.290083000 [336m 4877[00m  0xdc450e0 [33;01mLOG    [00m [00m            GST_POLL gstpoll.c:186:gboolean raise_wakeup(GstPoll *):[00m 0xdbed6a0: raise
0:00:29.290110000 [336m 4877[00m  0xdc450e0 [37mDEBUG  [00m [00;43m             GST_BUS gstbus.c:350:gboolean gst_bus_post(GstBus *, GstMessage *):<bus1>[00m [msg 0xf24e018] pushed on async queue
0:00:29.290132000 [336m 4877[00m  0xdc450e0 [37mDEBUG  [00m [00;01m            pipeline gstpipeline.c:443:GstStateChangeReturn gst_pipeline_change_state(GstElement *, GstStateChange):<playbin0>[00m start_time=0:00:00.000000000, now=384207:38:15.029612000, base_time 384207:38:15.029612000
0:00:29.290281000 [336m 4877[00m  0xdc450e0 [37mDEBUG  [00m [00;01;33m           GST_CLOCK gstelement.c:465:void gst_element_set_base_time(GstElement *, GstClockTime):<playbin0>[00m set base_time=384207:38:15.029612000, old 0:00:00.000000000
0:00:29.290309000 [336m 4877[00m  0xdc450e0 [37mDEBUG  [00m [00;01;31m          GST_STATES gstbin.c:2546:GstStateChangeReturn gst_bin_change_state_func(GstElement *, GstStateChange):<playbin0>[00m changing state of children from PAUSED to PLAYING
0:00:29.290348000 [336m 4877[00m  0xdc450e0 [37mDEBUG  [00m [00;01m                 bin gstbin.c:2473:gboolean gst_bin_do_latency_func(GstBin *):<playbin0>[00m querying latency
0:00:29.290361000 [336m 4877[00m  0xdc450e0 [37mDEBUG  [00m [00m               query gstquery.c:680:GstQuery *gst_query_new_custom(GstQueryType, GstStructure *):[00m creating new query 0xdc45980 latency
