0:00:30.106317000 [336m 4877[00m  0xdc45950 [37mDEBUG  [00m [00;01m                 bin gstbin.c:3729:void gst_bin_handle_message_func(GstBin *, GstMessage *):<source>[00m posting message upward
0:00:30.106337000 [336m 4877[00m  0xdc45950 [37mDEBUG  [00m [00;43m             GST_BUS gstbus.c:312:gboolean gst_bus_post(GstBus *, GstMessage *):<bus3>[00m [msg 0xeac85a0] posting on bus state-changed message: 0xeac85a0, time 99:99:99.999999999, seq-num 59, element 'rtpjitterbuffer0', GstMessageStateChanged, old-state=(GstState)GST_STATE_NULL, new-state=(GstState)GST_STATE_READY, pending-state=(GstState)GST_STATE_PLAYING;
0:00:30.106386000 [336m 4877[00m  0xdc45950 [37mDEBUG  [00m [00;01m                 bin gstbin.c:3396:void gst_bin_handle_message_func(GstBin *, GstMessage *):<uridecodebin0>[00m [msg 0xeac85a0] handling child rtpjitterbuffer0 message of type state-changed
0:00:30.106537000 [336m 4877[00m  0xdc45950 [37mDEBUG  [00m [00;01m                 bin gstbin.c:3729:void gst_bin_handle_message_func(GstBin *, GstMessage *):<uridecodebin0>[00m posting message upward
0:00:30.106558000 [336m 4877[00m  0xdc45950 [37mDEBUG  [00m [00;43m             GST_BUS gstbus.c:312:gboolean gst_bus_post(GstBus *, GstMessage *):<bus0>[00m [msg 0xeac85a0] posting on bus state-changed message: 0xeac85a0, time 99:99:99.999999999, seq-num 59, element 'rtpjitterbuffer0', GstMessageStateChanged, old-state=(GstState)GST_STATE_NULL, new-state=(GstState)GST_STATE_READY, pending-state=(GstState)GST_STATE_PLAYING;
0:00:30.106606000 [336m 4877[00m  0xdc45950 [37mDEBUG  [00m [00;01m                 bin gstbin.c:3396:void gst_bin_handle_message_func(GstBin *, GstMessage *):<playbin0>[00m [msg 0xeac85a0] handling child rtpjitterbuffer0 message of type state-changed
0:00:30.106627000 [336m 4877[00m  0xdc45950 [37mDEBUG  [00m [00;01m                 bin gstbin.c:3729:void gst_bin_handle_message_func(GstBin *, GstMessage *):<playbin0>[00m posting message upward
0:00:30.106762000 [336m 4877[00m  0xdc45950 [37mDEBUG  [00m [00;43m             GST_BUS gstbus.c:312:gboolean gst_bus_post(GstBus *, GstMessage *):<bus1>[00m [msg 0xeac85a0] posting on bus state-changed message: 0xeac85a0, time 99:99:99.999999999, seq-num 59, element 'rtpjitterbuffer0', GstMessageStateChanged, old-state=(GstState)GST_STATE_NULL, new-state=(GstState)GST_STATE_READY, pending-state=(GstState)GST_STATE_PLAYING;
0:00:30.106811000 [336m 4877[00m  0xdc45950 [37mDEBUG  [00m [00;43m             GST_BUS gstbus.c:347:gboolean gst_bus_post(GstBus *, GstMessage *):<bus1>[00m [msg 0xeac85a0] pushing on async queue
0:00:30.106830000 [336m 4877[00m  0xdc45950 [33;01mLOG    [00m [00m            GST_POLL gstpoll.c:186:gboolean raise_wakeup(GstPoll *):[00m 0xdbed6a0: raise
0:00:30.106856000 [336m 4877[00m  0xdc45950 [37mDEBUG  [00m [00;43m             GST_BUS gstbus.c:350:gboolean gst_bus_post(GstBus *, GstMessage *):<bus1>[00m [msg 0xeac85a0] pushed on async queue
0:00:30.106872000 [336m 4877[00m  0xdc42b20 [33;01mLOG    [00m [00;43m             GST_BUS gstbus.c:498:GstMessage *gst_bus_timed_pop_filtered(GstBus *, GstClockTime, GstMessageType):<bus1>[00m have 1 messages
0:00:30.107028000 [336m 4877[00m  0xdc42b20 [33;01mLOG    [00m [00m            GST_POLL gstpoll.c:201:gboolean release_wakeup(GstPoll *):[00m 0xdbed6a0: release
0:00:30.107026000 [336m 4877[00m  0xdc45950 [37mDEBUG  [00m [00;43m             GST_BUS gstbus.c:343:gboolean gst_bus_post(GstBus *, GstMessage *):<bus0>[00m [msg 0xeac85a0] dropped
0:00:30.107071000 [336m 4877[00m  0xdc42b20 [37mDEBUG  [00m [00;43m             GST_BUS gstbus.c:506:GstMessage *gst_bus_timed_pop_filtered(GstBus *, GstClockTime, GstMessageType):<bus1>[00m got message 0xeac85a0, state-changed from rtpjitterbuffer0, type mask is 4294967295
0:00:30.107076000 [336m 4877[00m  0xdc45950 [37mDEBUG  [00m [00;43m             GST_BUS gstbus.c:343:gboolean gst_bus_post(GstBus *, GstMessage *):<bus3>[00m [msg 0xeac85a0] dropped
0:00:30.107229000 [336m 4877[00m  0xdc45950 [37mDEBUG  [00m [00;43m             GST_BUS gstbus.c:343:gboolean gst_bus_post(GstBus *, GstMessage *):<bus4>[00m [msg 0xeac85a0] dropped
0:00:30.107218000 [336m 4877[00m  0xdc42b20 [37mDEBUG  [00m [00;43m             GST_BUS gstbus.c:767:gboolean gst_bus_source_dispatch(GSource *, GSourceFunc, gpointer):<bus1>[00m source 0xe362e10 calling dispatch with state-changed message: 0xeac85a0, time 99:99:99.999999999, seq-num 59, element 'rtpjitterbuffer0', GstMessageStateChanged, old-state=(GstState)GST_STATE_NULL, new-state=(GstState)GST_STATE_READY, pending-state=(GstState)GST_STATE_PLAYING;
0:00:30.107251000 [336m 4877[00m  0xdc45950 [37mDEBUG  [00m [00;43m             GST_BUS gstbus.c:343:gboolean gst_bus_post(GstBus *, GstMessage *):<bus5>[00m [msg 0xeac85a0] dropped
0:00:30.107267000 [336m 4877[00m  0xdc42b20 [33;01mLOG    [00m [00;01;37;41m         GST_MESSAGE gstmessage.c:186:void _gst_message_free(GstMessage *):[00m finalize message 0xeac85a0, state-changed from rtpjitterbuffer0
0:00:30.107270000 [336m 4877[00m  0xdc45950 [36mINFO   [00m [00;01;31m          GST_STATES gstelement.c:2310:GstStateChangeReturn gst_element_continue_state(GstElement *, GstStateChangeReturn):<rtpjitterbuffer0>[00m continue state change READY to PAUSED, final PLAYING
0:00:30.107448000 [336m 4877[00m  0xdc42b20 [37mDEBUG  [00m [00;43m             GST_BUS gstbus.c:772:gboolean gst_bus_source_dispatch(GSource *, GSourceFunc, gpointer):<bus1>[00m source 0xe362e10 handler returns 1
0:00:30.107502000 [336m 4877[00m  0xdc45950 [33;01mLOG    [00m [00;01;31m          GST_STATES gstelement.c:2797:GstStateChangeReturn gst_element_change_state_func(GstElement *, GstStateChange):<rtpjitterbuffer0>[00m default handler tries setting state from READY to PAUSED (0013)
0:00:30.107529000 [336m 4877[00m  0xdc45950 [37mDEBUG  [00m [00;01;37;41m    GST_ELEMENT_PADS gstelement.c:2740:gboolean gst_element_pads_activate(GstElement *, gboolean):<rtpjitterbuffer0>[00m activate pads
0:00:30.107522000 [336m 4877[00m  0xea8ad80 [37mDEBUG  [00m [00m     rtpjitterbuffer gstrtpjitterbuffer.c:2558:wait_next_timeout:<rtpjitterbuffer0>[00m now 0:00:00.000000000
0:00:30.107712000 [336m 4877[00m  0xea8ad80 [37mDEBUG  [00m [00m     rtpjitterbuffer gstrtpjitterbuffer.c:2654:wait_next_timeout:<rtpjitterbuffer0>[00m waiting
0:00:30.107711000 [336m 4877[00m  0xdc45950 [37mDEBUG  [00m [00;01;31;41m            GST_PADS gstpad.c:953:gboolean gst_pad_set_active(GstPad *, gboolean):<rtpjitterbuffer0:src>[00m activating pad from none
0:00:30.107759000 [336m 4877[00m  0xdc45950 [37mDEBUG  [00m [00;01;31;41m            GST_PADS gstpad.c:870:void pre_activate(GstPad *, GstPadMode):<rtpjitterbuffer0:src>[00m setting pad into push mode, unset flushing
0:00:30.107787000 [336m 4877[00m  0xdc45950 [37mDEBUG  [00m [00m     rtpjitterbuffer gstrtpjitterbuffer.c:1095:gst_rtp_jitter_buffer_flush_stop:<rtpjitterbuffer0>[00m Enabling pop on queue
0:00:30.107900000 [336m 4877[00m  0xdc45950 [37mDEBUG  [00m [00m     rtpjitterbuffer gstrtpjitterbuffer.c:1111:gst_rtp_jitter_buffer_flush_stop:<rtpjitterbuffer0>[00m flush and reset jitterbuffer
0:00:30.107920000 [336m 4877[00m  0xdc45950 [37mDEBUG  [00m [00m     rtpjitterbuffer rtpjitterbuffer.c:228:rtp_jitter_buffer_reset_skew:[00m reset skew correction
0:00:30.107941000 [336m 4877[00m  0xdc45950 [37mDEBUG  [00m [00m     rtpjitterbuffer gstrtpjitterbuffer.c:1673:remove_all_timers:<rtpjitterbuffer0>[00m removed all timers
0:00:30.107961000 [336m 4877[00m  0xdc45950 [37mDEBUG  [00m [00m     rtpjitterbuffer gstrtpjitterbuffer.c:1134:gst_rtp_jitter_buffer_src_activate_mode:<rtpjitterbuffer0>[00m Starting task on srcpad
0:00:30.107976000 [336m 4877[00m  0xdc45950 [37mDEBUG  [00m [00;01;31;41m            GST_PADS gstpad.c:5356:gboolean gst_pad_start_task(GstPad *, GstTaskFunction, gpointer, GDestroyNotify):<rtpjitterbuffer0:src>[00m start task
0:00:30.108150000 [336m 4877[00m  0xdc45950 [37mDEBUG  [00m [00m                task gsttask.c:407:GstTask *gst_task_new(GstTaskFunction, gpointer, GDestroyNotify):[00m Created task 0xf279018
0:00:30.108169000 [336m 4877[00m  0xdc45950 [36mINFO   [00m [00m                task gsttask.c:431:void gst_task_set_lock(GstTask *, GRecMutex *):[00m setting stream lock 0xeacaee4 on task 0xf279018
0:00:30.108190000 [336m 4877[00m  0xdc45950 [36mINFO   [00m [00;01;31;41m            GST_PADS gstpad.c:5365:gboolean gst_pad_start_task(GstPad *, GstTaskFunction, gpointer, GDestroyNotify):<rtpjitterbuffer0:src>[00m created task 0xf279018
0:00:30.108209000 [336m 4877[00m  0xdc45950 [37mDEBUG  [00m [00;01;31;41m            GST_PADS gstpad.c:5282:void do_stream_status(GstPad *, GstStreamStatusType, GThread *, GstTask *):<rtpjitterbuffer0:src>[00m doing stream-status 0
0:00:30.108242000 [336m 4877[00m  0xdc45950 [33;01mLOG    [00m [00;01;37;41m         GST_MESSAGE gstmessage.c:284:GstMessage *gst_message_new_custom(GstMessageType, GstObject *, GstStructure *):[00m source src: creating new message 0xfa4db20 stream-status
0:00:30.108347000 [336m 4877[00m  0xdc45950 [37mDEBUG  [00m [00;01;31;41m            GST_PADS gstpad.c:5311:void do_stream_status(GstPad *, GstStreamStatusType, GThread *, GstTask *):<rtpjitterbuffer0:src>[00m posting stream-status 0
0:00:30.108370000 [336m 4877[00m  0xdc45950 [37mDEBUG  [00m [00;43m             GST_BUS gstbus.c:312:gboolean gst_bus_post(GstBus *, GstMessage *):<bus5>[00m [msg 0xfa4db20] posting on bus stream-status message: 0xfa4db20, time 99:99:99.999999999, seq-num 60, element 'src', GstMessageStreamStatus, type=(GstStreamStatusType)GST_STREAM_STATUS_TYPE_CREATE, owner=(GstElement)"\(GstRtpJitterBuffer\)\ rtpjitterbuffer0", object=(GstTask)"\(GstTask\)\ task1";
0:00:30.108436000 [336m 4877[00m  0xdc45950 [37mDEBUG  [00m [00;01m                 bin gstbin.c:3396:void gst_bin_handle_message_func(GstBin *, GstMessage *):<manager>[00m [msg 0xfa4db20] handling child src message of type stream-status
0:00:30.108597000 [336m 4877[00m  0xdc45950 [37mDEBUG  [00m [00;01m                 bin gstbin.c:3729:void gst_bin_handle_message_func(GstBin *, GstMessage *):<manager>[00m posting message upward
0:00:30.108618000 [336m 4877[00m  0xdc45950 [37mDEBUG  [00m [00;43m             GST_BUS gstbus.c:312:gboolean gst_bus_post(GstBus *, GstMessage *):<bus4>[00m [msg 0xfa4db20] posting on bus stream-status message: 0xfa4db20, time 99:99:99.999999999, seq-num 60, element 'src', GstMessageStreamStatus, type=(GstStreamStatusType)GST_STREAM_STATUS_TYPE_CREATE, owner=(GstElement)"\(GstRtpJitterBuffer\)\ rtpjitterbuffer0", object=(GstTask)"\(GstTask\)\ task1";
0:00:30.108680000 [336m 4877[00m  0xdc45950 [37mDEBUG  [00m [00;01m                 bin gstbin.c:3396:void gst_bin_handle_message_func(GstBin *, GstMessage *):<source>[00m [msg 0xfa4db20] handling child src message of type stream-status
0:00:30.108701000 [336m 4877[00m  0xdc45950 [37mDEBUG  [00m [00;01m                 bin gstbin.c:3729:void gst_bin_handle_message_func(GstBin *, GstMessage *):<source>[00m posting message upward
0:00:30.108821000 [336m 4877[00m  0xdc45950 [37mDEBUG  [00m [00;43m             GST_BUS gstbus.c:312:gboolean gst_bus_post(GstBus *, GstMessage *):<bus3>[00m [msg 0xfa4db20] posting on bus stream-status message: 0xfa4db20, time 99:99:99.999999999, seq-num 60, element 'src', GstMessageStreamStatus, type=(GstStreamStatusType)GST_STREAM_STATUS_TYPE_CREATE, owner=(GstElement)"\(GstRtpJitterBuffer\)\ rtpjitterbuffer0", object=(GstTask)"\(GstTask\)\ task1";
0:00:30.108883000 [336m 4877[00m  0xdc45950 [37mDEBUG  [00m [00;01m                 bin gstbin.c:3396:void gst_bin_handle_message_func(GstBin *, GstMessage *):<uridecodebin0>[00m [msg 0xfa4db20] handling child src message of type stream-status
0:00:30.108905000 [336m 4877[00m  0xdc45950 [37mDEBUG  [00m [00;01m                 bin gstbin.c:3729:void gst_bin_handle_message_func(GstBin *, GstMessage *):<uridecodebin0>[00m posting message upward
0:00:30.109045000 [336m 4877[00m  0xdc45950 [37mDEBUG  [00m [00;43m             GST_BUS gstbus.c:312:gboolean gst_bus_post(GstBus *, GstMessage *):<bus0>[00m [msg 0xfa4db20] posting on bus stream-status message: 0xfa4db20, time 99:99:99.999999999, seq-num 60, element 'src', GstMessageStreamStatus, type=(GstStreamStatusType)GST_STREAM_STATUS_TYPE_CREATE, owner=(GstElement)"\(GstRtpJitterBuffer\)\ rtpjitterbuffer0", object=(GstTask)"\(GstTask\)\ task1";
0:00:30.109107000 [336m 4877[00m  0xdc45950 [37mDEBUG  [00m [00;01m                 bin gstbin.c:3396:void gst_bin_handle_message_func(GstBin *, GstMessage *):<playbin0>[00m [msg 0xfa4db20] handling child src message of type stream-status
0:00:30.109129000 [336m 4877[00m  0xdc45950 [37mDEBUG  [00m [00;01m                 bin gstbin.c:3729:void gst_bin_handle_message_func(GstBin *, GstMessage *):<playbin0>[00m posting message upward
0:00:30.109146000 [336m 4877[00m  0xdc45950 [37mDEBUG  [00m [00;43m             GST_BUS gstbus.c:312:gboolean gst_bus_post(GstBus *, GstMessage *):<bus1>[00m [msg 0xfa4db20] posting on bus stream-status message: 0xfa4db20, time 99:99:99.999999999, seq-num 60, element 'src', GstMessageStreamStatus, type=(GstStreamStatusType)GST_STREAM_STATUS_TYPE_CREATE, owner=(GstElement)"\(GstRtpJitterBuffer\)\ rtpjitterbuffer0", object=(GstTask)"\(GstTask\)\ task1";
0:00:30.109278000 [336m 4877[00m  0xdc45950 [37mDEBUG  [00m [00;43m             GST_BUS gstbus.c:347:gboolean gst_bus_post(GstBus *, GstMessage *):<bus1>[00m [msg 0xfa4db20] pushing on async queue
0:00:30.109298000 [336m 4877[00m  0xdc45950 [33;01mLOG    [00m [00m            GST_POLL gstpoll.c:186:gboolean raise_wakeup(GstPoll *):[00m 0xdbed6a0: raise
0:00:30.109326000 [336m 4877[00m  0xdc45950 [37mDEBUG  [00m [00;43m             GST_BUS gstbus.c:350:gboolean gst_bus_post(GstBus *, GstMessage *):<bus1>[00m [msg 0xfa4db20] pushed on async queue
0:00:30.109344000 [336m 4877[00m  0xdc42b20 [33;01mLOG    [00m [00;43m             GST_BUS gstbus.c:498:GstMessage *gst_bus_timed_pop_filtered(GstBus *, GstClockTime, GstMessageType):<bus1>[00m have 1 messages
0:00:30.109347000 [336m 4877[00m  0xdc45950 [37mDEBUG  [00m [00;43m             GST_BUS gstbus.c:343:gboolean gst_bus_post(GstBus *, GstMessage *):<bus0>[00m [msg 0xfa4db20] dropped
0:00:30.109531000 [336m 4877[00m  0xdc42b20 [33;01mLOG    [00m [00m            GST_POLL gstpoll.c:201:gboolean release_wakeup(GstPoll *):[00m 0xdbed6a0: release
0:00:30.109537000 [336m 4877[00m  0xdc45950 [37mDEBUG  [00m [00;43m             GST_BUS gstbus.c:343:gboolean gst_bus_post(GstBus *, GstMessage *):<bus3>[00m [msg 0xfa4db20] dropped
0:00:30.109573000 [336m 4877[00m  0xdc45950 [37mDEBUG  [00m [00;43m             GST_BUS gstbus.c:343:gboolean gst_bus_post(GstBus *, GstMessage *):<bus4>[00m [msg 0xfa4db20] dropped
0:00:30.109584000 [336m 4877[00m  0xdc45950 [37mDEBUG  [00m [00;43m             GST_BUS gstbus.c:343:gboolean gst_bus_post(GstBus *, GstMessage *):<bus5>[00m [msg 0xfa4db20] dropped
0:00:30.109578000 [336m 4877[00m  0xdc42b20 [37mDEBUG  [00m [00;43m             GST_BUS gstbus.c:506:GstMessage *gst_bus_timed_pop_filtered(GstBus *, GstClockTime, GstMessageType):<bus1>[00m got message 0xfa4db20, stream-status from src, type mask is 4294967295
0:00:30.109767000 [336m 4877[00m  0xdc45950 [37mDEBUG  [00m [00m                task gsttask.c:662:gboolean gst_task_set_state(GstTask *, GstTaskState):<task1>[00m Changing task 0xf279018 to state 0
0:00:30.109770000 [336m 4877[00m  0xdc42b20 [37mDEBUG  [00m [00;43m             GST_BUS gstbus.c:767:gboolean gst_bus_source_dispatch(GSource *, GSourceFunc, gpointer):<bus1>[00m source 0xe362e10 calling dispatch with stream-status message: 0xfa4db20, time 99:99:99.999999999, seq-num 60, element 'src', GstMessageStreamStatus, type=(GstStreamStatusType)GST_STREAM_STATUS_TYPE_CREATE, owner=(GstElement)"\(GstRtpJitterBuffer\)\ rtpjitterbuffer0", object=(GstTask)"\(GstTask\)\ task1";
0:00:30.109824000 [336m 4877[00m  0xdc45950 [37mDEBUG  [00m [00;01;31;41m            GST_PADS gstpad.c:1091:gboolean gst_pad_activate_mode(GstPad *, GstPadMode, gboolean):<rtpjitterbuffer0:src>[00m activated in push mode
0:00:30.109833000 [336m 4877[00m  0xea8adb0 [37mDEBUG  [00m [00m                task gsttask.c:270:void gst_task_func(GstTask *):[00m Entering task 0xf279018, thread 0xea8adb0
0:00:30.110006000 [336m 4877[00m  0xdc42b20 [33;01mLOG    [00m [00;01;37;41m         GST_MESSAGE gstmessage.c:186:void _gst_message_free(GstMessage *):[00m finalize message 0xfa4db20, stream-status from src
0:00:30.110018000 [336m 4877[00m  0xea8adb0 [37mDEBUG  [00m [00;01;31;41m            GST_PADS gstpad.c:5282:void do_stream_status(GstPad *, GstStreamStatusType, GThread *, GstTask *):<rtpjitterbuffer0:src>[00m doing stream-status 1
0:00:30.110020000 [336m 4877[00m  0xdc45950 [37mDEBUG  [00m [00;01;31;41m            GST_PADS gstpad.c:953:gboolean gst_pad_set_active(GstPad *, gboolean):<rtpjitterbuffer0:sink>[00m activating pad from none
0:00:30.110194000 [336m 4877[00m  0xdc42b20 [37mDEBUG  [00m [00;43m             GST_BUS gstbus.c:772:gboolean gst_bus_source_dispatch(GSource *, GSourceFunc, gpointer):<bus1>[00m source 0xe362e10 handler returns 1
0:00:30.110207000 [336m 4877[00m  0xdc45950 [37mDEBUG  [00m [00;01;31;41m            GST_PADS gstpad.c:870:void pre_activate(GstPad *, GstPadMode):<rtpjitterbuffer0:sink>[00m setting pad into push mode, unset flushing
0:00:30.110217000 [336m 4877[00m  0xea8adb0 [33;01mLOG    [00m [00;01;37;41m         GST_MESSAGE gstmessage.c:284:GstMessage *gst_message_new_custom(GstMessageType, GstObject *, GstStructure *):[00m source src: creating new message 0xf245410 stream-status
0:00:30.110227000 [336m 4877[00m  0xdc45950 [37mDEBUG  [00m [00;01;31;41m            GST_PADS gstpad.c:1091:gboolean gst_pad_activate_mode(GstPad *, GstPadMode, gboolean):<rtpjitterbuffer0:sink>[00m activated in push mode
0:00:30.110279000 [336m 4877[00m  0xea8adb0 [37mDEBUG  [00m [00;01;31;41m            GST_PADS gstpad.c:5311:void do_stream_status(GstPad *, GstStreamStatusType, GThread *, GstTask *):<rtpjitterbuffer0:src>[00m posting stream-status 1
0:00:30.110279000 [336m 4877[00m  0xdc45950 [37mDEBUG  [00m [00;01;37;41m    GST_ELEMENT_PADS gstelement.c:2759:gboolean gst_element_pads_activate(GstElement *, gboolean):<rtpjitterbuffer0>[00m pad activation successful
0:00:30.110425000 [336m 4877[00m  0xdc45950 [37mDEBUG  [00m [00;01;31m          GST_STATES gstelement.c:2643:GstStateChangeReturn gst_element_change_state(GstElement *, GstStateChange):<rtpjitterbuffer0>[00m element changed state NO_PREROLL
0:00:30.110441000 [336m 4877[00m  0xdc45950 [36mINFO   [00m [00;01;31m          GST_STATES gstelement.c:2303:GstStateChangeReturn gst_element_continue_state(GstElement *, GstStateChangeReturn):<rtpjitterbuffer0>[00m committing state from READY to PAUSED, pending PLAYING, next PLAYING
0:00:30.110455000 [336m 4877[00m  0xdc45950 [36mINFO   [00m [00;01;31m          GST_STATES gstelement.c:2233:void _priv_gst_element_state_changed(GstElement *, GstState, GstState, GstState):<rtpjitterbuffer0>[00m notifying about state-changed READY to PAUSED (PLAYING pending)
0:00:30.110423000 [336m 4877[00m  0xea8adb0 [37mDEBUG  [00m [00;43m             GST_BUS gstbus.c:312:gboolean gst_bus_post(GstBus *, GstMessage *):<bus5>[00m [msg 0xf245410] posting on bus stream-status message: 0xf245410, time 99:99:99.999999999, seq-num 61, element 'src', GstMessageStreamStatus, type=(GstStreamStatusType)GST_STREAM_STATUS_TYPE_ENTER, owner=(GstElement)"\(GstRtpJitterBuffer\)\ rtpjitterbuffer0", object=(GstTask)"\(GstTask\)\ rtpjitterbuffer0:src";
0:00:30.110635000 [336m 4877[00m  0xea8adb0 [37mDEBUG  [00m [00;01m                 bin gstbin.c:3396:void gst_bin_handle_message_func(GstBin *, GstMessage *):<manager>[00m [msg 0xf245410] handling child src message of type stream-status
0:00:30.110634000 [336m 4877[00m  0xdc45950 [33;01mLOG    [00m [00;01;37;41m         GST_MESSAGE gstmessage.c:284:GstMessage *gst_message_new_custom(GstMessageType, GstObject *, GstStructure *):[00m source rtpjitterbuffer0: creating new message 0xfa4d9e0 state-changed
0:00:30.110819000 [336m 4877[00m  0xea8adb0 [37mDEBUG  [00m [00;01m                 bin gstbin.c:3729:void gst_bin_handle_message_func(GstBin *, GstMessage *):<manager>[00m posting message upward
0:00:30.110831000 [336m 4877[00m  0xdc45950 [37mDEBUG  [00m [00;43m             GST_BUS gstbus.c:312:gboolean gst_bus_post(GstBus *, GstMessage *):<bus5>[00m [msg 0xfa4d9e0] posting on bus state-changed message: 0xfa4d9e0, time 99:99:99.999999999, seq-num 62, element 'rtpjitterbuffer0', GstMessageStateChanged, old-state=(GstState)GST_STATE_READY, new-state=(GstState)GST_STATE_PAUSED, pending-state=(GstState)GST_STATE_PLAYING;
0:00:30.110838000 [336m 4877[00m  0xea8adb0 [37mDEBUG  [00m [00;43m             GST_BUS gstbus.c:312:gboolean gst_bus_post(GstBus *, GstMessage *):<bus4>[00m [msg 0xf245410] posting on bus stream-status message: 0xf245410, time 99:99:99.999999999, seq-num 61, element 'src', GstMessageStreamStatus, type=(GstStreamStatusType)GST_STREAM_STATUS_TYPE_ENTER, owner=(GstElement)"\(GstRtpJitterBuffer\)\ rtpjitterbuffer0", object=(GstTask)"\(GstTask\)\ rtpjitterbuffer0:src";
0:00:30.111030000 [336m 4877[00m  0xdc45950 [37mDEBUG  [00m [00;01m                 bin gstbin.c:3396:void gst_bin_handle_message_func(GstBin *, GstMessage *):<manager>[00m [msg 0xfa4d9e0] handling child rtpjitterbuffer0 message of type state-changed
0:00:30.111036000 [336m 4877[00m  0xea8adb0 [37mDEBUG  [00m [00;01m                 bin gstbin.c:3396:void gst_bin_handle_message_func(GstBin *, GstMessage *):<source>[00m [msg 0xf245410] handling child src message of type stream-status
0:00:30.111082000 [336m 4877[00m  0xdc45950 [37mDEBUG  [00m [00;01m                 bin gstbin.c:3729:void gst_bin_handle_message_func(GstBin *, GstMessage *):<manager>[00m posting message upward
0:00:30.111085000 [336m 4877[00m  0xea8adb0 [37mDEBUG  [00m [00;01m                 bin gstbin.c:3729:void gst_bin_handle_message_func(GstBin *, GstMessage *):<source>[00m posting message upward
0:00:30.111225000 [336m 4877[00m  0xdc45950 [37mDEBUG  [00m [00;43m             GST_BUS gstbus.c:312:gboolean gst_bus_post(GstBus *, GstMessage *):<bus4>[00m [msg 0xfa4d9e0] posting on bus state-changed message: 0xfa4d9e0, time 99:99:99.999999999, seq-num 62, element 'rtpjitterbuffer0', GstMessageStateChanged, old-state=(GstState)GST_STATE_READY, new-state=(GstState)GST_STATE_PAUSED, pending-state=(GstState)GST_STATE_PLAYING;
0:00:30.111267000 [336m 4877[00m  0xdc45950 [37mDEBUG  [00m [00;01m                 bin gstbin.c:3396:void gst_bin_handle_message_func(GstBin *, GstMessage *):<source>[00m [msg 0xfa4d9e0] handling child rtpjitterbuffer0 message of type state-changed
0:00:30.111279000 [336m 4877[00m  0xdc45950 [37mDEBUG  [00m [00;01m                 bin gstbin.c:3729:void gst_bin_handle_message_func(GstBin *, GstMessage *):<source>[00m posting message upward
0:00:30.111235000 [336m 4877[00m  0xea8adb0 [37mDEBUG  [00m [00;43m             GST_BUS gstbus.c:312:gboolean gst_bus_post(GstBus *, GstMessage *):<bus3>[00m [msg 0xf245410] posting on bus stream-status message: 0xf245410, time 99:99:99.999999999, seq-num 61, element 'src', GstMessageStreamStatus, type=(GstStreamStatusType)GST_STREAM_STATUS_TYPE_ENTER, owner=(GstElement)"\(GstRtpJitterBuffer\)\ rtpjitterbuffer0", object=(GstTask)"\(GstTask\)\ rtpjitterbuffer0:src";
0:00:30.111455000 [336m 4877[00m  0xea8adb0 [37mDEBUG  [00m [00;01m                 bin gstbin.c:3396:void gst_bin_handle_message_func(GstBin *, GstMessage *):<uridecodebin0>[00m [msg 0xf245410] handling child src message of type stream-status
0:00:30.111474000 [336m 4877[00m  0xea8adb0 [37mDEBUG  [00m [00;01m                 bin gstbin.c:3729:void gst_bin_handle_message_func(GstBin *, GstMessage *):<uridecodebin0>[00m posting message upward
0:00:30.111452000 [336m 4877[00m  0xdc45950 [37mDEBUG  [00m [00;43m             GST_BUS gstbus.c:312:gboolean gst_bus_post(GstBus *, GstMessage *):<bus3>[00m [msg 0xfa4d9e0] posting on bus state-changed message: 0xfa4d9e0, time 99:99:99.999999999, seq-num 62, element 'rtpjitterbuffer0', GstMessageStateChanged, old-state=(GstState)GST_STATE_READY, new-state=(GstState)GST_STATE_PAUSED, pending-state=(GstState)GST_STATE_PLAYING;
0:00:30.111483000 [336m 4877[00m  0xea8adb0 [37mDEBUG  [00m [00;43m             GST_BUS gstbus.c:312:gboolean gst_bus_post(GstBus *, GstMessage *):<bus0>[00m [msg 0xf245410] posting on bus stream-status message: 0xf245410, time 99:99:99.999999999, seq-num 61, element 'src', GstMessageStreamStatus, type=(GstStreamStatusType)GST_STREAM_STATUS_TYPE_ENTER, owner=(GstElement)"\(GstRtpJitterBuffer\)\ rtpjitterbuffer0", object=(GstTask)"\(GstTask\)\ rtpjitterbuffer0:src";
0:00:30.111662000 [336m 4877[00m  0xdc45950 [37mDEBUG  [00m [00;01m                 bin gstbin.c:3396:void gst_bin_handle_message_func(GstBin *, GstMessage *):<uridecodebin0>[00m [msg 0xfa4d9e0] handling child rtpjitterbuffer0 message of type state-changed
0:00:30.111666000 [336m 4877[00m  0xea8adb0 [37mDEBUG  [00m [00;01m                 bin gstbin.c:3396:void gst_bin_handle_message_func(GstBin *, GstMessage *):<playbin0>[00m [msg 0xf245410] handling child src message of type stream-status
0:00:30.111861000 [336m 4877[00m  0xdc45950 [37mDEBUG  [00m [00;01m                 bin gstbin.c:3729:void gst_bin_handle_message_func(GstBin *, GstMessage *):<uridecodebin0>[00m posting message upward
0:00:30.111864000 [336m 4877[00m  0xea8adb0 [37mDEBUG  [00m [00;01m                 bin gstbin.c:3729:void gst_bin_handle_message_func(GstBin *, GstMessage *):<playbin0>[00m posting message upward
0:00:30.111902000 [336m 4877[00m  0xea8adb0 [37mDEBUG  [00m [00;43m             GST_BUS gstbus.c:312:gboolean gst_bus_post(GstBus *, GstMessage *):<bus1>[00m [msg 0xf245410] posting on bus stream-status message: 0xf245410, time 99:99:99.999999999, seq-num 61, element 'src', GstMessageStreamStatus, type=(GstStreamStatusType)GST_STREAM_STATUS_TYPE_ENTER, owner=(GstElement)"\(GstRtpJitterBuffer\)\ rtpjitterbuffer0", object=(GstTask)"\(GstTask\)\ rtpjitterbuffer0:src";
0:00:30.111902000 [336m 4877[00m  0xdc45950 [37mDEBUG  [00m [00;43m             GST_BUS gstbus.c:312:gboolean gst_bus_post(GstBus *, GstMessage *):<bus0>[00m [msg 0xfa4d9e0] posting on bus state-changed message: 0xfa4d9e0, time 99:99:99.999999999, seq-num 62, element 'rtpjitterbuffer0', GstMessageStateChanged, old-state=(GstState)GST_STATE_READY, new-state=(GstState)GST_STATE_PAUSED, pending-state=(GstState)GST_STATE_PLAYING;
0:00:30.112081000 [336m 4877[00m  0xea8adb0 [37mDEBUG  [00m [00;43m             GST_BUS gstbus.c:347:gboolean gst_bus_post(GstBus *, GstMessage *):<bus1>[00m [msg 0xf245410] pushing on async queue
0:00:30.112085000 [336m 4877[00m  0xdc45950 [37mDEBUG  [00m [00;01m                 bin gstbin.c:3396:void gst_bin_handle_message_func(GstBin *, GstMessage *):<playbin0>[00m [msg 0xfa4d9e0] handling child rtpjitterbuffer0 message of type state-changed
0:00:30.112261000 [336m 4877[00m  0xea8adb0 [33;01mLOG    [00m [00m            GST_POLL gstpoll.c:186:gboolean raise_wakeup(GstPoll *):[00m 0xdbed6a0: raise
0:00:30.112274000 [336m 4877[00m  0xdc45950 [37mDEBUG  [00m [00;01m                 bin gstbin.c:3729:void gst_bin_handle_message_func(GstBin *, GstMessage *):<playbin0>[00m posting message upward
0:00:30.112290000 [336m 4877[00m  0xea8adb0 [37mDEBUG  [00m [00;43m             GST_BUS gstbus.c:350:gboolean gst_bus_post(GstBus *, GstMessage *):<bus1>[00m [msg 0xf245410] pushed on async queue
0:00:30.112308000 [336m 4877[00m  0xea8adb0 [37mDEBUG  [00m [00;43m             GST_BUS gstbus.c:343:gboolean gst_bus_post(GstBus *, GstMessage *):<bus0>[00m [msg 0xf245410] dropped
0:00:30.112308000 [336m 4877[00m  0xdc42b20 [33;01mLOG    [00m [00;43m             GST_BUS gstbus.c:498:GstMessage *gst_bus_timed_pop_filtered(GstBus *, GstClockTime, GstMessageType):<bus1>[00m have 1 messages
0:00:30.112295000 [336m 4877[00m  0xdc45950 [37mDEBUG  [00m [00;43m             GST_BUS gstbus.c:312:gboolean gst_bus_post(GstBus *, GstMessage *):<bus1>[00m [msg 0xfa4d9e0] posting on bus state-changed message: 0xfa4d9e0, time 99:99:99.999999999, seq-num 62, element 'rtpjitterbuffer0', GstMessageStateChanged, old-state=(GstState)GST_STATE_READY, new-state=(GstState)GST_STATE_PAUSED, pending-state=(GstState)GST_STATE_PLAYING;
0:00:30.112473000 [336m 4877[00m  0xea8adb0 [37mDEBUG  [00m [00;43m             GST_BUS gstbus.c:343:gboolean gst_bus_post(GstBus *, GstMessage *):<bus3>[00m [msg 0xf245410] dropped
0:00:30.112499000 [336m 4877[00m  0xdc42b20 [33;01mLOG    [00m [00m            GST_POLL gstpoll.c:201:gboolean release_wakeup(GstPoll *):[00m 0xdbed6a0: release
0:00:30.112523000 [336m 4877[00m  0xdc45950 [37mDEBUG  [00m [00;43m             GST_BUS gstbus.c:347:gboolean gst_bus_post(GstBus *, GstMessage *):<bus1>[00m [msg 0xfa4d9e0] pushing on async queue
0:00:30.112549000 [336m 4877[00m  0xea8adb0 [37mDEBUG  [00m [00;43m             GST_BUS gstbus.c:343:gboolean gst_bus_post(GstBus *, GstMessage *):<bus4>[00m [msg 0xf245410] dropped
0:00:30.112568000 [336m 4877[00m  0xdc45950 [33;01mLOG    [00m [00m            GST_POLL gstpoll.c:186:gboolean raise_wakeup(GstPoll *):[00m 0xdbed6a0: raise
0:00:30.112568000 [336m 4877[00m  0xdc42b20 [37mDEBUG  [00m [00;43m             GST_BUS gstbus.c:506:GstMessage *gst_bus_timed_pop_filtered(GstBus *, GstClockTime, GstMessageType):<bus1>[00m got message 0xf245410, stream-status from src, type mask is 4294967295
0:00:30.112719000 [336m 4877[00m  0xea8adb0 [37mDEBUG  [00m [00;43m             GST_BUS gstbus.c:343:gboolean gst_bus_post(GstBus *, GstMessage *):<bus5>[00m [msg 0xf245410] dropped
0:00:30.112727000 [336m 4877[00m  0xdc45950 [37mDEBUG  [00m [00;43m             GST_BUS gstbus.c:350:gboolean gst_bus_post(GstBus *, GstMessage *):<bus1>[00m [msg 0xfa4d9e0] pushed on async queue
0:00:30.112768000 [336m 4877[00m  0xdc45950 [37mDEBUG  [00m [00;43m             GST_BUS gstbus.c:343:gboolean gst_bus_post(GstBus *, GstMessage *):<bus0>[00m [msg 0xfa4d9e0] dropped
0:00:30.112771000 [336m 4877[00m  0xea8adb0 [37mDEBUG  [00m [00m     rtpjitterbuffer gstrtpjitterbuffer.c:2683:gst_rtp_jitter_buffer_loop:<rtpjitterbuffer0>[00m waiting for event
0:00:30.112733000 [336m 4877[00m  0xdc42b20 [37mDEBUG  [00m [00;43m             GST_BUS gstbus.c:767:gboolean gst_bus_source_dispatch(GSource *, GSourceFunc, gpointer):<bus1>[00m source 0xe362e10 calling dispatch with stream-status message: 0xf245410, time 99:99:99.999999999, seq-num 61, element 'src', GstMessageStreamStatus, type=(GstStreamStatusType)GST_STREAM_STATUS_TYPE_ENTER, owner=(GstElement)"\(GstRtpJitterBuffer\)\ rtpjitterbuffer0", object=(GstTask)"\(GstTask\)\ rtpjitterbuffer0:src";
0:00:30.112938000 [336m 4877[00m  0xdc45950 [37mDEBUG  [00m [00;43m             GST_BUS gstbus.c:343:gboolean gst_bus_post(GstBus *, GstMessage *):<bus3>[00m [msg 0xfa4d9e0] dropped
0:00:30.112953000 [336m 4877[00m  0xdc42b20 [33;01mLOG    [00m [00;01;37;41m         GST_MESSAGE gstmessage.c:186:void _gst_message_free(GstMessage *):[00m finalize message 0xf245410, stream-status from src
0:00:30.113130000 [336m 4877[00m  0xdc45950 [37mDEBUG  [00m [00;43m             GST_BUS gstbus.c:343:gboolean gst_bus_post(GstBus *, GstMessage *):<bus4>[00m [msg 0xfa4d9e0] dropped
0:00:30.113137000 [336m 4877[00m  0xdc42b20 [37mDEBUG  [00m [00;43m             GST_BUS gstbus.c:772:gboolean gst_bus_source_dispatch(GSource *, GSourceFunc, gpointer):<bus1>[00m source 0xe362e10 handler returns 1
0:00:30.113173000 [336m 4877[00m  0xdc45950 [37mDEBUG  [00m [00;43m             GST_BUS gstbus.c:343:gboolean gst_bus_post(GstBus *, GstMessage *):<bus5>[00m [msg 0xfa4d9e0] dropped
0:00:30.113186000 [336m 4877[00m  0xdc42b20 [33;01mLOG    [00m [00;43m             GST_BUS gstbus.c:498:GstMessage *gst_bus_timed_pop_filtered(GstBus *, GstClockTime, GstMessageType):<bus1>[00m have 1 messages
0:00:30.113194000 [336m 4877[00m  0xdc45950 [36mINFO   [00m [00;01;31m          GST_STATES gstelement.c:2310:GstStateChangeReturn gst_element_continue_state(GstElement *, GstStateChangeReturn):<rtpjitterbuffer0>[00m continue state change PAUSED to PLAYING, final PLAYING
0:00:30.113348000 [336m 4877[00m  0xdc42b20 [33;01mLOG    [00m [00m            GST_POLL gstpoll.c:201:gboolean release_wakeup(GstPoll *):[00m 0xdbed6a0: release
0:00:30.113374000 [336m 4877[00m  0xdc42b20 [37mDEBUG  [00m [00;43m             GST_BUS gstbus.c:506:GstMessage *gst_bus_timed_pop_filtered(GstBus *, GstClockTime, GstMessageType):<bus1>[00m got message 0xfa4d9e0, state-changed from rtpjitterbuffer0, type mask is 4294967295
0:00:30.113399000 [336m 4877[00m  0xea8adb0 [37mDEBUG  [00m [00m     rtpjitterbuffer gstrtpjitterbuffer.c:2686:gst_rtp_jitter_buffer_loop:<rtpjitterbuffer0>[00m waiting for event done
0:00:30.113393000 [336m 4877[00m  0xdc45950 [33;01mLOG    [00m [00;01;31m          GST_STATES gstelement.c:2797:GstStateChangeReturn gst_element_change_state_func(GstElement *, GstStateChange):<rtpjitterbuffer0>[00m default handler tries setting state from PAUSED to PLAYING (001c)
0:00:30.113399000 [336m 4877[00m  0xdc42b20 [37mDEBUG  [00m [00;43m             GST_BUS gstbus.c:767:gboolean gst_bus_source_dispatch(GSource *, GSourceFunc, gpointer):<bus1>[00m source 0xe362e10 calling dispatch with state-changed message: 0xfa4d9e0, time 99:99:99.999999999, seq-num 62, element 'rtpjitterbuffer0', GstMessageStateChanged, old-state=(GstState)GST_STATE_READY, new-state=(GstState)GST_STATE_PAUSED, pending-state=(GstState)GST_STATE_PLAYING;
0:00:30.113555000 [336m 4877[00m  0xea8adb0 [37mDEBUG  [00m [00m     rtpjitterbuffer gstrtpjitterbuffer.c:2406:handle_next_buffer:<rtpjitterbuffer0>[00m no buffer, going to wait
0:00:30.113580000 [336m 4877[00m  0xdc45950 [37mDEBUG  [00m [00;01;31m          GST_STATES gstelement.c:2636:GstStateChangeReturn gst_element_change_state(GstElement *, GstStateChange):<rtpjitterbuffer0>[00m element changed state SUCCESS
0:00:30.113615000 [336m 4877[00m  0xdc42b20 [33;01mLOG    [00m [00;01;37;41m         GST_MESSAGE gstmessage.c:186:void _gst_message_free(GstMessage *):[00m finalize message 0xfa4d9e0, state-changed from rtpjitterbuffer0
0:00:30.113748000 [336m 4877[00m  0xea8adb0 [37mDEBUG  [00m [00m     rtpjitterbuffer gstrtpjitterbuffer.c:2683:gst_rtp_jitter_buffer_loop:<rtpjitterbuffer0>[00m waiting for event
0:00:30.113773000 [336m 4877[00m  0xdc45950 [36mINFO   [00m [00;01;31m          GST_STATES gstelement.c:2328:GstStateChangeReturn gst_element_continue_state(GstElement *, GstStateChangeReturn):<rtpjitterbuffer0>[00m completed state change to PLAYING
0:00:30.113804000 [336m 4877[00m  0xdc42b20 [37mDEBUG  [00m [00;43m             GST_BUS gstbus.c:772:gboolean gst_bus_source_dispatch(GSource *, GSourceFunc, gpointer):<bus1>[00m source 0xe362e10 handler returns 1
0:00:30.113826000 [336m 4877[00m  0xdc45950 [36mINFO   [00m [00;01;31m          GST_STATES gstelement.c:2233:void _priv_gst_element_state_changed(GstElement *, GstState, GstState, GstState):<rtpjitterbuffer0>[00m notifying about state-changed PAUSED to PLAYING (VOID_PENDING pending)
0:00:30.113982000 [336m 4877[00m  0xdc45950 [33;01mLOG    [00m [00;01;37;41m         GST_MESSAGE gstmessage.c:284:GstMessage *gst_message_new_custom(GstMessageType, GstObject *, GstStructure *):[00m source rtpjitterbuffer0: creating new message 0xf24e018 state-changed
0:00:30.114012000 [336m 4877[00m  0xdc45950 [37mDEBUG  [00m [00;43m             GST_BUS gstbus.c:312:gboolean gst_bus_post(GstBus *, GstMessage *):<bus5>[00m [msg 0xf24e018] posting on bus state-changed message: 0xf24e018, time 99:99:99.999999999, seq-num 63, element 'rtpjitterbuffer0', GstMessageStateChanged, old-state=(GstState)GST_STATE_PAUSED, new-state=(GstState)GST_STATE_PLAYING, pending-state=(GstState)GST_STATE_VOID_PENDING;
0:00:30.114059000 [336m 4877[00m  0xdc45950 [37mDEBUG  [00m [00;01m                 bin gstbin.c:3396:void gst_bin_handle_message_func(GstBin *, GstMessage *):<manager>[00m [msg 0xf24e018] handling child rtpjitterbuffer0 message of type state-changed
0:00:30.114176000 [336m 4877[00m  0xdc45950 [37mDEBUG  [00m [00;01m                 bin gstbin.c:3729:void gst_bin_handle_message_func(GstBin *, GstMessage *):<manager>[00m posting message upward
0:00:30.114197000 [336m 4877[00m  0xdc45950 [37mDEBUG  [00m [00;43m             GST_BUS gstbus.c:312:gboolean gst_bus_post(GstBus *, GstMessage *):<bus4>[00m [msg 0xf24e018] posting on bus state-changed message: 0xf24e018, time 99:99:99.999999999, seq-num 63, element 'rtpjitterbuffer0', GstMessageStateChanged, old-state=(GstState)GST_STATE_PAUSED, new-state=(GstState)GST_STATE_PLAYING, pending-state=(GstState)GST_STATE_VOID_PENDING;
0:00:30.114246000 [336m 4877[00m  0xdc45950 [37mDEBUG  [00m [00;01m                 bin gstbin.c:3396:void gst_bin_handle_message_func(GstBin *, GstMessage *):<source>[00m [msg 0xf24e018] handling child rtpjitterbuffer0 message of type state-changed
0:00:30.114385000 [336m 4877[00m  0xdc45950 [37mDEBUG  [00m [00;01m                 bin gstbin.c:3729:void gst_bin_handle_message_func(GstBin *, GstMessage *):<source>[00m posting message upward
0:00:30.114406000 [336m 4877[00m  0xdc45950 [37mDEBUG  [00m [00;43m             GST_BUS gstbus.c:312:gboolean gst_bus_post(GstBus *, GstMessage *):<bus3>[00m [msg 0xf24e018] posting on bus state-changed message: 0xf24e018, time 99:99:99.999999999, seq-num 63, element 'rtpjitterbuffer0', GstMessageStateChanged, old-state=(GstState)GST_STATE_PAUSED, new-state=(GstState)GST_STATE_PLAYING, pending-state=(GstState)GST_STATE_VOID_PENDING;
0:00:30.114453000 [336m 4877[00m  0xdc45950 [37mDEBUG  [00m [00;01m                 bin gstbin.c:3396:void gst_bin_handle_message_func(GstBin *, GstMessage *):<uridecodebin0>[00m [msg 0xf24e018] handling child rtpjitterbuffer0 message of type state-changed
0:00:30.114474000 [336m 4877[00m  0xdc45950 [37mDEBUG  [00m [00;01m                 bin gstbin.c:3729:void gst_bin_handle_message_func(GstBin *, GstMessage *):<uridecodebin0>[00m posting message upward
0:00:30.114602000 [336m 4877[00m  0xdc45950 [37mDEBUG  [00m [00;43m             GST_BUS gstbus.c:312:gboolean gst_bus_post(GstBus *, GstMessage *):<bus0>[00m [msg 0xf24e018] posting on bus state-changed message: 0xf24e018, time 99:99:99.999999999, seq-num 63, element 'rtpjitterbuffer0', GstMessageStateChanged, old-state=(GstState)GST_STATE_PAUSED, new-state=(GstState)GST_STATE_PLAYING, pending-state=(GstState)GST_STATE_VOID_PENDING;
0:00:30.114653000 [336m 4877[00m  0xdc45950 [37mDEBUG  [00m [00;01m                 bin gstbin.c:3396:void gst_bin_handle_message_func(GstBin *, GstMessage *):<playbin0>[00m [msg 0xf24e018] handling child rtpjitterbuffer0 message of type state-changed
0:00:30.114675000 [336m 4877[00m  0xdc45950 [37mDEBUG  [00m [00;01m                 bin gstbin.c:3729:void gst_bin_handle_message_func(GstBin *, GstMessage *):<playbin0>[00m posting message upward
0:00:30.114814000 [336m 4877[00m  0xdc45950 [37mDEBUG  [00m [00;43m             GST_BUS gstbus.c:312:gboolean gst_bus_post(GstBus *, GstMessage *):<bus1>[00m [msg 0xf24e018] posting on bus state-changed message: 0xf24e018, time 99:99:99.999999999, seq-num 63, element 'rtpjitterbuffer0', GstMessageStateChanged, old-state=(GstState)GST_STATE_PAUSED, new-state=(GstState)GST_STATE_PLAYING, pending-state=(GstState)GST_STATE_VOID_PENDING;
0:00:30.114863000 [336m 4877[00m  0xdc45950 [37mDEBUG  [00m [00;43m             GST_BUS gstbus.c:347:gboolean gst_bus_post(GstBus *, GstMessage *):<bus1>[00m [msg 0xf24e018] pushing on async queue
0:00:30.114882000 [336m 4877[00m  0xdc45950 [33;01mLOG    [00m [00m            GST_POLL gstpoll.c:186:gboolean raise_wakeup(GstPoll *):[00m 0xdbed6a0: raise
0:00:30.114906000 [336m 4877[00m  0xdc45950 [37mDEBUG  [00m [00;43m             GST_BUS gstbus.c:350:gboolean gst_bus_post(GstBus *, GstMessage *):<bus1>[00m [msg 0xf24e018] pushed on async queue
0:00:30.114921000 [336m 4877[00m  0xdc42b20 [33;01mLOG    [00m [00;43m             GST_BUS gstbus.c:498:GstMessage *gst_bus_timed_pop_filtered(GstBus *, GstClockTime, GstMessageType):<bus1>[00m have 1 messages
0:00:30.115069000 [336m 4877[00m  0xdc42b20 [33;01mLOG    [00m [00m            GST_POLL gstpoll.c:201:gboolean release_wakeup(GstPoll *):[00m 0xdbed6a0: release
0:00:30.115068000 [336m 4877[00m  0xdc45950 [37mDEBUG  [00m [00;43m             GST_BUS gstbus.c:343:gboolean gst_bus_post(GstBus *, GstMessage *):<bus0>[00m [msg 0xf24e018] dropped
0:00:30.115119000 [336m 4877[00m  0xdc45950 [37mDEBUG  [00m [00;43m             GST_BUS gstbus.c:343:gboolean gst_bus_post(GstBus *, GstMessage *):<bus3>[00m [msg 0xf24e018] dropped
0:00:30.115113000 [336m 4877[00m  0xdc42b20 [37mDEBUG  [00m [00;43m             GST_BUS gstbus.c:506:GstMessage *gst_bus_timed_pop_filtered(GstBus *, GstClockTime, GstMessageType):<bus1>[00m got message 0xf24e018, state-changed from rtpjitterbuffer0, type mask is 4294967295
0:00:30.115258000 [336m 4877[00m  0xdc45950 [37mDEBUG  [00m [00;43m             GST_BUS gstbus.c:343:gboolean gst_bus_post(GstBus *, GstMessage *):<bus4>[00m [msg 0xf24e018] dropped
0:00:30.115279000 [336m 4877[00m  0xdc45950 [37mDEBUG  [00m [00;43m             GST_BUS gstbus.c:343:gboolean gst_bus_post(GstBus *, GstMessage *):<bus5>[00m [msg 0xf24e018] dropped
0:00:30.115294000 [336m 4877[00m  0xdc45950 [33;01mLOG    [00m [00;01;31m          GST_STATES gstelement.c:2652:GstStateChangeReturn gst_element_change_state(GstElement *, GstStateChange):<rtpjitterbuffer0>[00m exit state change 1
0:00:30.115263000 [336m 4877[00m  0xdc42b20 [37mDEBUG  [00m [00;43m             GST_BUS gstbus.c:767:gboolean gst_bus_source_dispatch(GSource *, GSourceFunc, gpointer):<bus1>[00m source 0xe362e10 calling dispatch with state-changed message: 0xf24e018, time 99:99:99.999999999, seq-num 63, element 'rtpjitterbuffer0', GstMessageStateChanged, old-state=(GstState)GST_STATE_PAUSED, new-state=(GstState)GST_STATE_PLAYING, pending-state=(GstState)GST_STATE_VOID_PENDING;
0:00:30.115458000 [336m 4877[00m  0xdc45950 [33;01mLOG    [00m [00;01;31m          GST_STATES gstelement.c:2652:GstStateChangeReturn gst_element_change_state(GstElement *, GstStateChange):<rtpjitterbuffer0>[00m exit state change 1
0:00:30.115478000 [336m 4877[00m  0xdc45950 [33;01mLOG    [00m [00;01;31m          GST_STATES gstelement.c:2652:GstStateChangeReturn gst_element_change_state(GstElement *, GstStateChange):<rtpjitterbuffer0>[00m exit state change 1
0:00:30.115477000 [336m 4877[00m  0xdc42b20 [33;01mLOG    [00m [00;01;37;41m         GST_MESSAGE gstmessage.c:186:void _gst_message_free(GstMessage *):[00m finalize message 0xf24e018, state-changed from rtpjitterbuffer0
0:00:30.115492000 [336m 4877[00m  0xdc45950 [37mDEBUG  [00m [00;01;31m          GST_STATES gstelement.c:2563:GstStateChangeReturn gst_element_set_state_func(GstElement *, GstState):<rtpjitterbuffer0>[00m returned SUCCESS
0:00:30.115542000 [336m 4877[00m  0xdc45950 [37mDEBUG  [00m [00m              rtpbin gstrtpbin.c:2561:new_ssrc_pad_found:<manager>[00m linking jitterbuffer RTP
0:00:30.115542000 [336m 4877[00m  0xdc42b20 [37mDEBUG  [00m [00;43m             GST_BUS gstbus.c:772:gboolean gst_bus_source_dispatch(GSource *, GSourceFunc, gpointer):<bus1>[00m source 0xe362e10 handler returns 1
0:00:30.115686000 [336m 4877[00m  0xdc45950 [36mINFO   [00m [00;01;37;41m    GST_ELEMENT_PADS gstelement.c:897:GstPad *gst_element_get_static_pad(GstElement *, const gchar *):[00m found pad rtpssrcdemux0:src_1385055131
0:00:30.115712000 [336m 4877[00m  0xdc45950 [36mINFO   [00m [00;01;37;41m    GST_ELEMENT_PADS gstelement.c:897:GstPad *gst_element_get_static_pad(GstElement *, const gchar *):[00m found pad rtpjitterbuffer0:sink
0:00:30.115742000 [336m 4877[00m  0xdc45950 [33;01mLOG    [00m [00;01;37;41m         GST_MESSAGE gstmessage.c:284:GstMessage *gst_message_new_custom(GstMessageType, GstObject *, GstStructure *):[00m source sink: creating new message 0xf24dae0 structure-change
0:00:30.115874000 [336m 4877[00m  0xdc45950 [37mDEBUG  [00m [00;43m             GST_BUS gstbus.c:312:gboolean gst_bus_post(GstBus *, GstMessage *):<bus5>[00m [msg 0xf24dae0] posting on bus structure-change message: 0xf24dae0, time 99:99:99.999999999, seq-num 64, element 'sink', GstMessageStructureChange, type=(GstStructureChangeType)GST_STRUCTURE_CHANGE_TYPE_PAD_LINK, owner=(GstElement)"\(GstRtpSsrcDemux\)\ rtpssrcdemux0", busy=(boolean)true;
0:00:30.115931000 [336m 4877[00m  0xdc45950 [37mDEBUG  [00m [00;01m                 bin gstbin.c:3396:void gst_bin_handle_message_func(GstBin *, GstMessage *):<manager>[00m [msg 0xf24dae0] handling child sink message of type structure-change
0:00:30.115955000 [336m 4877[00m  0xdc45950 [37mDEBUG  [00m [00;01m                 bin gstbin.c:885:GList *find_message(GstBin *, GstObject *, GstMessageType):<manager>[00m no message found matching types 00001000
0:00:30.115974000 [336m 4877[00m  0xdc45950 [37mDEBUG  [00m [00;01m                 bin gstbin.c:892:GList *find_message(GstBin *, GstObject *, GstMessageType):<manager>[00m   structure-change
0:00:30.116091000 [336m 4877[00m  0xdc45950 [37mDEBUG  [00m [00;01m                 bin gstbin.c:932:gboolean bin_replace_message(GstBin *, GstMessage *, GstMessageType):<manager>[00m got new message 0xf24dae0, structure-change from sink
0:00:30.116118000 [336m 4877[00m  0xdc45950 [37mDEBUG  [00m [00;43m             GST_BUS gstbus.c:343:gboolean gst_bus_post(GstBus *, GstMessage *):<bus5>[00m [msg 0xf24dae0] dropped
0:00:30.116137000 [336m 4877[00m  0xdc45950 [36mINFO   [00m [00;01;31;41m            GST_PADS gstpad.c:2083:GstPadLinkReturn gst_pad_link_prepare(GstPad *, GstPad *, GstPadLinkCheck):[00m trying to link rtpssrcdemux0:src_1385055131 and rtpjitterbuffer0:sink
0:00:30.116163000 [336m 4877[00m  0xdc45950 [37mDEBUG  [00m [00;01;34m            GST_CAPS gstutils.c:2762:GstCaps *gst_pad_query_caps(GstPad *, GstCaps *):<rtpssrcdemux0:src_1385055131>[00m get pad caps with filter (NULL)
0:00:30.116304000 [336m 4877[00m  0xdc45950 [37mDEBUG  [00m [00m               query gstquery.c:680:GstQuery *gst_query_new_custom(GstQueryType, GstStructure *):[00m creating new query 0xeac82f0 caps
0:00:30.116329000 [336m 4877[00m  0xdc45950 [37mDEBUG  [00m [00;01;31;41m            GST_PADS gstpad.c:3445:gboolean gst_pad_query(GstPad *, GstQuery *):<rtpssrcdemux0:src_1385055131>[00m doing query 0xeac82f0 (caps)
0:00:30.116351000 [336m 4877[00m  0xdc45950 [33;01mLOG    [00m [00;01;35m      GST_SCHEDULING gstpad.c:3149:GstFlowReturn do_probe_callbacks(GstPad *, GstPadProbeInfo *, GstFlowReturn):<rtpssrcdemux0:src_1385055131>[00m do probes cookie 1
0:00:30.116371000 [336m 4877[00m  0xdc45950 [33;01mLOG    [00m [00;01;35m      GST_SCHEDULING gstpad.c:3093:void probe_hook_marshal(GHook *, ProbeMarshall *):<rtpssrcdemux0:src_1385055131>[00m hook 1, cookie 1 with flags 0x00003072 does not match 00001402
0:00:30.116395000 [336m 4877[00m  0xdc45950 [37mDEBUG  [00m [00;01;31;41m            GST_PADS gstpad.c:3217:GstFlowReturn do_probe_callbacks(GstPad *, GstPadProbeInfo *, GstFlowReturn):<rtpssrcdemux0:src_1385055131>[00m data is passed
0:00:30.116669000 [336m 4877[00m  0xdc45950 [33;01mLOG    [00m [00;01;35m      GST_SCHEDULING gstpad.c:3149:GstFlowReturn do_probe_callbacks(GstPad *, GstPadProbeInfo *, GstFlowReturn):<rtpssrcdemux0:src_1385055131>[00m do probes cookie 2
0:00:30.116697000 [336m 4877[00m  0xdc45950 [33;01mLOG    [00m [00;01;35m      GST_SCHEDULING gstpad.c:3093:void probe_hook_marshal(GHook *, ProbeMarshall *):<rtpssrcdemux0:src_1385055131>[00m hook 1, cookie 2 with flags 0x00003072 does not match 00001400
0:00:30.116725000 [336m 4877[00m  0xdc45950 [37mDEBUG  [00m [00;01;34m            GST_CAPS gstpad.c:2852:gboolean gst_pad_query_caps_default(GstPad *, GstQuery *):<rtpssrcdemux0:src_1385055131>[00m query caps caps query: 0xeac82f0, GstQueryCaps, filter=(GstCaps)NULL, caps=(GstCaps)NULL;
0:00:30.116758000 [336m 4877[00m  0xdc45950 [37mDEBUG  [00m [00;01;34m            GST_CAPS gstpad.c:2869:gboolean gst_pad_query_caps_default(GstPad *, GstQuery *):<rtpssrcdemux0:src_1385055131>[00m fixed pad caps: trying pad caps
0:00:30.117015000 [336m 4877[00m  0xdc45950 [37mDEBUG  [00m [00;01;34m            GST_CAPS gstpad.c:2875:gboolean gst_pad_query_caps_default(GstPad *, GstQuery *):<rtpssrcdemux0:src_1385055131>[00m trying pad template caps
0:00:30.117039000 [336m 4877[00m  0xdc45950 [37mDEBUG  [00m [00;01;34m            GST_CAPS gstpad.c:2905:gboolean gst_pad_query_caps_default(GstPad *, GstQuery *):<rtpssrcdemux0:src_1385055131>[00m using caps 0xdc3e940 application/x-rtp
0:00:30.117069000 [336m 4877[00m  0xdc45950 [37mDEBUG  [00m [00;01;31;41m            GST_PADS gstpad.c:2983:gboolean gst_pad_query_default(GstPad *, GstObject *, GstQuery *):<rtpssrcdemux0:src_1385055131>[00m not forwarding 0xeac82f0 (caps) query
