0:00:30.000658000 [336m 4877[00m  0xdc45950 [37mDEBUG  [00m [00;01;31;41m            GST_PADS gstpad.c:3467:gboolean gst_pad_query(GstPad *, GstQuery *):<manager:send_rtcp_src_0>[00m sent query 0xeac7980 (caps), result 1
0:00:30.000792000 [336m 4877[00m  0xdc45950 [37mDEBUG  [00m [00;01;34m            GST_CAPS gstutils.c:2769:GstCaps *gst_pad_query_caps(GstPad *, GstCaps *):<manager:send_rtcp_src_0>[00m query returned application/x-rtcp
0:00:30.000822000 [336m 4877[00m  0xdc45950 [37mDEBUG  [00m [00;01;34m            GST_CAPS gstutils.c:2762:GstCaps *gst_pad_query_caps(GstPad *, GstCaps *):<'':internalsink_0>[00m get pad caps with filter (NULL)
0:00:30.000846000 [336m 4877[00m  0xdc45950 [37mDEBUG  [00m [00m               query gstquery.c:680:GstQuery *gst_query_new_custom(GstQueryType, GstStructure *):[00m creating new query 0xeac79b0 caps
0:00:30.000866000 [336m 4877[00m  0xdc45950 [37mDEBUG  [00m [00;01;31;41m            GST_PADS gstpad.c:3445:gboolean gst_pad_query(GstPad *, GstQuery *):<'':internalsink_0>[00m doing query 0xeac79b0 (caps)
0:00:30.001015000 [336m 4877[00m  0xdc45950 [37mDEBUG  [00m [00;01;34m            GST_CAPS gstpad.c:2852:gboolean gst_pad_query_caps_default(GstPad *, GstQuery *):<'':internalsink_0>[00m query caps caps query: 0xeac79b0, GstQueryCaps, filter=(GstCaps)NULL, caps=(GstCaps)NULL;
0:00:30.001050000 [336m 4877[00m  0xdc45950 [37mDEBUG  [00m [00;01;34m            GST_CAPS gstpad.c:2875:gboolean gst_pad_query_caps_default(GstPad *, GstQuery *):<'':internalsink_0>[00m trying pad template caps
0:00:30.001068000 [336m 4877[00m  0xdc45950 [37mDEBUG  [00m [00;01;34m            GST_CAPS gstpad.c:2905:gboolean gst_pad_query_caps_default(GstPad *, GstQuery *):<'':internalsink_0>[00m using caps 0xeac3f90 ANY
0:00:30.001091000 [336m 4877[00m  0xdc45950 [37mDEBUG  [00m [00;01;31;41m            GST_PADS gstpad.c:2983:gboolean gst_pad_query_default(GstPad *, GstObject *, GstQuery *):<'':internalsink_0>[00m not forwarding 0xeac79b0 (caps) query
0:00:30.001114000 [336m 4877[00m  0xdc45950 [37mDEBUG  [00m [00;01;31;41m            GST_PADS gstpad.c:3467:gboolean gst_pad_query(GstPad *, GstQuery *):<'':internalsink_0>[00m sent query 0xeac79b0 (caps), result 1
0:00:30.001253000 [336m 4877[00m  0xdc45950 [37mDEBUG  [00m [00;01;34m            GST_CAPS gstutils.c:2769:GstCaps *gst_pad_query_caps(GstPad *, GstCaps *):<'':internalsink_0>[00m query returned ANY
0:00:30.001279000 [336m 4877[00m  0xdc45950 [37mDEBUG  [00m [00;01;34m            GST_CAPS gstpad.c:1983:gboolean gst_pad_link_check_compatible_unlocked(GstPad *, GstPad *, GstPadLinkCheck):<manager:send_rtcp_src_0>[00m src caps application/x-rtcp
0:00:30.001301000 [336m 4877[00m  0xdc45950 [37mDEBUG  [00m [00;01;34m            GST_CAPS gstpad.c:1985:gboolean gst_pad_link_check_compatible_unlocked(GstPad *, GstPad *, GstPadLinkCheck):<'':internalsink_0>[00m sink caps ANY
0:00:30.001319000 [336m 4877[00m  0xdc45950 [37mDEBUG  [00m [00;01;34m            GST_CAPS gstpad.c:2003:gboolean gst_pad_link_check_compatible_unlocked(GstPad *, GstPad *, GstPadLinkCheck):[00m caps are compatible
0:00:30.001468000 [336m 4877[00m  0xdc45950 [36mINFO   [00m [00;01;31;41m            GST_PADS gstpad.c:2285:GstPadLinkReturn gst_pad_link_full(GstPad *, GstPad *, GstPadLinkCheck):[00m linked manager:send_rtcp_src_0 and '':internalsink_0, successful
0:00:30.001496000 [336m 4877[00m  0xdc45950 [36mINFO   [00m [00;01;34m           GST_EVENT gstevent.c:1313:GstEvent *gst_event_new_reconfigure():[00m creating reconfigure event
0:00:30.001513000 [336m 4877[00m  0xdc45950 [37mDEBUG  [00m [00;01;34m           GST_EVENT gstevent.c:300:GstEvent *gst_event_new_custom(GstEventType, GstStructure *):[00m creating new event 0xf27bee8 reconfigure 61441
0:00:30.001536000 [336m 4877[00m  0xdc45950 [37mDEBUG  [00m [00;01;34m           GST_EVENT gstpad.c:4935:GstFlowReturn gst_pad_send_event_unchecked(GstPad *, GstEvent *, GstPadProbeType):<manager:send_rtcp_src_0>[00m have event type reconfigure event: 0xf27bee8, time 99:99:99.999999999, seq-num 42, (NULL)
0:00:30.001689000 [336m 4877[00m  0xdc45950 [33;01mLOG    [00m [00;01;31;41m            GST_PADS gstpad.c:2771:gboolean gst_pad_event_default(GstPad *, GstObject *, GstEvent *):<manager:send_rtcp_src_0>[00m default event handler for event reconfigure event: 0xf27bee8, time 99:99:99.999999999, seq-num 42, (NULL)
0:00:30.001724000 [336m 4877[00m  0xdc45950 [33;01mLOG    [00m [00;01;31;41m            GST_PADS gstpad.c:2691:gboolean gst_pad_forward(GstPad *, GstPadForwardFunction, gpointer):<manager:send_rtcp_src_0>[00m calling forward function on pad send_rtcp_src_0:proxypad2
0:00:30.001747000 [336m 4877[00m  0xdc45950 [33;01mLOG    [00m [00;01;31;41m            GST_PADS gstpad.c:2736:gboolean event_forward_func(GstPad *, EventData *):<send_rtcp_src_0:proxypad2>[00m Reffing and pushing event 0xf27bee8 (reconfigure) to send_rtcp_src_0:proxypad2
0:00:30.001772000 [336m 4877[00m  0xdc45950 [33;01mLOG    [00m [00;01;31;41m            GST_PADS gstpad.c:4680:GstFlowReturn gst_pad_push_event_unchecked(GstPad *, GstEvent *, GstPadProbeType):<send_rtcp_src_0:proxypad2>[00m sending event 0xf27bee8 (reconfigure) to peerpad <rtpsession0:send_rtcp_src>
0:00:30.001912000 [336m 4877[00m  0xdc45950 [37mDEBUG  [00m [00;01;34m           GST_EVENT gstpad.c:4935:GstFlowReturn gst_pad_send_event_unchecked(GstPad *, GstEvent *, GstPadProbeType):<rtpsession0:send_rtcp_src>[00m have event type reconfigure event: 0xf27bee8, time 99:99:99.999999999, seq-num 42, (NULL)
0:00:30.001941000 [336m 4877[00m  0xdc45950 [37mDEBUG  [00m [00m          rtpsession gstrtpsession.c:1738:gst_rtp_session_event_send_rtcp_src:<rtpsession0>[00m received EVENT reconfigure
0:00:30.001961000 [336m 4877[00m  0xdc45950 [37mDEBUG  [00m [00;01;31;41m            GST_PADS gstpad.c:5001:GstFlowReturn gst_pad_send_event_unchecked(GstPad *, GstEvent *, GstPadProbeType):<rtpsession0:send_rtcp_src>[00m sent event, ret error
0:00:30.001981000 [336m 4877[00m  0xdc45950 [33;01mLOG    [00m [00;01;31;41m            GST_PADS gstpad.c:4687:GstFlowReturn gst_pad_push_event_unchecked(GstPad *, GstEvent *, GstPadProbeType):<send_rtcp_src_0:proxypad2>[00m sent event 0xf27bee8 to peerpad <rtpsession0:send_rtcp_src>, ret error
0:00:30.002135000 [336m 4877[00m  0xdc45950 [33;01mLOG    [00m [00;01;34m           GST_EVENT gstevent.c:222:void _gst_event_free(GstEvent *):[00m freeing event 0xf27bee8 type reconfigure
0:00:30.002161000 [336m 4877[00m  0xdc45950 [37mDEBUG  [00m [00;01;31;41m            GST_PADS gstpad.c:5001:GstFlowReturn gst_pad_send_event_unchecked(GstPad *, GstEvent *, GstPadProbeType):<manager:send_rtcp_src_0>[00m sent event, ret error
0:00:30.002190000 [336m 4877[00m  0xdc45950 [33;01mLOG    [00m [00;01;37;41m         GST_MESSAGE gstmessage.c:284:GstMessage *gst_message_new_custom(GstMessageType, GstObject *, GstStructure *):[00m source internalsink_0: creating new message 0xfa4db70 structure-change
0:00:30.002216000 [336m 4877[00m  0xdc45950 [37mDEBUG  [00m [00;43m             GST_BUS gstbus.c:312:gboolean gst_bus_post(GstBus *, GstMessage *):<bus4>[00m [msg 0xfa4db70] posting on bus structure-change message: 0xfa4db70, time 99:99:99.999999999, seq-num 43, element 'internalsink_0', GstMessageStructureChange, type=(GstStructureChangeType)GST_STRUCTURE_CHANGE_TYPE_PAD_LINK, owner=(GstElement)"\(GstRtpBin\)\ manager", busy=(boolean)false;
0:00:30.002364000 [336m 4877[00m  0xdc45950 [37mDEBUG  [00m [00;01m                 bin gstbin.c:3396:void gst_bin_handle_message_func(GstBin *, GstMessage *):<source>[00m [msg 0xfa4db70] handling child internalsink_0 message of type structure-change
0:00:30.002390000 [336m 4877[00m  0xdc45950 [33;01mLOG    [00m [00;01m                 bin gstbin.c:863:gint message_check(GstMessage *, MessageFind *):[00m looking at message 0xeac8410: 1
0:00:30.002407000 [336m 4877[00m  0xdc45950 [37mDEBUG  [00m [00;01m                 bin gstbin.c:960:void bin_remove_messages(GstBin *, GstObject *, GstMessageType):<'':internalsink_0>[00m deleting message 0xeac8410 of types 0x00001000
0:00:30.002562000 [336m 4877[00m  0xdc45950 [33;01mLOG    [00m [00;01;37;41m         GST_MESSAGE gstmessage.c:186:void _gst_message_free(GstMessage *):[00m finalize message 0xeac8410, structure-change from internalsink_0
0:00:30.002592000 [336m 4877[00m  0xdc45950 [33;01mLOG    [00m [00;01;37;41m         GST_MESSAGE gstmessage.c:186:void _gst_message_free(GstMessage *):[00m finalize message 0xfa4db70, structure-change from internalsink_0
0:00:30.002621000 [336m 4877[00m  0xdc45950 [37mDEBUG  [00m [00;43m             GST_BUS gstbus.c:343:gboolean gst_bus_post(GstBus *, GstMessage *):<bus4>[00m [msg 0xfa4db70] dropped
0:00:30.002660000 [336m 4877[00m  0xdc45950 [33;01mLOG    [00m [00;01;37;41m         GST_MESSAGE gstmessage.c:284:GstMessage *gst_message_new_custom(GstMessageType, GstObject *, GstStructure *):[00m source source: creating new message 0xfa4dad0 progress
0:00:30.002686000 [336m 4877[00m  0xdc45950 [37mDEBUG  [00m [00;43m             GST_BUS gstbus.c:312:gboolean gst_bus_post(GstBus *, GstMessage *):<bus3>[00m [msg 0xfa4dad0] posting on bus progress message: 0xfa4dad0, time 99:99:99.999999999, seq-num 44, element 'source', GstMessageProgress, type=(GstProgressType)GST_PROGRESS_TYPE_COMPLETE, code=(string)open, text=(string)"Opened\ Stream", percent=(int)100, timeout=(int)-1;
0:00:30.002809000 [336m 4877[00m  0xdc45950 [37mDEBUG  [00m [00;01m                 bin gstbin.c:3396:void gst_bin_handle_message_func(GstBin *, GstMessage *):<uridecodebin0>[00m [msg 0xfa4dad0] handling child source message of type progress
0:00:30.002831000 [336m 4877[00m  0xdc45950 [37mDEBUG  [00m [00;01m                 bin gstbin.c:3729:void gst_bin_handle_message_func(GstBin *, GstMessage *):<uridecodebin0>[00m posting message upward
0:00:30.002844000 [336m 4877[00m  0xdc45950 [37mDEBUG  [00m [00;43m             GST_BUS gstbus.c:312:gboolean gst_bus_post(GstBus *, GstMessage *):<bus0>[00m [msg 0xfa4dad0] posting on bus progress message: 0xfa4dad0, time 99:99:99.999999999, seq-num 44, element 'source', GstMessageProgress, type=(GstProgressType)GST_PROGRESS_TYPE_COMPLETE, code=(string)open, text=(string)"Opened\ Stream", percent=(int)100, timeout=(int)-1;
0:00:30.003012000 [336m 4877[00m  0xdc45950 [37mDEBUG  [00m [00;01m                 bin gstbin.c:3396:void gst_bin_handle_message_func(GstBin *, GstMessage *):<playbin0>[00m [msg 0xfa4dad0] handling child source message of type progress
0:00:30.003040000 [336m 4877[00m  0xdc45950 [37mDEBUG  [00m [00;01m                 bin gstbin.c:3729:void gst_bin_handle_message_func(GstBin *, GstMessage *):<playbin0>[00m posting message upward
0:00:30.003058000 [336m 4877[00m  0xdc45950 [37mDEBUG  [00m [00;43m             GST_BUS gstbus.c:312:gboolean gst_bus_post(GstBus *, GstMessage *):<bus1>[00m [msg 0xfa4dad0] posting on bus progress message: 0xfa4dad0, time 99:99:99.999999999, seq-num 44, element 'source', GstMessageProgress, type=(GstProgressType)GST_PROGRESS_TYPE_COMPLETE, code=(string)open, text=(string)"Opened\ Stream", percent=(int)100, timeout=(int)-1;
0:00:30.003226000 [336m 4877[00m  0xdc45950 [37mDEBUG  [00m [00;43m             GST_BUS gstbus.c:347:gboolean gst_bus_post(GstBus *, GstMessage *):<bus1>[00m [msg 0xfa4dad0] pushing on async queue
0:00:30.003247000 [336m 4877[00m  0xdc45950 [33;01mLOG    [00m [00m            GST_POLL gstpoll.c:186:gboolean raise_wakeup(GstPoll *):[00m 0xdbed6a0: raise
0:00:30.003282000 [336m 4877[00m  0xdc45950 [37mDEBUG  [00m [00;43m             GST_BUS gstbus.c:350:gboolean gst_bus_post(GstBus *, GstMessage *):<bus1>[00m [msg 0xfa4dad0] pushed on async queue
0:00:30.003304000 [336m 4877[00m  0xdc45950 [37mDEBUG  [00m [00;43m             GST_BUS gstbus.c:343:gboolean gst_bus_post(GstBus *, GstMessage *):<bus0>[00m [msg 0xfa4dad0] dropped
0:00:30.003304000 [336m 4877[00m  0xdc42b20 [33;01mLOG    [00m [00;43m             GST_BUS gstbus.c:498:GstMessage *gst_bus_timed_pop_filtered(GstBus *, GstClockTime, GstMessageType):<bus1>[00m have 1 messages
0:00:30.003466000 [336m 4877[00m  0xdc45950 [37mDEBUG  [00m [00;43m             GST_BUS gstbus.c:343:gboolean gst_bus_post(GstBus *, GstMessage *):<bus3>[00m [msg 0xfa4dad0] dropped
0:00:30.003473000 [336m 4877[00m  0xdc42b20 [33;01mLOG    [00m [00m            GST_POLL gstpoll.c:201:gboolean release_wakeup(GstPoll *):[00m 0xdbed6a0: release
0:00:30.003523000 [336m 4877[00m  0xdc45950 [37mDEBUG  [00m [00m             rtspsrc gstrtspsrc.c:6974:gst_rtspsrc_thread:<source>[00m got command 2
0:00:30.003529000 [336m 4877[00m  0xdc42b20 [37mDEBUG  [00m [00;43m             GST_BUS gstbus.c:506:GstMessage *gst_bus_timed_pop_filtered(GstBus *, GstClockTime, GstMessageType):<bus1>[00m got message 0xfa4dad0, progress from source, type mask is 4294967295
0:00:30.003563000 [336m 4877[00m  0xdc45950 [37mDEBUG  [00m [00m             rtspsrc gstrtspsrc.c:3717:gst_rtspsrc_connection_flush:<source>[00m set flushing 0
0:00:30.003583000 [336m 4877[00m  0xdc45950 [37mDEBUG  [00m [00m             rtspsrc gstrtspsrc.c:6549:gst_rtspsrc_play:<source>[00m PLAY...
0:00:30.003563000 [336m 4877[00m  0xdc42b20 [37mDEBUG  [00m [00;43m             GST_BUS gstbus.c:767:gboolean gst_bus_source_dispatch(GSource *, GSourceFunc, gpointer):<bus1>[00m source 0xe362e10 calling dispatch with progress message: 0xfa4dad0, time 99:99:99.999999999, seq-num 44, element 'source', GstMessageProgress, type=(GstProgressType)GST_PROGRESS_TYPE_COMPLETE, code=(string)open, text=(string)"Opened\ Stream", percent=(int)100, timeout=(int)-1;
0:00:30.003727000 [336m 4877[00m  0xdc42b20 [33;01mLOG    [00m [00;01;37;41m         GST_MESSAGE gstmessage.c:186:void _gst_message_free(GstMessage *):[00m finalize message 0xfa4dad0, progress from source
0:00:30.003737000 [336m 4877[00m  0xdc45950 [37mDEBUG  [00m [00m              rtpbin gstrtpbin.c:765:gst_rtp_bin_reset_sync:<manager>[00m Reset sync on all clients
0:00:30.003780000 [336m 4877[00m  0xdc45950 [37mDEBUG  [00m [00;01;31m          GST_STATES gstelement.c:2479:GstStateChangeReturn gst_element_set_state_func(GstElement *, GstState):<manager>[00m set_state to PLAYING
0:00:30.003781000 [336m 4877[00m  0xdc42b20 [37mDEBUG  [00m [00;43m             GST_BUS gstbus.c:772:gboolean gst_bus_source_dispatch(GSource *, GSourceFunc, gpointer):<bus1>[00m source 0xe362e10 handler returns 1
0:00:30.003953000 [336m 4877[00m  0xdc45950 [37mDEBUG  [00m [00;01;31m          GST_STATES gstelement.c:2504:GstStateChangeReturn gst_element_set_state_func(GstElement *, GstState):<manager>[00m setting target state to PLAYING
0:00:30.003976000 [336m 4877[00m  0xdc45950 [37mDEBUG  [00m [00;01;31m          GST_STATES gstelement.c:2517:GstStateChangeReturn gst_element_set_state_func(GstElement *, GstState):<manager>[00m current PAUSED, old_pending VOID_PENDING, next VOID_PENDING, old return SUCCESS
0:00:30.004000000 [336m 4877[00m  0xdc45950 [37mDEBUG  [00m [00;01;31m          GST_STATES gstelement.c:2551:GstStateChangeReturn gst_element_set_state_func(GstElement *, GstState):<manager>[00m final: setting state from PAUSED to PLAYING
0:00:30.004163000 [336m 4877[00m  0xdc45950 [37mDEBUG  [00m [00;01;31m          GST_STATES gstbin.c:2546:GstStateChangeReturn gst_bin_change_state_func(GstElement *, GstStateChange):<manager>[00m changing state of children from PAUSED to PLAYING
0:00:30.004191000 [336m 4877[00m  0xdc45950 [37mDEBUG  [00m [00;01m                 bin gstbin.c:2107:void gst_bin_sort_iterator_resync(GstBinSortIterator *):<manager>[00m resync
0:00:30.004211000 [336m 4877[00m  0xdc45950 [37mDEBUG  [00m [00;01m                 bin gstbin.c:885:GList *find_message(GstBin *, GstObject *, GstMessageType):<manager>[00m no message found matching types 00001000
0:00:30.004230000 [336m 4877[00m  0xdc45950 [37mDEBUG  [00m [00;01m                 bin gstbin.c:892:GList *find_message(GstBin *, GstObject *, GstMessageType):<manager>[00m   structure-change
0:00:30.004258000 [336m 4877[00m  0xdc45950 [37mDEBUG  [00m [00;01m                 bin gstbin.c:2010:void update_degree(GstElement *, GstBinSortIterator *):<manager>[00m change element rtpsession0, degree 0->1, linked to rtpssrcdemux0
0:00:30.004408000 [336m 4877[00m  0xdc45950 [37mDEBUG  [00m [00;01m                 bin gstbin.c:885:GList *find_message(GstBin *, GstObject *, GstMessageType):<manager>[00m no message found matching types 00001000
0:00:30.004452000 [336m 4877[00m  0xdc45950 [37mDEBUG  [00m [00;01m                 bin gstbin.c:892:GList *find_message(GstBin *, GstObject *, GstMessageType):<manager>[00m   structure-change
0:00:30.004475000 [336m 4877[00m  0xdc45950 [37mDEBUG  [00m [00;01m                 bin gstbin.c:2010:void update_degree(GstElement *, GstBinSortIterator *):<manager>[00m change element rtpsession0, degree 1->2, linked to rtpssrcdemux0
0:00:30.004500000 [336m 4877[00m  0xdc45950 [37mDEBUG  [00m [00;01m                 bin gstbin.c:885:GList *find_message(GstBin *, GstObject *, GstMessageType):<manager>[00m no message found matching types 00001000
0:00:30.004661000 [336m 4877[00m  0xdc45950 [37mDEBUG  [00m [00;01m                 bin gstbin.c:892:GList *find_message(GstBin *, GstObject *, GstMessageType):<manager>[00m   structure-change
0:00:30.004689000 [336m 4877[00m  0xdc45950 [37mDEBUG  [00m [00;01m                 bin gstbin.c:885:GList *find_message(GstBin *, GstObject *, GstMessageType):<manager>[00m no message found matching types 00001000
0:00:30.004710000 [336m 4877[00m  0xdc45950 [37mDEBUG  [00m [00;01m                 bin gstbin.c:892:GList *find_message(GstBin *, GstObject *, GstMessageType):<manager>[00m   structure-change
0:00:30.004730000 [336m 4877[00m  0xdc45950 [37mDEBUG  [00m [00;01m                 bin gstbin.c:2033:void update_degree(GstElement *, GstBinSortIterator *):<manager>[00m element rtpsession0 not linked on any sinkpads
0:00:30.004757000 [336m 4877[00m  0xdc45950 [37mDEBUG  [00m [00;01m                 bin gstbin.c:2079:GstIteratorResult gst_bin_sort_iterator_next(GstBinSortIterator *, GValue *):<manager>[00m queue empty, next best: rtpssrcdemux0
0:00:30.004950000 [336m 4877[00m  0xdc45950 [37mDEBUG  [00m [00;01m                 bin gstbin.c:2094:GstIteratorResult gst_bin_sort_iterator_next(GstBinSortIterator *, GValue *):<manager>[00m queue head gives rtpssrcdemux0
0:00:30.004971000 [336m 4877[00m  0xdc45950 [37mDEBUG  [00m [00;01m                 bin gstbin.c:885:GList *find_message(GstBin *, GstObject *, GstMessageType):<manager>[00m no message found matching types 00001000
0:00:30.004988000 [336m 4877[00m  0xdc45950 [37mDEBUG  [00m [00;01m                 bin gstbin.c:892:GList *find_message(GstBin *, GstObject *, GstMessageType):<manager>[00m   structure-change
0:00:30.005010000 [336m 4877[00m  0xdc45950 [37mDEBUG  [00m [00;01m                 bin gstbin.c:2010:void update_degree(GstElement *, GstBinSortIterator *):<manager>[00m change element rtpsession0, degree 2->1, linked to rtpssrcdemux0
0:00:30.005036000 [336m 4877[00m  0xdc45950 [37mDEBUG  [00m [00;01m                 bin gstbin.c:885:GList *find_message(GstBin *, GstObject *, GstMessageType):<manager>[00m no message found matching types 00001000
0:00:30.005244000 [336m 4877[00m  0xdc45950 [37mDEBUG  [00m [00;01m                 bin gstbin.c:892:GList *find_message(GstBin *, GstObject *, GstMessageType):<manager>[00m   structure-change
0:00:30.005273000 [336m 4877[00m  0xdc45950 [37mDEBUG  [00m [00;01m                 bin gstbin.c:2010:void update_degree(GstElement *, GstBinSortIterator *):<manager>[00m change element rtpsession0, degree 1->0, linked to rtpssrcdemux0
0:00:30.005294000 [336m 4877[00m  0xdc45950 [37mDEBUG  [00m [00;01m                 bin gstbin.c:1893:void add_to_queue(GstBinSortIterator *, GstElement *):<manager>[00m adding 'rtpsession0' to queue
0:00:30.005318000 [336m 4877[00m  0xdc45950 [36mINFO   [00m [00;01;31m          GST_STATES gstbin.c:2227:GstStateChangeReturn gst_bin_element_set_state(GstBin *, GstElement *, GstClockTime, GstClockTime, GstState, GstState):<rtpssrcdemux0>[00m current PAUSED pending VOID_PENDING, desired next PLAYING
0:00:30.005490000 [336m 4877[00m  0xdc45950 [37mDEBUG  [00m [00;01m                 bin gstbin.c:885:GList *find_message(GstBin *, GstObject *, GstMessageType):<manager>[00m no message found matching types 00100000
0:00:30.005531000 [336m 4877[00m  0xdc45950 [37mDEBUG  [00m [00;01m                 bin gstbin.c:892:GList *find_message(GstBin *, GstObject *, GstMessageType):<manager>[00m   async-start
0:00:30.005557000 [336m 4877[00m  0xdc45950 [37mDEBUG  [00m [00;01m                 bin gstbin.c:2322:GstStateChangeReturn gst_bin_element_set_state(GstBin *, GstElement *, GstClockTime, GstClockTime, GstState, GstState):<manager>[00m setting element rtpssrcdemux0 to PLAYING, base_time 384207:38:15.029612000
0:00:30.005585000 [336m 4877[00m  0xdc45950 [37mDEBUG  [00m [00;01;31m          GST_STATES gstelement.c:2479:GstStateChangeReturn gst_element_set_state_func(GstElement *, GstState):<rtpssrcdemux0>[00m set_state to PLAYING
0:00:30.005777000 [336m 4877[00m  0xdc45950 [37mDEBUG  [00m [00;01;31m          GST_STATES gstelement.c:2504:GstStateChangeReturn gst_element_set_state_func(GstElement *, GstState):<rtpssrcdemux0>[00m setting target state to PLAYING
0:00:30.005800000 [336m 4877[00m  0xdc45950 [37mDEBUG  [00m [00;01;31m          GST_STATES gstelement.c:2517:GstStateChangeReturn gst_element_set_state_func(GstElement *, GstState):<rtpssrcdemux0>[00m current PAUSED, old_pending VOID_PENDING, next VOID_PENDING, old return SUCCESS
0:00:30.005821000 [336m 4877[00m  0xdc45950 [37mDEBUG  [00m [00;01;31m          GST_STATES gstelement.c:2551:GstStateChangeReturn gst_element_set_state_func(GstElement *, GstState):<rtpssrcdemux0>[00m final: setting state from PAUSED to PLAYING
0:00:30.005842000 [336m 4877[00m  0xdc45950 [33;01mLOG    [00m [00;01;31m          GST_STATES gstelement.c:2797:GstStateChangeReturn gst_element_change_state_func(GstElement *, GstStateChange):<rtpssrcdemux0>[00m default handler tries setting state from PAUSED to PLAYING (001c)
0:00:30.006009000 [336m 4877[00m  0xdc45950 [37mDEBUG  [00m [00;01;31m          GST_STATES gstelement.c:2636:GstStateChangeReturn gst_element_change_state(GstElement *, GstStateChange):<rtpssrcdemux0>[00m element changed state SUCCESS
0:00:30.006030000 [336m 4877[00m  0xdc45950 [36mINFO   [00m [00;01;31m          GST_STATES gstelement.c:2328:GstStateChangeReturn gst_element_continue_state(GstElement *, GstStateChangeReturn):<rtpssrcdemux0>[00m completed state change to PLAYING
0:00:30.006050000 [336m 4877[00m  0xdc45950 [36mINFO   [00m [00;01;31m          GST_STATES gstelement.c:2233:void _priv_gst_element_state_changed(GstElement *, GstState, GstState, GstState):<rtpssrcdemux0>[00m notifying about state-changed PAUSED to PLAYING (VOID_PENDING pending)
0:00:30.006078000 [336m 4877[00m  0xdc45950 [33;01mLOG    [00m [00;01;37;41m         GST_MESSAGE gstmessage.c:284:GstMessage *gst_message_new_custom(GstMessageType, GstObject *, GstStructure *):[00m source rtpssrcdemux0: creating new message 0xfa4da80 state-changed
0:00:30.006397000 [336m 4877[00m  0xdc45950 [37mDEBUG  [00m [00;43m             GST_BUS gstbus.c:312:gboolean gst_bus_post(GstBus *, GstMessage *):<bus5>[00m [msg 0xfa4da80] posting on bus state-changed message: 0xfa4da80, time 99:99:99.999999999, seq-num 45, element 'rtpssrcdemux0', GstMessageStateChanged, old-state=(GstState)GST_STATE_PAUSED, new-state=(GstState)GST_STATE_PLAYING, pending-state=(GstState)GST_STATE_VOID_PENDING;
0:00:30.006481000 [336m 4877[00m  0xdc45950 [37mDEBUG  [00m [00;01m                 bin gstbin.c:3396:void gst_bin_handle_message_func(GstBin *, GstMessage *):<manager>[00m [msg 0xfa4da80] handling child rtpssrcdemux0 message of type state-changed
0:00:30.006503000 [336m 4877[00m  0xdc45950 [37mDEBUG  [00m [00;01m                 bin gstbin.c:3729:void gst_bin_handle_message_func(GstBin *, GstMessage *):<manager>[00m posting message upward
0:00:30.006520000 [336m 4877[00m  0xdc45950 [37mDEBUG  [00m [00;43m             GST_BUS gstbus.c:312:gboolean gst_bus_post(GstBus *, GstMessage *):<bus4>[00m [msg 0xfa4da80] posting on bus state-changed message: 0xfa4da80, time 99:99:99.999999999, seq-num 45, element 'rtpssrcdemux0', GstMessageStateChanged, old-state=(GstState)GST_STATE_PAUSED, new-state=(GstState)GST_STATE_PLAYING, pending-state=(GstState)GST_STATE_VOID_PENDING;
0:00:30.006637000 [336m 4877[00m  0xdc45950 [37mDEBUG  [00m [00;01m                 bin gstbin.c:3396:void gst_bin_handle_message_func(GstBin *, GstMessage *):<source>[00m [msg 0xfa4da80] handling child rtpssrcdemux0 message of type state-changed
0:00:30.006660000 [336m 4877[00m  0xdc45950 [37mDEBUG  [00m [00;01m                 bin gstbin.c:3729:void gst_bin_handle_message_func(GstBin *, GstMessage *):<source>[00m posting message upward
0:00:30.006679000 [336m 4877[00m  0xdc45950 [37mDEBUG  [00m [00;43m             GST_BUS gstbus.c:312:gboolean gst_bus_post(GstBus *, GstMessage *):<bus3>[00m [msg 0xfa4da80] posting on bus state-changed message: 0xfa4da80, time 99:99:99.999999999, seq-num 45, element 'rtpssrcdemux0', GstMessageStateChanged, old-state=(GstState)GST_STATE_PAUSED, new-state=(GstState)GST_STATE_PLAYING, pending-state=(GstState)GST_STATE_VOID_PENDING;
0:00:30.006889000 [336m 4877[00m  0xdc45950 [37mDEBUG  [00m [00;01m                 bin gstbin.c:3396:void gst_bin_handle_message_func(GstBin *, GstMessage *):<uridecodebin0>[00m [msg 0xfa4da80] handling child rtpssrcdemux0 message of type state-changed
0:00:30.006916000 [336m 4877[00m  0xdc45950 [37mDEBUG  [00m [00;01m                 bin gstbin.c:3729:void gst_bin_handle_message_func(GstBin *, GstMessage *):<uridecodebin0>[00m posting message upward
0:00:30.006936000 [336m 4877[00m  0xdc45950 [37mDEBUG  [00m [00;43m             GST_BUS gstbus.c:312:gboolean gst_bus_post(GstBus *, GstMessage *):<bus0>[00m [msg 0xfa4da80] posting on bus state-changed message: 0xfa4da80, time 99:99:99.999999999, seq-num 45, element 'rtpssrcdemux0', GstMessageStateChanged, old-state=(GstState)GST_STATE_PAUSED, new-state=(GstState)GST_STATE_PLAYING, pending-state=(GstState)GST_STATE_VOID_PENDING;
0:00:30.007120000 [336m 4877[00m  0xdc45950 [37mDEBUG  [00m [00;01m                 bin gstbin.c:3396:void gst_bin_handle_message_func(GstBin *, GstMessage *):<playbin0>[00m [msg 0xfa4da80] handling child rtpssrcdemux0 message of type state-changed
0:00:30.007148000 [336m 4877[00m  0xdc45950 [37mDEBUG  [00m [00;01m                 bin gstbin.c:3729:void gst_bin_handle_message_func(GstBin *, GstMessage *):<playbin0>[00m posting message upward
0:00:30.007167000 [336m 4877[00m  0xdc45950 [37mDEBUG  [00m [00;43m             GST_BUS gstbus.c:312:gboolean gst_bus_post(GstBus *, GstMessage *):<bus1>[00m [msg 0xfa4da80] posting on bus state-changed message: 0xfa4da80, time 99:99:99.999999999, seq-num 45, element 'rtpssrcdemux0', GstMessageStateChanged, old-state=(GstState)GST_STATE_PAUSED, new-state=(GstState)GST_STATE_PLAYING, pending-state=(GstState)GST_STATE_VOID_PENDING;
0:00:30.007365000 [336m 4877[00m  0xdc45950 [37mDEBUG  [00m [00;43m             GST_BUS gstbus.c:347:gboolean gst_bus_post(GstBus *, GstMessage *):<bus1>[00m [msg 0xfa4da80] pushing on async queue
0:00:30.007392000 [336m 4877[00m  0xdc45950 [33;01mLOG    [00m [00m            GST_POLL gstpoll.c:186:gboolean raise_wakeup(GstPoll *):[00m 0xdbed6a0: raise
0:00:30.007424000 [336m 4877[00m  0xdc45950 [37mDEBUG  [00m [00;43m             GST_BUS gstbus.c:350:gboolean gst_bus_post(GstBus *, GstMessage *):<bus1>[00m [msg 0xfa4da80] pushed on async queue
0:00:30.007444000 [336m 4877[00m  0xdc45950 [37mDEBUG  [00m [00;43m             GST_BUS gstbus.c:343:gboolean gst_bus_post(GstBus *, GstMessage *):<bus0>[00m [msg 0xfa4da80] dropped
0:00:30.007450000 [336m 4877[00m  0xdc42b20 [33;01mLOG    [00m [00;43m             GST_BUS gstbus.c:498:GstMessage *gst_bus_timed_pop_filtered(GstBus *, GstClockTime, GstMessageType):<bus1>[00m have 1 messages
0:00:30.007462000 [336m 4877[00m  0xdc45950 [37mDEBUG  [00m [00;43m             GST_BUS gstbus.c:343:gboolean gst_bus_post(GstBus *, GstMessage *):<bus3>[00m [msg 0xfa4da80] dropped
0:00:30.007620000 [336m 4877[00m  0xdc42b20 [33;01mLOG    [00m [00m            GST_POLL gstpoll.c:201:gboolean release_wakeup(GstPoll *):[00m 0xdbed6a0: release
0:00:30.007626000 [336m 4877[00m  0xdc45950 [37mDEBUG  [00m [00;43m             GST_BUS gstbus.c:343:gboolean gst_bus_post(GstBus *, GstMessage *):<bus4>[00m [msg 0xfa4da80] dropped
0:00:30.007663000 [336m 4877[00m  0xdc45950 [37mDEBUG  [00m [00;43m             GST_BUS gstbus.c:343:gboolean gst_bus_post(GstBus *, GstMessage *):<bus5>[00m [msg 0xfa4da80] dropped
0:00:30.007675000 [336m 4877[00m  0xdc45950 [33;01mLOG    [00m [00;01;31m          GST_STATES gstelement.c:2652:GstStateChangeReturn gst_element_change_state(GstElement *, GstStateChange):<rtpssrcdemux0>[00m exit state change 1
0:00:30.007668000 [336m 4877[00m  0xdc42b20 [37mDEBUG  [00m [00;43m             GST_BUS gstbus.c:506:GstMessage *gst_bus_timed_pop_filtered(GstBus *, GstClockTime, GstMessageType):<bus1>[00m got message 0xfa4da80, state-changed from rtpssrcdemux0, type mask is 4294967295
0:00:30.007827000 [336m 4877[00m  0xdc45950 [37mDEBUG  [00m [00;01;31m          GST_STATES gstelement.c:2563:GstStateChangeReturn gst_element_set_state_func(GstElement *, GstState):<rtpssrcdemux0>[00m returned SUCCESS
0:00:30.007851000 [336m 4877[00m  0xdc45950 [36mINFO   [00m [00;01;31m          GST_STATES gstbin.c:2656:GstStateChangeReturn gst_bin_change_state_func(GstElement *, GstStateChange):<manager>[00m child 'rtpssrcdemux0' changed state to 4(PLAYING) successfully
0:00:30.007874000 [336m 4877[00m  0xdc45950 [37mDEBUG  [00m [00;01m                 bin gstbin.c:2094:GstIteratorResult gst_bin_sort_iterator_next(GstBinSortIterator *, GValue *):<manager>[00m queue head gives rtpsession0
0:00:30.007838000 [336m 4877[00m  0xdc42b20 [37mDEBUG  [00m [00;43m             GST_BUS gstbus.c:767:gboolean gst_bus_source_dispatch(GSource *, GSourceFunc, gpointer):<bus1>[00m source 0xe362e10 calling dispatch with state-changed message: 0xfa4da80, time 99:99:99.999999999, seq-num 45, element 'rtpssrcdemux0', GstMessageStateChanged, old-state=(GstState)GST_STATE_PAUSED, new-state=(GstState)GST_STATE_PLAYING, pending-state=(GstState)GST_STATE_VOID_PENDING;
0:00:30.008046000 [336m 4877[00m  0xdc45950 [37mDEBUG  [00m [00;01m                 bin gstbin.c:885:GList *find_message(GstBin *, GstObject *, GstMessageType):<manager>[00m no message found matching types 00001000
0:00:30.008067000 [336m 4877[00m  0xdc45950 [37mDEBUG  [00m [00;01m                 bin gstbin.c:892:GList *find_message(GstBin *, GstObject *, GstMessageType):<manager>[00m   structure-change
0:00:30.008070000 [336m 4877[00m  0xdc42b20 [33;01mLOG    [00m [00;01;37;41m         GST_MESSAGE gstmessage.c:186:void _gst_message_free(GstMessage *):[00m finalize message 0xfa4da80, state-changed from rtpssrcdemux0
0:00:30.008084000 [336m 4877[00m  0xdc45950 [37mDEBUG  [00m [00;01m                 bin gstbin.c:885:GList *find_message(GstBin *, GstObject *, GstMessageType):<manager>[00m no message found matching types 00001000
0:00:30.008272000 [336m 4877[00m  0xdc42b20 [37mDEBUG  [00m [00;43m             GST_BUS gstbus.c:772:gboolean gst_bus_source_dispatch(GSource *, GSourceFunc, gpointer):<bus1>[00m source 0xe362e10 handler returns 1
0:00:30.008278000 [336m 4877[00m  0xdc45950 [37mDEBUG  [00m [00;01m                 bin gstbin.c:892:GList *find_message(GstBin *, GstObject *, GstMessageType):<manager>[00m   structure-change
0:00:30.008331000 [336m 4877[00m  0xdc45950 [37mDEBUG  [00m [00;01m                 bin gstbin.c:2033:void update_degree(GstElement *, GstBinSortIterator *):<manager>[00m element rtpsession0 not linked on any sinkpads
0:00:30.008354000 [336m 4877[00m  0xdc45950 [36mINFO   [00m [00;01;31m          GST_STATES gstbin.c:2227:GstStateChangeReturn gst_bin_element_set_state(GstBin *, GstElement *, GstClockTime, GstClockTime, GstState, GstState):<rtpsession0>[00m current PAUSED pending VOID_PENDING, desired next PLAYING
0:00:30.008448000 [336m 4877[00m  0xdc45950 [37mDEBUG  [00m [00;01m                 bin gstbin.c:885:GList *find_message(GstBin *, GstObject *, GstMessageType):<manager>[00m no message found matching types 00100000
0:00:30.008471000 [336m 4877[00m  0xdc45950 [37mDEBUG  [00m [00;01m                 bin gstbin.c:892:GList *find_message(GstBin *, GstObject *, GstMessageType):<manager>[00m   async-start
0:00:30.008490000 [336m 4877[00m  0xdc45950 [37mDEBUG  [00m [00;01m                 bin gstbin.c:2322:GstStateChangeReturn gst_bin_element_set_state(GstBin *, GstElement *, GstClockTime, GstClockTime, GstState, GstState):<manager>[00m setting element rtpsession0 to PLAYING, base_time 384207:38:15.029612000
0:00:30.008517000 [336m 4877[00m  0xdc45950 [37mDEBUG  [00m [00;01;31m          GST_STATES gstelement.c:2479:GstStateChangeReturn gst_element_set_state_func(GstElement *, GstState):<rtpsession0>[00m set_state to PLAYING
0:00:30.008656000 [336m 4877[00m  0xdc45950 [37mDEBUG  [00m [00;01;31m          GST_STATES gstelement.c:2504:GstStateChangeReturn gst_element_set_state_func(GstElement *, GstState):<rtpsession0>[00m setting target state to PLAYING
0:00:30.008679000 [336m 4877[00m  0xdc45950 [37mDEBUG  [00m [00;01;31m          GST_STATES gstelement.c:2517:GstStateChangeReturn gst_element_set_state_func(GstElement *, GstState):<rtpsession0>[00m current PAUSED, old_pending VOID_PENDING, next VOID_PENDING, old return SUCCESS
0:00:30.008703000 [336m 4877[00m  0xdc45950 [37mDEBUG  [00m [00;01;31m          GST_STATES gstelement.c:2551:GstStateChangeReturn gst_element_set_state_func(GstElement *, GstState):<rtpsession0>[00m final: setting state from PAUSED to PLAYING
0:00:30.008726000 [336m 4877[00m  0xdc45950 [33;01mLOG    [00m [00;01;31m          GST_STATES gstelement.c:2797:GstStateChangeReturn gst_element_change_state_func(GstElement *, GstStateChange):<rtpsession0>[00m default handler tries setting state from PAUSED to PLAYING (001c)
0:00:30.008869000 [336m 4877[00m  0xdc45950 [37mDEBUG  [00m [00m          rtpsession gstrtpsession.c:922:start_rtcp_thread:<rtpsession0>[00m starting RTCP thread
0:00:30.008929000 [336m 4877[00m  0xdc45950 [37mDEBUG  [00m [00;01;31m          GST_STATES gstelement.c:2636:GstStateChangeReturn gst_element_change_state(GstElement *, GstStateChange):<rtpsession0>[00m element changed state SUCCESS
0:00:30.008937000 [336m 4877[00m  0xeac7c00 [37mDEBUG  [00m [00m          rtpsession gstrtpsession.c:848:rtcp_thread:<rtpsession0>[00m entering RTCP thread
0:00:30.008948000 [336m 4877[00m  0xdc45950 [36mINFO   [00m [00;01;31m          GST_STATES gstelement.c:2328:GstStateChangeReturn gst_element_continue_state(GstElement *, GstStateChangeReturn):<rtpsession0>[00m completed state change to PLAYING
0:00:30.008959000 [336m 4877[00m  0xeac7c00 [37mDEBUG  [00m [00;01;33m           GST_CLOCK gstclock.c:952:GstClockTime gst_clock_get_internal_time(GstClock *):<GstSystemClock>[00m internal time 384207:38:15.749300000
0:00:30.008968000 [336m 4877[00m  0xdc45950 [36mINFO   [00m [00;01;31m          GST_STATES gstelement.c:2233:void _priv_gst_element_state_changed(GstElement *, GstState, GstState, GstState):<rtpsession0>[00m notifying about state-changed PAUSED to PLAYING (VOID_PENDING pending)
0:00:30.009124000 [336m 4877[00m  0xeac7c00 [37mDEBUG  [00m [00;01;33m           GST_CLOCK gstclock.c:997:GstClockTime gst_clock_get_time(GstClock *):<GstSystemClock>[00m adjusted time 384207:38:15.749300000
0:00:30.009131000 [336m 4877[00m  0xdc45950 [33;01mLOG    [00m [00;01;37;41m         GST_MESSAGE gstmessage.c:284:GstMessage *gst_message_new_custom(GstMessageType, GstObject *, GstStructure *):[00m source rtpsession0: creating new message 0xfa4db70 state-changed
0:00:30.009171000 [336m 4877[00m  0xeac7c00 [37mDEBUG  [00m [00m          rtpsession gstrtpsession.c:864:rtcp_thread:<rtpsession0>[00m starting at 384207:38:15.749300000
0:00:30.009173000 [336m 4877[00m  0xdc45950 [37mDEBUG  [00m [00;43m             GST_BUS gstbus.c:312:gboolean gst_bus_post(GstBus *, GstMessage *):<bus5>[00m [msg 0xfa4db70] posting on bus state-changed message: 0xfa4db70, time 99:99:99.999999999, seq-num 46, element 'rtpsession0', GstMessageStateChanged, old-state=(GstState)GST_STATE_PAUSED, new-state=(GstState)GST_STATE_PLAYING, pending-state=(GstState)GST_STATE_VOID_PENDING;
0:00:30.009348000 [336m 4877[00m  0xdc45950 [37mDEBUG  [00m [00;01m                 bin gstbin.c:3396:void gst_bin_handle_message_func(GstBin *, GstMessage *):<manager>[00m [msg 0xfa4db70] handling child rtpsession0 message of type state-changed
0:00:30.009350000 [336m 4877[00m  0xeac7c00 [37mDEBUG  [00m [00m          rtpsession rtpsession.c:2703:rtp_session_next_timeout:[00m current time: 384207:38:15.749300000, next time: 99:99:99.999999999
0:00:30.009368000 [336m 4877[00m  0xdc45950 [37mDEBUG  [00m [00;01m                 bin gstbin.c:3729:void gst_bin_handle_message_func(GstBin *, GstMessage *):<manager>[00m posting message upward
0:00:30.009530000 [336m 4877[00m  0xeac7c00 [37mDEBUG  [00m [00m          rtpsession rtpsession.c:2706:rtp_session_next_timeout:[00m take current time as base
0:00:30.009547000 [336m 4877[00m  0xeac7c00 [37mDEBUG  [00m [00m          rtpsession rtpsession.c:2720:rtp_session_next_timeout:[00m first RTCP packet
0:00:30.009562000 [336m 4877[00m  0xeac7c00 [37mDEBUG  [00m [00;04m             default rtpstats.c:53:rtp_stats_set_bandwidths:[00m recalc bandwidths: RTP 64000, RTCP 3200.000000, RS 4294967295, RR 4294967295
0:00:30.009545000 [336m 4877[00m  0xdc45950 [37mDEBUG  [00m [00;43m             GST_BUS gstbus.c:312:gboolean gst_bus_post(GstBus *, GstMessage *):<bus4>[00m [msg 0xfa4db70] posting on bus state-changed message: 0xfa4db70, time 99:99:99.999999999, seq-num 46, element 'rtpsession0', GstMessageStateChanged, old-state=(GstState)GST_STATE_PAUSED, new-state=(GstState)GST_STATE_PLAYING, pending-state=(GstState)GST_STATE_VOID_PENDING;
0:00:30.009580000 [336m 4877[00m  0xeac7c00 [37mDEBUG  [00m [00;04m             default rtpstats.c:113:rtp_stats_set_bandwidths:[00m bandwidths: RTP 64000, RTCP 3200, RS 0.250000, RR 0.750000
0:00:30.009764000 [336m 4877[00m  0xdc45950 [37mDEBUG  [00m [00;01m                 bin gstbin.c:3396:void gst_bin_handle_message_func(GstBin *, GstMessage *):<source>[00m [msg 0xfa4db70] handling child rtpsession0 message of type state-changed
0:00:30.009764000 [336m 4877[00m  0xeac7c00 [37mDEBUG  [00m [00;04m             default rtpstats.c:179:rtp_stats_calculate_rtcp_interval:[00m avg size 100.000000, n 0.000000, rtcp_bw 2400.000000
0:00:30.009808000 [336m 4877[00m  0xdc45950 [37mDEBUG  [00m [00;01m                 bin gstbin.c:3729:void gst_bin_handle_message_func(GstBin *, GstMessage *):<source>[00m posting message upward
0:00:30.009815000 [336m 4877[00m  0xeac7c00 [37mDEBUG  [00m [00m          rtpsession rtpsession.c:2573:calculate_rtcp_interval:[00m next deterministic interval: 0:00:02.500000000, first 1
0:00:30.009827000 [336m 4877[00m  0xdc45950 [37mDEBUG  [00m [00;43m             GST_BUS gstbus.c:312:gboolean gst_bus_post(GstBus *, GstMessage *):<bus3>[00m [msg 0xfa4db70] posting on bus state-changed message: 0xfa4db70, time 99:99:99.999999999, seq-num 46, element 'rtpsession0', GstMessageStateChanged, old-state=(GstState)GST_STATE_PAUSED, new-state=(GstState)GST_STATE_PLAYING, pending-state=(GstState)GST_STATE_VOID_PENDING;
0:00:30.009989000 [336m 4877[00m  0xeac7c00 [37mDEBUG  [00m [00m          rtpsession rtpsession.c:2578:calculate_rtcp_interval:[00m next interval: 0:00:01.466466624
0:00:30.009995000 [336m 4877[00m  0xdc45950 [37mDEBUG  [00m [00;01m                 bin gstbin.c:3396:void gst_bin_handle_message_func(GstBin *, GstMessage *):<uridecodebin0>[00m [msg 0xfa4db70] handling child rtpsession0 message of type state-changed
0:00:30.010035000 [336m 4877[00m  0xdc45950 [37mDEBUG  [00m [00;01m                 bin gstbin.c:3729:void gst_bin_handle_message_func(GstBin *, GstMessage *):<uridecodebin0>[00m posting message upward
0:00:30.010034000 [336m 4877[00m  0xeac7c00 [37mDEBUG  [00m [00m          rtpsession rtpsession.c:2741:rtp_session_next_timeout:[00m current time: 384207:38:15.749300000, next time: 384207:38:17.215766624
0:00:30.010214000 [336m 4877[00m  0xeac7c00 [37mDEBUG  [00m [00m          rtpsession gstrtpsession.c:874:rtcp_thread:<rtpsession0>[00m next check time 384207:38:17.215766624
0:00:30.010207000 [336m 4877[00m  0xdc45950 [37mDEBUG  [00m [00;43m             GST_BUS gstbus.c:312:gboolean gst_bus_post(GstBus *, GstMessage *):<bus0>[00m [msg 0xfa4db70] posting on bus state-changed message: 0xfa4db70, time 99:99:99.999999999, seq-num 46, element 'rtpsession0', GstMessageStateChanged, old-state=(GstState)GST_STATE_PAUSED, new-state=(GstState)GST_STATE_PLAYING, pending-state=(GstState)GST_STATE_VOID_PENDING;
0:00:30.010245000 [336m 4877[00m  0xdc45950 [37mDEBUG  [00m [00;01m                 bin gstbin.c:3396:void gst_bin_handle_message_func(GstBin *, GstMessage *):<playbin0>[00m [msg 0xfa4db70] handling child rtpsession0 message of type state-changed
0:00:30.010245000 [336m 4877[00m  0xeac7c00 [37mDEBUG  [00m [00;01;33m           GST_CLOCK gstclock.c:246:GstClockID gst_clock_entry_new(GstClock *, GstClockTime, GstClockTime, GstClockEntryType):<GstSystemClock>[00m created entry 0xfa526f0, time 384207:38:17.215766624
0:00:30.010420000 [336m 4877[00m  0xdc45950 [37mDEBUG  [00m [00;01m                 bin gstbin.c:3729:void gst_bin_handle_message_func(GstBin *, GstMessage *):<playbin0>[00m posting message upward
0:00:30.010425000 [336m 4877[00m  0xeac7c00 [37mDEBUG  [00m [00;01;33m           GST_CLOCK gstclock.c:535:GstClockReturn gst_clock_id_wait(GstClockID, GstClockTimeDiff *):<GstSystemClock>[00m waiting on clock entry 0xfa526f0
0:00:30.010465000 [336m 4877[00m  0xeac7c00 [37mDEBUG  [00m [00;01;33m           GST_CLOCK gstclock.c:952:GstClockTime gst_clock_get_internal_time(GstClock *):<GstSystemClock>[00m internal time 384207:38:15.750806000
0:00:30.010461000 [336m 4877[00m  0xdc45950 [37mDEBUG  [00m [00;43m             GST_BUS gstbus.c:312:gboolean gst_bus_post(GstBus *, GstMessage *):<bus1>[00m [msg 0xfa4db70] posting on bus state-changed message: 0xfa4db70, time 99:99:99.999999999, seq-num 46, element 'rtpsession0', GstMessageStateChanged, old-state=(GstState)GST_STATE_PAUSED, new-state=(GstState)GST_STATE_PLAYING, pending-state=(GstState)GST_STATE_VOID_PENDING;
0:00:30.010651000 [336m 4877[00m  0xdc45950 [37mDEBUG  [00m [00;43m             GST_BUS gstbus.c:347:gboolean gst_bus_post(GstBus *, GstMessage *):<bus1>[00m [msg 0xfa4db70] pushing on async queue
0:00:30.010648000 [336m 4877[00m  0xeac7c00 [37mDEBUG  [00m [00;01;33m           GST_CLOCK gstclock.c:997:GstClockTime gst_clock_get_time(GstClock *):<GstSystemClock>[00m adjusted time 384207:38:15.750806000
0:00:30.010690000 [336m 4877[00m  0xdc45950 [33;01mLOG    [00m [00m            GST_POLL gstpoll.c:186:gboolean raise_wakeup(GstPoll *):[00m 0xdbed6a0: raise
0:00:30.010700000 [336m 4877[00m  0xeac7c00 [37mDEBUG  [00m [00;01;33m           GST_CLOCK gstsystemclock.c:621:GstClockReturn gst_system_clock_id_wait_jitter_unlocked(GstClock *, GstClockEntry *, GstClockTimeDiff *, gboolean):[00m entry 0xfa526f0 time 384207:38:17.215766624 now 384207:38:15.750806000 diff (time-now) 1464960624
0:00:30.010866000 [336m 4877[00m  0xdc45950 [37mDEBUG  [00m [00;43m             GST_BUS gstbus.c:350:gboolean gst_bus_post(GstBus *, GstMessage *):<bus1>[00m [msg 0xfa4db70] pushed on async queue
0:00:30.010865000 [336m 4877[00m  0xeac7c00 [37mDEBUG  [00m [00m            GST_POLL gstpoll.c:1200:gint gst_poll_wait(GstPoll *, GstClockTime):[00m timeout :0:00:01.464960624
0:00:30.010884000 [336m 4877[00m  0xdc42b20 [33;01mLOG    [00m [00;43m             GST_BUS gstbus.c:498:GstMessage *gst_bus_timed_pop_filtered(GstBus *, GstClockTime, GstMessageType):<bus1>[00m have 1 messages
0:00:30.010913000 [336m 4877[00m  0xdc45950 [37mDEBUG  [00m [00;43m             GST_BUS gstbus.c:343:gboolean gst_bus_post(GstBus *, GstMessage *):<bus0>[00m [msg 0xfa4db70] dropped
0:00:30.011045000 [336m 4877[00m  0xeac7c00 [37mDEBUG  [00m [00m            GST_POLL gstpoll.c:1326:gint gst_poll_wait(GstPoll *, GstClockTime):[00m Calling pselect
0:00:30.011071000 [336m 4877[00m  0xdc42b20 [33;01mLOG    [00m [00m            GST_POLL gstpoll.c:201:gboolean release_wakeup(GstPoll *):[00m 0xdbed6a0: release
0:00:30.011099000 [336m 4877[00m  0xdc45950 [37mDEBUG  [00m [00;43m             GST_BUS gstbus.c:343:gboolean gst_bus_post(GstBus *, GstMessage *):<bus3>[00m [msg 0xfa4db70] dropped
0:00:30.011147000 [336m 4877[00m  0xdc45950 [37mDEBUG  [00m [00;43m             GST_BUS gstbus.c:343:gboolean gst_bus_post(GstBus *, GstMessage *):<bus4>[00m [msg 0xfa4db70] dropped
0:00:30.011149000 [336m 4877[00m  0xdc42b20 [37mDEBUG  [00m [00;43m             GST_BUS gstbus.c:506:GstMessage *gst_bus_timed_pop_filtered(GstBus *, GstClockTime, GstMessageType):<bus1>[00m got message 0xfa4db70, state-changed from rtpsession0, type mask is 4294967295
0:00:30.011249000 [336m 4877[00m  0xdc45950 [37mDEBUG  [00m [00;43m             GST_BUS gstbus.c:343:gboolean gst_bus_post(GstBus *, GstMessage *):<bus5>[00m [msg 0xfa4db70] dropped
0:00:30.011291000 [336m 4877[00m  0xdc45950 [33;01mLOG    [00m [00;01;31m          GST_STATES gstelement.c:2652:GstStateChangeReturn gst_element_change_state(GstElement *, GstStateChange):<rtpsession0>[00m exit state change 1
0:00:30.011269000 [336m 4877[00m  0xdc42b20 [37mDEBUG  [00m [00;43m             GST_BUS gstbus.c:767:gboolean gst_bus_source_dispatch(GSource *, GSourceFunc, gpointer):<bus1>[00m source 0xe362e10 calling dispatch with state-changed message: 0xfa4db70, time 99:99:99.999999999, seq-num 46, element 'rtpsession0', GstMessageStateChanged, old-state=(GstState)GST_STATE_PAUSED, new-state=(GstState)GST_STATE_PLAYING, pending-state=(GstState)GST_STATE_VOID_PENDING;
0:00:30.011479000 [336m 4877[00m  0xdc45950 [37mDEBUG  [00m [00;01;31m          GST_STATES gstelement.c:2563:GstStateChangeReturn gst_element_set_state_func(GstElement *, GstState):<rtpsession0>[00m returned SUCCESS
0:00:30.011494000 [336m 4877[00m  0xdc42b20 [33;01mLOG    [00m [00;01;37;41m         GST_MESSAGE gstmessage.c:186:void _gst_message_free(GstMessage *):[00m finalize message 0xfa4db70, state-changed from rtpsession0
0:00:30.011502000 [336m 4877[00m  0xdc45950 [36mINFO   [00m [00;01;31m          GST_STATES gstbin.c:2656:GstStateChangeReturn gst_bin_change_state_func(GstElement *, GstStateChange):<manager>[00m child 'rtpsession0' changed state to 4(PLAYING) successfully
0:00:30.011555000 [336m 4877[00m  0xdc45950 [37mDEBUG  [00m [00;01m                 bin gstbin.c:2083:GstIteratorResult gst_bin_sort_iterator_next(GstBinSortIterator *, GValue *):<manager>[00m queue empty, elements exhausted
0:00:30.011552000 [336m 4877[00m  0xdc42b20 [37mDEBUG  [00m [00;43m             GST_BUS gstbus.c:772:gboolean gst_bus_source_dispatch(GSource *, GSourceFunc, gpointer):<bus1>[00m source 0xe362e10 handler returns 1
0:00:30.011685000 [336m 4877[00m  0xdc45950 [37mDEBUG  [00m [00;01;31m          GST_STATES gstbin.c:2715:GstStateChangeReturn gst_bin_change_state_func(GstElement *, GstStateChange):<manager>[00m iterator done
0:00:30.011705000 [336m 4877[00m  0xdc45950 [33;01mLOG    [00m [00;01;31m          GST_STATES gstelement.c:2797:GstStateChangeReturn gst_element_change_state_func(GstElement *, GstStateChange):<manager>[00m default handler tries setting state from PAUSED to PLAYING (001c)
0:00:30.011724000 [336m 4877[00m  0xdc45950 [37mDEBUG  [00m [00;01m                 bin gstbin.c:2125:void gst_bin_sort_iterator_free(GstBinSortIterator *):<manager>[00m free
0:00:30.011735000 [336m 4877[00m  0xdc45950 [37mDEBUG  [00m [00;01m                 bin gstbin.c:2750:GstStateChangeReturn gst_bin_change_state_func(GstElement *, GstStateChange):<manager>[00m no async elements
0:00:30.011880000 [336m 4877[00m  0xdc45950 [37mDEBUG  [00m [00;01;31m          GST_STATES gstbin.c:2784:GstStateChangeReturn gst_bin_change_state_func(GstElement *, GstStateChange):<manager>[00m done changing bin's state from PAUSED to PLAYING, now in PAUSED, ret SUCCESS
0:00:30.011910000 [336m 4877[00m  0xdc45950 [37mDEBUG  [00m [00;01;31m          GST_STATES gstelement.c:2636:GstStateChangeReturn gst_element_change_state(GstElement *, GstStateChange):<manager>[00m element changed state SUCCESS
0:00:30.011927000 [336m 4877[00m  0xdc45950 [36mINFO   [00m [00;01;31m          GST_STATES gstelement.c:2328:GstStateChangeReturn gst_element_continue_state(GstElement *, GstStateChangeReturn):<manager>[00m completed state change to PLAYING
