0:00:30.186458000 [336m 4877[00m  0xea8adb0 [37mDEBUG  [00m [00;43m             GST_BUS gstbus.c:350:gboolean gst_bus_post(GstBus *, GstMessage *):<bus1>[00m [msg 0xf280cb8] pushed on async queue
0:00:30.186475000 [336m 4877[00m  0xdc42b20 [33;01mLOG    [00m [00;43m             GST_BUS gstbus.c:498:GstMessage *gst_bus_timed_pop_filtered(GstBus *, GstClockTime, GstMessageType):<bus1>[00m have 1 messages
0:00:30.186482000 [336m 4877[00m  0xea8adb0 [37mDEBUG  [00m [00;43m             GST_BUS gstbus.c:343:gboolean gst_bus_post(GstBus *, GstMessage *):<bus0>[00m [msg 0xf280cb8] dropped
0:00:30.186516000 [336m 4877[00m  0xdc42b20 [33;01mLOG    [00m [00m            GST_POLL gstpoll.c:201:gboolean release_wakeup(GstPoll *):[00m 0xdbed6a0: release
0:00:30.186528000 [336m 4877[00m  0xea8adb0 [37mDEBUG  [00m [00;43m             GST_BUS gstbus.c:343:gboolean gst_bus_post(GstBus *, GstMessage *):<bus3>[00m [msg 0xf280cb8] dropped
0:00:30.186534000 [336m 4877[00m  0xdc42b20 [37mDEBUG  [00m [00;43m             GST_BUS gstbus.c:506:GstMessage *gst_bus_timed_pop_filtered(GstBus *, GstClockTime, GstMessageType):<bus1>[00m got message 0xf280cb8, state-changed from decodebin0, type mask is 4294967295
0:00:30.186689000 [336m 4877[00m  0xea8adb0 [36mINFO   [00m [00;01;31m          GST_STATES gstelement.c:2310:GstStateChangeReturn gst_element_continue_state(GstElement *, GstStateChangeReturn):<decodebin0>[00m continue state change READY to PAUSED, final PLAYING
0:00:30.186712000 [336m 4877[00m  0xea8adb0 [33;01mLOG    [00m [00m           decodebin gstdecodebin2.c:4436:GstStateChangeReturn gst_decode_bin_change_state(GstElement *, GstStateChange):<decodebin0>[00m expose locking from thread 0xea8adb0
0:00:30.186725000 [336m 4877[00m  0xea8adb0 [33;01mLOG    [00m [00m           decodebin gstdecodebin2.c:4436:GstStateChangeReturn gst_decode_bin_change_state(GstElement *, GstStateChange):<decodebin0>[00m expose locked from thread 0xea8adb0
0:00:30.186697000 [336m 4877[00m  0xdc42b20 [37mDEBUG  [00m [00;43m             GST_BUS gstbus.c:767:gboolean gst_bus_source_dispatch(GSource *, GSourceFunc, gpointer):<bus1>[00m source 0xe362e10 calling dispatch with state-changed message: 0xf280cb8, time 99:99:99.999999999, seq-num 83, element 'decodebin0', GstMessageStateChanged, old-state=(GstState)GST_STATE_NULL, new-state=(GstState)GST_STATE_READY, pending-state=(GstState)GST_STATE_PLAYING;
0:00:30.186735000 [336m 4877[00m  0xea8adb0 [33;01mLOG    [00m [00m           decodebin gstdecodebin2.c:4441:GstStateChangeReturn gst_decode_bin_change_state(GstElement *, GstStateChange):<decodebin0>[00m expose unlocking from thread 0xea8adb0
0:00:30.186918000 [336m 4877[00m  0xea8adb0 [33;01mLOG    [00m [00m           decodebin gstdecodebin2.c:4442:GstStateChangeReturn gst_decode_bin_change_state(GstElement *, GstStateChange):<decodebin0>[00m dynlocking from thread 0xea8adb0
0:00:30.186918000 [336m 4877[00m  0xdc42b20 [33;01mLOG    [00m [00;01;37;41m         GST_MESSAGE gstmessage.c:186:void _gst_message_free(GstMessage *):[00m finalize message 0xf280cb8, state-changed from decodebin0
0:00:30.187096000 [336m 4877[00m  0xea8adb0 [33;01mLOG    [00m [00m           decodebin gstdecodebin2.c:4442:GstStateChangeReturn gst_decode_bin_change_state(GstElement *, GstStateChange):<decodebin0>[00m dynlocked from thread 0xea8adb0
0:00:30.187114000 [336m 4877[00m  0xea8adb0 [33;01mLOG    [00m [00m           decodebin gstdecodebin2.c:4443:GstStateChangeReturn gst_decode_bin_change_state(GstElement *, GstStateChange):<decodebin0>[00m clearing shutdown flag
0:00:30.187107000 [336m 4877[00m  0xdc42b20 [37mDEBUG  [00m [00;43m             GST_BUS gstbus.c:772:gboolean gst_bus_source_dispatch(GSource *, GSourceFunc, gpointer):<bus1>[00m source 0xe362e10 handler returns 1
0:00:30.187167000 [336m 4877[00m  0xea8adb0 [33;01mLOG    [00m [00m           decodebin gstdecodebin2.c:4445:GstStateChangeReturn gst_decode_bin_change_state(GstElement *, GstStateChange):<decodebin0>[00m dynunlocking from thread 0xea8adb0
0:00:30.187304000 [336m 4877[00m  0xea8adb0 [33;01mLOG    [00m [00;01;37;41m         GST_MESSAGE gstmessage.c:284:GstMessage *gst_message_new_custom(GstMessageType, GstObject *, GstStructure *):[00m source decodebin0: creating new message 0xf280d08 async-start
0:00:30.187333000 [336m 4877[00m  0xea8adb0 [37mDEBUG  [00m [00;01m                 bin gstbin.c:3396:void gst_bin_handle_message_func(GstBin *, GstMessage *):<decodebin0>[00m [msg 0xf280d08] handling child decodebin0 message of type async-start
0:00:30.187356000 [336m 4877[00m  0xea8adb0 [37mDEBUG  [00m [00;01m                 bin gstbin.c:3584:void gst_bin_handle_message_func(GstBin *, GstMessage *):<decodebin0>[00m ASYNC_START message 0xf280d08, decodebin0
0:00:30.187376000 [336m 4877[00m  0xea8adb0 [37mDEBUG  [00m [00;01m                 bin gstbin.c:885:GList *find_message(GstBin *, GstObject *, GstMessageType):<decodebin0>[00m no message found matching types 00100000
0:00:30.187523000 [336m 4877[00m  0xea8adb0 [37mDEBUG  [00m [00;01m                 bin gstbin.c:892:GList *find_message(GstBin *, GstObject *, GstMessageType):<decodebin0>[00m   async-start
0:00:30.187545000 [336m 4877[00m  0xea8adb0 [37mDEBUG  [00m [00;01m                 bin gstbin.c:932:gboolean bin_replace_message(GstBin *, GstMessage *, GstMessageType):<decodebin0>[00m got new message 0xf280d08, async-start from decodebin0
0:00:30.187567000 [336m 4877[00m  0xea8adb0 [33;01mLOG    [00m [00;01;37;41m         GST_MESSAGE gstmessage.c:284:GstMessage *gst_message_new_custom(GstMessageType, GstObject *, GstStructure *):[00m source decodebin0: creating new message 0xf280d58 async-start
0:00:30.187591000 [336m 4877[00m  0xea8adb0 [37mDEBUG  [00m [00;01;31m          GST_STATES gstbin.c:3055:void bin_handle_async_start(GstBin *):<decodebin0>[00m state change busy
0:00:30.187606000 [336m 4877[00m  0xea8adb0 [37mDEBUG  [00m [00;01m                 bin gstbin.c:3041:void bin_handle_async_start(GstBin *):<decodebin0>[00m posting ASYNC_START to parent
0:00:30.187746000 [336m 4877[00m  0xea8adb0 [37mDEBUG  [00m [00;43m             GST_BUS gstbus.c:312:gboolean gst_bus_post(GstBus *, GstMessage *):<bus3>[00m [msg 0xf280d58] posting on bus async-start message: 0xf280d58, time 99:99:99.999999999, seq-num 85, element 'decodebin0', (NULL)
0:00:30.187776000 [336m 4877[00m  0xea8adb0 [37mDEBUG  [00m [00;01m                 bin gstbin.c:3396:void gst_bin_handle_message_func(GstBin *, GstMessage *):<uridecodebin0>[00m [msg 0xf280d58] handling child decodebin0 message of type async-start
0:00:30.187798000 [336m 4877[00m  0xea8adb0 [37mDEBUG  [00m [00;01m                 bin gstbin.c:3584:void gst_bin_handle_message_func(GstBin *, GstMessage *):<uridecodebin0>[00m ASYNC_START message 0xf280d58, decodebin0
0:00:30.187818000 [336m 4877[00m  0xea8adb0 [37mDEBUG  [00m [00;01m                 bin gstbin.c:885:GList *find_message(GstBin *, GstObject *, GstMessageType):<uridecodebin0>[00m no message found matching types 00100000
0:00:30.187964000 [336m 4877[00m  0xea8adb0 [37mDEBUG  [00m [00;01m                 bin gstbin.c:892:GList *find_message(GstBin *, GstObject *, GstMessageType):<uridecodebin0>[00m   async-start
0:00:30.187984000 [336m 4877[00m  0xea8adb0 [37mDEBUG  [00m [00;01m                 bin gstbin.c:932:gboolean bin_replace_message(GstBin *, GstMessage *, GstMessageType):<uridecodebin0>[00m got new message 0xf280d58, async-start from decodebin0
0:00:30.188006000 [336m 4877[00m  0xea8adb0 [33;01mLOG    [00m [00;01;37;41m         GST_MESSAGE gstmessage.c:284:GstMessage *gst_message_new_custom(GstMessageType, GstObject *, GstStructure *):[00m source uridecodebin0: creating new message 0xf280da8 async-start
0:00:30.188029000 [336m 4877[00m  0xea8adb0 [37mDEBUG  [00m [00;01;31m          GST_STATES gstbin.c:3026:void bin_handle_async_start(GstBin *):<uridecodebin0>[00m lost state of PLAYING, new PAUSED
0:00:30.188049000 [336m 4877[00m  0xea8adb0 [36mINFO   [00m [00;01;31m          GST_STATES gstelement.c:2233:void _priv_gst_element_state_changed(GstElement *, GstState, GstState, GstState):<uridecodebin0>[00m notifying about state-changed PAUSED to PAUSED (PAUSED pending)
0:00:30.188190000 [336m 4877[00m  0xea8adb0 [33;01mLOG    [00m [00;01;37;41m         GST_MESSAGE gstmessage.c:284:GstMessage *gst_message_new_custom(GstMessageType, GstObject *, GstStructure *):[00m source uridecodebin0: creating new message 0xf280df8 state-changed
0:00:30.188218000 [336m 4877[00m  0xea8adb0 [37mDEBUG  [00m [00;43m             GST_BUS gstbus.c:312:gboolean gst_bus_post(GstBus *, GstMessage *):<bus0>[00m [msg 0xf280df8] posting on bus state-changed message: 0xf280df8, time 99:99:99.999999999, seq-num 87, element 'uridecodebin0', GstMessageStateChanged, old-state=(GstState)GST_STATE_PAUSED, new-state=(GstState)GST_STATE_PAUSED, pending-state=(GstState)GST_STATE_PAUSED;
0:00:30.188268000 [336m 4877[00m  0xea8adb0 [37mDEBUG  [00m [00;01m                 bin gstbin.c:3396:void gst_bin_handle_message_func(GstBin *, GstMessage *):<playbin0>[00m [msg 0xf280df8] handling child uridecodebin0 message of type state-changed
0:00:30.188409000 [336m 4877[00m  0xea8adb0 [37mDEBUG  [00m [00;01m                 bin gstbin.c:3729:void gst_bin_handle_message_func(GstBin *, GstMessage *):<playbin0>[00m posting message upward
0:00:30.188428000 [336m 4877[00m  0xea8adb0 [37mDEBUG  [00m [00;43m             GST_BUS gstbus.c:312:gboolean gst_bus_post(GstBus *, GstMessage *):<bus1>[00m [msg 0xf280df8] posting on bus state-changed message: 0xf280df8, time 99:99:99.999999999, seq-num 87, element 'uridecodebin0', GstMessageStateChanged, old-state=(GstState)GST_STATE_PAUSED, new-state=(GstState)GST_STATE_PAUSED, pending-state=(GstState)GST_STATE_PAUSED;
0:00:30.188476000 [336m 4877[00m  0xea8adb0 [37mDEBUG  [00m [00;43m             GST_BUS gstbus.c:347:gboolean gst_bus_post(GstBus *, GstMessage *):<bus1>[00m [msg 0xf280df8] pushing on async queue
0:00:30.188494000 [336m 4877[00m  0xea8adb0 [33;01mLOG    [00m [00m            GST_POLL gstpoll.c:186:gboolean raise_wakeup(GstPoll *):[00m 0xdbed6a0: raise
0:00:30.188639000 [336m 4877[00m  0xea8adb0 [37mDEBUG  [00m [00;43m             GST_BUS gstbus.c:350:gboolean gst_bus_post(GstBus *, GstMessage *):<bus1>[00m [msg 0xf280df8] pushed on async queue
0:00:30.188656000 [336m 4877[00m  0xdc42b20 [33;01mLOG    [00m [00;43m             GST_BUS gstbus.c:498:GstMessage *gst_bus_timed_pop_filtered(GstBus *, GstClockTime, GstMessageType):<bus1>[00m have 1 messages
0:00:30.188663000 [336m 4877[00m  0xea8adb0 [37mDEBUG  [00m [00;43m             GST_BUS gstbus.c:343:gboolean gst_bus_post(GstBus *, GstMessage *):<bus0>[00m [msg 0xf280df8] dropped
0:00:30.188693000 [336m 4877[00m  0xdc42b20 [33;01mLOG    [00m [00m            GST_POLL gstpoll.c:201:gboolean release_wakeup(GstPoll *):[00m 0xdbed6a0: release
0:00:30.188701000 [336m 4877[00m  0xea8adb0 [37mDEBUG  [00m [00;01m                 bin gstbin.c:3041:void bin_handle_async_start(GstBin *):<uridecodebin0>[00m posting ASYNC_START to parent
0:00:30.188864000 [336m 4877[00m  0xdc42b20 [37mDEBUG  [00m [00;43m             GST_BUS gstbus.c:506:GstMessage *gst_bus_timed_pop_filtered(GstBus *, GstClockTime, GstMessageType):<bus1>[00m got message 0xf280df8, state-changed from uridecodebin0, type mask is 4294967295
0:00:30.188870000 [336m 4877[00m  0xea8adb0 [37mDEBUG  [00m [00;43m             GST_BUS gstbus.c:312:gboolean gst_bus_post(GstBus *, GstMessage *):<bus0>[00m [msg 0xf280da8] posting on bus async-start message: 0xf280da8, time 99:99:99.999999999, seq-num 86, element 'uridecodebin0', (NULL)
0:00:30.188903000 [336m 4877[00m  0xea8adb0 [37mDEBUG  [00m [00m             playbin gstplaybin2.c:2711:void gst_play_bin_handle_message(GstBin *, GstMessage *):<playbin0>[00m Ignoring async state change of uridecodebin: uridecodebin0
0:00:30.188888000 [336m 4877[00m  0xdc42b20 [37mDEBUG  [00m [00;43m             GST_BUS gstbus.c:767:gboolean gst_bus_source_dispatch(GSource *, GSourceFunc, gpointer):<bus1>[00m source 0xe362e10 calling dispatch with state-changed message: 0xf280df8, time 99:99:99.999999999, seq-num 87, element 'uridecodebin0', GstMessageStateChanged, old-state=(GstState)GST_STATE_PAUSED, new-state=(GstState)GST_STATE_PAUSED, pending-state=(GstState)GST_STATE_PAUSED;
0:00:30.189076000 [336m 4877[00m  0xea8adb0 [33;01mLOG    [00m [00;01;37;41m         GST_MESSAGE gstmessage.c:186:void _gst_message_free(GstMessage *):[00m finalize message 0xf280da8, async-start from uridecodebin0
0:00:30.189095000 [336m 4877[00m  0xdc42b20 [33;01mLOG    [00m [00;01;37;41m         GST_MESSAGE gstmessage.c:186:void _gst_message_free(GstMessage *):[00m finalize message 0xf280df8, state-changed from uridecodebin0
0:00:30.189103000 [336m 4877[00m  0xea8adb0 [37mDEBUG  [00m [00;43m             GST_BUS gstbus.c:343:gboolean gst_bus_post(GstBus *, GstMessage *):<bus0>[00m [msg 0xf280da8] dropped
0:00:30.189152000 [336m 4877[00m  0xea8adb0 [37mDEBUG  [00m [00;43m             GST_BUS gstbus.c:343:gboolean gst_bus_post(GstBus *, GstMessage *):<bus3>[00m [msg 0xf280d58] dropped
0:00:30.189152000 [336m 4877[00m  0xdc42b20 [37mDEBUG  [00m [00;43m             GST_BUS gstbus.c:772:gboolean gst_bus_source_dispatch(GSource *, GSourceFunc, gpointer):<bus1>[00m source 0xe362e10 handler returns 1
0:00:30.189331000 [336m 4877[00m  0xea8adb0 [37mDEBUG  [00m [00;01;31m          GST_STATES gstbin.c:2546:GstStateChangeReturn gst_bin_change_state_func(GstElement *, GstStateChange):<decodebin0>[00m changing state of children from READY to PAUSED
0:00:30.189355000 [336m 4877[00m  0xea8adb0 [37mDEBUG  [00m [00;01m                 bin gstbin.c:2566:GstStateChangeReturn gst_bin_change_state_func(GstElement *, GstStateChange):<decodebin0>[00m clearing EOS elements
0:00:30.189370000 [336m 4877[00m  0xea8adb0 [33;01mLOG    [00m [00;01m                 bin gstbin.c:863:gint message_check(GstMessage *, MessageFind *):[00m looking at message 0xf280d08: 0
0:00:30.189519000 [336m 4877[00m  0xea8adb0 [37mDEBUG  [00m [00;01m                 bin gstbin.c:966:void bin_remove_messages(GstBin *, GstObject *, GstMessageType):<decodebin0>[00m not deleting message 0xf280d08 of type 0x00100000
0:00:30.189541000 [336m 4877[00m  0xea8adb0 [33;01mLOG    [00m [00;01m                 bin gstbin.c:863:gint message_check(GstMessage *, MessageFind *):[00m looking at message 0xf280d08: 0
0:00:30.189562000 [336m 4877[00m  0xea8adb0 [37mDEBUG  [00m [00;01m                 bin gstbin.c:966:void bin_remove_messages(GstBin *, GstObject *, GstMessageType):<decodebin0>[00m not deleting message 0xf280d08 of type 0x00100000
0:00:30.189581000 [336m 4877[00m  0xea8adb0 [37mDEBUG  [00m [00;01m                 bin gstbin.c:2415:gboolean gst_bin_src_pads_activate(GstBin *, gboolean):<decodebin0>[00m activate pads
0:00:30.189603000 [336m 4877[00m  0xea8adb0 [37mDEBUG  [00m [00;01m                 bin gstbin.c:2423:gboolean gst_bin_src_pads_activate(GstBin *, gboolean):<decodebin0>[00m pad activation successful
0:00:30.189742000 [336m 4877[00m  0xea8adb0 [37mDEBUG  [00m [00;01m                 bin gstbin.c:2107:void gst_bin_sort_iterator_resync(GstBinSortIterator *):<decodebin0>[00m resync
0:00:30.189759000 [336m 4877[00m  0xea8adb0 [33;01mLOG    [00m [00;01m                 bin gstbin.c:863:gint message_check(GstMessage *, MessageFind *):[00m looking at message 0xf280d08: 0
0:00:30.189781000 [336m 4877[00m  0xea8adb0 [37mDEBUG  [00m [00;01m                 bin gstbin.c:885:GList *find_message(GstBin *, GstObject *, GstMessageType):<decodebin0>[00m no message found matching types 00001000
0:00:30.189799000 [336m 4877[00m  0xea8adb0 [37mDEBUG  [00m [00;01m                 bin gstbin.c:892:GList *find_message(GstBin *, GstObject *, GstMessageType):<decodebin0>[00m   structure-change
0:00:30.189820000 [336m 4877[00m  0xea8adb0 [37mDEBUG  [00m [00;01m                 bin gstbin.c:2033:void update_degree(GstElement *, GstBinSortIterator *):<decodebin0>[00m element typefind not linked on any sinkpads
0:00:30.189964000 [336m 4877[00m  0xea8adb0 [37mDEBUG  [00m [00;01m                 bin gstbin.c:2079:GstIteratorResult gst_bin_sort_iterator_next(GstBinSortIterator *, GValue *):<decodebin0>[00m queue empty, next best: typefind
0:00:30.189989000 [336m 4877[00m  0xea8adb0 [37mDEBUG  [00m [00;01m                 bin gstbin.c:2094:GstIteratorResult gst_bin_sort_iterator_next(GstBinSortIterator *, GValue *):<decodebin0>[00m queue head gives typefind
0:00:30.190007000 [336m 4877[00m  0xea8adb0 [33;01mLOG    [00m [00;01m                 bin gstbin.c:863:gint message_check(GstMessage *, MessageFind *):[00m looking at message 0xf280d08: 0
0:00:30.190025000 [336m 4877[00m  0xea8adb0 [37mDEBUG  [00m [00;01m                 bin gstbin.c:885:GList *find_message(GstBin *, GstObject *, GstMessageType):<decodebin0>[00m no message found matching types 00001000
0:00:30.190042000 [336m 4877[00m  0xea8adb0 [37mDEBUG  [00m [00;01m                 bin gstbin.c:892:GList *find_message(GstBin *, GstObject *, GstMessageType):<decodebin0>[00m   structure-change
0:00:30.190184000 [336m 4877[00m  0xea8adb0 [37mDEBUG  [00m [00;01m                 bin gstbin.c:2033:void update_degree(GstElement *, GstBinSortIterator *):<decodebin0>[00m element typefind not linked on any sinkpads
0:00:30.190208000 [336m 4877[00m  0xea8adb0 [36mINFO   [00m [00;01;31m          GST_STATES gstbin.c:2227:GstStateChangeReturn gst_bin_element_set_state(GstBin *, GstElement *, GstClockTime, GstClockTime, GstState, GstState):<typefind>[00m current READY pending VOID_PENDING, desired next PAUSED
0:00:30.190232000 [336m 4877[00m  0xea8adb0 [33;01mLOG    [00m [00;01m                 bin gstbin.c:863:gint message_check(GstMessage *, MessageFind *):[00m looking at message 0xf280d08: 0
0:00:30.190251000 [336m 4877[00m  0xea8adb0 [37mDEBUG  [00m [00;01m                 bin gstbin.c:885:GList *find_message(GstBin *, GstObject *, GstMessageType):<decodebin0>[00m no message found matching types 00100000
0:00:30.190403000 [336m 4877[00m  0xea8adb0 [37mDEBUG  [00m [00;01m                 bin gstbin.c:892:GList *find_message(GstBin *, GstObject *, GstMessageType):<decodebin0>[00m   async-start
0:00:30.190424000 [336m 4877[00m  0xea8adb0 [37mDEBUG  [00m [00;01m                 bin gstbin.c:2322:GstStateChangeReturn gst_bin_element_set_state(GstBin *, GstElement *, GstClockTime, GstClockTime, GstState, GstState):<decodebin0>[00m setting element typefind to PAUSED, base_time 384207:38:15.029612000
0:00:30.190448000 [336m 4877[00m  0xea8adb0 [37mDEBUG  [00m [00;01;31m          GST_STATES gstelement.c:2479:GstStateChangeReturn gst_element_set_state_func(GstElement *, GstState):<typefind>[00m set_state to PAUSED
0:00:30.190463000 [336m 4877[00m  0xea8adb0 [37mDEBUG  [00m [00;01;31m          GST_STATES gstelement.c:2504:GstStateChangeReturn gst_element_set_state_func(GstElement *, GstState):<typefind>[00m setting target state to PAUSED
0:00:30.190473000 [336m 4877[00m  0xea8adb0 [37mDEBUG  [00m [00;01;31m          GST_STATES gstelement.c:2517:GstStateChangeReturn gst_element_set_state_func(GstElement *, GstState):<typefind>[00m current READY, old_pending VOID_PENDING, next VOID_PENDING, old return SUCCESS
0:00:30.190639000 [336m 4877[00m  0xea8adb0 [37mDEBUG  [00m [00;01;31m          GST_STATES gstelement.c:2551:GstStateChangeReturn gst_element_set_state_func(GstElement *, GstState):<typefind>[00m final: setting state from READY to PAUSED
0:00:30.190671000 [336m 4877[00m  0xea8adb0 [33;01mLOG    [00m [00;01;31m          GST_STATES gstelement.c:2797:GstStateChangeReturn gst_element_change_state_func(GstElement *, GstStateChange):<typefind>[00m default handler tries setting state from READY to PAUSED (0013)
0:00:30.190695000 [336m 4877[00m  0xea8adb0 [37mDEBUG  [00m [00;01;37;41m    GST_ELEMENT_PADS gstelement.c:2740:gboolean gst_element_pads_activate(GstElement *, gboolean):<typefind>[00m activate pads
0:00:30.190720000 [336m 4877[00m  0xea8adb0 [37mDEBUG  [00m [00;01;31;41m            GST_PADS gstpad.c:953:gboolean gst_pad_set_active(GstPad *, gboolean):<typefind:src>[00m activating pad from none
0:00:30.190862000 [336m 4877[00m  0xea8adb0 [37mDEBUG  [00m [00;01;31;41m            GST_PADS gstpad.c:870:void pre_activate(GstPad *, GstPadMode):<typefind:src>[00m setting pad into push mode, unset flushing
0:00:30.190896000 [336m 4877[00m  0xea8adb0 [37mDEBUG  [00m [00;01;31;41m            GST_PADS gstpad.c:1091:gboolean gst_pad_activate_mode(GstPad *, GstPadMode, gboolean):<typefind:src>[00m activated in push mode
0:00:30.190925000 [336m 4877[00m  0xea8adb0 [37mDEBUG  [00m [00;01;31;41m            GST_PADS gstpad.c:953:gboolean gst_pad_set_active(GstPad *, gboolean):<typefind:sink>[00m activating pad from none
0:00:30.190950000 [336m 4877[00m  0xea8adb0 [37mDEBUG  [00m [00m               query gstquery.c:680:GstQuery *gst_query_new_custom(GstQueryType, GstStructure *):[00m creating new query 0xdc57a60 scheduling
0:00:30.190972000 [336m 4877[00m  0xea8adb0 [37mDEBUG  [00m [00;01;31;41m            GST_PADS gstpad.c:3570:gboolean gst_pad_peer_query(GstPad *, GstQuery *):<typefind:sink>[00m peer query 0xdc57a60 (scheduling)
0:00:30.191097000 [336m 4877[00m  0xea8adb0 [37mDEBUG  [00m [00;01;31;41m            GST_PADS gstpad.c:3445:gboolean gst_pad_query(GstPad *, GstQuery *):<sink:proxypad5>[00m doing query 0xdc57a60 (scheduling)
0:00:30.191123000 [336m 4877[00m  0xea8adb0 [37mDEBUG  [00m [00;01;31;41m            GST_PADS gstpad.c:2983:gboolean gst_pad_query_default(GstPad *, GstObject *, GstQuery *):<sink:proxypad5>[00m forwarding 0xdc57a60 (scheduling) query
0:00:30.191153000 [336m 4877[00m  0xea8adb0 [33;01mLOG    [00m [00;01;31;41m            GST_PADS gstpad.c:2691:gboolean gst_pad_forward(GstPad *, GstPadForwardFunction, gpointer):<sink:proxypad5>[00m calling forward function on pad decodebin0:sink
0:00:30.191174000 [336m 4877[00m  0xea8adb0 [33;01mLOG    [00m [00;01;31;41m            GST_PADS gstpad.c:2926:gboolean query_forward_func(GstPad *, QueryData *):<decodebin0:sink>[00m query peer 0xdc57a60 (scheduling) of decodebin0:sink
0:00:30.191313000 [336m 4877[00m  0xea8adb0 [37mDEBUG  [00m [00;01;31;41m            GST_PADS gstpad.c:3570:gboolean gst_pad_peer_query(GstPad *, GstQuery *):<decodebin0:sink>[00m peer query 0xdc57a60 (scheduling)
0:00:30.191340000 [336m 4877[00m  0xea8adb0 [37mDEBUG  [00m [00;01;31;41m            GST_PADS gstpad.c:3445:gboolean gst_pad_query(GstPad *, GstQuery *):<source:recv_rtp_src_0_1385055131_96>[00m doing query 0xdc57a60 (scheduling)
0:00:30.191363000 [336m 4877[00m  0xea8adb0 [37mDEBUG  [00m [00m             rtspsrc gstrtspsrc.c:2313:gst_rtspsrc_handle_src_query:<source>[00m pad source:recv_rtp_src_0_1385055131_96 received query scheduling
0:00:30.191385000 [336m 4877[00m  0xea8adb0 [37mDEBUG  [00m [00;01;31;41m            GST_PADS gstghostpad.c:802:GstPad *gst_ghost_pad_get_target(GstGhostPad *):<source:recv_rtp_src_0_1385055131_96>[00m get target manager:recv_rtp_src_0_1385055131_96
0:00:30.191530000 [336m 4877[00m  0xea8adb0 [37mDEBUG  [00m [00;01;31;41m            GST_PADS gstpad.c:3445:gboolean gst_pad_query(GstPad *, GstQuery *):<manager:recv_rtp_src_0_1385055131_96>[00m doing query 0xdc57a60 (scheduling)
0:00:30.191556000 [336m 4877[00m  0xea8adb0 [37mDEBUG  [00m [00;01;31;41m            GST_PADS gstpad.c:2983:gboolean gst_pad_query_default(GstPad *, GstObject *, GstQuery *):<manager:recv_rtp_src_0_1385055131_96>[00m forwarding 0xdc57a60 (scheduling) query
0:00:30.191585000 [336m 4877[00m  0xea8adb0 [33;01mLOG    [00m [00;01;31;41m            GST_PADS gstpad.c:2691:gboolean gst_pad_forward(GstPad *, GstPadForwardFunction, gpointer):<manager:recv_rtp_src_0_1385055131_96>[00m calling forward function on pad recv_rtp_src_0_1385055131_96:proxypad3
0:00:30.191607000 [336m 4877[00m  0xea8adb0 [33;01mLOG    [00m [00;01;31;41m            GST_PADS gstpad.c:2926:gboolean query_forward_func(GstPad *, QueryData *):<recv_rtp_src_0_1385055131_96:proxypad3>[00m query peer 0xdc57a60 (scheduling) of recv_rtp_src_0_1385055131_96:proxypad3
0:00:30.191746000 [336m 4877[00m  0xea8adb0 [37mDEBUG  [00m [00;01;31;41m            GST_PADS gstpad.c:3570:gboolean gst_pad_peer_query(GstPad *, GstQuery *):<recv_rtp_src_0_1385055131_96:proxypad3>[00m peer query 0xdc57a60 (scheduling)
0:00:30.191772000 [336m 4877[00m  0xea8adb0 [37mDEBUG  [00m [00;01;31;41m            GST_PADS gstpad.c:3445:gboolean gst_pad_query(GstPad *, GstQuery *):<rtpptdemux0:src_96>[00m doing query 0xdc57a60 (scheduling)
0:00:30.191795000 [336m 4877[00m  0xea8adb0 [37mDEBUG  [00m [00;01;31;41m            GST_PADS gstpad.c:2983:gboolean gst_pad_query_default(GstPad *, GstObject *, GstQuery *):<rtpptdemux0:src_96>[00m not forwarding 0xdc57a60 (scheduling) query
0:00:30.191817000 [336m 4877[00m  0xea8adb0 [37mDEBUG  [00m [00;01;31;41m            GST_PADS gstpad.c:3467:gboolean gst_pad_query(GstPad *, GstQuery *):<rtpptdemux0:src_96>[00m sent query 0xdc57a60 (scheduling), result 0
0:00:30.191960000 [336m 4877[00m  0xea8adb0 [37mDEBUG  [00m [00;01;31;41m            GST_PADS gstpad.c:3511:gboolean gst_pad_query(GstPad *, GstQuery *):<rtpptdemux0:src_96>[00m query failed
0:00:30.191982000 [336m 4877[00m  0xea8adb0 [37mDEBUG  [00m [00;01;31;41m            GST_PADS gstpad.c:3632:gboolean gst_pad_peer_query(GstPad *, GstQuery *):<recv_rtp_src_0_1385055131_96:proxypad3>[00m query failed
0:00:30.192004000 [336m 4877[00m  0xea8adb0 [37mDEBUG  [00m [00;01;31;41m            GST_PADS gstpad.c:3467:gboolean gst_pad_query(GstPad *, GstQuery *):<manager:recv_rtp_src_0_1385055131_96>[00m sent query 0xdc57a60 (scheduling), result 0
0:00:30.192026000 [336m 4877[00m  0xea8adb0 [37mDEBUG  [00m [00;01;31;41m            GST_PADS gstpad.c:3511:gboolean gst_pad_query(GstPad *, GstQuery *):<manager:recv_rtp_src_0_1385055131_96>[00m query failed
0:00:30.192043000 [336m 4877[00m  0xea8adb0 [37mDEBUG  [00m [00;01;31;41m            GST_PADS gstpad.c:3467:gboolean gst_pad_query(GstPad *, GstQuery *):<source:recv_rtp_src_0_1385055131_96>[00m sent query 0xdc57a60 (scheduling), result 0
0:00:30.192177000 [336m 4877[00m  0xea8adb0 [37mDEBUG  [00m [00;01;31;41m            GST_PADS gstpad.c:3511:gboolean gst_pad_query(GstPad *, GstQuery *):<source:recv_rtp_src_0_1385055131_96>[00m query failed
0:00:30.192199000 [336m 4877[00m  0xea8adb0 [37mDEBUG  [00m [00;01;31;41m            GST_PADS gstpad.c:3632:gboolean gst_pad_peer_query(GstPad *, GstQuery *):<decodebin0:sink>[00m query failed
0:00:30.192220000 [336m 4877[00m  0xea8adb0 [37mDEBUG  [00m [00;01;31;41m            GST_PADS gstpad.c:3467:gboolean gst_pad_query(GstPad *, GstQuery *):<sink:proxypad5>[00m sent query 0xdc57a60 (scheduling), result 0
0:00:30.192241000 [336m 4877[00m  0xea8adb0 [37mDEBUG  [00m [00;01;31;41m            GST_PADS gstpad.c:3511:gboolean gst_pad_query(GstPad *, GstQuery *):<sink:proxypad5>[00m query failed
0:00:30.192258000 [336m 4877[00m  0xea8adb0 [37mDEBUG  [00m [00;01;31;41m            GST_PADS gstpad.c:3632:gboolean gst_pad_peer_query(GstPad *, GstQuery *):<typefind:sink>[00m query failed
0:00:30.192401000 [336m 4877[00m  0xea8adb0 [37mDEBUG  [00m [00;01;31;41m            GST_PADS gstpad.c:870:void pre_activate(GstPad *, GstPadMode):<typefind:sink>[00m setting pad into push mode, unset flushing
0:00:30.192426000 [336m 4877[00m  0xea8adb0 [37mDEBUG  [00m [00;01;31;41m            GST_PADS gstpad.c:881:void pre_activate(GstPad *, GstPadMode):<typefind:sink>[00m reschedule events on peer sink:proxypad5
0:00:30.192448000 [336m 4877[00m  0xea8adb0 [37mDEBUG  [00m [00;32;43m            typefind gsttypefindelement.c:526:void start_typefinding(GstTypeFindElement *):<typefind>[00m starting typefinding
0:00:30.192466000 [336m 4877[00m  0xea8adb0 [37mDEBUG  [00m [00;01;31;41m            GST_PADS gstpad.c:1091:gboolean gst_pad_activate_mode(GstPad *, GstPadMode, gboolean):<typefind:sink>[00m activated in push mode
0:00:30.192489000 [336m 4877[00m  0xea8adb0 [37mDEBUG  [00m [00;01;37;41m    GST_ELEMENT_PADS gstelement.c:2759:gboolean gst_element_pads_activate(GstElement *, gboolean):<typefind>[00m pad activation successful
0:00:30.192613000 [336m 4877[00m  0xea8adb0 [37mDEBUG  [00m [00;01;31m          GST_STATES gstelement.c:2636:GstStateChangeReturn gst_element_change_state(GstElement *, GstStateChange):<typefind>[00m element changed state SUCCESS
0:00:30.192634000 [336m 4877[00m  0xea8adb0 [36mINFO   [00m [00;01;31m          GST_STATES gstelement.c:2328:GstStateChangeReturn gst_element_continue_state(GstElement *, GstStateChangeReturn):<typefind>[00m completed state change to PAUSED
0:00:30.192655000 [336m 4877[00m  0xea8adb0 [36mINFO   [00m [00;01;31m          GST_STATES gstelement.c:2233:void _priv_gst_element_state_changed(GstElement *, GstState, GstState, GstState):<typefind>[00m notifying about state-changed READY to PAUSED (VOID_PENDING pending)
0:00:30.192682000 [336m 4877[00m  0xea8adb0 [33;01mLOG    [00m [00;01;37;41m         GST_MESSAGE gstmessage.c:284:GstMessage *gst_message_new_custom(GstMessageType, GstObject *, GstStructure *):[00m source typefind: creating new message 0xf280c18 state-changed
0:00:30.192828000 [336m 4877[00m  0xea8adb0 [37mDEBUG  [00m [00;43m             GST_BUS gstbus.c:312:gboolean gst_bus_post(GstBus *, GstMessage *):<bus6>[00m [msg 0xf280c18] posting on bus state-changed message: 0xf280c18, time 99:99:99.999999999, seq-num 88, element 'typefind', GstMessageStateChanged, old-state=(GstState)GST_STATE_READY, new-state=(GstState)GST_STATE_PAUSED, pending-state=(GstState)GST_STATE_VOID_PENDING;
0:00:30.192887000 [336m 4877[00m  0xea8adb0 [37mDEBUG  [00m [00;01m                 bin gstbin.c:3396:void gst_bin_handle_message_func(GstBin *, GstMessage *):<decodebin0>[00m [msg 0xf280c18] handling child typefind message of type state-changed
0:00:30.192908000 [336m 4877[00m  0xea8adb0 [37mDEBUG  [00m [00;01m                 bin gstbin.c:3729:void gst_bin_handle_message_func(GstBin *, GstMessage *):<decodebin0>[00m posting message upward
0:00:30.193048000 [336m 4877[00m  0xea8adb0 [37mDEBUG  [00m [00;43m             GST_BUS gstbus.c:312:gboolean gst_bus_post(GstBus *, GstMessage *):<bus3>[00m [msg 0xf280c18] posting on bus state-changed message: 0xf280c18, time 99:99:99.999999999, seq-num 88, element 'typefind', GstMessageStateChanged, old-state=(GstState)GST_STATE_READY, new-state=(GstState)GST_STATE_PAUSED, pending-state=(GstState)GST_STATE_VOID_PENDING;
0:00:30.193101000 [336m 4877[00m  0xea8adb0 [37mDEBUG  [00m [00;01m                 bin gstbin.c:3396:void gst_bin_handle_message_func(GstBin *, GstMessage *):<uridecodebin0>[00m [msg 0xf280c18] handling child typefind message of type state-changed
0:00:30.193119000 [336m 4877[00m  0xea8adb0 [37mDEBUG  [00m [00;01m                 bin gstbin.c:3729:void gst_bin_handle_message_func(GstBin *, GstMessage *):<uridecodebin0>[00m posting message upward
0:00:30.193134000 [336m 4877[00m  0xea8adb0 [37mDEBUG  [00m [00;43m             GST_BUS gstbus.c:312:gboolean gst_bus_post(GstBus *, GstMessage *):<bus0>[00m [msg 0xf280c18] posting on bus state-changed message: 0xf280c18, time 99:99:99.999999999, seq-num 88, element 'typefind', GstMessageStateChanged, old-state=(GstState)GST_STATE_READY, new-state=(GstState)GST_STATE_PAUSED, pending-state=(GstState)GST_STATE_VOID_PENDING;
0:00:30.193339000 [336m 4877[00m  0xea8adb0 [37mDEBUG  [00m [00;01m                 bin gstbin.c:3396:void gst_bin_handle_message_func(GstBin *, GstMessage *):<playbin0>[00m [msg 0xf280c18] handling child typefind message of type state-changed
0:00:30.193361000 [336m 4877[00m  0xea8adb0 [37mDEBUG  [00m [00;01m                 bin gstbin.c:3729:void gst_bin_handle_message_func(GstBin *, GstMessage *):<playbin0>[00m posting message upward
0:00:30.193371000 [336m 4877[00m  0xea8adb0 [37mDEBUG  [00m [00;43m             GST_BUS gstbus.c:312:gboolean gst_bus_post(GstBus *, GstMessage *):<bus1>[00m [msg 0xf280c18] posting on bus state-changed message: 0xf280c18, time 99:99:99.999999999, seq-num 88, element 'typefind', GstMessageStateChanged, old-state=(GstState)GST_STATE_READY, new-state=(GstState)GST_STATE_PAUSED, pending-state=(GstState)GST_STATE_VOID_PENDING;
0:00:30.193611000 [336m 4877[00m  0xea8adb0 [37mDEBUG  [00m [00;43m             GST_BUS gstbus.c:347:gboolean gst_bus_post(GstBus *, GstMessage *):<bus1>[00m [msg 0xf280c18] pushing on async queue
0:00:30.193650000 [336m 4877[00m  0xea8adb0 [33;01mLOG    [00m [00m            GST_POLL gstpoll.c:186:gboolean raise_wakeup(GstPoll *):[00m 0xdbed6a0: raise
0:00:30.193679000 [336m 4877[00m  0xea8adb0 [37mDEBUG  [00m [00;43m             GST_BUS gstbus.c:350:gboolean gst_bus_post(GstBus *, GstMessage *):<bus1>[00m [msg 0xf280c18] pushed on async queue
0:00:30.193701000 [336m 4877[00m  0xea8adb0 [37mDEBUG  [00m [00;43m             GST_BUS gstbus.c:343:gboolean gst_bus_post(GstBus *, GstMessage *):<bus0>[00m [msg 0xf280c18] dropped
0:00:30.193719000 [336m 4877[00m  0xea8adb0 [37mDEBUG  [00m [00;43m             GST_BUS gstbus.c:343:gboolean gst_bus_post(GstBus *, GstMessage *):<bus3>[00m [msg 0xf280c18] dropped
0:00:30.193744000 [336m 4877[00m  0xdc42b20 [33;01mLOG    [00m [00;43m             GST_BUS gstbus.c:498:GstMessage *gst_bus_timed_pop_filtered(GstBus *, GstClockTime, GstMessageType):<bus1>[00m have 1 messages
0:00:30.193825000 [336m 4877[00m  0xea8adb0 [37mDEBUG  [00m [00;43m             GST_BUS gstbus.c:343:gboolean gst_bus_post(GstBus *, GstMessage *):<bus6>[00m [msg 0xf280c18] dropped
0:00:30.193825000 [336m 4877[00m  0xdc42b20 [33;01mLOG    [00m [00m            GST_POLL gstpoll.c:201:gboolean release_wakeup(GstPoll *):[00m 0xdbed6a0: release
0:00:30.193866000 [336m 4877[00m  0xea8adb0 [33;01mLOG    [00m [00;01;31m          GST_STATES gstelement.c:2652:GstStateChangeReturn gst_element_change_state(GstElement *, GstStateChange):<typefind>[00m exit state change 1
0:00:30.193871000 [336m 4877[00m  0xdc42b20 [37mDEBUG  [00m [00;43m             GST_BUS gstbus.c:506:GstMessage *gst_bus_timed_pop_filtered(GstBus *, GstClockTime, GstMessageType):<bus1>[00m got message 0xf280c18, state-changed from typefind, type mask is 4294967295
0:00:30.193887000 [336m 4877[00m  0xea8adb0 [37mDEBUG  [00m [00;01;31m          GST_STATES gstelement.c:2563:GstStateChangeReturn gst_element_set_state_func(GstElement *, GstState):<typefind>[00m returned SUCCESS
0:00:30.194057000 [336m 4877[00m  0xea8adb0 [36mINFO   [00m [00;01;31m          GST_STATES gstbin.c:2656:GstStateChangeReturn gst_bin_change_state_func(GstElement *, GstStateChange):<decodebin0>[00m child 'typefind' changed state to 3(PAUSED) successfully
0:00:30.194081000 [336m 4877[00m  0xea8adb0 [37mDEBUG  [00m [00;01m                 bin gstbin.c:2083:GstIteratorResult gst_bin_sort_iterator_next(GstBinSortIterator *, GValue *):<decodebin0>[00m queue empty, elements exhausted
0:00:30.194091000 [336m 4877[00m  0xea8adb0 [37mDEBUG  [00m [00;01;31m          GST_STATES gstbin.c:2715:GstStateChangeReturn gst_bin_change_state_func(GstElement *, GstStateChange):<decodebin0>[00m iterator done
0:00:30.194054000 [336m 4877[00m  0xdc42b20 [37mDEBUG  [00m [00;43m             GST_BUS gstbus.c:767:gboolean gst_bus_source_dispatch(GSource *, GSourceFunc, gpointer):<bus1>[00m source 0xe362e10 calling dispatch with state-changed message: 0xf280c18, time 99:99:99.999999999, seq-num 88, element 'typefind', GstMessageStateChanged, old-state=(GstState)GST_STATE_READY, new-state=(GstState)GST_STATE_PAUSED, pending-state=(GstState)GST_STATE_VOID_PENDING;
0:00:30.194262000 [336m 4877[00m  0xea8adb0 [33;01mLOG    [00m [00;01;31m          GST_STATES gstelement.c:2797:GstStateChangeReturn gst_element_change_state_func(GstElement *, GstStateChange):<decodebin0>[00m default handler tries setting state from READY to PAUSED (0013)
0:00:30.194276000 [336m 4877[00m  0xdc42b20 [33;01mLOG    [00m [00;01;37;41m         GST_MESSAGE gstmessage.c:186:void _gst_message_free(GstMessage *):[00m finalize message 0xf280c18, state-changed from typefind
0:00:30.194450000 [336m 4877[00m  0xea8adb0 [37mDEBUG  [00m [00;01;37;41m    GST_ELEMENT_PADS gstelement.c:2740:gboolean gst_element_pads_activate(GstElement *, gboolean):<decodebin0>[00m activate pads
0:00:30.194463000 [336m 4877[00m  0xdc42b20 [37mDEBUG  [00m [00;43m             GST_BUS gstbus.c:772:gboolean gst_bus_source_dispatch(GSource *, GSourceFunc, gpointer):<bus1>[00m source 0xe362e10 handler returns 1
0:00:30.194481000 [336m 4877[00m  0xea8adb0 [37mDEBUG  [00m [00;01;31;41m            GST_PADS gstpad.c:957:gboolean gst_pad_set_active(GstPad *, gboolean):<decodebin0:sink>[00m pad was active in push mode
0:00:30.194494000 [336m 4877[00m  0xea8adb0 [37mDEBUG  [00m [00;01;37;41m    GST_ELEMENT_PADS gstelement.c:2759:gboolean gst_element_pads_activate(GstElement *, gboolean):<decodebin0>[00m pad activation successful
0:00:30.194506000 [336m 4877[00m  0xea8adb0 [37mDEBUG  [00m [00;01m                 bin gstbin.c:2125:void gst_bin_sort_iterator_free(GstBinSortIterator *):<decodebin0>[00m free
0:00:30.194654000 [336m 4877[00m  0xea8adb0 [37mDEBUG  [00m [00;01m                 bin gstbin.c:2750:GstStateChangeReturn gst_bin_change_state_func(GstElement *, GstStateChange):<decodebin0>[00m no async elements
0:00:30.194675000 [336m 4877[00m  0xea8adb0 [37mDEBUG  [00m [00;01;31m          GST_STATES gstbin.c:2784:GstStateChangeReturn gst_bin_change_state_func(GstElement *, GstStateChange):<decodebin0>[00m done changing bin's state from READY to PAUSED, now in READY, ret SUCCESS
0:00:30.194700000 [336m 4877[00m  0xea8adb0 [37mDEBUG  [00m [00;01;31m          GST_STATES gstelement.c:2618:GstStateChangeReturn gst_element_change_state(GstElement *, GstStateChange):<decodebin0>[00m element will change state ASYNC
0:00:30.194718000 [336m 4877[00m  0xea8adb0 [33;01mLOG    [00m [00;01;31m          GST_STATES gstelement.c:2658:GstStateChangeReturn gst_element_change_state(GstElement *, GstStateChange):<decodebin0>[00m exit async state change 2
0:00:30.194860000 [336m 4877[00m  0xea8adb0 [33;01mLOG    [00m [00;01;31m          GST_STATES gstelement.c:2652:GstStateChangeReturn gst_element_change_state(GstElement *, GstStateChange):<decodebin0>[00m exit state change 2
0:00:30.194884000 [336m 4877[00m  0xea8adb0 [37mDEBUG  [00m [00;01;31m          GST_STATES gstelement.c:2563:GstStateChangeReturn gst_element_set_state_func(GstElement *, GstState):<decodebin0>[00m returned ASYNC
0:00:30.194908000 [336m 4877[00m  0xea8adb0 [37mDEBUG  [00m [00m             rtspsrc gstrtspsrc.c:2515:new_manager_pad:<source>[00m We added all streams
0:00:30.194928000 [336m 4877[00m  0xea8adb0 [37mDEBUG  [00m [00m        uridecodebin gsturidecodebin.c:991:void source_no_more_pads(GstElement *, GstURIDecodeBin *):<uridecodebin0>[00m No more pads in source element source.
0:00:30.194958000 [336m 4877[00m  0xea8adb0 [37mDEBUG  [00m [00m        uridecodebin gsturidecodebin.c:955:void no_more_pads_full(GstElement *, gboolean, GstURIDecodeBin *):<source>[00m no more pads, 2 pending
0:00:30.195095000 [336m 4877[00m  0xea8adb0 [37mDEBUG  [00m [00m          rtpptdemux gstrtpptdemux.c:424:gst_rtp_pt_demux_chain:[00m emitting payload-type-changed for pt 96
0:00:30.195122000 [336m 4877[00m  0xea8adb0 [37mDEBUG  [00m [00m              rtpbin gstrtpbin.c:2500:payload_type_change:<manager>[00m emiting signal for pt type changed to 96 in session 0
0:00:30.195146000 [336m 4877[00m  0xea8adb0 [37mDEBUG  [00m [00;01;31;41m            GST_PADS gstpad.c:3376:GstFlowReturn check_sticky(GstPad *, GstEvent *):<rtpptdemux0:src_96>[00m pushing all sticky events
0:00:30.195166000 [336m 4877[00m  0xea8adb0 [33;01mLOG    [00m [00;01;31;41m            GST_PADS gstpad.c:4680:GstFlowReturn gst_pad_push_event_unchecked(GstPad *, GstEvent *, GstPadProbeType):<rtpptdemux0:src_96>[00m sending event 0xf27bf90 (stream-start) to peerpad <recv_rtp_src_0_1385055131_96:proxypad3>
0:00:30.195192000 [336m 4877[00m  0xea8adb0 [37mDEBUG  [00m [00;01;34m           GST_EVENT gstpad.c:4935:GstFlowReturn gst_pad_send_event_unchecked(GstPad *, GstEvent *, GstPadProbeType):<recv_rtp_src_0_1385055131_96:proxypad3>[00m have event type stream-start event: 0xf27bf90, time 99:99:99.999999999, seq-num 51, GstEventStreamStart, stream-id=(string)512202e8fc3b6c45c940d9a78e2c243aab9618e918312b1993356d4298616db0/0, flags=(GstStreamFlags)GST_STREAM_FLAG_NONE, group-id=(uint)0;
0:00:30.195317000 [336m 4877[00m  0xea8adb0 [33;01mLOG    [00m [00;01;31;41m            GST_PADS gstpad.c:2771:gboolean gst_pad_event_default(GstPad *, GstObject *, GstEvent *):<recv_rtp_src_0_1385055131_96:proxypad3>[00m default event handler for event stream-start event: 0xf27bf90, time 99:99:99.999999999, seq-num 51, GstEventStreamStart, stream-id=(string)512202e8fc3b6c45c940d9a78e2c243aab9618e918312b1993356d4298616db0/0, flags=(GstStreamFlags)GST_STREAM_FLAG_NONE, group-id=(uint)0;
0:00:30.195370000 [336m 4877[00m  0xea8adb0 [33;01mLOG    [00m [00;01;31;41m            GST_PADS gstpad.c:2691:gboolean gst_pad_forward(GstPad *, GstPadForwardFunction, gpointer):<recv_rtp_src_0_1385055131_96:proxypad3>[00m calling forward function on pad manager:recv_rtp_src_0_1385055131_96
0:00:30.195526000 [336m 4877[00m  0xea8adb0 [33;01mLOG    [00m [00;01;31;41m            GST_PADS gstpad.c:2736:gboolean event_forward_func(GstPad *, EventData *):<manager:recv_rtp_src_0_1385055131_96>[00m Reffing and pushing event 0xf27bf90 (stream-start) to manager:recv_rtp_src_0_1385055131_96
0:00:30.195557000 [336m 4877[00m  0xea8adb0 [33;01mLOG    [00m [00;01;31;41m            GST_PADS gstpad.c:4522:GstFlowReturn store_sticky_event(GstPad *, GstEvent *):<manager:recv_rtp_src_0_1385055131_96>[00m stored sticky event stream-start
0:00:30.195577000 [336m 4877[00m  0xea8adb0 [37mDEBUG  [00m [00;01;31;41m            GST_PADS gstpad.c:3376:GstFlowReturn check_sticky(GstPad *, GstEvent *):<manager:recv_rtp_src_0_1385055131_96>[00m pushing all sticky events
0:00:30.195596000 [336m 4877[00m  0xea8adb0 [33;01mLOG    [00m [00;01;31;41m            GST_PADS gstpad.c:4680:GstFlowReturn gst_pad_push_event_unchecked(GstPad *, GstEvent *, GstPadProbeType):<manager:recv_rtp_src_0_1385055131_96>[00m sending event 0xf27bf90 (stream-start) to peerpad <recv_rtp_src_0_1385055131_96:proxypad4>
0:00:30.195740000 [336m 4877[00m  0xea8adb0 [37mDEBUG  [00m [00;01;34m           GST_EVENT gstpad.c:4935:GstFlowReturn gst_pad_send_event_unchecked(GstPad *, GstEvent *, GstPadProbeType):<recv_rtp_src_0_1385055131_96:proxypad4>[00m have event type stream-start event: 0xf27bf90, time 99:99:99.999999999, seq-num 51, GstEventStreamStart, stream-id=(string)512202e8fc3b6c45c940d9a78e2c243aab9618e918312b1993356d4298616db0/0, flags=(GstStreamFlags)GST_STREAM_FLAG_NONE, group-id=(uint)0;
0:00:30.195789000 [336m 4877[00m  0xea8adb0 [33;01mLOG    [00m [00;01;31;41m            GST_PADS gstpad.c:2771:gboolean gst_pad_event_default(GstPad *, GstObject *, GstEvent *):<recv_rtp_src_0_1385055131_96:proxypad4>[00m default event handler for event stream-start event: 0xf27bf90, time 99:99:99.999999999, seq-num 51, GstEventStreamStart, stream-id=(string)512202e8fc3b6c45c940d9a78e2c243aab9618e918312b1993356d4298616db0/0, flags=(GstStreamFlags)GST_STREAM_FLAG_NONE, group-id=(uint)0;
0:00:30.195956000 [336m 4877[00m  0xea8adb0 [33;01mLOG    [00m [00;01;31;41m            GST_PADS gstpad.c:2691:gboolean gst_pad_forward(GstPad *, GstPadForwardFunction, gpointer):<recv_rtp_src_0_1385055131_96:proxypad4>[00m calling forward function on pad source:recv_rtp_src_0_1385055131_96
0:00:30.195982000 [336m 4877[00m  0xea8adb0 [33;01mLOG    [00m [00;01;31;41m            GST_PADS gstpad.c:2736:gboolean event_forward_func(GstPad *, EventData *):<source:recv_rtp_src_0_1385055131_96>[00m Reffing and pushing event 0xf27bf90 (stream-start) to source:recv_rtp_src_0_1385055131_96
0:00:30.196007000 [336m 4877[00m  0xea8adb0 [33;01mLOG    [00m [00;01;31;41m            GST_PADS gstpad.c:4522:GstFlowReturn store_sticky_event(GstPad *, GstEvent *):<source:recv_rtp_src_0_1385055131_96>[00m stored sticky event stream-start
0:00:30.196156000 [336m 4877[00m  0xea8adb0 [37mDEBUG  [00m [00;01;31;41m            GST_PADS gstpad.c:3376:GstFlowReturn check_sticky(GstPad *, GstEvent *):<source:recv_rtp_src_0_1385055131_96>[00m pushing all sticky events
0:00:30.196179000 [336m 4877[00m  0xea8adb0 [33;01mLOG    [00m [00;01;31;41m            GST_PADS gstpad.c:4680:GstFlowReturn gst_pad_push_event_unchecked(GstPad *, GstEvent *, GstPadProbeType):<source:recv_rtp_src_0_1385055131_96>[00m sending event 0xf27bf90 (stream-start) to peerpad <decodebin0:sink>
0:00:30.196206000 [336m 4877[00m  0xea8adb0 [37mDEBUG  [00m [00;01;34m           GST_EVENT gstpad.c:4935:GstFlowReturn gst_pad_send_event_unchecked(GstPad *, GstEvent *, GstPadProbeType):<decodebin0:sink>[00m have event type stream-start event: 0xf27bf90, time 99:99:99.999999999, seq-num 51, GstEventStreamStart, stream-id=(string)512202e8fc3b6c45c940d9a78e2c243aab9618e918312b1993356d4298616db0/0, flags=(GstStreamFlags)GST_STREAM_FLAG_NONE, group-id=(uint)0;
0:00:30.196370000 [336m 4877[00m  0xea8adb0 [33;01mLOG    [00m [00;01;31;41m            GST_PADS gstpad.c:2771:gboolean gst_pad_event_default(GstPad *, GstObject *, GstEvent *):<decodebin0:sink>[00m default event handler for event stream-start event: 0xf27bf90, time 99:99:99.999999999, seq-num 51, GstEventStreamStart, stream-id=(string)512202e8fc3b6c45c940d9a78e2c243aab9618e918312b1993356d4298616db0/0, flags=(GstStreamFlags)GST_STREAM_FLAG_NONE, group-id=(uint)0;
0:00:30.196420000 [336m 4877[00m  0xea8adb0 [33;01mLOG    [00m [00;01;31;41m            GST_PADS gstpad.c:2691:gboolean gst_pad_forward(GstPad *, GstPadForwardFunction, gpointer):<decodebin0:sink>[00m calling forward function on pad sink:proxypad5
0:00:30.196442000 [336m 4877[00m  0xea8adb0 [33;01mLOG    [00m [00;01;31;41m            GST_PADS gstpad.c:2736:gboolean event_forward_func(GstPad *, EventData *):<sink:proxypad5>[00m Reffing and pushing event 0xf27bf90 (stream-start) to sink:proxypad5
0:00:30.196583000 [336m 4877[00m  0xea8adb0 [33;01mLOG    [00m [00;01;31;41m            GST_PADS gstpad.c:4522:GstFlowReturn store_sticky_event(GstPad *, GstEvent *):<sink:proxypad5>[00m stored sticky event stream-start
0:00:30.196606000 [336m 4877[00m  0xea8adb0 [37mDEBUG  [00m [00;01;31;41m            GST_PADS gstpad.c:3376:GstFlowReturn check_sticky(GstPad *, GstEvent *):<sink:proxypad5>[00m pushing all sticky events
0:00:30.196625000 [336m 4877[00m  0xea8adb0 [33;01mLOG    [00m [00;01;31;41m            GST_PADS gstpad.c:4680:GstFlowReturn gst_pad_push_event_unchecked(GstPad *, GstEvent *, GstPadProbeType):<sink:proxypad5>[00m sending event 0xf27bf90 (stream-start) to peerpad <typefind:sink>
0:00:30.196650000 [336m 4877[00m  0xea8adb0 [37mDEBUG  [00m [00;01;34m           GST_EVENT gstpad.c:4935:GstFlowReturn gst_pad_send_event_unchecked(GstPad *, GstEvent *, GstPadProbeType):<typefind:sink>[00m have event type stream-start event: 0xf27bf90, time 99:99:99.999999999, seq-num 51, GstEventStreamStart, stream-id=(string)512202e8fc3b6c45c940d9a78e2c243aab9618e918312b1993356d4298616db0/0, flags=(GstStreamFlags)GST_STREAM_FLAG_NONE, group-id=(uint)0;
0:00:30.196803000 [336m 4877[00m  0xea8adb0 [37mDEBUG  [00m [00;32;43m            typefind gsttypefindelement.c:607:gboolean gst_type_find_element_sink_event(GstPad *, GstObject *, GstEvent *):<typefind>[00m got stream-start event in mode 1
0:00:30.196829000 [336m 4877[00m  0xea8adb0 [33;01mLOG    [00m [00;01;31;41m            GST_PADS gstpad.c:4522:GstFlowReturn store_sticky_event(GstPad *, GstEvent *):<typefind:src>[00m stored sticky event stream-start
0:00:30.196849000 [336m 4877[00m  0xea8adb0 [37mDEBUG  [00m [00;01;31;41m            GST_PADS gstpad.c:3376:GstFlowReturn check_sticky(GstPad *, GstEvent *):<typefind:src>[00m pushing all sticky events
0:00:30.196866000 [336m 4877[00m  0xea8adb0 [37mDEBUG  [00m [00;01;31;41m            GST_PADS gstpad.c:4724:GstFlowReturn gst_pad_push_event_unchecked(GstPad *, GstEvent *, GstPadProbeType):<typefind:src>[00m Dropping event because pad is not linked
0:00:30.197011000 [336m 4877[00m  0xea8adb0 [37mDEBUG  [00m [00;01;31;41m            GST_PADS gstpad.c:3348:gboolean push_sticky(GstPad *, PadEvent *, gpointer):<typefind:src>[00m pad was not linked, mark pending
0:00:30.197033000 [336m 4877[00m  0xea8adb0 [37mDEBUG  [00m [00;01;31;41m            GST_PADS gstpad.c:5001:GstFlowReturn gst_pad_send_event_unchecked(GstPad *, GstEvent *, GstPadProbeType):<typefind:sink>[00m sent event, ret ok
0:00:30.197054000 [336m 4877[00m  0xea8adb0 [33;01mLOG    [00m [00;01;31;41m            GST_PADS gstpad.c:4522:GstFlowReturn store_sticky_event(GstPad *, GstEvent *):<typefind:sink>[00m stored sticky event stream-start
