0:00:30.234260000 [336m 4877[00m  0xdc45950 [37mDEBUG  [00m [00;01;33m           GST_CLOCK gstclock.c:997:GstClockTime gst_clock_get_time(GstClock *):<GstSystemClock>[00m adjusted time 384207:38:15.974516000
0:00:30.234278000 [336m 4877[00m  0xdc45950 [33;01mLOG    [00m [00;01;42m          GST_BUFFER gstbuffer.c:1479:gboolean gst_buffer_map_range(GstBuffer *, guint, gint, GstMapInfo *, GstMapFlags):[00m buffer 0xf2790b8, idx 0, length 1, flags 0001
0:00:30.234276000 [336m 4877[00m  0xea8adb0 [37mDEBUG  [00m [00;01;31;41m            GST_PADS gstpad.c:2983:gboolean gst_pad_query_default(GstPad *, GstObject *, GstQuery *):<decodebin0:sink>[00m not forwarding 0xdc57b50 (accept-caps) query
0:00:30.234291000 [336m 4877[00m  0xdc45950 [33;01mLOG    [00m [00;01;42m          GST_BUFFER gstbuffer.c:207:GstMemory *_get_merged_memory(GstBuffer *, guint, guint):[00m buffer 0xf2790b8, idx 0, length 1
0:00:30.234440000 [336m 4877[00m  0xea8adb0 [37mDEBUG  [00m [00;01;31;41m            GST_PADS gstpad.c:3467:gboolean gst_pad_query(GstPad *, GstQuery *):<decodebin0:sink>[00m sent query 0xdc57b50 (accept-caps), result 1
0:00:30.234447000 [336m 4877[00m  0xdc45950 [33;01mLOG    [00m [00m           rtpsource rtpsource.c:1081:rtp_source_process_rtp:[00m seq 29084, PC: 2, OC: 185
0:00:30.234488000 [336m 4877[00m  0xdc45950 [33;01mLOG    [00m [00m           rtpsource rtpsource.c:880:calculate_jitter:[00m SSRC 528e439b got payload 96
0:00:30.234490000 [336m 4877[00m  0xea8adb0 [37mDEBUG  [00m [00;04m             default gstutils.c:2850:gboolean gst_pad_query_accept_caps(GstPad *, GstCaps *):<decodebin0:sink>[00m query returned 1
0:00:30.234645000 [336m 4877[00m  0xdc45950 [33;01mLOG    [00m [00m           rtpsource rtpsource.c:913:calculate_jitter:[00m rtparrival 85005, rtptime 808019749, clock-rate 90000, diff 981, jitter: 61.312500
0:00:30.234672000 [336m 4877[00m  0xdc45950 [33;01mLOG    [00m [00m           rtpsource rtpsource.c:822:push_packet:[00m pushing new packet
0:00:30.234682000 [336m 4877[00m  0xdc45950 [33;01mLOG    [00m [00m          rtpsession rtpsession.c:1123:source_push_rtp:[00m source 528e439b pushed receiver RTP packet
0:00:30.234694000 [336m 4877[00m  0xdc45950 [33;01mLOG    [00m [00m          rtpsession gstrtpsession.c:1070:gst_rtp_session_process_rtp:<rtpsession0>[00m pushing received RTP packet
0:00:30.234705000 [336m 4877[00m  0xdc45950 [33;01mLOG    [00m [00;01;35m      GST_SCHEDULING gstpad.c:3709:GstFlowReturn gst_pad_chain_data_unchecked(GstPad *, GstPadProbeType, void *):<rtpssrcdemux0:sink>[00m calling chainfunction &gst_rtp_ssrc_demux_chain with buffer buffer: 0xf2790b8, pts 99:99:99.999999999, dts 99:99:99.999999999, dur 99:99:99.999999999, size 35, offset 18446744073709551615, offset_end 18446744073709551615, flags 0x0
0:00:30.234659000 [336m 4877[00m  0xea8adb0 [33;01mLOG    [00m [00;01;31;41m            GST_PADS gstpad.c:2771:gboolean gst_pad_event_default(GstPad *, GstObject *, GstEvent *):<decodebin0:sink>[00m default event handler for event caps event: 0xf268858, time 99:99:99.999999999, seq-num 71, GstEventCaps, caps=(GstCaps)application/x-rtp, media=(string)video, payload=(int)96, clock-rate=(int)90000, encoding-name=(string)H264, sprop-parameter-sets=(string)"Z0LAHtoCgM7ARAAAAwAF3NZQADxYuoA\=\,aM48gA\=\=", a-tool=(string)GStreamer, a-type=(string)broadcast, clock-base=(uint)807995482, seqnum-base=(uint)29081, npt-start=(guint64)0, play-speed=(double)1, play-scale=(double)1;
0:00:30.234891000 [336m 4877[00m  0xdc45950 [33;01mLOG    [00m [00;01;42m          GST_BUFFER gstbuffer.c:1479:gboolean gst_buffer_map_range(GstBuffer *, guint, gint, GstMapInfo *, GstMapFlags):[00m buffer 0xf2790b8, idx 0, length 1, flags 0001
0:00:30.234903000 [336m 4877[00m  0xea8adb0 [33;01mLOG    [00m [00;01;31;41m            GST_PADS gstpad.c:2691:gboolean gst_pad_forward(GstPad *, GstPadForwardFunction, gpointer):<decodebin0:sink>[00m calling forward function on pad sink:proxypad5
0:00:30.235097000 [336m 4877[00m  0xdc45950 [33;01mLOG    [00m [00;01;42m          GST_BUFFER gstbuffer.c:207:GstMemory *_get_merged_memory(GstBuffer *, guint, guint):[00m buffer 0xf2790b8, idx 0, length 1
0:00:30.235103000 [336m 4877[00m  0xea8adb0 [33;01mLOG    [00m [00;01;31;41m            GST_PADS gstpad.c:2736:gboolean event_forward_func(GstPad *, EventData *):<sink:proxypad5>[00m Reffing and pushing event 0xf268858 (caps) to sink:proxypad5
0:00:30.235146000 [336m 4877[00m  0xea8adb0 [33;01mLOG    [00m [00;01;31;41m            GST_PADS gstpad.c:4522:GstFlowReturn store_sticky_event(GstPad *, GstEvent *):<sink:proxypad5>[00m stored sticky event caps
0:00:30.235148000 [336m 4877[00m  0xdc45950 [37mDEBUG  [00m [00m        rtpssrcdemux gstrtpssrcdemux.c:627:gst_rtp_ssrc_demux_chain:<rtpssrcdemux0>[00m received buffer of SSRC 528e439b
0:00:30.235322000 [336m 4877[00m  0xea8adb0 [37mDEBUG  [00m [00;01;31;41m            GST_PADS gstpad.c:4528:GstFlowReturn store_sticky_event(GstPad *, GstEvent *):<sink:proxypad5>[00m notify caps
0:00:30.235329000 [336m 4877[00m  0xdc45950 [33;01mLOG    [00m [00;01;35m      GST_SCHEDULING gstpad.c:3709:GstFlowReturn gst_pad_chain_data_unchecked(GstPad *, GstPadProbeType, void *):<rtpjitterbuffer0:sink>[00m calling chainfunction &gst_rtp_jitter_buffer_chain with buffer buffer: 0xf2790b8, pts 99:99:99.999999999, dts 99:99:99.999999999, dur 99:99:99.999999999, size 35, offset 18446744073709551615, offset_end 18446744073709551615, flags 0x0
0:00:30.235350000 [336m 4877[00m  0xea8adb0 [33;01mLOG    [00m [00;01;37;44m      GST_PROPERTIES gstobject.c:456:void gst_object_dispatch_properties_changed(GObject *, guint, GParamSpec **):<decodebin0:sink>[00m deep notification from proxypad5 (caps)
0:00:30.235354000 [336m 4877[00m  0xdc45950 [33;01mLOG    [00m [00;01;42m          GST_BUFFER gstbuffer.c:1479:gboolean gst_buffer_map_range(GstBuffer *, guint, gint, GstMapInfo *, GstMapFlags):[00m buffer 0xf2790b8, idx 0, length 1, flags 0001
0:00:30.235535000 [336m 4877[00m  0xdc45950 [33;01mLOG    [00m [00;01;42m          GST_BUFFER gstbuffer.c:207:GstMemory *_get_merged_memory(GstBuffer *, guint, guint):[00m buffer 0xf2790b8, idx 0, length 1
0:00:30.235548000 [336m 4877[00m  0xea8adb0 [33;01mLOG    [00m [00;01;37;44m      GST_PROPERTIES gstobject.c:456:void gst_object_dispatch_properties_changed(GObject *, guint, GParamSpec **):<decodebin0>[00m deep notification from proxypad5 (caps)
0:00:30.235560000 [336m 4877[00m  0xdc45950 [37mDEBUG  [00m [00;04m             default gstsegment.c:481:guint64 gst_segment_to_running_time(const GstSegment *, GstFormat, guint64):[00m invalid position (-1)
0:00:30.235744000 [336m 4877[00m  0xea8adb0 [33;01mLOG    [00m [00;01;37;44m      GST_PROPERTIES gstobject.c:456:void gst_object_dispatch_properties_changed(GObject *, guint, GParamSpec **):<uridecodebin0>[00m deep notification from proxypad5 (caps)
0:00:30.235750000 [336m 4877[00m  0xdc45950 [37mDEBUG  [00m [00m     rtpjitterbuffer gstrtpjitterbuffer.c:1936:gst_rtp_jitter_buffer_chain:<rtpjitterbuffer0>[00m Received packet #29084 at time 99:99:99.999999999, discont 0
0:00:30.235769000 [336m 4877[00m  0xea8adb0 [33;01mLOG    [00m [00;01;37;44m      GST_PROPERTIES gstobject.c:456:void gst_object_dispatch_properties_changed(GObject *, guint, GParamSpec **):<playbin0>[00m deep notification from proxypad5 (caps)
0:00:30.235819000 [336m 4877[00m  0xea8adb0 [37mDEBUG  [00m [00;01;31;41m            GST_PADS gstpad.c:3376:GstFlowReturn check_sticky(GstPad *, GstEvent *):<sink:proxypad5>[00m pushing all sticky events
0:00:30.235815000 [336m 4877[00m  0xdc45950 [37mDEBUG  [00m [00m     rtpjitterbuffer gstrtpjitterbuffer.c:1982:gst_rtp_jitter_buffer_chain:<rtpjitterbuffer0>[00m expected #29084, got #29084, gap of 0
0:00:30.235964000 [336m 4877[00m  0xea8adb0 [37mDEBUG  [00m [00;01;31;41m            GST_PADS gstpad.c:3309:gboolean push_sticky(GstPad *, PadEvent *, gpointer):<sink:proxypad5>[00m event stream-start was already received
0:00:30.235972000 [336m 4877[00m  0xdc45950 [37mDEBUG  [00m [00m     rtpjitterbuffer rtpjitterbuffer.c:448:calculate_skew:[00m extrtp 9397954341, gstrtp 29:00:21.714900000, base 2:29:37.861844444, send_diff 26:30:43.853055556
0:00:30.235987000 [336m 4877[00m  0xea8adb0 [33;01mLOG    [00m [00;01;31;41m            GST_PADS gstpad.c:4680:GstFlowReturn gst_pad_push_event_unchecked(GstPad *, GstEvent *, GstPadProbeType):<sink:proxypad5>[00m sending event 0xf268858 (caps) to peerpad <typefind:sink>
0:00:30.236035000 [336m 4877[00m  0xdc45950 [37mDEBUG  [00m [00m     rtpjitterbuffer rtpjitterbuffer.c:603:calculate_skew:[00m skew 0, out 26:30:44.645484556
0:00:30.236037000 [336m 4877[00m  0xea8adb0 [37mDEBUG  [00m [00;01;34m           GST_EVENT gstpad.c:4935:GstFlowReturn gst_pad_send_event_unchecked(GstPad *, GstEvent *, GstPadProbeType):<typefind:sink>[00m have event type caps event: 0xf268858, time 99:99:99.999999999, seq-num 71, GstEventCaps, caps=(GstCaps)application/x-rtp, media=(string)video, payload=(int)96, clock-rate=(int)90000, encoding-name=(string)H264, sprop-parameter-sets=(string)"Z0LAHtoCgM7ARAAAAwAF3NZQADxYuoA\=\,aM48gA\=\=", a-tool=(string)GStreamer, a-type=(string)broadcast, clock-base=(uint)807995482, seqnum-base=(uint)29081, npt-start=(guint64)0, play-speed=(double)1, play-scale=(double)1;
0:00:30.236211000 [336m 4877[00m  0xdc45950 [37mDEBUG  [00m [00m     rtpjitterbuffer gstrtpjitterbuffer.c:2104:gst_rtp_jitter_buffer_chain:<rtpjitterbuffer0>[00m Pushed packet #29084, now 2 packets, tail: 0
0:00:30.236216000 [336m 4877[00m  0xea8adb0 [37mDEBUG  [00m [00;01;34m            GST_CAPS gstutils.c:2845:gboolean gst_pad_query_accept_caps(GstPad *, GstCaps *):<typefind:sink>[00m accept caps of application/x-rtp, media=(string)video, payload=(int)96, clock-rate=(int)90000, encoding-name=(string)H264, sprop-parameter-sets=(string)"Z0LAHtoCgM7ARAAAAwAF3NZQADxYuoA\=\,aM48gA\=\=", a-tool=(string)GStreamer, a-type=(string)broadcast, clock-base=(uint)807995482, seqnum-base=(uint)29081, npt-start=(guint64)0, play-speed=(double)1, play-scale=(double)1
0:00:30.236236000 [336m 4877[00m  0xdc45950 [33;01mLOG    [00m [00;01;35m      GST_SCHEDULING gstpad.c:3715:GstFlowReturn gst_pad_chain_data_unchecked(GstPad *, GstPadProbeType, void *):<rtpjitterbuffer0:sink>[00m called chainfunction &gst_rtp_jitter_buffer_chain with buffer 0xf2790b8, returned ok
0:00:30.236436000 [336m 4877[00m  0xea8adb0 [37mDEBUG  [00m [00m               query gstquery.c:680:GstQuery *gst_query_new_custom(GstQueryType, GstStructure *):[00m creating new query 0xdc57bb0 accept-caps
0:00:30.236440000 [336m 4877[00m  0xdc45950 [33;01mLOG    [00m [00;01;35m      GST_SCHEDULING gstpad.c:3715:GstFlowReturn gst_pad_chain_data_unchecked(GstPad *, GstPadProbeType, void *):<rtpssrcdemux0:sink>[00m called chainfunction &gst_rtp_ssrc_demux_chain with buffer 0xf2790b8, returned ok
0:00:30.236645000 [336m 4877[00m  0xea8adb0 [37mDEBUG  [00m [00;01;31;41m            GST_PADS gstpad.c:3445:gboolean gst_pad_query(GstPad *, GstQuery *):<typefind:sink>[00m doing query 0xdc57bb0 (accept-caps)
0:00:30.236659000 [336m 4877[00m  0xdc45950 [33;01mLOG    [00m [00;01;35m      GST_SCHEDULING gstpad.c:3715:GstFlowReturn gst_pad_chain_data_unchecked(GstPad *, GstPadProbeType, void *):<rtpsession0:recv_rtp_sink>[00m called chainfunction &gst_rtp_session_chain_recv_rtp with buffer 0xf2790b8, returned ok
0:00:30.236690000 [336m 4877[00m  0xdc45950 [33;01mLOG    [00m [00;01;35m      GST_SCHEDULING gstpad.c:3715:GstFlowReturn gst_pad_chain_data_unchecked(GstPad *, GstPadProbeType, void *):<manager:recv_rtp_sink_0>[00m called chainfunction &gst_proxy_pad_chain_default with buffer 0xf2790b8, returned ok
0:00:30.236673000 [336m 4877[00m  0xea8adb0 [37mDEBUG  [00m [00;01;31;41m            GST_PADS gstpad.c:2813:gboolean gst_pad_query_accept_caps_default(GstPad *, GstQuery *):<typefind:sink>[00m query accept-caps accept-caps query: 0xdc57bb0, GstQueryAcceptCaps, caps=(GstCaps)application/x-rtp, media=(string)video, payload=(int)96, clock-rate=(int)90000, encoding-name=(string)H264, sprop-parameter-sets=(string)"Z0LAHtoCgM7ARAAAAwAF3NZQADxYuoA\=\,aM48gA\=\=", a-tool=(string)GStreamer, a-type=(string)broadcast, clock-base=(uint)807995482, seqnum-base=(uint)29081, npt-start=(guint64)0, play-speed=(double)1, play-scale=(double)1, result=(boolean)false;
0:00:30.236952000 [336m 4877[00m  0xea8adb0 [37mDEBUG  [00m [00;01;37;41m     GST_PERFORMANCE gstpad.c:2824:gboolean gst_pad_query_accept_caps_default(GstPad *, GstQuery *):<typefind:sink>[00m fallback ACCEPT_CAPS query, consider implementing a specialized version
0:00:30.236949000 [336m 4877[00m  0xdc45950 [37mDEBUG  [00m [00m             rtspsrc gstrtspsrc.c:4034:gst_rtspsrc_loop_interleaved:<source>[00m doing receive with timeout 54 seconds, 777731 usec
0:00:30.237179000 [336m 4877[00m  0xea8adb0 [37mDEBUG  [00m [00;01;34m            GST_CAPS gstutils.c:2762:GstCaps *gst_pad_query_caps(GstPad *, GstCaps *):<typefind:sink>[00m get pad caps with filter application/x-rtp, media=(string)video, payload=(int)96, clock-rate=(int)90000, encoding-name=(string)H264, sprop-parameter-sets=(string)"Z0LAHtoCgM7ARAAAAwAF3NZQADxYuoA\=\,aM48gA\=\=", a-tool=(string)GStreamer, a-type=(string)broadcast, clock-base=(uint)807995482, seqnum-base=(uint)29081, npt-start=(guint64)0, play-speed=(double)1, play-scale=(double)1
0:00:30.237238000 [336m 4877[00m  0xea8adb0 [37mDEBUG  [00m [00m               query gstquery.c:680:GstQuery *gst_query_new_custom(GstQueryType, GstStructure *):[00m creating new query 0xdc57600 caps
0:00:30.237240000 [336m 4877[00m  0xdc45950 [37mDEBUG  [00m [00m             rtspsrc gstrtspsrc.c:4044:gst_rtspsrc_loop_interleaved:<source>[00m we received a server message
0:00:30.237395000 [336m 4877[00m  0xea8adb0 [37mDEBUG  [00m [00;01;31;41m            GST_PADS gstpad.c:3445:gboolean gst_pad_query(GstPad *, GstQuery *):<typefind:sink>[00m doing query 0xdc57600 (caps)
0:00:30.237405000 [336m 4877[00m  0xdc45950 [37mDEBUG  [00m [00m             rtspsrc gstrtspsrc.c:4080:gst_rtspsrc_loop_interleaved:<source>[00m got data message
0:00:30.237452000 [336m 4877[00m  0xdc45950 [33;01mLOG    [00m [00;01;42m          GST_BUFFER gstbuffer.c:628:GstBuffer *gst_buffer_new():[00m new 0xf279158
0:00:30.237466000 [336m 4877[00m  0xdc45950 [37mDEBUG  [00m [00;01;34m          GST_MEMORY gstmemory.c:138:void gst_memory_init(GstMemory *, GstMemoryFlags, GstAllocator *, GstMemory *, gsize, gsize, gsize, gsize):[00m new memory 0xfa50340, maxsize:16 offset:0 size:16
0:00:30.237485000 [336m 4877[00m  0xdc45950 [33;01mLOG    [00m [00;01;42m          GST_BUFFER gstbuffer.c:297:void _memory_add(GstBuffer *, gint, GstMemory *, gboolean):[00m buffer 0xf279158, idx -1, mem 0xfa50340, lock 1
0:00:30.237446000 [336m 4877[00m  0xea8adb0 [37mDEBUG  [00m [00;01;34m            GST_CAPS gstpad.c:2852:gboolean gst_pad_query_caps_default(GstPad *, GstQuery *):<typefind:sink>[00m query caps caps query: 0xdc57600, GstQueryCaps, filter=(GstCaps)application/x-rtp, media=(string)video, payload=(int)96, clock-rate=(int)90000, encoding-name=(string)H264, sprop-parameter-sets=(string)"Z0LAHtoCgM7ARAAAAwAF3NZQADxYuoA\=\,aM48gA\=\=", a-tool=(string)GStreamer, a-type=(string)broadcast, clock-base=(uint)807995482, seqnum-base=(uint)29081, npt-start=(guint64)0, play-speed=(double)1, play-scale=(double)1, caps=(GstCaps)NULL;
0:00:30.237658000 [336m 4877[00m  0xea8adb0 [37mDEBUG  [00m [00;01;34m            GST_CAPS gstpad.c:2875:gboolean gst_pad_query_caps_default(GstPad *, GstQuery *):<typefind:sink>[00m trying pad template caps
0:00:30.237655000 [336m 4877[00m  0xdc45950 [37mDEBUG  [00m [00m             rtspsrc gstrtspsrc.c:3910:gst_rtspsrc_handle_data:<source>[00m pushing data of size 16 on channel 0
0:00:30.237857000 [336m 4877[00m  0xdc45950 [33;01mLOG    [00m [00;01;35m      GST_SCHEDULING gstpad.c:3709:GstFlowReturn gst_pad_chain_data_unchecked(GstPad *, GstPadProbeType, void *):<manager:recv_rtp_sink_0>[00m calling chainfunction &gst_proxy_pad_chain_default with buffer buffer: 0xf279158, pts 99:99:99.999999999, dts 99:99:99.999999999, dur 99:99:99.999999999, size 16, offset 18446744073709551615, offset_end 18446744073709551615, flags 0x0
0:00:30.237845000 [336m 4877[00m  0xea8adb0 [37mDEBUG  [00m [00;01;34m            GST_CAPS gstpad.c:2899:gboolean gst_pad_query_caps_default(GstPad *, GstQuery *):<typefind:sink>[00m using caps 0xf2481b8 ANY with filter 0xeac1f18 application/x-rtp, media=(string)video, payload=(int)96, clock-rate=(int)90000, encoding-name=(string)H264, sprop-parameter-sets=(string)"Z0LAHtoCgM7ARAAAAwAF3NZQADxYuoA\=\,aM48gA\=\=", a-tool=(string)GStreamer, a-type=(string)broadcast, clock-base=(uint)807995482, seqnum-base=(uint)29081, npt-start=(guint64)0, play-speed=(double)1, play-scale=(double)1
0:00:30.238074000 [336m 4877[00m  0xdc45950 [33;01mLOG    [00m [00;01;35m      GST_SCHEDULING gstpad.c:3709:GstFlowReturn gst_pad_chain_data_unchecked(GstPad *, GstPadProbeType, void *):<rtpsession0:recv_rtp_sink>[00m calling chainfunction &gst_rtp_session_chain_recv_rtp with buffer buffer: 0xf279158, pts 99:99:99.999999999, dts 99:99:99.999999999, dur 99:99:99.999999999, size 16, offset 18446744073709551615, offset_end 18446744073709551615, flags 0x0
0:00:30.238111000 [336m 4877[00m  0xdc45950 [33;01mLOG    [00m [00m          rtpsession gstrtpsession.c:1624:gst_rtp_session_chain_recv_rtp:<rtpsession0>[00m received RTP packet
0:00:30.238074000 [336m 4877[00m  0xea8adb0 [37mDEBUG  [00m [00;01;34m            GST_CAPS gstpad.c:2902:gboolean gst_pad_query_caps_default(GstPad *, GstQuery *):<typefind:sink>[00m result 0xeac1f18 application/x-rtp, media=(string)video, payload=(int)96, clock-rate=(int)90000, encoding-name=(string)H264, sprop-parameter-sets=(string)"Z0LAHtoCgM7ARAAAAwAF3NZQADxYuoA\=\,aM48gA\=\=", a-tool=(string)GStreamer, a-type=(string)broadcast, clock-base=(uint)807995482, seqnum-base=(uint)29081, npt-start=(guint64)0, play-speed=(double)1, play-scale=(double)1
0:00:30.238127000 [336m 4877[00m  0xdc45950 [37mDEBUG  [00m [00;01;33m           GST_CLOCK gstclock.c:952:GstClockTime gst_clock_get_internal_time(GstClock *):<GstSystemClock>[00m internal time 384207:38:15.978467000
0:00:30.238302000 [336m 4877[00m  0xdc45950 [37mDEBUG  [00m [00;01;33m           GST_CLOCK gstclock.c:997:GstClockTime gst_clock_get_time(GstClock *):<GstSystemClock>[00m adjusted time 384207:38:15.978467000
0:00:30.238302000 [336m 4877[00m  0xea8adb0 [37mDEBUG  [00m [00;01;31;41m            GST_PADS gstpad.c:2983:gboolean gst_pad_query_default(GstPad *, GstObject *, GstQuery *):<typefind:sink>[00m not forwarding 0xdc57600 (caps) query
0:00:30.238498000 [336m 4877[00m  0xdc45950 [37mDEBUG  [00m [00;01;33m           GST_CLOCK gstclock.c:952:GstClockTime gst_clock_get_internal_time(GstClock *):<GstSystemClock>[00m internal time 384207:38:15.978837000
0:00:30.238505000 [336m 4877[00m  0xea8adb0 [37mDEBUG  [00m [00;01;31;41m            GST_PADS gstpad.c:3467:gboolean gst_pad_query(GstPad *, GstQuery *):<typefind:sink>[00m sent query 0xdc57600 (caps), result 1
0:00:30.238522000 [336m 4877[00m  0xdc45950 [37mDEBUG  [00m [00;01;33m           GST_CLOCK gstclock.c:997:GstClockTime gst_clock_get_time(GstClock *):<GstSystemClock>[00m adjusted time 384207:38:15.978837000
0:00:30.238538000 [336m 4877[00m  0xdc45950 [33;01mLOG    [00m [00;01;42m          GST_BUFFER gstbuffer.c:1479:gboolean gst_buffer_map_range(GstBuffer *, guint, gint, GstMapInfo *, GstMapFlags):[00m buffer 0xf279158, idx 0, length 1, flags 0001
0:00:30.238557000 [336m 4877[00m  0xdc45950 [33;01mLOG    [00m [00;01;42m          GST_BUFFER gstbuffer.c:207:GstMemory *_get_merged_memory(GstBuffer *, guint, guint):[00m buffer 0xf279158, idx 0, length 1
0:00:30.238535000 [336m 4877[00m  0xea8adb0 [37mDEBUG  [00m [00;01;34m            GST_CAPS gstutils.c:2769:GstCaps *gst_pad_query_caps(GstPad *, GstCaps *):<typefind:sink>[00m query returned application/x-rtp, media=(string)video, payload=(int)96, clock-rate=(int)90000, encoding-name=(string)H264, sprop-parameter-sets=(string)"Z0LAHtoCgM7ARAAAAwAF3NZQADxYuoA\=\,aM48gA\=\=", a-tool=(string)GStreamer, a-type=(string)broadcast, clock-base=(uint)807995482, seqnum-base=(uint)29081, npt-start=(guint64)0, play-speed=(double)1, play-scale=(double)1
0:00:30.238750000 [336m 4877[00m  0xdc45950 [33;01mLOG    [00m [00m           rtpsource rtpsource.c:1081:rtp_source_process_rtp:[00m seq 29085, PC: 3, OC: 189
0:00:30.238752000 [336m 4877[00m  0xea8adb0 [37mDEBUG  [00m [00;01;31;41m            GST_PADS gstpad.c:2830:gboolean gst_pad_query_accept_caps_default(GstPad *, GstQuery *):<typefind:sink>[00m allowed caps application/x-rtp, media=(string)video, payload=(int)96, clock-rate=(int)90000, encoding-name=(string)H264, sprop-parameter-sets=(string)"Z0LAHtoCgM7ARAAAAwAF3NZQADxYuoA\=\,aM48gA\=\=", a-tool=(string)GStreamer, a-type=(string)broadcast, clock-base=(uint)807995482, seqnum-base=(uint)29081, npt-start=(guint64)0, play-speed=(double)1, play-scale=(double)1
0:00:30.238774000 [336m 4877[00m  0xdc45950 [33;01mLOG    [00m [00m           rtpsource rtpsource.c:880:calculate_jitter:[00m SSRC 528e439b got payload 96
0:00:30.238961000 [336m 4877[00m  0xea8adb0 [37mDEBUG  [00m [00;01;31;41m            GST_PADS gstpad.c:2983:gboolean gst_pad_query_default(GstPad *, GstObject *, GstQuery *):<typefind:sink>[00m not forwarding 0xdc57bb0 (accept-caps) query
0:00:30.238985000 [336m 4877[00m  0xdc45950 [33;01mLOG    [00m [00m           rtpsource rtpsource.c:913:calculate_jitter:[00m rtparrival 85396, rtptime 808019749, clock-rate 90000, diff 391, jitter: 81.937500
0:00:30.238998000 [336m 4877[00m  0xea8adb0 [37mDEBUG  [00m [00;01;31;41m            GST_PADS gstpad.c:3467:gboolean gst_pad_query(GstPad *, GstQuery *):<typefind:sink>[00m sent query 0xdc57bb0 (accept-caps), result 1
0:00:30.239173000 [336m 4877[00m  0xdc45950 [33;01mLOG    [00m [00m           rtpsource rtpsource.c:822:push_packet:[00m pushing new packet
0:00:30.239189000 [336m 4877[00m  0xdc45950 [33;01mLOG    [00m [00m          rtpsession rtpsession.c:1123:source_push_rtp:[00m source 528e439b pushed receiver RTP packet
0:00:30.239186000 [336m 4877[00m  0xea8adb0 [37mDEBUG  [00m [00;04m             default gstutils.c:2850:gboolean gst_pad_query_accept_caps(GstPad *, GstCaps *):<typefind:sink>[00m query returned 1
0:00:30.239251000 [336m 4877[00m  0xdc45950 [33;01mLOG    [00m [00m          rtpsession gstrtpsession.c:1070:gst_rtp_session_process_rtp:<rtpsession0>[00m pushing received RTP packet
0:00:30.239254000 [336m 4877[00m  0xea8adb0 [37mDEBUG  [00m [00;32;43m            typefind gsttypefindelement.c:607:gboolean gst_type_find_element_sink_event(GstPad *, GstObject *, GstEvent *):<typefind>[00m got caps event in mode 1
0:00:30.239400000 [336m 4877[00m  0xdc45950 [33;01mLOG    [00m [00;01;35m      GST_SCHEDULING gstpad.c:3709:GstFlowReturn gst_pad_chain_data_unchecked(GstPad *, GstPadProbeType, void *):<rtpssrcdemux0:sink>[00m calling chainfunction &gst_rtp_ssrc_demux_chain with buffer buffer: 0xf279158, pts 99:99:99.999999999, dts 99:99:99.999999999, dur 99:99:99.999999999, size 16, offset 18446744073709551615, offset_end 18446744073709551615, flags 0x0
0:00:30.239430000 [336m 4877[00m  0xdc45950 [33;01mLOG    [00m [00;01;42m          GST_BUFFER gstbuffer.c:1479:gboolean gst_buffer_map_range(GstBuffer *, guint, gint, GstMapInfo *, GstMapFlags):[00m buffer 0xf279158, idx 0, length 1, flags 0001
0:00:30.239443000 [336m 4877[00m  0xdc45950 [33;01mLOG    [00m [00;01;42m          GST_BUFFER gstbuffer.c:207:GstMemory *_get_merged_memory(GstBuffer *, guint, guint):[00m buffer 0xf279158, idx 0, length 1
0:00:30.239456000 [336m 4877[00m  0xdc45950 [37mDEBUG  [00m [00m        rtpssrcdemux gstrtpssrcdemux.c:627:gst_rtp_ssrc_demux_chain:<rtpssrcdemux0>[00m received buffer of SSRC 528e439b
0:00:30.239417000 [336m 4877[00m  0xea8adb0 [36mINFO   [00m [00;32;43m            typefind gsttypefindelement.c:182:void gst_type_find_element_have_type(GstTypeFindElement *, guint, GstCaps *):<typefind>[00m found caps application/x-rtp, media=(string)video, payload=(int)96, clock-rate=(int)90000, encoding-name=(string)H264, sprop-parameter-sets=(string)"Z0LAHtoCgM7ARAAAAwAF3NZQADxYuoA\=\,aM48gA\=\=", a-tool=(string)GStreamer, a-type=(string)broadcast, clock-base=(uint)807995482, seqnum-base=(uint)29081, npt-start=(guint64)0, play-speed=(double)1, play-scale=(double)1, probability=100
0:00:30.239642000 [336m 4877[00m  0xdc45950 [33;01mLOG    [00m [00;01;35m      GST_SCHEDULING gstpad.c:3709:GstFlowReturn gst_pad_chain_data_unchecked(GstPad *, GstPadProbeType, void *):<rtpjitterbuffer0:sink>[00m calling chainfunction &gst_rtp_jitter_buffer_chain with buffer buffer: 0xf279158, pts 99:99:99.999999999, dts 99:99:99.999999999, dur 99:99:99.999999999, size 16, offset 18446744073709551615, offset_end 18446744073709551615, flags 0x0
0:00:30.239644000 [336m 4877[00m  0xea8adb0 [36mINFO   [00m [00;01;34m           GST_EVENT gstevent.c:628:GstEvent *gst_event_new_caps(GstCaps *):[00m creating caps event application/x-rtp, media=(string)video, payload=(int)96, clock-rate=(int)90000, encoding-name=(string)H264, sprop-parameter-sets=(string)"Z0LAHtoCgM7ARAAAAwAF3NZQADxYuoA\=\,aM48gA\=\=", a-tool=(string)GStreamer, a-type=(string)broadcast, clock-base=(uint)807995482, seqnum-base=(uint)29081, npt-start=(guint64)0, play-speed=(double)1, play-scale=(double)1
0:00:30.239852000 [336m 4877[00m  0xdc45950 [33;01mLOG    [00m [00;01;42m          GST_BUFFER gstbuffer.c:1479:gboolean gst_buffer_map_range(GstBuffer *, guint, gint, GstMapInfo *, GstMapFlags):[00m buffer 0xf279158, idx 0, length 1, flags 0001
0:00:30.239863000 [336m 4877[00m  0xea8adb0 [37mDEBUG  [00m [00;01;34m           GST_EVENT gstevent.c:300:GstEvent *gst_event_new_custom(GstEventType, GstStructure *):[00m creating new event 0xfa59cf8 caps 12814
0:00:30.239876000 [336m 4877[00m  0xdc45950 [33;01mLOG    [00m [00;01;42m          GST_BUFFER gstbuffer.c:207:GstMemory *_get_merged_memory(GstBuffer *, guint, guint):[00m buffer 0xf279158, idx 0, length 1
0:00:30.240116000 [336m 4877[00m  0xdc45950 [37mDEBUG  [00m [00;04m             default gstsegment.c:481:guint64 gst_segment_to_running_time(const GstSegment *, GstFormat, guint64):[00m invalid position (-1)
0:00:30.240115000 [336m 4877[00m  0xea8adb0 [33;01mLOG    [00m [00;01;31;41m            GST_PADS gstpad.c:4522:GstFlowReturn store_sticky_event(GstPad *, GstEvent *):<typefind:src>[00m stored sticky event caps
0:00:30.240158000 [336m 4877[00m  0xdc45950 [37mDEBUG  [00m [00m     rtpjitterbuffer gstrtpjitterbuffer.c:1936:gst_rtp_jitter_buffer_chain:<rtpjitterbuffer0>[00m Received packet #29085 at time 99:99:99.999999999, discont 0
0:00:30.240167000 [336m 4877[00m  0xea8adb0 [37mDEBUG  [00m [00;01;31;41m            GST_PADS gstpad.c:4528:GstFlowReturn store_sticky_event(GstPad *, GstEvent *):<typefind:src>[00m notify caps
0:00:30.240336000 [336m 4877[00m  0xdc45950 [37mDEBUG  [00m [00m     rtpjitterbuffer gstrtpjitterbuffer.c:1982:gst_rtp_jitter_buffer_chain:<rtpjitterbuffer0>[00m expected #29085, got #29085, gap of 0
0:00:30.240345000 [336m 4877[00m  0xea8adb0 [33;01mLOG    [00m [00;01;37;44m      GST_PROPERTIES gstobject.c:456:void gst_object_dispatch_properties_changed(GObject *, guint, GParamSpec **):<typefind>[00m deep notification from src (caps)
0:00:30.240384000 [336m 4877[00m  0xea8adb0 [33;01mLOG    [00m [00;01;37;44m      GST_PROPERTIES gstobject.c:456:void gst_object_dispatch_properties_changed(GObject *, guint, GParamSpec **):<decodebin0>[00m deep notification from src (caps)
0:00:30.240384000 [336m 4877[00m  0xdc45950 [37mDEBUG  [00m [00m     rtpjitterbuffer gstrtpjitterbuffer.c:2104:gst_rtp_jitter_buffer_chain:<rtpjitterbuffer0>[00m Pushed packet #29085, now 3 packets, tail: 0
0:00:30.240542000 [336m 4877[00m  0xea8adb0 [33;01mLOG    [00m [00;01;37;44m      GST_PROPERTIES gstobject.c:456:void gst_object_dispatch_properties_changed(GObject *, guint, GParamSpec **):<uridecodebin0>[00m deep notification from src (caps)
0:00:30.240549000 [336m 4877[00m  0xdc45950 [33;01mLOG    [00m [00;01;35m      GST_SCHEDULING gstpad.c:3715:GstFlowReturn gst_pad_chain_data_unchecked(GstPad *, GstPadProbeType, void *):<rtpjitterbuffer0:sink>[00m called chainfunction &gst_rtp_jitter_buffer_chain with buffer 0xf279158, returned ok
0:00:30.240569000 [336m 4877[00m  0xea8adb0 [33;01mLOG    [00m [00;01;37;44m      GST_PROPERTIES gstobject.c:456:void gst_object_dispatch_properties_changed(GObject *, guint, GParamSpec **):<playbin0>[00m deep notification from src (caps)
0:00:30.240583000 [336m 4877[00m  0xea8adb0 [37mDEBUG  [00m [00;01;31;41m            GST_PADS gstpad.c:3376:GstFlowReturn check_sticky(GstPad *, GstEvent *):<typefind:src>[00m pushing all sticky events
0:00:30.240581000 [336m 4877[00m  0xdc45950 [33;01mLOG    [00m [00;01;35m      GST_SCHEDULING gstpad.c:3715:GstFlowReturn gst_pad_chain_data_unchecked(GstPad *, GstPadProbeType, void *):<rtpssrcdemux0:sink>[00m called chainfunction &gst_rtp_ssrc_demux_chain with buffer 0xf279158, returned ok
0:00:30.240770000 [336m 4877[00m  0xea8adb0 [37mDEBUG  [00m [00;01;31;41m            GST_PADS gstpad.c:4724:GstFlowReturn gst_pad_push_event_unchecked(GstPad *, GstEvent *, GstPadProbeType):<typefind:src>[00m Dropping event because pad is not linked
0:00:30.240776000 [336m 4877[00m  0xdc45950 [33;01mLOG    [00m [00;01;35m      GST_SCHEDULING gstpad.c:3715:GstFlowReturn gst_pad_chain_data_unchecked(GstPad *, GstPadProbeType, void *):<rtpsession0:recv_rtp_sink>[00m called chainfunction &gst_rtp_session_chain_recv_rtp with buffer 0xf279158, returned ok
0:00:30.240813000 [336m 4877[00m  0xea8adb0 [37mDEBUG  [00m [00;01;31;41m            GST_PADS gstpad.c:3348:gboolean push_sticky(GstPad *, PadEvent *, gpointer):<typefind:src>[00m pad was not linked, mark pending
0:00:30.240815000 [336m 4877[00m  0xdc45950 [33;01mLOG    [00m [00;01;35m      GST_SCHEDULING gstpad.c:3715:GstFlowReturn gst_pad_chain_data_unchecked(GstPad *, GstPadProbeType, void *):<manager:recv_rtp_sink_0>[00m called chainfunction &gst_proxy_pad_chain_default with buffer 0xf279158, returned ok
0:00:30.241007000 [336m 4877[00m  0xea8adb0 [37mDEBUG  [00m [00;01;31;41m            GST_PADS gstpad.c:4724:GstFlowReturn gst_pad_push_event_unchecked(GstPad *, GstEvent *, GstPadProbeType):<typefind:src>[00m Dropping event because pad is not linked
0:00:30.241019000 [336m 4877[00m  0xdc45950 [37mDEBUG  [00m [00m             rtspsrc gstrtspsrc.c:4034:gst_rtspsrc_loop_interleaved:<source>[00m doing receive with timeout 54 seconds, 773659 usec
0:00:30.241027000 [336m 4877[00m  0xea8adb0 [37mDEBUG  [00m [00;01;31;41m            GST_PADS gstpad.c:3348:gboolean push_sticky(GstPad *, PadEvent *, gpointer):<typefind:src>[00m pad was not linked, mark pending
0:00:30.241209000 [336m 4877[00m  0xea8adb0 [37mDEBUG  [00m [00;01;31;41m            GST_PADS gstpad.c:4724:GstFlowReturn gst_pad_push_event_unchecked(GstPad *, GstEvent *, GstPadProbeType):<typefind:src>[00m Dropping event because pad is not linked
0:00:30.241231000 [336m 4877[00m  0xea8adb0 [37mDEBUG  [00m [00;01;31;41m            GST_PADS gstpad.c:3348:gboolean push_sticky(GstPad *, PadEvent *, gpointer):<typefind:src>[00m pad was not linked, mark pending
0:00:30.241254000 [336m 4877[00m  0xdc45950 [37mDEBUG  [00m [00m             rtspsrc gstrtspsrc.c:4044:gst_rtspsrc_loop_interleaved:<source>[00m we received a server message
0:00:30.241266000 [336m 4877[00m  0xdc45950 [37mDEBUG  [00m [00m             rtspsrc gstrtspsrc.c:4080:gst_rtspsrc_loop_interleaved:<source>[00m got data message
0:00:30.241274000 [336m 4877[00m  0xdc45950 [33;01mLOG    [00m [00;01;42m          GST_BUFFER gstbuffer.c:628:GstBuffer *gst_buffer_new():[00m new 0xf2791f8
0:00:30.241255000 [336m 4877[00m  0xea8adb0 [37mDEBUG  [00m [00m           decodebin gstdecodebin2.c:2443:void type_found(GstElement *, guint, GstCaps *, GstDecodeBin *):<decodebin0>[00m typefind found caps application/x-rtp, media=(string)video, payload=(int)96, clock-rate=(int)90000, encoding-name=(string)H264, sprop-parameter-sets=(string)"Z0LAHtoCgM7ARAAAAwAF3NZQADxYuoA\=\,aM48gA\=\=", a-tool=(string)GStreamer, a-type=(string)broadcast, clock-base=(uint)807995482, seqnum-base=(uint)29081, npt-start=(guint64)0, play-speed=(double)1, play-scale=(double)1
0:00:30.241444000 [336m 4877[00m  0xdc45950 [37mDEBUG  [00m [00;01;34m          GST_MEMORY gstmemory.c:138:void gst_memory_init(GstMemory *, GstMemoryFlags, GstAllocator *, GstMemory *, gsize, gsize, gsize, gsize):[00m new memory 0xfa50390, maxsize:14 offset:0 size:14
0:00:30.241449000 [336m 4877[00m  0xea8adb0 [36mINFO   [00m [00;01;37;41m    GST_ELEMENT_PADS gstelement.c:897:GstPad *gst_element_get_static_pad(GstElement *, const gchar *):[00m found pad typefind:src
0:00:30.241630000 [336m 4877[00m  0xdc45950 [33;01mLOG    [00m [00;01;42m          GST_BUFFER gstbuffer.c:297:void _memory_add(GstBuffer *, gint, GstMemory *, gboolean):[00m buffer 0xf2791f8, idx -1, mem 0xfa50390, lock 1
0:00:30.241642000 [336m 4877[00m  0xea8adb0 [36mINFO   [00m [00;01;37;41m    GST_ELEMENT_PADS gstelement.c:897:GstPad *gst_element_get_static_pad(GstElement *, const gchar *):[00m found pad typefind:sink
0:00:30.241657000 [336m 4877[00m  0xdc45950 [37mDEBUG  [00m [00m             rtspsrc gstrtspsrc.c:3910:gst_rtspsrc_handle_data:<source>[00m pushing data of size 14 on channel 0
0:00:30.241707000 [336m 4877[00m  0xea8adb0 [37mDEBUG  [00m [00m           decodebin gstdecodebin2.c:2971:GstDecodeChain *gst_decode_chain_new(GstDecodeBin *, GstDecodeGroup *, GstPad *):<decodebin0>[00m Creating new chain 0xf281498 with parent group 0x0
0:00:30.241707000 [336m 4877[00m  0xdc45950 [33;01mLOG    [00m [00;01;35m      GST_SCHEDULING gstpad.c:3709:GstFlowReturn gst_pad_chain_data_unchecked(GstPad *, GstPadProbeType, void *):<manager:recv_rtp_sink_0>[00m calling chainfunction &gst_proxy_pad_chain_default with buffer buffer: 0xf2791f8, pts 99:99:99.999999999, dts 99:99:99.999999999, dur 99:99:99.999999999, size 14, offset 18446744073709551615, offset_end 18446744073709551615, flags 0x0
0:00:30.241739000 [336m 4877[00m  0xea8adb0 [37mDEBUG  [00m [00m           decodebin gstdecodebin2.c:1467:void analyze_new_pad(GstDecodeBin *, GstElement *, GstPad *, GstCaps *, GstDecodeChain *):<decodebin0>[00m Pad typefind:src caps:application/x-rtp, media=(string)video, payload=(int)96, clock-rate=(int)90000, encoding-name=(string)H264, sprop-parameter-sets=(string)"Z0LAHtoCgM7ARAAAAwAF3NZQADxYuoA\=\,aM48gA\=\=", a-tool=(string)GStreamer, a-type=(string)broadcast, clock-base=(uint)807995482, seqnum-base=(uint)29081, npt-start=(guint64)0, play-speed=(double)1, play-scale=(double)1
0:00:30.242033000 [336m 4877[00m  0xdc45950 [33;01mLOG    [00m [00;01;35m      GST_SCHEDULING gstpad.c:3709:GstFlowReturn gst_pad_chain_data_unchecked(GstPad *, GstPadProbeType, void *):<rtpsession0:recv_rtp_sink>[00m calling chainfunction &gst_rtp_session_chain_recv_rtp with buffer buffer: 0xf2791f8, pts 99:99:99.999999999, dts 99:99:99.999999999, dur 99:99:99.999999999, size 14, offset 18446744073709551615, offset_end 18446744073709551615, flags 0x0
0:00:30.242047000 [336m 4877[00m  0xea8adb0 [37mDEBUG  [00m [00m           decodebin gstdecodebin2.c:4301:GstDecodePad *gst_decode_pad_new(GstDecodeBin *, GstDecodeChain *):<decodebin0>[00m making new decodepad
0:00:30.242092000 [336m 4877[00m  0xdc45950 [33;01mLOG    [00m [00m          rtpsession gstrtpsession.c:1624:gst_rtp_session_chain_recv_rtp:<rtpsession0>[00m received RTP packet
0:00:30.242110000 [336m 4877[00m  0xdc45950 [37mDEBUG  [00m [00;01;33m           GST_CLOCK gstclock.c:952:GstClockTime gst_clock_get_internal_time(GstClock *):<GstSystemClock>[00m internal time 384207:38:15.982451000
0:00:30.242197000 [336m 4877[00m  0xea8adb0 [37mDEBUG  [00m [00;01;31;41m            GST_PADS gstpad.c:1734:void gst_pad_set_iterate_internal_links_function_full(GstPad *, GstPadIterIntLinkFunction, gpointer, GDestroyNotify):<GstProxyPad@0xdc7c010>[00m internal link iterator set to gst_proxy_pad_iterate_internal_links_default
0:00:30.242246000 [336m 4877[00m  0xea8adb0 [37mDEBUG  [00m [00;01;31;41m            GST_PADS gstpad.c:1526:void gst_pad_set_activatemode_function_full(GstPad *, GstPadActivateModeFunction, gpointer, GDestroyNotify):<GstGhostPad@0xdc7c010>[00m activatemodefunc set to gst_ghost_pad_activate_mode_default
0:00:30.242246000 [336m 4877[00m  0xdc45950 [37mDEBUG  [00m [00;01;33m           GST_CLOCK gstclock.c:997:GstClockTime gst_clock_get_time(GstClock *):<GstSystemClock>[00m adjusted time 384207:38:15.982451000
0:00:30.242294000 [336m 4877[00m  0xdc45950 [37mDEBUG  [00m [00;01;33m           GST_CLOCK gstclock.c:952:GstClockTime gst_clock_get_internal_time(GstClock *):<GstSystemClock>[00m internal time 384207:38:15.982635000
0:00:30.242332000 [336m 4877[00m  0xea8adb0 [37mDEBUG  [00m [00;01;31;41m            GST_PADS gstpad.c:1634:void gst_pad_set_getrange_function_full(GstPad *, GstPadGetRangeFunction, gpointer, GDestroyNotify):<'':decodepad0>[00m getrangefunc set to gst_proxy_pad_getrange_default
0:00:30.242483000 [336m 4877[00m  0xdc45950 [37mDEBUG  [00m [00;01;33m           GST_CLOCK gstclock.c:997:GstClockTime gst_clock_get_time(GstClock *):<GstSystemClock>[00m adjusted time 384207:38:15.982635000
0:00:30.242503000 [336m 4877[00m  0xea8adb0 [37mDEBUG  [00m [00;01;31;41m            GST_PADS gstpad.c:1734:void gst_pad_set_iterate_internal_links_function_full(GstPad *, GstPadIterIntLinkFunction, gpointer, GDestroyNotify):<GstProxyPad@0xeace960>[00m internal link iterator set to gst_proxy_pad_iterate_internal_links_default
0:00:30.242512000 [336m 4877[00m  0xdc45950 [33;01mLOG    [00m [00;01;42m          GST_BUFFER gstbuffer.c:1479:gboolean gst_buffer_map_range(GstBuffer *, guint, gint, GstMapInfo *, GstMapFlags):[00m buffer 0xf2791f8, idx 0, length 1, flags 0001
0:00:30.242536000 [336m 4877[00m  0xea8adb0 [37mDEBUG  [00m [00;01;31;41m            GST_PADS gstpad.c:1561:void gst_pad_set_chain_function_full(GstPad *, GstPadChainFunction, gpointer, GDestroyNotify):<'':proxypad6>[00m chainfunc set to gst_proxy_pad_chain_default
0:00:30.242701000 [336m 4877[00m  0xdc45950 [33;01mLOG    [00m [00;01;42m          GST_BUFFER gstbuffer.c:207:GstMemory *_get_merged_memory(GstBuffer *, guint, guint):[00m buffer 0xf2791f8, idx 0, length 1
0:00:30.242709000 [336m 4877[00m  0xea8adb0 [37mDEBUG  [00m [00;01;31;41m            GST_PADS gstpad.c:1598:void gst_pad_set_chain_list_function_full(GstPad *, GstPadChainListFunction, gpointer, GDestroyNotify):<'':proxypad6>[00m chainlistfunc set to gst_proxy_pad_chain_list_default
0:00:30.242763000 [336m 4877[00m  0xea8adb0 [37mDEBUG  [00m [00;01;31;44m     GST_REFCOUNTING gstobject.c:684:gboolean gst_object_set_parent(GstObject *, GstObject *):<'':proxypad6>[00m set parent (ref and sink)
0:00:30.242764000 [336m 4877[00m  0xdc45950 [33;01mLOG    [00m [00m           rtpsource rtpsource.c:1081:rtp_source_process_rtp:[00m seq 29086, PC: 4, OC: 191
0:00:30.242915000 [336m 4877[00m  0xdc45950 [33;01mLOG    [00m [00m           rtpsource rtpsource.c:880:calculate_jitter:[00m SSRC 528e439b got payload 96
0:00:30.242916000 [336m 4877[00m  0xea8adb0 [37mDEBUG  [00m [00;01;31;41m            GST_PADS gstpad.c:1526:void gst_pad_set_activatemode_function_full(GstPad *, GstPadActivateModeFunction, gpointer, GDestroyNotify):<decodepad0:proxypad6>[00m activatemodefunc set to gst_ghost_pad_internal_activate_mode_default
0:00:30.242956000 [336m 4877[00m  0xdc45950 [33;01mLOG    [00m [00m           rtpsource rtpsource.c:913:calculate_jitter:[00m rtparrival 85755, rtptime 808019749, clock-rate 90000, diff 359, jitter: 99.250000
0:00:30.242979000 [336m 4877[00m  0xdc45950 [33;01mLOG    [00m [00m           rtpsource rtpsource.c:822:push_packet:[00m pushing new packet
0:00:30.243111000 [336m 4877[00m  0xdc45950 [33;01mLOG    [00m [00m          rtpsession rtpsession.c:1123:source_push_rtp:[00m source 528e439b pushed receiver RTP packet
0:00:30.243144000 [336m 4877[00m  0xdc45950 [33;01mLOG    [00m [00m          rtpsession gstrtpsession.c:1070:gst_rtp_session_process_rtp:<rtpsession0>[00m pushing received RTP packet
0:00:30.243166000 [336m 4877[00m  0xdc45950 [33;01mLOG    [00m [00;01;35m      GST_SCHEDULING gstpad.c:3709:GstFlowReturn gst_pad_chain_data_unchecked(GstPad *, GstPadProbeType, void *):<rtpssrcdemux0:sink>[00m calling chainfunction &gst_rtp_ssrc_demux_chain with buffer buffer: 0xf2791f8, pts 99:99:99.999999999, dts 99:99:99.999999999, dur 99:99:99.999999999, size 14, offset 18446744073709551615, offset_end 18446744073709551615, flags 0x0
0:00:30.243202000 [336m 4877[00m  0xdc45950 [33;01mLOG    [00m [00;01;42m          GST_BUFFER gstbuffer.c:1479:gboolean gst_buffer_map_range(GstBuffer *, guint, gint, GstMapInfo *, GstMapFlags):[00m buffer 0xf2791f8, idx 0, length 1, flags 0001
0:00:30.243269000 [336m 4877[00m  0xea8adb0 [37mDEBUG  [00m [00;01;31;41m            GST_PADS gstpad.c:1700:void gst_pad_set_query_function_full(GstPad *, GstPadQueryFunction, gpointer, GDestroyNotify):<decodepad0:proxypad6>[00m queryfunc set to gst_decode_pad_query
0:00:30.243392000 [336m 4877[00m  0xdc45950 [33;01mLOG    [00m [00;01;42m          GST_BUFFER gstbuffer.c:207:GstMemory *_get_merged_memory(GstBuffer *, guint, guint):[00m buffer 0xf2791f8, idx 0, length 1
0:00:30.243402000 [336m 4877[00m  0xea8adb0 [37mDEBUG  [00m [00;01;31;41m            GST_PADS gstghostpad.c:834:gboolean gst_ghost_pad_set_target(GstGhostPad *, GstPad *):<'':decodepad0>[00m set target typefind:src
0:00:30.243438000 [336m 4877[00m  0xea8adb0 [37mDEBUG  [00m [00;01;31;41m            GST_PADS gstghostpad.c:854:gboolean gst_ghost_pad_set_target(GstGhostPad *, GstPad *):<'':decodepad0>[00m connecting internal pad to target <typefind:src>
0:00:30.243442000 [336m 4877[00m  0xdc45950 [37mDEBUG  [00m [00m        rtpssrcdemux gstrtpssrcdemux.c:627:gst_rtp_ssrc_demux_chain:<rtpssrcdemux0>[00m received buffer of SSRC 528e439b
0:00:30.243628000 [336m 4877[00m  0xdc45950 [33;01mLOG    [00m [00;01;35m      GST_SCHEDULING gstpad.c:3709:GstFlowReturn gst_pad_chain_data_unchecked(GstPad *, GstPadProbeType, void *):<rtpjitterbuffer0:sink>[00m calling chainfunction &gst_rtp_jitter_buffer_chain with buffer buffer: 0xf2791f8, pts 99:99:99.999999999, dts 99:99:99.999999999, dur 99:99:99.999999999, size 14, offset 18446744073709551615, offset_end 18446744073709551615, flags 0x0
0:00:30.243635000 [336m 4877[00m  0xea8adb0 [33;01mLOG    [00m [00;01;37;41m         GST_MESSAGE gstmessage.c:284:GstMessage *gst_message_new_custom(GstMessageType, GstObject *, GstStructure *):[00m source proxypad6: creating new message 0xf2456e0 structure-change
0:00:30.243808000 [336m 4877[00m  0xdc45950 [33;01mLOG    [00m [00;01;42m          GST_BUFFER gstbuffer.c:1479:gboolean gst_buffer_map_range(GstBuffer *, guint, gint, GstMapInfo *, GstMapFlags):[00m buffer 0xf2791f8, idx 0, length 1, flags 0001
0:00:30.243835000 [336m 4877[00m  0xdc45950 [33;01mLOG    [00m [00;01;42m          GST_BUFFER gstbuffer.c:207:GstMemory *_get_merged_memory(GstBuffer *, guint, guint):[00m buffer 0xf2791f8, idx 0, length 1
0:00:30.243851000 [336m 4877[00m  0xdc45950 [37mDEBUG  [00m [00;04m             default gstsegment.c:481:guint64 gst_segment_to_running_time(const GstSegment *, GstFormat, guint64):[00m invalid position (-1)
0:00:30.243862000 [336m 4877[00m  0xdc45950 [37mDEBUG  [00m [00m     rtpjitterbuffer gstrtpjitterbuffer.c:1936:gst_rtp_jitter_buffer_chain:<rtpjitterbuffer0>[00m Received packet #29086 at time 99:99:99.999999999, discont 0
0:00:30.243819000 [336m 4877[00m  0xea8adb0 [37mDEBUG  [00m [00;43m             GST_BUS gstbus.c:312:gboolean gst_bus_post(GstBus *, GstMessage *):<bus6>[00m [msg 0xf2456e0] posting on bus structure-change message: 0xf2456e0, time 99:99:99.999999999, seq-num 90, element 'proxypad6', GstMessageStructureChange, type=(GstStructureChangeType)GST_STRUCTURE_CHANGE_TYPE_PAD_LINK, owner=(GstElement)"\(GstTypeFindElement\)\ typefind", busy=(boolean)true;
0:00:30.244021000 [336m 4877[00m  0xdc45950 [37mDEBUG  [00m [00m     rtpjitterbuffer gstrtpjitterbuffer.c:1982:gst_rtp_jitter_buffer_chain:<rtpjitterbuffer0>[00m expected #29086, got #29086, gap of 0
0:00:30.244033000 [336m 4877[00m  0xea8adb0 [37mDEBUG  [00m [00;01m                 bin gstbin.c:3396:void gst_bin_handle_message_func(GstBin *, GstMessage *):<decodebin0>[00m [msg 0xf2456e0] handling child proxypad6 message of type structure-change
0:00:30.244045000 [336m 4877[00m  0xdc45950 [37mDEBUG  [00m [00m     rtpjitterbuffer gstrtpjitterbuffer.c:2104:gst_rtp_jitter_buffer_chain:<rtpjitterbuffer0>[00m Pushed packet #29086, now 4 packets, tail: 0
0:00:30.244094000 [336m 4877[00m  0xea8adb0 [33;01mLOG    [00m [00;01m                 bin gstbin.c:863:gint message_check(GstMessage *, MessageFind *):[00m looking at message 0xf280d08: 0
0:00:30.244097000 [336m 4877[00m  0xdc45950 [33;01mLOG    [00m [00;01;35m      GST_SCHEDULING gstpad.c:3715:GstFlowReturn gst_pad_chain_data_unchecked(GstPad *, GstPadProbeType, void *):<rtpjitterbuffer0:sink>[00m called chainfunction &gst_rtp_jitter_buffer_chain with buffer 0xf2791f8, returned ok
0:00:30.244245000 [336m 4877[00m  0xea8adb0 [37mDEBUG  [00m [00;01m                 bin gstbin.c:885:GList *find_message(GstBin *, GstObject *, GstMessageType):<decodebin0>[00m no message found matching types 00001000
0:00:30.244250000 [336m 4877[00m  0xdc45950 [33;01mLOG    [00m [00;01;35m      GST_SCHEDULING gstpad.c:3715:GstFlowReturn gst_pad_chain_data_unchecked(GstPad *, GstPadProbeType, void *):<rtpssrcdemux0:sink>[00m called chainfunction &gst_rtp_ssrc_demux_chain with buffer 0xf2791f8, returned ok
0:00:30.244287000 [336m 4877[00m  0xea8adb0 [37mDEBUG  [00m [00;01m                 bin gstbin.c:892:GList *find_message(GstBin *, GstObject *, GstMessageType):<decodebin0>[00m   structure-change
0:00:30.244290000 [336m 4877[00m  0xdc45950 [33;01mLOG    [00m [00;01;35m      GST_SCHEDULING gstpad.c:3715:GstFlowReturn gst_pad_chain_data_unchecked(GstPad *, GstPadProbeType, void *):<rtpsession0:recv_rtp_sink>[00m called chainfunction &gst_rtp_session_chain_recv_rtp with buffer 0xf2791f8, returned ok
0:00:30.244457000 [336m 4877[00m  0xea8adb0 [37mDEBUG  [00m [00;01m                 bin gstbin.c:932:gboolean bin_replace_message(GstBin *, GstMessage *, GstMessageType):<decodebin0>[00m got new message 0xf2456e0, structure-change from proxypad6
0:00:30.244461000 [336m 4877[00m  0xdc45950 [33;01mLOG    [00m [00;01;35m      GST_SCHEDULING gstpad.c:3715:GstFlowReturn gst_pad_chain_data_unchecked(GstPad *, GstPadProbeType, void *):<manager:recv_rtp_sink_0>[00m called chainfunction &gst_proxy_pad_chain_default with buffer 0xf2791f8, returned ok
0:00:30.244638000 [336m 4877[00m  0xea8adb0 [37mDEBUG  [00m [00;43m             GST_BUS gstbus.c:343:gboolean gst_bus_post(GstBus *, GstMessage *):<bus6>[00m [msg 0xf2456e0] dropped
0:00:30.244647000 [336m 4877[00m  0xdc45950 [37mDEBUG  [00m [00m             rtspsrc gstrtspsrc.c:4034:gst_rtspsrc_loop_interleaved:<source>[00m doing receive with timeout 54 seconds, 770031 usec
0:00:30.244686000 [336m 4877[00m  0xea8adb0 [36mINFO   [00m [00;01;31;41m            GST_PADS gstpad.c:2083:GstPadLinkReturn gst_pad_link_prepare(GstPad *, GstPad *, GstPadLinkCheck):[00m trying to link typefind:src and decodepad0:proxypad6
0:00:30.244712000 [336m 4877[00m  0xea8adb0 [36mINFO   [00m [00;01;31;41m            GST_PADS gstpad.c:2285:GstPadLinkReturn gst_pad_link_full(GstPad *, GstPad *, GstPadLinkCheck):[00m linked typefind:src and decodepad0:proxypad6, successful
0:00:30.244733000 [336m 4877[00m  0xea8adb0 [36mINFO   [00m [00;01;34m           GST_EVENT gstevent.c:1313:GstEvent *gst_event_new_reconfigure():[00m creating reconfigure event
0:00:30.244766000 [336m 4877[00m  0xdc45950 [37mDEBUG  [00m [00m             rtspsrc gstrtspsrc.c:4044:gst_rtspsrc_loop_interleaved:<source>[00m we received a server message
0:00:30.244855000 [336m 4877[00m  0xdc45950 [37mDEBUG  [00m [00m             rtspsrc gstrtspsrc.c:4080:gst_rtspsrc_loop_interleaved:<source>[00m got data message
0:00:30.244870000 [336m 4877[00m  0xdc45950 [33;01mLOG    [00m [00;01;42m          GST_BUFFER gstbuffer.c:628:GstBuffer *gst_buffer_new():[00m new 0xf279298
0:00:30.244850000 [336m 4877[00m  0xea8adb0 [37mDEBUG  [00m [00;01;34m           GST_EVENT gstevent.c:300:GstEvent *gst_event_new_custom(GstEventType, GstStructure *):[00m creating new event 0xfa59d30 reconfigure 61441
0:00:30.244918000 [336m 4877[00m  0xdc45950 [37mDEBUG  [00m [00;01;34m          GST_MEMORY gstmemory.c:138:void gst_memory_init(GstMemory *, GstMemoryFlags, GstAllocator *, GstMemory *, gsize, gsize, gsize, gsize):[00m new memory 0xfa4d800, maxsize:35 offset:0 size:35
