0:00:30.011946000 [336m 4877[00m  0xdc45950 [36mINFO   [00m [00;01;31m          GST_STATES gstelement.c:2233:void _priv_gst_element_state_changed(GstElement *, GstState, GstState, GstState):<manager>[00m notifying about state-changed PAUSED to PLAYING (VOID_PENDING pending)
0:00:30.012086000 [336m 4877[00m  0xdc45950 [37mDEBUG  [00m [00;01;31m          GST_STATES gstbin.c:1711:gint bin_element_is_sink(GstElement *, GstBin *):<manager>[00m child rtpssrcdemux0 is not sink
0:00:30.012111000 [336m 4877[00m  0xdc45950 [37mDEBUG  [00m [00;01;31m          GST_STATES gstbin.c:1711:gint bin_element_is_sink(GstElement *, GstBin *):<manager>[00m child rtpsession0 is not sink
0:00:30.012137000 [336m 4877[00m  0xdc45950 [33;01mLOG    [00m [00;01;37;41m         GST_MESSAGE gstmessage.c:284:GstMessage *gst_message_new_custom(GstMessageType, GstObject *, GstStructure *):[00m source manager: creating new message 0xeac8410 state-changed
0:00:30.012163000 [336m 4877[00m  0xdc45950 [37mDEBUG  [00m [00;43m             GST_BUS gstbus.c:312:gboolean gst_bus_post(GstBus *, GstMessage *):<bus4>[00m [msg 0xeac8410] posting on bus state-changed message: 0xeac8410, time 99:99:99.999999999, seq-num 47, element 'manager', GstMessageStateChanged, old-state=(GstState)GST_STATE_PAUSED, new-state=(GstState)GST_STATE_PLAYING, pending-state=(GstState)GST_STATE_VOID_PENDING;
0:00:30.012310000 [336m 4877[00m  0xdc45950 [37mDEBUG  [00m [00;01m                 bin gstbin.c:3396:void gst_bin_handle_message_func(GstBin *, GstMessage *):<source>[00m [msg 0xeac8410] handling child manager message of type state-changed
0:00:30.012336000 [336m 4877[00m  0xdc45950 [37mDEBUG  [00m [00;01m                 bin gstbin.c:3729:void gst_bin_handle_message_func(GstBin *, GstMessage *):<source>[00m posting message upward
0:00:30.012353000 [336m 4877[00m  0xdc45950 [37mDEBUG  [00m [00;43m             GST_BUS gstbus.c:312:gboolean gst_bus_post(GstBus *, GstMessage *):<bus3>[00m [msg 0xeac8410] posting on bus state-changed message: 0xeac8410, time 99:99:99.999999999, seq-num 47, element 'manager', GstMessageStateChanged, old-state=(GstState)GST_STATE_PAUSED, new-state=(GstState)GST_STATE_PLAYING, pending-state=(GstState)GST_STATE_VOID_PENDING;
0:00:30.012525000 [336m 4877[00m  0xdc45950 [37mDEBUG  [00m [00;01m                 bin gstbin.c:3396:void gst_bin_handle_message_func(GstBin *, GstMessage *):<uridecodebin0>[00m [msg 0xeac8410] handling child manager message of type state-changed
0:00:30.012550000 [336m 4877[00m  0xdc45950 [37mDEBUG  [00m [00;01m                 bin gstbin.c:3729:void gst_bin_handle_message_func(GstBin *, GstMessage *):<uridecodebin0>[00m posting message upward
0:00:30.012568000 [336m 4877[00m  0xdc45950 [37mDEBUG  [00m [00;43m             GST_BUS gstbus.c:312:gboolean gst_bus_post(GstBus *, GstMessage *):<bus0>[00m [msg 0xeac8410] posting on bus state-changed message: 0xeac8410, time 99:99:99.999999999, seq-num 47, element 'manager', GstMessageStateChanged, old-state=(GstState)GST_STATE_PAUSED, new-state=(GstState)GST_STATE_PLAYING, pending-state=(GstState)GST_STATE_VOID_PENDING;
0:00:30.012616000 [336m 4877[00m  0xdc45950 [37mDEBUG  [00m [00;01m                 bin gstbin.c:3396:void gst_bin_handle_message_func(GstBin *, GstMessage *):<playbin0>[00m [msg 0xeac8410] handling child manager message of type state-changed
0:00:30.012750000 [336m 4877[00m  0xdc45950 [37mDEBUG  [00m [00;01m                 bin gstbin.c:3729:void gst_bin_handle_message_func(GstBin *, GstMessage *):<playbin0>[00m posting message upward
0:00:30.012771000 [336m 4877[00m  0xdc45950 [37mDEBUG  [00m [00;43m             GST_BUS gstbus.c:312:gboolean gst_bus_post(GstBus *, GstMessage *):<bus1>[00m [msg 0xeac8410] posting on bus state-changed message: 0xeac8410, time 99:99:99.999999999, seq-num 47, element 'manager', GstMessageStateChanged, old-state=(GstState)GST_STATE_PAUSED, new-state=(GstState)GST_STATE_PLAYING, pending-state=(GstState)GST_STATE_VOID_PENDING;
0:00:30.012817000 [336m 4877[00m  0xdc45950 [37mDEBUG  [00m [00;43m             GST_BUS gstbus.c:347:gboolean gst_bus_post(GstBus *, GstMessage *):<bus1>[00m [msg 0xeac8410] pushing on async queue
0:00:30.012834000 [336m 4877[00m  0xdc45950 [33;01mLOG    [00m [00m            GST_POLL gstpoll.c:186:gboolean raise_wakeup(GstPoll *):[00m 0xdbed6a0: raise
0:00:30.012971000 [336m 4877[00m  0xdc45950 [37mDEBUG  [00m [00;43m             GST_BUS gstbus.c:350:gboolean gst_bus_post(GstBus *, GstMessage *):<bus1>[00m [msg 0xeac8410] pushed on async queue
0:00:30.012989000 [336m 4877[00m  0xdc42b20 [33;01mLOG    [00m [00;43m             GST_BUS gstbus.c:498:GstMessage *gst_bus_timed_pop_filtered(GstBus *, GstClockTime, GstMessageType):<bus1>[00m have 1 messages
0:00:30.012995000 [336m 4877[00m  0xdc45950 [37mDEBUG  [00m [00;43m             GST_BUS gstbus.c:343:gboolean gst_bus_post(GstBus *, GstMessage *):<bus0>[00m [msg 0xeac8410] dropped
0:00:30.013029000 [336m 4877[00m  0xdc42b20 [33;01mLOG    [00m [00m            GST_POLL gstpoll.c:201:gboolean release_wakeup(GstPoll *):[00m 0xdbed6a0: release
0:00:30.013036000 [336m 4877[00m  0xdc45950 [37mDEBUG  [00m [00;43m             GST_BUS gstbus.c:343:gboolean gst_bus_post(GstBus *, GstMessage *):<bus3>[00m [msg 0xeac8410] dropped
0:00:30.013209000 [336m 4877[00m  0xdc45950 [37mDEBUG  [00m [00;43m             GST_BUS gstbus.c:343:gboolean gst_bus_post(GstBus *, GstMessage *):<bus4>[00m [msg 0xeac8410] dropped
0:00:30.013207000 [336m 4877[00m  0xdc42b20 [37mDEBUG  [00m [00;43m             GST_BUS gstbus.c:506:GstMessage *gst_bus_timed_pop_filtered(GstBus *, GstClockTime, GstMessageType):<bus1>[00m got message 0xeac8410, state-changed from manager, type mask is 4294967295
0:00:30.013261000 [336m 4877[00m  0xdc45950 [33;01mLOG    [00m [00;01;31m          GST_STATES gstelement.c:2652:GstStateChangeReturn gst_element_change_state(GstElement *, GstStateChange):<manager>[00m exit state change 1
0:00:30.013281000 [336m 4877[00m  0xdc45950 [37mDEBUG  [00m [00;01;31m          GST_STATES gstelement.c:2563:GstStateChangeReturn gst_element_set_state_func(GstElement *, GstState):<manager>[00m returned SUCCESS
0:00:30.013262000 [336m 4877[00m  0xdc42b20 [37mDEBUG  [00m [00;43m             GST_BUS gstbus.c:767:gboolean gst_bus_source_dispatch(GSource *, GSourceFunc, gpointer):<bus1>[00m source 0xe362e10 calling dispatch with state-changed message: 0xeac8410, time 99:99:99.999999999, seq-num 47, element 'manager', GstMessageStateChanged, old-state=(GstState)GST_STATE_PAUSED, new-state=(GstState)GST_STATE_PLAYING, pending-state=(GstState)GST_STATE_VOID_PENDING;
0:00:30.013308000 [336m 4877[00m  0xdc45950 [36mINFO   [00m [00;01;34m           GST_EVENT gstevent.c:709:GstEvent *gst_event_new_segment(const GstSegment *):[00m creating segment event time segment start=0:00:00.000000000, stop=99:99:99.999999999, rate=1.000000, applied_rate=1.000000, flags=0x00, time=0:00:00.000000000, base=0:00:00.000000000, position 0:00:00.000000000, duration 99:99:99.999999999
0:00:30.013431000 [336m 4877[00m  0xdc45950 [37mDEBUG  [00m [00;01;34m           GST_EVENT gstevent.c:300:GstEvent *gst_event_new_custom(GstEventType, GstStructure *):[00m creating new event 0xf27bf58 segment 17934
0:00:30.013433000 [336m 4877[00m  0xdc42b20 [33;01mLOG    [00m [00;01;37;41m         GST_MESSAGE gstmessage.c:186:void _gst_message_free(GstMessage *):[00m finalize message 0xeac8410, state-changed from manager
0:00:30.013623000 [336m 4877[00m  0xdc45950 [33;01mLOG    [00m [00;01;37;41m         GST_MESSAGE gstmessage.c:284:GstMessage *gst_message_new_custom(GstMessageType, GstObject *, GstStructure *):[00m source source: creating new message 0xeac8460 progress
0:00:30.013626000 [336m 4877[00m  0xdc42b20 [37mDEBUG  [00m [00;43m             GST_BUS gstbus.c:772:gboolean gst_bus_source_dispatch(GSource *, GSourceFunc, gpointer):<bus1>[00m source 0xe362e10 handler returns 1
0:00:30.013681000 [336m 4877[00m  0xdc45950 [37mDEBUG  [00m [00;43m             GST_BUS gstbus.c:312:gboolean gst_bus_post(GstBus *, GstMessage *):<bus3>[00m [msg 0xeac8460] posting on bus progress message: 0xeac8460, time 99:99:99.999999999, seq-num 49, element 'source', GstMessageProgress, type=(GstProgressType)GST_PROGRESS_TYPE_CONTINUE, code=(string)request, text=(string)"Sending\ PLAY\ request", percent=(int)0, timeout=(int)-1;
0:00:30.013815000 [336m 4877[00m  0xdc45950 [37mDEBUG  [00m [00;01m                 bin gstbin.c:3396:void gst_bin_handle_message_func(GstBin *, GstMessage *):<uridecodebin0>[00m [msg 0xeac8460] handling child source message of type progress
0:00:30.013837000 [336m 4877[00m  0xdc45950 [37mDEBUG  [00m [00;01m                 bin gstbin.c:3729:void gst_bin_handle_message_func(GstBin *, GstMessage *):<uridecodebin0>[00m posting message upward
0:00:30.013851000 [336m 4877[00m  0xdc45950 [37mDEBUG  [00m [00;43m             GST_BUS gstbus.c:312:gboolean gst_bus_post(GstBus *, GstMessage *):<bus0>[00m [msg 0xeac8460] posting on bus progress message: 0xeac8460, time 99:99:99.999999999, seq-num 49, element 'source', GstMessageProgress, type=(GstProgressType)GST_PROGRESS_TYPE_CONTINUE, code=(string)request, text=(string)"Sending\ PLAY\ request", percent=(int)0, timeout=(int)-1;
0:00:30.013895000 [336m 4877[00m  0xdc45950 [37mDEBUG  [00m [00;01m                 bin gstbin.c:3396:void gst_bin_handle_message_func(GstBin *, GstMessage *):<playbin0>[00m [msg 0xeac8460] handling child source message of type progress
0:00:30.014042000 [336m 4877[00m  0xdc45950 [37mDEBUG  [00m [00;01m                 bin gstbin.c:3729:void gst_bin_handle_message_func(GstBin *, GstMessage *):<playbin0>[00m posting message upward
0:00:30.014064000 [336m 4877[00m  0xdc45950 [37mDEBUG  [00m [00;43m             GST_BUS gstbus.c:312:gboolean gst_bus_post(GstBus *, GstMessage *):<bus1>[00m [msg 0xeac8460] posting on bus progress message: 0xeac8460, time 99:99:99.999999999, seq-num 49, element 'source', GstMessageProgress, type=(GstProgressType)GST_PROGRESS_TYPE_CONTINUE, code=(string)request, text=(string)"Sending\ PLAY\ request", percent=(int)0, timeout=(int)-1;
0:00:30.014110000 [336m 4877[00m  0xdc45950 [37mDEBUG  [00m [00;43m             GST_BUS gstbus.c:347:gboolean gst_bus_post(GstBus *, GstMessage *):<bus1>[00m [msg 0xeac8460] pushing on async queue
0:00:30.014246000 [336m 4877[00m  0xdc45950 [33;01mLOG    [00m [00m            GST_POLL gstpoll.c:186:gboolean raise_wakeup(GstPoll *):[00m 0xdbed6a0: raise
0:00:30.014275000 [336m 4877[00m  0xdc45950 [37mDEBUG  [00m [00;43m             GST_BUS gstbus.c:350:gboolean gst_bus_post(GstBus *, GstMessage *):<bus1>[00m [msg 0xeac8460] pushed on async queue
0:00:30.014294000 [336m 4877[00m  0xdc45950 [37mDEBUG  [00m [00;43m             GST_BUS gstbus.c:343:gboolean gst_bus_post(GstBus *, GstMessage *):<bus0>[00m [msg 0xeac8460] dropped
0:00:30.014311000 [336m 4877[00m  0xdc45950 [37mDEBUG  [00m [00;43m             GST_BUS gstbus.c:343:gboolean gst_bus_post(GstBus *, GstMessage *):<bus3>[00m [msg 0xeac8460] dropped
0:00:30.014312000 [336m 4877[00m  0xdc42b20 [33;01mLOG    [00m [00;43m             GST_BUS gstbus.c:498:GstMessage *gst_bus_timed_pop_filtered(GstBus *, GstClockTime, GstMessageType):<bus1>[00m have 1 messages
0:00:30.014357000 [336m 4877[00m  0xdc42b20 [33;01mLOG    [00m [00m            GST_POLL gstpoll.c:201:gboolean release_wakeup(GstPoll *):[00m 0xdbed6a0: release
0:00:30.014359000 [336m 4877[00m  0xdc45950 [37mDEBUG  [00m [00m             rtspwms gstrtspwms.c:47:gst_rtsp_wms_before_send:<rtspwms0>[00m before send
0:00:30.014504000 [336m 4877[00m  0xdc42b20 [37mDEBUG  [00m [00;43m             GST_BUS gstbus.c:506:GstMessage *gst_bus_timed_pop_filtered(GstBus *, GstClockTime, GstMessageType):<bus1>[00m got message 0xeac8460, progress from source, type mask is 4294967295
0:00:30.014532000 [336m 4877[00m  0xdc45950 [37mDEBUG  [00m [00m             rtspsrc gstrtspsrc.c:4856:gst_rtspsrc_try_send:<source>[00m sending message
0:00:30.014564000 [336m 4877[00m  0xdc42b20 [37mDEBUG  [00m [00;43m             GST_BUS gstbus.c:767:gboolean gst_bus_source_dispatch(GSource *, GSourceFunc, gpointer):<bus1>[00m source 0xe362e10 calling dispatch with progress message: 0xeac8460, time 99:99:99.999999999, seq-num 49, element 'source', GstMessageProgress, type=(GstProgressType)GST_PROGRESS_TYPE_CONTINUE, code=(string)request, text=(string)"Sending\ PLAY\ request", percent=(int)0, timeout=(int)-1;
0:00:30.014760000 [336m 4877[00m  0xdc42b20 [33;01mLOG    [00m [00;01;37;41m         GST_MESSAGE gstmessage.c:186:void _gst_message_free(GstMessage *):[00m finalize message 0xeac8460, progress from source
0:00:30.014790000 [336m 4877[00m  0xdc42b20 [37mDEBUG  [00m [00;43m             GST_BUS gstbus.c:772:gboolean gst_bus_source_dispatch(GSource *, GSourceFunc, gpointer):<bus1>[00m source 0xe362e10 handler returns 1
0:00:30.019503000 [336m 4877[00m  0xdc45950 [37mDEBUG  [00m [00m             rtspsrc gstrtspsrc.c:4885:gst_rtspsrc_try_send:<source>[00m received response message
0:00:30.019532000 [336m 4877[00m  0xdc45950 [37mDEBUG  [00m [00m             rtspsrc gstrtspsrc.c:4900:gst_rtspsrc_try_send:<source>[00m got response message 200
0:00:30.019556000 [336m 4877[00m  0xdc45950 [37mDEBUG  [00m [00m             rtspwms gstrtspwms.c:68:gst_rtsp_wms_after_send:<rtspwms0>[00m after send
0:00:30.019571000 [336m 4877[00m  0xdc45950 [37mDEBUG  [00m [00m             rtspsrc gstrtspsrc.c:5785:gst_rtspsrc_parse_range:<source>[00m parsed range npt=now-
0:00:30.019580000 [336m 4877[00m  0xdc45950 [37mDEBUG  [00m [00m             rtspsrc gstrtspsrc.c:5796:gst_rtspsrc_parse_range:<source>[00m range: type 1, min 0.000000 - type 2,  max 0.000000 
0:00:30.019604000 [336m 4877[00m  0xdc45950 [37mDEBUG  [00m [00m             rtspsrc gstrtspsrc.c:5806:gst_rtspsrc_parse_range:<source>[00m range: min 0:00:00.000000000
0:00:30.019623000 [336m 4877[00m  0xdc45950 [37mDEBUG  [00m [00m             rtspsrc gstrtspsrc.c:5821:gst_rtspsrc_parse_range:<source>[00m range: max 99:99:99.999999999
0:00:30.019642000 [336m 4877[00m  0xdc45950 [37mDEBUG  [00m [00m             rtspsrc gstrtspsrc.c:6376:gst_rtspsrc_parse_rtpinfo:<source>[00m parsing RTP-Info url=rtsp://192.168.111.97:8554/m/stream=0;seq=29081;rtptime=807995482
0:00:30.019658000 [336m 4877[00m  0xdc45950 [37mDEBUG  [00m [00m             rtspsrc gstrtspsrc.c:6385:gst_rtspsrc_parse_rtpinfo:<source>[00m parsing info url=rtsp://192.168.111.97:8554/m/stream=0;seq=29081;rtptime=807995482
0:00:30.019676000 [336m 4877[00m  0xdc45950 [37mDEBUG  [00m [00m             rtspsrc gstrtspsrc.c:6399:gst_rtspsrc_parse_rtpinfo:<source>[00m parsing field url=rtsp://192.168.111.97:8554/m/stream=0
0:00:30.019693000 [336m 4877[00m  0xdc45950 [37mDEBUG  [00m [00m             rtspsrc gstrtspsrc.c:6399:gst_rtspsrc_parse_rtpinfo:<source>[00m parsing field seq=29081
0:00:30.020005000 [336m 4877[00m  0xdc45950 [37mDEBUG  [00m [00m             rtspsrc gstrtspsrc.c:6399:gst_rtspsrc_parse_rtpinfo:<source>[00m parsing field rtptime=807995482
0:00:30.020050000 [336m 4877[00m  0xdc45950 [37mDEBUG  [00m [00m             rtspsrc gstrtspsrc.c:6417:gst_rtspsrc_parse_rtpinfo:<source>[00m found stream 0xe09a550, setting: seqbase 29081, timebase 807995482
0:00:30.020072000 [336m 4877[00m  0xdc45950 [37mDEBUG  [00m [00m             rtspsrc gstrtspsrc.c:3482:gst_rtspsrc_configure_caps:<source>[00m configuring stream caps
0:00:30.020099000 [336m 4877[00m  0xdc45950 [37mDEBUG  [00m [00m             rtspsrc gstrtspsrc.c:3510:gst_rtspsrc_configure_caps:<source>[00m stream 0xe09a550, caps application/x-rtp, media=(string)video, payload=(int)96, clock-rate=(int)90000, encoding-name=(string)H264, sprop-parameter-sets=(string)"Z0LAHtoCgM7ARAAAAwAF3NZQADxYuoA\=\,aM48gA\=\=", a-tool=(string)GStreamer, a-type=(string)broadcast, clock-base=(uint)807995482, seqnum-base=(uint)29081, npt-start=(guint64)0, play-speed=(double)1, play-scale=(double)1
0:00:30.020254000 [336m 4877[00m  0xdc45950 [37mDEBUG  [00m [00m             rtspsrc gstrtspsrc.c:3513:gst_rtspsrc_configure_caps:<source>[00m clear session
0:00:30.020283000 [336m 4877[00m  0xdc45950 [37mDEBUG  [00m [00m              rtpbin gstrtpbin.c:792:gst_rtp_bin_clear_pt_map:<manager>[00m clearing pt map
0:00:30.020301000 [336m 4877[00m  0xdc45950 [37mDEBUG  [00m [00m              rtpbin gstrtpbin.c:796:gst_rtp_bin_clear_pt_map:<manager>[00m clearing session 0xe26f510
0:00:30.020327000 [336m 4877[00m  0xdc45950 [37mDEBUG  [00m [00m              rtpbin gstrtpbin.c:765:gst_rtp_bin_reset_sync:<manager>[00m Reset sync on all clients
0:00:30.020344000 [336m 4877[00m  0xdc45950 [37mDEBUG  [00m [00m             rtspsrc gstrtspsrc.c:6705:gst_rtspsrc_play:<source>[00m mark DISCONT, we did a seek to another position
0:00:30.020495000 [336m 4877[00m  0xdc45950 [33;01mLOG    [00m [00;01;37;41m         GST_MESSAGE gstmessage.c:284:GstMessage *gst_message_new_custom(GstMessageType, GstObject *, GstStructure *):[00m source source: creating new message 0xeac8500 progress
0:00:30.020508000 [336m 4877[00m  0xdc42b20 [37mDEBUG  [00m [00m               query gstquery.c:680:GstQuery *gst_query_new_custom(GstQueryType, GstStructure *):[00m creating new query 0xfa688f0 duration
0:00:30.020533000 [336m 4877[00m  0xdc42b20 [37mDEBUG  [00m [00;01;37;41m    GST_ELEMENT_PADS gstelement.c:1661:gboolean gst_element_query(GstElement *, GstQuery *):[00m send query on element playbin0
0:00:30.020528000 [336m 4877[00m  0xdc45950 [37mDEBUG  [00m [00;43m             GST_BUS gstbus.c:312:gboolean gst_bus_post(GstBus *, GstMessage *):<bus3>[00m [msg 0xeac8500] posting on bus progress message: 0xeac8500, time 99:99:99.999999999, seq-num 50, element 'source', GstMessageProgress, type=(GstProgressType)GST_PROGRESS_TYPE_COMPLETE, code=(string)request, text=(string)"Sent\ PLAY\ request", percent=(int)100, timeout=(int)-1;
0:00:30.020557000 [336m 4877[00m  0xdc42b20 [32;01mFIXME  [00m [00;01m                 bin gstbin.c:4008:gboolean gst_bin_query(GstElement *, GstQuery *):[00m implement duration caching in GstBin again
0:00:30.020745000 [336m 4877[00m  0xdc45950 [37mDEBUG  [00m [00;01m                 bin gstbin.c:3396:void gst_bin_handle_message_func(GstBin *, GstMessage *):<uridecodebin0>[00m [msg 0xeac8500] handling child source message of type progress
0:00:30.020765000 [336m 4877[00m  0xdc45950 [37mDEBUG  [00m [00;01m                 bin gstbin.c:3729:void gst_bin_handle_message_func(GstBin *, GstMessage *):<uridecodebin0>[00m posting message upward
0:00:30.020759000 [336m 4877[00m  0xdc42b20 [37mDEBUG  [00m [00;01m                 bin gstbin.c:4040:gboolean gst_bin_query(GstElement *, GstQuery *):<playbin0>[00m Sending query 0xfa688f0 (type duration) to sink children
0:00:30.020972000 [336m 4877[00m  0xdc42b20 [37mDEBUG  [00m [00;01;31m          GST_STATES gstbin.c:1711:gint bin_element_is_sink(GstElement *, GstBin *):<playbin0>[00m child uridecodebin0 is not sink
0:00:30.020958000 [336m 4877[00m  0xdc45950 [37mDEBUG  [00m [00;43m             GST_BUS gstbus.c:312:gboolean gst_bus_post(GstBus *, GstMessage *):<bus0>[00m [msg 0xeac8500] posting on bus progress message: 0xeac8500, time 99:99:99.999999999, seq-num 50, element 'source', GstMessageProgress, type=(GstProgressType)GST_PROGRESS_TYPE_COMPLETE, code=(string)request, text=(string)"Sent\ PLAY\ request", percent=(int)100, timeout=(int)-1;
0:00:30.021027000 [336m 4877[00m  0xdc45950 [37mDEBUG  [00m [00;01m                 bin gstbin.c:3396:void gst_bin_handle_message_func(GstBin *, GstMessage *):<playbin0>[00m [msg 0xeac8500] handling child source message of type progress
0:00:30.021029000 [336m 4877[00m  0xdc42b20 [37mDEBUG  [00m [00;01;31m          GST_STATES gstbin.c:1711:gint bin_element_is_sink(GstElement *, GstBin *):<playbin0>[00m child playsink is sink
0:00:30.021186000 [336m 4877[00m  0xdc45950 [37mDEBUG  [00m [00;01m                 bin gstbin.c:3729:void gst_bin_handle_message_func(GstBin *, GstMessage *):<playbin0>[00m posting message upward
0:00:30.021208000 [336m 4877[00m  0xdc42b20 [37mDEBUG  [00m [00;01;37;41m    GST_ELEMENT_PADS gstelement.c:1661:gboolean gst_element_query(GstElement *, GstQuery *):[00m send query on element playsink
0:00:30.021230000 [336m 4877[00m  0xdc42b20 [32;01mFIXME  [00m [00;01m                 bin gstbin.c:4008:gboolean gst_bin_query(GstElement *, GstQuery *):[00m implement duration caching in GstBin again
0:00:30.021214000 [336m 4877[00m  0xdc45950 [37mDEBUG  [00m [00;43m             GST_BUS gstbus.c:312:gboolean gst_bus_post(GstBus *, GstMessage *):<bus1>[00m [msg 0xeac8500] posting on bus progress message: 0xeac8500, time 99:99:99.999999999, seq-num 50, element 'source', GstMessageProgress, type=(GstProgressType)GST_PROGRESS_TYPE_COMPLETE, code=(string)request, text=(string)"Sent\ PLAY\ request", percent=(int)100, timeout=(int)-1;
0:00:30.021414000 [336m 4877[00m  0xdc42b20 [37mDEBUG  [00m [00;01m                 bin gstbin.c:4040:gboolean gst_bin_query(GstElement *, GstQuery *):<playsink>[00m Sending query 0xfa688f0 (type duration) to sink children
0:00:30.021421000 [336m 4877[00m  0xdc45950 [37mDEBUG  [00m [00;43m             GST_BUS gstbus.c:347:gboolean gst_bus_post(GstBus *, GstMessage *):<bus1>[00m [msg 0xeac8500] pushing on async queue
0:00:30.021469000 [336m 4877[00m  0xdc45950 [33;01mLOG    [00m [00m            GST_POLL gstpoll.c:186:gboolean raise_wakeup(GstPoll *):[00m 0xdbed6a0: raise
0:00:30.021470000 [336m 4877[00m  0xdc42b20 [37mDEBUG  [00m [00;01;31m          GST_STATES gstbin.c:1711:gint bin_element_is_sink(GstElement *, GstBin *):<playsink>[00m child streamsynchronizer0 is not sink
0:00:30.021510000 [336m 4877[00m  0xdc42b20 [37mDEBUG  [00m [00;01m                 bin gstbin.c:4062:gboolean gst_bin_query(GstElement *, GstQuery *):<playsink>[00m query 0xfa688f0 result 0
0:00:30.021513000 [336m 4877[00m  0xdc45950 [37mDEBUG  [00m [00;43m             GST_BUS gstbus.c:350:gboolean gst_bus_post(GstBus *, GstMessage *):<bus1>[00m [msg 0xeac8500] pushed on async queue
0:00:30.021677000 [336m 4877[00m  0xdc45950 [37mDEBUG  [00m [00;43m             GST_BUS gstbus.c:343:gboolean gst_bus_post(GstBus *, GstMessage *):<bus0>[00m [msg 0xeac8500] dropped
0:00:30.021681000 [336m 4877[00m  0xdc42b20 [37mDEBUG  [00m [00;01m                 bin gstbin.c:4062:gboolean gst_bin_query(GstElement *, GstQuery *):<playbin0>[00m query 0xfa688f0 result 0
0:00:30.021693000 [336m 4877[00m  0xdc45950 [37mDEBUG  [00m [00;43m             GST_BUS gstbus.c:343:gboolean gst_bus_post(GstBus *, GstMessage *):<bus3>[00m [msg 0xeac8500] dropped
0:00:30.021721000 [336m 4877[00m  0xdc45950 [37mDEBUG  [00m [00m             rtspsrc gstrtspsrc.c:6974:gst_rtspsrc_thread:<source>[00m got command 64
0:00:30.021720000 [336m 4877[00m  0xdc42b20 [37mDEBUG  [00m [00m             playbin gstplaybin2.c:2578:void gst_play_bin_update_cached_duration_from_query(GstPlayBin *, gboolean, GstQuery *):<playbin0>[00m Updating cached duration from query
0:00:30.021888000 [336m 4877[00m  0xdc45950 [37mDEBUG  [00m [00m             rtspsrc gstrtspsrc.c:3717:gst_rtspsrc_connection_flush:<source>[00m set flushing 0
0:00:30.021902000 [336m 4877[00m  0xdc42b20 [37mDEBUG  [00m [00m               query gstquery.c:680:GstQuery *gst_query_new_custom(GstQueryType, GstStructure *):[00m creating new query 0xfa68920 position
0:00:30.021920000 [336m 4877[00m  0xdc45950 [37mDEBUG  [00m [00m             rtspsrc gstrtspsrc.c:4034:gst_rtspsrc_loop_interleaved:<source>[00m doing receive with timeout 54 seconds, 992759 usec
0:00:30.021924000 [336m 4877[00m  0xdc42b20 [37mDEBUG  [00m [00;01;37;41m    GST_ELEMENT_PADS gstelement.c:1661:gboolean gst_element_query(GstElement *, GstQuery *):[00m send query on element playbin0
0:00:30.022097000 [336m 4877[00m  0xdc42b20 [37mDEBUG  [00m [00;01m                 bin gstbin.c:4040:gboolean gst_bin_query(GstElement *, GstQuery *):<playbin0>[00m Sending query 0xfa68920 (type position) to sink children
0:00:30.022126000 [336m 4877[00m  0xdc42b20 [37mDEBUG  [00m [00;01;31m          GST_STATES gstbin.c:1711:gint bin_element_is_sink(GstElement *, GstBin *):<playbin0>[00m child uridecodebin0 is not sink
0:00:30.022141000 [336m 4877[00m  0xdc42b20 [37mDEBUG  [00m [00;01;31m          GST_STATES gstbin.c:1711:gint bin_element_is_sink(GstElement *, GstBin *):<playbin0>[00m child playsink is sink
0:00:30.022154000 [336m 4877[00m  0xdc42b20 [37mDEBUG  [00m [00;01;37;41m    GST_ELEMENT_PADS gstelement.c:1661:gboolean gst_element_query(GstElement *, GstQuery *):[00m send query on element playsink
0:00:30.022167000 [336m 4877[00m  0xdc42b20 [37mDEBUG  [00m [00;01m                 bin gstbin.c:4040:gboolean gst_bin_query(GstElement *, GstQuery *):<playsink>[00m Sending query 0xfa68920 (type position) to sink children
0:00:30.022286000 [336m 4877[00m  0xdc42b20 [37mDEBUG  [00m [00;01;31m          GST_STATES gstbin.c:1711:gint bin_element_is_sink(GstElement *, GstBin *):<playsink>[00m child streamsynchronizer0 is not sink
0:00:30.022313000 [336m 4877[00m  0xdc42b20 [37mDEBUG  [00m [00;01m                 bin gstbin.c:4062:gboolean gst_bin_query(GstElement *, GstQuery *):<playsink>[00m query 0xfa68920 result 0
0:00:30.022332000 [336m 4877[00m  0xdc42b20 [37mDEBUG  [00m [00;01m                 bin gstbin.c:4062:gboolean gst_bin_query(GstElement *, GstQuery *):<playbin0>[00m query 0xfa68920 result 0
0:00:30.022361000 [336m 4877[00m  0xdc42b20 [33;01mLOG    [00m [00;43m             GST_BUS gstbus.c:498:GstMessage *gst_bus_timed_pop_filtered(GstBus *, GstClockTime, GstMessageType):<bus1>[00m have 1 messages
0:00:30.022372000 [336m 4877[00m  0xdc42b20 [33;01mLOG    [00m [00m            GST_POLL gstpoll.c:201:gboolean release_wakeup(GstPoll *):[00m 0xdbed6a0: release
0:00:30.022485000 [336m 4877[00m  0xdc42b20 [37mDEBUG  [00m [00;43m             GST_BUS gstbus.c:506:GstMessage *gst_bus_timed_pop_filtered(GstBus *, GstClockTime, GstMessageType):<bus1>[00m got message 0xeac8500, progress from source, type mask is 4294967295
0:00:30.022515000 [336m 4877[00m  0xdc42b20 [37mDEBUG  [00m [00;43m             GST_BUS gstbus.c:767:gboolean gst_bus_source_dispatch(GSource *, GSourceFunc, gpointer):<bus1>[00m source 0xe362e10 calling dispatch with progress message: 0xeac8500, time 99:99:99.999999999, seq-num 50, element 'source', GstMessageProgress, type=(GstProgressType)GST_PROGRESS_TYPE_COMPLETE, code=(string)request, text=(string)"Sent\ PLAY\ request", percent=(int)100, timeout=(int)-1;
0:00:30.022573000 [336m 4877[00m  0xdc42b20 [33;01mLOG    [00m [00;01;37;41m         GST_MESSAGE gstmessage.c:186:void _gst_message_free(GstMessage *):[00m finalize message 0xeac8500, progress from source
0:00:30.022600000 [336m 4877[00m  0xdc42b20 [37mDEBUG  [00m [00;43m             GST_BUS gstbus.c:772:gboolean gst_bus_source_dispatch(GSource *, GSourceFunc, gpointer):<bus1>[00m source 0xe362e10 handler returns 1
0:00:30.053466000 [336m 4877[00m  0xdc45950 [37mDEBUG  [00m [00m             rtspsrc gstrtspsrc.c:4044:gst_rtspsrc_loop_interleaved:<source>[00m we received a server message
0:00:30.053517000 [336m 4877[00m  0xdc45950 [37mDEBUG  [00m [00m             rtspsrc gstrtspsrc.c:4080:gst_rtspsrc_loop_interleaved:<source>[00m got data message
0:00:30.053559000 [336m 4877[00m  0xdc45950 [33;01mLOG    [00m [00;01;42m          GST_BUFFER gstbuffer.c:628:GstBuffer *gst_buffer_new():[00m new 0xeac6668
0:00:30.053623000 [336m 4877[00m  0xdc45950 [37mDEBUG  [00m [00;01;34m          GST_MEMORY gstmemory.c:138:void gst_memory_init(GstMemory *, GstMemoryFlags, GstAllocator *, GstMemory *, gsize, gsize, gsize, gsize):[00m new memory 0xeac8550, maxsize:14 offset:0 size:14
0:00:30.053660000 [336m 4877[00m  0xdc45950 [33;01mLOG    [00m [00;01;42m          GST_BUFFER gstbuffer.c:297:void _memory_add(GstBuffer *, gint, GstMemory *, gboolean):[00m buffer 0xeac6668, idx -1, mem 0xeac8550, lock 1
0:00:30.053693000 [336m 4877[00m  0xdc45950 [37mDEBUG  [00m [00m             rtspsrc gstrtspsrc.c:3910:gst_rtspsrc_handle_data:<source>[00m pushing data of size 14 on channel 0
0:00:30.053767000 [336m 4877[00m  0xdc45950 [37mDEBUG  [00m [00;01;34m           GST_EVENT gstevent.c:300:GstEvent *gst_event_new_custom(GstEventType, GstStructure *):[00m creating new event 0xf27bf90 stream-start 10254
0:00:30.053803000 [336m 4877[00m  0xdc45950 [33;01mLOG    [00m [00;01;31;41m            GST_PADS gstpad.c:4522:GstFlowReturn store_sticky_event(GstPad *, GstEvent *):<'':internalsrc_0>[00m stored sticky event stream-start
0:00:30.073575000 [336m 4877[00m  0xdc45950 [37mDEBUG  [00m [00;01;31;41m            GST_PADS gstpad.c:3376:GstFlowReturn check_sticky(GstPad *, GstEvent *):<'':internalsrc_0>[00m pushing all sticky events
0:00:30.073616000 [336m 4877[00m  0xdc45950 [33;01mLOG    [00m [00;01;31;41m            GST_PADS gstpad.c:4680:GstFlowReturn gst_pad_push_event_unchecked(GstPad *, GstEvent *, GstPadProbeType):<'':internalsrc_0>[00m sending event 0xf27bf90 (stream-start) to peerpad <manager:recv_rtp_sink_0>
0:00:30.073650000 [336m 4877[00m  0xdc45950 [37mDEBUG  [00m [00;01;34m           GST_EVENT gstpad.c:4935:GstFlowReturn gst_pad_send_event_unchecked(GstPad *, GstEvent *, GstPadProbeType):<manager:recv_rtp_sink_0>[00m have event type stream-start event: 0xf27bf90, time 99:99:99.999999999, seq-num 51, GstEventStreamStart, stream-id=(string)512202e8fc3b6c45c940d9a78e2c243aab9618e918312b1993356d4298616db0/0, flags=(GstStreamFlags)GST_STREAM_FLAG_NONE, group-id=(uint)0;
0:00:30.073826000 [336m 4877[00m  0xdc45950 [33;01mLOG    [00m [00;01;31;41m            GST_PADS gstpad.c:2771:gboolean gst_pad_event_default(GstPad *, GstObject *, GstEvent *):<manager:recv_rtp_sink_0>[00m default event handler for event stream-start event: 0xf27bf90, time 99:99:99.999999999, seq-num 51, GstEventStreamStart, stream-id=(string)512202e8fc3b6c45c940d9a78e2c243aab9618e918312b1993356d4298616db0/0, flags=(GstStreamFlags)GST_STREAM_FLAG_NONE, group-id=(uint)0;
0:00:30.073882000 [336m 4877[00m  0xdc45950 [33;01mLOG    [00m [00;01;31;41m            GST_PADS gstpad.c:2691:gboolean gst_pad_forward(GstPad *, GstPadForwardFunction, gpointer):<manager:recv_rtp_sink_0>[00m calling forward function on pad recv_rtp_sink_0:proxypad0
0:00:30.073901000 [336m 4877[00m  0xdc45950 [33;01mLOG    [00m [00;01;31;41m            GST_PADS gstpad.c:2736:gboolean event_forward_func(GstPad *, EventData *):<recv_rtp_sink_0:proxypad0>[00m Reffing and pushing event 0xf27bf90 (stream-start) to recv_rtp_sink_0:proxypad0
0:00:30.074273000 [336m 4877[00m  0xdc45950 [33;01mLOG    [00m [00;01;31;41m            GST_PADS gstpad.c:4522:GstFlowReturn store_sticky_event(GstPad *, GstEvent *):<recv_rtp_sink_0:proxypad0>[00m stored sticky event stream-start
0:00:30.074302000 [336m 4877[00m  0xdc45950 [37mDEBUG  [00m [00;01;31;41m            GST_PADS gstpad.c:3376:GstFlowReturn check_sticky(GstPad *, GstEvent *):<recv_rtp_sink_0:proxypad0>[00m pushing all sticky events
0:00:30.074321000 [336m 4877[00m  0xdc45950 [33;01mLOG    [00m [00;01;31;41m            GST_PADS gstpad.c:4680:GstFlowReturn gst_pad_push_event_unchecked(GstPad *, GstEvent *, GstPadProbeType):<recv_rtp_sink_0:proxypad0>[00m sending event 0xf27bf90 (stream-start) to peerpad <rtpsession0:recv_rtp_sink>
0:00:30.074348000 [336m 4877[00m  0xdc45950 [37mDEBUG  [00m [00;01;34m           GST_EVENT gstpad.c:4935:GstFlowReturn gst_pad_send_event_unchecked(GstPad *, GstEvent *, GstPadProbeType):<rtpsession0:recv_rtp_sink>[00m have event type stream-start event: 0xf27bf90, time 99:99:99.999999999, seq-num 51, GstEventStreamStart, stream-id=(string)512202e8fc3b6c45c940d9a78e2c243aab9618e918312b1993356d4298616db0/0, flags=(GstStreamFlags)GST_STREAM_FLAG_NONE, group-id=(uint)0;
0:00:30.074514000 [336m 4877[00m  0xdc45950 [37mDEBUG  [00m [00m          rtpsession gstrtpsession.c:1401:gst_rtp_session_event_recv_rtp_sink:<rtpsession0>[00m received event stream-start
0:00:30.074538000 [336m 4877[00m  0xdc45950 [33;01mLOG    [00m [00;01;31;41m            GST_PADS gstpad.c:4522:GstFlowReturn store_sticky_event(GstPad *, GstEvent *):<rtpsession0:recv_rtp_src>[00m stored sticky event stream-start
0:00:30.074557000 [336m 4877[00m  0xdc45950 [37mDEBUG  [00m [00;01;31;41m            GST_PADS gstpad.c:3376:GstFlowReturn check_sticky(GstPad *, GstEvent *):<rtpsession0:recv_rtp_src>[00m pushing all sticky events
0:00:30.074575000 [336m 4877[00m  0xdc45950 [33;01mLOG    [00m [00;01;31;41m            GST_PADS gstpad.c:4680:GstFlowReturn gst_pad_push_event_unchecked(GstPad *, GstEvent *, GstPadProbeType):<rtpsession0:recv_rtp_src>[00m sending event 0xf27bf90 (stream-start) to peerpad <rtpssrcdemux0:sink>
0:00:30.074721000 [336m 4877[00m  0xdc45950 [37mDEBUG  [00m [00;01;34m           GST_EVENT gstpad.c:4935:GstFlowReturn gst_pad_send_event_unchecked(GstPad *, GstEvent *, GstPadProbeType):<rtpssrcdemux0:sink>[00m have event type stream-start event: 0xf27bf90, time 99:99:99.999999999, seq-num 51, GstEventStreamStart, stream-id=(string)512202e8fc3b6c45c940d9a78e2c243aab9618e918312b1993356d4298616db0/0, flags=(GstStreamFlags)GST_STREAM_FLAG_NONE, group-id=(uint)0;
0:00:30.074786000 [336m 4877[00m  0xdc45950 [37mDEBUG  [00m [00;01;31;41m            GST_PADS gstpad.c:5001:GstFlowReturn gst_pad_send_event_unchecked(GstPad *, GstEvent *, GstPadProbeType):<rtpssrcdemux0:sink>[00m sent event, ret ok
0:00:30.074807000 [336m 4877[00m  0xdc45950 [33;01mLOG    [00m [00;01;31;41m            GST_PADS gstpad.c:4522:GstFlowReturn store_sticky_event(GstPad *, GstEvent *):<rtpssrcdemux0:sink>[00m stored sticky event stream-start
0:00:30.074942000 [336m 4877[00m  0xdc45950 [33;01mLOG    [00m [00;01;31;41m            GST_PADS gstpad.c:4687:GstFlowReturn gst_pad_push_event_unchecked(GstPad *, GstEvent *, GstPadProbeType):<rtpsession0:recv_rtp_src>[00m sent event 0xf27bf90 to peerpad <rtpssrcdemux0:sink>, ret ok
0:00:30.074972000 [336m 4877[00m  0xdc45950 [37mDEBUG  [00m [00;01;31;41m            GST_PADS gstpad.c:3329:gboolean push_sticky(GstPad *, PadEvent *, gpointer):<rtpsession0:recv_rtp_src>[00m event stream-start marked received
0:00:30.074994000 [336m 4877[00m  0xdc45950 [37mDEBUG  [00m [00;01;31;41m            GST_PADS gstpad.c:5001:GstFlowReturn gst_pad_send_event_unchecked(GstPad *, GstEvent *, GstPadProbeType):<rtpsession0:recv_rtp_sink>[00m sent event, ret ok
0:00:30.075013000 [336m 4877[00m  0xdc45950 [33;01mLOG    [00m [00;01;31;41m            GST_PADS gstpad.c:4522:GstFlowReturn store_sticky_event(GstPad *, GstEvent *):<rtpsession0:recv_rtp_sink>[00m stored sticky event stream-start
0:00:30.075157000 [336m 4877[00m  0xdc45950 [33;01mLOG    [00m [00;01;31;41m            GST_PADS gstpad.c:4687:GstFlowReturn gst_pad_push_event_unchecked(GstPad *, GstEvent *, GstPadProbeType):<recv_rtp_sink_0:proxypad0>[00m sent event 0xf27bf90 to peerpad <rtpsession0:recv_rtp_sink>, ret ok
0:00:30.075186000 [336m 4877[00m  0xdc45950 [37mDEBUG  [00m [00;01;31;41m            GST_PADS gstpad.c:3329:gboolean push_sticky(GstPad *, PadEvent *, gpointer):<recv_rtp_sink_0:proxypad0>[00m event stream-start marked received
0:00:30.075210000 [336m 4877[00m  0xdc45950 [37mDEBUG  [00m [00;01;31;41m            GST_PADS gstpad.c:5001:GstFlowReturn gst_pad_send_event_unchecked(GstPad *, GstEvent *, GstPadProbeType):<manager:recv_rtp_sink_0>[00m sent event, ret ok
0:00:30.075230000 [336m 4877[00m  0xdc45950 [33;01mLOG    [00m [00;01;31;41m            GST_PADS gstpad.c:4522:GstFlowReturn store_sticky_event(GstPad *, GstEvent *):<manager:recv_rtp_sink_0>[00m stored sticky event stream-start
0:00:30.075371000 [336m 4877[00m  0xdc45950 [33;01mLOG    [00m [00;01;31;41m            GST_PADS gstpad.c:4687:GstFlowReturn gst_pad_push_event_unchecked(GstPad *, GstEvent *, GstPadProbeType):<'':internalsrc_0>[00m sent event 0xf27bf90 to peerpad <manager:recv_rtp_sink_0>, ret ok
0:00:30.075401000 [336m 4877[00m  0xdc45950 [37mDEBUG  [00m [00;01;31;41m            GST_PADS gstpad.c:3329:gboolean push_sticky(GstPad *, PadEvent *, gpointer):<'':internalsrc_0>[00m event stream-start marked received
0:00:30.075423000 [336m 4877[00m  0xdc45950 [33;01mLOG    [00m [00;01;31;41m            GST_PADS gstpad.c:4522:GstFlowReturn store_sticky_event(GstPad *, GstEvent *):<'':internalsrc_1>[00m stored sticky event stream-start
0:00:30.075442000 [336m 4877[00m  0xdc45950 [37mDEBUG  [00m [00;01;31;41m            GST_PADS gstpad.c:3376:GstFlowReturn check_sticky(GstPad *, GstEvent *):<'':internalsrc_1>[00m pushing all sticky events
0:00:30.075582000 [336m 4877[00m  0xdc45950 [33;01mLOG    [00m [00;01;31;41m            GST_PADS gstpad.c:4680:GstFlowReturn gst_pad_push_event_unchecked(GstPad *, GstEvent *, GstPadProbeType):<'':internalsrc_1>[00m sending event 0xf27bf90 (stream-start) to peerpad <manager:recv_rtcp_sink_0>
0:00:30.075611000 [336m 4877[00m  0xdc45950 [37mDEBUG  [00m [00;01;34m           GST_EVENT gstpad.c:4935:GstFlowReturn gst_pad_send_event_unchecked(GstPad *, GstEvent *, GstPadProbeType):<manager:recv_rtcp_sink_0>[00m have event type stream-start event: 0xf27bf90, time 99:99:99.999999999, seq-num 51, GstEventStreamStart, stream-id=(string)512202e8fc3b6c45c940d9a78e2c243aab9618e918312b1993356d4298616db0/0, flags=(GstStreamFlags)GST_STREAM_FLAG_NONE, group-id=(uint)0;
0:00:30.075657000 [336m 4877[00m  0xdc45950 [33;01mLOG    [00m [00;01;31;41m            GST_PADS gstpad.c:2771:gboolean gst_pad_event_default(GstPad *, GstObject *, GstEvent *):<manager:recv_rtcp_sink_0>[00m default event handler for event stream-start event: 0xf27bf90, time 99:99:99.999999999, seq-num 51, GstEventStreamStart, stream-id=(string)512202e8fc3b6c45c940d9a78e2c243aab9618e918312b1993356d4298616db0/0, flags=(GstStreamFlags)GST_STREAM_FLAG_NONE, group-id=(uint)0;
0:00:30.075818000 [336m 4877[00m  0xdc45950 [33;01mLOG    [00m [00;01;31;41m            GST_PADS gstpad.c:2691:gboolean gst_pad_forward(GstPad *, GstPadForwardFunction, gpointer):<manager:recv_rtcp_sink_0>[00m calling forward function on pad recv_rtcp_sink_0:proxypad1
0:00:30.075844000 [336m 4877[00m  0xdc45950 [33;01mLOG    [00m [00;01;31;41m            GST_PADS gstpad.c:2736:gboolean event_forward_func(GstPad *, EventData *):<recv_rtcp_sink_0:proxypad1>[00m Reffing and pushing event 0xf27bf90 (stream-start) to recv_rtcp_sink_0:proxypad1
0:00:30.075870000 [336m 4877[00m  0xdc45950 [33;01mLOG    [00m [00;01;31;41m            GST_PADS gstpad.c:4522:GstFlowReturn store_sticky_event(GstPad *, GstEvent *):<recv_rtcp_sink_0:proxypad1>[00m stored sticky event stream-start
0:00:30.076023000 [336m 4877[00m  0xdc45950 [37mDEBUG  [00m [00;01;31;41m            GST_PADS gstpad.c:3376:GstFlowReturn check_sticky(GstPad *, GstEvent *):<recv_rtcp_sink_0:proxypad1>[00m pushing all sticky events
0:00:30.076045000 [336m 4877[00m  0xdc45950 [33;01mLOG    [00m [00;01;31;41m            GST_PADS gstpad.c:4680:GstFlowReturn gst_pad_push_event_unchecked(GstPad *, GstEvent *, GstPadProbeType):<recv_rtcp_sink_0:proxypad1>[00m sending event 0xf27bf90 (stream-start) to peerpad <rtpsession0:recv_rtcp_sink>
0:00:30.076072000 [336m 4877[00m  0xdc45950 [37mDEBUG  [00m [00;01;34m           GST_EVENT gstpad.c:4935:GstFlowReturn gst_pad_send_event_unchecked(GstPad *, GstEvent *, GstPadProbeType):<rtpsession0:recv_rtcp_sink>[00m have event type stream-start event: 0xf27bf90, time 99:99:99.999999999, seq-num 51, GstEventStreamStart, stream-id=(string)512202e8fc3b6c45c940d9a78e2c243aab9618e918312b1993356d4298616db0/0, flags=(GstStreamFlags)GST_STREAM_FLAG_NONE, group-id=(uint)0;
0:00:30.076272000 [336m 4877[00m  0xdc45950 [37mDEBUG  [00m [00m          rtpsession gstrtpsession.c:1667:gst_rtp_session_event_recv_rtcp_sink:<rtpsession0>[00m received event stream-start
0:00:30.076294000 [336m 4877[00m  0xdc45950 [33;01mLOG    [00m [00;01;31;41m            GST_PADS gstpad.c:4522:GstFlowReturn store_sticky_event(GstPad *, GstEvent *):<rtpsession0:sync_src>[00m stored sticky event stream-start
0:00:30.076313000 [336m 4877[00m  0xdc45950 [37mDEBUG  [00m [00;01;31;41m            GST_PADS gstpad.c:3376:GstFlowReturn check_sticky(GstPad *, GstEvent *):<rtpsession0:sync_src>[00m pushing all sticky events
0:00:30.076331000 [336m 4877[00m  0xdc45950 [33;01mLOG    [00m [00;01;31;41m            GST_PADS gstpad.c:4680:GstFlowReturn gst_pad_push_event_unchecked(GstPad *, GstEvent *, GstPadProbeType):<rtpsession0:sync_src>[00m sending event 0xf27bf90 (stream-start) to peerpad <rtpssrcdemux0:rtcp_sink>
0:00:30.076355000 [336m 4877[00m  0xdc45950 [37mDEBUG  [00m [00;01;34m           GST_EVENT gstpad.c:4935:GstFlowReturn gst_pad_send_event_unchecked(GstPad *, GstEvent *, GstPadProbeType):<rtpssrcdemux0:rtcp_sink>[00m have event type stream-start event: 0xf27bf90, time 99:99:99.999999999, seq-num 51, GstEventStreamStart, stream-id=(string)512202e8fc3b6c45c940d9a78e2c243aab9618e918312b1993356d4298616db0/0, flags=(GstStreamFlags)GST_STREAM_FLAG_NONE, group-id=(uint)0;
0:00:30.076500000 [336m 4877[00m  0xdc45950 [37mDEBUG  [00m [00;01;31;41m            GST_PADS gstpad.c:5001:GstFlowReturn gst_pad_send_event_unchecked(GstPad *, GstEvent *, GstPadProbeType):<rtpssrcdemux0:rtcp_sink>[00m sent event, ret ok
0:00:30.076523000 [336m 4877[00m  0xdc45950 [33;01mLOG    [00m [00;01;31;41m            GST_PADS gstpad.c:4522:GstFlowReturn store_sticky_event(GstPad *, GstEvent *):<rtpssrcdemux0:rtcp_sink>[00m stored sticky event stream-start
0:00:30.076543000 [336m 4877[00m  0xdc45950 [33;01mLOG    [00m [00;01;31;41m            GST_PADS gstpad.c:4687:GstFlowReturn gst_pad_push_event_unchecked(GstPad *, GstEvent *, GstPadProbeType):<rtpsession0:sync_src>[00m sent event 0xf27bf90 to peerpad <rtpssrcdemux0:rtcp_sink>, ret ok
0:00:30.076696000 [336m 4877[00m  0xdc45950 [37mDEBUG  [00m [00;01;31;41m            GST_PADS gstpad.c:3329:gboolean push_sticky(GstPad *, PadEvent *, gpointer):<rtpsession0:sync_src>[00m event stream-start marked received
0:00:30.076721000 [336m 4877[00m  0xdc45950 [37mDEBUG  [00m [00;01;31;41m            GST_PADS gstpad.c:5001:GstFlowReturn gst_pad_send_event_unchecked(GstPad *, GstEvent *, GstPadProbeType):<rtpsession0:recv_rtcp_sink>[00m sent event, ret ok
0:00:30.076741000 [336m 4877[00m  0xdc45950 [33;01mLOG    [00m [00;01;31;41m            GST_PADS gstpad.c:4522:GstFlowReturn store_sticky_event(GstPad *, GstEvent *):<rtpsession0:recv_rtcp_sink>[00m stored sticky event stream-start
0:00:30.076760000 [336m 4877[00m  0xdc45950 [33;01mLOG    [00m [00;01;31;41m            GST_PADS gstpad.c:4687:GstFlowReturn gst_pad_push_event_unchecked(GstPad *, GstEvent *, GstPadProbeType):<recv_rtcp_sink_0:proxypad1>[00m sent event 0xf27bf90 to peerpad <rtpsession0:recv_rtcp_sink>, ret ok
0:00:30.076911000 [336m 4877[00m  0xdc45950 [37mDEBUG  [00m [00;01;31;41m            GST_PADS gstpad.c:3329:gboolean push_sticky(GstPad *, PadEvent *, gpointer):<recv_rtcp_sink_0:proxypad1>[00m event stream-start marked received
0:00:30.076937000 [336m 4877[00m  0xdc45950 [37mDEBUG  [00m [00;01;31;41m            GST_PADS gstpad.c:5001:GstFlowReturn gst_pad_send_event_unchecked(GstPad *, GstEvent *, GstPadProbeType):<manager:recv_rtcp_sink_0>[00m sent event, ret ok
0:00:30.076958000 [336m 4877[00m  0xdc45950 [33;01mLOG    [00m [00;01;31;41m            GST_PADS gstpad.c:4522:GstFlowReturn store_sticky_event(GstPad *, GstEvent *):<manager:recv_rtcp_sink_0>[00m stored sticky event stream-start
0:00:30.076978000 [336m 4877[00m  0xdc45950 [33;01mLOG    [00m [00;01;31;41m            GST_PADS gstpad.c:4687:GstFlowReturn gst_pad_push_event_unchecked(GstPad *, GstEvent *, GstPadProbeType):<'':internalsrc_1>[00m sent event 0xf27bf90 to peerpad <manager:recv_rtcp_sink_0>, ret ok
0:00:30.077132000 [336m 4877[00m  0xdc45950 [37mDEBUG  [00m [00;01;31;41m            GST_PADS gstpad.c:3329:gboolean push_sticky(GstPad *, PadEvent *, gpointer):<'':internalsrc_1>[00m event stream-start marked received
0:00:30.077158000 [336m 4877[00m  0xdc45950 [37mDEBUG  [00m [00m             rtspsrc gstrtspsrc.c:3431:gst_rtspsrc_activate_streams:<source>[00m activating streams
0:00:30.077176000 [336m 4877[00m  0xdc45950 [33;01mLOG    [00m [00;01;31;41m            GST_PADS gstpad.c:4522:GstFlowReturn store_sticky_event(GstPad *, GstEvent *):<'':internalsrc_0>[00m stored sticky event segment
0:00:30.077196000 [336m 4877[00m  0xdc45950 [37mDEBUG  [00m [00;01;31;41m            GST_PADS gstpad.c:3376:GstFlowReturn check_sticky(GstPad *, GstEvent *):<'':internalsrc_0>[00m pushing all sticky events
0:00:30.077213000 [336m 4877[00m  0xdc45950 [37mDEBUG  [00m [00;01;31;41m            GST_PADS gstpad.c:3309:gboolean push_sticky(GstPad *, PadEvent *, gpointer):<'':internalsrc_0>[00m event stream-start was already received
0:00:30.077347000 [336m 4877[00m  0xdc45950 [33;01mLOG    [00m [00;01;31;41m            GST_PADS gstpad.c:4680:GstFlowReturn gst_pad_push_event_unchecked(GstPad *, GstEvent *, GstPadProbeType):<'':internalsrc_0>[00m sending event 0xf27bf58 (segment) to peerpad <manager:recv_rtp_sink_0>
0:00:30.077377000 [336m 4877[00m  0xdc45950 [37mDEBUG  [00m [00;01;34m           GST_EVENT gstpad.c:4935:GstFlowReturn gst_pad_send_event_unchecked(GstPad *, GstEvent *, GstPadProbeType):<manager:recv_rtp_sink_0>[00m have event type segment event: 0xf27bf58, time 99:99:99.999999999, seq-num 48, GstEventSegment, segment=(GstSegment)"GstSegment, flags=(GstSegmentFlags)GST_SEGMENT_FLAG_NONE, rate=(double)1, applied-rate=(double)1, format=(GstFormat)GST_FORMAT_TIME, base=(guint64)0, offset=(guint64)0, start=(guint64)0, stop=(guint64)18446744073709551615, time=(guint64)0, position=(guint64)0, duration=(guint64)18446744073709551615;";
0:00:30.077603000 [336m 4877[00m  0xdc45950 [33;01mLOG    [00m [00;01;31;41m            GST_PADS gstpad.c:2771:gboolean gst_pad_event_default(GstPad *, GstObject *, GstEvent *):<manager:recv_rtp_sink_0>[00m default event handler for event segment event: 0xf27bf58, time 99:99:99.999999999, seq-num 48, GstEventSegment, segment=(GstSegment)"GstSegment, flags=(GstSegmentFlags)GST_SEGMENT_FLAG_NONE, rate=(double)1, applied-rate=(double)1, format=(GstFormat)GST_FORMAT_TIME, base=(guint64)0, offset=(guint64)0, start=(guint64)0, stop=(guint64)18446744073709551615, time=(guint64)0, position=(guint64)0, duration=(guint64)18446744073709551615;";
0:00:30.077713000 [336m 4877[00m  0xdc45950 [33;01mLOG    [00m [00;01;31;41m            GST_PADS gstpad.c:2691:gboolean gst_pad_forward(GstPad *, GstPadForwardFunction, gpointer):<manager:recv_rtp_sink_0>[00m calling forward function on pad recv_rtp_sink_0:proxypad0
0:00:30.077847000 [336m 4877[00m  0xdc45950 [33;01mLOG    [00m [00;01;31;41m            GST_PADS gstpad.c:2736:gboolean event_forward_func(GstPad *, EventData *):<recv_rtp_sink_0:proxypad0>[00m Reffing and pushing event 0xf27bf58 (segment) to recv_rtp_sink_0:proxypad0
0:00:30.077878000 [336m 4877[00m  0xdc45950 [33;01mLOG    [00m [00;01;31;41m            GST_PADS gstpad.c:4522:GstFlowReturn store_sticky_event(GstPad *, GstEvent *):<recv_rtp_sink_0:proxypad0>[00m stored sticky event segment
0:00:30.077897000 [336m 4877[00m  0xdc45950 [37mDEBUG  [00m [00;01;31;41m            GST_PADS gstpad.c:3376:GstFlowReturn check_sticky(GstPad *, GstEvent *):<recv_rtp_sink_0:proxypad0>[00m pushing all sticky events
0:00:30.077914000 [336m 4877[00m  0xdc45950 [37mDEBUG  [00m [00;01;31;41m            GST_PADS gstpad.c:3309:gboolean push_sticky(GstPad *, PadEvent *, gpointer):<recv_rtp_sink_0:proxypad0>[00m event stream-start was already received
0:00:30.077934000 [336m 4877[00m  0xdc45950 [33;01mLOG    [00m [00;01;31;41m            GST_PADS gstpad.c:4680:GstFlowReturn gst_pad_push_event_unchecked(GstPad *, GstEvent *, GstPadProbeType):<recv_rtp_sink_0:proxypad0>[00m sending event 0xf27bf58 (segment) to peerpad <rtpsession0:recv_rtp_sink>
0:00:30.078081000 [336m 4877[00m  0xdc45950 [37mDEBUG  [00m [00;01;34m           GST_EVENT gstpad.c:4935:GstFlowReturn gst_pad_send_event_unchecked(GstPad *, GstEvent *, GstPadProbeType):<rtpsession0:recv_rtp_sink>[00m have event type segment event: 0xf27bf58, time 99:99:99.999999999, seq-num 48, GstEventSegment, segment=(GstSegment)"GstSegment, flags=(GstSegmentFlags)GST_SEGMENT_FLAG_NONE, rate=(double)1, applied-rate=(double)1, format=(GstFormat)GST_FORMAT_TIME, base=(guint64)0, offset=(guint64)0, start=(guint64)0, stop=(guint64)18446744073709551615, time=(guint64)0, position=(guint64)0, duration=(guint64)18446744073709551615;";
0:00:30.078210000 [336m 4877[00m  0xdc45950 [37mDEBUG  [00m [00m          rtpsession gstrtpsession.c:1401:gst_rtp_session_event_recv_rtp_sink:<rtpsession0>[00m received event segment
0:00:30.078369000 [336m 4877[00m  0xdc45950 [37mDEBUG  [00m [00m          rtpsession gstrtpsession.c:1429:gst_rtp_session_event_recv_rtp_sink:<rtpsession0>[00m received segment time segment start=0:00:00.000000000, stop=99:99:99.999999999, rate=1.000000, applied_rate=1.000000, flags=0x00, time=0:00:00.000000000, base=0:00:00.000000000, position 0:00:00.000000000, duration 99:99:99.999999999
