0:00:30.514662000 [336m 4877[00m  0xea8adb0 [33;01mLOG    [00m [00;01;31;41m            GST_PADS gstpad.c:2771:gboolean gst_pad_event_default(GstPad *, GstObject *, GstEvent *):<decodebin0:sink>[00m default event handler for event segment event: 0xf27bf58, time 99:99:99.999999999, seq-num 48, GstEventSegment, segment=(GstSegment)"GstSegment, flags=(GstSegmentFlags)GST_SEGMENT_FLAG_NONE, rate=(double)1, applied-rate=(double)1, format=(GstFormat)GST_FORMAT_TIME, base=(guint64)0, offset=(guint64)0, start=(guint64)0, stop=(guint64)18446744073709551615, time=(guint64)0, position=(guint64)0, duration=(guint64)18446744073709551615;";
0:00:30.514759000 [336m 4877[00m  0xea8adb0 [33;01mLOG    [00m [00;01;31;41m            GST_PADS gstpad.c:2691:gboolean gst_pad_forward(GstPad *, GstPadForwardFunction, gpointer):<decodebin0:sink>[00m calling forward function on pad sink:proxypad5
0:00:30.523027000 [336m 4877[00m  0xdc42b20 [37mDEBUG  [00m [00m               query gstquery.c:680:GstQuery *gst_query_new_custom(GstQueryType, GstStructure *):[00m creating new query 0xfa689b0 duration
0:00:30.546138000 [336m 4877[00m  0xdc42b20 [37mDEBUG  [00m [00;01;37;41m    GST_ELEMENT_PADS gstelement.c:1661:gboolean gst_element_query(GstElement *, GstQuery *):[00m send query on element playbin0
0:00:30.546139000 [336m 4877[00m  0xea8adb0 [33;01mLOG    [00m [00;01;31;41m            GST_PADS gstpad.c:2736:gboolean event_forward_func(GstPad *, EventData *):<sink:proxypad5>[00m Reffing and pushing event 0xf27bf58 (segment) to sink:proxypad5
0:00:30.546208000 [336m 4877[00m  0xea8adb0 [33;01mLOG    [00m [00;01;31;41m            GST_PADS gstpad.c:4522:GstFlowReturn store_sticky_event(GstPad *, GstEvent *):<sink:proxypad5>[00m stored sticky event segment
0:00:30.546212000 [336m 4877[00m  0xdc42b20 [32;01mFIXME  [00m [00;01m                 bin gstbin.c:4008:gboolean gst_bin_query(GstElement *, GstQuery *):[00m implement duration caching in GstBin again
0:00:30.546414000 [336m 4877[00m  0xea8adb0 [37mDEBUG  [00m [00;01;31;41m            GST_PADS gstpad.c:3376:GstFlowReturn check_sticky(GstPad *, GstEvent *):<sink:proxypad5>[00m pushing all sticky events
0:00:30.546426000 [336m 4877[00m  0xdc42b20 [37mDEBUG  [00m [00;01m                 bin gstbin.c:4040:gboolean gst_bin_query(GstElement *, GstQuery *):<playbin0>[00m Sending query 0xfa689b0 (type duration) to sink children
0:00:30.546436000 [336m 4877[00m  0xea8adb0 [37mDEBUG  [00m [00;01;31;41m            GST_PADS gstpad.c:3309:gboolean push_sticky(GstPad *, PadEvent *, gpointer):<sink:proxypad5>[00m event stream-start was already received
0:00:30.546454000 [336m 4877[00m  0xdc42b20 [37mDEBUG  [00m [00;01;31m          GST_STATES gstbin.c:1711:gint bin_element_is_sink(GstElement *, GstBin *):<playbin0>[00m child uridecodebin0 is not sink
0:00:30.546458000 [336m 4877[00m  0xea8adb0 [37mDEBUG  [00m [00;01;31;41m            GST_PADS gstpad.c:3309:gboolean push_sticky(GstPad *, PadEvent *, gpointer):<sink:proxypad5>[00m event caps was already received
0:00:30.546671000 [336m 4877[00m  0xdc42b20 [37mDEBUG  [00m [00;01;31m          GST_STATES gstbin.c:1711:gint bin_element_is_sink(GstElement *, GstBin *):<playbin0>[00m child playsink is sink
0:00:30.546670000 [336m 4877[00m  0xea8adb0 [33;01mLOG    [00m [00;01;31;41m            GST_PADS gstpad.c:4680:GstFlowReturn gst_pad_push_event_unchecked(GstPad *, GstEvent *, GstPadProbeType):<sink:proxypad5>[00m sending event 0xf27bf58 (segment) to peerpad <typefind:sink>
0:00:30.546721000 [336m 4877[00m  0xdc42b20 [37mDEBUG  [00m [00;01;37;41m    GST_ELEMENT_PADS gstelement.c:1661:gboolean gst_element_query(GstElement *, GstQuery *):[00m send query on element playsink
0:00:30.546742000 [336m 4877[00m  0xdc42b20 [32;01mFIXME  [00m [00;01m                 bin gstbin.c:4008:gboolean gst_bin_query(GstElement *, GstQuery *):[00m implement duration caching in GstBin again
0:00:30.546716000 [336m 4877[00m  0xea8adb0 [37mDEBUG  [00m [00;01;34m           GST_EVENT gstpad.c:4935:GstFlowReturn gst_pad_send_event_unchecked(GstPad *, GstEvent *, GstPadProbeType):<typefind:sink>[00m have event type segment event: 0xf27bf58, time 99:99:99.999999999, seq-num 48, GstEventSegment, segment=(GstSegment)"GstSegment, flags=(GstSegmentFlags)GST_SEGMENT_FLAG_NONE, rate=(double)1, applied-rate=(double)1, format=(GstFormat)GST_FORMAT_TIME, base=(guint64)0, offset=(guint64)0, start=(guint64)0, stop=(guint64)18446744073709551615, time=(guint64)0, position=(guint64)0, duration=(guint64)18446744073709551615;";
0:00:30.546897000 [336m 4877[00m  0xdc42b20 [37mDEBUG  [00m [00;01m                 bin gstbin.c:4040:gboolean gst_bin_query(GstElement *, GstQuery *):<playsink>[00m Sending query 0xfa689b0 (type duration) to sink children
0:00:30.546900000 [336m 4877[00m  0xea8adb0 [37mDEBUG  [00m [00;32;43m            typefind gsttypefindelement.c:607:gboolean gst_type_find_element_sink_event(GstPad *, GstObject *, GstEvent *):<typefind>[00m got segment event in mode 0
0:00:30.547121000 [336m 4877[00m  0xea8adb0 [33;01mLOG    [00m [00;01;31;41m            GST_PADS gstpad.c:4522:GstFlowReturn store_sticky_event(GstPad *, GstEvent *):<typefind:src>[00m stored sticky event segment
0:00:30.547122000 [336m 4877[00m  0xdc42b20 [37mDEBUG  [00m [00;01;31m          GST_STATES gstbin.c:1711:gint bin_element_is_sink(GstElement *, GstBin *):<playsink>[00m child streamsynchronizer0 is not sink
0:00:30.547162000 [336m 4877[00m  0xea8adb0 [37mDEBUG  [00m [00;01;31;41m            GST_PADS gstpad.c:3376:GstFlowReturn check_sticky(GstPad *, GstEvent *):<typefind:src>[00m pushing all sticky events
0:00:30.547178000 [336m 4877[00m  0xdc42b20 [37mDEBUG  [00m [00;01m                 bin gstbin.c:4062:gboolean gst_bin_query(GstElement *, GstQuery *):<playsink>[00m query 0xfa689b0 result 0
0:00:30.547180000 [336m 4877[00m  0xea8adb0 [33;01mLOG    [00m [00;01;31;41m            GST_PADS gstpad.c:4680:GstFlowReturn gst_pad_push_event_unchecked(GstPad *, GstEvent *, GstPadProbeType):<typefind:src>[00m sending event 0xf27bf90 (stream-start) to peerpad <rtph264depay0:sink>
0:00:30.547335000 [336m 4877[00m  0xdc42b20 [37mDEBUG  [00m [00;01m                 bin gstbin.c:4062:gboolean gst_bin_query(GstElement *, GstQuery *):<playbin0>[00m query 0xfa689b0 result 0
0:00:30.547330000 [336m 4877[00m  0xea8adb0 [37mDEBUG  [00m [00;01;34m           GST_EVENT gstpad.c:4935:GstFlowReturn gst_pad_send_event_unchecked(GstPad *, GstEvent *, GstPadProbeType):<rtph264depay0:sink>[00m have event type stream-start event: 0xf27bf90, time 99:99:99.999999999, seq-num 51, GstEventStreamStart, stream-id=(string)512202e8fc3b6c45c940d9a78e2c243aab9618e918312b1993356d4298616db0/0, flags=(GstStreamFlags)GST_STREAM_FLAG_NONE, group-id=(uint)0;
0:00:30.547359000 [336m 4877[00m  0xdc42b20 [37mDEBUG  [00m [00m             playbin gstplaybin2.c:2578:void gst_play_bin_update_cached_duration_from_query(GstPlayBin *, gboolean, GstQuery *):<playbin0>[00m Updating cached duration from query
0:00:30.547557000 [336m 4877[00m  0xdc42b20 [37mDEBUG  [00m [00m               query gstquery.c:680:GstQuery *gst_query_new_custom(GstQueryType, GstStructure *):[00m creating new query 0xfa56a00 position
0:00:30.547560000 [336m 4877[00m  0xea8adb0 [33;01mLOG    [00m [00;01;31;41m            GST_PADS gstpad.c:4522:GstFlowReturn store_sticky_event(GstPad *, GstEvent *):<rtph264depay0:src>[00m stored sticky event stream-start
0:00:30.547592000 [336m 4877[00m  0xdc42b20 [37mDEBUG  [00m [00;01;37;41m    GST_ELEMENT_PADS gstelement.c:1661:gboolean gst_element_query(GstElement *, GstQuery *):[00m send query on element playbin0
0:00:30.547603000 [336m 4877[00m  0xea8adb0 [37mDEBUG  [00m [00;01;31;41m            GST_PADS gstpad.c:3376:GstFlowReturn check_sticky(GstPad *, GstEvent *):<rtph264depay0:src>[00m pushing all sticky events
0:00:30.547617000 [336m 4877[00m  0xdc42b20 [37mDEBUG  [00m [00;01m                 bin gstbin.c:4040:gboolean gst_bin_query(GstElement *, GstQuery *):<playbin0>[00m Sending query 0xfa56a00 (type position) to sink children
0:00:30.547763000 [336m 4877[00m  0xea8adb0 [33;01mLOG    [00m [00;01;35m      GST_SCHEDULING gstpad.c:3149:GstFlowReturn do_probe_callbacks(GstPad *, GstPadProbeInfo *, GstFlowReturn):<rtph264depay0:src>[00m do probes cookie 1
0:00:30.547770000 [336m 4877[00m  0xdc42b20 [37mDEBUG  [00m [00;01;31m          GST_STATES gstbin.c:1711:gint bin_element_is_sink(GstElement *, GstBin *):<playbin0>[00m child uridecodebin0 is not sink
0:00:30.547809000 [336m 4877[00m  0xdc42b20 [37mDEBUG  [00m [00;01;31m          GST_STATES gstbin.c:1711:gint bin_element_is_sink(GstElement *, GstBin *):<playbin0>[00m child playsink is sink
0:00:30.547807000 [336m 4877[00m  0xea8adb0 [33;01mLOG    [00m [00;01;35m      GST_SCHEDULING gstpad.c:3093:void probe_hook_marshal(GHook *, ProbeMarshall *):<rtph264depay0:src>[00m hook 1, cookie 1 with flags 0x00003040 does not match 00001042
0:00:30.547824000 [336m 4877[00m  0xdc42b20 [37mDEBUG  [00m [00;01;37;41m    GST_ELEMENT_PADS gstelement.c:1661:gboolean gst_element_query(GstElement *, GstQuery *):[00m send query on element playsink
0:00:30.547990000 [336m 4877[00m  0xea8adb0 [37mDEBUG  [00m [00;01;31;41m            GST_PADS gstpad.c:3217:GstFlowReturn do_probe_callbacks(GstPad *, GstPadProbeInfo *, GstFlowReturn):<rtph264depay0:src>[00m data is passed
0:00:30.547998000 [336m 4877[00m  0xdc42b20 [37mDEBUG  [00m [00;01m                 bin gstbin.c:4040:gboolean gst_bin_query(GstElement *, GstQuery *):<playsink>[00m Sending query 0xfa56a00 (type position) to sink children
0:00:30.548033000 [336m 4877[00m  0xea8adb0 [33;01mLOG    [00m [00;01;35m      GST_SCHEDULING gstpad.c:3149:GstFlowReturn do_probe_callbacks(GstPad *, GstPadProbeInfo *, GstFlowReturn):<rtph264depay0:src>[00m do probes cookie 2
0:00:30.548036000 [336m 4877[00m  0xdc42b20 [37mDEBUG  [00m [00;01;31m          GST_STATES gstbin.c:1711:gint bin_element_is_sink(GstElement *, GstBin *):<playsink>[00m child streamsynchronizer0 is not sink
0:00:30.548233000 [336m 4877[00m  0xea8adb0 [33;01mLOG    [00m [00;01;35m      GST_SCHEDULING gstpad.c:3046:void probe_hook_marshal(GHook *, ProbeMarshall *):<rtph264depay0:src>[00m hook 1, cookie 2 with flags 0x00003040 matches
0:00:30.548241000 [336m 4877[00m  0xdc42b20 [37mDEBUG  [00m [00;01m                 bin gstbin.c:4062:gboolean gst_bin_query(GstElement *, GstQuery *):<playsink>[00m query 0xfa56a00 result 0
0:00:30.548284000 [336m 4877[00m  0xdc42b20 [37mDEBUG  [00m [00;01m                 bin gstbin.c:4062:gboolean gst_bin_query(GstElement *, GstQuery *):<playbin0>[00m query 0xfa56a00 result 0
0:00:30.548287000 [336m 4877[00m  0xea8adb0 [37mDEBUG  [00m [00;01;31;41m            GST_PADS gstpad.c:3081:void probe_hook_marshal(GHook *, ProbeMarshall *):<rtph264depay0:src>[00m probe returned OK
0:00:30.548436000 [336m 4877[00m  0xea8adb0 [33;01mLOG    [00m [00;01;31;41m            GST_PADS gstpad.c:4680:GstFlowReturn gst_pad_push_event_unchecked(GstPad *, GstEvent *, GstPadProbeType):<rtph264depay0:src>[00m sending event 0xf27bf90 (stream-start) to peerpad <decodepad0:proxypad6>
0:00:30.548468000 [336m 4877[00m  0xea8adb0 [37mDEBUG  [00m [00;01;34m           GST_EVENT gstpad.c:4935:GstFlowReturn gst_pad_send_event_unchecked(GstPad *, GstEvent *, GstPadProbeType):<decodepad0:proxypad6>[00m have event type stream-start event: 0xf27bf90, time 99:99:99.999999999, seq-num 51, GstEventStreamStart, stream-id=(string)512202e8fc3b6c45c940d9a78e2c243aab9618e918312b1993356d4298616db0/0, flags=(GstStreamFlags)GST_STREAM_FLAG_NONE, group-id=(uint)0;
0:00:30.548520000 [336m 4877[00m  0xea8adb0 [33;01mLOG    [00m [00;01;31;41m            GST_PADS gstpad.c:2771:gboolean gst_pad_event_default(GstPad *, GstObject *, GstEvent *):<decodepad0:proxypad6>[00m default event handler for event stream-start event: 0xf27bf90, time 99:99:99.999999999, seq-num 51, GstEventStreamStart, stream-id=(string)512202e8fc3b6c45c940d9a78e2c243aab9618e918312b1993356d4298616db0/0, flags=(GstStreamFlags)GST_STREAM_FLAG_NONE, group-id=(uint)0;
0:00:30.548670000 [336m 4877[00m  0xea8adb0 [33;01mLOG    [00m [00;01;31;41m            GST_PADS gstpad.c:2691:gboolean gst_pad_forward(GstPad *, GstPadForwardFunction, gpointer):<decodepad0:proxypad6>[00m calling forward function on pad '':decodepad0
0:00:30.548695000 [336m 4877[00m  0xea8adb0 [33;01mLOG    [00m [00;01;31;41m            GST_PADS gstpad.c:2736:gboolean event_forward_func(GstPad *, EventData *):<'':decodepad0>[00m Reffing and pushing event 0xf27bf90 (stream-start) to '':decodepad0
0:00:30.548721000 [336m 4877[00m  0xea8adb0 [37mDEBUG  [00m [00;01;31;41m            GST_PADS gstpad.c:4545:GstFlowReturn store_sticky_event(GstPad *, GstEvent *):<'':decodepad0>[00m pad is flushing
0:00:30.548879000 [336m 4877[00m  0xea8adb0 [37mDEBUG  [00m [00;01;31;41m            GST_PADS gstpad.c:4838:gboolean gst_pad_push_event(GstPad *, GstEvent *):<'':decodepad0>[00m We're flushing
0:00:30.548903000 [336m 4877[00m  0xea8adb0 [37mDEBUG  [00m [00;01;31;41m            GST_PADS gstpad.c:5001:GstFlowReturn gst_pad_send_event_unchecked(GstPad *, GstEvent *, GstPadProbeType):<decodepad0:proxypad6>[00m sent event, ret error
0:00:30.548925000 [336m 4877[00m  0xea8adb0 [33;01mLOG    [00m [00;01;31;41m            GST_PADS gstpad.c:4687:GstFlowReturn gst_pad_push_event_unchecked(GstPad *, GstEvent *, GstPadProbeType):<rtph264depay0:src>[00m sent event 0xf27bf90 to peerpad <decodepad0:proxypad6>, ret error
0:00:30.548950000 [336m 4877[00m  0xea8adb0 [33;01mLOG    [00m [00;01;35m      GST_SCHEDULING gstpad.c:3149:GstFlowReturn do_probe_callbacks(GstPad *, GstPadProbeInfo *, GstFlowReturn):<rtph264depay0:src>[00m do probes cookie 3
0:00:30.548969000 [336m 4877[00m  0xea8adb0 [33;01mLOG    [00m [00;01;35m      GST_SCHEDULING gstpad.c:3093:void probe_hook_marshal(GHook *, ProbeMarshall *):<rtph264depay0:src>[00m hook 1, cookie 3 with flags 0x00003040 does not match 00001001
0:00:30.549110000 [336m 4877[00m  0xea8adb0 [37mDEBUG  [00m [00;01;31;41m            GST_PADS gstpad.c:3355:gboolean push_sticky(GstPad *, PadEvent *, gpointer):<rtph264depay0:src>[00m result error, mark pending events
0:00:30.549135000 [336m 4877[00m  0xea8adb0 [37mDEBUG  [00m [00;01;31;41m            GST_PADS gstpad.c:5001:GstFlowReturn gst_pad_send_event_unchecked(GstPad *, GstEvent *, GstPadProbeType):<rtph264depay0:sink>[00m sent event, ret ok
0:00:30.549157000 [336m 4877[00m  0xea8adb0 [33;01mLOG    [00m [00;01;31;41m            GST_PADS gstpad.c:4522:GstFlowReturn store_sticky_event(GstPad *, GstEvent *):<rtph264depay0:sink>[00m stored sticky event stream-start
0:00:30.549176000 [336m 4877[00m  0xea8adb0 [33;01mLOG    [00m [00;01;31;41m            GST_PADS gstpad.c:4687:GstFlowReturn gst_pad_push_event_unchecked(GstPad *, GstEvent *, GstPadProbeType):<typefind:src>[00m sent event 0xf27bf90 to peerpad <rtph264depay0:sink>, ret ok
0:00:30.549331000 [336m 4877[00m  0xea8adb0 [37mDEBUG  [00m [00;01;31;41m            GST_PADS gstpad.c:3329:gboolean push_sticky(GstPad *, PadEvent *, gpointer):<typefind:src>[00m event stream-start marked received
0:00:30.549356000 [336m 4877[00m  0xea8adb0 [33;01mLOG    [00m [00;01;31;41m            GST_PADS gstpad.c:4680:GstFlowReturn gst_pad_push_event_unchecked(GstPad *, GstEvent *, GstPadProbeType):<typefind:src>[00m sending event 0xfa59cf8 (caps) to peerpad <rtph264depay0:sink>
0:00:30.549382000 [336m 4877[00m  0xea8adb0 [37mDEBUG  [00m [00;01;34m           GST_EVENT gstpad.c:4935:GstFlowReturn gst_pad_send_event_unchecked(GstPad *, GstEvent *, GstPadProbeType):<rtph264depay0:sink>[00m have event type caps event: 0xfa59cf8, time 99:99:99.999999999, seq-num 89, GstEventCaps, caps=(GstCaps)application/x-rtp, media=(string)video, payload=(int)96, clock-rate=(int)90000, encoding-name=(string)H264, sprop-parameter-sets=(string)"Z0LAHtoCgM7ARAAAAwAF3NZQADxYuoA\=\,aM48gA\=\=", a-tool=(string)GStreamer, a-type=(string)broadcast, clock-base=(uint)807995482, seqnum-base=(uint)29081, npt-start=(guint64)0, play-speed=(double)1, play-scale=(double)1;
0:00:30.549561000 [336m 4877[00m  0xea8adb0 [37mDEBUG  [00m [00;01;34m            GST_CAPS gstutils.c:2845:gboolean gst_pad_query_accept_caps(GstPad *, GstCaps *):<rtph264depay0:sink>[00m accept caps of application/x-rtp, media=(string)video, payload=(int)96, clock-rate=(int)90000, encoding-name=(string)H264, sprop-parameter-sets=(string)"Z0LAHtoCgM7ARAAAAwAF3NZQADxYuoA\=\,aM48gA\=\=", a-tool=(string)GStreamer, a-type=(string)broadcast, clock-base=(uint)807995482, seqnum-base=(uint)29081, npt-start=(guint64)0, play-speed=(double)1, play-scale=(double)1
0:00:30.549626000 [336m 4877[00m  0xea8adb0 [37mDEBUG  [00m [00m               query gstquery.c:680:GstQuery *gst_query_new_custom(GstQueryType, GstStructure *):[00m creating new query 0xdc77c30 accept-caps
0:00:30.549780000 [336m 4877[00m  0xea8adb0 [37mDEBUG  [00m [00;01;31;41m            GST_PADS gstpad.c:3445:gboolean gst_pad_query(GstPad *, GstQuery *):<rtph264depay0:sink>[00m doing query 0xdc77c30 (accept-caps)
0:00:30.549804000 [336m 4877[00m  0xea8adb0 [37mDEBUG  [00m [00;01;31;41m            GST_PADS gstpad.c:2813:gboolean gst_pad_query_accept_caps_default(GstPad *, GstQuery *):<rtph264depay0:sink>[00m query accept-caps accept-caps query: 0xdc77c30, GstQueryAcceptCaps, caps=(GstCaps)application/x-rtp, media=(string)video, payload=(int)96, clock-rate=(int)90000, encoding-name=(string)H264, sprop-parameter-sets=(string)"Z0LAHtoCgM7ARAAAAwAF3NZQADxYuoA\=\,aM48gA\=\=", a-tool=(string)GStreamer, a-type=(string)broadcast, clock-base=(uint)807995482, seqnum-base=(uint)29081, npt-start=(guint64)0, play-speed=(double)1, play-scale=(double)1, result=(boolean)false;
0:00:30.549874000 [336m 4877[00m  0xea8adb0 [37mDEBUG  [00m [00;01;37;41m     GST_PERFORMANCE gstpad.c:2824:gboolean gst_pad_query_accept_caps_default(GstPad *, GstQuery *):<rtph264depay0:sink>[00m fallback ACCEPT_CAPS query, consider implementing a specialized version
0:00:30.550002000 [336m 4877[00m  0xea8adb0 [37mDEBUG  [00m [00;01;34m            GST_CAPS gstutils.c:2762:GstCaps *gst_pad_query_caps(GstPad *, GstCaps *):<rtph264depay0:sink>[00m get pad caps with filter application/x-rtp, media=(string)video, payload=(int)96, clock-rate=(int)90000, encoding-name=(string)H264, sprop-parameter-sets=(string)"Z0LAHtoCgM7ARAAAAwAF3NZQADxYuoA\=\,aM48gA\=\=", a-tool=(string)GStreamer, a-type=(string)broadcast, clock-base=(uint)807995482, seqnum-base=(uint)29081, npt-start=(guint64)0, play-speed=(double)1, play-scale=(double)1
0:00:30.550064000 [336m 4877[00m  0xea8adb0 [37mDEBUG  [00m [00m               query gstquery.c:680:GstQuery *gst_query_new_custom(GstQueryType, GstStructure *):[00m creating new query 0xdc77c00 caps
0:00:30.550085000 [336m 4877[00m  0xea8adb0 [37mDEBUG  [00m [00;01;31;41m            GST_PADS gstpad.c:3445:gboolean gst_pad_query(GstPad *, GstQuery *):<rtph264depay0:sink>[00m doing query 0xdc77c00 (caps)
0:00:30.550229000 [336m 4877[00m  0xea8adb0 [37mDEBUG  [00m [00;01;34m            GST_CAPS gstpad.c:2852:gboolean gst_pad_query_caps_default(GstPad *, GstQuery *):<rtph264depay0:sink>[00m query caps caps query: 0xdc77c00, GstQueryCaps, filter=(GstCaps)application/x-rtp, media=(string)video, payload=(int)96, clock-rate=(int)90000, encoding-name=(string)H264, sprop-parameter-sets=(string)"Z0LAHtoCgM7ARAAAAwAF3NZQADxYuoA\=\,aM48gA\=\=", a-tool=(string)GStreamer, a-type=(string)broadcast, clock-base=(uint)807995482, seqnum-base=(uint)29081, npt-start=(guint64)0, play-speed=(double)1, play-scale=(double)1, caps=(GstCaps)NULL;
0:00:30.550301000 [336m 4877[00m  0xea8adb0 [37mDEBUG  [00m [00;01;34m            GST_CAPS gstpad.c:2875:gboolean gst_pad_query_caps_default(GstPad *, GstQuery *):<rtph264depay0:sink>[00m trying pad template caps
0:00:30.550317000 [336m 4877[00m  0xea8adb0 [37mDEBUG  [00m [00;01;34m            GST_CAPS gstpad.c:2899:gboolean gst_pad_query_caps_default(GstPad *, GstQuery *):<rtph264depay0:sink>[00m using caps 0xdc30d40 application/x-rtp, media=(string)video, clock-rate=(int)90000, encoding-name=(string)H264 with filter 0xeac1f18 application/x-rtp, media=(string)video, payload=(int)96, clock-rate=(int)90000, encoding-name=(string)H264, sprop-parameter-sets=(string)"Z0LAHtoCgM7ARAAAAwAF3NZQADxYuoA\=\,aM48gA\=\=", a-tool=(string)GStreamer, a-type=(string)broadcast, clock-base=(uint)807995482, seqnum-base=(uint)29081, npt-start=(guint64)0, play-speed=(double)1, play-scale=(double)1
0:00:30.550495000 [336m 4877[00m  0xea8adb0 [37mDEBUG  [00m [00;01;34m            GST_CAPS gstpad.c:2902:gboolean gst_pad_query_caps_default(GstPad *, GstQuery *):<rtph264depay0:sink>[00m result 0xfa85ec8 application/x-rtp, media=(string)video, payload=(int)96, clock-rate=(int)90000, encoding-name=(string)H264, sprop-parameter-sets=(string)"Z0LAHtoCgM7ARAAAAwAF3NZQADxYuoA\=\,aM48gA\=\=", a-tool=(string)GStreamer, a-type=(string)broadcast, clock-base=(uint)807995482, seqnum-base=(uint)29081, npt-start=(guint64)0, play-speed=(double)1, play-scale=(double)1
0:00:30.550675000 [336m 4877[00m  0xea8adb0 [37mDEBUG  [00m [00;01;31;41m            GST_PADS gstpad.c:2983:gboolean gst_pad_query_default(GstPad *, GstObject *, GstQuery *):<rtph264depay0:sink>[00m not forwarding 0xdc77c00 (caps) query
0:00:30.550705000 [336m 4877[00m  0xea8adb0 [37mDEBUG  [00m [00;01;31;41m            GST_PADS gstpad.c:3467:gboolean gst_pad_query(GstPad *, GstQuery *):<rtph264depay0:sink>[00m sent query 0xdc77c00 (caps), result 1
0:00:30.550729000 [336m 4877[00m  0xea8adb0 [37mDEBUG  [00m [00;01;34m            GST_CAPS gstutils.c:2769:GstCaps *gst_pad_query_caps(GstPad *, GstCaps *):<rtph264depay0:sink>[00m query returned application/x-rtp, media=(string)video, payload=(int)96, clock-rate=(int)90000, encoding-name=(string)H264, sprop-parameter-sets=(string)"Z0LAHtoCgM7ARAAAAwAF3NZQADxYuoA\=\,aM48gA\=\=", a-tool=(string)GStreamer, a-type=(string)broadcast, clock-base=(uint)807995482, seqnum-base=(uint)29081, npt-start=(guint64)0, play-speed=(double)1, play-scale=(double)1
0:00:30.550898000 [336m 4877[00m  0xea8adb0 [37mDEBUG  [00m [00;01;31;41m            GST_PADS gstpad.c:2830:gboolean gst_pad_query_accept_caps_default(GstPad *, GstQuery *):<rtph264depay0:sink>[00m allowed caps application/x-rtp, media=(string)video, payload=(int)96, clock-rate=(int)90000, encoding-name=(string)H264, sprop-parameter-sets=(string)"Z0LAHtoCgM7ARAAAAwAF3NZQADxYuoA\=\,aM48gA\=\=", a-tool=(string)GStreamer, a-type=(string)broadcast, clock-base=(uint)807995482, seqnum-base=(uint)29081, npt-start=(guint64)0, play-speed=(double)1, play-scale=(double)1
0:00:30.550973000 [336m 4877[00m  0xea8adb0 [37mDEBUG  [00m [00;01;31;41m            GST_PADS gstpad.c:2983:gboolean gst_pad_query_default(GstPad *, GstObject *, GstQuery *):<rtph264depay0:sink>[00m not forwarding 0xdc77c30 (accept-caps) query
0:00:30.551132000 [336m 4877[00m  0xea8adb0 [37mDEBUG  [00m [00;01;31;41m            GST_PADS gstpad.c:3467:gboolean gst_pad_query(GstPad *, GstQuery *):<rtph264depay0:sink>[00m sent query 0xdc77c30 (accept-caps), result 1
0:00:30.551159000 [336m 4877[00m  0xea8adb0 [37mDEBUG  [00m [00;04m             default gstutils.c:2850:gboolean gst_pad_query_accept_caps(GstPad *, GstCaps *):<rtph264depay0:sink>[00m query returned 1
0:00:30.551183000 [336m 4877[00m  0xea8adb0 [37mDEBUG  [00m [00m    rtpbasedepayload gstrtpbasedepayload.c:193:gst_rtp_base_depayload_setcaps:<rtph264depay0>[00m Set caps application/x-rtp, media=(string)video, payload=(int)96, clock-rate=(int)90000, encoding-name=(string)H264, sprop-parameter-sets=(string)"Z0LAHtoCgM7ARAAAAwAF3NZQADxYuoA\=\,aM48gA\=\=", a-tool=(string)GStreamer, a-type=(string)broadcast, clock-base=(uint)807995482, seqnum-base=(uint)29081, npt-start=(guint64)0, play-speed=(double)1, play-scale=(double)1
0:00:30.551243000 [336m 4877[00m  0xea8adb0 [37mDEBUG  [00m [00m    rtpbasedepayload gstrtpbasedepayload.c:213:gst_rtp_base_depayload_setcaps:<rtph264depay0>[00m NPT start 0
0:00:30.551365000 [336m 4877[00m  0xea8adb0 [37mDEBUG  [00m [00m    rtpbasedepayload gstrtpbasedepayload.c:221:gst_rtp_base_depayload_setcaps:<rtph264depay0>[00m NPT stop -1
0:00:30.551391000 [336m 4877[00m  0xea8adb0 [37mDEBUG  [00m [00;01;37;44m      GST_PROPERTIES gstpad.c:2512:GstCaps *gst_pad_get_allowed_caps(GstPad *):<rtph264depay0:src>[00m getting allowed caps
0:00:30.551412000 [336m 4877[00m  0xea8adb0 [37mDEBUG  [00m [00;01;34m            GST_CAPS gstutils.c:2762:GstCaps *gst_pad_query_caps(GstPad *, GstCaps *):<rtph264depay0:src>[00m get pad caps with filter (NULL)
0:00:30.551435000 [336m 4877[00m  0xea8adb0 [37mDEBUG  [00m [00m               query gstquery.c:680:GstQuery *gst_query_new_custom(GstQueryType, GstStructure *):[00m creating new query 0xdc57780 caps
0:00:30.551454000 [336m 4877[00m  0xea8adb0 [37mDEBUG  [00m [00;01;31;41m            GST_PADS gstpad.c:3445:gboolean gst_pad_query(GstPad *, GstQuery *):<rtph264depay0:src>[00m doing query 0xdc57780 (caps)
0:00:30.551590000 [336m 4877[00m  0xea8adb0 [33;01mLOG    [00m [00;01;35m      GST_SCHEDULING gstpad.c:3149:GstFlowReturn do_probe_callbacks(GstPad *, GstPadProbeInfo *, GstFlowReturn):<rtph264depay0:src>[00m do probes cookie 4
0:00:30.551612000 [336m 4877[00m  0xea8adb0 [33;01mLOG    [00m [00;01;35m      GST_SCHEDULING gstpad.c:3093:void probe_hook_marshal(GHook *, ProbeMarshall *):<rtph264depay0:src>[00m hook 1, cookie 4 with flags 0x00003040 does not match 00001402
0:00:30.551638000 [336m 4877[00m  0xea8adb0 [37mDEBUG  [00m [00;01;31;41m            GST_PADS gstpad.c:3217:GstFlowReturn do_probe_callbacks(GstPad *, GstPadProbeInfo *, GstFlowReturn):<rtph264depay0:src>[00m data is passed
0:00:30.551656000 [336m 4877[00m  0xea8adb0 [33;01mLOG    [00m [00;01;35m      GST_SCHEDULING gstpad.c:3149:GstFlowReturn do_probe_callbacks(GstPad *, GstPadProbeInfo *, GstFlowReturn):<rtph264depay0:src>[00m do probes cookie 5
0:00:30.551809000 [336m 4877[00m  0xea8adb0 [33;01mLOG    [00m [00;01;35m      GST_SCHEDULING gstpad.c:3093:void probe_hook_marshal(GHook *, ProbeMarshall *):<rtph264depay0:src>[00m hook 1, cookie 5 with flags 0x00003040 does not match 00001400
0:00:30.551837000 [336m 4877[00m  0xea8adb0 [37mDEBUG  [00m [00;01;34m            GST_CAPS gstpad.c:2852:gboolean gst_pad_query_caps_default(GstPad *, GstQuery *):<rtph264depay0:src>[00m query caps caps query: 0xdc57780, GstQueryCaps, filter=(GstCaps)NULL, caps=(GstCaps)NULL;
0:00:30.551872000 [336m 4877[00m  0xea8adb0 [37mDEBUG  [00m [00;01;34m            GST_CAPS gstpad.c:2869:gboolean gst_pad_query_caps_default(GstPad *, GstQuery *):<rtph264depay0:src>[00m fixed pad caps: trying pad caps
0:00:30.551889000 [336m 4877[00m  0xea8adb0 [37mDEBUG  [00m [00;01;34m            GST_CAPS gstpad.c:2875:gboolean gst_pad_query_caps_default(GstPad *, GstQuery *):<rtph264depay0:src>[00m trying pad template caps
0:00:30.552027000 [336m 4877[00m  0xea8adb0 [37mDEBUG  [00m [00;01;34m            GST_CAPS gstpad.c:2905:gboolean gst_pad_query_caps_default(GstPad *, GstQuery *):<rtph264depay0:src>[00m using caps 0xdc30d18 video/x-h264, stream-format=(string)avc, alignment=(string)au; video/x-h264, stream-format=(string)byte-stream, alignment=(string){ nal, au }
0:00:30.552069000 [336m 4877[00m  0xea8adb0 [37mDEBUG  [00m [00;01;31;41m            GST_PADS gstpad.c:2983:gboolean gst_pad_query_default(GstPad *, GstObject *, GstQuery *):<rtph264depay0:src>[00m not forwarding 0xdc57780 (caps) query
0:00:30.552094000 [336m 4877[00m  0xea8adb0 [37mDEBUG  [00m [00;01;31;41m            GST_PADS gstpad.c:3467:gboolean gst_pad_query(GstPad *, GstQuery *):<rtph264depay0:src>[00m sent query 0xdc57780 (caps), result 1
0:00:30.552117000 [336m 4877[00m  0xea8adb0 [33;01mLOG    [00m [00;01;35m      GST_SCHEDULING gstpad.c:3149:GstFlowReturn do_probe_callbacks(GstPad *, GstPadProbeInfo *, GstFlowReturn):<rtph264depay0:src>[00m do probes cookie 6
0:00:30.552258000 [336m 4877[00m  0xea8adb0 [33;01mLOG    [00m [00;01;35m      GST_SCHEDULING gstpad.c:3093:void probe_hook_marshal(GHook *, ProbeMarshall *):<rtph264depay0:src>[00m hook 1, cookie 6 with flags 0x00003040 does not match 00002400
0:00:30.552286000 [336m 4877[00m  0xea8adb0 [37mDEBUG  [00m [00;01;34m            GST_CAPS gstutils.c:2769:GstCaps *gst_pad_query_caps(GstPad *, GstCaps *):<rtph264depay0:src>[00m query returned video/x-h264, stream-format=(string)avc, alignment=(string)au; video/x-h264, stream-format=(string)byte-stream, alignment=(string){ nal, au }
0:00:30.552322000 [336m 4877[00m  0xea8adb0 [37mDEBUG  [00m [00;01;34m            GST_CAPS gstutils.c:2762:GstCaps *gst_pad_query_caps(GstPad *, GstCaps *):<decodepad0:proxypad6>[00m get pad caps with filter video/x-h264, stream-format=(string)avc, alignment=(string)au; video/x-h264, stream-format=(string)byte-stream, alignment=(string){ nal, au }
0:00:30.552356000 [336m 4877[00m  0xea8adb0 [37mDEBUG  [00m [00m               query gstquery.c:680:GstQuery *gst_query_new_custom(GstQueryType, GstStructure *):[00m creating new query 0xdc577b0 caps
0:00:30.552488000 [336m 4877[00m  0xea8adb0 [37mDEBUG  [00m [00;01;31;41m            GST_PADS gstpad.c:3445:gboolean gst_pad_query(GstPad *, GstQuery *):<decodepad0:proxypad6>[00m doing query 0xdc577b0 (caps)
0:00:30.552522000 [336m 4877[00m  0xea8adb0 [33;01mLOG    [00m [00m           decodebin gstdecodebin2.c:4262:gboolean gst_decode_pad_query(GstPad *, GstObject *, GstQuery *):<decodebin0>[00m locking chain 0xf281498 from thread 0xea8adb0
0:00:30.552544000 [336m 4877[00m  0xea8adb0 [33;01mLOG    [00m [00m           decodebin gstdecodebin2.c:4262:gboolean gst_decode_pad_query(GstPad *, GstObject *, GstQuery *):<decodebin0>[00m locked chain 0xf281498 from thread 0xea8adb0
0:00:30.552562000 [336m 4877[00m  0xea8adb0 [37mDEBUG  [00m [00m           decodebin gstdecodebin2.c:4270:gboolean gst_decode_pad_query(GstPad *, GstObject *, GstQuery *):<decodebin0>[00m calling autoplug-query for decodepad0 (element rtph264depay0): caps query: 0xdc577b0, GstQueryCaps, filter=(GstCaps)video/x-h264, stream-format=(string)avc, alignment=(string)au; video/x-h264, stream-format=(string)byte-stream, alignment=(string){ nal, au }, caps=(GstCaps)NULL;
0:00:30.552755000 [336m 4877[00m  0xea8adb0 [37mDEBUG  [00m [00m        uridecodebin gsturidecodebin.c:1724:gboolean proxy_autoplug_query_signal(GstElement *, GstPad *, GstElement *, GstQuery *, GstURIDecodeBin *):<uridecodebin0>[00m autoplug-query returned 0
0:00:30.552784000 [336m 4877[00m  0xea8adb0 [37mDEBUG  [00m [00m           decodebin gstdecodebin2.c:4279:gboolean gst_decode_pad_query(GstPad *, GstObject *, GstQuery *):<decodebin0>[00m autoplug-query returned 0
0:00:30.552802000 [336m 4877[00m  0xea8adb0 [33;01mLOG    [00m [00m           decodebin gstdecodebin2.c:4281:gboolean gst_decode_pad_query(GstPad *, GstObject *, GstQuery *):<decodebin0>[00m unlocking chain 0xf281498 from thread 0xea8adb0
0:00:30.552942000 [336m 4877[00m  0xea8adb0 [37mDEBUG  [00m [00;01;34m            GST_CAPS gstpad.c:2852:gboolean gst_pad_query_caps_default(GstPad *, GstQuery *):<decodepad0:proxypad6>[00m query caps caps query: 0xdc577b0, GstQueryCaps, filter=(GstCaps)video/x-h264, stream-format=(string)avc, alignment=(string)au; video/x-h264, stream-format=(string)byte-stream, alignment=(string){ nal, au }, caps=(GstCaps)NULL;
0:00:30.552987000 [336m 4877[00m  0xea8adb0 [37mDEBUG  [00m [00;01;31;41m            GST_PADS gstutils.c:2523:gboolean gst_pad_proxy_query_caps(GstPad *, GstQuery *):<decodepad0:proxypad6>[00m proxying caps query for decodepad0:proxypad6
0:00:30.553016000 [336m 4877[00m  0xea8adb0 [33;01mLOG    [00m [00;01;31;41m            GST_PADS gstpad.c:2691:gboolean gst_pad_forward(GstPad *, GstPadForwardFunction, gpointer):<decodepad0:proxypad6>[00m calling forward function on pad '':decodepad0
0:00:30.553037000 [336m 4877[00m  0xea8adb0 [37mDEBUG  [00m [00;01;31;41m            GST_PADS gstpad.c:3570:gboolean gst_pad_peer_query(GstPad *, GstQuery *):<'':decodepad0>[00m peer query 0xdc577b0 (caps)
0:00:30.553174000 [336m 4877[00m  0xea8adb0 [36mINFO   [00m [00;01;31;41m            GST_PADS gstpad.c:3626:gboolean gst_pad_peer_query(GstPad *, GstQuery *):<'':decodepad0>[00m pad has no peer
0:00:30.553202000 [336m 4877[00m  0xea8adb0 [37mDEBUG  [00m [00;01;31;41m            GST_PADS gstpad.c:2983:gboolean gst_pad_query_default(GstPad *, GstObject *, GstQuery *):<decodepad0:proxypad6>[00m not forwarding 0xdc577b0 (caps) query
0:00:30.553227000 [336m 4877[00m  0xea8adb0 [37mDEBUG  [00m [00;01;31;41m            GST_PADS gstpad.c:3467:gboolean gst_pad_query(GstPad *, GstQuery *):<decodepad0:proxypad6>[00m sent query 0xdc577b0 (caps), result 1
0:00:30.553251000 [336m 4877[00m  0xea8adb0 [37mDEBUG  [00m [00;01;34m            GST_CAPS gstutils.c:2769:GstCaps *gst_pad_query_caps(GstPad *, GstCaps *):<decodepad0:proxypad6>[00m query returned video/x-h264, stream-format=(string)avc, alignment=(string)au; video/x-h264, stream-format=(string)byte-stream, alignment=(string){ nal, au }
0:00:30.553402000 [336m 4877[00m  0xea8adb0 [37mDEBUG  [00m [00;01;34m            GST_CAPS gstpad.c:2524:GstCaps *gst_pad_get_allowed_caps(GstPad *):<rtph264depay0:src>[00m allowed caps video/x-h264, stream-format=(string)avc, alignment=(string)au; video/x-h264, stream-format=(string)byte-stream, alignment=(string){ nal, au }
0:00:30.553438000 [336m 4877[00m  0xea8adb0 [37mDEBUG  [00m [00m        rtph264depay gstrtph264depay.c:180:gst_rtp_h264_depay_negotiate:<rtph264depay0>[00m allowed caps: video/x-h264, stream-format=(string)avc, alignment=(string)au; video/x-h264, stream-format=(string)byte-stream, alignment=(string){ nal, au }
0:00:30.553478000 [336m 4877[00m  0xea8adb0 [37mDEBUG  [00m [00m        rtph264depay gstrtph264depay.c:212:gst_rtp_h264_depay_negotiate:<rtph264depay0>[00m downstream requires byte-stream 0
0:00:30.553496000 [336m 4877[00m  0xea8adb0 [37mDEBUG  [00m [00m        rtph264depay gstrtph264depay.c:220:gst_rtp_h264_depay_negotiate:<rtph264depay0>[00m downstream requires merge 1
0:00:30.553630000 [336m 4877[00m  0xea8adb0 [37mDEBUG  [00m [00m        rtph264depay gstrtph264depay.c:595:gst_rtp_h264_depay_setcaps:<rtph264depay0>[00m we have 2 params
0:00:30.553665000 [336m 4877[00m  0xea8adb0 [37mDEBUG  [00m [00;01;34m          GST_MEMORY gstmemory.c:138:void gst_memory_init(GstMemory *, GstMemoryFlags, GstAllocator *, GstMemory *, gsize, gsize, gsize, gsize):[00m new memory 0xfa88c10, maxsize:35 offset:0 size:32
0:00:30.553693000 [336m 4877[00m  0xea8adb0 [33;01mLOG    [00m [00;01;42m          GST_BUFFER gstbuffer.c:628:GstBuffer *gst_buffer_new():[00m new 0xf28ec20
0:00:30.553712000 [336m 4877[00m  0xea8adb0 [33;01mLOG    [00m [00;01;42m          GST_BUFFER gstbuffer.c:297:void _memory_add(GstBuffer *, gint, GstMemory *, gboolean):[00m buffer 0xf28ec20, idx -1, mem 0xfa88c10, lock 1
0:00:30.553733000 [336m 4877[00m  0xea8adb0 [33;01mLOG    [00m [00;01;42m          GST_BUFFER gstbuffer.c:682:GstBuffer *gst_buffer_new_allocate(GstAllocator *, gsize, GstAllocationParams *):[00m new buffer 0xf28ec20 of size 32 from allocator 0x0
0:00:30.553857000 [336m 4877[00m  0xea8adb0 [33;01mLOG    [00m [00;01;42m          GST_BUFFER gstbuffer.c:1479:gboolean gst_buffer_map_range(GstBuffer *, guint, gint, GstMapInfo *, GstMapFlags):[00m buffer 0xf28ec20, idx 0, length -1, flags 0003
0:00:30.553884000 [336m 4877[00m  0xea8adb0 [33;01mLOG    [00m [00;01;42m          GST_BUFFER gstbuffer.c:207:GstMemory *_get_merged_memory(GstBuffer *, guint, guint):[00m buffer 0xf28ec20, idx 0, length 1
0:00:30.553920000 [336m 4877[00m  0xea8adb0 [37mDEBUG  [00m [00m        rtph264depay gstrtph264depay.c:613:gst_rtp_h264_depay_setcaps:<rtph264depay0>[00m adding param 0 as SPS
0:00:30.553940000 [336m 4877[00m  0xea8adb0 [33;01mLOG    [00m [00;01;42m          GST_BUFFER gstbuffer.c:1342:gboolean gst_buffer_resize_range(GstBuffer *, guint, gint, gssize, gssize):[00m trim 0xf28ec20 0-23 size:32 offs:0 max:35
0:00:30.554081000 [336m 4877[00m  0xea8adb0 [33;01mLOG    [00m [00;01;42m          GST_BUFFER gstbuffer.c:1479:gboolean gst_buffer_map_range(GstBuffer *, guint, gint, GstMapInfo *, GstMapFlags):[00m buffer 0xf28ec20, idx 0, length -1, flags 0001
0:00:30.554106000 [336m 4877[00m  0xea8adb0 [33;01mLOG    [00m [00;01;42m          GST_BUFFER gstbuffer.c:207:GstMemory *_get_merged_memory(GstBuffer *, guint, guint):[00m buffer 0xf28ec20, idx 0, length 1
0:00:30.554132000 [336m 4877[00m  0xea8adb0 [33;01mLOG    [00m [00m        rtph264depay gstrtph264depay.c:450:gst_rtp_h264_add_sps_pps:<rtph264depay0>[00m Adding new SPS 0
0:00:30.554152000 [336m 4877[00m  0xea8adb0 [37mDEBUG  [00m [00;01;34m          GST_MEMORY gstmemory.c:138:void gst_memory_init(GstMemory *, GstMemoryFlags, GstAllocator *, GstMemory *, gsize, gsize, gsize, gsize):[00m new memory 0xfa52130, maxsize:11 offset:0 size:8
0:00:30.554174000 [336m 4877[00m  0xea8adb0 [33;01mLOG    [00m [00;01;42m          GST_BUFFER gstbuffer.c:628:GstBuffer *gst_buffer_new():[00m new 0xf28ecc0
0:00:30.554312000 [336m 4877[00m  0xea8adb0 [33;01mLOG    [00m [00;01;42m          GST_BUFFER gstbuffer.c:297:void _memory_add(GstBuffer *, gint, GstMemory *, gboolean):[00m buffer 0xf28ecc0, idx -1, mem 0xfa52130, lock 1
0:00:30.554336000 [336m 4877[00m  0xea8adb0 [33;01mLOG    [00m [00;01;42m          GST_BUFFER gstbuffer.c:682:GstBuffer *gst_buffer_new_allocate(GstAllocator *, gsize, GstAllocationParams *):[00m new buffer 0xf28ecc0 of size 8 from allocator 0x0
0:00:30.554359000 [336m 4877[00m  0xea8adb0 [33;01mLOG    [00m [00;01;42m          GST_BUFFER gstbuffer.c:1479:gboolean gst_buffer_map_range(GstBuffer *, guint, gint, GstMapInfo *, GstMapFlags):[00m buffer 0xf28ecc0, idx 0, length -1, flags 0003
0:00:30.554380000 [336m 4877[00m  0xea8adb0 [33;01mLOG    [00m [00;01;42m          GST_BUFFER gstbuffer.c:207:GstMemory *_get_merged_memory(GstBuffer *, guint, guint):[00m buffer 0xf28ecc0, idx 0, length 1
0:00:30.554534000 [336m 4877[00m  0xea8adb0 [37mDEBUG  [00m [00m        rtph264depay gstrtph264depay.c:613:gst_rtp_h264_depay_setcaps:<rtph264depay0>[00m adding param 1 as PPS
0:00:30.554553000 [336m 4877[00m  0xea8adb0 [33;01mLOG    [00m [00;01;42m          GST_BUFFER gstbuffer.c:1342:gboolean gst_buffer_resize_range(GstBuffer *, guint, gint, gssize, gssize):[00m trim 0xf28ecc0 0-4 size:8 offs:0 max:11
0:00:30.554579000 [336m 4877[00m  0xea8adb0 [33;01mLOG    [00m [00;01;42m          GST_BUFFER gstbuffer.c:1479:gboolean gst_buffer_map_range(GstBuffer *, guint, gint, GstMapInfo *, GstMapFlags):[00m buffer 0xf28ecc0, idx 0, length -1, flags 0001
0:00:30.554600000 [336m 4877[00m  0xea8adb0 [33;01mLOG    [00m [00;01;42m          GST_BUFFER gstbuffer.c:207:GstMemory *_get_merged_memory(GstBuffer *, guint, guint):[00m buffer 0xf28ecc0, idx 0, length 1
0:00:30.554622000 [336m 4877[00m  0xea8adb0 [33;01mLOG    [00m [00m        rtph264depay gstrtph264depay.c:490:gst_rtp_h264_add_sps_pps:<rtph264depay0>[00m Adding new PPS 0:0
0:00:30.554778000 [336m 4877[00m  0xea8adb0 [37mDEBUG  [00m [00;01;34m          GST_MEMORY gstmemory.c:138:void gst_memory_init(GstMemory *, GstMemoryFlags, GstAllocator *, GstMemory *, gsize, gsize, gsize, gsize):[00m new memory 0xdb6cb18, maxsize:41 offset:0 size:38
0:00:30.554805000 [336m 4877[00m  0xea8adb0 [33;01mLOG    [00m [00;01;42m          GST_BUFFER gstbuffer.c:628:GstBuffer *gst_buffer_new():[00m new 0xf28ed60
0:00:30.554823000 [336m 4877[00m  0xea8adb0 [33;01mLOG    [00m [00;01;42m          GST_BUFFER gstbuffer.c:297:void _memory_add(GstBuffer *, gint, GstMemory *, gboolean):[00m buffer 0xf28ed60, idx -1, mem 0xdb6cb18, lock 1
0:00:30.554843000 [336m 4877[00m  0xea8adb0 [33;01mLOG    [00m [00;01;42m          GST_BUFFER gstbuffer.c:682:GstBuffer *gst_buffer_new_allocate(GstAllocator *, gsize, GstAllocationParams *):[00m new buffer 0xf28ed60 of size 38 from allocator 0x0
0:00:30.554874000 [336m 4877[00m  0xea8adb0 [33;01mLOG    [00m [00;01;42m          GST_BUFFER gstbuffer.c:1479:gboolean gst_buffer_map_range(GstBuffer *, guint, gint, GstMapInfo *, GstMapFlags):[00m buffer 0xf28ed60, idx 0, length -1, flags 0003
0:00:30.554992000 [336m 4877[00m  0xea8adb0 [33;01mLOG    [00m [00;01;42m          GST_BUFFER gstbuffer.c:207:GstMemory *_get_merged_memory(GstBuffer *, guint, guint):[00m buffer 0xf28ed60, idx 0, length 1
0:00:30.555015000 [336m 4877[00m  0xea8adb0 [33;01mLOG    [00m [00;01;42m          GST_BUFFER gstbuffer.c:1479:gboolean gst_buffer_map_range(GstBuffer *, guint, gint, GstMapInfo *, GstMapFlags):[00m buffer 0xf28ec20, idx 0, length -1, flags 0001
0:00:30.555038000 [336m 4877[00m  0xea8adb0 [33;01mLOG    [00m [00;01;42m          GST_BUFFER gstbuffer.c:207:GstMemory *_get_merged_memory(GstBuffer *, guint, guint):[00m buffer 0xf28ec20, idx 0, length 1
0:00:30.555058000 [336m 4877[00m  0xea8adb0 [33;01mLOG    [00m [00;01;42m          GST_BUFFER gstbuffer.c:1479:gboolean gst_buffer_map_range(GstBuffer *, guint, gint, GstMapInfo *, GstMapFlags):[00m buffer 0xf28ec20, idx 0, length -1, flags 0001
0:00:30.555211000 [336m 4877[00m  0xea8adb0 [33;01mLOG    [00m [00;01;42m          GST_BUFFER gstbuffer.c:207:GstMemory *_get_merged_memory(GstBuffer *, guint, guint):[00m buffer 0xf28ec20, idx 0, length 1
0:00:30.555234000 [336m 4877[00m  0xea8adb0 [33;01mLOG    [00m [00;01;42m          GST_BUFFER gstbuffer.c:1479:gboolean gst_buffer_map_range(GstBuffer *, guint, gint, GstMapInfo *, GstMapFlags):[00m buffer 0xf28ec20, idx 0, length -1, flags 0001
0:00:30.555256000 [336m 4877[00m  0xea8adb0 [33;01mLOG    [00m [00;01;42m          GST_BUFFER gstbuffer.c:207:GstMemory *_get_merged_memory(GstBuffer *, guint, guint):[00m buffer 0xf28ec20, idx 0, length 1
0:00:30.555278000 [336m 4877[00m  0xea8adb0 [37mDEBUG  [00m [00m        rtph264depay gstrtph264depay.c:361:gst_rtp_h264_set_src_caps:<rtph264depay0>[00m copy SPS 0 of length 23
0:00:30.555296000 [336m 4877[00m  0xea8adb0 [33;01mLOG    [00m [00;01;42m          GST_BUFFER gstbuffer.c:1479:gboolean gst_buffer_map_range(GstBuffer *, guint, gint, GstMapInfo *, GstMapFlags):[00m buffer 0xf28ecc0, idx 0, length -1, flags 0001
0:00:30.555435000 [336m 4877[00m  0xea8adb0 [33;01mLOG    [00m [00;01;42m          GST_BUFFER gstbuffer.c:207:GstMemory *_get_merged_memory(GstBuffer *, guint, guint):[00m buffer 0xf28ecc0, idx 0, length 1
0:00:30.555459000 [336m 4877[00m  0xea8adb0 [37mDEBUG  [00m [00m        rtph264depay gstrtph264depay.c:377:gst_rtp_h264_set_src_caps:<rtph264depay0>[00m copy PPS 0 of length 4
0:00:30.555480000 [336m 4877[00m  0xea8adb0 [33;01mLOG    [00m [00;01;42m          GST_BUFFER gstbuffer.c:1342:gboolean gst_buffer_resize_range(GstBuffer *, guint, gint, gssize, gssize):[00m trim 0xf28ed60 0-38 size:38 offs:0 max:41
0:00:30.555527000 [336m 4877[00m  0xea8adb0 [33;01mLOG    [00m [00;01;42m          GST_BUFFER gstbuffer.c:1479:gboolean gst_buffer_map_range(GstBuffer *, guint, gint, GstMapInfo *, GstMapFlags):[00m buffer 0xf28ed60, idx 0, length -1, flags 0001
0:00:30.555666000 [336m 4877[00m  0xea8adb0 [33;01mLOG    [00m [00;01;42m          GST_BUFFER gstbuffer.c:207:GstMemory *_get_merged_memory(GstBuffer *, guint, guint):[00m buffer 0xf28ed60, idx 0, length 1
0:00:30.555514000 [336m 4877[00m  0xea8adb0 [36mINFO   [00m [00;01;34m           GST_EVENT gstevent.c:628:GstEvent *gst_event_new_caps(GstCaps *):[00m creating caps event video/x-h264, stream-format=(string)avc, alignment=(string)au, codec_data=(buffer)0142c01effe100176742c01eda0280cec0440000030005dcd650003c58ba8001000468ce3c80
0:00:30.555751000 [336m 4877[00m  0xea8adb0 [37mDEBUG  [00m [00;01;34m           GST_EVENT gstevent.c:300:GstEvent *gst_event_new_custom(GstEventType, GstStructure *):[00m creating new event 0xfa59e58 caps 12814
0:00:30.555777000 [336m 4877[00m  0xea8adb0 [33;01mLOG    [00m [00;01;31;41m            GST_PADS gstpad.c:4522:GstFlowReturn store_sticky_event(GstPad *, GstEvent *):<rtph264depay0:src>[00m stored sticky event caps
0:00:30.555916000 [336m 4877[00m  0xea8adb0 [37mDEBUG  [00m [00;01;31;41m            GST_PADS gstpad.c:4528:GstFlowReturn store_sticky_event(GstPad *, GstEvent *):<rtph264depay0:src>[00m notify caps
0:00:30.555951000 [336m 4877[00m  0xea8adb0 [33;01mLOG    [00m [00m           decodebin gstdecodebin2.c:2620:void caps_notify_cb(GstPad *, GParamSpec *, GstDecodeChain *):<rtph264depay0:src>[00m Notified caps for pad rtph264depay0:src
0:00:30.555973000 [336m 4877[00m  0xea8adb0 [33;01mLOG    [00m [00m           decodebin gstdecodebin2.c:2626:void caps_notify_cb(GstPad *, GParamSpec *, GstDecodeChain *):<decodebin0>[00m locking chain 0xf281498 from thread 0xea8adb0
0:00:30.555992000 [336m 4877[00m  0xea8adb0 [33;01mLOG    [00m [00m           decodebin gstdecodebin2.c:2626:void caps_notify_cb(GstPad *, GParamSpec *, GstDecodeChain *):<decodebin0>[00m locked chain 0xf281498 from thread 0xea8adb0
0:00:30.556011000 [336m 4877[00m  0xea8adb0 [33;01mLOG    [00m [00;01;35m      GST_SCHEDULING gstpad.c:1323:void gst_pad_remove_probe(GstPad *, gulong):<rtph264depay0:src>[00m removing hook 1
0:00:30.556151000 [336m 4877[00m  0xea8adb0 [33;01mLOG    [00m [00m           decodebin gstdecodebin2.c:2635:void caps_notify_cb(GstPad *, GParamSpec *, GstDecodeChain *):<decodebin0>[00m unlocking chain 0xf281498 from thread 0xea8adb0
0:00:30.556173000 [336m 4877[00m  0xea8adb0 [37mDEBUG  [00m [00m           decodebin gstdecodebin2.c:2518:void pad_added_cb(GstElement *, GstPad *, GstDecodeChain *):<rtph264depay0:src>[00m pad added, chain:0xf281498
0:00:30.556206000 [336m 4877[00m  0xea8adb0 [33;01mLOG    [00m [00;01;42m          GST_BUFFER gstbuffer.c:1479:gboolean gst_buffer_map_range(GstBuffer *, guint, gint, GstMapInfo *, GstMapFlags):[00m buffer 0xf28ed60, idx 0, length -1, flags 0001
0:00:30.556229000 [336m 4877[00m  0xea8adb0 [33;01mLOG    [00m [00;01;42m          GST_BUFFER gstbuffer.c:207:GstMemory *_get_merged_memory(GstBuffer *, guint, guint):[00m buffer 0xf28ed60, idx 0, length 1
0:00:30.556194000 [336m 4877[00m  0xea8adb0 [37mDEBUG  [00m [00;01;34m            GST_CAPS gstpad.c:2428:GstCaps *gst_pad_get_current_caps(GstPad *):<rtph264depay0:src>[00m get current pad caps video/x-h264, stream-format=(string)avc, alignment=(string)au, codec_data=(buffer)0142c01effe100176742c01eda0280cec0440000030005dcd650003c58ba8001000468ce3c80
0:00:30.556419000 [336m 4877[00m  0xea8adb0 [33;01mLOG    [00m [00;01;42m          GST_BUFFER gstbuffer.c:1479:gboolean gst_buffer_map_range(GstBuffer *, guint, gint, GstMapInfo *, GstMapFlags):[00m buffer 0xf28ed60, idx 0, length -1, flags 0001
0:00:30.556441000 [336m 4877[00m  0xea8adb0 [33;01mLOG    [00m [00;01;42m          GST_BUFFER gstbuffer.c:207:GstMemory *_get_merged_memory(GstBuffer *, guint, guint):[00m buffer 0xf28ed60, idx 0, length 1
0:00:30.556406000 [336m 4877[00m  0xea8adb0 [37mDEBUG  [00m [00m           decodebin gstdecodebin2.c:1467:void analyze_new_pad(GstDecodeBin *, GstElement *, GstPad *, GstCaps *, GstDecodeChain *):<decodebin0>[00m Pad rtph264depay0:src caps:video/x-h264, stream-format=(string)avc, alignment=(string)au, codec_data=(buffer)0142c01effe100176742c01eda0280cec0440000030005dcd650003c58ba8001000468ce3c80
0:00:30.556606000 [336m 4877[00m  0xea8adb0 [37mDEBUG  [00m [00;01;31;41m            GST_PADS gstghostpad.c:834:gboolean gst_ghost_pad_set_target(GstGhostPad *, GstPad *):<'':decodepad0>[00m set target rtph264depay0:src
0:00:30.556629000 [336m 4877[00m  0xea8adb0 [36mINFO   [00m [00;01;37;41m    GST_ELEMENT_PADS gstpad.c:1840:gboolean gst_pad_unlink(GstPad *, GstPad *):[00m unlinking rtph264depay0:src(0xf289d70) and decodepad0:proxypad6(0xeace960)
0:00:30.556661000 [336m 4877[00m  0xea8adb0 [33;01mLOG    [00m [00;01;37;41m         GST_MESSAGE gstmessage.c:284:GstMessage *gst_message_new_custom(GstMessageType, GstObject *, GstStructure *):[00m source proxypad6: creating new message 0xf245780 structure-change
0:00:30.556677000 [336m 4877[00m  0xea8adb0 [37mDEBUG  [00m [00;43m             GST_BUS gstbus.c:312:gboolean gst_bus_post(GstBus *, GstMessage *):<bus6>[00m [msg 0xf245780] posting on bus structure-change message: 0xf245780, time 99:99:99.999999999, seq-num 109, element 'proxypad6', GstMessageStructureChange, type=(GstStructureChangeType)GST_STRUCTURE_CHANGE_TYPE_PAD_UNLINK, owner=(GstElement)"\(GstRtpH264Depay\)\ rtph264depay0", busy=(boolean)true;
0:00:30.556857000 [336m 4877[00m  0xea8adb0 [37mDEBUG  [00m [00;01m                 bin gstbin.c:3396:void gst_bin_handle_message_func(GstBin *, GstMessage *):<decodebin0>[00m [msg 0xf245780] handling child proxypad6 message of type structure-change
0:00:30.556890000 [336m 4877[00m  0xea8adb0 [33;01mLOG    [00m [00;01m                 bin gstbin.c:863:gint message_check(GstMessage *, MessageFind *):[00m looking at message 0xf280d08: 0
0:00:30.556911000 [336m 4877[00m  0xea8adb0 [37mDEBUG  [00m [00;01m                 bin gstbin.c:885:GList *find_message(GstBin *, GstObject *, GstMessageType):<decodebin0>[00m no message found matching types 00001000
