0:00:30.244921000 [336m 4877[00m  0xea8adb0 [37mDEBUG  [00m [00;01;34m           GST_EVENT gstpad.c:4935:GstFlowReturn gst_pad_send_event_unchecked(GstPad *, GstEvent *, GstPadProbeType):<typefind:src>[00m have event type reconfigure event: 0xfa59d30, time 99:99:99.999999999, seq-num 91, (NULL)
0:00:30.245068000 [336m 4877[00m  0xdc45950 [33;01mLOG    [00m [00;01;42m          GST_BUFFER gstbuffer.c:297:void _memory_add(GstBuffer *, gint, GstMemory *, gboolean):[00m buffer 0xf279298, idx -1, mem 0xfa4d800, lock 1
0:00:30.245074000 [336m 4877[00m  0xea8adb0 [33;01mLOG    [00m [00;01;34m           GST_EVENT gstevent.c:222:void _gst_event_free(GstEvent *):[00m freeing event 0xfa59d30 type reconfigure
0:00:30.245118000 [336m 4877[00m  0xea8adb0 [37mDEBUG  [00m [00;01;31;41m            GST_PADS gstpad.c:5001:GstFlowReturn gst_pad_send_event_unchecked(GstPad *, GstEvent *, GstPadProbeType):<typefind:src>[00m sent event, ret error
0:00:30.245118000 [336m 4877[00m  0xdc45950 [37mDEBUG  [00m [00m             rtspsrc gstrtspsrc.c:3910:gst_rtspsrc_handle_data:<source>[00m pushing data of size 35 on channel 0
0:00:30.245292000 [336m 4877[00m  0xea8adb0 [33;01mLOG    [00m [00;01;37;41m         GST_MESSAGE gstmessage.c:284:GstMessage *gst_message_new_custom(GstMessageType, GstObject *, GstStructure *):[00m source proxypad6: creating new message 0xf245690 structure-change
0:00:30.245291000 [336m 4877[00m  0xdc45950 [33;01mLOG    [00m [00;01;35m      GST_SCHEDULING gstpad.c:3709:GstFlowReturn gst_pad_chain_data_unchecked(GstPad *, GstPadProbeType, void *):<manager:recv_rtp_sink_0>[00m calling chainfunction &gst_proxy_pad_chain_default with buffer buffer: 0xf279298, pts 99:99:99.999999999, dts 99:99:99.999999999, dur 99:99:99.999999999, size 35, offset 18446744073709551615, offset_end 18446744073709551615, flags 0x0
0:00:30.245341000 [336m 4877[00m  0xdc45950 [33;01mLOG    [00m [00;01;35m      GST_SCHEDULING gstpad.c:3709:GstFlowReturn gst_pad_chain_data_unchecked(GstPad *, GstPadProbeType, void *):<rtpsession0:recv_rtp_sink>[00m calling chainfunction &gst_rtp_session_chain_recv_rtp with buffer buffer: 0xf279298, pts 99:99:99.999999999, dts 99:99:99.999999999, dur 99:99:99.999999999, size 35, offset 18446744073709551615, offset_end 18446744073709551615, flags 0x0
0:00:30.245342000 [336m 4877[00m  0xea8adb0 [37mDEBUG  [00m [00;43m             GST_BUS gstbus.c:312:gboolean gst_bus_post(GstBus *, GstMessage *):<bus6>[00m [msg 0xf245690] posting on bus structure-change message: 0xf245690, time 99:99:99.999999999, seq-num 92, element 'proxypad6', GstMessageStructureChange, type=(GstStructureChangeType)GST_STRUCTURE_CHANGE_TYPE_PAD_LINK, owner=(GstElement)"\(GstTypeFindElement\)\ typefind", busy=(boolean)false;
0:00:30.245506000 [336m 4877[00m  0xdc45950 [33;01mLOG    [00m [00m          rtpsession gstrtpsession.c:1624:gst_rtp_session_chain_recv_rtp:<rtpsession0>[00m received RTP packet
0:00:30.245509000 [336m 4877[00m  0xea8adb0 [37mDEBUG  [00m [00;01m                 bin gstbin.c:3396:void gst_bin_handle_message_func(GstBin *, GstMessage *):<decodebin0>[00m [msg 0xf245690] handling child proxypad6 message of type structure-change
0:00:30.245689000 [336m 4877[00m  0xdc45950 [37mDEBUG  [00m [00;01;33m           GST_CLOCK gstclock.c:952:GstClockTime gst_clock_get_internal_time(GstClock *):<GstSystemClock>[00m internal time 384207:38:15.986027000
0:00:30.245694000 [336m 4877[00m  0xea8adb0 [33;01mLOG    [00m [00;01m                 bin gstbin.c:863:gint message_check(GstMessage *, MessageFind *):[00m looking at message 0xf2456e0: 1
0:00:30.245744000 [336m 4877[00m  0xdc45950 [37mDEBUG  [00m [00;01;33m           GST_CLOCK gstclock.c:997:GstClockTime gst_clock_get_time(GstClock *):<GstSystemClock>[00m adjusted time 384207:38:15.986027000
0:00:30.245746000 [336m 4877[00m  0xea8adb0 [37mDEBUG  [00m [00;01m                 bin gstbin.c:960:void bin_remove_messages(GstBin *, GstObject *, GstMessageType):<decodepad0:proxypad6>[00m deleting message 0xf2456e0 of types 0x00001000
0:00:30.245878000 [336m 4877[00m  0xdc45950 [37mDEBUG  [00m [00;01;33m           GST_CLOCK gstclock.c:952:GstClockTime gst_clock_get_internal_time(GstClock *):<GstSystemClock>[00m internal time 384207:38:15.986217000
0:00:30.245887000 [336m 4877[00m  0xea8adb0 [33;01mLOG    [00m [00;01;37;41m         GST_MESSAGE gstmessage.c:186:void _gst_message_free(GstMessage *):[00m finalize message 0xf2456e0, structure-change from proxypad6
0:00:30.245903000 [336m 4877[00m  0xdc45950 [37mDEBUG  [00m [00;01;33m           GST_CLOCK gstclock.c:997:GstClockTime gst_clock_get_time(GstClock *):<GstSystemClock>[00m adjusted time 384207:38:15.986217000
0:00:30.245935000 [336m 4877[00m  0xea8adb0 [33;01mLOG    [00m [00;01m                 bin gstbin.c:863:gint message_check(GstMessage *, MessageFind *):[00m looking at message 0xf280d08: 0
0:00:30.245935000 [336m 4877[00m  0xdc45950 [33;01mLOG    [00m [00;01;42m          GST_BUFFER gstbuffer.c:1479:gboolean gst_buffer_map_range(GstBuffer *, guint, gint, GstMapInfo *, GstMapFlags):[00m buffer 0xf279298, idx 0, length 1, flags 0001
0:00:30.246078000 [336m 4877[00m  0xea8adb0 [37mDEBUG  [00m [00;01m                 bin gstbin.c:966:void bin_remove_messages(GstBin *, GstObject *, GstMessageType):<decodebin0>[00m not deleting message 0xf280d08 of type 0x00100000
0:00:30.246085000 [336m 4877[00m  0xdc45950 [33;01mLOG    [00m [00;01;42m          GST_BUFFER gstbuffer.c:207:GstMemory *_get_merged_memory(GstBuffer *, guint, guint):[00m buffer 0xf279298, idx 0, length 1
0:00:30.246100000 [336m 4877[00m  0xea8adb0 [33;01mLOG    [00m [00;01;37;41m         GST_MESSAGE gstmessage.c:186:void _gst_message_free(GstMessage *):[00m finalize message 0xf245690, structure-change from proxypad6
0:00:30.246120000 [336m 4877[00m  0xea8adb0 [37mDEBUG  [00m [00;43m             GST_BUS gstbus.c:343:gboolean gst_bus_post(GstBus *, GstMessage *):<bus6>[00m [msg 0xf245690] dropped
0:00:30.246116000 [336m 4877[00m  0xdc45950 [33;01mLOG    [00m [00m           rtpsource rtpsource.c:1081:rtp_source_process_rtp:[00m seq 29087, PC: 5, OC: 214
0:00:30.246292000 [336m 4877[00m  0xdc45950 [33;01mLOG    [00m [00m           rtpsource rtpsource.c:880:calculate_jitter:[00m SSRC 528e439b got payload 96
0:00:30.246316000 [336m 4877[00m  0xdc45950 [33;01mLOG    [00m [00m           rtpsource rtpsource.c:913:calculate_jitter:[00m rtparrival 86077, rtptime 808019749, clock-rate 90000, diff 322, jitter: 113.187500
0:00:30.246341000 [336m 4877[00m  0xdc45950 [33;01mLOG    [00m [00m           rtpsource rtpsource.c:822:push_packet:[00m pushing new packet
0:00:30.246354000 [336m 4877[00m  0xdc45950 [33;01mLOG    [00m [00m          rtpsession rtpsession.c:1123:source_push_rtp:[00m source 528e439b pushed receiver RTP packet
0:00:30.246373000 [336m 4877[00m  0xdc45950 [33;01mLOG    [00m [00m          rtpsession gstrtpsession.c:1070:gst_rtp_session_process_rtp:<rtpsession0>[00m pushing received RTP packet
0:00:30.246448000 [336m 4877[00m  0xea8adb0 [37mDEBUG  [00m [00m     subtitleoverlay gstsubtitleoverlay.c:362:gboolean _factory_filter(GstPluginFeature *, GstCaps **):[00m Found renderer element Sub-picture Overlay (dvdspu) with caps subpicture/x-dvd; subpicture/x-pgs
0:00:30.246529000 [336m 4877[00m  0xea8adb0 [37mDEBUG  [00m [00;01;37;41m     GST_PERFORMANCE gstcaps.c:162:GstCaps *_gst_caps_copy(const GstCaps *):subpicture/x-dvd; subpicture/x-pgs[00m doing copy 0xeacf790 -> 0xeacf7b8
0:00:30.246523000 [336m 4877[00m  0xdc45950 [33;01mLOG    [00m [00;01;35m      GST_SCHEDULING gstpad.c:3709:GstFlowReturn gst_pad_chain_data_unchecked(GstPad *, GstPadProbeType, void *):<rtpssrcdemux0:sink>[00m calling chainfunction &gst_rtp_ssrc_demux_chain with buffer buffer: 0xf279298, pts 99:99:99.999999999, dts 99:99:99.999999999, dur 99:99:99.999999999, size 35, offset 18446744073709551615, offset_end 18446744073709551615, flags 0x0
0:00:30.246585000 [336m 4877[00m  0xea8adb0 [37mDEBUG  [00m [00;01;37;41m     GST_PERFORMANCE gstminiobject.c:326:GstMiniObject *gst_mini_object_make_writable(GstMiniObject *):[00m copy GstCaps miniobject 0xeacf790 -> 0xeacf7b8
0:00:30.246587000 [336m 4877[00m  0xdc45950 [33;01mLOG    [00m [00;01;42m          GST_BUFFER gstbuffer.c:1479:gboolean gst_buffer_map_range(GstBuffer *, guint, gint, GstMapInfo *, GstMapFlags):[00m buffer 0xf279298, idx 0, length 1, flags 0001
0:00:30.246782000 [336m 4877[00m  0xdc45950 [33;01mLOG    [00m [00;01;42m          GST_BUFFER gstbuffer.c:207:GstMemory *_get_merged_memory(GstBuffer *, guint, guint):[00m buffer 0xf279298, idx 0, length 1
0:00:30.246805000 [336m 4877[00m  0xdc45950 [37mDEBUG  [00m [00m        rtpssrcdemux gstrtpssrcdemux.c:627:gst_rtp_ssrc_demux_chain:<rtpssrcdemux0>[00m received buffer of SSRC 528e439b
0:00:30.246795000 [336m 4877[00m  0xea8adb0 [37mDEBUG  [00m [00m     subtitleoverlay gstsubtitleoverlay.c:362:gboolean _factory_filter(GstPluginFeature *, GstCaps **):[00m Found renderer element DVB Subtitles Overlay (dvbsuboverlay) with caps subpicture/x-dvb
0:00:30.246979000 [336m 4877[00m  0xea8adb0 [37mDEBUG  [00m [00;01;37;41m     GST_PERFORMANCE gstcaps.c:162:GstCaps *_gst_caps_copy(const GstCaps *):subpicture/x-dvb[00m doing copy 0xeacf800 -> 0xeacf828
0:00:30.246972000 [336m 4877[00m  0xdc45950 [33;01mLOG    [00m [00;01;35m      GST_SCHEDULING gstpad.c:3709:GstFlowReturn gst_pad_chain_data_unchecked(GstPad *, GstPadProbeType, void *):<rtpjitterbuffer0:sink>[00m calling chainfunction &gst_rtp_jitter_buffer_chain with buffer buffer: 0xf279298, pts 99:99:99.999999999, dts 99:99:99.999999999, dur 99:99:99.999999999, size 35, offset 18446744073709551615, offset_end 18446744073709551615, flags 0x0
0:00:30.247032000 [336m 4877[00m  0xdc45950 [33;01mLOG    [00m [00;01;42m          GST_BUFFER gstbuffer.c:1479:gboolean gst_buffer_map_range(GstBuffer *, guint, gint, GstMapInfo *, GstMapFlags):[00m buffer 0xf279298, idx 0, length 1, flags 0001
0:00:30.247032000 [336m 4877[00m  0xea8adb0 [37mDEBUG  [00m [00;01;37;41m     GST_PERFORMANCE gstminiobject.c:326:GstMiniObject *gst_mini_object_make_writable(GstMiniObject *):[00m copy GstCaps miniobject 0xeacf800 -> 0xeacf828
0:00:30.247182000 [336m 4877[00m  0xdc45950 [33;01mLOG    [00m [00;01;42m          GST_BUFFER gstbuffer.c:207:GstMemory *_get_merged_memory(GstBuffer *, guint, guint):[00m buffer 0xf279298, idx 0, length 1
0:00:30.247207000 [336m 4877[00m  0xdc45950 [37mDEBUG  [00m [00;04m             default gstsegment.c:481:guint64 gst_segment_to_running_time(const GstSegment *, GstFormat, guint64):[00m invalid position (-1)
0:00:30.247220000 [336m 4877[00m  0xdc45950 [37mDEBUG  [00m [00m     rtpjitterbuffer gstrtpjitterbuffer.c:1936:gst_rtp_jitter_buffer_chain:<rtpjitterbuffer0>[00m Received packet #29087 at time 99:99:99.999999999, discont 0
0:00:30.247234000 [336m 4877[00m  0xdc45950 [37mDEBUG  [00m [00m     rtpjitterbuffer gstrtpjitterbuffer.c:1982:gst_rtp_jitter_buffer_chain:<rtpjitterbuffer0>[00m expected #29087, got #29087, gap of 0
0:00:30.247267000 [336m 4877[00m  0xea8adb0 [37mDEBUG  [00m [00m     subtitleoverlay gstsubtitleoverlay.c:369:gboolean _factory_filter(GstPluginFeature *, GstCaps **):[00m Found parser element Avi subtitle parser (avisubtitle) with caps application/x-subtitle-avi
0:00:30.247423000 [336m 4877[00m  0xdc45950 [37mDEBUG  [00m [00m     rtpjitterbuffer gstrtpjitterbuffer.c:2104:gst_rtp_jitter_buffer_chain:<rtpjitterbuffer0>[00m Pushed packet #29087, now 5 packets, tail: 0
0:00:30.247425000 [336m 4877[00m  0xea8adb0 [37mDEBUG  [00m [00;01;37;41m     GST_PERFORMANCE gstcaps.c:162:GstCaps *_gst_caps_copy(const GstCaps *):application/x-subtitle-avi[00m doing copy 0xeacf850 -> 0xeacf878
0:00:30.247467000 [336m 4877[00m  0xea8adb0 [37mDEBUG  [00m [00;01;37;41m     GST_PERFORMANCE gstminiobject.c:326:GstMiniObject *gst_mini_object_make_writable(GstMiniObject *):[00m copy GstCaps miniobject 0xeacf850 -> 0xeacf878
0:00:30.247469000 [336m 4877[00m  0xdc45950 [33;01mLOG    [00m [00;01;35m      GST_SCHEDULING gstpad.c:3715:GstFlowReturn gst_pad_chain_data_unchecked(GstPad *, GstPadProbeType, void *):<rtpjitterbuffer0:sink>[00m called chainfunction &gst_rtp_jitter_buffer_chain with buffer 0xf279298, returned ok
0:00:30.247521000 [336m 4877[00m  0xea8adb0 [37mDEBUG  [00m [00m     subtitleoverlay gstsubtitleoverlay.c:369:gboolean _factory_filter(GstPluginFeature *, GstCaps **):[00m Found parser element SSA Subtitle Parser (ssaparse) with caps application/x-ssa; application/x-ass
0:00:30.247643000 [336m 4877[00m  0xea8adb0 [37mDEBUG  [00m [00;01;37;41m     GST_PERFORMANCE gstcaps.c:162:GstCaps *_gst_caps_copy(const GstCaps *):application/x-ssa; application/x-ass[00m doing copy 0xeacf8a0 -> 0xeacf8c8
0:00:30.247642000 [336m 4877[00m  0xdc45950 [33;01mLOG    [00m [00;01;35m      GST_SCHEDULING gstpad.c:3715:GstFlowReturn gst_pad_chain_data_unchecked(GstPad *, GstPadProbeType, void *):<rtpssrcdemux0:sink>[00m called chainfunction &gst_rtp_ssrc_demux_chain with buffer 0xf279298, returned ok
0:00:30.247834000 [336m 4877[00m  0xea8adb0 [37mDEBUG  [00m [00;01;37;41m     GST_PERFORMANCE gstminiobject.c:326:GstMiniObject *gst_mini_object_make_writable(GstMiniObject *):[00m copy GstCaps miniobject 0xeacf8a0 -> 0xeacf8c8
0:00:30.247837000 [336m 4877[00m  0xdc45950 [33;01mLOG    [00m [00;01;35m      GST_SCHEDULING gstpad.c:3715:GstFlowReturn gst_pad_chain_data_unchecked(GstPad *, GstPadProbeType, void *):<rtpsession0:recv_rtp_sink>[00m called chainfunction &gst_rtp_session_chain_recv_rtp with buffer 0xf279298, returned ok
0:00:30.247890000 [336m 4877[00m  0xdc45950 [33;01mLOG    [00m [00;01;35m      GST_SCHEDULING gstpad.c:3715:GstFlowReturn gst_pad_chain_data_unchecked(GstPad *, GstPadProbeType, void *):<manager:recv_rtp_sink_0>[00m called chainfunction &gst_proxy_pad_chain_default with buffer 0xf279298, returned ok
0:00:30.247916000 [336m 4877[00m  0xdc45950 [37mDEBUG  [00m [00m             rtspsrc gstrtspsrc.c:4034:gst_rtspsrc_loop_interleaved:<source>[00m doing receive with timeout 54 seconds, 766760 usec
0:00:30.247906000 [336m 4877[00m  0xea8adb0 [37mDEBUG  [00m [00m     subtitleoverlay gstsubtitleoverlay.c:369:gboolean _factory_filter(GstPluginFeature *, GstCaps **):[00m Found parser element Subtitle parser (subparse) with caps application/x-subtitle; application/x-subtitle-sami; application/x-subtitle-tmplayer; application/x-subtitle-mpl2; application/x-subtitle-dks; application/x-subtitle-qttext
0:00:30.248052000 [336m 4877[00m  0xea8adb0 [37mDEBUG  [00m [00;01;37;41m     GST_PERFORMANCE gstcaps.c:162:GstCaps *_gst_caps_copy(const GstCaps *):application/x-subtitle; application/x-subtitle-sami; application/x-subtitle-tmplayer; application/x-subtitle-mpl2; application/x-subtitle-dks; application/x-subtitle-qttext[00m doing copy 0xeacf8f0 -> 0xeacf918
0:00:30.248073000 [336m 4877[00m  0xea8adb0 [37mDEBUG  [00m [00;01;37;41m     GST_PERFORMANCE gstminiobject.c:326:GstMiniObject *gst_mini_object_make_writable(GstMiniObject *):[00m copy GstCaps miniobject 0xeacf8f0 -> 0xeacf918
0:00:30.248111000 [336m 4877[00m  0xdc45950 [37mDEBUG  [00m [00m             rtspsrc gstrtspsrc.c:4044:gst_rtspsrc_loop_interleaved:<source>[00m we received a server message
0:00:30.248300000 [336m 4877[00m  0xea8adb0 [37mDEBUG  [00m [00m     subtitleoverlay gstsubtitleoverlay.c:362:gboolean _factory_filter(GstPluginFeature *, GstCaps **):[00m Found renderer element ASS/SSA Render (assrender) with caps application/x-ass; application/x-ssa
0:00:30.248311000 [336m 4877[00m  0xdc45950 [37mDEBUG  [00m [00m             rtspsrc gstrtspsrc.c:4080:gst_rtspsrc_loop_interleaved:<source>[00m got data message
0:00:30.248347000 [336m 4877[00m  0xea8adb0 [37mDEBUG  [00m [00;01;37;41m     GST_PERFORMANCE gstcaps.c:162:GstCaps *_gst_caps_copy(const GstCaps *):application/x-ass; application/x-ssa[00m doing copy 0xeacf940 -> 0xeacf968
0:00:30.248370000 [336m 4877[00m  0xdc45950 [33;01mLOG    [00m [00;01;42m          GST_BUFFER gstbuffer.c:628:GstBuffer *gst_buffer_new():[00m new 0xf279338
0:00:30.248507000 [336m 4877[00m  0xea8adb0 [37mDEBUG  [00m [00;01;37;41m     GST_PERFORMANCE gstminiobject.c:326:GstMiniObject *gst_mini_object_make_writable(GstMiniObject *):[00m copy GstCaps miniobject 0xeacf940 -> 0xeacf968
0:00:30.248530000 [336m 4877[00m  0xdc45950 [37mDEBUG  [00m [00;01;34m          GST_MEMORY gstmemory.c:138:void gst_memory_init(GstMemory *, GstMemoryFlags, GstAllocator *, GstMemory *, gsize, gsize, gsize, gsize):[00m new memory 0xfa4d850, maxsize:16 offset:0 size:16
0:00:30.248631000 [336m 4877[00m  0xdc45950 [33;01mLOG    [00m [00;01;42m          GST_BUFFER gstbuffer.c:297:void _memory_add(GstBuffer *, gint, GstMemory *, gboolean):[00m buffer 0xf279338, idx -1, mem 0xfa4d850, lock 1
0:00:30.248661000 [336m 4877[00m  0xdc45950 [37mDEBUG  [00m [00m             rtspsrc gstrtspsrc.c:3910:gst_rtspsrc_handle_data:<source>[00m pushing data of size 16 on channel 0
0:00:30.248683000 [336m 4877[00m  0xdc45950 [33;01mLOG    [00m [00;01;35m      GST_SCHEDULING gstpad.c:3709:GstFlowReturn gst_pad_chain_data_unchecked(GstPad *, GstPadProbeType, void *):<manager:recv_rtp_sink_0>[00m calling chainfunction &gst_proxy_pad_chain_default with buffer buffer: 0xf279338, pts 99:99:99.999999999, dts 99:99:99.999999999, dur 99:99:99.999999999, size 16, offset 18446744073709551615, offset_end 18446744073709551615, flags 0x0
0:00:30.248827000 [336m 4877[00m  0xdc45950 [33;01mLOG    [00m [00;01;35m      GST_SCHEDULING gstpad.c:3709:GstFlowReturn gst_pad_chain_data_unchecked(GstPad *, GstPadProbeType, void *):<rtpsession0:recv_rtp_sink>[00m calling chainfunction &gst_rtp_session_chain_recv_rtp with buffer buffer: 0xf279338, pts 99:99:99.999999999, dts 99:99:99.999999999, dur 99:99:99.999999999, size 16, offset 18446744073709551615, offset_end 18446744073709551615, flags 0x0
0:00:30.248860000 [336m 4877[00m  0xdc45950 [33;01mLOG    [00m [00m          rtpsession gstrtpsession.c:1624:gst_rtp_session_chain_recv_rtp:<rtpsession0>[00m received RTP packet
0:00:30.249061000 [336m 4877[00m  0xdc45950 [37mDEBUG  [00m [00;01;33m           GST_CLOCK gstclock.c:952:GstClockTime gst_clock_get_internal_time(GstClock *):<GstSystemClock>[00m internal time 384207:38:15.989398000
0:00:30.249091000 [336m 4877[00m  0xdc45950 [37mDEBUG  [00m [00;01;33m           GST_CLOCK gstclock.c:997:GstClockTime gst_clock_get_time(GstClock *):<GstSystemClock>[00m adjusted time 384207:38:15.989398000
0:00:30.249113000 [336m 4877[00m  0xdc45950 [37mDEBUG  [00m [00;01;33m           GST_CLOCK gstclock.c:952:GstClockTime gst_clock_get_internal_time(GstClock *):<GstSystemClock>[00m internal time 384207:38:15.989454000
0:00:30.249133000 [336m 4877[00m  0xdc45950 [37mDEBUG  [00m [00;01;33m           GST_CLOCK gstclock.c:997:GstClockTime gst_clock_get_time(GstClock *):<GstSystemClock>[00m adjusted time 384207:38:15.989454000
0:00:30.249152000 [336m 4877[00m  0xdc45950 [33;01mLOG    [00m [00;01;42m          GST_BUFFER gstbuffer.c:1479:gboolean gst_buffer_map_range(GstBuffer *, guint, gint, GstMapInfo *, GstMapFlags):[00m buffer 0xf279338, idx 0, length 1, flags 0001
0:00:30.249246000 [336m 4877[00m  0xea8adb0 [37mDEBUG  [00m [00m           structure gststructure.c:2126:gboolean gst_structure_parse_field(gchar *, gchar **, GstStructureField *):[00m trying field name 'format'
0:00:30.249311000 [336m 4877[00m  0xdc45950 [33;01mLOG    [00m [00;01;42m          GST_BUFFER gstbuffer.c:207:GstMemory *_get_merged_memory(GstBuffer *, guint, guint):[00m buffer 0xf279338, idx 0, length 1
0:00:30.249317000 [336m 4877[00m  0xea8adb0 [37mDEBUG  [00m [00m           structure gststructure.c:2177:gboolean gst_structure_parse_value(gchar *, gchar **, GValue *, GType):[00m trying type name 'string'
0:00:30.249370000 [336m 4877[00m  0xdc45950 [33;01mLOG    [00m [00m           rtpsource rtpsource.c:1081:rtp_source_process_rtp:[00m seq 29088, PC: 6, OC: 218
0:00:30.249394000 [336m 4877[00m  0xdc45950 [33;01mLOG    [00m [00m           rtpsource rtpsource.c:880:calculate_jitter:[00m SSRC 528e439b got payload 96
0:00:30.249382000 [336m 4877[00m  0xea8adb0 [37mDEBUG  [00m [00m     subtitleoverlay gstsubtitleoverlay.c:362:gboolean _factory_filter(GstPluginFeature *, GstCaps **):[00m Found renderer element Text overlay (textoverlay) with caps text/x-raw, format=(string){ pango-markup, utf8 }
0:00:30.249570000 [336m 4877[00m  0xdc45950 [33;01mLOG    [00m [00m           rtpsource rtpsource.c:913:calculate_jitter:[00m rtparrival 86380, rtptime 808019749, clock-rate 90000, diff 303, jitter: 125.062500
0:00:30.249628000 [336m 4877[00m  0xdc45950 [33;01mLOG    [00m [00m           rtpsource rtpsource.c:822:push_packet:[00m pushing new packet
0:00:30.249627000 [336m 4877[00m  0xea8adb0 [37mDEBUG  [00m [00;01;37;41m     GST_PERFORMANCE gstcaps.c:162:GstCaps *_gst_caps_copy(const GstCaps *):text/x-raw, format=(string){ pango-markup, utf8 }[00m doing copy 0xeacf990 -> 0xeacf9b8
0:00:30.249642000 [336m 4877[00m  0xdc45950 [33;01mLOG    [00m [00m          rtpsession rtpsession.c:1123:source_push_rtp:[00m source 528e439b pushed receiver RTP packet
0:00:30.249911000 [336m 4877[00m  0xea8adb0 [37mDEBUG  [00m [00;01;37;41m     GST_PERFORMANCE gstminiobject.c:326:GstMiniObject *gst_mini_object_make_writable(GstMiniObject *):[00m copy GstCaps miniobject 0xeacf990 -> 0xeacf9b8
0:00:30.249951000 [336m 4877[00m  0xdc45950 [33;01mLOG    [00m [00m          rtpsession gstrtpsession.c:1070:gst_rtp_session_process_rtp:<rtpsession0>[00m pushing received RTP packet
0:00:30.250021000 [336m 4877[00m  0xea8adb0 [37mDEBUG  [00m [00m     subtitleoverlay gstsubtitleoverlay.c:430:GstCaps *gst_subtitle_overlay_create_factory_caps():[00m Created factory caps: subpicture/x-dvd; subpicture/x-pgs; subpicture/x-dvb; application/x-subtitle-avi; application/x-ssa; application/x-ass; application/x-subtitle; application/x-subtitle-sami; application/x-subtitle-tmplayer; application/x-subtitle-mpl2; application/x-subtitle-dks; application/x-subtitle-qttext; text/x-raw, format=(string){ pango-markup, utf8 }
0:00:30.250069000 [336m 4877[00m  0xdc45950 [33;01mLOG    [00m [00;01;35m      GST_SCHEDULING gstpad.c:3709:GstFlowReturn gst_pad_chain_data_unchecked(GstPad *, GstPadProbeType, void *):<rtpssrcdemux0:sink>[00m calling chainfunction &gst_rtp_ssrc_demux_chain with buffer buffer: 0xf279338, pts 99:99:99.999999999, dts 99:99:99.999999999, dur 99:99:99.999999999, size 16, offset 18446744073709551615, offset_end 18446744073709551615, flags 0x0
0:00:30.250227000 [336m 4877[00m  0xdc45950 [33;01mLOG    [00m [00;01;42m          GST_BUFFER gstbuffer.c:1479:gboolean gst_buffer_map_range(GstBuffer *, guint, gint, GstMapInfo *, GstMapFlags):[00m buffer 0xf279338, idx 0, length 1, flags 0001
0:00:30.250258000 [336m 4877[00m  0xdc45950 [33;01mLOG    [00m [00;01;42m          GST_BUFFER gstbuffer.c:207:GstMemory *_get_merged_memory(GstBuffer *, guint, guint):[00m buffer 0xf279338, idx 0, length 1
0:00:30.250243000 [336m 4877[00m  0xea8adb0 [37mDEBUG  [00m [00m             playbin gstplaybin2.c:4274:gboolean autoplug_continue_cb(GstElement *, GstPad *, GstCaps *, GstSourceGroup *):<playbin0>[00m continue autoplugging group 0xfa5669c for '':decodepad0, application/x-rtp, media=(string)video, payload=(int)96, clock-rate=(int)90000, encoding-name=(string)H264, sprop-parameter-sets=(string)"Z0LAHtoCgM7ARAAAAwAF3NZQADxYuoA\=\,aM48gA\=\=", a-tool=(string)GStreamer, a-type=(string)broadcast, clock-base=(uint)807995482, seqnum-base=(uint)29081, npt-start=(guint64)0, play-speed=(double)1, play-scale=(double)1: 1
0:00:30.250285000 [336m 4877[00m  0xdc45950 [37mDEBUG  [00m [00m        rtpssrcdemux gstrtpssrcdemux.c:627:gst_rtp_ssrc_demux_chain:<rtpssrcdemux0>[00m received buffer of SSRC 528e439b
0:00:30.250476000 [336m 4877[00m  0xea8adb0 [37mDEBUG  [00m [00m        uridecodebin gsturidecodebin.c:1664:gboolean proxy_autoplug_continue_signal(GstElement *, GstPad *, GstCaps *, GstURIDecodeBin *):<uridecodebin0>[00m autoplug-continue returned 1
0:00:30.250461000 [336m 4877[00m  0xdc45950 [33;01mLOG    [00m [00;01;35m      GST_SCHEDULING gstpad.c:3709:GstFlowReturn gst_pad_chain_data_unchecked(GstPad *, GstPadProbeType, void *):<rtpjitterbuffer0:sink>[00m calling chainfunction &gst_rtp_jitter_buffer_chain with buffer buffer: 0xf279338, pts 99:99:99.999999999, dts 99:99:99.999999999, dur 99:99:99.999999999, size 16, offset 18446744073709551615, offset_end 18446744073709551615, flags 0x0
0:00:30.250687000 [336m 4877[00m  0xea8adb0 [37mDEBUG  [00m [00m           decodebin gstdecodebin2.c:1352:gboolean gst_decode_bin_autoplug_continue(GstElement *, GstPad *, GstCaps *):<decodebin0>[00m autoplug-continue returns TRUE
0:00:30.250681000 [336m 4877[00m  0xdc45950 [33;01mLOG    [00m [00;01;42m          GST_BUFFER gstbuffer.c:1479:gboolean gst_buffer_map_range(GstBuffer *, guint, gint, GstMapInfo *, GstMapFlags):[00m buffer 0xf279338, idx 0, length 1, flags 0001
0:00:30.250726000 [336m 4877[00m  0xdc45950 [33;01mLOG    [00m [00;01;42m          GST_BUFFER gstbuffer.c:207:GstMemory *_get_merged_memory(GstBuffer *, guint, guint):[00m buffer 0xf279338, idx 0, length 1
0:00:30.250732000 [336m 4877[00m  0xea8adb0 [33;01mLOG    [00m [00m           decodebin gstdecodebin2.c:2703:gboolean are_final_caps(GstDecodeBin *, GstCaps *):<decodebin0>[00m Checking with caps application/x-rtp, media=(string)video, payload=(int)96, clock-rate=(int)90000, encoding-name=(string)H264, sprop-parameter-sets=(string)"Z0LAHtoCgM7ARAAAAwAF3NZQADxYuoA\=\,aM48gA\=\=", a-tool=(string)GStreamer, a-type=(string)broadcast, clock-base=(uint)807995482, seqnum-base=(uint)29081, npt-start=(guint64)0, play-speed=(double)1, play-scale=(double)1
0:00:30.250932000 [336m 4877[00m  0xdc45950 [37mDEBUG  [00m [00;04m             default gstsegment.c:481:guint64 gst_segment_to_running_time(const GstSegment *, GstFormat, guint64):[00m invalid position (-1)
0:00:30.250937000 [336m 4877[00m  0xea8adb0 [33;01mLOG    [00m [00m           decodebin gstdecodebin2.c:2710:gboolean are_final_caps(GstDecodeBin *, GstCaps *):<decodebin0>[00m Caps are not final caps
0:00:30.251135000 [336m 4877[00m  0xdc45950 [37mDEBUG  [00m [00m     rtpjitterbuffer gstrtpjitterbuffer.c:1936:gst_rtp_jitter_buffer_chain:<rtpjitterbuffer0>[00m Received packet #29088 at time 99:99:99.999999999, discont 0
0:00:30.251162000 [336m 4877[00m  0xdc45950 [37mDEBUG  [00m [00m     rtpjitterbuffer gstrtpjitterbuffer.c:1982:gst_rtp_jitter_buffer_chain:<rtpjitterbuffer0>[00m expected #29088, got #29088, gap of 0
0:00:30.251178000 [336m 4877[00m  0xdc45950 [37mDEBUG  [00m [00m     rtpjitterbuffer gstrtpjitterbuffer.c:2104:gst_rtp_jitter_buffer_chain:<rtpjitterbuffer0>[00m Pushed packet #29088, now 6 packets, tail: 0
0:00:30.251190000 [336m 4877[00m  0xdc45950 [33;01mLOG    [00m [00;01;35m      GST_SCHEDULING gstpad.c:3715:GstFlowReturn gst_pad_chain_data_unchecked(GstPad *, GstPadProbeType, void *):<rtpjitterbuffer0:sink>[00m called chainfunction &gst_rtp_jitter_buffer_chain with buffer 0xf279338, returned ok
0:00:30.251174000 [336m 4877[00m  0xea8adb0 [37mDEBUG  [00m [00m             playbin gstplaybin2.c:3934:GValueArray *autoplug_factories_cb(GstElement *, GstPad *, GstCaps *, GstSourceGroup *):<playbin0>[00m factories group 0xfa5669c for '':decodepad0, application/x-rtp, media=(string)video, payload=(int)96, clock-rate=(int)90000, encoding-name=(string)H264, sprop-parameter-sets=(string)"Z0LAHtoCgM7ARAAAAwAF3NZQADxYuoA\=\,aM48gA\=\=", a-tool=(string)GStreamer, a-type=(string)broadcast, clock-base=(uint)807995482, seqnum-base=(uint)29081, npt-start=(guint64)0, play-speed=(double)1, play-scale=(double)1
0:00:30.251377000 [336m 4877[00m  0xdc45950 [33;01mLOG    [00m [00;01;35m      GST_SCHEDULING gstpad.c:3715:GstFlowReturn gst_pad_chain_data_unchecked(GstPad *, GstPadProbeType, void *):<rtpssrcdemux0:sink>[00m called chainfunction &gst_rtp_ssrc_demux_chain with buffer 0xf279338, returned ok
0:00:30.251410000 [336m 4877[00m  0xdc45950 [33;01mLOG    [00m [00;01;35m      GST_SCHEDULING gstpad.c:3715:GstFlowReturn gst_pad_chain_data_unchecked(GstPad *, GstPadProbeType, void *):<rtpsession0:recv_rtp_sink>[00m called chainfunction &gst_rtp_session_chain_recv_rtp with buffer 0xf279338, returned ok
0:00:30.251562000 [336m 4877[00m  0xdc45950 [33;01mLOG    [00m [00;01;35m      GST_SCHEDULING gstpad.c:3715:GstFlowReturn gst_pad_chain_data_unchecked(GstPad *, GstPadProbeType, void *):<manager:recv_rtp_sink_0>[00m called chainfunction &gst_proxy_pad_chain_default with buffer 0xf279338, returned ok
0:00:30.251593000 [336m 4877[00m  0xdc45950 [37mDEBUG  [00m [00m             rtspsrc gstrtspsrc.c:4034:gst_rtspsrc_loop_interleaved:<source>[00m doing receive with timeout 54 seconds, 763085 usec
0:00:30.251710000 [336m 4877[00m  0xdc45950 [37mDEBUG  [00m [00m             rtspsrc gstrtspsrc.c:4044:gst_rtspsrc_loop_interleaved:<source>[00m we received a server message
0:00:30.251727000 [336m 4877[00m  0xdc45950 [37mDEBUG  [00m [00m             rtspsrc gstrtspsrc.c:4080:gst_rtspsrc_loop_interleaved:<source>[00m got data message
0:00:30.251781000 [336m 4877[00m  0xdc45950 [33;01mLOG    [00m [00;01;42m          GST_BUFFER gstbuffer.c:628:GstBuffer *gst_buffer_new():[00m new 0xf2793d8
0:00:30.251804000 [336m 4877[00m  0xdc45950 [37mDEBUG  [00m [00;01;34m          GST_MEMORY gstmemory.c:138:void gst_memory_init(GstMemory *, GstMemoryFlags, GstAllocator *, GstMemory *, gsize, gsize, gsize, gsize):[00m new memory 0xfa4d8a0, maxsize:1400 offset:0 size:1400
0:00:30.251828000 [336m 4877[00m  0xdc45950 [33;01mLOG    [00m [00;01;42m          GST_BUFFER gstbuffer.c:297:void _memory_add(GstBuffer *, gint, GstMemory *, gboolean):[00m buffer 0xf2793d8, idx -1, mem 0xfa4d8a0, lock 1
0:00:30.251849000 [336m 4877[00m  0xdc45950 [37mDEBUG  [00m [00m             rtspsrc gstrtspsrc.c:3910:gst_rtspsrc_handle_data:<source>[00m pushing data of size 1400 on channel 0
0:00:30.251863000 [336m 4877[00m  0xdc45950 [33;01mLOG    [00m [00;01;35m      GST_SCHEDULING gstpad.c:3709:GstFlowReturn gst_pad_chain_data_unchecked(GstPad *, GstPadProbeType, void *):<manager:recv_rtp_sink_0>[00m calling chainfunction &gst_proxy_pad_chain_default with buffer buffer: 0xf2793d8, pts 99:99:99.999999999, dts 99:99:99.999999999, dur 99:99:99.999999999, size 1400, offset 18446744073709551615, offset_end 18446744073709551615, flags 0x0
0:00:30.252039000 [336m 4877[00m  0xdc45950 [33;01mLOG    [00m [00;01;35m      GST_SCHEDULING gstpad.c:3709:GstFlowReturn gst_pad_chain_data_unchecked(GstPad *, GstPadProbeType, void *):<rtpsession0:recv_rtp_sink>[00m calling chainfunction &gst_rtp_session_chain_recv_rtp with buffer buffer: 0xf2793d8, pts 99:99:99.999999999, dts 99:99:99.999999999, dur 99:99:99.999999999, size 1400, offset 18446744073709551615, offset_end 18446744073709551615, flags 0x0
0:00:30.252074000 [336m 4877[00m  0xdc45950 [33;01mLOG    [00m [00m          rtpsession gstrtpsession.c:1624:gst_rtp_session_chain_recv_rtp:<rtpsession0>[00m received RTP packet
0:00:30.252264000 [336m 4877[00m  0xdc45950 [37mDEBUG  [00m [00;01;33m           GST_CLOCK gstclock.c:952:GstClockTime gst_clock_get_internal_time(GstClock *):<GstSystemClock>[00m internal time 384207:38:15.992604000
0:00:30.252292000 [336m 4877[00m  0xdc45950 [37mDEBUG  [00m [00;01;33m           GST_CLOCK gstclock.c:997:GstClockTime gst_clock_get_time(GstClock *):<GstSystemClock>[00m adjusted time 384207:38:15.992604000
0:00:30.252311000 [336m 4877[00m  0xdc45950 [37mDEBUG  [00m [00;01;33m           GST_CLOCK gstclock.c:952:GstClockTime gst_clock_get_internal_time(GstClock *):<GstSystemClock>[00m internal time 384207:38:15.992652000
0:00:30.252323000 [336m 4877[00m  0xdc45950 [37mDEBUG  [00m [00;01;33m           GST_CLOCK gstclock.c:997:GstClockTime gst_clock_get_time(GstClock *):<GstSystemClock>[00m adjusted time 384207:38:15.992652000
0:00:30.252336000 [336m 4877[00m  0xdc45950 [33;01mLOG    [00m [00;01;42m          GST_BUFFER gstbuffer.c:1479:gboolean gst_buffer_map_range(GstBuffer *, guint, gint, GstMapInfo *, GstMapFlags):[00m buffer 0xf2793d8, idx 0, length 1, flags 0001
0:00:30.252493000 [336m 4877[00m  0xdc45950 [33;01mLOG    [00m [00;01;42m          GST_BUFFER gstbuffer.c:207:GstMemory *_get_merged_memory(GstBuffer *, guint, guint):[00m buffer 0xf2793d8, idx 0, length 1
0:00:30.252523000 [336m 4877[00m  0xdc45950 [33;01mLOG    [00m [00m           rtpsource rtpsource.c:1081:rtp_source_process_rtp:[00m seq 29089, PC: 7, OC: 1606
0:00:30.252539000 [336m 4877[00m  0xdc45950 [33;01mLOG    [00m [00m           rtpsource rtpsource.c:880:calculate_jitter:[00m SSRC 528e439b got payload 96
0:00:30.252550000 [336m 4877[00m  0xdc45950 [33;01mLOG    [00m [00m           rtpsource rtpsource.c:913:calculate_jitter:[00m rtparrival 86669, rtptime 808019749, clock-rate 90000, diff 289, jitter: 135.312500
0:00:30.252563000 [336m 4877[00m  0xdc45950 [33;01mLOG    [00m [00m           rtpsource rtpsource.c:822:push_packet:[00m pushing new packet
0:00:30.252570000 [336m 4877[00m  0xdc45950 [33;01mLOG    [00m [00m          rtpsession rtpsession.c:1123:source_push_rtp:[00m source 528e439b pushed receiver RTP packet
0:00:30.252727000 [336m 4877[00m  0xdc45950 [33;01mLOG    [00m [00m          rtpsession gstrtpsession.c:1070:gst_rtp_session_process_rtp:<rtpsession0>[00m pushing received RTP packet
0:00:30.252750000 [336m 4877[00m  0xdc45950 [33;01mLOG    [00m [00;01;35m      GST_SCHEDULING gstpad.c:3709:GstFlowReturn gst_pad_chain_data_unchecked(GstPad *, GstPadProbeType, void *):<rtpssrcdemux0:sink>[00m calling chainfunction &gst_rtp_ssrc_demux_chain with buffer buffer: 0xf2793d8, pts 99:99:99.999999999, dts 99:99:99.999999999, dur 99:99:99.999999999, size 1400, offset 18446744073709551615, offset_end 18446744073709551615, flags 0x0
0:00:30.252776000 [336m 4877[00m  0xdc45950 [33;01mLOG    [00m [00;01;42m          GST_BUFFER gstbuffer.c:1479:gboolean gst_buffer_map_range(GstBuffer *, guint, gint, GstMapInfo *, GstMapFlags):[00m buffer 0xf2793d8, idx 0, length 1, flags 0001
0:00:30.252954000 [336m 4877[00m  0xdc45950 [33;01mLOG    [00m [00;01;42m          GST_BUFFER gstbuffer.c:207:GstMemory *_get_merged_memory(GstBuffer *, guint, guint):[00m buffer 0xf2793d8, idx 0, length 1
0:00:30.252982000 [336m 4877[00m  0xdc45950 [37mDEBUG  [00m [00m        rtpssrcdemux gstrtpssrcdemux.c:627:gst_rtp_ssrc_demux_chain:<rtpssrcdemux0>[00m received buffer of SSRC 528e439b
0:00:30.253000000 [336m 4877[00m  0xdc45950 [33;01mLOG    [00m [00;01;35m      GST_SCHEDULING gstpad.c:3709:GstFlowReturn gst_pad_chain_data_unchecked(GstPad *, GstPadProbeType, void *):<rtpjitterbuffer0:sink>[00m calling chainfunction &gst_rtp_jitter_buffer_chain with buffer buffer: 0xf2793d8, pts 99:99:99.999999999, dts 99:99:99.999999999, dur 99:99:99.999999999, size 1400, offset 18446744073709551615, offset_end 18446744073709551615, flags 0x0
0:00:30.253019000 [336m 4877[00m  0xdc45950 [33;01mLOG    [00m [00;01;42m          GST_BUFFER gstbuffer.c:1479:gboolean gst_buffer_map_range(GstBuffer *, guint, gint, GstMapInfo *, GstMapFlags):[00m buffer 0xf2793d8, idx 0, length 1, flags 0001
0:00:30.253191000 [336m 4877[00m  0xdc45950 [33;01mLOG    [00m [00;01;42m          GST_BUFFER gstbuffer.c:207:GstMemory *_get_merged_memory(GstBuffer *, guint, guint):[00m buffer 0xf2793d8, idx 0, length 1
0:00:30.253216000 [336m 4877[00m  0xdc45950 [37mDEBUG  [00m [00;04m             default gstsegment.c:481:guint64 gst_segment_to_running_time(const GstSegment *, GstFormat, guint64):[00m invalid position (-1)
0:00:30.253231000 [336m 4877[00m  0xdc45950 [37mDEBUG  [00m [00m     rtpjitterbuffer gstrtpjitterbuffer.c:1936:gst_rtp_jitter_buffer_chain:<rtpjitterbuffer0>[00m Received packet #29089 at time 99:99:99.999999999, discont 0
0:00:30.253248000 [336m 4877[00m  0xdc45950 [37mDEBUG  [00m [00m     rtpjitterbuffer gstrtpjitterbuffer.c:1982:gst_rtp_jitter_buffer_chain:<rtpjitterbuffer0>[00m expected #29089, got #29089, gap of 0
0:00:30.253261000 [336m 4877[00m  0xdc45950 [37mDEBUG  [00m [00m     rtpjitterbuffer gstrtpjitterbuffer.c:2104:gst_rtp_jitter_buffer_chain:<rtpjitterbuffer0>[00m Pushed packet #29089, now 7 packets, tail: 0
0:00:30.253426000 [336m 4877[00m  0xdc45950 [33;01mLOG    [00m [00;01;35m      GST_SCHEDULING gstpad.c:3715:GstFlowReturn gst_pad_chain_data_unchecked(GstPad *, GstPadProbeType, void *):<rtpjitterbuffer0:sink>[00m called chainfunction &gst_rtp_jitter_buffer_chain with buffer 0xf2793d8, returned ok
0:00:30.253454000 [336m 4877[00m  0xdc45950 [33;01mLOG    [00m [00;01;35m      GST_SCHEDULING gstpad.c:3715:GstFlowReturn gst_pad_chain_data_unchecked(GstPad *, GstPadProbeType, void *):<rtpssrcdemux0:sink>[00m called chainfunction &gst_rtp_ssrc_demux_chain with buffer 0xf2793d8, returned ok
0:00:30.253474000 [336m 4877[00m  0xdc45950 [33;01mLOG    [00m [00;01;35m      GST_SCHEDULING gstpad.c:3715:GstFlowReturn gst_pad_chain_data_unchecked(GstPad *, GstPadProbeType, void *):<rtpsession0:recv_rtp_sink>[00m called chainfunction &gst_rtp_session_chain_recv_rtp with buffer 0xf2793d8, returned ok
0:00:30.253662000 [336m 4877[00m  0xdc45950 [33;01mLOG    [00m [00;01;35m      GST_SCHEDULING gstpad.c:3715:GstFlowReturn gst_pad_chain_data_unchecked(GstPad *, GstPadProbeType, void *):<manager:recv_rtp_sink_0>[00m called chainfunction &gst_proxy_pad_chain_default with buffer 0xf2793d8, returned ok
0:00:30.253689000 [336m 4877[00m  0xdc45950 [37mDEBUG  [00m [00m             rtspsrc gstrtspsrc.c:4034:gst_rtspsrc_loop_interleaved:<source>[00m doing receive with timeout 54 seconds, 760987 usec
0:00:30.253776000 [336m 4877[00m  0xdc45950 [37mDEBUG  [00m [00m             rtspsrc gstrtspsrc.c:4044:gst_rtspsrc_loop_interleaved:<source>[00m we received a server message
0:00:30.253795000 [336m 4877[00m  0xdc45950 [37mDEBUG  [00m [00m             rtspsrc gstrtspsrc.c:4080:gst_rtspsrc_loop_interleaved:<source>[00m got data message
0:00:30.253807000 [336m 4877[00m  0xdc45950 [33;01mLOG    [00m [00;01;42m          GST_BUFFER gstbuffer.c:628:GstBuffer *gst_buffer_new():[00m new 0xf279478
0:00:30.253894000 [336m 4877[00m  0xdc45950 [37mDEBUG  [00m [00;01;34m          GST_MEMORY gstmemory.c:138:void gst_memory_init(GstMemory *, GstMemoryFlags, GstAllocator *, GstMemory *, gsize, gsize, gsize, gsize):[00m new memory 0xfa4d8f0, maxsize:1400 offset:0 size:1400
0:00:30.253927000 [336m 4877[00m  0xdc45950 [33;01mLOG    [00m [00;01;42m          GST_BUFFER gstbuffer.c:297:void _memory_add(GstBuffer *, gint, GstMemory *, gboolean):[00m buffer 0xf279478, idx -1, mem 0xfa4d8f0, lock 1
0:00:30.253953000 [336m 4877[00m  0xdc45950 [37mDEBUG  [00m [00m             rtspsrc gstrtspsrc.c:3910:gst_rtspsrc_handle_data:<source>[00m pushing data of size 1400 on channel 0
0:00:30.253976000 [336m 4877[00m  0xdc45950 [33;01mLOG    [00m [00;01;35m      GST_SCHEDULING gstpad.c:3709:GstFlowReturn gst_pad_chain_data_unchecked(GstPad *, GstPadProbeType, void *):<manager:recv_rtp_sink_0>[00m calling chainfunction &gst_proxy_pad_chain_default with buffer buffer: 0xf279478, pts 99:99:99.999999999, dts 99:99:99.999999999, dur 99:99:99.999999999, size 1400, offset 18446744073709551615, offset_end 18446744073709551615, flags 0x0
0:00:30.254133000 [336m 4877[00m  0xdc45950 [33;01mLOG    [00m [00;01;35m      GST_SCHEDULING gstpad.c:3709:GstFlowReturn gst_pad_chain_data_unchecked(GstPad *, GstPadProbeType, void *):<rtpsession0:recv_rtp_sink>[00m calling chainfunction &gst_rtp_session_chain_recv_rtp with buffer buffer: 0xf279478, pts 99:99:99.999999999, dts 99:99:99.999999999, dur 99:99:99.999999999, size 1400, offset 18446744073709551615, offset_end 18446744073709551615, flags 0x0
0:00:30.254170000 [336m 4877[00m  0xdc45950 [33;01mLOG    [00m [00m          rtpsession gstrtpsession.c:1624:gst_rtp_session_chain_recv_rtp:<rtpsession0>[00m received RTP packet
0:00:30.254189000 [336m 4877[00m  0xdc45950 [37mDEBUG  [00m [00;01;33m           GST_CLOCK gstclock.c:952:GstClockTime gst_clock_get_internal_time(GstClock *):<GstSystemClock>[00m internal time 384207:38:15.994529000
0:00:30.254352000 [336m 4877[00m  0xdc45950 [37mDEBUG  [00m [00;01;33m           GST_CLOCK gstclock.c:997:GstClockTime gst_clock_get_time(GstClock *):<GstSystemClock>[00m adjusted time 384207:38:15.994529000
0:00:30.254381000 [336m 4877[00m  0xdc45950 [37mDEBUG  [00m [00;01;33m           GST_CLOCK gstclock.c:952:GstClockTime gst_clock_get_internal_time(GstClock *):<GstSystemClock>[00m internal time 384207:38:15.994721000
0:00:30.254405000 [336m 4877[00m  0xdc45950 [37mDEBUG  [00m [00;01;33m           GST_CLOCK gstclock.c:997:GstClockTime gst_clock_get_time(GstClock *):<GstSystemClock>[00m adjusted time 384207:38:15.994721000
0:00:30.254429000 [336m 4877[00m  0xdc45950 [33;01mLOG    [00m [00;01;42m          GST_BUFFER gstbuffer.c:1479:gboolean gst_buffer_map_range(GstBuffer *, guint, gint, GstMapInfo *, GstMapFlags):[00m buffer 0xf279478, idx 0, length 1, flags 0001
0:00:30.254451000 [336m 4877[00m  0xdc45950 [33;01mLOG    [00m [00;01;42m          GST_BUFFER gstbuffer.c:207:GstMemory *_get_merged_memory(GstBuffer *, guint, guint):[00m buffer 0xf279478, idx 0, length 1
0:00:30.254588000 [336m 4877[00m  0xdc45950 [33;01mLOG    [00m [00m           rtpsource rtpsource.c:1081:rtp_source_process_rtp:[00m seq 29090, PC: 8, OC: 2994
0:00:30.254611000 [336m 4877[00m  0xdc45950 [33;01mLOG    [00m [00m           rtpsource rtpsource.c:880:calculate_jitter:[00m SSRC 528e439b got payload 96
0:00:30.254630000 [336m 4877[00m  0xdc45950 [33;01mLOG    [00m [00m           rtpsource rtpsource.c:913:calculate_jitter:[00m rtparrival 86842, rtptime 808019749, clock-rate 90000, diff 173, jitter: 137.687500
0:00:30.254653000 [336m 4877[00m  0xdc45950 [33;01mLOG    [00m [00m           rtpsource rtpsource.c:822:push_packet:[00m pushing new packet
0:00:30.254666000 [336m 4877[00m  0xdc45950 [33;01mLOG    [00m [00m          rtpsession rtpsession.c:1123:source_push_rtp:[00m source 528e439b pushed receiver RTP packet
0:00:30.254685000 [336m 4877[00m  0xdc45950 [33;01mLOG    [00m [00m          rtpsession gstrtpsession.c:1070:gst_rtp_session_process_rtp:<rtpsession0>[00m pushing received RTP packet
0:00:30.254822000 [336m 4877[00m  0xdc45950 [33;01mLOG    [00m [00;01;35m      GST_SCHEDULING gstpad.c:3709:GstFlowReturn gst_pad_chain_data_unchecked(GstPad *, GstPadProbeType, void *):<rtpssrcdemux0:sink>[00m calling chainfunction &gst_rtp_ssrc_demux_chain with buffer buffer: 0xf279478, pts 99:99:99.999999999, dts 99:99:99.999999999, dur 99:99:99.999999999, size 1400, offset 18446744073709551615, offset_end 18446744073709551615, flags 0x0
0:00:30.254859000 [336m 4877[00m  0xdc45950 [33;01mLOG    [00m [00;01;42m          GST_BUFFER gstbuffer.c:1479:gboolean gst_buffer_map_range(GstBuffer *, guint, gint, GstMapInfo *, GstMapFlags):[00m buffer 0xf279478, idx 0, length 1, flags 0001
0:00:30.254881000 [336m 4877[00m  0xdc45950 [33;01mLOG    [00m [00;01;42m          GST_BUFFER gstbuffer.c:207:GstMemory *_get_merged_memory(GstBuffer *, guint, guint):[00m buffer 0xf279478, idx 0, length 1
0:00:30.255053000 [336m 4877[00m  0xdc45950 [37mDEBUG  [00m [00m        rtpssrcdemux gstrtpssrcdemux.c:627:gst_rtp_ssrc_demux_chain:<rtpssrcdemux0>[00m received buffer of SSRC 528e439b
0:00:30.255080000 [336m 4877[00m  0xdc45950 [33;01mLOG    [00m [00;01;35m      GST_SCHEDULING gstpad.c:3709:GstFlowReturn gst_pad_chain_data_unchecked(GstPad *, GstPadProbeType, void *):<rtpjitterbuffer0:sink>[00m calling chainfunction &gst_rtp_jitter_buffer_chain with buffer buffer: 0xf279478, pts 99:99:99.999999999, dts 99:99:99.999999999, dur 99:99:99.999999999, size 1400, offset 18446744073709551615, offset_end 18446744073709551615, flags 0x0
0:00:30.255113000 [336m 4877[00m  0xdc45950 [33;01mLOG    [00m [00;01;42m          GST_BUFFER gstbuffer.c:1479:gboolean gst_buffer_map_range(GstBuffer *, guint, gint, GstMapInfo *, GstMapFlags):[00m buffer 0xf279478, idx 0, length 1, flags 0001
0:00:30.255135000 [336m 4877[00m  0xdc45950 [33;01mLOG    [00m [00;01;42m          GST_BUFFER gstbuffer.c:207:GstMemory *_get_merged_memory(GstBuffer *, guint, guint):[00m buffer 0xf279478, idx 0, length 1
0:00:30.255283000 [336m 4877[00m  0xdc45950 [37mDEBUG  [00m [00;04m             default gstsegment.c:481:guint64 gst_segment_to_running_time(const GstSegment *, GstFormat, guint64):[00m invalid position (-1)
0:00:30.255305000 [336m 4877[00m  0xdc45950 [37mDEBUG  [00m [00m     rtpjitterbuffer gstrtpjitterbuffer.c:1936:gst_rtp_jitter_buffer_chain:<rtpjitterbuffer0>[00m Received packet #29090 at time 99:99:99.999999999, discont 0
0:00:30.255332000 [336m 4877[00m  0xdc45950 [37mDEBUG  [00m [00m     rtpjitterbuffer gstrtpjitterbuffer.c:1982:gst_rtp_jitter_buffer_chain:<rtpjitterbuffer0>[00m expected #29090, got #29090, gap of 0
0:00:30.255354000 [336m 4877[00m  0xdc45950 [37mDEBUG  [00m [00m     rtpjitterbuffer gstrtpjitterbuffer.c:2104:gst_rtp_jitter_buffer_chain:<rtpjitterbuffer0>[00m Pushed packet #29090, now 8 packets, tail: 0
0:00:30.255374000 [336m 4877[00m  0xdc45950 [33;01mLOG    [00m [00;01;35m      GST_SCHEDULING gstpad.c:3715:GstFlowReturn gst_pad_chain_data_unchecked(GstPad *, GstPadProbeType, void *):<rtpjitterbuffer0:sink>[00m called chainfunction &gst_rtp_jitter_buffer_chain with buffer 0xf279478, returned ok
0:00:30.255518000 [336m 4877[00m  0xdc45950 [33;01mLOG    [00m [00;01;35m      GST_SCHEDULING gstpad.c:3715:GstFlowReturn gst_pad_chain_data_unchecked(GstPad *, GstPadProbeType, void *):<rtpssrcdemux0:sink>[00m called chainfunction &gst_rtp_ssrc_demux_chain with buffer 0xf279478, returned ok
0:00:30.255549000 [336m 4877[00m  0xdc45950 [33;01mLOG    [00m [00;01;35m      GST_SCHEDULING gstpad.c:3715:GstFlowReturn gst_pad_chain_data_unchecked(GstPad *, GstPadProbeType, void *):<rtpsession0:recv_rtp_sink>[00m called chainfunction &gst_rtp_session_chain_recv_rtp with buffer 0xf279478, returned ok
0:00:30.255575000 [336m 4877[00m  0xdc45950 [33;01mLOG    [00m [00;01;35m      GST_SCHEDULING gstpad.c:3715:GstFlowReturn gst_pad_chain_data_unchecked(GstPad *, GstPadProbeType, void *):<manager:recv_rtp_sink_0>[00m called chainfunction &gst_proxy_pad_chain_default with buffer 0xf279478, returned ok
0:00:30.255745000 [336m 4877[00m  0xdc45950 [37mDEBUG  [00m [00m             rtspsrc gstrtspsrc.c:4034:gst_rtspsrc_loop_interleaved:<source>[00m doing receive with timeout 54 seconds, 758934 usec
0:00:30.255855000 [336m 4877[00m  0xdc45950 [37mDEBUG  [00m [00m             rtspsrc gstrtspsrc.c:4044:gst_rtspsrc_loop_interleaved:<source>[00m we received a server message
0:00:30.255873000 [336m 4877[00m  0xdc45950 [37mDEBUG  [00m [00m             rtspsrc gstrtspsrc.c:4080:gst_rtspsrc_loop_interleaved:<source>[00m got data message
0:00:30.255891000 [336m 4877[00m  0xdc45950 [33;01mLOG    [00m [00;01;42m          GST_BUFFER gstbuffer.c:628:GstBuffer *gst_buffer_new():[00m new 0xf279518
0:00:30.255909000 [336m 4877[00m  0xdc45950 [37mDEBUG  [00m [00;01;34m          GST_MEMORY gstmemory.c:138:void gst_memory_init(GstMemory *, GstMemoryFlags, GstAllocator *, GstMemory *, gsize, gsize, gsize, gsize):[00m new memory 0xfa502a0, maxsize:1400 offset:0 size:1400
0:00:30.255979000 [336m 4877[00m  0xdc45950 [33;01mLOG    [00m [00;01;42m          GST_BUFFER gstbuffer.c:297:void _memory_add(GstBuffer *, gint, GstMemory *, gboolean):[00m buffer 0xf279518, idx -1, mem 0xfa502a0, lock 1
0:00:30.256008000 [336m 4877[00m  0xdc45950 [37mDEBUG  [00m [00m             rtspsrc gstrtspsrc.c:3910:gst_rtspsrc_handle_data:<source>[00m pushing data of size 1400 on channel 0
0:00:30.256031000 [336m 4877[00m  0xdc45950 [33;01mLOG    [00m [00;01;35m      GST_SCHEDULING gstpad.c:3709:GstFlowReturn gst_pad_chain_data_unchecked(GstPad *, GstPadProbeType, void *):<manager:recv_rtp_sink_0>[00m calling chainfunction &gst_proxy_pad_chain_default with buffer buffer: 0xf279518, pts 99:99:99.999999999, dts 99:99:99.999999999, dur 99:99:99.999999999, size 1400, offset 18446744073709551615, offset_end 18446744073709551615, flags 0x0
0:00:30.256060000 [336m 4877[00m  0xdc45950 [33;01mLOG    [00m [00;01;35m      GST_SCHEDULING gstpad.c:3709:GstFlowReturn gst_pad_chain_data_unchecked(GstPad *, GstPadProbeType, void *):<rtpsession0:recv_rtp_sink>[00m calling chainfunction &gst_rtp_session_chain_recv_rtp with buffer buffer: 0xf279518, pts 99:99:99.999999999, dts 99:99:99.999999999, dur 99:99:99.999999999, size 1400, offset 18446744073709551615, offset_end 18446744073709551615, flags 0x0
0:00:30.256231000 [336m 4877[00m  0xdc45950 [33;01mLOG    [00m [00m          rtpsession gstrtpsession.c:1624:gst_rtp_session_chain_recv_rtp:<rtpsession0>[00m received RTP packet
0:00:30.256253000 [336m 4877[00m  0xdc45950 [37mDEBUG  [00m [00;01;33m           GST_CLOCK gstclock.c:952:GstClockTime gst_clock_get_internal_time(GstClock *):<GstSystemClock>[00m internal time 384207:38:15.996594000
