0:00:35.332573293 [333m24680[00m 0xb5f008a8 [32;01mINFO [00m [00;01;31m          GST_STATES gstbin.c:2578:bin_handle_async_done:<autoaudiosink1>[00m committing state from PAUSED to PAUSED, old pending PAUSED
0:00:35.332596189 [333m24680[00m 0xb5f008a8 [32;01mINFO [00m [00;01;31m          GST_STATES gstbin.c:2593:bin_handle_async_done:<autoaudiosink1>[00m completed state change, pending VOID
0:00:35.332641152 [333m24680[00m 0xb5f008a8 [32;01mINFO [00m [00;01;31m          GST_STATES gstbin.c:2578:bin_handle_async_done:<pitivi-audiosink>[00m committing state from PAUSED to PAUSED, old pending PAUSED
0:00:35.332662039 [333m24680[00m 0xb5f008a8 [32;01mINFO [00m [00;01;31m          GST_STATES gstbin.c:2593:bin_handle_async_done:<pitivi-audiosink>[00m completed state change, pending VOID
0:00:35.332704292 [333m24680[00m 0xb5f008a8 [32;01mINFO [00m [00;01;31m          GST_STATES gstbin.c:2578:bin_handle_async_done:<asinkthread>[00m committing state from PAUSED to PAUSED, old pending PAUSED
0:00:35.332739778 [333m24680[00m 0xb5f008a8 [32;01mINFO [00m [00;01;31m          GST_STATES gstbin.c:2593:bin_handle_async_done:<asinkthread>[00m completed state change, pending VOID
0:00:35.357812450 [333m24680[00m  0x993ffc0 [32;01mINFO [00m [00;01;37;41m            GST_PADS gstpad.c:3222:gst_pad_event_default_dispatch:<vtee:sink>[00m Sending event 0xa358740 (flush-stop) to all internally linked pads
0:00:35.358016153 [333m24680[00m 0xb5f052d0 [32;01mINFO [00m [00;01;34m           GST_EVENT gstevent.c:557:gst_event_new_new_segment_full:[00m creating newsegment update 0, rate 1,027638, format GST_FORMAT_TIME, start 0:00:00.333666666, stop 0:00:40.900000000, position 0:00:00.333666666
0:00:35.358079964 [333m24680[00m  0x993ffc0 [32;01mINFO [00m [00;32m              python objects.py:482:_setStartDurationTime:<source-file:///home/jeff/Vidéos/montage/2009 - A Workspace Odyssey/arrêt d'autobus sud.MOV-brother-audio2>[00m start:CLOCK_TIME_NONE , duration:0:00:39.800000000
0:00:35.358114304 [333m24680[00m 0xb5f052d0 [32;01mINFO [00m [00;01;34m           GST_EVENT gstevent.c:557:gst_event_new_new_segment_full:[00m creating newsegment update 0, rate 1,027638, format GST_FORMAT_TIME, start 0:00:00.333666666, stop 0:00:40.900000000, position 0:00:00.324692745
0:00:35.358179336 [333m24680[00m 0xb5f052d0 [32;01mINFO [00m [00;01;37;41m            GST_PADS gstpad.c:3222:gst_pad_event_default_dispatch:<vtee:sink>[00m Sending event 0x9fa1ac8 (newsegment) to all internally linked pads
0:00:35.358294025 [333m24680[00m  0x993ffc0 [37mLOG  [00m [00;32m              python objects.py:525:_startDurationChangedCb:[00m self:<TimelineFileSource 'file:///home/jeff/Vidéos/montage/2009 - A Workspace Odyssey/arrêt d'autobus sud.MOV-brother' at 0x9ea1f0c> , gnlobject:<__main__.GnlSource object (source-file:///home/jeff/Vidéos/montage/2009 - A Workspace Odyssey/arrêt d'autobus sud.MOV-brother-audio2) at 0x9ea484c> <__main__.GnlSource object (source-file:///home/jeff/Vidéos/montage/2009 - A Workspace Odyssey/arrêt d'autobus sud.MOV-brother-audio2) at 0x9ea484c>
0:00:35.358338534 [333m24680[00m  0x993ffc0 [36mDEBUG[00m [00;32m              python objects.py:529:_startDurationChangedCb:<source-file:///home/jeff/Vidéos/montage/2009 - A Workspace Odyssey/arrêt d'autobus sud.MOV-brother-audio2>[00m property:duration
0:00:35.358376387 [333m24680[00m  0x993ffc0 [37mLOG  [00m [00;32m              python objects.py:543:_startDurationChangedCb:[00m duration: 0:00:39.800000000 => 0:00:39.800000000
0:00:35.358618213 [333m24680[00m  0x993ffc0 [37mLOG  [00m [00;32m              python objects.py:525:_startDurationChangedCb:[00m self:<TimelineBlankSource 'default-audio' at 0x9d8876c> , gnlobject:<__main__.GnlSource object (source-default-audio-audio) at 0x9d8c48c> <__main__.GnlSource object (source-default-audio-audio) at 0x9d8c48c>
0:00:35.358649874 [333m24680[00m  0x993ffc0 [36mDEBUG[00m [00;32m              python objects.py:529:_startDurationChangedCb:<source-default-audio-audio>[00m property:duration
0:00:35.358684394 [333m24680[00m  0x993ffc0 [37mLOG  [00m [00;32m              python objects.py:543:_startDurationChangedCb:[00m duration: 0:00:40.900000000 => 0:00:39.800000000
0:00:35.358711273 [333m24680[00m  0x993ffc0 [36mDEBUG[00m [00;32m              python objects.py:547:_startDurationChangedCb:<source-default-audio-audio>[00m duration changed:0:00:39.800000000
0:00:35.358918420 [333m24680[00m  0x993ffc0 [37mLOG  [00m [00;32m              python source.py:150:_mediaStartDurationChangedCb:[00m <__main__.GnlSource object (source-default-audio-audio) at 0x9d8c48c> <GParamInt64 'media-duration'> media-duration
0:00:35.358955939 [333m24680[00m  0x993ffc0 [37mLOG  [00m [00;32m              python source.py:166:_mediaStartDurationChangedCb:[00m duration: 0:00:40.900000000 => 0:00:39.800000000
0:00:35.359034995 [333m24680[00m  0x993ffc0 [37mLOG  [00m [00;32m              python objects.py:525:_startDurationChangedCb:[00m self:<TimelineComposition 'audiocomp' at 0x9d886cc> , gnlobject:<__main__.GnlComposition object (composition-audiocomp) at 0x9d8c2fc> <__main__.GnlComposition object (composition-audiocomp) at 0x9d8c2fc>
0:00:35.359086869 [333m24680[00m  0x993ffc0 [36mDEBUG[00m [00;32m              python objects.py:529:_startDurationChangedCb:<composition-audiocomp>[00m property:duration
0:00:35.359121236 [333m24680[00m  0x993ffc0 [37mLOG  [00m [00;32m              python objects.py:543:_startDurationChangedCb:[00m duration: 0:00:40.900000000 => 0:00:39.800000000
0:00:35.359147410 [333m24680[00m  0x993ffc0 [36mDEBUG[00m [00;32m              python objects.py:547:_startDurationChangedCb:<composition-audiocomp>[00m duration changed:0:00:39.800000000
0:00:35.359212574 [333m24680[00m  0x993ffc0 [32;01mINFO [00m [00;32m              python ruler.py:252:startDurationChanged:[00m start/duration changed
0:00:35.359548943 [333m24680[00m  0x993ffc0 [32;01mINFO [00m [00;01;34m           GST_EVENT gstevent.c:874:gst_event_new_seek:[00m creating seek rate 1,000000, format TIME, flags 11, start_type 0, start 99:99:99.999999999, stop_type 2, stop 0:00:39.800000000
0:00:35.359598462 [333m24680[00m  0x993ffc0 [32;01mINFO [00m [00;01;34m           GST_EVENT gstevent.c:874:gst_event_new_seek:[00m creating seek rate 1,027638, format TIME, flags 11, start_type 0, start 99:99:99.999999999, stop_type 2, stop 0:00:40.900000000
0:00:35.359654862 [333m24680[00m  0x993ffc0 [32;01mINFO [00m [00;01;37;41m            GST_PADS gstpad.c:3222:gst_pad_event_default_dispatch:<faad2:sink>[00m Sending event 0xa34ba00 (flush-start) to all internally linked pads
0:00:35.359686225 [333m24680[00m  0x993ffc0 [32;01mINFO [00m [00;01;37;41m            GST_PADS gstpad.c:3222:gst_pad_event_default_dispatch:<atee:sink>[00m Sending event 0xa34ba00 (flush-start) to all internally linked pads
0:00:35.359890963 [333m24680[00m  0x993ffc0 [32;01mINFO [00m [00;01;37;41m            GST_PADS gstpad.c:3222:gst_pad_event_default_dispatch:<atee:sink>[00m Sending event 0xa36d6a0 (flush-stop) to all internally linked pads
0:00:35.360025953 [333m24680[00m 0xb5f078d0 [32;01mINFO [00m [00;01;34m           GST_EVENT gstevent.c:557:gst_event_new_new_segment_full:[00m creating newsegment update 0, rate 1,027638, format GST_FORMAT_TIME, start 0:00:11.818666666, stop 0:00:40.900000000, position 0:00:11.818666666
0:00:35.360063616 [333m24680[00m  0x993ffc0 [32;01mINFO [00m [00;32m              python source.py:104:_setMediaStartDurationTime:[00m TimelineFileSource <TimelineFileSource 'file:///home/jeff/Vidéos/montage/2009 - A Workspace Odyssey/arrêt d'autobus sud.MOV' at 0x9ea1dcc> start:CLOCK_TIME_NONE , duration:0:00:39.800000000
0:00:35.360111024 [333m24680[00m  0x993ffc0 [32;01mINFO [00m [00;32m              python source.py:108:_setMediaStartDurationTime:[00m TimelineFileSource <TimelineFileSource 'file:///home/jeff/Vidéos/montage/2009 - A Workspace Odyssey/arrêt d'autobus sud.MOV' at 0x9ea1dcc> EXISTING start:0:00:00.000000000 , duration:0:00:40.900000000
0:00:35.360174943 [333m24680[00m  0x993ffc0 [37mLOG  [00m [00;32m              python source.py:150:_mediaStartDurationChangedCb:[00m <__main__.GnlSource object (source-file:///home/jeff/Vidéos/montage/2009 - A Workspace Odyssey/arrêt d'autobus sud.MOV-video1) at 0x9ea434c> <GParamInt64 'media-duration'> media-duration
0:00:35.360212471 [333m24680[00m  0x993ffc0 [37mLOG  [00m [00;32m              python source.py:166:_mediaStartDurationChangedCb:[00m duration: 0:00:40.900000000 => 0:00:39.800000000
0:00:35.360288475 [333m24680[00m  0x993ffc0 [32;01mINFO [00m [00;32m              python source.py:104:_setMediaStartDurationTime:[00m TimelineFileSource <TimelineFileSource 'file:///home/jeff/Vidéos/montage/2009 - A Workspace Odyssey/arrêt d'autobus sud.MOV-brother' at 0x9ea1f0c> start:CLOCK_TIME_NONE , duration:0:00:39.800000000
0:00:35.360326586 [333m24680[00m  0x993ffc0 [32;01mINFO [00m [00;32m              python source.py:108:_setMediaStartDurationTime:[00m TimelineFileSource <TimelineFileSource 'file:///home/jeff/Vidéos/montage/2009 - A Workspace Odyssey/arrêt d'autobus sud.MOV-brother' at 0x9ea1f0c> EXISTING start:0:00:00.000000000 , duration:0:00:40.900000000
0:00:35.360418990 [333m24680[00m  0x993ffc0 [37mLOG  [00m [00;32m              python source.py:150:_mediaStartDurationChangedCb:[00m <__main__.GnlSource object (source-file:///home/jeff/Vidéos/montage/2009 - A Workspace Odyssey/arrêt d'autobus sud.MOV-brother-audio2) at 0x9ea484c> <GParamInt64 'media-duration'> media-duration
0:00:35.360456343 [333m24680[00m  0x993ffc0 [37mLOG  [00m [00;32m              python source.py:166:_mediaStartDurationChangedCb:[00m duration: 0:00:40.900000000 => 0:00:39.800000000
0:00:35.360757894 [333m24680[00m  0x993ffc0 [32;01mINFO [00m [00;32m              python playground.py:353:_busMessageCb:[00m <flags GST_MESSAGE_STATE_CHANGED of type GstMessageType> [<gst.Bin object (asinkthread) at 0x9ea07ac>]
0:00:35.360802595 [333m24680[00m  0x993ffc0 [36mDEBUG[00m [00;32m              python playground.py:357:_busMessageCb:<asinkthread>[00m old:<enum GST_STATE_PAUSED of type GstState>, new:<enum GST_STATE_PAUSED of type GstState>, pending:<enum GST_STATE_PAUSED of type GstState>
0:00:35.361187691 [333m24680[00m  0x993ffc0 [32;01mINFO [00m [00;32m              python objects.py:482:_setStartDurationTime:<source-file:///home/jeff/Vidéos/montage/2009 - A Workspace Odyssey/arrêt d'autobus sud.MOV-video1>[00m start:CLOCK_TIME_NONE , duration:0:00:38.200000000
0:00:35.361263935 [333m24680[00m  0x993ffc0 [37mLOG  [00m [00;32m              python objects.py:525:_startDurationChangedCb:[00m self:<TimelineFileSource 'file:///home/jeff/Vidéos/montage/2009 - A Workspace Odyssey/arrêt d'autobus sud.MOV' at 0x9ea1dcc> , gnlobject:<__main__.GnlSource object (source-file:///home/jeff/Vidéos/montage/2009 - A Workspace Odyssey/arrêt d'autobus sud.MOV-video1) at 0x9ea434c> <__main__.GnlSource object (source-file:///home/jeff/Vidéos/montage/2009 - A Workspace Odyssey/arrêt d'autobus sud.MOV-video1) at 0x9ea434c>
0:00:35.361294853 [333m24680[00m  0x993ffc0 [36mDEBUG[00m [00;32m              python objects.py:529:_startDurationChangedCb:<source-file:///home/jeff/Vidéos/montage/2009 - A Workspace Odyssey/arrêt d'autobus sud.MOV-video1>[00m property:duration
0:00:35.361329557 [333m24680[00m  0x993ffc0 [37mLOG  [00m [00;32m              python objects.py:543:_startDurationChangedCb:[00m duration: 0:00:38.200000000 => 0:00:38.200000000
0:00:35.361360877 [333m24680[00m 0xb5f078d0 [32;01mINFO [00m [00;01;34m           GST_EVENT gstevent.c:557:gst_event_new_new_segment_full:[00m creating newsegment update 0, rate 1,027638, format GST_FORMAT_TIME, start 0:00:11.818666666, stop 0:00:40.900000000, position 0:00:11.818666666
0:00:35.361451996 [333m24680[00m 0xb5f078d0 [32;01mINFO [00m [00;01;34m           GST_EVENT gstevent.c:557:gst_event_new_new_segment_full:[00m creating newsegment update 0, rate 1,027638, format GST_FORMAT_TIME, start 0:00:11.818666666, stop 0:00:40.900000000, position 0:00:11.818666666
0:00:35.361497786 [333m24680[00m 0xb5f078d0 [32;01mINFO [00m [00;01;37;41m            GST_PADS gstpad.c:3222:gst_pad_event_default_dispatch:<atee:sink>[00m Sending event 0x9fb2000 (newsegment) to all internally linked pads
0:00:35.361534457 [333m24680[00m  0x993ffc0 [37mLOG  [00m [00;32m              python objects.py:525:_startDurationChangedCb:[00m self:<TimelineBlankSource 'default-video' at 0x9d8878c> , gnlobject:<__main__.GnlSource object (source-default-video-video) at 0x9d8c52c> <__main__.GnlSource object (source-default-video-video) at 0x9d8c52c>
0:00:35.361572045 [333m24680[00m  0x993ffc0 [36mDEBUG[00m [00;32m              python objects.py:529:_startDurationChangedCb:<source-default-video-video>[00m property:duration
0:00:35.361607023 [333m24680[00m  0x993ffc0 [37mLOG  [00m [00;32m              python objects.py:543:_startDurationChangedCb:[00m duration: 0:00:39.800000000 => 0:00:38.200000000
0:00:35.361653182 [333m24680[00m  0x993ffc0 [36mDEBUG[00m [00;32m              python objects.py:547:_startDurationChangedCb:<source-default-video-video>[00m duration changed:0:00:38.200000000
0:00:35.361722819 [333m24680[00m  0x993ffc0 [37mLOG  [00m [00;32m              python source.py:150:_mediaStartDurationChangedCb:[00m <__main__.GnlSource object (source-default-video-video) at 0x9d8c52c> <GParamInt64 'media-duration'> media-duration
0:00:35.361898477 [333m24680[00m  0x993ffc0 [37mLOG  [00m [00;32m              python source.py:166:_mediaStartDurationChangedCb:[00m duration: 0:00:39.800000000 => 0:00:38.200000000
0:00:35.362003341 [333m24680[00m  0x993ffc0 [37mLOG  [00m [00;32m              python objects.py:525:_startDurationChangedCb:[00m self:<TimelineComposition 'videocomp' at 0x9d8874c> , gnlobject:<__main__.GnlComposition object (composition-videocomp) at 0x9d8c374> <__main__.GnlComposition object (composition-videocomp) at 0x9d8c374>
0:00:35.362034252 [333m24680[00m  0x993ffc0 [36mDEBUG[00m [00;32m              python objects.py:529:_startDurationChangedCb:<composition-videocomp>[00m property:duration
0:00:35.362050484 [333m24680[00m 0xb5f008a8 [33;01mWARN [00m [00m       audioresample gstaudioresample.c:599:audioresample_check_discont:<audiobin-resample>[00m encountered timestamp discontinuity of 1045333334
0:00:35.362068727 [333m24680[00m  0x993ffc0 [37mLOG  [00m [00;32m              python objects.py:543:_startDurationChangedCb:[00m duration: 0:00:39.800000000 => 0:00:38.200000000
0:00:35.362095570 [333m24680[00m  0x993ffc0 [36mDEBUG[00m [00;32m              python objects.py:547:_startDurationChangedCb:<composition-videocomp>[00m duration changed:0:00:38.200000000
0:00:35.362154256 [333m24680[00m  0x993ffc0 [32;01mINFO [00m [00;32m              python ruler.py:252:startDurationChanged:[00m start/duration changed
0:00:35.362423532 [333m24680[00m  0x993ffc0 [32;01mINFO [00m [00;32m              python bin.py:519:_startDurationChangedCb:<project-Nouveau projet>[00m smart timeline bin: start duration changed 0 38200000000
0:00:35.362474248 [333m24680[00m  0x993ffc0 [36mDEBUG[00m [00;32m              python viewer.py:316:_timelineDurationChangedCb:[00m duration : 0:00:38.200000000
0:00:35.362528348 [333m24680[00m  0x993ffc0 [32;01mINFO [00m [00;01;34m           GST_EVENT gstevent.c:874:gst_event_new_seek:[00m creating seek rate 1,000000, format TIME, flags 11, start_type 0, start 99:99:99.999999999, stop_type 2, stop 0:00:38.200000000
0:00:35.362573001 [333m24680[00m  0x993ffc0 [32;01mINFO [00m [00;01;34m           GST_EVENT gstevent.c:874:gst_event_new_seek:[00m creating seek rate 1,041885, format TIME, flags 11, start_type 0, start 99:99:99.999999999, stop_type 2, stop 0:00:39.800000000
0:00:35.362627202 [333m24680[00m  0x993ffc0 [32;01mINFO [00m [00;01;37;41m            GST_PADS gstpad.c:3222:gst_pad_event_default_dispatch:<vtee:sink>[00m Sending event 0x9f45a50 (flush-start) to all internally linked pads
0:00:35.365683723 [333m24680[00m 0xb5f008a8 [32;01mINFO [00m [00;01;31m          GST_STATES gstbin.c:2578:bin_handle_async_done:<autoaudiosink1>[00m committing state from PAUSED to PAUSED, old pending PAUSED
0:00:35.365706917 [333m24680[00m 0xb5f008a8 [32;01mINFO [00m [00;01;31m          GST_STATES gstbin.c:2593:bin_handle_async_done:<autoaudiosink1>[00m completed state change, pending VOID
0:00:35.365751895 [333m24680[00m 0xb5f008a8 [32;01mINFO [00m [00;01;31m          GST_STATES gstbin.c:2578:bin_handle_async_done:<pitivi-audiosink>[00m committing state from PAUSED to PAUSED, old pending PAUSED
0:00:35.365772085 [333m24680[00m 0xb5f008a8 [32;01mINFO [00m [00;01;31m          GST_STATES gstbin.c:2593:bin_handle_async_done:<pitivi-audiosink>[00m completed state change, pending VOID
0:00:35.365813871 [333m24680[00m 0xb5f008a8 [32;01mINFO [00m [00;01;31m          GST_STATES gstbin.c:2578:bin_handle_async_done:<asinkthread>[00m committing state from PAUSED to PAUSED, old pending PAUSED
0:00:35.365849772 [333m24680[00m 0xb5f008a8 [32;01mINFO [00m [00;01;31m          GST_STATES gstbin.c:2593:bin_handle_async_done:<asinkthread>[00m completed state change, pending VOID
0:00:35.389813891 [333m24680[00m  0x993ffc0 [32;01mINFO [00m [00;01;37;41m            GST_PADS gstpad.c:3222:gst_pad_event_default_dispatch:<vtee:sink>[00m Sending event 0xa358518 (flush-stop) to all internally linked pads
0:00:35.389979685 [333m24680[00m 0xb5f052d0 [32;01mINFO [00m [00;01;34m           GST_EVENT gstevent.c:557:gst_event_new_new_segment_full:[00m creating newsegment update 0, rate 1,041885, format GST_FORMAT_TIME, start 0:00:00.333666666, stop 0:00:39.800000000, position 0:00:00.333666666
0:00:35.390044257 [333m24680[00m  0x993ffc0 [32;01mINFO [00m [00;32m              python objects.py:482:_setStartDurationTime:<source-file:///home/jeff/Vidéos/montage/2009 - A Workspace Odyssey/arrêt d'autobus sud.MOV-brother-audio2>[00m start:CLOCK_TIME_NONE , duration:0:00:38.200000000
0:00:35.390087866 [333m24680[00m 0xb5f052d0 [32;01mINFO [00m [00;01;34m           GST_EVENT gstevent.c:557:gst_event_new_new_segment_full:[00m creating newsegment update 0, rate 1,041885, format GST_FORMAT_TIME, start 0:00:00.333666666, stop 0:00:39.800000000, position 0:00:00.320252930
0:00:35.390144401 [333m24680[00m 0xb5f052d0 [32;01mINFO [00m [00;01;37;41m            GST_PADS gstpad.c:3222:gst_pad_event_default_dispatch:<vtee:sink>[00m Sending event 0x9fa18f0 (newsegment) to all internally linked pads
0:00:35.390162889 [333m24680[00m  0x993ffc0 [37mLOG  [00m [00;32m              python objects.py:525:_startDurationChangedCb:[00m self:<TimelineFileSource 'file:///home/jeff/Vidéos/montage/2009 - A Workspace Odyssey/arrêt d'autobus sud.MOV-brother' at 0x9ea1f0c> , gnlobject:<__main__.GnlSource object (source-file:///home/jeff/Vidéos/montage/2009 - A Workspace Odyssey/arrêt d'autobus sud.MOV-brother-audio2) at 0x9ea484c> <__main__.GnlSource object (source-file:///home/jeff/Vidéos/montage/2009 - A Workspace Odyssey/arrêt d'autobus sud.MOV-brother-audio2) at 0x9ea484c>
0:00:35.390206540 [333m24680[00m  0x993ffc0 [36mDEBUG[00m [00;32m              python objects.py:529:_startDurationChangedCb:<source-file:///home/jeff/Vidéos/montage/2009 - A Workspace Odyssey/arrêt d'autobus sud.MOV-brother-audio2>[00m property:duration
0:00:35.390245118 [333m24680[00m  0x993ffc0 [37mLOG  [00m [00;32m              python objects.py:543:_startDurationChangedCb:[00m duration: 0:00:38.200000000 => 0:00:38.200000000
0:00:35.390499077 [333m24680[00m  0x993ffc0 [37mLOG  [00m [00;32m              python objects.py:525:_startDurationChangedCb:[00m self:<TimelineBlankSource 'default-audio' at 0x9d8876c> , gnlobject:<__main__.GnlSource object (source-default-audio-audio) at 0x9d8c48c> <__main__.GnlSource object (source-default-audio-audio) at 0x9d8c48c>
0:00:35.390674672 [333m24680[00m  0x993ffc0 [36mDEBUG[00m [00;32m              python objects.py:529:_startDurationChangedCb:<source-default-audio-audio>[00m property:duration
0:00:35.390712699 [333m24680[00m  0x993ffc0 [37mLOG  [00m [00;32m              python objects.py:543:_startDurationChangedCb:[00m duration: 0:00:39.800000000 => 0:00:38.200000000
0:00:35.390739893 [333m24680[00m  0x993ffc0 [36mDEBUG[00m [00;32m              python objects.py:547:_startDurationChangedCb:<source-default-audio-audio>[00m duration changed:0:00:38.200000000
0:00:35.390815650 [333m24680[00m  0x993ffc0 [37mLOG  [00m [00;32m              python source.py:150:_mediaStartDurationChangedCb:[00m <__main__.GnlSource object (source-default-audio-audio) at 0x9d8c48c> <GParamInt64 'media-duration'> media-duration
0:00:35.390851713 [333m24680[00m  0x993ffc0 [37mLOG  [00m [00;32m              python source.py:166:_mediaStartDurationChangedCb:[00m duration: 0:00:39.800000000 => 0:00:38.200000000
0:00:35.390929840 [333m24680[00m  0x993ffc0 [37mLOG  [00m [00;32m              python objects.py:525:_startDurationChangedCb:[00m self:<TimelineComposition 'audiocomp' at 0x9d886cc> , gnlobject:<__main__.GnlComposition object (composition-audiocomp) at 0x9d8c2fc> <__main__.GnlComposition object (composition-audiocomp) at 0x9d8c2fc>
0:00:35.390983786 [333m24680[00m  0x993ffc0 [36mDEBUG[00m [00;32m              python objects.py:529:_startDurationChangedCb:<composition-audiocomp>[00m property:duration
0:00:35.391018114 [333m24680[00m  0x993ffc0 [37mLOG  [00m [00;32m              python objects.py:543:_startDurationChangedCb:[00m duration: 0:00:39.800000000 => 0:00:38.200000000
0:00:35.391043928 [333m24680[00m  0x993ffc0 [36mDEBUG[00m [00;32m              python objects.py:547:_startDurationChangedCb:<composition-audiocomp>[00m duration changed:0:00:38.200000000
0:00:35.391113567 [333m24680[00m  0x993ffc0 [32;01mINFO [00m [00;32m              python ruler.py:252:startDurationChanged:[00m start/duration changed
0:00:35.391471389 [333m24680[00m  0x993ffc0 [32;01mINFO [00m [00;01;34m           GST_EVENT gstevent.c:874:gst_event_new_seek:[00m creating seek rate 1,000000, format TIME, flags 11, start_type 0, start 99:99:99.999999999, stop_type 2, stop 0:00:38.200000000
0:00:35.391524556 [333m24680[00m  0x993ffc0 [32;01mINFO [00m [00;01;34m           GST_EVENT gstevent.c:874:gst_event_new_seek:[00m creating seek rate 1,041885, format TIME, flags 11, start_type 0, start 99:99:99.999999999, stop_type 2, stop 0:00:39.800000000
0:00:35.391583522 [333m24680[00m  0x993ffc0 [32;01mINFO [00m [00;01;37;41m            GST_PADS gstpad.c:3222:gst_pad_event_default_dispatch:<faad2:sink>[00m Sending event 0x9fa19b8 (flush-start) to all internally linked pads
0:00:35.391615005 [333m24680[00m  0x993ffc0 [32;01mINFO [00m [00;01;37;41m            GST_PADS gstpad.c:3222:gst_pad_event_default_dispatch:<atee:sink>[00m Sending event 0x9fa19b8 (flush-start) to all internally linked pads
0:00:35.397327043 [333m24680[00m  0x993ffc0 [32;01mINFO [00m [00;01;37;41m            GST_PADS gstpad.c:3222:gst_pad_event_default_dispatch:<atee:sink>[00m Sending event 0xa3588c8 (flush-stop) to all internally linked pads
0:00:35.397512057 [333m24680[00m 0xb5f078d0 [32;01mINFO [00m [00;01;34m           GST_EVENT gstevent.c:557:gst_event_new_new_segment_full:[00m creating newsegment update 0, rate 1,041885, format GST_FORMAT_TIME, start 0:00:12.906666666, stop 0:00:39.800000000, position 0:00:12.906666666
0:00:35.397584451 [333m24680[00m  0x993ffc0 [32;01mINFO [00m [00;32m              python source.py:104:_setMediaStartDurationTime:[00m TimelineFileSource <TimelineFileSource 'file:///home/jeff/Vidéos/montage/2009 - A Workspace Odyssey/arrêt d'autobus sud.MOV' at 0x9ea1dcc> start:CLOCK_TIME_NONE , duration:0:00:38.200000000
0:00:35.397639890 [333m24680[00m  0x993ffc0 [32;01mINFO [00m [00;32m              python source.py:108:_setMediaStartDurationTime:[00m TimelineFileSource <TimelineFileSource 'file:///home/jeff/Vidéos/montage/2009 - A Workspace Odyssey/arrêt d'autobus sud.MOV' at 0x9ea1dcc> EXISTING start:0:00:00.000000000 , duration:0:00:39.800000000
0:00:35.397725228 [333m24680[00m  0x993ffc0 [37mLOG  [00m [00;32m              python source.py:150:_mediaStartDurationChangedCb:[00m <__main__.GnlSource object (source-file:///home/jeff/Vidéos/montage/2009 - A Workspace Odyssey/arrêt d'autobus sud.MOV-video1) at 0x9ea434c> <GParamInt64 'media-duration'> media-duration
0:00:35.397767571 [333m24680[00m  0x993ffc0 [37mLOG  [00m [00;32m              python source.py:166:_mediaStartDurationChangedCb:[00m duration: 0:00:39.800000000 => 0:00:38.200000000
0:00:35.397848699 [333m24680[00m  0x993ffc0 [32;01mINFO [00m [00;32m              python source.py:104:_setMediaStartDurationTime:[00m TimelineFileSource <TimelineFileSource 'file:///home/jeff/Vidéos/montage/2009 - A Workspace Odyssey/arrêt d'autobus sud.MOV-brother' at 0x9ea1f0c> start:CLOCK_TIME_NONE , duration:0:00:38.200000000
0:00:35.397886673 [333m24680[00m  0x993ffc0 [32;01mINFO [00m [00;32m              python source.py:108:_setMediaStartDurationTime:[00m TimelineFileSource <TimelineFileSource 'file:///home/jeff/Vidéos/montage/2009 - A Workspace Odyssey/arrêt d'autobus sud.MOV-brother' at 0x9ea1f0c> EXISTING start:0:00:00.000000000 , duration:0:00:39.800000000
0:00:35.397969927 [333m24680[00m  0x993ffc0 [37mLOG  [00m [00;32m              python source.py:150:_mediaStartDurationChangedCb:[00m <__main__.GnlSource object (source-file:///home/jeff/Vidéos/montage/2009 - A Workspace Odyssey/arrêt d'autobus sud.MOV-brother-audio2) at 0x9ea484c> <GParamInt64 'media-duration'> media-duration
0:00:35.398006685 [333m24680[00m  0x993ffc0 [37mLOG  [00m [00;32m              python source.py:166:_mediaStartDurationChangedCb:[00m duration: 0:00:39.800000000 => 0:00:38.200000000
0:00:35.398209008 [333m24680[00m 0xb5f078d0 [32;01mINFO [00m [00;01;34m           GST_EVENT gstevent.c:557:gst_event_new_new_segment_full:[00m creating newsegment update 0, rate 1,041885, format GST_FORMAT_TIME, start 0:00:12.906666666, stop 0:00:39.800000000, position 0:00:12.906666666
0:00:35.398287959 [333m24680[00m  0x993ffc0 [32;01mINFO [00m [00;32m              python playground.py:353:_busMessageCb:[00m <flags GST_MESSAGE_STATE_CHANGED of type GstMessageType> [<__main__.GstPulseSink object (autoaudiosink1-actual-sink-pulse) at 0x9ea93c4>]
0:00:35.398298193 [333m24680[00m 0xb5f078d0 [32;01mINFO [00m [00;01;34m           GST_EVENT gstevent.c:557:gst_event_new_new_segment_full:[00m creating newsegment update 0, rate 1,041885, format GST_FORMAT_TIME, start 0:00:12.906666666, stop 0:00:39.800000000, position 0:00:12.906666666
0:00:35.398348389 [333m24680[00m  0x993ffc0 [36mDEBUG[00m [00;32m              python playground.py:357:_busMessageCb:<autoaudiosink1-actual-sink-pulse>[00m old:<enum GST_STATE_PAUSED of type GstState>, new:<enum GST_STATE_PAUSED of type GstState>, pending:<enum GST_STATE_VOID_PENDING of type GstState>
0:00:35.398363216 [333m24680[00m 0xb5f078d0 [32;01mINFO [00m [00;01;37;41m            GST_PADS gstpad.c:3222:gst_pad_event_default_dispatch:<atee:sink>[00m Sending event 0x9fad518 (newsegment) to all internally linked pads
0:00:35.398957526 [333m24680[00m 0xb5f008a8 [33;01mWARN [00m [00m       audioresample gstaudioresample.c:599:audioresample_check_discont:<audiobin-resample>[00m encountered timestamp discontinuity of 1066666667
0:00:35.399317799 [333m24680[00m  0x993ffc0 [32;01mINFO [00m [00;32m              python objects.py:482:_setStartDurationTime:<source-file:///home/jeff/Vidéos/montage/2009 - A Workspace Odyssey/arrêt d'autobus sud.MOV-video1>[00m start:CLOCK_TIME_NONE , duration:0:00:37.100000000
0:00:35.399407309 [333m24680[00m  0x993ffc0 [37mLOG  [00m [00;32m              python objects.py:525:_startDurationChangedCb:[00m self:<TimelineFileSource 'file:///home/jeff/Vidéos/montage/2009 - A Workspace Odyssey/arrêt d'autobus sud.MOV' at 0x9ea1dcc> , gnlobject:<__main__.GnlSource object (source-file:///home/jeff/Vidéos/montage/2009 - A Workspace Odyssey/arrêt d'autobus sud.MOV-video1) at 0x9ea434c> <__main__.GnlSource object (source-file:///home/jeff/Vidéos/montage/2009 - A Workspace Odyssey/arrêt d'autobus sud.MOV-video1) at 0x9ea434c>
0:00:35.399438813 [333m24680[00m  0x993ffc0 [36mDEBUG[00m [00;32m              python objects.py:529:_startDurationChangedCb:<source-file:///home/jeff/Vidéos/montage/2009 - A Workspace Odyssey/arrêt d'autobus sud.MOV-video1>[00m property:duration
0:00:35.399474482 [333m24680[00m  0x993ffc0 [37mLOG  [00m [00;32m              python objects.py:543:_startDurationChangedCb:[00m duration: 0:00:37.100000000 => 0:00:37.100000000
0:00:35.399692408 [333m24680[00m  0x993ffc0 [37mLOG  [00m [00;32m              python objects.py:525:_startDurationChangedCb:[00m self:<TimelineBlankSource 'default-video' at 0x9d8878c> , gnlobject:<__main__.GnlSource object (source-default-video-video) at 0x9d8c52c> <__main__.GnlSource object (source-default-video-video) at 0x9d8c52c>
0:00:35.399723281 [333m24680[00m  0x993ffc0 [36mDEBUG[00m [00;32m              python objects.py:529:_startDurationChangedCb:<source-default-video-video>[00m property:duration
0:00:35.399776962 [333m24680[00m  0x993ffc0 [37mLOG  [00m [00;32m              python objects.py:543:_startDurationChangedCb:[00m duration: 0:00:38.200000000 => 0:00:37.100000000
0:00:35.399803943 [333m24680[00m  0x993ffc0 [36mDEBUG[00m [00;32m              python objects.py:547:_startDurationChangedCb:<source-default-video-video>[00m duration changed:0:00:37.100000000
0:00:35.399875955 [333m24680[00m  0x993ffc0 [37mLOG  [00m [00;32m              python source.py:150:_mediaStartDurationChangedCb:[00m <__main__.GnlSource object (source-default-video-video) at 0x9d8c52c> <GParamInt64 'media-duration'> media-duration
0:00:35.399910873 [333m24680[00m  0x993ffc0 [37mLOG  [00m [00;32m              python source.py:166:_mediaStartDurationChangedCb:[00m duration: 0:00:38.200000000 => 0:00:37.100000000
0:00:35.399987285 [333m24680[00m  0x993ffc0 [37mLOG  [00m [00;32m              python objects.py:525:_startDurationChangedCb:[00m self:<TimelineComposition 'videocomp' at 0x9d8874c> , gnlobject:<__main__.GnlComposition object (composition-videocomp) at 0x9d8c374> <__main__.GnlComposition object (composition-videocomp) at 0x9d8c374>
0:00:35.400016416 [333m24680[00m  0x993ffc0 [36mDEBUG[00m [00;32m              python objects.py:529:_startDurationChangedCb:<composition-videocomp>[00m property:duration
0:00:35.400049412 [333m24680[00m  0x993ffc0 [37mLOG  [00m [00;32m              python objects.py:543:_startDurationChangedCb:[00m duration: 0:00:38.200000000 => 0:00:37.100000000
0:00:35.400075324 [333m24680[00m  0x993ffc0 [36mDEBUG[00m [00;32m              python objects.py:547:_startDurationChangedCb:<composition-videocomp>[00m duration changed:0:00:37.100000000
0:00:35.400138826 [333m24680[00m  0x993ffc0 [32;01mINFO [00m [00;32m              python ruler.py:252:startDurationChanged:[00m start/duration changed
0:00:35.400449922 [333m24680[00m  0x993ffc0 [32;01mINFO [00m [00;32m              python bin.py:519:_startDurationChangedCb:<project-Nouveau projet>[00m smart timeline bin: start duration changed 0 37100000000
0:00:35.400500981 [333m24680[00m  0x993ffc0 [36mDEBUG[00m [00;32m              python viewer.py:316:_timelineDurationChangedCb:[00m duration : 0:00:37.100000000
0:00:35.400558437 [333m24680[00m  0x993ffc0 [32;01mINFO [00m [00;01;34m           GST_EVENT gstevent.c:874:gst_event_new_seek:[00m creating seek rate 1,000000, format TIME, flags 11, start_type 0, start 99:99:99.999999999, stop_type 2, stop 0:00:37.100000000
0:00:35.400605676 [333m24680[00m  0x993ffc0 [32;01mINFO [00m [00;01;34m           GST_EVENT gstevent.c:874:gst_event_new_seek:[00m creating seek rate 1,029650, format TIME, flags 11, start_type 0, start 99:99:99.999999999, stop_type 2, stop 0:00:38.200000000
0:00:35.400660741 [333m24680[00m  0x993ffc0 [32;01mINFO [00m [00;01;37;41m            GST_PADS gstpad.c:3222:gst_pad_event_default_dispatch:<vtee:sink>[00m Sending event 0x9f42318 (flush-start) to all internally linked pads
0:00:35.402819904 [333m24680[00m 0xb5f008a8 [32;01mINFO [00m [00;01;31m          GST_STATES gstbin.c:2578:bin_handle_async_done:<autoaudiosink1>[00m committing state from PAUSED to PAUSED, old pending PAUSED
0:00:35.402843167 [333m24680[00m 0xb5f008a8 [32;01mINFO [00m [00;01;31m          GST_STATES gstbin.c:2593:bin_handle_async_done:<autoaudiosink1>[00m completed state change, pending VOID
0:00:35.402888545 [333m24680[00m 0xb5f008a8 [32;01mINFO [00m [00;01;31m          GST_STATES gstbin.c:2578:bin_handle_async_done:<pitivi-audiosink>[00m committing state from PAUSED to PAUSED, old pending PAUSED
0:00:35.402909035 [333m24680[00m 0xb5f008a8 [32;01mINFO [00m [00;01;31m          GST_STATES gstbin.c:2593:bin_handle_async_done:<pitivi-audiosink>[00m completed state change, pending VOID
0:00:35.402951249 [333m24680[00m 0xb5f008a8 [32;01mINFO [00m [00;01;31m          GST_STATES gstbin.c:2578:bin_handle_async_done:<asinkthread>[00m committing state from PAUSED to PAUSED, old pending PAUSED
0:00:35.402987357 [333m24680[00m 0xb5f008a8 [32;01mINFO [00m [00;01;31m          GST_STATES gstbin.c:2593:bin_handle_async_done:<asinkthread>[00m completed state change, pending VOID
0:00:35.421660096 [333m24680[00m  0x993ffc0 [32;01mINFO [00m [00;01;37;41m            GST_PADS gstpad.c:3222:gst_pad_event_default_dispatch:<vtee:sink>[00m Sending event 0xa34b8c8 (flush-stop) to all internally linked pads
0:00:35.421897307 [333m24680[00m 0xb5f052d0 [32;01mINFO [00m [00;01;34m           GST_EVENT gstevent.c:557:gst_event_new_new_segment_full:[00m creating newsegment update 0, rate 1,029650, format GST_FORMAT_TIME, start 0:00:00.333666666, stop 0:00:38.200000000, position 0:00:00.333666666
0:00:35.421949848 [333m24680[00m  0x993ffc0 [32;01mINFO [00m [00;32m              python objects.py:482:_setStartDurationTime:<source-file:///home/jeff/Vidéos/montage/2009 - A Workspace Odyssey/arrêt d'autobus sud.MOV-brother-audio2>[00m start:CLOCK_TIME_NONE , duration:0:00:37.100000000
0:00:35.421994699 [333m24680[00m 0xb5f052d0 [32;01mINFO [00m [00;01;34m           GST_EVENT gstevent.c:557:gst_event_new_new_segment_full:[00m creating newsegment update 0, rate 1,029650, format GST_FORMAT_TIME, start 0:00:00.333666666, stop 0:00:38.200000000, position 0:00:00.324058463
0:00:35.422045765 [333m24680[00m 0xb5f052d0 [32;01mINFO [00m [00;01;37;41m            GST_PADS gstpad.c:3222:gst_pad_event_default_dispatch:<vtee:sink>[00m Sending event 0x9fa1940 (newsegment) to all internally linked pads
0:00:35.422056068 [333m24680[00m  0x993ffc0 [37mLOG  [00m [00;32m              python objects.py:525:_startDurationChangedCb:[00m self:<TimelineFileSource 'file:///home/jeff/Vidéos/montage/2009 - A Workspace Odyssey/arrêt d'autobus sud.MOV-brother' at 0x9ea1f0c> , gnlobject:<__main__.GnlSource object (source-file:///home/jeff/Vidéos/montage/2009 - A Workspace Odyssey/arrêt d'autobus sud.MOV-brother-audio2) at 0x9ea484c> <__main__.GnlSource object (source-file:///home/jeff/Vidéos/montage/2009 - A Workspace Odyssey/arrêt d'autobus sud.MOV-brother-audio2) at 0x9ea484c>
0:00:35.422126706 [333m24680[00m  0x993ffc0 [36mDEBUG[00m [00;32m              python objects.py:529:_startDurationChangedCb:<source-file:///home/jeff/Vidéos/montage/2009 - A Workspace Odyssey/arrêt d'autobus sud.MOV-brother-audio2>[00m property:duration
0:00:35.422167464 [333m24680[00m  0x993ffc0 [37mLOG  [00m [00;32m              python objects.py:543:_startDurationChangedCb:[00m duration: 0:00:37.100000000 => 0:00:37.100000000
0:00:35.422405339 [333m24680[00m  0x993ffc0 [37mLOG  [00m [00;32m              python objects.py:525:_startDurationChangedCb:[00m self:<TimelineBlankSource 'default-audio' at 0x9d8876c> , gnlobject:<__main__.GnlSource object (source-default-audio-audio) at 0x9d8c48c> <__main__.GnlSource object (source-default-audio-audio) at 0x9d8c48c>
0:00:35.422436975 [333m24680[00m  0x993ffc0 [36mDEBUG[00m [00;32m              python objects.py:529:_startDurationChangedCb:<source-default-audio-audio>[00m property:duration
0:00:35.422472095 [333m24680[00m  0x993ffc0 [37mLOG  [00m [00;32m              python objects.py:543:_startDurationChangedCb:[00m duration: 0:00:38.200000000 => 0:00:37.100000000
0:00:35.422498651 [333m24680[00m  0x993ffc0 [36mDEBUG[00m [00;32m              python objects.py:547:_startDurationChangedCb:<source-default-audio-audio>[00m duration changed:0:00:37.100000000
0:00:35.422571169 [333m24680[00m  0x993ffc0 [37mLOG  [00m [00;32m              python source.py:150:_mediaStartDurationChangedCb:[00m <__main__.GnlSource object (source-default-audio-audio) at 0x9d8c48c> <GParamInt64 'media-duration'> media-duration
0:00:35.422607067 [333m24680[00m  0x993ffc0 [37mLOG  [00m [00;32m              python source.py:166:_mediaStartDurationChangedCb:[00m duration: 0:00:38.200000000 => 0:00:37.100000000
0:00:35.422684321 [333m24680[00m  0x993ffc0 [37mLOG  [00m [00;32m              python objects.py:525:_startDurationChangedCb:[00m self:<TimelineComposition 'audiocomp' at 0x9d886cc> , gnlobject:<__main__.GnlComposition object (composition-audiocomp) at 0x9d8c2fc> <__main__.GnlComposition object (composition-audiocomp) at 0x9d8c2fc>
0:00:35.422733912 [333m24680[00m  0x993ffc0 [36mDEBUG[00m [00;32m              python objects.py:529:_startDurationChangedCb:<composition-audiocomp>[00m property:duration
0:00:35.422768018 [333m24680[00m  0x993ffc0 [37mLOG  [00m [00;32m              python objects.py:543:_startDurationChangedCb:[00m duration: 0:00:38.200000000 => 0:00:37.100000000
0:00:35.422794517 [333m24680[00m  0x993ffc0 [36mDEBUG[00m [00;32m              python objects.py:547:_startDurationChangedCb:<composition-audiocomp>[00m duration changed:0:00:37.100000000
0:00:35.422858024 [333m24680[00m  0x993ffc0 [32;01mINFO [00m [00;32m              python ruler.py:252:startDurationChanged:[00m start/duration changed
0:00:35.423194943 [333m24680[00m  0x993ffc0 [32;01mINFO [00m [00;01;34m           GST_EVENT gstevent.c:874:gst_event_new_seek:[00m creating seek rate 1,000000, format TIME, flags 11, start_type 0, start 99:99:99.999999999, stop_type 2, stop 0:00:37.100000000
0:00:35.423247431 [333m24680[00m  0x993ffc0 [32;01mINFO [00m [00;01;34m           GST_EVENT gstevent.c:874:gst_event_new_seek:[00m creating seek rate 1,029650, format TIME, flags 11, start_type 0, start 99:99:99.999999999, stop_type 2, stop 0:00:38.200000000
0:00:35.423302171 [333m24680[00m  0x993ffc0 [32;01mINFO [00m [00;01;37;41m            GST_PADS gstpad.c:3222:gst_pad_event_default_dispatch:<faad2:sink>[00m Sending event 0x9f45af0 (flush-start) to all internally linked pads
0:00:35.423333398 [333m24680[00m  0x993ffc0 [32;01mINFO [00m [00;01;37;41m            GST_PADS gstpad.c:3222:gst_pad_event_default_dispatch:<atee:sink>[00m Sending event 0x9f45af0 (flush-start) to all internally linked pads
0:00:35.423539790 [333m24680[00m  0x993ffc0 [32;01mINFO [00m [00;01;37;41m            GST_PADS gstpad.c:3222:gst_pad_event_default_dispatch:<atee:sink>[00m Sending event 0xa3588c8 (flush-stop) to all internally linked pads
0:00:35.423673872 [333m24680[00m 0xb5f078d0 [32;01mINFO [00m [00;01;34m           GST_EVENT gstevent.c:557:gst_event_new_new_segment_full:[00m creating newsegment update 0, rate 1,029650, format GST_FORMAT_TIME, start 0:00:13.994666666, stop 0:00:38.200000000, position 0:00:13.994666666
0:00:35.423713950 [333m24680[00m  0x993ffc0 [32;01mINFO [00m [00;32m              python source.py:104:_setMediaStartDurationTime:[00m TimelineFileSource <TimelineFileSource 'file:///home/jeff/Vidéos/montage/2009 - A Workspace Odyssey/arrêt d'autobus sud.MOV' at 0x9ea1dcc> start:CLOCK_TIME_NONE , duration:0:00:37.100000000
0:00:35.423761295 [333m24680[00m  0x993ffc0 [32;01mINFO [00m [00;32m              python source.py:108:_setMediaStartDurationTime:[00m TimelineFileSource <TimelineFileSource 'file:///home/jeff/Vidéos/montage/2009 - A Workspace Odyssey/arrêt d'autobus sud.MOV' at 0x9ea1dcc> EXISTING start:0:00:00.000000000 , duration:0:00:38.200000000
0:00:35.423831635 [333m24680[00m  0x993ffc0 [37mLOG  [00m [00;32m              python source.py:150:_mediaStartDurationChangedCb:[00m <__main__.GnlSource object (source-file:///home/jeff/Vidéos/montage/2009 - A Workspace Odyssey/arrêt d'autobus sud.MOV-video1) at 0x9ea434c> <GParamInt64 'media-duration'> media-duration
0:00:35.423832201 [333m24680[00m 0xb5f078d0 [32;01mINFO [00m [00;01;34m           GST_EVENT gstevent.c:557:gst_event_new_new_segment_full:[00m creating newsegment update 0, rate 1,029650, format GST_FORMAT_TIME, start 0:00:13.994666666, stop 0:00:38.200000000, position 0:00:13.994666666
0:00:35.423873618 [333m24680[00m  0x993ffc0 [37mLOG  [00m [00;32m              python source.py:166:_mediaStartDurationChangedCb:[00m duration: 0:00:38.200000000 => 0:00:37.100000000
0:00:35.423905082 [333m24680[00m 0xb5f078d0 [32;01mINFO [00m [00;01;34m           GST_EVENT gstevent.c:557:gst_event_new_new_segment_full:[00m creating newsegment update 0, rate 1,029650, format GST_FORMAT_TIME, start 0:00:13.994666666, stop 0:00:38.200000000, position 0:00:13.591678882
0:00:35.423951293 [333m24680[00m  0x993ffc0 [32;01mINFO [00m [00;32m              python source.py:104:_setMediaStartDurationTime:[00m TimelineFileSource <TimelineFileSource 'file:///home/jeff/Vidéos/montage/2009 - A Workspace Odyssey/arrêt d'autobus sud.MOV-brother' at 0x9ea1f0c> start:CLOCK_TIME_NONE , duration:0:00:37.100000000
0:00:35.423971459 [333m24680[00m 0xb5f078d0 [32;01mINFO [00m [00;01;37;41m            GST_PADS gstpad.c:3222:gst_pad_event_default_dispatch:<atee:sink>[00m Sending event 0x9fad4a0 (newsegment) to all internally linked pads
0:00:35.423993753 [333m24680[00m  0x993ffc0 [32;01mINFO [00m [00;32m              python source.py:108:_setMediaStartDurationTime:[00m TimelineFileSource <TimelineFileSource 'file:///home/jeff/Vidéos/montage/2009 - A Workspace Odyssey/arrêt d'autobus sud.MOV-brother' at 0x9ea1f0c> EXISTING start:0:00:00.000000000 , duration:0:00:38.200000000
0:00:35.424056668 [333m24680[00m  0x993ffc0 [37mLOG  [00m [00;32m              python source.py:150:_mediaStartDurationChangedCb:[00m <__main__.GnlSource object (source-file:///home/jeff/Vidéos/montage/2009 - A Workspace Odyssey/arrêt d'autobus sud.MOV-brother-audio2) at 0x9ea484c> <GParamInt64 'media-duration'> media-duration
0:00:35.424093174 [333m24680[00m  0x993ffc0 [37mLOG  [00m [00;32m              python source.py:166:_mediaStartDurationChangedCb:[00m duration: 0:00:38.200000000 => 0:00:37.100000000
0:00:35.424373927 [333m24680[00m  0x993ffc0 [32;01mINFO [00m [00;32m              python playground.py:353:_busMessageCb:[00m <flags GST_MESSAGE_STATE_CHANGED of type GstMessageType> [<__main__.GstAutoAudioSink object (autoaudiosink1) at 0x9ea93ec>]
0:00:35.424422318 [333m24680[00m  0x993ffc0 [36mDEBUG[00m [00;32m              python playground.py:357:_busMessageCb:<autoaudiosink1>[00m old:<enum GST_STATE_PAUSED of type GstState>, new:<enum GST_STATE_PAUSED of type GstState>, pending:<enum GST_STATE_VOID_PENDING of type GstState>
0:00:35.424520015 [333m24680[00m 0xb5f008a8 [33;01mWARN [00m [00m       audioresample gstaudioresample.c:599:audioresample_check_discont:<audiobin-resample>[00m encountered timestamp discontinuity of 1066666667
0:00:35.424818136 [333m24680[00m  0x993ffc0 [32;01mINFO [00m [00;32m              python objects.py:482:_setStartDurationTime:<source-file:///home/jeff/Vidéos/montage/2009 - A Workspace Odyssey/arrêt d'autobus sud.MOV-video1>[00m start:CLOCK_TIME_NONE , duration:0:00:36.700000000
0:00:35.424892711 [333m24680[00m  0x993ffc0 [37mLOG  [00m [00;32m              python objects.py:525:_startDurationChangedCb:[00m self:<TimelineFileSource 'file:///home/jeff/Vidéos/montage/2009 - A Workspace Odyssey/arrêt d'autobus sud.MOV' at 0x9ea1dcc> , gnlobject:<__main__.GnlSource object (source-file:///home/jeff/Vidéos/montage/2009 - A Workspace Odyssey/arrêt d'autobus sud.MOV-video1) at 0x9ea434c> <__main__.GnlSource object (source-file:///home/jeff/Vidéos/montage/2009 - A Workspace Odyssey/arrêt d'autobus sud.MOV-video1) at 0x9ea434c>
0:00:35.424923250 [333m24680[00m  0x993ffc0 [36mDEBUG[00m [00;32m              python objects.py:529:_startDurationChangedCb:<source-file:///home/jeff/Vidéos/montage/2009 - A Workspace Odyssey/arrêt d'autobus sud.MOV-video1>[00m property:duration
0:00:35.424958089 [333m24680[00m  0x993ffc0 [37mLOG  [00m [00;32m              python objects.py:543:_startDurationChangedCb:[00m duration: 0:00:36.700000000 => 0:00:36.700000000
0:00:35.425321910 [333m24680[00m  0x993ffc0 [37mLOG  [00m [00;32m              python objects.py:525:_startDurationChangedCb:[00m self:<TimelineBlankSource 'default-video' at 0x9d8878c> , gnlobject:<__main__.GnlSource object (source-default-video-video) at 0x9d8c52c> <__main__.GnlSource object (source-default-video-video) at 0x9d8c52c>
0:00:35.425353159 [333m24680[00m  0x993ffc0 [36mDEBUG[00m [00;32m              python objects.py:529:_startDurationChangedCb:<source-default-video-video>[00m property:duration
0:00:35.425408019 [333m24680[00m  0x993ffc0 [37mLOG  [00m [00;32m              python objects.py:543:_startDurationChangedCb:[00m duration: 0:00:37.100000000 => 0:00:36.700000000
0:00:35.425434768 [333m24680[00m  0x993ffc0 [36mDEBUG[00m [00;32m              python objects.py:547:_startDurationChangedCb:<source-default-video-video>[00m duration changed:0:00:36.700000000
0:00:35.425509241 [333m24680[00m  0x993ffc0 [37mLOG  [00m [00;32m              python source.py:150:_mediaStartDurationChangedCb:[00m <__main__.GnlSource object (source-default-video-video) at 0x9d8c52c> <GParamInt64 'media-duration'> media-duration
0:00:35.425544622 [333m24680[00m  0x993ffc0 [37mLOG  [00m [00;32m              python source.py:166:_mediaStartDurationChangedCb:[00m duration: 0:00:37.100000000 => 0:00:36.700000000
0:00:35.425620219 [333m24680[00m  0x993ffc0 [37mLOG  [00m [00;32m              python objects.py:525:_startDurationChangedCb:[00m self:<TimelineComposition 'videocomp' at 0x9d8874c> , gnlobject:<__main__.GnlComposition object (composition-videocomp) at 0x9d8c374> <__main__.GnlComposition object (composition-videocomp) at 0x9d8c374>
0:00:35.425649374 [333m24680[00m  0x993ffc0 [36mDEBUG[00m [00;32m              python objects.py:529:_startDurationChangedCb:<composition-videocomp>[00m property:duration
0:00:35.425682424 [333m24680[00m  0x993ffc0 [37mLOG  [00m [00;32m              python objects.py:543:_startDurationChangedCb:[00m duration: 0:00:37.100000000 => 0:00:36.700000000
0:00:35.425708150 [333m24680[00m  0x993ffc0 [36mDEBUG[00m [00;32m              python objects.py:547:_startDurationChangedCb:<composition-videocomp>[00m duration changed:0:00:36.700000000
0:00:35.425767212 [333m24680[00m  0x993ffc0 [32;01mINFO [00m [00;32m              python ruler.py:252:startDurationChanged:[00m start/duration changed
0:00:35.426074185 [333m24680[00m  0x993ffc0 [32;01mINFO [00m [00;32m              python bin.py:519:_startDurationChangedCb:<project-Nouveau projet>[00m smart timeline bin: start duration changed 0 36700000000
0:00:35.426124381 [333m24680[00m  0x993ffc0 [36mDEBUG[00m [00;32m              python viewer.py:316:_timelineDurationChangedCb:[00m duration : 0:00:36.700000000
0:00:35.426177768 [333m24680[00m  0x993ffc0 [32;01mINFO [00m [00;01;34m           GST_EVENT gstevent.c:874:gst_event_new_seek:[00m creating seek rate 1,000000, format TIME, flags 11, start_type 0, start 99:99:99.999999999, stop_type 2, stop 0:00:36.700000000
0:00:35.426222748 [333m24680[00m  0x993ffc0 [32;01mINFO [00m [00;01;34m           GST_EVENT gstevent.c:874:gst_event_new_seek:[00m creating seek rate 1,010899, format TIME, flags 11, start_type 0, start 99:99:99.999999999, stop_type 2, stop 0:00:37.100000000
0:00:35.426278267 [333m24680[00m  0x993ffc0 [32;01mINFO [00m [00;01;37;41m            GST_PADS gstpad.c:3222:gst_pad_event_default_dispatch:<vtee:sink>[00m Sending event 0xa36d628 (flush-start) to all internally linked pads
0:00:35.428147970 [333m24680[00m 0xb5f008a8 [32;01mINFO [00m [00;01;31m          GST_STATES gstbin.c:2578:bin_handle_async_done:<autoaudiosink1>[00m committing state from PAUSED to PAUSED, old pending PAUSED
0:00:35.428170770 [333m24680[00m 0xb5f008a8 [32;01mINFO [00m [00;01;31m          GST_STATES gstbin.c:2593:bin_handle_async_done:<autoaudiosink1>[00m completed state change, pending VOID
0:00:35.428216016 [333m24680[00m 0xb5f008a8 [32;01mINFO [00m [00;01;31m          GST_STATES gstbin.c:2578:bin_handle_async_done:<pitivi-audiosink>[00m committing state from PAUSED to PAUSED, old pending PAUSED
0:00:35.428236337 [333m24680[00m 0xb5f008a8 [32;01mINFO [00m [00;01;31m          GST_STATES gstbin.c:2593:bin_handle_async_done:<pitivi-audiosink>[00m completed state change, pending VOID
0:00:35.428278903 [333m24680[00m 0xb5f008a8 [32;01mINFO [00m [00;01;31m          GST_STATES gstbin.c:2578:bin_handle_async_done:<asinkthread>[00m committing state from PAUSED to PAUSED, old pending PAUSED
