0:00:35.553950901 [333m24680[00m  0x993ffc0 [36mDEBUG[00m [00;32m              python viewer.py:303:_asyncTimelineDurationChanged:[00m playground.current.length : 0:00:36.500000000
0:00:35.554039704 [333m24680[00m  0x993ffc0 [36mDEBUG[00m [00;32m              python viewer.py:302:_asyncTimelineDurationChanged:[00m duration : 0:00:39.800000000
0:00:35.554066477 [333m24680[00m  0x993ffc0 [36mDEBUG[00m [00;32m              python viewer.py:303:_asyncTimelineDurationChanged:[00m playground.current.length : 0:00:36.500000000
0:00:35.554155558 [333m24680[00m  0x993ffc0 [36mDEBUG[00m [00;32m              python viewer.py:302:_asyncTimelineDurationChanged:[00m duration : 0:00:38.200000000
0:00:35.554182105 [333m24680[00m  0x993ffc0 [36mDEBUG[00m [00;32m              python viewer.py:303:_asyncTimelineDurationChanged:[00m playground.current.length : 0:00:36.500000000
0:00:35.554271023 [333m24680[00m  0x993ffc0 [36mDEBUG[00m [00;32m              python viewer.py:302:_asyncTimelineDurationChanged:[00m duration : 0:00:37.100000000
0:00:35.554297612 [333m24680[00m  0x993ffc0 [36mDEBUG[00m [00;32m              python viewer.py:303:_asyncTimelineDurationChanged:[00m playground.current.length : 0:00:36.500000000
0:00:35.554387333 [333m24680[00m  0x993ffc0 [36mDEBUG[00m [00;32m              python viewer.py:302:_asyncTimelineDurationChanged:[00m duration : 0:00:36.700000000
0:00:35.554414188 [333m24680[00m  0x993ffc0 [36mDEBUG[00m [00;32m              python viewer.py:303:_asyncTimelineDurationChanged:[00m playground.current.length : 0:00:36.500000000
0:00:35.554502741 [333m24680[00m  0x993ffc0 [36mDEBUG[00m [00;32m              python viewer.py:302:_asyncTimelineDurationChanged:[00m duration : 0:00:36.600000000
0:00:35.554529704 [333m24680[00m  0x993ffc0 [36mDEBUG[00m [00;32m              python viewer.py:303:_asyncTimelineDurationChanged:[00m playground.current.length : 0:00:36.500000000
0:00:35.554618375 [333m24680[00m  0x993ffc0 [36mDEBUG[00m [00;32m              python viewer.py:302:_asyncTimelineDurationChanged:[00m duration : 0:00:36.500000000
0:00:35.554644757 [333m24680[00m  0x993ffc0 [36mDEBUG[00m [00;32m              python viewer.py:303:_asyncTimelineDurationChanged:[00m playground.current.length : 0:00:36.500000000
0:00:35.562802071 [333m24680[00m 0xb5f008a8 [33;01mWARN [00m [00m       audioresample gstaudioresample.c:599:audioresample_check_discont:<audiobin-resample>[00m encountered timestamp discontinuity of 1045333334
0:00:35.564590522 [333m24680[00m 0xb5f052d0 [31;01mERROR[00m [00m              ffmpeg :0::[00m AVC: Consumed only 5257 bytes instead of 5260
0:00:35.567112294 [333m24680[00m 0xb5f008a8 [32;01mINFO [00m [00;01;31m          GST_STATES gstbin.c:2578:bin_handle_async_done:<autoaudiosink1>[00m committing state from PAUSED to PAUSED, old pending PAUSED
0:00:35.567159257 [333m24680[00m 0xb5f008a8 [32;01mINFO [00m [00;01;31m          GST_STATES gstbin.c:2593:bin_handle_async_done:<autoaudiosink1>[00m completed state change, pending VOID
0:00:35.567208992 [333m24680[00m 0xb5f008a8 [32;01mINFO [00m [00;01;31m          GST_STATES gstbin.c:2578:bin_handle_async_done:<pitivi-audiosink>[00m committing state from PAUSED to PAUSED, old pending PAUSED
0:00:35.567229736 [333m24680[00m 0xb5f008a8 [32;01mINFO [00m [00;01;31m          GST_STATES gstbin.c:2593:bin_handle_async_done:<pitivi-audiosink>[00m completed state change, pending VOID
0:00:35.567273510 [333m24680[00m 0xb5f008a8 [32;01mINFO [00m [00;01;31m          GST_STATES gstbin.c:2578:bin_handle_async_done:<asinkthread>[00m committing state from PAUSED to PAUSED, old pending PAUSED
0:00:35.567292792 [333m24680[00m 0xb5f008a8 [32;01mINFO [00m [00;01;31m          GST_STATES gstbin.c:2593:bin_handle_async_done:<asinkthread>[00m completed state change, pending VOID
0:00:35.567593416 [333m24680[00m  0x993ffc0 [32;01mINFO [00m [00;32m              python objects.py:482:_setStartDurationTime:<source-file:///home/jeff/Vidéos/montage/2009 - A Workspace Odyssey/arrêt d'autobus sud.MOV-video1>[00m start:CLOCK_TIME_NONE , duration:0:00:36.400000000
0:00:35.567695720 [333m24680[00m  0x993ffc0 [37mLOG  [00m [00;32m              python objects.py:525:_startDurationChangedCb:[00m self:<TimelineFileSource 'file:///home/jeff/Vidéos/montage/2009 - A Workspace Odyssey/arrêt d'autobus sud.MOV' at 0x9ea1dcc> , gnlobject:<__main__.GnlSource object (source-file:///home/jeff/Vidéos/montage/2009 - A Workspace Odyssey/arrêt d'autobus sud.MOV-video1) at 0x9ea434c> <__main__.GnlSource object (source-file:///home/jeff/Vidéos/montage/2009 - A Workspace Odyssey/arrêt d'autobus sud.MOV-video1) at 0x9ea434c>
0:00:35.567728457 [333m24680[00m  0x993ffc0 [36mDEBUG[00m [00;32m              python objects.py:529:_startDurationChangedCb:<source-file:///home/jeff/Vidéos/montage/2009 - A Workspace Odyssey/arrêt d'autobus sud.MOV-video1>[00m property:duration
0:00:35.567765669 [333m24680[00m  0x993ffc0 [37mLOG  [00m [00;32m              python objects.py:543:_startDurationChangedCb:[00m duration: 0:00:36.400000000 => 0:00:36.400000000
0:00:35.568000825 [333m24680[00m  0x993ffc0 [37mLOG  [00m [00;32m              python objects.py:525:_startDurationChangedCb:[00m self:<TimelineBlankSource 'default-video' at 0x9d8878c> , gnlobject:<__main__.GnlSource object (source-default-video-video) at 0x9d8c52c> <__main__.GnlSource object (source-default-video-video) at 0x9d8c52c>
0:00:35.568033201 [333m24680[00m  0x993ffc0 [36mDEBUG[00m [00;32m              python objects.py:529:_startDurationChangedCb:<source-default-video-video>[00m property:duration
0:00:35.568068026 [333m24680[00m  0x993ffc0 [37mLOG  [00m [00;32m              python objects.py:543:_startDurationChangedCb:[00m duration: 0:00:36.500000000 => 0:00:36.400000000
0:00:35.568094408 [333m24680[00m  0x993ffc0 [36mDEBUG[00m [00;32m              python objects.py:547:_startDurationChangedCb:<source-default-video-video>[00m duration changed:0:00:36.400000000
0:00:35.568170697 [333m24680[00m  0x993ffc0 [37mLOG  [00m [00;32m              python source.py:150:_mediaStartDurationChangedCb:[00m <__main__.GnlSource object (source-default-video-video) at 0x9d8c52c> <GParamInt64 'media-duration'> media-duration
0:00:35.568208017 [333m24680[00m  0x993ffc0 [37mLOG  [00m [00;32m              python source.py:166:_mediaStartDurationChangedCb:[00m duration: 0:00:36.500000000 => 0:00:36.400000000
0:00:35.568320965 [333m24680[00m  0x993ffc0 [37mLOG  [00m [00;32m              python objects.py:525:_startDurationChangedCb:[00m self:<TimelineComposition 'videocomp' at 0x9d8874c> , gnlobject:<__main__.GnlComposition object (composition-videocomp) at 0x9d8c374> <__main__.GnlComposition object (composition-videocomp) at 0x9d8c374>
0:00:35.568378201 [333m24680[00m  0x993ffc0 [36mDEBUG[00m [00;32m              python objects.py:529:_startDurationChangedCb:<composition-videocomp>[00m property:duration
0:00:35.568412403 [333m24680[00m  0x993ffc0 [37mLOG  [00m [00;32m              python objects.py:543:_startDurationChangedCb:[00m duration: 0:00:36.500000000 => 0:00:36.400000000
0:00:35.568438831 [333m24680[00m  0x993ffc0 [36mDEBUG[00m [00;32m              python objects.py:547:_startDurationChangedCb:<composition-videocomp>[00m duration changed:0:00:36.400000000
0:00:35.568507360 [333m24680[00m  0x993ffc0 [32;01mINFO [00m [00;32m              python ruler.py:252:startDurationChanged:[00m start/duration changed
0:00:35.568851831 [333m24680[00m  0x993ffc0 [32;01mINFO [00m [00;32m              python bin.py:519:_startDurationChangedCb:<project-Nouveau projet>[00m smart timeline bin: start duration changed 0 36400000000
0:00:35.568909254 [333m24680[00m  0x993ffc0 [36mDEBUG[00m [00;32m              python viewer.py:316:_timelineDurationChangedCb:[00m duration : 0:00:36.400000000
0:00:35.568975660 [333m24680[00m  0x993ffc0 [32;01mINFO [00m [00;01;34m           GST_EVENT gstevent.c:874:gst_event_new_seek:[00m creating seek rate 1,000000, format TIME, flags 11, start_type 0, start 99:99:99.999999999, stop_type 2, stop 0:00:36.400000000
0:00:35.569029721 [333m24680[00m  0x993ffc0 [32;01mINFO [00m [00;01;34m           GST_EVENT gstevent.c:874:gst_event_new_seek:[00m creating seek rate 1,002747, format TIME, flags 11, start_type 0, start 99:99:99.999999999, stop_type 2, stop 0:00:36.500000000
0:00:35.569091002 [333m24680[00m  0x993ffc0 [32;01mINFO [00m [00;01;37;41m            GST_PADS gstpad.c:3222:gst_pad_event_default_dispatch:<vtee:sink>[00m Sending event 0x9f42318 (flush-start) to all internally linked pads
0:00:35.571789365 [333m24680[00m 0xb5f052d0 [33;01mWARN [00m [00m              ffmpeg gstffmpegdec.c:1931:gst_ffmpegdec_frame:<ffdec_h2642>[00m ffdec_h264: decoding error (len: -1, have_data: 0)
0:00:35.571919657 [333m24680[00m  0x993ffc0 [32;01mINFO [00m [00;01;37;41m            GST_PADS gstpad.c:3222:gst_pad_event_default_dispatch:<vtee:sink>[00m Sending event 0xa358878 (flush-stop) to all internally linked pads
0:00:35.572033841 [333m24680[00m 0xb5f052d0 [32;01mINFO [00m [00;01;34m           GST_EVENT gstevent.c:557:gst_event_new_new_segment_full:[00m creating newsegment update 0, rate 1,002747, format GST_FORMAT_TIME, start 0:00:00.033366666, stop 0:00:36.500000000, position 0:00:00.033366666
0:00:35.572107270 [333m24680[00m 0xb5f052d0 [32;01mINFO [00m [00;01;34m           GST_EVENT gstevent.c:557:gst_event_new_new_segment_full:[00m creating newsegment update 0, rate 1,002747, format GST_FORMAT_TIME, start 0:00:00.033366666, stop 0:00:36.500000000, position 0:00:00.033275250
0:00:35.572109511 [333m24680[00m  0x993ffc0 [32;01mINFO [00m [00;32m              python objects.py:482:_setStartDurationTime:<source-file:///home/jeff/Vidéos/montage/2009 - A Workspace Odyssey/arrêt d'autobus sud.MOV-brother-audio2>[00m start:CLOCK_TIME_NONE , duration:0:00:36.400000000
0:00:35.572154380 [333m24680[00m 0xb5f052d0 [32;01mINFO [00m [00;01;37;41m            GST_PADS gstpad.c:3222:gst_pad_event_default_dispatch:<vtee:sink>[00m Sending event 0x9f45a28 (newsegment) to all internally linked pads
0:00:35.572243617 [333m24680[00m  0x993ffc0 [37mLOG  [00m [00;32m              python objects.py:525:_startDurationChangedCb:[00m self:<TimelineFileSource 'file:///home/jeff/Vidéos/montage/2009 - A Workspace Odyssey/arrêt d'autobus sud.MOV-brother' at 0x9ea1f0c> , gnlobject:<__main__.GnlSource object (source-file:///home/jeff/Vidéos/montage/2009 - A Workspace Odyssey/arrêt d'autobus sud.MOV-brother-audio2) at 0x9ea484c> <__main__.GnlSource object (source-file:///home/jeff/Vidéos/montage/2009 - A Workspace Odyssey/arrêt d'autobus sud.MOV-brother-audio2) at 0x9ea484c>
0:00:35.572320222 [333m24680[00m  0x993ffc0 [36mDEBUG[00m [00;32m              python objects.py:529:_startDurationChangedCb:<source-file:///home/jeff/Vidéos/montage/2009 - A Workspace Odyssey/arrêt d'autobus sud.MOV-brother-audio2>[00m property:duration
0:00:35.572360014 [333m24680[00m  0x993ffc0 [37mLOG  [00m [00;32m              python objects.py:543:_startDurationChangedCb:[00m duration: 0:00:36.400000000 => 0:00:36.400000000
0:00:35.572616004 [333m24680[00m  0x993ffc0 [37mLOG  [00m [00;32m              python objects.py:525:_startDurationChangedCb:[00m self:<TimelineBlankSource 'default-audio' at 0x9d8876c> , gnlobject:<__main__.GnlSource object (source-default-audio-audio) at 0x9d8c48c> <__main__.GnlSource object (source-default-audio-audio) at 0x9d8c48c>
0:00:35.572648771 [333m24680[00m  0x993ffc0 [36mDEBUG[00m [00;32m              python objects.py:529:_startDurationChangedCb:<source-default-audio-audio>[00m property:duration
0:00:35.572683291 [333m24680[00m  0x993ffc0 [37mLOG  [00m [00;32m              python objects.py:543:_startDurationChangedCb:[00m duration: 0:00:36.500000000 => 0:00:36.400000000
0:00:35.572710004 [333m24680[00m  0x993ffc0 [36mDEBUG[00m [00;32m              python objects.py:547:_startDurationChangedCb:<source-default-audio-audio>[00m duration changed:0:00:36.400000000
0:00:35.572784558 [333m24680[00m  0x993ffc0 [37mLOG  [00m [00;32m              python source.py:150:_mediaStartDurationChangedCb:[00m <__main__.GnlSource object (source-default-audio-audio) at 0x9d8c48c> <GParamInt64 'media-duration'> media-duration
0:00:35.572821500 [333m24680[00m  0x993ffc0 [37mLOG  [00m [00;32m              python source.py:166:_mediaStartDurationChangedCb:[00m duration: 0:00:36.500000000 => 0:00:36.400000000
0:00:35.572900171 [333m24680[00m  0x993ffc0 [37mLOG  [00m [00;32m              python objects.py:525:_startDurationChangedCb:[00m self:<TimelineComposition 'audiocomp' at 0x9d886cc> , gnlobject:<__main__.GnlComposition object (composition-audiocomp) at 0x9d8c2fc> <__main__.GnlComposition object (composition-audiocomp) at 0x9d8c2fc>
0:00:35.572929296 [333m24680[00m  0x993ffc0 [36mDEBUG[00m [00;32m              python objects.py:529:_startDurationChangedCb:<composition-audiocomp>[00m property:duration
0:00:35.572962126 [333m24680[00m  0x993ffc0 [37mLOG  [00m [00;32m              python objects.py:543:_startDurationChangedCb:[00m duration: 0:00:36.500000000 => 0:00:36.400000000
0:00:35.572988315 [333m24680[00m  0x993ffc0 [36mDEBUG[00m [00;32m              python objects.py:547:_startDurationChangedCb:<composition-audiocomp>[00m duration changed:0:00:36.400000000
0:00:35.573066950 [333m24680[00m  0x993ffc0 [32;01mINFO [00m [00;32m              python ruler.py:252:startDurationChanged:[00m start/duration changed
0:00:35.573440639 [333m24680[00m  0x993ffc0 [32;01mINFO [00m [00;01;34m           GST_EVENT gstevent.c:874:gst_event_new_seek:[00m creating seek rate 1,000000, format TIME, flags 11, start_type 0, start 99:99:99.999999999, stop_type 2, stop 0:00:36.400000000
0:00:35.573496092 [333m24680[00m  0x993ffc0 [32;01mINFO [00m [00;01;34m           GST_EVENT gstevent.c:874:gst_event_new_seek:[00m creating seek rate 1,002747, format TIME, flags 11, start_type 0, start 99:99:99.999999999, stop_type 2, stop 0:00:36.500000000
0:00:35.573556330 [333m24680[00m  0x993ffc0 [32;01mINFO [00m [00;01;37;41m            GST_PADS gstpad.c:3222:gst_pad_event_default_dispatch:<faad2:sink>[00m Sending event 0x9f45c50 (flush-start) to all internally linked pads
0:00:35.573587873 [333m24680[00m  0x993ffc0 [32;01mINFO [00m [00;01;37;41m            GST_PADS gstpad.c:3222:gst_pad_event_default_dispatch:<atee:sink>[00m Sending event 0x9f45c50 (flush-start) to all internally linked pads
0:00:35.573823192 [333m24680[00m  0x993ffc0 [32;01mINFO [00m [00;01;37;41m            GST_PADS gstpad.c:3222:gst_pad_event_default_dispatch:<atee:sink>[00m Sending event 0xa36d6a0 (flush-stop) to all internally linked pads
0:00:35.573986844 [333m24680[00m 0xb5f078d0 [32;01mINFO [00m [00;01;34m           GST_EVENT gstevent.c:557:gst_event_new_new_segment_full:[00m creating newsegment update 0, rate 1,002747, format GST_FORMAT_TIME, start 0:00:18.282666666, stop 0:00:36.500000000, position 0:00:18.282666666
0:00:35.574040288 [333m24680[00m  0x993ffc0 [32;01mINFO [00m [00;32m              python source.py:104:_setMediaStartDurationTime:[00m TimelineFileSource <TimelineFileSource 'file:///home/jeff/Vidéos/montage/2009 - A Workspace Odyssey/arrêt d'autobus sud.MOV' at 0x9ea1dcc> start:CLOCK_TIME_NONE , duration:0:00:36.400000000
0:00:35.574091623 [333m24680[00m  0x993ffc0 [32;01mINFO [00m [00;32m              python source.py:108:_setMediaStartDurationTime:[00m TimelineFileSource <TimelineFileSource 'file:///home/jeff/Vidéos/montage/2009 - A Workspace Odyssey/arrêt d'autobus sud.MOV' at 0x9ea1dcc> EXISTING start:0:00:00.000000000 , duration:0:00:36.500000000
0:00:35.574166454 [333m24680[00m  0x993ffc0 [37mLOG  [00m [00;32m              python source.py:150:_mediaStartDurationChangedCb:[00m <__main__.GnlSource object (source-file:///home/jeff/Vidéos/montage/2009 - A Workspace Odyssey/arrêt d'autobus sud.MOV-video1) at 0x9ea434c> <GParamInt64 'media-duration'> media-duration
0:00:35.574204908 [333m24680[00m  0x993ffc0 [37mLOG  [00m [00;32m              python source.py:166:_mediaStartDurationChangedCb:[00m duration: 0:00:36.500000000 => 0:00:36.400000000
0:00:35.574219901 [333m24680[00m 0xb5f078d0 [32;01mINFO [00m [00;01;34m           GST_EVENT gstevent.c:557:gst_event_new_new_segment_full:[00m creating newsegment update 0, rate 1,002747, format GST_FORMAT_TIME, start 0:00:18.282666666, stop 0:00:36.500000000, position 0:00:18.282666666
0:00:35.574279278 [333m24680[00m 0xb5f078d0 [32;01mINFO [00m [00;01;34m           GST_EVENT gstevent.c:557:gst_event_new_new_segment_full:[00m creating newsegment update 0, rate 1,002747, format GST_FORMAT_TIME, start 0:00:18.282666666, stop 0:00:36.500000000, position 0:00:18.232577168
0:00:35.574286797 [333m24680[00m  0x993ffc0 [32;01mINFO [00m [00;32m              python source.py:104:_setMediaStartDurationTime:[00m TimelineFileSource <TimelineFileSource 'file:///home/jeff/Vidéos/montage/2009 - A Workspace Odyssey/arrêt d'autobus sud.MOV-brother' at 0x9ea1f0c> start:CLOCK_TIME_NONE , duration:0:00:36.400000000
0:00:35.574317889 [333m24680[00m 0xb5f078d0 [32;01mINFO [00m [00;01;37;41m            GST_PADS gstpad.c:3222:gst_pad_event_default_dispatch:<atee:sink>[00m Sending event 0x9fad2c8 (newsegment) to all internally linked pads
0:00:35.574331384 [333m24680[00m  0x993ffc0 [32;01mINFO [00m [00;32m              python source.py:108:_setMediaStartDurationTime:[00m TimelineFileSource <TimelineFileSource 'file:///home/jeff/Vidéos/montage/2009 - A Workspace Odyssey/arrêt d'autobus sud.MOV-brother' at 0x9ea1f0c> EXISTING start:0:00:00.000000000 , duration:0:00:36.500000000
0:00:35.574398801 [333m24680[00m  0x993ffc0 [37mLOG  [00m [00;32m              python source.py:150:_mediaStartDurationChangedCb:[00m <__main__.GnlSource object (source-file:///home/jeff/Vidéos/montage/2009 - A Workspace Odyssey/arrêt d'autobus sud.MOV-brother-audio2) at 0x9ea484c> <GParamInt64 'media-duration'> media-duration
0:00:35.574435971 [333m24680[00m  0x993ffc0 [37mLOG  [00m [00;32m              python source.py:166:_mediaStartDurationChangedCb:[00m duration: 0:00:36.500000000 => 0:00:36.400000000
0:00:35.574755356 [333m24680[00m  0x993ffc0 [32;01mINFO [00m [00;32m              python playground.py:353:_busMessageCb:[00m <flags GST_MESSAGE_STATE_CHANGED of type GstMessageType> [<__main__.GstPulseSink object (autoaudiosink1-actual-sink-pulse) at 0x9ea94b4>]
0:00:35.574805925 [333m24680[00m  0x993ffc0 [36mDEBUG[00m [00;32m              python playground.py:357:_busMessageCb:<autoaudiosink1-actual-sink-pulse>[00m old:<enum GST_STATE_PAUSED of type GstState>, new:<enum GST_STATE_PAUSED of type GstState>, pending:<enum GST_STATE_VOID_PENDING of type GstState>
0:00:35.574938262 [333m24680[00m  0x993ffc0 [32;01mINFO [00m [00;32m              python playground.py:353:_busMessageCb:[00m <flags GST_MESSAGE_STATE_CHANGED of type GstMessageType> [<__main__.GstAutoAudioSink object (autoaudiosink1) at 0x9ea94b4>]
0:00:35.574979739 [333m24680[00m  0x993ffc0 [36mDEBUG[00m [00;32m              python playground.py:357:_busMessageCb:<autoaudiosink1>[00m old:<enum GST_STATE_PAUSED of type GstState>, new:<enum GST_STATE_PAUSED of type GstState>, pending:<enum GST_STATE_VOID_PENDING of type GstState>
0:00:35.575053381 [333m24680[00m  0x993ffc0 [32;01mINFO [00m [00;32m              python playground.py:353:_busMessageCb:[00m <flags GST_MESSAGE_STATE_CHANGED of type GstMessageType> [<gst.Bin object (pitivi-audiosink) at 0x9ea0694>]
0:00:35.575090837 [333m24680[00m  0x993ffc0 [36mDEBUG[00m [00;32m              python playground.py:357:_busMessageCb:<pitivi-audiosink>[00m old:<enum GST_STATE_PAUSED of type GstState>, new:<enum GST_STATE_PAUSED of type GstState>, pending:<enum GST_STATE_VOID_PENDING of type GstState>
0:00:35.575163722 [333m24680[00m  0x993ffc0 [32;01mINFO [00m [00;32m              python playground.py:353:_busMessageCb:[00m <flags GST_MESSAGE_STATE_CHANGED of type GstMessageType> [<gst.Bin object (asinkthread) at 0x9ea07ac>]
0:00:35.575201043 [333m24680[00m  0x993ffc0 [36mDEBUG[00m [00;32m              python playground.py:357:_busMessageCb:<asinkthread>[00m old:<enum GST_STATE_PAUSED of type GstState>, new:<enum GST_STATE_PAUSED of type GstState>, pending:<enum GST_STATE_VOID_PENDING of type GstState>
0:00:35.575271542 [333m24680[00m  0x993ffc0 [32;01mINFO [00m [00;32m              python playground.py:353:_busMessageCb:[00m <flags GST_MESSAGE_STATE_CHANGED of type GstMessageType> [<__main__.GstPulseSink object (autoaudiosink1-actual-sink-pulse) at 0x9ea94b4>]
0:00:35.575376490 [333m24680[00m  0x993ffc0 [36mDEBUG[00m [00;32m              python playground.py:357:_busMessageCb:<autoaudiosink1-actual-sink-pulse>[00m old:<enum GST_STATE_PAUSED of type GstState>, new:<enum GST_STATE_PAUSED of type GstState>, pending:<enum GST_STATE_PAUSED of type GstState>
0:00:35.575457486 [333m24680[00m  0x993ffc0 [32;01mINFO [00m [00;32m              python playground.py:353:_busMessageCb:[00m <flags GST_MESSAGE_STATE_CHANGED of type GstMessageType> [<__main__.GstAutoAudioSink object (autoaudiosink1) at 0x9ea94b4>]
0:00:35.575496322 [333m24680[00m  0x993ffc0 [36mDEBUG[00m [00;32m              python playground.py:357:_busMessageCb:<autoaudiosink1>[00m old:<enum GST_STATE_PAUSED of type GstState>, new:<enum GST_STATE_PAUSED of type GstState>, pending:<enum GST_STATE_PAUSED of type GstState>
0:00:35.575567240 [333m24680[00m  0x993ffc0 [32;01mINFO [00m [00;32m              python playground.py:353:_busMessageCb:[00m <flags GST_MESSAGE_STATE_CHANGED of type GstMessageType> [<gst.Bin object (pitivi-audiosink) at 0x9ea0694>]
0:00:35.575604488 [333m24680[00m  0x993ffc0 [36mDEBUG[00m [00;32m              python playground.py:357:_busMessageCb:<pitivi-audiosink>[00m old:<enum GST_STATE_PAUSED of type GstState>, new:<enum GST_STATE_PAUSED of type GstState>, pending:<enum GST_STATE_PAUSED of type GstState>
0:00:35.575673469 [333m24680[00m  0x993ffc0 [32;01mINFO [00m [00;32m              python playground.py:353:_busMessageCb:[00m <flags GST_MESSAGE_STATE_CHANGED of type GstMessageType> [<gst.Bin object (asinkthread) at 0x9ea07ac>]
0:00:35.575718119 [333m24680[00m  0x993ffc0 [36mDEBUG[00m [00;32m              python playground.py:357:_busMessageCb:<asinkthread>[00m old:<enum GST_STATE_PAUSED of type GstState>, new:<enum GST_STATE_PAUSED of type GstState>, pending:<enum GST_STATE_PAUSED of type GstState>
0:00:35.575943299 [333m24680[00m  0x993ffc0 [36mDEBUG[00m [00;32m              python ruler.py:92:do_size_allocate:[00m ScaleRuler got [0, 271, 852, 35]
0:00:35.576064376 [333m24680[00m  0x993ffc0 [36mDEBUG[00m [00;32m              python ruler.py:96:do_size_allocate:[00m Setting layout size to 852 x 35
0:00:35.578029770 [333m24680[00m  0x993ffc0 [36mDEBUG[00m [00;32m              python ruler.py:107:do_expose_event:[00m exposing ScaleRuler [0, 0, 852, 35]
0:00:35.578307708 [333m24680[00m  0x993ffc0 [36mDEBUG[00m [00;32m              python viewer.py:302:_asyncTimelineDurationChanged:[00m duration : 0:00:36.400000000
0:00:35.578342661 [333m24680[00m  0x993ffc0 [36mDEBUG[00m [00;32m              python viewer.py:303:_asyncTimelineDurationChanged:[00m playground.current.length : 0:00:36.400000000
0:00:35.575355945 [333m24680[00m 0xb5f008a8 [33;01mWARN [00m [00m       audioresample gstaudioresample.c:599:audioresample_check_discont:<audiobin-resample>[00m encountered timestamp discontinuity of 1045333334
0:00:35.583290780 [333m24680[00m 0xb5f008a8 [32;01mINFO [00m [00;01;31m          GST_STATES gstbin.c:2578:bin_handle_async_done:<autoaudiosink1>[00m committing state from PAUSED to PAUSED, old pending PAUSED
0:00:35.583321069 [333m24680[00m 0xb5f008a8 [32;01mINFO [00m [00;01;31m          GST_STATES gstbin.c:2593:bin_handle_async_done:<autoaudiosink1>[00m completed state change, pending VOID
0:00:35.583369670 [333m24680[00m 0xb5f008a8 [32;01mINFO [00m [00;01;31m          GST_STATES gstbin.c:2578:bin_handle_async_done:<pitivi-audiosink>[00m committing state from PAUSED to PAUSED, old pending PAUSED
0:00:35.583390374 [333m24680[00m 0xb5f008a8 [32;01mINFO [00m [00;01;31m          GST_STATES gstbin.c:2593:bin_handle_async_done:<pitivi-audiosink>[00m completed state change, pending VOID
0:00:35.583435120 [333m24680[00m 0xb5f008a8 [32;01mINFO [00m [00;01;31m          GST_STATES gstbin.c:2578:bin_handle_async_done:<asinkthread>[00m committing state from PAUSED to PAUSED, old pending PAUSED
0:00:35.583454739 [333m24680[00m 0xb5f008a8 [32;01mINFO [00m [00;01;31m          GST_STATES gstbin.c:2593:bin_handle_async_done:<asinkthread>[00m completed state change, pending VOID
0:00:35.583576797 [333m24680[00m  0x993ffc0 [32;01mINFO [00m [00;32m              python playground.py:353:_busMessageCb:[00m <flags GST_MESSAGE_STATE_CHANGED of type GstMessageType> [<__main__.GstPulseSink object (autoaudiosink1-actual-sink-pulse) at 0x9ea94b4>]
0:00:35.583622947 [333m24680[00m  0x993ffc0 [36mDEBUG[00m [00;32m              python playground.py:357:_busMessageCb:<autoaudiosink1-actual-sink-pulse>[00m old:<enum GST_STATE_PAUSED of type GstState>, new:<enum GST_STATE_PAUSED of type GstState>, pending:<enum GST_STATE_VOID_PENDING of type GstState>
0:00:35.583709784 [333m24680[00m  0x993ffc0 [32;01mINFO [00m [00;32m              python playground.py:353:_busMessageCb:[00m <flags GST_MESSAGE_STATE_CHANGED of type GstMessageType> [<__main__.GstAutoAudioSink object (autoaudiosink1) at 0x9ea94b4>]
0:00:35.583749702 [333m24680[00m  0x993ffc0 [36mDEBUG[00m [00;32m              python playground.py:357:_busMessageCb:<autoaudiosink1>[00m old:<enum GST_STATE_PAUSED of type GstState>, new:<enum GST_STATE_PAUSED of type GstState>, pending:<enum GST_STATE_VOID_PENDING of type GstState>
0:00:35.583836822 [333m24680[00m  0x993ffc0 [32;01mINFO [00m [00;32m              python playground.py:353:_busMessageCb:[00m <flags GST_MESSAGE_STATE_CHANGED of type GstMessageType> [<gst.Bin object (pitivi-audiosink) at 0x9ea0694>]
0:00:35.583875523 [333m24680[00m  0x993ffc0 [36mDEBUG[00m [00;32m              python playground.py:357:_busMessageCb:<pitivi-audiosink>[00m old:<enum GST_STATE_PAUSED of type GstState>, new:<enum GST_STATE_PAUSED of type GstState>, pending:<enum GST_STATE_VOID_PENDING of type GstState>
0:00:35.583944891 [333m24680[00m  0x993ffc0 [32;01mINFO [00m [00;32m              python playground.py:353:_busMessageCb:[00m <flags GST_MESSAGE_STATE_CHANGED of type GstMessageType> [<gst.Bin object (asinkthread) at 0x9ea07ac>]
0:00:35.583981875 [333m24680[00m  0x993ffc0 [36mDEBUG[00m [00;32m              python playground.py:357:_busMessageCb:<asinkthread>[00m old:<enum GST_STATE_PAUSED of type GstState>, new:<enum GST_STATE_PAUSED of type GstState>, pending:<enum GST_STATE_VOID_PENDING of type GstState>
0:00:35.598261295 [333m24680[00m 0xb5f052d0 [31;01mERROR[00m [00m              ffmpeg :0::[00m AVC: Consumed only 5257 bytes instead of 5260
0:00:35.605818272 [333m24680[00m 0xb5f052d0 [32;01mINFO [00m [00;01;34m           GST_EVENT gstevent.c:557:gst_event_new_new_segment_full:[00m creating newsegment update 0, rate 1,002747, format GST_FORMAT_TIME, start 0:00:00.033366666, stop 0:00:36.500000000, position 0:00:00.033366666
0:00:35.617296689 [333m24680[00m 0xb5f03468 [32;01mINFO [00m [00;01;31m          GST_STATES gstbin.c:2578:bin_handle_async_done:<autovideosink1>[00m committing state from PAUSED to PAUSED, old pending PAUSED
0:00:35.617363654 [333m24680[00m 0xb5f03468 [32;01mINFO [00m [00;01;31m          GST_STATES gstbin.c:2593:bin_handle_async_done:<autovideosink1>[00m completed state change, pending VOID
0:00:35.617461971 [333m24680[00m  0x993ffc0 [32;01mINFO [00m [00;32m              python playground.py:353:_busMessageCb:[00m <flags GST_MESSAGE_STATE_CHANGED of type GstMessageType> [<__main__.GstXvImageSink object (autovideosink1-actual-sink-xvimage) at 0x9ea052c>]
0:00:35.617550272 [333m24680[00m  0x993ffc0 [36mDEBUG[00m [00;32m              python playground.py:357:_busMessageCb:<autovideosink1-actual-sink-xvimage>[00m old:<enum GST_STATE_PAUSED of type GstState>, new:<enum GST_STATE_PAUSED of type GstState>, pending:<enum GST_STATE_VOID_PENDING of type GstState>
0:00:35.617640925 [333m24680[00m 0xb5f03468 [32;01mINFO [00m [00;01;31m          GST_STATES gstbin.c:2578:bin_handle_async_done:<vsinkthread>[00m committing state from PAUSED to PAUSED, old pending PAUSED
0:00:35.617667698 [333m24680[00m 0xb5f03468 [32;01mINFO [00m [00;01;31m          GST_STATES gstbin.c:2593:bin_handle_async_done:<vsinkthread>[00m completed state change, pending VOID
0:00:35.617691355 [333m24680[00m  0x993ffc0 [32;01mINFO [00m [00;32m              python playground.py:353:_busMessageCb:[00m <flags GST_MESSAGE_STATE_CHANGED of type GstMessageType> [<__main__.GstAutoVideoSink object (autovideosink1) at 0x9ea0464>]
0:00:35.617740069 [333m24680[00m  0x993ffc0 [36mDEBUG[00m [00;32m              python playground.py:357:_busMessageCb:<autovideosink1>[00m old:<enum GST_STATE_PAUSED of type GstState>, new:<enum GST_STATE_PAUSED of type GstState>, pending:<enum GST_STATE_VOID_PENDING of type GstState>
0:00:35.617823143 [333m24680[00m 0xb5f03468 [32;01mINFO [00m [00;01;31m          GST_STATES gstbin.c:2578:bin_handle_async_done:<project-Nouveau projet>[00m committing state from PAUSED to PAUSED, old pending PAUSED
0:00:35.617846406 [333m24680[00m 0xb5f03468 [32;01mINFO [00m [00;01;31m          GST_STATES gstbin.c:2593:bin_handle_async_done:<project-Nouveau projet>[00m completed state change, pending VOID
0:00:35.617854529 [333m24680[00m  0x993ffc0 [32;01mINFO [00m [00;32m              python playground.py:353:_busMessageCb:[00m <flags GST_MESSAGE_STATE_CHANGED of type GstMessageType> [<gst.Bin object (vsinkthread) at 0x9ea0554>]
0:00:35.617898430 [333m24680[00m  0x993ffc0 [36mDEBUG[00m [00;32m              python playground.py:357:_busMessageCb:<vsinkthread>[00m old:<enum GST_STATE_PAUSED of type GstState>, new:<enum GST_STATE_PAUSED of type GstState>, pending:<enum GST_STATE_VOID_PENDING of type GstState>
0:00:35.618040690 [333m24680[00m  0x993ffc0 [32;01mINFO [00m [00;32m              python playground.py:353:_busMessageCb:[00m <flags GST_MESSAGE_STATE_CHANGED of type GstMessageType> [<SmartTimelineBin object (project-Nouveau projet) at 0x9e9c874>]
0:00:35.618080882 [333m24680[00m  0x993ffc0 [36mDEBUG[00m [00;32m              python playground.py:357:_busMessageCb:<project-Nouveau projet>[00m old:<enum GST_STATE_PAUSED of type GstState>, new:<enum GST_STATE_PAUSED of type GstState>, pending:<enum GST_STATE_VOID_PENDING of type GstState>
0:00:35.618162407 [333m24680[00m  0x993ffc0 [32;01mINFO [00m [00;32m              python viewer.py:431:_currentStateCb:[00m current state changed : <enum GST_STATE_PAUSED of type GstState>
0:00:35.618197782 [333m24680[00m  0x993ffc0 [37mLOG  [00m [00;32m              python viewer.py:499:setPlay:[00m setPlay
0:00:35.618274008 [333m24680[00m  0x993ffc0 [32;01mINFO [00m [00;32m              python playground.py:353:_busMessageCb:[00m <flags GST_MESSAGE_ASYNC_DONE of type GstMessageType> [<SmartTimelineBin object (project-Nouveau projet) at 0x9e9c874>]
0:00:35.854999400 [333m24680[00m  0x993ffc0 [32;01mINFO [00m [00;32m              python objects.py:482:_setStartDurationTime:<source-file:///home/jeff/Vidéos/montage/2009 - A Workspace Odyssey/arrêt d'autobus sud.MOV-video1>[00m start:CLOCK_TIME_NONE , duration:0:00:36.300000000
0:00:35.855162955 [333m24680[00m  0x993ffc0 [37mLOG  [00m [00;32m              python objects.py:525:_startDurationChangedCb:[00m self:<TimelineFileSource 'file:///home/jeff/Vidéos/montage/2009 - A Workspace Odyssey/arrêt d'autobus sud.MOV' at 0x9ea1dcc> , gnlobject:<__main__.GnlSource object (source-file:///home/jeff/Vidéos/montage/2009 - A Workspace Odyssey/arrêt d'autobus sud.MOV-video1) at 0x9ea434c> <__main__.GnlSource object (source-file:///home/jeff/Vidéos/montage/2009 - A Workspace Odyssey/arrêt d'autobus sud.MOV-video1) at 0x9ea434c>
0:00:35.855190925 [333m24680[00m  0x993ffc0 [36mDEBUG[00m [00;32m              python objects.py:529:_startDurationChangedCb:<source-file:///home/jeff/Vidéos/montage/2009 - A Workspace Odyssey/arrêt d'autobus sud.MOV-video1>[00m property:duration
0:00:35.855220688 [333m24680[00m  0x993ffc0 [37mLOG  [00m [00;32m              python objects.py:543:_startDurationChangedCb:[00m duration: 0:00:36.300000000 => 0:00:36.300000000
0:00:35.855411441 [333m24680[00m  0x993ffc0 [37mLOG  [00m [00;32m              python objects.py:525:_startDurationChangedCb:[00m self:<TimelineBlankSource 'default-video' at 0x9d8878c> , gnlobject:<__main__.GnlSource object (source-default-video-video) at 0x9d8c52c> <__main__.GnlSource object (source-default-video-video) at 0x9d8c52c>
0:00:35.855436109 [333m24680[00m  0x993ffc0 [36mDEBUG[00m [00;32m              python objects.py:529:_startDurationChangedCb:<source-default-video-video>[00m property:duration
0:00:35.855463610 [333m24680[00m  0x993ffc0 [37mLOG  [00m [00;32m              python objects.py:543:_startDurationChangedCb:[00m duration: 0:00:36.400000000 => 0:00:36.300000000
0:00:35.855485120 [333m24680[00m  0x993ffc0 [36mDEBUG[00m [00;32m              python objects.py:547:_startDurationChangedCb:<source-default-video-video>[00m duration changed:0:00:36.300000000
0:00:35.855546720 [333m24680[00m  0x993ffc0 [37mLOG  [00m [00;32m              python source.py:150:_mediaStartDurationChangedCb:[00m <__main__.GnlSource object (source-default-video-video) at 0x9d8c52c> <GParamInt64 'media-duration'> media-duration
0:00:35.855575348 [333m24680[00m  0x993ffc0 [37mLOG  [00m [00;32m              python source.py:166:_mediaStartDurationChangedCb:[00m duration: 0:00:36.400000000 => 0:00:36.300000000
0:00:35.855637668 [333m24680[00m  0x993ffc0 [37mLOG  [00m [00;32m              python objects.py:525:_startDurationChangedCb:[00m self:<TimelineComposition 'videocomp' at 0x9d8874c> , gnlobject:<__main__.GnlComposition object (composition-videocomp) at 0x9d8c374> <__main__.GnlComposition object (composition-videocomp) at 0x9d8c374>
0:00:35.855660699 [333m24680[00m  0x993ffc0 [36mDEBUG[00m [00;32m              python objects.py:529:_startDurationChangedCb:<composition-videocomp>[00m property:duration
0:00:35.855687367 [333m24680[00m  0x993ffc0 [37mLOG  [00m [00;32m              python objects.py:543:_startDurationChangedCb:[00m duration: 0:00:36.400000000 => 0:00:36.300000000
0:00:35.855708173 [333m24680[00m  0x993ffc0 [36mDEBUG[00m [00;32m              python objects.py:547:_startDurationChangedCb:<composition-videocomp>[00m duration changed:0:00:36.300000000
0:00:35.855782477 [333m24680[00m  0x993ffc0 [32;01mINFO [00m [00;32m              python ruler.py:252:startDurationChanged:[00m start/duration changed
0:00:35.856046821 [333m24680[00m  0x993ffc0 [32;01mINFO [00m [00;32m              python bin.py:519:_startDurationChangedCb:<project-Nouveau projet>[00m smart timeline bin: start duration changed 0 36300000000
0:00:35.856091658 [333m24680[00m  0x993ffc0 [36mDEBUG[00m [00;32m              python viewer.py:316:_timelineDurationChangedCb:[00m duration : 0:00:36.300000000
0:00:35.856136915 [333m24680[00m  0x993ffc0 [32;01mINFO [00m [00;01;34m           GST_EVENT gstevent.c:874:gst_event_new_seek:[00m creating seek rate 1,000000, format TIME, flags 11, start_type 0, start 99:99:99.999999999, stop_type 2, stop 0:00:36.300000000
0:00:35.856176783 [333m24680[00m  0x993ffc0 [32;01mINFO [00m [00;01;34m           GST_EVENT gstevent.c:874:gst_event_new_seek:[00m creating seek rate 1,002755, format TIME, flags 11, start_type 0, start 99:99:99.999999999, stop_type 2, stop 0:00:36.400000000
0:00:35.856223144 [333m24680[00m  0x993ffc0 [32;01mINFO [00m [00;01;37;41m            GST_PADS gstpad.c:3222:gst_pad_event_default_dispatch:<vtee:sink>[00m Sending event 0x9fa18c8 (flush-start) to all internally linked pads
0:00:35.856414432 [333m24680[00m  0x993ffc0 [32;01mINFO [00m [00;01;37;41m            GST_PADS gstpad.c:3222:gst_pad_event_default_dispatch:<vtee:sink>[00m Sending event 0xa34b8c8 (flush-stop) to all internally linked pads
0:00:35.856510340 [333m24680[00m  0x993ffc0 [32;01mINFO [00m [00;32m              python objects.py:482:_setStartDurationTime:<source-file:///home/jeff/Vidéos/montage/2009 - A Workspace Odyssey/arrêt d'autobus sud.MOV-brother-audio2>[00m start:CLOCK_TIME_NONE , duration:0:00:36.300000000
0:00:35.856503347 [333m24680[00m 0xb5f052d0 [32;01mINFO [00m [00;01;34m           GST_EVENT gstevent.c:557:gst_event_new_new_segment_full:[00m creating newsegment update 0, rate 1,002755, format GST_FORMAT_TIME, start 0:00:00.333666666, stop 0:00:36.400000000, position 0:00:00.333666666
0:00:35.856574286 [333m24680[00m  0x993ffc0 [37mLOG  [00m [00;32m              python objects.py:525:_startDurationChangedCb:[00m self:<TimelineFileSource 'file:///home/jeff/Vidéos/montage/2009 - A Workspace Odyssey/arrêt d'autobus sud.MOV-brother' at 0x9ea1f0c> , gnlobject:<__main__.GnlSource object (source-file:///home/jeff/Vidéos/montage/2009 - A Workspace Odyssey/arrêt d'autobus sud.MOV-brother-audio2) at 0x9ea484c> <__main__.GnlSource object (source-file:///home/jeff/Vidéos/montage/2009 - A Workspace Odyssey/arrêt d'autobus sud.MOV-brother-audio2) at 0x9ea484c>
0:00:35.856596490 [333m24680[00m 0xb5f052d0 [32;01mINFO [00m [00;01;34m           GST_EVENT gstevent.c:557:gst_event_new_new_segment_full:[00m creating newsegment update 0, rate 1,002755, format GST_FORMAT_TIME, start 0:00:00.333666666, stop 0:00:36.400000000, position 0:00:00.332749999
0:00:35.856603155 [333m24680[00m  0x993ffc0 [36mDEBUG[00m [00;32m              python objects.py:529:_startDurationChangedCb:<source-file:///home/jeff/Vidéos/montage/2009 - A Workspace Odyssey/arrêt d'autobus sud.MOV-brother-audio2>[00m property:duration
0:00:35.856654130 [333m24680[00m 0xb5f052d0 [32;01mINFO [00m [00;01;37;41m            GST_PADS gstpad.c:3222:gst_pad_event_default_dispatch:<vtee:sink>[00m Sending event 0x9f45990 (newsegment) to all internally linked pads
0:00:35.856665279 [333m24680[00m  0x993ffc0 [37mLOG  [00m [00;32m              python objects.py:543:_startDurationChangedCb:[00m duration: 0:00:36.300000000 => 0:00:36.300000000
0:00:35.856875307 [333m24680[00m  0x993ffc0 [37mLOG  [00m [00;32m              python objects.py:525:_startDurationChangedCb:[00m self:<TimelineBlankSource 'default-audio' at 0x9d8876c> , gnlobject:<__main__.GnlSource object (source-default-audio-audio) at 0x9d8c48c> <__main__.GnlSource object (source-default-audio-audio) at 0x9d8c48c>
0:00:35.856899683 [333m24680[00m  0x993ffc0 [36mDEBUG[00m [00;32m              python objects.py:529:_startDurationChangedCb:<source-default-audio-audio>[00m property:duration
0:00:35.856940426 [333m24680[00m  0x993ffc0 [37mLOG  [00m [00;32m              python objects.py:543:_startDurationChangedCb:[00m duration: 0:00:36.400000000 => 0:00:36.300000000
0:00:35.856961737 [333m24680[00m  0x993ffc0 [36mDEBUG[00m [00;32m              python objects.py:547:_startDurationChangedCb:<source-default-audio-audio>[00m duration changed:0:00:36.300000000
0:00:35.857016652 [333m24680[00m  0x993ffc0 [37mLOG  [00m [00;32m              python source.py:150:_mediaStartDurationChangedCb:[00m <__main__.GnlSource object (source-default-audio-audio) at 0x9d8c48c> <GParamInt64 'media-duration'> media-duration
0:00:35.857044688 [333m24680[00m  0x993ffc0 [37mLOG  [00m [00;32m              python source.py:166:_mediaStartDurationChangedCb:[00m duration: 0:00:36.400000000 => 0:00:36.300000000
0:00:35.857103404 [333m24680[00m  0x993ffc0 [37mLOG  [00m [00;32m              python objects.py:525:_startDurationChangedCb:[00m self:<TimelineComposition 'audiocomp' at 0x9d886cc> , gnlobject:<__main__.GnlComposition object (composition-audiocomp) at 0x9d8c2fc> <__main__.GnlComposition object (composition-audiocomp) at 0x9d8c2fc>
0:00:35.857126650 [333m24680[00m  0x993ffc0 [36mDEBUG[00m [00;32m              python objects.py:529:_startDurationChangedCb:<composition-audiocomp>[00m property:duration
0:00:35.857153218 [333m24680[00m  0x993ffc0 [37mLOG  [00m [00;32m              python objects.py:543:_startDurationChangedCb:[00m duration: 0:00:36.400000000 => 0:00:36.300000000
0:00:35.857174283 [333m24680[00m  0x993ffc0 [36mDEBUG[00m [00;32m              python objects.py:547:_startDurationChangedCb:<composition-audiocomp>[00m duration changed:0:00:36.300000000
0:00:35.857218436 [333m24680[00m  0x993ffc0 [32;01mINFO [00m [00;32m              python ruler.py:252:startDurationChanged:[00m start/duration changed
0:00:35.857429292 [333m24680[00m  0x993ffc0 [32;01mINFO [00m [00;01;34m           GST_EVENT gstevent.c:874:gst_event_new_seek:[00m creating seek rate 1,000000, format TIME, flags 11, start_type 0, start 99:99:99.999999999, stop_type 2, stop 0:00:36.300000000
0:00:35.857464988 [333m24680[00m  0x993ffc0 [32;01mINFO [00m [00;01;34m           GST_EVENT gstevent.c:874:gst_event_new_seek:[00m creating seek rate 1,002755, format TIME, flags 11, start_type 0, start 99:99:99.999999999, stop_type 2, stop 0:00:36.400000000
0:00:35.857508363 [333m24680[00m  0x993ffc0 [32;01mINFO [00m [00;01;37;41m            GST_PADS gstpad.c:3222:gst_pad_event_default_dispatch:<faad2:sink>[00m Sending event 0xa358600 (flush-start) to all internally linked pads
0:00:35.857532886 [333m24680[00m  0x993ffc0 [32;01mINFO [00m [00;01;37;41m            GST_PADS gstpad.c:3222:gst_pad_event_default_dispatch:<atee:sink>[00m Sending event 0xa358600 (flush-start) to all internally linked pads
0:00:35.857696087 [333m24680[00m  0x993ffc0 [32;01mINFO [00m [00;01;37;41m            GST_PADS gstpad.c:3222:gst_pad_event_default_dispatch:<atee:sink>[00m Sending event 0xa52ed90 (flush-stop) to all internally linked pads
0:00:35.857813916 [333m24680[00m 0xb5f078d0 [32;01mINFO [00m [00;01;34m           GST_EVENT gstevent.c:557:gst_event_new_new_segment_full:[00m creating newsegment update 0, rate 1,002755, format GST_FORMAT_TIME, start 0:00:19.349333333, stop 0:00:36.400000000, position 0:00:19.349333333
0:00:35.857838855 [333m24680[00m  0x993ffc0 [32;01mINFO [00m [00;32m              python source.py:104:_setMediaStartDurationTime:[00m TimelineFileSource <TimelineFileSource 'file:///home/jeff/Vidéos/montage/2009 - A Workspace Odyssey/arrêt d'autobus sud.MOV' at 0x9ea1dcc> start:CLOCK_TIME_NONE , duration:0:00:36.300000000
0:00:35.857877842 [333m24680[00m  0x993ffc0 [32;01mINFO [00m [00;32m              python source.py:108:_setMediaStartDurationTime:[00m TimelineFileSource <TimelineFileSource 'file:///home/jeff/Vidéos/montage/2009 - A Workspace Odyssey/arrêt d'autobus sud.MOV' at 0x9ea1dcc> EXISTING start:0:00:00.000000000 , duration:0:00:36.400000000
0:00:35.857943093 [333m24680[00m  0x993ffc0 [37mLOG  [00m [00;32m              python source.py:150:_mediaStartDurationChangedCb:[00m <__main__.GnlSource object (source-file:///home/jeff/Vidéos/montage/2009 - A Workspace Odyssey/arrêt d'autobus sud.MOV-video1) at 0x9ea434c> <GParamInt64 'media-duration'> media-duration
0:00:35.857973042 [333m24680[00m  0x993ffc0 [37mLOG  [00m [00;32m              python source.py:166:_mediaStartDurationChangedCb:[00m duration: 0:00:36.400000000 => 0:00:36.300000000
0:00:35.858030275 [333m24680[00m  0x993ffc0 [32;01mINFO [00m [00;32m              python source.py:104:_setMediaStartDurationTime:[00m TimelineFileSource <TimelineFileSource 'file:///home/jeff/Vidéos/montage/2009 - A Workspace Odyssey/arrêt d'autobus sud.MOV-brother' at 0x9ea1f0c> start:CLOCK_TIME_NONE , duration:0:00:36.300000000
0:00:35.858059527 [333m24680[00m  0x993ffc0 [32;01mINFO [00m [00;32m              python source.py:108:_setMediaStartDurationTime:[00m TimelineFileSource <TimelineFileSource 'file:///home/jeff/Vidéos/montage/2009 - A Workspace Odyssey/arrêt d'autobus sud.MOV-brother' at 0x9ea1f0c> EXISTING start:0:00:00.000000000 , duration:0:00:36.400000000
0:00:35.858104213 [333m24680[00m  0x993ffc0 [37mLOG  [00m [00;32m              python source.py:150:_mediaStartDurationChangedCb:[00m <__main__.GnlSource object (source-file:///home/jeff/Vidéos/montage/2009 - A Workspace Odyssey/arrêt d'autobus sud.MOV-brother-audio2) at 0x9ea484c> <GParamInt64 'media-duration'> media-duration
0:00:35.858133094 [333m24680[00m  0x993ffc0 [37mLOG  [00m [00;32m              python source.py:166:_mediaStartDurationChangedCb:[00m duration: 0:00:36.400000000 => 0:00:36.300000000
0:00:35.858392810 [333m24680[00m  0x993ffc0 [32;01mINFO [00m [00;32m              python playground.py:353:_busMessageCb:[00m <flags GST_MESSAGE_STATE_CHANGED of type GstMessageType> [<__main__.GstXvImageSink object (autovideosink1-actual-sink-xvimage) at 0x9ea052c>]
0:00:35.858431802 [333m24680[00m  0x993ffc0 [36mDEBUG[00m [00;32m              python playground.py:357:_busMessageCb:<autovideosink1-actual-sink-xvimage>[00m old:<enum GST_STATE_PAUSED of type GstState>, new:<enum GST_STATE_PAUSED of type GstState>, pending:<enum GST_STATE_PAUSED of type GstState>
0:00:35.858500744 [333m24680[00m  0x993ffc0 [32;01mINFO [00m [00;32m              python playground.py:353:_busMessageCb:[00m <flags GST_MESSAGE_STATE_CHANGED of type GstMessageType> [<__main__.GstAutoVideoSink object (autovideosink1) at 0x9ea0464>]
0:00:35.858543523 [333m24680[00m  0x993ffc0 [36mDEBUG[00m [00;32m              python playground.py:357:_busMessageCb:<autovideosink1>[00m old:<enum GST_STATE_PAUSED of type GstState>, new:<enum GST_STATE_PAUSED of type GstState>, pending:<enum GST_STATE_PAUSED of type GstState>
0:00:35.858600495 [333m24680[00m  0x993ffc0 [32;01mINFO [00m [00;32m              python playground.py:353:_busMessageCb:[00m <flags GST_MESSAGE_STATE_CHANGED of type GstMessageType> [<gst.Bin object (vsinkthread) at 0x9ea0554>]
0:00:35.858632269 [333m24680[00m  0x993ffc0 [36mDEBUG[00m [00;32m              python playground.py:357:_busMessageCb:<vsinkthread>[00m old:<enum GST_STATE_PAUSED of type GstState>, new:<enum GST_STATE_PAUSED of type GstState>, pending:<enum GST_STATE_PAUSED of type GstState>
0:00:35.858656122 [333m24680[00m 0xb5f078d0 [32;01mINFO [00m [00;01;34m           GST_EVENT gstevent.c:557:gst_event_new_new_segment_full:[00m creating newsegment update 0, rate 1,002755, format GST_FORMAT_TIME, start 0:00:19.349333333, stop 0:00:36.400000000, position 0:00:19.349333333
0:00:35.858687094 [333m24680[00m  0x993ffc0 [32;01mINFO [00m [00;32m              python playground.py:353:_busMessageCb:[00m <flags GST_MESSAGE_STATE_CHANGED of type GstMessageType> [<SmartTimelineBin object (project-Nouveau projet) at 0x9e9c874>]
0:00:35.858722552 [333m24680[00m  0x993ffc0 [36mDEBUG[00m [00;32m              python playground.py:357:_busMessageCb:<project-Nouveau projet>[00m old:<enum GST_STATE_PAUSED of type GstState>, new:<enum GST_STATE_PAUSED of type GstState>, pending:<enum GST_STATE_PAUSED of type GstState>
0:00:35.858725981 [333m24680[00m 0xb5f078d0 [32;01mINFO [00m [00;01;34m           GST_EVENT gstevent.c:557:gst_event_new_new_segment_full:[00m creating newsegment update 0, rate 1,002755, format GST_FORMAT_TIME, start 0:00:19.349333333, stop 0:00:36.400000000, position 0:00:19.349333333
0:00:35.858790748 [333m24680[00m 0xb5f078d0 [32;01mINFO [00m [00;01;37;41m            GST_PADS gstpad.c:3222:gst_pad_event_default_dispatch:<atee:sink>[00m Sending event 0x9fad200 (newsegment) to all internally linked pads
0:00:35.858797608 [333m24680[00m  0x993ffc0 [32;01mINFO [00m [00;32m              python playground.py:353:_busMessageCb:[00m <flags GST_MESSAGE_STATE_CHANGED of type GstMessageType> [<__main__.GstPulseSink object (autoaudiosink1-actual-sink-pulse) at 0x9ea91bc>]
0:00:35.858845762 [333m24680[00m  0x993ffc0 [36mDEBUG[00m [00;32m              python playground.py:357:_busMessageCb:<autoaudiosink1-actual-sink-pulse>[00m old:<enum GST_STATE_PAUSED of type GstState>, new:<enum GST_STATE_PAUSED of type GstState>, pending:<enum GST_STATE_PAUSED of type GstState>
0:00:35.858907979 [333m24680[00m  0x993ffc0 [32;01mINFO [00m [00;32m              python playground.py:353:_busMessageCb:[00m <flags GST_MESSAGE_STATE_CHANGED of type GstMessageType> [<__main__.GstAutoAudioSink object (autoaudiosink1) at 0x9ea91bc>]
0:00:35.858938485 [333m24680[00m  0x993ffc0 [36mDEBUG[00m [00;32m              python playground.py:357:_busMessageCb:<autoaudiosink1>[00m old:<enum GST_STATE_PAUSED of type GstState>, new:<enum GST_STATE_PAUSED of type GstState>, pending:<enum GST_STATE_PAUSED of type GstState>
0:00:35.858993700 [333m24680[00m  0x993ffc0 [32;01mINFO [00m [00;32m              python playground.py:353:_busMessageCb:[00m <flags GST_MESSAGE_STATE_CHANGED of type GstMessageType> [<gst.Bin object (pitivi-audiosink) at 0x9ea0694>]
0:00:35.859022704 [333m24680[00m  0x993ffc0 [36mDEBUG[00m [00;32m              python playground.py:357:_busMessageCb:<pitivi-audiosink>[00m old:<enum GST_STATE_PAUSED of type GstState>, new:<enum GST_STATE_PAUSED of type GstState>, pending:<enum GST_STATE_PAUSED of type GstState>
