0:00:35.234436037 [333m24680[00m  0x993ffc0 [37mLOG  [00m [00;32m              python objects.py:543:_startDurationChangedCb:[00m duration: 0:00:41.600000000 => 0:00:41.200000000
0:00:35.234462810 [333m24680[00m  0x993ffc0 [36mDEBUG[00m [00;32m              python objects.py:547:_startDurationChangedCb:<composition-videocomp>[00m duration changed:0:00:41.200000000
0:00:35.234528437 [333m24680[00m  0x993ffc0 [32;01mINFO [00m [00;32m              python ruler.py:252:startDurationChanged:[00m start/duration changed
0:00:35.234852180 [333m24680[00m 0xb5f008a8 [32;01mINFO [00m [00;01;31m          GST_STATES gstbin.c:2578:bin_handle_async_done:<asinkthread>[00m committing state from PAUSED to PAUSED, old pending PAUSED
0:00:35.234866604 [333m24680[00m  0x993ffc0 [32;01mINFO [00m [00;32m              python bin.py:519:_startDurationChangedCb:<project-Nouveau projet>[00m smart timeline bin: start duration changed 0 41200000000
0:00:35.234872920 [333m24680[00m 0xb5f008a8 [32;01mINFO [00m [00;01;31m          GST_STATES gstbin.c:2593:bin_handle_async_done:<asinkthread>[00m completed state change, pending VOID
0:00:35.234922238 [333m24680[00m  0x993ffc0 [36mDEBUG[00m [00;32m              python viewer.py:316:_timelineDurationChangedCb:[00m duration : 0:00:41.200000000
0:00:35.235001261 [333m24680[00m  0x993ffc0 [32;01mINFO [00m [00;01;34m           GST_EVENT gstevent.c:874:gst_event_new_seek:[00m creating seek rate 1,000000, format TIME, flags 11, start_type 0, start 99:99:99.999999999, stop_type 2, stop 0:00:41.200000000
0:00:35.235047794 [333m24680[00m  0x993ffc0 [32;01mINFO [00m [00;01;34m           GST_EVENT gstevent.c:874:gst_event_new_seek:[00m creating seek rate 1,009709, format TIME, flags 11, start_type 0, start 99:99:99.999999999, stop_type 2, stop 0:00:41.600000000
0:00:35.235119773 [333m24680[00m  0x993ffc0 [32;01mINFO [00m [00;01;37;41m            GST_PADS gstpad.c:3222:gst_pad_event_default_dispatch:<vtee:sink>[00m Sending event 0xa36da50 (flush-start) to all internally linked pads
0:00:35.258620524 [333m24680[00m  0x993ffc0 [32;01mINFO [00m [00;01;37;41m            GST_PADS gstpad.c:3222:gst_pad_event_default_dispatch:<vtee:sink>[00m Sending event 0xa3586c8 (flush-stop) to all internally linked pads
0:00:35.258802194 [333m24680[00m 0xb5f052d0 [32;01mINFO [00m [00;01;34m           GST_EVENT gstevent.c:557:gst_event_new_new_segment_full:[00m creating newsegment update 0, rate 1,009709, format GST_FORMAT_TIME, start 0:00:00.333666666, stop 0:00:41.600000000, position 0:00:00.333666666
0:00:35.258846901 [333m24680[00m  0x993ffc0 [32;01mINFO [00m [00;32m              python objects.py:482:_setStartDurationTime:<source-file:///home/jeff/Vidéos/montage/2009 - A Workspace Odyssey/arrêt d'autobus sud.MOV-brother-audio2>[00m start:CLOCK_TIME_NONE , duration:0:00:41.200000000
0:00:35.258898553 [333m24680[00m 0xb5f052d0 [32;01mINFO [00m [00;01;34m           GST_EVENT gstevent.c:557:gst_event_new_new_segment_full:[00m creating newsegment update 0, rate 1,009709, format GST_FORMAT_TIME, start 0:00:00.333666666, stop 0:00:41.600000000, position 0:00:00.330458332
0:00:35.258949915 [333m24680[00m 0xb5f052d0 [32;01mINFO [00m [00;01;37;41m            GST_PADS gstpad.c:3222:gst_pad_event_default_dispatch:<vtee:sink>[00m Sending event 0x9f45c50 (newsegment) to all internally linked pads
0:00:35.258949115 [333m24680[00m  0x993ffc0 [37mLOG  [00m [00;32m              python objects.py:525:_startDurationChangedCb:[00m self:<TimelineFileSource 'file:///home/jeff/Vidéos/montage/2009 - A Workspace Odyssey/arrêt d'autobus sud.MOV-brother' at 0x9ea1f0c> , gnlobject:<__main__.GnlSource object (source-file:///home/jeff/Vidéos/montage/2009 - A Workspace Odyssey/arrêt d'autobus sud.MOV-brother-audio2) at 0x9ea484c> <__main__.GnlSource object (source-file:///home/jeff/Vidéos/montage/2009 - A Workspace Odyssey/arrêt d'autobus sud.MOV-brother-audio2) at 0x9ea484c>
0:00:35.259000833 [333m24680[00m  0x993ffc0 [36mDEBUG[00m [00;32m              python objects.py:529:_startDurationChangedCb:<source-file:///home/jeff/Vidéos/montage/2009 - A Workspace Odyssey/arrêt d'autobus sud.MOV-brother-audio2>[00m property:duration
0:00:35.259039011 [333m24680[00m  0x993ffc0 [37mLOG  [00m [00;32m              python objects.py:543:_startDurationChangedCb:[00m duration: 0:00:41.200000000 => 0:00:41.200000000
0:00:35.259274705 [333m24680[00m  0x993ffc0 [37mLOG  [00m [00;32m              python objects.py:525:_startDurationChangedCb:[00m self:<TimelineBlankSource 'default-audio' at 0x9d8876c> , gnlobject:<__main__.GnlSource object (source-default-audio-audio) at 0x9d8c48c> <__main__.GnlSource object (source-default-audio-audio) at 0x9d8c48c>
0:00:35.259305680 [333m24680[00m  0x993ffc0 [36mDEBUG[00m [00;32m              python objects.py:529:_startDurationChangedCb:<source-default-audio-audio>[00m property:duration
0:00:35.259340317 [333m24680[00m  0x993ffc0 [37mLOG  [00m [00;32m              python objects.py:543:_startDurationChangedCb:[00m duration: 0:00:41.600000000 => 0:00:41.200000000
0:00:35.259367160 [333m24680[00m  0x993ffc0 [36mDEBUG[00m [00;32m              python objects.py:547:_startDurationChangedCb:<source-default-audio-audio>[00m duration changed:0:00:41.200000000
0:00:35.259439392 [333m24680[00m  0x993ffc0 [37mLOG  [00m [00;32m              python source.py:150:_mediaStartDurationChangedCb:[00m <__main__.GnlSource object (source-default-audio-audio) at 0x9d8c48c> <GParamInt64 'media-duration'> media-duration
0:00:35.259475169 [333m24680[00m  0x993ffc0 [37mLOG  [00m [00;32m              python source.py:166:_mediaStartDurationChangedCb:[00m duration: 0:00:41.600000000 => 0:00:41.200000000
0:00:35.259571699 [333m24680[00m  0x993ffc0 [37mLOG  [00m [00;32m              python objects.py:525:_startDurationChangedCb:[00m self:<TimelineComposition 'audiocomp' at 0x9d886cc> , gnlobject:<__main__.GnlComposition object (composition-audiocomp) at 0x9d8c2fc> <__main__.GnlComposition object (composition-audiocomp) at 0x9d8c2fc>
0:00:35.259601287 [333m24680[00m  0x993ffc0 [36mDEBUG[00m [00;32m              python objects.py:529:_startDurationChangedCb:<composition-audiocomp>[00m property:duration
0:00:35.259634860 [333m24680[00m  0x993ffc0 [37mLOG  [00m [00;32m              python objects.py:543:_startDurationChangedCb:[00m duration: 0:00:41.600000000 => 0:00:41.200000000
0:00:35.259661116 [333m24680[00m  0x993ffc0 [36mDEBUG[00m [00;32m              python objects.py:547:_startDurationChangedCb:<composition-audiocomp>[00m duration changed:0:00:41.200000000
0:00:35.259722816 [333m24680[00m  0x993ffc0 [32;01mINFO [00m [00;32m              python ruler.py:252:startDurationChanged:[00m start/duration changed
0:00:35.260033022 [333m24680[00m  0x993ffc0 [32;01mINFO [00m [00;01;34m           GST_EVENT gstevent.c:874:gst_event_new_seek:[00m creating seek rate 1,000000, format TIME, flags 11, start_type 0, start 99:99:99.999999999, stop_type 2, stop 0:00:41.200000000
0:00:35.260079999 [333m24680[00m  0x993ffc0 [32;01mINFO [00m [00;01;34m           GST_EVENT gstevent.c:874:gst_event_new_seek:[00m creating seek rate 1,009709, format TIME, flags 11, start_type 0, start 99:99:99.999999999, stop_type 2, stop 0:00:41.600000000
0:00:35.260135636 [333m24680[00m  0x993ffc0 [32;01mINFO [00m [00;01;37;41m            GST_PADS gstpad.c:3222:gst_pad_event_default_dispatch:<faad2:sink>[00m Sending event 0xa358740 (flush-start) to all internally linked pads
0:00:35.260165612 [333m24680[00m  0x993ffc0 [32;01mINFO [00m [00;01;37;41m            GST_PADS gstpad.c:3222:gst_pad_event_default_dispatch:<atee:sink>[00m Sending event 0xa358740 (flush-start) to all internally linked pads
0:00:35.260361360 [333m24680[00m  0x993ffc0 [32;01mINFO [00m [00;01;37;41m            GST_PADS gstpad.c:3222:gst_pad_event_default_dispatch:<atee:sink>[00m Sending event 0xa34b940 (flush-stop) to all internally linked pads
0:00:35.260496419 [333m24680[00m 0xb5f078d0 [32;01mINFO [00m [00;01;34m           GST_EVENT gstevent.c:557:gst_event_new_new_segment_full:[00m creating newsegment update 0, rate 1,009709, format GST_FORMAT_TIME, start 0:00:08.640000000, stop 0:00:41.600000000, position 0:00:08.640000000
0:00:35.260532904 [333m24680[00m  0x993ffc0 [32;01mINFO [00m [00;32m              python source.py:104:_setMediaStartDurationTime:[00m TimelineFileSource <TimelineFileSource 'file:///home/jeff/Vidéos/montage/2009 - A Workspace Odyssey/arrêt d'autobus sud.MOV' at 0x9ea1dcc> start:CLOCK_TIME_NONE , duration:0:00:41.200000000
0:00:35.260579842 [333m24680[00m  0x993ffc0 [32;01mINFO [00m [00;32m              python source.py:108:_setMediaStartDurationTime:[00m TimelineFileSource <TimelineFileSource 'file:///home/jeff/Vidéos/montage/2009 - A Workspace Odyssey/arrêt d'autobus sud.MOV' at 0x9ea1dcc> EXISTING start:0:00:00.000000000 , duration:0:00:41.600000000
0:00:35.260643843 [333m24680[00m  0x993ffc0 [37mLOG  [00m [00;32m              python source.py:150:_mediaStartDurationChangedCb:[00m <__main__.GnlSource object (source-file:///home/jeff/Vidéos/montage/2009 - A Workspace Odyssey/arrêt d'autobus sud.MOV-video1) at 0x9ea434c> <GParamInt64 'media-duration'> media-duration
0:00:35.260681028 [333m24680[00m  0x993ffc0 [37mLOG  [00m [00;32m              python source.py:166:_mediaStartDurationChangedCb:[00m duration: 0:00:41.600000000 => 0:00:41.200000000
0:00:35.260756827 [333m24680[00m  0x993ffc0 [32;01mINFO [00m [00;32m              python source.py:104:_setMediaStartDurationTime:[00m TimelineFileSource <TimelineFileSource 'file:///home/jeff/Vidéos/montage/2009 - A Workspace Odyssey/arrêt d'autobus sud.MOV-brother' at 0x9ea1f0c> start:CLOCK_TIME_NONE , duration:0:00:41.200000000
0:00:35.260812277 [333m24680[00m  0x993ffc0 [32;01mINFO [00m [00;32m              python source.py:108:_setMediaStartDurationTime:[00m TimelineFileSource <TimelineFileSource 'file:///home/jeff/Vidéos/montage/2009 - A Workspace Odyssey/arrêt d'autobus sud.MOV-brother' at 0x9ea1f0c> EXISTING start:0:00:00.000000000 , duration:0:00:41.600000000
0:00:35.260870719 [333m24680[00m  0x993ffc0 [37mLOG  [00m [00;32m              python source.py:150:_mediaStartDurationChangedCb:[00m <__main__.GnlSource object (source-file:///home/jeff/Vidéos/montage/2009 - A Workspace Odyssey/arrêt d'autobus sud.MOV-brother-audio2) at 0x9ea484c> <GParamInt64 'media-duration'> media-duration
0:00:35.260907219 [333m24680[00m  0x993ffc0 [37mLOG  [00m [00;32m              python source.py:166:_mediaStartDurationChangedCb:[00m duration: 0:00:41.600000000 => 0:00:41.200000000
0:00:35.261068765 [333m24680[00m 0xb5f078d0 [32;01mINFO [00m [00;01;34m           GST_EVENT gstevent.c:557:gst_event_new_new_segment_full:[00m creating newsegment update 0, rate 1,009709, format GST_FORMAT_TIME, start 0:00:08.640000000, stop 0:00:41.600000000, position 0:00:08.640000000
0:00:35.261142005 [333m24680[00m 0xb5f078d0 [32;01mINFO [00m [00;01;34m           GST_EVENT gstevent.c:557:gst_event_new_new_segment_full:[00m creating newsegment update 0, rate 1,009709, format GST_FORMAT_TIME, start 0:00:08.640000000, stop 0:00:41.600000000, position 0:00:08.640000000
0:00:35.261193876 [333m24680[00m  0x993ffc0 [32;01mINFO [00m [00;32m              python playground.py:353:_busMessageCb:[00m <flags GST_MESSAGE_STATE_CHANGED of type GstMessageType> [<__main__.GstPulseSink object (autoaudiosink1-actual-sink-pulse) at 0x9ea9324>]
0:00:35.261198883 [333m24680[00m 0xb5f078d0 [32;01mINFO [00m [00;01;37;41m            GST_PADS gstpad.c:3222:gst_pad_event_default_dispatch:<atee:sink>[00m Sending event 0x9fb2228 (newsegment) to all internally linked pads
0:00:35.261247789 [333m24680[00m  0x993ffc0 [36mDEBUG[00m [00;32m              python playground.py:357:_busMessageCb:<autoaudiosink1-actual-sink-pulse>[00m old:<enum GST_STATE_PAUSED of type GstState>, new:<enum GST_STATE_PAUSED of type GstState>, pending:<enum GST_STATE_PAUSED of type GstState>
0:00:35.261603135 [333m24680[00m  0x993ffc0 [32;01mINFO [00m [00;32m              python objects.py:482:_setStartDurationTime:<source-file:///home/jeff/Vidéos/montage/2009 - A Workspace Odyssey/arrêt d'autobus sud.MOV-video1>[00m start:CLOCK_TIME_NONE , duration:0:00:41.100000000
0:00:35.261679601 [333m24680[00m  0x993ffc0 [37mLOG  [00m [00;32m              python objects.py:525:_startDurationChangedCb:[00m self:<TimelineFileSource 'file:///home/jeff/Vidéos/montage/2009 - A Workspace Odyssey/arrêt d'autobus sud.MOV' at 0x9ea1dcc> , gnlobject:<__main__.GnlSource object (source-file:///home/jeff/Vidéos/montage/2009 - A Workspace Odyssey/arrêt d'autobus sud.MOV-video1) at 0x9ea434c> <__main__.GnlSource object (source-file:///home/jeff/Vidéos/montage/2009 - A Workspace Odyssey/arrêt d'autobus sud.MOV-video1) at 0x9ea434c>
0:00:35.261710910 [333m24680[00m  0x993ffc0 [36mDEBUG[00m [00;32m              python objects.py:529:_startDurationChangedCb:<source-file:///home/jeff/Vidéos/montage/2009 - A Workspace Odyssey/arrêt d'autobus sud.MOV-video1>[00m property:duration
0:00:35.261746167 [333m24680[00m  0x993ffc0 [37mLOG  [00m [00;32m              python objects.py:543:_startDurationChangedCb:[00m duration: 0:00:41.100000000 => 0:00:41.100000000
0:00:35.261779960 [333m24680[00m 0xb5f008a8 [33;01mWARN [00m [00m       audioresample gstaudioresample.c:599:audioresample_check_discont:<audiobin-resample>[00m encountered timestamp discontinuity of 1066666667
0:00:35.261938391 [333m24680[00m  0x993ffc0 [37mLOG  [00m [00;32m              python objects.py:525:_startDurationChangedCb:[00m self:<TimelineBlankSource 'default-video' at 0x9d8878c> , gnlobject:<__main__.GnlSource object (source-default-video-video) at 0x9d8c52c> <__main__.GnlSource object (source-default-video-video) at 0x9d8c52c>
0:00:35.261987543 [333m24680[00m  0x993ffc0 [36mDEBUG[00m [00;32m              python objects.py:529:_startDurationChangedCb:<source-default-video-video>[00m property:duration
0:00:35.262022385 [333m24680[00m  0x993ffc0 [37mLOG  [00m [00;32m              python objects.py:543:_startDurationChangedCb:[00m duration: 0:00:41.200000000 => 0:00:41.100000000
0:00:35.262048563 [333m24680[00m  0x993ffc0 [36mDEBUG[00m [00;32m              python objects.py:547:_startDurationChangedCb:<source-default-video-video>[00m duration changed:0:00:41.100000000
0:00:35.262117565 [333m24680[00m  0x993ffc0 [37mLOG  [00m [00;32m              python source.py:150:_mediaStartDurationChangedCb:[00m <__main__.GnlSource object (source-default-video-video) at 0x9d8c52c> <GParamInt64 'media-duration'> media-duration
0:00:35.262153105 [333m24680[00m  0x993ffc0 [37mLOG  [00m [00;32m              python source.py:166:_mediaStartDurationChangedCb:[00m duration: 0:00:41.200000000 => 0:00:41.100000000
0:00:35.262235285 [333m24680[00m  0x993ffc0 [37mLOG  [00m [00;32m              python objects.py:525:_startDurationChangedCb:[00m self:<TimelineComposition 'videocomp' at 0x9d8874c> , gnlobject:<__main__.GnlComposition object (composition-videocomp) at 0x9d8c374> <__main__.GnlComposition object (composition-videocomp) at 0x9d8c374>
0:00:35.262264525 [333m24680[00m  0x993ffc0 [36mDEBUG[00m [00;32m              python objects.py:529:_startDurationChangedCb:<composition-videocomp>[00m property:duration
0:00:35.262297900 [333m24680[00m  0x993ffc0 [37mLOG  [00m [00;32m              python objects.py:543:_startDurationChangedCb:[00m duration: 0:00:41.200000000 => 0:00:41.100000000
0:00:35.262323530 [333m24680[00m  0x993ffc0 [36mDEBUG[00m [00;32m              python objects.py:547:_startDurationChangedCb:<composition-videocomp>[00m duration changed:0:00:41.100000000
0:00:35.262379563 [333m24680[00m  0x993ffc0 [32;01mINFO [00m [00;32m              python ruler.py:252:startDurationChanged:[00m start/duration changed
0:00:35.262772251 [333m24680[00m  0x993ffc0 [32;01mINFO [00m [00;32m              python bin.py:519:_startDurationChangedCb:<project-Nouveau projet>[00m smart timeline bin: start duration changed 0 41100000000
0:00:35.262823607 [333m24680[00m  0x993ffc0 [36mDEBUG[00m [00;32m              python viewer.py:316:_timelineDurationChangedCb:[00m duration : 0:00:41.100000000
0:00:35.262878008 [333m24680[00m  0x993ffc0 [32;01mINFO [00m [00;01;34m           GST_EVENT gstevent.c:874:gst_event_new_seek:[00m creating seek rate 1,000000, format TIME, flags 11, start_type 0, start 99:99:99.999999999, stop_type 2, stop 0:00:41.100000000
0:00:35.262922146 [333m24680[00m  0x993ffc0 [32;01mINFO [00m [00;01;34m           GST_EVENT gstevent.c:874:gst_event_new_seek:[00m creating seek rate 1,002433, format TIME, flags 11, start_type 0, start 99:99:99.999999999, stop_type 2, stop 0:00:41.200000000
0:00:35.262978339 [333m24680[00m  0x993ffc0 [32;01mINFO [00m [00;01;37;41m            GST_PADS gstpad.c:3222:gst_pad_event_default_dispatch:<vtee:sink>[00m Sending event 0x9f45a50 (flush-start) to all internally linked pads
0:00:35.265446024 [333m24680[00m 0xb5f008a8 [32;01mINFO [00m [00;01;31m          GST_STATES gstbin.c:2578:bin_handle_async_done:<autoaudiosink1>[00m committing state from PAUSED to PAUSED, old pending PAUSED
0:00:35.265469287 [333m24680[00m 0xb5f008a8 [32;01mINFO [00m [00;01;31m          GST_STATES gstbin.c:2593:bin_handle_async_done:<autoaudiosink1>[00m completed state change, pending VOID
0:00:35.265515901 [333m24680[00m 0xb5f008a8 [32;01mINFO [00m [00;01;31m          GST_STATES gstbin.c:2578:bin_handle_async_done:<pitivi-audiosink>[00m committing state from PAUSED to PAUSED, old pending PAUSED
0:00:35.265536000 [333m24680[00m 0xb5f008a8 [32;01mINFO [00m [00;01;31m          GST_STATES gstbin.c:2593:bin_handle_async_done:<pitivi-audiosink>[00m completed state change, pending VOID
0:00:35.265596491 [333m24680[00m 0xb5f008a8 [32;01mINFO [00m [00;01;31m          GST_STATES gstbin.c:2578:bin_handle_async_done:<asinkthread>[00m committing state from PAUSED to PAUSED, old pending PAUSED
0:00:35.265616157 [333m24680[00m 0xb5f008a8 [32;01mINFO [00m [00;01;31m          GST_STATES gstbin.c:2593:bin_handle_async_done:<asinkthread>[00m completed state change, pending VOID
0:00:35.293077774 [333m24680[00m  0x993ffc0 [32;01mINFO [00m [00;01;37;41m            GST_PADS gstpad.c:3222:gst_pad_event_default_dispatch:<vtee:sink>[00m Sending event 0x9fa18c8 (flush-stop) to all internally linked pads
0:00:35.293279754 [333m24680[00m 0xb5f052d0 [32;01mINFO [00m [00;01;34m           GST_EVENT gstevent.c:557:gst_event_new_new_segment_full:[00m creating newsegment update 0, rate 1,002433, format GST_FORMAT_TIME, start 0:00:00.333666666, stop 0:00:41.200000000, position 0:00:00.333666666
0:00:35.293348671 [333m24680[00m  0x993ffc0 [32;01mINFO [00m [00;32m              python objects.py:482:_setStartDurationTime:<source-file:///home/jeff/Vidéos/montage/2009 - A Workspace Odyssey/arrêt d'autobus sud.MOV-brother-audio2>[00m start:CLOCK_TIME_NONE , duration:0:00:41.100000000
0:00:35.293382509 [333m24680[00m 0xb5f052d0 [32;01mINFO [00m [00;01;34m           GST_EVENT gstevent.c:557:gst_event_new_new_segment_full:[00m creating newsegment update 0, rate 1,002433, format GST_FORMAT_TIME, start 0:00:00.333666666, stop 0:00:41.200000000, position 0:00:00.332856795
0:00:35.293433869 [333m24680[00m 0xb5f052d0 [32;01mINFO [00m [00;01;37;41m            GST_PADS gstpad.c:3222:gst_pad_event_default_dispatch:<vtee:sink>[00m Sending event 0x9fa1878 (newsegment) to all internally linked pads
0:00:35.293607172 [333m24680[00m  0x993ffc0 [37mLOG  [00m [00;32m              python objects.py:525:_startDurationChangedCb:[00m self:<TimelineFileSource 'file:///home/jeff/Vidéos/montage/2009 - A Workspace Odyssey/arrêt d'autobus sud.MOV-brother' at 0x9ea1f0c> , gnlobject:<__main__.GnlSource object (source-file:///home/jeff/Vidéos/montage/2009 - A Workspace Odyssey/arrêt d'autobus sud.MOV-brother-audio2) at 0x9ea484c> <__main__.GnlSource object (source-file:///home/jeff/Vidéos/montage/2009 - A Workspace Odyssey/arrêt d'autobus sud.MOV-brother-audio2) at 0x9ea484c>
0:00:35.293648032 [333m24680[00m  0x993ffc0 [36mDEBUG[00m [00;32m              python objects.py:529:_startDurationChangedCb:<source-file:///home/jeff/Vidéos/montage/2009 - A Workspace Odyssey/arrêt d'autobus sud.MOV-brother-audio2>[00m property:duration
0:00:35.293685651 [333m24680[00m  0x993ffc0 [37mLOG  [00m [00;32m              python objects.py:543:_startDurationChangedCb:[00m duration: 0:00:41.100000000 => 0:00:41.100000000
0:00:35.293925685 [333m24680[00m  0x993ffc0 [37mLOG  [00m [00;32m              python objects.py:525:_startDurationChangedCb:[00m self:<TimelineBlankSource 'default-audio' at 0x9d8876c> , gnlobject:<__main__.GnlSource object (source-default-audio-audio) at 0x9d8c48c> <__main__.GnlSource object (source-default-audio-audio) at 0x9d8c48c>
0:00:35.293957408 [333m24680[00m  0x993ffc0 [36mDEBUG[00m [00;32m              python objects.py:529:_startDurationChangedCb:<source-default-audio-audio>[00m property:duration
0:00:35.293992269 [333m24680[00m  0x993ffc0 [37mLOG  [00m [00;32m              python objects.py:543:_startDurationChangedCb:[00m duration: 0:00:41.200000000 => 0:00:41.100000000
0:00:35.294019000 [333m24680[00m  0x993ffc0 [36mDEBUG[00m [00;32m              python objects.py:547:_startDurationChangedCb:<source-default-audio-audio>[00m duration changed:0:00:41.100000000
0:00:35.294091686 [333m24680[00m  0x993ffc0 [37mLOG  [00m [00;32m              python source.py:150:_mediaStartDurationChangedCb:[00m <__main__.GnlSource object (source-default-audio-audio) at 0x9d8c48c> <GParamInt64 'media-duration'> media-duration
0:00:35.294127629 [333m24680[00m  0x993ffc0 [37mLOG  [00m [00;32m              python source.py:166:_mediaStartDurationChangedCb:[00m duration: 0:00:41.200000000 => 0:00:41.100000000
0:00:35.294228122 [333m24680[00m  0x993ffc0 [37mLOG  [00m [00;32m              python objects.py:525:_startDurationChangedCb:[00m self:<TimelineComposition 'audiocomp' at 0x9d886cc> , gnlobject:<__main__.GnlComposition object (composition-audiocomp) at 0x9d8c2fc> <__main__.GnlComposition object (composition-audiocomp) at 0x9d8c2fc>
0:00:35.294257732 [333m24680[00m  0x993ffc0 [36mDEBUG[00m [00;32m              python objects.py:529:_startDurationChangedCb:<composition-audiocomp>[00m property:duration
0:00:35.294676991 [333m24680[00m  0x993ffc0 [37mLOG  [00m [00;32m              python objects.py:543:_startDurationChangedCb:[00m duration: 0:00:41.200000000 => 0:00:41.100000000
0:00:35.295028996 [333m24680[00m  0x993ffc0 [36mDEBUG[00m [00;32m              python objects.py:547:_startDurationChangedCb:<composition-audiocomp>[00m duration changed:0:00:41.100000000
0:00:35.295113216 [333m24680[00m  0x993ffc0 [32;01mINFO [00m [00;32m              python ruler.py:252:startDurationChanged:[00m start/duration changed
0:00:35.295480622 [333m24680[00m  0x993ffc0 [32;01mINFO [00m [00;01;34m           GST_EVENT gstevent.c:874:gst_event_new_seek:[00m creating seek rate 1,000000, format TIME, flags 11, start_type 0, start 99:99:99.999999999, stop_type 2, stop 0:00:41.100000000
0:00:35.295535447 [333m24680[00m  0x993ffc0 [32;01mINFO [00m [00;01;34m           GST_EVENT gstevent.c:874:gst_event_new_seek:[00m creating seek rate 1,002433, format TIME, flags 11, start_type 0, start 99:99:99.999999999, stop_type 2, stop 0:00:41.200000000
0:00:35.295594948 [333m24680[00m  0x993ffc0 [32;01mINFO [00m [00;01;37;41m            GST_PADS gstpad.c:3222:gst_pad_event_default_dispatch:<faad2:sink>[00m Sending event 0x9f45af0 (flush-start) to all internally linked pads
0:00:35.295626966 [333m24680[00m  0x993ffc0 [32;01mINFO [00m [00;01;37;41m            GST_PADS gstpad.c:3222:gst_pad_event_default_dispatch:<atee:sink>[00m Sending event 0x9f45af0 (flush-start) to all internally linked pads
0:00:35.295837466 [333m24680[00m  0x993ffc0 [32;01mINFO [00m [00;01;37;41m            GST_PADS gstpad.c:3222:gst_pad_event_default_dispatch:<atee:sink>[00m Sending event 0xa34b940 (flush-stop) to all internally linked pads
0:00:35.295971425 [333m24680[00m 0xb5f078d0 [32;01mINFO [00m [00;01;34m           GST_EVENT gstevent.c:557:gst_event_new_new_segment_full:[00m creating newsegment update 0, rate 1,002433, format GST_FORMAT_TIME, start 0:00:09.706666666, stop 0:00:41.200000000, position 0:00:09.706666666
0:00:35.296013350 [333m24680[00m  0x993ffc0 [32;01mINFO [00m [00;32m              python source.py:104:_setMediaStartDurationTime:[00m TimelineFileSource <TimelineFileSource 'file:///home/jeff/Vidéos/montage/2009 - A Workspace Odyssey/arrêt d'autobus sud.MOV' at 0x9ea1dcc> start:CLOCK_TIME_NONE , duration:0:00:41.100000000
0:00:35.296061031 [333m24680[00m  0x993ffc0 [32;01mINFO [00m [00;32m              python source.py:108:_setMediaStartDurationTime:[00m TimelineFileSource <TimelineFileSource 'file:///home/jeff/Vidéos/montage/2009 - A Workspace Odyssey/arrêt d'autobus sud.MOV' at 0x9ea1dcc> EXISTING start:0:00:00.000000000 , duration:0:00:41.200000000
0:00:35.296135513 [333m24680[00m  0x993ffc0 [37mLOG  [00m [00;32m              python source.py:150:_mediaStartDurationChangedCb:[00m <__main__.GnlSource object (source-file:///home/jeff/Vidéos/montage/2009 - A Workspace Odyssey/arrêt d'autobus sud.MOV-video1) at 0x9ea434c> <GParamInt64 'media-duration'> media-duration
0:00:35.296175306 [333m24680[00m  0x993ffc0 [37mLOG  [00m [00;32m              python source.py:166:_mediaStartDurationChangedCb:[00m duration: 0:00:41.200000000 => 0:00:41.100000000
0:00:35.296275249 [333m24680[00m  0x993ffc0 [32;01mINFO [00m [00;32m              python source.py:104:_setMediaStartDurationTime:[00m TimelineFileSource <TimelineFileSource 'file:///home/jeff/Vidéos/montage/2009 - A Workspace Odyssey/arrêt d'autobus sud.MOV-brother' at 0x9ea1f0c> start:CLOCK_TIME_NONE , duration:0:00:41.100000000
0:00:35.296336494 [333m24680[00m  0x993ffc0 [32;01mINFO [00m [00;32m              python source.py:108:_setMediaStartDurationTime:[00m TimelineFileSource <TimelineFileSource 'file:///home/jeff/Vidéos/montage/2009 - A Workspace Odyssey/arrêt d'autobus sud.MOV-brother' at 0x9ea1f0c> EXISTING start:0:00:00.000000000 , duration:0:00:41.200000000
0:00:35.296395105 [333m24680[00m  0x993ffc0 [37mLOG  [00m [00;32m              python source.py:150:_mediaStartDurationChangedCb:[00m <__main__.GnlSource object (source-file:///home/jeff/Vidéos/montage/2009 - A Workspace Odyssey/arrêt d'autobus sud.MOV-brother-audio2) at 0x9ea484c> <GParamInt64 'media-duration'> media-duration
0:00:35.296432311 [333m24680[00m  0x993ffc0 [37mLOG  [00m [00;32m              python source.py:166:_mediaStartDurationChangedCb:[00m duration: 0:00:41.200000000 => 0:00:41.100000000
0:00:35.296715026 [333m24680[00m  0x993ffc0 [32;01mINFO [00m [00;32m              python playground.py:353:_busMessageCb:[00m <flags GST_MESSAGE_STATE_CHANGED of type GstMessageType> [<__main__.GstAutoAudioSink object (autoaudiosink1) at 0x9ea934c>]
0:00:35.296760794 [333m24680[00m  0x993ffc0 [36mDEBUG[00m [00;32m              python playground.py:357:_busMessageCb:<autoaudiosink1>[00m old:<enum GST_STATE_PAUSED of type GstState>, new:<enum GST_STATE_PAUSED of type GstState>, pending:<enum GST_STATE_PAUSED of type GstState>
0:00:35.297120489 [333m24680[00m  0x993ffc0 [32;01mINFO [00m [00;32m              python objects.py:482:_setStartDurationTime:<source-file:///home/jeff/Vidéos/montage/2009 - A Workspace Odyssey/arrêt d'autobus sud.MOV-video1>[00m start:CLOCK_TIME_NONE , duration:0:00:40.900000000
0:00:35.297196120 [333m24680[00m  0x993ffc0 [37mLOG  [00m [00;32m              python objects.py:525:_startDurationChangedCb:[00m self:<TimelineFileSource 'file:///home/jeff/Vidéos/montage/2009 - A Workspace Odyssey/arrêt d'autobus sud.MOV' at 0x9ea1dcc> , gnlobject:<__main__.GnlSource object (source-file:///home/jeff/Vidéos/montage/2009 - A Workspace Odyssey/arrêt d'autobus sud.MOV-video1) at 0x9ea434c> <__main__.GnlSource object (source-file:///home/jeff/Vidéos/montage/2009 - A Workspace Odyssey/arrêt d'autobus sud.MOV-video1) at 0x9ea434c>
0:00:35.297206574 [333m24680[00m 0xb5f078d0 [32;01mINFO [00m [00;01;34m           GST_EVENT gstevent.c:557:gst_event_new_new_segment_full:[00m creating newsegment update 0, rate 1,002433, format GST_FORMAT_TIME, start 0:00:09.706666666, stop 0:00:41.200000000, position 0:00:09.706666666
0:00:35.297227834 [333m24680[00m  0x993ffc0 [36mDEBUG[00m [00;32m              python objects.py:529:_startDurationChangedCb:<source-file:///home/jeff/Vidéos/montage/2009 - A Workspace Odyssey/arrêt d'autobus sud.MOV-video1>[00m property:duration
0:00:35.297281591 [333m24680[00m  0x993ffc0 [37mLOG  [00m [00;32m              python objects.py:543:_startDurationChangedCb:[00m duration: 0:00:40.900000000 => 0:00:40.900000000
0:00:35.297287425 [333m24680[00m 0xb5f078d0 [32;01mINFO [00m [00;01;34m           GST_EVENT gstevent.c:557:gst_event_new_new_segment_full:[00m creating newsegment update 0, rate 1,002433, format GST_FORMAT_TIME, start 0:00:09.706666666, stop 0:00:41.200000000, position 0:00:09.706666666
0:00:35.297338845 [333m24680[00m 0xb5f078d0 [32;01mINFO [00m [00;01;37;41m            GST_PADS gstpad.c:3222:gst_pad_event_default_dispatch:<atee:sink>[00m Sending event 0x9fb2168 (newsegment) to all internally linked pads
0:00:35.297498720 [333m24680[00m  0x993ffc0 [37mLOG  [00m [00;32m              python objects.py:525:_startDurationChangedCb:[00m self:<TimelineBlankSource 'default-video' at 0x9d8878c> , gnlobject:<__main__.GnlSource object (source-default-video-video) at 0x9d8c52c> <__main__.GnlSource object (source-default-video-video) at 0x9d8c52c>
0:00:35.297534076 [333m24680[00m  0x993ffc0 [36mDEBUG[00m [00;32m              python objects.py:529:_startDurationChangedCb:<source-default-video-video>[00m property:duration
0:00:35.297587222 [333m24680[00m  0x993ffc0 [37mLOG  [00m [00;32m              python objects.py:543:_startDurationChangedCb:[00m duration: 0:00:41.100000000 => 0:00:40.900000000
0:00:35.297614326 [333m24680[00m  0x993ffc0 [36mDEBUG[00m [00;32m              python objects.py:547:_startDurationChangedCb:<source-default-video-video>[00m duration changed:0:00:40.900000000
0:00:35.297684483 [333m24680[00m  0x993ffc0 [37mLOG  [00m [00;32m              python source.py:150:_mediaStartDurationChangedCb:[00m <__main__.GnlSource object (source-default-video-video) at 0x9d8c52c> <GParamInt64 'media-duration'> media-duration
0:00:35.297719536 [333m24680[00m  0x993ffc0 [37mLOG  [00m [00;32m              python source.py:166:_mediaStartDurationChangedCb:[00m duration: 0:00:41.100000000 => 0:00:40.900000000
0:00:35.297795524 [333m24680[00m  0x993ffc0 [37mLOG  [00m [00;32m              python objects.py:525:_startDurationChangedCb:[00m self:<TimelineComposition 'videocomp' at 0x9d8874c> , gnlobject:<__main__.GnlComposition object (composition-videocomp) at 0x9d8c374> <__main__.GnlComposition object (composition-videocomp) at 0x9d8c374>
0:00:35.297824950 [333m24680[00m  0x993ffc0 [36mDEBUG[00m [00;32m              python objects.py:529:_startDurationChangedCb:<composition-videocomp>[00m property:duration
0:00:35.297858439 [333m24680[00m  0x993ffc0 [37mLOG  [00m [00;32m              python objects.py:543:_startDurationChangedCb:[00m duration: 0:00:41.100000000 => 0:00:40.900000000
0:00:35.297885444 [333m24680[00m  0x993ffc0 [36mDEBUG[00m [00;32m              python objects.py:547:_startDurationChangedCb:<composition-videocomp>[00m duration changed:0:00:40.900000000
0:00:35.297886487 [333m24680[00m 0xb5f008a8 [33;01mWARN [00m [00m       audioresample gstaudioresample.c:599:audioresample_check_discont:<audiobin-resample>[00m encountered timestamp discontinuity of 1045333334
0:00:35.297946728 [333m24680[00m  0x993ffc0 [32;01mINFO [00m [00;32m              python ruler.py:252:startDurationChanged:[00m start/duration changed
0:00:35.298207090 [333m24680[00m  0x993ffc0 [32;01mINFO [00m [00;32m              python bin.py:519:_startDurationChangedCb:<project-Nouveau projet>[00m smart timeline bin: start duration changed 0 40900000000
0:00:35.298257677 [333m24680[00m  0x993ffc0 [36mDEBUG[00m [00;32m              python viewer.py:316:_timelineDurationChangedCb:[00m duration : 0:00:40.900000000
0:00:35.298310952 [333m24680[00m  0x993ffc0 [32;01mINFO [00m [00;01;34m           GST_EVENT gstevent.c:874:gst_event_new_seek:[00m creating seek rate 1,000000, format TIME, flags 11, start_type 0, start 99:99:99.999999999, stop_type 2, stop 0:00:40.900000000
0:00:35.298355656 [333m24680[00m  0x993ffc0 [32;01mINFO [00m [00;01;34m           GST_EVENT gstevent.c:874:gst_event_new_seek:[00m creating seek rate 1,004890, format TIME, flags 11, start_type 0, start 99:99:99.999999999, stop_type 2, stop 0:00:41.100000000
0:00:35.298410977 [333m24680[00m  0x993ffc0 [32;01mINFO [00m [00;01;37;41m            GST_PADS gstpad.c:3222:gst_pad_event_default_dispatch:<vtee:sink>[00m Sending event 0x9f45a50 (flush-start) to all internally linked pads
0:00:35.301530139 [333m24680[00m 0xb5f008a8 [32;01mINFO [00m [00;01;31m          GST_STATES gstbin.c:2578:bin_handle_async_done:<autoaudiosink1>[00m committing state from PAUSED to PAUSED, old pending PAUSED
0:00:35.301554178 [333m24680[00m 0xb5f008a8 [32;01mINFO [00m [00;01;31m          GST_STATES gstbin.c:2593:bin_handle_async_done:<autoaudiosink1>[00m completed state change, pending VOID
0:00:35.301599035 [333m24680[00m 0xb5f008a8 [32;01mINFO [00m [00;01;31m          GST_STATES gstbin.c:2578:bin_handle_async_done:<pitivi-audiosink>[00m committing state from PAUSED to PAUSED, old pending PAUSED
0:00:35.301619228 [333m24680[00m 0xb5f008a8 [32;01mINFO [00m [00;01;31m          GST_STATES gstbin.c:2593:bin_handle_async_done:<pitivi-audiosink>[00m completed state change, pending VOID
0:00:35.301661712 [333m24680[00m 0xb5f008a8 [32;01mINFO [00m [00;01;31m          GST_STATES gstbin.c:2578:bin_handle_async_done:<asinkthread>[00m committing state from PAUSED to PAUSED, old pending PAUSED
0:00:35.301698783 [333m24680[00m 0xb5f008a8 [32;01mINFO [00m [00;01;31m          GST_STATES gstbin.c:2593:bin_handle_async_done:<asinkthread>[00m completed state change, pending VOID
0:00:35.325019489 [333m24680[00m  0x993ffc0 [32;01mINFO [00m [00;01;37;41m            GST_PADS gstpad.c:3222:gst_pad_event_default_dispatch:<vtee:sink>[00m Sending event 0x9f45b90 (flush-stop) to all internally linked pads
0:00:35.325541182 [333m24680[00m  0x993ffc0 [32;01mINFO [00m [00;32m              python objects.py:482:_setStartDurationTime:<source-file:///home/jeff/Vidéos/montage/2009 - A Workspace Odyssey/arrêt d'autobus sud.MOV-brother-audio2>[00m start:CLOCK_TIME_NONE , duration:0:00:40.900000000
0:00:35.325640930 [333m24680[00m  0x993ffc0 [37mLOG  [00m [00;32m              python objects.py:525:_startDurationChangedCb:[00m self:<TimelineFileSource 'file:///home/jeff/Vidéos/montage/2009 - A Workspace Odyssey/arrêt d'autobus sud.MOV-brother' at 0x9ea1f0c> , gnlobject:<__main__.GnlSource object (source-file:///home/jeff/Vidéos/montage/2009 - A Workspace Odyssey/arrêt d'autobus sud.MOV-brother-audio2) at 0x9ea484c> <__main__.GnlSource object (source-file:///home/jeff/Vidéos/montage/2009 - A Workspace Odyssey/arrêt d'autobus sud.MOV-brother-audio2) at 0x9ea484c>
0:00:35.325676623 [333m24680[00m  0x993ffc0 [36mDEBUG[00m [00;32m              python objects.py:529:_startDurationChangedCb:<source-file:///home/jeff/Vidéos/montage/2009 - A Workspace Odyssey/arrêt d'autobus sud.MOV-brother-audio2>[00m property:duration
0:00:35.325714178 [333m24680[00m  0x993ffc0 [37mLOG  [00m [00;32m              python objects.py:543:_startDurationChangedCb:[00m duration: 0:00:40.900000000 => 0:00:40.900000000
0:00:35.325851712 [333m24680[00m 0xb5f052d0 [32;01mINFO [00m [00;01;34m           GST_EVENT gstevent.c:557:gst_event_new_new_segment_full:[00m creating newsegment update 0, rate 1,004890, format GST_FORMAT_TIME, start 0:00:00.333666666, stop 0:00:41.100000000, position 0:00:00.333666666
0:00:35.325950868 [333m24680[00m 0xb5f052d0 [32;01mINFO [00m [00;01;34m           GST_EVENT gstevent.c:557:gst_event_new_new_segment_full:[00m creating newsegment update 0, rate 1,004890, format GST_FORMAT_TIME, start 0:00:00.333666666, stop 0:00:41.100000000, position 0:00:00.332042983
0:00:35.325965145 [333m24680[00m  0x993ffc0 [37mLOG  [00m [00;32m              python objects.py:525:_startDurationChangedCb:[00m self:<TimelineBlankSource 'default-audio' at 0x9d8876c> , gnlobject:<__main__.GnlSource object (source-default-audio-audio) at 0x9d8c48c> <__main__.GnlSource object (source-default-audio-audio) at 0x9d8c48c>
0:00:35.325996456 [333m24680[00m 0xb5f052d0 [32;01mINFO [00m [00;01;37;41m            GST_PADS gstpad.c:3222:gst_pad_event_default_dispatch:<vtee:sink>[00m Sending event 0x9fa19b8 (newsegment) to all internally linked pads
0:00:35.326001449 [333m24680[00m  0x993ffc0 [36mDEBUG[00m [00;32m              python objects.py:529:_startDurationChangedCb:<source-default-audio-audio>[00m property:duration
0:00:35.326400804 [333m24680[00m  0x993ffc0 [37mLOG  [00m [00;32m              python objects.py:543:_startDurationChangedCb:[00m duration: 0:00:41.100000000 => 0:00:40.900000000
0:00:35.326428774 [333m24680[00m  0x993ffc0 [36mDEBUG[00m [00;32m              python objects.py:547:_startDurationChangedCb:<source-default-audio-audio>[00m duration changed:0:00:40.900000000
0:00:35.326503117 [333m24680[00m  0x993ffc0 [37mLOG  [00m [00;32m              python source.py:150:_mediaStartDurationChangedCb:[00m <__main__.GnlSource object (source-default-audio-audio) at 0x9d8c48c> <GParamInt64 'media-duration'> media-duration
0:00:35.326539223 [333m24680[00m  0x993ffc0 [37mLOG  [00m [00;32m              python source.py:166:_mediaStartDurationChangedCb:[00m duration: 0:00:41.100000000 => 0:00:40.900000000
0:00:35.326644953 [333m24680[00m  0x993ffc0 [37mLOG  [00m [00;32m              python objects.py:525:_startDurationChangedCb:[00m self:<TimelineComposition 'audiocomp' at 0x9d886cc> , gnlobject:<__main__.GnlComposition object (composition-audiocomp) at 0x9d8c2fc> <__main__.GnlComposition object (composition-audiocomp) at 0x9d8c2fc>
0:00:35.326675879 [333m24680[00m  0x993ffc0 [36mDEBUG[00m [00;32m              python objects.py:529:_startDurationChangedCb:<composition-audiocomp>[00m property:duration
0:00:35.326709783 [333m24680[00m  0x993ffc0 [37mLOG  [00m [00;32m              python objects.py:543:_startDurationChangedCb:[00m duration: 0:00:41.100000000 => 0:00:40.900000000
0:00:35.326736168 [333m24680[00m  0x993ffc0 [36mDEBUG[00m [00;32m              python objects.py:547:_startDurationChangedCb:<composition-audiocomp>[00m duration changed:0:00:40.900000000
0:00:35.326801772 [333m24680[00m  0x993ffc0 [32;01mINFO [00m [00;32m              python ruler.py:252:startDurationChanged:[00m start/duration changed
0:00:35.327142456 [333m24680[00m  0x993ffc0 [32;01mINFO [00m [00;01;34m           GST_EVENT gstevent.c:874:gst_event_new_seek:[00m creating seek rate 1,000000, format TIME, flags 11, start_type 0, start 99:99:99.999999999, stop_type 2, stop 0:00:40.900000000
0:00:35.327191930 [333m24680[00m  0x993ffc0 [32;01mINFO [00m [00;01;34m           GST_EVENT gstevent.c:874:gst_event_new_seek:[00m creating seek rate 1,004890, format TIME, flags 11, start_type 0, start 99:99:99.999999999, stop_type 2, stop 0:00:41.100000000
0:00:35.327247972 [333m24680[00m  0x993ffc0 [32;01mINFO [00m [00;01;37;41m            GST_PADS gstpad.c:3222:gst_pad_event_default_dispatch:<faad2:sink>[00m Sending event 0xa358518 (flush-start) to all internally linked pads
0:00:35.327279136 [333m24680[00m  0x993ffc0 [32;01mINFO [00m [00;01;37;41m            GST_PADS gstpad.c:3222:gst_pad_event_default_dispatch:<atee:sink>[00m Sending event 0xa358518 (flush-start) to all internally linked pads
0:00:35.327480545 [333m24680[00m  0x993ffc0 [32;01mINFO [00m [00;01;37;41m            GST_PADS gstpad.c:3222:gst_pad_event_default_dispatch:<atee:sink>[00m Sending event 0xa34ba00 (flush-stop) to all internally linked pads
0:00:35.327614040 [333m24680[00m 0xb5f078d0 [32;01mINFO [00m [00;01;34m           GST_EVENT gstevent.c:557:gst_event_new_new_segment_full:[00m creating newsegment update 0, rate 1,004890, format GST_FORMAT_TIME, start 0:00:10.752000000, stop 0:00:41.100000000, position 0:00:10.752000000
0:00:35.327650546 [333m24680[00m  0x993ffc0 [32;01mINFO [00m [00;32m              python source.py:104:_setMediaStartDurationTime:[00m TimelineFileSource <TimelineFileSource 'file:///home/jeff/Vidéos/montage/2009 - A Workspace Odyssey/arrêt d'autobus sud.MOV' at 0x9ea1dcc> start:CLOCK_TIME_NONE , duration:0:00:40.900000000
0:00:35.327697406 [333m24680[00m  0x993ffc0 [32;01mINFO [00m [00;32m              python source.py:108:_setMediaStartDurationTime:[00m TimelineFileSource <TimelineFileSource 'file:///home/jeff/Vidéos/montage/2009 - A Workspace Odyssey/arrêt d'autobus sud.MOV' at 0x9ea1dcc> EXISTING start:0:00:00.000000000 , duration:0:00:41.100000000
0:00:35.327761581 [333m24680[00m  0x993ffc0 [37mLOG  [00m [00;32m              python source.py:150:_mediaStartDurationChangedCb:[00m <__main__.GnlSource object (source-file:///home/jeff/Vidéos/montage/2009 - A Workspace Odyssey/arrêt d'autobus sud.MOV-video1) at 0x9ea434c> <GParamInt64 'media-duration'> media-duration
0:00:35.327799115 [333m24680[00m  0x993ffc0 [37mLOG  [00m [00;32m              python source.py:166:_mediaStartDurationChangedCb:[00m duration: 0:00:41.100000000 => 0:00:40.900000000
0:00:35.327874742 [333m24680[00m  0x993ffc0 [32;01mINFO [00m [00;32m              python source.py:104:_setMediaStartDurationTime:[00m TimelineFileSource <TimelineFileSource 'file:///home/jeff/Vidéos/montage/2009 - A Workspace Odyssey/arrêt d'autobus sud.MOV-brother' at 0x9ea1f0c> start:CLOCK_TIME_NONE , duration:0:00:40.900000000
0:00:35.327929491 [333m24680[00m  0x993ffc0 [32;01mINFO [00m [00;32m              python source.py:108:_setMediaStartDurationTime:[00m TimelineFileSource <TimelineFileSource 'file:///home/jeff/Vidéos/montage/2009 - A Workspace Odyssey/arrêt d'autobus sud.MOV-brother' at 0x9ea1f0c> EXISTING start:0:00:00.000000000 , duration:0:00:41.100000000
0:00:35.327999642 [333m24680[00m  0x993ffc0 [37mLOG  [00m [00;32m              python source.py:150:_mediaStartDurationChangedCb:[00m <__main__.GnlSource object (source-file:///home/jeff/Vidéos/montage/2009 - A Workspace Odyssey/arrêt d'autobus sud.MOV-brother-audio2) at 0x9ea484c> <GParamInt64 'media-duration'> media-duration
0:00:35.328036280 [333m24680[00m  0x993ffc0 [37mLOG  [00m [00;32m              python source.py:166:_mediaStartDurationChangedCb:[00m duration: 0:00:41.100000000 => 0:00:40.900000000
0:00:35.328251674 [333m24680[00m 0xb5f078d0 [32;01mINFO [00m [00;01;34m           GST_EVENT gstevent.c:557:gst_event_new_new_segment_full:[00m creating newsegment update 0, rate 1,004890, format GST_FORMAT_TIME, start 0:00:10.752000000, stop 0:00:41.100000000, position 0:00:10.752000000
0:00:35.328324053 [333m24680[00m  0x993ffc0 [32;01mINFO [00m [00;32m              python playground.py:353:_busMessageCb:[00m <flags GST_MESSAGE_STATE_CHANGED of type GstMessageType> [<gst.Bin object (pitivi-audiosink) at 0x9ea0694>]
0:00:35.328322525 [333m24680[00m 0xb5f078d0 [32;01mINFO [00m [00;01;34m           GST_EVENT gstevent.c:557:gst_event_new_new_segment_full:[00m creating newsegment update 0, rate 1,004890, format GST_FORMAT_TIME, start 0:00:10.752000000, stop 0:00:41.100000000, position 0:00:10.752000000
0:00:35.328377593 [333m24680[00m  0x993ffc0 [36mDEBUG[00m [00;32m              python playground.py:357:_busMessageCb:<pitivi-audiosink>[00m old:<enum GST_STATE_PAUSED of type GstState>, new:<enum GST_STATE_PAUSED of type GstState>, pending:<enum GST_STATE_PAUSED of type GstState>
0:00:35.328392098 [333m24680[00m 0xb5f078d0 [32;01mINFO [00m [00;01;37;41m            GST_PADS gstpad.c:3222:gst_pad_event_default_dispatch:<atee:sink>[00m Sending event 0x9fb20a0 (newsegment) to all internally linked pads
0:00:35.328731589 [333m24680[00m  0x993ffc0 [32;01mINFO [00m [00;32m              python objects.py:482:_setStartDurationTime:<source-file:///home/jeff/Vidéos/montage/2009 - A Workspace Odyssey/arrêt d'autobus sud.MOV-video1>[00m start:CLOCK_TIME_NONE , duration:0:00:39.800000000
0:00:35.328807986 [333m24680[00m  0x993ffc0 [37mLOG  [00m [00;32m              python objects.py:525:_startDurationChangedCb:[00m self:<TimelineFileSource 'file:///home/jeff/Vidéos/montage/2009 - A Workspace Odyssey/arrêt d'autobus sud.MOV' at 0x9ea1dcc> , gnlobject:<__main__.GnlSource object (source-file:///home/jeff/Vidéos/montage/2009 - A Workspace Odyssey/arrêt d'autobus sud.MOV-video1) at 0x9ea434c> <__main__.GnlSource object (source-file:///home/jeff/Vidéos/montage/2009 - A Workspace Odyssey/arrêt d'autobus sud.MOV-video1) at 0x9ea434c>
0:00:35.328839226 [333m24680[00m  0x993ffc0 [36mDEBUG[00m [00;32m              python objects.py:529:_startDurationChangedCb:<source-file:///home/jeff/Vidéos/montage/2009 - A Workspace Odyssey/arrêt d'autobus sud.MOV-video1>[00m property:duration
0:00:35.328874546 [333m24680[00m  0x993ffc0 [37mLOG  [00m [00;32m              python objects.py:543:_startDurationChangedCb:[00m duration: 0:00:39.800000000 => 0:00:39.800000000
0:00:35.328927933 [333m24680[00m 0xb5f008a8 [33;01mWARN [00m [00m       audioresample gstaudioresample.c:599:audioresample_check_discont:<audiobin-resample>[00m encountered timestamp discontinuity of 1024000000
0:00:35.329065251 [333m24680[00m  0x993ffc0 [37mLOG  [00m [00;32m              python objects.py:525:_startDurationChangedCb:[00m self:<TimelineBlankSource 'default-video' at 0x9d8878c> , gnlobject:<__main__.GnlSource object (source-default-video-video) at 0x9d8c52c> <__main__.GnlSource object (source-default-video-video) at 0x9d8c52c>
0:00:35.329112625 [333m24680[00m  0x993ffc0 [36mDEBUG[00m [00;32m              python objects.py:529:_startDurationChangedCb:<source-default-video-video>[00m property:duration
0:00:35.329147537 [333m24680[00m  0x993ffc0 [37mLOG  [00m [00;32m              python objects.py:543:_startDurationChangedCb:[00m duration: 0:00:40.900000000 => 0:00:39.800000000
0:00:35.329173790 [333m24680[00m  0x993ffc0 [36mDEBUG[00m [00;32m              python objects.py:547:_startDurationChangedCb:<source-default-video-video>[00m duration changed:0:00:39.800000000
0:00:35.329242130 [333m24680[00m  0x993ffc0 [37mLOG  [00m [00;32m              python source.py:150:_mediaStartDurationChangedCb:[00m <__main__.GnlSource object (source-default-video-video) at 0x9d8c52c> <GParamInt64 'media-duration'> media-duration
0:00:35.329277456 [333m24680[00m  0x993ffc0 [37mLOG  [00m [00;32m              python source.py:166:_mediaStartDurationChangedCb:[00m duration: 0:00:40.900000000 => 0:00:39.800000000
0:00:35.329352955 [333m24680[00m  0x993ffc0 [37mLOG  [00m [00;32m              python objects.py:525:_startDurationChangedCb:[00m self:<TimelineComposition 'videocomp' at 0x9d8874c> , gnlobject:<__main__.GnlComposition object (composition-videocomp) at 0x9d8c374> <__main__.GnlComposition object (composition-videocomp) at 0x9d8c374>
0:00:35.329382579 [333m24680[00m  0x993ffc0 [36mDEBUG[00m [00;32m              python objects.py:529:_startDurationChangedCb:<composition-videocomp>[00m property:duration
0:00:35.329415782 [333m24680[00m  0x993ffc0 [37mLOG  [00m [00;32m              python objects.py:543:_startDurationChangedCb:[00m duration: 0:00:40.900000000 => 0:00:39.800000000
0:00:35.329441625 [333m24680[00m  0x993ffc0 [36mDEBUG[00m [00;32m              python objects.py:547:_startDurationChangedCb:<composition-videocomp>[00m duration changed:0:00:39.800000000
0:00:35.329498053 [333m24680[00m  0x993ffc0 [32;01mINFO [00m [00;32m              python ruler.py:252:startDurationChanged:[00m start/duration changed
0:00:35.329762746 [333m24680[00m  0x993ffc0 [32;01mINFO [00m [00;32m              python bin.py:519:_startDurationChangedCb:<project-Nouveau projet>[00m smart timeline bin: start duration changed 0 39800000000
0:00:35.329813185 [333m24680[00m  0x993ffc0 [36mDEBUG[00m [00;32m              python viewer.py:316:_timelineDurationChangedCb:[00m duration : 0:00:39.800000000
0:00:35.329866810 [333m24680[00m  0x993ffc0 [32;01mINFO [00m [00;01;34m           GST_EVENT gstevent.c:874:gst_event_new_seek:[00m creating seek rate 1,000000, format TIME, flags 11, start_type 0, start 99:99:99.999999999, stop_type 2, stop 0:00:39.800000000
0:00:35.329914825 [333m24680[00m  0x993ffc0 [32;01mINFO [00m [00;01;34m           GST_EVENT gstevent.c:874:gst_event_new_seek:[00m creating seek rate 1,027638, format TIME, flags 11, start_type 0, start 99:99:99.999999999, stop_type 2, stop 0:00:40.900000000
0:00:35.329970627 [333m24680[00m  0x993ffc0 [32;01mINFO [00m [00;01;37;41m            GST_PADS gstpad.c:3222:gst_pad_event_default_dispatch:<vtee:sink>[00m Sending event 0x9f42318 (flush-start) to all internally linked pads
