0:00:21.311545000  3044   035AF628 DEBUG        basetransform .:0:: handling buffer 035BCBB8 of size 152064 and offset NONE
0:00:21.311545000  3044   035AF628 DEBUG        basetransform .:0:: got DISCONT buffer 035BCBB8
0:00:21.311545000  3044   035AF628 DEBUG        basetransform .:0:: doing passthrough alloc
0:00:21.311545000  3044   035AF628 DEBUG        basetransform .:0:: doing alloc with caps 0354EAA0
0:00:21.311545000  3044   035AF658 DEBUG        basetransform .:0:: have old caps
0:00:21.311545000  3044   035AF628 DEBUG        basetransform .:0:: have old caps
0:00:21.311545000  3044   035AF658 DEBUG        basetransform .:0:: doing default alloc, proxy 1
0:00:21.311545000  3044   035AF628 DEBUG        basetransform .:0:: doing default alloc, proxy 1
0:00:21.311545000  3044   035AF658 DEBUG        basetransform .:0:: proxy buffer-alloc with caps 0354E7C0, size 152064
0:00:21.311545000  3044   035AF628 DEBUG        basetransform .:0:: proxy buffer-alloc with caps 0354EAA0, size 152064
0:00:21.311545000  3044   035AF658 DEBUG        basetransform .:0:: have old caps
0:00:21.311545000  3044   035AF628 DEBUG        basetransform .:0:: have old caps
0:00:21.311545000  3044   035AF658 DEBUG        basetransform .:0:: doing default alloc, proxy 1
0:00:21.311545000  3044   035AF628 DEBUG        basetransform .:0:: doing default alloc, proxy 0
0:00:21.311545000  3044   035AF658 DEBUG        basetransform .:0:: proxy buffer-alloc with caps 0354E7C0, size 152064
0:00:21.311545000  3044   035AF628 DEBUG        basetransform .:0:: got caps 0354EAA0
0:00:21.311545000  3044   035AF658 DEBUG        basetransform .:0:: have old caps
0:00:21.311545000  3044   035AF628 DEBUG        basetransform .:0:: received required caps from peer
0:00:21.311545000  3044   035AF658 DEBUG        basetransform .:0:: doing default alloc, proxy 0
0:00:21.311545000  3044   035AF628 DEBUG        basetransform .:0:: passthrough but different buffers
0:00:21.311545000  3044   035AF658 DEBUG        basetransform .:0:: got caps 0354E7C0
0:00:21.311545000  3044   035AF628 DEBUG        basetransform .:0:: discard buffer, reuse input buffer
0:00:21.311545000  3044   035AF658 DEBUG        basetransform .:0:: received required caps from peer
0:00:21.311545000  3044   035AF628 DEBUG        basetransform .:0:: element is in passthrough
0:00:21.311545000  3044   035AF658 DEBUG        basetransform .:0:: got caps 0354E7C0
0:00:21.311545000  3044   035AF628 DEBUG        basetransform .:0:: handling buffer 035BCBB8 of size 152064 and offset NONE
0:00:21.311545000  3044   035AF658 DEBUG        basetransform .:0:: received required caps from peer
0:00:21.311545000  3044   035AF628 DEBUG        basetransform .:0:: got DISCONT buffer 035BCBB8
0:00:21.311545000  3044   035AF628 DEBUG        basetransform .:0:: getting output size for copy transform
0:00:21.311545000  3044   035AF628 DEBUG        basetransform .:0:: asked to transform size 152064 for caps 0354EAA0 to size for caps 0354EB20 in direction SINK
0:00:21.311545000  3044   035AF628 DEBUG        basetransform .:0:: returned 152064 from first cache
0:00:21.311545000  3044   035AF628 DEBUG        basetransform .:0:: input size 152064, input unit size 152064
0:00:21.311545000  3044   035AF628 DEBUG        basetransform .:0:: returned 152064 from second cached
0:00:21.311545000  3044   035AF628 DEBUG        basetransform .:0:: transformed size to 152064
0:00:21.311545000  3044   035AF628 DEBUG        basetransform .:0:: doing alloc with caps 0354EB20
0:00:21.311545000  3044   035AF628 DEBUG        basetransform .:0:: have old caps
0:00:21.311545000  3044   035AF628 DEBUG        basetransform .:0:: doing default alloc, proxy 0
0:00:21.311545000  3044   035AF628 DEBUG        basetransform .:0:: using allocated buffer
0:00:21.311545000  3044   035AF628 DEBUG        basetransform .:0:: doing non-inplace transform
0:00:21.311545000  3044   035AF628 DEBUG        basetransform .:0:: handling buffer 035BCA58 of size 152064 and offset NONE
0:00:21.311545000  3044   035AF628 DEBUG        basetransform .:0:: got DISCONT buffer 035BCA58
0:00:21.311545000  3044   035AF628 DEBUG        basetransform .:0:: handling buffer 035BCDC8 of size 152064 and offset NONE
0:00:21.311545000  3044   035AF628 DEBUG        basetransform .:0:: doing passthrough alloc
0:00:21.311545000  3044   035AF628 DEBUG        basetransform .:0:: doing alloc with caps 0354EAA0
0:00:21.311545000  3044   035AF628 DEBUG        basetransform .:0:: have old caps
0:00:21.311545000  3044   035AF628 DEBUG        basetransform .:0:: doing default alloc, proxy 1
0:00:21.311545000  3044   035AF628 DEBUG        basetransform .:0:: proxy buffer-alloc with caps 0354EAA0, size 152064
0:00:21.311545000  3044   035AF628 DEBUG        basetransform .:0:: have old caps
0:00:21.311545000  3044   035AF628 DEBUG        basetransform .:0:: doing default alloc, proxy 0
0:00:21.311545000  3044   035AF628 DEBUG        basetransform .:0:: got caps 0354EAA0
0:00:21.311545000  3044   035AF628 DEBUG        basetransform .:0:: received required caps from peer
0:00:21.311545000  3044   035AF628 DEBUG        basetransform .:0:: passthrough but different buffers
0:00:21.311545000  3044   035AF628 DEBUG        basetransform .:0:: discard buffer, reuse input buffer
0:00:21.311545000  3044   035AF628 DEBUG        basetransform .:0:: element is in passthrough
0:00:21.311545000  3044   035AF628 DEBUG        basetransform .:0:: handling buffer 035BCDC8 of size 152064 and offset NONE
0:00:21.311545000  3044   035AF628 DEBUG        basetransform .:0:: getting output size for copy transform
0:00:21.311545000  3044   035AF628 DEBUG        basetransform .:0:: asked to transform size 152064 for caps 0354EAA0 to size for caps 0354EB20 in direction SINK
0:00:21.311545000  3044   035AF628 DEBUG        basetransform .:0:: returned 152064 from first cache
0:00:21.311545000  3044   035AF628 DEBUG        basetransform .:0:: input size 152064, input unit size 152064
0:00:21.311545000  3044   035AF628 DEBUG        basetransform .:0:: returned 152064 from second cached
0:00:21.311545000  3044   035AF628 DEBUG        basetransform .:0:: transformed size to 152064
0:00:21.311545000  3044   035AF628 DEBUG        basetransform .:0:: doing alloc with caps 0354EB20
0:00:21.311545000  3044   035AF628 DEBUG        basetransform .:0:: have old caps
0:00:21.311545000  3044   035AF628 DEBUG        basetransform .:0:: doing default alloc, proxy 0
0:00:21.311545000  3044   035AF628 DEBUG        basetransform .:0:: using allocated buffer
0:00:21.311545000  3044   035AF628 DEBUG        basetransform .:0:: doing non-inplace transform
0:00:21.311545000  3044   035AF628 DEBUG        basetransform .:0:: handling buffer 0358F4E0 of size 152064 and offset NONE
0:00:21.311545000  3044   035AF628 DEBUG        basetransform .:0:: handling buffer 035BCD18 of size 152064 and offset NONE
0:00:21.311545000  3044   035AF628 DEBUG        basetransform .:0:: doing passthrough alloc
0:00:21.311545000  3044   035AF628 DEBUG        basetransform .:0:: doing alloc with caps 0354EAA0
0:00:21.311545000  3044   035AF628 DEBUG        basetransform .:0:: have old caps
0:00:21.311545000  3044   035AF628 DEBUG        basetransform .:0:: doing default alloc, proxy 1
0:00:21.311545000  3044   035AF628 DEBUG        basetransform .:0:: proxy buffer-alloc with caps 0354EAA0, size 152064
0:00:21.311545000  3044   035AF628 DEBUG        basetransform .:0:: have old caps
0:00:21.311545000  3044   035AF628 DEBUG        basetransform .:0:: doing default alloc, proxy 0
0:00:21.311545000  3044   035AF628 DEBUG        basetransform .:0:: got caps 0354EAA0
0:00:21.311545000  3044   035AF628 DEBUG        basetransform .:0:: received required caps from peer
0:00:21.311545000  3044   035AF628 DEBUG        basetransform .:0:: passthrough but different buffers
0:00:21.311545000  3044   035AF628 DEBUG        basetransform .:0:: discard buffer, reuse input buffer
0:00:21.311545000  3044   035AF628 DEBUG        basetransform .:0:: element is in passthrough
0:00:21.311545000  3044   035AF628 DEBUG        basetransform .:0:: handling buffer 035BCD18 of size 152064 and offset NONE
0:00:21.311545000  3044   035AF628 DEBUG        basetransform .:0:: getting output size for copy transform
0:00:21.311545000  3044   035AF628 DEBUG        basetransform .:0:: asked to transform size 152064 for caps 0354EAA0 to size for caps 0354EB20 in direction SINK
0:00:21.311545000  3044   035AF628 DEBUG        basetransform .:0:: returned 152064 from first cache
0:00:21.311545000  3044   035AF628 DEBUG        basetransform .:0:: input size 152064, input unit size 152064
0:00:21.311545000  3044   035AF628 DEBUG        basetransform .:0:: returned 152064 from second cached
0:00:21.311545000  3044   035AF628 DEBUG        basetransform .:0:: transformed size to 152064
0:00:21.311545000  3044   035AF628 DEBUG        basetransform .:0:: doing alloc with caps 0354EB20
0:00:21.311545000  3044   035AF628 DEBUG        basetransform .:0:: have old caps
0:00:21.311545000  3044   035AF628 DEBUG        basetransform .:0:: doing default alloc, proxy 0
0:00:21.311545000  3044   035AF628 DEBUG        basetransform .:0:: using allocated buffer
0:00:21.311545000  3044   035AF628 DEBUG        basetransform .:0:: doing non-inplace transform
0:00:21.311545000  3044   035AF628 DEBUG        basetransform .:0:: handling buffer 035BD380 of size 152064 and offset NONE
0:00:21.311545000  3044   035AF628 DEBUG        basetransform .:0:: handling buffer 035BD538 of size 152064 and offset NONE
0:00:21.311545000  3044   035AF628 DEBUG        basetransform .:0:: got DISCONT buffer 035BD538
0:00:21.311545000  3044   035AF628 DEBUG        basetransform .:0:: doing passthrough alloc
0:00:21.311545000  3044   035AF628 DEBUG        basetransform .:0:: doing alloc with caps 0354EAA0
0:00:21.311545000  3044   035AF628 DEBUG        basetransform .:0:: have old caps
0:00:21.311545000  3044   035AF628 DEBUG        basetransform .:0:: doing default alloc, proxy 1
0:00:21.311545000  3044   035AF628 DEBUG        basetransform .:0:: proxy buffer-alloc with caps 0354EAA0, size 152064
0:00:21.311545000  3044   035AF628 DEBUG        basetransform .:0:: have old caps
0:00:21.311545000  3044   035AF628 DEBUG        basetransform .:0:: doing default alloc, proxy 0
0:00:21.311545000  3044   035AF628 DEBUG        basetransform .:0:: got caps 0354EAA0
0:00:21.311545000  3044   035AF628 DEBUG        basetransform .:0:: received required caps from peer
0:00:21.311545000  3044   035AF628 DEBUG        basetransform .:0:: passthrough but different buffers
0:00:21.311545000  3044   035AF628 DEBUG        basetransform .:0:: discard buffer, reuse input buffer
0:00:21.311545000  3044   035AF628 DEBUG        basetransform .:0:: element is in passthrough
0:00:21.311545000  3044   035AF628 DEBUG        basetransform .:0:: handling buffer 035BD538 of size 152064 and offset NONE
0:00:21.311545000  3044   035AF628 DEBUG        basetransform .:0:: got DISCONT buffer 035BD538
0:00:21.311545000  3044   035AF628 DEBUG        basetransform .:0:: getting output size for copy transform
0:00:21.311545000  3044   035AF628 DEBUG        basetransform .:0:: asked to transform size 152064 for caps 0354EAA0 to size for caps 0354EB20 in direction SINK
0:00:21.311545000  3044   035AF628 DEBUG        basetransform .:0:: returned 152064 from first cache
0:00:21.311545000  3044   035AF628 DEBUG        basetransform .:0:: input size 152064, input unit size 152064
0:00:21.311545000  3044   035AF628 DEBUG        basetransform .:0:: returned 152064 from second cached
0:00:21.311545000  3044   035AF628 DEBUG        basetransform .:0:: transformed size to 152064
0:00:21.311545000  3044   035AF628 DEBUG        basetransform .:0:: doing alloc with caps 0354EB20
0:00:21.311545000  3044   035AF628 DEBUG        basetransform .:0:: have old caps
0:00:21.311545000  3044   035AF628 DEBUG        basetransform .:0:: doing default alloc, proxy 0
0:00:21.311545000  3044   035AF628 DEBUG        basetransform .:0:: using allocated buffer
0:00:21.311545000  3044   035AF628 DEBUG        basetransform .:0:: doing non-inplace transform
0:00:21.311545000  3044   035AF628 DEBUG        basetransform .:0:: handling buffer 035BCBB8 of size 152064 and offset NONE
0:00:21.311545000  3044   035AF628 DEBUG        basetransform .:0:: got DISCONT buffer 035BCBB8
0:00:21.311545000  3044   035AF658 DEBUG        basetransform .:0:: have old caps
0:00:21.311545000  3044   035AF628 DEBUG        basetransform .:0:: handling buffer 035BCE78 of size 152064 and offset NONE
0:00:21.311545000  3044   035AF658 DEBUG        basetransform .:0:: doing default alloc, proxy 1
0:00:21.311545000  3044   035AF628 DEBUG        basetransform .:0:: doing passthrough alloc
0:00:21.311545000  3044   035AF658 DEBUG        basetransform .:0:: proxy buffer-alloc with caps 0354E7C0, size 152064
0:00:21.311545000  3044   035AF628 DEBUG        basetransform .:0:: doing alloc with caps 0354EAA0
0:00:21.311545000  3044   035AF658 DEBUG        basetransform .:0:: have old caps
0:00:21.311545000  3044   035AF628 DEBUG        basetransform .:0:: have old caps
0:00:21.311545000  3044   035AF658 DEBUG        basetransform .:0:: doing default alloc, proxy 1
0:00:21.311545000  3044   035AF628 DEBUG        basetransform .:0:: doing default alloc, proxy 1
0:00:21.311545000  3044   035AF658 DEBUG        basetransform .:0:: proxy buffer-alloc with caps 0354E7C0, size 152064
0:00:21.311545000  3044   035AF628 DEBUG        basetransform .:0:: proxy buffer-alloc with caps 0354EAA0, size 152064
0:00:21.311545000  3044   035AF658 DEBUG        basetransform .:0:: have old caps
0:00:21.311545000  3044   035AF658 DEBUG        basetransform .:0:: doing default alloc, proxy 0
0:00:21.327170000  3044   035AF658 DEBUG        basetransform .:0:: got caps 0354E7C0
0:00:21.327170000  3044   035AF658 DEBUG        basetransform .:0:: received required caps from peer
0:00:21.327170000  3044   035AF658 DEBUG        basetransform .:0:: got caps 0354E7C0
0:00:21.327170000  3044   035AF658 DEBUG        basetransform .:0:: received required caps from peer
0:00:21.311545000  3044   035AF628 DEBUG        basetransform .:0:: have old caps
0:00:21.327170000  3044   035AF628 DEBUG        basetransform .:0:: doing default alloc, proxy 0
0:00:21.327170000  3044   035AF628 DEBUG        basetransform .:0:: got caps 0354EAA0
0:00:21.327170000  3044   035AF628 DEBUG        basetransform .:0:: received required caps from peer
0:00:21.327170000  3044   035AF628 DEBUG        basetransform .:0:: passthrough but different buffers
0:00:21.327170000  3044   035AF628 DEBUG        basetransform .:0:: discard buffer, reuse input buffer
0:00:21.327170000  3044   035AF628 DEBUG        basetransform .:0:: element is in passthrough
0:00:21.327170000  3044   035AF628 DEBUG        basetransform .:0:: handling buffer 035BCE78 of size 152064 and offset NONE
0:00:21.327170000  3044   035AF628 DEBUG        basetransform .:0:: getting output size for copy transform
0:00:21.327170000  3044   035AF628 DEBUG        basetransform .:0:: asked to transform size 152064 for caps 0354EAA0 to size for caps 0354EB20 in direction SINK
0:00:21.327170000  3044   035AF628 DEBUG        basetransform .:0:: returned 152064 from first cache
0:00:21.327170000  3044   035AF628 DEBUG        basetransform .:0:: input size 152064, input unit size 152064
0:00:21.327170000  3044   035AF628 DEBUG        basetransform .:0:: returned 152064 from second cached
0:00:21.327170000  3044   035AF628 DEBUG        basetransform .:0:: transformed size to 152064
0:00:21.327170000  3044   035AF628 DEBUG        basetransform .:0:: doing alloc with caps 0354EB20
0:00:21.327170000  3044   035AF628 DEBUG        basetransform .:0:: have old caps
0:00:21.327170000  3044   035AF628 DEBUG        basetransform .:0:: doing default alloc, proxy 0
0:00:21.327170000  3044   035AF628 DEBUG        basetransform .:0:: using allocated buffer
0:00:21.327170000  3044   035AF628 DEBUG        basetransform .:0:: doing non-inplace transform
0:00:21.327170000  3044   035AF628 DEBUG        basetransform .:0:: handling buffer 035BCA58 of size 152064 and offset NONE
0:00:21.327170000  3044   035AF628 DEBUG        basetransform .:0:: handling buffer 035BCE20 of size 152064 and offset NONE
0:00:21.327170000  3044   035AF628 DEBUG        basetransform .:0:: doing passthrough alloc
0:00:21.327170000  3044   035AF628 DEBUG        basetransform .:0:: doing alloc with caps 0354EAA0
0:00:21.327170000  3044   035AF628 DEBUG        basetransform .:0:: have old caps
0:00:21.327170000  3044   035AF628 DEBUG        basetransform .:0:: doing default alloc, proxy 1
0:00:21.327170000  3044   035AF628 DEBUG        basetransform .:0:: proxy buffer-alloc with caps 0354EAA0, size 152064
0:00:21.327170000  3044   035AF628 DEBUG        basetransform .:0:: have old caps
0:00:21.327170000  3044   035AF658 DEBUG        basetransform .:0:: have old caps
0:00:21.327170000  3044   035AF628 DEBUG        basetransform .:0:: doing default alloc, proxy 0
0:00:21.327170000  3044   035AF658 DEBUG        basetransform .:0:: doing default alloc, proxy 1
0:00:21.327170000  3044   035AF628 DEBUG        basetransform .:0:: got caps 0354EAA0
0:00:21.327170000  3044   035AF658 DEBUG        basetransform .:0:: proxy buffer-alloc with caps 0354E7C0, size 152064
0:00:21.327170000  3044   035AF628 DEBUG        basetransform .:0:: received required caps from peer
0:00:21.327170000  3044   035AF658 DEBUG        basetransform .:0:: have old caps
0:00:21.327170000  3044   035AF628 DEBUG        basetransform .:0:: passthrough but different buffers
0:00:21.327170000  3044   035AF658 DEBUG        basetransform .:0:: doing default alloc, proxy 1
0:00:21.327170000  3044   035AF628 DEBUG        basetransform .:0:: discard buffer, reuse input buffer
0:00:21.327170000  3044   035AF658 DEBUG        basetransform .:0:: proxy buffer-alloc with caps 0354E7C0, size 152064
0:00:21.327170000  3044   035AF628 DEBUG        basetransform .:0:: element is in passthrough
0:00:21.327170000  3044   035AF658 DEBUG        basetransform .:0:: have old caps
0:00:21.327170000  3044   035AF628 DEBUG        basetransform .:0:: handling buffer 035BCE20 of size 152064 and offset NONE
0:00:21.327170000  3044   035AF658 DEBUG        basetransform .:0:: doing default alloc, proxy 0
0:00:21.327170000  3044   035AF628 DEBUG        basetransform .:0:: getting output size for copy transform
0:00:21.327170000  3044   035AF658 DEBUG        basetransform .:0:: got caps 0354E7C0
0:00:21.327170000  3044   035AF628 DEBUG        basetransform .:0:: asked to transform size 152064 for caps 0354EAA0 to size for caps 0354EB20 in direction SINK
0:00:21.327170000  3044   035AF658 DEBUG        basetransform .:0:: received required caps from peer
0:00:21.327170000  3044   035AF628 DEBUG        basetransform .:0:: returned 152064 from first cache
0:00:21.327170000  3044   035AF658 DEBUG        basetransform .:0:: got caps 0354E7C0
0:00:21.327170000  3044   035AF628 DEBUG        basetransform .:0:: input size 152064, input unit size 152064
0:00:21.327170000  3044   035AF658 DEBUG        basetransform .:0:: received required caps from peer
0:00:21.327170000  3044   035AF628 DEBUG        basetransform .:0:: returned 152064 from second cached
0:00:21.327170000  3044   035AF628 DEBUG        basetransform .:0:: transformed size to 152064
0:00:21.327170000  3044   035AF628 DEBUG        basetransform .:0:: doing alloc with caps 0354EB20
0:00:21.327170000  3044   035AF628 DEBUG        basetransform .:0:: have old caps
0:00:21.327170000  3044   035AF628 DEBUG        basetransform .:0:: doing default alloc, proxy 0
0:00:21.327170000  3044   035AF628 DEBUG        basetransform .:0:: using allocated buffer
0:00:21.327170000  3044   035AF628 DEBUG        basetransform .:0:: doing non-inplace transform
0:00:21.327170000  3044   035AF628 DEBUG        basetransform .:0:: handling buffer 035BCA58 of size 152064 and offset NONE
0:00:21.327170000  3044   035AF628 DEBUG        basetransform .:0:: handling buffer 035BCD70 of size 152064 and offset NONE
0:00:21.327170000  3044   035AF628 DEBUG        basetransform .:0:: doing passthrough alloc
0:00:21.327170000  3044   035AF628 DEBUG        basetransform .:0:: doing alloc with caps 0354EAA0
0:00:21.327170000  3044   035AF628 DEBUG        basetransform .:0:: have old caps
0:00:21.327170000  3044   035AF628 DEBUG        basetransform .:0:: doing default alloc, proxy 1
0:00:21.327170000  3044   035AF628 DEBUG        basetransform .:0:: proxy buffer-alloc with caps 0354EAA0, size 152064
0:00:21.327170000  3044   035AF628 DEBUG        basetransform .:0:: have old caps
0:00:21.327170000  3044   035AF628 DEBUG        basetransform .:0:: doing default alloc, proxy 0
0:00:21.327170000  3044   035AF628 DEBUG        basetransform .:0:: got caps 0354EAA0
0:00:21.327170000  3044   035AF628 DEBUG        basetransform .:0:: received required caps from peer
0:00:21.327170000  3044   035AF628 DEBUG        basetransform .:0:: passthrough but different buffers
0:00:21.327170000  3044   035AF628 DEBUG        basetransform .:0:: discard buffer, reuse input buffer
0:00:21.327170000  3044   035AF628 DEBUG        basetransform .:0:: element is in passthrough
0:00:21.327170000  3044   035AF628 DEBUG        basetransform .:0:: handling buffer 035BCD70 of size 152064 and offset NONE
0:00:21.327170000  3044   035AF628 DEBUG        basetransform .:0:: getting output size for copy transform
0:00:21.327170000  3044   035AF628 DEBUG        basetransform .:0:: asked to transform size 152064 for caps 0354EAA0 to size for caps 0354EB20 in direction SINK
0:00:21.327170000  3044   035AF658 DEBUG        basetransform .:0:: have old caps
0:00:21.327170000  3044   035AF628 DEBUG        basetransform .:0:: returned 152064 from first cache
0:00:21.327170000  3044   035AF658 DEBUG        basetransform .:0:: doing default alloc, proxy 1
0:00:21.327170000  3044   035AF628 DEBUG        basetransform .:0:: input size 152064, input unit size 152064
0:00:21.327170000  3044   035AF658 DEBUG        basetransform .:0:: proxy buffer-alloc with caps 0354E7C0, size 152064
0:00:21.327170000  3044   035AF628 DEBUG        basetransform .:0:: returned 152064 from second cached
0:00:21.327170000  3044   035AF658 DEBUG        basetransform .:0:: have old caps
0:00:21.327170000  3044   035AF628 DEBUG        basetransform .:0:: transformed size to 152064
0:00:21.327170000  3044   035AF658 DEBUG        basetransform .:0:: doing default alloc, proxy 1
0:00:21.327170000  3044   035AF628 DEBUG        basetransform .:0:: doing alloc with caps 0354EB20
0:00:21.327170000  3044   035AF658 DEBUG        basetransform .:0:: proxy buffer-alloc with caps 0354E7C0, size 152064
0:00:21.327170000  3044   035AF628 DEBUG        basetransform .:0:: have old caps
0:00:21.327170000  3044   035AF658 DEBUG        basetransform .:0:: have old caps
0:00:21.327170000  3044   035AF628 DEBUG        basetransform .:0:: doing default alloc, proxy 0
0:00:21.327170000  3044   035AF658 DEBUG        basetransform .:0:: doing default alloc, proxy 0
0:00:21.327170000  3044   035AF628 DEBUG        basetransform .:0:: using allocated buffer
0:00:21.327170000  3044   035AF658 DEBUG        basetransform .:0:: got caps 0354E7C0
0:00:21.327170000  3044   035AF628 DEBUG        basetransform .:0:: doing non-inplace transform
0:00:21.327170000  3044   035AF658 DEBUG        basetransform .:0:: received required caps from peer
0:00:21.327170000  3044   035AF658 DEBUG        basetransform .:0:: got caps 0354E7C0
0:00:21.327170000  3044   035AF658 DEBUG        basetransform .:0:: received required caps from peer
0:00:21.327170000  3044   035AF628 DEBUG        basetransform .:0:: handling buffer 035BCA58 of size 152064 and offset NONE
0:00:21.327170000  3044   035AF628 DEBUG        basetransform .:0:: handling buffer 035BC110 of size 152064 and offset NONE
0:00:21.327170000  3044   035AF628 DEBUG        basetransform .:0:: doing passthrough alloc
0:00:21.327170000  3044   035AF628 DEBUG        basetransform .:0:: doing alloc with caps 0354EAA0
0:00:21.327170000  3044   035AF628 DEBUG        basetransform .:0:: have old caps
0:00:21.327170000  3044   035AF628 DEBUG        basetransform .:0:: doing default alloc, proxy 1
0:00:21.327170000  3044   035AF628 DEBUG        basetransform .:0:: proxy buffer-alloc with caps 0354EAA0, size 152064
0:00:21.327170000  3044   035AF628 DEBUG        basetransform .:0:: have old caps
0:00:21.327170000  3044   035AF628 DEBUG        basetransform .:0:: doing default alloc, proxy 0
0:00:21.327170000  3044   035AF628 DEBUG        basetransform .:0:: got caps 0354EAA0
0:00:21.327170000  3044   035AF628 DEBUG        basetransform .:0:: received required caps from peer
0:00:21.327170000  3044   035AF628 DEBUG        basetransform .:0:: passthrough but different buffers
0:00:21.327170000  3044   035AF628 DEBUG        basetransform .:0:: discard buffer, reuse input buffer
0:00:21.327170000  3044   035AF628 DEBUG        basetransform .:0:: element is in passthrough
0:00:21.327170000  3044   035AF628 DEBUG        basetransform .:0:: handling buffer 035BC110 of size 152064 and offset NONE
0:00:21.327170000  3044   035AF628 DEBUG        basetransform .:0:: getting output size for copy transform
0:00:21.327170000  3044   035AF628 DEBUG        basetransform .:0:: asked to transform size 152064 for caps 0354EAA0 to size for caps 0354EB20 in direction SINK
0:00:21.327170000  3044   035AF628 DEBUG        basetransform .:0:: returned 152064 from first cache
0:00:21.327170000  3044   035AF628 DEBUG        basetransform .:0:: input size 152064, input unit size 152064
0:00:21.327170000  3044   035AF628 DEBUG        basetransform .:0:: returned 152064 from second cached
0:00:21.327170000  3044   035AF628 DEBUG        basetransform .:0:: transformed size to 152064
0:00:21.327170000  3044   035AF628 DEBUG        basetransform .:0:: doing alloc with caps 0354EB20
0:00:21.327170000  3044   035AF628 DEBUG        basetransform .:0:: have old caps
0:00:21.327170000  3044   035AF628 DEBUG        basetransform .:0:: doing default alloc, proxy 0
0:00:21.327170000  3044   035AF628 DEBUG        basetransform .:0:: using allocated buffer
0:00:21.327170000  3044   035AF628 DEBUG        basetransform .:0:: doing non-inplace transform
0:00:21.327170000  3044   035AF628 DEBUG        basetransform .:0:: handling buffer 035BCA58 of size 152064 and offset NONE
0:00:21.327170000  3044   035AF658 DEBUG        basetransform .:0:: have old caps
0:00:21.327170000  3044   035AF628 DEBUG        basetransform .:0:: handling buffer 035BC690 of size 152064 and offset NONE
0:00:21.327170000  3044   035AF658 DEBUG        basetransform .:0:: doing default alloc, proxy 1
0:00:21.327170000  3044   035AF628 DEBUG        basetransform .:0:: doing passthrough alloc
0:00:21.327170000  3044   035AF658 DEBUG        basetransform .:0:: proxy buffer-alloc with caps 0354E7C0, size 152064
0:00:21.327170000  3044   035AF628 DEBUG        basetransform .:0:: doing alloc with caps 0354EAA0
0:00:21.327170000  3044   035AF658 DEBUG        basetransform .:0:: have old caps
0:00:21.327170000  3044   035AF628 DEBUG        basetransform .:0:: have old caps
0:00:21.327170000  3044   035AF658 DEBUG        basetransform .:0:: doing default alloc, proxy 1
0:00:21.327170000  3044   035AF628 DEBUG        basetransform .:0:: doing default alloc, proxy 1
0:00:21.327170000  3044   035AF658 DEBUG        basetransform .:0:: proxy buffer-alloc with caps 0354E7C0, size 152064
0:00:21.327170000  3044   035AF628 DEBUG        basetransform .:0:: proxy buffer-alloc with caps 0354EAA0, size 152064
0:00:21.327170000  3044   035AF658 DEBUG        basetransform .:0:: have old caps
0:00:21.327170000  3044   035AF628 DEBUG        basetransform .:0:: have old caps
0:00:21.327170000  3044   035AF658 DEBUG        basetransform .:0:: doing default alloc, proxy 0
0:00:21.327170000  3044   035AF628 DEBUG        basetransform .:0:: doing default alloc, proxy 0
0:00:21.327170000  3044   035AF658 DEBUG        basetransform .:0:: got caps 0354E7C0
0:00:21.327170000  3044   035AF628 DEBUG        basetransform .:0:: got caps 0354EAA0
0:00:21.327170000  3044   035AF658 DEBUG        basetransform .:0:: received required caps from peer
0:00:21.327170000  3044   035AF628 DEBUG        basetransform .:0:: received required caps from peer
0:00:21.327170000  3044   035AF658 DEBUG        basetransform .:0:: got caps 0354E7C0
0:00:21.327170000  3044   035AF628 DEBUG        basetransform .:0:: passthrough but different buffers
0:00:21.327170000  3044   035AF658 DEBUG        basetransform .:0:: received required caps from peer
0:00:21.327170000  3044   035AF628 DEBUG        basetransform .:0:: discard buffer, reuse input buffer
0:00:21.327170000  3044   035AF628 DEBUG        basetransform .:0:: element is in passthrough
0:00:21.327170000  3044   035AF628 DEBUG        basetransform .:0:: handling buffer 035BC690 of size 152064 and offset NONE
0:00:21.327170000  3044   035AF628 DEBUG        basetransform .:0:: getting output size for copy transform
0:00:21.327170000  3044   035AF628 DEBUG        basetransform .:0:: asked to transform size 152064 for caps 0354EAA0 to size for caps 0354EB20 in direction SINK
0:00:21.327170000  3044   035AF628 DEBUG        basetransform .:0:: returned 152064 from first cache
0:00:21.327170000  3044   035AF628 DEBUG        basetransform .:0:: input size 152064, input unit size 152064
0:00:21.327170000  3044   035AF628 DEBUG        basetransform .:0:: returned 152064 from second cached
0:00:21.327170000  3044   035AF628 DEBUG        basetransform .:0:: transformed size to 152064
0:00:21.327170000  3044   035AF628 DEBUG        basetransform .:0:: doing alloc with caps 0354EB20
0:00:21.327170000  3044   035AF628 DEBUG        basetransform .:0:: have old caps
0:00:21.327170000  3044   035AF628 DEBUG        basetransform .:0:: doing default alloc, proxy 0
0:00:21.327170000  3044   035AF628 DEBUG        basetransform .:0:: using allocated buffer
0:00:21.327170000  3044   035AF628 DEBUG        basetransform .:0:: doing non-inplace transform
0:00:21.327170000  3044   035AF628 DEBUG        basetransform .:0:: handling buffer 035BCE20 of size 152064 and offset NONE
0:00:21.327170000  3044   035AF628 DEBUG        basetransform .:0:: handling buffer 035BC530 of size 152064 and offset NONE
0:00:21.327170000  3044   035AF628 DEBUG        basetransform .:0:: doing passthrough alloc
0:00:21.327170000  3044   035AF628 DEBUG        basetransform .:0:: doing alloc with caps 0354EAA0
0:00:21.327170000  3044   035AF628 DEBUG        basetransform .:0:: have old caps
0:00:21.327170000  3044   035AF628 DEBUG        basetransform .:0:: doing default alloc, proxy 1
0:00:21.327170000  3044   035AF628 DEBUG        basetransform .:0:: proxy buffer-alloc with caps 0354EAA0, size 152064
0:00:21.327170000  3044   035AF628 DEBUG        basetransform .:0:: have old caps
0:00:21.327170000  3044   035AF628 DEBUG        basetransform .:0:: doing default alloc, proxy 0
0:00:21.327170000  3044   035AF628 DEBUG        basetransform .:0:: got caps 0354EAA0
0:00:21.327170000  3044   035AF628 DEBUG        basetransform .:0:: received required caps from peer
0:00:21.327170000  3044   035AF628 DEBUG        basetransform .:0:: passthrough but different buffers
0:00:21.327170000  3044   035AF658 DEBUG        basetransform .:0:: have old caps
0:00:21.327170000  3044   035AF628 DEBUG        basetransform .:0:: discard buffer, reuse input buffer
0:00:21.327170000  3044   035AF658 DEBUG        basetransform .:0:: doing default alloc, proxy 1
0:00:21.327170000  3044   035AF628 DEBUG        basetransform .:0:: element is in passthrough
0:00:21.327170000  3044   035AF658 DEBUG        basetransform .:0:: proxy buffer-alloc with caps 0354E7C0, size 152064
0:00:21.327170000  3044   035AF628 DEBUG        basetransform .:0:: handling buffer 035BC530 of size 152064 and offset NONE
0:00:21.327170000  3044   035AF658 DEBUG        basetransform .:0:: have old caps
0:00:21.327170000  3044   035AF628 DEBUG        basetransform .:0:: getting output size for copy transform
0:00:21.327170000  3044   035AF658 DEBUG        basetransform .:0:: doing default alloc, proxy 1
0:00:21.327170000  3044   035AF628 DEBUG        basetransform .:0:: asked to transform size 152064 for caps 0354EAA0 to size for caps 0354EB20 in direction SINK
0:00:21.327170000  3044   035AF658 DEBUG        basetransform .:0:: proxy buffer-alloc with caps 0354E7C0, size 152064
0:00:21.327170000  3044   035AF628 DEBUG        basetransform .:0:: returned 152064 from first cache
0:00:21.327170000  3044   035AF658 DEBUG        basetransform .:0:: have old caps
0:00:21.327170000  3044   035AF628 DEBUG        basetransform .:0:: input size 152064, input unit size 152064
0:00:21.327170000  3044   035AF658 DEBUG        basetransform .:0:: doing default alloc, proxy 0
0:00:21.327170000  3044   035AF628 DEBUG        basetransform .:0:: returned 152064 from second cached
0:00:21.327170000  3044   035AF658 DEBUG        basetransform .:0:: got caps 0354E7C0
0:00:21.327170000  3044   035AF628 DEBUG        basetransform .:0:: transformed size to 152064
0:00:21.327170000  3044   035AF658 DEBUG        basetransform .:0:: received required caps from peer
0:00:21.327170000  3044   035AF628 DEBUG        basetransform .:0:: doing alloc with caps 0354EB20
0:00:21.327170000  3044   035AF658 DEBUG        basetransform .:0:: got caps 0354E7C0
0:00:21.327170000  3044   035AF628 DEBUG        basetransform .:0:: have old caps
0:00:21.327170000  3044   035AF658 DEBUG        basetransform .:0:: received required caps from peer
0:00:21.327170000  3044   035AF628 DEBUG        basetransform .:0:: doing default alloc, proxy 0
0:00:21.327170000  3044   035AF628 DEBUG        basetransform .:0:: using allocated buffer
0:00:21.327170000  3044   035AF628 DEBUG        basetransform .:0:: doing non-inplace transform
0:00:21.327170000  3044   035AF628 DEBUG        basetransform .:0:: handling buffer 035BCD18 of size 152064 and offset NONE
0:00:21.327170000  3044   035AF628 DEBUG        basetransform .:0:: handling buffer 035BC7F0 of size 152064 and offset NONE
0:00:21.327170000  3044   035AF628 DEBUG        basetransform .:0:: doing passthrough alloc
0:00:21.327170000  3044   035AF628 DEBUG        basetransform .:0:: doing alloc with caps 0354EAA0
0:00:21.327170000  3044   035AF628 DEBUG        basetransform .:0:: have old caps
0:00:21.327170000  3044   035AF628 DEBUG        basetransform .:0:: doing default alloc, proxy 1
0:00:21.327170000  3044   035AF628 DEBUG        basetransform .:0:: proxy buffer-alloc with caps 0354EAA0, size 152064
0:00:21.327170000  3044   035AF628 DEBUG        basetransform .:0:: have old caps
0:00:21.327170000  3044   035AF628 DEBUG        basetransform .:0:: doing default alloc, proxy 0
0:00:21.327170000  3044   035AF628 DEBUG        basetransform .:0:: got caps 0354EAA0
0:00:21.327170000  3044   035AF628 DEBUG        basetransform .:0:: received required caps from peer
0:00:21.327170000  3044   035AF628 DEBUG        basetransform .:0:: passthrough but different buffers
0:00:21.327170000  3044   035AF628 DEBUG        basetransform .:0:: discard buffer, reuse input buffer
0:00:21.327170000  3044   035AF628 DEBUG        basetransform .:0:: element is in passthrough
0:00:21.327170000  3044   035AF628 DEBUG        basetransform .:0:: handling buffer 035BC7F0 of size 152064 and offset NONE
0:00:21.327170000  3044   035AF628 DEBUG        basetransform .:0:: getting output size for copy transform
0:00:21.327170000  3044   035AF628 DEBUG        basetransform .:0:: asked to transform size 152064 for caps 0354EAA0 to size for caps 0354EB20 in direction SINK
0:00:21.327170000  3044   035AF628 DEBUG        basetransform .:0:: returned 152064 from first cache
0:00:21.327170000  3044   035AF628 DEBUG        basetransform .:0:: input size 152064, input unit size 152064
0:00:21.327170000  3044   035AF628 DEBUG        basetransform .:0:: returned 152064 from second cached
0:00:21.327170000  3044   035AF628 DEBUG        basetransform .:0:: transformed size to 152064
0:00:21.327170000  3044   035AF628 DEBUG        basetransform .:0:: doing alloc with caps 0354EB20
0:00:21.327170000  3044   035AF628 DEBUG        basetransform .:0:: have old caps
0:00:21.327170000  3044   035AF628 DEBUG        basetransform .:0:: doing default alloc, proxy 0
0:00:21.327170000  3044   035AF628 DEBUG        basetransform .:0:: using allocated buffer
0:00:21.327170000  3044   035AF628 DEBUG        basetransform .:0:: doing non-inplace transform
0:00:21.327170000  3044   035AF658 DEBUG        basetransform .:0:: have old caps
0:00:21.327170000  3044   035AF658 DEBUG        basetransform .:0:: doing default alloc, proxy 1
0:00:21.327170000  3044   035AF628 DEBUG        basetransform .:0:: handling buffer 0358F4E0 of size 152064 and offset NONE
0:00:21.327170000  3044   035AF658 DEBUG        basetransform .:0:: proxy buffer-alloc with caps 0354E7C0, size 152064
0:00:21.327170000  3044   035AF628 DEBUG        basetransform .:0:: handling buffer 035BCCC0 of size 152064 and offset NONE
0:00:21.327170000  3044   035AF658 DEBUG        basetransform .:0:: have old caps
0:00:21.327170000  3044   035AF628 DEBUG        basetransform .:0:: doing passthrough alloc
0:00:21.327170000  3044   035AF658 DEBUG        basetransform .:0:: doing default alloc, proxy 1
0:00:21.327170000  3044   035AF628 DEBUG        basetransform .:0:: doing alloc with caps 0354EAA0
0:00:21.327170000  3044   035AF658 DEBUG        basetransform .:0:: proxy buffer-alloc with caps 0354E7C0, size 152064
0:00:21.327170000  3044   035AF628 DEBUG        basetransform .:0:: have old caps
0:00:21.327170000  3044   035AF658 DEBUG        basetransform .:0:: have old caps
0:00:21.327170000  3044   035AF628 DEBUG        basetransform .:0:: doing default alloc, proxy 1
0:00:21.327170000  3044   035AF658 DEBUG        basetransform .:0:: doing default alloc, proxy 0
0:00:21.327170000  3044   035AF628 DEBUG        basetransform .:0:: proxy buffer-alloc with caps 0354EAA0, size 152064
0:00:21.327170000  3044   035AF658 DEBUG        basetransform .:0:: got caps 0354E7C0
0:00:21.327170000  3044   035AF628 DEBUG        basetransform .:0:: have old caps
0:00:21.327170000  3044   035AF658 DEBUG        basetransform .:0:: received required caps from peer
0:00:21.327170000  3044   035AF628 DEBUG        basetransform .:0:: doing default alloc, proxy 0
0:00:21.327170000  3044   035AF658 DEBUG        basetransform .:0:: got caps 0354E7C0
0:00:21.327170000  3044   035AF628 DEBUG        basetransform .:0:: got caps 0354EAA0
0:00:21.327170000  3044   035AF658 DEBUG        basetransform .:0:: received required caps from peer
0:00:21.327170000  3044   035AF628 DEBUG        basetransform .:0:: received required caps from peer
0:00:21.327170000  3044   035AF628 DEBUG        basetransform .:0:: passthrough but different buffers
0:00:21.342794000  3044   035AF628 DEBUG        basetransform .:0:: discard buffer, reuse input buffer
0:00:21.342794000  3044   035AF628 DEBUG        basetransform .:0:: element is in passthrough
0:00:21.342794000  3044   035AF628 DEBUG        basetransform .:0:: handling buffer 035BCCC0 of size 152064 and offset NONE
0:00:21.342794000  3044   035AF628 DEBUG        basetransform .:0:: getting output size for copy transform
0:00:21.342794000  3044   035AF628 DEBUG        basetransform .:0:: asked to transform size 152064 for caps 0354EAA0 to size for caps 0354EB20 in direction SINK
0:00:21.342794000  3044   035AF628 DEBUG        basetransform .:0:: returned 152064 from first cache
0:00:21.342794000  3044   035AF628 DEBUG        basetransform .:0:: input size 152064, input unit size 152064
0:00:21.342794000  3044   035AF628 DEBUG        basetransform .:0:: returned 152064 from second cached
0:00:21.342794000  3044   035AF628 DEBUG        basetransform .:0:: transformed size to 152064
0:00:21.342794000  3044   035AF628 DEBUG        basetransform .:0:: doing alloc with caps 0354EB20
0:00:21.342794000  3044   035AF628 DEBUG        basetransform .:0:: have old caps
0:00:21.342794000  3044   035AF628 DEBUG        basetransform .:0:: doing default alloc, proxy 0
0:00:21.342794000  3044   035AF628 DEBUG        basetransform .:0:: using allocated buffer
0:00:21.342794000  3044   035AF628 DEBUG        basetransform .:0:: doing non-inplace transform
0:00:21.342794000  3044   035AF628 DEBUG        basetransform .:0:: handling buffer 035BCDC8 of size 152064 and offset NONE
0:00:21.342794000  3044   035AF628 DEBUG        basetransform .:0:: getting output size for copy transform
0:00:21.342794000  3044   035AF628 DEBUG        basetransform .:0:: asked to transform size 152064 for caps 0354EB20 to size for caps 0354EC80 in direction SINK
0:00:21.342794000  3044   035AF628 DEBUG        basetransform .:0:: returned 152064 from first cache
0:00:21.342794000  3044   035AF628 DEBUG        basetransform .:0:: input size 152064, input unit size 152064
0:00:21.342794000  3044   035AF628 DEBUG        basetransform .:0:: returned 405504 from second cached
0:00:21.342794000  3044   035AF628 DEBUG        basetransform .:0:: transformed size to 405504
0:00:21.342794000  3044   035AF628 DEBUG        basetransform .:0:: doing alloc with caps 0354EC80
0:00:21.342794000  3044   035AF628 DEBUG        basetransform .:0:: using allocated buffer
0:00:21.342794000  3044   035AF628 DEBUG        basetransform .:0:: doing non-inplace transform
0:00:21.342794000  3044   035AF658 DEBUG        basetransform .:0:: have old caps
0:00:21.342794000  3044   035AF658 DEBUG        basetransform .:0:: doing default alloc, proxy 1
0:00:21.342794000  3044   035AF658 DEBUG        basetransform .:0:: proxy buffer-alloc with caps 0354E7C0, size 152064
0:00:21.342794000  3044   035AF658 DEBUG        basetransform .:0:: have old caps
0:00:21.342794000  3044   035AF658 DEBUG        basetransform .:0:: doing default alloc, proxy 1
0:00:21.342794000  3044   035AF658 DEBUG        basetransform .:0:: proxy buffer-alloc with caps 0354E7C0, size 152064
0:00:21.342794000  3044   035AF658 DEBUG        basetransform .:0:: have old caps
0:00:21.342794000  3044   035AF658 DEBUG        basetransform .:0:: doing default alloc, proxy 0
0:00:21.342794000  3044   035AF658 DEBUG        basetransform .:0:: got caps 0354E7C0
0:00:21.342794000  3044   035AF658 DEBUG        basetransform .:0:: received required caps from peer
0:00:21.342794000  3044   035AF658 DEBUG        basetransform .:0:: got caps 0354E7C0
0:00:21.342794000  3044   035AF658 DEBUG        basetransform .:0:: received required caps from peer
0:00:21.342794000  3044   035AF628 DEBUG        basetransform .:0:: handling buffer 035BC428 of size 152064 and offset NONE
0:00:21.342794000  3044   035AF628 DEBUG        basetransform .:0:: doing passthrough alloc
0:00:21.342794000  3044   035AF628 DEBUG        basetransform .:0:: doing alloc with caps 0354EAA0
0:00:21.342794000  3044   035AF628 DEBUG        basetransform .:0:: have old caps
0:00:21.342794000  3044   035AF628 DEBUG        basetransform .:0:: doing default alloc, proxy 1
0:00:21.342794000  3044   035AF628 DEBUG        basetransform .:0:: proxy buffer-alloc with caps 0354EAA0, size 152064
0:00:21.342794000  3044   035AF628 DEBUG        basetransform .:0:: have old caps
0:00:21.342794000  3044   035AF628 DEBUG        basetransform .:0:: doing default alloc, proxy 0
0:00:21.342794000  3044   035AF628 DEBUG        basetransform .:0:: got caps 0354EAA0
0:00:21.342794000  3044   035AF628 DEBUG        basetransform .:0:: received required caps from peer
0:00:21.342794000  3044   035AF628 DEBUG        basetransform .:0:: passthrough but different buffers
0:00:21.342794000  3044   035AF628 DEBUG        basetransform .:0:: discard buffer, reuse input buffer
0:00:21.342794000  3044   035AF628 DEBUG        basetransform .:0:: element is in passthrough
0:00:21.342794000  3044   035AF628 DEBUG        basetransform .:0:: handling buffer 035BC428 of size 152064 and offset NONE
0:00:21.342794000  3044   035AF658 DEBUG        basetransform .:0:: have old caps
0:00:21.342794000  3044   035AF628 DEBUG        basetransform .:0:: getting output size for copy transform
0:00:21.342794000  3044   035AF658 DEBUG        basetransform .:0:: doing default alloc, proxy 1
0:00:21.342794000  3044   035AF628 DEBUG        basetransform .:0:: asked to transform size 152064 for caps 0354EAA0 to size for caps 0354EB20 in direction SINK
0:00:21.342794000  3044   035AF658 DEBUG        basetransform .:0:: proxy buffer-alloc with caps 0354E7C0, size 152064
0:00:21.342794000  3044   035AF628 DEBUG        basetransform .:0:: returned 152064 from first cache
0:00:21.342794000  3044   035AF658 DEBUG        basetransform .:0:: have old caps
0:00:21.342794000  3044   035AF628 DEBUG        basetransform .:0:: input size 152064, input unit size 152064
0:00:21.342794000  3044   035AF658 DEBUG        basetransform .:0:: doing default alloc, proxy 1
0:00:21.342794000  3044   035AF628 DEBUG        basetransform .:0:: returned 152064 from second cached
0:00:21.342794000  3044   035AF658 DEBUG        basetransform .:0:: proxy buffer-alloc with caps 0354E7C0, size 152064
0:00:21.342794000  3044   035AF628 DEBUG        basetransform .:0:: transformed size to 152064
0:00:21.342794000  3044   035AF658 DEBUG        basetransform .:0:: have old caps
0:00:21.342794000  3044   035AF628 DEBUG        basetransform .:0:: doing alloc with caps 0354EB20
0:00:21.342794000  3044   035AF658 DEBUG        basetransform .:0:: doing default alloc, proxy 0
0:00:21.342794000  3044   035AF628 DEBUG        basetransform .:0:: have old caps
0:00:21.342794000  3044   035AF658 DEBUG        basetransform .:0:: got caps 0354E7C0
0:00:21.342794000  3044   035AF628 DEBUG        basetransform .:0:: doing default alloc, proxy 0
0:00:21.342794000  3044   035AF658 DEBUG        basetransform .:0:: received required caps from peer
0:00:21.342794000  3044   035AF628 DEBUG        basetransform .:0:: using allocated buffer
0:00:21.342794000  3044   035AF658 DEBUG        basetransform .:0:: got caps 0354E7C0
0:00:21.342794000  3044   035AF628 DEBUG        basetransform .:0:: doing non-inplace transform
0:00:21.342794000  3044   035AF658 DEBUG        basetransform .:0:: received required caps from peer
0:00:21.342794000  3044   035AF628 DEBUG        basetransform .:0:: handling buffer 035BC530 of size 152064 and offset NONE
0:00:21.342794000  3044   035AF628 DEBUG        basetransform .:0:: handling buffer 035BC848 of size 152064 and offset NONE
0:00:21.342794000  3044   035AF628 DEBUG        basetransform .:0:: doing passthrough alloc
0:00:21.342794000  3044   035AF628 DEBUG        basetransform .:0:: doing alloc with caps 0354EAA0
0:00:21.342794000  3044   035AF628 DEBUG        basetransform .:0:: have old caps
0:00:21.342794000  3044   035AF628 DEBUG        basetransform .:0:: doing default alloc, proxy 1
0:00:21.342794000  3044   035AF628 DEBUG        basetransform .:0:: proxy buffer-alloc with caps 0354EAA0, size 152064
0:00:21.342794000  3044   035AF628 DEBUG        basetransform .:0:: have old caps
0:00:21.342794000  3044   035AF628 DEBUG        basetransform .:0:: doing default alloc, proxy 0
0:00:21.342794000  3044   035AF628 DEBUG        basetransform .:0:: got caps 0354EAA0
0:00:21.342794000  3044   035AF628 DEBUG        basetransform .:0:: received required caps from peer
0:00:21.342794000  3044   035AF628 DEBUG        basetransform .:0:: passthrough but different buffers
0:00:21.342794000  3044   035AF628 DEBUG        basetransform .:0:: discard buffer, reuse input buffer
0:00:21.342794000  3044   035AF628 DEBUG        basetransform .:0:: element is in passthrough
0:00:21.342794000  3044   035AF628 DEBUG        basetransform .:0:: handling buffer 035BC848 of size 152064 and offset NONE
0:00:21.342794000  3044   035AF628 DEBUG        basetransform .:0:: getting output size for copy transform
0:00:21.342794000  3044   035AF628 DEBUG        basetransform .:0:: asked to transform size 152064 for caps 0354EAA0 to size for caps 0354EB20 in direction SINK
0:00:21.342794000  3044   035AF628 DEBUG        basetransform .:0:: returned 152064 from first cache
0:00:21.342794000  3044   035AF628 DEBUG        basetransform .:0:: input size 152064, input unit size 152064
0:00:21.342794000  3044   035AF628 DEBUG        basetransform .:0:: returned 152064 from second cached
0:00:21.342794000  3044   035AF628 DEBUG        basetransform .:0:: transformed size to 152064
0:00:21.342794000  3044   035AF628 DEBUG        basetransform .:0:: doing alloc with caps 0354EB20
0:00:21.342794000  3044   035AF658 DEBUG        basetransform .:0:: have old caps
0:00:21.342794000  3044   035AF628 DEBUG        basetransform .:0:: have old caps
0:00:21.342794000  3044   035AF658 DEBUG        basetransform .:0:: doing default alloc, proxy 1
0:00:21.342794000  3044   035AF628 DEBUG        basetransform .:0:: doing default alloc, proxy 0
0:00:21.342794000  3044   035AF658 DEBUG        basetransform .:0:: proxy buffer-alloc with caps 0354E7C0, size 152064
0:00:21.342794000  3044   035AF628 DEBUG        basetransform .:0:: using allocated buffer
0:00:21.342794000  3044   035AF658 DEBUG        basetransform .:0:: have old caps
0:00:21.342794000  3044   035AF628 DEBUG        basetransform .:0:: doing non-inplace transform
0:00:21.342794000  3044   035AF658 DEBUG        basetransform .:0:: doing default alloc, proxy 1
0:00:21.342794000  3044   035AF658 DEBUG        basetransform .:0:: proxy buffer-alloc with caps 0354E7C0, size 152064
0:00:21.342794000  3044   035AF658 DEBUG        basetransform .:0:: have old caps
0:00:21.342794000  3044   035AF628 DEBUG        basetransform .:0:: handling buffer 035BCD18 of size 152064 and offset NONE
