0:00:00.443794139 [331m38256[00m 0x7fc4ec0026d0 [37mDEBUG  [00m [00m                 omx gstomx.c:1386:gst_omx_port_acquire_buffer:<omxmp3dec-omxmp3dec0>[00m Acquired buffer 0x7fc4ec001e40 (0x7fc4e81079a0) from mad port 1: 0
0:00:00.443799890 [331m38256[00m 0x7fc4ec0026d0 [37mDEBUG  [00m [00m                 omx gstomx.c:1599:gst_omx_port_is_flushing:<omxmp3dec-omxmp3dec0>[00m mad port 1 is flushing: 0
0:00:00.443804098 [331m38256[00m 0x7fc4ec0026d0 [37mDEBUG  [00m [00m         omxaudiodec gstomxaudiodec.c:496:gst_omx_audio_dec_loop:<omxmp3dec-omxmp3dec0>[00m Handling buffer: 0x00000000 5067754
0:00:00.443809680 [331m38256[00m      0x158b770 [37mDEBUG  [00m [00m         omxaudiodec gstomxaudiodec.c:982:gst_omx_audio_dec_flush:<omxmp3dec-omxmp3dec0>[00m Flushing decoder
0:00:00.443823339 [331m38256[00m      0x158b770 [37mDEBUG  [00m [00m                 omx gstomx.c:859:gst_omx_component_get_state:<omxmp3dec-omxmp3dec0>[00m Getting state of mad
0:00:00.443829263 [331m38256[00m      0x158b770 [37mDEBUG  [00m [00m                 omx gstomx.c:909:gst_omx_component_get_state:<omxmp3dec-omxmp3dec0>[00m mad returning state Executing
0:00:00.443833567 [331m38256[00m      0x158b770 [37mDEBUG  [00m [00m                 omx gstomx.c:859:gst_omx_component_get_state:<omxmp3dec-omxmp3dec0>[00m Getting state of mad
0:00:00.443836886 [331m38256[00m      0x158b770 [37mDEBUG  [00m [00m                 omx gstomx.c:909:gst_omx_component_get_state:<omxmp3dec-omxmp3dec0>[00m mad returning state Executing
0:00:00.443840605 [331m38256[00m      0x158b770 [36mINFO   [00m [00m                 omx gstomx.c:802:gst_omx_component_set_state:<omxmp3dec-omxmp3dec0>[00m Setting mad state from Executing to Pause
0:00:00.443869270 [331m38256[00m      0x158b770 [37mDEBUG  [00m [00m                 omx gstomx.c:859:gst_omx_component_get_state:<omxmp3dec-omxmp3dec0>[00m Getting state of mad
0:00:00.443876233 [331m38256[00m      0x158b770 [37mDEBUG  [00m [00m                 omx gstomx.c:432:gst_omx_component_wait_message:<omxmp3dec-omxmp3dec0>[00m mad waiting for signal
0:00:00.443920744 [331m38256[00m 0x7fc4e8001980 [33;01mLOG    [00m [00m                 omx gstomx.c:653:FillBufferDone:<omxmp3dec-omxmp3dec0>[00m mad port 1 filled buffer 0x7fc4e8001d40 (0x7fc4e810f9b0)
0:00:00.443945005 [331m38256[00m      0x158b770 [33;01mLOG    [00m [00m                 omx gstomx.c:377:gst_omx_component_handle_messages:<omxmp3dec-omxmp3dec0>[00m mad port 1 filled buffer 0x7fc4e8001d40 (0x7fc4e810f9b0)
0:00:00.443950958 [331m38256[00m      0x158b770 [37mDEBUG  [00m [00m                 omx gstomx.c:432:gst_omx_component_wait_message:<omxmp3dec-omxmp3dec0>[00m mad waiting for signal
0:00:00.443950988 [331m38256[00m 0x7fc4ec001870 [37mDEBUG  [00m [00m                 omx gstomx.c:467:EventHandler:<omxmp3dec-omxmp3dec0>[00m mad SetState command complete (0)
0:00:00.443965893 [331m38256[00m 0x7fc4ec001870 [37mDEBUG  [00m [00m                 omx gstomx.c:478:EventHandler:<omxmp3dec-omxmp3dec0>[00m mad state change to Pause finished
0:00:00.444021350 [331m38256[00m      0x158b770 [36mINFO   [00m [00m                 omx gstomx.c:230:gst_omx_component_handle_messages:<omxmp3dec-omxmp3dec0>[00m mad state change to Pause finished
0:00:00.444029475 [331m38256[00m      0x158b770 [37mDEBUG  [00m [00m                 omx gstomx.c:909:gst_omx_component_get_state:<omxmp3dec-omxmp3dec0>[00m mad returning state Pause
0:00:00.444033160 [331m38256[00m      0x158b770 [37mDEBUG  [00m [00m         omxaudiodec gstomxaudiodec.c:994:gst_omx_audio_dec_flush:<omxmp3dec-omxmp3dec0>[00m flushing ports
0:00:00.444036311 [331m38256[00m      0x158b770 [37mDEBUG  [00m [00m                 omx gstomx.c:1478:gst_omx_port_set_flushing:<omxmp3dec-omxmp3dec0>[00m Setting mad port 0 to flushing
0:00:00.444056785 [331m38256[00m      0x158b770 [37mDEBUG  [00m [00m                 omx gstomx.c:430:gst_omx_component_wait_message:<omxmp3dec-omxmp3dec0>[00m mad waiting for 5000000us
0:00:00.444149157 [331m38256[00m 0x7fc4e8001980 [33;01mLOG    [00m [00m                 omx gstomx.c:615:EmptyBufferDone:<omxmp3dec-omxmp3dec0>[00m mad port 0 emptied buffer 0x7fc4ec002060 (0x7fc4ec016ab0)
0:00:00.444163252 [331m38256[00m      0x158b770 [33;01mLOG    [00m [00m                 omx gstomx.c:361:gst_omx_component_handle_messages:<omxmp3dec-omxmp3dec0>[00m mad port 0 emptied buffer 0x7fc4ec002060 (0x7fc4ec016ab0)
0:00:00.444169140 [331m38256[00m      0x158b770 [37mDEBUG  [00m [00m                 omx gstomx.c:430:gst_omx_component_wait_message:<omxmp3dec-omxmp3dec0>[00m mad waiting for 5000000us
0:00:00.444220530 [331m38256[00m 0x7fc4ec001870 [33;01mLOG    [00m [00m                 omx gstomx.c:615:EmptyBufferDone:<omxmp3dec-omxmp3dec0>[00m mad port 0 emptied buffer 0x7fc4ec002000 (0x7fc4ec015aa0)
0:00:00.444244741 [331m38256[00m 0x7fc4ec001870 [37mDEBUG  [00m [00m                 omx gstomx.c:467:EventHandler:<omxmp3dec-omxmp3dec0>[00m mad Flush command complete (1)
0:00:00.444251359 [331m38256[00m 0x7fc4ec001870 [37mDEBUG  [00m [00m                 omx gstomx.c:489:EventHandler:<omxmp3dec-omxmp3dec0>[00m mad port 0 flushed
0:00:00.444313363 [331m38256[00m      0x158b770 [33;01mLOG    [00m [00m                 omx gstomx.c:361:gst_omx_component_handle_messages:<omxmp3dec-omxmp3dec0>[00m mad port 0 emptied buffer 0x7fc4ec002000 (0x7fc4ec015aa0)
0:00:00.444328927 [331m38256[00m      0x158b770 [37mDEBUG  [00m [00m                 omx gstomx.c:245:gst_omx_component_handle_messages:<omxmp3dec-omxmp3dec0>[00m mad port 0 flushed
0:00:00.444338502 [331m38256[00m      0x158b770 [37mDEBUG  [00m [00m                 omx gstomx.c:1552:gst_omx_port_set_flushing:<omxmp3dec-omxmp3dec0>[00m mad port 0 flushed
0:00:00.444342810 [331m38256[00m      0x158b770 [37mDEBUG  [00m [00m                 omx gstomx.c:1022:gst_omx_component_get_parameter:<omxmp3dec-omxmp3dec0>[00m Getting mad parameter at index 0x02000001
0:00:00.444347937 [331m38256[00m      0x158b770 [37mDEBUG  [00m [00m                 omx gstomx.c:1025:gst_omx_component_get_parameter:<omxmp3dec-omxmp3dec0>[00m Got mad parameter at index 0x02000001: None (0x00000000)
0:00:00.444352427 [331m38256[00m      0x158b770 [37mDEBUG  [00m [00m                 omx gstomx.c:1222:gst_omx_port_update_port_definition:<omxmp3dec-omxmp3dec0>[00m Updated mad port 0 definition: None (0x00000000)
0:00:00.444356794 [331m38256[00m      0x158b770 [37mDEBUG  [00m [00m                 omx gstomx.c:1575:gst_omx_port_set_flushing:<omxmp3dec-omxmp3dec0>[00m Set mad port 0 to flushing: None (0x00000000)
0:00:00.444361291 [331m38256[00m      0x158b770 [37mDEBUG  [00m [00m                 omx gstomx.c:1478:gst_omx_port_set_flushing:<omxmp3dec-omxmp3dec0>[00m Setting mad port 1 to flushing
0:00:00.444384896 [331m38256[00m      0x158b770 [37mDEBUG  [00m [00m                 omx gstomx.c:430:gst_omx_component_wait_message:<omxmp3dec-omxmp3dec0>[00m mad waiting for 5000000us
0:00:00.444514078 [331m38256[00m 0x7fc4ec001870 [37mDEBUG  [00m [00m                 omx gstomx.c:467:EventHandler:<omxmp3dec-omxmp3dec0>[00m mad Flush command complete (1)
0:00:00.444522698 [331m38256[00m 0x7fc4ec001870 [37mDEBUG  [00m [00m                 omx gstomx.c:489:EventHandler:<omxmp3dec-omxmp3dec0>[00m mad port 1 flushed
0:00:00.444556557 [331m38256[00m      0x158b770 [37mDEBUG  [00m [00m                 omx gstomx.c:245:gst_omx_component_handle_messages:<omxmp3dec-omxmp3dec0>[00m mad port 1 flushed
0:00:00.444564435 [331m38256[00m      0x158b770 [37mDEBUG  [00m [00m                 omx gstomx.c:1552:gst_omx_port_set_flushing:<omxmp3dec-omxmp3dec0>[00m mad port 1 flushed
0:00:00.444568004 [331m38256[00m      0x158b770 [37mDEBUG  [00m [00m                 omx gstomx.c:1022:gst_omx_component_get_parameter:<omxmp3dec-omxmp3dec0>[00m Getting mad parameter at index 0x02000001
0:00:00.444571887 [331m38256[00m      0x158b770 [37mDEBUG  [00m [00m                 omx gstomx.c:1025:gst_omx_component_get_parameter:<omxmp3dec-omxmp3dec0>[00m Got mad parameter at index 0x02000001: None (0x00000000)
0:00:00.444575835 [331m38256[00m      0x158b770 [37mDEBUG  [00m [00m                 omx gstomx.c:1222:gst_omx_port_update_port_definition:<omxmp3dec-omxmp3dec0>[00m Updated mad port 1 definition: None (0x00000000)
0:00:00.444579600 [331m38256[00m      0x158b770 [37mDEBUG  [00m [00m                 omx gstomx.c:1575:gst_omx_port_set_flushing:<omxmp3dec-omxmp3dec0>[00m Set mad port 1 to flushing: None (0x00000000)
0:00:00.444633336 [331m38256[00m 0x7fc4ec0026d0 [37mDEBUG  [00m [00m         omxaudiodec gstomxaudiodec.c:506:gst_omx_audio_dec_loop:<omxmp3dec-omxmp3dec0>[00m Handling output data
0:00:00.444646542 [331m38256[00m 0x7fc4ec0026d0 [37mDEBUG  [00m [00m         omxaudiodec gstomxaudiodec.c:547:gst_omx_audio_dec_loop:<omxmp3dec-omxmp3dec0>[00m Read frame from component
0:00:00.444665985 [331m38256[00m 0x7fc4ec0026d0 [37mDEBUG  [00m [00m         omxaudiodec gstomxaudiodec.c:570:gst_omx_audio_dec_loop:<omxmp3dec-omxmp3dec0>[00m Finished frame: flushing
0:00:00.444672345 [331m38256[00m 0x7fc4ec0026d0 [37mDEBUG  [00m [00m                 omx gstomx.c:1408:gst_omx_port_release_buffer:<omxmp3dec-omxmp3dec0>[00m Releasing buffer 0x7fc4ec001e40 (0x7fc4e81079a0) to mad port 1
0:00:00.444677336 [331m38256[00m 0x7fc4ec0026d0 [37mDEBUG  [00m [00m                 omx gstomx.c:1435:gst_omx_port_release_buffer:<omxmp3dec-omxmp3dec0>[00m mad port 1 is flushing or disabled, not releasing buffer
0:00:00.444681851 [331m38256[00m 0x7fc4ec0026d0 [37mDEBUG  [00m [00m         omxaudiodec gstomxaudiodec.c:682:gst_omx_audio_dec_loop:<omxmp3dec-omxmp3dec0>[00m Flushing -- stopping task
0:00:00.444774488 [331m38256[00m      0x158b770 [37mDEBUG  [00m [00m         omxaudiodec gstomxaudiodec.c:1003:gst_omx_audio_dec_flush:<omxmp3dec-omxmp3dec0>[00m Flushing -- task stopped
0:00:00.444782548 [331m38256[00m      0x158b770 [36mINFO   [00m [00m                 omx gstomx.c:802:gst_omx_component_set_state:<omxmp3dec-omxmp3dec0>[00m Setting mad state from Pause to Executing
0:00:00.444804014 [331m38256[00m      0x158b770 [37mDEBUG  [00m [00m                 omx gstomx.c:859:gst_omx_component_get_state:<omxmp3dec-omxmp3dec0>[00m Getting state of mad
0:00:00.444810543 [331m38256[00m      0x158b770 [37mDEBUG  [00m [00m                 omx gstomx.c:432:gst_omx_component_wait_message:<omxmp3dec-omxmp3dec0>[00m mad waiting for signal
0:00:00.444861573 [331m38256[00m 0x7fc4ec001870 [37mDEBUG  [00m [00m                 omx gstomx.c:467:EventHandler:<omxmp3dec-omxmp3dec0>[00m mad SetState command complete (0)
0:00:00.444869721 [331m38256[00m 0x7fc4ec001870 [37mDEBUG  [00m [00m                 omx gstomx.c:478:EventHandler:<omxmp3dec-omxmp3dec0>[00m mad state change to Executing finished
0:00:00.444917283 [331m38256[00m      0x158b770 [36mINFO   [00m [00m                 omx gstomx.c:230:gst_omx_component_handle_messages:<omxmp3dec-omxmp3dec0>[00m mad state change to Executing finished
0:00:00.444925459 [331m38256[00m      0x158b770 [37mDEBUG  [00m [00m                 omx gstomx.c:909:gst_omx_component_get_state:<omxmp3dec-omxmp3dec0>[00m mad returning state Executing
0:00:00.444929152 [331m38256[00m      0x158b770 [37mDEBUG  [00m [00m                 omx gstomx.c:1478:gst_omx_port_set_flushing:<omxmp3dec-omxmp3dec0>[00m Setting mad port 0 to not flushing
0:00:00.444933010 [331m38256[00m      0x158b770 [37mDEBUG  [00m [00m                 omx gstomx.c:1022:gst_omx_component_get_parameter:<omxmp3dec-omxmp3dec0>[00m Getting mad parameter at index 0x02000001
0:00:00.444937315 [331m38256[00m      0x158b770 [37mDEBUG  [00m [00m                 omx gstomx.c:1025:gst_omx_component_get_parameter:<omxmp3dec-omxmp3dec0>[00m Got mad parameter at index 0x02000001: None (0x00000000)
0:00:00.444941490 [331m38256[00m      0x158b770 [37mDEBUG  [00m [00m                 omx gstomx.c:1222:gst_omx_port_update_port_definition:<omxmp3dec-omxmp3dec0>[00m Updated mad port 0 definition: None (0x00000000)
0:00:00.444945565 [331m38256[00m      0x158b770 [37mDEBUG  [00m [00m                 omx gstomx.c:1575:gst_omx_port_set_flushing:<omxmp3dec-omxmp3dec0>[00m Set mad port 0 to not flushing: None (0x00000000)
0:00:00.444950579 [331m38256[00m      0x158b770 [37mDEBUG  [00m [00m                 omx gstomx.c:1478:gst_omx_port_set_flushing:<omxmp3dec-omxmp3dec0>[00m Setting mad port 1 to not flushing
0:00:00.444954370 [331m38256[00m      0x158b770 [37mDEBUG  [00m [00m                 omx gstomx.c:1022:gst_omx_component_get_parameter:<omxmp3dec-omxmp3dec0>[00m Getting mad parameter at index 0x02000001
0:00:00.444958047 [331m38256[00m      0x158b770 [37mDEBUG  [00m [00m                 omx gstomx.c:1025:gst_omx_component_get_parameter:<omxmp3dec-omxmp3dec0>[00m Got mad parameter at index 0x02000001: None (0x00000000)
0:00:00.444961917 [331m38256[00m      0x158b770 [37mDEBUG  [00m [00m                 omx gstomx.c:1222:gst_omx_port_update_port_definition:<omxmp3dec-omxmp3dec0>[00m Updated mad port 1 definition: None (0x00000000)
0:00:00.444965712 [331m38256[00m      0x158b770 [37mDEBUG  [00m [00m                 omx gstomx.c:1575:gst_omx_port_set_flushing:<omxmp3dec-omxmp3dec0>[00m Set mad port 1 to not flushing: None (0x00000000)
0:00:00.444969991 [331m38256[00m      0x158b770 [37mDEBUG  [00m [00m                 omx gstomx.c:2037:gst_omx_port_populate_unlocked:<omxmp3dec-omxmp3dec0>[00m Populating mad port 1
0:00:00.444975623 [331m38256[00m      0x158b770 [37mDEBUG  [00m [00m                 omx gstomx.c:2075:gst_omx_port_populate_unlocked:<omxmp3dec-omxmp3dec0>[00m Passed buffer 0x7fc4e8001d40 (0x7fc4e810f9b0) to component mad
0:00:00.444984334 [331m38256[00m      0x158b770 [37mDEBUG  [00m [00m                 omx gstomx.c:2075:gst_omx_port_populate_unlocked:<omxmp3dec-omxmp3dec0>[00m Passed buffer 0x7fc4ec001e40 (0x7fc4e81079a0) to component mad
0:00:00.444988494 [331m38256[00m      0x158b770 [37mDEBUG  [00m [00m                 omx gstomx.c:1022:gst_omx_component_get_parameter:<omxmp3dec-omxmp3dec0>[00m Getting mad parameter at index 0x02000001
0:00:00.444992059 [331m38256[00m      0x158b770 [37mDEBUG  [00m [00m                 omx gstomx.c:1025:gst_omx_component_get_parameter:<omxmp3dec-omxmp3dec0>[00m Got mad parameter at index 0x02000001: None (0x00000000)
0:00:00.444996365 [331m38256[00m      0x158b770 [37mDEBUG  [00m [00m                 omx gstomx.c:1222:gst_omx_port_update_port_definition:<omxmp3dec-omxmp3dec0>[00m Updated mad port 1 definition: None (0x00000000)
0:00:00.445000740 [331m38256[00m      0x158b770 [37mDEBUG  [00m [00m                 omx gstomx.c:2083:gst_omx_port_populate_unlocked:<omxmp3dec-omxmp3dec0>[00m Populated mad port 1: None (0x00000000)
0:00:00.445005098 [331m38256[00m      0x158b770 [37mDEBUG  [00m [00m         omxaudiodec gstomxaudiodec.c:1027:gst_omx_audio_dec_flush:<omxmp3dec-omxmp3dec0>[00m Flush finished
0:00:00.445167175 [331m38256[00m      0x158b630 [37mDEBUG  [00m [00m         omxaudiodec gstomxaudiodec.c:982:gst_omx_audio_dec_flush:<omxmp3dec-omxmp3dec0>[00m Flushing decoder
0:00:00.445174698 [331m38256[00m      0x158b630 [37mDEBUG  [00m [00m                 omx gstomx.c:859:gst_omx_component_get_state:<omxmp3dec-omxmp3dec0>[00m Getting state of mad
0:00:00.445178901 [331m38256[00m      0x158b630 [37mDEBUG  [00m [00m                 omx gstomx.c:909:gst_omx_component_get_state:<omxmp3dec-omxmp3dec0>[00m mad returning state Executing
0:00:00.445182725 [331m38256[00m      0x158b630 [37mDEBUG  [00m [00m                 omx gstomx.c:859:gst_omx_component_get_state:<omxmp3dec-omxmp3dec0>[00m Getting state of mad
0:00:00.445185826 [331m38256[00m      0x158b630 [37mDEBUG  [00m [00m                 omx gstomx.c:909:gst_omx_component_get_state:<omxmp3dec-omxmp3dec0>[00m mad returning state Executing
0:00:00.445189239 [331m38256[00m      0x158b630 [36mINFO   [00m [00m                 omx gstomx.c:802:gst_omx_component_set_state:<omxmp3dec-omxmp3dec0>[00m Setting mad state from Executing to Pause
0:00:00.445195682 [331m38256[00m      0x158b630 [37mDEBUG  [00m [00m                 omx gstomx.c:859:gst_omx_component_get_state:<omxmp3dec-omxmp3dec0>[00m Getting state of mad
0:00:00.445211646 [331m38256[00m      0x158b630 [37mDEBUG  [00m [00m                 omx gstomx.c:432:gst_omx_component_wait_message:<omxmp3dec-omxmp3dec0>[00m mad waiting for signal
0:00:00.445219079 [331m38256[00m 0x7fc4ec001870 [37mDEBUG  [00m [00m                 omx gstomx.c:467:EventHandler:<omxmp3dec-omxmp3dec0>[00m mad SetState command complete (0)
0:00:00.445223509 [331m38256[00m 0x7fc4ec001870 [37mDEBUG  [00m [00m                 omx gstomx.c:478:EventHandler:<omxmp3dec-omxmp3dec0>[00m mad state change to Pause finished
0:00:00.445229231 [331m38256[00m      0x158b630 [36mINFO   [00m [00m                 omx gstomx.c:230:gst_omx_component_handle_messages:<omxmp3dec-omxmp3dec0>[00m mad state change to Pause finished
0:00:00.445233079 [331m38256[00m      0x158b630 [37mDEBUG  [00m [00m                 omx gstomx.c:909:gst_omx_component_get_state:<omxmp3dec-omxmp3dec0>[00m mad returning state Pause
0:00:00.445236411 [331m38256[00m      0x158b630 [37mDEBUG  [00m [00m         omxaudiodec gstomxaudiodec.c:994:gst_omx_audio_dec_flush:<omxmp3dec-omxmp3dec0>[00m flushing ports
0:00:00.445239341 [331m38256[00m      0x158b630 [37mDEBUG  [00m [00m                 omx gstomx.c:1478:gst_omx_port_set_flushing:<omxmp3dec-omxmp3dec0>[00m Setting mad port 0 to flushing
0:00:00.445244228 [331m38256[00m      0x158b630 [37mDEBUG  [00m [00m                 omx gstomx.c:1552:gst_omx_port_set_flushing:<omxmp3dec-omxmp3dec0>[00m mad port 0 flushed
0:00:00.445251369 [331m38256[00m      0x158b630 [37mDEBUG  [00m [00m                 omx gstomx.c:1022:gst_omx_component_get_parameter:<omxmp3dec-omxmp3dec0>[00m Getting mad parameter at index 0x02000001
0:00:00.445255563 [331m38256[00m      0x158b630 [37mDEBUG  [00m [00m                 omx gstomx.c:1025:gst_omx_component_get_parameter:<omxmp3dec-omxmp3dec0>[00m Got mad parameter at index 0x02000001: None (0x00000000)
0:00:00.445259529 [331m38256[00m      0x158b630 [37mDEBUG  [00m [00m                 omx gstomx.c:1222:gst_omx_port_update_port_definition:<omxmp3dec-omxmp3dec0>[00m Updated mad port 0 definition: None (0x00000000)
0:00:00.445263431 [331m38256[00m      0x158b630 [37mDEBUG  [00m [00m                 omx gstomx.c:1575:gst_omx_port_set_flushing:<omxmp3dec-omxmp3dec0>[00m Set mad port 0 to flushing: None (0x00000000)
0:00:00.445267441 [331m38256[00m      0x158b630 [37mDEBUG  [00m [00m                 omx gstomx.c:1478:gst_omx_port_set_flushing:<omxmp3dec-omxmp3dec0>[00m Setting mad port 1 to flushing
0:00:00.445271385 [331m38256[00m      0x158b630 [37mDEBUG  [00m [00m                 omx gstomx.c:430:gst_omx_component_wait_message:<omxmp3dec-omxmp3dec0>[00m mad waiting for 5000000us
0:00:00.445385672 [331m38256[00m 0x7fc4ec001870 [37mDEBUG  [00m [00m                 omx gstomx.c:467:EventHandler:<omxmp3dec-omxmp3dec0>[00m mad Flush command complete (1)
0:00:00.445411411 [331m38256[00m 0x7fc4ec001870 [37mDEBUG  [00m [00m                 omx gstomx.c:489:EventHandler:<omxmp3dec-omxmp3dec0>[00m mad port 0 flushed
0:00:00.445422067 [331m38256[00m      0x158b630 [37mDEBUG  [00m [00m                 omx gstomx.c:245:gst_omx_component_handle_messages:<omxmp3dec-omxmp3dec0>[00m mad port 0 flushed
0:00:00.445426459 [331m38256[00m      0x158b630 [37mDEBUG  [00m [00m                 omx gstomx.c:430:gst_omx_component_wait_message:<omxmp3dec-omxmp3dec0>[00m mad waiting for 5000000us
0:00:00.445434170 [331m38256[00m 0x7fc4e8001980 [33;01mLOG    [00m [00m                 omx gstomx.c:653:FillBufferDone:<omxmp3dec-omxmp3dec0>[00m mad port 1 filled buffer 0x7fc4e8001d40 (0x7fc4e810f9b0)
0:00:00.445491376 [331m38256[00m      0x158b630 [33;01mLOG    [00m [00m                 omx gstomx.c:377:gst_omx_component_handle_messages:<omxmp3dec-omxmp3dec0>[00m mad port 1 filled buffer 0x7fc4e8001d40 (0x7fc4e810f9b0)
0:00:00.445500758 [331m38256[00m      0x158b630 [37mDEBUG  [00m [00m                 omx gstomx.c:430:gst_omx_component_wait_message:<omxmp3dec-omxmp3dec0>[00m mad waiting for 5000000us
0:00:00.445507967 [331m38256[00m 0x7fc4ec001870 [33;01mLOG    [00m [00m                 omx gstomx.c:653:FillBufferDone:<omxmp3dec-omxmp3dec0>[00m mad port 1 filled buffer 0x7fc4ec001e40 (0x7fc4e81079a0)
0:00:00.445527878 [331m38256[00m 0x7fc4ec001870 [37mDEBUG  [00m [00m                 omx gstomx.c:467:EventHandler:<omxmp3dec-omxmp3dec0>[00m mad Flush command complete (1)
0:00:00.445534597 [331m38256[00m 0x7fc4ec001870 [37mDEBUG  [00m [00m                 omx gstomx.c:489:EventHandler:<omxmp3dec-omxmp3dec0>[00m mad port 1 flushed
0:00:00.445540929 [331m38256[00m      0x158b630 [33;01mLOG    [00m [00m                 omx gstomx.c:377:gst_omx_component_handle_messages:<omxmp3dec-omxmp3dec0>[00m mad port 1 filled buffer 0x7fc4ec001e40 (0x7fc4e81079a0)
0:00:00.445545435 [331m38256[00m      0x158b630 [37mDEBUG  [00m [00m                 omx gstomx.c:245:gst_omx_component_handle_messages:<omxmp3dec-omxmp3dec0>[00m mad port 1 flushed
0:00:00.445548796 [331m38256[00m      0x158b630 [37mDEBUG  [00m [00m                 omx gstomx.c:1552:gst_omx_port_set_flushing:<omxmp3dec-omxmp3dec0>[00m mad port 1 flushed
0:00:00.445552091 [331m38256[00m      0x158b630 [37mDEBUG  [00m [00m                 omx gstomx.c:1022:gst_omx_component_get_parameter:<omxmp3dec-omxmp3dec0>[00m Getting mad parameter at index 0x02000001
0:00:00.445560056 [331m38256[00m      0x158b630 [37mDEBUG  [00m [00m                 omx gstomx.c:1025:gst_omx_component_get_parameter:<omxmp3dec-omxmp3dec0>[00m Got mad parameter at index 0x02000001: None (0x00000000)
0:00:00.445564292 [331m38256[00m      0x158b630 [37mDEBUG  [00m [00m                 omx gstomx.c:1222:gst_omx_port_update_port_definition:<omxmp3dec-omxmp3dec0>[00m Updated mad port 1 definition: None (0x00000000)
0:00:00.445568189 [331m38256[00m      0x158b630 [37mDEBUG  [00m [00m                 omx gstomx.c:1575:gst_omx_port_set_flushing:<omxmp3dec-omxmp3dec0>[00m Set mad port 1 to flushing: None (0x00000000)
0:00:00.445573098 [331m38256[00m      0x158b630 [37mDEBUG  [00m [00m         omxaudiodec gstomxaudiodec.c:1003:gst_omx_audio_dec_flush:<omxmp3dec-omxmp3dec0>[00m Flushing -- task stopped
0:00:00.445576175 [331m38256[00m      0x158b630 [36mINFO   [00m [00m                 omx gstomx.c:802:gst_omx_component_set_state:<omxmp3dec-omxmp3dec0>[00m Setting mad state from Pause to Executing
0:00:00.445592452 [331m38256[00m      0x158b630 [37mDEBUG  [00m [00m                 omx gstomx.c:859:gst_omx_component_get_state:<omxmp3dec-omxmp3dec0>[00m Getting state of mad
0:00:00.445597909 [331m38256[00m      0x158b630 [37mDEBUG  [00m [00m                 omx gstomx.c:432:gst_omx_component_wait_message:<omxmp3dec-omxmp3dec0>[00m mad waiting for signal
0:00:00.445603453 [331m38256[00m 0x7fc4ec001870 [37mDEBUG  [00m [00m                 omx gstomx.c:467:EventHandler:<omxmp3dec-omxmp3dec0>[00m mad SetState command complete (0)
0:00:00.445607547 [331m38256[00m 0x7fc4ec001870 [37mDEBUG  [00m [00m                 omx gstomx.c:478:EventHandler:<omxmp3dec-omxmp3dec0>[00m mad state change to Executing finished
0:00:00.445612692 [331m38256[00m      0x158b630 [36mINFO   [00m [00m                 omx gstomx.c:230:gst_omx_component_handle_messages:<omxmp3dec-omxmp3dec0>[00m mad state change to Executing finished
0:00:00.445616273 [331m38256[00m      0x158b630 [37mDEBUG  [00m [00m                 omx gstomx.c:909:gst_omx_component_get_state:<omxmp3dec-omxmp3dec0>[00m mad returning state Executing
0:00:00.445619581 [331m38256[00m      0x158b630 [37mDEBUG  [00m [00m                 omx gstomx.c:1478:gst_omx_port_set_flushing:<omxmp3dec-omxmp3dec0>[00m Setting mad port 0 to not flushing
0:00:00.445623114 [331m38256[00m      0x158b630 [37mDEBUG  [00m [00m                 omx gstomx.c:1022:gst_omx_component_get_parameter:<omxmp3dec-omxmp3dec0>[00m Getting mad parameter at index 0x02000001
0:00:00.445626614 [331m38256[00m      0x158b630 [37mDEBUG  [00m [00m                 omx gstomx.c:1025:gst_omx_component_get_parameter:<omxmp3dec-omxmp3dec0>[00m Got mad parameter at index 0x02000001: None (0x00000000)
0:00:00.445630623 [331m38256[00m      0x158b630 [37mDEBUG  [00m [00m                 omx gstomx.c:1222:gst_omx_port_update_port_definition:<omxmp3dec-omxmp3dec0>[00m Updated mad port 0 definition: None (0x00000000)
0:00:00.445634604 [331m38256[00m      0x158b630 [37mDEBUG  [00m [00m                 omx gstomx.c:1575:gst_omx_port_set_flushing:<omxmp3dec-omxmp3dec0>[00m Set mad port 0 to not flushing: None (0x00000000)
0:00:00.445638869 [331m38256[00m      0x158b630 [37mDEBUG  [00m [00m                 omx gstomx.c:1478:gst_omx_port_set_flushing:<omxmp3dec-omxmp3dec0>[00m Setting mad port 1 to not flushing
0:00:00.445642451 [331m38256[00m      0x158b630 [37mDEBUG  [00m [00m                 omx gstomx.c:1022:gst_omx_component_get_parameter:<omxmp3dec-omxmp3dec0>[00m Getting mad parameter at index 0x02000001
0:00:00.445645929 [331m38256[00m      0x158b630 [37mDEBUG  [00m [00m                 omx gstomx.c:1025:gst_omx_component_get_parameter:<omxmp3dec-omxmp3dec0>[00m Got mad parameter at index 0x02000001: None (0x00000000)
0:00:00.445649725 [331m38256[00m      0x158b630 [37mDEBUG  [00m [00m                 omx gstomx.c:1222:gst_omx_port_update_port_definition:<omxmp3dec-omxmp3dec0>[00m Updated mad port 1 definition: None (0x00000000)
0:00:00.445656306 [331m38256[00m      0x158b630 [37mDEBUG  [00m [00m                 omx gstomx.c:1575:gst_omx_port_set_flushing:<omxmp3dec-omxmp3dec0>[00m Set mad port 1 to not flushing: None (0x00000000)
0:00:00.445660623 [331m38256[00m      0x158b630 [37mDEBUG  [00m [00m                 omx gstomx.c:2037:gst_omx_port_populate_unlocked:<omxmp3dec-omxmp3dec0>[00m Populating mad port 1
0:00:00.445678920 [331m38256[00m      0x158b630 [37mDEBUG  [00m [00m                 omx gstomx.c:2075:gst_omx_port_populate_unlocked:<omxmp3dec-omxmp3dec0>[00m Passed buffer 0x7fc4e8001d40 (0x7fc4e810f9b0) to component mad
0:00:00.445686134 [331m38256[00m      0x158b630 [37mDEBUG  [00m [00m                 omx gstomx.c:2075:gst_omx_port_populate_unlocked:<omxmp3dec-omxmp3dec0>[00m Passed buffer 0x7fc4ec001e40 (0x7fc4e81079a0) to component mad
0:00:00.445689827 [331m38256[00m      0x158b630 [37mDEBUG  [00m [00m                 omx gstomx.c:1022:gst_omx_component_get_parameter:<omxmp3dec-omxmp3dec0>[00m Getting mad parameter at index 0x02000001
0:00:00.445693423 [331m38256[00m      0x158b630 [37mDEBUG  [00m [00m                 omx gstomx.c:1025:gst_omx_component_get_parameter:<omxmp3dec-omxmp3dec0>[00m Got mad parameter at index 0x02000001: None (0x00000000)
0:00:00.445697274 [331m38256[00m      0x158b630 [37mDEBUG  [00m [00m                 omx gstomx.c:1222:gst_omx_port_update_port_definition:<omxmp3dec-omxmp3dec0>[00m Updated mad port 1 definition: None (0x00000000)
0:00:00.445701051 [331m38256[00m      0x158b630 [37mDEBUG  [00m [00m                 omx gstomx.c:2083:gst_omx_port_populate_unlocked:<omxmp3dec-omxmp3dec0>[00m Populated mad port 1: None (0x00000000)
0:00:00.445705234 [331m38256[00m      0x158b630 [37mDEBUG  [00m [00m         omxaudiodec gstomxaudiodec.c:1027:gst_omx_audio_dec_flush:<omxmp3dec-omxmp3dec0>[00m Flush finished
0:00:00.445710849 [331m38256[00m      0x158b630 [37mDEBUG  [00m [00m         omxaudiodec gstomxaudiodec.c:1045:gst_omx_audio_dec_handle_frame:<omxmp3dec-omxmp3dec0>[00m Handling frame
0:00:00.445713825 [331m38256[00m      0x158b630 [37mDEBUG  [00m [00m         omxaudiodec gstomxaudiodec.c:1052:gst_omx_audio_dec_handle_frame:<omxmp3dec-omxmp3dec0>[00m Starting task
0:00:00.445751776 [331m38256[00m      0x158b630 [37mDEBUG  [00m [00m                 omx gstomx.c:1250:gst_omx_port_acquire_buffer:<omxmp3dec-omxmp3dec0>[00m Acquiring mad buffer from port 0
0:00:00.445759142 [331m38256[00m      0x158b630 [37mDEBUG  [00m [00m                 omx gstomx.c:1372:gst_omx_port_acquire_buffer:<omxmp3dec-omxmp3dec0>[00m mad port 0 has pending buffers
0:00:00.445774457 [331m38256[00m      0x158b630 [37mDEBUG  [00m [00m                 omx gstomx.c:1386:gst_omx_port_acquire_buffer:<omxmp3dec-omxmp3dec0>[00m Acquired buffer 0x7fc4ec002060 (0x7fc4ec016ab0) from mad port 0: 0
0:00:00.445779546 [331m38256[00m      0x158b630 [37mDEBUG  [00m [00m         omxaudiodec gstomxaudiodec.c:1189:gst_omx_audio_dec_handle_frame:<omxmp3dec-omxmp3dec0>[00m Passing frame offset 0 to the component
0:00:00.445783695 [331m38256[00m      0x158b630 [37mDEBUG  [00m [00m                 omx gstomx.c:1408:gst_omx_port_release_buffer:<omxmp3dec-omxmp3dec0>[00m Releasing buffer 0x7fc4ec002060 (0x7fc4ec016ab0) to mad port 0
0:00:00.445790808 [331m38256[00m      0x158b630 [37mDEBUG  [00m [00m                 omx gstomx.c:1454:gst_omx_port_release_buffer:<omxmp3dec-omxmp3dec0>[00m Released buffer 0x7fc4ec002060 to mad port 0: None (0x00000000)
0:00:00.445795950 [331m38256[00m      0x158b630 [37mDEBUG  [00m [00m         omxaudiodec gstomxaudiodec.c:1237:gst_omx_audio_dec_handle_frame:<omxmp3dec-omxmp3dec0>[00m Passed frame to component
0:00:00.445826856 [331m38256[00m      0x158b630 [37mDEBUG  [00m [00m         omxaudiodec gstomxaudiodec.c:1045:gst_omx_audio_dec_handle_frame:<omxmp3dec-omxmp3dec0>[00m Handling frame
0:00:00.445831175 [331m38256[00m      0x158b630 [37mDEBUG  [00m [00m                 omx gstomx.c:1250:gst_omx_port_acquire_buffer:<omxmp3dec-omxmp3dec0>[00m Acquiring mad buffer from port 0
0:00:00.445838885 [331m38256[00m      0x158b630 [37mDEBUG  [00m [00m                 omx gstomx.c:1372:gst_omx_port_acquire_buffer:<omxmp3dec-omxmp3dec0>[00m mad port 0 has pending buffers
0:00:00.445842751 [331m38256[00m      0x158b630 [37mDEBUG  [00m [00m                 omx gstomx.c:1386:gst_omx_port_acquire_buffer:<omxmp3dec-omxmp3dec0>[00m Acquired buffer 0x7fc4ec002000 (0x7fc4ec015aa0) from mad port 0: 0
0:00:00.445847085 [331m38256[00m      0x158b630 [37mDEBUG  [00m [00m         omxaudiodec gstomxaudiodec.c:1189:gst_omx_audio_dec_handle_frame:<omxmp3dec-omxmp3dec0>[00m Passing frame offset 0 to the component
0:00:00.445847621 [331m38256[00m 0x7fc4e8001980 [33;01mLOG    [00m [00m                 omx gstomx.c:653:FillBufferDone:<omxmp3dec-omxmp3dec0>[00m mad port 1 filled buffer 0x7fc4e8001d40 (0x7fc4e810f9b0)
0:00:00.445850782 [331m38256[00m      0x158b630 [37mDEBUG  [00m [00m                 omx gstomx.c:1408:gst_omx_port_release_buffer:<omxmp3dec-omxmp3dec0>[00m Releasing buffer 0x7fc4ec002000 (0x7fc4ec015aa0) to mad port 0
0:00:00.445867840 [331m38256[00m      0x158b630 [33;01mLOG    [00m [00m                 omx gstomx.c:377:gst_omx_component_handle_messages:<omxmp3dec-omxmp3dec0>[00m mad port 1 filled buffer 0x7fc4e8001d40 (0x7fc4e810f9b0)
0:00:00.445873010 [331m38256[00m      0x158b630 [37mDEBUG  [00m [00m                 omx gstomx.c:1454:gst_omx_port_release_buffer:<omxmp3dec-omxmp3dec0>[00m Released buffer 0x7fc4ec002000 to mad port 0: None (0x00000000)
0:00:00.445877614 [331m38256[00m      0x158b630 [37mDEBUG  [00m [00m         omxaudiodec gstomxaudiodec.c:1237:gst_omx_audio_dec_handle_frame:<omxmp3dec-omxmp3dec0>[00m Passed frame to component
0:00:00.445860663 [331m38256[00m 0x7fc4e8001980 [33;01mLOG    [00m [00m                 omx gstomx.c:615:EmptyBufferDone:<omxmp3dec-omxmp3dec0>[00m mad port 0 emptied buffer 0x7fc4ec002060 (0x7fc4ec016ab0)
0:00:00.445898639 [331m38256[00m      0x158b630 [37mDEBUG  [00m [00m         omxaudiodec gstomxaudiodec.c:1045:gst_omx_audio_dec_handle_frame:<omxmp3dec-omxmp3dec0>[00m Handling frame
0:00:00.445900056 [331m38256[00m 0x7fc4e8001980 [33;01mLOG    [00m [00m                 omx gstomx.c:615:EmptyBufferDone:<omxmp3dec-omxmp3dec0>[00m mad port 0 emptied buffer 0x7fc4ec002000 (0x7fc4ec015aa0)
0:00:00.445902858 [331m38256[00m      0x158b630 [37mDEBUG  [00m [00m                 omx gstomx.c:1250:gst_omx_port_acquire_buffer:<omxmp3dec-omxmp3dec0>[00m Acquiring mad buffer from port 0
0:00:00.445913434 [331m38256[00m      0x158b630 [33;01mLOG    [00m [00m                 omx gstomx.c:361:gst_omx_component_handle_messages:<omxmp3dec-omxmp3dec0>[00m mad port 0 emptied buffer 0x7fc4ec002060 (0x7fc4ec016ab0)
0:00:00.445917852 [331m38256[00m      0x158b630 [33;01mLOG    [00m [00m                 omx gstomx.c:361:gst_omx_component_handle_messages:<omxmp3dec-omxmp3dec0>[00m mad port 0 emptied buffer 0x7fc4ec002000 (0x7fc4ec015aa0)
0:00:00.445921759 [331m38256[00m      0x158b630 [37mDEBUG  [00m [00m                 omx gstomx.c:1372:gst_omx_port_acquire_buffer:<omxmp3dec-omxmp3dec0>[00m mad port 0 has pending buffers
0:00:00.445925163 [331m38256[00m      0x158b630 [37mDEBUG  [00m [00m                 omx gstomx.c:1386:gst_omx_port_acquire_buffer:<omxmp3dec-omxmp3dec0>[00m Acquired buffer 0x7fc4ec002060 (0x7fc4ec016ab0) from mad port 0: 0
0:00:00.445929410 [331m38256[00m      0x158b630 [37mDEBUG  [00m [00m         omxaudiodec gstomxaudiodec.c:1189:gst_omx_audio_dec_handle_frame:<omxmp3dec-omxmp3dec0>[00m Passing frame offset 0 to the component
0:00:00.445932893 [331m38256[00m      0x158b630 [37mDEBUG  [00m [00m                 omx gstomx.c:1408:gst_omx_port_release_buffer:<omxmp3dec-omxmp3dec0>[00m Releasing buffer 0x7fc4ec002060 (0x7fc4ec016ab0) to mad port 0
0:00:00.445967305 [331m38256[00m      0x158b630 [37mDEBUG  [00m [00m                 omx gstomx.c:1454:gst_omx_port_release_buffer:<omxmp3dec-omxmp3dec0>[00m Released buffer 0x7fc4ec002060 to mad port 0: None (0x00000000)
0:00:00.445978077 [331m38256[00m      0x158b630 [37mDEBUG  [00m [00m         omxaudiodec gstomxaudiodec.c:1237:gst_omx_audio_dec_handle_frame:<omxmp3dec-omxmp3dec0>[00m Passed frame to component
0:00:00.446001755 [331m38256[00m      0x158b630 [37mDEBUG  [00m [00m         omxaudiodec gstomxaudiodec.c:1045:gst_omx_audio_dec_handle_frame:<omxmp3dec-omxmp3dec0>[00m Handling frame
0:00:00.446005834 [331m38256[00m      0x158b630 [37mDEBUG  [00m [00m                 omx gstomx.c:1250:gst_omx_port_acquire_buffer:<omxmp3dec-omxmp3dec0>[00m Acquiring mad buffer from port 0
0:00:00.446009580 [331m38256[00m      0x158b630 [37mDEBUG  [00m [00m                 omx gstomx.c:1372:gst_omx_port_acquire_buffer:<omxmp3dec-omxmp3dec0>[00m mad port 0 has pending buffers
0:00:00.446013154 [331m38256[00m      0x158b630 [37mDEBUG  [00m [00m                 omx gstomx.c:1386:gst_omx_port_acquire_buffer:<omxmp3dec-omxmp3dec0>[00m Acquired buffer 0x7fc4ec002000 (0x7fc4ec015aa0) from mad port 0: 0
0:00:00.446013477 [331m38256[00m 0x7fc4e8001980 [33;01mLOG    [00m [00m                 omx gstomx.c:653:FillBufferDone:<omxmp3dec-omxmp3dec0>[00m mad port 1 filled buffer 0x7fc4ec001e40 (0x7fc4e81079a0)
0:00:00.446024701 [331m38256[00m 0x7fc4e8001980 [33;01mLOG    [00m [00m                 omx gstomx.c:615:EmptyBufferDone:<omxmp3dec-omxmp3dec0>[00m mad port 0 emptied buffer 0x7fc4ec002060 (0x7fc4ec016ab0)
0:00:00.446017258 [331m38256[00m      0x158b630 [37mDEBUG  [00m [00m         omxaudiodec gstomxaudiodec.c:1189:gst_omx_audio_dec_handle_frame:<omxmp3dec-omxmp3dec0>[00m Passing frame offset 0 to the component
0:00:00.446036600 [331m38256[00m      0x158b630 [37mDEBUG  [00m [00m                 omx gstomx.c:1408:gst_omx_port_release_buffer:<omxmp3dec-omxmp3dec0>[00m Releasing buffer 0x7fc4ec002000 (0x7fc4ec015aa0) to mad port 0
0:00:00.446041147 [331m38256[00m      0x158b630 [33;01mLOG    [00m [00m                 omx gstomx.c:377:gst_omx_component_handle_messages:<omxmp3dec-omxmp3dec0>[00m mad port 1 filled buffer 0x7fc4ec001e40 (0x7fc4e81079a0)
0:00:00.446045873 [331m38256[00m      0x158b630 [37mDEBUG  [00m [00m                 omx gstomx.c:1454:gst_omx_port_release_buffer:<omxmp3dec-omxmp3dec0>[00m Released buffer 0x7fc4ec002000 to mad port 0: None (0x00000000)
0:00:00.446050163 [331m38256[00m      0x158b630 [37mDEBUG  [00m [00m         omxaudiodec gstomxaudiodec.c:1237:gst_omx_audio_dec_handle_frame:<omxmp3dec-omxmp3dec0>[00m Passed frame to component
0:00:00.446069776 [331m38256[00m      0x158b630 [37mDEBUG  [00m [00m         omxaudiodec gstomxaudiodec.c:1045:gst_omx_audio_dec_handle_frame:<omxmp3dec-omxmp3dec0>[00m Handling frame
0:00:00.446073662 [331m38256[00m      0x158b630 [37mDEBUG  [00m [00m                 omx gstomx.c:1250:gst_omx_port_acquire_buffer:<omxmp3dec-omxmp3dec0>[00m Acquiring mad buffer from port 0
0:00:00.446077331 [331m38256[00m      0x158b630 [33;01mLOG    [00m [00m                 omx gstomx.c:361:gst_omx_component_handle_messages:<omxmp3dec-omxmp3dec0>[00m mad port 0 emptied buffer 0x7fc4ec002060 (0x7fc4ec016ab0)
0:00:00.446081227 [331m38256[00m      0x158b630 [37mDEBUG  [00m [00m                 omx gstomx.c:1372:gst_omx_port_acquire_buffer:<omxmp3dec-omxmp3dec0>[00m mad port 0 has pending buffers
0:00:00.446084523 [331m38256[00m      0x158b630 [37mDEBUG  [00m [00m                 omx gstomx.c:1386:gst_omx_port_acquire_buffer:<omxmp3dec-omxmp3dec0>[00m Acquired buffer 0x7fc4ec002060 (0x7fc4ec016ab0) from mad port 0: 0
0:00:00.446088446 [331m38256[00m      0x158b630 [37mDEBUG  [00m [00m         omxaudiodec gstomxaudiodec.c:1189:gst_omx_audio_dec_handle_frame:<omxmp3dec-omxmp3dec0>[00m Passing frame offset 0 to the component
0:00:00.446091809 [331m38256[00m      0x158b630 [37mDEBUG  [00m [00m                 omx gstomx.c:1408:gst_omx_port_release_buffer:<omxmp3dec-omxmp3dec0>[00m Releasing buffer 0x7fc4ec002060 (0x7fc4ec016ab0) to mad port 0
0:00:00.446113740 [331m38256[00m      0x158b630 [37mDEBUG  [00m [00m                 omx gstomx.c:1454:gst_omx_port_release_buffer:<omxmp3dec-omxmp3dec0>[00m Released buffer 0x7fc4ec002060 to mad port 0: None (0x00000000)
0:00:00.446121283 [331m38256[00m      0x158b630 [37mDEBUG  [00m [00m         omxaudiodec gstomxaudiodec.c:1237:gst_omx_audio_dec_handle_frame:<omxmp3dec-omxmp3dec0>[00m Passed frame to component
0:00:00.446153343 [331m38256[00m      0x158b630 [37mDEBUG  [00m [00m         omxaudiodec gstomxaudiodec.c:1045:gst_omx_audio_dec_handle_frame:<omxmp3dec-omxmp3dec0>[00m Handling frame
0:00:00.446159461 [331m38256[00m      0x158b630 [37mDEBUG  [00m [00m                 omx gstomx.c:1250:gst_omx_port_acquire_buffer:<omxmp3dec-omxmp3dec0>[00m Acquiring mad buffer from port 0
0:00:00.446163285 [331m38256[00m      0x158b630 [37mDEBUG  [00m [00m                 omx gstomx.c:1363:gst_omx_port_acquire_buffer:<omxmp3dec-omxmp3dec0>[00m Queue of mad port 0 is empty
0:00:00.446166677 [331m38256[00m      0x158b630 [37mDEBUG  [00m [00m                 omx gstomx.c:432:gst_omx_component_wait_message:<omxmp3dec-omxmp3dec0>[00m mad waiting for signal
0:00:00.446175717 [331m38256[00m 0x7fc4ec0026d0 [37mDEBUG  [00m [00m                 omx gstomx.c:1250:gst_omx_port_acquire_buffer:<omxmp3dec-omxmp3dec0>[00m Acquiring mad buffer from port 1
0:00:00.446179804 [331m38256[00m 0x7fc4ec0026d0 [37mDEBUG  [00m [00m                 omx gstomx.c:1372:gst_omx_port_acquire_buffer:<omxmp3dec-omxmp3dec0>[00m mad port 1 has pending buffers
0:00:00.446183743 [331m38256[00m 0x7fc4ec0026d0 [37mDEBUG  [00m [00m                 omx gstomx.c:1386:gst_omx_port_acquire_buffer:<omxmp3dec-omxmp3dec0>[00m Acquired buffer 0x7fc4e8001d40 (0x7fc4e810f9b0) from mad port 1: 0
0:00:00.446188624 [331m38256[00m 0x7fc4ec0026d0 [37mDEBUG  [00m [00m                 omx gstomx.c:1599:gst_omx_port_is_flushing:<omxmp3dec-omxmp3dec0>[00m mad port 1 is flushing: 0
0:00:00.446192442 [331m38256[00m 0x7fc4ec0026d0 [37mDEBUG  [00m [00m         omxaudiodec gstomxaudiodec.c:496:gst_omx_audio_dec_loop:<omxmp3dec-omxmp3dec0>[00m Handling buffer: 0x00000000 1776326
0:00:00.446196465 [331m38256[00m 0x7fc4ec0026d0 [37mDEBUG  [00m [00m         omxaudiodec gstomxaudiodec.c:506:gst_omx_audio_dec_loop:<omxmp3dec-omxmp3dec0>[00m Handling output data
0:00:00.446201743 [331m38256[00m 0x7fc4ec0026d0 [37mDEBUG  [00m [00m         omxaudiodec gstomxaudiodec.c:547:gst_omx_audio_dec_loop:<omxmp3dec-omxmp3dec0>[00m Read frame from component
0:00:00.446214470 [331m38256[00m 0x7fc4ec0026d0 [37mDEBUG  [00m [00m         omxaudiodec gstomxaudiodec.c:570:gst_omx_audio_dec_loop:<omxmp3dec-omxmp3dec0>[00m Finished frame: ok
0:00:00.446218504 [331m38256[00m 0x7fc4ec0026d0 [37mDEBUG  [00m [00m                 omx gstomx.c:1408:gst_omx_port_release_buffer:<omxmp3dec-omxmp3dec0>[00m Releasing buffer 0x7fc4e8001d40 (0x7fc4e810f9b0) to mad port 1
0:00:00.446238872 [331m38256[00m 0x7fc4ec0026d0 [37mDEBUG  [00m [00m                 omx gstomx.c:1454:gst_omx_port_release_buffer:<omxmp3dec-omxmp3dec0>[00m Released buffer 0x7fc4e8001d40 to mad port 1: None (0x00000000)
0:00:00.446246885 [331m38256[00m 0x7fc4ec0026d0 [37mDEBUG  [00m [00m                 omx gstomx.c:1250:gst_omx_port_acquire_buffer:<omxmp3dec-omxmp3dec0>[00m Acquiring mad buffer from port 1
0:00:00.446250781 [331m38256[00m 0x7fc4ec0026d0 [37mDEBUG  [00m [00m                 omx gstomx.c:1372:gst_omx_port_acquire_buffer:<omxmp3dec-omxmp3dec0>[00m mad port 1 has pending buffers
0:00:00.446254398 [331m38256[00m 0x7fc4ec0026d0 [37mDEBUG  [00m [00m                 omx gstomx.c:1386:gst_omx_port_acquire_buffer:<omxmp3dec-omxmp3dec0>[00m Acquired buffer 0x7fc4ec001e40 (0x7fc4e81079a0) from mad port 1: 0
0:00:00.446259053 [331m38256[00m 0x7fc4ec0026d0 [37mDEBUG  [00m [00m                 omx gstomx.c:1599:gst_omx_port_is_flushing:<omxmp3dec-omxmp3dec0>[00m mad port 1 is flushing: 0
0:00:00.446262776 [331m38256[00m 0x7fc4ec0026d0 [37mDEBUG  [00m [00m         omxaudiodec gstomxaudiodec.c:496:gst_omx_audio_dec_loop:<omxmp3dec-omxmp3dec0>[00m Handling buffer: 0x00000000 1828571
0:00:00.446269702 [331m38256[00m 0x7fc4ec0026d0 [37mDEBUG  [00m [00m         omxaudiodec gstomxaudiodec.c:506:gst_omx_audio_dec_loop:<omxmp3dec-omxmp3dec0>[00m Handling output data
0:00:00.446274968 [331m38256[00m 0x7fc4ec0026d0 [37mDEBUG  [00m [00m         omxaudiodec gstomxaudiodec.c:547:gst_omx_audio_dec_loop:<omxmp3dec-omxmp3dec0>[00m Read frame from component
0:00:00.446280394 [331m38256[00m 0x7fc4ec0026d0 [37mDEBUG  [00m [00m         omxaudiodec gstomxaudiodec.c:570:gst_omx_audio_dec_loop:<omxmp3dec-omxmp3dec0>[00m Finished frame: ok
0:00:00.446281070 [331m38256[00m 0x7fc4e8001980 [33;01mLOG    [00m [00m                 omx gstomx.c:653:FillBufferDone:<omxmp3dec-omxmp3dec0>[00m mad port 1 filled buffer 0x7fc4e8001d40 (0x7fc4e810f9b0)
0:00:00.446293334 [331m38256[00m 0x7fc4e8001980 [33;01mLOG    [00m [00m                 omx gstomx.c:615:EmptyBufferDone:<omxmp3dec-omxmp3dec0>[00m mad port 0 emptied buffer 0x7fc4ec002000 (0x7fc4ec015aa0)
0:00:00.446283811 [331m38256[00m 0x7fc4ec0026d0 [37mDEBUG  [00m [00m                 omx gstomx.c:1408:gst_omx_port_release_buffer:<omxmp3dec-omxmp3dec0>[00m Releasing buffer 0x7fc4ec001e40 (0x7fc4e81079a0) to mad port 1
0:00:00.446328975 [331m38256[00m 0x7fc4ec0026d0 [33;01mLOG    [00m [00m                 omx gstomx.c:377:gst_omx_component_handle_messages:<omxmp3dec-omxmp3dec0>[00m mad port 1 filled buffer 0x7fc4e8001d40 (0x7fc4e810f9b0)
0:00:00.446335064 [331m38256[00m 0x7fc4ec0026d0 [33;01mLOG    [00m [00m                 omx gstomx.c:361:gst_omx_component_handle_messages:<omxmp3dec-omxmp3dec0>[00m mad port 0 emptied buffer 0x7fc4ec002000 (0x7fc4ec015aa0)
0:00:00.446354092 [331m38256[00m 0x7fc4ec0026d0 [37mDEBUG  [00m [00m                 omx gstomx.c:1454:gst_omx_port_release_buffer:<omxmp3dec-omxmp3dec0>[00m Released buffer 0x7fc4ec001e40 to mad port 1: None (0x00000000)
0:00:00.446364416 [331m38256[00m      0x158b630 [37mDEBUG  [00m [00m                 omx gstomx.c:1372:gst_omx_port_acquire_buffer:<omxmp3dec-omxmp3dec0>[00m mad port 0 has pending buffers
0:00:00.446368931 [331m38256[00m      0x158b630 [37mDEBUG  [00m [00m                 omx gstomx.c:1386:gst_omx_port_acquire_buffer:<omxmp3dec-omxmp3dec0>[00m Acquired buffer 0x7fc4ec002000 (0x7fc4ec015aa0) from mad port 0: 0
0:00:00.446375600 [331m38256[00m      0x158b630 [37mDEBUG  [00m [00m         omxaudiodec gstomxaudiodec.c:1189:gst_omx_audio_dec_handle_frame:<omxmp3dec-omxmp3dec0>[00m Passing frame offset 0 to the component
0:00:00.446379901 [331m38256[00m      0x158b630 [37mDEBUG  [00m [00m                 omx gstomx.c:1408:gst_omx_port_release_buffer:<omxmp3dec-omxmp3dec0>[00m Releasing buffer 0x7fc4ec002000 (0x7fc4ec015aa0) to mad port 0
0:00:00.446384273 [331m38256[00m      0x158b630 [37mDEBUG  [00m [00m                 omx gstomx.c:1454:gst_omx_port_release_buffer:<omxmp3dec-omxmp3dec0>[00m Released buffer 0x7fc4ec002000 to mad port 0: None (0x00000000)
0:00:00.446388467 [331m38256[00m      0x158b630 [37mDEBUG  [00m [00m         omxaudiodec gstomxaudiodec.c:1237:gst_omx_audio_dec_handle_frame:<omxmp3dec-omxmp3dec0>[00m Passed frame to component
0:00:00.446397946 [331m38256[00m 0x7fc4e8001980 [33;01mLOG    [00m [00m                 omx gstomx.c:653:FillBufferDone:<omxmp3dec-omxmp3dec0>[00m mad port 1 filled buffer 0x7fc4ec001e40 (0x7fc4e81079a0)
0:00:00.446407319 [331m38256[00m 0x7fc4e8001980 [33;01mLOG    [00m [00m                 omx gstomx.c:615:EmptyBufferDone:<omxmp3dec-omxmp3dec0>[00m mad port 0 emptied buffer 0x7fc4ec002060 (0x7fc4ec016ab0)
0:00:00.446409969 [331m38256[00m      0x158b630 [37mDEBUG  [00m [00m         omxaudiodec gstomxaudiodec.c:1045:gst_omx_audio_dec_handle_frame:<omxmp3dec-omxmp3dec0>[00m Handling frame
0:00:00.446416591 [331m38256[00m      0x158b630 [37mDEBUG  [00m [00m                 omx gstomx.c:1250:gst_omx_port_acquire_buffer:<omxmp3dec-omxmp3dec0>[00m Acquiring mad buffer from port 0
0:00:00.446424320 [331m38256[00m      0x158b630 [33;01mLOG    [00m [00m                 omx gstomx.c:377:gst_omx_component_handle_messages:<omxmp3dec-omxmp3dec0>[00m mad port 1 filled buffer 0x7fc4ec001e40 (0x7fc4e81079a0)
0:00:00.446429855 [331m38256[00m      0x158b630 [37mDEBUG  [00m [00m                 omx gstomx.c:1363:gst_omx_port_acquire_buffer:<omxmp3dec-omxmp3dec0>[00m Queue of mad port 0 is empty
0:00:00.446433389 [331m38256[00m      0x158b630 [37mDEBUG  [00m [00m                 omx gstomx.c:432:gst_omx_component_wait_message:<omxmp3dec-omxmp3dec0>[00m mad waiting for signal
0:00:00.446438062 [331m38256[00m 0x7fc4ec0026d0 [37mDEBUG  [00m [00m                 omx gstomx.c:1250:gst_omx_port_acquire_buffer:<omxmp3dec-omxmp3dec0>[00m Acquiring mad buffer from port 1
0:00:00.446443036 [331m38256[00m 0x7fc4ec0026d0 [37mDEBUG  [00m [00m                 omx gstomx.c:1372:gst_omx_port_acquire_buffer:<omxmp3dec-omxmp3dec0>[00m mad port 1 has pending buffers
0:00:00.446446698 [331m38256[00m 0x7fc4ec0026d0 [37mDEBUG  [00m [00m                 omx gstomx.c:1386:gst_omx_port_acquire_buffer:<omxmp3dec-omxmp3dec0>[00m Acquired buffer 0x7fc4e8001d40 (0x7fc4e810f9b0) from mad port 1: 0
0:00:00.446451361 [331m38256[00m 0x7fc4ec0026d0 [37mDEBUG  [00m [00m                 omx gstomx.c:1599:gst_omx_port_is_flushing:<omxmp3dec-omxmp3dec0>[00m mad port 1 is flushing: 0
0:00:00.446458339 [331m38256[00m      0x158b630 [33;01mLOG    [00m [00m                 omx gstomx.c:361:gst_omx_component_handle_messages:<omxmp3dec-omxmp3dec0>[00m mad port 0 emptied buffer 0x7fc4ec002060 (0x7fc4ec016ab0)
0:00:00.446464704 [331m38256[00m      0x158b630 [37mDEBUG  [00m [00m                 omx gstomx.c:1372:gst_omx_port_acquire_buffer:<omxmp3dec-omxmp3dec0>[00m mad port 0 has pending buffers
0:00:00.446468263 [331m38256[00m      0x158b630 [37mDEBUG  [00m [00m                 omx gstomx.c:1386:gst_omx_port_acquire_buffer:<omxmp3dec-omxmp3dec0>[00m Acquired buffer 0x7fc4ec002060 (0x7fc4ec016ab0) from mad port 0: 0
0:00:00.446472448 [331m38256[00m      0x158b630 [37mDEBUG  [00m [00m         omxaudiodec gstomxaudiodec.c:1189:gst_omx_audio_dec_handle_frame:<omxmp3dec-omxmp3dec0>[00m Passing frame offset 0 to the component
0:00:00.446475933 [331m38256[00m      0x158b630 [37mDEBUG  [00m [00m                 omx gstomx.c:1408:gst_omx_port_release_buffer:<omxmp3dec-omxmp3dec0>[00m Releasing buffer 0x7fc4ec002060 (0x7fc4ec016ab0) to mad port 0
0:00:00.446509519 [331m38256[00m      0x158b630 [37mDEBUG  [00m [00m                 omx gstomx.c:1454:gst_omx_port_release_buffer:<omxmp3dec-omxmp3dec0>[00m Released buffer 0x7fc4ec002060 to mad port 0: None (0x00000000)
0:00:00.446517504 [331m38256[00m      0x158b630 [37mDEBUG  [00m [00m         omxaudiodec gstomxaudiodec.c:1237:gst_omx_audio_dec_handle_frame:<omxmp3dec-omxmp3dec0>[00m Passed frame to component
0:00:00.446537609 [331m38256[00m      0x158b630 [37mDEBUG  [00m [00m         omxaudiodec gstomxaudiodec.c:1045:gst_omx_audio_dec_handle_frame:<omxmp3dec-omxmp3dec0>[00m Handling frame
