0:00:00.047554325 [331m38256[00m 0x7fc4ec0026d0 [37mDEBUG  [00m [00m                 omx gstomx.c:1025:gst_omx_component_get_parameter:<omxmp3dec-omxmp3dec0>[00m Got mad parameter at index 0x02000001: None (0x00000000)
0:00:00.047560471 [331m38256[00m 0x7fc4ec0026d0 [37mDEBUG  [00m [00m                 omx gstomx.c:1222:gst_omx_port_update_port_definition:<omxmp3dec-omxmp3dec0>[00m Updated mad port 1 definition: None (0x00000000)
0:00:00.047564193 [331m38256[00m 0x7fc4ec001870 [37mDEBUG  [00m [00m                 omx gstomx.c:467:EventHandler:<omxmp3dec-omxmp3dec0>[00m mad EnablePort command complete (3)
0:00:00.047577444 [331m38256[00m 0x7fc4ec0026d0 [36mINFO   [00m [00m                 omx gstomx.c:2135:gst_omx_port_wait_enabled_unlocked:<omxmp3dec-omxmp3dec0>[00m Waiting for mad port 1 to be enabled
0:00:00.047589909 [331m38256[00m 0x7fc4ec0026d0 [37mDEBUG  [00m [00m                 omx gstomx.c:1022:gst_omx_component_get_parameter:<omxmp3dec-omxmp3dec0>[00m Getting mad parameter at index 0x02000001
0:00:00.047595863 [331m38256[00m 0x7fc4ec0026d0 [37mDEBUG  [00m [00m                 omx gstomx.c:1025:gst_omx_component_get_parameter:<omxmp3dec-omxmp3dec0>[00m Got mad parameter at index 0x02000001: None (0x00000000)
0:00:00.047579684 [331m38256[00m 0x7fc4ec001870 [37mDEBUG  [00m [00m                 omx gstomx.c:503:EventHandler:<omxmp3dec-omxmp3dec0>[00m mad port 1 enabled
0:00:00.047601713 [331m38256[00m 0x7fc4ec0026d0 [37mDEBUG  [00m [00m                 omx gstomx.c:1222:gst_omx_port_update_port_definition:<omxmp3dec-omxmp3dec0>[00m Updated mad port 1 definition: None (0x00000000)
0:00:00.047641526 [331m38256[00m 0x7fc4ec0026d0 [37mDEBUG  [00m [00m                 omx gstomx.c:284:gst_omx_component_handle_messages:<omxmp3dec-omxmp3dec0>[00m mad port 1 enabled
0:00:00.047674556 [331m38256[00m 0x7fc4ec0026d0 [37mDEBUG  [00m [00m                 omx gstomx.c:1022:gst_omx_component_get_parameter:<omxmp3dec-omxmp3dec0>[00m Getting mad parameter at index 0x02000001
0:00:00.047681085 [331m38256[00m 0x7fc4ec0026d0 [37mDEBUG  [00m [00m                 omx gstomx.c:1025:gst_omx_component_get_parameter:<omxmp3dec-omxmp3dec0>[00m Got mad parameter at index 0x02000001: None (0x00000000)
0:00:00.047687144 [331m38256[00m 0x7fc4ec0026d0 [37mDEBUG  [00m [00m                 omx gstomx.c:1222:gst_omx_port_update_port_definition:<omxmp3dec-omxmp3dec0>[00m Updated mad port 1 definition: None (0x00000000)
0:00:00.047693225 [331m38256[00m 0x7fc4ec0026d0 [36mINFO   [00m [00m                 omx gstomx.c:2186:gst_omx_port_wait_enabled_unlocked:<omxmp3dec-omxmp3dec0>[00m mad port 1 is enabled: None (0x00000000)
0:00:00.047702086 [331m38256[00m 0x7fc4ec0026d0 [37mDEBUG  [00m [00m                 omx gstomx.c:2037:gst_omx_port_populate_unlocked:<omxmp3dec-omxmp3dec0>[00m Populating mad port 1
0:00:00.047717671 [331m38256[00m 0x7fc4ec0026d0 [37mDEBUG  [00m [00m                 omx gstomx.c:2075:gst_omx_port_populate_unlocked:<omxmp3dec-omxmp3dec0>[00m Passed buffer 0x7fc4ec001e40 (0x7fc4e81079a0) to component mad
0:00:00.047730111 [331m38256[00m 0x7fc4ec0026d0 [37mDEBUG  [00m [00m                 omx gstomx.c:2075:gst_omx_port_populate_unlocked:<omxmp3dec-omxmp3dec0>[00m Passed buffer 0x7fc4e8001d40 (0x7fc4e810f9b0) to component mad
0:00:00.047736218 [331m38256[00m 0x7fc4ec0026d0 [37mDEBUG  [00m [00m                 omx gstomx.c:1022:gst_omx_component_get_parameter:<omxmp3dec-omxmp3dec0>[00m Getting mad parameter at index 0x02000001
0:00:00.047746956 [331m38256[00m 0x7fc4ec0026d0 [37mDEBUG  [00m [00m                 omx gstomx.c:1025:gst_omx_component_get_parameter:<omxmp3dec-omxmp3dec0>[00m Got mad parameter at index 0x02000001: None (0x00000000)
0:00:00.047753868 [331m38256[00m 0x7fc4ec0026d0 [37mDEBUG  [00m [00m                 omx gstomx.c:1222:gst_omx_port_update_port_definition:<omxmp3dec-omxmp3dec0>[00m Updated mad port 1 definition: None (0x00000000)
0:00:00.047759558 [331m38256[00m 0x7fc4ec0026d0 [37mDEBUG  [00m [00m                 omx gstomx.c:2083:gst_omx_port_populate_unlocked:<omxmp3dec-omxmp3dec0>[00m Populated mad port 1: None (0x00000000)
0:00:00.047765413 [331m38256[00m 0x7fc4ec0026d0 [36mINFO   [00m [00m                 omx gstomx.c:2235:gst_omx_port_mark_reconfigured:<omxmp3dec-omxmp3dec0>[00m Marking mad port 1 is reconfigured
0:00:00.047771949 [331m38256[00m 0x7fc4ec0026d0 [37mDEBUG  [00m [00m                 omx gstomx.c:1022:gst_omx_component_get_parameter:<omxmp3dec-omxmp3dec0>[00m Getting mad parameter at index 0x02000001
0:00:00.047777341 [331m38256[00m 0x7fc4ec0026d0 [37mDEBUG  [00m [00m                 omx gstomx.c:1025:gst_omx_component_get_parameter:<omxmp3dec-omxmp3dec0>[00m Got mad parameter at index 0x02000001: None (0x00000000)
0:00:00.047783080 [331m38256[00m 0x7fc4ec0026d0 [37mDEBUG  [00m [00m                 omx gstomx.c:1222:gst_omx_port_update_port_definition:<omxmp3dec-omxmp3dec0>[00m Updated mad port 1 definition: None (0x00000000)
0:00:00.047789389 [331m38256[00m 0x7fc4ec0026d0 [36mINFO   [00m [00m                 omx gstomx.c:2262:gst_omx_port_mark_reconfigured:<omxmp3dec-omxmp3dec0>[00m Marked mad port 1 as reconfigured: None (0x00000000)
0:00:00.047796937 [331m38256[00m 0x7fc4ec0026d0 [37mDEBUG  [00m [00m                 omx gstomx.c:1250:gst_omx_port_acquire_buffer:<omxmp3dec-omxmp3dec0>[00m Acquiring mad buffer from port 1
0:00:00.047802907 [331m38256[00m 0x7fc4ec0026d0 [37mDEBUG  [00m [00m                 omx gstomx.c:1363:gst_omx_port_acquire_buffer:<omxmp3dec-omxmp3dec0>[00m Queue of mad port 1 is empty
0:00:00.047806878 [331m38256[00m 0x7fc4ec0026d0 [37mDEBUG  [00m [00m                 omx gstomx.c:432:gst_omx_component_wait_message:<omxmp3dec-omxmp3dec0>[00m mad waiting for signal
0:00:00.047816144 [331m38256[00m      0x158b630 [37mDEBUG  [00m [00m                 omx gstomx.c:1372:gst_omx_port_acquire_buffer:<omxmp3dec-omxmp3dec0>[00m mad port 0 has pending buffers
0:00:00.047830178 [331m38256[00m      0x158b630 [37mDEBUG  [00m [00m                 omx gstomx.c:1386:gst_omx_port_acquire_buffer:<omxmp3dec-omxmp3dec0>[00m Acquired buffer 0x7fc4ec002000 (0x7fc4ec015aa0) from mad port 0: 0
0:00:00.047840283 [331m38256[00m      0x158b630 [37mDEBUG  [00m [00m         omxaudiodec gstomxaudiodec.c:1189:gst_omx_audio_dec_handle_frame:<omxmp3dec-omxmp3dec0>[00m Passing frame offset 0 to the component
0:00:00.047848413 [331m38256[00m      0x158b630 [37mDEBUG  [00m [00m                 omx gstomx.c:1408:gst_omx_port_release_buffer:<omxmp3dec-omxmp3dec0>[00m Releasing buffer 0x7fc4ec002000 (0x7fc4ec015aa0) to mad port 0
0:00:00.047878504 [331m38256[00m      0x158b630 [37mDEBUG  [00m [00m                 omx gstomx.c:1454:gst_omx_port_release_buffer:<omxmp3dec-omxmp3dec0>[00m Released buffer 0x7fc4ec002000 to mad port 0: None (0x00000000)
0:00:00.047892544 [331m38256[00m      0x158b630 [37mDEBUG  [00m [00m         omxaudiodec gstomxaudiodec.c:1237:gst_omx_audio_dec_handle_frame:<omxmp3dec-omxmp3dec0>[00m Passed frame to component
0:00:00.047953580 [331m38256[00m      0x158b630 [37mDEBUG  [00m [00m         omxaudiodec gstomxaudiodec.c:1045:gst_omx_audio_dec_handle_frame:<omxmp3dec-omxmp3dec0>[00m Handling frame
0:00:00.047961763 [331m38256[00m      0x158b630 [37mDEBUG  [00m [00m                 omx gstomx.c:1250:gst_omx_port_acquire_buffer:<omxmp3dec-omxmp3dec0>[00m Acquiring mad buffer from port 0
0:00:00.047986349 [331m38256[00m      0x158b630 [37mDEBUG  [00m [00m                 omx gstomx.c:1372:gst_omx_port_acquire_buffer:<omxmp3dec-omxmp3dec0>[00m mad port 0 has pending buffers
0:00:00.048011293 [331m38256[00m      0x158b630 [37mDEBUG  [00m [00m                 omx gstomx.c:1386:gst_omx_port_acquire_buffer:<omxmp3dec-omxmp3dec0>[00m Acquired buffer 0x7fc4ec002060 (0x7fc4ec016ab0) from mad port 0: 0
0:00:00.048018920 [331m38256[00m      0x158b630 [37mDEBUG  [00m [00m         omxaudiodec gstomxaudiodec.c:1189:gst_omx_audio_dec_handle_frame:<omxmp3dec-omxmp3dec0>[00m Passing frame offset 0 to the component
0:00:00.048025326 [331m38256[00m      0x158b630 [37mDEBUG  [00m [00m                 omx gstomx.c:1408:gst_omx_port_release_buffer:<omxmp3dec-omxmp3dec0>[00m Releasing buffer 0x7fc4ec002060 (0x7fc4ec016ab0) to mad port 0
0:00:00.048026538 [331m38256[00m 0x7fc4e8001980 [33;01mLOG    [00m [00m                 omx gstomx.c:653:FillBufferDone:<omxmp3dec-omxmp3dec0>[00m mad port 1 filled buffer 0x7fc4ec001e40 (0x7fc4e81079a0)
0:00:00.048047865 [331m38256[00m 0x7fc4e8001980 [33;01mLOG    [00m [00m                 omx gstomx.c:615:EmptyBufferDone:<omxmp3dec-omxmp3dec0>[00m mad port 0 emptied buffer 0x7fc4ec002000 (0x7fc4ec015aa0)
0:00:00.048033178 [331m38256[00m      0x158b630 [37mDEBUG  [00m [00m                 omx gstomx.c:1454:gst_omx_port_release_buffer:<omxmp3dec-omxmp3dec0>[00m Released buffer 0x7fc4ec002060 to mad port 0: None (0x00000000)
0:00:00.048078281 [331m38256[00m      0x158b630 [33;01mLOG    [00m [00m                 omx gstomx.c:377:gst_omx_component_handle_messages:<omxmp3dec-omxmp3dec0>[00m mad port 1 filled buffer 0x7fc4ec001e40 (0x7fc4e81079a0)
0:00:00.048087445 [331m38256[00m      0x158b630 [33;01mLOG    [00m [00m                 omx gstomx.c:361:gst_omx_component_handle_messages:<omxmp3dec-omxmp3dec0>[00m mad port 0 emptied buffer 0x7fc4ec002000 (0x7fc4ec015aa0)
0:00:00.048095159 [331m38256[00m      0x158b630 [37mDEBUG  [00m [00m         omxaudiodec gstomxaudiodec.c:1237:gst_omx_audio_dec_handle_frame:<omxmp3dec-omxmp3dec0>[00m Passed frame to component
0:00:00.048097561 [331m38256[00m 0x7fc4e8001980 [33;01mLOG    [00m [00m                 omx gstomx.c:653:FillBufferDone:<omxmp3dec-omxmp3dec0>[00m mad port 1 filled buffer 0x7fc4e8001d40 (0x7fc4e810f9b0)
0:00:00.048107456 [331m38256[00m 0x7fc4e8001980 [33;01mLOG    [00m [00m                 omx gstomx.c:615:EmptyBufferDone:<omxmp3dec-omxmp3dec0>[00m mad port 0 emptied buffer 0x7fc4ec002060 (0x7fc4ec016ab0)
0:00:00.048117166 [331m38256[00m 0x7fc4ec0026d0 [33;01mLOG    [00m [00m                 omx gstomx.c:377:gst_omx_component_handle_messages:<omxmp3dec-omxmp3dec0>[00m mad port 1 filled buffer 0x7fc4e8001d40 (0x7fc4e810f9b0)
0:00:00.048123891 [331m38256[00m 0x7fc4ec0026d0 [33;01mLOG    [00m [00m                 omx gstomx.c:361:gst_omx_component_handle_messages:<omxmp3dec-omxmp3dec0>[00m mad port 0 emptied buffer 0x7fc4ec002060 (0x7fc4ec016ab0)
0:00:00.048129795 [331m38256[00m 0x7fc4ec0026d0 [37mDEBUG  [00m [00m                 omx gstomx.c:1372:gst_omx_port_acquire_buffer:<omxmp3dec-omxmp3dec0>[00m mad port 1 has pending buffers
0:00:00.048135530 [331m38256[00m 0x7fc4ec0026d0 [37mDEBUG  [00m [00m                 omx gstomx.c:1386:gst_omx_port_acquire_buffer:<omxmp3dec-omxmp3dec0>[00m Acquired buffer 0x7fc4ec001e40 (0x7fc4e81079a0) from mad port 1: 0
0:00:00.048144325 [331m38256[00m 0x7fc4ec0026d0 [37mDEBUG  [00m [00m                 omx gstomx.c:1599:gst_omx_port_is_flushing:<omxmp3dec-omxmp3dec0>[00m mad port 1 is flushing: 0
0:00:00.048151204 [331m38256[00m 0x7fc4ec0026d0 [37mDEBUG  [00m [00m         omxaudiodec gstomxaudiodec.c:496:gst_omx_audio_dec_loop:<omxmp3dec-omxmp3dec0>[00m Handling buffer: 0x00000000 52244
0:00:00.048153437 [331m38256[00m      0x158b630 [37mDEBUG  [00m [00m         omxaudiodec gstomxaudiodec.c:1045:gst_omx_audio_dec_handle_frame:<omxmp3dec-omxmp3dec0>[00m Handling frame
0:00:00.048192183 [331m38256[00m      0x158b630 [37mDEBUG  [00m [00m                 omx gstomx.c:1250:gst_omx_port_acquire_buffer:<omxmp3dec-omxmp3dec0>[00m Acquiring mad buffer from port 0
0:00:00.048203262 [331m38256[00m      0x158b630 [37mDEBUG  [00m [00m                 omx gstomx.c:1372:gst_omx_port_acquire_buffer:<omxmp3dec-omxmp3dec0>[00m mad port 0 has pending buffers
0:00:00.048209876 [331m38256[00m      0x158b630 [37mDEBUG  [00m [00m                 omx gstomx.c:1386:gst_omx_port_acquire_buffer:<omxmp3dec-omxmp3dec0>[00m Acquired buffer 0x7fc4ec002000 (0x7fc4ec015aa0) from mad port 0: 0
0:00:00.048217359 [331m38256[00m      0x158b630 [37mDEBUG  [00m [00m         omxaudiodec gstomxaudiodec.c:1189:gst_omx_audio_dec_handle_frame:<omxmp3dec-omxmp3dec0>[00m Passing frame offset 0 to the component
0:00:00.048223531 [331m38256[00m      0x158b630 [37mDEBUG  [00m [00m                 omx gstomx.c:1408:gst_omx_port_release_buffer:<omxmp3dec-omxmp3dec0>[00m Releasing buffer 0x7fc4ec002000 (0x7fc4ec015aa0) to mad port 0
0:00:00.048232457 [331m38256[00m      0x158b630 [37mDEBUG  [00m [00m                 omx gstomx.c:1454:gst_omx_port_release_buffer:<omxmp3dec-omxmp3dec0>[00m Released buffer 0x7fc4ec002000 to mad port 0: None (0x00000000)
0:00:00.048240275 [331m38256[00m      0x158b630 [37mDEBUG  [00m [00m         omxaudiodec gstomxaudiodec.c:1237:gst_omx_audio_dec_handle_frame:<omxmp3dec-omxmp3dec0>[00m Passed frame to component
0:00:00.048252380 [331m38256[00m 0x7fc4ec0026d0 [37mDEBUG  [00m [00m         omxaudiodec gstomxaudiodec.c:506:gst_omx_audio_dec_loop:<omxmp3dec-omxmp3dec0>[00m Handling output data
0:00:00.051388941 [331m38256[00m 0x7fc4ec0026d0 [37mDEBUG  [00m [00m         omxaudiodec gstomxaudiodec.c:547:gst_omx_audio_dec_loop:<omxmp3dec-omxmp3dec0>[00m Read frame from component
Pipeline is PREROLLED ...
Setting pipeline to PLAYING ...
New clock: GstSystemClock
0:00:00.064128196 [331m38256[00m 0x7fc4ec0026d0 [37mDEBUG  [00m [00m         omxaudiodec gstomxaudiodec.c:570:gst_omx_audio_dec_loop:<omxmp3dec-omxmp3dec0>[00m Finished frame: ok
0:00:00.064158367 [331m38256[00m 0x7fc4ec0026d0 [37mDEBUG  [00m [00m                 omx gstomx.c:1408:gst_omx_port_release_buffer:<omxmp3dec-omxmp3dec0>[00m Releasing buffer 0x7fc4ec001e40 (0x7fc4e81079a0) to mad port 1
0:00:00.064218480 [331m38256[00m 0x7fc4e8001980 [33;01mLOG    [00m [00m                 omx gstomx.c:653:FillBufferDone:<omxmp3dec-omxmp3dec0>[00m mad port 1 filled buffer 0x7fc4ec001e40 (0x7fc4e81079a0)
0:00:00.064257953 [331m38256[00m 0x7fc4e8001980 [33;01mLOG    [00m [00m                 omx gstomx.c:615:EmptyBufferDone:<omxmp3dec-omxmp3dec0>[00m mad port 0 emptied buffer 0x7fc4ec002000 (0x7fc4ec015aa0)
0:00:00.064267599 [331m38256[00m 0x7fc4ec0026d0 [37mDEBUG  [00m [00m                 omx gstomx.c:1454:gst_omx_port_release_buffer:<omxmp3dec-omxmp3dec0>[00m Released buffer 0x7fc4ec001e40 to mad port 1: None (0x00000000)
0:00:00.064274372 [331m38256[00m 0x7fc4ec0026d0 [33;01mLOG    [00m [00m                 omx gstomx.c:377:gst_omx_component_handle_messages:<omxmp3dec-omxmp3dec0>[00m mad port 1 filled buffer 0x7fc4ec001e40 (0x7fc4e81079a0)
0:00:00.064279301 [331m38256[00m 0x7fc4ec0026d0 [33;01mLOG    [00m [00m                 omx gstomx.c:361:gst_omx_component_handle_messages:<omxmp3dec-omxmp3dec0>[00m mad port 0 emptied buffer 0x7fc4ec002000 (0x7fc4ec015aa0)
0:00:00.064302970 [331m38256[00m 0x7fc4ec0026d0 [37mDEBUG  [00m [00m                 omx gstomx.c:1250:gst_omx_port_acquire_buffer:<omxmp3dec-omxmp3dec0>[00m Acquiring mad buffer from port 1
0:00:00.064309591 [331m38256[00m 0x7fc4ec0026d0 [37mDEBUG  [00m [00m                 omx gstomx.c:1372:gst_omx_port_acquire_buffer:<omxmp3dec-omxmp3dec0>[00m mad port 1 has pending buffers
0:00:00.064313382 [331m38256[00m 0x7fc4ec0026d0 [37mDEBUG  [00m [00m                 omx gstomx.c:1386:gst_omx_port_acquire_buffer:<omxmp3dec-omxmp3dec0>[00m Acquired buffer 0x7fc4e8001d40 (0x7fc4e810f9b0) from mad port 1: 0
0:00:00.064327237 [331m38256[00m 0x7fc4ec0026d0 [37mDEBUG  [00m [00m                 omx gstomx.c:1599:gst_omx_port_is_flushing:<omxmp3dec-omxmp3dec0>[00m mad port 1 is flushing: 0
0:00:00.064331919 [331m38256[00m 0x7fc4ec0026d0 [37mDEBUG  [00m [00m         omxaudiodec gstomxaudiodec.c:496:gst_omx_audio_dec_loop:<omxmp3dec-omxmp3dec0>[00m Handling buffer: 0x00000000 78367
0:00:00.064337111 [331m38256[00m 0x7fc4ec0026d0 [37mDEBUG  [00m [00m         omxaudiodec gstomxaudiodec.c:506:gst_omx_audio_dec_loop:<omxmp3dec-omxmp3dec0>[00m Handling output data
0:00:00.064345248 [331m38256[00m 0x7fc4ec0026d0 [37mDEBUG  [00m [00m         omxaudiodec gstomxaudiodec.c:547:gst_omx_audio_dec_loop:<omxmp3dec-omxmp3dec0>[00m Read frame from component
0:00:00.066288309 [331m38256[00m 0x7fc4ec0026d0 [37mDEBUG  [00m [00m         omxaudiodec gstomxaudiodec.c:570:gst_omx_audio_dec_loop:<omxmp3dec-omxmp3dec0>[00m Finished frame: ok
0:00:00.066309284 [331m38256[00m 0x7fc4ec0026d0 [37mDEBUG  [00m [00m                 omx gstomx.c:1408:gst_omx_port_release_buffer:<omxmp3dec-omxmp3dec0>[00m Releasing buffer 0x7fc4e8001d40 (0x7fc4e810f9b0) to mad port 1
0:00:00.066328268 [331m38256[00m 0x7fc4ec0026d0 [37mDEBUG  [00m [00m                 omx gstomx.c:1454:gst_omx_port_release_buffer:<omxmp3dec-omxmp3dec0>[00m Released buffer 0x7fc4e8001d40 to mad port 1: None (0x00000000)
0:00:00.066355642 [331m38256[00m 0x7fc4ec0026d0 [37mDEBUG  [00m [00m                 omx gstomx.c:1250:gst_omx_port_acquire_buffer:<omxmp3dec-omxmp3dec0>[00m Acquiring mad buffer from port 1
0:00:00.066363763 [331m38256[00m 0x7fc4ec0026d0 [37mDEBUG  [00m [00m                 omx gstomx.c:1372:gst_omx_port_acquire_buffer:<omxmp3dec-omxmp3dec0>[00m mad port 1 has pending buffers
0:00:00.066368111 [331m38256[00m 0x7fc4ec0026d0 [37mDEBUG  [00m [00m                 omx gstomx.c:1386:gst_omx_port_acquire_buffer:<omxmp3dec-omxmp3dec0>[00m Acquired buffer 0x7fc4ec001e40 (0x7fc4e81079a0) from mad port 1: 0
0:00:00.066374611 [331m38256[00m 0x7fc4ec0026d0 [37mDEBUG  [00m [00m                 omx gstomx.c:1599:gst_omx_port_is_flushing:<omxmp3dec-omxmp3dec0>[00m mad port 1 is flushing: 0
0:00:00.066379040 [331m38256[00m 0x7fc4ec0026d0 [37mDEBUG  [00m [00m         omxaudiodec gstomxaudiodec.c:496:gst_omx_audio_dec_loop:<omxmp3dec-omxmp3dec0>[00m Handling buffer: 0x00000000 104489
0:00:00.066383898 [331m38256[00m 0x7fc4ec0026d0 [37mDEBUG  [00m [00m         omxaudiodec gstomxaudiodec.c:506:gst_omx_audio_dec_loop:<omxmp3dec-omxmp3dec0>[00m Handling output data
0:00:00.066390905 [331m38256[00m 0x7fc4ec0026d0 [37mDEBUG  [00m [00m         omxaudiodec gstomxaudiodec.c:547:gst_omx_audio_dec_loop:<omxmp3dec-omxmp3dec0>[00m Read frame from component
0:00:00.068727543 [331m38256[00m 0x7fc4ec0026d0 [37mDEBUG  [00m [00m         omxaudiodec gstomxaudiodec.c:570:gst_omx_audio_dec_loop:<omxmp3dec-omxmp3dec0>[00m Finished frame: ok
0:00:00.068747838 [331m38256[00m 0x7fc4ec0026d0 [37mDEBUG  [00m [00m                 omx gstomx.c:1408:gst_omx_port_release_buffer:<omxmp3dec-omxmp3dec0>[00m Releasing buffer 0x7fc4ec001e40 (0x7fc4e81079a0) to mad port 1
0:00:00.068897166 [331m38256[00m 0x7fc4ec0026d0 [37mDEBUG  [00m [00m                 omx gstomx.c:1454:gst_omx_port_release_buffer:<omxmp3dec-omxmp3dec0>[00m Released buffer 0x7fc4ec001e40 to mad port 1: None (0x00000000)
0:00:00.068964197 [331m38256[00m      0x158b630 [37mDEBUG  [00m [00m         omxaudiodec gstomxaudiodec.c:1045:gst_omx_audio_dec_handle_frame:<omxmp3dec-omxmp3dec0>[00m Handling frame
0:00:00.068964855 [331m38256[00m 0x7fc4ec0026d0 [37mDEBUG  [00m [00m                 omx gstomx.c:1250:gst_omx_port_acquire_buffer:<omxmp3dec-omxmp3dec0>[00m Acquiring mad buffer from port 1
0:00:00.069004316 [331m38256[00m 0x7fc4ec0026d0 [37mDEBUG  [00m [00m                 omx gstomx.c:1363:gst_omx_port_acquire_buffer:<omxmp3dec-omxmp3dec0>[00m Queue of mad port 1 is empty
0:00:00.069009531 [331m38256[00m 0x7fc4ec0026d0 [37mDEBUG  [00m [00m                 omx gstomx.c:432:gst_omx_component_wait_message:<omxmp3dec-omxmp3dec0>[00m mad waiting for signal
0:00:00.069075794 [331m38256[00m      0x158b630 [37mDEBUG  [00m [00m                 omx gstomx.c:1250:gst_omx_port_acquire_buffer:<omxmp3dec-omxmp3dec0>[00m Acquiring mad buffer from port 0
0:00:00.069090389 [331m38256[00m      0x158b630 [37mDEBUG  [00m [00m                 omx gstomx.c:1372:gst_omx_port_acquire_buffer:<omxmp3dec-omxmp3dec0>[00m mad port 0 has pending buffers
0:00:00.069098283 [331m38256[00m      0x158b630 [37mDEBUG  [00m [00m                 omx gstomx.c:1386:gst_omx_port_acquire_buffer:<omxmp3dec-omxmp3dec0>[00m Acquired buffer 0x7fc4ec002060 (0x7fc4ec016ab0) from mad port 0: 0
0:00:00.069108203 [331m38256[00m      0x158b630 [37mDEBUG  [00m [00m         omxaudiodec gstomxaudiodec.c:1189:gst_omx_audio_dec_handle_frame:<omxmp3dec-omxmp3dec0>[00m Passing frame offset 0 to the component
0:00:00.069116054 [331m38256[00m      0x158b630 [37mDEBUG  [00m [00m                 omx gstomx.c:1408:gst_omx_port_release_buffer:<omxmp3dec-omxmp3dec0>[00m Releasing buffer 0x7fc4ec002060 (0x7fc4ec016ab0) to mad port 0
0:00:00.069126929 [331m38256[00m      0x158b630 [37mDEBUG  [00m [00m                 omx gstomx.c:1454:gst_omx_port_release_buffer:<omxmp3dec-omxmp3dec0>[00m Released buffer 0x7fc4ec002060 to mad port 0: None (0x00000000)
0:00:00.069136105 [331m38256[00m      0x158b630 [37mDEBUG  [00m [00m         omxaudiodec gstomxaudiodec.c:1237:gst_omx_audio_dec_handle_frame:<omxmp3dec-omxmp3dec0>[00m Passed frame to component
0:00:00.069219251 [331m38256[00m      0x158b630 [37mDEBUG  [00m [00m         omxaudiodec gstomxaudiodec.c:1045:gst_omx_audio_dec_handle_frame:<omxmp3dec-omxmp3dec0>[00m Handling frame
0:00:00.069227998 [331m38256[00m      0x158b630 [37mDEBUG  [00m [00m                 omx gstomx.c:1250:gst_omx_port_acquire_buffer:<omxmp3dec-omxmp3dec0>[00m Acquiring mad buffer from port 0
0:00:00.069234022 [331m38256[00m      0x158b630 [37mDEBUG  [00m [00m                 omx gstomx.c:1372:gst_omx_port_acquire_buffer:<omxmp3dec-omxmp3dec0>[00m mad port 0 has pending buffers
0:00:00.069239646 [331m38256[00m      0x158b630 [37mDEBUG  [00m [00m                 omx gstomx.c:1386:gst_omx_port_acquire_buffer:<omxmp3dec-omxmp3dec0>[00m Acquired buffer 0x7fc4ec002000 (0x7fc4ec015aa0) from mad port 0: 0
0:00:00.069246573 [331m38256[00m      0x158b630 [37mDEBUG  [00m [00m         omxaudiodec gstomxaudiodec.c:1189:gst_omx_audio_dec_handle_frame:<omxmp3dec-omxmp3dec0>[00m Passing frame offset 0 to the component
0:00:00.069252121 [331m38256[00m      0x158b630 [37mDEBUG  [00m [00m                 omx gstomx.c:1408:gst_omx_port_release_buffer:<omxmp3dec-omxmp3dec0>[00m Releasing buffer 0x7fc4ec002000 (0x7fc4ec015aa0) to mad port 0
0:00:00.069259181 [331m38256[00m      0x158b630 [37mDEBUG  [00m [00m                 omx gstomx.c:1454:gst_omx_port_release_buffer:<omxmp3dec-omxmp3dec0>[00m Released buffer 0x7fc4ec002000 to mad port 0: None (0x00000000)
0:00:00.069266365 [331m38256[00m      0x158b630 [37mDEBUG  [00m [00m         omxaudiodec gstomxaudiodec.c:1237:gst_omx_audio_dec_handle_frame:<omxmp3dec-omxmp3dec0>[00m Passed frame to component
0:00:00.069299208 [331m38256[00m      0x158b630 [37mDEBUG  [00m [00m         omxaudiodec gstomxaudiodec.c:1045:gst_omx_audio_dec_handle_frame:<omxmp3dec-omxmp3dec0>[00m Handling frame
0:00:00.069306046 [331m38256[00m      0x158b630 [37mDEBUG  [00m [00m                 omx gstomx.c:1250:gst_omx_port_acquire_buffer:<omxmp3dec-omxmp3dec0>[00m Acquiring mad buffer from port 0
0:00:00.069544271 [331m38256[00m      0x158b630 [37mDEBUG  [00m [00m                 omx gstomx.c:1363:gst_omx_port_acquire_buffer:<omxmp3dec-omxmp3dec0>[00m Queue of mad port 0 is empty
0:00:00.069551784 [331m38256[00m      0x158b630 [37mDEBUG  [00m [00m                 omx gstomx.c:432:gst_omx_component_wait_message:<omxmp3dec-omxmp3dec0>[00m mad waiting for signal
0:00:00.069744559 [331m38256[00m 0x7fc4e8001980 [33;01mLOG    [00m [00m                 omx gstomx.c:653:FillBufferDone:<omxmp3dec-omxmp3dec0>[00m mad port 1 filled buffer 0x7fc4e8001d40 (0x7fc4e810f9b0)
0:00:00.069776248 [331m38256[00m 0x7fc4e8001980 [33;01mLOG    [00m [00m                 omx gstomx.c:615:EmptyBufferDone:<omxmp3dec-omxmp3dec0>[00m mad port 0 emptied buffer 0x7fc4ec002060 (0x7fc4ec016ab0)
0:00:00.069801769 [331m38256[00m      0x158b630 [33;01mLOG    [00m [00m                 omx gstomx.c:377:gst_omx_component_handle_messages:<omxmp3dec-omxmp3dec0>[00m mad port 1 filled buffer 0x7fc4e8001d40 (0x7fc4e810f9b0)
0:00:00.069826641 [331m38256[00m 0x7fc4e8001980 [33;01mLOG    [00m [00m                 omx gstomx.c:653:FillBufferDone:<omxmp3dec-omxmp3dec0>[00m mad port 1 filled buffer 0x7fc4ec001e40 (0x7fc4e81079a0)
0:00:00.069847521 [331m38256[00m      0x158b630 [33;01mLOG    [00m [00m                 omx gstomx.c:361:gst_omx_component_handle_messages:<omxmp3dec-omxmp3dec0>[00m mad port 0 emptied buffer 0x7fc4ec002060 (0x7fc4ec016ab0)
0:00:00.070277364 [331m38256[00m 0x7fc4e8001980 [33;01mLOG    [00m [00m                 omx gstomx.c:615:EmptyBufferDone:<omxmp3dec-omxmp3dec0>[00m mad port 0 emptied buffer 0x7fc4ec002000 (0x7fc4ec015aa0)
0:00:00.070302881 [331m38256[00m      0x158b630 [33;01mLOG    [00m [00m                 omx gstomx.c:377:gst_omx_component_handle_messages:<omxmp3dec-omxmp3dec0>[00m mad port 1 filled buffer 0x7fc4ec001e40 (0x7fc4e81079a0)
0:00:00.070315777 [331m38256[00m      0x158b630 [33;01mLOG    [00m [00m                 omx gstomx.c:361:gst_omx_component_handle_messages:<omxmp3dec-omxmp3dec0>[00m mad port 0 emptied buffer 0x7fc4ec002000 (0x7fc4ec015aa0)
0:00:00.070322551 [331m38256[00m      0x158b630 [37mDEBUG  [00m [00m                 omx gstomx.c:1372:gst_omx_port_acquire_buffer:<omxmp3dec-omxmp3dec0>[00m mad port 0 has pending buffers
0:00:00.070329826 [331m38256[00m      0x158b630 [37mDEBUG  [00m [00m                 omx gstomx.c:1386:gst_omx_port_acquire_buffer:<omxmp3dec-omxmp3dec0>[00m Acquired buffer 0x7fc4ec002060 (0x7fc4ec016ab0) from mad port 0: 0
0:00:00.070338766 [331m38256[00m      0x158b630 [37mDEBUG  [00m [00m         omxaudiodec gstomxaudiodec.c:1189:gst_omx_audio_dec_handle_frame:<omxmp3dec-omxmp3dec0>[00m Passing frame offset 0 to the component
0:00:00.070345661 [331m38256[00m      0x158b630 [37mDEBUG  [00m [00m                 omx gstomx.c:1408:gst_omx_port_release_buffer:<omxmp3dec-omxmp3dec0>[00m Releasing buffer 0x7fc4ec002060 (0x7fc4ec016ab0) to mad port 0
0:00:00.070354615 [331m38256[00m      0x158b630 [37mDEBUG  [00m [00m                 omx gstomx.c:1454:gst_omx_port_release_buffer:<omxmp3dec-omxmp3dec0>[00m Released buffer 0x7fc4ec002060 to mad port 0: None (0x00000000)
0:00:00.070362782 [331m38256[00m      0x158b630 [37mDEBUG  [00m [00m         omxaudiodec gstomxaudiodec.c:1237:gst_omx_audio_dec_handle_frame:<omxmp3dec-omxmp3dec0>[00m Passed frame to component
0:00:00.070417443 [331m38256[00m      0x158b630 [37mDEBUG  [00m [00m         omxaudiodec gstomxaudiodec.c:1045:gst_omx_audio_dec_handle_frame:<omxmp3dec-omxmp3dec0>[00m Handling frame
0:00:00.070425665 [331m38256[00m      0x158b630 [37mDEBUG  [00m [00m                 omx gstomx.c:1250:gst_omx_port_acquire_buffer:<omxmp3dec-omxmp3dec0>[00m Acquiring mad buffer from port 0
0:00:00.070431536 [331m38256[00m      0x158b630 [37mDEBUG  [00m [00m                 omx gstomx.c:1372:gst_omx_port_acquire_buffer:<omxmp3dec-omxmp3dec0>[00m mad port 0 has pending buffers
0:00:00.070436815 [331m38256[00m      0x158b630 [37mDEBUG  [00m [00m                 omx gstomx.c:1386:gst_omx_port_acquire_buffer:<omxmp3dec-omxmp3dec0>[00m Acquired buffer 0x7fc4ec002000 (0x7fc4ec015aa0) from mad port 0: 0
0:00:00.070443466 [331m38256[00m      0x158b630 [37mDEBUG  [00m [00m         omxaudiodec gstomxaudiodec.c:1189:gst_omx_audio_dec_handle_frame:<omxmp3dec-omxmp3dec0>[00m Passing frame offset 0 to the component
0:00:00.070454711 [331m38256[00m      0x158b630 [37mDEBUG  [00m [00m                 omx gstomx.c:1408:gst_omx_port_release_buffer:<omxmp3dec-omxmp3dec0>[00m Releasing buffer 0x7fc4ec002000 (0x7fc4ec015aa0) to mad port 0
0:00:00.070482472 [331m38256[00m      0x158b630 [37mDEBUG  [00m [00m                 omx gstomx.c:1454:gst_omx_port_release_buffer:<omxmp3dec-omxmp3dec0>[00m Released buffer 0x7fc4ec002000 to mad port 0: None (0x00000000)
0:00:00.070521402 [331m38256[00m      0x158b630 [37mDEBUG  [00m [00m         omxaudiodec gstomxaudiodec.c:1237:gst_omx_audio_dec_handle_frame:<omxmp3dec-omxmp3dec0>[00m Passed frame to component
0:00:00.070610368 [331m38256[00m      0x158b630 [37mDEBUG  [00m [00m         omxaudiodec gstomxaudiodec.c:1045:gst_omx_audio_dec_handle_frame:<omxmp3dec-omxmp3dec0>[00m Handling frame
0:00:00.070618480 [331m38256[00m      0x158b630 [37mDEBUG  [00m [00m                 omx gstomx.c:1250:gst_omx_port_acquire_buffer:<omxmp3dec-omxmp3dec0>[00m Acquiring mad buffer from port 0
0:00:00.070643930 [331m38256[00m      0x158b630 [37mDEBUG  [00m [00m                 omx gstomx.c:1363:gst_omx_port_acquire_buffer:<omxmp3dec-omxmp3dec0>[00m Queue of mad port 0 is empty
0:00:00.070649603 [331m38256[00m      0x158b630 [37mDEBUG  [00m [00m                 omx gstomx.c:432:gst_omx_component_wait_message:<omxmp3dec-omxmp3dec0>[00m mad waiting for signal
0:00:00.070656629 [331m38256[00m 0x7fc4ec0026d0 [37mDEBUG  [00m [00m                 omx gstomx.c:1372:gst_omx_port_acquire_buffer:<omxmp3dec-omxmp3dec0>[00m mad port 1 has pending buffers
0:00:00.070661639 [331m38256[00m 0x7fc4ec0026d0 [37mDEBUG  [00m [00m                 omx gstomx.c:1386:gst_omx_port_acquire_buffer:<omxmp3dec-omxmp3dec0>[00m Acquired buffer 0x7fc4e8001d40 (0x7fc4e810f9b0) from mad port 1: 0
0:00:00.070667491 [331m38256[00m 0x7fc4ec0026d0 [37mDEBUG  [00m [00m                 omx gstomx.c:1599:gst_omx_port_is_flushing:<omxmp3dec-omxmp3dec0>[00m mad port 1 is flushing: 0
0:00:00.070671698 [331m38256[00m 0x7fc4ec0026d0 [37mDEBUG  [00m [00m         omxaudiodec gstomxaudiodec.c:496:gst_omx_audio_dec_loop:<omxmp3dec-omxmp3dec0>[00m Handling buffer: 0x00000000 130612
0:00:00.070676563 [331m38256[00m 0x7fc4ec0026d0 [37mDEBUG  [00m [00m         omxaudiodec gstomxaudiodec.c:506:gst_omx_audio_dec_loop:<omxmp3dec-omxmp3dec0>[00m Handling output data
0:00:00.070682981 [331m38256[00m 0x7fc4ec0026d0 [37mDEBUG  [00m [00m         omxaudiodec gstomxaudiodec.c:547:gst_omx_audio_dec_loop:<omxmp3dec-omxmp3dec0>[00m Read frame from component
0:00:00.073537866 [331m38256[00m 0x7fc4ec0026d0 [37mDEBUG  [00m [00m         omxaudiodec gstomxaudiodec.c:570:gst_omx_audio_dec_loop:<omxmp3dec-omxmp3dec0>[00m Finished frame: ok
0:00:00.073577535 [331m38256[00m 0x7fc4ec0026d0 [37mDEBUG  [00m [00m                 omx gstomx.c:1408:gst_omx_port_release_buffer:<omxmp3dec-omxmp3dec0>[00m Releasing buffer 0x7fc4e8001d40 (0x7fc4e810f9b0) to mad port 1
0:00:00.073595841 [331m38256[00m 0x7fc4ec0026d0 [37mDEBUG  [00m [00m                 omx gstomx.c:1454:gst_omx_port_release_buffer:<omxmp3dec-omxmp3dec0>[00m Released buffer 0x7fc4e8001d40 to mad port 1: None (0x00000000)
0:00:00.073605748 [331m38256[00m 0x7fc4ec0026d0 [37mDEBUG  [00m [00m                 omx gstomx.c:1250:gst_omx_port_acquire_buffer:<omxmp3dec-omxmp3dec0>[00m Acquiring mad buffer from port 1
0:00:00.073611768 [331m38256[00m 0x7fc4ec0026d0 [37mDEBUG  [00m [00m                 omx gstomx.c:1372:gst_omx_port_acquire_buffer:<omxmp3dec-omxmp3dec0>[00m mad port 1 has pending buffers
0:00:00.073617699 [331m38256[00m 0x7fc4ec0026d0 [37mDEBUG  [00m [00m                 omx gstomx.c:1386:gst_omx_port_acquire_buffer:<omxmp3dec-omxmp3dec0>[00m Acquired buffer 0x7fc4ec001e40 (0x7fc4e81079a0) from mad port 1: 0
0:00:00.073625909 [331m38256[00m 0x7fc4ec0026d0 [37mDEBUG  [00m [00m                 omx gstomx.c:1599:gst_omx_port_is_flushing:<omxmp3dec-omxmp3dec0>[00m mad port 1 is flushing: 0
0:00:00.073631792 [331m38256[00m 0x7fc4ec0026d0 [37mDEBUG  [00m [00m         omxaudiodec gstomxaudiodec.c:496:gst_omx_audio_dec_loop:<omxmp3dec-omxmp3dec0>[00m Handling buffer: 0x00000000 156734
0:00:00.073649177 [331m38256[00m 0x7fc4ec0026d0 [37mDEBUG  [00m [00m         omxaudiodec gstomxaudiodec.c:506:gst_omx_audio_dec_loop:<omxmp3dec-omxmp3dec0>[00m Handling output data
0:00:00.073660259 [331m38256[00m 0x7fc4ec0026d0 [37mDEBUG  [00m [00m         omxaudiodec gstomxaudiodec.c:547:gst_omx_audio_dec_loop:<omxmp3dec-omxmp3dec0>[00m Read frame from component
0:00:00.073954380 [331m38256[00m 0x7fc4e8001980 [33;01mLOG    [00m [00m                 omx gstomx.c:653:FillBufferDone:<omxmp3dec-omxmp3dec0>[00m mad port 1 filled buffer 0x7fc4e8001d40 (0x7fc4e810f9b0)
0:00:00.073973461 [331m38256[00m 0x7fc4e8001980 [33;01mLOG    [00m [00m                 omx gstomx.c:615:EmptyBufferDone:<omxmp3dec-omxmp3dec0>[00m mad port 0 emptied buffer 0x7fc4ec002060 (0x7fc4ec016ab0)
0:00:00.073983769 [331m38256[00m      0x158b630 [33;01mLOG    [00m [00m                 omx gstomx.c:377:gst_omx_component_handle_messages:<omxmp3dec-omxmp3dec0>[00m mad port 1 filled buffer 0x7fc4e8001d40 (0x7fc4e810f9b0)
0:00:00.073997122 [331m38256[00m      0x158b630 [33;01mLOG    [00m [00m                 omx gstomx.c:361:gst_omx_component_handle_messages:<omxmp3dec-omxmp3dec0>[00m mad port 0 emptied buffer 0x7fc4ec002060 (0x7fc4ec016ab0)
0:00:00.074004415 [331m38256[00m      0x158b630 [37mDEBUG  [00m [00m                 omx gstomx.c:1372:gst_omx_port_acquire_buffer:<omxmp3dec-omxmp3dec0>[00m mad port 0 has pending buffers
0:00:00.074010135 [331m38256[00m      0x158b630 [37mDEBUG  [00m [00m                 omx gstomx.c:1386:gst_omx_port_acquire_buffer:<omxmp3dec-omxmp3dec0>[00m Acquired buffer 0x7fc4ec002060 (0x7fc4ec016ab0) from mad port 0: 0
0:00:00.076156543 [331m38256[00m 0x7fc4ec0026d0 [37mDEBUG  [00m [00m         omxaudiodec gstomxaudiodec.c:570:gst_omx_audio_dec_loop:<omxmp3dec-omxmp3dec0>[00m Finished frame: ok
0:00:00.076175861 [331m38256[00m 0x7fc4ec0026d0 [37mDEBUG  [00m [00m                 omx gstomx.c:1408:gst_omx_port_release_buffer:<omxmp3dec-omxmp3dec0>[00m Releasing buffer 0x7fc4ec001e40 (0x7fc4e81079a0) to mad port 1
0:00:00.076190394 [331m38256[00m 0x7fc4ec0026d0 [37mDEBUG  [00m [00m                 omx gstomx.c:1454:gst_omx_port_release_buffer:<omxmp3dec-omxmp3dec0>[00m Released buffer 0x7fc4ec001e40 to mad port 1: None (0x00000000)
0:00:00.076204753 [331m38256[00m      0x158b630 [37mDEBUG  [00m [00m         omxaudiodec gstomxaudiodec.c:1189:gst_omx_audio_dec_handle_frame:<omxmp3dec-omxmp3dec0>[00m Passing frame offset 0 to the component
0:00:00.076213511 [331m38256[00m      0x158b630 [37mDEBUG  [00m [00m                 omx gstomx.c:1408:gst_omx_port_release_buffer:<omxmp3dec-omxmp3dec0>[00m Releasing buffer 0x7fc4ec002060 (0x7fc4ec016ab0) to mad port 0
0:00:00.076221974 [331m38256[00m      0x158b630 [37mDEBUG  [00m [00m                 omx gstomx.c:1454:gst_omx_port_release_buffer:<omxmp3dec-omxmp3dec0>[00m Released buffer 0x7fc4ec002060 to mad port 0: None (0x00000000)
0:00:00.076229282 [331m38256[00m      0x158b630 [37mDEBUG  [00m [00m         omxaudiodec gstomxaudiodec.c:1237:gst_omx_audio_dec_handle_frame:<omxmp3dec-omxmp3dec0>[00m Passed frame to component
0:00:00.076288378 [331m38256[00m      0x158b630 [37mDEBUG  [00m [00m         omxaudiodec gstomxaudiodec.c:1045:gst_omx_audio_dec_handle_frame:<omxmp3dec-omxmp3dec0>[00m Handling frame
0:00:00.076296601 [331m38256[00m      0x158b630 [37mDEBUG  [00m [00m                 omx gstomx.c:1250:gst_omx_port_acquire_buffer:<omxmp3dec-omxmp3dec0>[00m Acquiring mad buffer from port 0
0:00:00.076303335 [331m38256[00m      0x158b630 [37mDEBUG  [00m [00m                 omx gstomx.c:1363:gst_omx_port_acquire_buffer:<omxmp3dec-omxmp3dec0>[00m Queue of mad port 0 is empty
0:00:00.076309540 [331m38256[00m      0x158b630 [37mDEBUG  [00m [00m                 omx gstomx.c:432:gst_omx_component_wait_message:<omxmp3dec-omxmp3dec0>[00m mad waiting for signal
0:00:00.076381770 [331m38256[00m 0x7fc4ec0026d0 [37mDEBUG  [00m [00m                 omx gstomx.c:1250:gst_omx_port_acquire_buffer:<omxmp3dec-omxmp3dec0>[00m Acquiring mad buffer from port 1
0:00:00.076405004 [331m38256[00m 0x7fc4ec0026d0 [37mDEBUG  [00m [00m                 omx gstomx.c:1372:gst_omx_port_acquire_buffer:<omxmp3dec-omxmp3dec0>[00m mad port 1 has pending buffers
0:00:00.076411055 [331m38256[00m 0x7fc4ec0026d0 [37mDEBUG  [00m [00m                 omx gstomx.c:1386:gst_omx_port_acquire_buffer:<omxmp3dec-omxmp3dec0>[00m Acquired buffer 0x7fc4e8001d40 (0x7fc4e810f9b0) from mad port 1: 0
0:00:00.076418403 [331m38256[00m 0x7fc4ec0026d0 [37mDEBUG  [00m [00m                 omx gstomx.c:1599:gst_omx_port_is_flushing:<omxmp3dec-omxmp3dec0>[00m mad port 1 is flushing: 0
0:00:00.076424472 [331m38256[00m 0x7fc4ec0026d0 [37mDEBUG  [00m [00m         omxaudiodec gstomxaudiodec.c:496:gst_omx_audio_dec_loop:<omxmp3dec-omxmp3dec0>[00m Handling buffer: 0x00000000 182857
0:00:00.076430866 [331m38256[00m 0x7fc4ec0026d0 [37mDEBUG  [00m [00m         omxaudiodec gstomxaudiodec.c:506:gst_omx_audio_dec_loop:<omxmp3dec-omxmp3dec0>[00m Handling output data
0:00:00.076439458 [331m38256[00m 0x7fc4ec0026d0 [37mDEBUG  [00m [00m         omxaudiodec gstomxaudiodec.c:547:gst_omx_audio_dec_loop:<omxmp3dec-omxmp3dec0>[00m Read frame from component
0:00:00.076471156 [331m38256[00m 0x7fc4e8001980 [33;01mLOG    [00m [00m                 omx gstomx.c:653:FillBufferDone:<omxmp3dec-omxmp3dec0>[00m mad port 1 filled buffer 0x7fc4ec001e40 (0x7fc4e81079a0)
0:00:00.076778643 [331m38256[00m 0x7fc4e8001980 [33;01mLOG    [00m [00m                 omx gstomx.c:615:EmptyBufferDone:<omxmp3dec-omxmp3dec0>[00m mad port 0 emptied buffer 0x7fc4ec002000 (0x7fc4ec015aa0)
0:00:00.076785472 [331m38256[00m      0x158b630 [33;01mLOG    [00m [00m                 omx gstomx.c:377:gst_omx_component_handle_messages:<omxmp3dec-omxmp3dec0>[00m mad port 1 filled buffer 0x7fc4ec001e40 (0x7fc4e81079a0)
0:00:00.076797647 [331m38256[00m      0x158b630 [33;01mLOG    [00m [00m                 omx gstomx.c:361:gst_omx_component_handle_messages:<omxmp3dec-omxmp3dec0>[00m mad port 0 emptied buffer 0x7fc4ec002000 (0x7fc4ec015aa0)
0:00:00.076818947 [331m38256[00m      0x158b630 [37mDEBUG  [00m [00m                 omx gstomx.c:1372:gst_omx_port_acquire_buffer:<omxmp3dec-omxmp3dec0>[00m mad port 0 has pending buffers
0:00:00.076825383 [331m38256[00m      0x158b630 [37mDEBUG  [00m [00m                 omx gstomx.c:1386:gst_omx_port_acquire_buffer:<omxmp3dec-omxmp3dec0>[00m Acquired buffer 0x7fc4ec002000 (0x7fc4ec015aa0) from mad port 0: 0
0:00:00.080490039 [331m38256[00m 0x7fc4ec0026d0 [37mDEBUG  [00m [00m         omxaudiodec gstomxaudiodec.c:570:gst_omx_audio_dec_loop:<omxmp3dec-omxmp3dec0>[00m Finished frame: ok
0:00:00.080546063 [331m38256[00m 0x7fc4ec0026d0 [37mDEBUG  [00m [00m                 omx gstomx.c:1408:gst_omx_port_release_buffer:<omxmp3dec-omxmp3dec0>[00m Releasing buffer 0x7fc4e8001d40 (0x7fc4e810f9b0) to mad port 1
0:00:00.080577711 [331m38256[00m 0x7fc4ec0026d0 [37mDEBUG  [00m [00m                 omx gstomx.c:1454:gst_omx_port_release_buffer:<omxmp3dec-omxmp3dec0>[00m Released buffer 0x7fc4e8001d40 to mad port 1: None (0x00000000)
0:00:00.080594752 [331m38256[00m      0x158b630 [37mDEBUG  [00m [00m         omxaudiodec gstomxaudiodec.c:1189:gst_omx_audio_dec_handle_frame:<omxmp3dec-omxmp3dec0>[00m Passing frame offset 0 to the component
0:00:00.080612436 [331m38256[00m      0x158b630 [37mDEBUG  [00m [00m                 omx gstomx.c:1408:gst_omx_port_release_buffer:<omxmp3dec-omxmp3dec0>[00m Releasing buffer 0x7fc4ec002000 (0x7fc4ec015aa0) to mad port 0
0:00:00.080624099 [331m38256[00m      0x158b630 [37mDEBUG  [00m [00m                 omx gstomx.c:1454:gst_omx_port_release_buffer:<omxmp3dec-omxmp3dec0>[00m Released buffer 0x7fc4ec002000 to mad port 0: None (0x00000000)
0:00:00.080629986 [331m38256[00m      0x158b630 [37mDEBUG  [00m [00m         omxaudiodec gstomxaudiodec.c:1237:gst_omx_audio_dec_handle_frame:<omxmp3dec-omxmp3dec0>[00m Passed frame to component
0:00:00.080728699 [331m38256[00m      0x158b630 [37mDEBUG  [00m [00m         omxaudiodec gstomxaudiodec.c:1045:gst_omx_audio_dec_handle_frame:<omxmp3dec-omxmp3dec0>[00m Handling frame
0:00:00.080736656 [331m38256[00m      0x158b630 [37mDEBUG  [00m [00m                 omx gstomx.c:1250:gst_omx_port_acquire_buffer:<omxmp3dec-omxmp3dec0>[00m Acquiring mad buffer from port 0
0:00:00.080741314 [331m38256[00m      0x158b630 [37mDEBUG  [00m [00m                 omx gstomx.c:1363:gst_omx_port_acquire_buffer:<omxmp3dec-omxmp3dec0>[00m Queue of mad port 0 is empty
0:00:00.080745313 [331m38256[00m      0x158b630 [37mDEBUG  [00m [00m                 omx gstomx.c:432:gst_omx_component_wait_message:<omxmp3dec-omxmp3dec0>[00m mad waiting for signal
0:00:00.080752705 [331m38256[00m 0x7fc4ec0026d0 [37mDEBUG  [00m [00m                 omx gstomx.c:1250:gst_omx_port_acquire_buffer:<omxmp3dec-omxmp3dec0>[00m Acquiring mad buffer from port 1
0:00:00.080757355 [331m38256[00m 0x7fc4ec0026d0 [37mDEBUG  [00m [00m                 omx gstomx.c:1372:gst_omx_port_acquire_buffer:<omxmp3dec-omxmp3dec0>[00m mad port 1 has pending buffers
0:00:00.080761173 [331m38256[00m 0x7fc4ec0026d0 [37mDEBUG  [00m [00m                 omx gstomx.c:1386:gst_omx_port_acquire_buffer:<omxmp3dec-omxmp3dec0>[00m Acquired buffer 0x7fc4ec001e40 (0x7fc4e81079a0) from mad port 1: 0
0:00:00.080766960 [331m38256[00m 0x7fc4ec0026d0 [37mDEBUG  [00m [00m                 omx gstomx.c:1599:gst_omx_port_is_flushing:<omxmp3dec-omxmp3dec0>[00m mad port 1 is flushing: 0
0:00:00.080771125 [331m38256[00m 0x7fc4ec0026d0 [37mDEBUG  [00m [00m         omxaudiodec gstomxaudiodec.c:496:gst_omx_audio_dec_loop:<omxmp3dec-omxmp3dec0>[00m Handling buffer: 0x00000000 208979
0:00:00.080775674 [331m38256[00m 0x7fc4ec0026d0 [37mDEBUG  [00m [00m         omxaudiodec gstomxaudiodec.c:506:gst_omx_audio_dec_loop:<omxmp3dec-omxmp3dec0>[00m Handling output data
0:00:00.080782142 [331m38256[00m 0x7fc4ec0026d0 [37mDEBUG  [00m [00m         omxaudiodec gstomxaudiodec.c:547:gst_omx_audio_dec_loop:<omxmp3dec-omxmp3dec0>[00m Read frame from component
0:00:00.080820531 [331m38256[00m 0x7fc4e8001980 [33;01mLOG    [00m [00m                 omx gstomx.c:653:FillBufferDone:<omxmp3dec-omxmp3dec0>[00m mad port 1 filled buffer 0x7fc4e8001d40 (0x7fc4e810f9b0)
0:00:00.080844431 [331m38256[00m 0x7fc4e8001980 [33;01mLOG    [00m [00m                 omx gstomx.c:615:EmptyBufferDone:<omxmp3dec-omxmp3dec0>[00m mad port 0 emptied buffer 0x7fc4ec002060 (0x7fc4ec016ab0)
0:00:00.080851363 [331m38256[00m      0x158b630 [33;01mLOG    [00m [00m                 omx gstomx.c:377:gst_omx_component_handle_messages:<omxmp3dec-omxmp3dec0>[00m mad port 1 filled buffer 0x7fc4e8001d40 (0x7fc4e810f9b0)
0:00:00.080859776 [331m38256[00m      0x158b630 [33;01mLOG    [00m [00m                 omx gstomx.c:361:gst_omx_component_handle_messages:<omxmp3dec-omxmp3dec0>[00m mad port 0 emptied buffer 0x7fc4ec002060 (0x7fc4ec016ab0)
0:00:00.080864267 [331m38256[00m      0x158b630 [37mDEBUG  [00m [00m                 omx gstomx.c:1372:gst_omx_port_acquire_buffer:<omxmp3dec-omxmp3dec0>[00m mad port 0 has pending buffers
0:00:00.080867757 [331m38256[00m      0x158b630 [37mDEBUG  [00m [00m                 omx gstomx.c:1386:gst_omx_port_acquire_buffer:<omxmp3dec-omxmp3dec0>[00m Acquired buffer 0x7fc4ec002060 (0x7fc4ec016ab0) from mad port 0: 0
0:00:00.083043118 [331m38256[00m 0x7fc4ec0026d0 [37mDEBUG  [00m [00m         omxaudiodec gstomxaudiodec.c:570:gst_omx_audio_dec_loop:<omxmp3dec-omxmp3dec0>[00m Finished frame: ok
0:00:00.083074798 [331m38256[00m 0x7fc4ec0026d0 [37mDEBUG  [00m [00m                 omx gstomx.c:1408:gst_omx_port_release_buffer:<omxmp3dec-omxmp3dec0>[00m Releasing buffer 0x7fc4ec001e40 (0x7fc4e81079a0) to mad port 1
0:00:00.083114509 [331m38256[00m 0x7fc4ec0026d0 [37mDEBUG  [00m [00m                 omx gstomx.c:1454:gst_omx_port_release_buffer:<omxmp3dec-omxmp3dec0>[00m Released buffer 0x7fc4ec001e40 to mad port 1: None (0x00000000)
0:00:00.083146327 [331m38256[00m      0x158b630 [37mDEBUG  [00m [00m         omxaudiodec gstomxaudiodec.c:1189:gst_omx_audio_dec_handle_frame:<omxmp3dec-omxmp3dec0>[00m Passing frame offset 0 to the component
0:00:00.083209809 [331m38256[00m      0x158b630 [37mDEBUG  [00m [00m                 omx gstomx.c:1408:gst_omx_port_release_buffer:<omxmp3dec-omxmp3dec0>[00m Releasing buffer 0x7fc4ec002060 (0x7fc4ec016ab0) to mad port 0
0:00:00.083222953 [331m38256[00m      0x158b630 [37mDEBUG  [00m [00m                 omx gstomx.c:1454:gst_omx_port_release_buffer:<omxmp3dec-omxmp3dec0>[00m Released buffer 0x7fc4ec002060 to mad port 0: None (0x00000000)
0:00:00.083231259 [331m38256[00m      0x158b630 [37mDEBUG  [00m [00m         omxaudiodec gstomxaudiodec.c:1237:gst_omx_audio_dec_handle_frame:<omxmp3dec-omxmp3dec0>[00m Passed frame to component
0:00:00.083589101 [331m38256[00m      0x158b630 [37mDEBUG  [00m [00m         omxaudiodec gstomxaudiodec.c:1045:gst_omx_audio_dec_handle_frame:<omxmp3dec-omxmp3dec0>[00m Handling frame
0:00:00.083650809 [331m38256[00m      0x158b630 [37mDEBUG  [00m [00m                 omx gstomx.c:1250:gst_omx_port_acquire_buffer:<omxmp3dec-omxmp3dec0>[00m Acquiring mad buffer from port 0
0:00:00.083731486 [331m38256[00m      0x158b630 [37mDEBUG  [00m [00m                 omx gstomx.c:1363:gst_omx_port_acquire_buffer:<omxmp3dec-omxmp3dec0>[00m Queue of mad port 0 is empty
0:00:00.083778554 [331m38256[00m      0x158b630 [37mDEBUG  [00m [00m                 omx gstomx.c:432:gst_omx_component_wait_message:<omxmp3dec-omxmp3dec0>[00m mad waiting for signal
0:00:00.083792314 [331m38256[00m 0x7fc4ec0026d0 [37mDEBUG  [00m [00m                 omx gstomx.c:1250:gst_omx_port_acquire_buffer:<omxmp3dec-omxmp3dec0>[00m Acquiring mad buffer from port 1
0:00:00.083800306 [331m38256[00m 0x7fc4ec0026d0 [37mDEBUG  [00m [00m                 omx gstomx.c:1372:gst_omx_port_acquire_buffer:<omxmp3dec-omxmp3dec0>[00m mad port 1 has pending buffers
0:00:00.083838815 [331m38256[00m 0x7fc4ec0026d0 [37mDEBUG  [00m [00m                 omx gstomx.c:1386:gst_omx_port_acquire_buffer:<omxmp3dec-omxmp3dec0>[00m Acquired buffer 0x7fc4e8001d40 (0x7fc4e810f9b0) from mad port 1: 0
0:00:00.083853092 [331m38256[00m 0x7fc4ec0026d0 [37mDEBUG  [00m [00m                 omx gstomx.c:1599:gst_omx_port_is_flushing:<omxmp3dec-omxmp3dec0>[00m mad port 1 is flushing: 0
0:00:00.083860022 [331m38256[00m 0x7fc4ec0026d0 [37mDEBUG  [00m [00m         omxaudiodec gstomxaudiodec.c:496:gst_omx_audio_dec_loop:<omxmp3dec-omxmp3dec0>[00m Handling buffer: 0x00000000 235102
0:00:00.083867391 [331m38256[00m 0x7fc4ec0026d0 [37mDEBUG  [00m [00m         omxaudiodec gstomxaudiodec.c:506:gst_omx_audio_dec_loop:<omxmp3dec-omxmp3dec0>[00m Handling output data
0:00:00.083877296 [331m38256[00m 0x7fc4ec0026d0 [37mDEBUG  [00m [00m         omxaudiodec gstomxaudiodec.c:547:gst_omx_audio_dec_loop:<omxmp3dec-omxmp3dec0>[00m Read frame from component
0:00:00.085461431 [331m38256[00m 0x7fc4e8001980 [33;01mLOG    [00m [00m                 omx gstomx.c:653:FillBufferDone:<omxmp3dec-omxmp3dec0>[00m mad port 1 filled buffer 0x7fc4ec001e40 (0x7fc4e81079a0)
0:00:00.085511311 [331m38256[00m 0x7fc4e8001980 [33;01mLOG    [00m [00m                 omx gstomx.c:615:EmptyBufferDone:<omxmp3dec-omxmp3dec0>[00m mad port 0 emptied buffer 0x7fc4ec002000 (0x7fc4ec015aa0)
0:00:00.085523110 [331m38256[00m      0x158b630 [33;01mLOG    [00m [00m                 omx gstomx.c:377:gst_omx_component_handle_messages:<omxmp3dec-omxmp3dec0>[00m mad port 1 filled buffer 0x7fc4ec001e40 (0x7fc4e81079a0)
0:00:00.085540817 [331m38256[00m      0x158b630 [33;01mLOG    [00m [00m                 omx gstomx.c:361:gst_omx_component_handle_messages:<omxmp3dec-omxmp3dec0>[00m mad port 0 emptied buffer 0x7fc4ec002000 (0x7fc4ec015aa0)
0:00:00.085548629 [331m38256[00m      0x158b630 [37mDEBUG  [00m [00m                 omx gstomx.c:1372:gst_omx_port_acquire_buffer:<omxmp3dec-omxmp3dec0>[00m mad port 0 has pending buffers
0:00:00.085566570 [331m38256[00m      0x158b630 [37mDEBUG  [00m [00m                 omx gstomx.c:1386:gst_omx_port_acquire_buffer:<omxmp3dec-omxmp3dec0>[00m Acquired buffer 0x7fc4ec002000 (0x7fc4ec015aa0) from mad port 0: 0
0:00:00.090503719 [331m38256[00m 0x7fc4ec0026d0 [37mDEBUG  [00m [00m         omxaudiodec gstomxaudiodec.c:570:gst_omx_audio_dec_loop:<omxmp3dec-omxmp3dec0>[00m Finished frame: ok
0:00:00.090531032 [331m38256[00m 0x7fc4ec0026d0 [37mDEBUG  [00m [00m                 omx gstomx.c:1408:gst_omx_port_release_buffer:<omxmp3dec-omxmp3dec0>[00m Releasing buffer 0x7fc4e8001d40 (0x7fc4e810f9b0) to mad port 1
0:00:00.090545480 [331m38256[00m 0x7fc4ec0026d0 [37mDEBUG  [00m [00m                 omx gstomx.c:1454:gst_omx_port_release_buffer:<omxmp3dec-omxmp3dec0>[00m Released buffer 0x7fc4e8001d40 to mad port 1: None (0x00000000)
0:00:00.090568338 [331m38256[00m      0x158b630 [37mDEBUG  [00m [00m         omxaudiodec gstomxaudiodec.c:1189:gst_omx_audio_dec_handle_frame:<omxmp3dec-omxmp3dec0>[00m Passing frame offset 0 to the component
0:00:00.090576756 [331m38256[00m      0x158b630 [37mDEBUG  [00m [00m                 omx gstomx.c:1408:gst_omx_port_release_buffer:<omxmp3dec-omxmp3dec0>[00m Releasing buffer 0x7fc4ec002000 (0x7fc4ec015aa0) to mad port 0
