0:00:00.344868161 [334m19341[00m 0x7f4934007540 [37mDEBUG  [00m [00;01;31;41m            GST_PADS gstpad.c:3931:gst_pad_query:<parsebin2:sink>[00m doing query 0x7f4910013a80 (accept-caps)
0:00:00.344911452 [334m19341[00m 0x7f4934007540 [37mDEBUG  [00m [00;01;31;41m            GST_PADS gstutils.c:2594:gst_pad_proxy_query_accept_caps:<parsebin2:sink>[00m proxying accept caps query for parsebin2:sink
0:00:00.344921974 [334m19341[00m 0x7f4934007540 [33;01mLOG    [00m [00;01;31;41m            GST_PADS gstpad.c:2944:gst_pad_forward:<parsebin2:sink>[00m calling forward function on pad sink:proxypad12
0:00:00.344946811 [334m19341[00m 0x7f4934007540 [37mDEBUG  [00m [00;01;31;41m            GST_PADS gstpad.c:4058:gst_pad_peer_query:<sink:proxypad12>[00m peer query 0x7f4910013a80 (accept-caps)
0:00:00.344989325 [334m19341[00m 0x7f4934007540 [37mDEBUG  [00m [00;01;31;41m            GST_PADS gstpad.c:3931:gst_pad_query:<typefind:sink>[00m doing query 0x7f4910013a80 (accept-caps)
0:00:00.345086613 [334m19341[00m 0x7f4934007540 [37mDEBUG  [00m [00;01;31;41m            GST_PADS gstpad.c:3931:gst_pad_query:<typefind:sink>[00m doing query 0x7f4910013ad0 (caps)
0:00:00.345101502 [334m19341[00m 0x7f494c03f850 [36mINFO   [00m [00;01;34m           GST_EVENT gstevent.c:550:gst_event_new_flush_stop:[00m creating flush stop 1
0:00:00.345100797 [334m19341[00m 0x7f493c009590 [37mDEBUG  [00m [00m                task gsttask.c:361:gst_task_func:[00m Exit task 0x7f493c00a290, thread 0x7f493c009590
0:00:00.345104623 [334m19341[00m 0x7f494c03fd40 [37mDEBUG  [00m [00m                task gsttask.c:844:gst_task_join:<queue2:src>[00m Joined task 0x7f493c00a290
0:00:00.345122151 [334m19341[00m 0x7f494c03f850 [37mDEBUG  [00m [00;01;34m           GST_EVENT gstevent.c:305:gst_event_new_custom:[00m creating new event 0x7f49480032d0 flush-stop 5127
0:00:00.345171629 [334m19341[00m 0x7f494c03f850 [33;01mLOG    [00m [00;01;31;41m            GST_PADS gstpad.c:5203:gst_pad_push_event_unchecked:<souphttpsrc0:src>[00m Removing pending EOS events
0:00:00.345162688 [334m19341[00m 0x7f494c03fd40 [37mDEBUG  [00m [00;01;31;41m            GST_PADS gstpad.c:1015:post_activate:<queue2:src>[00m stopped streaming
0:00:00.345191750 [334m19341[00m 0x7f493c009590 [37mDEBUG  [00m [00m                task gsttask.c:216:gst_task_finalize:[00m task 0x7f493c00a290 finalize
0:00:00.345189776 [334m19341[00m 0x7f494c03fd40 [37mDEBUG  [00m [00;01;31;41m            GST_PADS gstpad.c:1188:activate_mode_internal:<queue2:src>[00m deactivated in push mode
0:00:00.345223132 [334m19341[00m 0x7f494c03f850 [33;01mLOG    [00m [00;01;31;41m            GST_PADS gstpad.c:5261:gst_pad_push_event_unchecked:<souphttpsrc0:src>[00m sending event 0x7f49480032d0 (flush-stop) to peerpad <queue0:sink>
0:00:00.345249559 [334m19341[00m 0x7f494c03f850 [37mDEBUG  [00m [00;01;34m           GST_EVENT gstpad.c:5526:gst_pad_send_event_unchecked:<queue0:sink>[00m cleared flush flag
0:00:00.345239716 [334m19341[00m 0x7f494c03fd40 [37mDEBUG  [00m [00;01;31;41m            GST_PADS gstpad.c:1078:gst_pad_set_active:<queue2:sink>[00m deactivating pad from push mode
0:00:00.345267971 [334m19341[00m 0x7f494c03fd40 [37mDEBUG  [00m [00;01;31;41m            GST_PADS gstpad.c:967:pre_activate:<queue2:sink>[00m setting PAD_MODE NONE, set flushing
0:00:00.345259159 [334m19341[00m 0x7f494c03f850 [33;01mLOG    [00m [00;01;31;41m            GST_PADS gstpad.c:5528:gst_pad_send_event_unchecked:<queue0:sink>[00m Removing pending EOS and SEGMENT events
0:00:00.345295205 [334m19341[00m 0x7f494c03f850 [33;01mLOG    [00m [00m      queue_dataflow gstqueue.c:952:gst_queue_handle_sink_event:<queue0>[00m (queue0:sink) received flush stop event: 0 of 0-0 buffers, 0 of 0-20971520 bytes, 0 of 0-0 ns, 0 items
0:00:00.345278735 [334m19341[00m 0x7f494c03fd40 [37mDEBUG  [00m [00;01;31;41m            GST_PADS gstpad.c:1015:post_activate:<queue2:sink>[00m stopped streaming
0:00:00.345309961 [334m19341[00m 0x7f494c03f850 [33;01mLOG    [00m [00;01;31;41m            GST_PADS gstpad.c:5203:gst_pad_push_event_unchecked:<queue0:src>[00m Removing pending EOS events
0:00:00.345326339 [334m19341[00m 0x7f494c03f850 [33;01mLOG    [00m [00;01;31;41m            GST_PADS gstpad.c:5261:gst_pad_push_event_unchecked:<queue0:src>[00m sending event 0x7f49480032d0 (flush-stop) to peerpad <src:proxypad1>
0:00:00.345344526 [334m19341[00m 0x7f4934007540 [37mDEBUG  [00m [00;01;31;41m            GST_PADS gstpad.c:3954:gst_pad_query:<typefind:sink>[00m sent query 0x7f4910013ad0 (caps), result 1
0:00:00.345365559 [334m19341[00m 0x7f494c03fd40 [37mDEBUG  [00m [00;01;31;41m            GST_PADS gstpad.c:1188:activate_mode_internal:<queue2:sink>[00m deactivated in push mode
0:00:00.345353025 [334m19341[00m 0x7f494c03f850 [37mDEBUG  [00m [00;01;34m           GST_EVENT gstpad.c:5526:gst_pad_send_event_unchecked:<src:proxypad1>[00m cleared flush flag
0:00:00.345410367 [334m19341[00m 0x7f494c03f850 [33;01mLOG    [00m [00;01;31;41m            GST_PADS gstpad.c:5528:gst_pad_send_event_unchecked:<src:proxypad1>[00m Removing pending EOS and SEGMENT events
0:00:00.345448189 [334m19341[00m 0x7f494c03f850 [33;01mLOG    [00m [00;01;31;41m            GST_PADS gstpad.c:2944:gst_pad_forward:<src:proxypad1>[00m calling forward function on pad srcbin-video_00:src
0:00:00.345489862 [334m19341[00m 0x7f494c03f850 [33;01mLOG    [00m [00;01;31;41m            GST_PADS gstpad.c:2989:event_forward_func:<srcbin-video_00:src>[00m Reffing and pushing event 0x7f49480032d0 (flush-stop) to srcbin-video_00:src
0:00:00.345515367 [334m19341[00m 0x7f494c03f850 [33;01mLOG    [00m [00;01;31;41m            GST_PADS gstpad.c:5203:gst_pad_push_event_unchecked:<srcbin-video_00:src>[00m Removing pending EOS events
0:00:00.345518997 [334m19341[00m 0x7f4934007540 [37mDEBUG  [00m [00;01;31;41m            GST_PADS gstpad.c:3954:gst_pad_query:<typefind:sink>[00m sent query 0x7f4910013a80 (accept-caps), result 1
0:00:00.345569418 [334m19341[00m 0x7f4934007540 [37mDEBUG  [00m [00;01;31;41m            GST_PADS gstutils.c:2605:gst_pad_proxy_query_accept_caps:<parsebin2:sink>[00m proxying accept caps query: 1
0:00:00.345566765 [334m19341[00m 0x7f494c03f850 [33;01mLOG    [00m [00;01;31;41m            GST_PADS gstpad.c:5261:gst_pad_push_event_unchecked:<srcbin-video_00:src>[00m sending event 0x7f49480032d0 (flush-stop) to peerpad <dashdemux0:internal-video_00>
0:00:00.345602404 [334m19341[00m 0x7f494c03f850 [37mDEBUG  [00m [00;01;34m           GST_EVENT gstpad.c:5526:gst_pad_send_event_unchecked:<dashdemux0:internal-video_00>[00m cleared flush flag
0:00:00.345630242 [334m19341[00m 0x7f4934007540 [37mDEBUG  [00m [00;01;31;41m            GST_PADS gstpad.c:3954:gst_pad_query:<parsebin2:sink>[00m sent query 0x7f4910013a80 (accept-caps), result 1
0:00:00.345632006 [334m19341[00m 0x7f494c03f850 [33;01mLOG    [00m [00;01;31;41m            GST_PADS gstpad.c:5528:gst_pad_send_event_unchecked:<dashdemux0:internal-video_00>[00m Removing pending EOS and SEGMENT events
0:00:00.345668101 [334m19341[00m 0x7f494c03f850 [37mDEBUG  [00m [00;01;31;41m            GST_PADS gstpad.c:5622:gst_pad_send_event_unchecked:<dashdemux0:internal-video_00>[00m sent event, ret ok
0:00:00.345708551 [334m19341[00m 0x7f494c03f850 [33;01mLOG    [00m [00;01;31;41m            GST_PADS gstpad.c:5269:gst_pad_push_event_unchecked:<srcbin-video_00:src>[00m sent event 0x7f49480032d0 (flush-stop) to peerpad <dashdemux0:internal-video_00>, ret ok
0:00:00.345736538 [334m19341[00m 0x7f4934007540 [33;01mLOG    [00m [00;01;31;41m            GST_PADS gstpad.c:2944:gst_pad_forward:<parsebin2:sink>[00m calling forward function on pad sink:proxypad12
0:00:00.345751315 [334m19341[00m 0x7f4934007540 [33;01mLOG    [00m [00;01;31;41m            GST_PADS gstpad.c:2989:event_forward_func:<sink:proxypad12>[00m Reffing and pushing event 0x7f494c03b0f0 (caps) to sink:proxypad12
0:00:00.345782754 [334m19341[00m 0x7f4934007540 [33;01mLOG    [00m [00;01;31;41m            GST_PADS gstpad.c:5097:store_sticky_event:<sink:proxypad12>[00m stored sticky event caps
0:00:00.345833151 [334m19341[00m 0x7f4934007540 [37mDEBUG  [00m [00;01;31;41m            GST_PADS gstpad.c:5103:store_sticky_event:<sink:proxypad12>[00m notify caps
0:00:00.345918702 [334m19341[00m 0x7f494c03f850 [33;01mLOG    [00m [00;01;34m           GST_EVENT gstevent.c:222:_gst_event_free:[00m freeing event 0x7f49480032d0 type flush-stop
0:00:00.345945288 [334m19341[00m 0x7f494c03f850 [37mDEBUG  [00m [00;01;31;41m            GST_PADS gstpad.c:5622:gst_pad_send_event_unchecked:<src:proxypad1>[00m sent event, ret ok
0:00:00.345969035 [334m19341[00m 0x7f494c03f850 [33;01mLOG    [00m [00;01;31;41m            GST_PADS gstpad.c:5269:gst_pad_push_event_unchecked:<queue0:src>[00m sent event 0x7f49480032d0 (flush-stop) to peerpad <src:proxypad1>, ret ok
0:00:00.346002334 [334m19341[00m 0x7f4934007540 [37mDEBUG  [00m [00;01;31;41m            GST_PADS gstpad.c:3862:check_sticky:<sink:proxypad12>[00m pushing all sticky events
0:00:00.346021434 [334m19341[00m 0x7f4934007540 [37mDEBUG  [00m [00;01;31;41m            GST_PADS gstpad.c:3794:push_sticky:<sink:proxypad12>[00m event stream-start was already received
0:00:00.346049911 [334m19341[00m 0x7f4934007540 [33;01mLOG    [00m [00;01;31;41m            GST_PADS gstpad.c:5261:gst_pad_push_event_unchecked:<sink:proxypad12>[00m sending event 0x7f494c03b0f0 (caps) to peerpad <typefind:sink>
0:00:00.346049814 [334m19341[00m 0x7f494c03f850 [37mDEBUG  [00m [00;01;31;41m            GST_PADS gstpad.c:5991:gst_pad_start_task:<queue0:src>[00m start task
0:00:00.346074124 [334m19341[00m 0x7f4934007540 [37mDEBUG  [00m [00;01;34m           GST_EVENT gstpad.c:5548:gst_pad_send_event_unchecked:<typefind:sink>[00m have event type caps event: 0x7f494c03b0f0, time 99:99:99.999999999, seq-num 47, GstEventCaps, caps=(GstCaps)"audio/x-m4a\,\ rate\=\(int\)48000";
0:00:00.346132820 [334m19341[00m 0x7f494c03f850 [37mDEBUG  [00m [00m                task gsttask.c:687:gst_task_set_state:<queue0:src>[00m Changing task 0x7f494c048950 to state 0
0:00:00.346144742 [334m19341[00m 0x7f49480038f0 [36mINFO   [00m [00m                task gsttask.c:320:gst_task_func:<queue0:src>[00m Task resume from paused
0:00:00.346142903 [334m19341[00m 0x7f494c03f850 [33;01mLOG    [00m [00m      queue_dataflow gstqueue.c:970:gst_queue_handle_sink_event:<queue0>[00m (queue0:sink) after flush: 0 of 0-0 buffers, 0 of 0-20971520 bytes, 0 of 0-0 ns, 0 items
0:00:00.346153607 [334m19341[00m 0x7f494c03f850 [37mDEBUG  [00m [00;01;31;41m            GST_PADS gstpad.c:5622:gst_pad_send_event_unchecked:<queue0:sink>[00m sent event, ret ok
0:00:00.346157572 [334m19341[00m 0x7f4934007540 [37mDEBUG  [00m [00;01;31;41m            GST_PADS gstpad.c:3931:gst_pad_query:<typefind:sink>[00m doing query 0x7f4910013b20 (accept-caps)
0:00:00.346173927 [334m19341[00m 0x7f494c03f850 [33;01mLOG    [00m [00;01;31;41m            GST_PADS gstpad.c:5269:gst_pad_push_event_unchecked:<souphttpsrc0:src>[00m sent event 0x7f49480032d0 (flush-stop) to peerpad <queue0:sink>, ret ok
0:00:00.346177025 [334m19341[00m 0x7f49480038f0 [37mDEBUG  [00m [00m      queue_dataflow gstqueue.c:1491:gst_queue_loop:<queue0>[00m queue is empty
0:00:00.346240271 [334m19341[00m 0x7f494c03f850 [37mDEBUG  [00m [00;01;31;41m            GST_PADS gstpad.c:5991:gst_pad_start_task:<souphttpsrc0:src>[00m start task
0:00:00.346216145 [334m19341[00m 0x7f49480038f0 [33;01mLOG    [00m [00m      queue_dataflow gstqueue.c:1500:gst_queue_loop:<queue0>[00m (queue0:src) wait for ADD: 0 of 0-0 buffers, 0 of 0-20971520 bytes, 0 of 0-0 ns, 0 items
0:00:00.346320165 [334m19341[00m 0x7f494c03f850 [37mDEBUG  [00m [00m                task gsttask.c:430:gst_task_new:[00m Created task 0x7f494c048a70
0:00:00.346327120 [334m19341[00m 0x7f494c03f850 [36mINFO   [00m [00m                task gsttask.c:456:gst_task_set_lock:[00m setting stream lock 0x7f49480080e0 on task 0x7f494c048a70
0:00:00.346352365 [334m19341[00m 0x7f4934007540 [37mDEBUG  [00m [00;01;31;41m            GST_PADS gstpad.c:3931:gst_pad_query:<typefind:sink>[00m doing query 0x7f4910013b70 (caps)
0:00:00.346376631 [334m19341[00m 0x7f494c03f850 [36mINFO   [00m [00;01;31;41m            GST_PADS gstpad.c:6000:gst_pad_start_task:<souphttpsrc0:src>[00m created task 0x7f494c048a70
0:00:00.346424538 [334m19341[00m 0x7f494c03f850 [37mDEBUG  [00m [00;01;31;41m            GST_PADS gstpad.c:5917:do_stream_status:<souphttpsrc0:src>[00m doing stream-status 0
0:00:00.346530821 [334m19341[00m 0x7f494c03f850 [37mDEBUG  [00m [00;01;31;41m            GST_PADS gstpad.c:5946:do_stream_status:<souphttpsrc0:src>[00m posting stream-status 0
0:00:00.346595258 [334m19341[00m 0x7f4934007540 [37mDEBUG  [00m [00;01;31;41m            GST_PADS gstpad.c:3954:gst_pad_query:<typefind:sink>[00m sent query 0x7f4910013b70 (caps), result 1
0:00:00.346662880 [334m19341[00m 0x7f494c03fd40 [37mDEBUG  [00m [00;01;31;41m            GST_PADS gstpad.c:1078:gst_pad_set_active:<souphttpsrc2:src>[00m deactivating pad from push mode
0:00:00.346694479 [334m19341[00m 0x7f494c03fd40 [37mDEBUG  [00m [00;01;31;41m            GST_PADS gstpad.c:967:pre_activate:<souphttpsrc2:src>[00m setting PAD_MODE NONE, set flushing
0:00:00.346685926 [334m19341[00m 0x7f4934007540 [37mDEBUG  [00m [00;01;31;41m            GST_PADS gstpad.c:3954:gst_pad_query:<typefind:sink>[00m sent query 0x7f4910013b20 (accept-caps), result 1
0:00:00.346836257 [334m19341[00m 0x7f4934007540 [36mINFO   [00m [00;01;34m           GST_EVENT gstevent.c:808:gst_event_new_caps:[00m creating caps event audio/x-m4a, rate=(int)48000
0:00:00.346896906 [334m19341[00m 0x7f4934007540 [37mDEBUG  [00m [00;01;34m           GST_EVENT gstevent.c:305:gst_event_new_custom:[00m creating new event 0x7f4908003ad0 caps 12814
0:00:00.346883726 [334m19341[00m 0x7f494c03fd40 [37mDEBUG  [00m [00;01;31;41m            GST_PADS gstpad.c:6095:gst_pad_stop_task:<souphttpsrc2:src>[00m stop task
0:00:00.346966231 [334m19341[00m 0x7f494c03fd40 [37mDEBUG  [00m [00m                task gsttask.c:687:gst_task_set_state:<souphttpsrc2:src>[00m Changing task 0x7f493c00a3b0 to state 1
0:00:00.346920969 [334m19341[00m 0x7f4934007540 [33;01mLOG    [00m [00;01;31;41m            GST_PADS gstpad.c:5097:store_sticky_event:<typefind:src>[00m stored sticky event caps
0:00:00.346986918 [334m19341[00m 0x7f493c009630 [36mINFO   [00m [00m                task gsttask.c:320:gst_task_func:<souphttpsrc2:src>[00m Task resume from paused
0:00:00.346985376 [334m19341[00m 0x7f4934007540 [37mDEBUG  [00m [00;01;31;41m            GST_PADS gstpad.c:5103:store_sticky_event:<typefind:src>[00m notify caps
0:00:00.346984515 [334m19341[00m 0x7f494c03fd40 [37mDEBUG  [00m [00m                task gsttask.c:814:gst_task_join:<souphttpsrc2:src>[00m Joining task 0x7f493c00a3b0, thread 0x7f494c03fd40
0:00:00.347045141 [334m19341[00m 0x7f493c009630 [37mDEBUG  [00m [00;01;31;41m            GST_PADS gstpad.c:5917:do_stream_status:<souphttpsrc2:src>[00m doing stream-status 2
0:00:00.347112233 [334m19341[00m 0x7f493c009630 [37mDEBUG  [00m [00;01;31;41m            GST_PADS gstpad.c:5946:do_stream_status:<souphttpsrc2:src>[00m posting stream-status 2
0:00:00.347113328 [334m19341[00m 0x7f494c03f850 [37mDEBUG  [00m [00m                task gsttask.c:687:gst_task_set_state:<task17>[00m Changing task 0x7f494c048a70 to state 0
0:00:00.347155512 [334m19341[00m 0x7f494c03f850 [33;01mLOG    [00m [00;01;34m           GST_EVENT gstevent.c:222:_gst_event_free:[00m freeing event 0x7f49480031f0 type seek
0:00:00.347157163 [334m19341[00m 0x7f4948003990 [37mDEBUG  [00m [00m                task gsttask.c:289:gst_task_func:[00m Entering task 0x7f494c048a70, thread 0x7f4948003990
0:00:00.347200682 [334m19341[00m 0x7f4948003990 [37mDEBUG  [00m [00;01;31;41m            GST_PADS gstpad.c:5917:do_stream_status:<souphttpsrc0:src>[00m doing stream-status 1
0:00:00.347278083 [334m19341[00m 0x7f4948003990 [37mDEBUG  [00m [00;01;31;41m            GST_PADS gstpad.c:5946:do_stream_status:<souphttpsrc0:src>[00m posting stream-status 1
0:00:00.347321997 [334m19341[00m 0x7f494c03f850 [37mDEBUG  [00m [00;01;31;41m            GST_PADS gstpad.c:1188:activate_mode_internal:<souphttpsrc0:src>[00m activated in push mode
0:00:00.347684252 [334m19341[00m 0x7f4934007540 [37mDEBUG  [00m [00;01;31;41m            GST_PADS gstpad.c:1929:gst_pad_set_query_function_full:<parsepad2:proxypad14>[00m queryfunc set to 0x7f4956790c50
0:00:00.347817060 [334m19341[00m 0x7f493c009630 [37mDEBUG  [00m [00m                task gsttask.c:361:gst_task_func:[00m Exit task 0x7f493c00a3b0, thread 0x7f493c009630
0:00:00.347821019 [334m19341[00m 0x7f494c03fd40 [37mDEBUG  [00m [00m                task gsttask.c:844:gst_task_join:<souphttpsrc2:src>[00m Joined task 0x7f493c00a3b0
0:00:00.347853853 [334m19341[00m 0x7f4934007540 [37mDEBUG  [00m [00;01;31;41m            GST_PADS gstpad.c:1063:gst_pad_set_active:<'':parsepad2>[00m activating pad from none
0:00:00.347866445 [334m19341[00m 0x7f494c03fd40 [37mDEBUG  [00m [00m                task gsttask.c:216:gst_task_finalize:[00m task 0x7f493c00a3b0 finalize
0:00:00.347924396 [334m19341[00m 0x7f4934007540 [37mDEBUG  [00m [00;01;31;41m            GST_PADS gstpad.c:979:pre_activate:<'':parsepad2>[00m setting pad into push mode, unset flushing
0:00:00.347952330 [334m19341[00m 0x7f4934007540 [37mDEBUG  [00m [00;01;31;41m            GST_PADS gstpad.c:979:pre_activate:<parsepad2:proxypad14>[00m setting pad into push mode, unset flushing
0:00:00.348063310 [334m19341[00m 0x7f494c03fd40 [37mDEBUG  [00m [00;01;31;41m            GST_PADS gstpad.c:1015:post_activate:<souphttpsrc2:src>[00m stopped streaming
0:00:00.348200422 [334m19341[00m 0x7f4934007540 [37mDEBUG  [00m [00;01;31;41m            GST_PADS gstpad.c:1207:activate_mode_internal:<'':parsepad2>[00m already activated in push mode
0:00:00.348236981 [334m19341[00m 0x7f4934007540 [37mDEBUG  [00m [00;01;31;41m            GST_PADS gstpad.c:1188:activate_mode_internal:<parsepad2:proxypad14>[00m activated in push mode
0:00:00.348156067 [334m19341[00m 0x7f494c03fd40 [37mDEBUG  [00m [00;01;31;41m            GST_PADS gstpad.c:1188:activate_mode_internal:<souphttpsrc2:src>[00m deactivated in push mode
0:00:00.348260629 [334m19341[00m 0x7f4948003990 [37mDEBUG  [00m [00m                task gsttask.c:251:gst_task_configure_name:<souphttpsrc0:src>[00m Setting thread name to 'souphttpsrc0:src'
0:00:00.348266967 [334m19341[00m 0x7f4934007540 [37mDEBUG  [00m [00;01;31;41m            GST_PADS gstpad.c:1188:activate_mode_internal:<'':parsepad2>[00m activated in push mode
0:00:00.348357933 [334m19341[00m 0x7f4934007540 [37mDEBUG  [00m [00;01;31;41m            GST_PADS gstghostpad.c:808:gst_ghost_pad_get_target:<'':parsepad2>[00m get target '':''
0:00:00.348366955 [334m19341[00m 0x7f4934007540 [37mDEBUG  [00m [00;01;31;41m            GST_PADS gstghostpad.c:840:gst_ghost_pad_set_target:<'':parsepad2>[00m set target typefind:src
0:00:00.348417356 [334m19341[00m 0x7f4934007540 [37mDEBUG  [00m [00;01;31;41m            GST_PADS gstghostpad.c:862:gst_ghost_pad_set_target:<'':parsepad2>[00m connecting internal pad to target <typefind:src>
0:00:00.348547011 [334m19341[00m 0x7f4948003990 [37mDEBUG  [00m [00;01;31;41m            GST_PADS gstpad.c:3931:gst_pad_query:<souphttpsrc0:src>[00m doing query 0x7f492c002d90 (uri)
0:00:00.348608402 [334m19341[00m 0x7f494c03f850 [37mDEBUG  [00m [00;01;31;41m            GST_PADS gstpad.c:1069:gst_pad_set_active:<srcbin-video_00:src>[00m pad was active in push mode
0:00:00.348763810 [334m19341[00m 0x7f4934007540 [36mINFO   [00m [00;01;31;41m            GST_PADS gstpad.c:2315:gst_pad_link_prepare:[00m trying to link typefind:src and parsepad2:proxypad14
0:00:00.348790675 [334m19341[00m 0x7f4934007540 [36mINFO   [00m [00;01;31;41m            GST_PADS gstpad.c:2523:gst_pad_link_full:[00m linked typefind:src and parsepad2:proxypad14, successful
0:00:00.348850680 [334m19341[00m 0x7f4934007540 [36mINFO   [00m [00;01;34m           GST_EVENT gstevent.c:1511:gst_event_new_reconfigure:[00m creating reconfigure event
0:00:00.348858567 [334m19341[00m 0x7f4934007540 [37mDEBUG  [00m [00;01;34m           GST_EVENT gstevent.c:305:gst_event_new_custom:[00m creating new event 0x7f4908003b40 reconfigure 61441
0:00:00.348933390 [334m19341[00m 0x7f4934007540 [37mDEBUG  [00m [00;01;34m           GST_EVENT gstpad.c:5548:gst_pad_send_event_unchecked:<typefind:src>[00m have event type reconfigure event: 0x7f4908003b40, time 99:99:99.999999999, seq-num 255, (NULL)
0:00:00.348957369 [334m19341[00m 0x7f4934007540 [33;01mLOG    [00m [00;01;31;41m            GST_PADS gstpad.c:5261:gst_pad_push_event_unchecked:<typefind:sink>[00m sending event 0x7f4908003b40 (reconfigure) to peerpad <sink:proxypad12>
0:00:00.348960953 [334m19341[00m 0x7f4948003990 [37mDEBUG  [00m [00;01;31;41m            GST_PADS gstpad.c:3954:gst_pad_query:<souphttpsrc0:src>[00m sent query 0x7f492c002d90 (uri), result 1
0:00:00.348981903 [334m19341[00m 0x7f4934007540 [37mDEBUG  [00m [00;01;34m           GST_EVENT gstpad.c:5548:gst_pad_send_event_unchecked:<sink:proxypad12>[00m have event type reconfigure event: 0x7f4908003b40, time 99:99:99.999999999, seq-num 255, (NULL)
0:00:00.349052687 [334m19341[00m 0x7f4934007540 [33;01mLOG    [00m [00;01;31;41m            GST_PADS gstpad.c:2944:gst_pad_forward:<sink:proxypad12>[00m calling forward function on pad parsebin2:sink
0:00:00.349073439 [334m19341[00m 0x7f4934007540 [33;01mLOG    [00m [00;01;31;41m            GST_PADS gstpad.c:2989:event_forward_func:<parsebin2:sink>[00m Reffing and pushing event 0x7f4908003b40 (reconfigure) to parsebin2:sink
0:00:00.349066728 [334m19341[00m 0x7f4948003990 [37mDEBUG  [00m [00;01;34m           GST_EVENT gstevent.c:305:gst_event_new_custom:[00m creating new event 0x7f492c003600 stream-start 10254
0:00:00.349093088 [334m19341[00m 0x7f4948003990 [33;01mLOG    [00m [00;01;31;41m            GST_PADS gstpad.c:5037:store_sticky_event:<souphttpsrc0:src>[00m Removing pending EOS and StreamGroupDone events
0:00:00.349103513 [334m19341[00m 0x7f4948003990 [33;01mLOG    [00m [00;01;31;41m            GST_PADS gstpad.c:5097:store_sticky_event:<souphttpsrc0:src>[00m stored sticky event stream-start
0:00:00.349116202 [334m19341[00m 0x7f4948003990 [37mDEBUG  [00m [00;01;31;41m            GST_PADS gstpad.c:3862:check_sticky:<souphttpsrc0:src>[00m pushing all sticky events
0:00:00.349084257 [334m19341[00m 0x7f4934007540 [33;01mLOG    [00m [00;01;31;41m            GST_PADS gstpad.c:5261:gst_pad_push_event_unchecked:<parsebin2:sink>[00m sending event 0x7f4908003b40 (reconfigure) to peerpad <sink_1:proxypad9>
0:00:00.349178999 [334m19341[00m 0x7f4934007540 [37mDEBUG  [00m [00;01;34m           GST_EVENT gstpad.c:5548:gst_pad_send_event_unchecked:<sink_1:proxypad9>[00m have event type reconfigure event: 0x7f4908003b40, time 99:99:99.999999999, seq-num 255, (NULL)
0:00:00.349289843 [334m19341[00m 0x7f4934007540 [33;01mLOG    [00m [00;01;31;41m            GST_PADS gstpad.c:2944:gst_pad_forward:<sink_1:proxypad9>[00m calling forward function on pad decodebin3-0:sink_1
0:00:00.349369685 [334m19341[00m 0x7f4934007540 [33;01mLOG    [00m [00;01;31;41m            GST_PADS gstpad.c:2989:event_forward_func:<decodebin3-0:sink_1>[00m Reffing and pushing event 0x7f4908003b40 (reconfigure) to decodebin3-0:sink_1
0:00:00.349427038 [334m19341[00m 0x7f4934007540 [33;01mLOG    [00m [00;01;31;41m            GST_PADS gstpad.c:5261:gst_pad_push_event_unchecked:<decodebin3-0:sink_1>[00m sending event 0x7f4908003b40 (reconfigure) to peerpad <urisourcebin0:src_2>
0:00:00.349406447 [334m19341[00m 0x7f4948003990 [33;01mLOG    [00m [00m       adaptivedemux gstadaptivedemux.c:2406:_uri_handler_probe:<souphttpsrc0:src>[00m Received event stream-start stream-start event: 0x7f492c003600, time 99:99:99.999999999, seq-num 257, GstEventStreamStart, stream-id=(string)08b944aa0620ca9e3d80608e555f9f0d4ac6dae7b6f59d33e95ce70c41b07894, flags=(GstStreamFlags)GST_STREAM_FLAG_NONE, group-id=(uint)5;
0:00:00.349457323 [334m19341[00m 0x7f4934007540 [37mDEBUG  [00m [00;01;34m           GST_EVENT gstpad.c:5548:gst_pad_send_event_unchecked:<urisourcebin0:src_2>[00m have event type reconfigure event: 0x7f4908003b40, time 99:99:99.999999999, seq-num 255, (NULL)
0:00:00.349550227 [334m19341[00m 0x7f4934007540 [33;01mLOG    [00m [00;01;31;41m            GST_PADS gstpad.c:2944:gst_pad_forward:<urisourcebin0:src_2>[00m calling forward function on pad src_2:proxypad7
0:00:00.349585483 [334m19341[00m 0x7f4948003990 [33;01mLOG    [00m [00;01;31;41m            GST_PADS gstpad.c:5261:gst_pad_push_event_unchecked:<souphttpsrc0:src>[00m sending event 0x7f492c003600 (stream-start) to peerpad <queue0:sink>
0:00:00.349619871 [334m19341[00m 0x7f4948003990 [37mDEBUG  [00m [00;01;34m           GST_EVENT gstpad.c:5548:gst_pad_send_event_unchecked:<queue0:sink>[00m have event type stream-start event: 0x7f492c003600, time 99:99:99.999999999, seq-num 257, GstEventStreamStart, stream-id=(string)08b944aa0620ca9e3d80608e555f9f0d4ac6dae7b6f59d33e95ce70c41b07894, flags=(GstStreamFlags)GST_STREAM_FLAG_NONE, group-id=(uint)5;
0:00:00.349633735 [334m19341[00m 0x7f4948003990 [33;01mLOG    [00m [00;01;31;41m            GST_PADS gstpad.c:5556:gst_pad_send_event_unchecked:<queue0:sink>[00m Removing pending EOS events
0:00:00.349612108 [334m19341[00m 0x7f4934007540 [33;01mLOG    [00m [00;01;31;41m            GST_PADS gstpad.c:2989:event_forward_func:<src_2:proxypad7>[00m Reffing and pushing event 0x7f4908003b40 (reconfigure) to src_2:proxypad7
0:00:00.349667520 [334m19341[00m 0x7f4948003990 [33;01mLOG    [00m [00m      queue_dataflow gstqueue.c:824:gst_queue_locked_enqueue_event:<queue0>[00m (queue0:sink) signal ADD: 0 of 0-0 buffers, 0 of 0-20971520 bytes, 0 of 0-0 ns, 1 items
0:00:00.349703741 [334m19341[00m 0x7f49480038f0 [33;01mLOG    [00m [00m      queue_dataflow gstqueue.c:1500:gst_queue_loop:<queue0>[00m (queue0:src) received ADD: 0 of 0-0 buffers, 0 of 0-20971520 bytes, 0 of 0-0 ns, 1 items
0:00:00.349702002 [334m19341[00m 0x7f4948003990 [37mDEBUG  [00m [00;01;31;41m            GST_PADS gstpad.c:5622:gst_pad_send_event_unchecked:<queue0:sink>[00m sent event, ret ok
0:00:00.349691790 [334m19341[00m 0x7f4934007540 [33;01mLOG    [00m [00;01;31;41m            GST_PADS gstpad.c:5261:gst_pad_push_event_unchecked:<src_2:proxypad7>[00m sending event 0x7f4908003b40 (reconfigure) to peerpad <queue2-2:src>
0:00:00.349716573 [334m19341[00m 0x7f49480038f0 [37mDEBUG  [00m [00m      queue_dataflow gstqueue.c:1503:gst_queue_loop:<queue0>[00m queue is not empty
0:00:00.349727582 [334m19341[00m 0x7f494c03fd40 [37mDEBUG  [00m [00;01;31;41m            GST_PADS gstpad.c:1074:gst_pad_set_active:<srcbin-audio_01:src>[00m pad was inactive
0:00:00.349753505 [334m19341[00m 0x7f49480038f0 [33;01mLOG    [00m [00m      queue_dataflow gstqueue.c:872:gst_queue_locked_dequeue:<queue0>[00m retrieved event 0x7f492c003600 from queue
0:00:00.349768306 [334m19341[00m 0x7f4934007540 [37mDEBUG  [00m [00;01;34m           GST_EVENT gstpad.c:5548:gst_pad_send_event_unchecked:<queue2-2:src>[00m have event type reconfigure event: 0x7f4908003b40, time 99:99:99.999999999, seq-num 255, (NULL)
0:00:00.349792612 [334m19341[00m 0x7f49480038f0 [33;01mLOG    [00m [00;01;31;41m            GST_PADS gstpad.c:5037:store_sticky_event:<queue0:src>[00m Removing pending EOS and StreamGroupDone events
0:00:00.349827750 [334m19341[00m 0x7f4948003990 [33;01mLOG    [00m [00;01;31;41m            GST_PADS gstpad.c:5037:store_sticky_event:<queue0:sink>[00m Removing pending EOS and StreamGroupDone events
0:00:00.349899443 [334m19341[00m 0x7f494c03f850 [37mDEBUG  [00m [00m       adaptivedemux gstadaptivedemux.c:2789:gst_adaptive_demux_stream_download_uri:<dashdemux0:video_00>[00m Waiting for index download to finish: http://dash.akamaized.net/dash264/TestCases/10a/1/German_Forest_SHORT_1v0-avc1.42c01e-68s-848x476-h264-1500000bps_seg.mp4
0:00:00.349851169 [334m19341[00m 0x7f49480038f0 [33;01mLOG    [00m [00;01;31;41m            GST_PADS gstpad.c:5097:store_sticky_event:<queue0:src>[00m stored sticky event stream-start
0:00:00.349919137 [334m19341[00m 0x7f49480038f0 [37mDEBUG  [00m [00;01;31;41m            GST_PADS gstpad.c:3862:check_sticky:<queue0:src>[00m pushing all sticky events
0:00:00.349911821 [334m19341[00m 0x7f4948003990 [33;01mLOG    [00m [00;01;31;41m            GST_PADS gstpad.c:5097:store_sticky_event:<queue0:sink>[00m stored sticky event stream-start
0:00:00.349959552 [334m19341[00m 0x7f4948003990 [33;01mLOG    [00m [00;01;31;41m            GST_PADS gstpad.c:5269:gst_pad_push_event_unchecked:<souphttpsrc0:src>[00m sent event 0x7f492c003600 (stream-start) to peerpad <queue0:sink>, ret ok
0:00:00.349952163 [334m19341[00m 0x7f49480038f0 [33;01mLOG    [00m [00;01;31;41m            GST_PADS gstpad.c:5261:gst_pad_push_event_unchecked:<queue0:src>[00m sending event 0x7f492c003600 (stream-start) to peerpad <src:proxypad1>
0:00:00.349982552 [334m19341[00m 0x7f49480038f0 [37mDEBUG  [00m [00;01;34m           GST_EVENT gstpad.c:5548:gst_pad_send_event_unchecked:<src:proxypad1>[00m have event type stream-start event: 0x7f492c003600, time 99:99:99.999999999, seq-num 257, GstEventStreamStart, stream-id=(string)08b944aa0620ca9e3d80608e555f9f0d4ac6dae7b6f59d33e95ce70c41b07894, flags=(GstStreamFlags)GST_STREAM_FLAG_NONE, group-id=(uint)5;
0:00:00.350045172 [334m19341[00m 0x7f49480038f0 [33;01mLOG    [00m [00;01;31;41m            GST_PADS gstpad.c:5556:gst_pad_send_event_unchecked:<src:proxypad1>[00m Removing pending EOS events
0:00:00.350047170 [334m19341[00m 0x7f4934007540 [37mDEBUG  [00m [00m     queue2_dataflow gstqueue2.c:3080:gst_queue2_handle_src_event:<queue2-2>[00m got event 0x7f4908003b40 (reconfigure)
0:00:00.350066015 [334m19341[00m 0x7f4948003990 [37mDEBUG  [00m [00;01;31;41m            GST_PADS gstpad.c:3814:push_sticky:<souphttpsrc0:src>[00m event stream-start marked received
0:00:00.350073096 [334m19341[00m 0x7f4934007540 [33;01mLOG    [00m [00;01;31;41m            GST_PADS gstpad.c:5261:gst_pad_push_event_unchecked:<queue2-2:sink>[00m sending event 0x7f4908003b40 (reconfigure) to peerpad <dashdemux0:audio_01>
0:00:00.350098004 [334m19341[00m 0x7f49480038f0 [33;01mLOG    [00m [00;01;31;41m            GST_PADS gstpad.c:2944:gst_pad_forward:<src:proxypad1>[00m calling forward function on pad srcbin-video_00:src
0:00:00.350106964 [334m19341[00m 0x7f4948003990 [37mDEBUG  [00m [00;01;31;41m            GST_PADS gstpad.c:1614:gst_pad_check_reconfigure:<souphttpsrc0:src>[00m remove RECONFIGURE flag
0:00:00.350114543 [334m19341[00m 0x7f4934007540 [37mDEBUG  [00m [00;01;34m           GST_EVENT gstpad.c:5548:gst_pad_send_event_unchecked:<dashdemux0:audio_01>[00m have event type reconfigure event: 0x7f4908003b40, time 99:99:99.999999999, seq-num 255, (NULL)
0:00:00.350134301 [334m19341[00m 0x7f49480038f0 [33;01mLOG    [00m [00;01;31;41m            GST_PADS gstpad.c:2989:event_forward_func:<srcbin-video_00:src>[00m Reffing and pushing event 0x7f492c003600 (stream-start) to srcbin-video_00:src
0:00:00.350163504 [334m19341[00m 0x7f49480038f0 [33;01mLOG    [00m [00;01;31;41m            GST_PADS gstpad.c:5037:store_sticky_event:<srcbin-video_00:src>[00m Removing pending EOS and StreamGroupDone events
0:00:00.350247892 [334m19341[00m 0x7f4948003990 [37mDEBUG  [00m [00;01;31;41m            GST_PADS gstpad.c:3931:gst_pad_query:<souphttpsrc0:src>[00m doing query 0x7f492c002de0 (caps)
0:00:00.350265264 [334m19341[00m 0x7f4934007540 [37mDEBUG  [00m [00m       adaptivedemux gstadaptivedemux.c:1597:gst_adaptive_demux_src_event:<dashdemux0:audio_01>[00m [DEBUG], last flow ret = ok
0:00:00.350279307 [334m19341[00m 0x7f49480038f0 [33;01mLOG    [00m [00;01;31;41m            GST_PADS gstpad.c:5097:store_sticky_event:<srcbin-video_00:src>[00m stored sticky event stream-start
0:00:00.350291718 [334m19341[00m 0x7f49480038f0 [37mDEBUG  [00m [00;01;31;41m            GST_PADS gstpad.c:3862:check_sticky:<srcbin-video_00:src>[00m pushing all sticky events
0:00:00.350408327 [334m19341[00m 0x7f4934007540 [33;01mLOG    [00m [00;01;31;41m            GST_PADS gstpad.c:2944:gst_pad_forward:<dashdemux0:audio_01>[00m calling forward function on pad dashdemux0:sink
0:00:00.350436933 [334m19341[00m 0x7f4934007540 [33;01mLOG    [00m [00;01;31;41m            GST_PADS gstpad.c:2989:event_forward_func:<dashdemux0:sink>[00m Reffing and pushing event 0x7f4908003b40 (reconfigure) to dashdemux0:sink
0:00:00.350447586 [334m19341[00m 0x7f4934007540 [33;01mLOG    [00m [00;01;31;41m            GST_PADS gstpad.c:5261:gst_pad_push_event_unchecked:<dashdemux0:sink>[00m sending event 0x7f4908003b40 (reconfigure) to peerpad <typefindelement0:src>
0:00:00.350479755 [334m19341[00m 0x7f4948003990 [37mDEBUG  [00m [00;01;31;41m            GST_PADS gstpad.c:3954:gst_pad_query:<souphttpsrc0:src>[00m sent query 0x7f492c002de0 (caps), result 1
0:00:00.350487314 [334m19341[00m 0x7f4934007540 [37mDEBUG  [00m [00;01;34m           GST_EVENT gstpad.c:5548:gst_pad_send_event_unchecked:<typefindelement0:src>[00m have event type reconfigure event: 0x7f4908003b40, time 99:99:99.999999999, seq-num 255, (NULL)
0:00:00.350528327 [334m19341[00m 0x7f4934007540 [33;01mLOG    [00m [00;01;31;41m            GST_PADS gstpad.c:5261:gst_pad_push_event_unchecked:<typefindelement0:sink>[00m sending event 0x7f4908003b40 (reconfigure) to peerpad <source:src>
0:00:00.350540673 [334m19341[00m 0x7f4934007540 [37mDEBUG  [00m [00;01;34m           GST_EVENT gstpad.c:5548:gst_pad_send_event_unchecked:<source:src>[00m have event type reconfigure event: 0x7f4908003b40, time 99:99:99.999999999, seq-num 255, (NULL)
0:00:00.350583792 [334m19341[00m 0x7f49480038f0 [33;01mLOG    [00m [00;01;31;41m            GST_PADS gstpad.c:5261:gst_pad_push_event_unchecked:<srcbin-video_00:src>[00m sending event 0x7f492c003600 (stream-start) to peerpad <dashdemux0:internal-video_00>
0:00:00.350657686 [334m19341[00m 0x7f49480038f0 [37mDEBUG  [00m [00;01;34m           GST_EVENT gstpad.c:5548:gst_pad_send_event_unchecked:<dashdemux0:internal-video_00>[00m have event type stream-start event: 0x7f492c003600, time 99:99:99.999999999, seq-num 257, GstEventStreamStart, stream-id=(string)08b944aa0620ca9e3d80608e555f9f0d4ac6dae7b6f59d33e95ce70c41b07894, flags=(GstStreamFlags)GST_STREAM_FLAG_NONE, group-id=(uint)5;
0:00:00.350610790 [334m19341[00m 0x7f4934007540 [37mDEBUG  [00m [00;01;31;41m            GST_PADS gstpad.c:5622:gst_pad_send_event_unchecked:<source:src>[00m sent event, ret ok
0:00:00.350743553 [334m19341[00m 0x7f4948003990 [37mDEBUG  [00m [00;01;31;41m            GST_PADS gstpad.c:4058:gst_pad_peer_query:<souphttpsrc0:src>[00m peer query 0x7f492c002e30 (allocation)
0:00:00.350715974 [334m19341[00m 0x7f4934007540 [33;01mLOG    [00m [00;01;31;41m            GST_PADS gstpad.c:5269:gst_pad_push_event_unchecked:<typefindelement0:sink>[00m sent event 0x7f4908003b40 (reconfigure) to peerpad <source:src>, ret ok
0:00:00.350759280 [334m19341[00m 0x7f4934007540 [37mDEBUG  [00m [00;01;31;41m            GST_PADS gstpad.c:5622:gst_pad_send_event_unchecked:<typefindelement0:src>[00m sent event, ret ok
0:00:00.350714620 [334m19341[00m 0x7f49480038f0 [33;01mLOG    [00m [00;01;31;41m            GST_PADS gstpad.c:5556:gst_pad_send_event_unchecked:<dashdemux0:internal-video_00>[00m Removing pending EOS events
0:00:00.350800896 [334m19341[00m 0x7f49480038f0 [37mDEBUG  [00m [00;01;31;41m            GST_PADS gstpad.c:5622:gst_pad_send_event_unchecked:<dashdemux0:internal-video_00>[00m sent event, ret ok
0:00:00.350791777 [334m19341[00m 0x7f4934007540 [33;01mLOG    [00m [00;01;31;41m            GST_PADS gstpad.c:5269:gst_pad_push_event_unchecked:<dashdemux0:sink>[00m sent event 0x7f4908003b40 (reconfigure) to peerpad <typefindelement0:src>, ret ok
0:00:00.350821005 [334m19341[00m 0x7f4934007540 [37mDEBUG  [00m [00;01;31;41m            GST_PADS gstpad.c:5622:gst_pad_send_event_unchecked:<dashdemux0:audio_01>[00m sent event, ret ok
0:00:00.350825027 [334m19341[00m 0x7f49480038f0 [33;01mLOG    [00m [00;01;31;41m            GST_PADS gstpad.c:5037:store_sticky_event:<dashdemux0:internal-video_00>[00m Removing pending EOS and StreamGroupDone events
0:00:00.350830467 [334m19341[00m 0x7f4934007540 [33;01mLOG    [00m [00;01;31;41m            GST_PADS gstpad.c:5269:gst_pad_push_event_unchecked:<queue2-2:sink>[00m sent event 0x7f4908003b40 (reconfigure) to peerpad <dashdemux0:audio_01>, ret ok
0:00:00.350862056 [334m19341[00m 0x7f49480038f0 [33;01mLOG    [00m [00;01;31;41m            GST_PADS gstpad.c:5097:store_sticky_event:<dashdemux0:internal-video_00>[00m stored sticky event stream-start
0:00:00.350865086 [334m19341[00m 0x7f4934007540 [37mDEBUG  [00m [00;01;31;41m            GST_PADS gstpad.c:5622:gst_pad_send_event_unchecked:<queue2-2:src>[00m sent event, ret ok
0:00:00.350902038 [334m19341[00m 0x7f49480038f0 [33;01mLOG    [00m [00;01;31;41m            GST_PADS gstpad.c:5269:gst_pad_push_event_unchecked:<srcbin-video_00:src>[00m sent event 0x7f492c003600 (stream-start) to peerpad <dashdemux0:internal-video_00>, ret ok
0:00:00.350944180 [334m19341[00m 0x7f494c03fd40 [37mDEBUG  [00m [00;01;31;41m            GST_PADS gstpad.c:1078:gst_pad_set_active:<dashdemux0:internal-audio_01>[00m deactivating pad from push mode
0:00:00.350965891 [334m19341[00m 0x7f494c03fd40 [37mDEBUG  [00m [00;01;31;41m            GST_PADS gstpad.c:967:pre_activate:<dashdemux0:internal-audio_01>[00m setting PAD_MODE NONE, set flushing
0:00:00.350989110 [334m19341[00m 0x7f494c03fd40 [37mDEBUG  [00m [00;01;31;41m            GST_PADS gstpad.c:1015:post_activate:<dashdemux0:internal-audio_01>[00m stopped streaming
0:00:00.351010846 [334m19341[00m 0x7f494c03fd40 [33;01mLOG    [00m [00;01;34m           GST_EVENT gstevent.c:222:_gst_event_free:[00m freeing event 0x7f4920003900 type stream-start
0:00:00.350910221 [334m19341[00m 0x7f4934007540 [33;01mLOG    [00m [00;01;31;41m            GST_PADS gstpad.c:5269:gst_pad_push_event_unchecked:<src_2:proxypad7>[00m sent event 0x7f4908003b40 (reconfigure) to peerpad <queue2-2:src>, ret ok
0:00:00.351022900 [334m19341[00m 0x7f494c03fd40 [33;01mLOG    [00m [00;01;34m           GST_EVENT gstevent.c:222:_gst_event_free:[00m freeing event 0x7f4920003ac0 type segment
0:00:00.351065173 [334m19341[00m 0x7f4934007540 [37mDEBUG  [00m [00;01;31;41m            GST_PADS gstpad.c:5622:gst_pad_send_event_unchecked:<urisourcebin0:src_2>[00m sent event, ret ok
0:00:00.351090877 [334m19341[00m 0x7f4934007540 [33;01mLOG    [00m [00;01;31;41m            GST_PADS gstpad.c:5269:gst_pad_push_event_unchecked:<decodebin3-0:sink_1>[00m sent event 0x7f4908003b40 (reconfigure) to peerpad <urisourcebin0:src_2>, ret ok
0:00:00.351096328 [334m19341[00m 0x7f494c03fd40 [33;01mLOG    [00m [00;01;34m           GST_EVENT gstevent.c:222:_gst_event_free:[00m freeing event 0x7f4920003b30 type eos
0:00:00.351082113 [334m19341[00m 0x7f4948003990 [37mDEBUG  [00m [00;01;31;41m            GST_PADS gstpad.c:3931:gst_pad_query:<queue0:sink>[00m doing query 0x7f492c002e30 (allocation)
0:00:00.351101008 [334m19341[00m 0x7f4934007540 [37mDEBUG  [00m [00;01;31;41m            GST_PADS gstpad.c:5622:gst_pad_send_event_unchecked:<sink_1:proxypad9>[00m sent event, ret ok
0:00:00.351111352 [334m19341[00m 0x7f4934007540 [33;01mLOG    [00m [00;01;31;41m            GST_PADS gstpad.c:5269:gst_pad_push_event_unchecked:<parsebin2:sink>[00m sent event 0x7f4908003b40 (reconfigure) to peerpad <sink_1:proxypad9>, ret ok
0:00:00.351123778 [334m19341[00m 0x7f4934007540 [33;01mLOG    [00m [00;01;34m           GST_EVENT gstevent.c:222:_gst_event_free:[00m freeing event 0x7f4908003b40 type reconfigure
0:00:00.351112905 [334m19341[00m 0x7f494c03fd40 [33;01mLOG    [00m [00;01;34m           GST_EVENT gstevent.c:222:_gst_event_free:[00m freeing event 0x7f4920003a50 type custom-downstream-sticky
0:00:00.351145513 [334m19341[00m 0x7f4934007540 [37mDEBUG  [00m [00;01;31;41m            GST_PADS gstpad.c:5622:gst_pad_send_event_unchecked:<sink:proxypad12>[00m sent event, ret ok
0:00:00.351144820 [334m19341[00m 0x7f49480038f0 [37mDEBUG  [00m [00;01;31;41m            GST_PADS gstpad.c:3814:push_sticky:<srcbin-video_00:src>[00m event stream-start marked received
0:00:00.351134108 [334m19341[00m 0x7f4948003990 [33;01mLOG    [00m [00m               queue gstqueue.c:1044:gst_queue_handle_sink_query:<queue0>[00m queuing query 0x7f492c002e30 (allocation)
0:00:00.351168077 [334m19341[00m 0x7f4934007540 [33;01mLOG    [00m [00;01;31;41m            GST_PADS gstpad.c:5269:gst_pad_push_event_unchecked:<typefind:sink>[00m sent event 0x7f4908003b40 (reconfigure) to peerpad <sink:proxypad12>, ret ok
0:00:00.351173202 [334m19341[00m 0x7f494c03fd40 [37mDEBUG  [00m [00;01;31;41m            GST_PADS gstpad.c:1188:activate_mode_internal:<dashdemux0:internal-audio_01>[00m deactivated in push mode
0:00:00.351192368 [334m19341[00m 0x7f494c03fd40 [37mDEBUG  [00m [00;01;31;41m            GST_PADS gstpad.c:1063:gst_pad_set_active:<dashdemux0:internal-audio_01>[00m activating pad from none
0:00:00.351180603 [334m19341[00m 0x7f4934007540 [37mDEBUG  [00m [00;01;31;41m            GST_PADS gstpad.c:5622:gst_pad_send_event_unchecked:<typefind:src>[00m sent event, ret ok
0:00:00.351223076 [334m19341[00m 0x7f49480038f0 [37mDEBUG  [00m [00;01;31;41m            GST_PADS gstpad.c:5622:gst_pad_send_event_unchecked:<src:proxypad1>[00m sent event, ret ok
0:00:00.351236931 [334m19341[00m 0x7f49480038f0 [33;01mLOG    [00m [00;01;31;41m            GST_PADS gstpad.c:5037:store_sticky_event:<src:proxypad1>[00m Removing pending EOS and StreamGroupDone events
0:00:00.351248306 [334m19341[00m 0x7f49480038f0 [33;01mLOG    [00m [00;01;31;41m            GST_PADS gstpad.c:5097:store_sticky_event:<src:proxypad1>[00m stored sticky event stream-start
0:00:00.351272434 [334m19341[00m 0x7f49480038f0 [33;01mLOG    [00m [00;01;31;41m            GST_PADS gstpad.c:5269:gst_pad_push_event_unchecked:<queue0:src>[00m sent event 0x7f492c003600 (stream-start) to peerpad <src:proxypad1>, ret ok
0:00:00.351303558 [334m19341[00m 0x7f494c03fd40 [37mDEBUG  [00m [00;01;31;41m            GST_PADS gstpad.c:979:pre_activate:<dashdemux0:internal-audio_01>[00m setting pad into push mode, unset flushing
0:00:00.351317554 [334m19341[00m 0x7f49480038f0 [37mDEBUG  [00m [00;01;31;41m            GST_PADS gstpad.c:3814:push_sticky:<queue0:src>[00m event stream-start marked received
0:00:00.351314604 [334m19341[00m 0x7f494c03fd40 [37mDEBUG  [00m [00;01;31;41m            GST_PADS gstpad.c:991:pre_activate:<dashdemux0:internal-audio_01>[00m reschedule events on peer srcbin-audio_01:src
0:00:00.351338433 [334m19341[00m 0x7f49480038f0 [33;01mLOG    [00m [00m      queue_dataflow gstqueue.c:897:gst_queue_locked_dequeue:<queue0>[00m retrieved query 0x7f492c002e30 from queue
0:00:00.351352061 [334m19341[00m 0x7f49480038f0 [37mDEBUG  [00m [00;01;31;41m            GST_PADS gstpad.c:4058:gst_pad_peer_query:<queue0:src>[00m peer query 0x7f492c002e30 (allocation)
0:00:00.351372361 [334m19341[00m 0x7f49480038f0 [37mDEBUG  [00m [00;01;31;41m            GST_PADS gstpad.c:3931:gst_pad_query:<src:proxypad1>[00m doing query 0x7f492c002e30 (allocation)
0:00:00.351353717 [334m19341[00m 0x7f494c03fd40 [37mDEBUG  [00m [00;01;31;41m            GST_PADS gstpad.c:1188:activate_mode_internal:<dashdemux0:internal-audio_01>[00m activated in push mode
0:00:00.351390956 [334m19341[00m 0x7f494c03fd40 [37mDEBUG  [00m [00m       adaptivedemux gstadaptivedemux.c:2897:gst_adaptive_demux_stream_download_header_fragment:<dashdemux0>[00m Fetching index http://dash.akamaized.net/dash264/TestCases/10a/1/German_Forest_Short_Poem_german-de-68s-2-lc-128000bps_seg.mp4 606-805
0:00:00.351420319 [334m19341[00m 0x7f49480038f0 [33;01mLOG    [00m [00;01;31;41m            GST_PADS gstpad.c:2944:gst_pad_forward:<src:proxypad1>[00m calling forward function on pad srcbin-video_00:src
0:00:00.351434045 [334m19341[00m 0x7f49480038f0 [33;01mLOG    [00m [00;01;31;41m            GST_PADS gstpad.c:3315:query_forward_func:<srcbin-video_00:src>[00m query peer 0x7f492c002e30 (allocation) of srcbin-video_00:src
0:00:00.351408552 [334m19341[00m 0x7f494c03fd40 [37mDEBUG  [00m [00m       adaptivedemux gstadaptivedemux.c:2726:gst_adaptive_demux_stream_download_uri:<dashdemux0:audio_01>[00m Downloading index uri: http://dash.akamaized.net/dash264/TestCases/10a/1/German_Forest_Short_Poem_german-de-68s-2-lc-128000bps_seg.mp4, range:606 - 805
0:00:00.351449383 [334m19341[00m 0x7f49480038f0 [37mDEBUG  [00m [00;01;31;41m            GST_PADS gstpad.c:4058:gst_pad_peer_query:<srcbin-video_00:src>[00m peer query 0x7f492c002e30 (allocation)
0:00:00.351460167 [334m19341[00m 0x7f494c03fd40 [37mDEBUG  [00m [00m       adaptivedemux gstadaptivedemux.c:2530:gst_adaptive_demux_stream_update_source:<dashdemux0>[00m Re-using old source element
0:00:00.351651087 [334m19341[00m 0x7f494c03fd40 [37mDEBUG  [00m [00;01;31;41m            GST_PADS gstpad.c:1074:gst_pad_set_active:<srcbin-audio_01:src>[00m pad was inactive
0:00:00.351676336 [334m19341[00m 0x7f49480038f0 [37mDEBUG  [00m [00;01;31;41m            GST_PADS gstpad.c:3931:gst_pad_query:<dashdemux0:internal-video_00>[00m doing query 0x7f492c002e30 (allocation)
0:00:00.351733387 [334m19341[00m 0x7f49480038f0 [37mDEBUG  [00m [00;01;31;41m            GST_PADS gstpad.c:3954:gst_pad_query:<dashdemux0:internal-video_00>[00m sent query 0x7f492c002e30 (allocation), result 0
0:00:00.351723190 [334m19341[00m 0x7f4934007540 [37mDEBUG  [00m [00;01;31;41m            GST_PADS gstghostpad.c:808:gst_ghost_pad_get_target:<'':parsepad2>[00m get target typefind:src
0:00:00.351858877 [334m19341[00m 0x7f49480038f0 [37mDEBUG  [00m [00;01;31;41m            GST_PADS gstpad.c:3999:gst_pad_query:<dashdemux0:internal-video_00>[00m query failed
0:00:00.351912756 [334m19341[00m 0x7f49480038f0 [37mDEBUG  [00m [00;01;31;41m            GST_PADS gstpad.c:4120:gst_pad_peer_query:<srcbin-video_00:src>[00m query failed
0:00:00.351954248 [334m19341[00m 0x7f49480038f0 [37mDEBUG  [00m [00;01;31;41m            GST_PADS gstpad.c:3954:gst_pad_query:<src:proxypad1>[00m sent query 0x7f492c002e30 (allocation), result 0
0:00:00.351968401 [334m19341[00m 0x7f49480038f0 [37mDEBUG  [00m [00;01;31;41m            GST_PADS gstpad.c:3999:gst_pad_query:<src:proxypad1>[00m query failed
0:00:00.351994032 [334m19341[00m 0x7f49480038f0 [37mDEBUG  [00m [00;01;31;41m            GST_PADS gstpad.c:4120:gst_pad_peer_query:<queue0:src>[00m query failed
0:00:00.352020920 [334m19341[00m 0x7f49480038f0 [33;01mLOG    [00m [00m      queue_dataflow gstqueue.c:1454:gst_queue_push_one:<queue0>[00m did query 0x7f492c002e30, return 0
0:00:00.352072849 [334m19341[00m 0x7f4934007540 [33;01mLOG    [00m [00;01;31;41m            GST_PADS gstpad.c:5037:store_sticky_event:<'':parsepad2>[00m Removing pending EOS and StreamGroupDone events
0:00:00.352062484 [334m19341[00m 0x7f49480038f0 [37mDEBUG  [00m [00m      queue_dataflow gstqueue.c:1491:gst_queue_loop:<queue0>[00m queue is empty
0:00:00.352083005 [334m19341[00m 0x7f4934007540 [33;01mLOG    [00m [00;01;31;41m            GST_PADS gstpad.c:5097:store_sticky_event:<'':parsepad2>[00m stored sticky event stream-start
0:00:00.352094745 [334m19341[00m 0x7f49480038f0 [33;01mLOG    [00m [00m      queue_dataflow gstqueue.c:1500:gst_queue_loop:<queue0>[00m (queue0:src) wait for ADD: 0 of 0-0 buffers, 0 of 0-20971520 bytes, 0 of 0-0 ns, 0 items
0:00:00.352115895 [334m19341[00m 0x7f4948003990 [37mDEBUG  [00m [00;01;31;41m            GST_PADS gstpad.c:3954:gst_pad_query:<queue0:sink>[00m sent query 0x7f492c002e30 (allocation), result 0
0:00:00.352126513 [334m19341[00m 0x7f4948003990 [37mDEBUG  [00m [00;01;31;41m            GST_PADS gstpad.c:3999:gst_pad_query:<queue0:sink>[00m query failed
0:00:00.352166999 [334m19341[00m 0x7f4948003990 [37mDEBUG  [00m [00;01;31;41m            GST_PADS gstpad.c:4120:gst_pad_peer_query:<souphttpsrc0:src>[00m query failed
0:00:00.352229351 [334m19341[00m 0x7f4934007540 [33;01mLOG    [00m [00;01;31;41m            GST_PADS gstpad.c:5097:store_sticky_event:<'':parsepad2>[00m stored sticky event caps
0:00:00.352250609 [334m19341[00m 0x7f4934007540 [37mDEBUG  [00m [00;01;31;41m            GST_PADS gstpad.c:5103:store_sticky_event:<'':parsepad2>[00m notify caps
0:00:00.352265492 [334m19341[00m 0x7f4934007540 [37mDEBUG  [00m [00m          decodebin3 gstdecodebin3.c:692:parsebin_autoplug_continue_cb:<'':parsepad2>[00m caps audio/x-m4a, rate=(int)48000
0:00:00.352547392 [334m19341[00m 0x7f494c03fd40 [36mINFO   [00m [00;01;34m           GST_EVENT gstevent.c:1275:gst_event_new_seek:[00m creating seek rate 1.000000, format bytes, flags 1, start_type 1, start 606, stop_type 1, stop 806
