0:00:00.446782161 [334m19341[00m 0x7f4948003990 [33;01mLOG    [00m [00m               queue gstqueue.c:547:update_time_level:<queue0>[00m sink +0:00:00.000000886, src +0:00:00.000000886
0:00:00.446767109 [334m19341[00m 0x7f4934007540 [33;01mLOG    [00m [00;01;31;41m            GST_PADS gstpad.c:5097:store_sticky_event:<parsepad3:proxypad15>[00m stored sticky event stream-start
0:00:00.446818330 [334m19341[00m 0x7f4948003990 [37mDEBUG  [00m [00;01;35m      GST_SCHEDULING gstpad.c:4208:gst_pad_chain_data_unchecked:<queue0:sink>[00m called chainfunction &gst_queue_chain with buffer 0x7f492005a4b0, returned ok
0:00:00.446956170 [334m19341[00m 0x7f493c009590 [33;01mLOG    [00m [00;01;31;41m            GST_PADS gstpad.c:5261:gst_pad_push_event_unchecked:<dashdemux0:audio_01>[00m sending event 0x7f49280039e0 (tag) to peerpad <queue2-2:sink>
0:00:00.446958700 [334m19341[00m 0x7f4934007540 [33;01mLOG    [00m [00;01;31;41m            GST_PADS gstpad.c:5269:gst_pad_push_event_unchecked:<aacparse0:src>[00m sent event 0x7f490c003d00 (stream-start) to peerpad <parsepad3:proxypad15>, ret ok
0:00:00.447020515 [334m19341[00m 0x7f493c009590 [37mDEBUG  [00m [00;01;34m           GST_EVENT gstpad.c:5548:gst_pad_send_event_unchecked:<queue2-2:sink>[00m have event type tag event: 0x7f49280039e0, time 99:99:99.999999999, seq-num 422, GstTagList-stream, taglist=(taglist)"taglist\,\ nominal-bitrate\=\(uint\)131089\;";
0:00:00.447038863 [334m19341[00m 0x7f493c009590 [33;01mLOG    [00m [00m              queue2 gstqueue2.c:2550:gst_queue2_handle_sink_event:<queue2-2>[00m Sink pad bitrate from tags now 131089
0:00:00.447049265 [334m19341[00m 0x7f493c009590 [37mDEBUG  [00m [00;01;31;41m            GST_PADS gstpad.c:5622:gst_pad_send_event_unchecked:<queue2-2:sink>[00m sent event, ret ok
0:00:00.447096801 [334m19341[00m 0x7f4934007540 [37mDEBUG  [00m [00;01;31;41m            GST_PADS gstpad.c:3814:push_sticky:<aacparse0:src>[00m event stream-start marked received
0:00:00.447111864 [334m19341[00m 0x7f4934007540 [37mDEBUG  [00m [00;01;31;41m            GST_PADS gstpad.c:5622:gst_pad_send_event_unchecked:<aacparse0:sink>[00m sent event, ret ok
0:00:00.447182542 [334m19341[00m 0x7f4934007540 [33;01mLOG    [00m [00;01;31;41m            GST_PADS gstpad.c:5037:store_sticky_event:<aacparse0:sink>[00m Removing pending EOS and StreamGroupDone events
0:00:00.447151596 [334m19341[00m 0x7f4948003f70 [33;01mLOG    [00m [00m       adaptivedemux gstadaptivedemux.c:2401:_uri_handler_probe:<souphttpsrc1:src>[00m Received buffer, size 30408 total 220998
0:00:00.447185168 [334m19341[00m 0x7f493c009590 [33;01mLOG    [00m [00;01;31;41m            GST_PADS gstpad.c:5097:store_sticky_event:<queue2-2:sink>[00m stored sticky event tag
0:00:00.447205710 [334m19341[00m 0x7f4934007540 [33;01mLOG    [00m [00;01;31;41m            GST_PADS gstpad.c:5097:store_sticky_event:<aacparse0:sink>[00m stored sticky event stream-start
0:00:00.447213063 [334m19341[00m 0x7f493c009590 [33;01mLOG    [00m [00;01;31;41m            GST_PADS gstpad.c:5269:gst_pad_push_event_unchecked:<dashdemux0:audio_01>[00m sent event 0x7f49280039e0 (tag) to peerpad <queue2-2:sink>, ret ok
0:00:00.447268929 [334m19341[00m 0x7f4948003f70 [37mDEBUG  [00m [00;01;35m      GST_SCHEDULING gstpad.c:4202:gst_pad_chain_data_unchecked:<queue1:sink>[00m calling chainfunction &gst_queue_chain with buffer buffer: 0x7f492005a070, pts 99:99:99.999999999, dts 99:99:99.999999999, dur 99:99:99.999999999, size 30408, offset 191396, offset_end none, flags 0x0
0:00:00.447287127 [334m19341[00m 0x7f4948003f70 [33;01mLOG    [00m [00m      queue_dataflow gstqueue.c:1183:gst_queue_chain_buffer_or_list:<queue1>[00m received buffer 0x7f492005a070 of size 30408, time 99:99:99.999999999, duration 99:99:99.999999999
0:00:00.447305252 [334m19341[00m 0x7f4948003f70 [33;01mLOG    [00m [00m               queue gstqueue.c:633:apply_buffer:<queue1>[00m sink position updated to 0:00:00.000000806
0:00:00.447360306 [334m19341[00m 0x7f493c009590 [37mDEBUG  [00m [00;01;31;41m            GST_PADS gstpad.c:3814:push_sticky:<dashdemux0:audio_01>[00m event tag marked received
0:00:00.447394515 [334m19341[00m 0x7f4948003f70 [33;01mLOG    [00m [00m               queue gstqueue.c:529:update_time_level:<queue1>[00m update sink time
0:00:00.447391629 [334m19341[00m 0x7f49480038f0 [37mDEBUG  [00m [00;01;35m      GST_SCHEDULING gstpad.c:4202:gst_pad_chain_data_unchecked:<queue2-1:sink>[00m calling chainfunction &gst_queue2_chain with buffer buffer: 0x7f492005a3a0, pts 99:99:99.999999999, dts 99:99:99.999999999, dur 99:99:99.999999999, size 1448, offset 33641, offset_end 35089, flags 0x0
0:00:00.447406843 [334m19341[00m 0x7f49480038f0 [33;01mLOG    [00m [00m     queue2_dataflow gstqueue2.c:2816:gst_queue2_chain:<queue2-1>[00m received buffer 0x7f492005a3a0 of size 1448, time 99:99:99.999999999, duration 99:99:99.999999999
0:00:00.447440601 [334m19341[00m 0x7f49480038f0 [37mDEBUG  [00m [00m              queue2 gstqueue2.c:842:apply_buffer:<queue2-1>[00m position updated to 0:00:00.182566795
0:00:00.447296256 [334m19341[00m 0x7f4934007540 [37mDEBUG  [00m [00;01;34m           GST_EVENT gstpad.c:5548:gst_pad_send_event_unchecked:<aacparse0:sink>[00m have event type caps event: 0x7f490c003d70, time 99:99:99.999999999, seq-num 355, GstEventCaps, caps=(GstCaps)"audio/mpeg\,\ mpegversion\=\(int\)4\,\ framed\=\(boolean\)true\,\ stream-format\=\(string\)raw\,\ level\=\(string\)2\,\ base-profile\=\(string\)lc\,\ profile\=\(string\)lc\,\ codec_data\=\(buffer\)1190ed40\,\ rate\=\(int\)48000\,\ channels\=\(int\)2";
0:00:00.447455118 [334m19341[00m 0x7f4948003f70 [33;01mLOG    [00m [00m               queue gstqueue.c:547:update_time_level:<queue1>[00m sink +0:00:00.000000806, src +0:00:00.000000806
0:00:00.447499817 [334m19341[00m 0x7f49480038f0 [37mDEBUG  [00m [00m              queue2 gstqueue2.c:740:update_time_level:<queue2-1>[00m sink 0:00:00.182566795, src 0:00:00.000000000
0:00:00.447514488 [334m19341[00m 0x7f49480038f0 [37mDEBUG  [00m [00m              queue2 gstqueue2.c:1199:update_in_rates:<queue2-1>[00m rates: in 0.000000, time 0:00:00.000000000
0:00:00.447471473 [334m19341[00m 0x7f493c009590 [37mDEBUG  [00m [00;01;35m      GST_SCHEDULING gstpad.c:4202:gst_pad_chain_data_unchecked:<queue2-2:sink>[00m calling chainfunction &gst_queue2_chain with buffer buffer: 0x7f492c011700, pts 99:99:99.999999999, dts 99:99:99.999999999, dur 99:99:99.999999999, size 902, offset 806, offset_end 1708, flags 0x0
0:00:00.447525582 [334m19341[00m 0x7f49480038f0 [37mDEBUG  [00m [00;01;35m      GST_SCHEDULING gstpad.c:4208:gst_pad_chain_data_unchecked:<queue2-1:sink>[00m called chainfunction &gst_queue2_chain with buffer 0x7f492005a3a0, returned ok
0:00:00.447539218 [334m19341[00m 0x7f4948003f70 [37mDEBUG  [00m [00;01;35m      GST_SCHEDULING gstpad.c:4208:gst_pad_chain_data_unchecked:<queue1:sink>[00m called chainfunction &gst_queue_chain with buffer 0x7f492005a070, returned ok
0:00:00.447553719 [334m19341[00m 0x7f493c009590 [33;01mLOG    [00m [00m     queue2_dataflow gstqueue2.c:2816:gst_queue2_chain:<queue2-2>[00m received buffer 0x7f492c011700 of size 902, time 99:99:99.999999999, duration 99:99:99.999999999
0:00:00.447610190 [334m19341[00m 0x7f493c009590 [37mDEBUG  [00m [00m              queue2 gstqueue2.c:842:apply_buffer:<queue2-2>[00m position updated to 0:00:00.055046571
0:00:00.447621723 [334m19341[00m 0x7f49480038f0 [33;01mLOG    [00m [00m       adaptivedemux gstadaptivedemux.c:2114:gst_adaptive_demux_stream_push_buffer:<dashdemux0:video_00>[00m Push result: 0 ok
0:00:00.447658112 [334m19341[00m 0x7f4934007540 [37mDEBUG  [00m [00;01;31;41m            GST_PADS gstpad.c:3931:gst_pad_query:<aacparse0:sink>[00m doing query 0x7f490c0039e0 (accept-caps)
0:00:00.447718894 [334m19341[00m 0x7f49480038f0 [37mDEBUG  [00m [00;01;35m      GST_SCHEDULING gstpad.c:4208:gst_pad_chain_data_unchecked:<dashdemux0:internal-video_00>[00m called chainfunction &0x7f495259ee20 with buffer 0x7f492005a3a0, returned ok
0:00:00.447661305 [334m19341[00m 0x7f493c009590 [37mDEBUG  [00m [00m              queue2 gstqueue2.c:740:update_time_level:<queue2-2>[00m sink 0:00:00.055046571, src 0:00:00.000000000
0:00:00.447791517 [334m19341[00m 0x7f493c009630 [33;01mLOG    [00m [00m       adaptivedemux gstadaptivedemux.c:2401:_uri_handler_probe:<souphttpsrc2:src>[00m Received buffer, size 16384 total 29574
0:00:00.447816210 [334m19341[00m 0x7f493c009590 [37mDEBUG  [00m [00m              queue2 gstqueue2.c:1199:update_in_rates:<queue2-2>[00m rates: in 0.000000, time 0:00:00.000000000
0:00:00.447893265 [334m19341[00m 0x7f493c009630 [37mDEBUG  [00m [00;01;35m      GST_SCHEDULING gstpad.c:4202:gst_pad_chain_data_unchecked:<queue2:sink>[00m calling chainfunction &gst_queue_chain with buffer buffer: 0x7f492c011a30, pts 99:99:99.999999999, dts 99:99:99.999999999, dur 99:99:99.999999999, size 16384, offset 13996, offset_end none, flags 0x0
0:00:00.447907721 [334m19341[00m 0x7f493c009630 [33;01mLOG    [00m [00m      queue_dataflow gstqueue.c:1183:gst_queue_chain_buffer_or_list:<queue2>[00m received buffer 0x7f492c011a30 of size 16384, time 99:99:99.999999999, duration 99:99:99.999999999
0:00:00.447952118 [334m19341[00m 0x7f493c009630 [33;01mLOG    [00m [00m               queue gstqueue.c:633:apply_buffer:<queue2>[00m sink position updated to 0:00:00.000000806
0:00:00.447987859 [334m19341[00m 0x7f493c009630 [33;01mLOG    [00m [00m               queue gstqueue.c:529:update_time_level:<queue2>[00m update sink time
0:00:00.447965052 [334m19341[00m 0x7f49480038f0 [33;01mLOG    [00m [00m      queue_dataflow gstqueue.c:846:gst_queue_locked_dequeue:<queue0>[00m retrieved buffer 0x7f492005a4b0 from queue
0:00:00.447863658 [334m19341[00m 0x7f493c009590 [37mDEBUG  [00m [00;01;35m      GST_SCHEDULING gstpad.c:4208:gst_pad_chain_data_unchecked:<queue2-2:sink>[00m called chainfunction &gst_queue2_chain with buffer 0x7f492c011700, returned ok
0:00:00.448013391 [334m19341[00m 0x7f493c009630 [33;01mLOG    [00m [00m               queue gstqueue.c:547:update_time_level:<queue2>[00m sink +0:00:00.000000806, src +0:00:00.000000806
0:00:00.448053716 [334m19341[00m 0x7f49480038f0 [33;01mLOG    [00m [00m               queue gstqueue.c:633:apply_buffer:<queue0>[00m src position updated to 0:00:00.000000886
0:00:00.448081282 [334m19341[00m 0x7f49480038f0 [33;01mLOG    [00m [00m               queue gstqueue.c:538:update_time_level:<queue0>[00m update src time
0:00:00.448124220 [334m19341[00m 0x7f493c009590 [33;01mLOG    [00m [00m       adaptivedemux gstadaptivedemux.c:2114:gst_adaptive_demux_stream_push_buffer:<dashdemux0:audio_01>[00m Push result: 0 ok
0:00:00.448167764 [334m19341[00m 0x7f4934007540 [37mDEBUG  [00m [00;01;31;41m            GST_PADS gstpad.c:3954:gst_pad_query:<aacparse0:sink>[00m sent query 0x7f490c0039e0 (accept-caps), result 1
0:00:00.448179658 [334m19341[00m 0x7f493c009630 [37mDEBUG  [00m [00;01;35m      GST_SCHEDULING gstpad.c:4208:gst_pad_chain_data_unchecked:<queue2:sink>[00m called chainfunction &gst_queue_chain with buffer 0x7f492c011a30, returned ok
0:00:00.448198987 [334m19341[00m 0x7f493c009590 [37mDEBUG  [00m [00;01;35m      GST_SCHEDULING gstpad.c:4208:gst_pad_chain_data_unchecked:<dashdemux0:internal-audio_01>[00m called chainfunction &0x7f495259ee20 with buffer 0x7f492c011700, returned ok
0:00:00.448138668 [334m19341[00m 0x7f49480038f0 [33;01mLOG    [00m [00m               queue gstqueue.c:547:update_time_level:<queue0>[00m sink +0:00:00.000000886, src +0:00:00.000000886
0:00:00.448343435 [334m19341[00m 0x7f49300068a0 [37mDEBUG  [00m [00;01;31;41m            GST_PADS gstpad.c:1063:gst_pad_set_active:<aacparse1:src>[00m activating pad from none
0:00:00.448348397 [334m19341[00m 0x7f4948003990 [33;01mLOG    [00m [00m       adaptivedemux gstadaptivedemux.c:2401:_uri_handler_probe:<souphttpsrc0:src>[00m Received buffer, size 32768 total 83355
0:00:00.448392584 [334m19341[00m 0x7f49300068a0 [37mDEBUG  [00m [00;01;31;41m            GST_PADS gstpad.c:979:pre_activate:<aacparse1:src>[00m setting pad into push mode, unset flushing
0:00:00.448431083 [334m19341[00m 0x7f49300068a0 [37mDEBUG  [00m [00;01;31;41m            GST_PADS gstpad.c:1188:activate_mode_internal:<aacparse1:src>[00m activated in push mode
0:00:00.448464894 [334m19341[00m 0x7f4948003990 [37mDEBUG  [00m [00;01;35m      GST_SCHEDULING gstpad.c:4202:gst_pad_chain_data_unchecked:<queue0:sink>[00m calling chainfunction &gst_queue_chain with buffer buffer: 0x7f492005a5c0, pts 99:99:99.999999999, dts 99:99:99.999999999, dur 99:99:99.999999999, size 32768, offset 51473, offset_end none, flags 0x0
0:00:00.448502636 [334m19341[00m 0x7f49480038f0 [37mDEBUG  [00m [00;01;35m      GST_SCHEDULING gstpad.c:4202:gst_pad_chain_data_unchecked:<dashdemux0:internal-video_00>[00m calling chainfunction &0x7f495259ee20 with buffer buffer: 0x7f492005a4b0, pts 99:99:99.999999999, dts 99:99:99.999999999, dur 99:99:99.999999999, size 16384, offset 35089, offset_end none, flags 0x0
0:00:00.448485990 [334m19341[00m 0x7f49300068a0 [37mDEBUG  [00m [00;01;31;41m            GST_PADS gstpad.c:1063:gst_pad_set_active:<aacparse1:sink>[00m activating pad from none
0:00:00.448557975 [334m19341[00m 0x7f493c009590 [33;01mLOG    [00m [00m      queue_dataflow gstqueue.c:846:gst_queue_locked_dequeue:<queue2>[00m retrieved buffer 0x7f492c011810 from queue
0:00:00.448565593 [334m19341[00m 0x7f493c009590 [33;01mLOG    [00m [00m               queue gstqueue.c:633:apply_buffer:<queue2>[00m src position updated to 0:00:00.000000806
0:00:00.448576673 [334m19341[00m 0x7f493c009590 [33;01mLOG    [00m [00m               queue gstqueue.c:538:update_time_level:<queue2>[00m update src time
0:00:00.448548005 [334m19341[00m 0x7f4948003990 [33;01mLOG    [00m [00m      queue_dataflow gstqueue.c:1183:gst_queue_chain_buffer_or_list:<queue0>[00m received buffer 0x7f492005a5c0 of size 32768, time 99:99:99.999999999, duration 99:99:99.999999999
0:00:00.448514507 [334m19341[00m 0x7f49480038f0 [37mDEBUG  [00m [00m       adaptivedemux gstadaptivedemux.c:2243:_src_chain:<dashdemux0:video_00>[00m Received buffer of size 16384
0:00:00.448627563 [334m19341[00m 0x7f4948003990 [33;01mLOG    [00m [00m               queue gstqueue.c:633:apply_buffer:<queue0>[00m sink position updated to 0:00:00.000000886
0:00:00.448663019 [334m19341[00m 0x7f4948003990 [33;01mLOG    [00m [00m               queue gstqueue.c:529:update_time_level:<queue0>[00m update sink time
0:00:00.448695332 [334m19341[00m 0x7f4948003990 [33;01mLOG    [00m [00m               queue gstqueue.c:547:update_time_level:<queue0>[00m sink +0:00:00.000000886, src +0:00:00.000000886
0:00:00.448738909 [334m19341[00m 0x7f4948003990 [37mDEBUG  [00m [00;01;35m      GST_SCHEDULING gstpad.c:4208:gst_pad_chain_data_unchecked:<queue0:sink>[00m called chainfunction &gst_queue_chain with buffer 0x7f492005a5c0, returned ok
0:00:00.448755405 [334m19341[00m 0x7f493c009590 [33;01mLOG    [00m [00m               queue gstqueue.c:547:update_time_level:<queue2>[00m sink +0:00:00.000000806, src +0:00:00.000000806
0:00:00.448702672 [334m19341[00m 0x7f49300068a0 [37mDEBUG  [00m [00;01;31;41m            GST_PADS gstpad.c:4058:gst_pad_peer_query:<aacparse1:sink>[00m peer query 0x7f491002f190 (scheduling)
0:00:00.448744536 [334m19341[00m 0x7f4934007540 [37mDEBUG  [00m [00m            aacparse gstaacparse.c:299:gst_aac_parse_sink_setcaps:<aacparse0>[00m setcaps: audio/mpeg, mpegversion=(int)4, framed=(boolean)true, stream-format=(string)raw, level=(string)2, base-profile=(string)lc, profile=(string)lc, codec_data=(buffer)1190ed40, rate=(int)48000, channels=(int)2
0:00:00.448803569 [334m19341[00m 0x7f4948003f70 [33;01mLOG    [00m [00m       adaptivedemux gstadaptivedemux.c:2401:_uri_handler_probe:<souphttpsrc1:src>[00m Received buffer, size 18824 total 239822
0:00:00.448854770 [334m19341[00m 0x7f4934007540 [37mDEBUG  [00m [00m            aacparse gstaacparse.c:334:gst_aac_parse_sink_setcaps:[00m codec_data: object_type=2, sample_rate=48000, channels=2, samples=1024
0:00:00.448981012 [334m19341[00m 0x7f4948003f70 [37mDEBUG  [00m [00;01;35m      GST_SCHEDULING gstpad.c:4202:gst_pad_chain_data_unchecked:<queue1:sink>[00m calling chainfunction &gst_queue_chain with buffer buffer: 0x7f492005a180, pts 99:99:99.999999999, dts 99:99:99.999999999, dur 99:99:99.999999999, size 18824, offset 221804, offset_end none, flags 0x0
0:00:00.449014637 [334m19341[00m 0x7f4948003f70 [33;01mLOG    [00m [00m      queue_dataflow gstqueue.c:1183:gst_queue_chain_buffer_or_list:<queue1>[00m received buffer 0x7f492005a180 of size 18824, time 99:99:99.999999999, duration 99:99:99.999999999
0:00:00.449056132 [334m19341[00m 0x7f4948003f70 [33;01mLOG    [00m [00m               queue gstqueue.c:633:apply_buffer:<queue1>[00m sink position updated to 0:00:00.000000806
0:00:00.449073895 [334m19341[00m 0x7f49300068a0 [37mDEBUG  [00m [00;01;31;41m            GST_PADS gstpad.c:4120:gst_pad_peer_query:<aacparse1:sink>[00m query failed
0:00:00.449064924 [334m19341[00m 0x7f4948003f70 [33;01mLOG    [00m [00m               queue gstqueue.c:529:update_time_level:<queue1>[00m update sink time
0:00:00.448918847 [334m19341[00m 0x7f4934007540 [37mDEBUG  [00m [00m            aacparse gstaacparse.c:177:gst_aac_parse_set_src_caps:<aacparse0>[00m sink caps: audio/mpeg, mpegversion=(int)4, framed=(boolean)true, stream-format=(string)raw, level=(string)2, base-profile=(string)lc, profile=(string)lc, codec_data=(buffer)1190ed40, rate=(int)48000, channels=(int)2
0:00:00.449102578 [334m19341[00m 0x7f4948003f70 [33;01mLOG    [00m [00m               queue gstqueue.c:547:update_time_level:<queue1>[00m sink +0:00:00.000000806, src +0:00:00.000000806
0:00:00.449143691 [334m19341[00m 0x7f493c009590 [37mDEBUG  [00m [00;01;35m      GST_SCHEDULING gstpad.c:4202:gst_pad_chain_data_unchecked:<dashdemux0:internal-audio_01>[00m calling chainfunction &0x7f495259ee20 with buffer buffer: 0x7f492c011810, pts 99:99:99.999999999, dts 99:99:99.999999999, dur 99:99:99.999999999, size 4096, offset 1708, offset_end none, flags 0x0
0:00:00.449162860 [334m19341[00m 0x7f49300068a0 [37mDEBUG  [00m [00;01;31;41m            GST_PADS gstpad.c:979:pre_activate:<aacparse1:sink>[00m setting pad into push mode, unset flushing
0:00:00.449150554 [334m19341[00m 0x7f4948003f70 [37mDEBUG  [00m [00;01;35m      GST_SCHEDULING gstpad.c:4208:gst_pad_chain_data_unchecked:<queue1:sink>[00m called chainfunction &gst_queue_chain with buffer 0x7f492005a180, returned ok
0:00:00.449203521 [334m19341[00m 0x7f493c009590 [37mDEBUG  [00m [00m       adaptivedemux gstadaptivedemux.c:2243:_src_chain:<dashdemux0:audio_01>[00m Received buffer of size 4096
0:00:00.449418449 [334m19341[00m 0x7f493c009630 [33;01mLOG    [00m [00m       adaptivedemux gstadaptivedemux.c:2401:_uri_handler_probe:<souphttpsrc2:src>[00m Received buffer, size 3184 total 32758
0:00:00.449368357 [334m19341[00m 0x7f49300068a0 [37mDEBUG  [00m [00m            aacparse gstaacparse.c:1483:gst_aac_parse_start:[00m start
0:00:00.449559762 [334m19341[00m 0x7f49480038f0 [37mDEBUG  [00m [00;01;35m      GST_SCHEDULING gstpad.c:4202:gst_pad_chain_data_unchecked:<queue2-1:sink>[00m calling chainfunction &gst_queue2_chain with buffer buffer: 0x7f492005a4b0, pts 99:99:99.999999999, dts 99:99:99.999999999, dur 99:99:99.999999999, size 16384, offset 35089, offset_end 51473, flags 0x0
0:00:00.449611697 [334m19341[00m 0x7f493c009630 [37mDEBUG  [00m [00;01;35m      GST_SCHEDULING gstpad.c:4202:gst_pad_chain_data_unchecked:<queue2:sink>[00m calling chainfunction &gst_queue_chain with buffer buffer: 0x7f492005a8f0, pts 99:99:99.999999999, dts 99:99:99.999999999, dur 99:99:99.999999999, size 3184, offset 30380, offset_end none, flags 0x0
0:00:00.449583366 [334m19341[00m 0x7f49480038f0 [33;01mLOG    [00m [00m     queue2_dataflow gstqueue2.c:2816:gst_queue2_chain:<queue2-1>[00m received buffer 0x7f492005a4b0 of size 16384, time 99:99:99.999999999, duration 99:99:99.999999999
0:00:00.449626399 [334m19341[00m 0x7f493c009630 [33;01mLOG    [00m [00m      queue_dataflow gstqueue.c:1183:gst_queue_chain_buffer_or_list:<queue2>[00m received buffer 0x7f492005a8f0 of size 3184, time 99:99:99.999999999, duration 99:99:99.999999999
0:00:00.449654947 [334m19341[00m 0x7f49300068a0 [37mDEBUG  [00m [00;01;31;41m            GST_PADS gstpad.c:1188:activate_mode_internal:<aacparse1:sink>[00m activated in push mode
0:00:00.449662315 [334m19341[00m 0x7f493c009630 [33;01mLOG    [00m [00m               queue gstqueue.c:633:apply_buffer:<queue2>[00m sink position updated to 0:00:00.000000806
0:00:00.449642218 [334m19341[00m 0x7f49480038f0 [37mDEBUG  [00m [00m              queue2 gstqueue2.c:842:apply_buffer:<queue2-1>[00m position updated to 0:00:00.270020364
0:00:00.449694484 [334m19341[00m 0x7f4934007540 [37mDEBUG  [00m [00;01;31;41m            GST_PADS gstpad.c:3931:gst_pad_query:<aacparse0:src>[00m doing query 0x7f490c003a80 (caps)
0:00:00.449742507 [334m19341[00m 0x7f493c009630 [33;01mLOG    [00m [00m               queue gstqueue.c:529:update_time_level:<queue2>[00m update sink time
0:00:00.449729422 [334m19341[00m 0x7f49480038f0 [37mDEBUG  [00m [00m              queue2 gstqueue2.c:740:update_time_level:<queue2-1>[00m sink 0:00:00.270020364, src 0:00:00.000000000
0:00:00.449826731 [334m19341[00m 0x7f49480038f0 [37mDEBUG  [00m [00m              queue2 gstqueue2.c:1199:update_in_rates:<queue2-1>[00m rates: in 0.000000, time 0:00:00.000000000
0:00:00.449843154 [334m19341[00m 0x7f49480038f0 [37mDEBUG  [00m [00;01;35m      GST_SCHEDULING gstpad.c:4208:gst_pad_chain_data_unchecked:<queue2-1:sink>[00m called chainfunction &gst_queue2_chain with buffer 0x7f492005a4b0, returned ok
0:00:00.449824185 [334m19341[00m 0x7f493c009630 [33;01mLOG    [00m [00m               queue gstqueue.c:547:update_time_level:<queue2>[00m sink +0:00:00.000000806, src +0:00:00.000000806
0:00:00.449948804 [334m19341[00m 0x7f49480038f0 [33;01mLOG    [00m [00m       adaptivedemux gstadaptivedemux.c:2114:gst_adaptive_demux_stream_push_buffer:<dashdemux0:video_00>[00m Push result: 0 ok
0:00:00.450039329 [334m19341[00m 0x7f49480038f0 [37mDEBUG  [00m [00;01;35m      GST_SCHEDULING gstpad.c:4208:gst_pad_chain_data_unchecked:<dashdemux0:internal-video_00>[00m called chainfunction &0x7f495259ee20 with buffer 0x7f492005a4b0, returned ok
0:00:00.450030609 [334m19341[00m 0x7f4948003990 [33;01mLOG    [00m [00m       adaptivedemux gstadaptivedemux.c:2401:_uri_handler_probe:<souphttpsrc0:src>[00m Received buffer, size 31936 total 115291
0:00:00.449958759 [334m19341[00m 0x7f493c009630 [37mDEBUG  [00m [00;01;35m      GST_SCHEDULING gstpad.c:4208:gst_pad_chain_data_unchecked:<queue2:sink>[00m called chainfunction &gst_queue_chain with buffer 0x7f492005a8f0, returned ok
0:00:00.450172676 [334m19341[00m 0x7f4948003990 [37mDEBUG  [00m [00;01;35m      GST_SCHEDULING gstpad.c:4202:gst_pad_chain_data_unchecked:<queue0:sink>[00m calling chainfunction &gst_queue_chain with buffer buffer: 0x7f492005a6d0, pts 99:99:99.999999999, dts 99:99:99.999999999, dur 99:99:99.999999999, size 31936, offset 84241, offset_end none, flags 0x0
0:00:00.450207222 [334m19341[00m 0x7f4948003990 [33;01mLOG    [00m [00m      queue_dataflow gstqueue.c:1183:gst_queue_chain_buffer_or_list:<queue0>[00m received buffer 0x7f492005a6d0 of size 31936, time 99:99:99.999999999, duration 99:99:99.999999999
0:00:00.450205371 [334m19341[00m 0x7f49300068a0 [37mDEBUG  [00m [00m          decodebin3 gstdecodebin3.c:1290:gst_decodebin3_handle_message:<decodebin3-0>[00m Got Message state-changed
0:00:00.450188064 [334m19341[00m 0x7f493c009590 [37mDEBUG  [00m [00;01;35m      GST_SCHEDULING gstpad.c:4202:gst_pad_chain_data_unchecked:<queue2-2:sink>[00m calling chainfunction &gst_queue2_chain with buffer buffer: 0x7f492c011810, pts 99:99:99.999999999, dts 99:99:99.999999999, dur 99:99:99.999999999, size 4096, offset 1708, offset_end 5804, flags 0x0
0:00:00.450222079 [334m19341[00m 0x7f4948003990 [33;01mLOG    [00m [00m               queue gstqueue.c:633:apply_buffer:<queue0>[00m sink position updated to 0:00:00.000000886
0:00:00.450251479 [334m19341[00m 0x7f4948003990 [33;01mLOG    [00m [00m               queue gstqueue.c:529:update_time_level:<queue0>[00m update sink time
0:00:00.450256998 [334m19341[00m 0x7f4948003990 [33;01mLOG    [00m [00m               queue gstqueue.c:547:update_time_level:<queue0>[00m sink +0:00:00.000000886, src +0:00:00.000000886
0:00:00.450280296 [334m19341[00m 0x7f4934007540 [37mDEBUG  [00m [00;01;31;41m            GST_PADS gstpad.c:3954:gst_pad_query:<aacparse0:src>[00m sent query 0x7f490c003a80 (caps), result 1
0:00:00.450315661 [334m19341[00m 0x7f4948003990 [37mDEBUG  [00m [00;01;35m      GST_SCHEDULING gstpad.c:4208:gst_pad_chain_data_unchecked:<queue0:sink>[00m called chainfunction &gst_queue_chain with buffer 0x7f492005a6d0, returned ok
0:00:00.450293870 [334m19341[00m 0x7f493c009590 [33;01mLOG    [00m [00m     queue2_dataflow gstqueue2.c:2816:gst_queue2_chain:<queue2-2>[00m received buffer 0x7f492c011810 of size 4096, time 99:99:99.999999999, duration 99:99:99.999999999
0:00:00.450318484 [334m19341[00m 0x7f49480038f0 [33;01mLOG    [00m [00m      queue_dataflow gstqueue.c:846:gst_queue_locked_dequeue:<queue0>[00m retrieved buffer 0x7f492005a5c0 from queue
0:00:00.450519762 [334m19341[00m 0x7f49480038f0 [33;01mLOG    [00m [00m               queue gstqueue.c:633:apply_buffer:<queue0>[00m src position updated to 0:00:00.000000886
0:00:00.450425363 [334m19341[00m 0x7f493c009590 [37mDEBUG  [00m [00m              queue2 gstqueue2.c:842:apply_buffer:<queue2-2>[00m position updated to 0:00:00.305014150
0:00:00.450543546 [334m19341[00m 0x7f493c009590 [37mDEBUG  [00m [00m              queue2 gstqueue2.c:740:update_time_level:<queue2-2>[00m sink 0:00:00.305014150, src 0:00:00.000000000
0:00:00.450582236 [334m19341[00m 0x7f493c009590 [37mDEBUG  [00m [00m              queue2 gstqueue2.c:1199:update_in_rates:<queue2-2>[00m rates: in 0.000000, time 0:00:00.000000000
0:00:00.450599931 [334m19341[00m 0x7f49480038f0 [33;01mLOG    [00m [00m               queue gstqueue.c:538:update_time_level:<queue0>[00m update src time
0:00:00.450607662 [334m19341[00m 0x7f49480038f0 [33;01mLOG    [00m [00m               queue gstqueue.c:547:update_time_level:<queue0>[00m sink +0:00:00.000000886, src +0:00:00.000000886
0:00:00.450586885 [334m19341[00m 0x7f4948003f70 [33;01mLOG    [00m [00m       adaptivedemux gstadaptivedemux.c:2401:_uri_handler_probe:<souphttpsrc1:src>[00m Received buffer, size 15928 total 255750
0:00:00.450611189 [334m19341[00m 0x7f493c009590 [37mDEBUG  [00m [00;01;35m      GST_SCHEDULING gstpad.c:4208:gst_pad_chain_data_unchecked:<queue2-2:sink>[00m called chainfunction &gst_queue2_chain with buffer 0x7f492c011810, returned ok
0:00:00.450652458 [334m19341[00m 0x7f4934007540 [37mDEBUG  [00m [00;01;31;41m            GST_PADS gstpad.c:4058:gst_pad_peer_query:<aacparse0:src>[00m peer query 0x7f490c003b20 (caps)
0:00:00.450736500 [334m19341[00m 0x7f4948003f70 [37mDEBUG  [00m [00;01;35m      GST_SCHEDULING gstpad.c:4202:gst_pad_chain_data_unchecked:<queue1:sink>[00m calling chainfunction &gst_queue_chain with buffer buffer: 0x7f49200bc040, pts 99:99:99.999999999, dts 99:99:99.999999999, dur 99:99:99.999999999, size 15928, offset 240628, offset_end none, flags 0x0
0:00:00.450799323 [334m19341[00m 0x7f4948003f70 [33;01mLOG    [00m [00m      queue_dataflow gstqueue.c:1183:gst_queue_chain_buffer_or_list:<queue1>[00m received buffer 0x7f49200bc040 of size 15928, time 99:99:99.999999999, duration 99:99:99.999999999
0:00:00.450835937 [334m19341[00m 0x7f493c009590 [33;01mLOG    [00m [00m       adaptivedemux gstadaptivedemux.c:2114:gst_adaptive_demux_stream_push_buffer:<dashdemux0:audio_01>[00m Push result: 0 ok
0:00:00.450882878 [334m19341[00m 0x7f4934007540 [37mDEBUG  [00m [00;01;31;41m            GST_PADS gstpad.c:3931:gst_pad_query:<parsepad3:proxypad15>[00m doing query 0x7f490c003b20 (caps)
0:00:00.450871860 [334m19341[00m 0x7f493c009590 [37mDEBUG  [00m [00;01;35m      GST_SCHEDULING gstpad.c:4208:gst_pad_chain_data_unchecked:<dashdemux0:internal-audio_01>[00m called chainfunction &0x7f495259ee20 with buffer 0x7f492c011810, returned ok
0:00:00.450861131 [334m19341[00m 0x7f4948003f70 [33;01mLOG    [00m [00m               queue gstqueue.c:633:apply_buffer:<queue1>[00m sink position updated to 0:00:00.000000806
0:00:00.451005722 [334m19341[00m 0x7f4948003f70 [33;01mLOG    [00m [00m               queue gstqueue.c:529:update_time_level:<queue1>[00m update sink time
0:00:00.451033421 [334m19341[00m 0x7f49480038f0 [37mDEBUG  [00m [00;01;35m      GST_SCHEDULING gstpad.c:4202:gst_pad_chain_data_unchecked:<dashdemux0:internal-video_00>[00m calling chainfunction &0x7f495259ee20 with buffer buffer: 0x7f492005a5c0, pts 99:99:99.999999999, dts 99:99:99.999999999, dur 99:99:99.999999999, size 32768, offset 51473, offset_end none, flags 0x0
0:00:00.451054036 [334m19341[00m 0x7f4948003f70 [33;01mLOG    [00m [00m               queue gstqueue.c:547:update_time_level:<queue1>[00m sink +0:00:00.000000806, src +0:00:00.000000806
0:00:00.451084274 [334m19341[00m 0x7f4948003f70 [37mDEBUG  [00m [00;01;35m      GST_SCHEDULING gstpad.c:4208:gst_pad_chain_data_unchecked:<queue1:sink>[00m called chainfunction &gst_queue_chain with buffer 0x7f49200bc040, returned ok
0:00:00.451124541 [334m19341[00m 0x7f49300068a0 [37mDEBUG  [00m [00;01;34m           GST_EVENT gstpad.c:5548:gst_pad_send_event_unchecked:<aacparse1:sink>[00m have event type stream-start event: 0x7f4910004020, time 99:99:99.999999999, seq-num 370, GstEventStreamStart, stream-id=(string)78a81cd5ab52c8b30efd549f3528ce592cff83fc9a3317f29fc9920a45c26697/audio_00/001, flags=(GstStreamFlags)GST_STREAM_FLAG_NONE, group-id=(uint)0;
0:00:00.451141326 [334m19341[00m 0x7f49300068a0 [33;01mLOG    [00m [00;01;31;41m            GST_PADS gstpad.c:5556:gst_pad_send_event_unchecked:<aacparse1:sink>[00m Removing pending EOS events
0:00:00.451069650 [334m19341[00m 0x7f49480038f0 [37mDEBUG  [00m [00m       adaptivedemux gstadaptivedemux.c:2243:_src_chain:<dashdemux0:video_00>[00m Received buffer of size 32768
0:00:00.451202221 [334m19341[00m 0x7f49300068a0 [33;01mLOG    [00m [00;01;31;41m            GST_PADS gstpad.c:5037:store_sticky_event:<aacparse1:src>[00m Removing pending EOS and StreamGroupDone events
0:00:00.451212024 [334m19341[00m 0x7f49300068a0 [33;01mLOG    [00m [00;01;31;41m            GST_PADS gstpad.c:5097:store_sticky_event:<aacparse1:src>[00m stored sticky event stream-start
0:00:00.451342710 [334m19341[00m 0x7f49300068a0 [37mDEBUG  [00m [00;01;31;41m            GST_PADS gstpad.c:3862:check_sticky:<aacparse1:src>[00m pushing all sticky events
0:00:00.451350536 [334m19341[00m 0x7f4934007540 [37mDEBUG  [00m [00;01;31;41m            GST_PADS gstutils.c:2663:gst_pad_proxy_query_caps:<parsepad3:proxypad15>[00m proxying caps query for parsepad3:proxypad15
0:00:00.451392813 [334m19341[00m 0x7f4934007540 [33;01mLOG    [00m [00;01;31;41m            GST_PADS gstpad.c:2944:gst_pad_forward:<parsepad3:proxypad15>[00m calling forward function on pad '':parsepad3
0:00:00.451439766 [334m19341[00m 0x7f493c009590 [33;01mLOG    [00m [00m      queue_dataflow gstqueue.c:846:gst_queue_locked_dequeue:<queue2>[00m retrieved buffer 0x7f492c011920 from queue
0:00:00.451475198 [334m19341[00m 0x7f493c009590 [33;01mLOG    [00m [00m               queue gstqueue.c:633:apply_buffer:<queue2>[00m src position updated to 0:00:00.000000806
0:00:00.451505747 [334m19341[00m 0x7f493c009590 [33;01mLOG    [00m [00m               queue gstqueue.c:538:update_time_level:<queue2>[00m update src time
0:00:00.451477804 [334m19341[00m 0x7f4934007540 [37mDEBUG  [00m [00;01;31;41m            GST_PADS gstpad.c:4058:gst_pad_peer_query:<'':parsepad3>[00m peer query 0x7f490c003b20 (caps)
0:00:00.451513725 [334m19341[00m 0x7f493c009590 [33;01mLOG    [00m [00m               queue gstqueue.c:547:update_time_level:<queue2>[00m sink +0:00:00.000000806, src +0:00:00.000000806
0:00:00.451552965 [334m19341[00m 0x7f4934007540 [36mINFO   [00m [00;01;31;41m            GST_PADS gstpad.c:4114:gst_pad_peer_query:<'':parsepad3>[00m pad has no peer
0:00:00.451563502 [334m19341[00m 0x7f49480038f0 [37mDEBUG  [00m [00;01;35m      GST_SCHEDULING gstpad.c:4202:gst_pad_chain_data_unchecked:<queue2-1:sink>[00m calling chainfunction &gst_queue2_chain with buffer buffer: 0x7f492005a5c0, pts 99:99:99.999999999, dts 99:99:99.999999999, dur 99:99:99.999999999, size 32768, offset 51473, offset_end 84241, flags 0x0
0:00:00.451602732 [334m19341[00m 0x7f49300068a0 [33;01mLOG    [00m [00;01;31;41m            GST_PADS gstpad.c:5261:gst_pad_push_event_unchecked:<aacparse1:src>[00m sending event 0x7f4910004020 (stream-start) to peerpad <parsepad5:proxypad17>
0:00:00.451610148 [334m19341[00m 0x7f4934007540 [37mDEBUG  [00m [00;01;31;41m            GST_PADS gstpad.c:3954:gst_pad_query:<parsepad3:proxypad15>[00m sent query 0x7f490c003b20 (caps), result 1
0:00:00.451617980 [334m19341[00m 0x7f49480038f0 [33;01mLOG    [00m [00m     queue2_dataflow gstqueue2.c:2816:gst_queue2_chain:<queue2-1>[00m received buffer 0x7f492005a5c0 of size 32768, time 99:99:99.999999999, duration 99:99:99.999999999
0:00:00.451646262 [334m19341[00m 0x7f49480038f0 [37mDEBUG  [00m [00m              queue2 gstqueue2.c:842:apply_buffer:<queue2-1>[00m position updated to 0:00:00.444927503
0:00:00.451680442 [334m19341[00m 0x7f49300068a0 [37mDEBUG  [00m [00;01;34m           GST_EVENT gstpad.c:5548:gst_pad_send_event_unchecked:<parsepad5:proxypad17>[00m have event type stream-start event: 0x7f4910004020, time 99:99:99.999999999, seq-num 370, GstEventStreamStart, stream-id=(string)78a81cd5ab52c8b30efd549f3528ce592cff83fc9a3317f29fc9920a45c26697/audio_00/001, flags=(GstStreamFlags)GST_STREAM_FLAG_NONE, group-id=(uint)0;
0:00:00.451707680 [334m19341[00m 0x7f49480038f0 [37mDEBUG  [00m [00m              queue2 gstqueue2.c:740:update_time_level:<queue2-1>[00m sink 0:00:00.444927503, src 0:00:00.000000000
0:00:00.451695244 [334m19341[00m 0x7f49300068a0 [33;01mLOG    [00m [00;01;31;41m            GST_PADS gstpad.c:5556:gst_pad_send_event_unchecked:<parsepad5:proxypad17>[00m Removing pending EOS events
0:00:00.451737659 [334m19341[00m 0x7f49480038f0 [37mDEBUG  [00m [00m              queue2 gstqueue2.c:1199:update_in_rates:<queue2-1>[00m rates: in 0.000000, time 0:00:00.000000000
0:00:00.451789621 [334m19341[00m 0x7f49480038f0 [37mDEBUG  [00m [00;01;35m      GST_SCHEDULING gstpad.c:4208:gst_pad_chain_data_unchecked:<queue2-1:sink>[00m called chainfunction &gst_queue2_chain with buffer 0x7f492005a5c0, returned ok
0:00:00.451772741 [334m19341[00m 0x7f4934007540 [37mDEBUG  [00m [00m            aacparse gstaacparse.c:264:gst_aac_parse_set_src_caps:<aacparse0>[00m setting src caps: audio/mpeg, mpegversion=(int)4, framed=(boolean)true, stream-format=(string)raw, level=(string)2, base-profile=(string)lc, profile=(string)lc, codec_data=(buffer)1190ed40, rate=(int)48000, channels=(int)2
0:00:00.451868245 [334m19341[00m 0x7f493c009590 [37mDEBUG  [00m [00;01;35m      GST_SCHEDULING gstpad.c:4202:gst_pad_chain_data_unchecked:<dashdemux0:internal-audio_01>[00m calling chainfunction &0x7f495259ee20 with buffer buffer: 0x7f492c011920, pts 99:99:99.999999999, dts 99:99:99.999999999, dur 99:99:99.999999999, size 8192, offset 5804, offset_end none, flags 0x0
0:00:00.451996651 [334m19341[00m 0x7f49480038f0 [33;01mLOG    [00m [00m       adaptivedemux gstadaptivedemux.c:2114:gst_adaptive_demux_stream_push_buffer:<dashdemux0:video_00>[00m Push result: 0 ok
0:00:00.452005279 [334m19341[00m 0x7f49480038f0 [37mDEBUG  [00m [00;01;35m      GST_SCHEDULING gstpad.c:4208:gst_pad_chain_data_unchecked:<dashdemux0:internal-video_00>[00m called chainfunction &0x7f495259ee20 with buffer 0x7f492005a5c0, returned ok
0:00:00.452043214 [334m19341[00m 0x7f493c009590 [37mDEBUG  [00m [00m       adaptivedemux gstadaptivedemux.c:2243:_src_chain:<dashdemux0:audio_01>[00m Received buffer of size 8192
0:00:00.452052159 [334m19341[00m 0x7f49300068a0 [37mDEBUG  [00m [00;01;31;41m            GST_PADS gstghostpad.c:808:gst_ghost_pad_get_target:<'':parsepad5>[00m get target aacparse1:src
0:00:00.451966111 [334m19341[00m 0x7f4934007540 [36mINFO   [00m [00;01;34m           GST_EVENT gstevent.c:808:gst_event_new_caps:[00m creating caps event audio/mpeg, mpegversion=(int)4, framed=(boolean)true, stream-format=(string)raw, level=(string)2, base-profile=(string)lc, profile=(string)lc, codec_data=(buffer)1190ed40, rate=(int)48000, channels=(int)2
0:00:00.452111881 [334m19341[00m 0x7f4934007540 [37mDEBUG  [00m [00;01;34m           GST_EVENT gstevent.c:305:gst_event_new_custom:[00m creating new event 0x7f490c004110 caps 12814
0:00:00.452122132 [334m19341[00m 0x7f4934007540 [33;01mLOG    [00m [00;01;31;41m            GST_PADS gstpad.c:5097:store_sticky_event:<aacparse0:src>[00m stored sticky event caps
0:00:00.452149379 [334m19341[00m 0x7f4948003f70 [33;01mLOG    [00m [00m       adaptivedemux gstadaptivedemux.c:2401:_uri_handler_probe:<souphttpsrc1:src>[00m Received buffer, size 4344 total 260094
0:00:00.452182278 [334m19341[00m 0x7f4934007540 [37mDEBUG  [00m [00;01;31;41m            GST_PADS gstpad.c:5103:store_sticky_event:<aacparse0:src>[00m notify caps
0:00:00.452178225 [334m19341[00m 0x7f4948003f70 [37mDEBUG  [00m [00;01;35m      GST_SCHEDULING gstpad.c:4202:gst_pad_chain_data_unchecked:<queue1:sink>[00m calling chainfunction &gst_queue_chain with buffer buffer: 0x7f49200bc150, pts 99:99:99.999999999, dts 99:99:99.999999999, dur 99:99:99.999999999, size 4344, offset 256556, offset_end none, flags 0x0
0:00:00.452212144 [334m19341[00m 0x7f4948003f70 [33;01mLOG    [00m [00m      queue_dataflow gstqueue.c:1183:gst_queue_chain_buffer_or_list:<queue1>[00m received buffer 0x7f49200bc150 of size 4344, time 99:99:99.999999999, duration 99:99:99.999999999
0:00:00.452226047 [334m19341[00m 0x7f4948003f70 [33;01mLOG    [00m [00m               queue gstqueue.c:633:apply_buffer:<queue1>[00m sink position updated to 0:00:00.000000806
0:00:00.452267738 [334m19341[00m 0x7f4948003f70 [33;01mLOG    [00m [00m               queue gstqueue.c:529:update_time_level:<queue1>[00m update sink time
0:00:00.452284595 [334m19341[00m 0x7f4934007540 [33;01mLOG    [00m [00;01;35m      GST_SCHEDULING gstpad.c:1505:gst_pad_remove_probe:<aacparse0:src>[00m removing hook 1
0:00:00.452305766 [334m19341[00m 0x7f4948003f70 [33;01mLOG    [00m [00m               queue gstqueue.c:547:update_time_level:<queue1>[00m sink +0:00:00.000000806, src +0:00:00.000000806
0:00:00.452318824 [334m19341[00m 0x7f4948003f70 [37mDEBUG  [00m [00;01;35m      GST_SCHEDULING gstpad.c:4208:gst_pad_chain_data_unchecked:<queue1:sink>[00m called chainfunction &gst_queue_chain with buffer 0x7f49200bc150, returned ok
0:00:00.452396397 [334m19341[00m 0x7f49480038f0 [33;01mLOG    [00m [00m      queue_dataflow gstqueue.c:846:gst_queue_locked_dequeue:<queue0>[00m retrieved buffer 0x7f492005a6d0 from queue
0:00:00.452406833 [334m19341[00m 0x7f49480038f0 [33;01mLOG    [00m [00m               queue gstqueue.c:633:apply_buffer:<queue0>[00m src position updated to 0:00:00.000000886
0:00:00.452417685 [334m19341[00m 0x7f49480038f0 [33;01mLOG    [00m [00m               queue gstqueue.c:538:update_time_level:<queue0>[00m update src time
0:00:00.452425300 [334m19341[00m 0x7f49480038f0 [33;01mLOG    [00m [00m               queue gstqueue.c:547:update_time_level:<queue0>[00m sink +0:00:00.000000886, src +0:00:00.000000886
0:00:00.452607851 [334m19341[00m 0x7f493c009590 [37mDEBUG  [00m [00;01;35m      GST_SCHEDULING gstpad.c:4202:gst_pad_chain_data_unchecked:<queue2-2:sink>[00m calling chainfunction &gst_queue2_chain with buffer buffer: 0x7f492c011920, pts 99:99:99.999999999, dts 99:99:99.999999999, dur 99:99:99.999999999, size 8192, offset 5804, offset_end 13996, flags 0x0
0:00:00.452658011 [334m19341[00m 0x7f49300068a0 [33;01mLOG    [00m [00;01;31;41m            GST_PADS gstpad.c:2944:gst_pad_forward:<parsepad5:proxypad17>[00m calling forward function on pad '':parsepad5
0:00:00.452681910 [334m19341[00m 0x7f493c009590 [33;01mLOG    [00m [00m     queue2_dataflow gstqueue2.c:2816:gst_queue2_chain:<queue2-2>[00m received buffer 0x7f492c011920 of size 8192, time 99:99:99.999999999, duration 99:99:99.999999999
0:00:00.452712645 [334m19341[00m 0x7f4934007540 [37mDEBUG  [00m [00;01;31;41m            GST_PADS gstpad.c:1069:gst_pad_set_active:<'':parsepad3>[00m pad was active in push mode
0:00:00.452725485 [334m19341[00m 0x7f49480038f0 [37mDEBUG  [00m [00;01;35m      GST_SCHEDULING gstpad.c:4202:gst_pad_chain_data_unchecked:<dashdemux0:internal-video_00>[00m calling chainfunction &0x7f495259ee20 with buffer buffer: 0x7f492005a6d0, pts 99:99:99.999999999, dts 99:99:99.999999999, dur 99:99:99.999999999, size 31936, offset 84241, offset_end none, flags 0x0
0:00:00.452755208 [334m19341[00m 0x7f49480038f0 [37mDEBUG  [00m [00m       adaptivedemux gstadaptivedemux.c:2243:_src_chain:<dashdemux0:video_00>[00m Received buffer of size 31936
0:00:00.452715163 [334m19341[00m 0x7f493c009590 [37mDEBUG  [00m [00m              queue2 gstqueue2.c:842:apply_buffer:<queue2-2>[00m position updated to 0:00:00.804949308
0:00:00.452739864 [334m19341[00m 0x7f4934007540 [37mDEBUG  [00m [00;01;31;41m            GST_PADS gstghostpad.c:808:gst_ghost_pad_get_target:<'':parsepad3>[00m get target aacparse0:src
0:00:00.452777310 [334m19341[00m 0x7f493c009590 [37mDEBUG  [00m [00m              queue2 gstqueue2.c:740:update_time_level:<queue2-2>[00m sink 0:00:00.804949308, src 0:00:00.000000000
0:00:00.452727111 [334m19341[00m 0x7f49300068a0 [33;01mLOG    [00m [00;01;31;41m            GST_PADS gstpad.c:2989:event_forward_func:<'':parsepad5>[00m Reffing and pushing event 0x7f49100042c0 (stream-start) to '':parsepad5
0:00:00.452801095 [334m19341[00m 0x7f493c009590 [37mDEBUG  [00m [00m              queue2 gstqueue2.c:1199:update_in_rates:<queue2-2>[00m rates: in 0.000000, time 0:00:00.000000000
0:00:00.452808154 [334m19341[00m 0x7f49300068a0 [33;01mLOG    [00m [00;01;31;41m            GST_PADS gstpad.c:5037:store_sticky_event:<'':parsepad5>[00m Removing pending EOS and StreamGroupDone events
0:00:00.452835035 [334m19341[00m 0x7f493c009590 [37mDEBUG  [00m [00;01;35m      GST_SCHEDULING gstpad.c:4208:gst_pad_chain_data_unchecked:<queue2-2:sink>[00m called chainfunction &gst_queue2_chain with buffer 0x7f492c011920, returned ok
0:00:00.452774010 [334m19341[00m 0x7f4934007540 [37mDEBUG  [00m [00m          decodebin3 gstdecodebin3.c:692:parsebin_autoplug_continue_cb:<'':parsepad3>[00m caps audio/mpeg, mpegversion=(int)4, framed=(boolean)true, stream-format=(string)raw, level=(string)2, base-profile=(string)lc, profile=(string)lc, codec_data=(buffer)1190ed40, rate=(int)48000, channels=(int)2
0:00:00.452884379 [334m19341[00m 0x7f49300068a0 [33;01mLOG    [00m [00;01;31;41m            GST_PADS gstpad.c:5097:store_sticky_event:<'':parsepad5>[00m stored sticky event stream-start
0:00:00.452928604 [334m19341[00m 0x7f49300068a0 [37mDEBUG  [00m [00;01;31;41m            GST_PADS gstpad.c:3862:check_sticky:<'':parsepad5>[00m pushing all sticky events
0:00:00.452963416 [334m19341[00m 0x7f493c009590 [33;01mLOG    [00m [00m       adaptivedemux gstadaptivedemux.c:2114:gst_adaptive_demux_stream_push_buffer:<dashdemux0:audio_01>[00m Push result: 0 ok
0:00:00.452951795 [334m19341[00m 0x7f49300068a0 [37mDEBUG  [00m [00;01;31;41m            GST_PADS gstpad.c:5317:gst_pad_push_event_unchecked:<'':parsepad5>[00m Dropping event stream-start because pad is not linked
0:00:00.453006890 [334m19341[00m 0x7f49300068a0 [37mDEBUG  [00m [00;01;31;41m            GST_PADS gstpad.c:3833:push_sticky:<'':parsepad5>[00m pad was not linked, mark pending
0:00:00.453016538 [334m19341[00m 0x7f49300068a0 [37mDEBUG  [00m [00;01;31;41m            GST_PADS gstpad.c:5622:gst_pad_send_event_unchecked:<parsepad5:proxypad17>[00m sent event, ret ok
0:00:00.453025448 [334m19341[00m 0x7f49300068a0 [33;01mLOG    [00m [00;01;31;41m            GST_PADS gstpad.c:5037:store_sticky_event:<parsepad5:proxypad17>[00m Removing pending EOS and StreamGroupDone events
0:00:00.452996787 [334m19341[00m 0x7f493c009590 [37mDEBUG  [00m [00;01;35m      GST_SCHEDULING gstpad.c:4208:gst_pad_chain_data_unchecked:<dashdemux0:internal-audio_01>[00m called chainfunction &0x7f495259ee20 with buffer 0x7f492c011920, returned ok
0:00:00.453044255 [334m19341[00m 0x7f49300068a0 [33;01mLOG    [00m [00;01;31;41m            GST_PADS gstpad.c:5097:store_sticky_event:<parsepad5:proxypad17>[00m stored sticky event stream-start
0:00:00.453082786 [334m19341[00m 0x7f49300068a0 [33;01mLOG    [00m [00;01;31;41m            GST_PADS gstpad.c:5269:gst_pad_push_event_unchecked:<aacparse1:src>[00m sent event 0x7f4910004020 (stream-start) to peerpad <parsepad5:proxypad17>, ret ok
0:00:00.453114859 [334m19341[00m 0x7f49480038f0 [37mDEBUG  [00m [00;01;35m      GST_SCHEDULING gstpad.c:4202:gst_pad_chain_data_unchecked:<queue2-1:sink>[00m calling chainfunction &gst_queue2_chain with buffer buffer: 0x7f492005a6d0, pts 99:99:99.999999999, dts 99:99:99.999999999, dur 99:99:99.999999999, size 31936, offset 84241, offset_end 116177, flags 0x0
0:00:00.453145937 [334m19341[00m 0x7f49480038f0 [33;01mLOG    [00m [00m     queue2_dataflow gstqueue2.c:2816:gst_queue2_chain:<queue2-1>[00m received buffer 0x7f492005a6d0 of size 31936, time 99:99:99.999999999, duration 99:99:99.999999999
0:00:00.453170674 [334m19341[00m 0x7f49300068a0 [37mDEBUG  [00m [00;01;31;41m            GST_PADS gstpad.c:3814:push_sticky:<aacparse1:src>[00m event stream-start marked received
0:00:00.453197530 [334m19341[00m 0x7f49480038f0 [37mDEBUG  [00m [00m              queue2 gstqueue2.c:842:apply_buffer:<queue2-1>[00m position updated to 0:00:00.615393641
0:00:00.453208729 [334m19341[00m 0x7f49480038f0 [37mDEBUG  [00m [00m              queue2 gstqueue2.c:740:update_time_level:<queue2-1>[00m sink 0:00:00.615393641, src 0:00:00.000000000
0:00:00.453244346 [334m19341[00m 0x7f49300068a0 [37mDEBUG  [00m [00;01;31;41m            GST_PADS gstpad.c:5622:gst_pad_send_event_unchecked:<aacparse1:sink>[00m sent event, ret ok
0:00:00.453240201 [334m19341[00m 0x7f49480038f0 [37mDEBUG  [00m [00m              queue2 gstqueue2.c:1199:update_in_rates:<queue2-1>[00m rates: in 0.000000, time 0:00:00.000000000
0:00:00.453274176 [334m19341[00m 0x7f493c009590 [33;01mLOG    [00m [00m      queue_dataflow gstqueue.c:846:gst_queue_locked_dequeue:<queue2>[00m retrieved buffer 0x7f492c011a30 from queue
0:00:00.453265332 [334m19341[00m 0x7f49480038f0 [37mDEBUG  [00m [00;01;35m      GST_SCHEDULING gstpad.c:4208:gst_pad_chain_data_unchecked:<queue2-1:sink>[00m called chainfunction &gst_queue2_chain with buffer 0x7f492005a6d0, returned ok
0:00:00.453276610 [334m19341[00m 0x7f49300068a0 [33;01mLOG    [00m [00;01;31;41m            GST_PADS gstpad.c:5037:store_sticky_event:<aacparse1:sink>[00m Removing pending EOS and StreamGroupDone events
0:00:00.453291832 [334m19341[00m 0x7f493c009590 [33;01mLOG    [00m [00m               queue gstqueue.c:633:apply_buffer:<queue2>[00m src position updated to 0:00:00.000000806
0:00:00.453304888 [334m19341[00m 0x7f493c009590 [33;01mLOG    [00m [00m               queue gstqueue.c:538:update_time_level:<queue2>[00m update src time
0:00:00.453315664 [334m19341[00m 0x7f493c009590 [33;01mLOG    [00m [00m               queue gstqueue.c:547:update_time_level:<queue2>[00m sink +0:00:00.000000806, src +0:00:00.000000806
0:00:00.453298189 [334m19341[00m 0x7f49300068a0 [33;01mLOG    [00m [00;01;31;41m            GST_PADS gstpad.c:5097:store_sticky_event:<aacparse1:sink>[00m stored sticky event stream-start
0:00:00.453362224 [334m19341[00m 0x7f49480038f0 [33;01mLOG    [00m [00m       adaptivedemux gstadaptivedemux.c:2114:gst_adaptive_demux_stream_push_buffer:<dashdemux0:video_00>[00m Push result: 0 ok
0:00:00.453386905 [334m19341[00m 0x7f49480038f0 [37mDEBUG  [00m [00;01;35m      GST_SCHEDULING gstpad.c:4208:gst_pad_chain_data_unchecked:<dashdemux0:internal-video_00>[00m called chainfunction &0x7f495259ee20 with buffer 0x7f492005a6d0, returned ok
0:00:00.453542961 [334m19341[00m 0x7f49480038f0 [37mDEBUG  [00m [00m      queue_dataflow gstqueue.c:1491:gst_queue_loop:<queue0>[00m queue is empty
0:00:00.453374627 [334m19341[00m 0x7f49300068a0 [37mDEBUG  [00m [00;01;34m           GST_EVENT gstpad.c:5548:gst_pad_send_event_unchecked:<aacparse1:sink>[00m have event type caps event: 0x7f4910004090, time 99:99:99.999999999, seq-num 373, GstEventCaps, caps=(GstCaps)"audio/mpeg\,\ mpegversion\=\(int\)4\,\ framed\=\(boolean\)true\,\ stream-format\=\(string\)raw\,\ level\=\(string\)2\,\ base-profile\=\(string\)lc\,\ profile\=\(string\)lc\,\ codec_data\=\(buffer\)1190ed40\,\ rate\=\(int\)48000\,\ channels\=\(int\)2";
