0:00:00.518008898 [334m19341[00m 0x7f49300068a0 [37mDEBUG  [00m [00;01;31;41m            GST_PADS gstpad.c:3819:push_sticky:<parsebin0:src_0>[00m event stream-collection was dropped, mark pending
0:00:00.518026598 [334m19341[00m 0x7f4930006e80 [37mDEBUG  [00m [00;01;34m           GST_EVENT gstevent.c:305:gst_event_new_custom:[00m creating new event 0x7f49080036c0 tag 20510
0:00:00.518070639 [334m19341[00m 0x7f4934007540 [37mDEBUG  [00m [00;01;31;41m            GST_PADS gstpad.c:5306:gst_pad_push_event_unchecked:<parsebin2:src_0>[00m dropped event
0:00:00.518090309 [334m19341[00m 0x7f4934007540 [37mDEBUG  [00m [00;01;31;41m            GST_PADS gstpad.c:3819:push_sticky:<parsebin2:src_0>[00m event tag was dropped, mark pending
0:00:00.518104891 [334m19341[00m 0x7f4934007540 [37mDEBUG  [00m [00;01;31;41m            GST_PADS gstpad.c:5622:gst_pad_send_event_unchecked:<src_0:proxypad15>[00m sent event, ret ok
0:00:00.518121683 [334m19341[00m 0x7f4934007540 [33;01mLOG    [00m [00;01;34m           GST_EVENT gstevent.c:222:_gst_event_free:[00m freeing event 0x7f490c003e50 type tag
0:00:00.518145304 [334m19341[00m 0x7f4934007540 [33;01mLOG    [00m [00;01;31;41m            GST_PADS gstpad.c:5097:store_sticky_event:<src_0:proxypad15>[00m stored sticky event tag
0:00:00.518175245 [334m19341[00m 0x7f4934007540 [33;01mLOG    [00m [00;01;31;41m            GST_PADS gstpad.c:5269:gst_pad_push_event_unchecked:<aacparse0:src>[00m sent event 0x7f490c003c90 (tag) to peerpad <src_0:proxypad15>, ret ok
0:00:00.518190245 [334m19341[00m 0x7f4934007540 [37mDEBUG  [00m [00;01;31;41m            GST_PADS gstpad.c:3814:push_sticky:<aacparse0:src>[00m event tag marked received
0:00:00.518198409 [334m19341[00m 0x7f4934007540 [37mDEBUG  [00m [00;01;31;41m            GST_PADS gstpad.c:3794:push_sticky:<aacparse0:src>[00m event tag was already received
0:00:00.518205067 [334m19341[00m 0x7f4930006e80 [37mDEBUG  [00m [00;01;34m           GST_EVENT gstpad.c:5548:gst_pad_send_event_unchecked:<h264parse0:sink>[00m have event type tag event: 0x7f49080036c0, time 99:99:99.999999999, seq-num 472, GstTagList-stream, taglist=(taglist)"taglist\,\ video-codec\=\(string\)\"H.264\\\ /\\\ AVC\"\,\ maximum-bitrate\=\(uint\)1500000\,\ bitrate\=\(uint\)1500000\;";
0:00:00.518207583 [334m19341[00m 0x7f49300068a0 [37mDEBUG  [00m [00m          decodebin3 gstdecodebin3-parse.c:487:parsebin_pending_event_probe:<parsebin0:src_0>[00m Got event 0x7f4910004100 tag
0:00:00.518303814 [334m19341[00m 0x7f49300068a0 [37mDEBUG  [00m [00;01;31;41m            GST_PADS gstpad.c:5306:gst_pad_push_event_unchecked:<parsebin0:src_0>[00m dropped event
0:00:00.518342740 [334m19341[00m 0x7f49300068a0 [37mDEBUG  [00m [00;01;31;41m            GST_PADS gstpad.c:3819:push_sticky:<parsebin0:src_0>[00m event tag was dropped, mark pending
0:00:00.518384592 [334m19341[00m 0x7f49300068a0 [37mDEBUG  [00m [00;01;31;41m            GST_PADS gstpad.c:5622:gst_pad_send_event_unchecked:<src_0:proxypad17>[00m sent event, ret ok
0:00:00.518398427 [334m19341[00m 0x7f49300068a0 [33;01mLOG    [00m [00;01;31;41m            GST_PADS gstpad.c:5097:store_sticky_event:<src_0:proxypad17>[00m stored sticky event tag
0:00:00.518422632 [334m19341[00m 0x7f49300068a0 [33;01mLOG    [00m [00;01;31;41m            GST_PADS gstpad.c:5269:gst_pad_push_event_unchecked:<aacparse1:src>[00m sent event 0x7f4910004100 (tag) to peerpad <src_0:proxypad17>, ret ok
0:00:00.518418236 [334m19341[00m 0x7f4930006e80 [37mDEBUG  [00m [00;01;34m           GST_EVENT gstevent.c:305:gst_event_new_custom:[00m creating new event 0x7f4908003570 tag 20510
0:00:00.518439145 [334m19341[00m 0x7f49300068a0 [37mDEBUG  [00m [00;01;31;41m            GST_PADS gstpad.c:3814:push_sticky:<aacparse1:src>[00m event tag marked received
0:00:00.518462664 [334m19341[00m 0x7f49300068a0 [33;01mLOG    [00m [00;01;31;41m            GST_PADS gstpad.c:5097:store_sticky_event:<aacparse1:src>[00m stored sticky event tag
0:00:00.518477981 [334m19341[00m 0x7f4930006e80 [37mDEBUG  [00m [00;01;31;41m            GST_PADS gstpad.c:5622:gst_pad_send_event_unchecked:<h264parse0:sink>[00m sent event, ret ok
0:00:00.518480881 [334m19341[00m 0x7f49300068a0 [37mDEBUG  [00m [00;01;31;41m            GST_PADS gstpad.c:3862:check_sticky:<aacparse1:src>[00m pushing all sticky events
0:00:00.518497616 [334m19341[00m 0x7f4948003f70 [33;01mLOG    [00m [00m       adaptivedemux gstadaptivedemux.c:2401:_uri_handler_probe:<souphttpsrc1:src>[00m Received buffer, size 5792 total 517838
0:00:00.518500700 [334m19341[00m 0x7f4930006e80 [33;01mLOG    [00m [00;01;31;41m            GST_PADS gstpad.c:5097:store_sticky_event:<h264parse0:sink>[00m stored sticky event tag
0:00:00.518491231 [334m19341[00m 0x7f49300068a0 [37mDEBUG  [00m [00;01;31;41m            GST_PADS gstpad.c:3794:push_sticky:<aacparse1:src>[00m event stream-start was already received
0:00:00.518517071 [334m19341[00m 0x7f49300068a0 [37mDEBUG  [00m [00;01;31;41m            GST_PADS gstpad.c:3794:push_sticky:<aacparse1:src>[00m event caps was already received
0:00:00.518519589 [334m19341[00m 0x7f4934007540 [37mDEBUG  [00m [00;01;34m           GST_EVENT gstevent.c:305:gst_event_new_custom:[00m creating new event 0x7f490c003c20 tag 20510
0:00:00.518528749 [334m19341[00m 0x7f49300068a0 [37mDEBUG  [00m [00;01;31;41m            GST_PADS gstpad.c:3794:push_sticky:<aacparse1:src>[00m event segment was already received
0:00:00.518540013 [334m19341[00m 0x7f49300068a0 [37mDEBUG  [00m [00;01;31;41m            GST_PADS gstpad.c:3794:push_sticky:<aacparse1:src>[00m event tag was already received
0:00:00.518541798 [334m19341[00m 0x7f4948003f70 [37mDEBUG  [00m [00;01;35m      GST_SCHEDULING gstpad.c:4202:gst_pad_chain_data_unchecked:<queue1:sink>[00m calling chainfunction &gst_queue_chain with buffer buffer: 0x7f49240a5dd0, pts 99:99:99.999999999, dts 99:99:99.999999999, dur 99:99:99.999999999, size 5792, offset 512852, offset_end none, flags 0x0
0:00:00.518560622 [334m19341[00m 0x7f49300068a0 [33;01mLOG    [00m [00;01;31;41m            GST_PADS gstpad.c:5261:gst_pad_push_event_unchecked:<aacparse1:src>[00m sending event 0x7f4934007f30 (tag) to peerpad <src_0:proxypad17>
0:00:00.518566640 [334m19341[00m 0x7f4948003f70 [33;01mLOG    [00m [00m      queue_dataflow gstqueue.c:1183:gst_queue_chain_buffer_or_list:<queue1>[00m received buffer 0x7f49240a5dd0 of size 5792, time 99:99:99.999999999, duration 99:99:99.999999999
0:00:00.518577865 [334m19341[00m 0x7f4934007540 [33;01mLOG    [00m [00;01;31;41m            GST_PADS gstpad.c:5097:store_sticky_event:<aacparse0:src>[00m stored sticky event tag
0:00:00.518575644 [334m19341[00m 0x7f49300068a0 [37mDEBUG  [00m [00;01;34m           GST_EVENT gstpad.c:5548:gst_pad_send_event_unchecked:<src_0:proxypad17>[00m have event type tag event: 0x7f4934007f30, time 99:99:99.999999999, seq-num 461, GstTagList-global, taglist=(taglist)"taglist\,\ datetime\=\(datetime\)2015-11-30T10:07:14Z\,\ container-format\=\(string\)\"ISO\\\ fMP4\"\;";
0:00:00.518583792 [334m19341[00m 0x7f4948003f70 [33;01mLOG    [00m [00m               queue gstqueue.c:633:apply_buffer:<queue1>[00m sink position updated to 0:00:00.000000806
0:00:00.518591220 [334m19341[00m 0x7f4934007540 [37mDEBUG  [00m [00;01;31;41m            GST_PADS gstpad.c:3862:check_sticky:<aacparse0:src>[00m pushing all sticky events
0:00:00.518638045 [334m19341[00m 0x7f4930006e80 [37mDEBUG  [00m [00;01;34m           GST_EVENT gstevent.c:305:gst_event_new_custom:[00m creating new event 0x7f4908003500 tag 20510
0:00:00.518609782 [334m19341[00m 0x7f4948003f70 [33;01mLOG    [00m [00m               queue gstqueue.c:529:update_time_level:<queue1>[00m update sink time
0:00:00.518643759 [334m19341[00m 0x7f4934007540 [37mDEBUG  [00m [00;01;31;41m            GST_PADS gstpad.c:3794:push_sticky:<aacparse0:src>[00m event stream-start was already received
0:00:00.518657274 [334m19341[00m 0x7f4948003f70 [33;01mLOG    [00m [00m               queue gstqueue.c:547:update_time_level:<queue1>[00m sink +0:00:00.000000806, src +0:00:00.000000806
0:00:00.518676935 [334m19341[00m 0x7f4934007540 [37mDEBUG  [00m [00;01;31;41m            GST_PADS gstpad.c:3794:push_sticky:<aacparse0:src>[00m event caps was already received
0:00:00.518709889 [334m19341[00m 0x7f4934007540 [37mDEBUG  [00m [00;01;31;41m            GST_PADS gstpad.c:3794:push_sticky:<aacparse0:src>[00m event segment was already received
0:00:00.518701537 [334m19341[00m 0x7f4948003f70 [37mDEBUG  [00m [00;01;35m      GST_SCHEDULING gstpad.c:4208:gst_pad_chain_data_unchecked:<queue1:sink>[00m called chainfunction &gst_queue_chain with buffer 0x7f49240a5dd0, returned ok
0:00:00.518723165 [334m19341[00m 0x7f4934007540 [33;01mLOG    [00m [00;01;31;41m            GST_PADS gstpad.c:5261:gst_pad_push_event_unchecked:<aacparse0:src>[00m sending event 0x7f490c003c20 (tag) to peerpad <src_0:proxypad15>
0:00:00.518742243 [334m19341[00m 0x7f4934007540 [37mDEBUG  [00m [00;01;34m           GST_EVENT gstpad.c:5548:gst_pad_send_event_unchecked:<src_0:proxypad15>[00m have event type tag event: 0x7f490c003c20, time 99:99:99.999999999, seq-num 474, GstTagList-stream, taglist=(taglist)"taglist\,\ nominal-bitrate\=\(uint\)131089\,\ audio-codec\=\(string\)\"MPEG-4\\\ AAC\"\;";
0:00:00.518833007 [334m19341[00m 0x7f4930006e80 [37mDEBUG  [00m [00;01;34m           GST_EVENT gstpad.c:5548:gst_pad_send_event_unchecked:<h264parse0:sink>[00m have event type tag event: 0x7f4908003500, time 99:99:99.999999999, seq-num 475, GstTagList-global, taglist=(taglist)"taglist\,\ datetime\=\(datetime\)2015-11-30T10:07:14Z\,\ container-format\=\(string\)\"ISO\\\ fMP4\"\;";
0:00:00.518902645 [334m19341[00m 0x7f49300068a0 [33;01mLOG    [00m [00;01;31;41m            GST_PADS gstpad.c:2944:gst_pad_forward:<src_0:proxypad17>[00m calling forward function on pad parsebin0:src_0
0:00:00.518922316 [334m19341[00m 0x7f4930006e80 [37mDEBUG  [00m [00;01;31;41m            GST_PADS gstpad.c:5622:gst_pad_send_event_unchecked:<h264parse0:sink>[00m sent event, ret ok
0:00:00.518933298 [334m19341[00m 0x7f4930006e80 [33;01mLOG    [00m [00;01;31;41m            GST_PADS gstpad.c:5097:store_sticky_event:<h264parse0:sink>[00m stored sticky event tag
0:00:00.518920902 [334m19341[00m 0x7f49300068a0 [33;01mLOG    [00m [00;01;31;41m            GST_PADS gstpad.c:2989:event_forward_func:<parsebin0:src_0>[00m Reffing and pushing event 0x7f4934007f30 (tag) to parsebin0:src_0
0:00:00.518964825 [334m19341[00m 0x7f49300068a0 [33;01mLOG    [00m [00;01;31;41m            GST_PADS gstpad.c:5097:store_sticky_event:<parsebin0:src_0>[00m stored sticky event tag
0:00:00.518981604 [334m19341[00m 0x7f49300068a0 [37mDEBUG  [00m [00;01;31;41m            GST_PADS gstpad.c:3862:check_sticky:<parsebin0:src_0>[00m pushing all sticky events
0:00:00.519007921 [334m19341[00m 0x7f49300068a0 [37mDEBUG  [00m [00;01;31;41m            GST_PADS gstpad.c:3794:push_sticky:<parsebin0:src_0>[00m event stream-start was already received
0:00:00.519072454 [334m19341[00m 0x7f4934007540 [37mDEBUG  [00m [00;01m    streamcollection gststreamcollection.c:263:proxy_stream_notify_cb:collection 0x7f4908002e50 (1 streams) < stream audio 0x7f4908005720, ID 78a81cd5ab52c8b30efd549f3528ce592cff83fc9a3317f29fc9920a45c26697/audio_01/001, flags 0x0, caps [audio/mpeg, mpegversion=(int)4, framed=(boolean)true, stream-format=(string)raw, level=(string)2, base-profile=(string)lc, profile=(string)lc, codec_data=(buffer)1190ed40, rate=(int)48000, channels=(int)2], tags [taglist, nominal-bitrate=(uint)131089, audio-codec=(string)"MPEG-4\ AAC";], >[00m Stream stream audio 0x7f4908005720, ID 78a81cd5ab52c8b30efd549f3528ce592cff83fc9a3317f29fc9920a45c26697/audio_01/001, flags 0x0, caps [audio/mpeg, mpegversion=(int)4, framed=(boolean)true, stream-format=(string)raw, level=(string)2, base-profile=(string)lc, profile=(string)lc, codec_data=(buffer)1190ed40, rate=(int)48000, channels=(int)2], tags [taglist, nominal-bitrate=(uint)131089, audio-codec=(string)"MPEG-4\ AAC";] updated tags
0:00:00.519182654 [334m19341[00m 0x7f4948003f70 [33;01mLOG    [00m [00m       adaptivedemux gstadaptivedemux.c:2401:_uri_handler_probe:<souphttpsrc1:src>[00m Received buffer, size 2896 total 520734
0:00:00.519176736 [334m19341[00m 0x7f49300068a0 [37mDEBUG  [00m [00m          decodebin3 gstdecodebin3-parse.c:487:parsebin_pending_event_probe:<parsebin0:src_0>[00m Got event 0x7f49100041e0 caps
0:00:00.519242230 [334m19341[00m 0x7f4948003f70 [37mDEBUG  [00m [00;01;35m      GST_SCHEDULING gstpad.c:4202:gst_pad_chain_data_unchecked:<queue1:sink>[00m calling chainfunction &gst_queue_chain with buffer buffer: 0x7f492000a010, pts 99:99:99.999999999, dts 99:99:99.999999999, dur 99:99:99.999999999, size 2896, offset 518644, offset_end none, flags 0x0
0:00:00.519266462 [334m19341[00m 0x7f4948003f70 [33;01mLOG    [00m [00m      queue_dataflow gstqueue.c:1183:gst_queue_chain_buffer_or_list:<queue1>[00m received buffer 0x7f492000a010 of size 2896, time 99:99:99.999999999, duration 99:99:99.999999999
0:00:00.519299182 [334m19341[00m 0x7f4948003f70 [33;01mLOG    [00m [00m               queue gstqueue.c:633:apply_buffer:<queue1>[00m sink position updated to 0:00:00.000000806
0:00:00.519307752 [334m19341[00m 0x7f4948003f70 [33;01mLOG    [00m [00m               queue gstqueue.c:529:update_time_level:<queue1>[00m update sink time
0:00:00.519302460 [334m19341[00m 0x7f49300068a0 [37mDEBUG  [00m [00;01;31;41m            GST_PADS gstpad.c:5306:gst_pad_push_event_unchecked:<parsebin0:src_0>[00m dropped event
0:00:00.519314263 [334m19341[00m 0x7f4948003f70 [33;01mLOG    [00m [00m               queue gstqueue.c:547:update_time_level:<queue1>[00m sink +0:00:00.000000806, src +0:00:00.000000806
0:00:00.519322887 [334m19341[00m 0x7f4948003f70 [37mDEBUG  [00m [00;01;35m      GST_SCHEDULING gstpad.c:4208:gst_pad_chain_data_unchecked:<queue1:sink>[00m called chainfunction &gst_queue_chain with buffer 0x7f492000a010, returned ok
0:00:00.519335719 [334m19341[00m 0x7f4930006e80 [37mDEBUG  [00m [00;01;35m      GST_SCHEDULING gstpad.c:4208:gst_pad_chain_data_unchecked:<typefind:sink>[00m called chainfunction &gst_type_find_element_chain with buffer 0x7f494c020d40, returned ok
0:00:00.519351602 [334m19341[00m 0x7f49300068a0 [37mDEBUG  [00m [00;01;31;41m            GST_PADS gstpad.c:3819:push_sticky:<parsebin0:src_0>[00m event caps was dropped, mark pending
0:00:00.519348310 [334m19341[00m 0x7f4934007540 [37mDEBUG  [00m [00;01m    streamcollection gststreamcollection.c:263:proxy_stream_notify_cb:collection 0x7f4910003020 (2 streams) < stream audio 0x1953a50, ID 78a81cd5ab52c8b30efd549f3528ce592cff83fc9a3317f29fc9920a45c26697/audio_00/001, flags 0x0, caps [audio/mpeg, mpegversion=(int)4, framed=(boolean)true, stream-format=(string)raw, level=(string)2, base-profile=(string)lc, profile=(string)lc, codec_data=(buffer)1190ed40, rate=(int)48000, channels=(int)2], tags [taglist, audio-codec=(string)"MPEG-4\ AAC\ audio", maximum-bitrate=(uint)137557, bitrate=(uint)128000, language-code=(string)en;], stream audio 0x7f4908005720, ID 78a81cd5ab52c8b30efd549f3528ce592cff83fc9a3317f29fc9920a45c26697/audio_01/001, flags 0x0, caps [audio/mpeg, mpegversion=(int)4, framed=(boolean)true, stream-format=(string)raw, level=(string)2, base-profile=(string)lc, profile=(string)lc, codec_data=(buffer)1190ed40, rate=(int)48000, channels=(int)2], tags [taglist, nominal-bitrate=(uint)131089, audio-codec=(string)"MPEG-4\ AAC";], >[00m Stream stream audio 0x7f4908005720, ID 78a81cd5ab52c8b30efd549f3528ce592cff83fc9a3317f29fc9920a45c26697/audio_01/001, flags 0x0, caps [audio/mpeg, mpegversion=(int)4, framed=(boolean)true, stream-format=(string)raw, level=(string)2, base-profile=(string)lc, profile=(string)lc, codec_data=(buffer)1190ed40, rate=(int)48000, channels=(int)2], tags [taglist, nominal-bitrate=(uint)131089, audio-codec=(string)"MPEG-4\ AAC";] updated tags
0:00:00.519476180 [334m19341[00m 0x7f4930006e80 [33;01mLOG    [00m [00m     queue2_dataflow gstqueue2.c:2373:gst_queue2_locked_dequeue:<queue2-1>[00m retrieved buffer 0x7f494c020e50 from queue
0:00:00.519487556 [334m19341[00m 0x7f4930006e80 [37mDEBUG  [00m [00m              queue2 gstqueue2.c:842:apply_buffer:<queue2-1>[00m position updated to 0:00:00.000000000
0:00:00.519492652 [334m19341[00m 0x7f49300068a0 [37mDEBUG  [00m [00m          decodebin3 gstdecodebin3-parse.c:487:parsebin_pending_event_probe:<parsebin0:src_0>[00m Got event 0x7f494c009f30 segment
0:00:00.519501920 [334m19341[00m 0x7f4930006e80 [37mDEBUG  [00m [00m              queue2 gstqueue2.c:740:update_time_level:<queue2-1>[00m sink 0:00:01.187343395, src 0:00:00.000000000
0:00:00.519533548 [334m19341[00m 0x7f4930006e80 [37mDEBUG  [00m [00m              queue2 gstqueue2.c:1239:update_out_rates:<queue2-1>[00m rates: out 0.000000, time 0:00:00.000000000
0:00:00.519547952 [334m19341[00m 0x7f4930006e80 [33;01mLOG    [00m [00m     queue2_dataflow gstqueue2.c:2899:gst_queue2_push_one:<queue2-1>[00m (queue2-1:src) We have something dequeud: 28 of 0 buffers, 222443 of 2097152 bytes, 1187343395 of 4000000000 ns, 29 items
0:00:00.519595162 [334m19341[00m 0x7f49300068a0 [37mDEBUG  [00m [00;01;31;41m            GST_PADS gstpad.c:5306:gst_pad_push_event_unchecked:<parsebin0:src_0>[00m dropped event
0:00:00.519623761 [334m19341[00m 0x7f49300068a0 [37mDEBUG  [00m [00;01;31;41m            GST_PADS gstpad.c:3819:push_sticky:<parsebin0:src_0>[00m event segment was dropped, mark pending
0:00:00.519613309 [334m19341[00m 0x7f4934007540 [37mDEBUG  [00m [00;01m    streamcollection gststreamcollection.c:263:proxy_stream_notify_cb:collection 0x7f49080029f0 (3 streams) < stream audio 0x1953a50, ID 78a81cd5ab52c8b30efd549f3528ce592cff83fc9a3317f29fc9920a45c26697/audio_00/001, flags 0x0, caps [audio/mpeg, mpegversion=(int)4, framed=(boolean)true, stream-format=(string)raw, level=(string)2, base-profile=(string)lc, profile=(string)lc, codec_data=(buffer)1190ed40, rate=(int)48000, channels=(int)2], tags [taglist, audio-codec=(string)"MPEG-4\ AAC\ audio", maximum-bitrate=(uint)137557, bitrate=(uint)128000, language-code=(string)en;], stream video 0x7f49080050f0, ID 78a81cd5ab52c8b30efd549f3528ce592cff83fc9a3317f29fc9920a45c26697/video_00/001, flags 0x0, caps [video/x-h264, stream-format=(string)avc, alignment=(string)au, level=(string)3, profile=(string)constrained-baseline, codec_data=(buffer)0142c01effe100186742c01ed900d43dfb84000003000400000300c03c58b92001000468cb8cf2, width=(int)848, height=(int)476, pixel-aspect-ratio=(fraction)1/1, framerate=(fraction)0/1, parsed=(boolean)true], tags [], stream audio 0x7f4908005720, ID 78a81cd5ab52c8b30efd549f3528ce592cff83fc9a3317f29fc9920a45c26697/audio_01/001, flags 0x0, caps [audio/mpeg, mpegversion=(int)4, framed=(boolean)true, stream-format=(string)raw, level=(string)2, base-profile=(string)lc, profile=(string)lc, codec_data=(buffer)1190ed40, rate=(int)48000, channels=(int)2], tags [taglist, nominal-bitrate=(uint)131089, audio-codec=(string)"MPEG-4\ AAC";], >[00m Stream stream audio 0x7f4908005720, ID 78a81cd5ab52c8b30efd549f3528ce592cff83fc9a3317f29fc9920a45c26697/audio_01/001, flags 0x0, caps [audio/mpeg, mpegversion=(int)4, framed=(boolean)true, stream-format=(string)raw, level=(string)2, base-profile=(string)lc, profile=(string)lc, codec_data=(buffer)1190ed40, rate=(int)48000, channels=(int)2], tags [taglist, nominal-bitrate=(uint)131089, audio-codec=(string)"MPEG-4\ AAC";] updated tags
0:00:00.519708211 [334m19341[00m 0x7f4934007540 [33;01mLOG    [00m [00;01;31;41m            GST_PADS gstpad.c:2944:gst_pad_forward:<src_0:proxypad15>[00m calling forward function on pad parsebin2:src_0
0:00:00.519754959 [334m19341[00m 0x7f4934007540 [33;01mLOG    [00m [00;01;31;41m            GST_PADS gstpad.c:2989:event_forward_func:<parsebin2:src_0>[00m Reffing and pushing event 0x7f490c003c20 (tag) to parsebin2:src_0
0:00:00.519803844 [334m19341[00m 0x7f4930006e80 [37mDEBUG  [00m [00;01;35m      GST_SCHEDULING gstpad.c:4202:gst_pad_chain_data_unchecked:<typefind:sink>[00m calling chainfunction &gst_type_find_element_chain with buffer buffer: 0x7f494c020e50, pts 99:99:99.999999999, dts 99:99:99.999999999, dur 99:99:99.999999999, size 200, offset 686, offset_end 886, flags 0x0
0:00:00.519813834 [334m19341[00m 0x7f49300068a0 [37mDEBUG  [00m [00m          decodebin3 gstdecodebin3-parse.c:487:parsebin_pending_event_probe:<parsebin0:src_0>[00m Got event 0x7f4910004250 stream-collection
0:00:00.519781757 [334m19341[00m 0x7f4934007540 [33;01mLOG    [00m [00;01;31;41m            GST_PADS gstpad.c:5097:store_sticky_event:<parsebin2:src_0>[00m stored sticky event tag
0:00:00.519848813 [334m19341[00m 0x7f4934007540 [37mDEBUG  [00m [00;01;31;41m            GST_PADS gstpad.c:3862:check_sticky:<parsebin2:src_0>[00m pushing all sticky events
0:00:00.519861342 [334m19341[00m 0x7f4934007540 [37mDEBUG  [00m [00;01;31;41m            GST_PADS gstpad.c:3794:push_sticky:<parsebin2:src_0>[00m event stream-start was already received
0:00:00.519927195 [334m19341[00m 0x7f49300068a0 [37mDEBUG  [00m [00;01;31;41m            GST_PADS gstpad.c:5306:gst_pad_push_event_unchecked:<parsebin0:src_0>[00m dropped event
0:00:00.519952623 [334m19341[00m 0x7f49300068a0 [37mDEBUG  [00m [00;01;31;41m            GST_PADS gstpad.c:3819:push_sticky:<parsebin0:src_0>[00m event stream-collection was dropped, mark pending
0:00:00.519974499 [334m19341[00m 0x7f4948003f70 [33;01mLOG    [00m [00m       adaptivedemux gstadaptivedemux.c:2401:_uri_handler_probe:<souphttpsrc1:src>[00m Received buffer, size 2896 total 523630
0:00:00.520003889 [334m19341[00m 0x7f4948003f70 [37mDEBUG  [00m [00;01;35m      GST_SCHEDULING gstpad.c:4202:gst_pad_chain_data_unchecked:<queue1:sink>[00m calling chainfunction &gst_queue_chain with buffer buffer: 0x7f492000a120, pts 99:99:99.999999999, dts 99:99:99.999999999, dur 99:99:99.999999999, size 2896, offset 521540, offset_end none, flags 0x0
0:00:00.520028476 [334m19341[00m 0x7f4948003f70 [33;01mLOG    [00m [00m      queue_dataflow gstqueue.c:1183:gst_queue_chain_buffer_or_list:<queue1>[00m received buffer 0x7f492000a120 of size 2896, time 99:99:99.999999999, duration 99:99:99.999999999
0:00:00.520064689 [334m19341[00m 0x7f4948003f70 [33;01mLOG    [00m [00m               queue gstqueue.c:633:apply_buffer:<queue1>[00m sink position updated to 0:00:00.000000806
0:00:00.520072664 [334m19341[00m 0x7f4948003f70 [33;01mLOG    [00m [00m               queue gstqueue.c:529:update_time_level:<queue1>[00m update sink time
0:00:00.520086774 [334m19341[00m 0x7f4934007540 [37mDEBUG  [00m [00m          decodebin3 gstdecodebin3-parse.c:487:parsebin_pending_event_probe:<parsebin2:src_0>[00m Got event 0x7f490c004030 caps
0:00:00.520079026 [334m19341[00m 0x7f4948003f70 [33;01mLOG    [00m [00m               queue gstqueue.c:547:update_time_level:<queue1>[00m sink +0:00:00.000000806, src +0:00:00.000000806
0:00:00.520103660 [334m19341[00m 0x7f4948003f70 [37mDEBUG  [00m [00;01;35m      GST_SCHEDULING gstpad.c:4208:gst_pad_chain_data_unchecked:<queue1:sink>[00m called chainfunction &gst_queue_chain with buffer 0x7f492000a120, returned ok
0:00:00.520129576 [334m19341[00m 0x7f49300068a0 [37mDEBUG  [00m [00m          decodebin3 gstdecodebin3-parse.c:487:parsebin_pending_event_probe:<parsebin0:src_0>[00m Got event 0x7f4910004100 tag
0:00:00.520153861 [334m19341[00m 0x7f4934007540 [37mDEBUG  [00m [00;01;31;41m            GST_PADS gstpad.c:5306:gst_pad_push_event_unchecked:<parsebin2:src_0>[00m dropped event
0:00:00.520174249 [334m19341[00m 0x7f4934007540 [37mDEBUG  [00m [00;01;31;41m            GST_PADS gstpad.c:3819:push_sticky:<parsebin2:src_0>[00m event caps was dropped, mark pending
0:00:00.520212196 [334m19341[00m 0x7f49300068a0 [37mDEBUG  [00m [00;01;31;41m            GST_PADS gstpad.c:5306:gst_pad_push_event_unchecked:<parsebin0:src_0>[00m dropped event
0:00:00.520231289 [334m19341[00m 0x7f49300068a0 [37mDEBUG  [00m [00;01;31;41m            GST_PADS gstpad.c:3819:push_sticky:<parsebin0:src_0>[00m event tag was dropped, mark pending
0:00:00.520317932 [334m19341[00m 0x7f4934007540 [37mDEBUG  [00m [00m          decodebin3 gstdecodebin3-parse.c:487:parsebin_pending_event_probe:<parsebin2:src_0>[00m Got event 0x7f494c0131d0 segment
0:00:00.520451068 [334m19341[00m 0x7f4934007540 [37mDEBUG  [00m [00;01;31;41m            GST_PADS gstpad.c:5306:gst_pad_push_event_unchecked:<parsebin2:src_0>[00m dropped event
0:00:00.520476671 [334m19341[00m 0x7f4934007540 [37mDEBUG  [00m [00;01;31;41m            GST_PADS gstpad.c:3819:push_sticky:<parsebin2:src_0>[00m event segment was dropped, mark pending
0:00:00.520490054 [334m19341[00m 0x7f49300068a0 [37mDEBUG  [00m [00m          decodebin3 gstdecodebin3-parse.c:487:parsebin_pending_event_probe:<parsebin0:src_0>[00m Got event 0x7f4934007f30 tag
0:00:00.520599178 [334m19341[00m 0x7f4948003f70 [33;01mLOG    [00m [00m       adaptivedemux gstadaptivedemux.c:2401:_uri_handler_probe:<souphttpsrc1:src>[00m Received buffer, size 2896 total 526526
0:00:00.520591226 [334m19341[00m 0x7f49300068a0 [37mDEBUG  [00m [00;01;31;41m            GST_PADS gstpad.c:5306:gst_pad_push_event_unchecked:<parsebin0:src_0>[00m dropped event
0:00:00.520609369 [334m19341[00m 0x7f4934007540 [37mDEBUG  [00m [00m          decodebin3 gstdecodebin3-parse.c:487:parsebin_pending_event_probe:<parsebin2:src_0>[00m Got event 0x7f490c004180 stream-collection
0:00:00.520623046 [334m19341[00m 0x7f49300068a0 [37mDEBUG  [00m [00;01;31;41m            GST_PADS gstpad.c:3819:push_sticky:<parsebin0:src_0>[00m event tag was dropped, mark pending
0:00:00.520613431 [334m19341[00m 0x7f4948003f70 [37mDEBUG  [00m [00;01;35m      GST_SCHEDULING gstpad.c:4202:gst_pad_chain_data_unchecked:<queue1:sink>[00m calling chainfunction &gst_queue_chain with buffer buffer: 0x7f492000a230, pts 99:99:99.999999999, dts 99:99:99.999999999, dur 99:99:99.999999999, size 2896, offset 524436, offset_end none, flags 0x0
0:00:00.520649711 [334m19341[00m 0x7f49300068a0 [37mDEBUG  [00m [00;01;31;41m            GST_PADS gstpad.c:5622:gst_pad_send_event_unchecked:<src_0:proxypad17>[00m sent event, ret ok
0:00:00.520663106 [334m19341[00m 0x7f49300068a0 [33;01mLOG    [00m [00;01;31;41m            GST_PADS gstpad.c:5097:store_sticky_event:<src_0:proxypad17>[00m stored sticky event tag
0:00:00.520654406 [334m19341[00m 0x7f4948003f70 [33;01mLOG    [00m [00m      queue_dataflow gstqueue.c:1183:gst_queue_chain_buffer_or_list:<queue1>[00m received buffer 0x7f492000a230 of size 2896, time 99:99:99.999999999, duration 99:99:99.999999999
0:00:00.520677202 [334m19341[00m 0x7f49300068a0 [33;01mLOG    [00m [00;01;31;41m            GST_PADS gstpad.c:5269:gst_pad_push_event_unchecked:<aacparse1:src>[00m sent event 0x7f4934007f30 (tag) to peerpad <src_0:proxypad17>, ret ok
0:00:00.520683203 [334m19341[00m 0x7f4948003f70 [33;01mLOG    [00m [00m               queue gstqueue.c:633:apply_buffer:<queue1>[00m sink position updated to 0:00:00.000000806
0:00:00.520710149 [334m19341[00m 0x7f4934007540 [37mDEBUG  [00m [00;01;31;41m            GST_PADS gstpad.c:5306:gst_pad_push_event_unchecked:<parsebin2:src_0>[00m dropped event
0:00:00.520721652 [334m19341[00m 0x7f4934007540 [37mDEBUG  [00m [00;01;31;41m            GST_PADS gstpad.c:3819:push_sticky:<parsebin2:src_0>[00m event stream-collection was dropped, mark pending
0:00:00.520742884 [334m19341[00m 0x7f4948003f70 [33;01mLOG    [00m [00m               queue gstqueue.c:529:update_time_level:<queue1>[00m update sink time
0:00:00.520700131 [334m19341[00m 0x7f49300068a0 [37mDEBUG  [00m [00;01;31;41m            GST_PADS gstpad.c:3814:push_sticky:<aacparse1:src>[00m event tag marked received
0:00:00.520749433 [334m19341[00m 0x7f4948003f70 [33;01mLOG    [00m [00m               queue gstqueue.c:547:update_time_level:<queue1>[00m sink +0:00:00.000000806, src +0:00:00.000000806
0:00:00.520772574 [334m19341[00m 0x7f49300068a0 [33;01mLOG    [00m [00;01;31;41m            GST_PADS gstpad.c:5097:store_sticky_event:<aacparse1:src>[00m stored sticky event tag
0:00:00.520792657 [334m19341[00m 0x7f4948003f70 [37mDEBUG  [00m [00;01;35m      GST_SCHEDULING gstpad.c:4208:gst_pad_chain_data_unchecked:<queue1:sink>[00m called chainfunction &gst_queue_chain with buffer 0x7f492000a230, returned ok
0:00:00.520802585 [334m19341[00m 0x7f49300068a0 [37mDEBUG  [00m [00;01;31;41m            GST_PADS gstpad.c:3862:check_sticky:<aacparse1:src>[00m pushing all sticky events
0:00:00.520832821 [334m19341[00m 0x7f49300068a0 [37mDEBUG  [00m [00;01;31;41m            GST_PADS gstpad.c:3794:push_sticky:<aacparse1:src>[00m event stream-start was already received
0:00:00.520858355 [334m19341[00m 0x7f49300068a0 [37mDEBUG  [00m [00;01;31;41m            GST_PADS gstpad.c:3794:push_sticky:<aacparse1:src>[00m event caps was already received
0:00:00.520908042 [334m19341[00m 0x7f49300068a0 [37mDEBUG  [00m [00;01;31;41m            GST_PADS gstpad.c:3794:push_sticky:<aacparse1:src>[00m event segment was already received
0:00:00.520949612 [334m19341[00m 0x7f4934007540 [37mDEBUG  [00m [00m          decodebin3 gstdecodebin3-parse.c:487:parsebin_pending_event_probe:<parsebin2:src_0>[00m Got event 0x7f490c003c20 tag
0:00:00.520936770 [334m19341[00m 0x7f49300068a0 [33;01mLOG    [00m [00;01;31;41m            GST_PADS gstpad.c:5261:gst_pad_push_event_unchecked:<aacparse1:src>[00m sending event 0x7f4934007ec0 (tag) to peerpad <src_0:proxypad17>
0:00:00.520979760 [334m19341[00m 0x7f4930006e80 [37mDEBUG  [00m [00;01;35m      GST_SCHEDULING gstpad.c:4208:gst_pad_chain_data_unchecked:<typefind:sink>[00m called chainfunction &gst_type_find_element_chain with buffer 0x7f494c020e50, returned ok
0:00:00.520994422 [334m19341[00m 0x7f49300068a0 [37mDEBUG  [00m [00;01;34m           GST_EVENT gstpad.c:5548:gst_pad_send_event_unchecked:<src_0:proxypad17>[00m have event type tag event: 0x7f4934007ec0, time 99:99:99.999999999, seq-num 463, GstTagList-stream, taglist=(taglist)"taglist\,\ nominal-bitrate\=\(uint\)131089\;";
0:00:00.521023427 [334m19341[00m 0x7f4934007540 [37mDEBUG  [00m [00;01;31;41m            GST_PADS gstpad.c:5306:gst_pad_push_event_unchecked:<parsebin2:src_0>[00m dropped event
0:00:00.521029822 [334m19341[00m 0x7f4934007540 [37mDEBUG  [00m [00;01;31;41m            GST_PADS gstpad.c:3819:push_sticky:<parsebin2:src_0>[00m event tag was dropped, mark pending
0:00:00.521103224 [334m19341[00m 0x7f4930006e80 [33;01mLOG    [00m [00m     queue2_dataflow gstqueue2.c:2394:gst_queue2_locked_dequeue:<queue2-1>[00m retrieved event 0x7f4934007880 from queue
0:00:00.521129106 [334m19341[00m 0x7f4930006e80 [33;01mLOG    [00m [00m     queue2_dataflow gstqueue2.c:2899:gst_queue2_push_one:<queue2-1>[00m (queue2-1:src) We have something dequeud: 28 of 0 buffers, 222443 of 2097152 bytes, 1187343395 of 4000000000 ns, 28 items
0:00:00.521145441 [334m19341[00m 0x7f4930006e80 [33;01mLOG    [00m [00m              queue2 gstqueue2.c:2939:gst_queue2_push_one:<queue2-1>[00m src pad bitrate from tags now 1498761
0:00:00.521195312 [334m19341[00m 0x7f4930006e80 [33;01mLOG    [00m [00;01;31;41m            GST_PADS gstpad.c:5097:store_sticky_event:<queue2-1:src>[00m stored sticky event tag
0:00:00.521174383 [334m19341[00m 0x7f4934007540 [37mDEBUG  [00m [00m          decodebin3 gstdecodebin3-parse.c:487:parsebin_pending_event_probe:<parsebin2:src_0>[00m Got event 0x7f490c003de0 tag
0:00:00.521218304 [334m19341[00m 0x7f4930006e80 [37mDEBUG  [00m [00;01;31;41m            GST_PADS gstpad.c:3862:check_sticky:<queue2-1:src>[00m pushing all sticky events
0:00:00.521228848 [334m19341[00m 0x7f4930006e80 [37mDEBUG  [00m [00;01;31;41m            GST_PADS gstpad.c:3794:push_sticky:<queue2-1:src>[00m event stream-start was already received
0:00:00.521251880 [334m19341[00m 0x7f4930006e80 [37mDEBUG  [00m [00;01;31;41m            GST_PADS gstpad.c:3794:push_sticky:<queue2-1:src>[00m event caps was already received
0:00:00.521315682 [334m19341[00m 0x7f4930006e80 [37mDEBUG  [00m [00;01;31;41m            GST_PADS gstpad.c:3794:push_sticky:<queue2-1:src>[00m event segment was already received
0:00:00.521299653 [334m19341[00m 0x7f4934007540 [37mDEBUG  [00m [00;01;31;41m            GST_PADS gstpad.c:5306:gst_pad_push_event_unchecked:<parsebin2:src_0>[00m dropped event
0:00:00.521345280 [334m19341[00m 0x7f4934007540 [37mDEBUG  [00m [00;01;31;41m            GST_PADS gstpad.c:3819:push_sticky:<parsebin2:src_0>[00m event tag was dropped, mark pending
0:00:00.521374222 [334m19341[00m 0x7f4934007540 [37mDEBUG  [00m [00;01;31;41m            GST_PADS gstpad.c:5622:gst_pad_send_event_unchecked:<src_0:proxypad15>[00m sent event, ret ok
0:00:00.521388087 [334m19341[00m 0x7f4948003f70 [33;01mLOG    [00m [00m       adaptivedemux gstadaptivedemux.c:2401:_uri_handler_probe:<souphttpsrc1:src>[00m Received buffer, size 2896 total 529422
0:00:00.521398222 [334m19341[00m 0x7f4934007540 [33;01mLOG    [00m [00;01;34m           GST_EVENT gstevent.c:222:_gst_event_free:[00m freeing event 0x7f490c003c90 type tag
0:00:00.521410334 [334m19341[00m 0x7f4930006e80 [33;01mLOG    [00m [00m        urisourcebin gsturisourcebin.c:1263:source_pad_event_probe:<queue2-1:src>[00m tag, urisrc 0x7f4934007880
0:00:00.521440116 [334m19341[00m 0x7f4934007540 [33;01mLOG    [00m [00;01;31;41m            GST_PADS gstpad.c:5097:store_sticky_event:<src_0:proxypad15>[00m stored sticky event tag
0:00:00.521442060 [334m19341[00m 0x7f4930006e80 [33;01mLOG    [00m [00;01;31;41m            GST_PADS gstpad.c:5261:gst_pad_push_event_unchecked:<queue2-1:src>[00m sending event 0x7f4934007880 (tag) to peerpad <src_1:proxypad5>
0:00:00.521400319 [334m19341[00m 0x7f49300068a0 [37mDEBUG  [00m [00;01m    streamcollection gststreamcollection.c:263:proxy_stream_notify_cb:collection 0x7f4910003160 (1 streams) < stream audio 0x1953a50, ID 78a81cd5ab52c8b30efd549f3528ce592cff83fc9a3317f29fc9920a45c26697/audio_00/001, flags 0x0, caps [audio/mpeg, mpegversion=(int)4, framed=(boolean)true, stream-format=(string)raw, level=(string)2, base-profile=(string)lc, profile=(string)lc, codec_data=(buffer)1190ed40, rate=(int)48000, channels=(int)2], tags [taglist, nominal-bitrate=(uint)131089;], >[00m Stream stream audio 0x1953a50, ID 78a81cd5ab52c8b30efd549f3528ce592cff83fc9a3317f29fc9920a45c26697/audio_00/001, flags 0x0, caps [audio/mpeg, mpegversion=(int)4, framed=(boolean)true, stream-format=(string)raw, level=(string)2, base-profile=(string)lc, profile=(string)lc, codec_data=(buffer)1190ed40, rate=(int)48000, channels=(int)2], tags [taglist, nominal-bitrate=(uint)131089;] updated tags
0:00:00.521455885 [334m19341[00m 0x7f4930006e80 [37mDEBUG  [00m [00;01;34m           GST_EVENT gstpad.c:5548:gst_pad_send_event_unchecked:<src_1:proxypad5>[00m have event type tag event: 0x7f4934007880, time 99:99:99.999999999, seq-num 390, GstTagList-stream, taglist=(taglist)"taglist\,\ nominal-bitrate\=\(uint\)1498761\;";
0:00:00.521447443 [334m19341[00m 0x7f4934007540 [33;01mLOG    [00m [00;01;31;41m            GST_PADS gstpad.c:5269:gst_pad_push_event_unchecked:<aacparse0:src>[00m sent event 0x7f490c003c20 (tag) to peerpad <src_0:proxypad15>, ret ok
0:00:00.521477612 [334m19341[00m 0x7f4934007540 [37mDEBUG  [00m [00;01;31;41m            GST_PADS gstpad.c:3814:push_sticky:<aacparse0:src>[00m event tag marked received
0:00:00.521479507 [334m19341[00m 0x7f4948003f70 [37mDEBUG  [00m [00;01;35m      GST_SCHEDULING gstpad.c:4202:gst_pad_chain_data_unchecked:<queue1:sink>[00m calling chainfunction &gst_queue_chain with buffer buffer: 0x7f492000a340, pts 99:99:99.999999999, dts 99:99:99.999999999, dur 99:99:99.999999999, size 2896, offset 527332, offset_end none, flags 0x0
0:00:00.521493175 [334m19341[00m 0x7f4934007540 [37mDEBUG  [00m [00;01;31;41m            GST_PADS gstpad.c:3794:push_sticky:<aacparse0:src>[00m event tag was already received
0:00:00.521502894 [334m19341[00m 0x7f4948003f70 [33;01mLOG    [00m [00m      queue_dataflow gstqueue.c:1183:gst_queue_chain_buffer_or_list:<queue1>[00m received buffer 0x7f492000a340 of size 2896, time 99:99:99.999999999, duration 99:99:99.999999999
0:00:00.521529142 [334m19341[00m 0x7f4948003f70 [33;01mLOG    [00m [00m               queue gstqueue.c:633:apply_buffer:<queue1>[00m sink position updated to 0:00:00.000000806
0:00:00.521529172 [334m19341[00m 0x7f4930006e80 [33;01mLOG    [00m [00;01;31;41m            GST_PADS gstpad.c:2944:gst_pad_forward:<src_1:proxypad5>[00m calling forward function on pad urisourcebin0:src_1
0:00:00.521542574 [334m19341[00m 0x7f4948003f70 [33;01mLOG    [00m [00m               queue gstqueue.c:529:update_time_level:<queue1>[00m update sink time
0:00:00.521561006 [334m19341[00m 0x7f4930006e80 [33;01mLOG    [00m [00;01;31;41m            GST_PADS gstpad.c:2989:event_forward_func:<urisourcebin0:src_1>[00m Reffing and pushing event 0x7f4934007880 (tag) to urisourcebin0:src_1
0:00:00.521586904 [334m19341[00m 0x7f4930006e80 [33;01mLOG    [00m [00;01;31;41m            GST_PADS gstpad.c:5097:store_sticky_event:<urisourcebin0:src_1>[00m stored sticky event tag
0:00:00.521598174 [334m19341[00m 0x7f4930006e80 [37mDEBUG  [00m [00;01;31;41m            GST_PADS gstpad.c:3862:check_sticky:<urisourcebin0:src_1>[00m pushing all sticky events
0:00:00.521574249 [334m19341[00m 0x7f4948003f70 [33;01mLOG    [00m [00m               queue gstqueue.c:547:update_time_level:<queue1>[00m sink +0:00:00.000000806, src +0:00:00.000000806
0:00:00.521608329 [334m19341[00m 0x7f4930006e80 [37mDEBUG  [00m [00;01;31;41m            GST_PADS gstpad.c:3794:push_sticky:<urisourcebin0:src_1>[00m event stream-start was already received
0:00:00.521618954 [334m19341[00m 0x7f4930006e80 [37mDEBUG  [00m [00;01;31;41m            GST_PADS gstpad.c:3794:push_sticky:<urisourcebin0:src_1>[00m event caps was already received
0:00:00.521635606 [334m19341[00m 0x7f4930006e80 [37mDEBUG  [00m [00;01;31;41m            GST_PADS gstpad.c:3794:push_sticky:<urisourcebin0:src_1>[00m event segment was already received
0:00:00.521647248 [334m19341[00m 0x7f4948003f70 [37mDEBUG  [00m [00;01;35m      GST_SCHEDULING gstpad.c:4208:gst_pad_chain_data_unchecked:<queue1:sink>[00m called chainfunction &gst_queue_chain with buffer 0x7f492000a340, returned ok
0:00:00.521660497 [334m19341[00m 0x7f4930006e80 [33;01mLOG    [00m [00;01;31;41m            GST_PADS gstpad.c:5261:gst_pad_push_event_unchecked:<urisourcebin0:src_1>[00m sending event 0x7f4934007880 (tag) to peerpad <decodebin3-0:sink_0>
0:00:00.521614147 [334m19341[00m 0x7f49300068a0 [37mDEBUG  [00m [00;01m    streamcollection gststreamcollection.c:263:proxy_stream_notify_cb:collection 0x7f4910003020 (2 streams) < stream audio 0x1953a50, ID 78a81cd5ab52c8b30efd549f3528ce592cff83fc9a3317f29fc9920a45c26697/audio_00/001, flags 0x0, caps [audio/mpeg, mpegversion=(int)4, framed=(boolean)true, stream-format=(string)raw, level=(string)2, base-profile=(string)lc, profile=(string)lc, codec_data=(buffer)1190ed40, rate=(int)48000, channels=(int)2], tags [taglist, nominal-bitrate=(uint)131089;], stream audio 0x7f4908005720, ID 78a81cd5ab52c8b30efd549f3528ce592cff83fc9a3317f29fc9920a45c26697/audio_01/001, flags 0x0, caps [audio/mpeg, mpegversion=(int)4, framed=(boolean)true, stream-format=(string)raw, level=(string)2, base-profile=(string)lc, profile=(string)lc, codec_data=(buffer)1190ed40, rate=(int)48000, channels=(int)2], tags [taglist, nominal-bitrate=(uint)131089, audio-codec=(string)"MPEG-4\ AAC";], >[00m Stream stream audio 0x1953a50, ID 78a81cd5ab52c8b30efd549f3528ce592cff83fc9a3317f29fc9920a45c26697/audio_00/001, flags 0x0, caps [audio/mpeg, mpegversion=(int)4, framed=(boolean)true, stream-format=(string)raw, level=(string)2, base-profile=(string)lc, profile=(string)lc, codec_data=(buffer)1190ed40, rate=(int)48000, channels=(int)2], tags [taglist, nominal-bitrate=(uint)131089;] updated tags
0:00:00.521676086 [334m19341[00m 0x7f4930006e80 [37mDEBUG  [00m [00;01;34m           GST_EVENT gstpad.c:5548:gst_pad_send_event_unchecked:<decodebin3-0:sink_0>[00m have event type tag event: 0x7f4934007880, time 99:99:99.999999999, seq-num 390, GstTagList-stream, taglist=(taglist)"taglist\,\ nominal-bitrate\=\(uint\)1498761\;";
0:00:00.521739407 [334m19341[00m 0x7f4930006e80 [33;01mLOG    [00m [00;01;31;41m            GST_PADS gstpad.c:2944:gst_pad_forward:<decodebin3-0:sink_0>[00m calling forward function on pad sink_0:proxypad8
0:00:00.521752555 [334m19341[00m 0x7f4930006e80 [33;01mLOG    [00m [00;01;31;41m            GST_PADS gstpad.c:2989:event_forward_func:<sink_0:proxypad8>[00m Reffing and pushing event 0x7f4934007880 (tag) to sink_0:proxypad8
0:00:00.521714028 [334m19341[00m 0x7f4934007540 [37mDEBUG  [00m [00;01;31;41m            GST_PADS gstpad.c:3862:check_sticky:<parsebin2:src_0>[00m pushing all sticky events
0:00:00.521790070 [334m19341[00m 0x7f4934007540 [37mDEBUG  [00m [00;01;31;41m            GST_PADS gstpad.c:3794:push_sticky:<parsebin2:src_0>[00m event stream-start was already received
0:00:00.521781371 [334m19341[00m 0x7f4930006e80 [33;01mLOG    [00m [00;01;31;41m            GST_PADS gstpad.c:5097:store_sticky_event:<sink_0:proxypad8>[00m stored sticky event tag
0:00:00.521802155 [334m19341[00m 0x7f4930006e80 [37mDEBUG  [00m [00;01;31;41m            GST_PADS gstpad.c:3862:check_sticky:<sink_0:proxypad8>[00m pushing all sticky events
0:00:00.521821971 [334m19341[00m 0x7f4930006e80 [37mDEBUG  [00m [00;01;31;41m            GST_PADS gstpad.c:3794:push_sticky:<sink_0:proxypad8>[00m event stream-start was already received
0:00:00.521853373 [334m19341[00m 0x7f4930006e80 [37mDEBUG  [00m [00;01;31;41m            GST_PADS gstpad.c:3794:push_sticky:<sink_0:proxypad8>[00m event caps was already received
0:00:00.521892872 [334m19341[00m 0x7f4930006e80 [37mDEBUG  [00m [00;01;31;41m            GST_PADS gstpad.c:3794:push_sticky:<sink_0:proxypad8>[00m event segment was already received
0:00:00.521903860 [334m19341[00m 0x7f4930006e80 [33;01mLOG    [00m [00;01;31;41m            GST_PADS gstpad.c:5261:gst_pad_push_event_unchecked:<sink_0:proxypad8>[00m sending event 0x7f4934007880 (tag) to peerpad <parsebin1:sink>
0:00:00.521927089 [334m19341[00m 0x7f4934007540 [37mDEBUG  [00m [00m          decodebin3 gstdecodebin3-parse.c:487:parsebin_pending_event_probe:<parsebin2:src_0>[00m Got event 0x7f490c004030 caps
0:00:00.521920619 [334m19341[00m 0x7f4930006e80 [37mDEBUG  [00m [00;01;34m           GST_EVENT gstpad.c:5548:gst_pad_send_event_unchecked:<parsebin1:sink>[00m have event type tag event: 0x7f4934007880, time 99:99:99.999999999, seq-num 390, GstTagList-stream, taglist=(taglist)"taglist\,\ nominal-bitrate\=\(uint\)1498761\;";
0:00:00.521963504 [334m19341[00m 0x7f4930006e80 [33;01mLOG    [00m [00;01;31;41m            GST_PADS gstpad.c:2944:gst_pad_forward:<parsebin1:sink>[00m calling forward function on pad sink:proxypad10
0:00:00.521918995 [334m19341[00m 0x7f49300068a0 [37mDEBUG  [00m [00;01m    streamcollection gststreamcollection.c:263:proxy_stream_notify_cb:collection 0x7f49080029f0 (3 streams) < stream audio 0x1953a50, ID 78a81cd5ab52c8b30efd549f3528ce592cff83fc9a3317f29fc9920a45c26697/audio_00/001, flags 0x0, caps [audio/mpeg, mpegversion=(int)4, framed=(boolean)true, stream-format=(string)raw, level=(string)2, base-profile=(string)lc, profile=(string)lc, codec_data=(buffer)1190ed40, rate=(int)48000, channels=(int)2], tags [taglist, nominal-bitrate=(uint)131089;], stream video 0x7f49080050f0, ID 78a81cd5ab52c8b30efd549f3528ce592cff83fc9a3317f29fc9920a45c26697/video_00/001, flags 0x0, caps [video/x-h264, stream-format=(string)avc, alignment=(string)au, level=(string)3, profile=(string)constrained-baseline, codec_data=(buffer)0142c01effe100186742c01ed900d43dfb84000003000400000300c03c58b92001000468cb8cf2, width=(int)848, height=(int)476, pixel-aspect-ratio=(fraction)1/1, framerate=(fraction)0/1, parsed=(boolean)true], tags [], stream audio 0x7f4908005720, ID 78a81cd5ab52c8b30efd549f3528ce592cff83fc9a3317f29fc9920a45c26697/audio_01/001, flags 0x0, caps [audio/mpeg, mpegversion=(int)4, framed=(boolean)true, stream-format=(string)raw, level=(string)2, base-profile=(string)lc, profile=(string)lc, codec_data=(buffer)1190ed40, rate=(int)48000, channels=(int)2], tags [taglist, nominal-bitrate=(uint)131089, audio-codec=(string)"MPEG-4\ AAC";], >[00m Stream stream audio 0x1953a50, ID 78a81cd5ab52c8b30efd549f3528ce592cff83fc9a3317f29fc9920a45c26697/audio_00/001, flags 0x0, caps [audio/mpeg, mpegversion=(int)4, framed=(boolean)true, stream-format=(string)raw, level=(string)2, base-profile=(string)lc, profile=(string)lc, codec_data=(buffer)1190ed40, rate=(int)48000, channels=(int)2], tags [taglist, nominal-bitrate=(uint)131089;] updated tags
0:00:00.521996873 [334m19341[00m 0x7f4934007540 [37mDEBUG  [00m [00;01;31;41m            GST_PADS gstpad.c:5306:gst_pad_push_event_unchecked:<parsebin2:src_0>[00m dropped event
0:00:00.521987212 [334m19341[00m 0x7f4930006e80 [33;01mLOG    [00m [00;01;31;41m            GST_PADS gstpad.c:2989:event_forward_func:<sink:proxypad10>[00m Reffing and pushing event 0x7f4934007880 (tag) to sink:proxypad10
0:00:00.522013858 [334m19341[00m 0x7f4934007540 [37mDEBUG  [00m [00;01;31;41m            GST_PADS gstpad.c:3819:push_sticky:<parsebin2:src_0>[00m event caps was dropped, mark pending
0:00:00.522028653 [334m19341[00m 0x7f4930006e80 [33;01mLOG    [00m [00;01;31;41m            GST_PADS gstpad.c:5097:store_sticky_event:<sink:proxypad10>[00m stored sticky event tag
0:00:00.522046849 [334m19341[00m 0x7f4930006e80 [37mDEBUG  [00m [00;01;31;41m            GST_PADS gstpad.c:3862:check_sticky:<sink:proxypad10>[00m pushing all sticky events
0:00:00.522057285 [334m19341[00m 0x7f4930006e80 [37mDEBUG  [00m [00;01;31;41m            GST_PADS gstpad.c:3794:push_sticky:<sink:proxypad10>[00m event stream-start was already received
0:00:00.522083267 [334m19341[00m 0x7f4930006e80 [37mDEBUG  [00m [00;01;31;41m            GST_PADS gstpad.c:3794:push_sticky:<sink:proxypad10>[00m event caps was already received
0:00:00.522093857 [334m19341[00m 0x7f4930006e80 [37mDEBUG  [00m [00;01;31;41m            GST_PADS gstpad.c:3794:push_sticky:<sink:proxypad10>[00m event segment was already received
0:00:00.522110091 [334m19341[00m 0x7f4930006e80 [33;01mLOG    [00m [00;01;31;41m            GST_PADS gstpad.c:5261:gst_pad_push_event_unchecked:<sink:proxypad10>[00m sending event 0x7f4934007880 (tag) to peerpad <typefind:sink>
0:00:00.522116356 [334m19341[00m 0x7f49300068a0 [33;01mLOG    [00m [00;01;31;41m            GST_PADS gstpad.c:2944:gst_pad_forward:<src_0:proxypad17>[00m calling forward function on pad parsebin0:src_0
0:00:00.522149376 [334m19341[00m 0x7f4930006e80 [37mDEBUG  [00m [00;01;34m           GST_EVENT gstpad.c:5548:gst_pad_send_event_unchecked:<typefind:sink>[00m have event type tag event: 0x7f4934007880, time 99:99:99.999999999, seq-num 390, GstTagList-stream, taglist=(taglist)"taglist\,\ nominal-bitrate\=\(uint\)1498761\;";
0:00:00.522148259 [334m19341[00m 0x7f49300068a0 [33;01mLOG    [00m [00;01;31;41m            GST_PADS gstpad.c:2989:event_forward_func:<parsebin0:src_0>[00m Reffing and pushing event 0x7f4934007ec0 (tag) to parsebin0:src_0
0:00:00.522170465 [334m19341[00m 0x7f49300068a0 [33;01mLOG    [00m [00;01;31;41m            GST_PADS gstpad.c:5097:store_sticky_event:<parsebin0:src_0>[00m stored sticky event tag
0:00:00.522191133 [334m19341[00m 0x7f4934007540 [37mDEBUG  [00m [00m          decodebin3 gstdecodebin3-parse.c:487:parsebin_pending_event_probe:<parsebin2:src_0>[00m Got event 0x7f494c0131d0 segment
0:00:00.522190141 [334m19341[00m 0x7f4930006e80 [33;01mLOG    [00m [00;01;31;41m            GST_PADS gstpad.c:5097:store_sticky_event:<typefind:src>[00m stored sticky event tag
0:00:00.522208446 [334m19341[00m 0x7f4930006e80 [37mDEBUG  [00m [00;01;31;41m            GST_PADS gstpad.c:3862:check_sticky:<typefind:src>[00m pushing all sticky events
0:00:00.522211658 [334m19341[00m 0x7f49300068a0 [37mDEBUG  [00m [00;01;31;41m            GST_PADS gstpad.c:3862:check_sticky:<parsebin0:src_0>[00m pushing all sticky events
0:00:00.522218433 [334m19341[00m 0x7f4930006e80 [37mDEBUG  [00m [00;01;31;41m            GST_PADS gstpad.c:3794:push_sticky:<typefind:src>[00m event stream-start was already received
0:00:00.522240639 [334m19341[00m 0x7f4948003f70 [33;01mLOG    [00m [00m       adaptivedemux gstadaptivedemux.c:2401:_uri_handler_probe:<souphttpsrc1:src>[00m Received buffer, size 5792 total 535214
0:00:00.522234704 [334m19341[00m 0x7f49300068a0 [37mDEBUG  [00m [00;01;31;41m            GST_PADS gstpad.c:3794:push_sticky:<parsebin0:src_0>[00m event stream-start was already received
0:00:00.522259991 [334m19341[00m 0x7f4930006e80 [37mDEBUG  [00m [00;01;31;41m            GST_PADS gstpad.c:3794:push_sticky:<typefind:src>[00m event caps was already received
0:00:00.522281265 [334m19341[00m 0x7f4930006e80 [37mDEBUG  [00m [00;01;31;41m            GST_PADS gstpad.c:3794:push_sticky:<typefind:src>[00m event segment was already received
