0:00:00.434770753 [334m19341[00m 0x7f49480038f0 [37mDEBUG  [00m [00m              queue2 gstqueue2.c:740:update_time_level:<queue2-1>[00m sink 0:00:00.020256731, src 0:00:00.000000000
0:00:00.434813098 [334m19341[00m 0x7f49480038f0 [37mDEBUG  [00m [00m              queue2 gstqueue2.c:1199:update_in_rates:<queue2-1>[00m rates: in 0.000000, time 0:00:00.000000000
0:00:00.434839714 [334m19341[00m 0x7f49480038f0 [37mDEBUG  [00m [00;01;35m      GST_SCHEDULING gstpad.c:4208:gst_pad_chain_data_unchecked:<queue2-1:sink>[00m called chainfunction &gst_queue2_chain with buffer 0x7f49300043e0, returned ok
0:00:00.434934565 [334m19341[00m 0x7f49480038f0 [33;01mLOG    [00m [00m       adaptivedemux gstadaptivedemux.c:2114:gst_adaptive_demux_stream_push_buffer:<dashdemux0:video_00>[00m Push result: 0 ok
0:00:00.434949626 [334m19341[00m 0x7f49480038f0 [37mDEBUG  [00m [00;01;35m      GST_SCHEDULING gstpad.c:4208:gst_pad_chain_data_unchecked:<dashdemux0:internal-video_00>[00m called chainfunction &0x7f495259ee20 with buffer 0x7f492c0110a0, returned ok
0:00:00.435089900 [334m19341[00m 0x7f4934007540 [33;01mLOG    [00m [00m            playbin3 gstplaybin3.c:2627:gst_play_bin3_deep_element_added:<playbin>[00m element <aacparse0> was added to <parsebin2>
0:00:00.435183191 [334m19341[00m 0x7f49480038f0 [33;01mLOG    [00m [00m      queue_dataflow gstqueue.c:846:gst_queue_locked_dequeue:<queue0>[00m retrieved buffer 0x7f492c0111b0 from queue
0:00:00.435193776 [334m19341[00m 0x7f49480038f0 [33;01mLOG    [00m [00m               queue gstqueue.c:633:apply_buffer:<queue0>[00m src position updated to 0:00:00.000000886
0:00:00.435213966 [334m19341[00m 0x7f49480038f0 [33;01mLOG    [00m [00m               queue gstqueue.c:538:update_time_level:<queue0>[00m update src time
0:00:00.435226343 [334m19341[00m 0x7f49480038f0 [33;01mLOG    [00m [00m               queue gstqueue.c:547:update_time_level:<queue0>[00m sink +0:00:00.000000886, src +0:00:00.000000886
0:00:00.435386489 [334m19341[00m 0x7f4934007540 [36mINFO   [00m [00;01;34m           GST_EVENT gstevent.c:1511:gst_event_new_reconfigure:[00m creating reconfigure event
0:00:00.435420268 [334m19341[00m 0x7f4934007540 [37mDEBUG  [00m [00;01;34m           GST_EVENT gstevent.c:305:gst_event_new_custom:[00m creating new event 0x7f490c003f30 reconfigure 61441
0:00:00.435458828 [334m19341[00m 0x7f49480038f0 [37mDEBUG  [00m [00;01;35m      GST_SCHEDULING gstpad.c:4202:gst_pad_chain_data_unchecked:<dashdemux0:internal-video_00>[00m calling chainfunction &0x7f495259ee20 with buffer buffer: 0x7f492c0111b0, pts 99:99:99.999999999, dts 99:99:99.999999999, dur 99:99:99.999999999, size 4096, offset 4681, offset_end none, flags 0x0
0:00:00.435489162 [334m19341[00m 0x7f49480038f0 [37mDEBUG  [00m [00m       adaptivedemux gstadaptivedemux.c:2243:_src_chain:<dashdemux0:video_00>[00m Received buffer of size 4096
0:00:00.435567361 [334m19341[00m 0x7f4934007540 [37mDEBUG  [00m [00;01;34m           GST_EVENT gstpad.c:5548:gst_pad_send_event_unchecked:<typefind:src>[00m have event type reconfigure event: 0x7f490c003f30, time 99:99:99.999999999, seq-num 394, (NULL)
0:00:00.435583811 [334m19341[00m 0x7f4934007540 [33;01mLOG    [00m [00;01;31;41m            GST_PADS gstpad.c:5261:gst_pad_push_event_unchecked:<typefind:sink>[00m sending event 0x7f490c003f30 (reconfigure) to peerpad <sink:proxypad12>
0:00:00.435635049 [334m19341[00m 0x7f4934007540 [37mDEBUG  [00m [00;01;34m           GST_EVENT gstpad.c:5548:gst_pad_send_event_unchecked:<sink:proxypad12>[00m have event type reconfigure event: 0x7f490c003f30, time 99:99:99.999999999, seq-num 394, (NULL)
0:00:00.435673608 [334m19341[00m 0x7f4934007540 [33;01mLOG    [00m [00;01;31;41m            GST_PADS gstpad.c:2944:gst_pad_forward:<sink:proxypad12>[00m calling forward function on pad parsebin2:sink
0:00:00.435680803 [334m19341[00m 0x7f4934007540 [33;01mLOG    [00m [00;01;31;41m            GST_PADS gstpad.c:2989:event_forward_func:<parsebin2:sink>[00m Reffing and pushing event 0x7f490c003f30 (reconfigure) to parsebin2:sink
0:00:00.435695759 [334m19341[00m 0x7f4934007540 [33;01mLOG    [00m [00;01;31;41m            GST_PADS gstpad.c:5261:gst_pad_push_event_unchecked:<parsebin2:sink>[00m sending event 0x7f490c003f30 (reconfigure) to peerpad <sink_1:proxypad9>
0:00:00.435734722 [334m19341[00m 0x7f4934007540 [37mDEBUG  [00m [00;01;34m           GST_EVENT gstpad.c:5548:gst_pad_send_event_unchecked:<sink_1:proxypad9>[00m have event type reconfigure event: 0x7f490c003f30, time 99:99:99.999999999, seq-num 394, (NULL)
0:00:00.435753228 [334m19341[00m 0x7f4934007540 [33;01mLOG    [00m [00;01;31;41m            GST_PADS gstpad.c:2944:gst_pad_forward:<sink_1:proxypad9>[00m calling forward function on pad decodebin3-0:sink_1
0:00:00.435770538 [334m19341[00m 0x7f4934007540 [33;01mLOG    [00m [00;01;31;41m            GST_PADS gstpad.c:2989:event_forward_func:<decodebin3-0:sink_1>[00m Reffing and pushing event 0x7f490c003f30 (reconfigure) to decodebin3-0:sink_1
0:00:00.435830824 [334m19341[00m 0x7f4934007540 [33;01mLOG    [00m [00;01;31;41m            GST_PADS gstpad.c:5261:gst_pad_push_event_unchecked:<decodebin3-0:sink_1>[00m sending event 0x7f490c003f30 (reconfigure) to peerpad <urisourcebin0:src_2>
0:00:00.435850806 [334m19341[00m 0x7f49480038f0 [37mDEBUG  [00m [00;01;35m      GST_SCHEDULING gstpad.c:4202:gst_pad_chain_data_unchecked:<queue2-1:sink>[00m calling chainfunction &gst_queue2_chain with buffer buffer: 0x7f492c0111b0, pts 99:99:99.999999999, dts 99:99:99.999999999, dur 99:99:99.999999999, size 4096, offset 4681, offset_end 8777, flags 0x0
0:00:00.435866364 [334m19341[00m 0x7f4934007540 [37mDEBUG  [00m [00;01;34m           GST_EVENT gstpad.c:5548:gst_pad_send_event_unchecked:<urisourcebin0:src_2>[00m have event type reconfigure event: 0x7f490c003f30, time 99:99:99.999999999, seq-num 394, (NULL)
0:00:00.435878223 [334m19341[00m 0x7f49480038f0 [33;01mLOG    [00m [00m     queue2_dataflow gstqueue2.c:2816:gst_queue2_chain:<queue2-1>[00m received buffer 0x7f492c0111b0 of size 4096, time 99:99:99.999999999, duration 99:99:99.999999999
0:00:00.435892515 [334m19341[00m 0x7f49480038f0 [37mDEBUG  [00m [00m              queue2 gstqueue2.c:842:apply_buffer:<queue2-1>[00m position updated to 0:00:00.042120123
0:00:00.435927553 [334m19341[00m 0x7f4934007540 [33;01mLOG    [00m [00;01;31;41m            GST_PADS gstpad.c:2944:gst_pad_forward:<urisourcebin0:src_2>[00m calling forward function on pad src_2:proxypad7
0:00:00.435922525 [334m19341[00m 0x7f49480038f0 [37mDEBUG  [00m [00m              queue2 gstqueue2.c:740:update_time_level:<queue2-1>[00m sink 0:00:00.042120123, src 0:00:00.000000000
0:00:00.435939684 [334m19341[00m 0x7f4934007540 [33;01mLOG    [00m [00;01;31;41m            GST_PADS gstpad.c:2989:event_forward_func:<src_2:proxypad7>[00m Reffing and pushing event 0x7f490c003f30 (reconfigure) to src_2:proxypad7
0:00:00.435972267 [334m19341[00m 0x7f49480038f0 [37mDEBUG  [00m [00m              queue2 gstqueue2.c:1199:update_in_rates:<queue2-1>[00m rates: in 0.000000, time 0:00:00.000000000
0:00:00.435976291 [334m19341[00m 0x7f4934007540 [33;01mLOG    [00m [00;01;31;41m            GST_PADS gstpad.c:5261:gst_pad_push_event_unchecked:<src_2:proxypad7>[00m sending event 0x7f490c003f30 (reconfigure) to peerpad <queue2-2:src>
0:00:00.435987421 [334m19341[00m 0x7f49480038f0 [37mDEBUG  [00m [00;01;35m      GST_SCHEDULING gstpad.c:4208:gst_pad_chain_data_unchecked:<queue2-1:sink>[00m called chainfunction &gst_queue2_chain with buffer 0x7f492c0111b0, returned ok
0:00:00.435993241 [334m19341[00m 0x7f4934007540 [37mDEBUG  [00m [00;01;34m           GST_EVENT gstpad.c:5548:gst_pad_send_event_unchecked:<queue2-2:src>[00m have event type reconfigure event: 0x7f490c003f30, time 99:99:99.999999999, seq-num 394, (NULL)
0:00:00.436041633 [334m19341[00m 0x7f49480038f0 [33;01mLOG    [00m [00m       adaptivedemux gstadaptivedemux.c:2114:gst_adaptive_demux_stream_push_buffer:<dashdemux0:video_00>[00m Push result: 0 ok
0:00:00.436079266 [334m19341[00m 0x7f49480038f0 [37mDEBUG  [00m [00;01;35m      GST_SCHEDULING gstpad.c:4208:gst_pad_chain_data_unchecked:<dashdemux0:internal-video_00>[00m called chainfunction &0x7f495259ee20 with buffer 0x7f492c0111b0, returned ok
0:00:00.436159670 [334m19341[00m 0x7f4934007540 [37mDEBUG  [00m [00m     queue2_dataflow gstqueue2.c:3080:gst_queue2_handle_src_event:<queue2-2>[00m got event 0x7f490c003f30 (reconfigure)
0:00:00.436174465 [334m19341[00m 0x7f4934007540 [33;01mLOG    [00m [00;01;31;41m            GST_PADS gstpad.c:5261:gst_pad_push_event_unchecked:<queue2-2:sink>[00m sending event 0x7f490c003f30 (reconfigure) to peerpad <dashdemux0:audio_01>
0:00:00.436192736 [334m19341[00m 0x7f4934007540 [37mDEBUG  [00m [00;01;34m           GST_EVENT gstpad.c:5548:gst_pad_send_event_unchecked:<dashdemux0:audio_01>[00m have event type reconfigure event: 0x7f490c003f30, time 99:99:99.999999999, seq-num 394, (NULL)
0:00:00.436186524 [334m19341[00m 0x7f49480038f0 [33;01mLOG    [00m [00m      queue_dataflow gstqueue.c:846:gst_queue_locked_dequeue:<queue0>[00m retrieved buffer 0x7f492c0112c0 from queue
0:00:00.436212665 [334m19341[00m 0x7f49480038f0 [33;01mLOG    [00m [00m               queue gstqueue.c:633:apply_buffer:<queue0>[00m src position updated to 0:00:00.000000886
0:00:00.436227157 [334m19341[00m 0x7f49480038f0 [33;01mLOG    [00m [00m               queue gstqueue.c:538:update_time_level:<queue0>[00m update src time
0:00:00.436249668 [334m19341[00m 0x7f49480038f0 [33;01mLOG    [00m [00m               queue gstqueue.c:547:update_time_level:<queue0>[00m sink +0:00:00.000000886, src +0:00:00.000000886
0:00:00.436331634 [334m19341[00m 0x7f4934007540 [37mDEBUG  [00m [00m       adaptivedemux gstadaptivedemux.c:1597:gst_adaptive_demux_src_event:<dashdemux0:audio_01>[00m [DEBUG], last flow ret = ok
0:00:00.436377353 [334m19341[00m 0x7f4930006e80 [37mDEBUG  [00m [00;01;31;41m            GST_PADS gstpad.c:1849:gst_pad_set_event_function_full:<'':sink>[00m eventfunc for set to gst_base_parse_sink_event
0:00:00.436395479 [334m19341[00m 0x7f4930006e80 [37mDEBUG  [00m [00;01;31;41m            GST_PADS gstpad.c:1929:gst_pad_set_query_function_full:<'':sink>[00m queryfunc set to gst_base_parse_sink_query
0:00:00.436418963 [334m19341[00m 0x7f4930006e80 [37mDEBUG  [00m [00;01;31;41m            GST_PADS gstpad.c:1743:gst_pad_set_chain_function_full:<'':sink>[00m chainfunc set to gst_base_parse_chain
0:00:00.436431435 [334m19341[00m 0x7f4930006e80 [37mDEBUG  [00m [00;01;31;41m            GST_PADS gstpad.c:1673:gst_pad_set_activate_function_full:<'':sink>[00m activatefunc set to gst_base_parse_sink_activate
0:00:00.436442865 [334m19341[00m 0x7f4930006e80 [37mDEBUG  [00m [00;01;31;41m            GST_PADS gstpad.c:1708:gst_pad_set_activatemode_function_full:<'':sink>[00m activatemodefunc set to gst_base_parse_sink_activate_mode
0:00:00.436401833 [334m19341[00m 0x7f4934007540 [33;01mLOG    [00m [00;01;31;41m            GST_PADS gstpad.c:2944:gst_pad_forward:<dashdemux0:audio_01>[00m calling forward function on pad dashdemux0:sink
0:00:00.436485040 [334m19341[00m 0x7f4934007540 [33;01mLOG    [00m [00;01;31;41m            GST_PADS gstpad.c:2989:event_forward_func:<dashdemux0:sink>[00m Reffing and pushing event 0x7f490c003f30 (reconfigure) to dashdemux0:sink
0:00:00.436524044 [334m19341[00m 0x7f4934007540 [33;01mLOG    [00m [00;01;31;41m            GST_PADS gstpad.c:5261:gst_pad_push_event_unchecked:<dashdemux0:sink>[00m sending event 0x7f490c003f30 (reconfigure) to peerpad <typefindelement0:src>
0:00:00.436547841 [334m19341[00m 0x7f49480038f0 [37mDEBUG  [00m [00;01;35m      GST_SCHEDULING gstpad.c:4202:gst_pad_chain_data_unchecked:<dashdemux0:internal-video_00>[00m calling chainfunction &0x7f495259ee20 with buffer buffer: 0x7f492c0112c0, pts 99:99:99.999999999, dts 99:99:99.999999999, dur 99:99:99.999999999, size 8192, offset 8777, offset_end none, flags 0x0
0:00:00.436539290 [334m19341[00m 0x7f4934007540 [37mDEBUG  [00m [00;01;34m           GST_EVENT gstpad.c:5548:gst_pad_send_event_unchecked:<typefindelement0:src>[00m have event type reconfigure event: 0x7f490c003f30, time 99:99:99.999999999, seq-num 394, (NULL)
0:00:00.436566891 [334m19341[00m 0x7f49480038f0 [37mDEBUG  [00m [00m       adaptivedemux gstadaptivedemux.c:2243:_src_chain:<dashdemux0:video_00>[00m Received buffer of size 8192
0:00:00.436582685 [334m19341[00m 0x7f4934007540 [33;01mLOG    [00m [00;01;31;41m            GST_PADS gstpad.c:5261:gst_pad_push_event_unchecked:<typefindelement0:sink>[00m sending event 0x7f490c003f30 (reconfigure) to peerpad <source:src>
0:00:00.436597521 [334m19341[00m 0x7f4934007540 [37mDEBUG  [00m [00;01;34m           GST_EVENT gstpad.c:5548:gst_pad_send_event_unchecked:<source:src>[00m have event type reconfigure event: 0x7f490c003f30, time 99:99:99.999999999, seq-num 394, (NULL)
0:00:00.436566889 [334m19341[00m 0x7f4930006e80 [37mDEBUG  [00m [00;01;31;41m            GST_PADS gstpad.c:1849:gst_pad_set_event_function_full:<'':src>[00m eventfunc for set to gst_base_parse_src_event
0:00:00.436621455 [334m19341[00m 0x7f4930006e80 [37mDEBUG  [00m [00;01;31;41m            GST_PADS gstpad.c:1929:gst_pad_set_query_function_full:<'':src>[00m queryfunc set to gst_base_parse_src_query
0:00:00.436643514 [334m19341[00m 0x7f4934007540 [37mDEBUG  [00m [00;01;31;41m            GST_PADS gstpad.c:5622:gst_pad_send_event_unchecked:<source:src>[00m sent event, ret ok
0:00:00.436699502 [334m19341[00m 0x7f4934007540 [33;01mLOG    [00m [00;01;31;41m            GST_PADS gstpad.c:5269:gst_pad_push_event_unchecked:<typefindelement0:sink>[00m sent event 0x7f490c003f30 (reconfigure) to peerpad <source:src>, ret ok
0:00:00.436719097 [334m19341[00m 0x7f4934007540 [37mDEBUG  [00m [00;01;31;41m            GST_PADS gstpad.c:5622:gst_pad_send_event_unchecked:<typefindelement0:src>[00m sent event, ret ok
0:00:00.436731771 [334m19341[00m 0x7f4934007540 [33;01mLOG    [00m [00;01;31;41m            GST_PADS gstpad.c:5269:gst_pad_push_event_unchecked:<dashdemux0:sink>[00m sent event 0x7f490c003f30 (reconfigure) to peerpad <typefindelement0:src>, ret ok
0:00:00.436758757 [334m19341[00m 0x7f4934007540 [37mDEBUG  [00m [00;01;31;41m            GST_PADS gstpad.c:5622:gst_pad_send_event_unchecked:<dashdemux0:audio_01>[00m sent event, ret ok
0:00:00.436787389 [334m19341[00m 0x7f4934007540 [33;01mLOG    [00m [00;01;31;41m            GST_PADS gstpad.c:5269:gst_pad_push_event_unchecked:<queue2-2:sink>[00m sent event 0x7f490c003f30 (reconfigure) to peerpad <dashdemux0:audio_01>, ret ok
0:00:00.436804456 [334m19341[00m 0x7f4934007540 [37mDEBUG  [00m [00;01;31;41m            GST_PADS gstpad.c:5622:gst_pad_send_event_unchecked:<queue2-2:src>[00m sent event, ret ok
0:00:00.436866110 [334m19341[00m 0x7f4934007540 [33;01mLOG    [00m [00;01;31;41m            GST_PADS gstpad.c:5269:gst_pad_push_event_unchecked:<src_2:proxypad7>[00m sent event 0x7f490c003f30 (reconfigure) to peerpad <queue2-2:src>, ret ok
0:00:00.436882946 [334m19341[00m 0x7f4934007540 [37mDEBUG  [00m [00;01;31;41m            GST_PADS gstpad.c:5622:gst_pad_send_event_unchecked:<urisourcebin0:src_2>[00m sent event, ret ok
0:00:00.436890639 [334m19341[00m 0x7f49480038f0 [37mDEBUG  [00m [00;01;35m      GST_SCHEDULING gstpad.c:4202:gst_pad_chain_data_unchecked:<queue2-1:sink>[00m calling chainfunction &gst_queue2_chain with buffer buffer: 0x7f492c0112c0, pts 99:99:99.999999999, dts 99:99:99.999999999, dur 99:99:99.999999999, size 8192, offset 8777, offset_end 16969, flags 0x0
0:00:00.436927361 [334m19341[00m 0x7f49480038f0 [33;01mLOG    [00m [00m     queue2_dataflow gstqueue2.c:2816:gst_queue2_chain:<queue2-1>[00m received buffer 0x7f492c0112c0 of size 8192, time 99:99:99.999999999, duration 99:99:99.999999999
0:00:00.436943789 [334m19341[00m 0x7f49480038f0 [37mDEBUG  [00m [00m              queue2 gstqueue2.c:842:apply_buffer:<queue2-1>[00m position updated to 0:00:00.085846907
0:00:00.436974812 [334m19341[00m 0x7f4934007540 [33;01mLOG    [00m [00;01;31;41m            GST_PADS gstpad.c:5269:gst_pad_push_event_unchecked:<decodebin3-0:sink_1>[00m sent event 0x7f490c003f30 (reconfigure) to peerpad <urisourcebin0:src_2>, ret ok
0:00:00.437000372 [334m19341[00m 0x7f4934007540 [37mDEBUG  [00m [00;01;31;41m            GST_PADS gstpad.c:5622:gst_pad_send_event_unchecked:<sink_1:proxypad9>[00m sent event, ret ok
0:00:00.437039138 [334m19341[00m 0x7f4934007540 [33;01mLOG    [00m [00;01;31;41m            GST_PADS gstpad.c:5269:gst_pad_push_event_unchecked:<parsebin2:sink>[00m sent event 0x7f490c003f30 (reconfigure) to peerpad <sink_1:proxypad9>, ret ok
0:00:00.436972055 [334m19341[00m 0x7f49480038f0 [37mDEBUG  [00m [00m              queue2 gstqueue2.c:740:update_time_level:<queue2-1>[00m sink 0:00:00.085846907, src 0:00:00.000000000
0:00:00.437055756 [334m19341[00m 0x7f4934007540 [37mDEBUG  [00m [00;01;31;41m            GST_PADS gstpad.c:5622:gst_pad_send_event_unchecked:<sink:proxypad12>[00m sent event, ret ok
0:00:00.437063943 [334m19341[00m 0x7f49480038f0 [37mDEBUG  [00m [00m              queue2 gstqueue2.c:1199:update_in_rates:<queue2-1>[00m rates: in 0.000000, time 0:00:00.000000000
0:00:00.437084001 [334m19341[00m 0x7f4934007540 [33;01mLOG    [00m [00;01;31;41m            GST_PADS gstpad.c:5269:gst_pad_push_event_unchecked:<typefind:sink>[00m sent event 0x7f490c003f30 (reconfigure) to peerpad <sink:proxypad12>, ret ok
0:00:00.437092179 [334m19341[00m 0x7f49480038f0 [37mDEBUG  [00m [00;01;35m      GST_SCHEDULING gstpad.c:4208:gst_pad_chain_data_unchecked:<queue2-1:sink>[00m called chainfunction &gst_queue2_chain with buffer 0x7f492c0112c0, returned ok
0:00:00.437099710 [334m19341[00m 0x7f4934007540 [37mDEBUG  [00m [00;01;31;41m            GST_PADS gstpad.c:5622:gst_pad_send_event_unchecked:<typefind:src>[00m sent event, ret ok
0:00:00.437073376 [334m19341[00m 0x7f49300068a0 [33;01mLOG    [00m [00;01;34m           GST_EVENT gstevent.c:222:_gst_event_free:[00m freeing event 0x7f4910004170 type stream-start
0:00:00.437178476 [334m19341[00m 0x7f49480038f0 [33;01mLOG    [00m [00m       adaptivedemux gstadaptivedemux.c:2114:gst_adaptive_demux_stream_push_buffer:<dashdemux0:video_00>[00m Push result: 0 ok
0:00:00.437182899 [334m19341[00m 0x7f49300068a0 [37mDEBUG  [00m [00;01;31;41m            GST_PADS gstghostpad.c:842:gst_ghost_pad_set_target:<'':parsepad5>[00m clearing target
0:00:00.437189276 [334m19341[00m 0x7f49480038f0 [37mDEBUG  [00m [00;01;35m      GST_SCHEDULING gstpad.c:4208:gst_pad_chain_data_unchecked:<dashdemux0:internal-video_00>[00m called chainfunction &0x7f495259ee20 with buffer 0x7f492c0112c0, returned ok
0:00:00.437181212 [334m19341[00m 0x7f4934007540 [33;01mLOG    [00m [00;01;34m           GST_EVENT gstevent.c:222:_gst_event_free:[00m freeing event 0x7f490c003f30 type reconfigure
0:00:00.437236860 [334m19341[00m 0x7f4930006e80 [33;01mLOG    [00m [00m            playbin3 gstplaybin3.c:2627:gst_play_bin3_deep_element_added:<playbin>[00m element <h264parse0> was added to <parsebin1>
0:00:00.437331871 [334m19341[00m 0x7f49480038f0 [33;01mLOG    [00m [00m      queue_dataflow gstqueue.c:846:gst_queue_locked_dequeue:<queue0>[00m retrieved buffer 0x7f492c0113d0 from queue
0:00:00.437381898 [334m19341[00m 0x7f49480038f0 [33;01mLOG    [00m [00m               queue gstqueue.c:633:apply_buffer:<queue0>[00m src position updated to 0:00:00.000000886
0:00:00.437406279 [334m19341[00m 0x7f49480038f0 [33;01mLOG    [00m [00m               queue gstqueue.c:538:update_time_level:<queue0>[00m update src time
0:00:00.437446721 [334m19341[00m 0x7f49480038f0 [33;01mLOG    [00m [00m               queue gstqueue.c:547:update_time_level:<queue0>[00m sink +0:00:00.000000886, src +0:00:00.000000886
0:00:00.437498470 [334m19341[00m 0x7f4930006e80 [36mINFO   [00m [00;01;34m           GST_EVENT gstevent.c:1511:gst_event_new_reconfigure:[00m creating reconfigure event
0:00:00.437531491 [334m19341[00m 0x7f4930006e80 [37mDEBUG  [00m [00;01;34m           GST_EVENT gstevent.c:305:gst_event_new_custom:[00m creating new event 0x7f4908003830 reconfigure 61441
0:00:00.437685748 [334m19341[00m 0x7f49480038f0 [37mDEBUG  [00m [00;01;35m      GST_SCHEDULING gstpad.c:4202:gst_pad_chain_data_unchecked:<dashdemux0:internal-video_00>[00m calling chainfunction &0x7f495259ee20 with buffer buffer: 0x7f492c0113d0, pts 99:99:99.999999999, dts 99:99:99.999999999, dur 99:99:99.999999999, size 16384, offset 16969, offset_end none, flags 0x0
0:00:00.437694897 [334m19341[00m 0x7f4930006e80 [37mDEBUG  [00m [00;01;34m           GST_EVENT gstpad.c:5548:gst_pad_send_event_unchecked:<typefind:src>[00m have event type reconfigure event: 0x7f4908003830, time 99:99:99.999999999, seq-num 398, (NULL)
0:00:00.437704678 [334m19341[00m 0x7f49480038f0 [37mDEBUG  [00m [00m       adaptivedemux gstadaptivedemux.c:2243:_src_chain:<dashdemux0:video_00>[00m Received buffer of size 16384
0:00:00.437721102 [334m19341[00m 0x7f4930006e80 [33;01mLOG    [00m [00;01;31;41m            GST_PADS gstpad.c:5261:gst_pad_push_event_unchecked:<typefind:sink>[00m sending event 0x7f4908003830 (reconfigure) to peerpad <sink:proxypad10>
0:00:00.437780764 [334m19341[00m 0x7f4930006e80 [37mDEBUG  [00m [00;01;34m           GST_EVENT gstpad.c:5548:gst_pad_send_event_unchecked:<sink:proxypad10>[00m have event type reconfigure event: 0x7f4908003830, time 99:99:99.999999999, seq-num 398, (NULL)
0:00:00.437822911 [334m19341[00m 0x7f4930006e80 [33;01mLOG    [00m [00;01;31;41m            GST_PADS gstpad.c:2944:gst_pad_forward:<sink:proxypad10>[00m calling forward function on pad parsebin1:sink
0:00:00.437851286 [334m19341[00m 0x7f4930006e80 [33;01mLOG    [00m [00;01;31;41m            GST_PADS gstpad.c:2989:event_forward_func:<parsebin1:sink>[00m Reffing and pushing event 0x7f4908003830 (reconfigure) to parsebin1:sink
0:00:00.437887686 [334m19341[00m 0x7f4930006e80 [33;01mLOG    [00m [00;01;31;41m            GST_PADS gstpad.c:5261:gst_pad_push_event_unchecked:<parsebin1:sink>[00m sending event 0x7f4908003830 (reconfigure) to peerpad <sink_0:proxypad8>
0:00:00.437901893 [334m19341[00m 0x7f4930006e80 [37mDEBUG  [00m [00;01;34m           GST_EVENT gstpad.c:5548:gst_pad_send_event_unchecked:<sink_0:proxypad8>[00m have event type reconfigure event: 0x7f4908003830, time 99:99:99.999999999, seq-num 398, (NULL)
0:00:00.437967712 [334m19341[00m 0x7f4930006e80 [33;01mLOG    [00m [00;01;31;41m            GST_PADS gstpad.c:2944:gst_pad_forward:<sink_0:proxypad8>[00m calling forward function on pad decodebin3-0:sink_0
0:00:00.437984416 [334m19341[00m 0x7f4930006e80 [33;01mLOG    [00m [00;01;31;41m            GST_PADS gstpad.c:2989:event_forward_func:<decodebin3-0:sink_0>[00m Reffing and pushing event 0x7f4908003830 (reconfigure) to decodebin3-0:sink_0
0:00:00.437983061 [334m19341[00m 0x7f49480038f0 [37mDEBUG  [00m [00;01;35m      GST_SCHEDULING gstpad.c:4202:gst_pad_chain_data_unchecked:<queue2-1:sink>[00m calling chainfunction &gst_queue2_chain with buffer buffer: 0x7f492c0113d0, pts 99:99:99.999999999, dts 99:99:99.999999999, dur 99:99:99.999999999, size 16384, offset 16969, offset_end 33353, flags 0x0
0:00:00.438007915 [334m19341[00m 0x7f49480038f0 [33;01mLOG    [00m [00m     queue2_dataflow gstqueue2.c:2816:gst_queue2_chain:<queue2-1>[00m received buffer 0x7f492c0113d0 of size 16384, time 99:99:99.999999999, duration 99:99:99.999999999
0:00:00.438012724 [334m19341[00m 0x7f4934007540 [37mDEBUG  [00m [00m          decodebin3 gstdecodebin3.c:1290:gst_decodebin3_handle_message:<decodebin3-0>[00m Got Message state-changed
0:00:00.438030610 [334m19341[00m 0x7f49480038f0 [37mDEBUG  [00m [00m              queue2 gstqueue2.c:842:apply_buffer:<queue2-1>[00m position updated to 0:00:00.173300476
0:00:00.438020172 [334m19341[00m 0x7f4930006e80 [33;01mLOG    [00m [00;01;31;41m            GST_PADS gstpad.c:5261:gst_pad_push_event_unchecked:<decodebin3-0:sink_0>[00m sending event 0x7f4908003830 (reconfigure) to peerpad <urisourcebin0:src_1>
0:00:00.438059605 [334m19341[00m 0x7f4930006e80 [37mDEBUG  [00m [00;01;34m           GST_EVENT gstpad.c:5548:gst_pad_send_event_unchecked:<urisourcebin0:src_1>[00m have event type reconfigure event: 0x7f4908003830, time 99:99:99.999999999, seq-num 398, (NULL)
0:00:00.438048558 [334m19341[00m 0x7f49480038f0 [37mDEBUG  [00m [00m              queue2 gstqueue2.c:740:update_time_level:<queue2-1>[00m sink 0:00:00.173300476, src 0:00:00.000000000
0:00:00.438076312 [334m19341[00m 0x7f49480038f0 [37mDEBUG  [00m [00m              queue2 gstqueue2.c:1199:update_in_rates:<queue2-1>[00m rates: in 0.000000, time 0:00:00.000000000
0:00:00.438090437 [334m19341[00m 0x7f49480038f0 [37mDEBUG  [00m [00;01;35m      GST_SCHEDULING gstpad.c:4208:gst_pad_chain_data_unchecked:<queue2-1:sink>[00m called chainfunction &gst_queue2_chain with buffer 0x7f492c0113d0, returned ok
0:00:00.438104839 [334m19341[00m 0x7f49300068a0 [37mDEBUG  [00m [00;01;31;41m            GST_PADS gstpad.c:1849:gst_pad_set_event_function_full:<'':sink>[00m eventfunc for set to gst_base_parse_sink_event
0:00:00.438112871 [334m19341[00m 0x7f49300068a0 [37mDEBUG  [00m [00;01;31;41m            GST_PADS gstpad.c:1929:gst_pad_set_query_function_full:<'':sink>[00m queryfunc set to gst_base_parse_sink_query
0:00:00.438124414 [334m19341[00m 0x7f4930006e80 [33;01mLOG    [00m [00;01;31;41m            GST_PADS gstpad.c:2944:gst_pad_forward:<urisourcebin0:src_1>[00m calling forward function on pad src_1:proxypad5
0:00:00.438132089 [334m19341[00m 0x7f49300068a0 [37mDEBUG  [00m [00;01;31;41m            GST_PADS gstpad.c:1743:gst_pad_set_chain_function_full:<'':sink>[00m chainfunc set to gst_base_parse_chain
0:00:00.438149512 [334m19341[00m 0x7f4930006e80 [33;01mLOG    [00m [00;01;31;41m            GST_PADS gstpad.c:2989:event_forward_func:<src_1:proxypad5>[00m Reffing and pushing event 0x7f4908003830 (reconfigure) to src_1:proxypad5
0:00:00.438155902 [334m19341[00m 0x7f49480038f0 [33;01mLOG    [00m [00m       adaptivedemux gstadaptivedemux.c:2114:gst_adaptive_demux_stream_push_buffer:<dashdemux0:video_00>[00m Push result: 0 ok
0:00:00.438164230 [334m19341[00m 0x7f4930006e80 [33;01mLOG    [00m [00;01;31;41m            GST_PADS gstpad.c:5261:gst_pad_push_event_unchecked:<src_1:proxypad5>[00m sending event 0x7f4908003830 (reconfigure) to peerpad <queue2-1:src>
0:00:00.438177054 [334m19341[00m 0x7f4930006e80 [37mDEBUG  [00m [00;01;34m           GST_EVENT gstpad.c:5548:gst_pad_send_event_unchecked:<queue2-1:src>[00m have event type reconfigure event: 0x7f4908003830, time 99:99:99.999999999, seq-num 398, (NULL)
0:00:00.438180313 [334m19341[00m 0x7f49480038f0 [37mDEBUG  [00m [00;01;35m      GST_SCHEDULING gstpad.c:4208:gst_pad_chain_data_unchecked:<dashdemux0:internal-video_00>[00m called chainfunction &0x7f495259ee20 with buffer 0x7f492c0113d0, returned ok
0:00:00.438165242 [334m19341[00m 0x7f49300068a0 [37mDEBUG  [00m [00;01;31;41m            GST_PADS gstpad.c:1673:gst_pad_set_activate_function_full:<'':sink>[00m activatefunc set to gst_base_parse_sink_activate
0:00:00.438212914 [334m19341[00m 0x7f49300068a0 [37mDEBUG  [00m [00;01;31;41m            GST_PADS gstpad.c:1708:gst_pad_set_activatemode_function_full:<'':sink>[00m activatemodefunc set to gst_base_parse_sink_activate_mode
0:00:00.438311612 [334m19341[00m 0x7f4930006e80 [37mDEBUG  [00m [00m     queue2_dataflow gstqueue2.c:3080:gst_queue2_handle_src_event:<queue2-1>[00m got event 0x7f4908003830 (reconfigure)
0:00:00.438335663 [334m19341[00m 0x7f49480038f0 [33;01mLOG    [00m [00m      queue_dataflow gstqueue.c:846:gst_queue_locked_dequeue:<queue0>[00m retrieved buffer 0x7f492005a290 from queue
0:00:00.438337557 [334m19341[00m 0x7f4930006e80 [33;01mLOG    [00m [00;01;31;41m            GST_PADS gstpad.c:5261:gst_pad_push_event_unchecked:<queue2-1:sink>[00m sending event 0x7f4908003830 (reconfigure) to peerpad <dashdemux0:video_00>
0:00:00.438353461 [334m19341[00m 0x7f49480038f0 [33;01mLOG    [00m [00m               queue gstqueue.c:633:apply_buffer:<queue0>[00m src position updated to 0:00:00.000000886
0:00:00.438380811 [334m19341[00m 0x7f49480038f0 [33;01mLOG    [00m [00m               queue gstqueue.c:538:update_time_level:<queue0>[00m update src time
0:00:00.438390111 [334m19341[00m 0x7f49480038f0 [33;01mLOG    [00m [00m               queue gstqueue.c:547:update_time_level:<queue0>[00m sink +0:00:00.000000886, src +0:00:00.000000886
0:00:00.438370391 [334m19341[00m 0x7f4930006e80 [37mDEBUG  [00m [00;01;34m           GST_EVENT gstpad.c:5548:gst_pad_send_event_unchecked:<dashdemux0:video_00>[00m have event type reconfigure event: 0x7f4908003830, time 99:99:99.999999999, seq-num 398, (NULL)
0:00:00.438447911 [334m19341[00m 0x7f49300068a0 [37mDEBUG  [00m [00;01;31;41m            GST_PADS gstpad.c:1849:gst_pad_set_event_function_full:<'':src>[00m eventfunc for set to gst_base_parse_src_event
0:00:00.438455247 [334m19341[00m 0x7f49300068a0 [37mDEBUG  [00m [00;01;31;41m            GST_PADS gstpad.c:1929:gst_pad_set_query_function_full:<'':src>[00m queryfunc set to gst_base_parse_src_query
0:00:00.438570167 [334m19341[00m 0x7f49300068a0 [37mDEBUG  [00m [00m            aacparse gstaacparse.c:147:gst_aac_parse_init:[00m initialized
0:00:00.438589620 [334m19341[00m 0x7f4930006e80 [37mDEBUG  [00m [00m       adaptivedemux gstadaptivedemux.c:1597:gst_adaptive_demux_src_event:<dashdemux0:video_00>[00m [DEBUG], last flow ret = ok
0:00:00.438662953 [334m19341[00m 0x7f49480038f0 [37mDEBUG  [00m [00;01;35m      GST_SCHEDULING gstpad.c:4202:gst_pad_chain_data_unchecked:<dashdemux0:internal-video_00>[00m calling chainfunction &0x7f495259ee20 with buffer buffer: 0x7f492005a290, pts 99:99:99.999999999, dts 99:99:99.999999999, dur 99:99:99.999999999, size 288, offset 33353, offset_end none, flags 0x0
0:00:00.438672799 [334m19341[00m 0x7f4930006e80 [33;01mLOG    [00m [00;01;31;41m            GST_PADS gstpad.c:2944:gst_pad_forward:<dashdemux0:video_00>[00m calling forward function on pad dashdemux0:sink
0:00:00.438715789 [334m19341[00m 0x7f4930006e80 [33;01mLOG    [00m [00;01;31;41m            GST_PADS gstpad.c:2989:event_forward_func:<dashdemux0:sink>[00m Reffing and pushing event 0x7f4908003830 (reconfigure) to dashdemux0:sink
0:00:00.438681292 [334m19341[00m 0x7f49480038f0 [37mDEBUG  [00m [00m       adaptivedemux gstadaptivedemux.c:2243:_src_chain:<dashdemux0:video_00>[00m Received buffer of size 288
0:00:00.438741429 [334m19341[00m 0x7f4930006e80 [33;01mLOG    [00m [00;01;31;41m            GST_PADS gstpad.c:5261:gst_pad_push_event_unchecked:<dashdemux0:sink>[00m sending event 0x7f4908003830 (reconfigure) to peerpad <typefindelement0:src>
0:00:00.438762129 [334m19341[00m 0x7f4934007540 [37mDEBUG  [00m [00;01;31;41m            GST_PADS gstpad.c:3931:gst_pad_query:<aacparse0:sink>[00m doing query 0x7f4910013990 (accept-caps)
0:00:00.438774289 [334m19341[00m 0x7f4930006e80 [37mDEBUG  [00m [00;01;34m           GST_EVENT gstpad.c:5548:gst_pad_send_event_unchecked:<typefindelement0:src>[00m have event type reconfigure event: 0x7f4908003830, time 99:99:99.999999999, seq-num 398, (NULL)
0:00:00.438800263 [334m19341[00m 0x7f4930006e80 [33;01mLOG    [00m [00;01;31;41m            GST_PADS gstpad.c:5261:gst_pad_push_event_unchecked:<typefindelement0:sink>[00m sending event 0x7f4908003830 (reconfigure) to peerpad <source:src>
0:00:00.438827658 [334m19341[00m 0x7f4930006e80 [37mDEBUG  [00m [00;01;34m           GST_EVENT gstpad.c:5548:gst_pad_send_event_unchecked:<source:src>[00m have event type reconfigure event: 0x7f4908003830, time 99:99:99.999999999, seq-num 398, (NULL)
0:00:00.438863047 [334m19341[00m 0x7f4930006e80 [37mDEBUG  [00m [00;01;31;41m            GST_PADS gstpad.c:5622:gst_pad_send_event_unchecked:<source:src>[00m sent event, ret ok
0:00:00.438882724 [334m19341[00m 0x7f4930006e80 [33;01mLOG    [00m [00;01;31;41m            GST_PADS gstpad.c:5269:gst_pad_push_event_unchecked:<typefindelement0:sink>[00m sent event 0x7f4908003830 (reconfigure) to peerpad <source:src>, ret ok
0:00:00.438918372 [334m19341[00m 0x7f4930006e80 [37mDEBUG  [00m [00;01;31;41m            GST_PADS gstpad.c:5622:gst_pad_send_event_unchecked:<typefindelement0:src>[00m sent event, ret ok
0:00:00.438937332 [334m19341[00m 0x7f4930006e80 [33;01mLOG    [00m [00;01;31;41m            GST_PADS gstpad.c:5269:gst_pad_push_event_unchecked:<dashdemux0:sink>[00m sent event 0x7f4908003830 (reconfigure) to peerpad <typefindelement0:src>, ret ok
0:00:00.438981482 [334m19341[00m 0x7f4930006e80 [37mDEBUG  [00m [00;01;31;41m            GST_PADS gstpad.c:5622:gst_pad_send_event_unchecked:<dashdemux0:video_00>[00m sent event, ret ok
0:00:00.438986971 [334m19341[00m 0x7f49300068a0 [33;01mLOG    [00m [00m            playbin3 gstplaybin3.c:2627:gst_play_bin3_deep_element_added:<playbin>[00m element <aacparse1> was added to <parsebin0>
0:00:00.438998240 [334m19341[00m 0x7f4930006e80 [33;01mLOG    [00m [00;01;31;41m            GST_PADS gstpad.c:5269:gst_pad_push_event_unchecked:<queue2-1:sink>[00m sent event 0x7f4908003830 (reconfigure) to peerpad <dashdemux0:video_00>, ret ok
0:00:00.439071667 [334m19341[00m 0x7f493c009630 [37mDEBUG  [00m [00;01;34m           GST_EVENT gstevent.c:305:gst_event_new_custom:[00m creating new event 0x7f4924002660 custom-downstream-sticky 76830
0:00:00.439073159 [334m19341[00m 0x7f4930006e80 [37mDEBUG  [00m [00;01;31;41m            GST_PADS gstpad.c:5622:gst_pad_send_event_unchecked:<queue2-1:src>[00m sent event, ret ok
0:00:00.439119064 [334m19341[00m 0x7f4930006e80 [33;01mLOG    [00m [00;01;31;41m            GST_PADS gstpad.c:5269:gst_pad_push_event_unchecked:<src_1:proxypad5>[00m sent event 0x7f4908003830 (reconfigure) to peerpad <queue2-1:src>, ret ok
0:00:00.439136258 [334m19341[00m 0x7f49480038f0 [37mDEBUG  [00m [00;01;35m      GST_SCHEDULING gstpad.c:4202:gst_pad_chain_data_unchecked:<queue2-1:sink>[00m calling chainfunction &gst_queue2_chain with buffer buffer: 0x7f492005a290, pts 99:99:99.999999999, dts 99:99:99.999999999, dur 99:99:99.999999999, size 288, offset 33353, offset_end 33641, flags 0x0
0:00:00.439165269 [334m19341[00m 0x7f4934007540 [37mDEBUG  [00m [00;01;31;41m            GST_PADS gstpad.c:3954:gst_pad_query:<aacparse0:sink>[00m sent query 0x7f4910013990 (accept-caps), result 1
0:00:00.439155443 [334m19341[00m 0x7f49480038f0 [33;01mLOG    [00m [00m     queue2_dataflow gstqueue2.c:2816:gst_queue2_chain:<queue2-1>[00m received buffer 0x7f492005a290 of size 288, time 99:99:99.999999999, duration 99:99:99.999999999
0:00:00.439189795 [334m19341[00m 0x7f49480038f0 [37mDEBUG  [00m [00m              queue2 gstqueue2.c:842:apply_buffer:<queue2-1>[00m position updated to 0:00:00.174837745
0:00:00.439144277 [334m19341[00m 0x7f4930006e80 [37mDEBUG  [00m [00;01;31;41m            GST_PADS gstpad.c:5622:gst_pad_send_event_unchecked:<urisourcebin0:src_1>[00m sent event, ret ok
0:00:00.439207691 [334m19341[00m 0x7f49480038f0 [37mDEBUG  [00m [00m              queue2 gstqueue2.c:740:update_time_level:<queue2-1>[00m sink 0:00:00.174837745, src 0:00:00.000000000
0:00:00.439204989 [334m19341[00m 0x7f4930006e80 [33;01mLOG    [00m [00;01;31;41m            GST_PADS gstpad.c:5269:gst_pad_push_event_unchecked:<decodebin3-0:sink_0>[00m sent event 0x7f4908003830 (reconfigure) to peerpad <urisourcebin0:src_1>, ret ok
0:00:00.439245333 [334m19341[00m 0x7f4930006e80 [37mDEBUG  [00m [00;01;31;41m            GST_PADS gstpad.c:5622:gst_pad_send_event_unchecked:<sink_0:proxypad8>[00m sent event, ret ok
0:00:00.439259479 [334m19341[00m 0x7f4930006e80 [33;01mLOG    [00m [00;01;31;41m            GST_PADS gstpad.c:5269:gst_pad_push_event_unchecked:<parsebin1:sink>[00m sent event 0x7f4908003830 (reconfigure) to peerpad <sink_0:proxypad8>, ret ok
0:00:00.439222453 [334m19341[00m 0x7f49480038f0 [37mDEBUG  [00m [00m              queue2 gstqueue2.c:1199:update_in_rates:<queue2-1>[00m rates: in 0.000000, time 0:00:00.000000000
0:00:00.439288423 [334m19341[00m 0x7f49300068a0 [36mINFO   [00m [00;01;34m           GST_EVENT gstevent.c:1511:gst_event_new_reconfigure:[00m creating reconfigure event
0:00:00.439295797 [334m19341[00m 0x7f49300068a0 [37mDEBUG  [00m [00;01;34m           GST_EVENT gstevent.c:305:gst_event_new_custom:[00m creating new event 0x7f49100041e0 reconfigure 61441
0:00:00.439288414 [334m19341[00m 0x7f49480038f0 [37mDEBUG  [00m [00;01;35m      GST_SCHEDULING gstpad.c:4208:gst_pad_chain_data_unchecked:<queue2-1:sink>[00m called chainfunction &gst_queue2_chain with buffer 0x7f492005a290, returned ok
0:00:00.439346661 [334m19341[00m 0x7f4930006e80 [37mDEBUG  [00m [00;01;31;41m            GST_PADS gstpad.c:5622:gst_pad_send_event_unchecked:<sink:proxypad10>[00m sent event, ret ok
0:00:00.439407812 [334m19341[00m 0x7f49300068a0 [37mDEBUG  [00m [00;01;34m           GST_EVENT gstpad.c:5548:gst_pad_send_event_unchecked:<typefind:src>[00m have event type reconfigure event: 0x7f49100041e0, time 99:99:99.999999999, seq-num 404, (NULL)
0:00:00.439421768 [334m19341[00m 0x7f4930006e80 [33;01mLOG    [00m [00;01;31;41m            GST_PADS gstpad.c:5269:gst_pad_push_event_unchecked:<typefind:sink>[00m sent event 0x7f4908003830 (reconfigure) to peerpad <sink:proxypad10>, ret ok
0:00:00.439444398 [334m19341[00m 0x7f49480038f0 [33;01mLOG    [00m [00m       adaptivedemux gstadaptivedemux.c:2114:gst_adaptive_demux_stream_push_buffer:<dashdemux0:video_00>[00m Push result: 0 ok
0:00:00.439425861 [334m19341[00m 0x7f49300068a0 [33;01mLOG    [00m [00;01;31;41m            GST_PADS gstpad.c:5261:gst_pad_push_event_unchecked:<typefind:sink>[00m sending event 0x7f49100041e0 (reconfigure) to peerpad <sink:proxypad6>
0:00:00.439462976 [334m19341[00m 0x7f49300068a0 [37mDEBUG  [00m [00;01;34m           GST_EVENT gstpad.c:5548:gst_pad_send_event_unchecked:<sink:proxypad6>[00m have event type reconfigure event: 0x7f49100041e0, time 99:99:99.999999999, seq-num 404, (NULL)
0:00:00.439457086 [334m19341[00m 0x7f49480038f0 [37mDEBUG  [00m [00;01;35m      GST_SCHEDULING gstpad.c:4208:gst_pad_chain_data_unchecked:<dashdemux0:internal-video_00>[00m called chainfunction &0x7f495259ee20 with buffer 0x7f492005a290, returned ok
0:00:00.439457604 [334m19341[00m 0x7f4930006e80 [37mDEBUG  [00m [00;01;31;41m            GST_PADS gstpad.c:5622:gst_pad_send_event_unchecked:<typefind:src>[00m sent event, ret ok
0:00:00.439492502 [334m19341[00m 0x7f49300068a0 [33;01mLOG    [00m [00;01;31;41m            GST_PADS gstpad.c:2944:gst_pad_forward:<sink:proxypad6>[00m calling forward function on pad parsebin0:sink
0:00:00.439511736 [334m19341[00m 0x7f49300068a0 [33;01mLOG    [00m [00;01;31;41m            GST_PADS gstpad.c:2989:event_forward_func:<parsebin0:sink>[00m Reffing and pushing event 0x7f49100041e0 (reconfigure) to parsebin0:sink
0:00:00.439529037 [334m19341[00m 0x7f4930006e80 [33;01mLOG    [00m [00;01;34m           GST_EVENT gstevent.c:222:_gst_event_free:[00m freeing event 0x7f4908003830 type reconfigure
0:00:00.439535838 [334m19341[00m 0x7f49300068a0 [33;01mLOG    [00m [00;01;31;41m            GST_PADS gstpad.c:5261:gst_pad_push_event_unchecked:<parsebin0:sink>[00m sending event 0x7f49100041e0 (reconfigure) to peerpad <sink:proxypad0>
0:00:00.439609761 [334m19341[00m 0x7f49300068a0 [37mDEBUG  [00m [00;01;34m           GST_EVENT gstpad.c:5548:gst_pad_send_event_unchecked:<sink:proxypad0>[00m have event type reconfigure event: 0x7f49100041e0, time 99:99:99.999999999, seq-num 404, (NULL)
0:00:00.439659834 [334m19341[00m 0x7f4934007540 [37mDEBUG  [00m [00;01;31;41m            GST_PADS gstpad.c:3931:gst_pad_query:<aacparse0:src>[00m doing query 0x7f4910013990 (caps)
0:00:00.439691493 [334m19341[00m 0x7f49300068a0 [33;01mLOG    [00m [00;01;31;41m            GST_PADS gstpad.c:2944:gst_pad_forward:<sink:proxypad0>[00m calling forward function on pad decodebin3-0:sink
0:00:00.439741081 [334m19341[00m 0x7f49300068a0 [33;01mLOG    [00m [00;01;31;41m            GST_PADS gstpad.c:2989:event_forward_func:<decodebin3-0:sink>[00m Reffing and pushing event 0x7f49100041e0 (reconfigure) to decodebin3-0:sink
0:00:00.439754392 [334m19341[00m 0x7f49300068a0 [33;01mLOG    [00m [00;01;31;41m            GST_PADS gstpad.c:5261:gst_pad_push_event_unchecked:<decodebin3-0:sink>[00m sending event 0x7f49100041e0 (reconfigure) to peerpad <urisourcebin0:src_0>
0:00:00.439784631 [334m19341[00m 0x7f49300068a0 [37mDEBUG  [00m [00;01;34m           GST_EVENT gstpad.c:5548:gst_pad_send_event_unchecked:<urisourcebin0:src_0>[00m have event type reconfigure event: 0x7f49100041e0, time 99:99:99.999999999, seq-num 404, (NULL)
0:00:00.439795449 [334m19341[00m 0x7f49480038f0 [37mDEBUG  [00m [00m      queue_dataflow gstqueue.c:1491:gst_queue_loop:<queue0>[00m queue is empty
0:00:00.439826144 [334m19341[00m 0x7f49480038f0 [33;01mLOG    [00m [00m      queue_dataflow gstqueue.c:1500:gst_queue_loop:<queue0>[00m (queue0:src) wait for ADD: 0 of 0-0 buffers, 0 of 0-20971520 bytes, 0 of 0-0 ns, 0 items
0:00:00.439851575 [334m19341[00m 0x7f49300068a0 [33;01mLOG    [00m [00;01;31;41m            GST_PADS gstpad.c:2944:gst_pad_forward:<urisourcebin0:src_0>[00m calling forward function on pad src_0:proxypad4
0:00:00.439882737 [334m19341[00m 0x7f49300068a0 [33;01mLOG    [00m [00;01;31;41m            GST_PADS gstpad.c:2989:event_forward_func:<src_0:proxypad4>[00m Reffing and pushing event 0x7f49100041e0 (reconfigure) to src_0:proxypad4
0:00:00.439894948 [334m19341[00m 0x7f49300068a0 [33;01mLOG    [00m [00;01;31;41m            GST_PADS gstpad.c:5261:gst_pad_push_event_unchecked:<src_0:proxypad4>[00m sending event 0x7f49100041e0 (reconfigure) to peerpad <queue2-0:src>
0:00:00.439942241 [334m19341[00m 0x7f49300068a0 [37mDEBUG  [00m [00;01;34m           GST_EVENT gstpad.c:5548:gst_pad_send_event_unchecked:<queue2-0:src>[00m have event type reconfigure event: 0x7f49100041e0, time 99:99:99.999999999, seq-num 404, (NULL)
0:00:00.440015792 [334m19341[00m 0x7f4934007540 [37mDEBUG  [00m [00;01;31;41m            GST_PADS gstpad.c:3954:gst_pad_query:<aacparse0:src>[00m sent query 0x7f4910013990 (caps), result 1
0:00:00.440043081 [334m19341[00m 0x7f493c009630 [33;01mLOG    [00m [00;01;31;41m            GST_PADS gstpad.c:5097:store_sticky_event:<souphttpsrc2:src>[00m stored sticky event custom-downstream-sticky
0:00:00.440065660 [334m19341[00m 0x7f493c009630 [37mDEBUG  [00m [00;01;31;41m            GST_PADS gstpad.c:3862:check_sticky:<souphttpsrc2:src>[00m pushing all sticky events
0:00:00.440107897 [334m19341[00m 0x7f493c009630 [37mDEBUG  [00m [00;01;31;41m            GST_PADS gstpad.c:3794:push_sticky:<souphttpsrc2:src>[00m event stream-start was already received
0:00:00.440141391 [334m19341[00m 0x7f49300068a0 [37mDEBUG  [00m [00m     queue2_dataflow gstqueue2.c:3080:gst_queue2_handle_src_event:<queue2-0>[00m got event 0x7f49100041e0 (reconfigure)
0:00:00.440155225 [334m19341[00m 0x7f4934007540 [37mDEBUG  [00m [00;01;31;41m            GST_PADS gstpad.c:1069:gst_pad_set_active:<'':parsepad3>[00m pad was active in push mode
0:00:00.440171076 [334m19341[00m 0x7f49300068a0 [33;01mLOG    [00m [00;01;31;41m            GST_PADS gstpad.c:5261:gst_pad_push_event_unchecked:<queue2-0:sink>[00m sending event 0x7f49100041e0 (reconfigure) to peerpad <dashdemux0:audio_00>
0:00:00.440203017 [334m19341[00m 0x7f49300068a0 [37mDEBUG  [00m [00;01;34m           GST_EVENT gstpad.c:5548:gst_pad_send_event_unchecked:<dashdemux0:audio_00>[00m have event type reconfigure event: 0x7f49100041e0, time 99:99:99.999999999, seq-num 404, (NULL)
0:00:00.440180873 [334m19341[00m 0x7f4934007540 [37mDEBUG  [00m [00;01;31;41m            GST_PADS gstghostpad.c:808:gst_ghost_pad_get_target:<'':parsepad3>[00m get target '':''
0:00:00.440243025 [334m19341[00m 0x7f4934007540 [37mDEBUG  [00m [00;01;31;41m            GST_PADS gstghostpad.c:840:gst_ghost_pad_set_target:<'':parsepad3>[00m set target aacparse0:src
0:00:00.440270778 [334m19341[00m 0x7f493c009630 [33;01mLOG    [00m [00;01;31;41m            GST_PADS gstpad.c:5261:gst_pad_push_event_unchecked:<souphttpsrc2:src>[00m sending event 0x7f4924002660 (custom-downstream-sticky) to peerpad <queue2:sink>
0:00:00.440298404 [334m19341[00m 0x7f4934007540 [37mDEBUG  [00m [00;01;31;41m            GST_PADS gstghostpad.c:862:gst_ghost_pad_set_target:<'':parsepad3>[00m connecting internal pad to target <aacparse0:src>
0:00:00.440318718 [334m19341[00m 0x7f4930006e80 [37mDEBUG  [00m [00m          decodebin3 gstdecodebin3.c:1290:gst_decodebin3_handle_message:<decodebin3-0>[00m Got Message state-changed
0:00:00.440344965 [334m19341[00m 0x7f49300068a0 [37mDEBUG  [00m [00m       adaptivedemux gstadaptivedemux.c:1597:gst_adaptive_demux_src_event:<dashdemux0:audio_00>[00m [DEBUG], last flow ret = ok
0:00:00.440374639 [334m19341[00m 0x7f493c009630 [33;01mLOG    [00m [00m      queue_dataflow gstqueue.c:824:gst_queue_locked_enqueue_event:<queue2>[00m (queue2:sink) signal ADD: 0 of 0-0 buffers, 0 of 0-20971520 bytes, 0 of 0-0 ns, 1 items
0:00:00.440399460 [334m19341[00m 0x7f49300068a0 [33;01mLOG    [00m [00;01;31;41m            GST_PADS gstpad.c:2944:gst_pad_forward:<dashdemux0:audio_00>[00m calling forward function on pad dashdemux0:sink
0:00:00.440426257 [334m19341[00m 0x7f493c009590 [33;01mLOG    [00m [00m      queue_dataflow gstqueue.c:1500:gst_queue_loop:<queue2>[00m (queue2:src) received ADD: 0 of 0-0 buffers, 0 of 0-20971520 bytes, 0 of 0-0 ns, 1 items
0:00:00.440424111 [334m19341[00m 0x7f493c009630 [37mDEBUG  [00m [00;01;31;41m            GST_PADS gstpad.c:5622:gst_pad_send_event_unchecked:<queue2:sink>[00m sent event, ret ok
0:00:00.440462679 [334m19341[00m 0x7f49300068a0 [33;01mLOG    [00m [00;01;31;41m            GST_PADS gstpad.c:2989:event_forward_func:<dashdemux0:sink>[00m Reffing and pushing event 0x7f49100041e0 (reconfigure) to dashdemux0:sink
0:00:00.440497828 [334m19341[00m 0x7f493c009590 [37mDEBUG  [00m [00m      queue_dataflow gstqueue.c:1503:gst_queue_loop:<queue2>[00m queue is not empty
0:00:00.440514120 [334m19341[00m 0x7f49300068a0 [33;01mLOG    [00m [00;01;31;41m            GST_PADS gstpad.c:5261:gst_pad_push_event_unchecked:<dashdemux0:sink>[00m sending event 0x7f49100041e0 (reconfigure) to peerpad <typefindelement0:src>
0:00:00.440534591 [334m19341[00m 0x7f493c009590 [33;01mLOG    [00m [00m      queue_dataflow gstqueue.c:872:gst_queue_locked_dequeue:<queue2>[00m retrieved event 0x7f4924002660 from queue
0:00:00.440484779 [334m19341[00m 0x7f493c009630 [33;01mLOG    [00m [00;01;31;41m            GST_PADS gstpad.c:5097:store_sticky_event:<queue2:sink>[00m stored sticky event custom-downstream-sticky
0:00:00.440563686 [334m19341[00m 0x7f493c009590 [33;01mLOG    [00m [00;01;31;41m            GST_PADS gstpad.c:5097:store_sticky_event:<queue2:src>[00m stored sticky event custom-downstream-sticky
0:00:00.440587848 [334m19341[00m 0x7f493c009590 [37mDEBUG  [00m [00;01;31;41m            GST_PADS gstpad.c:3862:check_sticky:<queue2:src>[00m pushing all sticky events
0:00:00.440576536 [334m19341[00m 0x7f49300068a0 [37mDEBUG  [00m [00;01;34m           GST_EVENT gstpad.c:5548:gst_pad_send_event_unchecked:<typefindelement0:src>[00m have event type reconfigure event: 0x7f49100041e0, time 99:99:99.999999999, seq-num 404, (NULL)
0:00:00.440616339 [334m19341[00m 0x7f49300068a0 [33;01mLOG    [00m [00;01;31;41m            GST_PADS gstpad.c:5261:gst_pad_push_event_unchecked:<typefindelement0:sink>[00m sending event 0x7f49100041e0 (reconfigure) to peerpad <source:src>
0:00:00.440625406 [334m19341[00m 0x7f4934007540 [36mINFO   [00m [00;01;31;41m            GST_PADS gstpad.c:2315:gst_pad_link_prepare:[00m trying to link aacparse0:src and parsepad3:proxypad15
0:00:00.440629787 [334m19341[00m 0x7f493c009630 [33;01mLOG    [00m [00;01;31;41m            GST_PADS gstpad.c:5269:gst_pad_push_event_unchecked:<souphttpsrc2:src>[00m sent event 0x7f4924002660 (custom-downstream-sticky) to peerpad <queue2:sink>, ret ok
0:00:00.440649624 [334m19341[00m 0x7f49300068a0 [37mDEBUG  [00m [00;01;34m           GST_EVENT gstpad.c:5548:gst_pad_send_event_unchecked:<source:src>[00m have event type reconfigure event: 0x7f49100041e0, time 99:99:99.999999999, seq-num 404, (NULL)
0:00:00.440676639 [334m19341[00m 0x7f4934007540 [36mINFO   [00m [00;01;31;41m            GST_PADS gstpad.c:2523:gst_pad_link_full:[00m linked aacparse0:src and parsepad3:proxypad15, successful
0:00:00.440711062 [334m19341[00m 0x7f4934007540 [36mINFO   [00m [00;01;34m           GST_EVENT gstevent.c:1511:gst_event_new_reconfigure:[00m creating reconfigure event
0:00:00.440742454 [334m19341[00m 0x7f4934007540 [37mDEBUG  [00m [00;01;34m           GST_EVENT gstevent.c:305:gst_event_new_custom:[00m creating new event 0x7f490c004030 reconfigure 61441
0:00:00.440761244 [334m19341[00m 0x7f49300068a0 [37mDEBUG  [00m [00;01;31;41m            GST_PADS gstpad.c:5622:gst_pad_send_event_unchecked:<source:src>[00m sent event, ret ok
