0:00:00.309000558 [334m19341[00m 0x7f493c009590 [37mDEBUG  [00m [00;01;34m           GST_EVENT gstevent.c:305:gst_event_new_custom:[00m creating new event 0x7f4928003820 reconfigure 61441
0:00:00.309017262 [334m19341[00m 0x7f493c009590 [37mDEBUG  [00m [00;01;34m           GST_EVENT gstpad.c:5548:gst_pad_send_event_unchecked:<dashdemux0:audio_01>[00m have event type reconfigure event: 0x7f4928003820, time 99:99:99.999999999, seq-num 177, (NULL)
0:00:00.309144513 [334m19341[00m 0x7f493c009590 [37mDEBUG  [00m [00m       adaptivedemux gstadaptivedemux.c:1597:gst_adaptive_demux_src_event:<dashdemux0:audio_01>[00m [DEBUG], last flow ret = ok
0:00:00.309177252 [334m19341[00m 0x7f4948003ed0 [37mDEBUG  [00m [00;01;31;41m            GST_PADS gstpad.c:1063:gst_pad_set_active:<typefind:src>[00m activating pad from none
0:00:00.309189558 [334m19341[00m 0x7f493c009590 [33;01mLOG    [00m [00;01;31;41m            GST_PADS gstpad.c:2944:gst_pad_forward:<dashdemux0:audio_01>[00m calling forward function on pad dashdemux0:sink
0:00:00.309193189 [334m19341[00m 0x7f4948003ed0 [37mDEBUG  [00m [00;01;31;41m            GST_PADS gstpad.c:979:pre_activate:<typefind:src>[00m setting pad into push mode, unset flushing
0:00:00.309202942 [334m19341[00m 0x7f493c009590 [33;01mLOG    [00m [00;01;31;41m            GST_PADS gstpad.c:2989:event_forward_func:<dashdemux0:sink>[00m Reffing and pushing event 0x7f4928003820 (reconfigure) to dashdemux0:sink
0:00:00.309208512 [334m19341[00m 0x7f4948003ed0 [37mDEBUG  [00m [00;01;31;41m            GST_PADS gstpad.c:1188:activate_mode_internal:<typefind:src>[00m activated in push mode
0:00:00.309216205 [334m19341[00m 0x7f493c009590 [33;01mLOG    [00m [00;01;31;41m            GST_PADS gstpad.c:5261:gst_pad_push_event_unchecked:<dashdemux0:sink>[00m sending event 0x7f4928003820 (reconfigure) to peerpad <typefindelement0:src>
0:00:00.309222084 [334m19341[00m 0x7f4948003ed0 [37mDEBUG  [00m [00;01;31;41m            GST_PADS gstpad.c:1063:gst_pad_set_active:<typefind:sink>[00m activating pad from none
0:00:00.309234693 [334m19341[00m 0x7f493c009590 [37mDEBUG  [00m [00;01;34m           GST_EVENT gstpad.c:5548:gst_pad_send_event_unchecked:<typefindelement0:src>[00m have event type reconfigure event: 0x7f4928003820, time 99:99:99.999999999, seq-num 177, (NULL)
0:00:00.309241274 [334m19341[00m 0x7f4948003ed0 [37mDEBUG  [00m [00;01;31;41m            GST_PADS gstpad.c:4058:gst_pad_peer_query:<typefind:sink>[00m peer query 0x7f4930006d40 (scheduling)
0:00:00.309250479 [334m19341[00m 0x7f493c009590 [33;01mLOG    [00m [00;01;31;41m            GST_PADS gstpad.c:5261:gst_pad_push_event_unchecked:<typefindelement0:sink>[00m sending event 0x7f4928003820 (reconfigure) to peerpad <source:src>
0:00:00.309255718 [334m19341[00m 0x7f4948003ed0 [37mDEBUG  [00m [00;01;31;41m            GST_PADS gstpad.c:3931:gst_pad_query:<sink:proxypad6>[00m doing query 0x7f4930006d40 (scheduling)
0:00:00.309263879 [334m19341[00m 0x7f493c009590 [37mDEBUG  [00m [00;01;34m           GST_EVENT gstpad.c:5548:gst_pad_send_event_unchecked:<source:src>[00m have event type reconfigure event: 0x7f4928003820, time 99:99:99.999999999, seq-num 177, (NULL)
0:00:00.309282938 [334m19341[00m 0x7f4948003ed0 [33;01mLOG    [00m [00;01;31;41m            GST_PADS gstpad.c:2944:gst_pad_forward:<sink:proxypad6>[00m calling forward function on pad parsebin0:sink
0:00:00.309289894 [334m19341[00m 0x7f493c009590 [37mDEBUG  [00m [00;01;31;41m            GST_PADS gstpad.c:5622:gst_pad_send_event_unchecked:<source:src>[00m sent event, ret ok
0:00:00.309295995 [334m19341[00m 0x7f4948003ed0 [33;01mLOG    [00m [00;01;31;41m            GST_PADS gstpad.c:3315:query_forward_func:<parsebin0:sink>[00m query peer 0x7f4930006d40 (scheduling) of parsebin0:sink
0:00:00.309304643 [334m19341[00m 0x7f493c009590 [33;01mLOG    [00m [00;01;31;41m            GST_PADS gstpad.c:5269:gst_pad_push_event_unchecked:<typefindelement0:sink>[00m sent event 0x7f4928003820 (reconfigure) to peerpad <source:src>, ret ok
0:00:00.309310033 [334m19341[00m 0x7f4948003ed0 [37mDEBUG  [00m [00;01;31;41m            GST_PADS gstpad.c:4058:gst_pad_peer_query:<parsebin0:sink>[00m peer query 0x7f4930006d40 (scheduling)
0:00:00.309318584 [334m19341[00m 0x7f493c009590 [37mDEBUG  [00m [00;01;31;41m            GST_PADS gstpad.c:5622:gst_pad_send_event_unchecked:<typefindelement0:src>[00m sent event, ret ok
0:00:00.309324665 [334m19341[00m 0x7f4948003ed0 [37mDEBUG  [00m [00;01;31;41m            GST_PADS gstpad.c:3931:gst_pad_query:<sink:proxypad0>[00m doing query 0x7f4930006d40 (scheduling)
0:00:00.309332898 [334m19341[00m 0x7f493c009590 [33;01mLOG    [00m [00;01;31;41m            GST_PADS gstpad.c:5269:gst_pad_push_event_unchecked:<dashdemux0:sink>[00m sent event 0x7f4928003820 (reconfigure) to peerpad <typefindelement0:src>, ret ok
0:00:00.309346792 [334m19341[00m 0x7f493c009590 [33;01mLOG    [00m [00;01;34m           GST_EVENT gstevent.c:222:_gst_event_free:[00m freeing event 0x7f4928003820 type reconfigure
0:00:00.309354234 [334m19341[00m 0x7f4948003ed0 [33;01mLOG    [00m [00;01;31;41m            GST_PADS gstpad.c:2944:gst_pad_forward:<sink:proxypad0>[00m calling forward function on pad decodebin3-0:sink
0:00:00.309362125 [334m19341[00m 0x7f493c009590 [37mDEBUG  [00m [00;01;31;41m            GST_PADS gstpad.c:5622:gst_pad_send_event_unchecked:<dashdemux0:audio_01>[00m sent event, ret ok
0:00:00.309370720 [334m19341[00m 0x7f4948003ed0 [33;01mLOG    [00m [00;01;31;41m            GST_PADS gstpad.c:3315:query_forward_func:<decodebin3-0:sink>[00m query peer 0x7f4930006d40 (scheduling) of decodebin3-0:sink
0:00:00.309385064 [334m19341[00m 0x7f4948003ed0 [37mDEBUG  [00m [00;01;31;41m            GST_PADS gstpad.c:4058:gst_pad_peer_query:<decodebin3-0:sink>[00m peer query 0x7f4930006d40 (scheduling)
0:00:00.309398625 [334m19341[00m 0x7f4948003ed0 [37mDEBUG  [00m [00;01;31;41m            GST_PADS gstpad.c:3931:gst_pad_query:<urisourcebin0:src_0>[00m doing query 0x7f4930006d40 (scheduling)
0:00:00.309412532 [334m19341[00m 0x7f4948003ed0 [33;01mLOG    [00m [00;01;31;41m            GST_PADS gstpad.c:2944:gst_pad_forward:<urisourcebin0:src_0>[00m calling forward function on pad src_0:proxypad4
0:00:00.309427240 [334m19341[00m 0x7f4948003ed0 [33;01mLOG    [00m [00;01;31;41m            GST_PADS gstpad.c:3315:query_forward_func:<src_0:proxypad4>[00m query peer 0x7f4930006d40 (scheduling) of src_0:proxypad4
0:00:00.309441518 [334m19341[00m 0x7f4948003ed0 [37mDEBUG  [00m [00;01;31;41m            GST_PADS gstpad.c:4058:gst_pad_peer_query:<src_0:proxypad4>[00m peer query 0x7f4930006d40 (scheduling)
0:00:00.309457430 [334m19341[00m 0x7f4948003ed0 [37mDEBUG  [00m [00;01;31;41m            GST_PADS gstpad.c:3931:gst_pad_query:<queue2-0:src>[00m doing query 0x7f4930006d40 (scheduling)
0:00:00.309533818 [334m19341[00m 0x7f4948003ed0 [37mDEBUG  [00m [00;01;31;41m            GST_PADS gstpad.c:4058:gst_pad_peer_query:<queue2-0:sink>[00m peer query 0x7f4930006d40 (scheduling)
0:00:00.309543734 [334m19341[00m 0x7f493c009590 [37mDEBUG  [00m [00;01;31;41m            GST_PADS gstghostpad.c:808:gst_ghost_pad_get_target:<'':src_2>[00m get target queue2-2:src
0:00:00.309547324 [334m19341[00m 0x7f4948003ed0 [37mDEBUG  [00m [00;01;31;41m            GST_PADS gstpad.c:3931:gst_pad_query:<dashdemux0:audio_00>[00m doing query 0x7f4930006d40 (scheduling)
0:00:00.309557473 [334m19341[00m 0x7f493c009590 [37mDEBUG  [00m [00;01;31;41m            GST_PADS gstpad.c:1063:gst_pad_set_active:<'':src_2>[00m activating pad from none
0:00:00.309569014 [334m19341[00m 0x7f493c009590 [37mDEBUG  [00m [00;01;31;41m            GST_PADS gstpad.c:979:pre_activate:<'':src_2>[00m setting pad into push mode, unset flushing
0:00:00.309597041 [334m19341[00m 0x7f493c009590 [37mDEBUG  [00m [00;01;31;41m            GST_PADS gstpad.c:979:pre_activate:<src_2:proxypad7>[00m setting pad into push mode, unset flushing
0:00:00.309611876 [334m19341[00m 0x7f493c009590 [37mDEBUG  [00m [00;01;31;41m            GST_PADS gstpad.c:991:pre_activate:<src_2:proxypad7>[00m reschedule events on peer queue2-2:src
0:00:00.309632483 [334m19341[00m 0x7f4948003ed0 [37mDEBUG  [00m [00;01;31;41m            GST_PADS gstpad.c:3954:gst_pad_query:<dashdemux0:audio_00>[00m sent query 0x7f4930006d40 (scheduling), result 0
0:00:00.309644883 [334m19341[00m 0x7f493c009590 [37mDEBUG  [00m [00;01;31;41m            GST_PADS gstpad.c:1207:activate_mode_internal:<'':src_2>[00m already activated in push mode
0:00:00.309651129 [334m19341[00m 0x7f4948003ed0 [37mDEBUG  [00m [00;01;31;41m            GST_PADS gstpad.c:3999:gst_pad_query:<dashdemux0:audio_00>[00m query failed
0:00:00.309660728 [334m19341[00m 0x7f493c009590 [37mDEBUG  [00m [00;01;31;41m            GST_PADS gstpad.c:1188:activate_mode_internal:<src_2:proxypad7>[00m activated in push mode
0:00:00.309666789 [334m19341[00m 0x7f4948003ed0 [37mDEBUG  [00m [00;01;31;41m            GST_PADS gstpad.c:4120:gst_pad_peer_query:<queue2-0:sink>[00m query failed
0:00:00.309676004 [334m19341[00m 0x7f493c009590 [37mDEBUG  [00m [00;01;31;41m            GST_PADS gstpad.c:1188:activate_mode_internal:<'':src_2>[00m activated in push mode
0:00:00.309681880 [334m19341[00m 0x7f4948003ed0 [37mDEBUG  [00m [00m              queue2 gstqueue2.c:3346:gst_queue2_handle_src_query:<queue2-0>[00m failed peer query
0:00:00.309697421 [334m19341[00m 0x7f4948003ed0 [37mDEBUG  [00m [00;01;31;41m            GST_PADS gstpad.c:3954:gst_pad_query:<queue2-0:src>[00m sent query 0x7f4930006d40 (scheduling), result 0
0:00:00.309713166 [334m19341[00m 0x7f4948003ed0 [37mDEBUG  [00m [00;01;31;41m            GST_PADS gstpad.c:3999:gst_pad_query:<queue2-0:src>[00m query failed
0:00:00.309727818 [334m19341[00m 0x7f4948003ed0 [37mDEBUG  [00m [00;01;31;41m            GST_PADS gstpad.c:4120:gst_pad_peer_query:<src_0:proxypad4>[00m query failed
0:00:00.309738157 [334m19341[00m 0x7f493c009590 [33;01mLOG    [00m [00m          decodebin3 gstdecodebin3.c:952:gst_decodebin3_request_new_pad:<decodebin3-0>[00m input locking from thread 0x7f493c009590
0:00:00.309743957 [334m19341[00m 0x7f4948003ed0 [37mDEBUG  [00m [00;01;31;41m            GST_PADS gstpad.c:3954:gst_pad_query:<urisourcebin0:src_0>[00m sent query 0x7f4930006d40 (scheduling), result 0
0:00:00.309756925 [334m19341[00m 0x7f4948003ed0 [37mDEBUG  [00m [00;01;31;41m            GST_PADS gstpad.c:3999:gst_pad_query:<urisourcebin0:src_0>[00m query failed
0:00:00.309762254 [334m19341[00m 0x7f4948003ed0 [37mDEBUG  [00m [00;01;31;41m            GST_PADS gstpad.c:4120:gst_pad_peer_query:<decodebin3-0:sink>[00m query failed
0:00:00.309767672 [334m19341[00m 0x7f4948003ed0 [37mDEBUG  [00m [00;01;31;41m            GST_PADS gstpad.c:3954:gst_pad_query:<sink:proxypad0>[00m sent query 0x7f4930006d40 (scheduling), result 0
0:00:00.309773527 [334m19341[00m 0x7f4948003ed0 [37mDEBUG  [00m [00;01;31;41m            GST_PADS gstpad.c:3999:gst_pad_query:<sink:proxypad0>[00m query failed
0:00:00.309778484 [334m19341[00m 0x7f4948003ed0 [37mDEBUG  [00m [00;01;31;41m            GST_PADS gstpad.c:4120:gst_pad_peer_query:<parsebin0:sink>[00m query failed
0:00:00.309783663 [334m19341[00m 0x7f4948003ed0 [37mDEBUG  [00m [00;01;31;41m            GST_PADS gstpad.c:3954:gst_pad_query:<sink:proxypad6>[00m sent query 0x7f4930006d40 (scheduling), result 0
0:00:00.309789540 [334m19341[00m 0x7f4948003ed0 [37mDEBUG  [00m [00;01;31;41m            GST_PADS gstpad.c:3999:gst_pad_query:<sink:proxypad6>[00m query failed
0:00:00.309797041 [334m19341[00m 0x7f4948003ed0 [37mDEBUG  [00m [00;01;31;41m            GST_PADS gstpad.c:4120:gst_pad_peer_query:<typefind:sink>[00m query failed
0:00:00.309802918 [334m19341[00m 0x7f4948003ed0 [37mDEBUG  [00m [00;01;31;41m            GST_PADS gstpad.c:979:pre_activate:<typefind:sink>[00m setting pad into push mode, unset flushing
0:00:00.309808520 [334m19341[00m 0x7f4948003ed0 [37mDEBUG  [00m [00;01;31;41m            GST_PADS gstpad.c:991:pre_activate:<typefind:sink>[00m reschedule events on peer sink:proxypad6
0:00:00.309820133 [334m19341[00m 0x7f4948003ed0 [37mDEBUG  [00m [00;01;31;41m            GST_PADS gstpad.c:1188:activate_mode_internal:<typefind:sink>[00m activated in push mode
0:00:00.309888128 [334m19341[00m 0x7f4948003ed0 [37mDEBUG  [00m [00m          decodebin3 gstdecodebin3.c:1290:gst_decodebin3_handle_message:<decodebin3-0>[00m Got Message state-changed
0:00:00.310054788 [334m19341[00m 0x7f4948003ed0 [37mDEBUG  [00m [00;01;31;41m            GST_PADS gstpad.c:1069:gst_pad_set_active:<parsebin0:sink>[00m pad was active in push mode
0:00:00.310102863 [334m19341[00m 0x7f4948003ed0 [33;01mLOG    [00m [00m          decodebin3 gstdecodebin3.c:789:gst_decodebin3_input_pad_link:<decodebin3-0>[00m input unlocking from thread 0x7f4948003ed0
0:00:00.310109478 [334m19341[00m 0x7f4948003ed0 [36mINFO   [00m [00;01;31;41m            GST_PADS gstpad.c:2523:gst_pad_link_full:[00m linked urisourcebin0:src_0 and decodebin3-0:sink, successful
0:00:00.310112444 [334m19341[00m 0x7f49480038f0 [33;01mLOG    [00m [00m          decodebin3 gstdecodebin3.c:952:gst_decodebin3_request_new_pad:<decodebin3-0>[00m input locked from thread 0x7f49480038f0
0:00:00.310117304 [334m19341[00m 0x7f4948003ed0 [36mINFO   [00m [00;01;34m           GST_EVENT gstevent.c:1511:gst_event_new_reconfigure:[00m creating reconfigure event
0:00:00.310128450 [334m19341[00m 0x7f49480038f0 [33;01mLOG    [00m [00;01;31;41m            GST_PADS gstghostpad.c:671:gst_ghost_pad_new_no_target:[00m name:sink_0, direction:2
0:00:00.310132736 [334m19341[00m 0x7f4948003ed0 [37mDEBUG  [00m [00;01;34m           GST_EVENT gstevent.c:305:gst_event_new_custom:[00m creating new event 0x7f4930005580 reconfigure 61441
0:00:00.310146285 [334m19341[00m 0x7f4948003ed0 [37mDEBUG  [00m [00;01;34m           GST_EVENT gstpad.c:5548:gst_pad_send_event_unchecked:<urisourcebin0:src_0>[00m have event type reconfigure event: 0x7f4930005580, time 99:99:99.999999999, seq-num 180, (NULL)
0:00:00.310182354 [334m19341[00m 0x7f4948003ed0 [33;01mLOG    [00m [00;01;31;41m            GST_PADS gstpad.c:2944:gst_pad_forward:<urisourcebin0:src_0>[00m calling forward function on pad src_0:proxypad4
0:00:00.310189021 [334m19341[00m 0x7f4948003ed0 [33;01mLOG    [00m [00;01;31;41m            GST_PADS gstpad.c:2989:event_forward_func:<src_0:proxypad4>[00m Reffing and pushing event 0x7f4930005580 (reconfigure) to src_0:proxypad4
0:00:00.310204745 [334m19341[00m 0x7f4948003ed0 [33;01mLOG    [00m [00;01;31;41m            GST_PADS gstpad.c:5261:gst_pad_push_event_unchecked:<src_0:proxypad4>[00m sending event 0x7f4930005580 (reconfigure) to peerpad <queue2-0:src>
0:00:00.310218804 [334m19341[00m 0x7f4948003ed0 [37mDEBUG  [00m [00;01;34m           GST_EVENT gstpad.c:5548:gst_pad_send_event_unchecked:<queue2-0:src>[00m have event type reconfigure event: 0x7f4930005580, time 99:99:99.999999999, seq-num 180, (NULL)
0:00:00.310282589 [334m19341[00m 0x7f49480038f0 [37mDEBUG  [00m [00;01;31;41m            GST_PADS gstpad.c:2006:gst_pad_set_link_function_full:<'':sink_0>[00m linkfunc set to 0x7f4956774770
0:00:00.310295300 [334m19341[00m 0x7f49480038f0 [37mDEBUG  [00m [00;01;31;41m            GST_PADS gstpad.c:2040:gst_pad_set_unlink_function_full:<'':sink_0>[00m unlinkfunc set to 0x7f49567776a0
0:00:00.310302045 [334m19341[00m 0x7f4948003ed0 [37mDEBUG  [00m [00m     queue2_dataflow gstqueue2.c:3080:gst_queue2_handle_src_event:<queue2-0>[00m got event 0x7f4930005580 (reconfigure)
0:00:00.310312589 [334m19341[00m 0x7f4948003ed0 [33;01mLOG    [00m [00;01;31;41m            GST_PADS gstpad.c:5261:gst_pad_push_event_unchecked:<queue2-0:sink>[00m sending event 0x7f4930005580 (reconfigure) to peerpad <dashdemux0:audio_00>
0:00:00.310314648 [334m19341[00m 0x7f49480038f0 [37mDEBUG  [00m [00;01;31;41m            GST_PADS gstpad.c:1063:gst_pad_set_active:<'':sink_0>[00m activating pad from none
0:00:00.310320555 [334m19341[00m 0x7f4948003ed0 [37mDEBUG  [00m [00;01;34m           GST_EVENT gstpad.c:5548:gst_pad_send_event_unchecked:<dashdemux0:audio_00>[00m have event type reconfigure event: 0x7f4930005580, time 99:99:99.999999999, seq-num 180, (NULL)
0:00:00.310331369 [334m19341[00m 0x7f49480038f0 [37mDEBUG  [00m [00;01;31;41m            GST_PADS gstpad.c:979:pre_activate:<'':sink_0>[00m setting pad into push mode, unset flushing
0:00:00.310360763 [334m19341[00m 0x7f49480038f0 [37mDEBUG  [00m [00;01;31;41m            GST_PADS gstpad.c:979:pre_activate:<sink_0:proxypad8>[00m setting pad into push mode, unset flushing
0:00:00.310385299 [334m19341[00m 0x7f49480038f0 [37mDEBUG  [00m [00;01;31;41m            GST_PADS gstpad.c:1207:activate_mode_internal:<'':sink_0>[00m already activated in push mode
0:00:00.310400063 [334m19341[00m 0x7f49480038f0 [37mDEBUG  [00m [00;01;31;41m            GST_PADS gstpad.c:1188:activate_mode_internal:<sink_0:proxypad8>[00m activated in push mode
0:00:00.310411683 [334m19341[00m 0x7f49480038f0 [37mDEBUG  [00m [00;01;31;41m            GST_PADS gstpad.c:1188:activate_mode_internal:<'':sink_0>[00m activated in push mode
0:00:00.310418632 [334m19341[00m 0x7f4948003ed0 [37mDEBUG  [00m [00m       adaptivedemux gstadaptivedemux.c:1597:gst_adaptive_demux_src_event:<dashdemux0:audio_00>[00m [DEBUG], last flow ret = ok
0:00:00.310462507 [334m19341[00m 0x7f49480038f0 [37mDEBUG  [00m [00m            playbin3 gstplaybin3.c:2812:pad_added_cb:<playbin>[00m decoded pad decodebin3-0:sink_0 added
0:00:00.310465677 [334m19341[00m 0x7f4948003ed0 [33;01mLOG    [00m [00;01;31;41m            GST_PADS gstpad.c:2944:gst_pad_forward:<dashdemux0:audio_00>[00m calling forward function on pad dashdemux0:sink
0:00:00.310476235 [334m19341[00m 0x7f49480038f0 [37mDEBUG  [00m [00m            playbin3 gstplaybin3.c:2941:pad_added_cb:<playbin>[00m Ignoring pad with unknown type
0:00:00.310481267 [334m19341[00m 0x7f4948003ed0 [33;01mLOG    [00m [00;01;31;41m            GST_PADS gstpad.c:2989:event_forward_func:<dashdemux0:sink>[00m Reffing and pushing event 0x7f4930005580 (reconfigure) to dashdemux0:sink
0:00:00.310489914 [334m19341[00m 0x7f4948003ed0 [33;01mLOG    [00m [00;01;31;41m            GST_PADS gstpad.c:5261:gst_pad_push_event_unchecked:<dashdemux0:sink>[00m sending event 0x7f4930005580 (reconfigure) to peerpad <typefindelement0:src>
0:00:00.310492760 [334m19341[00m 0x7f49480038f0 [33;01mLOG    [00m [00m          decodebin3 gstdecodebin3.c:958:gst_decodebin3_request_new_pad:<decodebin3-0>[00m input unlocking from thread 0x7f49480038f0
0:00:00.310497866 [334m19341[00m 0x7f4948003ed0 [37mDEBUG  [00m [00;01;34m           GST_EVENT gstpad.c:5548:gst_pad_send_event_unchecked:<typefindelement0:src>[00m have event type reconfigure event: 0x7f4930005580, time 99:99:99.999999999, seq-num 180, (NULL)
0:00:00.310506373 [334m19341[00m 0x7f4948003ed0 [33;01mLOG    [00m [00;01;31;41m            GST_PADS gstpad.c:5261:gst_pad_push_event_unchecked:<typefindelement0:sink>[00m sending event 0x7f4930005580 (reconfigure) to peerpad <source:src>
0:00:00.310512293 [334m19341[00m 0x7f493c009590 [33;01mLOG    [00m [00m          decodebin3 gstdecodebin3.c:952:gst_decodebin3_request_new_pad:<decodebin3-0>[00m input locked from thread 0x7f493c009590
0:00:00.310511111 [334m19341[00m 0x7f49480038f0 [37mDEBUG  [00m [00m            playbin3 gstplaybin3.c:4550:urisrc_pad_added:<playbin>[00m New pad <urisourcebin0:src_1> from urisourcebin <urisourcebin0> linking to <decodebin3-0:sink_0>
0:00:00.310513221 [334m19341[00m 0x7f4948003ed0 [37mDEBUG  [00m [00;01;34m           GST_EVENT gstpad.c:5548:gst_pad_send_event_unchecked:<source:src>[00m have event type reconfigure event: 0x7f4930005580, time 99:99:99.999999999, seq-num 180, (NULL)
0:00:00.310534775 [334m19341[00m 0x7f493c009590 [33;01mLOG    [00m [00;01;31;41m            GST_PADS gstghostpad.c:671:gst_ghost_pad_new_no_target:[00m name:sink_1, direction:2
0:00:00.310548958 [334m19341[00m 0x7f4948003ed0 [37mDEBUG  [00m [00;01;31;41m            GST_PADS gstpad.c:5622:gst_pad_send_event_unchecked:<source:src>[00m sent event, ret ok
0:00:00.310556496 [334m19341[00m 0x7f4948003ed0 [33;01mLOG    [00m [00;01;31;41m            GST_PADS gstpad.c:5269:gst_pad_push_event_unchecked:<typefindelement0:sink>[00m sent event 0x7f4930005580 (reconfigure) to peerpad <source:src>, ret ok
0:00:00.310568406 [334m19341[00m 0x7f4948003ed0 [37mDEBUG  [00m [00;01;31;41m            GST_PADS gstpad.c:5622:gst_pad_send_event_unchecked:<typefindelement0:src>[00m sent event, ret ok
0:00:00.310576061 [334m19341[00m 0x7f4948003ed0 [33;01mLOG    [00m [00;01;31;41m            GST_PADS gstpad.c:5269:gst_pad_push_event_unchecked:<dashdemux0:sink>[00m sent event 0x7f4930005580 (reconfigure) to peerpad <typefindelement0:src>, ret ok
0:00:00.310594101 [334m19341[00m 0x7f4948003ed0 [37mDEBUG  [00m [00;01;31;41m            GST_PADS gstpad.c:5622:gst_pad_send_event_unchecked:<dashdemux0:audio_00>[00m sent event, ret ok
0:00:00.310605163 [334m19341[00m 0x7f4948003ed0 [33;01mLOG    [00m [00;01;31;41m            GST_PADS gstpad.c:5269:gst_pad_push_event_unchecked:<queue2-0:sink>[00m sent event 0x7f4930005580 (reconfigure) to peerpad <dashdemux0:audio_00>, ret ok
0:00:00.310620444 [334m19341[00m 0x7f4948003ed0 [37mDEBUG  [00m [00;01;31;41m            GST_PADS gstpad.c:5622:gst_pad_send_event_unchecked:<queue2-0:src>[00m sent event, ret ok
0:00:00.310648443 [334m19341[00m 0x7f4948003ed0 [33;01mLOG    [00m [00;01;31;41m            GST_PADS gstpad.c:5269:gst_pad_push_event_unchecked:<src_0:proxypad4>[00m sent event 0x7f4930005580 (reconfigure) to peerpad <queue2-0:src>, ret ok
0:00:00.310665102 [334m19341[00m 0x7f4948003ed0 [33;01mLOG    [00m [00;01;34m           GST_EVENT gstevent.c:222:_gst_event_free:[00m freeing event 0x7f4930005580 type reconfigure
0:00:00.310704221 [334m19341[00m 0x7f4948003ed0 [37mDEBUG  [00m [00;01;31;41m            GST_PADS gstpad.c:5622:gst_pad_send_event_unchecked:<urisourcebin0:src_0>[00m sent event, ret ok
0:00:00.310758091 [334m19341[00m 0x7f493c009590 [37mDEBUG  [00m [00;01;31;41m            GST_PADS gstpad.c:2006:gst_pad_set_link_function_full:<'':sink_1>[00m linkfunc set to 0x7f4956774770
0:00:00.310779031 [334m19341[00m 0x7f493c009590 [37mDEBUG  [00m [00;01;31;41m            GST_PADS gstpad.c:2040:gst_pad_set_unlink_function_full:<'':sink_1>[00m unlinkfunc set to 0x7f49567776a0
0:00:00.310790176 [334m19341[00m 0x7f493c009590 [37mDEBUG  [00m [00;01;31;41m            GST_PADS gstpad.c:1063:gst_pad_set_active:<'':sink_1>[00m activating pad from none
0:00:00.310781971 [334m19341[00m 0x7f49480038f0 [36mINFO   [00m [00;01;31;41m            GST_PADS gstpad.c:2315:gst_pad_link_prepare:[00m trying to link urisourcebin0:src_1 and decodebin3-0:sink_0
0:00:00.310804442 [334m19341[00m 0x7f493c009590 [37mDEBUG  [00m [00;01;31;41m            GST_PADS gstpad.c:979:pre_activate:<'':sink_1>[00m setting pad into push mode, unset flushing
0:00:00.310835225 [334m19341[00m 0x7f493c009590 [37mDEBUG  [00m [00;01;31;41m            GST_PADS gstpad.c:979:pre_activate:<sink_1:proxypad9>[00m setting pad into push mode, unset flushing
0:00:00.310870410 [334m19341[00m 0x7f49480038f0 [37mDEBUG  [00m [00;01;31;41m            GST_PADS gstpad.c:3931:gst_pad_query:<urisourcebin0:src_1>[00m doing query 0x7f49340070f0 (caps)
0:00:00.310891512 [334m19341[00m 0x7f493c009590 [37mDEBUG  [00m [00;01;31;41m            GST_PADS gstpad.c:1207:activate_mode_internal:<'':sink_1>[00m already activated in push mode
0:00:00.310900317 [334m19341[00m 0x7f49480038f0 [37mDEBUG  [00m [00;01;31;41m            GST_PADS gstutils.c:2663:gst_pad_proxy_query_caps:<urisourcebin0:src_1>[00m proxying caps query for urisourcebin0:src_1
0:00:00.310928020 [334m19341[00m 0x7f49480038f0 [33;01mLOG    [00m [00;01;31;41m            GST_PADS gstpad.c:2944:gst_pad_forward:<urisourcebin0:src_1>[00m calling forward function on pad src_1:proxypad5
0:00:00.310909072 [334m19341[00m 0x7f493c009590 [37mDEBUG  [00m [00;01;31;41m            GST_PADS gstpad.c:1188:activate_mode_internal:<sink_1:proxypad9>[00m activated in push mode
0:00:00.310941492 [334m19341[00m 0x7f49480038f0 [37mDEBUG  [00m [00;01;31;41m            GST_PADS gstpad.c:4058:gst_pad_peer_query:<src_1:proxypad5>[00m peer query 0x7f49340070f0 (caps)
0:00:00.310957392 [334m19341[00m 0x7f493c009590 [37mDEBUG  [00m [00;01;31;41m            GST_PADS gstpad.c:1188:activate_mode_internal:<'':sink_1>[00m activated in push mode
0:00:00.311025376 [334m19341[00m 0x7f493c009590 [37mDEBUG  [00m [00m            playbin3 gstplaybin3.c:2812:pad_added_cb:<playbin>[00m decoded pad decodebin3-0:sink_1 added
0:00:00.311038199 [334m19341[00m 0x7f493c009590 [37mDEBUG  [00m [00m            playbin3 gstplaybin3.c:2941:pad_added_cb:<playbin>[00m Ignoring pad with unknown type
0:00:00.310973354 [334m19341[00m 0x7f49480038f0 [37mDEBUG  [00m [00;01;31;41m            GST_PADS gstpad.c:3931:gst_pad_query:<queue2-1:src>[00m doing query 0x7f49340070f0 (caps)
0:00:00.311048512 [334m19341[00m 0x7f493c009590 [33;01mLOG    [00m [00m          decodebin3 gstdecodebin3.c:958:gst_decodebin3_request_new_pad:<decodebin3-0>[00m input unlocking from thread 0x7f493c009590
0:00:00.311059036 [334m19341[00m 0x7f4948003ed0 [37mDEBUG  [00m [00m        urisourcebin gsturisourcebin.c:867:do_async_done:<urisourcebin0>[00m posting ASYNC_DONE
0:00:00.311061316 [334m19341[00m 0x7f493c009590 [37mDEBUG  [00m [00m            playbin3 gstplaybin3.c:4550:urisrc_pad_added:<playbin>[00m New pad <urisourcebin0:src_2> from urisourcebin <urisourcebin0> linking to <decodebin3-0:sink_1>
0:00:00.311175787 [334m19341[00m 0x7f49480038f0 [37mDEBUG  [00m [00;01;31;41m            GST_PADS gstutils.c:2663:gst_pad_proxy_query_caps:<queue2-1:src>[00m proxying caps query for queue2-1:src
0:00:00.311222287 [334m19341[00m 0x7f49480038f0 [33;01mLOG    [00m [00;01;31;41m            GST_PADS gstpad.c:2944:gst_pad_forward:<queue2-1:src>[00m calling forward function on pad queue2-1:sink
0:00:00.311290424 [334m19341[00m 0x7f49480038f0 [37mDEBUG  [00m [00;01;31;41m            GST_PADS gstpad.c:4058:gst_pad_peer_query:<queue2-1:sink>[00m peer query 0x7f49340070f0 (caps)
0:00:00.311272971 [334m19341[00m 0x7f493c009590 [36mINFO   [00m [00;01;31;41m            GST_PADS gstpad.c:2315:gst_pad_link_prepare:[00m trying to link urisourcebin0:src_2 and decodebin3-0:sink_1
0:00:00.311311811 [334m19341[00m 0x7f49480038f0 [37mDEBUG  [00m [00;01;31;41m            GST_PADS gstpad.c:3931:gst_pad_query:<dashdemux0:video_00>[00m doing query 0x7f49340070f0 (caps)
0:00:00.311335442 [334m19341[00m 0x7f493c009590 [37mDEBUG  [00m [00;01;31;41m            GST_PADS gstpad.c:3931:gst_pad_query:<urisourcebin0:src_2>[00m doing query 0x7f4934007770 (caps)
0:00:00.311377493 [334m19341[00m 0x7f493c009590 [37mDEBUG  [00m [00;01;31;41m            GST_PADS gstutils.c:2663:gst_pad_proxy_query_caps:<urisourcebin0:src_2>[00m proxying caps query for urisourcebin0:src_2
0:00:00.311416783 [334m19341[00m 0x7f493c009590 [33;01mLOG    [00m [00;01;31;41m            GST_PADS gstpad.c:2944:gst_pad_forward:<urisourcebin0:src_2>[00m calling forward function on pad src_2:proxypad7
0:00:00.311457373 [334m19341[00m 0x7f493c009590 [37mDEBUG  [00m [00;01;31;41m            GST_PADS gstpad.c:4058:gst_pad_peer_query:<src_2:proxypad7>[00m peer query 0x7f4934007770 (caps)
0:00:00.311477079 [334m19341[00m 0x7f493c009590 [37mDEBUG  [00m [00;01;31;41m            GST_PADS gstpad.c:3931:gst_pad_query:<queue2-2:src>[00m doing query 0x7f4934007770 (caps)
0:00:00.311493862 [334m19341[00m 0x7f49480038f0 [37mDEBUG  [00m [00;01;31;41m            GST_PADS gstpad.c:3954:gst_pad_query:<dashdemux0:video_00>[00m sent query 0x7f49340070f0 (caps), result 0
0:00:00.311521772 [334m19341[00m 0x7f49480038f0 [37mDEBUG  [00m [00;01;31;41m            GST_PADS gstpad.c:3999:gst_pad_query:<dashdemux0:video_00>[00m query failed
0:00:00.311539879 [334m19341[00m 0x7f49480038f0 [37mDEBUG  [00m [00;01;31;41m            GST_PADS gstpad.c:4120:gst_pad_peer_query:<queue2-1:sink>[00m query failed
0:00:00.311590148 [334m19341[00m 0x7f493c009590 [37mDEBUG  [00m [00;01;31;41m            GST_PADS gstutils.c:2663:gst_pad_proxy_query_caps:<queue2-2:src>[00m proxying caps query for queue2-2:src
0:00:00.311586331 [334m19341[00m 0x7f49480038f0 [37mDEBUG  [00m [00;01;31;41m            GST_PADS gstpad.c:3954:gst_pad_query:<queue2-1:src>[00m sent query 0x7f49340070f0 (caps), result 1
0:00:00.311631505 [334m19341[00m 0x7f493c009590 [33;01mLOG    [00m [00;01;31;41m            GST_PADS gstpad.c:2944:gst_pad_forward:<queue2-2:src>[00m calling forward function on pad queue2-2:sink
0:00:00.311650914 [334m19341[00m 0x7f493c009590 [37mDEBUG  [00m [00;01;31;41m            GST_PADS gstpad.c:4058:gst_pad_peer_query:<queue2-2:sink>[00m peer query 0x7f4934007770 (caps)
0:00:00.311662218 [334m19341[00m 0x7f493c009590 [37mDEBUG  [00m [00;01;31;41m            GST_PADS gstpad.c:3931:gst_pad_query:<dashdemux0:audio_01>[00m doing query 0x7f4934007770 (caps)
0:00:00.311778896 [334m19341[00m 0x7f49480038f0 [37mDEBUG  [00m [00;01;31;41m            GST_PADS gstpad.c:3954:gst_pad_query:<urisourcebin0:src_1>[00m sent query 0x7f49340070f0 (caps), result 1
0:00:00.311875932 [334m19341[00m 0x7f49480038f0 [37mDEBUG  [00m [00;01;31;41m            GST_PADS gstpad.c:3931:gst_pad_query:<decodebin3-0:sink_0>[00m doing query 0x7f49340071e0 (caps)
0:00:00.311859312 [334m19341[00m 0x7f493c009590 [37mDEBUG  [00m [00;01;31;41m            GST_PADS gstpad.c:3954:gst_pad_query:<dashdemux0:audio_01>[00m sent query 0x7f4934007770 (caps), result 0
0:00:00.311891585 [334m19341[00m 0x7f493c009590 [37mDEBUG  [00m [00;01;31;41m            GST_PADS gstpad.c:3999:gst_pad_query:<dashdemux0:audio_01>[00m query failed
0:00:00.311901651 [334m19341[00m 0x7f493c009590 [37mDEBUG  [00m [00;01;31;41m            GST_PADS gstpad.c:4120:gst_pad_peer_query:<queue2-2:sink>[00m query failed
0:00:00.311920494 [334m19341[00m 0x7f49480038f0 [37mDEBUG  [00m [00;01;31;41m            GST_PADS gstutils.c:2663:gst_pad_proxy_query_caps:<decodebin3-0:sink_0>[00m proxying caps query for decodebin3-0:sink_0
0:00:00.311931379 [334m19341[00m 0x7f493c009590 [37mDEBUG  [00m [00;01;31;41m            GST_PADS gstpad.c:3954:gst_pad_query:<queue2-2:src>[00m sent query 0x7f4934007770 (caps), result 1
0:00:00.311942913 [334m19341[00m 0x7f49480038f0 [33;01mLOG    [00m [00;01;31;41m            GST_PADS gstpad.c:2944:gst_pad_forward:<decodebin3-0:sink_0>[00m calling forward function on pad sink_0:proxypad8
0:00:00.311972486 [334m19341[00m 0x7f49480038f0 [37mDEBUG  [00m [00;01;31;41m            GST_PADS gstpad.c:4058:gst_pad_peer_query:<sink_0:proxypad8>[00m peer query 0x7f49340071e0 (caps)
0:00:00.311991829 [334m19341[00m 0x7f49480038f0 [36mINFO   [00m [00;01;31;41m            GST_PADS gstpad.c:4114:gst_pad_peer_query:<sink_0:proxypad8>[00m pad has no peer
0:00:00.312023206 [334m19341[00m 0x7f49480038f0 [37mDEBUG  [00m [00;01;31;41m            GST_PADS gstpad.c:3954:gst_pad_query:<decodebin3-0:sink_0>[00m sent query 0x7f49340071e0 (caps), result 1
0:00:00.312050858 [334m19341[00m 0x7f4948003ed0 [37mDEBUG  [00m [00;01;31;41m            GST_PADS gstpad.c:1324:cleanup_hook:<dashdemux0:audio_00>[00m remove blocking probe, now 0 left
0:00:00.312044585 [334m19341[00m 0x7f493c009590 [37mDEBUG  [00m [00;01;31;41m            GST_PADS gstpad.c:3954:gst_pad_query:<urisourcebin0:src_2>[00m sent query 0x7f4934007770 (caps), result 1
0:00:00.312067745 [334m19341[00m 0x7f4948003ed0 [37mDEBUG  [00m [00;01;31;41m            GST_PADS gstpad.c:1330:cleanup_hook:<dashdemux0:audio_00>[00m last blocking probe removed, unblocking
0:00:00.312154066 [334m19341[00m 0x7f493c009590 [37mDEBUG  [00m [00;01;31;41m            GST_PADS gstpad.c:3931:gst_pad_query:<decodebin3-0:sink_1>[00m doing query 0x7f49280054a0 (caps)
0:00:00.312190225 [334m19341[00m 0x7f49480038f0 [33;01mLOG    [00m [00m          decodebin3 gstdecodebin3.c:781:gst_decodebin3_input_pad_link:<decodebin3-0>[00m Got link on input pad <decodebin3-0:sink_0>. Creating parsebin if needed
0:00:00.312180288 [334m19341[00m 0x7f493c009590 [37mDEBUG  [00m [00;01;31;41m            GST_PADS gstutils.c:2663:gst_pad_proxy_query_caps:<decodebin3-0:sink_1>[00m proxying caps query for decodebin3-0:sink_1
0:00:00.312221096 [334m19341[00m 0x7f493c009590 [33;01mLOG    [00m [00;01;31;41m            GST_PADS gstpad.c:2944:gst_pad_forward:<decodebin3-0:sink_1>[00m calling forward function on pad sink_1:proxypad9
0:00:00.312204194 [334m19341[00m 0x7f49480038f0 [33;01mLOG    [00m [00m          decodebin3 gstdecodebin3.c:786:gst_decodebin3_input_pad_link:<decodebin3-0>[00m input locking from thread 0x7f49480038f0
0:00:00.312240251 [334m19341[00m 0x7f4948003ed0 [33;01mLOG    [00m [00;01;31;41m            GST_PADS gstpad.c:5261:gst_pad_push_event_unchecked:<dashdemux0:audio_00>[00m sending event 0x7f494c03ab10 (stream-start) to peerpad <queue2-0:sink>
0:00:00.312234075 [334m19341[00m 0x7f493c009590 [37mDEBUG  [00m [00;01;31;41m            GST_PADS gstpad.c:4058:gst_pad_peer_query:<sink_1:proxypad9>[00m peer query 0x7f49280054a0 (caps)
0:00:00.312253234 [334m19341[00m 0x7f493c009590 [36mINFO   [00m [00;01;31;41m            GST_PADS gstpad.c:4114:gst_pad_peer_query:<sink_1:proxypad9>[00m pad has no peer
0:00:00.312255970 [334m19341[00m 0x7f49480038f0 [33;01mLOG    [00m [00m          decodebin3 gstdecodebin3.c:786:gst_decodebin3_input_pad_link:<decodebin3-0>[00m input locked from thread 0x7f49480038f0
0:00:00.312285285 [334m19341[00m 0x7f493c009590 [37mDEBUG  [00m [00;01;31;41m            GST_PADS gstpad.c:3954:gst_pad_query:<decodebin3-0:sink_1>[00m sent query 0x7f49280054a0 (caps), result 1
0:00:00.312267713 [334m19341[00m 0x7f4948003ed0 [37mDEBUG  [00m [00;01;34m           GST_EVENT gstpad.c:5548:gst_pad_send_event_unchecked:<queue2-0:sink>[00m have event type stream-start event: 0x7f494c03ab10, time 99:99:99.999999999, seq-num 44, GstEventStreamStart, stream-id=(string)78a81cd5ab52c8b30efd549f3528ce592cff83fc9a3317f29fc9920a45c26697/audio_00, flags=(GstStreamFlags)GST_STREAM_FLAG_NONE, group-id=(uint)0;
0:00:00.312310620 [334m19341[00m 0x7f4948003ed0 [33;01mLOG    [00m [00;01;31;41m            GST_PADS gstpad.c:5556:gst_pad_send_event_unchecked:<queue2-0:sink>[00m Removing pending EOS events
0:00:00.312326672 [334m19341[00m 0x7f4948003ed0 [33;01mLOG    [00m [00m     queue2_dataflow gstqueue2.c:2325:gst_queue2_locked_enqueue:<queue2-0>[00m (queue2-0:sink) signal ADD: 0 of 0 buffers, 0 of 2097152 bytes, 0 of 4000000000 ns, 1 items
0:00:00.312339341 [334m19341[00m 0x7f4948003ed0 [37mDEBUG  [00m [00;01;31;41m            GST_PADS gstpad.c:5622:gst_pad_send_event_unchecked:<queue2-0:sink>[00m sent event, ret ok
0:00:00.312341280 [334m19341[00m 0x7f49300068a0 [33;01mLOG    [00m [00m     queue2_dataflow gstqueue2.c:3026:gst_queue2_loop:<queue2-0>[00m (queue2-0:src) received ADD: 0 of 0 buffers, 0 of 2097152 bytes, 0 of 4000000000 ns, 1 items
0:00:00.312363516 [334m19341[00m 0x7f493c009590 [33;01mLOG    [00m [00m          decodebin3 gstdecodebin3.c:781:gst_decodebin3_input_pad_link:<decodebin3-0>[00m Got link on input pad <decodebin3-0:sink_1>. Creating parsebin if needed
0:00:00.312365697 [334m19341[00m 0x7f49300068a0 [33;01mLOG    [00m [00m     queue2_dataflow gstqueue2.c:2394:gst_queue2_locked_dequeue:<queue2-0>[00m retrieved event 0x7f494c03ab10 from queue
0:00:00.312382120 [334m19341[00m 0x7f49300068a0 [33;01mLOG    [00m [00m     queue2_dataflow gstqueue2.c:2899:gst_queue2_push_one:<queue2-0>[00m (queue2-0:src) We have something dequeud: 0 of 0 buffers, 0 of 2097152 bytes, 0 of 4000000000 ns, 0 items
0:00:00.312375164 [334m19341[00m 0x7f493c009590 [33;01mLOG    [00m [00m          decodebin3 gstdecodebin3.c:786:gst_decodebin3_input_pad_link:<decodebin3-0>[00m input locking from thread 0x7f493c009590
0:00:00.312367095 [334m19341[00m 0x7f4948003ed0 [33;01mLOG    [00m [00;01;31;41m            GST_PADS gstpad.c:5037:store_sticky_event:<queue2-0:sink>[00m Removing pending EOS and StreamGroupDone events
0:00:00.312400136 [334m19341[00m 0x7f49300068a0 [33;01mLOG    [00m [00;01;31;41m            GST_PADS gstpad.c:5037:store_sticky_event:<queue2-0:src>[00m Removing pending EOS and StreamGroupDone events
0:00:00.312410580 [334m19341[00m 0x7f49300068a0 [33;01mLOG    [00m [00;01;31;41m            GST_PADS gstpad.c:5097:store_sticky_event:<queue2-0:src>[00m stored sticky event stream-start
0:00:00.312412015 [334m19341[00m 0x7f4948003ed0 [33;01mLOG    [00m [00;01;31;41m            GST_PADS gstpad.c:5097:store_sticky_event:<queue2-0:sink>[00m stored sticky event stream-start
0:00:00.312417950 [334m19341[00m 0x7f49300068a0 [37mDEBUG  [00m [00;01;31;41m            GST_PADS gstpad.c:3862:check_sticky:<queue2-0:src>[00m pushing all sticky events
0:00:00.312437788 [334m19341[00m 0x7f4948003ed0 [33;01mLOG    [00m [00;01;31;41m            GST_PADS gstpad.c:5269:gst_pad_push_event_unchecked:<dashdemux0:audio_00>[00m sent event 0x7f494c03ab10 (stream-start) to peerpad <queue2-0:sink>, ret ok
0:00:00.312500356 [334m19341[00m 0x7f4948003ed0 [37mDEBUG  [00m [00;01;31;41m            GST_PADS gstpad.c:3814:push_sticky:<dashdemux0:audio_00>[00m event stream-start marked received
0:00:00.312494936 [334m19341[00m 0x7f49300068a0 [33;01mLOG    [00m [00m        urisourcebin gsturisourcebin.c:1263:source_pad_event_probe:<queue2-0:src>[00m stream-start, urisrc 0x7f494c03ab10
0:00:00.312539933 [334m19341[00m 0x7f49300068a0 [33;01mLOG    [00m [00;01;31;41m            GST_PADS gstpad.c:5261:gst_pad_push_event_unchecked:<queue2-0:src>[00m sending event 0x7f494c03ab10 (stream-start) to peerpad <src_0:proxypad4>
0:00:00.312558944 [334m19341[00m 0x7f49300068a0 [37mDEBUG  [00m [00;01;34m           GST_EVENT gstpad.c:5548:gst_pad_send_event_unchecked:<src_0:proxypad4>[00m have event type stream-start event: 0x7f494c03ab10, time 99:99:99.999999999, seq-num 44, GstEventStreamStart, stream-id=(string)78a81cd5ab52c8b30efd549f3528ce592cff83fc9a3317f29fc9920a45c26697/audio_00, flags=(GstStreamFlags)GST_STREAM_FLAG_NONE, group-id=(uint)0;
0:00:00.312580907 [334m19341[00m 0x7f49300068a0 [33;01mLOG    [00m [00;01;31;41m            GST_PADS gstpad.c:5556:gst_pad_send_event_unchecked:<src_0:proxypad4>[00m Removing pending EOS events
0:00:00.312613861 [334m19341[00m 0x7f49300068a0 [33;01mLOG    [00m [00;01;31;41m            GST_PADS gstpad.c:2944:gst_pad_forward:<src_0:proxypad4>[00m calling forward function on pad urisourcebin0:src_0
0:00:00.312628899 [334m19341[00m 0x7f49300068a0 [33;01mLOG    [00m [00;01;31;41m            GST_PADS gstpad.c:2989:event_forward_func:<urisourcebin0:src_0>[00m Reffing and pushing event 0x7f494c03ab10 (stream-start) to urisourcebin0:src_0
0:00:00.312625668 [334m19341[00m 0x7f49480038f0 [37mDEBUG  [00m [00;01;31;41m            GST_PADS gstpad.c:1673:gst_pad_set_activate_function_full:<'':sink>[00m activatefunc set to gst_type_find_element_activate_sink
0:00:00.312647897 [334m19341[00m 0x7f49300068a0 [33;01mLOG    [00m [00;01;31;41m            GST_PADS gstpad.c:5037:store_sticky_event:<urisourcebin0:src_0>[00m Removing pending EOS and StreamGroupDone events
0:00:00.312639613 [334m19341[00m 0x7f4948003ed0 [33;01mLOG    [00m [00;01;31;41m            GST_PADS gstpad.c:5261:gst_pad_push_event_unchecked:<dashdemux0:audio_00>[00m sending event 0x7f494c03b010 (caps) to peerpad <queue2-0:sink>
0:00:00.312658666 [334m19341[00m 0x7f49300068a0 [33;01mLOG    [00m [00;01;31;41m            GST_PADS gstpad.c:5097:store_sticky_event:<urisourcebin0:src_0>[00m stored sticky event stream-start
0:00:00.312679161 [334m19341[00m 0x7f49300068a0 [37mDEBUG  [00m [00;01;31;41m            GST_PADS gstpad.c:3862:check_sticky:<urisourcebin0:src_0>[00m pushing all sticky events
0:00:00.312681553 [334m19341[00m 0x7f49480038f0 [37mDEBUG  [00m [00;01;31;41m            GST_PADS gstpad.c:1708:gst_pad_set_activatemode_function_full:<'':sink>[00m activatemodefunc set to gst_type_find_element_activate_sink_mode
0:00:00.312670727 [334m19341[00m 0x7f4948003ed0 [37mDEBUG  [00m [00;01;34m           GST_EVENT gstpad.c:5548:gst_pad_send_event_unchecked:<queue2-0:sink>[00m have event type caps event: 0x7f494c03b010, time 99:99:99.999999999, seq-num 45, GstEventCaps, caps=(GstCaps)"audio/x-m4a\,\ rate\=\(int\)48000";
0:00:00.312700052 [334m19341[00m 0x7f49480038f0 [37mDEBUG  [00m [00;01;31;41m            GST_PADS gstpad.c:1743:gst_pad_set_chain_function_full:<'':sink>[00m chainfunc set to gst_type_find_element_chain
0:00:00.312689928 [334m19341[00m 0x7f49300068a0 [33;01mLOG    [00m [00;01;31;41m            GST_PADS gstpad.c:5261:gst_pad_push_event_unchecked:<urisourcebin0:src_0>[00m sending event 0x7f494c03ab10 (stream-start) to peerpad <decodebin3-0:sink>
0:00:00.312713005 [334m19341[00m 0x7f49480038f0 [37mDEBUG  [00m [00;01;31;41m            GST_PADS gstpad.c:1849:gst_pad_set_event_function_full:<'':sink>[00m eventfunc for set to gst_type_find_element_sink_event
0:00:00.312728119 [334m19341[00m 0x7f49300068a0 [37mDEBUG  [00m [00;01;34m           GST_EVENT gstpad.c:5548:gst_pad_send_event_unchecked:<decodebin3-0:sink>[00m have event type stream-start event: 0x7f494c03ab10, time 99:99:99.999999999, seq-num 44, GstEventStreamStart, stream-id=(string)78a81cd5ab52c8b30efd549f3528ce592cff83fc9a3317f29fc9920a45c26697/audio_00, flags=(GstStreamFlags)GST_STREAM_FLAG_NONE, group-id=(uint)0;
0:00:00.312755476 [334m19341[00m 0x7f49300068a0 [33;01mLOG    [00m [00;01;31;41m            GST_PADS gstpad.c:5556:gst_pad_send_event_unchecked:<decodebin3-0:sink>[00m Removing pending EOS events
0:00:00.312767613 [334m19341[00m 0x7f4948003ed0 [37mDEBUG  [00m [00;01;31;41m            GST_PADS gstpad.c:3931:gst_pad_query:<queue2-0:sink>[00m doing query 0x7f4930006d90 (accept-caps)
0:00:00.312775513 [334m19341[00m 0x7f49480038f0 [37mDEBUG  [00m [00;01;31;41m            GST_PADS gstpad.c:1708:gst_pad_set_activatemode_function_full:<'':src>[00m activatemodefunc set to gst_type_find_element_activate_src_mode
0:00:00.312795237 [334m19341[00m 0x7f49300068a0 [33;01mLOG    [00m [00;01;31;41m            GST_PADS gstpad.c:2944:gst_pad_forward:<decodebin3-0:sink>[00m calling forward function on pad sink:proxypad0
0:00:00.312810034 [334m19341[00m 0x7f49300068a0 [33;01mLOG    [00m [00;01;31;41m            GST_PADS gstpad.c:2989:event_forward_func:<sink:proxypad0>[00m Reffing and pushing event 0x7f494c03ab10 (stream-start) to sink:proxypad0
0:00:00.312812918 [334m19341[00m 0x7f49480038f0 [37mDEBUG  [00m [00;01;31;41m            GST_PADS gstpad.c:1816:gst_pad_set_getrange_function_full:<'':src>[00m getrangefunc set to gst_type_find_element_getrange
0:00:00.312813727 [334m19341[00m 0x7f4948003ed0 [37mDEBUG  [00m [00;01;31;41m            GST_PADS gstutils.c:2594:gst_pad_proxy_query_accept_caps:<queue2-0:sink>[00m proxying accept caps query for queue2-0:sink
0:00:00.312828931 [334m19341[00m 0x7f49300068a0 [33;01mLOG    [00m [00;01;31;41m            GST_PADS gstpad.c:5037:store_sticky_event:<sink:proxypad0>[00m Removing pending EOS and StreamGroupDone events
0:00:00.312826805 [334m19341[00m 0x7f49480038f0 [37mDEBUG  [00m [00;01;31;41m            GST_PADS gstpad.c:1849:gst_pad_set_event_function_full:<'':src>[00m eventfunc for set to gst_type_find_element_src_event
0:00:00.312839445 [334m19341[00m 0x7f49300068a0 [33;01mLOG    [00m [00;01;31;41m            GST_PADS gstpad.c:5097:store_sticky_event:<sink:proxypad0>[00m stored sticky event stream-start
0:00:00.312849950 [334m19341[00m 0x7f49300068a0 [37mDEBUG  [00m [00;01;31;41m            GST_PADS gstpad.c:3862:check_sticky:<sink:proxypad0>[00m pushing all sticky events
0:00:00.312860154 [334m19341[00m 0x7f49300068a0 [33;01mLOG    [00m [00;01;31;41m            GST_PADS gstpad.c:5261:gst_pad_push_event_unchecked:<sink:proxypad0>[00m sending event 0x7f494c03ab10 (stream-start) to peerpad <parsebin0:sink>
0:00:00.312872852 [334m19341[00m 0x7f4948003ed0 [33;01mLOG    [00m [00;01;31;41m            GST_PADS gstpad.c:2944:gst_pad_forward:<queue2-0:sink>[00m calling forward function on pad queue2-0:src
0:00:00.312862703 [334m19341[00m 0x7f49480038f0 [37mDEBUG  [00m [00;01;31;41m            GST_PADS gstpad.c:1929:gst_pad_set_query_function_full:<'':src>[00m queryfunc set to gst_type_find_handle_src_query
0:00:00.312889891 [334m19341[00m 0x7f4948003ed0 [37mDEBUG  [00m [00;01;31;41m            GST_PADS gstpad.c:4058:gst_pad_peer_query:<queue2-0:src>[00m peer query 0x7f4930006d90 (accept-caps)
0:00:00.312880583 [334m19341[00m 0x7f49300068a0 [37mDEBUG  [00m [00;01;34m           GST_EVENT gstpad.c:5548:gst_pad_send_event_unchecked:<parsebin0:sink>[00m have event type stream-start event: 0x7f494c03ab10, time 99:99:99.999999999, seq-num 44, GstEventStreamStart, stream-id=(string)78a81cd5ab52c8b30efd549f3528ce592cff83fc9a3317f29fc9920a45c26697/audio_00, flags=(GstStreamFlags)GST_STREAM_FLAG_NONE, group-id=(uint)0;
0:00:00.312938080 [334m19341[00m 0x7f49300068a0 [33;01mLOG    [00m [00;01;31;41m            GST_PADS gstpad.c:5556:gst_pad_send_event_unchecked:<parsebin0:sink>[00m Removing pending EOS events
0:00:00.312985026 [334m19341[00m 0x7f49300068a0 [33;01mLOG    [00m [00;01;31;41m            GST_PADS gstpad.c:2944:gst_pad_forward:<parsebin0:sink>[00m calling forward function on pad sink:proxypad6
0:00:00.312994720 [334m19341[00m 0x7f4948003ed0 [37mDEBUG  [00m [00;01;31;41m            GST_PADS gstpad.c:3931:gst_pad_query:<src_0:proxypad4>[00m doing query 0x7f4930006d90 (accept-caps)
0:00:00.313020403 [334m19341[00m 0x7f49300068a0 [33;01mLOG    [00m [00;01;31;41m            GST_PADS gstpad.c:2989:event_forward_func:<sink:proxypad6>[00m Reffing and pushing event 0x7f494c03ab10 (stream-start) to sink:proxypad6
0:00:00.313037654 [334m19341[00m 0x7f4948003ed0 [37mDEBUG  [00m [00;01;31;41m            GST_PADS gstutils.c:2594:gst_pad_proxy_query_accept_caps:<src_0:proxypad4>[00m proxying accept caps query for src_0:proxypad4
0:00:00.313046335 [334m19341[00m 0x7f49300068a0 [33;01mLOG    [00m [00;01;31;41m            GST_PADS gstpad.c:5037:store_sticky_event:<sink:proxypad6>[00m Removing pending EOS and StreamGroupDone events
0:00:00.313056615 [334m19341[00m 0x7f4948003ed0 [33;01mLOG    [00m [00;01;31;41m            GST_PADS gstpad.c:2944:gst_pad_forward:<src_0:proxypad4>[00m calling forward function on pad urisourcebin0:src_0
0:00:00.313064085 [334m19341[00m 0x7f49300068a0 [33;01mLOG    [00m [00;01;31;41m            GST_PADS gstpad.c:5097:store_sticky_event:<sink:proxypad6>[00m stored sticky event stream-start
0:00:00.313072708 [334m19341[00m 0x7f4948003ed0 [37mDEBUG  [00m [00;01;31;41m            GST_PADS gstpad.c:4058:gst_pad_peer_query:<urisourcebin0:src_0>[00m peer query 0x7f4930006d90 (accept-caps)
0:00:00.313084051 [334m19341[00m 0x7f4948003ed0 [37mDEBUG  [00m [00;01;31;41m            GST_PADS gstpad.c:3931:gst_pad_query:<decodebin3-0:sink>[00m doing query 0x7f4930006d90 (accept-caps)
0:00:00.313087325 [334m19341[00m 0x7f49300068a0 [37mDEBUG  [00m [00;01;31;41m            GST_PADS gstpad.c:3862:check_sticky:<sink:proxypad6>[00m pushing all sticky events
0:00:00.313106892 [334m19341[00m 0x7f49300068a0 [33;01mLOG    [00m [00;01;31;41m            GST_PADS gstpad.c:5261:gst_pad_push_event_unchecked:<sink:proxypad6>[00m sending event 0x7f494c03ab10 (stream-start) to peerpad <typefind:sink>
0:00:00.313133756 [334m19341[00m 0x7f49300068a0 [37mDEBUG  [00m [00;01;34m           GST_EVENT gstpad.c:5548:gst_pad_send_event_unchecked:<typefind:sink>[00m have event type stream-start event: 0x7f494c03ab10, time 99:99:99.999999999, seq-num 44, GstEventStreamStart, stream-id=(string)78a81cd5ab52c8b30efd549f3528ce592cff83fc9a3317f29fc9920a45c26697/audio_00, flags=(GstStreamFlags)GST_STREAM_FLAG_NONE, group-id=(uint)0;
0:00:00.313153093 [334m19341[00m 0x7f49300068a0 [33;01mLOG    [00m [00;01;31;41m            GST_PADS gstpad.c:5556:gst_pad_send_event_unchecked:<typefind:sink>[00m Removing pending EOS events
0:00:00.313145005 [334m19341[00m 0x7f4948003ed0 [37mDEBUG  [00m [00;01;31;41m            GST_PADS gstutils.c:2594:gst_pad_proxy_query_accept_caps:<decodebin3-0:sink>[00m proxying accept caps query for decodebin3-0:sink
0:00:00.313182490 [334m19341[00m 0x7f4948003ed0 [33;01mLOG    [00m [00;01;31;41m            GST_PADS gstpad.c:2944:gst_pad_forward:<decodebin3-0:sink>[00m calling forward function on pad sink:proxypad0
0:00:00.313205693 [334m19341[00m 0x7f4948003ed0 [37mDEBUG  [00m [00;01;31;41m            GST_PADS gstpad.c:4058:gst_pad_peer_query:<sink:proxypad0>[00m peer query 0x7f4930006d90 (accept-caps)
0:00:00.313207908 [334m19341[00m 0x7f49300068a0 [33;01mLOG    [00m [00;01;31;41m            GST_PADS gstpad.c:5037:store_sticky_event:<typefind:src>[00m Removing pending EOS and StreamGroupDone events
