0:00:00.491897514 [334m19341[00m 0x7f49480038f0 [37mDEBUG  [00m [00;01;35m      GST_SCHEDULING gstpad.c:4208:gst_pad_chain_data_unchecked:<queue2-1:sink>[00m called chainfunction &gst_queue2_chain with buffer 0x7f49240733d0, returned ok
0:00:00.491935041 [334m19341[00m 0x7f49480038f0 [33;01mLOG    [00m [00m       adaptivedemux gstadaptivedemux.c:2114:gst_adaptive_demux_stream_push_buffer:<dashdemux0:video_00>[00m Push result: 0 ok
0:00:00.491933052 [334m19341[00m 0x7f49300068a0 [37mDEBUG  [00m [00m          decodebin3 gstdecodebin3-parse.c:487:parsebin_pending_event_probe:<parsebin0:src_0>[00m Got event 0x7f49100041e0 caps
0:00:00.491959581 [334m19341[00m 0x7f49480038f0 [37mDEBUG  [00m [00;01;35m      GST_SCHEDULING gstpad.c:4208:gst_pad_chain_data_unchecked:<dashdemux0:internal-video_00>[00m called chainfunction &0x7f495259ee20 with buffer 0x7f49240733d0, returned ok
0:00:00.492123802 [334m19341[00m 0x7f493c009630 [33;01mLOG    [00m [00m       adaptivedemux gstadaptivedemux.c:2401:_uri_handler_probe:<souphttpsrc2:src>[00m Received buffer, size 4344 total 180454
0:00:00.492140959 [334m19341[00m 0x7f4934007540 [37mDEBUG  [00m [00;01;34m           GST_EVENT gstevent.c:305:gst_event_new_custom:[00m creating new event 0x7f490c003c90 tag 20510
0:00:00.492157047 [334m19341[00m 0x7f4934007540 [37mDEBUG  [00m [00;01;31;41m            GST_PADS gstpad.c:5622:gst_pad_send_event_unchecked:<aacparse0:sink>[00m sent event, ret ok
0:00:00.492163021 [334m19341[00m 0x7f4934007540 [33;01mLOG    [00m [00;01;34m           GST_EVENT gstevent.c:222:_gst_event_free:[00m freeing event 0x7f490c003f30 type tag
0:00:00.492169622 [334m19341[00m 0x7f4934007540 [33;01mLOG    [00m [00;01;31;41m            GST_PADS gstpad.c:5097:store_sticky_event:<aacparse0:sink>[00m stored sticky event tag
0:00:00.492213794 [334m19341[00m 0x7f4934007540 [37mDEBUG  [00m [00;01;31;41m            GST_PADS gstpad.c:3814:push_sticky:<typefind:src>[00m event tag marked received
0:00:00.492219497 [334m19341[00m 0x7f4934007540 [37mDEBUG  [00m [00;01;31;41m            GST_PADS gstpad.c:5622:gst_pad_send_event_unchecked:<typefind:sink>[00m sent event, ret ok
0:00:00.492229093 [334m19341[00m 0x7f4934007540 [33;01mLOG    [00m [00;01;31;41m            GST_PADS gstpad.c:5097:store_sticky_event:<typefind:sink>[00m stored sticky event tag
0:00:00.492074823 [334m19341[00m 0x7f49300068a0 [37mDEBUG  [00m [00;01;31;41m            GST_PADS gstpad.c:5306:gst_pad_push_event_unchecked:<parsebin0:src_0>[00m dropped event
0:00:00.492235959 [334m19341[00m 0x7f4934007540 [33;01mLOG    [00m [00;01;31;41m            GST_PADS gstpad.c:5269:gst_pad_push_event_unchecked:<sink:proxypad12>[00m sent event 0x7f49280039e0 (tag) to peerpad <typefind:sink>, ret ok
0:00:00.492263405 [334m19341[00m 0x7f4934007540 [37mDEBUG  [00m [00;01;31;41m            GST_PADS gstpad.c:3814:push_sticky:<sink:proxypad12>[00m event tag marked received
0:00:00.492256135 [334m19341[00m 0x7f49300068a0 [37mDEBUG  [00m [00;01;31;41m            GST_PADS gstpad.c:3819:push_sticky:<parsebin0:src_0>[00m event caps was dropped, mark pending
0:00:00.492292935 [334m19341[00m 0x7f49300068a0 [37mDEBUG  [00m [00;01;31;41m            GST_PADS gstpad.c:3826:push_sticky:<parsebin0:src_0>[00m event stream-collection was ignored, mark pending
0:00:00.492249047 [334m19341[00m 0x7f493c009630 [37mDEBUG  [00m [00;01;35m      GST_SCHEDULING gstpad.c:4202:gst_pad_chain_data_unchecked:<queue2:sink>[00m calling chainfunction &gst_queue_chain with buffer buffer: 0x7f4924073c50, pts 99:99:99.999999999, dts 99:99:99.999999999, dur 99:99:99.999999999, size 4344, offset 176916, offset_end none, flags 0x0
0:00:00.492299387 [334m19341[00m 0x7f49480038f0 [33;01mLOG    [00m [00m      queue_dataflow gstqueue.c:846:gst_queue_locked_dequeue:<queue0>[00m retrieved buffer 0x7f49240734e0 from queue
0:00:00.492279629 [334m19341[00m 0x7f4934007540 [37mDEBUG  [00m [00;01;31;41m            GST_PADS gstpad.c:5622:gst_pad_send_event_unchecked:<parsebin2:sink>[00m sent event, ret ok
0:00:00.492318532 [334m19341[00m 0x7f4934007540 [33;01mLOG    [00m [00;01;31;41m            GST_PADS gstpad.c:5097:store_sticky_event:<parsebin2:sink>[00m stored sticky event tag
0:00:00.492330188 [334m19341[00m 0x7f49300068a0 [37mDEBUG  [00m [00;01;31;41m            GST_PADS gstpad.c:5622:gst_pad_send_event_unchecked:<src_0:proxypad17>[00m sent event, ret ok
0:00:00.492331871 [334m19341[00m 0x7f493c009630 [33;01mLOG    [00m [00m      queue_dataflow gstqueue.c:1183:gst_queue_chain_buffer_or_list:<queue2>[00m received buffer 0x7f4924073c50 of size 4344, time 99:99:99.999999999, duration 99:99:99.999999999
0:00:00.492340213 [334m19341[00m 0x7f49300068a0 [33;01mLOG    [00m [00;01;34m           GST_EVENT gstevent.c:222:_gst_event_free:[00m freeing event 0x7f4910004330 type caps
0:00:00.492342560 [334m19341[00m 0x7f4934007540 [33;01mLOG    [00m [00;01;31;41m            GST_PADS gstpad.c:5269:gst_pad_push_event_unchecked:<sink_1:proxypad9>[00m sent event 0x7f49280039e0 (tag) to peerpad <parsebin2:sink>, ret ok
0:00:00.492311343 [334m19341[00m 0x7f49480038f0 [33;01mLOG    [00m [00m               queue gstqueue.c:633:apply_buffer:<queue0>[00m src position updated to 0:00:00.000000886
0:00:00.492371808 [334m19341[00m 0x7f49480038f0 [33;01mLOG    [00m [00m               queue gstqueue.c:538:update_time_level:<queue0>[00m update src time
0:00:00.492383644 [334m19341[00m 0x7f49480038f0 [33;01mLOG    [00m [00m               queue gstqueue.c:547:update_time_level:<queue0>[00m sink +0:00:00.000000886, src +0:00:00.000000886
0:00:00.492375207 [334m19341[00m 0x7f49300068a0 [33;01mLOG    [00m [00;01;31;41m            GST_PADS gstpad.c:5097:store_sticky_event:<src_0:proxypad17>[00m stored sticky event caps
0:00:00.492390753 [334m19341[00m 0x7f493c009630 [33;01mLOG    [00m [00m               queue gstqueue.c:633:apply_buffer:<queue2>[00m sink position updated to 0:00:00.000000806
0:00:00.492387232 [334m19341[00m 0x7f4934007540 [37mDEBUG  [00m [00;01;31;41m            GST_PADS gstpad.c:3814:push_sticky:<sink_1:proxypad9>[00m event tag marked received
0:00:00.492411989 [334m19341[00m 0x7f4934007540 [37mDEBUG  [00m [00;01;31;41m            GST_PADS gstpad.c:5622:gst_pad_send_event_unchecked:<decodebin3-0:sink_1>[00m sent event, ret ok
0:00:00.492421487 [334m19341[00m 0x7f49300068a0 [37mDEBUG  [00m [00;01;31;41m            GST_PADS gstpad.c:5103:store_sticky_event:<src_0:proxypad17>[00m notify caps
0:00:00.492435497 [334m19341[00m 0x7f4934007540 [33;01mLOG    [00m [00;01;31;41m            GST_PADS gstpad.c:5097:store_sticky_event:<decodebin3-0:sink_1>[00m stored sticky event tag
0:00:00.492413280 [334m19341[00m 0x7f493c009630 [33;01mLOG    [00m [00m               queue gstqueue.c:529:update_time_level:<queue2>[00m update sink time
0:00:00.492452173 [334m19341[00m 0x7f4934007540 [33;01mLOG    [00m [00;01;31;41m            GST_PADS gstpad.c:5269:gst_pad_push_event_unchecked:<urisourcebin0:src_2>[00m sent event 0x7f49280039e0 (tag) to peerpad <decodebin3-0:sink_1>, ret ok
0:00:00.492472612 [334m19341[00m 0x7f4934007540 [37mDEBUG  [00m [00;01;31;41m            GST_PADS gstpad.c:3814:push_sticky:<urisourcebin0:src_2>[00m event tag marked received
0:00:00.492480834 [334m19341[00m 0x7f4934007540 [37mDEBUG  [00m [00;01;31;41m            GST_PADS gstpad.c:5622:gst_pad_send_event_unchecked:<src_2:proxypad7>[00m sent event, ret ok
0:00:00.492506129 [334m19341[00m 0x7f4934007540 [33;01mLOG    [00m [00;01;34m           GST_EVENT gstevent.c:222:_gst_event_free:[00m freeing event 0x7f49300056d0 type tag
0:00:00.492538971 [334m19341[00m 0x7f49300068a0 [33;01mLOG    [00m [00;01;31;41m            GST_PADS gstpad.c:5269:gst_pad_push_event_unchecked:<aacparse1:src>[00m sent event 0x7f49100041e0 (caps) to peerpad <src_0:proxypad17>, ret ok
0:00:00.492551696 [334m19341[00m 0x7f49300068a0 [37mDEBUG  [00m [00;01;31;41m            GST_PADS gstpad.c:3814:push_sticky:<aacparse1:src>[00m event caps marked received
0:00:00.492486645 [334m19341[00m 0x7f493c009630 [33;01mLOG    [00m [00m               queue gstqueue.c:547:update_time_level:<queue2>[00m sink +0:00:00.000000806, src +0:00:00.000000806
0:00:00.492531483 [334m19341[00m 0x7f4934007540 [33;01mLOG    [00m [00;01;31;41m            GST_PADS gstpad.c:5097:store_sticky_event:<src_2:proxypad7>[00m stored sticky event tag
0:00:00.492605408 [334m19341[00m 0x7f49300068a0 [37mDEBUG  [00m [00;01;31;41m            GST_PADS gstpad.c:5622:gst_pad_send_event_unchecked:<aacparse1:sink>[00m sent event, ret ok
0:00:00.492593957 [334m19341[00m 0x7f493c009630 [37mDEBUG  [00m [00;01;35m      GST_SCHEDULING gstpad.c:4208:gst_pad_chain_data_unchecked:<queue2:sink>[00m called chainfunction &gst_queue_chain with buffer 0x7f4924073c50, returned ok
0:00:00.492626116 [334m19341[00m 0x7f4934007540 [33;01mLOG    [00m [00;01;31;41m            GST_PADS gstpad.c:5269:gst_pad_push_event_unchecked:<queue2-2:src>[00m sent event 0x7f49280039e0 (tag) to peerpad <src_2:proxypad7>, ret ok
0:00:00.492748086 [334m19341[00m 0x7f49300068a0 [37mDEBUG  [00m [00;01;34m           GST_EVENT gstpad.c:5548:gst_pad_send_event_unchecked:<aacparse1:sink>[00m have event type segment event: 0x7f494c009f30, time 99:99:99.999999999, seq-num 37, GstEventSegment, segment=(GstSegment)"GstSegment, flags=(GstSegmentFlags)GST_SEGMENT_FLAG_NONE, rate=(double)1, applied-rate=(double)1, format=(GstFormat)GST_FORMAT_TIME, base=(guint64)0, offset=(guint64)0, start=(guint64)0, stop=(guint64)18446744073709551615, time=(guint64)0, position=(guint64)0, duration=(guint64)18446744073709551615;";
0:00:00.492795055 [334m19341[00m 0x7f4934007540 [37mDEBUG  [00m [00;01;31;41m            GST_PADS gstpad.c:3814:push_sticky:<queue2-2:src>[00m event tag marked received
0:00:00.492828374 [334m19341[00m 0x7f4934007540 [33;01mLOG    [00m [00m     queue2_dataflow gstqueue2.c:2373:gst_queue2_locked_dequeue:<queue2-2>[00m retrieved buffer 0x7f492c011700 from queue
0:00:00.492849615 [334m19341[00m 0x7f4934007540 [37mDEBUG  [00m [00m              queue2 gstqueue2.c:842:apply_buffer:<queue2-2>[00m position updated to 0:00:00.055046571
0:00:00.492881840 [334m19341[00m 0x7f4934007540 [37mDEBUG  [00m [00m              queue2 gstqueue2.c:740:update_time_level:<queue2-2>[00m sink 0:00:04.208316485, src 0:00:00.055046571
0:00:00.492909123 [334m19341[00m 0x7f49480038f0 [37mDEBUG  [00m [00;01;35m      GST_SCHEDULING gstpad.c:4202:gst_pad_chain_data_unchecked:<dashdemux0:internal-video_00>[00m calling chainfunction &0x7f495259ee20 with buffer buffer: 0x7f49240734e0, pts 99:99:99.999999999, dts 99:99:99.999999999, dur 99:99:99.999999999, size 4344, offset 207401, offset_end none, flags 0x0
0:00:00.492925835 [334m19341[00m 0x7f49480038f0 [37mDEBUG  [00m [00m       adaptivedemux gstadaptivedemux.c:2243:_src_chain:<dashdemux0:video_00>[00m Received buffer of size 4344
0:00:00.492965582 [334m19341[00m 0x7f49300068a0 [37mDEBUG  [00m [00;01;31;41m            GST_PADS gstpad.c:5622:gst_pad_send_event_unchecked:<aacparse1:sink>[00m sent event, ret ok
0:00:00.492976764 [334m19341[00m 0x7f49300068a0 [33;01mLOG    [00m [00;01;31;41m            GST_PADS gstpad.c:5097:store_sticky_event:<aacparse1:sink>[00m stored sticky event segment
0:00:00.492947327 [334m19341[00m 0x7f4934007540 [37mDEBUG  [00m [00m              queue2 gstqueue2.c:1239:update_out_rates:<queue2-2>[00m rates: out 0.000000, time 0:00:00.000000000
0:00:00.493039776 [334m19341[00m 0x7f4934007540 [33;01mLOG    [00m [00m     queue2_dataflow gstqueue2.c:2444:gst_queue2_locked_dequeue:<queue2-2>[00m (queue2-2:src) signal DEL: 7 of 0 buffers, 68056 of 2097152 bytes, 4153269914 of 4000000000 ns, 7 items
0:00:00.493057156 [334m19341[00m 0x7f4934007540 [33;01mLOG    [00m [00m     queue2_dataflow gstqueue2.c:2899:gst_queue2_push_one:<queue2-2>[00m (queue2-2:src) We have something dequeud: 7 of 0 buffers, 68056 of 2097152 bytes, 4153269914 of 4000000000 ns, 7 items
0:00:00.493115611 [334m19341[00m 0x7f493c009590 [33;01mLOG    [00m [00m     queue2_dataflow gstqueue2.c:1826:gst_queue2_wait_free_space:<queue2-2>[00m (queue2-2:sink) received DEL: 7 of 0 buffers, 68056 of 2097152 bytes, 4153269914 of 4000000000 ns, 7 items
0:00:00.493216899 [334m19341[00m 0x7f49300068a0 [37mDEBUG  [00m [00;01;34m           GST_EVENT gstevent.c:305:gst_event_new_custom:[00m creating new event 0x7f4910004170 tag 20510
0:00:00.493207485 [334m19341[00m 0x7f493c009590 [33;01mLOG    [00m [00m     queue2_dataflow gstqueue2.c:1826:gst_queue2_wait_free_space:<queue2-2>[00m (queue2-2:sink) wait for DEL: 7 of 0 buffers, 68056 of 2097152 bytes, 4153269914 of 4000000000 ns, 7 items
0:00:00.493366303 [334m19341[00m 0x7f4934007540 [37mDEBUG  [00m [00;01;35m      GST_SCHEDULING gstpad.c:4202:gst_pad_chain_data_unchecked:<typefind:sink>[00m calling chainfunction &gst_type_find_element_chain with buffer buffer: 0x7f492c011700, pts 99:99:99.999999999, dts 99:99:99.999999999, dur 99:99:99.999999999, size 902, offset 806, offset_end 1708, flags 0x0
0:00:00.493416234 [334m19341[00m 0x7f49480038f0 [37mDEBUG  [00m [00;01;35m      GST_SCHEDULING gstpad.c:4202:gst_pad_chain_data_unchecked:<queue2-1:sink>[00m calling chainfunction &gst_queue2_chain with buffer buffer: 0x7f49240734e0, pts 99:99:99.999999999, dts 99:99:99.999999999, dur 99:99:99.999999999, size 4344, offset 207401, offset_end 211745, flags 0x0
0:00:00.493431064 [334m19341[00m 0x7f49480038f0 [33;01mLOG    [00m [00m     queue2_dataflow gstqueue2.c:2816:gst_queue2_chain:<queue2-1>[00m received buffer 0x7f49240734e0 of size 4344, time 99:99:99.999999999, duration 99:99:99.999999999
0:00:00.493472399 [334m19341[00m 0x7f493c009630 [33;01mLOG    [00m [00m       adaptivedemux gstadaptivedemux.c:2401:_uri_handler_probe:<souphttpsrc2:src>[00m Received buffer, size 4344 total 184798
0:00:00.493474362 [334m19341[00m 0x7f49480038f0 [37mDEBUG  [00m [00m              queue2 gstqueue2.c:842:apply_buffer:<queue2-1>[00m position updated to 0:00:01.125510989
0:00:00.493497326 [334m19341[00m 0x7f49300068a0 [37mDEBUG  [00m [00;01;34m           GST_EVENT gstpad.c:5548:gst_pad_send_event_unchecked:<aacparse1:sink>[00m have event type tag event: 0x7f4910004170, time 99:99:99.999999999, seq-num 459, GstTagList-stream, taglist=(taglist)"taglist\,\ audio-codec\=\(string\)\"MPEG-4\\\ AAC\\\ audio\"\,\ maximum-bitrate\=\(uint\)137557\,\ bitrate\=\(uint\)128000\,\ language-code\=\(string\)en\;";
0:00:00.493501815 [334m19341[00m 0x7f493c009630 [37mDEBUG  [00m [00;01;35m      GST_SCHEDULING gstpad.c:4202:gst_pad_chain_data_unchecked:<queue2:sink>[00m calling chainfunction &gst_queue_chain with buffer buffer: 0x7f4924073d60, pts 99:99:99.999999999, dts 99:99:99.999999999, dur 99:99:99.999999999, size 4344, offset 181260, offset_end none, flags 0x0
0:00:00.493510739 [334m19341[00m 0x7f49480038f0 [37mDEBUG  [00m [00m              queue2 gstqueue2.c:740:update_time_level:<queue2-1>[00m sink 0:00:01.125510989, src 0:00:00.000000000
0:00:00.493537727 [334m19341[00m 0x7f493c009630 [33;01mLOG    [00m [00m      queue_dataflow gstqueue.c:1183:gst_queue_chain_buffer_or_list:<queue2>[00m received buffer 0x7f4924073d60 of size 4344, time 99:99:99.999999999, duration 99:99:99.999999999
0:00:00.493570847 [334m19341[00m 0x7f493c009630 [33;01mLOG    [00m [00m               queue gstqueue.c:633:apply_buffer:<queue2>[00m sink position updated to 0:00:00.000000806
0:00:00.493548947 [334m19341[00m 0x7f49480038f0 [37mDEBUG  [00m [00m              queue2 gstqueue2.c:1199:update_in_rates:<queue2-1>[00m rates: in 0.000000, time 0:00:00.000000000
0:00:00.493595179 [334m19341[00m 0x7f493c009630 [33;01mLOG    [00m [00m               queue gstqueue.c:529:update_time_level:<queue2>[00m update sink time
0:00:00.493594707 [334m19341[00m 0x7f49480038f0 [37mDEBUG  [00m [00;01;35m      GST_SCHEDULING gstpad.c:4208:gst_pad_chain_data_unchecked:<queue2-1:sink>[00m called chainfunction &gst_queue2_chain with buffer 0x7f49240734e0, returned ok
0:00:00.493653367 [334m19341[00m 0x7f49480038f0 [33;01mLOG    [00m [00m       adaptivedemux gstadaptivedemux.c:2114:gst_adaptive_demux_stream_push_buffer:<dashdemux0:video_00>[00m Push result: 0 ok
0:00:00.493602657 [334m19341[00m 0x7f493c009630 [33;01mLOG    [00m [00m               queue gstqueue.c:547:update_time_level:<queue2>[00m sink +0:00:00.000000806, src +0:00:00.000000806
0:00:00.493672723 [334m19341[00m 0x7f493c009630 [37mDEBUG  [00m [00;01;35m      GST_SCHEDULING gstpad.c:4208:gst_pad_chain_data_unchecked:<queue2:sink>[00m called chainfunction &gst_queue_chain with buffer 0x7f4924073d60, returned ok
0:00:00.493664807 [334m19341[00m 0x7f49480038f0 [37mDEBUG  [00m [00;01;35m      GST_SCHEDULING gstpad.c:4208:gst_pad_chain_data_unchecked:<dashdemux0:internal-video_00>[00m called chainfunction &0x7f495259ee20 with buffer 0x7f49240734e0, returned ok
0:00:00.493807210 [334m19341[00m 0x7f4934007540 [37mDEBUG  [00m [00;01;35m      GST_SCHEDULING gstpad.c:4208:gst_pad_chain_data_unchecked:<typefind:sink>[00m called chainfunction &gst_type_find_element_chain with buffer 0x7f492c011700, returned ok
0:00:00.493884968 [334m19341[00m 0x7f49480038f0 [33;01mLOG    [00m [00m      queue_dataflow gstqueue.c:846:gst_queue_locked_dequeue:<queue0>[00m retrieved buffer 0x7f49240735f0 from queue
0:00:00.493897026 [334m19341[00m 0x7f49480038f0 [33;01mLOG    [00m [00m               queue gstqueue.c:633:apply_buffer:<queue0>[00m src position updated to 0:00:00.000000886
0:00:00.493944611 [334m19341[00m 0x7f49480038f0 [33;01mLOG    [00m [00m               queue gstqueue.c:538:update_time_level:<queue0>[00m update src time
0:00:00.493954084 [334m19341[00m 0x7f49480038f0 [33;01mLOG    [00m [00m               queue gstqueue.c:547:update_time_level:<queue0>[00m sink +0:00:00.000000886, src +0:00:00.000000886
0:00:00.493958992 [334m19341[00m 0x7f49300068a0 [37mDEBUG  [00m [00;01;34m           GST_EVENT gstevent.c:305:gst_event_new_custom:[00m creating new event 0x7f4910004100 tag 20510
0:00:00.494022156 [334m19341[00m 0x7f49300068a0 [37mDEBUG  [00m [00;01;31;41m            GST_PADS gstpad.c:5622:gst_pad_send_event_unchecked:<aacparse1:sink>[00m sent event, ret ok
0:00:00.494048256 [334m19341[00m 0x7f49300068a0 [33;01mLOG    [00m [00;01;31;41m            GST_PADS gstpad.c:5097:store_sticky_event:<aacparse1:sink>[00m stored sticky event tag
0:00:00.494066573 [334m19341[00m 0x7f4934007540 [33;01mLOG    [00m [00m     queue2_dataflow gstqueue2.c:2373:gst_queue2_locked_dequeue:<queue2-2>[00m retrieved buffer 0x7f492c011810 from queue
0:00:00.494083866 [334m19341[00m 0x7f4934007540 [37mDEBUG  [00m [00m              queue2 gstqueue2.c:842:apply_buffer:<queue2-2>[00m position updated to 0:00:00.305014150
0:00:00.494096035 [334m19341[00m 0x7f4934007540 [37mDEBUG  [00m [00m              queue2 gstqueue2.c:740:update_time_level:<queue2-2>[00m sink 0:00:04.208316485, src 0:00:00.305014150
0:00:00.494194270 [334m19341[00m 0x7f4934007540 [37mDEBUG  [00m [00m              queue2 gstqueue2.c:1239:update_out_rates:<queue2-2>[00m rates: out 0.000000, time 0:00:00.000000000
0:00:00.494209343 [334m19341[00m 0x7f4934007540 [33;01mLOG    [00m [00m     queue2_dataflow gstqueue2.c:2444:gst_queue2_locked_dequeue:<queue2-2>[00m (queue2-2:src) signal DEL: 6 of 0 buffers, 63960 of 2097152 bytes, 3903302335 of 4000000000 ns, 6 items
0:00:00.494229575 [334m19341[00m 0x7f4934007540 [33;01mLOG    [00m [00m     queue2_dataflow gstqueue2.c:2899:gst_queue2_push_one:<queue2-2>[00m (queue2-2:src) We have something dequeud: 6 of 0 buffers, 63960 of 2097152 bytes, 3903302335 of 4000000000 ns, 6 items
0:00:00.494259805 [334m19341[00m 0x7f49480038f0 [37mDEBUG  [00m [00;01;35m      GST_SCHEDULING gstpad.c:4202:gst_pad_chain_data_unchecked:<dashdemux0:internal-video_00>[00m calling chainfunction &0x7f495259ee20 with buffer buffer: 0x7f49240735f0, pts 99:99:99.999999999, dts 99:99:99.999999999, dur 99:99:99.999999999, size 5792, offset 211745, offset_end none, flags 0x0
0:00:00.494221300 [334m19341[00m 0x7f49300068a0 [37mDEBUG  [00m [00;01;34m           GST_EVENT gstevent.c:305:gst_event_new_custom:[00m creating new event 0x7f4934007f30 tag 20510
0:00:00.494306021 [334m19341[00m 0x7f493c009630 [33;01mLOG    [00m [00m       adaptivedemux gstadaptivedemux.c:2401:_uri_handler_probe:<souphttpsrc2:src>[00m Received buffer, size 2896 total 187694
0:00:00.494255617 [334m19341[00m 0x7f493c009590 [33;01mLOG    [00m [00m     queue2_dataflow gstqueue2.c:1826:gst_queue2_wait_free_space:<queue2-2>[00m (queue2-2:sink) received DEL: 6 of 0 buffers, 63960 of 2097152 bytes, 3903302335 of 4000000000 ns, 6 items
0:00:00.494324754 [334m19341[00m 0x7f493c009590 [37mDEBUG  [00m [00m              queue2 gstqueue2.c:842:apply_buffer:<queue2-2>[00m position updated to 0:00:04.975611986
0:00:00.494317038 [334m19341[00m 0x7f49480038f0 [37mDEBUG  [00m [00m       adaptivedemux gstadaptivedemux.c:2243:_src_chain:<dashdemux0:video_00>[00m Received buffer of size 5792
0:00:00.494347937 [334m19341[00m 0x7f493c009590 [37mDEBUG  [00m [00m              queue2 gstqueue2.c:740:update_time_level:<queue2-2>[00m sink 0:00:04.975611986, src 0:00:00.305014150
0:00:00.494359586 [334m19341[00m 0x7f493c009590 [37mDEBUG  [00m [00m              queue2 gstqueue2.c:1199:update_in_rates:<queue2-2>[00m rates: in 0.000000, time 0:00:00.000000000
0:00:00.494393925 [334m19341[00m 0x7f493c009590 [37mDEBUG  [00m [00;01;35m      GST_SCHEDULING gstpad.c:4208:gst_pad_chain_data_unchecked:<queue2-2:sink>[00m called chainfunction &gst_queue2_chain with buffer 0x7f4930004a40, returned ok
0:00:00.494397118 [334m19341[00m 0x7f493c009630 [37mDEBUG  [00m [00;01;35m      GST_SCHEDULING gstpad.c:4202:gst_pad_chain_data_unchecked:<queue2:sink>[00m calling chainfunction &gst_queue_chain with buffer buffer: 0x7f4924073e70, pts 99:99:99.999999999, dts 99:99:99.999999999, dur 99:99:99.999999999, size 2896, offset 185604, offset_end none, flags 0x0
0:00:00.494444994 [334m19341[00m 0x7f493c009630 [33;01mLOG    [00m [00m      queue_dataflow gstqueue.c:1183:gst_queue_chain_buffer_or_list:<queue2>[00m received buffer 0x7f4924073e70 of size 2896, time 99:99:99.999999999, duration 99:99:99.999999999
0:00:00.494542447 [334m19341[00m 0x7f4934007540 [37mDEBUG  [00m [00;01;35m      GST_SCHEDULING gstpad.c:4202:gst_pad_chain_data_unchecked:<typefind:sink>[00m calling chainfunction &gst_type_find_element_chain with buffer buffer: 0x7f492c011810, pts 99:99:99.999999999, dts 99:99:99.999999999, dur 99:99:99.999999999, size 4096, offset 1708, offset_end 5804, flags 0x0
0:00:00.494544868 [334m19341[00m 0x7f493c009630 [33;01mLOG    [00m [00m               queue gstqueue.c:633:apply_buffer:<queue2>[00m sink position updated to 0:00:00.000000806
0:00:00.494594597 [334m19341[00m 0x7f493c009630 [33;01mLOG    [00m [00m               queue gstqueue.c:529:update_time_level:<queue2>[00m update sink time
0:00:00.494605150 [334m19341[00m 0x7f493c009630 [33;01mLOG    [00m [00m               queue gstqueue.c:547:update_time_level:<queue2>[00m sink +0:00:00.000000806, src +0:00:00.000000806
0:00:00.494636123 [334m19341[00m 0x7f493c009590 [33;01mLOG    [00m [00m       adaptivedemux gstadaptivedemux.c:2114:gst_adaptive_demux_stream_push_buffer:<dashdemux0:audio_01>[00m Push result: 0 ok
0:00:00.494641305 [334m19341[00m 0x7f493c009630 [37mDEBUG  [00m [00;01;35m      GST_SCHEDULING gstpad.c:4208:gst_pad_chain_data_unchecked:<queue2:sink>[00m called chainfunction &gst_queue_chain with buffer 0x7f4924073e70, returned ok
0:00:00.494692787 [334m19341[00m 0x7f49300068a0 [37mDEBUG  [00m [00;01;34m           GST_EVENT gstpad.c:5548:gst_pad_send_event_unchecked:<aacparse1:sink>[00m have event type tag event: 0x7f4934007f30, time 99:99:99.999999999, seq-num 461, GstTagList-global, taglist=(taglist)"taglist\,\ datetime\=\(datetime\)2015-11-30T10:07:14Z\,\ container-format\=\(string\)\"ISO\\\ fMP4\"\;";
0:00:00.494789154 [334m19341[00m 0x7f49300068a0 [37mDEBUG  [00m [00;01;31;41m            GST_PADS gstpad.c:5622:gst_pad_send_event_unchecked:<aacparse1:sink>[00m sent event, ret ok
0:00:00.494800800 [334m19341[00m 0x7f49300068a0 [33;01mLOG    [00m [00;01;31;41m            GST_PADS gstpad.c:5097:store_sticky_event:<aacparse1:sink>[00m stored sticky event tag
0:00:00.494840656 [334m19341[00m 0x7f49480038f0 [37mDEBUG  [00m [00;01;35m      GST_SCHEDULING gstpad.c:4202:gst_pad_chain_data_unchecked:<queue2-1:sink>[00m calling chainfunction &gst_queue2_chain with buffer buffer: 0x7f49240735f0, pts 99:99:99.999999999, dts 99:99:99.999999999, dur 99:99:99.999999999, size 5792, offset 211745, offset_end 217537, flags 0x0
0:00:00.494928007 [334m19341[00m 0x7f49480038f0 [33;01mLOG    [00m [00m     queue2_dataflow gstqueue2.c:2816:gst_queue2_chain:<queue2-1>[00m received buffer 0x7f49240735f0 of size 5792, time 99:99:99.999999999, duration 99:99:99.999999999
0:00:00.494982669 [334m19341[00m 0x7f49480038f0 [37mDEBUG  [00m [00m              queue2 gstqueue2.c:842:apply_buffer:<queue2-1>[00m position updated to 0:00:01.156427192
0:00:00.495058797 [334m19341[00m 0x7f49480038f0 [37mDEBUG  [00m [00m              queue2 gstqueue2.c:740:update_time_level:<queue2-1>[00m sink 0:00:01.156427192, src 0:00:00.000000000
0:00:00.495115143 [334m19341[00m 0x7f49480038f0 [37mDEBUG  [00m [00m              queue2 gstqueue2.c:1199:update_in_rates:<queue2-1>[00m rates: in 0.000000, time 0:00:00.000000000
0:00:00.495160657 [334m19341[00m 0x7f49480038f0 [37mDEBUG  [00m [00;01;35m      GST_SCHEDULING gstpad.c:4208:gst_pad_chain_data_unchecked:<queue2-1:sink>[00m called chainfunction &gst_queue2_chain with buffer 0x7f49240735f0, returned ok
0:00:00.495311165 [334m19341[00m 0x7f493c009590 [37mDEBUG  [00m [00m           dashdemux gstdashdemux.c:1477:gst_dash_demux_stream_advance_fragment:<dashdemux0:audio_01>[00m Advance fragment
0:00:00.495384807 [334m19341[00m 0x7f49300068a0 [37mDEBUG  [00m [00;01;35m      GST_SCHEDULING gstpad.c:4208:gst_pad_chain_data_unchecked:<typefind:sink>[00m called chainfunction &gst_type_find_element_chain with buffer 0x7f494c0206e0, returned ok
0:00:00.495371634 [334m19341[00m 0x7f493c009630 [33;01mLOG    [00m [00m       adaptivedemux gstadaptivedemux.c:2401:_uri_handler_probe:<souphttpsrc2:src>[00m Received buffer, size 4344 total 192038
0:00:00.495348586 [334m19341[00m 0x7f493c009590 [37mDEBUG  [00m [00m           dashdemux gstdashdemux.c:1418:gst_dash_demux_stream_advance_subfragment:<dashdemux0:audio_01>[00m New sidx index: 1 / 14. Finished fragment: 0
0:00:00.495462214 [334m19341[00m 0x7f493c009590 [37mDEBUG  [00m [00m       adaptivedemux gstadaptivedemux.c:1913:gst_adaptive_demux_stream_update_current_bitrate:<dashdemux0>[00m Download bitrate is : 43207 bps
0:00:00.495521777 [334m19341[00m 0x7f493c009630 [37mDEBUG  [00m [00;01;35m      GST_SCHEDULING gstpad.c:4202:gst_pad_chain_data_unchecked:<queue2:sink>[00m calling chainfunction &gst_queue_chain with buffer buffer: 0x7f49240a5000, pts 99:99:99.999999999, dts 99:99:99.999999999, dur 99:99:99.999999999, size 4344, offset 188500, offset_end none, flags 0x0
0:00:00.495474488 [334m19341[00m 0x7f493c009590 [36mINFO   [00m [00m       adaptivedemux gstadaptivedemux.c:1918:gst_adaptive_demux_stream_update_current_bitrate:0x7f494c047660[00m last fragment bitrate was 43207
0:00:00.495549480 [334m19341[00m 0x7f493c009630 [33;01mLOG    [00m [00m      queue_dataflow gstqueue.c:1183:gst_queue_chain_buffer_or_list:<queue2>[00m received buffer 0x7f49240a5000 of size 4344, time 99:99:99.999999999, duration 99:99:99.999999999
0:00:00.495556682 [334m19341[00m 0x7f493c009590 [36mINFO   [00m [00m       adaptivedemux gstadaptivedemux.c:1921:gst_adaptive_demux_stream_update_current_bitrate:0x7f494c047660[00m Last 3 fragments average bitrate is 43207
0:00:00.495573130 [334m19341[00m 0x7f493c009630 [33;01mLOG    [00m [00m               queue gstqueue.c:633:apply_buffer:<queue2>[00m sink position updated to 0:00:00.000000806
0:00:00.495601624 [334m19341[00m 0x7f493c009630 [33;01mLOG    [00m [00m               queue gstqueue.c:529:update_time_level:<queue2>[00m update sink time
0:00:00.495583986 [334m19341[00m 0x7f493c009590 [37mDEBUG  [00m [00m       adaptivedemux gstadaptivedemux.c:1929:gst_adaptive_demux_stream_update_current_bitrate:<dashdemux0>[00m Bitrate after bitrate limit (0.80): 276520
0:00:00.495610919 [334m19341[00m 0x7f493c009630 [33;01mLOG    [00m [00m               queue gstqueue.c:547:update_time_level:<queue2>[00m sink +0:00:00.000000806, src +0:00:00.000000806
0:00:00.495630599 [334m19341[00m 0x7f493c009590 [37mDEBUG  [00m [00m           dashdemux gstdashdemux.c:1541:gst_dash_demux_stream_select_bitrate:<dashdemux0:audio_01>[00m Trying to change to bitrate: 34565
0:00:00.495622290 [334m19341[00m 0x7f49300068a0 [33;01mLOG    [00m [00m     queue2_dataflow gstqueue2.c:2373:gst_queue2_locked_dequeue:<queue2-0>[00m retrieved buffer 0x7f494c0207f0 from queue
0:00:00.495648441 [334m19341[00m 0x7f49300068a0 [37mDEBUG  [00m [00m              queue2 gstqueue2.c:842:apply_buffer:<queue2-0>[00m position updated to 0:00:00.000000000
0:00:00.495650460 [334m19341[00m 0x7f493c009590 [37mDEBUG  [00m [00m           dashdemux gstmpdparser.c:2502:gst_mpdparser_get_rep_idx_with_max_bandwidth:[00m max_bandwidth = 34565
0:00:00.495677537 [334m19341[00m 0x7f493c009630 [37mDEBUG  [00m [00;01;35m      GST_SCHEDULING gstpad.c:4208:gst_pad_chain_data_unchecked:<queue2:sink>[00m called chainfunction &gst_queue_chain with buffer 0x7f49240a5000, returned ok
0:00:00.495664709 [334m19341[00m 0x7f49300068a0 [37mDEBUG  [00m [00m              queue2 gstqueue2.c:740:update_time_level:<queue2-0>[00m sink 0:00:04.975489932, src 0:00:00.000000000
0:00:00.495692759 [334m19341[00m 0x7f49300068a0 [37mDEBUG  [00m [00m              queue2 gstqueue2.c:1239:update_out_rates:<queue2-0>[00m rates: out 0.000000, time 0:00:00.000000000
0:00:00.495715703 [334m19341[00m 0x7f49300068a0 [33;01mLOG    [00m [00m     queue2_dataflow gstqueue2.c:2444:gst_queue2_locked_dequeue:<queue2-0>[00m (queue2-0:src) signal DEL: 9 of 0 buffers, 81529 of 2097152 bytes, 4975489932 of 4000000000 ns, 10 items
0:00:00.495864459 [334m19341[00m 0x7f49300068a0 [33;01mLOG    [00m [00m     queue2_dataflow gstqueue2.c:2899:gst_queue2_push_one:<queue2-0>[00m (queue2-0:src) We have something dequeud: 9 of 0 buffers, 81529 of 2097152 bytes, 4975489932 of 4000000000 ns, 10 items
0:00:00.495889541 [334m19341[00m 0x7f4948003ed0 [33;01mLOG    [00m [00m     queue2_dataflow gstqueue2.c:1826:gst_queue2_wait_free_space:<queue2-0>[00m (queue2-0:sink) received DEL: 9 of 0 buffers, 81529 of 2097152 bytes, 4975489932 of 4000000000 ns, 10 items
0:00:00.495922527 [334m19341[00m 0x7f4948003ed0 [33;01mLOG    [00m [00m     queue2_dataflow gstqueue2.c:1826:gst_queue2_wait_free_space:<queue2-0>[00m (queue2-0:sink) wait for DEL: 9 of 0 buffers, 81529 of 2097152 bytes, 4975489932 of 4000000000 ns, 10 items
0:00:00.496039097 [334m19341[00m 0x7f49480038f0 [33;01mLOG    [00m [00m       adaptivedemux gstadaptivedemux.c:2114:gst_adaptive_demux_stream_push_buffer:<dashdemux0:video_00>[00m Push result: 0 ok
0:00:00.496054152 [334m19341[00m 0x7f49480038f0 [37mDEBUG  [00m [00;01;35m      GST_SCHEDULING gstpad.c:4208:gst_pad_chain_data_unchecked:<dashdemux0:internal-video_00>[00m called chainfunction &0x7f495259ee20 with buffer 0x7f49240735f0, returned ok
0:00:00.496130333 [334m19341[00m 0x7f49300068a0 [37mDEBUG  [00m [00;01;35m      GST_SCHEDULING gstpad.c:4202:gst_pad_chain_data_unchecked:<typefind:sink>[00m calling chainfunction &gst_type_find_element_chain with buffer buffer: 0x7f494c0207f0, pts 99:99:99.999999999, dts 99:99:99.999999999, dur 99:99:99.999999999, size 200, offset 606, offset_end 806, flags 0x0
0:00:00.496508809 [334m19341[00m 0x7f49480038f0 [33;01mLOG    [00m [00m      queue_dataflow gstqueue.c:846:gst_queue_locked_dequeue:<queue0>[00m retrieved buffer 0x7f4924073700 from queue
0:00:00.496521291 [334m19341[00m 0x7f493c009590 [37mDEBUG  [00m [00;01;35m      GST_SCHEDULING gstpad.c:4202:gst_pad_chain_data_unchecked:<queue2-2:sink>[00m calling chainfunction &gst_queue2_chain with buffer buffer: 0x7f4930004b50, pts 99:99:99.999999999, dts 99:99:99.999999999, dur 99:99:99.999999999, size 12043, offset 82337, offset_end 94380, flags 0x4000
0:00:00.496527270 [334m19341[00m 0x7f49480038f0 [33;01mLOG    [00m [00m               queue gstqueue.c:633:apply_buffer:<queue0>[00m src position updated to 0:00:00.000000886
0:00:00.496534668 [334m19341[00m 0x7f493c009590 [33;01mLOG    [00m [00m     queue2_dataflow gstqueue2.c:2816:gst_queue2_chain:<queue2-2>[00m received buffer 0x7f4930004b50 of size 12043, time 99:99:99.999999999, duration 99:99:99.999999999
0:00:00.496562906 [334m19341[00m 0x7f49480038f0 [33;01mLOG    [00m [00m               queue gstqueue.c:538:update_time_level:<queue0>[00m update src time
0:00:00.496580937 [334m19341[00m 0x7f493c009590 [37mDEBUG  [00m [00m     queue2_dataflow gstqueue2.c:1823:gst_queue2_wait_free_space:<queue2-2>[00m queue is full, waiting for free space
0:00:00.496589924 [334m19341[00m 0x7f49480038f0 [33;01mLOG    [00m [00m               queue gstqueue.c:547:update_time_level:<queue0>[00m sink +0:00:00.000000886, src +0:00:00.000000886
0:00:00.496607604 [334m19341[00m 0x7f493c009590 [33;01mLOG    [00m [00m     queue2_dataflow gstqueue2.c:1826:gst_queue2_wait_free_space:<queue2-2>[00m (queue2-2:sink) wait for DEL: 7 of 0 buffers, 76533 of 2097152 bytes, 4670597836 of 4000000000 ns, 7 items
0:00:00.496735438 [334m19341[00m 0x7f49480038f0 [37mDEBUG  [00m [00;01;35m      GST_SCHEDULING gstpad.c:4202:gst_pad_chain_data_unchecked:<dashdemux0:internal-video_00>[00m calling chainfunction &0x7f495259ee20 with buffer buffer: 0x7f4924073700, pts 99:99:99.999999999, dts 99:99:99.999999999, dur 99:99:99.999999999, size 5792, offset 217537, offset_end none, flags 0x0
0:00:00.496759614 [334m19341[00m 0x7f49480038f0 [37mDEBUG  [00m [00m       adaptivedemux gstadaptivedemux.c:2243:_src_chain:<dashdemux0:video_00>[00m Received buffer of size 5792
0:00:00.496991762 [334m19341[00m 0x7f49300068a0 [37mDEBUG  [00m [00;01;35m      GST_SCHEDULING gstpad.c:4208:gst_pad_chain_data_unchecked:<typefind:sink>[00m called chainfunction &gst_type_find_element_chain with buffer 0x7f494c0207f0, returned ok
0:00:00.497199397 [334m19341[00m 0x7f49480038f0 [37mDEBUG  [00m [00;01;35m      GST_SCHEDULING gstpad.c:4202:gst_pad_chain_data_unchecked:<queue2-1:sink>[00m calling chainfunction &gst_queue2_chain with buffer buffer: 0x7f4924073700, pts 99:99:99.999999999, dts 99:99:99.999999999, dur 99:99:99.999999999, size 5792, offset 217537, offset_end 223329, flags 0x0
0:00:00.497215849 [334m19341[00m 0x7f49480038f0 [33;01mLOG    [00m [00m     queue2_dataflow gstqueue2.c:2816:gst_queue2_chain:<queue2-1>[00m received buffer 0x7f4924073700 of size 5792, time 99:99:99.999999999, duration 99:99:99.999999999
0:00:00.497281532 [334m19341[00m 0x7f49300068a0 [33;01mLOG    [00m [00m     queue2_dataflow gstqueue2.c:2394:gst_queue2_locked_dequeue:<queue2-0>[00m retrieved event 0x7f49300055f0 from queue
0:00:00.497271271 [334m19341[00m 0x7f49480038f0 [37mDEBUG  [00m [00m              queue2 gstqueue2.c:842:apply_buffer:<queue2-1>[00m position updated to 0:00:01.187343395
0:00:00.497308910 [334m19341[00m 0x7f49480038f0 [37mDEBUG  [00m [00m              queue2 gstqueue2.c:740:update_time_level:<queue2-1>[00m sink 0:00:01.187343395, src 0:00:00.000000000
0:00:00.497306771 [334m19341[00m 0x7f49300068a0 [33;01mLOG    [00m [00m     queue2_dataflow gstqueue2.c:2444:gst_queue2_locked_dequeue:<queue2-0>[00m (queue2-0:src) signal DEL: 9 of 0 buffers, 81529 of 2097152 bytes, 4975489932 of 4000000000 ns, 9 items
0:00:00.497346676 [334m19341[00m 0x7f49300068a0 [33;01mLOG    [00m [00m     queue2_dataflow gstqueue2.c:2899:gst_queue2_push_one:<queue2-0>[00m (queue2-0:src) We have something dequeud: 9 of 0 buffers, 81529 of 2097152 bytes, 4975489932 of 4000000000 ns, 9 items
0:00:00.497328585 [334m19341[00m 0x7f49480038f0 [37mDEBUG  [00m [00m              queue2 gstqueue2.c:1199:update_in_rates:<queue2-1>[00m rates: in 0.000000, time 0:00:00.000000000
0:00:00.497379450 [334m19341[00m 0x7f49480038f0 [37mDEBUG  [00m [00;01;35m      GST_SCHEDULING gstpad.c:4208:gst_pad_chain_data_unchecked:<queue2-1:sink>[00m called chainfunction &gst_queue2_chain with buffer 0x7f4924073700, returned ok
0:00:00.497367693 [334m19341[00m 0x7f4948003ed0 [33;01mLOG    [00m [00m     queue2_dataflow gstqueue2.c:1826:gst_queue2_wait_free_space:<queue2-0>[00m (queue2-0:sink) received DEL: 9 of 0 buffers, 81529 of 2097152 bytes, 4975489932 of 4000000000 ns, 9 items
0:00:00.497458587 [334m19341[00m 0x7f49480038f0 [33;01mLOG    [00m [00m       adaptivedemux gstadaptivedemux.c:2114:gst_adaptive_demux_stream_push_buffer:<dashdemux0:video_00>[00m Push result: 0 ok
0:00:00.497471455 [334m19341[00m 0x7f49480038f0 [37mDEBUG  [00m [00;01;35m      GST_SCHEDULING gstpad.c:4208:gst_pad_chain_data_unchecked:<dashdemux0:internal-video_00>[00m called chainfunction &0x7f495259ee20 with buffer 0x7f4924073700, returned ok
0:00:00.497475131 [334m19341[00m 0x7f4948003ed0 [33;01mLOG    [00m [00m     queue2_dataflow gstqueue2.c:1826:gst_queue2_wait_free_space:<queue2-0>[00m (queue2-0:sink) wait for DEL: 9 of 0 buffers, 81529 of 2097152 bytes, 4975489932 of 4000000000 ns, 9 items
0:00:00.497501463 [334m19341[00m 0x7f49300068a0 [33;01mLOG    [00m [00m              queue2 gstqueue2.c:2939:gst_queue2_push_one:<queue2-0>[00m src pad bitrate from tags now 131089
0:00:00.497522152 [334m19341[00m 0x7f49300068a0 [33;01mLOG    [00m [00;01;31;41m            GST_PADS gstpad.c:5097:store_sticky_event:<queue2-0:src>[00m stored sticky event tag
0:00:00.497552844 [334m19341[00m 0x7f49300068a0 [37mDEBUG  [00m [00;01;31;41m            GST_PADS gstpad.c:3862:check_sticky:<queue2-0:src>[00m pushing all sticky events
0:00:00.497602094 [334m19341[00m 0x7f49300068a0 [37mDEBUG  [00m [00;01;31;41m            GST_PADS gstpad.c:3794:push_sticky:<queue2-0:src>[00m event stream-start was already received
0:00:00.497634764 [334m19341[00m 0x7f49300068a0 [37mDEBUG  [00m [00;01;31;41m            GST_PADS gstpad.c:3794:push_sticky:<queue2-0:src>[00m event caps was already received
0:00:00.497658763 [334m19341[00m 0x7f49300068a0 [37mDEBUG  [00m [00;01;31;41m            GST_PADS gstpad.c:3794:push_sticky:<queue2-0:src>[00m event segment was already received
0:00:00.497680855 [334m19341[00m 0x7f49480038f0 [37mDEBUG  [00m [00m      queue_dataflow gstqueue.c:1491:gst_queue_loop:<queue0>[00m queue is empty
0:00:00.497720255 [334m19341[00m 0x7f49480038f0 [33;01mLOG    [00m [00m      queue_dataflow gstqueue.c:1500:gst_queue_loop:<queue0>[00m (queue0:src) wait for ADD: 0 of 0-0 buffers, 0 of 0-20971520 bytes, 0 of 0-0 ns, 0 items
0:00:00.497781871 [334m19341[00m 0x7f49300068a0 [33;01mLOG    [00m [00m        urisourcebin gsturisourcebin.c:1263:source_pad_event_probe:<queue2-0:src>[00m tag, urisrc 0x7f49300055f0
0:00:00.497874009 [334m19341[00m 0x7f49300068a0 [33;01mLOG    [00m [00;01;31;41m            GST_PADS gstpad.c:5261:gst_pad_push_event_unchecked:<queue2-0:src>[00m sending event 0x7f49300055f0 (tag) to peerpad <src_0:proxypad4>
0:00:00.497905145 [334m19341[00m 0x7f49300068a0 [37mDEBUG  [00m [00;01;34m           GST_EVENT gstpad.c:5548:gst_pad_send_event_unchecked:<src_0:proxypad4>[00m have event type tag event: 0x7f49300055f0, time 99:99:99.999999999, seq-num 362, GstTagList-stream, taglist=(taglist)"taglist\,\ nominal-bitrate\=\(uint\)131089\;";
0:00:00.497972477 [334m19341[00m 0x7f49300068a0 [33;01mLOG    [00m [00;01;31;41m            GST_PADS gstpad.c:2944:gst_pad_forward:<src_0:proxypad4>[00m calling forward function on pad urisourcebin0:src_0
0:00:00.498024936 [334m19341[00m 0x7f49300068a0 [33;01mLOG    [00m [00;01;31;41m            GST_PADS gstpad.c:2989:event_forward_func:<urisourcebin0:src_0>[00m Reffing and pushing event 0x7f49300055f0 (tag) to urisourcebin0:src_0
0:00:00.498091161 [334m19341[00m 0x7f49300068a0 [33;01mLOG    [00m [00;01;31;41m            GST_PADS gstpad.c:5097:store_sticky_event:<urisourcebin0:src_0>[00m stored sticky event tag
0:00:00.498103912 [334m19341[00m 0x7f49300068a0 [37mDEBUG  [00m [00;01;31;41m            GST_PADS gstpad.c:3862:check_sticky:<urisourcebin0:src_0>[00m pushing all sticky events
0:00:00.498136710 [334m19341[00m 0x7f49300068a0 [37mDEBUG  [00m [00;01;31;41m            GST_PADS gstpad.c:3794:push_sticky:<urisourcebin0:src_0>[00m event stream-start was already received
0:00:00.498153588 [334m19341[00m 0x7f49300068a0 [37mDEBUG  [00m [00;01;31;41m            GST_PADS gstpad.c:3794:push_sticky:<urisourcebin0:src_0>[00m event caps was already received
0:00:00.498165378 [334m19341[00m 0x7f49300068a0 [37mDEBUG  [00m [00;01;31;41m            GST_PADS gstpad.c:3794:push_sticky:<urisourcebin0:src_0>[00m event segment was already received
0:00:00.498183574 [334m19341[00m 0x7f49300068a0 [33;01mLOG    [00m [00;01;31;41m            GST_PADS gstpad.c:5261:gst_pad_push_event_unchecked:<urisourcebin0:src_0>[00m sending event 0x7f49300055f0 (tag) to peerpad <decodebin3-0:sink>
0:00:00.498196922 [334m19341[00m 0x7f49300068a0 [37mDEBUG  [00m [00;01;34m           GST_EVENT gstpad.c:5548:gst_pad_send_event_unchecked:<decodebin3-0:sink>[00m have event type tag event: 0x7f49300055f0, time 99:99:99.999999999, seq-num 362, GstTagList-stream, taglist=(taglist)"taglist\,\ nominal-bitrate\=\(uint\)131089\;";
0:00:00.498253391 [334m19341[00m 0x7f49300068a0 [33;01mLOG    [00m [00;01;31;41m            GST_PADS gstpad.c:2944:gst_pad_forward:<decodebin3-0:sink>[00m calling forward function on pad sink:proxypad0
0:00:00.498269790 [334m19341[00m 0x7f49300068a0 [33;01mLOG    [00m [00;01;31;41m            GST_PADS gstpad.c:2989:event_forward_func:<sink:proxypad0>[00m Reffing and pushing event 0x7f49300055f0 (tag) to sink:proxypad0
0:00:00.498285229 [334m19341[00m 0x7f49300068a0 [33;01mLOG    [00m [00;01;31;41m            GST_PADS gstpad.c:5097:store_sticky_event:<sink:proxypad0>[00m stored sticky event tag
0:00:00.498307521 [334m19341[00m 0x7f49300068a0 [37mDEBUG  [00m [00;01;31;41m            GST_PADS gstpad.c:3862:check_sticky:<sink:proxypad0>[00m pushing all sticky events
0:00:00.498323530 [334m19341[00m 0x7f49300068a0 [37mDEBUG  [00m [00;01;31;41m            GST_PADS gstpad.c:3794:push_sticky:<sink:proxypad0>[00m event stream-start was already received
0:00:00.498335926 [334m19341[00m 0x7f49300068a0 [37mDEBUG  [00m [00;01;31;41m            GST_PADS gstpad.c:3794:push_sticky:<sink:proxypad0>[00m event caps was already received
0:00:00.498345251 [334m19341[00m 0x7f49300068a0 [37mDEBUG  [00m [00;01;31;41m            GST_PADS gstpad.c:3794:push_sticky:<sink:proxypad0>[00m event segment was already received
0:00:00.498356007 [334m19341[00m 0x7f49300068a0 [33;01mLOG    [00m [00;01;31;41m            GST_PADS gstpad.c:5261:gst_pad_push_event_unchecked:<sink:proxypad0>[00m sending event 0x7f49300055f0 (tag) to peerpad <parsebin0:sink>
0:00:00.498411035 [334m19341[00m 0x7f49300068a0 [37mDEBUG  [00m [00;01;34m           GST_EVENT gstpad.c:5548:gst_pad_send_event_unchecked:<parsebin0:sink>[00m have event type tag event: 0x7f49300055f0, time 99:99:99.999999999, seq-num 362, GstTagList-stream, taglist=(taglist)"taglist\,\ nominal-bitrate\=\(uint\)131089\;";
0:00:00.498477465 [334m19341[00m 0x7f49300068a0 [33;01mLOG    [00m [00;01;31;41m            GST_PADS gstpad.c:2944:gst_pad_forward:<parsebin0:sink>[00m calling forward function on pad sink:proxypad6
0:00:00.498489814 [334m19341[00m 0x7f49300068a0 [33;01mLOG    [00m [00;01;31;41m            GST_PADS gstpad.c:2989:event_forward_func:<sink:proxypad6>[00m Reffing and pushing event 0x7f49300055f0 (tag) to sink:proxypad6
0:00:00.498550651 [334m19341[00m 0x7f49300068a0 [33;01mLOG    [00m [00;01;31;41m            GST_PADS gstpad.c:5097:store_sticky_event:<sink:proxypad6>[00m stored sticky event tag
0:00:00.498634739 [334m19341[00m 0x7f49300068a0 [37mDEBUG  [00m [00;01;31;41m            GST_PADS gstpad.c:3862:check_sticky:<sink:proxypad6>[00m pushing all sticky events
0:00:00.498646188 [334m19341[00m 0x7f49300068a0 [37mDEBUG  [00m [00;01;31;41m            GST_PADS gstpad.c:3794:push_sticky:<sink:proxypad6>[00m event stream-start was already received
0:00:00.498658427 [334m19341[00m 0x7f49300068a0 [37mDEBUG  [00m [00;01;31;41m            GST_PADS gstpad.c:3794:push_sticky:<sink:proxypad6>[00m event caps was already received
0:00:00.498676045 [334m19341[00m 0x7f49300068a0 [37mDEBUG  [00m [00;01;31;41m            GST_PADS gstpad.c:3794:push_sticky:<sink:proxypad6>[00m event segment was already received
0:00:00.498694124 [334m19341[00m 0x7f49300068a0 [33;01mLOG    [00m [00;01;31;41m            GST_PADS gstpad.c:5261:gst_pad_push_event_unchecked:<sink:proxypad6>[00m sending event 0x7f49300055f0 (tag) to peerpad <typefind:sink>
0:00:00.498713655 [334m19341[00m 0x7f49300068a0 [37mDEBUG  [00m [00;01;34m           GST_EVENT gstpad.c:5548:gst_pad_send_event_unchecked:<typefind:sink>[00m have event type tag event: 0x7f49300055f0, time 99:99:99.999999999, seq-num 362, GstTagList-stream, taglist=(taglist)"taglist\,\ nominal-bitrate\=\(uint\)131089\;";
0:00:00.498758091 [334m19341[00m 0x7f49300068a0 [33;01mLOG    [00m [00;01;31;41m            GST_PADS gstpad.c:5097:store_sticky_event:<typefind:src>[00m stored sticky event tag
0:00:00.498783530 [334m19341[00m 0x7f49300068a0 [37mDEBUG  [00m [00;01;31;41m            GST_PADS gstpad.c:3862:check_sticky:<typefind:src>[00m pushing all sticky events
0:00:00.498829058 [334m19341[00m 0x7f49300068a0 [37mDEBUG  [00m [00;01;31;41m            GST_PADS gstpad.c:3794:push_sticky:<typefind:src>[00m event stream-start was already received
0:00:00.498841122 [334m19341[00m 0x7f49300068a0 [37mDEBUG  [00m [00;01;31;41m            GST_PADS gstpad.c:3794:push_sticky:<typefind:src>[00m event caps was already received
0:00:00.498859297 [334m19341[00m 0x7f49300068a0 [37mDEBUG  [00m [00;01;31;41m            GST_PADS gstpad.c:3794:push_sticky:<typefind:src>[00m event segment was already received
0:00:00.499266647 [334m19341[00m 0x7f49300068a0 [37mDEBUG  [00m [00;01;34m           GST_EVENT gstpad.c:5548:gst_pad_send_event_unchecked:<aacparse1:sink>[00m have event type tag event: 0x7f49300055f0, time 99:99:99.999999999, seq-num 362, GstTagList-stream, taglist=(taglist)"taglist\,\ nominal-bitrate\=\(uint\)131089\;";
0:00:00.499469642 [334m19341[00m 0x7f49300068a0 [37mDEBUG  [00m [00;01;34m           GST_EVENT gstevent.c:305:gst_event_new_custom:[00m creating new event 0x7f4934007ec0 tag 20510
0:00:00.499507732 [334m19341[00m 0x7f49300068a0 [37mDEBUG  [00m [00;01;31;41m            GST_PADS gstpad.c:5622:gst_pad_send_event_unchecked:<aacparse1:sink>[00m sent event, ret ok
0:00:00.499519585 [334m19341[00m 0x7f49300068a0 [33;01mLOG    [00m [00;01;34m           GST_EVENT gstevent.c:222:_gst_event_free:[00m freeing event 0x7f4910004170 type tag
0:00:00.499538521 [334m19341[00m 0x7f49300068a0 [33;01mLOG    [00m [00;01;31;41m            GST_PADS gstpad.c:5097:store_sticky_event:<aacparse1:sink>[00m stored sticky event tag
0:00:00.499837564 [334m19341[00m 0x7f49300068a0 [37mDEBUG  [00m [00;01;31;41m            GST_PADS gstpad.c:3814:push_sticky:<typefind:src>[00m event tag marked received
0:00:00.499850168 [334m19341[00m 0x7f49300068a0 [37mDEBUG  [00m [00;01;31;41m            GST_PADS gstpad.c:5622:gst_pad_send_event_unchecked:<typefind:sink>[00m sent event, ret ok
0:00:00.499863571 [334m19341[00m 0x7f49300068a0 [33;01mLOG    [00m [00;01;31;41m            GST_PADS gstpad.c:5097:store_sticky_event:<typefind:sink>[00m stored sticky event tag
0:00:00.499889586 [334m19341[00m 0x7f49300068a0 [33;01mLOG    [00m [00;01;31;41m            GST_PADS gstpad.c:5269:gst_pad_push_event_unchecked:<sink:proxypad6>[00m sent event 0x7f49300055f0 (tag) to peerpad <typefind:sink>, ret ok
0:00:00.499905155 [334m19341[00m 0x7f49300068a0 [37mDEBUG  [00m [00;01;31;41m            GST_PADS gstpad.c:3814:push_sticky:<sink:proxypad6>[00m event tag marked received
0:00:00.499917971 [334m19341[00m 0x7f49300068a0 [37mDEBUG  [00m [00;01;31;41m            GST_PADS gstpad.c:5622:gst_pad_send_event_unchecked:<parsebin0:sink>[00m sent event, ret ok
0:00:00.499940860 [334m19341[00m 0x7f49300068a0 [33;01mLOG    [00m [00;01;31;41m            GST_PADS gstpad.c:5097:store_sticky_event:<parsebin0:sink>[00m stored sticky event tag
0:00:00.500031498 [334m19341[00m 0x7f49300068a0 [33;01mLOG    [00m [00;01;31;41m            GST_PADS gstpad.c:5269:gst_pad_push_event_unchecked:<sink:proxypad0>[00m sent event 0x7f49300055f0 (tag) to peerpad <parsebin0:sink>, ret ok
0:00:00.500066709 [334m19341[00m 0x7f49300068a0 [37mDEBUG  [00m [00;01;31;41m            GST_PADS gstpad.c:3814:push_sticky:<sink:proxypad0>[00m event tag marked received
