0:00:00.234373493 [334m19341[00m      0x1901ed0 [37mDEBUG  [00m [00m                task gsttask.c:687:gst_task_set_state:<task2>[00m Changing task 0x1923830 to state 0
0:00:00.234404956 [334m19341[00m      0x1901ed0 [37mDEBUG  [00m [00m                task gsttask.c:687:gst_task_set_state:<task3>[00m Changing task 0x1923b90 to state 0
0:00:00.234420338 [334m19341[00m 0x7f494c03f850 [37mDEBUG  [00m [00m                task gsttask.c:289:gst_task_func:[00m Entering task 0x1923830, thread 0x7f494c03f850
0:00:00.234436684 [334m19341[00m      0x1901ed0 [37mDEBUG  [00m [00m                task gsttask.c:687:gst_task_set_state:<task4>[00m Changing task 0x1923ef0 to state 0
0:00:00.234438304 [334m19341[00m 0x7f494c03f850 [37mDEBUG  [00m [00m                task gsttask.c:251:gst_task_configure_name:<task2>[00m Setting thread name to 'task2'
0:00:00.234462453 [334m19341[00m 0x7f494c03f850 [33;01mLOG    [00m [00m       adaptivedemux gstadaptivedemux.c:3156:gst_adaptive_demux_stream_download_loop:<dashdemux0:video_00>[00m download loop start
0:00:00.234455369 [334m19341[00m 0x7f494c03f800 [37mDEBUG  [00m [00m                task gsttask.c:289:gst_task_func:[00m Entering task 0x1923b90, thread 0x7f494c03f800
0:00:00.234470556 [334m19341[00m      0x1901ed0 [37mDEBUG  [00m [00;01;31;41m            GST_PADS gstpad.c:5622:gst_pad_send_event_unchecked:<dashdemux0:sink>[00m sent event, ret ok
0:00:00.234470216 [334m19341[00m 0x7f494c03f850 [37mDEBUG  [00m [00m           dashdemux gstmpdparser.c:5385:gst_mpd_client_get_next_header:[00m Looking for current representation header
0:00:00.234483525 [334m19341[00m 0x7f494c03f800 [37mDEBUG  [00m [00m                task gsttask.c:251:gst_task_configure_name:<task3>[00m Setting thread name to 'task3'
0:00:00.234484607 [334m19341[00m      0x1901ed0 [33;01mLOG    [00m [00;01;31;41m            GST_PADS gstpad.c:5097:store_sticky_event:<dashdemux0:sink>[00m stored sticky event eos
0:00:00.234483384 [334m19341[00m 0x7f494c03fd40 [37mDEBUG  [00m [00m                task gsttask.c:289:gst_task_func:[00m Entering task 0x1923ef0, thread 0x7f494c03fd40
0:00:00.234506530 [334m19341[00m 0x7f494c03f850 [37mDEBUG  [00m [00m           dashdemux gstmpdparser.c:5433:gst_mpd_client_get_next_header_index:[00m Looking for current representation index
0:00:00.234508841 [334m19341[00m      0x1901ed0 [33;01mLOG    [00m [00;01;31;41m            GST_PADS gstpad.c:5269:gst_pad_push_event_unchecked:<typefindelement0:src>[00m sent event 0x7f494c03a870 (eos) to peerpad <dashdemux0:sink>, ret ok
0:00:00.234545474 [334m19341[00m      0x1901ed0 [37mDEBUG  [00m [00;01;31;41m            GST_PADS gstpad.c:3814:push_sticky:<typefindelement0:src>[00m event eos marked received
0:00:00.234547647 [334m19341[00m 0x7f494c03f800 [33;01mLOG    [00m [00m       adaptivedemux gstadaptivedemux.c:3156:gst_adaptive_demux_stream_download_loop:<dashdemux0:audio_00>[00m download loop start
0:00:00.234543902 [334m19341[00m 0x7f494c03fd40 [37mDEBUG  [00m [00m                task gsttask.c:251:gst_task_configure_name:<task4>[00m Setting thread name to 'task4'
0:00:00.234551040 [334m19341[00m 0x7f494c03f850 [37mDEBUG  [00m [00m           dashdemux gstmpdparser.c:4974:gst_mpd_client_get_next_fragment_timestamp:[00m Stream index: 0
0:00:00.234576388 [334m19341[00m 0x7f494c03f850 [37mDEBUG  [00m [00m           dashdemux gstmpdparser.c:4980:gst_mpd_client_get_next_fragment_timestamp:[00m Looking for fragment sequence chunk 0 / 1
0:00:00.234570342 [334m19341[00m      0x1901ed0 [37mDEBUG  [00m [00;01;31;41m            GST_PADS gstpad.c:3794:push_sticky:<typefindelement0:src>[00m event custom-downstream-sticky was already received
0:00:00.234591078 [334m19341[00m      0x1901ed0 [37mDEBUG  [00m [00;01;31;41m            GST_PADS gstpad.c:5622:gst_pad_send_event_unchecked:<typefindelement0:sink>[00m sent event, ret ok
0:00:00.234599712 [334m19341[00m      0x1901ed0 [33;01mLOG    [00m [00;01;31;41m            GST_PADS gstpad.c:5097:store_sticky_event:<typefindelement0:sink>[00m stored sticky event eos
0:00:00.234607515 [334m19341[00m      0x1901ed0 [33;01mLOG    [00m [00;01;31;41m            GST_PADS gstpad.c:5269:gst_pad_push_event_unchecked:<source:src>[00m sent event 0x7f494c03a870 (eos) to peerpad <typefindelement0:sink>, ret ok
0:00:00.234618960 [334m19341[00m 0x7f494c03fd40 [33;01mLOG    [00m [00m       adaptivedemux gstadaptivedemux.c:3156:gst_adaptive_demux_stream_download_loop:<dashdemux0:audio_01>[00m download loop start
0:00:00.234625116 [334m19341[00m      0x1901ed0 [37mDEBUG  [00m [00;01;31;41m            GST_PADS gstpad.c:3814:push_sticky:<source:src>[00m event eos marked received
0:00:00.234592012 [334m19341[00m 0x7f494c03f850 [37mDEBUG  [00m [00m           dashdemux gstmpdparser.c:5385:gst_mpd_client_get_next_header:[00m Looking for current representation header
0:00:00.234641766 [334m19341[00m      0x1901ed0 [37mDEBUG  [00m [00;01;31;41m            GST_PADS gstpad.c:3794:push_sticky:<source:src>[00m event custom-downstream-sticky was already received
0:00:00.234654755 [334m19341[00m      0x1901ed0 [36mINFO   [00m [00m                task gsttask.c:318:gst_task_func:<source:src>[00m Task going to paused
0:00:00.234655564 [334m19341[00m 0x7f494c03f850 [37mDEBUG  [00m [00m           dashdemux gstmpdparser.c:5433:gst_mpd_client_get_next_header_index:[00m Looking for current representation index
0:00:00.234677851 [334m19341[00m 0x7f494c03f850 [37mDEBUG  [00m [00m           dashdemux gstmpdparser.c:5087:gst_mpd_client_get_next_fragment:[00m Looking for fragment sequence chunk 0 / 1
0:00:00.234683910 [334m19341[00m 0x7f494c03f850 [37mDEBUG  [00m [00m           dashdemux gstmpdparser.c:5115:gst_mpd_client_get_next_fragment:[00m currentChunk->SegmentURL = (nil)
0:00:00.234689309 [334m19341[00m 0x7f494c03f850 [37mDEBUG  [00m [00m           dashdemux gstmpdparser.c:5139:gst_mpd_client_get_next_fragment:[00m mediaURL = (null)
0:00:00.234694262 [334m19341[00m 0x7f494c03f850 [37mDEBUG  [00m [00m           dashdemux gstmpdparser.c:5140:gst_mpd_client_get_next_fragment:[00m indexURL = (null)
0:00:00.234704791 [334m19341[00m 0x7f494c03f850 [37mDEBUG  [00m [00m           dashdemux gstmpdparser.c:5221:gst_mpd_client_get_next_fragment:[00m Loading chunk with URL http://dash.akamaized.net/dash264/TestCases/10a/1/German_Forest_SHORT_1v0-avc1.42c01e-68s-848x476-h264-1500000bps_seg.mp4
0:00:00.234711781 [334m19341[00m 0x7f494c03f850 [37mDEBUG  [00m [00m       adaptivedemux gstadaptivedemux.c:3287:gst_adaptive_demux_stream_download_loop:<dashdemux0:video_00>[00m Fragment info update result: 0 ok
0:00:00.234731732 [334m19341[00m 0x7f494c03f850 [37mDEBUG  [00m [00m       adaptivedemux gstadaptivedemux.c:2881:gst_adaptive_demux_stream_download_header_fragment:<dashdemux0>[00m Fetching header http://dash.akamaized.net/dash264/TestCases/10a/1/German_Forest_SHORT_1v0-avc1.42c01e-68s-848x476-h264-1500000bps_seg.mp4 0-685
0:00:00.234738232 [334m19341[00m 0x7f494c03f850 [37mDEBUG  [00m [00m       adaptivedemux gstadaptivedemux.c:2726:gst_adaptive_demux_stream_download_uri:<dashdemux0:video_00>[00m Downloading header uri: http://dash.akamaized.net/dash264/TestCases/10a/1/German_Forest_SHORT_1v0-avc1.42c01e-68s-848x476-h264-1500000bps_seg.mp4, range:0 - 685
0:00:00.234846837 [334m19341[00m 0x7f494c03f850 [37mDEBUG  [00m [00;01;31;41m            GST_PADS gstpad.c:1743:gst_pad_set_chain_function_full:<'':sink>[00m chainfunc set to gst_queue_chain
0:00:00.234855605 [334m19341[00m 0x7f494c03f850 [37mDEBUG  [00m [00;01;31;41m            GST_PADS gstpad.c:1780:gst_pad_set_chain_list_function_full:<'':sink>[00m chainlistfunc set to gst_queue_chain_list
0:00:00.234863766 [334m19341[00m 0x7f494c03f850 [37mDEBUG  [00m [00;01;31;41m            GST_PADS gstpad.c:1708:gst_pad_set_activatemode_function_full:<'':sink>[00m activatemodefunc set to 0x7f4956530490
0:00:00.234873685 [334m19341[00m 0x7f494c03f850 [37mDEBUG  [00m [00;01;31;41m            GST_PADS gstpad.c:1896:gst_pad_set_event_full_function_full:<'':sink>[00m eventfullfunc for set to gst_queue_handle_sink_event
0:00:00.234880226 [334m19341[00m 0x7f494c03f850 [37mDEBUG  [00m [00;01;31;41m            GST_PADS gstpad.c:1929:gst_pad_set_query_function_full:<'':sink>[00m queryfunc set to gst_queue_handle_sink_query
0:00:00.234910388 [334m19341[00m 0x7f494c03f850 [37mDEBUG  [00m [00;01;31;41m            GST_PADS gstpad.c:1708:gst_pad_set_activatemode_function_full:<'':src>[00m activatemodefunc set to gst_queue_src_activate_mode
0:00:00.234917757 [334m19341[00m 0x7f494c03f850 [37mDEBUG  [00m [00;01;31;41m            GST_PADS gstpad.c:1849:gst_pad_set_event_function_full:<'':src>[00m eventfunc for set to gst_queue_handle_src_event
0:00:00.234924080 [334m19341[00m 0x7f494c03f850 [37mDEBUG  [00m [00;01;31;41m            GST_PADS gstpad.c:1929:gst_pad_set_query_function_full:<'':src>[00m queryfunc set to gst_queue_handle_src_query
0:00:00.234947937 [334m19341[00m 0x7f494c03f850 [37mDEBUG  [00m [00m               queue gstqueue.c:477:gst_queue_init:<GstQueue@0x7f49480060f0>[00m initialized queue's not_empty & not_full conditions
0:00:00.235067305 [334m19341[00m 0x7f494c03f850 [37mDEBUG  [00m [00;01;31;41m            GST_PADS gstpad.c:1708:gst_pad_set_activatemode_function_full:<'':src>[00m activatemodefunc set to gst_base_src_activate_mode
0:00:00.235073411 [334m19341[00m 0x7f494c03f850 [37mDEBUG  [00m [00;01;31;41m            GST_PADS gstpad.c:1849:gst_pad_set_event_function_full:<'':src>[00m eventfunc for set to gst_base_src_event
0:00:00.235079265 [334m19341[00m 0x7f494c03f850 [37mDEBUG  [00m [00;01;31;41m            GST_PADS gstpad.c:1929:gst_pad_set_query_function_full:<'':src>[00m queryfunc set to gst_base_src_query
0:00:00.235085058 [334m19341[00m 0x7f494c03f850 [37mDEBUG  [00m [00;01;31;41m            GST_PADS gstpad.c:1816:gst_pad_set_getrange_function_full:<'':src>[00m getrangefunc set to gst_base_src_getrange
0:00:00.235415416 [334m19341[00m 0x7f494c03f850 [36mINFO   [00m [00;01;31;41m            GST_PADS gstpad.c:2315:gst_pad_link_prepare:[00m trying to link souphttpsrc0:src and queue0:sink
0:00:00.235422326 [334m19341[00m 0x7f494c03f850 [36mINFO   [00m [00;01;31;41m            GST_PADS gstpad.c:2523:gst_pad_link_full:[00m linked souphttpsrc0:src and queue0:sink, successful
0:00:00.235428697 [334m19341[00m 0x7f494c03f850 [36mINFO   [00m [00;01;34m           GST_EVENT gstevent.c:1511:gst_event_new_reconfigure:[00m creating reconfigure event
0:00:00.235433608 [334m19341[00m 0x7f494c03f850 [37mDEBUG  [00m [00;01;34m           GST_EVENT gstevent.c:305:gst_event_new_custom:[00m creating new event 0x7f494c03b2b0 reconfigure 61441
0:00:00.235440192 [334m19341[00m 0x7f494c03f850 [37mDEBUG  [00m [00;01;34m           GST_EVENT gstpad.c:5548:gst_pad_send_event_unchecked:<souphttpsrc0:src>[00m have event type reconfigure event: 0x7f494c03b2b0, time 99:99:99.999999999, seq-num 52, (NULL)
0:00:00.235447313 [334m19341[00m 0x7f494c03f850 [36mINFO   [00m [00;01;34m           GST_EVENT gstpad.c:5654:gst_pad_send_event_unchecked:<souphttpsrc0:src>[00m Received event on flushing pad. Discarding
0:00:00.235452396 [334m19341[00m 0x7f494c03f850 [33;01mLOG    [00m [00;01;34m           GST_EVENT gstevent.c:222:_gst_event_free:[00m freeing event 0x7f494c03b2b0 type reconfigure
0:00:00.235537453 [334m19341[00m 0x7f494c03f850 [33;01mLOG    [00m [00;01;31;41m            GST_PADS gstghostpad.c:700:gst_ghost_pad_new:[00m name:src, target:queue0:src
0:00:00.235543761 [334m19341[00m 0x7f494c03f850 [33;01mLOG    [00m [00;01;31;41m            GST_PADS gstghostpad.c:671:gst_ghost_pad_new_no_target:[00m name:src, direction:1
0:00:00.235613760 [334m19341[00m 0x7f494c03f850 [37mDEBUG  [00m [00;01;31;41m            GST_PADS gstghostpad.c:840:gst_ghost_pad_set_target:<'':src>[00m set target queue0:src
0:00:00.235620187 [334m19341[00m 0x7f494c03f850 [37mDEBUG  [00m [00;01;31;41m            GST_PADS gstghostpad.c:862:gst_ghost_pad_set_target:<'':src>[00m connecting internal pad to target <queue0:src>
0:00:00.235677744 [334m19341[00m 0x7f494c03f850 [36mINFO   [00m [00;01;31;41m            GST_PADS gstpad.c:2315:gst_pad_link_prepare:[00m trying to link queue0:src and src:proxypad1
0:00:00.235684758 [334m19341[00m 0x7f494c03f850 [36mINFO   [00m [00;01;31;41m            GST_PADS gstpad.c:2523:gst_pad_link_full:[00m linked queue0:src and src:proxypad1, successful
0:00:00.235691269 [334m19341[00m 0x7f494c03f850 [36mINFO   [00m [00;01;34m           GST_EVENT gstevent.c:1511:gst_event_new_reconfigure:[00m creating reconfigure event
0:00:00.235696229 [334m19341[00m 0x7f494c03f850 [37mDEBUG  [00m [00;01;34m           GST_EVENT gstevent.c:305:gst_event_new_custom:[00m creating new event 0x7f494c03b320 reconfigure 61441
0:00:00.235702727 [334m19341[00m 0x7f494c03f850 [37mDEBUG  [00m [00;01;34m           GST_EVENT gstpad.c:5548:gst_pad_send_event_unchecked:<queue0:src>[00m have event type reconfigure event: 0x7f494c03b320, time 99:99:99.999999999, seq-num 55, (NULL)
0:00:00.235709474 [334m19341[00m 0x7f494c03f850 [36mINFO   [00m [00;01;34m           GST_EVENT gstpad.c:5654:gst_pad_send_event_unchecked:<queue0:src>[00m Received event on flushing pad. Discarding
0:00:00.235714314 [334m19341[00m 0x7f494c03f850 [33;01mLOG    [00m [00;01;34m           GST_EVENT gstevent.c:222:_gst_event_free:[00m freeing event 0x7f494c03b320 type reconfigure
0:00:00.235894019 [334m19341[00m 0x7f494c03f850 [33;01mLOG    [00m [00m            playbin3 gstplaybin3.c:2627:gst_play_bin3_deep_element_added:<playbin>[00m element <srcbin-video_00> was added to <dashdemux0>
0:00:00.235939603 [334m19341[00m 0x7f494c03f850 [33;01mLOG    [00m [00m            playbin3 gstplaybin3.c:2627:gst_play_bin3_deep_element_added:<playbin>[00m element <souphttpsrc0> was added to <srcbin-video_00>
0:00:00.235978431 [334m19341[00m 0x7f494c03f850 [33;01mLOG    [00m [00m            playbin3 gstplaybin3.c:2627:gst_play_bin3_deep_element_added:<playbin>[00m element <queue0> was added to <srcbin-video_00>
0:00:00.236008702 [334m19341[00m 0x7f494c03f850 [37mDEBUG  [00m [00;01;31;41m            GST_PADS gstpad.c:1063:gst_pad_set_active:<dashdemux0:internal-video_00>[00m activating pad from none
0:00:00.236014112 [334m19341[00m 0x7f494c03f850 [37mDEBUG  [00m [00;01;31;41m            GST_PADS gstpad.c:979:pre_activate:<dashdemux0:internal-video_00>[00m setting pad into push mode, unset flushing
0:00:00.236020159 [334m19341[00m 0x7f494c03f850 [37mDEBUG  [00m [00;01;31;41m            GST_PADS gstpad.c:1188:activate_mode_internal:<dashdemux0:internal-video_00>[00m activated in push mode
0:00:00.236028614 [334m19341[00m 0x7f494c03f850 [37mDEBUG  [00m [00;01;31;41m            GST_PADS gstpad.c:1743:gst_pad_set_chain_function_full:<dashdemux0:internal-video_00>[00m chainfunc set to 0x7f495259ee20
0:00:00.236035647 [334m19341[00m 0x7f494c03f850 [37mDEBUG  [00m [00;01;31;41m            GST_PADS gstpad.c:1849:gst_pad_set_event_function_full:<dashdemux0:internal-video_00>[00m eventfunc for set to 0x7f495259ec90
0:00:00.236042392 [334m19341[00m 0x7f494c03f850 [37mDEBUG  [00m [00;01;31;41m            GST_PADS gstpad.c:1929:gst_pad_set_query_function_full:<dashdemux0:internal-video_00>[00m queryfunc set to 0x7f495259ec60
0:00:00.236102030 [334m19341[00m 0x7f494c03f850 [36mINFO   [00m [00;01;31;41m            GST_PADS gstpad.c:2315:gst_pad_link_prepare:[00m trying to link srcbin-video_00:src and dashdemux0:internal-video_00
0:00:00.236108968 [334m19341[00m 0x7f494c03f850 [36mINFO   [00m [00;01;31;41m            GST_PADS gstpad.c:2523:gst_pad_link_full:[00m linked srcbin-video_00:src and dashdemux0:internal-video_00, successful
0:00:00.236115461 [334m19341[00m 0x7f494c03f850 [36mINFO   [00m [00;01;34m           GST_EVENT gstevent.c:1511:gst_event_new_reconfigure:[00m creating reconfigure event
0:00:00.236120366 [334m19341[00m 0x7f494c03f850 [37mDEBUG  [00m [00;01;34m           GST_EVENT gstevent.c:305:gst_event_new_custom:[00m creating new event 0x7f4948003030 reconfigure 61441
0:00:00.236126943 [334m19341[00m 0x7f494c03f850 [37mDEBUG  [00m [00;01;34m           GST_EVENT gstpad.c:5548:gst_pad_send_event_unchecked:<srcbin-video_00:src>[00m have event type reconfigure event: 0x7f4948003030, time 99:99:99.999999999, seq-num 58, (NULL)
0:00:00.236133788 [334m19341[00m 0x7f494c03f850 [36mINFO   [00m [00;01;34m           GST_EVENT gstpad.c:5654:gst_pad_send_event_unchecked:<srcbin-video_00:src>[00m Received event on flushing pad. Discarding
0:00:00.236138527 [334m19341[00m 0x7f494c03f850 [33;01mLOG    [00m [00;01;34m           GST_EVENT gstevent.c:222:_gst_event_free:[00m freeing event 0x7f4948003030 type reconfigure
0:00:00.236215632 [334m19341[00m 0x7f494c03f800 [37mDEBUG  [00m [00m           dashdemux gstmpdparser.c:5385:gst_mpd_client_get_next_header:[00m Looking for current representation header
0:00:00.236252035 [334m19341[00m 0x7f494c03f800 [37mDEBUG  [00m [00m           dashdemux gstmpdparser.c:5433:gst_mpd_client_get_next_header_index:[00m Looking for current representation index
0:00:00.236279156 [334m19341[00m 0x7f494c03f800 [37mDEBUG  [00m [00m           dashdemux gstmpdparser.c:4974:gst_mpd_client_get_next_fragment_timestamp:[00m Stream index: 1
0:00:00.236280435 [334m19341[00m 0x7f494c03f850 [37mDEBUG  [00m [00;01;31;41m            GST_PADS gstpad.c:1074:gst_pad_set_active:<srcbin-video_00:src>[00m pad was inactive
0:00:00.236289321 [334m19341[00m 0x7f494c03f800 [37mDEBUG  [00m [00m           dashdemux gstmpdparser.c:4980:gst_mpd_client_get_next_fragment_timestamp:[00m Looking for fragment sequence chunk 0 / 1
0:00:00.236305602 [334m19341[00m 0x7f494c03f800 [37mDEBUG  [00m [00m           dashdemux gstmpdparser.c:5385:gst_mpd_client_get_next_header:[00m Looking for current representation header
0:00:00.236332174 [334m19341[00m 0x7f494c03f800 [37mDEBUG  [00m [00m           dashdemux gstmpdparser.c:5433:gst_mpd_client_get_next_header_index:[00m Looking for current representation index
0:00:00.236352367 [334m19341[00m 0x7f494c03f800 [37mDEBUG  [00m [00m           dashdemux gstmpdparser.c:5087:gst_mpd_client_get_next_fragment:[00m Looking for fragment sequence chunk 0 / 1
0:00:00.236363485 [334m19341[00m 0x7f494c03f800 [37mDEBUG  [00m [00m           dashdemux gstmpdparser.c:5115:gst_mpd_client_get_next_fragment:[00m currentChunk->SegmentURL = (nil)
0:00:00.236381287 [334m19341[00m 0x7f494c03f800 [37mDEBUG  [00m [00m           dashdemux gstmpdparser.c:5139:gst_mpd_client_get_next_fragment:[00m mediaURL = (null)
0:00:00.236399001 [334m19341[00m 0x7f494c03f800 [37mDEBUG  [00m [00m           dashdemux gstmpdparser.c:5140:gst_mpd_client_get_next_fragment:[00m indexURL = (null)
0:00:00.236421801 [334m19341[00m 0x7f494c03f800 [37mDEBUG  [00m [00m           dashdemux gstmpdparser.c:5221:gst_mpd_client_get_next_fragment:[00m Loading chunk with URL http://dash.akamaized.net/dash264/TestCases/10a/1/German_Forest_Short_Poem_english-en-68s-2-lc-128000bps_seg.mp4
0:00:00.236434035 [334m19341[00m 0x7f494c03f800 [37mDEBUG  [00m [00m       adaptivedemux gstadaptivedemux.c:3287:gst_adaptive_demux_stream_download_loop:<dashdemux0:audio_00>[00m Fragment info update result: 0 ok
0:00:00.236471749 [334m19341[00m 0x7f494c03f800 [37mDEBUG  [00m [00m       adaptivedemux gstadaptivedemux.c:2881:gst_adaptive_demux_stream_download_header_fragment:<dashdemux0>[00m Fetching header http://dash.akamaized.net/dash264/TestCases/10a/1/German_Forest_Short_Poem_english-en-68s-2-lc-128000bps_seg.mp4 0-605
0:00:00.236484242 [334m19341[00m 0x7f494c03f800 [37mDEBUG  [00m [00m       adaptivedemux gstadaptivedemux.c:2726:gst_adaptive_demux_stream_download_uri:<dashdemux0:audio_00>[00m Downloading header uri: http://dash.akamaized.net/dash264/TestCases/10a/1/German_Forest_Short_Poem_english-en-68s-2-lc-128000bps_seg.mp4, range:0 - 605
0:00:00.236587087 [334m19341[00m 0x7f494c03f800 [37mDEBUG  [00m [00;01;31;41m            GST_PADS gstpad.c:1743:gst_pad_set_chain_function_full:<'':sink>[00m chainfunc set to gst_queue_chain
0:00:00.236598610 [334m19341[00m 0x7f494c03f800 [37mDEBUG  [00m [00;01;31;41m            GST_PADS gstpad.c:1780:gst_pad_set_chain_list_function_full:<'':sink>[00m chainlistfunc set to gst_queue_chain_list
0:00:00.236613726 [334m19341[00m 0x7f494c03f800 [37mDEBUG  [00m [00;01;31;41m            GST_PADS gstpad.c:1708:gst_pad_set_activatemode_function_full:<'':sink>[00m activatemodefunc set to 0x7f4956530490
0:00:00.236629316 [334m19341[00m 0x7f494c03f800 [37mDEBUG  [00m [00;01;31;41m            GST_PADS gstpad.c:1896:gst_pad_set_event_full_function_full:<'':sink>[00m eventfullfunc for set to gst_queue_handle_sink_event
0:00:00.236645848 [334m19341[00m 0x7f494c03f800 [37mDEBUG  [00m [00;01;31;41m            GST_PADS gstpad.c:1929:gst_pad_set_query_function_full:<'':sink>[00m queryfunc set to gst_queue_handle_sink_query
0:00:00.236705761 [334m19341[00m 0x7f494c03f800 [37mDEBUG  [00m [00;01;31;41m            GST_PADS gstpad.c:1708:gst_pad_set_activatemode_function_full:<'':src>[00m activatemodefunc set to gst_queue_src_activate_mode
0:00:00.236717052 [334m19341[00m 0x7f494c03f800 [37mDEBUG  [00m [00;01;31;41m            GST_PADS gstpad.c:1849:gst_pad_set_event_function_full:<'':src>[00m eventfunc for set to gst_queue_handle_src_event
0:00:00.236728989 [334m19341[00m 0x7f494c03f800 [37mDEBUG  [00m [00;01;31;41m            GST_PADS gstpad.c:1929:gst_pad_set_query_function_full:<'':src>[00m queryfunc set to gst_queue_handle_src_query
0:00:00.236776612 [334m19341[00m 0x7f494c03f800 [37mDEBUG  [00m [00m               queue gstqueue.c:477:gst_queue_init:<GstQueue@0x7f4948006cf0>[00m initialized queue's not_empty & not_full conditions
0:00:00.236973102 [334m19341[00m 0x7f494c03f800 [37mDEBUG  [00m [00;01;31;41m            GST_PADS gstpad.c:1708:gst_pad_set_activatemode_function_full:<'':src>[00m activatemodefunc set to gst_base_src_activate_mode
0:00:00.236988701 [334m19341[00m 0x7f494c03f800 [37mDEBUG  [00m [00;01;31;41m            GST_PADS gstpad.c:1849:gst_pad_set_event_function_full:<'':src>[00m eventfunc for set to gst_base_src_event
0:00:00.237003083 [334m19341[00m 0x7f494c03f800 [37mDEBUG  [00m [00;01;31;41m            GST_PADS gstpad.c:1929:gst_pad_set_query_function_full:<'':src>[00m queryfunc set to gst_base_src_query
0:00:00.237019256 [334m19341[00m 0x7f494c03f800 [37mDEBUG  [00m [00;01;31;41m            GST_PADS gstpad.c:1816:gst_pad_set_getrange_function_full:<'':src>[00m getrangefunc set to gst_base_src_getrange
0:00:00.237820962 [334m19341[00m 0x7f494c03f800 [36mINFO   [00m [00;01;31;41m            GST_PADS gstpad.c:2315:gst_pad_link_prepare:[00m trying to link souphttpsrc1:src and queue1:sink
0:00:00.237855455 [334m19341[00m 0x7f494c03f800 [36mINFO   [00m [00;01;31;41m            GST_PADS gstpad.c:2523:gst_pad_link_full:[00m linked souphttpsrc1:src and queue1:sink, successful
0:00:00.237867873 [334m19341[00m 0x7f494c03f800 [36mINFO   [00m [00;01;34m           GST_EVENT gstevent.c:1511:gst_event_new_reconfigure:[00m creating reconfigure event
0:00:00.237896588 [334m19341[00m 0x7f494c03f850 [36mINFO   [00m [00;01;34m           GST_EVENT gstevent.c:1275:gst_event_new_seek:[00m creating seek rate 1.000000, format bytes, flags 1, start_type 1, start 0, stop_type 1, stop 686
0:00:00.237895532 [334m19341[00m 0x7f494c03f800 [37mDEBUG  [00m [00;01;34m           GST_EVENT gstevent.c:305:gst_event_new_custom:[00m creating new event 0x7f4948003520 reconfigure 61441
0:00:00.237919260 [334m19341[00m 0x7f494c03f850 [37mDEBUG  [00m [00;01;34m           GST_EVENT gstevent.c:305:gst_event_new_custom:[00m creating new event 0x7f49480030a0 seek 51201
0:00:00.237927299 [334m19341[00m 0x7f494c03f800 [37mDEBUG  [00m [00;01;34m           GST_EVENT gstpad.c:5548:gst_pad_send_event_unchecked:<souphttpsrc1:src>[00m have event type reconfigure event: 0x7f4948003520, time 99:99:99.999999999, seq-num 64, (NULL)
0:00:00.237954870 [334m19341[00m 0x7f494c03f800 [36mINFO   [00m [00;01;34m           GST_EVENT gstpad.c:5654:gst_pad_send_event_unchecked:<souphttpsrc1:src>[00m Received event on flushing pad. Discarding
0:00:00.237964666 [334m19341[00m 0x7f494c03f800 [33;01mLOG    [00m [00;01;34m           GST_EVENT gstevent.c:222:_gst_event_free:[00m freeing event 0x7f4948003520 type reconfigure
0:00:00.238106275 [334m19341[00m 0x7f494c03f800 [33;01mLOG    [00m [00;01;31;41m            GST_PADS gstghostpad.c:700:gst_ghost_pad_new:[00m name:src, target:queue1:src
0:00:00.238115087 [334m19341[00m 0x7f494c03f800 [33;01mLOG    [00m [00;01;31;41m            GST_PADS gstghostpad.c:671:gst_ghost_pad_new_no_target:[00m name:src, direction:1
0:00:00.238214700 [334m19341[00m 0x7f494c03f800 [37mDEBUG  [00m [00;01;31;41m            GST_PADS gstghostpad.c:840:gst_ghost_pad_set_target:<'':src>[00m set target queue1:src
0:00:00.238223977 [334m19341[00m 0x7f494c03f800 [37mDEBUG  [00m [00;01;31;41m            GST_PADS gstghostpad.c:862:gst_ghost_pad_set_target:<'':src>[00m connecting internal pad to target <queue1:src>
0:00:00.238310891 [334m19341[00m 0x7f494c03f800 [36mINFO   [00m [00;01;31;41m            GST_PADS gstpad.c:2315:gst_pad_link_prepare:[00m trying to link queue1:src and src:proxypad2
0:00:00.238321149 [334m19341[00m 0x7f494c03f800 [36mINFO   [00m [00;01;31;41m            GST_PADS gstpad.c:2523:gst_pad_link_full:[00m linked queue1:src and src:proxypad2, successful
0:00:00.238330435 [334m19341[00m 0x7f494c03f800 [36mINFO   [00m [00;01;34m           GST_EVENT gstevent.c:1511:gst_event_new_reconfigure:[00m creating reconfigure event
0:00:00.238337597 [334m19341[00m 0x7f494c03f800 [37mDEBUG  [00m [00;01;34m           GST_EVENT gstevent.c:305:gst_event_new_custom:[00m creating new event 0x7f4948003590 reconfigure 61441
0:00:00.238348456 [334m19341[00m 0x7f494c03f800 [37mDEBUG  [00m [00;01;34m           GST_EVENT gstpad.c:5548:gst_pad_send_event_unchecked:<queue1:src>[00m have event type reconfigure event: 0x7f4948003590, time 99:99:99.999999999, seq-num 68, (NULL)
0:00:00.238358901 [334m19341[00m 0x7f494c03f800 [36mINFO   [00m [00;01;34m           GST_EVENT gstpad.c:5654:gst_pad_send_event_unchecked:<queue1:src>[00m Received event on flushing pad. Discarding
0:00:00.238365619 [334m19341[00m 0x7f494c03f800 [33;01mLOG    [00m [00;01;34m           GST_EVENT gstevent.c:222:_gst_event_free:[00m freeing event 0x7f4948003590 type reconfigure
0:00:00.238636094 [334m19341[00m 0x7f494c03f800 [33;01mLOG    [00m [00m            playbin3 gstplaybin3.c:2627:gst_play_bin3_deep_element_added:<playbin>[00m element <srcbin-audio_00> was added to <dashdemux0>
0:00:00.238706574 [334m19341[00m 0x7f494c03f800 [33;01mLOG    [00m [00m            playbin3 gstplaybin3.c:2627:gst_play_bin3_deep_element_added:<playbin>[00m element <souphttpsrc1> was added to <srcbin-audio_00>
0:00:00.238760578 [334m19341[00m 0x7f494c03f800 [33;01mLOG    [00m [00m            playbin3 gstplaybin3.c:2627:gst_play_bin3_deep_element_added:<playbin>[00m element <queue1> was added to <srcbin-audio_00>
0:00:00.238805435 [334m19341[00m 0x7f494c03f800 [37mDEBUG  [00m [00;01;31;41m            GST_PADS gstpad.c:1063:gst_pad_set_active:<dashdemux0:internal-audio_00>[00m activating pad from none
0:00:00.238813061 [334m19341[00m 0x7f494c03f800 [37mDEBUG  [00m [00;01;31;41m            GST_PADS gstpad.c:979:pre_activate:<dashdemux0:internal-audio_00>[00m setting pad into push mode, unset flushing
0:00:00.238823326 [334m19341[00m 0x7f494c03f800 [37mDEBUG  [00m [00;01;31;41m            GST_PADS gstpad.c:1188:activate_mode_internal:<dashdemux0:internal-audio_00>[00m activated in push mode
0:00:00.238833302 [334m19341[00m 0x7f494c03f800 [37mDEBUG  [00m [00;01;31;41m            GST_PADS gstpad.c:1743:gst_pad_set_chain_function_full:<dashdemux0:internal-audio_00>[00m chainfunc set to 0x7f495259ee20
0:00:00.238842674 [334m19341[00m 0x7f494c03f800 [37mDEBUG  [00m [00;01;31;41m            GST_PADS gstpad.c:1849:gst_pad_set_event_function_full:<dashdemux0:internal-audio_00>[00m eventfunc for set to 0x7f495259ec90
0:00:00.238851821 [334m19341[00m 0x7f494c03f800 [37mDEBUG  [00m [00;01;31;41m            GST_PADS gstpad.c:1929:gst_pad_set_query_function_full:<dashdemux0:internal-audio_00>[00m queryfunc set to 0x7f495259ec60
0:00:00.238938515 [334m19341[00m 0x7f494c03f800 [36mINFO   [00m [00;01;31;41m            GST_PADS gstpad.c:2315:gst_pad_link_prepare:[00m trying to link srcbin-audio_00:src and dashdemux0:internal-audio_00
0:00:00.238948848 [334m19341[00m 0x7f494c03f800 [36mINFO   [00m [00;01;31;41m            GST_PADS gstpad.c:2523:gst_pad_link_full:[00m linked srcbin-audio_00:src and dashdemux0:internal-audio_00, successful
0:00:00.238958313 [334m19341[00m 0x7f494c03f800 [36mINFO   [00m [00;01;34m           GST_EVENT gstevent.c:1511:gst_event_new_reconfigure:[00m creating reconfigure event
0:00:00.238965369 [334m19341[00m 0x7f494c03f800 [37mDEBUG  [00m [00;01;34m           GST_EVENT gstevent.c:305:gst_event_new_custom:[00m creating new event 0x7f4948003600 reconfigure 61441
0:00:00.238975905 [334m19341[00m 0x7f494c03f800 [37mDEBUG  [00m [00;01;34m           GST_EVENT gstpad.c:5548:gst_pad_send_event_unchecked:<srcbin-audio_00:src>[00m have event type reconfigure event: 0x7f4948003600, time 99:99:99.999999999, seq-num 71, (NULL)
0:00:00.238986165 [334m19341[00m 0x7f494c03f800 [36mINFO   [00m [00;01;34m           GST_EVENT gstpad.c:5654:gst_pad_send_event_unchecked:<srcbin-audio_00:src>[00m Received event on flushing pad. Discarding
0:00:00.238993404 [334m19341[00m 0x7f494c03f800 [33;01mLOG    [00m [00;01;34m           GST_EVENT gstevent.c:222:_gst_event_free:[00m freeing event 0x7f4948003600 type reconfigure
0:00:00.239104983 [334m19341[00m 0x7f494c03fd40 [37mDEBUG  [00m [00m           dashdemux gstmpdparser.c:5385:gst_mpd_client_get_next_header:[00m Looking for current representation header
0:00:00.239139694 [334m19341[00m 0x7f494c03fd40 [37mDEBUG  [00m [00m           dashdemux gstmpdparser.c:5433:gst_mpd_client_get_next_header_index:[00m Looking for current representation index
0:00:00.239155388 [334m19341[00m 0x7f494c03fd40 [37mDEBUG  [00m [00m           dashdemux gstmpdparser.c:4974:gst_mpd_client_get_next_fragment_timestamp:[00m Stream index: 2
0:00:00.239162300 [334m19341[00m 0x7f494c03fd40 [37mDEBUG  [00m [00m           dashdemux gstmpdparser.c:4980:gst_mpd_client_get_next_fragment_timestamp:[00m Looking for fragment sequence chunk 0 / 1
0:00:00.239184071 [334m19341[00m 0x7f494c03fd40 [37mDEBUG  [00m [00m           dashdemux gstmpdparser.c:5385:gst_mpd_client_get_next_header:[00m Looking for current representation header
0:00:00.239194930 [334m19341[00m 0x7f494c03f800 [37mDEBUG  [00m [00;01;31;41m            GST_PADS gstpad.c:1074:gst_pad_set_active:<srcbin-audio_00:src>[00m pad was inactive
0:00:00.239207724 [334m19341[00m 0x7f494c03fd40 [37mDEBUG  [00m [00m           dashdemux gstmpdparser.c:5433:gst_mpd_client_get_next_header_index:[00m Looking for current representation index
0:00:00.239220561 [334m19341[00m 0x7f494c03fd40 [37mDEBUG  [00m [00m           dashdemux gstmpdparser.c:5087:gst_mpd_client_get_next_fragment:[00m Looking for fragment sequence chunk 0 / 1
0:00:00.239226620 [334m19341[00m 0x7f494c03fd40 [37mDEBUG  [00m [00m           dashdemux gstmpdparser.c:5115:gst_mpd_client_get_next_fragment:[00m currentChunk->SegmentURL = (nil)
0:00:00.239232507 [334m19341[00m 0x7f494c03fd40 [37mDEBUG  [00m [00m           dashdemux gstmpdparser.c:5139:gst_mpd_client_get_next_fragment:[00m mediaURL = (null)
0:00:00.239239103 [334m19341[00m 0x7f494c03fd40 [37mDEBUG  [00m [00m           dashdemux gstmpdparser.c:5140:gst_mpd_client_get_next_fragment:[00m indexURL = (null)
0:00:00.239264343 [334m19341[00m 0x7f494c03fd40 [37mDEBUG  [00m [00m           dashdemux gstmpdparser.c:5221:gst_mpd_client_get_next_fragment:[00m Loading chunk with URL http://dash.akamaized.net/dash264/TestCases/10a/1/German_Forest_Short_Poem_german-de-68s-2-lc-128000bps_seg.mp4
0:00:00.239272679 [334m19341[00m 0x7f494c03fd40 [37mDEBUG  [00m [00m       adaptivedemux gstadaptivedemux.c:3287:gst_adaptive_demux_stream_download_loop:<dashdemux0:audio_01>[00m Fragment info update result: 0 ok
0:00:00.239315819 [334m19341[00m 0x7f494c03fd40 [37mDEBUG  [00m [00m       adaptivedemux gstadaptivedemux.c:2881:gst_adaptive_demux_stream_download_header_fragment:<dashdemux0>[00m Fetching header http://dash.akamaized.net/dash264/TestCases/10a/1/German_Forest_Short_Poem_german-de-68s-2-lc-128000bps_seg.mp4 0-605
0:00:00.239329127 [334m19341[00m 0x7f494c03fd40 [37mDEBUG  [00m [00m       adaptivedemux gstadaptivedemux.c:2726:gst_adaptive_demux_stream_download_uri:<dashdemux0:audio_01>[00m Downloading header uri: http://dash.akamaized.net/dash264/TestCases/10a/1/German_Forest_Short_Poem_german-de-68s-2-lc-128000bps_seg.mp4, range:0 - 605
0:00:00.239415982 [334m19341[00m 0x7f494c03fd40 [37mDEBUG  [00m [00;01;31;41m            GST_PADS gstpad.c:1743:gst_pad_set_chain_function_full:<'':sink>[00m chainfunc set to gst_queue_chain
0:00:00.239430646 [334m19341[00m 0x7f494c03fd40 [37mDEBUG  [00m [00;01;31;41m            GST_PADS gstpad.c:1780:gst_pad_set_chain_list_function_full:<'':sink>[00m chainlistfunc set to gst_queue_chain_list
0:00:00.239444666 [334m19341[00m 0x7f494c03fd40 [37mDEBUG  [00m [00;01;31;41m            GST_PADS gstpad.c:1708:gst_pad_set_activatemode_function_full:<'':sink>[00m activatemodefunc set to 0x7f4956530490
0:00:00.239457990 [334m19341[00m 0x7f494c03fd40 [37mDEBUG  [00m [00;01;31;41m            GST_PADS gstpad.c:1896:gst_pad_set_event_full_function_full:<'':sink>[00m eventfullfunc for set to gst_queue_handle_sink_event
0:00:00.239465833 [334m19341[00m 0x7f494c03fd40 [37mDEBUG  [00m [00;01;31;41m            GST_PADS gstpad.c:1929:gst_pad_set_query_function_full:<'':sink>[00m queryfunc set to gst_queue_handle_sink_query
0:00:00.239497025 [334m19341[00m 0x7f494c03fd40 [37mDEBUG  [00m [00;01;31;41m            GST_PADS gstpad.c:1708:gst_pad_set_activatemode_function_full:<'':src>[00m activatemodefunc set to gst_queue_src_activate_mode
0:00:00.239513083 [334m19341[00m 0x7f494c03fd40 [37mDEBUG  [00m [00;01;31;41m            GST_PADS gstpad.c:1849:gst_pad_set_event_function_full:<'':src>[00m eventfunc for set to gst_queue_handle_src_event
0:00:00.239521684 [334m19341[00m 0x7f494c03fd40 [37mDEBUG  [00m [00;01;31;41m            GST_PADS gstpad.c:1929:gst_pad_set_query_function_full:<'':src>[00m queryfunc set to gst_queue_handle_src_query
0:00:00.239569527 [334m19341[00m 0x7f494c03fd40 [37mDEBUG  [00m [00m               queue gstqueue.c:477:gst_queue_init:<GstQueue@0x7f49480078f0>[00m initialized queue's not_empty & not_full conditions
0:00:00.239714373 [334m19341[00m 0x7f494c03fd40 [37mDEBUG  [00m [00;01;31;41m            GST_PADS gstpad.c:1708:gst_pad_set_activatemode_function_full:<'':src>[00m activatemodefunc set to gst_base_src_activate_mode
0:00:00.239722116 [334m19341[00m 0x7f494c03fd40 [37mDEBUG  [00m [00;01;31;41m            GST_PADS gstpad.c:1849:gst_pad_set_event_function_full:<'':src>[00m eventfunc for set to gst_base_src_event
0:00:00.239737080 [334m19341[00m 0x7f494c03fd40 [37mDEBUG  [00m [00;01;31;41m            GST_PADS gstpad.c:1929:gst_pad_set_query_function_full:<'':src>[00m queryfunc set to gst_base_src_query
0:00:00.239750602 [334m19341[00m 0x7f494c03fd40 [37mDEBUG  [00m [00;01;31;41m            GST_PADS gstpad.c:1816:gst_pad_set_getrange_function_full:<'':src>[00m getrangefunc set to gst_base_src_getrange
0:00:00.240380599 [334m19341[00m 0x7f494c03fd40 [36mINFO   [00m [00;01;31;41m            GST_PADS gstpad.c:2315:gst_pad_link_prepare:[00m trying to link souphttpsrc2:src and queue2:sink
0:00:00.240394745 [334m19341[00m 0x7f494c03fd40 [36mINFO   [00m [00;01;31;41m            GST_PADS gstpad.c:2523:gst_pad_link_full:[00m linked souphttpsrc2:src and queue2:sink, successful
0:00:00.240411894 [334m19341[00m 0x7f494c03fd40 [36mINFO   [00m [00;01;34m           GST_EVENT gstevent.c:1511:gst_event_new_reconfigure:[00m creating reconfigure event
0:00:00.240428824 [334m19341[00m 0x7f494c03fd40 [37mDEBUG  [00m [00;01;34m           GST_EVENT gstevent.c:305:gst_event_new_custom:[00m creating new event 0x7f4940008830 reconfigure 61441
0:00:00.240444068 [334m19341[00m 0x7f494c03fd40 [37mDEBUG  [00m [00;01;34m           GST_EVENT gstpad.c:5548:gst_pad_send_event_unchecked:<souphttpsrc2:src>[00m have event type reconfigure event: 0x7f4940008830, time 99:99:99.999999999, seq-num 76, (NULL)
0:00:00.240459961 [334m19341[00m 0x7f494c03fd40 [36mINFO   [00m [00;01;34m           GST_EVENT gstpad.c:5654:gst_pad_send_event_unchecked:<souphttpsrc2:src>[00m Received event on flushing pad. Discarding
0:00:00.240475303 [334m19341[00m 0x7f494c03fd40 [33;01mLOG    [00m [00;01;34m           GST_EVENT gstevent.c:222:_gst_event_free:[00m freeing event 0x7f4940008830 type reconfigure
0:00:00.240687759 [334m19341[00m 0x7f494c03fd40 [33;01mLOG    [00m [00;01;31;41m            GST_PADS gstghostpad.c:700:gst_ghost_pad_new:[00m name:src, target:queue2:src
0:00:00.240696034 [334m19341[00m 0x7f494c03fd40 [33;01mLOG    [00m [00;01;31;41m            GST_PADS gstghostpad.c:671:gst_ghost_pad_new_no_target:[00m name:src, direction:1
0:00:00.240818111 [334m19341[00m 0x7f494c03fd40 [37mDEBUG  [00m [00;01;31;41m            GST_PADS gstghostpad.c:840:gst_ghost_pad_set_target:<'':src>[00m set target queue2:src
0:00:00.240824158 [334m19341[00m 0x7f494c03fd40 [37mDEBUG  [00m [00;01;31;41m            GST_PADS gstghostpad.c:862:gst_ghost_pad_set_target:<'':src>[00m connecting internal pad to target <queue2:src>
0:00:00.240917279 [334m19341[00m 0x7f494c03fd40 [36mINFO   [00m [00;01;31;41m            GST_PADS gstpad.c:2315:gst_pad_link_prepare:[00m trying to link queue2:src and src:proxypad3
0:00:00.240925985 [334m19341[00m 0x7f494c03fd40 [36mINFO   [00m [00;01;31;41m            GST_PADS gstpad.c:2523:gst_pad_link_full:[00m linked queue2:src and src:proxypad3, successful
0:00:00.240932088 [334m19341[00m 0x7f494c03fd40 [36mINFO   [00m [00;01;34m           GST_EVENT gstevent.c:1511:gst_event_new_reconfigure:[00m creating reconfigure event
0:00:00.240938521 [334m19341[00m 0x7f494c03fd40 [37mDEBUG  [00m [00;01;34m           GST_EVENT gstevent.c:305:gst_event_new_custom:[00m creating new event 0x7f49400088a0 reconfigure 61441
0:00:00.240946798 [334m19341[00m 0x7f494c03fd40 [37mDEBUG  [00m [00;01;34m           GST_EVENT gstpad.c:5548:gst_pad_send_event_unchecked:<queue2:src>[00m have event type reconfigure event: 0x7f49400088a0, time 99:99:99.999999999, seq-num 80, (NULL)
0:00:00.240958136 [334m19341[00m 0x7f494c03fd40 [36mINFO   [00m [00;01;34m           GST_EVENT gstpad.c:5654:gst_pad_send_event_unchecked:<queue2:src>[00m Received event on flushing pad. Discarding
0:00:00.240967738 [334m19341[00m 0x7f494c03fd40 [33;01mLOG    [00m [00;01;34m           GST_EVENT gstevent.c:222:_gst_event_free:[00m freeing event 0x7f49400088a0 type reconfigure
0:00:00.241057802 [334m19341[00m 0x7f494c03f800 [36mINFO   [00m [00;01;34m           GST_EVENT gstevent.c:1275:gst_event_new_seek:[00m creating seek rate 1.000000, format bytes, flags 1, start_type 1, start 0, stop_type 1, stop 606
0:00:00.241075281 [334m19341[00m 0x7f494c03f800 [37mDEBUG  [00m [00;01;34m           GST_EVENT gstevent.c:305:gst_event_new_custom:[00m creating new event 0x7f4948003670 seek 51201
0:00:00.241244845 [334m19341[00m 0x7f494c03fd40 [33;01mLOG    [00m [00m            playbin3 gstplaybin3.c:2627:gst_play_bin3_deep_element_added:<playbin>[00m element <srcbin-audio_01> was added to <dashdemux0>
0:00:00.241292015 [334m19341[00m 0x7f494c03fd40 [33;01mLOG    [00m [00m            playbin3 gstplaybin3.c:2627:gst_play_bin3_deep_element_added:<playbin>[00m element <souphttpsrc2> was added to <srcbin-audio_01>
0:00:00.241327291 [334m19341[00m 0x7f494c03fd40 [33;01mLOG    [00m [00m            playbin3 gstplaybin3.c:2627:gst_play_bin3_deep_element_added:<playbin>[00m element <queue2> was added to <srcbin-audio_01>
0:00:00.241357357 [334m19341[00m 0x7f494c03fd40 [37mDEBUG  [00m [00;01;31;41m            GST_PADS gstpad.c:1063:gst_pad_set_active:<dashdemux0:internal-audio_01>[00m activating pad from none
0:00:00.241362549 [334m19341[00m 0x7f494c03fd40 [37mDEBUG  [00m [00;01;31;41m            GST_PADS gstpad.c:979:pre_activate:<dashdemux0:internal-audio_01>[00m setting pad into push mode, unset flushing
0:00:00.241368438 [334m19341[00m 0x7f494c03fd40 [37mDEBUG  [00m [00;01;31;41m            GST_PADS gstpad.c:1188:activate_mode_internal:<dashdemux0:internal-audio_01>[00m activated in push mode
0:00:00.241374607 [334m19341[00m 0x7f494c03fd40 [37mDEBUG  [00m [00;01;31;41m            GST_PADS gstpad.c:1743:gst_pad_set_chain_function_full:<dashdemux0:internal-audio_01>[00m chainfunc set to 0x7f495259ee20
0:00:00.241380298 [334m19341[00m 0x7f494c03fd40 [37mDEBUG  [00m [00;01;31;41m            GST_PADS gstpad.c:1849:gst_pad_set_event_function_full:<dashdemux0:internal-audio_01>[00m eventfunc for set to 0x7f495259ec90
0:00:00.241385897 [334m19341[00m 0x7f494c03fd40 [37mDEBUG  [00m [00;01;31;41m            GST_PADS gstpad.c:1929:gst_pad_set_query_function_full:<dashdemux0:internal-audio_01>[00m queryfunc set to 0x7f495259ec60
0:00:00.241442602 [334m19341[00m 0x7f494c03fd40 [36mINFO   [00m [00;01;31;41m            GST_PADS gstpad.c:2315:gst_pad_link_prepare:[00m trying to link srcbin-audio_01:src and dashdemux0:internal-audio_01
0:00:00.241449424 [334m19341[00m 0x7f494c03fd40 [36mINFO   [00m [00;01;31;41m            GST_PADS gstpad.c:2523:gst_pad_link_full:[00m linked srcbin-audio_01:src and dashdemux0:internal-audio_01, successful
0:00:00.241455641 [334m19341[00m 0x7f494c03fd40 [36mINFO   [00m [00;01;34m           GST_EVENT gstevent.c:1511:gst_event_new_reconfigure:[00m creating reconfigure event
0:00:00.241460251 [334m19341[00m 0x7f494c03fd40 [37mDEBUG  [00m [00;01;34m           GST_EVENT gstevent.c:305:gst_event_new_custom:[00m creating new event 0x7f4940008910 reconfigure 61441
0:00:00.241466584 [334m19341[00m 0x7f494c03fd40 [37mDEBUG  [00m [00;01;34m           GST_EVENT gstpad.c:5548:gst_pad_send_event_unchecked:<srcbin-audio_01:src>[00m have event type reconfigure event: 0x7f4940008910, time 99:99:99.999999999, seq-num 84, (NULL)
0:00:00.241473280 [334m19341[00m 0x7f494c03fd40 [36mINFO   [00m [00;01;34m           GST_EVENT gstpad.c:5654:gst_pad_send_event_unchecked:<srcbin-audio_01:src>[00m Received event on flushing pad. Discarding
0:00:00.241477846 [334m19341[00m 0x7f494c03fd40 [33;01mLOG    [00m [00;01;34m           GST_EVENT gstevent.c:222:_gst_event_free:[00m freeing event 0x7f4940008910 type reconfigure
0:00:00.241624002 [334m19341[00m 0x7f494c03fd40 [37mDEBUG  [00m [00;01;31;41m            GST_PADS gstpad.c:1074:gst_pad_set_active:<srcbin-audio_01:src>[00m pad was inactive
0:00:00.241695925 [334m19341[00m 0x7f494c03f850 [37mDEBUG  [00m [00;01;31;41m            GST_PADS gstpad.c:1063:gst_pad_set_active:<srcbin-video_00:src>[00m activating pad from none
0:00:00.241706040 [334m19341[00m 0x7f494c03f850 [37mDEBUG  [00m [00;01;31;41m            GST_PADS gstpad.c:979:pre_activate:<srcbin-video_00:src>[00m setting pad into push mode, unset flushing
0:00:00.241729661 [334m19341[00m 0x7f494c03f850 [37mDEBUG  [00m [00;01;31;41m            GST_PADS gstpad.c:979:pre_activate:<src:proxypad1>[00m setting pad into push mode, unset flushing
0:00:00.241759984 [334m19341[00m 0x7f494c03f800 [37mDEBUG  [00m [00;01;31;41m            GST_PADS gstpad.c:1063:gst_pad_set_active:<srcbin-audio_00:src>[00m activating pad from none
0:00:00.241770151 [334m19341[00m 0x7f494c03f800 [37mDEBUG  [00m [00;01;31;41m            GST_PADS gstpad.c:979:pre_activate:<srcbin-audio_00:src>[00m setting pad into push mode, unset flushing
0:00:00.241759978 [334m19341[00m 0x7f494c03f850 [37mDEBUG  [00m [00;01;31;41m            GST_PADS gstpad.c:991:pre_activate:<src:proxypad1>[00m reschedule events on peer queue0:src
0:00:00.241813929 [334m19341[00m 0x7f494c03f850 [37mDEBUG  [00m [00;01;31;41m            GST_PADS gstpad.c:1207:activate_mode_internal:<srcbin-video_00:src>[00m already activated in push mode
0:00:00.241827703 [334m19341[00m 0x7f494c03f850 [37mDEBUG  [00m [00;01;31;41m            GST_PADS gstpad.c:1188:activate_mode_internal:<src:proxypad1>[00m activated in push mode
0:00:00.241800041 [334m19341[00m 0x7f494c03f800 [37mDEBUG  [00m [00;01;31;41m            GST_PADS gstpad.c:979:pre_activate:<src:proxypad2>[00m setting pad into push mode, unset flushing
0:00:00.241839732 [334m19341[00m 0x7f494c03f800 [37mDEBUG  [00m [00;01;31;41m            GST_PADS gstpad.c:991:pre_activate:<src:proxypad2>[00m reschedule events on peer queue1:src
0:00:00.241842804 [334m19341[00m 0x7f494c03f850 [37mDEBUG  [00m [00;01;31;41m            GST_PADS gstpad.c:1188:activate_mode_internal:<srcbin-video_00:src>[00m activated in push mode
0:00:00.241870051 [334m19341[00m 0x7f494c03f800 [37mDEBUG  [00m [00;01;31;41m            GST_PADS gstpad.c:1207:activate_mode_internal:<srcbin-audio_00:src>[00m already activated in push mode
0:00:00.241883951 [334m19341[00m 0x7f494c03f800 [37mDEBUG  [00m [00;01;31;41m            GST_PADS gstpad.c:1188:activate_mode_internal:<src:proxypad2>[00m activated in push mode
0:00:00.241898201 [334m19341[00m 0x7f494c03f800 [37mDEBUG  [00m [00;01;31;41m            GST_PADS gstpad.c:1188:activate_mode_internal:<srcbin-audio_00:src>[00m activated in push mode
0:00:00.242249038 [334m19341[00m 0x7f494c03f850 [37mDEBUG  [00m [00;01;31;41m            GST_PADS gstpad.c:1063:gst_pad_set_active:<queue0:src>[00m activating pad from none
0:00:00.242308343 [334m19341[00m 0x7f494c03f850 [37mDEBUG  [00m [00;01;31;41m            GST_PADS gstpad.c:979:pre_activate:<queue0:src>[00m setting pad into push mode, unset flushing
0:00:00.242317042 [334m19341[00m 0x7f494c03f850 [37mDEBUG  [00m [00;01;31;41m            GST_PADS gstpad.c:5991:gst_pad_start_task:<queue0:src>[00m start task
0:00:00.242379258 [334m19341[00m 0x7f494c03f800 [37mDEBUG  [00m [00;01;31;41m            GST_PADS gstpad.c:1063:gst_pad_set_active:<queue1:src>[00m activating pad from none
0:00:00.242393023 [334m19341[00m 0x7f494c03f800 [37mDEBUG  [00m [00;01;31;41m            GST_PADS gstpad.c:979:pre_activate:<queue1:src>[00m setting pad into push mode, unset flushing
0:00:00.242427770 [334m19341[00m 0x7f494c03f800 [37mDEBUG  [00m [00;01;31;41m            GST_PADS gstpad.c:5991:gst_pad_start_task:<queue1:src>[00m start task
0:00:00.242338350 [334m19341[00m 0x7f494c03f850 [37mDEBUG  [00m [00m                task gsttask.c:430:gst_task_new:[00m Created task 0x7f494c048710
0:00:00.242447568 [334m19341[00m 0x7f494c03f800 [37mDEBUG  [00m [00m                task gsttask.c:430:gst_task_new:[00m Created task 0x7f494c048cb0
0:00:00.242478676 [334m19341[00m 0x7f494c03f850 [36mINFO   [00m [00m                task gsttask.c:456:gst_task_set_lock:[00m setting stream lock 0x191fe00 on task 0x7f494c048710
0:00:00.242493635 [334m19341[00m 0x7f494c03f800 [36mINFO   [00m [00m                task gsttask.c:456:gst_task_set_lock:[00m setting stream lock 0x7f49480087a0 on task 0x7f494c048cb0
0:00:00.242492745 [334m19341[00m 0x7f494c03f850 [36mINFO   [00m [00;01;31;41m            GST_PADS gstpad.c:6000:gst_pad_start_task:<queue0:src>[00m created task 0x7f494c048710
0:00:00.242505018 [334m19341[00m 0x7f494c03f800 [36mINFO   [00m [00;01;31;41m            GST_PADS gstpad.c:6000:gst_pad_start_task:<queue1:src>[00m created task 0x7f494c048cb0
0:00:00.242534294 [334m19341[00m 0x7f494c03f800 [37mDEBUG  [00m [00;01;31;41m            GST_PADS gstpad.c:5917:do_stream_status:<queue1:src>[00m doing stream-status 0
0:00:00.242520848 [334m19341[00m 0x7f494c03f850 [37mDEBUG  [00m [00;01;31;41m            GST_PADS gstpad.c:5917:do_stream_status:<queue0:src>[00m doing stream-status 0
0:00:00.242593215 [334m19341[00m 0x7f494c03f850 [37mDEBUG  [00m [00;01;31;41m            GST_PADS gstpad.c:5946:do_stream_status:<queue0:src>[00m posting stream-status 0
0:00:00.242612148 [334m19341[00m 0x7f494c03f800 [37mDEBUG  [00m [00;01;31;41m            GST_PADS gstpad.c:5946:do_stream_status:<queue1:src>[00m posting stream-status 0
0:00:00.243081181 [334m19341[00m 0x7f494c03f850 [37mDEBUG  [00m [00m                task gsttask.c:687:gst_task_set_state:<task5>[00m Changing task 0x7f494c048710 to state 0
0:00:00.243134480 [334m19341[00m 0x7f494c03f850 [37mDEBUG  [00m [00;01;31;41m            GST_PADS gstpad.c:1188:activate_mode_internal:<queue0:src>[00m activated in push mode
0:00:00.243152608 [334m19341[00m 0x7f49480038f0 [37mDEBUG  [00m [00m                task gsttask.c:289:gst_task_func:[00m Entering task 0x7f494c048710, thread 0x7f49480038f0
