0:00:00.377525802 [334m19341[00m 0x7f49480038f0 [33;01mLOG    [00m [00;01;31;41m            GST_PADS gstpad.c:5097:store_sticky_event:<queue0:src>[00m stored sticky event eos
0:00:00.377528349 [334m19341[00m 0x7f4934007540 [37mDEBUG  [00m [00;01;31;41m            GST_PADS gstpad.c:4058:gst_pad_peer_query:<src_2:proxypad7>[00m peer query 0x7f490c003ad0 (scheduling)
0:00:00.377549008 [334m19341[00m 0x7f49480038f0 [37mDEBUG  [00m [00;01;31;41m            GST_PADS gstpad.c:3862:check_sticky:<queue0:src>[00m pushing all sticky events
0:00:00.377569299 [334m19341[00m 0x7f49480038f0 [37mDEBUG  [00m [00;01;31;41m            GST_PADS gstpad.c:3794:push_sticky:<queue0:src>[00m event stream-start was already received
0:00:00.377598804 [334m19341[00m 0x7f49480038f0 [37mDEBUG  [00m [00;01;31;41m            GST_PADS gstpad.c:3794:push_sticky:<queue0:src>[00m event segment was already received
0:00:00.377600698 [334m19341[00m 0x7f4934007540 [37mDEBUG  [00m [00;01;31;41m            GST_PADS gstpad.c:3931:gst_pad_query:<queue2-2:src>[00m doing query 0x7f490c003ad0 (scheduling)
0:00:00.377616739 [334m19341[00m 0x7f49480038f0 [33;01mLOG    [00m [00;01;31;41m            GST_PADS gstpad.c:5261:gst_pad_push_event_unchecked:<queue0:src>[00m sending event 0x7f492c003750 (eos) to peerpad <src:proxypad1>
0:00:00.377632194 [334m19341[00m 0x7f49480038f0 [37mDEBUG  [00m [00;01;34m           GST_EVENT gstpad.c:5548:gst_pad_send_event_unchecked:<src:proxypad1>[00m have event type eos event: 0x7f492c003750, time 99:99:99.999999999, seq-num 239, (NULL)
0:00:00.377710891 [334m19341[00m 0x7f49480038f0 [33;01mLOG    [00m [00;01;31;41m            GST_PADS gstpad.c:2944:gst_pad_forward:<src:proxypad1>[00m calling forward function on pad srcbin-video_00:src
0:00:00.377730138 [334m19341[00m 0x7f49480038f0 [33;01mLOG    [00m [00;01;31;41m            GST_PADS gstpad.c:2989:event_forward_func:<srcbin-video_00:src>[00m Reffing and pushing event 0x7f492c003750 (eos) to srcbin-video_00:src
0:00:00.377746004 [334m19341[00m 0x7f49480038f0 [33;01mLOG    [00m [00;01;31;41m            GST_PADS gstpad.c:5097:store_sticky_event:<srcbin-video_00:src>[00m stored sticky event eos
0:00:00.377819304 [334m19341[00m 0x7f4934007540 [37mDEBUG  [00m [00;01;31;41m            GST_PADS gstpad.c:4058:gst_pad_peer_query:<queue2-2:sink>[00m peer query 0x7f490c003ad0 (scheduling)
0:00:00.377827915 [334m19341[00m 0x7f4934007540 [37mDEBUG  [00m [00;01;31;41m            GST_PADS gstpad.c:3931:gst_pad_query:<dashdemux0:audio_01>[00m doing query 0x7f490c003ad0 (scheduling)
0:00:00.377788867 [334m19341[00m 0x7f49480038f0 [37mDEBUG  [00m [00;01;31;41m            GST_PADS gstpad.c:3862:check_sticky:<srcbin-video_00:src>[00m pushing all sticky events
0:00:00.377846641 [334m19341[00m 0x7f49480038f0 [37mDEBUG  [00m [00;01;31;41m            GST_PADS gstpad.c:3794:push_sticky:<srcbin-video_00:src>[00m event stream-start was already received
0:00:00.377858452 [334m19341[00m 0x7f49480038f0 [37mDEBUG  [00m [00;01;31;41m            GST_PADS gstpad.c:3794:push_sticky:<srcbin-video_00:src>[00m event segment was already received
0:00:00.378060861 [334m19341[00m 0x7f4934007540 [37mDEBUG  [00m [00;01;31;41m            GST_PADS gstpad.c:3954:gst_pad_query:<dashdemux0:audio_01>[00m sent query 0x7f490c003ad0 (scheduling), result 0
0:00:00.378088077 [334m19341[00m 0x7f4934007540 [37mDEBUG  [00m [00;01;31;41m            GST_PADS gstpad.c:3999:gst_pad_query:<dashdemux0:audio_01>[00m query failed
0:00:00.378077698 [334m19341[00m 0x7f49300068a0 [36mINFO   [00m [00;01;34m           GST_EVENT gstevent.c:1511:gst_event_new_reconfigure:[00m creating reconfigure event
0:00:00.378097705 [334m19341[00m 0x7f4934007540 [37mDEBUG  [00m [00;01;31;41m            GST_PADS gstpad.c:4120:gst_pad_peer_query:<queue2-2:sink>[00m query failed
0:00:00.378105060 [334m19341[00m 0x7f4934007540 [37mDEBUG  [00m [00m              queue2 gstqueue2.c:3346:gst_queue2_handle_src_query:<queue2-2>[00m failed peer query
0:00:00.378126387 [334m19341[00m 0x7f49480038f0 [33;01mLOG    [00m [00;01;31;41m            GST_PADS gstpad.c:5261:gst_pad_push_event_unchecked:<srcbin-video_00:src>[00m sending event 0x7f492c003750 (eos) to peerpad <dashdemux0:internal-video_00>
0:00:00.378142519 [334m19341[00m 0x7f49480038f0 [37mDEBUG  [00m [00;01;34m           GST_EVENT gstpad.c:5548:gst_pad_send_event_unchecked:<dashdemux0:internal-video_00>[00m have event type eos event: 0x7f492c003750, time 99:99:99.999999999, seq-num 239, (NULL)
0:00:00.378115947 [334m19341[00m 0x7f49300068a0 [37mDEBUG  [00m [00;01;34m           GST_EVENT gstevent.c:305:gst_event_new_custom:[00m creating new event 0x7f4934007f30 reconfigure 61441
0:00:00.378133816 [334m19341[00m 0x7f4934007540 [37mDEBUG  [00m [00;01;31;41m            GST_PADS gstpad.c:3954:gst_pad_query:<queue2-2:src>[00m sent query 0x7f490c003ad0 (scheduling), result 0
0:00:00.378159347 [334m19341[00m 0x7f49480038f0 [37mDEBUG  [00m [00m       adaptivedemux gstadaptivedemux.c:2303:gst_adaptive_demux_stream_fragment_download_finish:<dashdemux0:video_00>[00m Download finish: 0 ok - err: (nil)
0:00:00.378195787 [334m19341[00m 0x7f494c03f850 [37mDEBUG  [00m [00m       adaptivedemux gstadaptivedemux.c:2818:gst_adaptive_demux_stream_download_uri:<dashdemux0:video_00>[00m index download finished: http://dash.akamaized.net/dash264/TestCases/10a/1/German_Forest_SHORT_1v0-avc1.42c01e-68s-848x476-h264-1500000bps_seg.mp4 0 ok
0:00:00.378182448 [334m19341[00m 0x7f4934007540 [37mDEBUG  [00m [00;01;31;41m            GST_PADS gstpad.c:3999:gst_pad_query:<queue2-2:src>[00m query failed
0:00:00.378194530 [334m19341[00m 0x7f49480038f0 [37mDEBUG  [00m [00;01;31;41m            GST_PADS gstpad.c:5622:gst_pad_send_event_unchecked:<dashdemux0:internal-video_00>[00m sent event, ret ok
0:00:00.378225064 [334m19341[00m 0x7f49480038f0 [33;01mLOG    [00m [00;01;31;41m            GST_PADS gstpad.c:5097:store_sticky_event:<dashdemux0:internal-video_00>[00m stored sticky event eos
0:00:00.378214882 [334m19341[00m 0x7f4934007540 [37mDEBUG  [00m [00;01;31;41m            GST_PADS gstpad.c:4120:gst_pad_peer_query:<src_2:proxypad7>[00m query failed
0:00:00.378237873 [334m19341[00m 0x7f49480038f0 [33;01mLOG    [00m [00;01;31;41m            GST_PADS gstpad.c:5269:gst_pad_push_event_unchecked:<srcbin-video_00:src>[00m sent event 0x7f492c003750 (eos) to peerpad <dashdemux0:internal-video_00>, ret ok
0:00:00.378165946 [334m19341[00m 0x7f49300068a0 [37mDEBUG  [00m [00;01;34m           GST_EVENT gstpad.c:5548:gst_pad_send_event_unchecked:<typefind:src>[00m have event type reconfigure event: 0x7f4934007f30, time 99:99:99.999999999, seq-num 308, (NULL)
0:00:00.378225420 [334m19341[00m 0x7f4930006e80 [36mINFO   [00m [00;01;34m           GST_EVENT gstevent.c:1511:gst_event_new_reconfigure:[00m creating reconfigure event
0:00:00.378264020 [334m19341[00m 0x7f49300068a0 [33;01mLOG    [00m [00;01;31;41m            GST_PADS gstpad.c:5261:gst_pad_push_event_unchecked:<typefind:sink>[00m sending event 0x7f4934007f30 (reconfigure) to peerpad <sink:proxypad6>
0:00:00.378247073 [334m19341[00m 0x7f4934007540 [37mDEBUG  [00m [00;01;31;41m            GST_PADS gstpad.c:3954:gst_pad_query:<urisourcebin0:src_2>[00m sent query 0x7f490c003ad0 (scheduling), result 0
0:00:00.378299706 [334m19341[00m 0x7f4934007540 [37mDEBUG  [00m [00;01;31;41m            GST_PADS gstpad.c:3999:gst_pad_query:<urisourcebin0:src_2>[00m query failed
0:00:00.378287855 [334m19341[00m 0x7f4930006e80 [37mDEBUG  [00m [00;01;34m           GST_EVENT gstevent.c:305:gst_event_new_custom:[00m creating new event 0x7f4908003570 reconfigure 61441
0:00:00.378315694 [334m19341[00m 0x7f4930006e80 [37mDEBUG  [00m [00;01;34m           GST_EVENT gstpad.c:5548:gst_pad_send_event_unchecked:<typefind:src>[00m have event type reconfigure event: 0x7f4908003570, time 99:99:99.999999999, seq-num 309, (NULL)
0:00:00.378307741 [334m19341[00m 0x7f4934007540 [37mDEBUG  [00m [00;01;31;41m            GST_PADS gstpad.c:4120:gst_pad_peer_query:<decodebin3-0:sink_1>[00m query failed
0:00:00.378366250 [334m19341[00m 0x7f4934007540 [37mDEBUG  [00m [00;01;31;41m            GST_PADS gstpad.c:3954:gst_pad_query:<sink_1:proxypad9>[00m sent query 0x7f490c003ad0 (scheduling), result 0
0:00:00.378351630 [334m19341[00m 0x7f4930006e80 [33;01mLOG    [00m [00;01;31;41m            GST_PADS gstpad.c:5261:gst_pad_push_event_unchecked:<typefind:sink>[00m sending event 0x7f4908003570 (reconfigure) to peerpad <sink:proxypad10>
0:00:00.378380406 [334m19341[00m 0x7f4934007540 [37mDEBUG  [00m [00;01;31;41m            GST_PADS gstpad.c:3999:gst_pad_query:<sink_1:proxypad9>[00m query failed
0:00:00.378392309 [334m19341[00m 0x7f4934007540 [37mDEBUG  [00m [00;01;31;41m            GST_PADS gstpad.c:4120:gst_pad_peer_query:<parsebin2:sink>[00m query failed
0:00:00.378352936 [334m19341[00m 0x7f494c03f800 [37mDEBUG  [00m [00m                task gsttask.c:687:gst_task_set_state:<task21>[00m Changing task 0x7f4910034a70 to state 0
0:00:00.378408813 [334m19341[00m 0x7f4948003f70 [37mDEBUG  [00m [00m                task gsttask.c:289:gst_task_func:[00m Entering task 0x7f4910034a70, thread 0x7f4948003f70
0:00:00.378290937 [334m19341[00m 0x7f49300068a0 [37mDEBUG  [00m [00;01;34m           GST_EVENT gstpad.c:5548:gst_pad_send_event_unchecked:<sink:proxypad6>[00m have event type reconfigure event: 0x7f4934007f30, time 99:99:99.999999999, seq-num 308, (NULL)
0:00:00.378423449 [334m19341[00m 0x7f4948003f70 [37mDEBUG  [00m [00;01;31;41m            GST_PADS gstpad.c:5917:do_stream_status:<souphttpsrc1:src>[00m doing stream-status 1
0:00:00.378406056 [334m19341[00m 0x7f494c03f800 [33;01mLOG    [00m [00;01;34m           GST_EVENT gstevent.c:222:_gst_event_free:[00m freeing event 0x7f49200034f0 type seek
0:00:00.378439955 [334m19341[00m 0x7f49480038f0 [37mDEBUG  [00m [00;01;31;41m            GST_PADS gstpad.c:3814:push_sticky:<srcbin-video_00:src>[00m event eos marked received
0:00:00.378442824 [334m19341[00m 0x7f4934007540 [37mDEBUG  [00m [00;01;31;41m            GST_PADS gstpad.c:3954:gst_pad_query:<sink:proxypad12>[00m sent query 0x7f490c003ad0 (scheduling), result 0
0:00:00.378455307 [334m19341[00m 0x7f4934007540 [37mDEBUG  [00m [00;01;31;41m            GST_PADS gstpad.c:3999:gst_pad_query:<sink:proxypad12>[00m query failed
0:00:00.378463079 [334m19341[00m 0x7f4934007540 [37mDEBUG  [00m [00;01;31;41m            GST_PADS gstpad.c:4120:gst_pad_peer_query:<typefind:sink>[00m query failed
0:00:00.378498332 [334m19341[00m 0x7f49300068a0 [33;01mLOG    [00m [00;01;31;41m            GST_PADS gstpad.c:2944:gst_pad_forward:<sink:proxypad6>[00m calling forward function on pad parsebin0:sink
0:00:00.378425198 [334m19341[00m 0x7f4930006e80 [37mDEBUG  [00m [00;01;34m           GST_EVENT gstpad.c:5548:gst_pad_send_event_unchecked:<sink:proxypad10>[00m have event type reconfigure event: 0x7f4908003570, time 99:99:99.999999999, seq-num 309, (NULL)
0:00:00.378509487 [334m19341[00m 0x7f49300068a0 [33;01mLOG    [00m [00;01;31;41m            GST_PADS gstpad.c:2989:event_forward_func:<parsebin0:sink>[00m Reffing and pushing event 0x7f4934007f30 (reconfigure) to parsebin0:sink
0:00:00.378466452 [334m19341[00m 0x7f49480038f0 [37mDEBUG  [00m [00;01;31;41m            GST_PADS gstpad.c:3794:push_sticky:<srcbin-video_00:src>[00m event custom-downstream-sticky was already received
0:00:00.378474317 [334m19341[00m 0x7f4934007540 [37mDEBUG  [00m [00;01;31;41m            GST_PADS gstpad.c:3954:gst_pad_query:<typefind:src>[00m sent query 0x7f490c003ad0 (scheduling), result 0
0:00:00.378526073 [334m19341[00m 0x7f49480038f0 [37mDEBUG  [00m [00;01;31;41m            GST_PADS gstpad.c:5622:gst_pad_send_event_unchecked:<src:proxypad1>[00m sent event, ret ok
0:00:00.378535531 [334m19341[00m 0x7f494c03f800 [37mDEBUG  [00m [00;01;31;41m            GST_PADS gstpad.c:1188:activate_mode_internal:<souphttpsrc1:src>[00m activated in push mode
0:00:00.378544634 [334m19341[00m 0x7f4934007540 [37mDEBUG  [00m [00;01;31;41m            GST_PADS gstpad.c:3999:gst_pad_query:<typefind:src>[00m query failed
0:00:00.378537498 [334m19341[00m 0x7f49300068a0 [33;01mLOG    [00m [00;01;31;41m            GST_PADS gstpad.c:5261:gst_pad_push_event_unchecked:<parsebin0:sink>[00m sending event 0x7f4934007f30 (reconfigure) to peerpad <sink:proxypad0>
0:00:00.378614943 [334m19341[00m 0x7f49300068a0 [37mDEBUG  [00m [00;01;34m           GST_EVENT gstpad.c:5548:gst_pad_send_event_unchecked:<sink:proxypad0>[00m have event type reconfigure event: 0x7f4934007f30, time 99:99:99.999999999, seq-num 308, (NULL)
0:00:00.378657666 [334m19341[00m 0x7f4930006e80 [33;01mLOG    [00m [00;01;31;41m            GST_PADS gstpad.c:2944:gst_pad_forward:<sink:proxypad10>[00m calling forward function on pad parsebin1:sink
0:00:00.378554421 [334m19341[00m 0x7f49480038f0 [33;01mLOG    [00m [00;01;31;41m            GST_PADS gstpad.c:5097:store_sticky_event:<src:proxypad1>[00m stored sticky event eos
0:00:00.378680987 [334m19341[00m 0x7f49480038f0 [33;01mLOG    [00m [00;01;31;41m            GST_PADS gstpad.c:5269:gst_pad_push_event_unchecked:<queue0:src>[00m sent event 0x7f492c003750 (eos) to peerpad <src:proxypad1>, ret ok
0:00:00.378670143 [334m19341[00m 0x7f4930006e80 [33;01mLOG    [00m [00;01;31;41m            GST_PADS gstpad.c:2989:event_forward_func:<parsebin1:sink>[00m Reffing and pushing event 0x7f4908003570 (reconfigure) to parsebin1:sink
0:00:00.378663495 [334m19341[00m 0x7f49300068a0 [33;01mLOG    [00m [00;01;31;41m            GST_PADS gstpad.c:2944:gst_pad_forward:<sink:proxypad0>[00m calling forward function on pad decodebin3-0:sink
0:00:00.378684124 [334m19341[00m 0x7f4948003f70 [37mDEBUG  [00m [00;01;31;41m            GST_PADS gstpad.c:5946:do_stream_status:<souphttpsrc1:src>[00m posting stream-status 1
0:00:00.378718807 [334m19341[00m 0x7f49300068a0 [33;01mLOG    [00m [00;01;31;41m            GST_PADS gstpad.c:2989:event_forward_func:<decodebin3-0:sink>[00m Reffing and pushing event 0x7f4934007f30 (reconfigure) to decodebin3-0:sink
0:00:00.378736788 [334m19341[00m 0x7f49300068a0 [33;01mLOG    [00m [00;01;31;41m            GST_PADS gstpad.c:5261:gst_pad_push_event_unchecked:<decodebin3-0:sink>[00m sending event 0x7f4934007f30 (reconfigure) to peerpad <urisourcebin0:src_0>
0:00:00.378709132 [334m19341[00m 0x7f49480038f0 [37mDEBUG  [00m [00;01;31;41m            GST_PADS gstpad.c:3814:push_sticky:<queue0:src>[00m event eos marked received
0:00:00.378759876 [334m19341[00m 0x7f49480038f0 [37mDEBUG  [00m [00;01;31;41m            GST_PADS gstpad.c:3794:push_sticky:<queue0:src>[00m event custom-downstream-sticky was already received
0:00:00.378750275 [334m19341[00m 0x7f49300068a0 [37mDEBUG  [00m [00;01;34m           GST_EVENT gstpad.c:5548:gst_pad_send_event_unchecked:<urisourcebin0:src_0>[00m have event type reconfigure event: 0x7f4934007f30, time 99:99:99.999999999, seq-num 308, (NULL)
0:00:00.378810470 [334m19341[00m 0x7f49480038f0 [33;01mLOG    [00m [00m      queue_dataflow gstqueue.c:1440:gst_queue_push_one:<queue0>[00m pushed EOS event 0x7f492c003750, return EOS
0:00:00.378787689 [334m19341[00m 0x7f4930006e80 [33;01mLOG    [00m [00;01;31;41m            GST_PADS gstpad.c:5261:gst_pad_push_event_unchecked:<parsebin1:sink>[00m sending event 0x7f4908003570 (reconfigure) to peerpad <sink_0:proxypad8>
0:00:00.378849987 [334m19341[00m 0x7f4930006e80 [37mDEBUG  [00m [00;01;34m           GST_EVENT gstpad.c:5548:gst_pad_send_event_unchecked:<sink_0:proxypad8>[00m have event type reconfigure event: 0x7f4908003570, time 99:99:99.999999999, seq-num 309, (NULL)
0:00:00.378876298 [334m19341[00m 0x7f49300068a0 [33;01mLOG    [00m [00;01;31;41m            GST_PADS gstpad.c:2944:gst_pad_forward:<urisourcebin0:src_0>[00m calling forward function on pad src_0:proxypad4
0:00:00.378863964 [334m19341[00m 0x7f49480038f0 [37mDEBUG  [00m [00;01;31;41m            GST_PADS gstpad.c:6047:gst_pad_pause_task:<queue0:src>[00m pause task
0:00:00.378895968 [334m19341[00m 0x7f49480038f0 [37mDEBUG  [00m [00m                task gsttask.c:687:gst_task_set_state:<queue0:src>[00m Changing task 0x7f494c048950 to state 2
0:00:00.378910342 [334m19341[00m 0x7f49300068a0 [33;01mLOG    [00m [00;01;31;41m            GST_PADS gstpad.c:2989:event_forward_func:<src_0:proxypad4>[00m Reffing and pushing event 0x7f4934007f30 (reconfigure) to src_0:proxypad4
0:00:00.378929251 [334m19341[00m 0x7f49480038f0 [33;01mLOG    [00m [00m      queue_dataflow gstqueue.c:1529:gst_queue_loop:<queue0>[00m pause task, reason:  eos
0:00:00.378928044 [334m19341[00m 0x7f49300068a0 [33;01mLOG    [00m [00;01;31;41m            GST_PADS gstpad.c:5261:gst_pad_push_event_unchecked:<src_0:proxypad4>[00m sending event 0x7f4934007f30 (reconfigure) to peerpad <queue2-0:src>
0:00:00.378967636 [334m19341[00m 0x7f4930006e80 [33;01mLOG    [00m [00;01;31;41m            GST_PADS gstpad.c:2944:gst_pad_forward:<sink_0:proxypad8>[00m calling forward function on pad decodebin3-0:sink_0
0:00:00.378985650 [334m19341[00m 0x7f49300068a0 [37mDEBUG  [00m [00;01;34m           GST_EVENT gstpad.c:5548:gst_pad_send_event_unchecked:<queue2-0:src>[00m have event type reconfigure event: 0x7f4934007f30, time 99:99:99.999999999, seq-num 308, (NULL)
0:00:00.379011076 [334m19341[00m 0x7f49480038f0 [36mINFO   [00m [00m                task gsttask.c:318:gst_task_func:<queue0:src>[00m Task going to paused
0:00:00.378999273 [334m19341[00m 0x7f4930006e80 [33;01mLOG    [00m [00;01;31;41m            GST_PADS gstpad.c:2989:event_forward_func:<decodebin3-0:sink_0>[00m Reffing and pushing event 0x7f4908003570 (reconfigure) to decodebin3-0:sink_0
0:00:00.379078298 [334m19341[00m 0x7f4930006e80 [33;01mLOG    [00m [00;01;31;41m            GST_PADS gstpad.c:5261:gst_pad_push_event_unchecked:<decodebin3-0:sink_0>[00m sending event 0x7f4908003570 (reconfigure) to peerpad <urisourcebin0:src_1>
0:00:00.379091291 [334m19341[00m 0x7f4930006e80 [37mDEBUG  [00m [00;01;34m           GST_EVENT gstpad.c:5548:gst_pad_send_event_unchecked:<urisourcebin0:src_1>[00m have event type reconfigure event: 0x7f4908003570, time 99:99:99.999999999, seq-num 309, (NULL)
0:00:00.379160369 [334m19341[00m 0x7f494c03f850 [37mDEBUG  [00m [00;01;31;41m            GST_PADS gstpad.c:1078:gst_pad_set_active:<srcbin-video_00:src>[00m deactivating pad from push mode
0:00:00.379232708 [334m19341[00m 0x7f4934007540 [37mDEBUG  [00m [00m          decodebin3 gstdecodebin3.c:1290:gst_decodebin3_handle_message:<decodebin3-0>[00m Got Message state-changed
0:00:00.379236002 [334m19341[00m 0x7f49300068a0 [37mDEBUG  [00m [00m     queue2_dataflow gstqueue2.c:3080:gst_queue2_handle_src_event:<queue2-0>[00m got event 0x7f4934007f30 (reconfigure)
0:00:00.379225391 [334m19341[00m 0x7f4930006e80 [33;01mLOG    [00m [00;01;31;41m            GST_PADS gstpad.c:2944:gst_pad_forward:<urisourcebin0:src_1>[00m calling forward function on pad src_1:proxypad5
0:00:00.379205379 [334m19341[00m 0x7f494c03f850 [37mDEBUG  [00m [00;01;31;41m            GST_PADS gstpad.c:967:pre_activate:<srcbin-video_00:src>[00m setting PAD_MODE NONE, set flushing
0:00:00.379247232 [334m19341[00m 0x7f49300068a0 [33;01mLOG    [00m [00;01;31;41m            GST_PADS gstpad.c:5261:gst_pad_push_event_unchecked:<queue2-0:sink>[00m sending event 0x7f4934007f30 (reconfigure) to peerpad <dashdemux0:audio_00>
0:00:00.379255991 [334m19341[00m 0x7f4930006e80 [33;01mLOG    [00m [00;01;31;41m            GST_PADS gstpad.c:2989:event_forward_func:<src_1:proxypad5>[00m Reffing and pushing event 0x7f4908003570 (reconfigure) to src_1:proxypad5
0:00:00.379279885 [334m19341[00m 0x7f49300068a0 [37mDEBUG  [00m [00;01;34m           GST_EVENT gstpad.c:5548:gst_pad_send_event_unchecked:<dashdemux0:audio_00>[00m have event type reconfigure event: 0x7f4934007f30, time 99:99:99.999999999, seq-num 308, (NULL)
0:00:00.379328805 [334m19341[00m 0x7f494c03f850 [37mDEBUG  [00m [00;01;31;41m            GST_PADS gstpad.c:967:pre_activate:<src:proxypad1>[00m setting PAD_MODE NONE, set flushing
0:00:00.379306997 [334m19341[00m 0x7f4930006e80 [33;01mLOG    [00m [00;01;31;41m            GST_PADS gstpad.c:5261:gst_pad_push_event_unchecked:<src_1:proxypad5>[00m sending event 0x7f4908003570 (reconfigure) to peerpad <queue2-1:src>
0:00:00.379340163 [334m19341[00m 0x7f4930006e80 [37mDEBUG  [00m [00;01;34m           GST_EVENT gstpad.c:5548:gst_pad_send_event_unchecked:<queue2-1:src>[00m have event type reconfigure event: 0x7f4908003570, time 99:99:99.999999999, seq-num 309, (NULL)
0:00:00.379398570 [334m19341[00m 0x7f494c03f850 [37mDEBUG  [00m [00;01;31;41m            GST_PADS gstpad.c:1207:activate_mode_internal:<srcbin-video_00:src>[00m already deactivated in push mode
0:00:00.379423862 [334m19341[00m 0x7f494c03f850 [37mDEBUG  [00m [00;01;31;41m            GST_PADS gstpad.c:1015:post_activate:<src:proxypad1>[00m stopped streaming
0:00:00.379437775 [334m19341[00m 0x7f494c03f850 [37mDEBUG  [00m [00;01;31;41m            GST_PADS gstpad.c:1188:activate_mode_internal:<src:proxypad1>[00m deactivated in push mode
0:00:00.379449470 [334m19341[00m 0x7f494c03f850 [37mDEBUG  [00m [00;01;31;41m            GST_PADS gstpad.c:1015:post_activate:<srcbin-video_00:src>[00m stopped streaming
0:00:00.379475245 [334m19341[00m 0x7f494c03f850 [37mDEBUG  [00m [00;01;31;41m            GST_PADS gstpad.c:1188:activate_mode_internal:<srcbin-video_00:src>[00m deactivated in push mode
0:00:00.379620259 [334m19341[00m 0x7f4930006e80 [37mDEBUG  [00m [00m     queue2_dataflow gstqueue2.c:3080:gst_queue2_handle_src_event:<queue2-1>[00m got event 0x7f4908003570 (reconfigure)
0:00:00.379631448 [334m19341[00m 0x7f4930006e80 [33;01mLOG    [00m [00;01;31;41m            GST_PADS gstpad.c:5261:gst_pad_push_event_unchecked:<queue2-1:sink>[00m sending event 0x7f4908003570 (reconfigure) to peerpad <dashdemux0:video_00>
0:00:00.379689204 [334m19341[00m 0x7f4930006e80 [37mDEBUG  [00m [00;01;34m           GST_EVENT gstpad.c:5548:gst_pad_send_event_unchecked:<dashdemux0:video_00>[00m have event type reconfigure event: 0x7f4908003570, time 99:99:99.999999999, seq-num 309, (NULL)
0:00:00.379680504 [334m19341[00m 0x7f49300068a0 [37mDEBUG  [00m [00m       adaptivedemux gstadaptivedemux.c:1597:gst_adaptive_demux_src_event:<dashdemux0:audio_00>[00m [DEBUG], last flow ret = ok
0:00:00.379943687 [334m19341[00m 0x7f49300068a0 [33;01mLOG    [00m [00;01;31;41m            GST_PADS gstpad.c:2944:gst_pad_forward:<dashdemux0:audio_00>[00m calling forward function on pad dashdemux0:sink
0:00:00.380007650 [334m19341[00m 0x7f49300068a0 [33;01mLOG    [00m [00;01;31;41m            GST_PADS gstpad.c:2989:event_forward_func:<dashdemux0:sink>[00m Reffing and pushing event 0x7f4934007f30 (reconfigure) to dashdemux0:sink
0:00:00.380040856 [334m19341[00m 0x7f49300068a0 [33;01mLOG    [00m [00;01;31;41m            GST_PADS gstpad.c:5261:gst_pad_push_event_unchecked:<dashdemux0:sink>[00m sending event 0x7f4934007f30 (reconfigure) to peerpad <typefindelement0:src>
0:00:00.380010806 [334m19341[00m 0x7f4930006e80 [37mDEBUG  [00m [00m       adaptivedemux gstadaptivedemux.c:1597:gst_adaptive_demux_src_event:<dashdemux0:video_00>[00m [DEBUG], last flow ret = ok
0:00:00.380038876 [334m19341[00m 0x7f4948003f70 [37mDEBUG  [00m [00m                task gsttask.c:251:gst_task_configure_name:<souphttpsrc1:src>[00m Setting thread name to 'souphttpsrc1:src'
0:00:00.380091249 [334m19341[00m 0x7f49300068a0 [37mDEBUG  [00m [00;01;34m           GST_EVENT gstpad.c:5548:gst_pad_send_event_unchecked:<typefindelement0:src>[00m have event type reconfigure event: 0x7f4934007f30, time 99:99:99.999999999, seq-num 308, (NULL)
0:00:00.380124213 [334m19341[00m 0x7f494c03f800 [37mDEBUG  [00m [00;01;31;41m            GST_PADS gstpad.c:1069:gst_pad_set_active:<srcbin-audio_00:src>[00m pad was active in push mode
0:00:00.380143917 [334m19341[00m 0x7f49300068a0 [33;01mLOG    [00m [00;01;31;41m            GST_PADS gstpad.c:5261:gst_pad_push_event_unchecked:<typefindelement0:sink>[00m sending event 0x7f4934007f30 (reconfigure) to peerpad <source:src>
0:00:00.380132332 [334m19341[00m 0x7f4930006e80 [33;01mLOG    [00m [00;01;31;41m            GST_PADS gstpad.c:2944:gst_pad_forward:<dashdemux0:video_00>[00m calling forward function on pad dashdemux0:sink
0:00:00.380198093 [334m19341[00m 0x7f49300068a0 [37mDEBUG  [00m [00;01;34m           GST_EVENT gstpad.c:5548:gst_pad_send_event_unchecked:<source:src>[00m have event type reconfigure event: 0x7f4934007f30, time 99:99:99.999999999, seq-num 308, (NULL)
0:00:00.380215841 [334m19341[00m 0x7f4930006e80 [33;01mLOG    [00m [00;01;31;41m            GST_PADS gstpad.c:2989:event_forward_func:<dashdemux0:sink>[00m Reffing and pushing event 0x7f4908003570 (reconfigure) to dashdemux0:sink
0:00:00.380249157 [334m19341[00m 0x7f4930006e80 [33;01mLOG    [00m [00;01;31;41m            GST_PADS gstpad.c:5261:gst_pad_push_event_unchecked:<dashdemux0:sink>[00m sending event 0x7f4908003570 (reconfigure) to peerpad <typefindelement0:src>
0:00:00.380287701 [334m19341[00m 0x7f49300068a0 [37mDEBUG  [00m [00;01;31;41m            GST_PADS gstpad.c:5622:gst_pad_send_event_unchecked:<source:src>[00m sent event, ret ok
0:00:00.380339418 [334m19341[00m 0x7f49300068a0 [33;01mLOG    [00m [00;01;31;41m            GST_PADS gstpad.c:5269:gst_pad_push_event_unchecked:<typefindelement0:sink>[00m sent event 0x7f4934007f30 (reconfigure) to peerpad <source:src>, ret ok
0:00:00.380326983 [334m19341[00m 0x7f4930006e80 [37mDEBUG  [00m [00;01;34m           GST_EVENT gstpad.c:5548:gst_pad_send_event_unchecked:<typefindelement0:src>[00m have event type reconfigure event: 0x7f4908003570, time 99:99:99.999999999, seq-num 309, (NULL)
0:00:00.380330985 [334m19341[00m 0x7f494c03f850 [37mDEBUG  [00m [00;01;31;41m            GST_PADS gstpad.c:1078:gst_pad_set_active:<queue0:src>[00m deactivating pad from push mode
0:00:00.380367266 [334m19341[00m 0x7f49300068a0 [37mDEBUG  [00m [00;01;31;41m            GST_PADS gstpad.c:5622:gst_pad_send_event_unchecked:<typefindelement0:src>[00m sent event, ret ok
0:00:00.380391246 [334m19341[00m 0x7f49300068a0 [33;01mLOG    [00m [00;01;31;41m            GST_PADS gstpad.c:5269:gst_pad_push_event_unchecked:<dashdemux0:sink>[00m sent event 0x7f4934007f30 (reconfigure) to peerpad <typefindelement0:src>, ret ok
0:00:00.380406604 [334m19341[00m 0x7f49300068a0 [37mDEBUG  [00m [00;01;31;41m            GST_PADS gstpad.c:5622:gst_pad_send_event_unchecked:<dashdemux0:audio_00>[00m sent event, ret ok
0:00:00.380436046 [334m19341[00m 0x7f494c03f850 [37mDEBUG  [00m [00;01;31;41m            GST_PADS gstpad.c:967:pre_activate:<queue0:src>[00m setting PAD_MODE NONE, set flushing
0:00:00.380434075 [334m19341[00m 0x7f49300068a0 [33;01mLOG    [00m [00;01;31;41m            GST_PADS gstpad.c:5269:gst_pad_push_event_unchecked:<queue2-0:sink>[00m sent event 0x7f4934007f30 (reconfigure) to peerpad <dashdemux0:audio_00>, ret ok
0:00:00.380468650 [334m19341[00m 0x7f49300068a0 [37mDEBUG  [00m [00;01;31;41m            GST_PADS gstpad.c:5622:gst_pad_send_event_unchecked:<queue2-0:src>[00m sent event, ret ok
0:00:00.380451410 [334m19341[00m 0x7f4930006e80 [33;01mLOG    [00m [00;01;31;41m            GST_PADS gstpad.c:5261:gst_pad_push_event_unchecked:<typefindelement0:sink>[00m sending event 0x7f4908003570 (reconfigure) to peerpad <source:src>
0:00:00.380479217 [334m19341[00m 0x7f49300068a0 [33;01mLOG    [00m [00;01;31;41m            GST_PADS gstpad.c:5269:gst_pad_push_event_unchecked:<src_0:proxypad4>[00m sent event 0x7f4934007f30 (reconfigure) to peerpad <queue2-0:src>, ret ok
0:00:00.380471906 [334m19341[00m 0x7f494c03f850 [37mDEBUG  [00m [00;01;31;41m            GST_PADS gstpad.c:6095:gst_pad_stop_task:<queue0:src>[00m stop task
0:00:00.380525361 [334m19341[00m 0x7f494c03f850 [37mDEBUG  [00m [00m                task gsttask.c:687:gst_task_set_state:<queue0:src>[00m Changing task 0x7f494c048950 to state 1
0:00:00.380528934 [334m19341[00m 0x7f49300068a0 [37mDEBUG  [00m [00;01;31;41m            GST_PADS gstpad.c:5622:gst_pad_send_event_unchecked:<urisourcebin0:src_0>[00m sent event, ret ok
0:00:00.380498967 [334m19341[00m 0x7f4948003f70 [37mDEBUG  [00m [00;01;31;41m            GST_PADS gstpad.c:3931:gst_pad_query:<souphttpsrc1:src>[00m doing query 0x7f49200029e0 (uri)
0:00:00.380488856 [334m19341[00m 0x7f4930006e80 [37mDEBUG  [00m [00;01;34m           GST_EVENT gstpad.c:5548:gst_pad_send_event_unchecked:<source:src>[00m have event type reconfigure event: 0x7f4908003570, time 99:99:99.999999999, seq-num 309, (NULL)
0:00:00.380535542 [334m19341[00m 0x7f494c03f850 [37mDEBUG  [00m [00m                task gsttask.c:814:gst_task_join:<queue0:src>[00m Joining task 0x7f494c048950, thread 0x7f494c03f850
0:00:00.380605708 [334m19341[00m 0x7f4930006e80 [37mDEBUG  [00m [00;01;31;41m            GST_PADS gstpad.c:5622:gst_pad_send_event_unchecked:<source:src>[00m sent event, ret ok
0:00:00.380537375 [334m19341[00m 0x7f49480038f0 [36mINFO   [00m [00m                task gsttask.c:320:gst_task_func:<queue0:src>[00m Task resume from paused
0:00:00.380552792 [334m19341[00m 0x7f49300068a0 [33;01mLOG    [00m [00;01;31;41m            GST_PADS gstpad.c:5269:gst_pad_push_event_unchecked:<decodebin3-0:sink>[00m sent event 0x7f4934007f30 (reconfigure) to peerpad <urisourcebin0:src_0>, ret ok
0:00:00.380619689 [334m19341[00m 0x7f49480038f0 [37mDEBUG  [00m [00;01;31;41m            GST_PADS gstpad.c:5917:do_stream_status:<queue0:src>[00m doing stream-status 2
0:00:00.380633491 [334m19341[00m 0x7f4930006e80 [33;01mLOG    [00m [00;01;31;41m            GST_PADS gstpad.c:5269:gst_pad_push_event_unchecked:<typefindelement0:sink>[00m sent event 0x7f4908003570 (reconfigure) to peerpad <source:src>, ret ok
0:00:00.380630172 [334m19341[00m 0x7f49300068a0 [37mDEBUG  [00m [00;01;31;41m            GST_PADS gstpad.c:5622:gst_pad_send_event_unchecked:<sink:proxypad0>[00m sent event, ret ok
0:00:00.380668238 [334m19341[00m 0x7f4930006e80 [37mDEBUG  [00m [00;01;31;41m            GST_PADS gstpad.c:5622:gst_pad_send_event_unchecked:<typefindelement0:src>[00m sent event, ret ok
0:00:00.380683093 [334m19341[00m 0x7f49480038f0 [37mDEBUG  [00m [00;01;31;41m            GST_PADS gstpad.c:5946:do_stream_status:<queue0:src>[00m posting stream-status 2
0:00:00.380691926 [334m19341[00m 0x7f4930006e80 [33;01mLOG    [00m [00;01;31;41m            GST_PADS gstpad.c:5269:gst_pad_push_event_unchecked:<dashdemux0:sink>[00m sent event 0x7f4908003570 (reconfigure) to peerpad <typefindelement0:src>, ret ok
0:00:00.380727884 [334m19341[00m 0x7f4930006e80 [37mDEBUG  [00m [00;01;31;41m            GST_PADS gstpad.c:5622:gst_pad_send_event_unchecked:<dashdemux0:video_00>[00m sent event, ret ok
0:00:00.380729136 [334m19341[00m 0x7f49300068a0 [33;01mLOG    [00m [00;01;31;41m            GST_PADS gstpad.c:5269:gst_pad_push_event_unchecked:<parsebin0:sink>[00m sent event 0x7f4934007f30 (reconfigure) to peerpad <sink:proxypad0>, ret ok
0:00:00.380773193 [334m19341[00m 0x7f4930006e80 [33;01mLOG    [00m [00;01;31;41m            GST_PADS gstpad.c:5269:gst_pad_push_event_unchecked:<queue2-1:sink>[00m sent event 0x7f4908003570 (reconfigure) to peerpad <dashdemux0:video_00>, ret ok
0:00:00.380759495 [334m19341[00m 0x7f49300068a0 [33;01mLOG    [00m [00;01;34m           GST_EVENT gstevent.c:222:_gst_event_free:[00m freeing event 0x7f4934007f30 type reconfigure
0:00:00.380815154 [334m19341[00m 0x7f4930006e80 [37mDEBUG  [00m [00;01;31;41m            GST_PADS gstpad.c:5622:gst_pad_send_event_unchecked:<queue2-1:src>[00m sent event, ret ok
0:00:00.380797841 [334m19341[00m 0x7f49300068a0 [37mDEBUG  [00m [00;01;31;41m            GST_PADS gstpad.c:5622:gst_pad_send_event_unchecked:<sink:proxypad6>[00m sent event, ret ok
0:00:00.380838683 [334m19341[00m 0x7f4930006e80 [33;01mLOG    [00m [00;01;31;41m            GST_PADS gstpad.c:5269:gst_pad_push_event_unchecked:<src_1:proxypad5>[00m sent event 0x7f4908003570 (reconfigure) to peerpad <queue2-1:src>, ret ok
0:00:00.380870762 [334m19341[00m 0x7f4948003f70 [37mDEBUG  [00m [00;01;31;41m            GST_PADS gstpad.c:3954:gst_pad_query:<souphttpsrc1:src>[00m sent query 0x7f49200029e0 (uri), result 1
0:00:00.380826280 [334m19341[00m 0x7f49300068a0 [33;01mLOG    [00m [00;01;31;41m            GST_PADS gstpad.c:5269:gst_pad_push_event_unchecked:<typefind:sink>[00m sent event 0x7f4934007f30 (reconfigure) to peerpad <sink:proxypad6>, ret ok
0:00:00.380974881 [334m19341[00m 0x7f49300068a0 [37mDEBUG  [00m [00;01;31;41m            GST_PADS gstpad.c:5622:gst_pad_send_event_unchecked:<typefind:src>[00m sent event, ret ok
0:00:00.381071783 [334m19341[00m 0x7f4930006e80 [37mDEBUG  [00m [00;01;31;41m            GST_PADS gstpad.c:5622:gst_pad_send_event_unchecked:<urisourcebin0:src_1>[00m sent event, ret ok
0:00:00.381050693 [334m19341[00m 0x7f4948003f70 [37mDEBUG  [00m [00;01;34m           GST_EVENT gstevent.c:305:gst_event_new_custom:[00m creating new event 0x7f49200036b0 stream-start 10254
0:00:00.381080994 [334m19341[00m 0x7f4930006e80 [33;01mLOG    [00m [00;01;31;41m            GST_PADS gstpad.c:5269:gst_pad_push_event_unchecked:<decodebin3-0:sink_0>[00m sent event 0x7f4908003570 (reconfigure) to peerpad <urisourcebin0:src_1>, ret ok
0:00:00.381108492 [334m19341[00m 0x7f4930006e80 [37mDEBUG  [00m [00;01;31;41m            GST_PADS gstpad.c:5622:gst_pad_send_event_unchecked:<sink_0:proxypad8>[00m sent event, ret ok
0:00:00.381151066 [334m19341[00m 0x7f4930006e80 [33;01mLOG    [00m [00;01;31;41m            GST_PADS gstpad.c:5269:gst_pad_push_event_unchecked:<parsebin1:sink>[00m sent event 0x7f4908003570 (reconfigure) to peerpad <sink_0:proxypad8>, ret ok
0:00:00.381187825 [334m19341[00m 0x7f4930006e80 [33;01mLOG    [00m [00;01;34m           GST_EVENT gstevent.c:222:_gst_event_free:[00m freeing event 0x7f4908003570 type reconfigure
0:00:00.381223966 [334m19341[00m 0x7f4948003f70 [33;01mLOG    [00m [00;01;31;41m            GST_PADS gstpad.c:5037:store_sticky_event:<souphttpsrc1:src>[00m Removing pending EOS and StreamGroupDone events
0:00:00.381226563 [334m19341[00m 0x7f4930006e80 [37mDEBUG  [00m [00;01;31;41m            GST_PADS gstpad.c:5622:gst_pad_send_event_unchecked:<sink:proxypad10>[00m sent event, ret ok
0:00:00.381236130 [334m19341[00m 0x7f4948003f70 [33;01mLOG    [00m [00;01;31;41m            GST_PADS gstpad.c:5097:store_sticky_event:<souphttpsrc1:src>[00m stored sticky event stream-start
0:00:00.381288905 [334m19341[00m 0x7f4948003f70 [37mDEBUG  [00m [00;01;31;41m            GST_PADS gstpad.c:3862:check_sticky:<souphttpsrc1:src>[00m pushing all sticky events
0:00:00.381254147 [334m19341[00m 0x7f4930006e80 [33;01mLOG    [00m [00;01;31;41m            GST_PADS gstpad.c:5269:gst_pad_push_event_unchecked:<typefind:sink>[00m sent event 0x7f4908003570 (reconfigure) to peerpad <sink:proxypad10>, ret ok
0:00:00.381358515 [334m19341[00m 0x7f494c03f800 [37mDEBUG  [00m [00m       adaptivedemux gstadaptivedemux.c:2789:gst_adaptive_demux_stream_download_uri:<dashdemux0:audio_00>[00m Waiting for fragment download to finish: http://dash.akamaized.net/dash264/TestCases/10a/1/German_Forest_Short_Poem_english-en-68s-2-lc-128000bps_seg.mp4
0:00:00.381327384 [334m19341[00m 0x7f4930006e80 [37mDEBUG  [00m [00;01;31;41m            GST_PADS gstpad.c:5622:gst_pad_send_event_unchecked:<typefind:src>[00m sent event, ret ok
0:00:00.381433938 [334m19341[00m 0x7f4948003f70 [33;01mLOG    [00m [00m       adaptivedemux gstadaptivedemux.c:2406:_uri_handler_probe:<souphttpsrc1:src>[00m Received event stream-start stream-start event: 0x7f49200036b0, time 99:99:99.999999999, seq-num 316, GstEventStreamStart, stream-id=(string)4a03adbbd51f304ef81b2d8a00584359776eb5307652b7aba00cfe8602d6b7d3, flags=(GstStreamFlags)GST_STREAM_FLAG_NONE, group-id=(uint)7;
0:00:00.381474489 [334m19341[00m 0x7f4948003f70 [33;01mLOG    [00m [00;01;31;41m            GST_PADS gstpad.c:5261:gst_pad_push_event_unchecked:<souphttpsrc1:src>[00m sending event 0x7f49200036b0 (stream-start) to peerpad <queue1:sink>
0:00:00.381533161 [334m19341[00m 0x7f4948003f70 [37mDEBUG  [00m [00;01;34m           GST_EVENT gstpad.c:5548:gst_pad_send_event_unchecked:<queue1:sink>[00m have event type stream-start event: 0x7f49200036b0, time 99:99:99.999999999, seq-num 316, GstEventStreamStart, stream-id=(string)4a03adbbd51f304ef81b2d8a00584359776eb5307652b7aba00cfe8602d6b7d3, flags=(GstStreamFlags)GST_STREAM_FLAG_NONE, group-id=(uint)7;
0:00:00.381584653 [334m19341[00m 0x7f4948003f70 [33;01mLOG    [00m [00;01;31;41m            GST_PADS gstpad.c:5556:gst_pad_send_event_unchecked:<queue1:sink>[00m Removing pending EOS events
0:00:00.381637832 [334m19341[00m 0x7f4934007540 [37mDEBUG  [00m [00;01;31;41m            GST_PADS gstpad.c:3862:check_sticky:<typefind:src>[00m pushing all sticky events
0:00:00.381657830 [334m19341[00m 0x7f4948003f70 [33;01mLOG    [00m [00m      queue_dataflow gstqueue.c:824:gst_queue_locked_enqueue_event:<queue1>[00m (queue1:sink) signal ADD: 0 of 0-0 buffers, 0 of 0-20971520 bytes, 0 of 0-0 ns, 1 items
0:00:00.381700268 [334m19341[00m 0x7f4948003ed0 [33;01mLOG    [00m [00m      queue_dataflow gstqueue.c:1500:gst_queue_loop:<queue1>[00m (queue1:src) received ADD: 0 of 0-0 buffers, 0 of 0-20971520 bytes, 0 of 0-0 ns, 1 items
0:00:00.381733084 [334m19341[00m 0x7f49480038f0 [37mDEBUG  [00m [00m                task gsttask.c:361:gst_task_func:[00m Exit task 0x7f494c048950, thread 0x7f49480038f0
0:00:00.381699080 [334m19341[00m 0x7f4948003f70 [37mDEBUG  [00m [00;01;31;41m            GST_PADS gstpad.c:5622:gst_pad_send_event_unchecked:<queue1:sink>[00m sent event, ret ok
0:00:00.381759618 [334m19341[00m 0x7f4948003f70 [33;01mLOG    [00m [00;01;31;41m            GST_PADS gstpad.c:5037:store_sticky_event:<queue1:sink>[00m Removing pending EOS and StreamGroupDone events
0:00:00.381735437 [334m19341[00m 0x7f494c03f850 [37mDEBUG  [00m [00m                task gsttask.c:844:gst_task_join:<queue0:src>[00m Joined task 0x7f494c048950
0:00:00.381761944 [334m19341[00m 0x7f4948003ed0 [37mDEBUG  [00m [00m      queue_dataflow gstqueue.c:1503:gst_queue_loop:<queue1>[00m queue is not empty
0:00:00.381779254 [334m19341[00m 0x7f4948003f70 [33;01mLOG    [00m [00;01;31;41m            GST_PADS gstpad.c:5097:store_sticky_event:<queue1:sink>[00m stored sticky event stream-start
0:00:00.381809963 [334m19341[00m 0x7f4948003f70 [33;01mLOG    [00m [00;01;31;41m            GST_PADS gstpad.c:5269:gst_pad_push_event_unchecked:<souphttpsrc1:src>[00m sent event 0x7f49200036b0 (stream-start) to peerpad <queue1:sink>, ret ok
0:00:00.381797620 [334m19341[00m 0x7f4948003ed0 [33;01mLOG    [00m [00m      queue_dataflow gstqueue.c:872:gst_queue_locked_dequeue:<queue1>[00m retrieved event 0x7f49200036b0 from queue
0:00:00.381824165 [334m19341[00m 0x7f494c03f850 [37mDEBUG  [00m [00m                task gsttask.c:216:gst_task_finalize:[00m task 0x7f494c048950 finalize
0:00:00.381845375 [334m19341[00m 0x7f4948003ed0 [33;01mLOG    [00m [00;01;31;41m            GST_PADS gstpad.c:5037:store_sticky_event:<queue1:src>[00m Removing pending EOS and StreamGroupDone events
0:00:00.381881951 [334m19341[00m 0x7f494c03f850 [37mDEBUG  [00m [00;01;31;41m            GST_PADS gstpad.c:1015:post_activate:<queue0:src>[00m stopped streaming
0:00:00.381918960 [334m19341[00m 0x7f49300068a0 [37mDEBUG  [00m [00m          decodebin3 gstdecodebin3.c:1290:gst_decodebin3_handle_message:<decodebin3-0>[00m Got Message state-changed
0:00:00.381868617 [334m19341[00m 0x7f4948003ed0 [33;01mLOG    [00m [00;01;31;41m            GST_PADS gstpad.c:5097:store_sticky_event:<queue1:src>[00m stored sticky event stream-start
0:00:00.381931288 [334m19341[00m 0x7f494c03f850 [37mDEBUG  [00m [00;01;31;41m            GST_PADS gstpad.c:1188:activate_mode_internal:<queue0:src>[00m deactivated in push mode
0:00:00.381961676 [334m19341[00m 0x7f494c03f850 [37mDEBUG  [00m [00;01;31;41m            GST_PADS gstpad.c:1078:gst_pad_set_active:<queue0:sink>[00m deactivating pad from push mode
0:00:00.381973018 [334m19341[00m 0x7f494c03f850 [37mDEBUG  [00m [00;01;31;41m            GST_PADS gstpad.c:967:pre_activate:<queue0:sink>[00m setting PAD_MODE NONE, set flushing
0:00:00.381963853 [334m19341[00m 0x7f4948003ed0 [37mDEBUG  [00m [00;01;31;41m            GST_PADS gstpad.c:3862:check_sticky:<queue1:src>[00m pushing all sticky events
0:00:00.381985973 [334m19341[00m 0x7f4934007540 [37mDEBUG  [00m [00;01;31;41m            GST_PADS gstpad.c:3814:push_sticky:<typefind:src>[00m event stream-start marked received
0:00:00.381995691 [334m19341[00m 0x7f4948003f70 [37mDEBUG  [00m [00;01;31;41m            GST_PADS gstpad.c:3814:push_sticky:<souphttpsrc1:src>[00m event stream-start marked received
0:00:00.381984778 [334m19341[00m 0x7f494c03f850 [37mDEBUG  [00m [00;01;31;41m            GST_PADS gstpad.c:1015:post_activate:<queue0:sink>[00m stopped streaming
0:00:00.382006268 [334m19341[00m 0x7f4948003ed0 [33;01mLOG    [00m [00;01;31;41m            GST_PADS gstpad.c:5261:gst_pad_push_event_unchecked:<queue1:src>[00m sending event 0x7f49200036b0 (stream-start) to peerpad <src:proxypad2>
0:00:00.382024386 [334m19341[00m 0x7f4948003f70 [37mDEBUG  [00m [00;01;31;41m            GST_PADS gstpad.c:1614:gst_pad_check_reconfigure:<souphttpsrc1:src>[00m remove RECONFIGURE flag
0:00:00.382136546 [334m19341[00m 0x7f494c03f850 [37mDEBUG  [00m [00;01;31;41m            GST_PADS gstpad.c:1188:activate_mode_internal:<queue0:sink>[00m deactivated in push mode
0:00:00.382076414 [334m19341[00m 0x7f4948003ed0 [37mDEBUG  [00m [00;01;34m           GST_EVENT gstpad.c:5548:gst_pad_send_event_unchecked:<src:proxypad2>[00m have event type stream-start event: 0x7f49200036b0, time 99:99:99.999999999, seq-num 316, GstEventStreamStart, stream-id=(string)4a03adbbd51f304ef81b2d8a00584359776eb5307652b7aba00cfe8602d6b7d3, flags=(GstStreamFlags)GST_STREAM_FLAG_NONE, group-id=(uint)7;
0:00:00.382224914 [334m19341[00m 0x7f4948003f70 [37mDEBUG  [00m [00;01;31;41m            GST_PADS gstpad.c:3931:gst_pad_query:<souphttpsrc1:src>[00m doing query 0x7f4920002a30 (caps)
0:00:00.382227638 [334m19341[00m 0x7f4948003ed0 [33;01mLOG    [00m [00;01;31;41m            GST_PADS gstpad.c:5556:gst_pad_send_event_unchecked:<src:proxypad2>[00m Removing pending EOS events
0:00:00.382291516 [334m19341[00m 0x7f4948003ed0 [33;01mLOG    [00m [00;01;31;41m            GST_PADS gstpad.c:2944:gst_pad_forward:<src:proxypad2>[00m calling forward function on pad srcbin-audio_00:src
0:00:00.382300657 [334m19341[00m 0x7f4948003ed0 [33;01mLOG    [00m [00;01;31;41m            GST_PADS gstpad.c:2989:event_forward_func:<srcbin-audio_00:src>[00m Reffing and pushing event 0x7f49200036b0 (stream-start) to srcbin-audio_00:src
0:00:00.382396451 [334m19341[00m 0x7f4948003ed0 [33;01mLOG    [00m [00;01;31;41m            GST_PADS gstpad.c:5037:store_sticky_event:<srcbin-audio_00:src>[00m Removing pending EOS and StreamGroupDone events
0:00:00.382408786 [334m19341[00m 0x7f4948003ed0 [33;01mLOG    [00m [00;01;31;41m            GST_PADS gstpad.c:5097:store_sticky_event:<srcbin-audio_00:src>[00m stored sticky event stream-start
0:00:00.382418944 [334m19341[00m 0x7f4948003ed0 [37mDEBUG  [00m [00;01;31;41m            GST_PADS gstpad.c:3862:check_sticky:<srcbin-audio_00:src>[00m pushing all sticky events
0:00:00.382528980 [334m19341[00m 0x7f4948003f70 [37mDEBUG  [00m [00;01;31;41m            GST_PADS gstpad.c:3954:gst_pad_query:<souphttpsrc1:src>[00m sent query 0x7f4920002a30 (caps), result 1
0:00:00.382537697 [334m19341[00m 0x7f4930006e80 [37mDEBUG  [00m [00m          decodebin3 gstdecodebin3.c:1290:gst_decodebin3_handle_message:<decodebin3-0>[00m Got Message state-changed
0:00:00.382743761 [334m19341[00m 0x7f4948003ed0 [33;01mLOG    [00m [00;01;31;41m            GST_PADS gstpad.c:5261:gst_pad_push_event_unchecked:<srcbin-audio_00:src>[00m sending event 0x7f49200036b0 (stream-start) to peerpad <dashdemux0:internal-audio_00>
0:00:00.382736113 [334m19341[00m 0x7f4948003f70 [37mDEBUG  [00m [00;01;31;41m            GST_PADS gstpad.c:4058:gst_pad_peer_query:<souphttpsrc1:src>[00m peer query 0x7f4920002a80 (allocation)
0:00:00.382770697 [334m19341[00m 0x7f4948003ed0 [37mDEBUG  [00m [00;01;34m           GST_EVENT gstpad.c:5548:gst_pad_send_event_unchecked:<dashdemux0:internal-audio_00>[00m have event type stream-start event: 0x7f49200036b0, time 99:99:99.999999999, seq-num 316, GstEventStreamStart, stream-id=(string)4a03adbbd51f304ef81b2d8a00584359776eb5307652b7aba00cfe8602d6b7d3, flags=(GstStreamFlags)GST_STREAM_FLAG_NONE, group-id=(uint)7;
0:00:00.382880562 [334m19341[00m 0x7f4948003f70 [37mDEBUG  [00m [00;01;31;41m            GST_PADS gstpad.c:3931:gst_pad_query:<queue1:sink>[00m doing query 0x7f4920002a80 (allocation)
0:00:00.382820721 [334m19341[00m 0x7f4948003ed0 [33;01mLOG    [00m [00;01;31;41m            GST_PADS gstpad.c:5556:gst_pad_send_event_unchecked:<dashdemux0:internal-audio_00>[00m Removing pending EOS events
0:00:00.382892241 [334m19341[00m 0x7f4948003f70 [33;01mLOG    [00m [00m               queue gstqueue.c:1044:gst_queue_handle_sink_query:<queue1>[00m queuing query 0x7f4920002a80 (allocation)
0:00:00.382928569 [334m19341[00m 0x7f4948003ed0 [37mDEBUG  [00m [00;01;31;41m            GST_PADS gstpad.c:5622:gst_pad_send_event_unchecked:<dashdemux0:internal-audio_00>[00m sent event, ret ok
0:00:00.383034878 [334m19341[00m 0x7f4948003ed0 [33;01mLOG    [00m [00;01;31;41m            GST_PADS gstpad.c:5037:store_sticky_event:<dashdemux0:internal-audio_00>[00m Removing pending EOS and StreamGroupDone events
0:00:00.383045050 [334m19341[00m 0x7f4948003ed0 [33;01mLOG    [00m [00;01;31;41m            GST_PADS gstpad.c:5097:store_sticky_event:<dashdemux0:internal-audio_00>[00m stored sticky event stream-start
0:00:00.383081469 [334m19341[00m 0x7f4948003ed0 [33;01mLOG    [00m [00;01;31;41m            GST_PADS gstpad.c:5269:gst_pad_push_event_unchecked:<srcbin-audio_00:src>[00m sent event 0x7f49200036b0 (stream-start) to peerpad <dashdemux0:internal-audio_00>, ret ok
0:00:00.383316816 [334m19341[00m 0x7f4948003ed0 [37mDEBUG  [00m [00;01;31;41m            GST_PADS gstpad.c:3814:push_sticky:<srcbin-audio_00:src>[00m event stream-start marked received
0:00:00.383345958 [334m19341[00m 0x7f4948003ed0 [37mDEBUG  [00m [00;01;31;41m            GST_PADS gstpad.c:5622:gst_pad_send_event_unchecked:<src:proxypad2>[00m sent event, ret ok
0:00:00.383374304 [334m19341[00m 0x7f4934007540 [37mDEBUG  [00m [00;01;31;41m            GST_PADS gstpad.c:3814:push_sticky:<typefind:src>[00m event caps marked received
0:00:00.383383634 [334m19341[00m 0x7f4948003ed0 [33;01mLOG    [00m [00;01;31;41m            GST_PADS gstpad.c:5037:store_sticky_event:<src:proxypad2>[00m Removing pending EOS and StreamGroupDone events
0:00:00.383433702 [334m19341[00m 0x7f4948003ed0 [33;01mLOG    [00m [00;01;31;41m            GST_PADS gstpad.c:5097:store_sticky_event:<src:proxypad2>[00m stored sticky event stream-start
0:00:00.383525669 [334m19341[00m 0x7f4948003ed0 [33;01mLOG    [00m [00;01;31;41m            GST_PADS gstpad.c:5269:gst_pad_push_event_unchecked:<queue1:src>[00m sent event 0x7f49200036b0 (stream-start) to peerpad <src:proxypad2>, ret ok
0:00:00.383553736 [334m19341[00m 0x7f4948003ed0 [37mDEBUG  [00m [00;01;31;41m            GST_PADS gstpad.c:3814:push_sticky:<queue1:src>[00m event stream-start marked received
0:00:00.383574879 [334m19341[00m 0x7f4948003ed0 [33;01mLOG    [00m [00m      queue_dataflow gstqueue.c:897:gst_queue_locked_dequeue:<queue1>[00m retrieved query 0x7f4920002a80 from queue
0:00:00.383612023 [334m19341[00m 0x7f4948003ed0 [37mDEBUG  [00m [00;01;31;41m            GST_PADS gstpad.c:4058:gst_pad_peer_query:<queue1:src>[00m peer query 0x7f4920002a80 (allocation)
0:00:00.383629372 [334m19341[00m 0x7f4934007540 [37mDEBUG  [00m [00;01;31;41m            GST_PADS gstpad.c:5622:gst_pad_send_event_unchecked:<typefind:sink>[00m sent event, ret ok
0:00:00.383661960 [334m19341[00m 0x7f4934007540 [33;01mLOG    [00m [00;01;31;41m            GST_PADS gstpad.c:5097:store_sticky_event:<typefind:sink>[00m stored sticky event caps
0:00:00.383684029 [334m19341[00m 0x7f4934007540 [37mDEBUG  [00m [00;01;31;41m            GST_PADS gstpad.c:5103:store_sticky_event:<typefind:sink>[00m notify caps
0:00:00.383638744 [334m19341[00m 0x7f4948003ed0 [37mDEBUG  [00m [00;01;31;41m            GST_PADS gstpad.c:3931:gst_pad_query:<src:proxypad2>[00m doing query 0x7f4920002a80 (allocation)
0:00:00.383743223 [334m19341[00m 0x7f4948003ed0 [33;01mLOG    [00m [00;01;31;41m            GST_PADS gstpad.c:2944:gst_pad_forward:<src:proxypad2>[00m calling forward function on pad srcbin-audio_00:src
0:00:00.383783706 [334m19341[00m 0x7f4934007540 [33;01mLOG    [00m [00;01;31;41m            GST_PADS gstpad.c:5269:gst_pad_push_event_unchecked:<sink:proxypad12>[00m sent event 0x7f494c03b0f0 (caps) to peerpad <typefind:sink>, ret ok
