0:00:00.453559597 [334m19341[00m 0x7f49480038f0 [33;01mLOG    [00m [00m      queue_dataflow gstqueue.c:1500:gst_queue_loop:<queue0>[00m (queue0:src) wait for ADD: 0 of 0-0 buffers, 0 of 0-20971520 bytes, 0 of 0-0 ns, 0 items
0:00:00.453564426 [334m19341[00m 0x7f493c009590 [37mDEBUG  [00m [00;01;35m      GST_SCHEDULING gstpad.c:4202:gst_pad_chain_data_unchecked:<dashdemux0:internal-audio_01>[00m calling chainfunction &0x7f495259ee20 with buffer buffer: 0x7f492c011a30, pts 99:99:99.999999999, dts 99:99:99.999999999, dur 99:99:99.999999999, size 16384, offset 13996, offset_end none, flags 0x0
0:00:00.453641889 [334m19341[00m 0x7f493c009590 [37mDEBUG  [00m [00m       adaptivedemux gstadaptivedemux.c:2243:_src_chain:<dashdemux0:audio_01>[00m Received buffer of size 16384
0:00:00.453650679 [334m19341[00m 0x7f49300068a0 [37mDEBUG  [00m [00;01;31;41m            GST_PADS gstpad.c:3931:gst_pad_query:<aacparse1:sink>[00m doing query 0x7f491002f140 (accept-caps)
0:00:00.453901271 [334m19341[00m 0x7f49300068a0 [37mDEBUG  [00m [00;01;31;41m            GST_PADS gstpad.c:3954:gst_pad_query:<aacparse1:sink>[00m sent query 0x7f491002f140 (accept-caps), result 1
0:00:00.454034945 [334m19341[00m 0x7f49300068a0 [37mDEBUG  [00m [00m            aacparse gstaacparse.c:299:gst_aac_parse_sink_setcaps:<aacparse1>[00m setcaps: audio/mpeg, mpegversion=(int)4, framed=(boolean)true, stream-format=(string)raw, level=(string)2, base-profile=(string)lc, profile=(string)lc, codec_data=(buffer)1190ed40, rate=(int)48000, channels=(int)2
0:00:00.454103452 [334m19341[00m 0x7f49300068a0 [37mDEBUG  [00m [00m            aacparse gstaacparse.c:334:gst_aac_parse_sink_setcaps:[00m codec_data: object_type=2, sample_rate=48000, channels=2, samples=1024
0:00:00.454108065 [334m19341[00m 0x7f493c009590 [37mDEBUG  [00m [00;01;35m      GST_SCHEDULING gstpad.c:4202:gst_pad_chain_data_unchecked:<queue2-2:sink>[00m calling chainfunction &gst_queue2_chain with buffer buffer: 0x7f492c011a30, pts 99:99:99.999999999, dts 99:99:99.999999999, dur 99:99:99.999999999, size 16384, offset 13996, offset_end 30380, flags 0x0
0:00:00.454144803 [334m19341[00m 0x7f493c009590 [33;01mLOG    [00m [00m     queue2_dataflow gstqueue2.c:2816:gst_queue2_chain:<queue2-2>[00m received buffer 0x7f492c011a30 of size 16384, time 99:99:99.999999999, duration 99:99:99.999999999
0:00:00.454194062 [334m19341[00m 0x7f493c009590 [37mDEBUG  [00m [00m              queue2 gstqueue2.c:842:apply_buffer:<queue2-2>[00m position updated to 0:00:01.804819625
0:00:00.454110760 [334m19341[00m 0x7f49300068a0 [37mDEBUG  [00m [00m            aacparse gstaacparse.c:177:gst_aac_parse_set_src_caps:<aacparse1>[00m sink caps: audio/mpeg, mpegversion=(int)4, framed=(boolean)true, stream-format=(string)raw, level=(string)2, base-profile=(string)lc, profile=(string)lc, codec_data=(buffer)1190ed40, rate=(int)48000, channels=(int)2
0:00:00.454229702 [334m19341[00m 0x7f493c009590 [37mDEBUG  [00m [00m              queue2 gstqueue2.c:740:update_time_level:<queue2-2>[00m sink 0:00:01.804819625, src 0:00:00.000000000
0:00:00.454253390 [334m19341[00m 0x7f493c009590 [37mDEBUG  [00m [00m              queue2 gstqueue2.c:1199:update_in_rates:<queue2-2>[00m rates: in 0.000000, time 0:00:00.000000000
0:00:00.454271426 [334m19341[00m 0x7f493c009590 [37mDEBUG  [00m [00;01;35m      GST_SCHEDULING gstpad.c:4208:gst_pad_chain_data_unchecked:<queue2-2:sink>[00m called chainfunction &gst_queue2_chain with buffer 0x7f492c011a30, returned ok
0:00:00.454358986 [334m19341[00m 0x7f493c009590 [33;01mLOG    [00m [00m       adaptivedemux gstadaptivedemux.c:2114:gst_adaptive_demux_stream_push_buffer:<dashdemux0:audio_01>[00m Push result: 0 ok
0:00:00.454383035 [334m19341[00m 0x7f493c009590 [37mDEBUG  [00m [00;01;35m      GST_SCHEDULING gstpad.c:4208:gst_pad_chain_data_unchecked:<dashdemux0:internal-audio_01>[00m called chainfunction &0x7f495259ee20 with buffer 0x7f492c011a30, returned ok
0:00:00.454432976 [334m19341[00m 0x7f49300068a0 [37mDEBUG  [00m [00;01;31;41m            GST_PADS gstpad.c:3931:gst_pad_query:<aacparse1:src>[00m doing query 0x7f4910027770 (caps)
0:00:00.454608556 [334m19341[00m 0x7f493c009590 [33;01mLOG    [00m [00m      queue_dataflow gstqueue.c:846:gst_queue_locked_dequeue:<queue2>[00m retrieved buffer 0x7f492005a8f0 from queue
0:00:00.454619257 [334m19341[00m 0x7f493c009590 [33;01mLOG    [00m [00m               queue gstqueue.c:633:apply_buffer:<queue2>[00m src position updated to 0:00:00.000000806
0:00:00.454643031 [334m19341[00m 0x7f493c009590 [33;01mLOG    [00m [00m               queue gstqueue.c:538:update_time_level:<queue2>[00m update src time
0:00:00.454653529 [334m19341[00m 0x7f493c009590 [33;01mLOG    [00m [00m               queue gstqueue.c:547:update_time_level:<queue2>[00m sink +0:00:00.000000806, src +0:00:00.000000806
0:00:00.454676584 [334m19341[00m 0x7f49300068a0 [37mDEBUG  [00m [00;01;31;41m            GST_PADS gstpad.c:3954:gst_pad_query:<aacparse1:src>[00m sent query 0x7f4910027770 (caps), result 1
0:00:00.454760220 [334m19341[00m 0x7f49300068a0 [37mDEBUG  [00m [00;01;31;41m            GST_PADS gstpad.c:4058:gst_pad_peer_query:<aacparse1:src>[00m peer query 0x7f491002f050 (caps)
0:00:00.454947381 [334m19341[00m 0x7f493c009590 [37mDEBUG  [00m [00;01;35m      GST_SCHEDULING gstpad.c:4202:gst_pad_chain_data_unchecked:<dashdemux0:internal-audio_01>[00m calling chainfunction &0x7f495259ee20 with buffer buffer: 0x7f492005a8f0, pts 99:99:99.999999999, dts 99:99:99.999999999, dur 99:99:99.999999999, size 3184, offset 30380, offset_end none, flags 0x0
0:00:00.455028158 [334m19341[00m 0x7f49300068a0 [37mDEBUG  [00m [00;01;31;41m            GST_PADS gstpad.c:3931:gst_pad_query:<parsepad5:proxypad17>[00m doing query 0x7f491002f050 (caps)
0:00:00.455039208 [334m19341[00m 0x7f493c009590 [37mDEBUG  [00m [00m       adaptivedemux gstadaptivedemux.c:2243:_src_chain:<dashdemux0:audio_01>[00m Received buffer of size 3184
0:00:00.455534968 [334m19341[00m 0x7f49300068a0 [37mDEBUG  [00m [00;01;31;41m            GST_PADS gstutils.c:2663:gst_pad_proxy_query_caps:<parsepad5:proxypad17>[00m proxying caps query for parsepad5:proxypad17
0:00:00.455551091 [334m19341[00m 0x7f49300068a0 [33;01mLOG    [00m [00;01;31;41m            GST_PADS gstpad.c:2944:gst_pad_forward:<parsepad5:proxypad17>[00m calling forward function on pad '':parsepad5
0:00:00.455561887 [334m19341[00m 0x7f493c009590 [37mDEBUG  [00m [00;01;35m      GST_SCHEDULING gstpad.c:4202:gst_pad_chain_data_unchecked:<queue2-2:sink>[00m calling chainfunction &gst_queue2_chain with buffer buffer: 0x7f492005a8f0, pts 99:99:99.999999999, dts 99:99:99.999999999, dur 99:99:99.999999999, size 3184, offset 30380, offset_end 33564, flags 0x0
0:00:00.455605951 [334m19341[00m 0x7f493c009590 [33;01mLOG    [00m [00m     queue2_dataflow gstqueue2.c:2816:gst_queue2_chain:<queue2-2>[00m received buffer 0x7f492005a8f0 of size 3184, time 99:99:99.999999999, duration 99:99:99.999999999
0:00:00.455577881 [334m19341[00m 0x7f49300068a0 [37mDEBUG  [00m [00;01;31;41m            GST_PADS gstpad.c:4058:gst_pad_peer_query:<'':parsepad5>[00m peer query 0x7f491002f050 (caps)
0:00:00.455630209 [334m19341[00m 0x7f49300068a0 [36mINFO   [00m [00;01;31;41m            GST_PADS gstpad.c:4114:gst_pad_peer_query:<'':parsepad5>[00m pad has no peer
0:00:00.455627412 [334m19341[00m 0x7f493c009590 [37mDEBUG  [00m [00m              queue2 gstqueue2.c:842:apply_buffer:<queue2-2>[00m position updated to 0:00:01.999130360
0:00:00.455663539 [334m19341[00m 0x7f49300068a0 [37mDEBUG  [00m [00;01;31;41m            GST_PADS gstpad.c:3954:gst_pad_query:<parsepad5:proxypad17>[00m sent query 0x7f491002f050 (caps), result 1
0:00:00.455674591 [334m19341[00m 0x7f493c009590 [37mDEBUG  [00m [00m              queue2 gstqueue2.c:740:update_time_level:<queue2-2>[00m sink 0:00:01.999130360, src 0:00:00.000000000
0:00:00.455711044 [334m19341[00m 0x7f493c009590 [37mDEBUG  [00m [00m              queue2 gstqueue2.c:1199:update_in_rates:<queue2-2>[00m rates: in 0.000000, time 0:00:00.000000000
0:00:00.455727063 [334m19341[00m 0x7f493c009590 [37mDEBUG  [00m [00;01;35m      GST_SCHEDULING gstpad.c:4208:gst_pad_chain_data_unchecked:<queue2-2:sink>[00m called chainfunction &gst_queue2_chain with buffer 0x7f492005a8f0, returned ok
0:00:00.455843651 [334m19341[00m 0x7f493c009590 [33;01mLOG    [00m [00m       adaptivedemux gstadaptivedemux.c:2114:gst_adaptive_demux_stream_push_buffer:<dashdemux0:audio_01>[00m Push result: 0 ok
0:00:00.455904716 [334m19341[00m 0x7f493c009590 [37mDEBUG  [00m [00;01;35m      GST_SCHEDULING gstpad.c:4208:gst_pad_chain_data_unchecked:<dashdemux0:internal-audio_01>[00m called chainfunction &0x7f495259ee20 with buffer 0x7f492005a8f0, returned ok
0:00:00.455865760 [334m19341[00m 0x7f49300068a0 [37mDEBUG  [00m [00m            aacparse gstaacparse.c:264:gst_aac_parse_set_src_caps:<aacparse1>[00m setting src caps: audio/mpeg, mpegversion=(int)4, framed=(boolean)true, stream-format=(string)raw, level=(string)2, base-profile=(string)lc, profile=(string)lc, codec_data=(buffer)1190ed40, rate=(int)48000, channels=(int)2
0:00:00.456001196 [334m19341[00m 0x7f49300068a0 [36mINFO   [00m [00;01;34m           GST_EVENT gstevent.c:808:gst_event_new_caps:[00m creating caps event audio/mpeg, mpegversion=(int)4, framed=(boolean)true, stream-format=(string)raw, level=(string)2, base-profile=(string)lc, profile=(string)lc, codec_data=(buffer)1190ed40, rate=(int)48000, channels=(int)2
0:00:00.456113949 [334m19341[00m 0x7f49300068a0 [37mDEBUG  [00m [00;01;34m           GST_EVENT gstevent.c:305:gst_event_new_custom:[00m creating new event 0x7f4910004330 caps 12814
0:00:00.456150420 [334m19341[00m 0x7f49300068a0 [33;01mLOG    [00m [00;01;31;41m            GST_PADS gstpad.c:5097:store_sticky_event:<aacparse1:src>[00m stored sticky event caps
0:00:00.456168646 [334m19341[00m 0x7f49300068a0 [37mDEBUG  [00m [00;01;31;41m            GST_PADS gstpad.c:5103:store_sticky_event:<aacparse1:src>[00m notify caps
0:00:00.456191605 [334m19341[00m 0x7f493c009590 [37mDEBUG  [00m [00m      queue_dataflow gstqueue.c:1491:gst_queue_loop:<queue2>[00m queue is empty
0:00:00.456211938 [334m19341[00m 0x7f493c009590 [33;01mLOG    [00m [00m      queue_dataflow gstqueue.c:1500:gst_queue_loop:<queue2>[00m (queue2:src) wait for ADD: 0 of 0-0 buffers, 0 of 0-20971520 bytes, 0 of 0-0 ns, 0 items
0:00:00.456286310 [334m19341[00m 0x7f49300068a0 [33;01mLOG    [00m [00;01;35m      GST_SCHEDULING gstpad.c:1505:gst_pad_remove_probe:<aacparse1:src>[00m removing hook 1
0:00:00.456754309 [334m19341[00m 0x7f49300068a0 [37mDEBUG  [00m [00;01;31;41m            GST_PADS gstpad.c:1069:gst_pad_set_active:<'':parsepad5>[00m pad was active in push mode
0:00:00.456776928 [334m19341[00m 0x7f49300068a0 [37mDEBUG  [00m [00;01;31;41m            GST_PADS gstghostpad.c:808:gst_ghost_pad_get_target:<'':parsepad5>[00m get target aacparse1:src
0:00:00.456815958 [334m19341[00m 0x7f49300068a0 [37mDEBUG  [00m [00m          decodebin3 gstdecodebin3.c:692:parsebin_autoplug_continue_cb:<'':parsepad5>[00m caps audio/mpeg, mpegversion=(int)4, framed=(boolean)true, stream-format=(string)raw, level=(string)2, base-profile=(string)lc, profile=(string)lc, codec_data=(buffer)1190ed40, rate=(int)48000, channels=(int)2
0:00:00.457162499 [334m19341[00m 0x7f493c009630 [33;01mLOG    [00m [00m       adaptivedemux gstadaptivedemux.c:2401:_uri_handler_probe:<souphttpsrc2:src>[00m Received buffer, size 1448 total 34206
0:00:00.457192607 [334m19341[00m 0x7f493c009630 [37mDEBUG  [00m [00;01;35m      GST_SCHEDULING gstpad.c:4202:gst_pad_chain_data_unchecked:<queue2:sink>[00m calling chainfunction &gst_queue_chain with buffer buffer: 0x7f492005aa00, pts 99:99:99.999999999, dts 99:99:99.999999999, dur 99:99:99.999999999, size 1448, offset 33564, offset_end none, flags 0x0
0:00:00.457210864 [334m19341[00m 0x7f493c009630 [33;01mLOG    [00m [00m      queue_dataflow gstqueue.c:1183:gst_queue_chain_buffer_or_list:<queue2>[00m received buffer 0x7f492005aa00 of size 1448, time 99:99:99.999999999, duration 99:99:99.999999999
0:00:00.457228093 [334m19341[00m 0x7f493c009630 [33;01mLOG    [00m [00m               queue gstqueue.c:633:apply_buffer:<queue2>[00m sink position updated to 0:00:00.000000806
0:00:00.457279568 [334m19341[00m 0x7f493c009630 [33;01mLOG    [00m [00m               queue gstqueue.c:529:update_time_level:<queue2>[00m update sink time
0:00:00.457297260 [334m19341[00m 0x7f493c009630 [33;01mLOG    [00m [00m               queue gstqueue.c:547:update_time_level:<queue2>[00m sink +0:00:00.000000806, src +0:00:00.000000806
0:00:00.457313303 [334m19341[00m 0x7f493c009630 [33;01mLOG    [00m [00m      queue_dataflow gstqueue.c:747:gst_queue_locked_enqueue_buffer:<queue2>[00m (queue2:sink) signal ADD: 1 of 0-0 buffers, 1448 of 0-20971520 bytes, 0 of 0-0 ns, 1 items
0:00:00.457339457 [334m19341[00m 0x7f493c009630 [37mDEBUG  [00m [00;01;35m      GST_SCHEDULING gstpad.c:4208:gst_pad_chain_data_unchecked:<queue2:sink>[00m called chainfunction &gst_queue_chain with buffer 0x7f492005aa00, returned ok
0:00:00.457342862 [334m19341[00m 0x7f493c009590 [33;01mLOG    [00m [00m      queue_dataflow gstqueue.c:1500:gst_queue_loop:<queue2>[00m (queue2:src) received ADD: 1 of 0-0 buffers, 1448 of 0-20971520 bytes, 0 of 0-0 ns, 1 items
0:00:00.457368649 [334m19341[00m 0x7f493c009590 [37mDEBUG  [00m [00m      queue_dataflow gstqueue.c:1503:gst_queue_loop:<queue2>[00m queue is not empty
0:00:00.457380407 [334m19341[00m 0x7f493c009590 [33;01mLOG    [00m [00m      queue_dataflow gstqueue.c:846:gst_queue_locked_dequeue:<queue2>[00m retrieved buffer 0x7f492005aa00 from queue
0:00:00.457403528 [334m19341[00m 0x7f493c009590 [33;01mLOG    [00m [00m               queue gstqueue.c:633:apply_buffer:<queue2>[00m src position updated to 0:00:00.000000806
0:00:00.457433422 [334m19341[00m 0x7f493c009590 [33;01mLOG    [00m [00m               queue gstqueue.c:538:update_time_level:<queue2>[00m update src time
0:00:00.457458727 [334m19341[00m 0x7f493c009590 [33;01mLOG    [00m [00m               queue gstqueue.c:547:update_time_level:<queue2>[00m sink +0:00:00.000000806, src +0:00:00.000000806
0:00:00.457820645 [334m19341[00m 0x7f493c009590 [37mDEBUG  [00m [00;01;35m      GST_SCHEDULING gstpad.c:4202:gst_pad_chain_data_unchecked:<dashdemux0:internal-audio_01>[00m calling chainfunction &0x7f495259ee20 with buffer buffer: 0x7f492005aa00, pts 99:99:99.999999999, dts 99:99:99.999999999, dur 99:99:99.999999999, size 1448, offset 33564, offset_end none, flags 0x0
0:00:00.457871757 [334m19341[00m 0x7f493c009590 [37mDEBUG  [00m [00m       adaptivedemux gstadaptivedemux.c:2243:_src_chain:<dashdemux0:audio_01>[00m Received buffer of size 1448
0:00:00.458210785 [334m19341[00m 0x7f493c009630 [33;01mLOG    [00m [00m       adaptivedemux gstadaptivedemux.c:2401:_uri_handler_probe:<souphttpsrc2:src>[00m Received buffer, size 16384 total 50590
0:00:00.458259416 [334m19341[00m 0x7f493c009630 [37mDEBUG  [00m [00;01;35m      GST_SCHEDULING gstpad.c:4202:gst_pad_chain_data_unchecked:<queue2:sink>[00m calling chainfunction &gst_queue_chain with buffer buffer: 0x7f492005ab10, pts 99:99:99.999999999, dts 99:99:99.999999999, dur 99:99:99.999999999, size 16384, offset 35012, offset_end none, flags 0x0
0:00:00.458323285 [334m19341[00m 0x7f493c009630 [33;01mLOG    [00m [00m      queue_dataflow gstqueue.c:1183:gst_queue_chain_buffer_or_list:<queue2>[00m received buffer 0x7f492005ab10 of size 16384, time 99:99:99.999999999, duration 99:99:99.999999999
0:00:00.458341144 [334m19341[00m 0x7f493c009630 [33;01mLOG    [00m [00m               queue gstqueue.c:633:apply_buffer:<queue2>[00m sink position updated to 0:00:00.000000806
0:00:00.458326813 [334m19341[00m 0x7f493c009590 [37mDEBUG  [00m [00;01;35m      GST_SCHEDULING gstpad.c:4202:gst_pad_chain_data_unchecked:<queue2-2:sink>[00m calling chainfunction &gst_queue2_chain with buffer buffer: 0x7f492005aa00, pts 99:99:99.999999999, dts 99:99:99.999999999, dur 99:99:99.999999999, size 1448, offset 33564, offset_end 35012, flags 0x0
0:00:00.458394570 [334m19341[00m 0x7f493c009630 [33;01mLOG    [00m [00m               queue gstqueue.c:529:update_time_level:<queue2>[00m update sink time
0:00:00.458393882 [334m19341[00m 0x7f493c009590 [33;01mLOG    [00m [00m     queue2_dataflow gstqueue2.c:2816:gst_queue2_chain:<queue2-2>[00m received buffer 0x7f492005aa00 of size 1448, time 99:99:99.999999999, duration 99:99:99.999999999
0:00:00.458429168 [334m19341[00m 0x7f493c009630 [33;01mLOG    [00m [00m               queue gstqueue.c:547:update_time_level:<queue2>[00m sink +0:00:00.000000806, src +0:00:00.000000806
0:00:00.458447009 [334m19341[00m 0x7f493c009630 [37mDEBUG  [00m [00;01;35m      GST_SCHEDULING gstpad.c:4208:gst_pad_chain_data_unchecked:<queue2:sink>[00m called chainfunction &gst_queue_chain with buffer 0x7f492005ab10, returned ok
0:00:00.458473299 [334m19341[00m 0x7f493c009590 [37mDEBUG  [00m [00m              queue2 gstqueue2.c:842:apply_buffer:<queue2-2>[00m position updated to 0:00:02.087497805
0:00:00.458488479 [334m19341[00m 0x7f493c009590 [37mDEBUG  [00m [00m              queue2 gstqueue2.c:740:update_time_level:<queue2-2>[00m sink 0:00:02.087497805, src 0:00:00.000000000
0:00:00.458536951 [334m19341[00m 0x7f493c009590 [37mDEBUG  [00m [00m              queue2 gstqueue2.c:1199:update_in_rates:<queue2-2>[00m rates: in 0.000000, time 0:00:00.000000000
0:00:00.458568180 [334m19341[00m 0x7f493c009590 [37mDEBUG  [00m [00;01;35m      GST_SCHEDULING gstpad.c:4208:gst_pad_chain_data_unchecked:<queue2-2:sink>[00m called chainfunction &gst_queue2_chain with buffer 0x7f492005aa00, returned ok
0:00:00.458658308 [334m19341[00m 0x7f493c009590 [33;01mLOG    [00m [00m       adaptivedemux gstadaptivedemux.c:2114:gst_adaptive_demux_stream_push_buffer:<dashdemux0:audio_01>[00m Push result: 0 ok
0:00:00.458712863 [334m19341[00m 0x7f493c009590 [37mDEBUG  [00m [00;01;35m      GST_SCHEDULING gstpad.c:4208:gst_pad_chain_data_unchecked:<dashdemux0:internal-audio_01>[00m called chainfunction &0x7f495259ee20 with buffer 0x7f492005aa00, returned ok
0:00:00.458982319 [334m19341[00m 0x7f493c009590 [33;01mLOG    [00m [00m      queue_dataflow gstqueue.c:846:gst_queue_locked_dequeue:<queue2>[00m retrieved buffer 0x7f492005ab10 from queue
0:00:00.459046224 [334m19341[00m 0x7f493c009590 [33;01mLOG    [00m [00m               queue gstqueue.c:633:apply_buffer:<queue2>[00m src position updated to 0:00:00.000000806
0:00:00.459081751 [334m19341[00m 0x7f493c009590 [33;01mLOG    [00m [00m               queue gstqueue.c:538:update_time_level:<queue2>[00m update src time
0:00:00.459092339 [334m19341[00m 0x7f493c009590 [33;01mLOG    [00m [00m               queue gstqueue.c:547:update_time_level:<queue2>[00m sink +0:00:00.000000806, src +0:00:00.000000806
0:00:00.459222439 [334m19341[00m 0x7f493c009630 [33;01mLOG    [00m [00m       adaptivedemux gstadaptivedemux.c:2401:_uri_handler_probe:<souphttpsrc2:src>[00m Received buffer, size 18368 total 68958
0:00:00.459289738 [334m19341[00m 0x7f493c009630 [37mDEBUG  [00m [00;01;35m      GST_SCHEDULING gstpad.c:4202:gst_pad_chain_data_unchecked:<queue2:sink>[00m calling chainfunction &gst_queue_chain with buffer buffer: 0x7f492005ac20, pts 99:99:99.999999999, dts 99:99:99.999999999, dur 99:99:99.999999999, size 18368, offset 51396, offset_end none, flags 0x0
0:00:00.459306646 [334m19341[00m 0x7f493c009630 [33;01mLOG    [00m [00m      queue_dataflow gstqueue.c:1183:gst_queue_chain_buffer_or_list:<queue2>[00m received buffer 0x7f492005ac20 of size 18368, time 99:99:99.999999999, duration 99:99:99.999999999
0:00:00.459337498 [334m19341[00m 0x7f493c009630 [33;01mLOG    [00m [00m               queue gstqueue.c:633:apply_buffer:<queue2>[00m sink position updated to 0:00:00.000000806
0:00:00.459356267 [334m19341[00m 0x7f493c009630 [33;01mLOG    [00m [00m               queue gstqueue.c:529:update_time_level:<queue2>[00m update sink time
0:00:00.459382700 [334m19341[00m 0x7f493c009590 [37mDEBUG  [00m [00;01;35m      GST_SCHEDULING gstpad.c:4202:gst_pad_chain_data_unchecked:<dashdemux0:internal-audio_01>[00m calling chainfunction &0x7f495259ee20 with buffer buffer: 0x7f492005ab10, pts 99:99:99.999999999, dts 99:99:99.999999999, dur 99:99:99.999999999, size 16384, offset 35012, offset_end none, flags 0x0
0:00:00.459419366 [334m19341[00m 0x7f493c009590 [37mDEBUG  [00m [00m       adaptivedemux gstadaptivedemux.c:2243:_src_chain:<dashdemux0:audio_01>[00m Received buffer of size 16384
0:00:00.459386424 [334m19341[00m 0x7f493c009630 [33;01mLOG    [00m [00m               queue gstqueue.c:547:update_time_level:<queue2>[00m sink +0:00:00.000000806, src +0:00:00.000000806
0:00:00.459436887 [334m19341[00m 0x7f493c009630 [37mDEBUG  [00m [00;01;35m      GST_SCHEDULING gstpad.c:4208:gst_pad_chain_data_unchecked:<queue2:sink>[00m called chainfunction &gst_queue_chain with buffer 0x7f492005ac20, returned ok
0:00:00.459834044 [334m19341[00m 0x7f493c009590 [37mDEBUG  [00m [00;01;35m      GST_SCHEDULING gstpad.c:4202:gst_pad_chain_data_unchecked:<queue2-2:sink>[00m calling chainfunction &gst_queue2_chain with buffer buffer: 0x7f492005ab10, pts 99:99:99.999999999, dts 99:99:99.999999999, dur 99:99:99.999999999, size 16384, offset 35012, offset_end 51396, flags 0x0
0:00:00.459892753 [334m19341[00m 0x7f493c009590 [33;01mLOG    [00m [00m     queue2_dataflow gstqueue2.c:2816:gst_queue2_chain:<queue2-2>[00m received buffer 0x7f492005ab10 of size 16384, time 99:99:99.999999999, duration 99:99:99.999999999
0:00:00.459929201 [334m19341[00m 0x7f493c009590 [37mDEBUG  [00m [00m              queue2 gstqueue2.c:842:apply_buffer:<queue2-2>[00m position updated to 0:00:03.087368122
0:00:00.459941189 [334m19341[00m 0x7f493c009590 [37mDEBUG  [00m [00m              queue2 gstqueue2.c:740:update_time_level:<queue2-2>[00m sink 0:00:03.087368122, src 0:00:00.000000000
0:00:00.459960393 [334m19341[00m 0x7f493c009590 [37mDEBUG  [00m [00m              queue2 gstqueue2.c:1199:update_in_rates:<queue2-2>[00m rates: in 0.000000, time 0:00:00.000000000
0:00:00.459988847 [334m19341[00m 0x7f493c009590 [37mDEBUG  [00m [00;01;35m      GST_SCHEDULING gstpad.c:4208:gst_pad_chain_data_unchecked:<queue2-2:sink>[00m called chainfunction &gst_queue2_chain with buffer 0x7f492005ab10, returned ok
0:00:00.460080334 [334m19341[00m 0x7f493c009590 [33;01mLOG    [00m [00m       adaptivedemux gstadaptivedemux.c:2114:gst_adaptive_demux_stream_push_buffer:<dashdemux0:audio_01>[00m Push result: 0 ok
0:00:00.460098773 [334m19341[00m 0x7f493c009590 [37mDEBUG  [00m [00;01;35m      GST_SCHEDULING gstpad.c:4208:gst_pad_chain_data_unchecked:<dashdemux0:internal-audio_01>[00m called chainfunction &0x7f495259ee20 with buffer 0x7f492005ab10, returned ok
0:00:00.460102561 [334m19341[00m 0x7f493c009630 [33;01mLOG    [00m [00m       adaptivedemux gstadaptivedemux.c:2401:_uri_handler_probe:<souphttpsrc2:src>[00m Received buffer, size 24616 total 93574
0:00:00.460168863 [334m19341[00m 0x7f493c009630 [37mDEBUG  [00m [00;01;35m      GST_SCHEDULING gstpad.c:4202:gst_pad_chain_data_unchecked:<queue2:sink>[00m calling chainfunction &gst_queue_chain with buffer buffer: 0x7f492005ad30, pts 99:99:99.999999999, dts 99:99:99.999999999, dur 99:99:99.999999999, size 24616, offset 69764, offset_end none, flags 0x0
0:00:00.460179499 [334m19341[00m 0x7f493c009630 [33;01mLOG    [00m [00m      queue_dataflow gstqueue.c:1183:gst_queue_chain_buffer_or_list:<queue2>[00m received buffer 0x7f492005ad30 of size 24616, time 99:99:99.999999999, duration 99:99:99.999999999
0:00:00.460242489 [334m19341[00m 0x7f493c009630 [33;01mLOG    [00m [00m               queue gstqueue.c:633:apply_buffer:<queue2>[00m sink position updated to 0:00:00.000000806
0:00:00.460263853 [334m19341[00m 0x7f493c009630 [33;01mLOG    [00m [00m               queue gstqueue.c:529:update_time_level:<queue2>[00m update sink time
0:00:00.460286705 [334m19341[00m 0x7f493c009630 [33;01mLOG    [00m [00m               queue gstqueue.c:547:update_time_level:<queue2>[00m sink +0:00:00.000000806, src +0:00:00.000000806
0:00:00.460318744 [334m19341[00m 0x7f493c009630 [37mDEBUG  [00m [00;01;35m      GST_SCHEDULING gstpad.c:4208:gst_pad_chain_data_unchecked:<queue2:sink>[00m called chainfunction &gst_queue_chain with buffer 0x7f492005ad30, returned ok
0:00:00.460321271 [334m19341[00m 0x7f493c009590 [33;01mLOG    [00m [00m      queue_dataflow gstqueue.c:846:gst_queue_locked_dequeue:<queue2>[00m retrieved buffer 0x7f492005ac20 from queue
0:00:00.460337100 [334m19341[00m 0x7f493c009590 [33;01mLOG    [00m [00m               queue gstqueue.c:633:apply_buffer:<queue2>[00m src position updated to 0:00:00.000000806
0:00:00.460369415 [334m19341[00m 0x7f493c009590 [33;01mLOG    [00m [00m               queue gstqueue.c:538:update_time_level:<queue2>[00m update src time
0:00:00.460403032 [334m19341[00m 0x7f493c009590 [33;01mLOG    [00m [00m               queue gstqueue.c:547:update_time_level:<queue2>[00m sink +0:00:00.000000806, src +0:00:00.000000806
0:00:00.460697868 [334m19341[00m 0x7f493c009590 [37mDEBUG  [00m [00;01;35m      GST_SCHEDULING gstpad.c:4202:gst_pad_chain_data_unchecked:<dashdemux0:internal-audio_01>[00m calling chainfunction &0x7f495259ee20 with buffer buffer: 0x7f492005ac20, pts 99:99:99.999999999, dts 99:99:99.999999999, dur 99:99:99.999999999, size 18368, offset 51396, offset_end none, flags 0x0
0:00:00.460741150 [334m19341[00m 0x7f493c009590 [37mDEBUG  [00m [00m       adaptivedemux gstadaptivedemux.c:2243:_src_chain:<dashdemux0:audio_01>[00m Received buffer of size 18368
0:00:00.460938605 [334m19341[00m 0x7f4930006e80 [37mDEBUG  [00m [00;01;31;41m            GST_PADS gstpad.c:1849:gst_pad_set_event_function_full:<'':sink>[00m eventfunc for set to gst_base_transform_sink_event
0:00:00.460979722 [334m19341[00m 0x7f4930006e80 [37mDEBUG  [00m [00;01;31;41m            GST_PADS gstpad.c:1743:gst_pad_set_chain_function_full:<'':sink>[00m chainfunc set to gst_base_transform_chain
0:00:00.461009754 [334m19341[00m 0x7f493c009630 [33;01mLOG    [00m [00m       adaptivedemux gstadaptivedemux.c:2401:_uri_handler_probe:<souphttpsrc2:src>[00m Received buffer, size 7240 total 100814
0:00:00.461020549 [334m19341[00m 0x7f4930006e80 [37mDEBUG  [00m [00;01;31;41m            GST_PADS gstpad.c:1708:gst_pad_set_activatemode_function_full:<'':sink>[00m activatemodefunc set to gst_base_transform_sink_activate_mode
0:00:00.461046672 [334m19341[00m 0x7f4930006e80 [37mDEBUG  [00m [00;01;31;41m            GST_PADS gstpad.c:1929:gst_pad_set_query_function_full:<'':sink>[00m queryfunc set to gst_base_transform_query
0:00:00.461055829 [334m19341[00m 0x7f493c009630 [37mDEBUG  [00m [00;01;35m      GST_SCHEDULING gstpad.c:4202:gst_pad_chain_data_unchecked:<queue2:sink>[00m calling chainfunction &gst_queue_chain with buffer buffer: 0x7f492005ae40, pts 99:99:99.999999999, dts 99:99:99.999999999, dur 99:99:99.999999999, size 7240, offset 94380, offset_end none, flags 0x0
0:00:00.461109920 [334m19341[00m 0x7f4930006e80 [37mDEBUG  [00m [00;01;31;41m            GST_PADS gstpad.c:1849:gst_pad_set_event_function_full:<'':src>[00m eventfunc for set to gst_base_transform_src_event
0:00:00.461108972 [334m19341[00m 0x7f493c009630 [33;01mLOG    [00m [00m      queue_dataflow gstqueue.c:1183:gst_queue_chain_buffer_or_list:<queue2>[00m received buffer 0x7f492005ae40 of size 7240, time 99:99:99.999999999, duration 99:99:99.999999999
0:00:00.461129090 [334m19341[00m 0x7f4930006e80 [37mDEBUG  [00m [00;01;31;41m            GST_PADS gstpad.c:1816:gst_pad_set_getrange_function_full:<'':src>[00m getrangefunc set to gst_base_transform_getrange
0:00:00.461138322 [334m19341[00m 0x7f493c009630 [33;01mLOG    [00m [00m               queue gstqueue.c:633:apply_buffer:<queue2>[00m sink position updated to 0:00:00.000000806
0:00:00.461166867 [334m19341[00m 0x7f493c009590 [37mDEBUG  [00m [00;01;35m      GST_SCHEDULING gstpad.c:4202:gst_pad_chain_data_unchecked:<queue2-2:sink>[00m calling chainfunction &gst_queue2_chain with buffer buffer: 0x7f492005ac20, pts 99:99:99.999999999, dts 99:99:99.999999999, dur 99:99:99.999999999, size 18368, offset 51396, offset_end 69764, flags 0x0
0:00:00.461174747 [334m19341[00m 0x7f493c009630 [33;01mLOG    [00m [00m               queue gstqueue.c:529:update_time_level:<queue2>[00m update sink time
0:00:00.461182754 [334m19341[00m 0x7f4930006e80 [37mDEBUG  [00m [00;01;31;41m            GST_PADS gstpad.c:1708:gst_pad_set_activatemode_function_full:<'':src>[00m activatemodefunc set to gst_base_transform_src_activate_mode
0:00:00.461208137 [334m19341[00m 0x7f493c009630 [33;01mLOG    [00m [00m               queue gstqueue.c:547:update_time_level:<queue2>[00m sink +0:00:00.000000806, src +0:00:00.000000806
0:00:00.461193108 [334m19341[00m 0x7f493c009590 [33;01mLOG    [00m [00m     queue2_dataflow gstqueue2.c:2816:gst_queue2_chain:<queue2-2>[00m received buffer 0x7f492005ac20 of size 18368, time 99:99:99.999999999, duration 99:99:99.999999999
0:00:00.461217118 [334m19341[00m 0x7f4930006e80 [37mDEBUG  [00m [00;01;31;41m            GST_PADS gstpad.c:1929:gst_pad_set_query_function_full:<'':src>[00m queryfunc set to gst_base_transform_query
0:00:00.461244090 [334m19341[00m 0x7f493c009590 [37mDEBUG  [00m [00m              queue2 gstqueue2.c:842:apply_buffer:<queue2-2>[00m position updated to 0:00:04.208316485
0:00:00.461277934 [334m19341[00m 0x7f493c009630 [37mDEBUG  [00m [00;01;35m      GST_SCHEDULING gstpad.c:4208:gst_pad_chain_data_unchecked:<queue2:sink>[00m called chainfunction &gst_queue_chain with buffer 0x7f492005ae40, returned ok
0:00:00.461271697 [334m19341[00m 0x7f493c009590 [37mDEBUG  [00m [00m              queue2 gstqueue2.c:740:update_time_level:<queue2-2>[00m sink 0:00:04.208316485, src 0:00:00.000000000
0:00:00.461304534 [334m19341[00m 0x7f493c009590 [37mDEBUG  [00m [00m              queue2 gstqueue2.c:1199:update_in_rates:<queue2-2>[00m rates: in 0.000000, time 0:00:00.000000000
0:00:00.461318697 [334m19341[00m 0x7f493c009590 [37mDEBUG  [00m [00;01;35m      GST_SCHEDULING gstpad.c:4208:gst_pad_chain_data_unchecked:<queue2-2:sink>[00m called chainfunction &gst_queue2_chain with buffer 0x7f492005ac20, returned ok
0:00:00.461383648 [334m19341[00m 0x7f493c009590 [33;01mLOG    [00m [00m       adaptivedemux gstadaptivedemux.c:2114:gst_adaptive_demux_stream_push_buffer:<dashdemux0:audio_01>[00m Push result: 0 ok
0:00:00.461409751 [334m19341[00m 0x7f493c009590 [37mDEBUG  [00m [00;01;35m      GST_SCHEDULING gstpad.c:4208:gst_pad_chain_data_unchecked:<dashdemux0:internal-audio_01>[00m called chainfunction &0x7f495259ee20 with buffer 0x7f492005ac20, returned ok
0:00:00.461454168 [334m19341[00m 0x7f4930006e80 [37mDEBUG  [00m [00m          capsfilter gstcapsfilter.c:212:gst_capsfilter_set_property:<capsfilter0>[00m set new caps video/x-h264, alignment=(string)au, stream-format=(string){ avc, byte-stream }, parsed=(boolean)true; video/x-h264, parsed=(boolean)true, stream-format=(string){ avc, avc3, byte-stream }, alignment=(string){ au, nal }
0:00:00.461470898 [334m19341[00m 0x7f4930006e80 [36mINFO   [00m [00;01;34m           GST_EVENT gstevent.c:1511:gst_event_new_reconfigure:[00m creating reconfigure event
0:00:00.461486729 [334m19341[00m 0x7f4930006e80 [37mDEBUG  [00m [00;01;34m           GST_EVENT gstevent.c:305:gst_event_new_custom:[00m creating new event 0x7f49080039f0 reconfigure 61441
0:00:00.461534410 [334m19341[00m 0x7f4930006e80 [37mDEBUG  [00m [00;01;31;41m            GST_PADS gstpad.c:5285:gst_pad_push_event_unchecked:<capsfilter0:sink>[00m We're flushing
0:00:00.461584813 [334m19341[00m 0x7f4930006e80 [33;01mLOG    [00m [00;01;34m           GST_EVENT gstevent.c:222:_gst_event_free:[00m freeing event 0x7f49080039f0 type reconfigure
0:00:00.461555962 [334m19341[00m 0x7f493c009590 [33;01mLOG    [00m [00m      queue_dataflow gstqueue.c:846:gst_queue_locked_dequeue:<queue2>[00m retrieved buffer 0x7f492005ad30 from queue
0:00:00.461626803 [334m19341[00m 0x7f493c009590 [33;01mLOG    [00m [00m               queue gstqueue.c:633:apply_buffer:<queue2>[00m src position updated to 0:00:00.000000806
0:00:00.461680988 [334m19341[00m 0x7f493c009590 [33;01mLOG    [00m [00m               queue gstqueue.c:538:update_time_level:<queue2>[00m update src time
0:00:00.461706977 [334m19341[00m 0x7f493c009590 [33;01mLOG    [00m [00m               queue gstqueue.c:547:update_time_level:<queue2>[00m sink +0:00:00.000000806, src +0:00:00.000000806
0:00:00.462120284 [334m19341[00m 0x7f493c009590 [37mDEBUG  [00m [00;01;35m      GST_SCHEDULING gstpad.c:4202:gst_pad_chain_data_unchecked:<dashdemux0:internal-audio_01>[00m calling chainfunction &0x7f495259ee20 with buffer buffer: 0x7f492005ad30, pts 99:99:99.999999999, dts 99:99:99.999999999, dur 99:99:99.999999999, size 24616, offset 69764, offset_end none, flags 0x0
0:00:00.462143650 [334m19341[00m 0x7f4930006e80 [37mDEBUG  [00m [00;01;31;41m            GST_PADS gstpad.c:1063:gst_pad_set_active:<capsfilter0:src>[00m activating pad from none
0:00:00.462151811 [334m19341[00m 0x7f493c009590 [37mDEBUG  [00m [00m       adaptivedemux gstadaptivedemux.c:2243:_src_chain:<dashdemux0:audio_01>[00m Received buffer of size 24616
0:00:00.462235385 [334m19341[00m 0x7f4930006e80 [37mDEBUG  [00m [00;01;31;41m            GST_PADS gstpad.c:979:pre_activate:<capsfilter0:src>[00m setting pad into push mode, unset flushing
0:00:00.462262571 [334m19341[00m 0x7f4930006e80 [37mDEBUG  [00m [00;01;31;41m            GST_PADS gstpad.c:1188:activate_mode_internal:<capsfilter0:src>[00m activated in push mode
0:00:00.462284017 [334m19341[00m 0x7f4930006e80 [37mDEBUG  [00m [00;01;31;41m            GST_PADS gstpad.c:1063:gst_pad_set_active:<capsfilter0:sink>[00m activating pad from none
0:00:00.462291560 [334m19341[00m 0x7f4930006e80 [37mDEBUG  [00m [00;01;31;41m            GST_PADS gstpad.c:979:pre_activate:<capsfilter0:sink>[00m setting pad into push mode, unset flushing
0:00:00.462376654 [334m19341[00m 0x7f493c009630 [33;01mLOG    [00m [00m       adaptivedemux gstadaptivedemux.c:2401:_uri_handler_probe:<souphttpsrc2:src>[00m Received buffer, size 1448 total 102262
0:00:00.462450196 [334m19341[00m 0x7f4930006e80 [37mDEBUG  [00m [00;01;31;41m            GST_PADS gstpad.c:1188:activate_mode_internal:<capsfilter0:sink>[00m activated in push mode
0:00:00.462466648 [334m19341[00m 0x7f493c009630 [37mDEBUG  [00m [00;01;35m      GST_SCHEDULING gstpad.c:4202:gst_pad_chain_data_unchecked:<queue2:sink>[00m calling chainfunction &gst_queue_chain with buffer buffer: 0x7f49200bc6a0, pts 99:99:99.999999999, dts 99:99:99.999999999, dur 99:99:99.999999999, size 1448, offset 101620, offset_end none, flags 0x0
0:00:00.462498091 [334m19341[00m 0x7f493c009630 [33;01mLOG    [00m [00m      queue_dataflow gstqueue.c:1183:gst_queue_chain_buffer_or_list:<queue2>[00m received buffer 0x7f49200bc6a0 of size 1448, time 99:99:99.999999999, duration 99:99:99.999999999
0:00:00.462591906 [334m19341[00m 0x7f493c009630 [33;01mLOG    [00m [00m               queue gstqueue.c:633:apply_buffer:<queue2>[00m sink position updated to 0:00:00.000000806
0:00:00.462641333 [334m19341[00m 0x7f493c009630 [33;01mLOG    [00m [00m               queue gstqueue.c:529:update_time_level:<queue2>[00m update sink time
0:00:00.462692496 [334m19341[00m 0x7f493c009630 [33;01mLOG    [00m [00m               queue gstqueue.c:547:update_time_level:<queue2>[00m sink +0:00:00.000000806, src +0:00:00.000000806
0:00:00.462726108 [334m19341[00m 0x7f493c009590 [37mDEBUG  [00m [00;01;35m      GST_SCHEDULING gstpad.c:4202:gst_pad_chain_data_unchecked:<queue2-2:sink>[00m calling chainfunction &gst_queue2_chain with buffer buffer: 0x7f4930004a40, pts 99:99:99.999999999, dts 99:99:99.999999999, dur 99:99:99.999999999, size 12573, offset 69764, offset_end 82337, flags 0x4000
0:00:00.462740844 [334m19341[00m 0x7f493c009590 [33;01mLOG    [00m [00m     queue2_dataflow gstqueue2.c:2816:gst_queue2_chain:<queue2-2>[00m received buffer 0x7f4930004a40 of size 12573, time 99:99:99.999999999, duration 99:99:99.999999999
0:00:00.462774284 [334m19341[00m 0x7f493c009590 [37mDEBUG  [00m [00m     queue2_dataflow gstqueue2.c:1823:gst_queue2_wait_free_space:<queue2-2>[00m queue is full, waiting for free space
0:00:00.462785741 [334m19341[00m 0x7f493c009590 [33;01mLOG    [00m [00m     queue2_dataflow gstqueue2.c:1826:gst_queue2_wait_free_space:<queue2-2>[00m (queue2-2:sink) wait for DEL: 9 of 0 buffers, 69158 of 2097152 bytes, 4208316485 of 4000000000 ns, 10 items
0:00:00.462768944 [334m19341[00m 0x7f493c009630 [37mDEBUG  [00m [00;01;35m      GST_SCHEDULING gstpad.c:4208:gst_pad_chain_data_unchecked:<queue2:sink>[00m called chainfunction &gst_queue_chain with buffer 0x7f49200bc6a0, returned ok
0:00:00.463198980 [334m19341[00m 0x7f4930006e80 [33;01mLOG    [00m [00m            playbin3 gstplaybin3.c:2627:gst_play_bin3_deep_element_added:<playbin>[00m element <capsfilter0> was added to <parsebin1>
0:00:00.463266915 [334m19341[00m 0x7f4930006e80 [37mDEBUG  [00m [00;01;31;41m            GST_PADS gstghostpad.c:808:gst_ghost_pad_get_target:<'':parsepad4>[00m get target h264parse0:src
0:00:00.463299697 [334m19341[00m 0x7f4930006e80 [37mDEBUG  [00m [00;01;31;41m            GST_PADS gstghostpad.c:842:gst_ghost_pad_set_target:<'':parsepad4>[00m clearing target
0:00:00.463438779 [334m19341[00m 0x7f493c009630 [33;01mLOG    [00m [00m       adaptivedemux gstadaptivedemux.c:2401:_uri_handler_probe:<souphttpsrc2:src>[00m Received buffer, size 11584 total 113846
0:00:00.463492661 [334m19341[00m 0x7f493c009630 [37mDEBUG  [00m [00;01;35m      GST_SCHEDULING gstpad.c:4202:gst_pad_chain_data_unchecked:<queue2:sink>[00m calling chainfunction &gst_queue_chain with buffer buffer: 0x7f49200bc7b0, pts 99:99:99.999999999, dts 99:99:99.999999999, dur 99:99:99.999999999, size 11584, offset 103068, offset_end none, flags 0x0
0:00:00.463518785 [334m19341[00m 0x7f493c009630 [33;01mLOG    [00m [00m      queue_dataflow gstqueue.c:1183:gst_queue_chain_buffer_or_list:<queue2>[00m received buffer 0x7f49200bc7b0 of size 11584, time 99:99:99.999999999, duration 99:99:99.999999999
0:00:00.463586643 [334m19341[00m 0x7f493c009630 [33;01mLOG    [00m [00m               queue gstqueue.c:633:apply_buffer:<queue2>[00m sink position updated to 0:00:00.000000806
0:00:00.463599831 [334m19341[00m 0x7f493c009630 [33;01mLOG    [00m [00m               queue gstqueue.c:529:update_time_level:<queue2>[00m update sink time
0:00:00.463617463 [334m19341[00m 0x7f493c009630 [33;01mLOG    [00m [00m               queue gstqueue.c:547:update_time_level:<queue2>[00m sink +0:00:00.000000806, src +0:00:00.000000806
0:00:00.463642586 [334m19341[00m 0x7f493c009630 [37mDEBUG  [00m [00;01;35m      GST_SCHEDULING gstpad.c:4208:gst_pad_chain_data_unchecked:<queue2:sink>[00m called chainfunction &gst_queue_chain with buffer 0x7f49200bc7b0, returned ok
0:00:00.464176679 [334m19341[00m 0x7f4930006e80 [36mINFO   [00m [00;01;31;41m            GST_PADS gstpad.c:2315:gst_pad_link_prepare:[00m trying to link h264parse0:src and capsfilter0:sink
0:00:00.464189979 [334m19341[00m 0x7f4930006e80 [36mINFO   [00m [00;01;31;41m            GST_PADS gstpad.c:2523:gst_pad_link_full:[00m linked h264parse0:src and capsfilter0:sink, successful
0:00:00.464220619 [334m19341[00m 0x7f4930006e80 [36mINFO   [00m [00;01;34m           GST_EVENT gstevent.c:1511:gst_event_new_reconfigure:[00m creating reconfigure event
0:00:00.464238213 [334m19341[00m 0x7f4930006e80 [37mDEBUG  [00m [00;01;34m           GST_EVENT gstevent.c:305:gst_event_new_custom:[00m creating new event 0x7f4908003a60 reconfigure 61441
0:00:00.464259822 [334m19341[00m 0x7f4930006e80 [37mDEBUG  [00m [00;01;34m           GST_EVENT gstpad.c:5548:gst_pad_send_event_unchecked:<h264parse0:src>[00m have event type reconfigure event: 0x7f4908003a60, time 99:99:99.999999999, seq-num 433, (NULL)
0:00:00.464291156 [334m19341[00m 0x7f4930006e80 [36mINFO   [00m [00;01;34m           GST_EVENT gstpad.c:5654:gst_pad_send_event_unchecked:<h264parse0:src>[00m Received event on flushing pad. Discarding
0:00:00.464315691 [334m19341[00m 0x7f4930006e80 [33;01mLOG    [00m [00;01;34m           GST_EVENT gstevent.c:222:_gst_event_free:[00m freeing event 0x7f4908003a60 type reconfigure
0:00:00.464625636 [334m19341[00m 0x7f4930006e80 [37mDEBUG  [00m [00;01;31;41m            GST_PADS gstghostpad.c:808:gst_ghost_pad_get_target:<'':parsepad4>[00m get target '':''
0:00:00.464636862 [334m19341[00m 0x7f4930006e80 [37mDEBUG  [00m [00;01;31;41m            GST_PADS gstghostpad.c:840:gst_ghost_pad_set_target:<'':parsepad4>[00m set target capsfilter0:src
0:00:00.464649329 [334m19341[00m 0x7f4930006e80 [37mDEBUG  [00m [00;01;31;41m            GST_PADS gstghostpad.c:862:gst_ghost_pad_set_target:<'':parsepad4>[00m connecting internal pad to target <capsfilter0:src>
0:00:00.464850827 [334m19341[00m 0x7f4930006e80 [36mINFO   [00m [00;01;31;41m            GST_PADS gstpad.c:2315:gst_pad_link_prepare:[00m trying to link capsfilter0:src and parsepad4:proxypad16
0:00:00.464868550 [334m19341[00m 0x7f4930006e80 [36mINFO   [00m [00;01;31;41m            GST_PADS gstpad.c:2523:gst_pad_link_full:[00m linked capsfilter0:src and parsepad4:proxypad16, successful
0:00:00.464884607 [334m19341[00m 0x7f4930006e80 [36mINFO   [00m [00;01;34m           GST_EVENT gstevent.c:1511:gst_event_new_reconfigure:[00m creating reconfigure event
0:00:00.464901586 [334m19341[00m 0x7f4930006e80 [37mDEBUG  [00m [00;01;34m           GST_EVENT gstevent.c:305:gst_event_new_custom:[00m creating new event 0x7f4908003a60 reconfigure 61441
0:00:00.464920307 [334m19341[00m 0x7f4930006e80 [37mDEBUG  [00m [00;01;34m           GST_EVENT gstpad.c:5548:gst_pad_send_event_unchecked:<capsfilter0:src>[00m have event type reconfigure event: 0x7f4908003a60, time 99:99:99.999999999, seq-num 436, (NULL)
0:00:00.464979379 [334m19341[00m 0x7f4930006e80 [33;01mLOG    [00m [00;01;31;41m            GST_PADS gstpad.c:5261:gst_pad_push_event_unchecked:<capsfilter0:sink>[00m sending event 0x7f4908003a60 (reconfigure) to peerpad <h264parse0:src>
0:00:00.465009382 [334m19341[00m 0x7f4930006e80 [37mDEBUG  [00m [00;01;34m           GST_EVENT gstpad.c:5548:gst_pad_send_event_unchecked:<h264parse0:src>[00m have event type reconfigure event: 0x7f4908003a60, time 99:99:99.999999999, seq-num 436, (NULL)
0:00:00.465026748 [334m19341[00m 0x7f4930006e80 [36mINFO   [00m [00;01;34m           GST_EVENT gstpad.c:5654:gst_pad_send_event_unchecked:<h264parse0:src>[00m Received event on flushing pad. Discarding
0:00:00.465042715 [334m19341[00m 0x7f4930006e80 [33;01mLOG    [00m [00;01;34m           GST_EVENT gstevent.c:222:_gst_event_free:[00m freeing event 0x7f4908003a60 type reconfigure
0:00:00.465061175 [334m19341[00m 0x7f4930006e80 [33;01mLOG    [00m [00;01;31;41m            GST_PADS gstpad.c:5269:gst_pad_push_event_unchecked:<capsfilter0:sink>[00m sent event 0x7f4908003a60 (reconfigure) to peerpad <h264parse0:src>, ret flushing
0:00:00.465084762 [334m19341[00m 0x7f4930006e80 [37mDEBUG  [00m [00;01;31;41m            GST_PADS gstpad.c:5622:gst_pad_send_event_unchecked:<capsfilter0:src>[00m sent event, ret error
0:00:00.465490547 [334m19341[00m 0x7f4934007540 [37mDEBUG  [00m [00;01;31;41m            GST_PADS gstghostpad.c:808:gst_ghost_pad_get_target:<'':parsepad3>[00m get target aacparse0:src
0:00:00.465606413 [334m19341[00m 0x7f4934007540 [37mDEBUG  [00m [00;01;31;41m            GST_PADS gstghostpad.c:808:gst_ghost_pad_get_target:<'':parsepad3>[00m get target aacparse0:src
0:00:00.465767830 [334m19341[00m 0x7f4934007540 [37mDEBUG  [00m [00;01;31;41m            GST_PADS gstpad.c:1069:gst_pad_set_active:<'':parsepad3>[00m pad was active in push mode
0:00:00.465794657 [334m19341[00m 0x7f4930006e80 [37mDEBUG  [00m [00;01;31;41m            GST_PADS gstpad.c:1063:gst_pad_set_active:<h264parse0:src>[00m activating pad from none
0:00:00.465816177 [334m19341[00m 0x7f4930006e80 [37mDEBUG  [00m [00;01;31;41m            GST_PADS gstpad.c:979:pre_activate:<h264parse0:src>[00m setting pad into push mode, unset flushing
0:00:00.465829461 [334m19341[00m 0x7f4930006e80 [37mDEBUG  [00m [00;01;31;41m            GST_PADS gstpad.c:1188:activate_mode_internal:<h264parse0:src>[00m activated in push mode
0:00:00.465844389 [334m19341[00m 0x7f4934007540 [37mDEBUG  [00m [00;01;31;41m            GST_PADS gstghostpad.c:808:gst_ghost_pad_get_target:<'':parsepad3>[00m get target aacparse0:src
0:00:00.465855454 [334m19341[00m 0x7f4930006e80 [37mDEBUG  [00m [00;01;31;41m            GST_PADS gstpad.c:1063:gst_pad_set_active:<h264parse0:sink>[00m activating pad from none
0:00:00.465869956 [334m19341[00m 0x7f4948003990 [33;01mLOG    [00m [00m       adaptivedemux gstadaptivedemux.c:2401:_uri_handler_probe:<souphttpsrc0:src>[00m Received buffer, size 1448 total 116739
0:00:00.465954218 [334m19341[00m 0x7f4948003990 [37mDEBUG  [00m [00;01;35m      GST_SCHEDULING gstpad.c:4202:gst_pad_chain_data_unchecked:<queue0:sink>[00m calling chainfunction &gst_queue_chain with buffer buffer: 0x7f492005a7e0, pts 99:99:99.999999999, dts 99:99:99.999999999, dur 99:99:99.999999999, size 1448, offset 116177, offset_end none, flags 0x0
0:00:00.465964688 [334m19341[00m 0x7f4948003990 [33;01mLOG    [00m [00m      queue_dataflow gstqueue.c:1183:gst_queue_chain_buffer_or_list:<queue0>[00m received buffer 0x7f492005a7e0 of size 1448, time 99:99:99.999999999, duration 99:99:99.999999999
0:00:00.466010892 [334m19341[00m 0x7f4948003990 [33;01mLOG    [00m [00m               queue gstqueue.c:633:apply_buffer:<queue0>[00m sink position updated to 0:00:00.000000886
0:00:00.465998802 [334m19341[00m 0x7f4930006e80 [37mDEBUG  [00m [00;01;31;41m            GST_PADS gstpad.c:4058:gst_pad_peer_query:<h264parse0:sink>[00m peer query 0x7f490801bed0 (scheduling)
0:00:00.466020428 [334m19341[00m 0x7f4948003990 [33;01mLOG    [00m [00m               queue gstqueue.c:529:update_time_level:<queue0>[00m update sink time
0:00:00.466056878 [334m19341[00m 0x7f4948003990 [33;01mLOG    [00m [00m               queue gstqueue.c:547:update_time_level:<queue0>[00m sink +0:00:00.000000886, src +0:00:00.000000886
0:00:00.466103618 [334m19341[00m 0x7f4948003990 [33;01mLOG    [00m [00m      queue_dataflow gstqueue.c:747:gst_queue_locked_enqueue_buffer:<queue0>[00m (queue0:sink) signal ADD: 1 of 0-0 buffers, 1448 of 0-20971520 bytes, 0 of 0-0 ns, 1 items
0:00:00.466126414 [334m19341[00m 0x7f4948003990 [37mDEBUG  [00m [00;01;35m      GST_SCHEDULING gstpad.c:4208:gst_pad_chain_data_unchecked:<queue0:sink>[00m called chainfunction &gst_queue_chain with buffer 0x7f492005a7e0, returned ok
0:00:00.466129127 [334m19341[00m 0x7f49480038f0 [33;01mLOG    [00m [00m      queue_dataflow gstqueue.c:1500:gst_queue_loop:<queue0>[00m (queue0:src) received ADD: 1 of 0-0 buffers, 1448 of 0-20971520 bytes, 0 of 0-0 ns, 1 items
0:00:00.466148918 [334m19341[00m 0x7f49480038f0 [37mDEBUG  [00m [00m      queue_dataflow gstqueue.c:1503:gst_queue_loop:<queue0>[00m queue is not empty
0:00:00.466159625 [334m19341[00m 0x7f49480038f0 [33;01mLOG    [00m [00m      queue_dataflow gstqueue.c:846:gst_queue_locked_dequeue:<queue0>[00m retrieved buffer 0x7f492005a7e0 from queue
0:00:00.466207239 [334m19341[00m 0x7f4930006e80 [37mDEBUG  [00m [00;01;31;41m            GST_PADS gstpad.c:4120:gst_pad_peer_query:<h264parse0:sink>[00m query failed
0:00:00.466232352 [334m19341[00m 0x7f49480038f0 [33;01mLOG    [00m [00m               queue gstqueue.c:633:apply_buffer:<queue0>[00m src position updated to 0:00:00.000000886
0:00:00.466262977 [334m19341[00m 0x7f4930006e80 [37mDEBUG  [00m [00;01;31;41m            GST_PADS gstpad.c:979:pre_activate:<h264parse0:sink>[00m setting pad into push mode, unset flushing
0:00:00.466254629 [334m19341[00m 0x7f49480038f0 [33;01mLOG    [00m [00m               queue gstqueue.c:538:update_time_level:<queue0>[00m update src time
0:00:00.466313217 [334m19341[00m 0x7f49480038f0 [33;01mLOG    [00m [00m               queue gstqueue.c:547:update_time_level:<queue0>[00m sink +0:00:00.000000886, src +0:00:00.000000886
0:00:00.466303632 [334m19341[00m 0x7f4934007540 [37mDEBUG  [00m [00;01;31;41m            GST_PADS gstpad.c:3862:check_sticky:<aacparse0:src>[00m pushing all sticky events
0:00:00.466390567 [334m19341[00m 0x7f4934007540 [37mDEBUG  [00m [00;01;31;41m            GST_PADS gstpad.c:3794:push_sticky:<aacparse0:src>[00m event stream-start was already received
0:00:00.466522963 [334m19341[00m 0x7f4930006e80 [37mDEBUG  [00m [00m           h264parse gsth264parse.c:261:gst_h264_parse_start:<h264parse0>[00m start
0:00:00.466590763 [334m19341[00m 0x7f4930006e80 [37mDEBUG  [00m [00m           h264parse gsth264parse.c:183:gst_h264_parse_reset_frame:<h264parse0>[00m reset frame
