0:00:00.352565790 [334m19341[00m 0x7f494c03fd40 [37mDEBUG  [00m [00;01;34m           GST_EVENT gstevent.c:305:gst_event_new_custom:[00m creating new event 0x7f4940008ad0 seek 51201
0:00:00.352868770 [334m19341[00m 0x7f494c03fd40 [37mDEBUG  [00m [00;01;31;41m            GST_PADS gstpad.c:1063:gst_pad_set_active:<srcbin-audio_01:src>[00m activating pad from none
0:00:00.352882967 [334m19341[00m 0x7f494c03fd40 [37mDEBUG  [00m [00;01;31;41m            GST_PADS gstpad.c:979:pre_activate:<srcbin-audio_01:src>[00m setting pad into push mode, unset flushing
0:00:00.352924291 [334m19341[00m 0x7f494c03fd40 [37mDEBUG  [00m [00;01;31;41m            GST_PADS gstpad.c:979:pre_activate:<src:proxypad3>[00m setting pad into push mode, unset flushing
0:00:00.352943550 [334m19341[00m 0x7f494c03fd40 [37mDEBUG  [00m [00;01;31;41m            GST_PADS gstpad.c:991:pre_activate:<src:proxypad3>[00m reschedule events on peer queue2:src
0:00:00.352988565 [334m19341[00m 0x7f494c03fd40 [37mDEBUG  [00m [00;01;31;41m            GST_PADS gstpad.c:1207:activate_mode_internal:<srcbin-audio_01:src>[00m already activated in push mode
0:00:00.353000682 [334m19341[00m 0x7f494c03fd40 [37mDEBUG  [00m [00;01;31;41m            GST_PADS gstpad.c:1188:activate_mode_internal:<src:proxypad3>[00m activated in push mode
0:00:00.353020047 [334m19341[00m 0x7f494c03fd40 [37mDEBUG  [00m [00;01;31;41m            GST_PADS gstpad.c:1188:activate_mode_internal:<srcbin-audio_01:src>[00m activated in push mode
0:00:00.353683632 [334m19341[00m 0x7f494c03fd40 [37mDEBUG  [00m [00;01;31;41m            GST_PADS gstpad.c:1063:gst_pad_set_active:<queue2:src>[00m activating pad from none
0:00:00.353716200 [334m19341[00m 0x7f494c03fd40 [37mDEBUG  [00m [00;01;31;41m            GST_PADS gstpad.c:979:pre_activate:<queue2:src>[00m setting pad into push mode, unset flushing
0:00:00.353732532 [334m19341[00m 0x7f494c03fd40 [37mDEBUG  [00m [00;01;31;41m            GST_PADS gstpad.c:5991:gst_pad_start_task:<queue2:src>[00m start task
0:00:00.353763669 [334m19341[00m 0x7f494c03fd40 [37mDEBUG  [00m [00m                task gsttask.c:430:gst_task_new:[00m Created task 0x7f493c00a4d0
0:00:00.353811077 [334m19341[00m 0x7f494c03fd40 [36mINFO   [00m [00m                task gsttask.c:456:gst_task_set_lock:[00m setting stream lock 0x7f49480090a0 on task 0x7f493c00a4d0
0:00:00.353822123 [334m19341[00m 0x7f494c03fd40 [36mINFO   [00m [00;01;31;41m            GST_PADS gstpad.c:6000:gst_pad_start_task:<queue2:src>[00m created task 0x7f493c00a4d0
0:00:00.353839896 [334m19341[00m 0x7f494c03fd40 [37mDEBUG  [00m [00;01;31;41m            GST_PADS gstpad.c:5917:do_stream_status:<queue2:src>[00m doing stream-status 0
0:00:00.353931540 [334m19341[00m 0x7f494c03fd40 [37mDEBUG  [00m [00;01;31;41m            GST_PADS gstpad.c:5946:do_stream_status:<queue2:src>[00m posting stream-status 0
0:00:00.354506350 [334m19341[00m 0x7f494c03fd40 [37mDEBUG  [00m [00m                task gsttask.c:687:gst_task_set_state:<task18>[00m Changing task 0x7f493c00a4d0 to state 0
0:00:00.354517852 [334m19341[00m 0x7f493c009590 [37mDEBUG  [00m [00m                task gsttask.c:289:gst_task_func:[00m Entering task 0x7f493c00a4d0, thread 0x7f493c009590
0:00:00.354531862 [334m19341[00m 0x7f493c009590 [37mDEBUG  [00m [00;01;31;41m            GST_PADS gstpad.c:5917:do_stream_status:<queue2:src>[00m doing stream-status 1
0:00:00.354516415 [334m19341[00m 0x7f494c03fd40 [37mDEBUG  [00m [00;01;31;41m            GST_PADS gstpad.c:1188:activate_mode_internal:<queue2:src>[00m activated in push mode
0:00:00.354571071 [334m19341[00m 0x7f493c009590 [37mDEBUG  [00m [00;01;31;41m            GST_PADS gstpad.c:5946:do_stream_status:<queue2:src>[00m posting stream-status 1
0:00:00.354562320 [334m19341[00m 0x7f494c03fd40 [37mDEBUG  [00m [00;01;31;41m            GST_PADS gstpad.c:1063:gst_pad_set_active:<queue2:sink>[00m activating pad from none
0:00:00.354600547 [334m19341[00m 0x7f494c03fd40 [37mDEBUG  [00m [00;01;31;41m            GST_PADS gstpad.c:979:pre_activate:<queue2:sink>[00m setting pad into push mode, unset flushing
0:00:00.354632548 [334m19341[00m 0x7f4948003f70 [37mDEBUG  [00m [00;01;34m           GST_EVENT gstevent.c:305:gst_event_new_custom:[00m creating new event 0x7f4920003560 custom-downstream-sticky 76830
0:00:00.354679113 [334m19341[00m 0x7f494c03fd40 [37mDEBUG  [00m [00;01;31;41m            GST_PADS gstpad.c:991:pre_activate:<queue2:sink>[00m reschedule events on peer souphttpsrc2:src
0:00:00.354727645 [334m19341[00m 0x7f494c03fd40 [37mDEBUG  [00m [00;01;31;41m            GST_PADS gstpad.c:1188:activate_mode_internal:<queue2:sink>[00m activated in push mode
0:00:00.355398380 [334m19341[00m 0x7f493c009590 [37mDEBUG  [00m [00m                task gsttask.c:251:gst_task_configure_name:<queue2:src>[00m Setting thread name to 'queue2:src'
0:00:00.355479743 [334m19341[00m 0x7f493c009590 [37mDEBUG  [00m [00m      queue_dataflow gstqueue.c:1491:gst_queue_loop:<queue2>[00m queue is empty
0:00:00.355527611 [334m19341[00m 0x7f493c009590 [33;01mLOG    [00m [00m      queue_dataflow gstqueue.c:1500:gst_queue_loop:<queue2>[00m (queue2:src) wait for ADD: 0 of 0-0 buffers, 0 of 0-20971520 bytes, 0 of 0-0 ns, 0 items
0:00:00.355718814 [334m19341[00m 0x7f4948003f70 [33;01mLOG    [00m [00;01;31;41m            GST_PADS gstpad.c:5097:store_sticky_event:<souphttpsrc1:src>[00m stored sticky event custom-downstream-sticky
0:00:00.355755487 [334m19341[00m 0x7f4948003f70 [37mDEBUG  [00m [00;01;31;41m            GST_PADS gstpad.c:3862:check_sticky:<souphttpsrc1:src>[00m pushing all sticky events
0:00:00.355767531 [334m19341[00m 0x7f4948003f70 [37mDEBUG  [00m [00;01;31;41m            GST_PADS gstpad.c:3794:push_sticky:<souphttpsrc1:src>[00m event stream-start was already received
0:00:00.355979312 [334m19341[00m 0x7f4948003f70 [33;01mLOG    [00m [00;01;31;41m            GST_PADS gstpad.c:5261:gst_pad_push_event_unchecked:<souphttpsrc1:src>[00m sending event 0x7f4920003560 (custom-downstream-sticky) to peerpad <queue1:sink>
0:00:00.356115991 [334m19341[00m 0x7f4948003f70 [33;01mLOG    [00m [00m      queue_dataflow gstqueue.c:824:gst_queue_locked_enqueue_event:<queue1>[00m (queue1:sink) signal ADD: 0 of 0-0 buffers, 0 of 0-20971520 bytes, 0 of 0-0 ns, 1 items
0:00:00.356166219 [334m19341[00m 0x7f4948003f70 [37mDEBUG  [00m [00;01;31;41m            GST_PADS gstpad.c:5622:gst_pad_send_event_unchecked:<queue1:sink>[00m sent event, ret ok
0:00:00.356168323 [334m19341[00m 0x7f4948003ed0 [33;01mLOG    [00m [00m      queue_dataflow gstqueue.c:1500:gst_queue_loop:<queue1>[00m (queue1:src) received ADD: 0 of 0-0 buffers, 0 of 0-20971520 bytes, 0 of 0-0 ns, 1 items
0:00:00.356188814 [334m19341[00m 0x7f4948003ed0 [37mDEBUG  [00m [00m      queue_dataflow gstqueue.c:1503:gst_queue_loop:<queue1>[00m queue is not empty
0:00:00.356203387 [334m19341[00m 0x7f4948003ed0 [33;01mLOG    [00m [00m      queue_dataflow gstqueue.c:872:gst_queue_locked_dequeue:<queue1>[00m retrieved event 0x7f4920003560 from queue
0:00:00.356231189 [334m19341[00m 0x7f4948003ed0 [33;01mLOG    [00m [00;01;31;41m            GST_PADS gstpad.c:5097:store_sticky_event:<queue1:src>[00m stored sticky event custom-downstream-sticky
0:00:00.356291727 [334m19341[00m 0x7f4948003ed0 [37mDEBUG  [00m [00;01;31;41m            GST_PADS gstpad.c:3862:check_sticky:<queue1:src>[00m pushing all sticky events
0:00:00.356303046 [334m19341[00m 0x7f4948003ed0 [37mDEBUG  [00m [00;01;31;41m            GST_PADS gstpad.c:3794:push_sticky:<queue1:src>[00m event stream-start was already received
0:00:00.356313407 [334m19341[00m 0x7f4948003ed0 [33;01mLOG    [00m [00;01;31;41m            GST_PADS gstpad.c:5261:gst_pad_push_event_unchecked:<queue1:src>[00m sending event 0x7f4920003560 (custom-downstream-sticky) to peerpad <src:proxypad2>
0:00:00.356323845 [334m19341[00m 0x7f4948003f70 [33;01mLOG    [00m [00;01;31;41m            GST_PADS gstpad.c:5097:store_sticky_event:<queue1:sink>[00m stored sticky event custom-downstream-sticky
0:00:00.356334424 [334m19341[00m 0x7f494c03fd40 [37mDEBUG  [00m [00;01;31;41m            GST_PADS gstpad.c:1063:gst_pad_set_active:<souphttpsrc2:src>[00m activating pad from none
0:00:00.356351587 [334m19341[00m 0x7f4948003f70 [33;01mLOG    [00m [00;01;31;41m            GST_PADS gstpad.c:5269:gst_pad_push_event_unchecked:<souphttpsrc1:src>[00m sent event 0x7f4920003560 (custom-downstream-sticky) to peerpad <queue1:sink>, ret ok
0:00:00.356368861 [334m19341[00m 0x7f494c03fd40 [37mDEBUG  [00m [00;01;31;41m            GST_PADS gstpad.c:979:pre_activate:<souphttpsrc2:src>[00m setting pad into push mode, unset flushing
0:00:00.356441288 [334m19341[00m 0x7f4948003ed0 [33;01mLOG    [00m [00;01;31;41m            GST_PADS gstpad.c:2944:gst_pad_forward:<src:proxypad2>[00m calling forward function on pad srcbin-audio_00:src
0:00:00.356470672 [334m19341[00m 0x7f4948003ed0 [33;01mLOG    [00m [00;01;31;41m            GST_PADS gstpad.c:2989:event_forward_func:<srcbin-audio_00:src>[00m Reffing and pushing event 0x7f4920003560 (custom-downstream-sticky) to srcbin-audio_00:src
0:00:00.356484051 [334m19341[00m 0x7f4948003f70 [37mDEBUG  [00m [00;01;31;41m            GST_PADS gstpad.c:3814:push_sticky:<souphttpsrc1:src>[00m event custom-downstream-sticky marked received
0:00:00.356518095 [334m19341[00m 0x7f4948003ed0 [33;01mLOG    [00m [00;01;31;41m            GST_PADS gstpad.c:5097:store_sticky_event:<srcbin-audio_00:src>[00m stored sticky event custom-downstream-sticky
0:00:00.356572556 [334m19341[00m 0x7f4948003ed0 [37mDEBUG  [00m [00;01;31;41m            GST_PADS gstpad.c:3862:check_sticky:<srcbin-audio_00:src>[00m pushing all sticky events
0:00:00.356611343 [334m19341[00m 0x7f4948003ed0 [37mDEBUG  [00m [00;01;31;41m            GST_PADS gstpad.c:3794:push_sticky:<srcbin-audio_00:src>[00m event stream-start was already received
0:00:00.356841653 [334m19341[00m 0x7f494c03fd40 [37mDEBUG  [00m [00;01;34m           GST_EVENT gstevent.c:305:gst_event_new_custom:[00m creating new event 0x7f4940008b40 flush-start 2563
0:00:00.356783495 [334m19341[00m 0x7f4948003ed0 [33;01mLOG    [00m [00;01;31;41m            GST_PADS gstpad.c:5261:gst_pad_push_event_unchecked:<srcbin-audio_00:src>[00m sending event 0x7f4920003560 (custom-downstream-sticky) to peerpad <dashdemux0:internal-audio_00>
0:00:00.356905628 [334m19341[00m 0x7f494c03fd40 [33;01mLOG    [00m [00;01;31;41m            GST_PADS gstpad.c:5261:gst_pad_push_event_unchecked:<souphttpsrc2:src>[00m sending event 0x7f4940008b40 (flush-start) to peerpad <queue2:sink>
0:00:00.356948119 [334m19341[00m 0x7f4948003ed0 [37mDEBUG  [00m [00;01;31;41m            GST_PADS gstpad.c:5622:gst_pad_send_event_unchecked:<dashdemux0:internal-audio_00>[00m sent event, ret ok
0:00:00.356934744 [334m19341[00m 0x7f494c03fd40 [37mDEBUG  [00m [00;01;34m           GST_EVENT gstpad.c:5506:gst_pad_send_event_unchecked:<queue2:sink>[00m have event type 2563 (FLUSH_START)
0:00:00.356967062 [334m19341[00m 0x7f494c03fd40 [37mDEBUG  [00m [00;01;34m           GST_EVENT gstpad.c:5513:gst_pad_send_event_unchecked:<queue2:sink>[00m set flush flag
0:00:00.356977766 [334m19341[00m 0x7f494c03fd40 [33;01mLOG    [00m [00m      queue_dataflow gstqueue.c:926:gst_queue_handle_sink_event:<queue2>[00m (queue2:sink) received flush start event: 0 of 0-0 buffers, 0 of 0-20971520 bytes, 0 of 0-0 ns, 0 items
0:00:00.356957849 [334m19341[00m 0x7f4948003ed0 [33;01mLOG    [00m [00;01;31;41m            GST_PADS gstpad.c:5097:store_sticky_event:<dashdemux0:internal-audio_00>[00m stored sticky event custom-downstream-sticky
0:00:00.356997075 [334m19341[00m 0x7f4948003ed0 [33;01mLOG    [00m [00;01;31;41m            GST_PADS gstpad.c:5269:gst_pad_push_event_unchecked:<srcbin-audio_00:src>[00m sent event 0x7f4920003560 (custom-downstream-sticky) to peerpad <dashdemux0:internal-audio_00>, ret ok
0:00:00.356979210 [334m19341[00m 0x7f4948003f70 [36mINFO   [00m [00;01;34m           GST_EVENT gstevent.c:889:gst_event_new_segment:[00m creating segment event bytes segment start=606, offset=0, stop=806, rate=1.000000, applied_rate=1.000000, flags=0x01, time=606, base=0, position 606, duration 806
0:00:00.356999922 [334m19341[00m 0x7f494c03fd40 [33;01mLOG    [00m [00;01;31;41m            GST_PADS gstpad.c:5261:gst_pad_push_event_unchecked:<queue2:src>[00m sending event 0x7f4940008b40 (flush-start) to peerpad <src:proxypad3>
0:00:00.357019386 [334m19341[00m 0x7f4948003f70 [37mDEBUG  [00m [00;01;34m           GST_EVENT gstevent.c:305:gst_event_new_custom:[00m creating new event 0x7f49200035d0 segment 17934
0:00:00.357074144 [334m19341[00m 0x7f4948003f70 [33;01mLOG    [00m [00;01;31;41m            GST_PADS gstpad.c:5097:store_sticky_event:<souphttpsrc1:src>[00m stored sticky event segment
0:00:00.357078974 [334m19341[00m 0x7f494c03fd40 [37mDEBUG  [00m [00;01;34m           GST_EVENT gstpad.c:5506:gst_pad_send_event_unchecked:<src:proxypad3>[00m have event type 2563 (FLUSH_START)
0:00:00.357108331 [334m19341[00m 0x7f494c03fd40 [37mDEBUG  [00m [00;01;34m           GST_EVENT gstpad.c:5513:gst_pad_send_event_unchecked:<src:proxypad3>[00m set flush flag
0:00:00.357085828 [334m19341[00m 0x7f4948003f70 [37mDEBUG  [00m [00;01;31;41m            GST_PADS gstpad.c:3862:check_sticky:<souphttpsrc1:src>[00m pushing all sticky events
0:00:00.357155639 [334m19341[00m 0x7f494c03fd40 [33;01mLOG    [00m [00;01;31;41m            GST_PADS gstpad.c:2944:gst_pad_forward:<src:proxypad3>[00m calling forward function on pad srcbin-audio_01:src
0:00:00.357158118 [334m19341[00m 0x7f4948003ed0 [37mDEBUG  [00m [00;01;31;41m            GST_PADS gstpad.c:3814:push_sticky:<srcbin-audio_00:src>[00m event custom-downstream-sticky marked received
0:00:00.357161401 [334m19341[00m 0x7f4948003f70 [37mDEBUG  [00m [00;01;31;41m            GST_PADS gstpad.c:3794:push_sticky:<souphttpsrc1:src>[00m event stream-start was already received
0:00:00.357196601 [334m19341[00m 0x7f4948003ed0 [37mDEBUG  [00m [00;01;31;41m            GST_PADS gstpad.c:5622:gst_pad_send_event_unchecked:<src:proxypad2>[00m sent event, ret ok
0:00:00.357167931 [334m19341[00m 0x7f494c03fd40 [33;01mLOG    [00m [00;01;31;41m            GST_PADS gstpad.c:2989:event_forward_func:<srcbin-audio_01:src>[00m Reffing and pushing event 0x7f4940008b40 (flush-start) to srcbin-audio_01:src
0:00:00.357241707 [334m19341[00m 0x7f4948003ed0 [33;01mLOG    [00m [00;01;31;41m            GST_PADS gstpad.c:5097:store_sticky_event:<src:proxypad2>[00m stored sticky event custom-downstream-sticky
0:00:00.357283218 [334m19341[00m 0x7f494c03fd40 [33;01mLOG    [00m [00;01;31;41m            GST_PADS gstpad.c:5261:gst_pad_push_event_unchecked:<srcbin-audio_01:src>[00m sending event 0x7f4940008b40 (flush-start) to peerpad <dashdemux0:internal-audio_01>
0:00:00.357299376 [334m19341[00m 0x7f4948003f70 [33;01mLOG    [00m [00m       adaptivedemux gstadaptivedemux.c:2406:_uri_handler_probe:<souphttpsrc1:src>[00m Received event segment segment event: 0x7f49200035d0, time 99:99:99.999999999, seq-num 208, GstEventSegment, segment=(GstSegment)"GstSegment, flags=(GstSegmentFlags)GST_SEGMENT_FLAG_RESET, rate=(double)1, applied-rate=(double)1, format=(GstFormat)GST_FORMAT_BYTES, base=(guint64)0, offset=(guint64)0, start=(guint64)606, stop=(guint64)806, time=(guint64)606, position=(guint64)606, duration=(guint64)806;";
0:00:00.357272844 [334m19341[00m 0x7f4948003ed0 [33;01mLOG    [00m [00;01;31;41m            GST_PADS gstpad.c:5269:gst_pad_push_event_unchecked:<queue1:src>[00m sent event 0x7f4920003560 (custom-downstream-sticky) to peerpad <src:proxypad2>, ret ok
0:00:00.357308279 [334m19341[00m 0x7f494c03fd40 [37mDEBUG  [00m [00;01;34m           GST_EVENT gstpad.c:5506:gst_pad_send_event_unchecked:<dashdemux0:internal-audio_01>[00m have event type 2563 (FLUSH_START)
0:00:00.357337881 [334m19341[00m 0x7f494c03fd40 [37mDEBUG  [00m [00;01;34m           GST_EVENT gstpad.c:5513:gst_pad_send_event_unchecked:<dashdemux0:internal-audio_01>[00m set flush flag
0:00:00.357348917 [334m19341[00m 0x7f494c03fd40 [37mDEBUG  [00m [00;01;31;41m            GST_PADS gstpad.c:5622:gst_pad_send_event_unchecked:<dashdemux0:internal-audio_01>[00m sent event, ret ok
0:00:00.357361532 [334m19341[00m 0x7f494c03fd40 [33;01mLOG    [00m [00;01;31;41m            GST_PADS gstpad.c:5269:gst_pad_push_event_unchecked:<srcbin-audio_01:src>[00m sent event 0x7f4940008b40 (flush-start) to peerpad <dashdemux0:internal-audio_01>, ret ok
0:00:00.357373111 [334m19341[00m 0x7f4948003ed0 [37mDEBUG  [00m [00;01;31;41m            GST_PADS gstpad.c:3814:push_sticky:<queue1:src>[00m event custom-downstream-sticky marked received
0:00:00.357398831 [334m19341[00m 0x7f4948003ed0 [37mDEBUG  [00m [00m      queue_dataflow gstqueue.c:1491:gst_queue_loop:<queue1>[00m queue is empty
0:00:00.357419786 [334m19341[00m 0x7f4948003f70 [33;01mLOG    [00m [00;01;31;41m            GST_PADS gstpad.c:5261:gst_pad_push_event_unchecked:<souphttpsrc1:src>[00m sending event 0x7f49200035d0 (segment) to peerpad <queue1:sink>
0:00:00.357407284 [334m19341[00m 0x7f4948003ed0 [33;01mLOG    [00m [00m      queue_dataflow gstqueue.c:1500:gst_queue_loop:<queue1>[00m (queue1:src) wait for ADD: 0 of 0-0 buffers, 0 of 0-20971520 bytes, 0 of 0-0 ns, 0 items
0:00:00.357462830 [334m19341[00m 0x7f4948003f70 [37mDEBUG  [00m [00;01;34m           GST_EVENT gstpad.c:5548:gst_pad_send_event_unchecked:<queue1:sink>[00m have event type segment event: 0x7f49200035d0, time 99:99:99.999999999, seq-num 208, GstEventSegment, segment=(GstSegment)"GstSegment, flags=(GstSegmentFlags)GST_SEGMENT_FLAG_RESET, rate=(double)1, applied-rate=(double)1, format=(GstFormat)GST_FORMAT_BYTES, base=(guint64)0, offset=(guint64)0, start=(guint64)606, stop=(guint64)806, time=(guint64)606, position=(guint64)606, duration=(guint64)806;";
0:00:00.357508421 [334m19341[00m 0x7f4948003f70 [37mDEBUG  [00m [00m               queue gstqueue.c:578:apply_segment:<queue1>[00m configured SEGMENT time segment start=0:00:00.000000000, offset=0:00:00.000000000, stop=99:99:99.999999999, rate=1.000000, applied_rate=1.000000, flags=0x01, time=0:00:00.000000000, base=0:00:00.000000000, position 0:00:00.000000606, duration 0:00:00.000000806
0:00:00.357523855 [334m19341[00m 0x7f4948003f70 [33;01mLOG    [00m [00m               queue gstqueue.c:529:update_time_level:<queue1>[00m update sink time
0:00:00.357548353 [334m19341[00m 0x7f4948003f70 [33;01mLOG    [00m [00m               queue gstqueue.c:538:update_time_level:<queue1>[00m update src time
0:00:00.357483024 [334m19341[00m 0x7f494c03fd40 [33;01mLOG    [00m [00;01;34m           GST_EVENT gstevent.c:222:_gst_event_free:[00m freeing event 0x7f4940008b40 type flush-start
0:00:00.357572542 [334m19341[00m 0x7f494c03fd40 [37mDEBUG  [00m [00;01;31;41m            GST_PADS gstpad.c:5622:gst_pad_send_event_unchecked:<src:proxypad3>[00m sent event, ret ok
0:00:00.357576817 [334m19341[00m 0x7f4948003f70 [33;01mLOG    [00m [00m               queue gstqueue.c:547:update_time_level:<queue1>[00m sink +0:00:00.000000606, src +0:00:00.000000000
0:00:00.357591973 [334m19341[00m 0x7f4948003f70 [33;01mLOG    [00m [00m      queue_dataflow gstqueue.c:805:gst_queue_locked_enqueue_event:<queue1>[00m Apply segment on srcpad
0:00:00.357583614 [334m19341[00m 0x7f494c03fd40 [33;01mLOG    [00m [00;01;31;41m            GST_PADS gstpad.c:5269:gst_pad_push_event_unchecked:<queue2:src>[00m sent event 0x7f4940008b40 (flush-start) to peerpad <src:proxypad3>, ret ok
0:00:00.357609557 [334m19341[00m 0x7f4948003f70 [37mDEBUG  [00m [00m               queue gstqueue.c:578:apply_segment:<queue1>[00m configured SEGMENT time segment start=0:00:00.000000000, offset=0:00:00.000000000, stop=99:99:99.999999999, rate=1.000000, applied_rate=1.000000, flags=0x01, time=0:00:00.000000000, base=0:00:00.000000000, position 0:00:00.000000606, duration 0:00:00.000000806
0:00:00.357646984 [334m19341[00m 0x7f4948003f70 [33;01mLOG    [00m [00m               queue gstqueue.c:538:update_time_level:<queue1>[00m update src time
0:00:00.357637954 [334m19341[00m 0x7f494c03fd40 [33;01mLOG    [00m [00m      queue_dataflow gstqueue.c:934:gst_queue_handle_sink_event:<queue2>[00m (queue2:sink) signal ADD: 0 of 0-0 buffers, 0 of 0-20971520 bytes, 0 of 0-0 ns, 0 items
0:00:00.357654137 [334m19341[00m 0x7f4948003f70 [33;01mLOG    [00m [00m               queue gstqueue.c:547:update_time_level:<queue1>[00m sink +0:00:00.000000606, src +0:00:00.000000606
0:00:00.357672507 [334m19341[00m 0x7f4948003f70 [33;01mLOG    [00m [00m      queue_dataflow gstqueue.c:824:gst_queue_locked_enqueue_event:<queue1>[00m (queue1:sink) signal ADD: 0 of 0-0 buffers, 0 of 0-20971520 bytes, 0 of 0-0 ns, 1 items
0:00:00.357694905 [334m19341[00m 0x7f4948003f70 [37mDEBUG  [00m [00;01;31;41m            GST_PADS gstpad.c:5622:gst_pad_send_event_unchecked:<queue1:sink>[00m sent event, ret ok
0:00:00.357691907 [334m19341[00m 0x7f494c03fd40 [37mDEBUG  [00m [00;01;31;41m            GST_PADS gstpad.c:6047:gst_pad_pause_task:<queue2:src>[00m pause task
0:00:00.357708309 [334m19341[00m 0x7f4948003f70 [33;01mLOG    [00m [00;01;31;41m            GST_PADS gstpad.c:5097:store_sticky_event:<queue1:sink>[00m stored sticky event segment
0:00:00.357693380 [334m19341[00m 0x7f493c009590 [33;01mLOG    [00m [00m      queue_dataflow gstqueue.c:1500:gst_queue_loop:<queue2>[00m (queue2:src) received ADD wakeup: 0 of 0-0 buffers, 0 of 0-20971520 bytes, 0 of 0-0 ns, 0 items
0:00:00.357695833 [334m19341[00m 0x7f4948003ed0 [33;01mLOG    [00m [00m      queue_dataflow gstqueue.c:1500:gst_queue_loop:<queue1>[00m (queue1:src) received ADD: 0 of 0-0 buffers, 0 of 0-20971520 bytes, 0 of 0-0 ns, 1 items
0:00:00.357724919 [334m19341[00m 0x7f493c009590 [37mDEBUG  [00m [00;01;31;41m            GST_PADS gstpad.c:6047:gst_pad_pause_task:<queue2:src>[00m pause task
0:00:00.357736083 [334m19341[00m 0x7f493c009590 [37mDEBUG  [00m [00m                task gsttask.c:687:gst_task_set_state:<queue2:src>[00m Changing task 0x7f493c00a4d0 to state 2
0:00:00.357788040 [334m19341[00m 0x7f494c03fd40 [37mDEBUG  [00m [00m                task gsttask.c:687:gst_task_set_state:<queue2:src>[00m Changing task 0x7f493c00a4d0 to state 2
0:00:00.357750943 [334m19341[00m 0x7f4948003ed0 [37mDEBUG  [00m [00m      queue_dataflow gstqueue.c:1503:gst_queue_loop:<queue1>[00m queue is not empty
0:00:00.357786701 [334m19341[00m 0x7f493c009590 [33;01mLOG    [00m [00m      queue_dataflow gstqueue.c:1529:gst_queue_loop:<queue2>[00m pause task, reason:  flushing
0:00:00.357769798 [334m19341[00m 0x7f4948003f70 [33;01mLOG    [00m [00;01;31;41m            GST_PADS gstpad.c:5269:gst_pad_push_event_unchecked:<souphttpsrc1:src>[00m sent event 0x7f49200035d0 (segment) to peerpad <queue1:sink>, ret ok
0:00:00.357818572 [334m19341[00m 0x7f493c009590 [36mINFO   [00m [00m                task gsttask.c:318:gst_task_func:<queue2:src>[00m Task going to paused
0:00:00.357820334 [334m19341[00m 0x7f494c03fd40 [33;01mLOG    [00m [00m      queue_dataflow gstqueue.c:941:gst_queue_handle_sink_event:<queue2>[00m loop stopped
0:00:00.357853033 [334m19341[00m 0x7f494c03fd40 [37mDEBUG  [00m [00;01;31;41m            GST_PADS gstpad.c:5622:gst_pad_send_event_unchecked:<queue2:sink>[00m sent event, ret ok
0:00:00.357809145 [334m19341[00m 0x7f4948003ed0 [33;01mLOG    [00m [00m      queue_dataflow gstqueue.c:872:gst_queue_locked_dequeue:<queue1>[00m retrieved event 0x7f49200035d0 from queue
0:00:00.357881218 [334m19341[00m 0x7f4948003f70 [37mDEBUG  [00m [00;01;31;41m            GST_PADS gstpad.c:3814:push_sticky:<souphttpsrc1:src>[00m event segment marked received
0:00:00.357882796 [334m19341[00m 0x7f494c03fd40 [33;01mLOG    [00m [00;01;31;41m            GST_PADS gstpad.c:5269:gst_pad_push_event_unchecked:<souphttpsrc2:src>[00m sent event 0x7f4940008b40 (flush-start) to peerpad <queue2:sink>, ret ok
0:00:00.357918233 [334m19341[00m 0x7f4948003f70 [37mDEBUG  [00m [00;01;31;41m            GST_PADS gstpad.c:3794:push_sticky:<souphttpsrc1:src>[00m event custom-downstream-sticky was already received
0:00:00.357916277 [334m19341[00m 0x7f4948003ed0 [33;01mLOG    [00m [00;01;31;41m            GST_PADS gstpad.c:5097:store_sticky_event:<queue1:src>[00m stored sticky event segment
0:00:00.357962197 [334m19341[00m 0x7f4948003ed0 [37mDEBUG  [00m [00;01;31;41m            GST_PADS gstpad.c:3862:check_sticky:<queue1:src>[00m pushing all sticky events
0:00:00.358045316 [334m19341[00m 0x7f4948003ed0 [37mDEBUG  [00m [00;01;31;41m            GST_PADS gstpad.c:3794:push_sticky:<queue1:src>[00m event stream-start was already received
0:00:00.358103823 [334m19341[00m 0x7f494c03fd40 [36mINFO   [00m [00;01;34m           GST_EVENT gstevent.c:550:gst_event_new_flush_stop:[00m creating flush stop 1
0:00:00.358114985 [334m19341[00m 0x7f494c03fd40 [37mDEBUG  [00m [00;01;34m           GST_EVENT gstevent.c:305:gst_event_new_custom:[00m creating new event 0x7f4940008c40 flush-stop 5127
0:00:00.358147917 [334m19341[00m 0x7f494c03fd40 [33;01mLOG    [00m [00;01;31;41m            GST_PADS gstpad.c:5203:gst_pad_push_event_unchecked:<souphttpsrc2:src>[00m Removing pending EOS events
0:00:00.358138218 [334m19341[00m 0x7f4948003ed0 [33;01mLOG    [00m [00;01;31;41m            GST_PADS gstpad.c:5261:gst_pad_push_event_unchecked:<queue1:src>[00m sending event 0x7f49200035d0 (segment) to peerpad <src:proxypad2>
0:00:00.358298278 [334m19341[00m 0x7f4948003f70 [37mDEBUG  [00m [00m       adaptivedemux gstadaptivedemux.c:2396:_uri_handler_probe:<souphttpsrc1:src>[00m FIRST BYTE since download_start 0:00:00.035187788
0:00:00.358333669 [334m19341[00m 0x7f494c03fd40 [33;01mLOG    [00m [00;01;31;41m            GST_PADS gstpad.c:5261:gst_pad_push_event_unchecked:<souphttpsrc2:src>[00m sending event 0x7f4940008c40 (flush-stop) to peerpad <queue2:sink>
0:00:00.358263239 [334m19341[00m 0x7f4948003ed0 [37mDEBUG  [00m [00;01;34m           GST_EVENT gstpad.c:5548:gst_pad_send_event_unchecked:<src:proxypad2>[00m have event type segment event: 0x7f49200035d0, time 99:99:99.999999999, seq-num 208, GstEventSegment, segment=(GstSegment)"GstSegment, flags=(GstSegmentFlags)GST_SEGMENT_FLAG_RESET, rate=(double)1, applied-rate=(double)1, format=(GstFormat)GST_FORMAT_BYTES, base=(guint64)0, offset=(guint64)0, start=(guint64)606, stop=(guint64)806, time=(guint64)606, position=(guint64)606, duration=(guint64)806;";
0:00:00.358341457 [334m19341[00m 0x7f4948003f70 [33;01mLOG    [00m [00m       adaptivedemux gstadaptivedemux.c:2401:_uri_handler_probe:<souphttpsrc1:src>[00m Received buffer, size 200 total 200
0:00:00.358347080 [334m19341[00m 0x7f494c03fd40 [37mDEBUG  [00m [00;01;34m           GST_EVENT gstpad.c:5526:gst_pad_send_event_unchecked:<queue2:sink>[00m cleared flush flag
0:00:00.358404038 [334m19341[00m 0x7f494c03fd40 [33;01mLOG    [00m [00;01;31;41m            GST_PADS gstpad.c:5528:gst_pad_send_event_unchecked:<queue2:sink>[00m Removing pending EOS and SEGMENT events
0:00:00.358415355 [334m19341[00m 0x7f494c03fd40 [33;01mLOG    [00m [00m      queue_dataflow gstqueue.c:952:gst_queue_handle_sink_event:<queue2>[00m (queue2:sink) received flush stop event: 0 of 0-0 buffers, 0 of 0-20971520 bytes, 0 of 0-0 ns, 0 items
0:00:00.358419150 [334m19341[00m 0x7f4948003f70 [37mDEBUG  [00m [00;01;35m      GST_SCHEDULING gstpad.c:4202:gst_pad_chain_data_unchecked:<queue1:sink>[00m calling chainfunction &gst_queue_chain with buffer buffer: 0x7f494c0207f0, pts 99:99:99.999999999, dts 99:99:99.999999999, dur 99:99:99.999999999, size 200, offset 606, offset_end none, flags 0x40
0:00:00.358404746 [334m19341[00m 0x7f4948003ed0 [33;01mLOG    [00m [00;01;31;41m            GST_PADS gstpad.c:2944:gst_pad_forward:<src:proxypad2>[00m calling forward function on pad srcbin-audio_00:src
0:00:00.358435561 [334m19341[00m 0x7f4948003f70 [33;01mLOG    [00m [00m      queue_dataflow gstqueue.c:1183:gst_queue_chain_buffer_or_list:<queue1>[00m received buffer 0x7f494c0207f0 of size 200, time 99:99:99.999999999, duration 99:99:99.999999999
0:00:00.358426152 [334m19341[00m 0x7f494c03fd40 [33;01mLOG    [00m [00;01;31;41m            GST_PADS gstpad.c:5203:gst_pad_push_event_unchecked:<queue2:src>[00m Removing pending EOS events
0:00:00.358445598 [334m19341[00m 0x7f4948003ed0 [33;01mLOG    [00m [00;01;31;41m            GST_PADS gstpad.c:2989:event_forward_func:<srcbin-audio_00:src>[00m Reffing and pushing event 0x7f49200035d0 (segment) to srcbin-audio_00:src
0:00:00.358472776 [334m19341[00m 0x7f4948003f70 [33;01mLOG    [00m [00m               queue gstqueue.c:633:apply_buffer:<queue1>[00m sink position updated to 0:00:00.000000606
0:00:00.358508069 [334m19341[00m 0x7f4948003f70 [33;01mLOG    [00m [00m               queue gstqueue.c:529:update_time_level:<queue1>[00m update sink time
0:00:00.358499033 [334m19341[00m 0x7f4948003ed0 [33;01mLOG    [00m [00;01;31;41m            GST_PADS gstpad.c:5097:store_sticky_event:<srcbin-audio_00:src>[00m stored sticky event segment
0:00:00.358481725 [334m19341[00m 0x7f494c03fd40 [33;01mLOG    [00m [00;01;31;41m            GST_PADS gstpad.c:5261:gst_pad_push_event_unchecked:<queue2:src>[00m sending event 0x7f4940008c40 (flush-stop) to peerpad <src:proxypad3>
0:00:00.358526275 [334m19341[00m 0x7f494c03fd40 [37mDEBUG  [00m [00;01;34m           GST_EVENT gstpad.c:5526:gst_pad_send_event_unchecked:<src:proxypad3>[00m cleared flush flag
0:00:00.358542133 [334m19341[00m 0x7f4948003f70 [33;01mLOG    [00m [00m               queue gstqueue.c:547:update_time_level:<queue1>[00m sink +0:00:00.000000606, src +0:00:00.000000606
0:00:00.358593979 [334m19341[00m 0x7f494c03fd40 [33;01mLOG    [00m [00;01;31;41m            GST_PADS gstpad.c:5528:gst_pad_send_event_unchecked:<src:proxypad3>[00m Removing pending EOS and SEGMENT events
0:00:00.358551319 [334m19341[00m 0x7f4948003ed0 [37mDEBUG  [00m [00;01;31;41m            GST_PADS gstpad.c:3862:check_sticky:<srcbin-audio_00:src>[00m pushing all sticky events
0:00:00.358618736 [334m19341[00m 0x7f4948003ed0 [37mDEBUG  [00m [00;01;31;41m            GST_PADS gstpad.c:3794:push_sticky:<srcbin-audio_00:src>[00m event stream-start was already received
0:00:00.358621776 [334m19341[00m 0x7f4948003f70 [37mDEBUG  [00m [00;01;35m      GST_SCHEDULING gstpad.c:4208:gst_pad_chain_data_unchecked:<queue1:sink>[00m called chainfunction &gst_queue_chain with buffer 0x7f494c0207f0, returned ok
0:00:00.358653944 [334m19341[00m 0x7f494c03fd40 [33;01mLOG    [00m [00;01;31;41m            GST_PADS gstpad.c:2944:gst_pad_forward:<src:proxypad3>[00m calling forward function on pad srcbin-audio_01:src
0:00:00.358676593 [334m19341[00m 0x7f494c03fd40 [33;01mLOG    [00m [00;01;31;41m            GST_PADS gstpad.c:2989:event_forward_func:<srcbin-audio_01:src>[00m Reffing and pushing event 0x7f4940008c40 (flush-stop) to srcbin-audio_01:src
0:00:00.358696531 [334m19341[00m 0x7f494c03fd40 [33;01mLOG    [00m [00;01;31;41m            GST_PADS gstpad.c:5203:gst_pad_push_event_unchecked:<srcbin-audio_01:src>[00m Removing pending EOS events
0:00:00.358834872 [334m19341[00m 0x7f494c03fd40 [33;01mLOG    [00m [00;01;31;41m            GST_PADS gstpad.c:5261:gst_pad_push_event_unchecked:<srcbin-audio_01:src>[00m sending event 0x7f4940008c40 (flush-stop) to peerpad <dashdemux0:internal-audio_01>
0:00:00.358847603 [334m19341[00m 0x7f494c03fd40 [37mDEBUG  [00m [00;01;34m           GST_EVENT gstpad.c:5526:gst_pad_send_event_unchecked:<dashdemux0:internal-audio_01>[00m cleared flush flag
0:00:00.358858735 [334m19341[00m 0x7f494c03fd40 [33;01mLOG    [00m [00;01;31;41m            GST_PADS gstpad.c:5528:gst_pad_send_event_unchecked:<dashdemux0:internal-audio_01>[00m Removing pending EOS and SEGMENT events
0:00:00.358808810 [334m19341[00m 0x7f4948003ed0 [33;01mLOG    [00m [00;01;31;41m            GST_PADS gstpad.c:5261:gst_pad_push_event_unchecked:<srcbin-audio_00:src>[00m sending event 0x7f49200035d0 (segment) to peerpad <dashdemux0:internal-audio_00>
0:00:00.358896924 [334m19341[00m 0x7f4948003f70 [37mDEBUG  [00m [00;01;31;41m            GST_PADS gstpad.c:6047:gst_pad_pause_task:<souphttpsrc1:src>[00m pause task
0:00:00.358872826 [334m19341[00m 0x7f494c03fd40 [37mDEBUG  [00m [00;01;31;41m            GST_PADS gstpad.c:5622:gst_pad_send_event_unchecked:<dashdemux0:internal-audio_01>[00m sent event, ret ok
0:00:00.358915376 [334m19341[00m 0x7f494c03fd40 [33;01mLOG    [00m [00;01;31;41m            GST_PADS gstpad.c:5269:gst_pad_push_event_unchecked:<srcbin-audio_01:src>[00m sent event 0x7f4940008c40 (flush-stop) to peerpad <dashdemux0:internal-audio_01>, ret ok
0:00:00.358894950 [334m19341[00m 0x7f4948003ed0 [37mDEBUG  [00m [00;01;34m           GST_EVENT gstpad.c:5548:gst_pad_send_event_unchecked:<dashdemux0:internal-audio_00>[00m have event type segment event: 0x7f49200035d0, time 99:99:99.999999999, seq-num 208, GstEventSegment, segment=(GstSegment)"GstSegment, flags=(GstSegmentFlags)GST_SEGMENT_FLAG_RESET, rate=(double)1, applied-rate=(double)1, format=(GstFormat)GST_FORMAT_BYTES, base=(guint64)0, offset=(guint64)0, start=(guint64)606, stop=(guint64)806, time=(guint64)606, position=(guint64)606, duration=(guint64)806;";
0:00:00.358943382 [334m19341[00m 0x7f4948003f70 [37mDEBUG  [00m [00m                task gsttask.c:687:gst_task_set_state:<souphttpsrc1:src>[00m Changing task 0x7f493c00a050 to state 2
0:00:00.358974433 [334m19341[00m 0x7f4948003ed0 [37mDEBUG  [00m [00;01;31;41m            GST_PADS gstpad.c:5622:gst_pad_send_event_unchecked:<dashdemux0:internal-audio_00>[00m sent event, ret ok
0:00:00.358977395 [334m19341[00m 0x7f4948003f70 [37mDEBUG  [00m [00;01;34m           GST_EVENT gstevent.c:305:gst_event_new_custom:[00m creating new event 0x7f4920003640 eos 28174
0:00:00.359005825 [334m19341[00m 0x7f4948003ed0 [33;01mLOG    [00m [00;01;31;41m            GST_PADS gstpad.c:5097:store_sticky_event:<dashdemux0:internal-audio_00>[00m stored sticky event segment
0:00:00.359031612 [334m19341[00m 0x7f4948003f70 [33;01mLOG    [00m [00;01;31;41m            GST_PADS gstpad.c:5097:store_sticky_event:<souphttpsrc1:src>[00m stored sticky event eos
0:00:00.359063384 [334m19341[00m 0x7f4948003f70 [37mDEBUG  [00m [00;01;31;41m            GST_PADS gstpad.c:3862:check_sticky:<souphttpsrc1:src>[00m pushing all sticky events
0:00:00.359055726 [334m19341[00m 0x7f494c03fd40 [33;01mLOG    [00m [00;01;34m           GST_EVENT gstevent.c:222:_gst_event_free:[00m freeing event 0x7f4940008c40 type flush-stop
0:00:00.359084586 [334m19341[00m 0x7f494c03fd40 [37mDEBUG  [00m [00;01;31;41m            GST_PADS gstpad.c:5622:gst_pad_send_event_unchecked:<src:proxypad3>[00m sent event, ret ok
0:00:00.359046611 [334m19341[00m 0x7f4948003ed0 [33;01mLOG    [00m [00;01;31;41m            GST_PADS gstpad.c:5269:gst_pad_push_event_unchecked:<srcbin-audio_00:src>[00m sent event 0x7f49200035d0 (segment) to peerpad <dashdemux0:internal-audio_00>, ret ok
0:00:00.359088430 [334m19341[00m 0x7f4948003f70 [37mDEBUG  [00m [00;01;31;41m            GST_PADS gstpad.c:3794:push_sticky:<souphttpsrc1:src>[00m event stream-start was already received
0:00:00.359146161 [334m19341[00m 0x7f4948003f70 [37mDEBUG  [00m [00;01;31;41m            GST_PADS gstpad.c:3794:push_sticky:<souphttpsrc1:src>[00m event segment was already received
0:00:00.359120425 [334m19341[00m 0x7f494c03fd40 [33;01mLOG    [00m [00;01;31;41m            GST_PADS gstpad.c:5269:gst_pad_push_event_unchecked:<queue2:src>[00m sent event 0x7f4940008c40 (flush-stop) to peerpad <src:proxypad3>, ret ok
0:00:00.359177632 [334m19341[00m 0x7f494c03fd40 [37mDEBUG  [00m [00;01;31;41m            GST_PADS gstpad.c:5991:gst_pad_start_task:<queue2:src>[00m start task
0:00:00.359207287 [334m19341[00m 0x7f4948003ed0 [37mDEBUG  [00m [00;01;31;41m            GST_PADS gstpad.c:3814:push_sticky:<srcbin-audio_00:src>[00m event segment marked received
0:00:00.359227252 [334m19341[00m 0x7f4948003ed0 [37mDEBUG  [00m [00;01;31;41m            GST_PADS gstpad.c:3794:push_sticky:<srcbin-audio_00:src>[00m event custom-downstream-sticky was already received
0:00:00.359200301 [334m19341[00m 0x7f494c03fd40 [37mDEBUG  [00m [00m                task gsttask.c:687:gst_task_set_state:<queue2:src>[00m Changing task 0x7f493c00a4d0 to state 0
0:00:00.359260790 [334m19341[00m 0x7f493c009590 [36mINFO   [00m [00m                task gsttask.c:320:gst_task_func:<queue2:src>[00m Task resume from paused
0:00:00.359240510 [334m19341[00m 0x7f4948003ed0 [37mDEBUG  [00m [00;01;31;41m            GST_PADS gstpad.c:5622:gst_pad_send_event_unchecked:<src:proxypad2>[00m sent event, ret ok
0:00:00.359260528 [334m19341[00m 0x7f494c03fd40 [33;01mLOG    [00m [00m      queue_dataflow gstqueue.c:970:gst_queue_handle_sink_event:<queue2>[00m (queue2:sink) after flush: 0 of 0-0 buffers, 0 of 0-20971520 bytes, 0 of 0-0 ns, 0 items
0:00:00.359281261 [334m19341[00m 0x7f493c009590 [37mDEBUG  [00m [00m      queue_dataflow gstqueue.c:1491:gst_queue_loop:<queue2>[00m queue is empty
0:00:00.359321583 [334m19341[00m 0x7f4948003ed0 [33;01mLOG    [00m [00;01;31;41m            GST_PADS gstpad.c:5097:store_sticky_event:<src:proxypad2>[00m stored sticky event segment
0:00:00.359352546 [334m19341[00m 0x7f493c009590 [33;01mLOG    [00m [00m      queue_dataflow gstqueue.c:1500:gst_queue_loop:<queue2>[00m (queue2:src) wait for ADD: 0 of 0-0 buffers, 0 of 0-20971520 bytes, 0 of 0-0 ns, 0 items
0:00:00.359362866 [334m19341[00m 0x7f4948003ed0 [33;01mLOG    [00m [00;01;31;41m            GST_PADS gstpad.c:5269:gst_pad_push_event_unchecked:<queue1:src>[00m sent event 0x7f49200035d0 (segment) to peerpad <src:proxypad2>, ret ok
0:00:00.359412412 [334m19341[00m 0x7f4948003ed0 [37mDEBUG  [00m [00;01;31;41m            GST_PADS gstpad.c:3814:push_sticky:<queue1:src>[00m event segment marked received
0:00:00.359423703 [334m19341[00m 0x7f4948003ed0 [37mDEBUG  [00m [00;01;31;41m            GST_PADS gstpad.c:3794:push_sticky:<queue1:src>[00m event custom-downstream-sticky was already received
0:00:00.359404553 [334m19341[00m 0x7f4948003f70 [33;01mLOG    [00m [00m       adaptivedemux gstadaptivedemux.c:2406:_uri_handler_probe:<souphttpsrc1:src>[00m Received event eos eos event: 0x7f4920003640, time 99:99:99.999999999, seq-num 208, (NULL)
0:00:00.359450731 [334m19341[00m 0x7f4948003ed0 [33;01mLOG    [00m [00m      queue_dataflow gstqueue.c:846:gst_queue_locked_dequeue:<queue1>[00m retrieved buffer 0x7f494c0207f0 from queue
0:00:00.359461567 [334m19341[00m 0x7f4948003ed0 [33;01mLOG    [00m [00m               queue gstqueue.c:633:apply_buffer:<queue1>[00m src position updated to 0:00:00.000000606
0:00:00.359440729 [334m19341[00m 0x7f494c03fd40 [37mDEBUG  [00m [00;01;31;41m            GST_PADS gstpad.c:5622:gst_pad_send_event_unchecked:<queue2:sink>[00m sent event, ret ok
0:00:00.359492473 [334m19341[00m 0x7f4948003ed0 [33;01mLOG    [00m [00m               queue gstqueue.c:538:update_time_level:<queue1>[00m update src time
0:00:00.359495126 [334m19341[00m 0x7f494c03fd40 [33;01mLOG    [00m [00;01;31;41m            GST_PADS gstpad.c:5269:gst_pad_push_event_unchecked:<souphttpsrc2:src>[00m sent event 0x7f4940008c40 (flush-stop) to peerpad <queue2:sink>, ret ok
0:00:00.359499774 [334m19341[00m 0x7f4948003ed0 [33;01mLOG    [00m [00m               queue gstqueue.c:547:update_time_level:<queue1>[00m sink +0:00:00.000000606, src +0:00:00.000000606
0:00:00.359521027 [334m19341[00m 0x7f4948003f70 [37mDEBUG  [00m [00m       adaptivedemux gstadaptivedemux.c:2422:_uri_handler_probe:<souphttpsrc1:src>[00m EOS since download_start 0:00:00.036459284 bitrate 43884 bps
0:00:00.359551543 [334m19341[00m 0x7f4948003f70 [33;01mLOG    [00m [00;01;31;41m            GST_PADS gstpad.c:5261:gst_pad_push_event_unchecked:<souphttpsrc1:src>[00m sending event 0x7f4920003640 (eos) to peerpad <queue1:sink>
0:00:00.359583495 [334m19341[00m 0x7f4948003f70 [37mDEBUG  [00m [00;01;34m           GST_EVENT gstpad.c:5548:gst_pad_send_event_unchecked:<queue1:sink>[00m have event type eos event: 0x7f4920003640, time 99:99:99.999999999, seq-num 208, (NULL)
0:00:00.359590438 [334m19341[00m 0x7f494c03fd40 [37mDEBUG  [00m [00;01;31;41m            GST_PADS gstpad.c:5991:gst_pad_start_task:<souphttpsrc2:src>[00m start task
0:00:00.359615491 [334m19341[00m 0x7f4948003f70 [33;01mLOG    [00m [00m      queue_dataflow gstqueue.c:791:gst_queue_locked_enqueue_event:<queue1>[00m got EOS from upstream
0:00:00.359631392 [334m19341[00m 0x7f494c03fd40 [37mDEBUG  [00m [00m                task gsttask.c:430:gst_task_new:[00m Created task 0x7f493c00a5f0
0:00:00.359656808 [334m19341[00m 0x7f4948003f70 [37mDEBUG  [00m [00;01;31;41m            GST_PADS gstpad.c:5622:gst_pad_send_event_unchecked:<queue1:sink>[00m sent event, ret ok
0:00:00.359700910 [334m19341[00m 0x7f4948003f70 [33;01mLOG    [00m [00;01;31;41m            GST_PADS gstpad.c:5097:store_sticky_event:<queue1:sink>[00m stored sticky event eos
0:00:00.359711972 [334m19341[00m 0x7f494c03fd40 [36mINFO   [00m [00m                task gsttask.c:456:gst_task_set_lock:[00m setting stream lock 0x7f49480092e0 on task 0x7f493c00a5f0
0:00:00.359711119 [334m19341[00m 0x7f4948003f70 [33;01mLOG    [00m [00;01;31;41m            GST_PADS gstpad.c:5269:gst_pad_push_event_unchecked:<souphttpsrc1:src>[00m sent event 0x7f4920003640 (eos) to peerpad <queue1:sink>, ret ok
0:00:00.359732557 [334m19341[00m 0x7f494c03fd40 [36mINFO   [00m [00;01;31;41m            GST_PADS gstpad.c:6000:gst_pad_start_task:<souphttpsrc2:src>[00m created task 0x7f493c00a5f0
0:00:00.359793582 [334m19341[00m 0x7f4948003ed0 [37mDEBUG  [00m [00;01;35m      GST_SCHEDULING gstpad.c:4202:gst_pad_chain_data_unchecked:<dashdemux0:internal-audio_00>[00m calling chainfunction &0x7f495259ee20 with buffer buffer: 0x7f494c0207f0, pts 99:99:99.999999999, dts 99:99:99.999999999, dur 99:99:99.999999999, size 200, offset 606, offset_end none, flags 0x40
0:00:00.359833943 [334m19341[00m 0x7f4948003f70 [37mDEBUG  [00m [00;01;31;41m            GST_PADS gstpad.c:3814:push_sticky:<souphttpsrc1:src>[00m event eos marked received
0:00:00.359842267 [334m19341[00m 0x7f4948003f70 [37mDEBUG  [00m [00;01;31;41m            GST_PADS gstpad.c:3794:push_sticky:<souphttpsrc1:src>[00m event custom-downstream-sticky was already received
0:00:00.359838443 [334m19341[00m 0x7f4948003ed0 [37mDEBUG  [00m [00m       adaptivedemux gstadaptivedemux.c:2243:_src_chain:<dashdemux0:audio_00>[00m Received buffer of size 200
0:00:00.359836100 [334m19341[00m 0x7f494c03fd40 [37mDEBUG  [00m [00;01;31;41m            GST_PADS gstpad.c:5917:do_stream_status:<souphttpsrc2:src>[00m doing stream-status 0
0:00:00.359885967 [334m19341[00m 0x7f4948003f70 [36mINFO   [00m [00m                task gsttask.c:318:gst_task_func:<souphttpsrc1:src>[00m Task going to paused
0:00:00.359951474 [334m19341[00m 0x7f494c03fd40 [37mDEBUG  [00m [00;01;31;41m            GST_PADS gstpad.c:5946:do_stream_status:<souphttpsrc2:src>[00m posting stream-status 0
0:00:00.360241640 [334m19341[00m 0x7f4948003ed0 [33;01mLOG    [00m [00m           dashdemux gstisoff.c:427:gst_isoff_sidx_parser_parse:[00m Timescale: 48000
0:00:00.360251388 [334m19341[00m 0x7f4948003ed0 [33;01mLOG    [00m [00m           dashdemux gstisoff.c:428:gst_isoff_sidx_parser_parse:[00m Earliest pts: 0
0:00:00.360304904 [334m19341[00m 0x7f4948003ed0 [33;01mLOG    [00m [00m           dashdemux gstisoff.c:429:gst_isoff_sidx_parser_parse:[00m First offset: 0
0:00:00.360314460 [334m19341[00m 0x7f4948003ed0 [33;01mLOG    [00m [00m           dashdemux gstisoff.c:464:gst_isoff_sidx_parser_parse:[00m Sidx entry 0) offset: 0, pts: 0:00:00.000000000, duration 0:00:04.949333333 - size 81529
0:00:00.360328335 [334m19341[00m 0x7f4948003ed0 [33;01mLOG    [00m [00m           dashdemux gstisoff.c:464:gst_isoff_sidx_parser_parse:[00m Sidx entry 1) offset: 81529, pts: 0:00:04.949333333, duration 0:00:04.992000000 - size 81967
0:00:00.360400851 [334m19341[00m 0x7f4948003ed0 [33;01mLOG    [00m [00m           dashdemux gstisoff.c:464:gst_isoff_sidx_parser_parse:[00m Sidx entry 2) offset: 163496, pts: 0:00:09.941333333, duration 0:00:04.992000000 - size 81738
0:00:00.360479176 [334m19341[00m 0x7f4948003ed0 [33;01mLOG    [00m [00m           dashdemux gstisoff.c:464:gst_isoff_sidx_parser_parse:[00m Sidx entry 3) offset: 245234, pts: 0:00:14.933333333, duration 0:00:04.992000000 - size 81822
0:00:00.360491919 [334m19341[00m 0x7f4948003ed0 [33;01mLOG    [00m [00m           dashdemux gstisoff.c:464:gst_isoff_sidx_parser_parse:[00m Sidx entry 4) offset: 327056, pts: 0:00:19.925333333, duration 0:00:04.992000000 - size 82092
0:00:00.360509661 [334m19341[00m 0x7f4948003ed0 [33;01mLOG    [00m [00m           dashdemux gstisoff.c:464:gst_isoff_sidx_parser_parse:[00m Sidx entry 5) offset: 409148, pts: 0:00:24.917333333, duration 0:00:04.992000000 - size 81619
0:00:00.360518872 [334m19341[00m 0x7f4948003ed0 [33;01mLOG    [00m [00m           dashdemux gstisoff.c:464:gst_isoff_sidx_parser_parse:[00m Sidx entry 6) offset: 490767, pts: 0:00:29.909333333, duration 0:00:04.992000000 - size 82034
0:00:00.360529372 [334m19341[00m 0x7f4948003ed0 [33;01mLOG    [00m [00m           dashdemux gstisoff.c:464:gst_isoff_sidx_parser_parse:[00m Sidx entry 7) offset: 572801, pts: 0:00:34.901333333, duration 0:00:04.992000000 - size 81658
0:00:00.360554075 [334m19341[00m 0x7f4948003ed0 [33;01mLOG    [00m [00m           dashdemux gstisoff.c:464:gst_isoff_sidx_parser_parse:[00m Sidx entry 8) offset: 654459, pts: 0:00:39.893333333, duration 0:00:04.992000000 - size 81804
0:00:00.360604588 [334m19341[00m 0x7f4948003ed0 [33;01mLOG    [00m [00m           dashdemux gstisoff.c:464:gst_isoff_sidx_parser_parse:[00m Sidx entry 9) offset: 736263, pts: 0:00:44.885333333, duration 0:00:04.992000000 - size 81893
0:00:00.360733143 [334m19341[00m 0x7f4948003ed0 [33;01mLOG    [00m [00m           dashdemux gstisoff.c:464:gst_isoff_sidx_parser_parse:[00m Sidx entry 10) offset: 818156, pts: 0:00:49.877333333, duration 0:00:04.992000000 - size 81823
0:00:00.360779673 [334m19341[00m 0x7f4948003ed0 [33;01mLOG    [00m [00m           dashdemux gstisoff.c:464:gst_isoff_sidx_parser_parse:[00m Sidx entry 11) offset: 899979, pts: 0:00:54.869333333, duration 0:00:04.992000000 - size 81869
0:00:00.360743688 [334m19341[00m 0x7f494c03fd40 [37mDEBUG  [00m [00m                task gsttask.c:687:gst_task_set_state:<task19>[00m Changing task 0x7f493c00a5f0 to state 0
0:00:00.360833906 [334m19341[00m 0x7f494c03fd40 [33;01mLOG    [00m [00;01;34m           GST_EVENT gstevent.c:222:_gst_event_free:[00m freeing event 0x7f4940008ad0 type seek
0:00:00.360835769 [334m19341[00m 0x7f493c009630 [37mDEBUG  [00m [00m                task gsttask.c:289:gst_task_func:[00m Entering task 0x7f493c00a5f0, thread 0x7f493c009630
0:00:00.360827044 [334m19341[00m 0x7f4948003ed0 [33;01mLOG    [00m [00m           dashdemux gstisoff.c:464:gst_isoff_sidx_parser_parse:[00m Sidx entry 12) offset: 981848, pts: 0:00:59.861333333, duration 0:00:04.992000000 - size 81723
0:00:00.360870772 [334m19341[00m 0x7f4948003ed0 [33;01mLOG    [00m [00m           dashdemux gstisoff.c:464:gst_isoff_sidx_parser_parse:[00m Sidx entry 13) offset: 1063571, pts: 0:01:04.853333333, duration 0:00:03.093333333 - size 50344
0:00:00.360879563 [334m19341[00m 0x7f493c009630 [37mDEBUG  [00m [00;01;31;41m            GST_PADS gstpad.c:5917:do_stream_status:<souphttpsrc2:src>[00m doing stream-status 1
0:00:00.360910906 [334m19341[00m 0x7f494c03fd40 [37mDEBUG  [00m [00;01;31;41m            GST_PADS gstpad.c:1188:activate_mode_internal:<souphttpsrc2:src>[00m activated in push mode
0:00:00.360998128 [334m19341[00m 0x7f493c009630 [37mDEBUG  [00m [00;01;31;41m            GST_PADS gstpad.c:5946:do_stream_status:<souphttpsrc2:src>[00m posting stream-status 1
0:00:00.361208219 [334m19341[00m 0x7f4948003ed0 [37mDEBUG  [00m [00;01;35m      GST_SCHEDULING gstpad.c:4202:gst_pad_chain_data_unchecked:<queue2-0:sink>[00m calling chainfunction &gst_queue2_chain with buffer buffer: 0x7f494c0207f0, pts 99:99:99.999999999, dts 99:99:99.999999999, dur 99:99:99.999999999, size 200, offset 606, offset_end 806, flags 0x0
0:00:00.361255468 [334m19341[00m 0x7f4948003ed0 [33;01mLOG    [00m [00m     queue2_dataflow gstqueue2.c:2816:gst_queue2_chain:<queue2-0>[00m received buffer 0x7f494c0207f0 of size 200, time 99:99:99.999999999, duration 99:99:99.999999999
0:00:00.361307797 [334m19341[00m 0x7f4948003ed0 [37mDEBUG  [00m [00m              queue2 gstqueue2.c:842:apply_buffer:<queue2-0>[00m position updated to 0:00:00.000000000
0:00:00.361370007 [334m19341[00m 0x7f4948003ed0 [37mDEBUG  [00m [00m              queue2 gstqueue2.c:740:update_time_level:<queue2-0>[00m sink 0:00:00.000000000, src 0:00:00.000000000
0:00:00.361419365 [334m19341[00m 0x7f4948003ed0 [37mDEBUG  [00m [00m              queue2 gstqueue2.c:1199:update_in_rates:<queue2-0>[00m rates: in 0.000000, time 0:00:00.000000000
