0:00:00.383806438 [334m19341[00m 0x7f4948003ed0 [33;01mLOG    [00m [00;01;31;41m            GST_PADS gstpad.c:3315:query_forward_func:<srcbin-audio_00:src>[00m query peer 0x7f4920002a80 (allocation) of srcbin-audio_00:src
0:00:00.383842896 [334m19341[00m 0x7f4948003ed0 [37mDEBUG  [00m [00;01;31;41m            GST_PADS gstpad.c:4058:gst_pad_peer_query:<srcbin-audio_00:src>[00m peer query 0x7f4920002a80 (allocation)
0:00:00.383845822 [334m19341[00m 0x7f4934007540 [37mDEBUG  [00m [00;01;31;41m            GST_PADS gstpad.c:3814:push_sticky:<sink:proxypad12>[00m event caps marked received
0:00:00.383875510 [334m19341[00m 0x7f4934007540 [37mDEBUG  [00m [00;01;31;41m            GST_PADS gstpad.c:5622:gst_pad_send_event_unchecked:<parsebin2:sink>[00m sent event, ret ok
0:00:00.383894189 [334m19341[00m 0x7f494c03f850 [37mDEBUG  [00m [00;01;31;41m            GST_PADS gstpad.c:1078:gst_pad_set_active:<souphttpsrc0:src>[00m deactivating pad from push mode
0:00:00.383920774 [334m19341[00m 0x7f4934007540 [33;01mLOG    [00m [00;01;31;41m            GST_PADS gstpad.c:5097:store_sticky_event:<parsebin2:sink>[00m stored sticky event caps
0:00:00.383959228 [334m19341[00m 0x7f4934007540 [37mDEBUG  [00m [00;01;31;41m            GST_PADS gstpad.c:5103:store_sticky_event:<parsebin2:sink>[00m notify caps
0:00:00.383931776 [334m19341[00m 0x7f494c03f850 [37mDEBUG  [00m [00;01;31;41m            GST_PADS gstpad.c:967:pre_activate:<souphttpsrc0:src>[00m setting PAD_MODE NONE, set flushing
0:00:00.384078199 [334m19341[00m 0x7f4948003ed0 [37mDEBUG  [00m [00;01;31;41m            GST_PADS gstpad.c:3931:gst_pad_query:<dashdemux0:internal-audio_00>[00m doing query 0x7f4920002a80 (allocation)
0:00:00.384090204 [334m19341[00m 0x7f4948003ed0 [37mDEBUG  [00m [00;01;31;41m            GST_PADS gstpad.c:3954:gst_pad_query:<dashdemux0:internal-audio_00>[00m sent query 0x7f4920002a80 (allocation), result 0
0:00:00.384134027 [334m19341[00m 0x7f4948003ed0 [37mDEBUG  [00m [00;01;31;41m            GST_PADS gstpad.c:3999:gst_pad_query:<dashdemux0:internal-audio_00>[00m query failed
0:00:00.384144633 [334m19341[00m 0x7f494c03f850 [37mDEBUG  [00m [00;01;31;41m            GST_PADS gstpad.c:6095:gst_pad_stop_task:<souphttpsrc0:src>[00m stop task
0:00:00.384189293 [334m19341[00m 0x7f494c03f850 [37mDEBUG  [00m [00m                task gsttask.c:687:gst_task_set_state:<souphttpsrc0:src>[00m Changing task 0x7f494c048a70 to state 1
0:00:00.384203870 [334m19341[00m 0x7f4948003990 [36mINFO   [00m [00m                task gsttask.c:320:gst_task_func:<souphttpsrc0:src>[00m Task resume from paused
0:00:00.384170617 [334m19341[00m 0x7f4948003ed0 [37mDEBUG  [00m [00;01;31;41m            GST_PADS gstpad.c:4120:gst_pad_peer_query:<srcbin-audio_00:src>[00m query failed
0:00:00.384205878 [334m19341[00m 0x7f4934007540 [33;01mLOG    [00m [00;01;31;41m            GST_PADS gstpad.c:5269:gst_pad_push_event_unchecked:<sink_1:proxypad9>[00m sent event 0x7f494c03b0f0 (caps) to peerpad <parsebin2:sink>, ret ok
0:00:00.384240221 [334m19341[00m 0x7f4934007540 [37mDEBUG  [00m [00;01;31;41m            GST_PADS gstpad.c:3814:push_sticky:<sink_1:proxypad9>[00m event caps marked received
0:00:00.384242610 [334m19341[00m 0x7f4948003990 [37mDEBUG  [00m [00;01;31;41m            GST_PADS gstpad.c:5917:do_stream_status:<souphttpsrc0:src>[00m doing stream-status 2
0:00:00.384203035 [334m19341[00m 0x7f494c03f850 [37mDEBUG  [00m [00m                task gsttask.c:814:gst_task_join:<souphttpsrc0:src>[00m Joining task 0x7f494c048a70, thread 0x7f494c03f850
0:00:00.384222443 [334m19341[00m 0x7f4948003ed0 [37mDEBUG  [00m [00;01;31;41m            GST_PADS gstpad.c:3954:gst_pad_query:<src:proxypad2>[00m sent query 0x7f4920002a80 (allocation), result 0
0:00:00.384285009 [334m19341[00m 0x7f4948003ed0 [37mDEBUG  [00m [00;01;31;41m            GST_PADS gstpad.c:3999:gst_pad_query:<src:proxypad2>[00m query failed
0:00:00.384312835 [334m19341[00m 0x7f4948003ed0 [37mDEBUG  [00m [00;01;31;41m            GST_PADS gstpad.c:4120:gst_pad_peer_query:<queue1:src>[00m query failed
0:00:00.384303271 [334m19341[00m 0x7f4934007540 [37mDEBUG  [00m [00;01;31;41m            GST_PADS gstpad.c:5622:gst_pad_send_event_unchecked:<decodebin3-0:sink_1>[00m sent event, ret ok
0:00:00.384299765 [334m19341[00m 0x7f4948003990 [37mDEBUG  [00m [00;01;31;41m            GST_PADS gstpad.c:5946:do_stream_status:<souphttpsrc0:src>[00m posting stream-status 2
0:00:00.384379255 [334m19341[00m 0x7f4934007540 [33;01mLOG    [00m [00;01;31;41m            GST_PADS gstpad.c:5097:store_sticky_event:<decodebin3-0:sink_1>[00m stored sticky event caps
0:00:00.384414843 [334m19341[00m 0x7f4934007540 [37mDEBUG  [00m [00;01;31;41m            GST_PADS gstpad.c:5103:store_sticky_event:<decodebin3-0:sink_1>[00m notify caps
0:00:00.384364840 [334m19341[00m 0x7f493c009630 [37mDEBUG  [00m [00;01;34m           GST_EVENT gstevent.c:305:gst_event_new_custom:[00m creating new event 0x7f49240024a0 custom-downstream-sticky 76830
0:00:00.384401129 [334m19341[00m 0x7f4948003ed0 [33;01mLOG    [00m [00m      queue_dataflow gstqueue.c:1454:gst_queue_push_one:<queue1>[00m did query 0x7f4920002a80, return 0
0:00:00.384462273 [334m19341[00m 0x7f4948003ed0 [37mDEBUG  [00m [00m      queue_dataflow gstqueue.c:1491:gst_queue_loop:<queue1>[00m queue is empty
0:00:00.384495611 [334m19341[00m 0x7f4934007540 [33;01mLOG    [00m [00;01;31;41m            GST_PADS gstpad.c:5269:gst_pad_push_event_unchecked:<urisourcebin0:src_2>[00m sent event 0x7f494c03b0f0 (caps) to peerpad <decodebin3-0:sink_1>, ret ok
0:00:00.384502885 [334m19341[00m 0x7f4948003ed0 [33;01mLOG    [00m [00m      queue_dataflow gstqueue.c:1500:gst_queue_loop:<queue1>[00m (queue1:src) wait for ADD: 0 of 0-0 buffers, 0 of 0-20971520 bytes, 0 of 0-0 ns, 0 items
0:00:00.384523860 [334m19341[00m 0x7f4934007540 [37mDEBUG  [00m [00;01;31;41m            GST_PADS gstpad.c:3814:push_sticky:<urisourcebin0:src_2>[00m event caps marked received
0:00:00.384581700 [334m19341[00m 0x7f4948003f70 [37mDEBUG  [00m [00;01;31;41m            GST_PADS gstpad.c:3954:gst_pad_query:<queue1:sink>[00m sent query 0x7f4920002a80 (allocation), result 0
0:00:00.384593568 [334m19341[00m 0x7f4948003f70 [37mDEBUG  [00m [00;01;31;41m            GST_PADS gstpad.c:3999:gst_pad_query:<queue1:sink>[00m query failed
0:00:00.384578267 [334m19341[00m 0x7f4934007540 [37mDEBUG  [00m [00;01;31;41m            GST_PADS gstpad.c:5622:gst_pad_send_event_unchecked:<src_2:proxypad7>[00m sent event, ret ok
0:00:00.384608706 [334m19341[00m 0x7f4934007540 [33;01mLOG    [00m [00;01;31;41m            GST_PADS gstpad.c:5097:store_sticky_event:<src_2:proxypad7>[00m stored sticky event caps
0:00:00.384636404 [334m19341[00m 0x7f49300068a0 [37mDEBUG  [00m [00;01;31;41m            GST_PADS gstpad.c:3931:gst_pad_query:<typefind:src>[00m doing query 0x7f491002f0a0 (scheduling)
0:00:00.384619816 [334m19341[00m 0x7f4934007540 [37mDEBUG  [00m [00;01;31;41m            GST_PADS gstpad.c:5103:store_sticky_event:<src_2:proxypad7>[00m notify caps
0:00:00.384665720 [334m19341[00m 0x7f4930006e80 [37mDEBUG  [00m [00;01;31;41m            GST_PADS gstpad.c:3931:gst_pad_query:<typefind:src>[00m doing query 0x7f4908011de0 (scheduling)
0:00:00.384641706 [334m19341[00m 0x7f4948003f70 [37mDEBUG  [00m [00;01;31;41m            GST_PADS gstpad.c:4120:gst_pad_peer_query:<souphttpsrc1:src>[00m query failed
0:00:00.384737761 [334m19341[00m 0x7f4930006e80 [37mDEBUG  [00m [00;01;31;41m            GST_PADS gstpad.c:4058:gst_pad_peer_query:<typefind:sink>[00m peer query 0x7f4908011de0 (scheduling)
0:00:00.384728833 [334m19341[00m 0x7f49300068a0 [37mDEBUG  [00m [00;01;31;41m            GST_PADS gstpad.c:4058:gst_pad_peer_query:<typefind:sink>[00m peer query 0x7f491002f0a0 (scheduling)
0:00:00.384764832 [334m19341[00m 0x7f49300068a0 [37mDEBUG  [00m [00;01;31;41m            GST_PADS gstpad.c:3931:gst_pad_query:<sink:proxypad6>[00m doing query 0x7f491002f0a0 (scheduling)
0:00:00.384762544 [334m19341[00m 0x7f4930006e80 [37mDEBUG  [00m [00;01;31;41m            GST_PADS gstpad.c:3931:gst_pad_query:<sink:proxypad10>[00m doing query 0x7f4908011de0 (scheduling)
0:00:00.384827177 [334m19341[00m 0x7f4934007540 [33;01mLOG    [00m [00;01;31;41m            GST_PADS gstpad.c:5269:gst_pad_push_event_unchecked:<queue2-2:src>[00m sent event 0x7f494c03b0f0 (caps) to peerpad <src_2:proxypad7>, ret ok
0:00:00.384803931 [334m19341[00m 0x7f49300068a0 [33;01mLOG    [00m [00;01;31;41m            GST_PADS gstpad.c:2944:gst_pad_forward:<sink:proxypad6>[00m calling forward function on pad parsebin0:sink
0:00:00.384879764 [334m19341[00m 0x7f4934007540 [37mDEBUG  [00m [00;01;31;41m            GST_PADS gstpad.c:3814:push_sticky:<queue2-2:src>[00m event caps marked received
0:00:00.384861575 [334m19341[00m 0x7f49300068a0 [33;01mLOG    [00m [00;01;31;41m            GST_PADS gstpad.c:3315:query_forward_func:<parsebin0:sink>[00m query peer 0x7f491002f0a0 (scheduling) of parsebin0:sink
0:00:00.384931295 [334m19341[00m 0x7f49300068a0 [37mDEBUG  [00m [00;01;31;41m            GST_PADS gstpad.c:4058:gst_pad_peer_query:<parsebin0:sink>[00m peer query 0x7f491002f0a0 (scheduling)
0:00:00.384816009 [334m19341[00m 0x7f4930006e80 [33;01mLOG    [00m [00;01;31;41m            GST_PADS gstpad.c:2944:gst_pad_forward:<sink:proxypad10>[00m calling forward function on pad parsebin1:sink
0:00:00.384943385 [334m19341[00m 0x7f49300068a0 [37mDEBUG  [00m [00;01;31;41m            GST_PADS gstpad.c:3931:gst_pad_query:<sink:proxypad0>[00m doing query 0x7f491002f0a0 (scheduling)
0:00:00.384912585 [334m19341[00m 0x7f4934007540 [33;01mLOG    [00m [00m     queue2_dataflow gstqueue2.c:2394:gst_queue2_locked_dequeue:<queue2-2>[00m retrieved event 0x7f494c0131d0 from queue
0:00:00.384965395 [334m19341[00m 0x7f4930006e80 [33;01mLOG    [00m [00;01;31;41m            GST_PADS gstpad.c:3315:query_forward_func:<parsebin1:sink>[00m query peer 0x7f4908011de0 (scheduling) of parsebin1:sink
0:00:00.385003783 [334m19341[00m 0x7f4930006e80 [37mDEBUG  [00m [00;01;31;41m            GST_PADS gstpad.c:4058:gst_pad_peer_query:<parsebin1:sink>[00m peer query 0x7f4908011de0 (scheduling)
0:00:00.385025547 [334m19341[00m 0x7f4930006e80 [37mDEBUG  [00m [00;01;31;41m            GST_PADS gstpad.c:3931:gst_pad_query:<sink_0:proxypad8>[00m doing query 0x7f4908011de0 (scheduling)
0:00:00.384996005 [334m19341[00m 0x7f4934007540 [37mDEBUG  [00m [00m              queue2 gstqueue2.c:776:apply_segment:<queue2-2>[00m configured SEGMENT time segment start=0:00:00.000000000, offset=0:00:00.000000000, stop=99:99:99.999999999, rate=1.000000, applied_rate=1.000000, flags=0x00, time=0:00:00.000000000, base=0:00:00.000000000, position 0:00:00.000000000, duration 99:99:99.999999999
0:00:00.385078587 [334m19341[00m 0x7f4934007540 [37mDEBUG  [00m [00m              queue2 gstqueue2.c:740:update_time_level:<queue2-2>[00m sink 0:00:00.000000000, src 0:00:00.000000000
0:00:00.385090060 [334m19341[00m 0x7f49300068a0 [33;01mLOG    [00m [00;01;31;41m            GST_PADS gstpad.c:2944:gst_pad_forward:<sink:proxypad0>[00m calling forward function on pad decodebin3-0:sink
0:00:00.385093986 [334m19341[00m 0x7f4934007540 [33;01mLOG    [00m [00m     queue2_dataflow gstqueue2.c:2899:gst_queue2_push_one:<queue2-2>[00m (queue2-2:src) We have something dequeud: 1 of 0 buffers, 606 of 2097152 bytes, 0 of 4000000000 ns, 2 items
0:00:00.385192803 [334m19341[00m 0x7f49300068a0 [33;01mLOG    [00m [00;01;31;41m            GST_PADS gstpad.c:3315:query_forward_func:<decodebin3-0:sink>[00m query peer 0x7f491002f0a0 (scheduling) of decodebin3-0:sink
0:00:00.385192826 [334m19341[00m 0x7f4930006e80 [33;01mLOG    [00m [00;01;31;41m            GST_PADS gstpad.c:2944:gst_pad_forward:<sink_0:proxypad8>[00m calling forward function on pad decodebin3-0:sink_0
0:00:00.385250895 [334m19341[00m 0x7f4930006e80 [33;01mLOG    [00m [00;01;31;41m            GST_PADS gstpad.c:3315:query_forward_func:<decodebin3-0:sink_0>[00m query peer 0x7f4908011de0 (scheduling) of decodebin3-0:sink_0
0:00:00.385223600 [334m19341[00m 0x7f4934007540 [33;01mLOG    [00m [00;01;31;41m            GST_PADS gstpad.c:5097:store_sticky_event:<queue2-2:src>[00m stored sticky event segment
0:00:00.385278937 [334m19341[00m 0x7f4930006e80 [37mDEBUG  [00m [00;01;31;41m            GST_PADS gstpad.c:4058:gst_pad_peer_query:<decodebin3-0:sink_0>[00m peer query 0x7f4908011de0 (scheduling)
0:00:00.385305830 [334m19341[00m 0x7f4930006e80 [37mDEBUG  [00m [00;01;31;41m            GST_PADS gstpad.c:3931:gst_pad_query:<urisourcebin0:src_1>[00m doing query 0x7f4908011de0 (scheduling)
0:00:00.385319704 [334m19341[00m 0x7f4934007540 [37mDEBUG  [00m [00;01;31;41m            GST_PADS gstpad.c:3862:check_sticky:<queue2-2:src>[00m pushing all sticky events
0:00:00.385344224 [334m19341[00m 0x7f49300068a0 [37mDEBUG  [00m [00;01;31;41m            GST_PADS gstpad.c:4058:gst_pad_peer_query:<decodebin3-0:sink>[00m peer query 0x7f491002f0a0 (scheduling)
0:00:00.385376394 [334m19341[00m 0x7f49300068a0 [37mDEBUG  [00m [00;01;31;41m            GST_PADS gstpad.c:3931:gst_pad_query:<urisourcebin0:src_0>[00m doing query 0x7f491002f0a0 (scheduling)
0:00:00.385333779 [334m19341[00m 0x7f4934007540 [37mDEBUG  [00m [00;01;31;41m            GST_PADS gstpad.c:3794:push_sticky:<queue2-2:src>[00m event stream-start was already received
0:00:00.385427068 [334m19341[00m 0x7f4930006e80 [33;01mLOG    [00m [00;01;31;41m            GST_PADS gstpad.c:2944:gst_pad_forward:<urisourcebin0:src_1>[00m calling forward function on pad src_1:proxypad5
0:00:00.385437778 [334m19341[00m 0x7f494c03f850 [37mDEBUG  [00m [00m                task gsttask.c:844:gst_task_join:<souphttpsrc0:src>[00m Joined task 0x7f494c048a70
0:00:00.385424218 [334m19341[00m 0x7f49300068a0 [33;01mLOG    [00m [00;01;31;41m            GST_PADS gstpad.c:2944:gst_pad_forward:<urisourcebin0:src_0>[00m calling forward function on pad src_0:proxypad4
0:00:00.385442155 [334m19341[00m 0x7f4930006e80 [33;01mLOG    [00m [00;01;31;41m            GST_PADS gstpad.c:3315:query_forward_func:<src_1:proxypad5>[00m query peer 0x7f4908011de0 (scheduling) of src_1:proxypad5
0:00:00.385477076 [334m19341[00m 0x7f4930006e80 [37mDEBUG  [00m [00;01;31;41m            GST_PADS gstpad.c:4058:gst_pad_peer_query:<src_1:proxypad5>[00m peer query 0x7f4908011de0 (scheduling)
0:00:00.385469482 [334m19341[00m 0x7f49300068a0 [33;01mLOG    [00m [00;01;31;41m            GST_PADS gstpad.c:3315:query_forward_func:<src_0:proxypad4>[00m query peer 0x7f491002f0a0 (scheduling) of src_0:proxypad4
0:00:00.385488184 [334m19341[00m 0x7f4930006e80 [37mDEBUG  [00m [00;01;31;41m            GST_PADS gstpad.c:3931:gst_pad_query:<queue2-1:src>[00m doing query 0x7f4908011de0 (scheduling)
0:00:00.385412569 [334m19341[00m 0x7f4934007540 [37mDEBUG  [00m [00;01;31;41m            GST_PADS gstpad.c:3794:push_sticky:<queue2-2:src>[00m event caps was already received
0:00:00.385520466 [334m19341[00m 0x7f493c009630 [33;01mLOG    [00m [00;01;31;41m            GST_PADS gstpad.c:5097:store_sticky_event:<souphttpsrc2:src>[00m stored sticky event custom-downstream-sticky
0:00:00.385434179 [334m19341[00m 0x7f4948003990 [37mDEBUG  [00m [00m                task gsttask.c:361:gst_task_func:[00m Exit task 0x7f494c048a70, thread 0x7f4948003990
0:00:00.385534728 [334m19341[00m 0x7f493c009630 [37mDEBUG  [00m [00;01;31;41m            GST_PADS gstpad.c:3862:check_sticky:<souphttpsrc2:src>[00m pushing all sticky events
0:00:00.385543133 [334m19341[00m 0x7f4948003990 [37mDEBUG  [00m [00m                task gsttask.c:216:gst_task_finalize:[00m task 0x7f494c048a70 finalize
0:00:00.385563772 [334m19341[00m 0x7f493c009630 [37mDEBUG  [00m [00;01;31;41m            GST_PADS gstpad.c:3794:push_sticky:<souphttpsrc2:src>[00m event stream-start was already received
0:00:00.385545797 [334m19341[00m 0x7f49300068a0 [37mDEBUG  [00m [00;01;31;41m            GST_PADS gstpad.c:4058:gst_pad_peer_query:<src_0:proxypad4>[00m peer query 0x7f491002f0a0 (scheduling)
0:00:00.385495295 [334m19341[00m 0x7f494c03f850 [37mDEBUG  [00m [00;01;31;41m            GST_PADS gstpad.c:1015:post_activate:<souphttpsrc0:src>[00m stopped streaming
0:00:00.385583236 [334m19341[00m 0x7f49300068a0 [37mDEBUG  [00m [00;01;31;41m            GST_PADS gstpad.c:3931:gst_pad_query:<queue2-0:src>[00m doing query 0x7f491002f0a0 (scheduling)
0:00:00.385589540 [334m19341[00m 0x7f494c03f850 [37mDEBUG  [00m [00;01;31;41m            GST_PADS gstpad.c:1188:activate_mode_internal:<souphttpsrc0:src>[00m deactivated in push mode
0:00:00.385644359 [334m19341[00m 0x7f4930006e80 [37mDEBUG  [00m [00;01;31;41m            GST_PADS gstpad.c:4058:gst_pad_peer_query:<queue2-1:sink>[00m peer query 0x7f4908011de0 (scheduling)
0:00:00.385667633 [334m19341[00m 0x7f4930006e80 [37mDEBUG  [00m [00;01;31;41m            GST_PADS gstpad.c:3931:gst_pad_query:<dashdemux0:video_00>[00m doing query 0x7f4908011de0 (scheduling)
0:00:00.385721623 [334m19341[00m 0x7f4934007540 [33;01mLOG    [00m [00m        urisourcebin gsturisourcebin.c:1263:source_pad_event_probe:<queue2-2:src>[00m segment, urisrc 0x7f494c0131d0
0:00:00.385785393 [334m19341[00m 0x7f4934007540 [33;01mLOG    [00m [00;01;31;41m            GST_PADS gstpad.c:5261:gst_pad_push_event_unchecked:<queue2-2:src>[00m sending event 0x7f494c0131d0 (segment) to peerpad <src_2:proxypad7>
0:00:00.385824448 [334m19341[00m 0x7f4930006e80 [37mDEBUG  [00m [00;01;31;41m            GST_PADS gstpad.c:3954:gst_pad_query:<dashdemux0:video_00>[00m sent query 0x7f4908011de0 (scheduling), result 0
0:00:00.385839921 [334m19341[00m 0x7f4930006e80 [37mDEBUG  [00m [00;01;31;41m            GST_PADS gstpad.c:3999:gst_pad_query:<dashdemux0:video_00>[00m query failed
0:00:00.385847843 [334m19341[00m 0x7f4930006e80 [37mDEBUG  [00m [00;01;31;41m            GST_PADS gstpad.c:4120:gst_pad_peer_query:<queue2-1:sink>[00m query failed
0:00:00.385817658 [334m19341[00m 0x7f4934007540 [37mDEBUG  [00m [00;01;34m           GST_EVENT gstpad.c:5548:gst_pad_send_event_unchecked:<src_2:proxypad7>[00m have event type segment event: 0x7f494c0131d0, time 99:99:99.999999999, seq-num 37, GstEventSegment, segment=(GstSegment)"GstSegment, flags=(GstSegmentFlags)GST_SEGMENT_FLAG_NONE, rate=(double)1, applied-rate=(double)1, format=(GstFormat)GST_FORMAT_TIME, base=(guint64)0, offset=(guint64)0, start=(guint64)0, stop=(guint64)18446744073709551615, time=(guint64)0, position=(guint64)0, duration=(guint64)18446744073709551615;";
0:00:00.385851680 [334m19341[00m 0x7f49300068a0 [37mDEBUG  [00m [00;01;31;41m            GST_PADS gstpad.c:4058:gst_pad_peer_query:<queue2-0:sink>[00m peer query 0x7f491002f0a0 (scheduling)
0:00:00.385853654 [334m19341[00m 0x7f4930006e80 [37mDEBUG  [00m [00m              queue2 gstqueue2.c:3346:gst_queue2_handle_src_query:<queue2-1>[00m failed peer query
0:00:00.385883217 [334m19341[00m 0x7f49300068a0 [37mDEBUG  [00m [00;01;31;41m            GST_PADS gstpad.c:3931:gst_pad_query:<dashdemux0:audio_00>[00m doing query 0x7f491002f0a0 (scheduling)
0:00:00.385889077 [334m19341[00m 0x7f4930006e80 [37mDEBUG  [00m [00;01;31;41m            GST_PADS gstpad.c:3954:gst_pad_query:<queue2-1:src>[00m sent query 0x7f4908011de0 (scheduling), result 0
0:00:00.385932017 [334m19341[00m 0x7f4930006e80 [37mDEBUG  [00m [00;01;31;41m            GST_PADS gstpad.c:3999:gst_pad_query:<queue2-1:src>[00m query failed
0:00:00.385918779 [334m19341[00m 0x7f4934007540 [33;01mLOG    [00m [00;01;31;41m            GST_PADS gstpad.c:2944:gst_pad_forward:<src_2:proxypad7>[00m calling forward function on pad urisourcebin0:src_2
0:00:00.385942579 [334m19341[00m 0x7f493c009630 [33;01mLOG    [00m [00;01;31;41m            GST_PADS gstpad.c:5261:gst_pad_push_event_unchecked:<souphttpsrc2:src>[00m sending event 0x7f49240024a0 (custom-downstream-sticky) to peerpad <queue2:sink>
0:00:00.385991282 [334m19341[00m 0x7f49300068a0 [37mDEBUG  [00m [00;01;31;41m            GST_PADS gstpad.c:3954:gst_pad_query:<dashdemux0:audio_00>[00m sent query 0x7f491002f0a0 (scheduling), result 0
0:00:00.386002875 [334m19341[00m 0x7f49300068a0 [37mDEBUG  [00m [00;01;31;41m            GST_PADS gstpad.c:3999:gst_pad_query:<dashdemux0:audio_00>[00m query failed
0:00:00.385992271 [334m19341[00m 0x7f4930006e80 [37mDEBUG  [00m [00;01;31;41m            GST_PADS gstpad.c:4120:gst_pad_peer_query:<src_1:proxypad5>[00m query failed
0:00:00.386012623 [334m19341[00m 0x7f49300068a0 [37mDEBUG  [00m [00;01;31;41m            GST_PADS gstpad.c:4120:gst_pad_peer_query:<queue2-0:sink>[00m query failed
0:00:00.386040563 [334m19341[00m 0x7f4930006e80 [37mDEBUG  [00m [00;01;31;41m            GST_PADS gstpad.c:3954:gst_pad_query:<urisourcebin0:src_1>[00m sent query 0x7f4908011de0 (scheduling), result 0
0:00:00.385980729 [334m19341[00m 0x7f4934007540 [33;01mLOG    [00m [00;01;31;41m            GST_PADS gstpad.c:2989:event_forward_func:<urisourcebin0:src_2>[00m Reffing and pushing event 0x7f494c0131d0 (segment) to urisourcebin0:src_2
0:00:00.386039270 [334m19341[00m 0x7f493c009630 [33;01mLOG    [00m [00m      queue_dataflow gstqueue.c:824:gst_queue_locked_enqueue_event:<queue2>[00m (queue2:sink) signal ADD: 0 of 0-0 buffers, 0 of 0-20971520 bytes, 0 of 0-0 ns, 1 items
0:00:00.386048775 [334m19341[00m 0x7f4930006e80 [37mDEBUG  [00m [00;01;31;41m            GST_PADS gstpad.c:3999:gst_pad_query:<urisourcebin0:src_1>[00m query failed
0:00:00.386058933 [334m19341[00m 0x7f4934007540 [33;01mLOG    [00m [00;01;31;41m            GST_PADS gstpad.c:5097:store_sticky_event:<urisourcebin0:src_2>[00m stored sticky event segment
0:00:00.386042375 [334m19341[00m 0x7f49300068a0 [37mDEBUG  [00m [00m              queue2 gstqueue2.c:3346:gst_queue2_handle_src_query:<queue2-0>[00m failed peer query
0:00:00.386083836 [334m19341[00m 0x7f4934007540 [37mDEBUG  [00m [00;01;31;41m            GST_PADS gstpad.c:3862:check_sticky:<urisourcebin0:src_2>[00m pushing all sticky events
0:00:00.386072964 [334m19341[00m 0x7f493c009590 [33;01mLOG    [00m [00m      queue_dataflow gstqueue.c:1500:gst_queue_loop:<queue2>[00m (queue2:src) received ADD: 0 of 0-0 buffers, 0 of 0-20971520 bytes, 0 of 0-0 ns, 1 items
0:00:00.386093567 [334m19341[00m 0x7f4934007540 [37mDEBUG  [00m [00;01;31;41m            GST_PADS gstpad.c:3794:push_sticky:<urisourcebin0:src_2>[00m event stream-start was already received
0:00:00.386075066 [334m19341[00m 0x7f4930006e80 [37mDEBUG  [00m [00;01;31;41m            GST_PADS gstpad.c:4120:gst_pad_peer_query:<decodebin3-0:sink_0>[00m query failed
0:00:00.386119782 [334m19341[00m 0x7f4934007540 [37mDEBUG  [00m [00;01;31;41m            GST_PADS gstpad.c:3794:push_sticky:<urisourcebin0:src_2>[00m event caps was already received
0:00:00.386107425 [334m19341[00m 0x7f49300068a0 [37mDEBUG  [00m [00;01;31;41m            GST_PADS gstpad.c:3954:gst_pad_query:<queue2-0:src>[00m sent query 0x7f491002f0a0 (scheduling), result 0
0:00:00.386119092 [334m19341[00m 0x7f4930006e80 [37mDEBUG  [00m [00;01;31;41m            GST_PADS gstpad.c:3954:gst_pad_query:<sink_0:proxypad8>[00m sent query 0x7f4908011de0 (scheduling), result 0
0:00:00.386140300 [334m19341[00m 0x7f49300068a0 [37mDEBUG  [00m [00;01;31;41m            GST_PADS gstpad.c:3999:gst_pad_query:<queue2-0:src>[00m query failed
0:00:00.386131317 [334m19341[00m 0x7f4934007540 [33;01mLOG    [00m [00;01;31;41m            GST_PADS gstpad.c:5261:gst_pad_push_event_unchecked:<urisourcebin0:src_2>[00m sending event 0x7f494c0131d0 (segment) to peerpad <decodebin3-0:sink_1>
0:00:00.386151005 [334m19341[00m 0x7f49300068a0 [37mDEBUG  [00m [00;01;31;41m            GST_PADS gstpad.c:4120:gst_pad_peer_query:<src_0:proxypad4>[00m query failed
0:00:00.386070488 [334m19341[00m 0x7f493c009630 [37mDEBUG  [00m [00;01;31;41m            GST_PADS gstpad.c:5622:gst_pad_send_event_unchecked:<queue2:sink>[00m sent event, ret ok
0:00:00.386162462 [334m19341[00m 0x7f49300068a0 [37mDEBUG  [00m [00;01;31;41m            GST_PADS gstpad.c:3954:gst_pad_query:<urisourcebin0:src_0>[00m sent query 0x7f491002f0a0 (scheduling), result 0
0:00:00.386182498 [334m19341[00m 0x7f493c009630 [33;01mLOG    [00m [00;01;31;41m            GST_PADS gstpad.c:5097:store_sticky_event:<queue2:sink>[00m stored sticky event custom-downstream-sticky
0:00:00.386171169 [334m19341[00m 0x7f4934007540 [37mDEBUG  [00m [00;01;34m           GST_EVENT gstpad.c:5548:gst_pad_send_event_unchecked:<decodebin3-0:sink_1>[00m have event type segment event: 0x7f494c0131d0, time 99:99:99.999999999, seq-num 37, GstEventSegment, segment=(GstSegment)"GstSegment, flags=(GstSegmentFlags)GST_SEGMENT_FLAG_NONE, rate=(double)1, applied-rate=(double)1, format=(GstFormat)GST_FORMAT_TIME, base=(guint64)0, offset=(guint64)0, start=(guint64)0, stop=(guint64)18446744073709551615, time=(guint64)0, position=(guint64)0, duration=(guint64)18446744073709551615;";
0:00:00.386196273 [334m19341[00m 0x7f49300068a0 [37mDEBUG  [00m [00;01;31;41m            GST_PADS gstpad.c:3999:gst_pad_query:<urisourcebin0:src_0>[00m query failed
0:00:00.386193949 [334m19341[00m 0x7f4930006e80 [37mDEBUG  [00m [00;01;31;41m            GST_PADS gstpad.c:3999:gst_pad_query:<sink_0:proxypad8>[00m query failed
0:00:00.386206319 [334m19341[00m 0x7f493c009630 [33;01mLOG    [00m [00;01;31;41m            GST_PADS gstpad.c:5269:gst_pad_push_event_unchecked:<souphttpsrc2:src>[00m sent event 0x7f49240024a0 (custom-downstream-sticky) to peerpad <queue2:sink>, ret ok
0:00:00.386212303 [334m19341[00m 0x7f4930006e80 [37mDEBUG  [00m [00;01;31;41m            GST_PADS gstpad.c:4120:gst_pad_peer_query:<parsebin1:sink>[00m query failed
0:00:00.386184973 [334m19341[00m 0x7f493c009590 [37mDEBUG  [00m [00m      queue_dataflow gstqueue.c:1503:gst_queue_loop:<queue2>[00m queue is not empty
0:00:00.386281024 [334m19341[00m 0x7f49300068a0 [37mDEBUG  [00m [00;01;31;41m            GST_PADS gstpad.c:4120:gst_pad_peer_query:<decodebin3-0:sink>[00m query failed
0:00:00.386272226 [334m19341[00m 0x7f4934007540 [33;01mLOG    [00m [00;01;31;41m            GST_PADS gstpad.c:2944:gst_pad_forward:<decodebin3-0:sink_1>[00m calling forward function on pad sink_1:proxypad9
0:00:00.386289101 [334m19341[00m 0x7f49300068a0 [37mDEBUG  [00m [00;01;31;41m            GST_PADS gstpad.c:3954:gst_pad_query:<sink:proxypad0>[00m sent query 0x7f491002f0a0 (scheduling), result 0
0:00:00.386249196 [334m19341[00m 0x7f493c009590 [33;01mLOG    [00m [00m      queue_dataflow gstqueue.c:872:gst_queue_locked_dequeue:<queue2>[00m retrieved event 0x7f49240024a0 from queue
0:00:00.386310745 [334m19341[00m 0x7f49300068a0 [37mDEBUG  [00m [00;01;31;41m            GST_PADS gstpad.c:3999:gst_pad_query:<sink:proxypad0>[00m query failed
0:00:00.386301999 [334m19341[00m 0x7f493c009630 [37mDEBUG  [00m [00;01;31;41m            GST_PADS gstpad.c:3814:push_sticky:<souphttpsrc2:src>[00m event custom-downstream-sticky marked received
0:00:00.386310803 [334m19341[00m 0x7f493c009590 [33;01mLOG    [00m [00;01;31;41m            GST_PADS gstpad.c:5097:store_sticky_event:<queue2:src>[00m stored sticky event custom-downstream-sticky
0:00:00.386318096 [334m19341[00m 0x7f49300068a0 [37mDEBUG  [00m [00;01;31;41m            GST_PADS gstpad.c:4120:gst_pad_peer_query:<parsebin0:sink>[00m query failed
0:00:00.386336752 [334m19341[00m 0x7f493c009590 [37mDEBUG  [00m [00;01;31;41m            GST_PADS gstpad.c:3862:check_sticky:<queue2:src>[00m pushing all sticky events
0:00:00.386350080 [334m19341[00m 0x7f4934007540 [33;01mLOG    [00m [00;01;31;41m            GST_PADS gstpad.c:2989:event_forward_func:<sink_1:proxypad9>[00m Reffing and pushing event 0x7f494c0131d0 (segment) to sink_1:proxypad9
0:00:00.386238956 [334m19341[00m 0x7f4930006e80 [37mDEBUG  [00m [00;01;31;41m            GST_PADS gstpad.c:3954:gst_pad_query:<sink:proxypad10>[00m sent query 0x7f4908011de0 (scheduling), result 0
0:00:00.386360951 [334m19341[00m 0x7f493c009590 [37mDEBUG  [00m [00;01;31;41m            GST_PADS gstpad.c:3794:push_sticky:<queue2:src>[00m event stream-start was already received
0:00:00.386389340 [334m19341[00m 0x7f4930006e80 [37mDEBUG  [00m [00;01;31;41m            GST_PADS gstpad.c:3999:gst_pad_query:<sink:proxypad10>[00m query failed
0:00:00.386380795 [334m19341[00m 0x7f4934007540 [33;01mLOG    [00m [00;01;31;41m            GST_PADS gstpad.c:5097:store_sticky_event:<sink_1:proxypad9>[00m stored sticky event segment
0:00:00.386419115 [334m19341[00m 0x7f4930006e80 [37mDEBUG  [00m [00;01;31;41m            GST_PADS gstpad.c:4120:gst_pad_peer_query:<typefind:sink>[00m query failed
0:00:00.386370904 [334m19341[00m 0x7f49300068a0 [37mDEBUG  [00m [00;01;31;41m            GST_PADS gstpad.c:3954:gst_pad_query:<sink:proxypad6>[00m sent query 0x7f491002f0a0 (scheduling), result 0
0:00:00.386449916 [334m19341[00m 0x7f4934007540 [37mDEBUG  [00m [00;01;31;41m            GST_PADS gstpad.c:3862:check_sticky:<sink_1:proxypad9>[00m pushing all sticky events
0:00:00.386410986 [334m19341[00m 0x7f493c009590 [33;01mLOG    [00m [00;01;31;41m            GST_PADS gstpad.c:5261:gst_pad_push_event_unchecked:<queue2:src>[00m sending event 0x7f49240024a0 (custom-downstream-sticky) to peerpad <src:proxypad3>
0:00:00.386446502 [334m19341[00m 0x7f4930006e80 [37mDEBUG  [00m [00;01;31;41m            GST_PADS gstpad.c:3954:gst_pad_query:<typefind:src>[00m sent query 0x7f4908011de0 (scheduling), result 0
0:00:00.386471682 [334m19341[00m 0x7f4930006e80 [37mDEBUG  [00m [00;01;31;41m            GST_PADS gstpad.c:3999:gst_pad_query:<typefind:src>[00m query failed
0:00:00.386475161 [334m19341[00m 0x7f4934007540 [37mDEBUG  [00m [00;01;31;41m            GST_PADS gstpad.c:3794:push_sticky:<sink_1:proxypad9>[00m event stream-start was already received
0:00:00.386504625 [334m19341[00m 0x7f49300068a0 [37mDEBUG  [00m [00;01;31;41m            GST_PADS gstpad.c:3999:gst_pad_query:<sink:proxypad6>[00m query failed
0:00:00.386488563 [334m19341[00m 0x7f4934007540 [37mDEBUG  [00m [00;01;31;41m            GST_PADS gstpad.c:3794:push_sticky:<sink_1:proxypad9>[00m event caps was already received
0:00:00.386530479 [334m19341[00m 0x7f4934007540 [33;01mLOG    [00m [00;01;31;41m            GST_PADS gstpad.c:5261:gst_pad_push_event_unchecked:<sink_1:proxypad9>[00m sending event 0x7f494c0131d0 (segment) to peerpad <parsebin2:sink>
0:00:00.386514134 [334m19341[00m 0x7f49300068a0 [37mDEBUG  [00m [00;01;31;41m            GST_PADS gstpad.c:4120:gst_pad_peer_query:<typefind:sink>[00m query failed
0:00:00.386556719 [334m19341[00m 0x7f49300068a0 [37mDEBUG  [00m [00;01;31;41m            GST_PADS gstpad.c:3954:gst_pad_query:<typefind:src>[00m sent query 0x7f491002f0a0 (scheduling), result 0
0:00:00.386576382 [334m19341[00m 0x7f4934007540 [37mDEBUG  [00m [00;01;34m           GST_EVENT gstpad.c:5548:gst_pad_send_event_unchecked:<parsebin2:sink>[00m have event type segment event: 0x7f494c0131d0, time 99:99:99.999999999, seq-num 37, GstEventSegment, segment=(GstSegment)"GstSegment, flags=(GstSegmentFlags)GST_SEGMENT_FLAG_NONE, rate=(double)1, applied-rate=(double)1, format=(GstFormat)GST_FORMAT_TIME, base=(guint64)0, offset=(guint64)0, start=(guint64)0, stop=(guint64)18446744073709551615, time=(guint64)0, position=(guint64)0, duration=(guint64)18446744073709551615;";
0:00:00.386602460 [334m19341[00m 0x7f49300068a0 [37mDEBUG  [00m [00;01;31;41m            GST_PADS gstpad.c:3999:gst_pad_query:<typefind:src>[00m query failed
0:00:00.386550431 [334m19341[00m 0x7f493c009590 [33;01mLOG    [00m [00;01;31;41m            GST_PADS gstpad.c:2944:gst_pad_forward:<src:proxypad3>[00m calling forward function on pad srcbin-audio_01:src
0:00:00.386690816 [334m19341[00m 0x7f493c009590 [33;01mLOG    [00m [00;01;31;41m            GST_PADS gstpad.c:2989:event_forward_func:<srcbin-audio_01:src>[00m Reffing and pushing event 0x7f49240024a0 (custom-downstream-sticky) to srcbin-audio_01:src
0:00:00.386729011 [334m19341[00m 0x7f493c009590 [33;01mLOG    [00m [00;01;31;41m            GST_PADS gstpad.c:5097:store_sticky_event:<srcbin-audio_01:src>[00m stored sticky event custom-downstream-sticky
0:00:00.386783042 [334m19341[00m 0x7f493c009590 [37mDEBUG  [00m [00;01;31;41m            GST_PADS gstpad.c:3862:check_sticky:<srcbin-audio_01:src>[00m pushing all sticky events
0:00:00.386801372 [334m19341[00m 0x7f4934007540 [33;01mLOG    [00m [00;01;31;41m            GST_PADS gstpad.c:2944:gst_pad_forward:<parsebin2:sink>[00m calling forward function on pad sink:proxypad12
0:00:00.386802441 [334m19341[00m 0x7f493c009590 [37mDEBUG  [00m [00;01;31;41m            GST_PADS gstpad.c:3794:push_sticky:<srcbin-audio_01:src>[00m event stream-start was already received
0:00:00.386834003 [334m19341[00m 0x7f4934007540 [33;01mLOG    [00m [00;01;31;41m            GST_PADS gstpad.c:2989:event_forward_func:<sink:proxypad12>[00m Reffing and pushing event 0x7f494c0131d0 (segment) to sink:proxypad12
0:00:00.386906230 [334m19341[00m 0x7f4934007540 [33;01mLOG    [00m [00;01;31;41m            GST_PADS gstpad.c:5097:store_sticky_event:<sink:proxypad12>[00m stored sticky event segment
0:00:00.386923836 [334m19341[00m 0x7f493c009630 [36mINFO   [00m [00;01;34m           GST_EVENT gstevent.c:889:gst_event_new_segment:[00m creating segment event bytes segment start=606, offset=0, stop=806, rate=1.000000, applied_rate=1.000000, flags=0x01, time=606, base=0, position 606, duration 806
0:00:00.386980309 [334m19341[00m 0x7f493c009630 [37mDEBUG  [00m [00;01;34m           GST_EVENT gstevent.c:305:gst_event_new_custom:[00m creating new event 0x7f4924002510 segment 17934
0:00:00.386999135 [334m19341[00m 0x7f4934007540 [37mDEBUG  [00m [00;01;31;41m            GST_PADS gstpad.c:3862:check_sticky:<sink:proxypad12>[00m pushing all sticky events
0:00:00.387027555 [334m19341[00m 0x7f493c009630 [33;01mLOG    [00m [00;01;31;41m            GST_PADS gstpad.c:5097:store_sticky_event:<souphttpsrc2:src>[00m stored sticky event segment
0:00:00.387074363 [334m19341[00m 0x7f493c009630 [37mDEBUG  [00m [00;01;31;41m            GST_PADS gstpad.c:3862:check_sticky:<souphttpsrc2:src>[00m pushing all sticky events
0:00:00.387077421 [334m19341[00m 0x7f4934007540 [37mDEBUG  [00m [00;01;31;41m            GST_PADS gstpad.c:3794:push_sticky:<sink:proxypad12>[00m event stream-start was already received
0:00:00.387018442 [334m19341[00m 0x7f493c009590 [33;01mLOG    [00m [00;01;31;41m            GST_PADS gstpad.c:5261:gst_pad_push_event_unchecked:<srcbin-audio_01:src>[00m sending event 0x7f49240024a0 (custom-downstream-sticky) to peerpad <dashdemux0:internal-audio_01>
0:00:00.387096865 [334m19341[00m 0x7f4934007540 [37mDEBUG  [00m [00;01;31;41m            GST_PADS gstpad.c:3794:push_sticky:<sink:proxypad12>[00m event caps was already received
0:00:00.387081541 [334m19341[00m 0x7f493c009630 [37mDEBUG  [00m [00;01;31;41m            GST_PADS gstpad.c:3794:push_sticky:<souphttpsrc2:src>[00m event stream-start was already received
0:00:00.387161325 [334m19341[00m 0x7f4930006e80 [37mDEBUG  [00m [00m          decodebin3 gstdecodebin3.c:1290:gst_decodebin3_handle_message:<decodebin3-0>[00m Got Message state-changed
0:00:00.387110103 [334m19341[00m 0x7f4934007540 [33;01mLOG    [00m [00;01;31;41m            GST_PADS gstpad.c:5261:gst_pad_push_event_unchecked:<sink:proxypad12>[00m sending event 0x7f494c0131d0 (segment) to peerpad <typefind:sink>
0:00:00.387153841 [334m19341[00m 0x7f493c009590 [37mDEBUG  [00m [00;01;31;41m            GST_PADS gstpad.c:5622:gst_pad_send_event_unchecked:<dashdemux0:internal-audio_01>[00m sent event, ret ok
0:00:00.387175628 [334m19341[00m 0x7f4934007540 [37mDEBUG  [00m [00;01;34m           GST_EVENT gstpad.c:5548:gst_pad_send_event_unchecked:<typefind:sink>[00m have event type segment event: 0x7f494c0131d0, time 99:99:99.999999999, seq-num 37, GstEventSegment, segment=(GstSegment)"GstSegment, flags=(GstSegmentFlags)GST_SEGMENT_FLAG_NONE, rate=(double)1, applied-rate=(double)1, format=(GstFormat)GST_FORMAT_TIME, base=(guint64)0, offset=(guint64)0, start=(guint64)0, stop=(guint64)18446744073709551615, time=(guint64)0, position=(guint64)0, duration=(guint64)18446744073709551615;";
0:00:00.387202976 [334m19341[00m 0x7f49300068a0 [37mDEBUG  [00m [00m          decodebin3 gstdecodebin3.c:1290:gst_decodebin3_handle_message:<decodebin3-0>[00m Got Message state-changed
0:00:00.387184831 [334m19341[00m 0x7f494c03f850 [37mDEBUG  [00m [00;01;31;41m            GST_PADS gstpad.c:1074:gst_pad_set_active:<srcbin-video_00:src>[00m pad was inactive
0:00:00.387217098 [334m19341[00m 0x7f493c009590 [33;01mLOG    [00m [00;01;31;41m            GST_PADS gstpad.c:5097:store_sticky_event:<dashdemux0:internal-audio_01>[00m stored sticky event custom-downstream-sticky
0:00:00.387306936 [334m19341[00m 0x7f493c009590 [33;01mLOG    [00m [00;01;31;41m            GST_PADS gstpad.c:5269:gst_pad_push_event_unchecked:<srcbin-audio_01:src>[00m sent event 0x7f49240024a0 (custom-downstream-sticky) to peerpad <dashdemux0:internal-audio_01>, ret ok
0:00:00.387265437 [334m19341[00m 0x7f493c009630 [33;01mLOG    [00m [00m       adaptivedemux gstadaptivedemux.c:2406:_uri_handler_probe:<souphttpsrc2:src>[00m Received event segment segment event: 0x7f4924002510, time 99:99:99.999999999, seq-num 261, GstEventSegment, segment=(GstSegment)"GstSegment, flags=(GstSegmentFlags)GST_SEGMENT_FLAG_RESET, rate=(double)1, applied-rate=(double)1, format=(GstFormat)GST_FORMAT_BYTES, base=(guint64)0, offset=(guint64)0, start=(guint64)606, stop=(guint64)806, time=(guint64)606, position=(guint64)606, duration=(guint64)806;";
0:00:00.387335320 [334m19341[00m 0x7f493c009630 [33;01mLOG    [00m [00;01;31;41m            GST_PADS gstpad.c:5261:gst_pad_push_event_unchecked:<souphttpsrc2:src>[00m sending event 0x7f4924002510 (segment) to peerpad <queue2:sink>
0:00:00.387354843 [334m19341[00m 0x7f4934007540 [33;01mLOG    [00m [00;01;31;41m            GST_PADS gstpad.c:5097:store_sticky_event:<typefind:src>[00m stored sticky event segment
0:00:00.387391801 [334m19341[00m 0x7f493c009630 [37mDEBUG  [00m [00;01;34m           GST_EVENT gstpad.c:5548:gst_pad_send_event_unchecked:<queue2:sink>[00m have event type segment event: 0x7f4924002510, time 99:99:99.999999999, seq-num 261, GstEventSegment, segment=(GstSegment)"GstSegment, flags=(GstSegmentFlags)GST_SEGMENT_FLAG_RESET, rate=(double)1, applied-rate=(double)1, format=(GstFormat)GST_FORMAT_BYTES, base=(guint64)0, offset=(guint64)0, start=(guint64)606, stop=(guint64)806, time=(guint64)606, position=(guint64)606, duration=(guint64)806;";
0:00:00.387411848 [334m19341[00m 0x7f4934007540 [37mDEBUG  [00m [00;01;31;41m            GST_PADS gstpad.c:3862:check_sticky:<typefind:src>[00m pushing all sticky events
0:00:00.387454459 [334m19341[00m 0x7f493c009630 [37mDEBUG  [00m [00m               queue gstqueue.c:578:apply_segment:<queue2>[00m configured SEGMENT time segment start=0:00:00.000000000, offset=0:00:00.000000000, stop=99:99:99.999999999, rate=1.000000, applied_rate=1.000000, flags=0x01, time=0:00:00.000000000, base=0:00:00.000000000, position 0:00:00.000000606, duration 0:00:00.000000806
0:00:00.387472092 [334m19341[00m 0x7f493c009590 [37mDEBUG  [00m [00;01;31;41m            GST_PADS gstpad.c:3814:push_sticky:<srcbin-audio_01:src>[00m event custom-downstream-sticky marked received
0:00:00.387486978 [334m19341[00m 0x7f493c009630 [33;01mLOG    [00m [00m               queue gstqueue.c:529:update_time_level:<queue2>[00m update sink time
0:00:00.387537863 [334m19341[00m 0x7f493c009590 [37mDEBUG  [00m [00;01;31;41m            GST_PADS gstpad.c:5622:gst_pad_send_event_unchecked:<src:proxypad3>[00m sent event, ret ok
0:00:00.387479709 [334m19341[00m 0x7f4934007540 [37mDEBUG  [00m [00;01;31;41m            GST_PADS gstpad.c:3794:push_sticky:<typefind:src>[00m event stream-start was already received
0:00:00.387581845 [334m19341[00m 0x7f493c009590 [33;01mLOG    [00m [00;01;31;41m            GST_PADS gstpad.c:5097:store_sticky_event:<src:proxypad3>[00m stored sticky event custom-downstream-sticky
0:00:00.387546641 [334m19341[00m 0x7f493c009630 [33;01mLOG    [00m [00m               queue gstqueue.c:538:update_time_level:<queue2>[00m update src time
0:00:00.387596410 [334m19341[00m 0x7f493c009630 [33;01mLOG    [00m [00m               queue gstqueue.c:547:update_time_level:<queue2>[00m sink +0:00:00.000000606, src +0:00:00.000000000
0:00:00.387629140 [334m19341[00m 0x7f493c009630 [33;01mLOG    [00m [00m      queue_dataflow gstqueue.c:805:gst_queue_locked_enqueue_event:<queue2>[00m Apply segment on srcpad
0:00:00.387648057 [334m19341[00m 0x7f4934007540 [37mDEBUG  [00m [00;01;31;41m            GST_PADS gstpad.c:3794:push_sticky:<typefind:src>[00m event caps was already received
0:00:00.387614151 [334m19341[00m 0x7f493c009590 [33;01mLOG    [00m [00;01;31;41m            GST_PADS gstpad.c:5269:gst_pad_push_event_unchecked:<queue2:src>[00m sent event 0x7f49240024a0 (custom-downstream-sticky) to peerpad <src:proxypad3>, ret ok
0:00:00.387672641 [334m19341[00m 0x7f493c009630 [37mDEBUG  [00m [00m               queue gstqueue.c:578:apply_segment:<queue2>[00m configured SEGMENT time segment start=0:00:00.000000000, offset=0:00:00.000000000, stop=99:99:99.999999999, rate=1.000000, applied_rate=1.000000, flags=0x01, time=0:00:00.000000000, base=0:00:00.000000000, position 0:00:00.000000606, duration 0:00:00.000000806
0:00:00.387704886 [334m19341[00m 0x7f493c009630 [33;01mLOG    [00m [00m               queue gstqueue.c:538:update_time_level:<queue2>[00m update src time
0:00:00.387735158 [334m19341[00m 0x7f493c009590 [37mDEBUG  [00m [00;01;31;41m            GST_PADS gstpad.c:3814:push_sticky:<queue2:src>[00m event custom-downstream-sticky marked received
0:00:00.387714684 [334m19341[00m 0x7f493c009630 [33;01mLOG    [00m [00m               queue gstqueue.c:547:update_time_level:<queue2>[00m sink +0:00:00.000000606, src +0:00:00.000000606
0:00:00.387783368 [334m19341[00m 0x7f493c009630 [37mDEBUG  [00m [00;01;31;41m            GST_PADS gstpad.c:5622:gst_pad_send_event_unchecked:<queue2:sink>[00m sent event, ret ok
0:00:00.387818028 [334m19341[00m 0x7f493c009630 [33;01mLOG    [00m [00;01;31;41m            GST_PADS gstpad.c:5097:store_sticky_event:<queue2:sink>[00m stored sticky event segment
0:00:00.387785535 [334m19341[00m 0x7f493c009590 [33;01mLOG    [00m [00m      queue_dataflow gstqueue.c:872:gst_queue_locked_dequeue:<queue2>[00m retrieved event 0x7f4924002510 from queue
0:00:00.387908948 [334m19341[00m 0x7f493c009630 [33;01mLOG    [00m [00;01;31;41m            GST_PADS gstpad.c:5269:gst_pad_push_event_unchecked:<souphttpsrc2:src>[00m sent event 0x7f4924002510 (segment) to peerpad <queue2:sink>, ret ok
0:00:00.388014158 [334m19341[00m 0x7f493c009630 [37mDEBUG  [00m [00;01;31;41m            GST_PADS gstpad.c:3814:push_sticky:<souphttpsrc2:src>[00m event segment marked received
0:00:00.388042156 [334m19341[00m 0x7f493c009590 [33;01mLOG    [00m [00;01;31;41m            GST_PADS gstpad.c:5097:store_sticky_event:<queue2:src>[00m stored sticky event segment
0:00:00.388055114 [334m19341[00m 0x7f493c009590 [37mDEBUG  [00m [00;01;31;41m            GST_PADS gstpad.c:3862:check_sticky:<queue2:src>[00m pushing all sticky events
0:00:00.388057173 [334m19341[00m 0x7f493c009630 [37mDEBUG  [00m [00;01;31;41m            GST_PADS gstpad.c:3794:push_sticky:<souphttpsrc2:src>[00m event custom-downstream-sticky was already received
0:00:00.388094539 [334m19341[00m 0x7f493c009590 [37mDEBUG  [00m [00;01;31;41m            GST_PADS gstpad.c:3794:push_sticky:<queue2:src>[00m event stream-start was already received
0:00:00.388102857 [334m19341[00m 0x7f493c009590 [33;01mLOG    [00m [00;01;31;41m            GST_PADS gstpad.c:5261:gst_pad_push_event_unchecked:<queue2:src>[00m sending event 0x7f4924002510 (segment) to peerpad <src:proxypad3>
0:00:00.388110650 [334m19341[00m 0x7f4934007540 [37mDEBUG  [00m [00;01;31;41m            GST_PADS gstpad.c:3814:push_sticky:<typefind:src>[00m event segment marked received
0:00:00.388122898 [334m19341[00m 0x7f4934007540 [37mDEBUG  [00m [00;01;31;41m            GST_PADS gstpad.c:5622:gst_pad_send_event_unchecked:<typefind:sink>[00m sent event, ret ok
0:00:00.388166438 [334m19341[00m 0x7f4934007540 [33;01mLOG    [00m [00;01;31;41m            GST_PADS gstpad.c:5097:store_sticky_event:<typefind:sink>[00m stored sticky event segment
0:00:00.388116088 [334m19341[00m 0x7f493c009590 [37mDEBUG  [00m [00;01;34m           GST_EVENT gstpad.c:5548:gst_pad_send_event_unchecked:<src:proxypad3>[00m have event type segment event: 0x7f4924002510, time 99:99:99.999999999, seq-num 261, GstEventSegment, segment=(GstSegment)"GstSegment, flags=(GstSegmentFlags)GST_SEGMENT_FLAG_RESET, rate=(double)1, applied-rate=(double)1, format=(GstFormat)GST_FORMAT_BYTES, base=(guint64)0, offset=(guint64)0, start=(guint64)606, stop=(guint64)806, time=(guint64)606, position=(guint64)606, duration=(guint64)806;";
0:00:00.388227303 [334m19341[00m 0x7f493c009590 [33;01mLOG    [00m [00;01;31;41m            GST_PADS gstpad.c:2944:gst_pad_forward:<src:proxypad3>[00m calling forward function on pad srcbin-audio_01:src
0:00:00.388176384 [334m19341[00m 0x7f4934007540 [33;01mLOG    [00m [00;01;31;41m            GST_PADS gstpad.c:5269:gst_pad_push_event_unchecked:<sink:proxypad12>[00m sent event 0x7f494c0131d0 (segment) to peerpad <typefind:sink>, ret ok
0:00:00.388275589 [334m19341[00m 0x7f4934007540 [37mDEBUG  [00m [00;01;31;41m            GST_PADS gstpad.c:3814:push_sticky:<sink:proxypad12>[00m event segment marked received
0:00:00.388351608 [334m19341[00m 0x7f4934007540 [37mDEBUG  [00m [00;01;31;41m            GST_PADS gstpad.c:5622:gst_pad_send_event_unchecked:<parsebin2:sink>[00m sent event, ret ok
0:00:00.388363749 [334m19341[00m 0x7f4934007540 [33;01mLOG    [00m [00;01;31;41m            GST_PADS gstpad.c:5097:store_sticky_event:<parsebin2:sink>[00m stored sticky event segment
0:00:00.388393412 [334m19341[00m 0x7f4934007540 [33;01mLOG    [00m [00;01;31;41m            GST_PADS gstpad.c:5269:gst_pad_push_event_unchecked:<sink_1:proxypad9>[00m sent event 0x7f494c0131d0 (segment) to peerpad <parsebin2:sink>, ret ok
0:00:00.388402137 [334m19341[00m 0x7f494c03f850 [37mDEBUG  [00m [00;01;31;41m            GST_PADS gstpad.c:1078:gst_pad_set_active:<dashdemux0:internal-video_00>[00m deactivating pad from push mode
0:00:00.388428167 [334m19341[00m 0x7f4934007540 [37mDEBUG  [00m [00;01;31;41m            GST_PADS gstpad.c:3814:push_sticky:<sink_1:proxypad9>[00m event segment marked received
0:00:00.388448623 [334m19341[00m 0x7f493c009630 [37mDEBUG  [00m [00m       adaptivedemux gstadaptivedemux.c:2396:_uri_handler_probe:<souphttpsrc2:src>[00m FIRST BYTE since download_start 0:00:00.035705224
0:00:00.388451250 [334m19341[00m 0x7f494c03f850 [37mDEBUG  [00m [00;01;31;41m            GST_PADS gstpad.c:967:pre_activate:<dashdemux0:internal-video_00>[00m setting PAD_MODE NONE, set flushing
0:00:00.388454699 [334m19341[00m 0x7f4934007540 [37mDEBUG  [00m [00;01;31;41m            GST_PADS gstpad.c:5622:gst_pad_send_event_unchecked:<decodebin3-0:sink_1>[00m sent event, ret ok
0:00:00.388476031 [334m19341[00m 0x7f494c03f850 [37mDEBUG  [00m [00;01;31;41m            GST_PADS gstpad.c:1015:post_activate:<dashdemux0:internal-video_00>[00m stopped streaming
0:00:00.388260929 [334m19341[00m 0x7f493c009590 [33;01mLOG    [00m [00;01;31;41m            GST_PADS gstpad.c:2989:event_forward_func:<srcbin-audio_01:src>[00m Reffing and pushing event 0x7f4924002510 (segment) to srcbin-audio_01:src
0:00:00.388486628 [334m19341[00m 0x7f493c009630 [33;01mLOG    [00m [00m       adaptivedemux gstadaptivedemux.c:2401:_uri_handler_probe:<souphttpsrc2:src>[00m Received buffer, size 200 total 200
0:00:00.388498695 [334m19341[00m 0x7f4934007540 [33;01mLOG    [00m [00;01;31;41m            GST_PADS gstpad.c:5097:store_sticky_event:<decodebin3-0:sink_1>[00m stored sticky event segment
0:00:00.388509957 [334m19341[00m 0x7f4934007540 [33;01mLOG    [00m [00;01;31;41m            GST_PADS gstpad.c:5269:gst_pad_push_event_unchecked:<urisourcebin0:src_2>[00m sent event 0x7f494c0131d0 (segment) to peerpad <decodebin3-0:sink_1>, ret ok
0:00:00.388521725 [334m19341[00m 0x7f4934007540 [37mDEBUG  [00m [00;01;31;41m            GST_PADS gstpad.c:3814:push_sticky:<urisourcebin0:src_2>[00m event segment marked received
0:00:00.388513703 [334m19341[00m 0x7f494c03f850 [33;01mLOG    [00m [00;01;34m           GST_EVENT gstevent.c:222:_gst_event_free:[00m freeing event 0x7f492c003600 type stream-start
0:00:00.388554121 [334m19341[00m 0x7f4934007540 [37mDEBUG  [00m [00;01;31;41m            GST_PADS gstpad.c:5622:gst_pad_send_event_unchecked:<src_2:proxypad7>[00m sent event, ret ok
0:00:00.388577993 [334m19341[00m 0x7f4934007540 [33;01mLOG    [00m [00;01;31;41m            GST_PADS gstpad.c:5097:store_sticky_event:<src_2:proxypad7>[00m stored sticky event segment
