0:00:00.338830957 [334m19341[00m 0x7f4930006e80 [33;01mLOG    [00m [00;01;31;41m            GST_PADS gstpad.c:5097:store_sticky_event:<'':parsepad1>[00m stored sticky event caps
0:00:00.338885953 [334m19341[00m 0x7f4930006e80 [37mDEBUG  [00m [00;01;31;41m            GST_PADS gstpad.c:5103:store_sticky_event:<'':parsepad1>[00m notify caps
0:00:00.338877908 [334m19341[00m 0x7f4934007540 [37mDEBUG  [00m [00;01;31;41m            GST_PADS gstpad.c:5622:gst_pad_send_event_unchecked:<typefind:sink>[00m sent event, ret ok
0:00:00.338917554 [334m19341[00m 0x7f4934007540 [33;01mLOG    [00m [00;01;31;41m            GST_PADS gstpad.c:5037:store_sticky_event:<typefind:sink>[00m Removing pending EOS and StreamGroupDone events
0:00:00.338865462 [334m19341[00m 0x7f493c009590 [37mDEBUG  [00m [00;01;31;41m            GST_PADS gstpad.c:3931:gst_pad_query:<typefind:sink>[00m doing query 0x7f49280055e0 (caps)
0:00:00.338927883 [334m19341[00m 0x7f4934007540 [33;01mLOG    [00m [00;01;31;41m            GST_PADS gstpad.c:5097:store_sticky_event:<typefind:sink>[00m stored sticky event stream-start
0:00:00.338961093 [334m19341[00m 0x7f494c03f850 [36mINFO   [00m [00;01;34m           GST_EVENT gstevent.c:1275:gst_event_new_seek:[00m creating seek rate 1.000000, format bytes, flags 1, start_type 1, start 686, stop_type 1, stop 886
0:00:00.338943640 [334m19341[00m 0x7f4930006e80 [37mDEBUG  [00m [00m          decodebin3 gstdecodebin3.c:692:parsebin_autoplug_continue_cb:<'':parsepad1>[00m caps video/quicktime, width=(int)848, height=(int)476, framerate=(fraction)24/1
0:00:00.338979809 [334m19341[00m 0x7f494c03f850 [37mDEBUG  [00m [00;01;34m           GST_EVENT gstevent.c:305:gst_event_new_custom:[00m creating new event 0x7f49480031f0 seek 51201
0:00:00.338977506 [334m19341[00m 0x7f4934007540 [33;01mLOG    [00m [00;01;31;41m            GST_PADS gstpad.c:5269:gst_pad_push_event_unchecked:<sink:proxypad12>[00m sent event 0x7f494c03b080 (stream-start) to peerpad <typefind:sink>, ret ok
0:00:00.339026305 [334m19341[00m 0x7f4934007540 [37mDEBUG  [00m [00;01;31;41m            GST_PADS gstpad.c:3814:push_sticky:<sink:proxypad12>[00m event stream-start marked received
0:00:00.339050621 [334m19341[00m 0x7f4934007540 [37mDEBUG  [00m [00;01;31;41m            GST_PADS gstpad.c:5622:gst_pad_send_event_unchecked:<parsebin2:sink>[00m sent event, ret ok
0:00:00.339096179 [334m19341[00m 0x7f4934007540 [33;01mLOG    [00m [00;01;31;41m            GST_PADS gstpad.c:5037:store_sticky_event:<parsebin2:sink>[00m Removing pending EOS and StreamGroupDone events
0:00:00.339149324 [334m19341[00m 0x7f493c009590 [37mDEBUG  [00m [00;01;31;41m            GST_PADS gstpad.c:3954:gst_pad_query:<typefind:sink>[00m sent query 0x7f49280055e0 (caps), result 1
0:00:00.339138977 [334m19341[00m 0x7f4934007540 [33;01mLOG    [00m [00;01;31;41m            GST_PADS gstpad.c:5097:store_sticky_event:<parsebin2:sink>[00m stored sticky event stream-start
0:00:00.339188562 [334m19341[00m 0x7f4934007540 [33;01mLOG    [00m [00;01;31;41m            GST_PADS gstpad.c:5269:gst_pad_push_event_unchecked:<sink_1:proxypad9>[00m sent event 0x7f494c03b080 (stream-start) to peerpad <parsebin2:sink>, ret ok
0:00:00.339201781 [334m19341[00m 0x7f4934007540 [37mDEBUG  [00m [00;01;31;41m            GST_PADS gstpad.c:3814:push_sticky:<sink_1:proxypad9>[00m event stream-start marked received
0:00:00.339227232 [334m19341[00m 0x7f493c009590 [37mDEBUG  [00m [00;01;31;41m            GST_PADS gstpad.c:3954:gst_pad_query:<typefind:sink>[00m sent query 0x7f4928005590 (accept-caps), result 1
0:00:00.339221259 [334m19341[00m 0x7f4934007540 [37mDEBUG  [00m [00;01;31;41m            GST_PADS gstpad.c:5622:gst_pad_send_event_unchecked:<decodebin3-0:sink_1>[00m sent event, ret ok
0:00:00.339236597 [334m19341[00m 0x7f493c009590 [37mDEBUG  [00m [00;01;31;41m            GST_PADS gstutils.c:2605:gst_pad_proxy_query_accept_caps:<parsebin2:sink>[00m proxying accept caps query: 1
0:00:00.339264628 [334m19341[00m 0x7f4934007540 [33;01mLOG    [00m [00;01;31;41m            GST_PADS gstpad.c:5037:store_sticky_event:<decodebin3-0:sink_1>[00m Removing pending EOS and StreamGroupDone events
0:00:00.339275048 [334m19341[00m 0x7f4934007540 [33;01mLOG    [00m [00;01;31;41m            GST_PADS gstpad.c:5097:store_sticky_event:<decodebin3-0:sink_1>[00m stored sticky event stream-start
0:00:00.339304004 [334m19341[00m 0x7f4934007540 [33;01mLOG    [00m [00;01;31;41m            GST_PADS gstpad.c:5269:gst_pad_push_event_unchecked:<urisourcebin0:src_2>[00m sent event 0x7f494c03b080 (stream-start) to peerpad <decodebin3-0:sink_1>, ret ok
0:00:00.339327557 [334m19341[00m 0x7f4934007540 [37mDEBUG  [00m [00;01;31;41m            GST_PADS gstpad.c:3814:push_sticky:<urisourcebin0:src_2>[00m event stream-start marked received
0:00:00.339340320 [334m19341[00m 0x7f4934007540 [37mDEBUG  [00m [00;01;31;41m            GST_PADS gstpad.c:5622:gst_pad_send_event_unchecked:<src_2:proxypad7>[00m sent event, ret ok
0:00:00.339370193 [334m19341[00m 0x7f493c009590 [37mDEBUG  [00m [00;01;31;41m            GST_PADS gstpad.c:3954:gst_pad_query:<parsebin2:sink>[00m sent query 0x7f4928005590 (accept-caps), result 1
0:00:00.339375084 [334m19341[00m 0x7f4934007540 [33;01mLOG    [00m [00;01;31;41m            GST_PADS gstpad.c:5037:store_sticky_event:<src_2:proxypad7>[00m Removing pending EOS and StreamGroupDone events
0:00:00.339379040 [334m19341[00m 0x7f493c009590 [37mDEBUG  [00m [00;01;31;41m            GST_PADS gstutils.c:2605:gst_pad_proxy_query_accept_caps:<decodebin3-0:sink_1>[00m proxying accept caps query: 1
0:00:00.339386918 [334m19341[00m 0x7f4934007540 [33;01mLOG    [00m [00;01;31;41m            GST_PADS gstpad.c:5097:store_sticky_event:<src_2:proxypad7>[00m stored sticky event stream-start
0:00:00.339398297 [334m19341[00m 0x7f4934007540 [33;01mLOG    [00m [00;01;31;41m            GST_PADS gstpad.c:5269:gst_pad_push_event_unchecked:<queue2-2:src>[00m sent event 0x7f494c03b080 (stream-start) to peerpad <src_2:proxypad7>, ret ok
0:00:00.339409823 [334m19341[00m 0x7f494c03f850 [37mDEBUG  [00m [00;01;31;41m            GST_PADS gstpad.c:1063:gst_pad_set_active:<srcbin-video_00:src>[00m activating pad from none
0:00:00.339430253 [334m19341[00m 0x7f494c03f850 [37mDEBUG  [00m [00;01;31;41m            GST_PADS gstpad.c:979:pre_activate:<srcbin-video_00:src>[00m setting pad into push mode, unset flushing
0:00:00.339463405 [334m19341[00m 0x7f4934007540 [37mDEBUG  [00m [00;01;31;41m            GST_PADS gstpad.c:3814:push_sticky:<queue2-2:src>[00m event stream-start marked received
0:00:00.339475157 [334m19341[00m 0x7f4934007540 [37mDEBUG  [00m [00m     queue2_dataflow gstqueue2.c:3023:gst_queue2_loop:<queue2-2>[00m queue is empty, waiting for new data
0:00:00.339489731 [334m19341[00m 0x7f494c03f850 [37mDEBUG  [00m [00;01;31;41m            GST_PADS gstpad.c:979:pre_activate:<src:proxypad1>[00m setting pad into push mode, unset flushing
0:00:00.339490968 [334m19341[00m 0x7f4934007540 [33;01mLOG    [00m [00m     queue2_dataflow gstqueue2.c:3026:gst_queue2_loop:<queue2-2>[00m (queue2-2:src) wait for ADD: 0 of 0 buffers, 0 of 2097152 bytes, 0 of 4000000000 ns, 0 items
0:00:00.339505062 [334m19341[00m 0x7f494c03f850 [37mDEBUG  [00m [00;01;31;41m            GST_PADS gstpad.c:991:pre_activate:<src:proxypad1>[00m reschedule events on peer queue0:src
0:00:00.339536610 [334m19341[00m 0x7f494c03f850 [37mDEBUG  [00m [00;01;31;41m            GST_PADS gstpad.c:1207:activate_mode_internal:<srcbin-video_00:src>[00m already activated in push mode
0:00:00.339506714 [334m19341[00m 0x7f493c009590 [37mDEBUG  [00m [00;01;31;41m            GST_PADS gstpad.c:3954:gst_pad_query:<decodebin3-0:sink_1>[00m sent query 0x7f4928005590 (accept-caps), result 1
0:00:00.339558621 [334m19341[00m 0x7f493c009590 [37mDEBUG  [00m [00;01;31;41m            GST_PADS gstutils.c:2605:gst_pad_proxy_query_accept_caps:<src_2:proxypad7>[00m proxying accept caps query: 1
0:00:00.339560689 [334m19341[00m 0x7f494c03f850 [37mDEBUG  [00m [00;01;31;41m            GST_PADS gstpad.c:1188:activate_mode_internal:<src:proxypad1>[00m activated in push mode
0:00:00.339582179 [334m19341[00m 0x7f494c03f850 [37mDEBUG  [00m [00;01;31;41m            GST_PADS gstpad.c:1188:activate_mode_internal:<srcbin-video_00:src>[00m activated in push mode
0:00:00.339613489 [334m19341[00m 0x7f493c009590 [37mDEBUG  [00m [00;01;31;41m            GST_PADS gstpad.c:3954:gst_pad_query:<src_2:proxypad7>[00m sent query 0x7f4928005590 (accept-caps), result 1
0:00:00.339672367 [334m19341[00m 0x7f493c009590 [37mDEBUG  [00m [00;01;31;41m            GST_PADS gstutils.c:2605:gst_pad_proxy_query_accept_caps:<queue2-2:sink>[00m proxying accept caps query: 1
0:00:00.339727086 [334m19341[00m 0x7f493c009590 [37mDEBUG  [00m [00;01;31;41m            GST_PADS gstpad.c:3954:gst_pad_query:<queue2-2:sink>[00m sent query 0x7f4928005590 (accept-caps), result 1
0:00:00.339753886 [334m19341[00m 0x7f493c009590 [36mINFO   [00m [00m              queue2 gstqueue2.c:2286:gst_queue2_locked_enqueue:[00m got caps: audio/x-m4a, rate=(int)48000
0:00:00.339767301 [334m19341[00m 0x7f493c009590 [33;01mLOG    [00m [00m     queue2_dataflow gstqueue2.c:2325:gst_queue2_locked_enqueue:<queue2-2>[00m (queue2-2:sink) signal ADD: 0 of 0 buffers, 0 of 2097152 bytes, 0 of 4000000000 ns, 1 items
0:00:00.339785319 [334m19341[00m 0x7f4934007540 [33;01mLOG    [00m [00m     queue2_dataflow gstqueue2.c:3026:gst_queue2_loop:<queue2-2>[00m (queue2-2:src) received ADD: 0 of 0 buffers, 0 of 2097152 bytes, 0 of 4000000000 ns, 1 items
0:00:00.339783851 [334m19341[00m 0x7f493c009590 [37mDEBUG  [00m [00;01;31;41m            GST_PADS gstpad.c:5622:gst_pad_send_event_unchecked:<queue2-2:sink>[00m sent event, ret ok
0:00:00.339807642 [334m19341[00m 0x7f493c009590 [33;01mLOG    [00m [00;01;31;41m            GST_PADS gstpad.c:5097:store_sticky_event:<queue2-2:sink>[00m stored sticky event caps
0:00:00.339800579 [334m19341[00m 0x7f4934007540 [33;01mLOG    [00m [00m     queue2_dataflow gstqueue2.c:2394:gst_queue2_locked_dequeue:<queue2-2>[00m retrieved event 0x7f494c03b0f0 from queue
0:00:00.339833613 [334m19341[00m 0x7f493c009590 [37mDEBUG  [00m [00;01;31;41m            GST_PADS gstpad.c:5103:store_sticky_event:<queue2-2:sink>[00m notify caps
0:00:00.339846231 [334m19341[00m 0x7f4934007540 [33;01mLOG    [00m [00m     queue2_dataflow gstqueue2.c:2899:gst_queue2_push_one:<queue2-2>[00m (queue2-2:src) We have something dequeud: 0 of 0 buffers, 0 of 2097152 bytes, 0 of 4000000000 ns, 0 items
0:00:00.339862009 [334m19341[00m 0x7f4934007540 [33;01mLOG    [00m [00;01;31;41m            GST_PADS gstpad.c:5097:store_sticky_event:<queue2-2:src>[00m stored sticky event caps
0:00:00.339906309 [334m19341[00m 0x7f4934007540 [37mDEBUG  [00m [00;01;31;41m            GST_PADS gstpad.c:5103:store_sticky_event:<queue2-2:src>[00m notify caps
0:00:00.339937265 [334m19341[00m 0x7f493c009590 [33;01mLOG    [00m [00;01;31;41m            GST_PADS gstpad.c:5269:gst_pad_push_event_unchecked:<dashdemux0:audio_01>[00m sent event 0x7f494c03b0f0 (caps) to peerpad <queue2-2:sink>, ret ok
0:00:00.340059234 [334m19341[00m 0x7f493c009590 [37mDEBUG  [00m [00;01;31;41m            GST_PADS gstpad.c:3814:push_sticky:<dashdemux0:audio_01>[00m event caps marked received
0:00:00.340067160 [334m19341[00m 0x7f493c009590 [33;01mLOG    [00m [00;01;31;41m            GST_PADS gstpad.c:5261:gst_pad_push_event_unchecked:<dashdemux0:audio_01>[00m sending event 0x7f494c0131d0 (segment) to peerpad <queue2-2:sink>
0:00:00.340053530 [334m19341[00m 0x7f4934007540 [37mDEBUG  [00m [00;01;31;41m            GST_PADS gstpad.c:3862:check_sticky:<queue2-2:src>[00m pushing all sticky events
0:00:00.340109558 [334m19341[00m 0x7f493c009590 [37mDEBUG  [00m [00;01;34m           GST_EVENT gstpad.c:5548:gst_pad_send_event_unchecked:<queue2-2:sink>[00m have event type segment event: 0x7f494c0131d0, time 99:99:99.999999999, seq-num 37, GstEventSegment, segment=(GstSegment)"GstSegment, flags=(GstSegmentFlags)GST_SEGMENT_FLAG_NONE, rate=(double)1, applied-rate=(double)1, format=(GstFormat)GST_FORMAT_TIME, base=(guint64)0, offset=(guint64)0, start=(guint64)0, stop=(guint64)18446744073709551615, time=(guint64)0, position=(guint64)0, duration=(guint64)18446744073709551615;";
0:00:00.340124906 [334m19341[00m 0x7f4934007540 [37mDEBUG  [00m [00;01;31;41m            GST_PADS gstpad.c:3794:push_sticky:<queue2-2:src>[00m event stream-start was already received
0:00:00.340150619 [334m19341[00m 0x7f493c009590 [37mDEBUG  [00m [00m              queue2 gstqueue2.c:776:apply_segment:<queue2-2>[00m configured SEGMENT time segment start=0:00:00.000000000, offset=0:00:00.000000000, stop=99:99:99.999999999, rate=1.000000, applied_rate=1.000000, flags=0x00, time=0:00:00.000000000, base=0:00:00.000000000, position 0:00:00.000000000, duration 99:99:99.999999999
0:00:00.340162696 [334m19341[00m 0x7f493c009590 [37mDEBUG  [00m [00m              queue2 gstqueue2.c:740:update_time_level:<queue2-2>[00m sink 0:00:00.000000000, src 0:00:00.000000000
0:00:00.340185775 [334m19341[00m 0x7f493c009590 [37mDEBUG  [00m [00;01;31;41m            GST_PADS gstpad.c:5622:gst_pad_send_event_unchecked:<queue2-2:sink>[00m sent event, ret ok
0:00:00.340235011 [334m19341[00m 0x7f493c009590 [33;01mLOG    [00m [00;01;31;41m            GST_PADS gstpad.c:5097:store_sticky_event:<queue2-2:sink>[00m stored sticky event segment
0:00:00.340250804 [334m19341[00m 0x7f493c009590 [33;01mLOG    [00m [00;01;31;41m            GST_PADS gstpad.c:5269:gst_pad_push_event_unchecked:<dashdemux0:audio_01>[00m sent event 0x7f494c0131d0 (segment) to peerpad <queue2-2:sink>, ret ok
0:00:00.340317027 [334m19341[00m 0x7f493c009590 [37mDEBUG  [00m [00;01;31;41m            GST_PADS gstpad.c:3814:push_sticky:<dashdemux0:audio_01>[00m event segment marked received
0:00:00.340326030 [334m19341[00m 0x7f4934007540 [33;01mLOG    [00m [00m        urisourcebin gsturisourcebin.c:1263:source_pad_event_probe:<queue2-2:src>[00m caps, urisrc 0x7f494c03b0f0
0:00:00.340355117 [334m19341[00m 0x7f494c03f850 [37mDEBUG  [00m [00;01;31;41m            GST_PADS gstpad.c:1063:gst_pad_set_active:<queue0:src>[00m activating pad from none
0:00:00.340379010 [334m19341[00m 0x7f494c03f850 [37mDEBUG  [00m [00;01;31;41m            GST_PADS gstpad.c:979:pre_activate:<queue0:src>[00m setting pad into push mode, unset flushing
0:00:00.340398126 [334m19341[00m 0x7f494c03f850 [37mDEBUG  [00m [00;01;31;41m            GST_PADS gstpad.c:5991:gst_pad_start_task:<queue0:src>[00m start task
0:00:00.340335121 [334m19341[00m 0x7f493c009590 [37mDEBUG  [00m [00m       adaptivedemux gstadaptivedemux.c:2088:gst_adaptive_demux_stream_push_buffer:<dashdemux0:audio_01>[00m Sending pending tags: tag event: 0x7f49300056d0, time 99:99:99.999999999, seq-num 140, GstTagList-stream, taglist=(taglist)"taglist\,\ language-code\=\(string\)de\;";
0:00:00.340394559 [334m19341[00m 0x7f4934007540 [33;01mLOG    [00m [00;01;31;41m            GST_PADS gstpad.c:5261:gst_pad_push_event_unchecked:<queue2-2:src>[00m sending event 0x7f494c03b0f0 (caps) to peerpad <src_2:proxypad7>
0:00:00.340421523 [334m19341[00m 0x7f494c03f850 [37mDEBUG  [00m [00m                task gsttask.c:430:gst_task_new:[00m Created task 0x7f494c048950
0:00:00.340439864 [334m19341[00m 0x7f494c03f850 [36mINFO   [00m [00m                task gsttask.c:456:gst_task_set_lock:[00m setting stream lock 0x191fe00 on task 0x7f494c048950
0:00:00.340422367 [334m19341[00m 0x7f493c009590 [33;01mLOG    [00m [00;01;31;41m            GST_PADS gstpad.c:5097:store_sticky_event:<dashdemux0:audio_01>[00m stored sticky event tag
0:00:00.340438537 [334m19341[00m 0x7f4934007540 [37mDEBUG  [00m [00;01;34m           GST_EVENT gstpad.c:5548:gst_pad_send_event_unchecked:<src_2:proxypad7>[00m have event type caps event: 0x7f494c03b0f0, time 99:99:99.999999999, seq-num 47, GstEventCaps, caps=(GstCaps)"audio/x-m4a\,\ rate\=\(int\)48000";
0:00:00.340457923 [334m19341[00m 0x7f493c009590 [37mDEBUG  [00m [00;01;31;41m            GST_PADS gstpad.c:3862:check_sticky:<dashdemux0:audio_01>[00m pushing all sticky events
0:00:00.340470294 [334m19341[00m 0x7f494c03f850 [36mINFO   [00m [00;01;31;41m            GST_PADS gstpad.c:6000:gst_pad_start_task:<queue0:src>[00m created task 0x7f494c048950
0:00:00.340534336 [334m19341[00m 0x7f494c03f850 [37mDEBUG  [00m [00;01;31;41m            GST_PADS gstpad.c:5917:do_stream_status:<queue0:src>[00m doing stream-status 0
0:00:00.340525927 [334m19341[00m 0x7f4934007540 [37mDEBUG  [00m [00;01;31;41m            GST_PADS gstpad.c:3931:gst_pad_query:<src_2:proxypad7>[00m doing query 0x7f4910013940 (accept-caps)
0:00:00.340556088 [334m19341[00m 0x7f493c009590 [37mDEBUG  [00m [00;01;31;41m            GST_PADS gstpad.c:3794:push_sticky:<dashdemux0:audio_01>[00m event stream-start was already received
0:00:00.340570442 [334m19341[00m 0x7f4934007540 [37mDEBUG  [00m [00;01;31;41m            GST_PADS gstutils.c:2594:gst_pad_proxy_query_accept_caps:<src_2:proxypad7>[00m proxying accept caps query for src_2:proxypad7
0:00:00.340601364 [334m19341[00m 0x7f493c009590 [37mDEBUG  [00m [00;01;31;41m            GST_PADS gstpad.c:3794:push_sticky:<dashdemux0:audio_01>[00m event caps was already received
0:00:00.340651955 [334m19341[00m 0x7f4934007540 [33;01mLOG    [00m [00;01;31;41m            GST_PADS gstpad.c:2944:gst_pad_forward:<src_2:proxypad7>[00m calling forward function on pad urisourcebin0:src_2
0:00:00.340640391 [334m19341[00m 0x7f493c009590 [37mDEBUG  [00m [00;01;31;41m            GST_PADS gstpad.c:3794:push_sticky:<dashdemux0:audio_01>[00m event segment was already received
0:00:00.340664045 [334m19341[00m 0x7f4934007540 [37mDEBUG  [00m [00;01;31;41m            GST_PADS gstpad.c:4058:gst_pad_peer_query:<urisourcebin0:src_2>[00m peer query 0x7f4910013940 (accept-caps)
0:00:00.340676896 [334m19341[00m 0x7f494c03f850 [37mDEBUG  [00m [00;01;31;41m            GST_PADS gstpad.c:5946:do_stream_status:<queue0:src>[00m posting stream-status 0
0:00:00.340706671 [334m19341[00m 0x7f4934007540 [37mDEBUG  [00m [00;01;31;41m            GST_PADS gstpad.c:3931:gst_pad_query:<decodebin3-0:sink_1>[00m doing query 0x7f4910013940 (accept-caps)
0:00:00.340846802 [334m19341[00m 0x7f4934007540 [37mDEBUG  [00m [00;01;31;41m            GST_PADS gstutils.c:2594:gst_pad_proxy_query_accept_caps:<decodebin3-0:sink_1>[00m proxying accept caps query for decodebin3-0:sink_1
0:00:00.340861063 [334m19341[00m 0x7f493c009590 [33;01mLOG    [00m [00;01;31;41m            GST_PADS gstpad.c:5261:gst_pad_push_event_unchecked:<dashdemux0:audio_01>[00m sending event 0x7f49300056d0 (tag) to peerpad <queue2-2:sink>
0:00:00.340915813 [334m19341[00m 0x7f493c009590 [37mDEBUG  [00m [00;01;34m           GST_EVENT gstpad.c:5548:gst_pad_send_event_unchecked:<queue2-2:sink>[00m have event type tag event: 0x7f49300056d0, time 99:99:99.999999999, seq-num 140, GstTagList-stream, taglist=(taglist)"taglist\,\ language-code\=\(string\)de\;";
0:00:00.340890071 [334m19341[00m 0x7f4934007540 [33;01mLOG    [00m [00;01;31;41m            GST_PADS gstpad.c:2944:gst_pad_forward:<decodebin3-0:sink_1>[00m calling forward function on pad sink_1:proxypad9
0:00:00.340928128 [334m19341[00m 0x7f493c009590 [37mDEBUG  [00m [00;01;31;41m            GST_PADS gstpad.c:5622:gst_pad_send_event_unchecked:<queue2-2:sink>[00m sent event, ret ok
0:00:00.340967238 [334m19341[00m 0x7f4934007540 [37mDEBUG  [00m [00;01;31;41m            GST_PADS gstpad.c:4058:gst_pad_peer_query:<sink_1:proxypad9>[00m peer query 0x7f4910013940 (accept-caps)
0:00:00.340989885 [334m19341[00m 0x7f4934007540 [37mDEBUG  [00m [00;01;31;41m            GST_PADS gstpad.c:3931:gst_pad_query:<parsebin2:sink>[00m doing query 0x7f4910013940 (accept-caps)
0:00:00.340991573 [334m19341[00m 0x7f493c009590 [33;01mLOG    [00m [00;01;31;41m            GST_PADS gstpad.c:5097:store_sticky_event:<queue2-2:sink>[00m stored sticky event tag
0:00:00.341011199 [334m19341[00m 0x7f493c009590 [33;01mLOG    [00m [00;01;31;41m            GST_PADS gstpad.c:5269:gst_pad_push_event_unchecked:<dashdemux0:audio_01>[00m sent event 0x7f49300056d0 (tag) to peerpad <queue2-2:sink>, ret ok
0:00:00.341032727 [334m19341[00m 0x7f4934007540 [37mDEBUG  [00m [00;01;31;41m            GST_PADS gstutils.c:2594:gst_pad_proxy_query_accept_caps:<parsebin2:sink>[00m proxying accept caps query for parsebin2:sink
0:00:00.341045341 [334m19341[00m 0x7f4934007540 [33;01mLOG    [00m [00;01;31;41m            GST_PADS gstpad.c:2944:gst_pad_forward:<parsebin2:sink>[00m calling forward function on pad sink:proxypad12
0:00:00.341059424 [334m19341[00m 0x7f493c009590 [37mDEBUG  [00m [00;01;31;41m            GST_PADS gstpad.c:3814:push_sticky:<dashdemux0:audio_01>[00m event tag marked received
0:00:00.341069199 [334m19341[00m 0x7f4934007540 [37mDEBUG  [00m [00;01;31;41m            GST_PADS gstpad.c:4058:gst_pad_peer_query:<sink:proxypad12>[00m peer query 0x7f4910013940 (accept-caps)
0:00:00.341180353 [334m19341[00m 0x7f4934007540 [37mDEBUG  [00m [00;01;31;41m            GST_PADS gstpad.c:3931:gst_pad_query:<typefind:sink>[00m doing query 0x7f4910013940 (accept-caps)
0:00:00.341261838 [334m19341[00m 0x7f493c009590 [37mDEBUG  [00m [00;01;35m      GST_SCHEDULING gstpad.c:4202:gst_pad_chain_data_unchecked:<queue2-2:sink>[00m calling chainfunction &gst_queue2_chain with buffer buffer: 0x7f492c0114e0, pts 0:00:00.000000000, dts 99:99:99.999999999, dur 99:99:99.999999999, size 606, offset 0, offset_end 606, flags 0x40
0:00:00.341276318 [334m19341[00m 0x7f493c009590 [33;01mLOG    [00m [00m     queue2_dataflow gstqueue2.c:2816:gst_queue2_chain:<queue2-2>[00m received buffer 0x7f492c0114e0 of size 606, time 0:00:00.000000000, duration 99:99:99.999999999
0:00:00.341367355 [334m19341[00m 0x7f4934007540 [37mDEBUG  [00m [00;01;31;41m            GST_PADS gstpad.c:3931:gst_pad_query:<typefind:sink>[00m doing query 0x7f4910013990 (caps)
0:00:00.341381296 [334m19341[00m 0x7f493c009590 [37mDEBUG  [00m [00m              queue2 gstqueue2.c:842:apply_buffer:<queue2-2>[00m position updated to 0:00:00.000000000
0:00:00.341453100 [334m19341[00m 0x7f494c03f850 [37mDEBUG  [00m [00m                task gsttask.c:687:gst_task_set_state:<task16>[00m Changing task 0x7f494c048950 to state 0
0:00:00.341425458 [334m19341[00m 0x7f493c009590 [37mDEBUG  [00m [00m              queue2 gstqueue2.c:740:update_time_level:<queue2-2>[00m sink 0:00:00.000000000, src 0:00:00.000000000
0:00:00.341493368 [334m19341[00m 0x7f493c009590 [37mDEBUG  [00m [00;01;35m      GST_SCHEDULING gstpad.c:4208:gst_pad_chain_data_unchecked:<queue2-2:sink>[00m called chainfunction &gst_queue2_chain with buffer 0x7f492c0114e0, returned ok
0:00:00.341510286 [334m19341[00m 0x7f494c03f850 [37mDEBUG  [00m [00;01;31;41m            GST_PADS gstpad.c:1188:activate_mode_internal:<queue0:src>[00m activated in push mode
0:00:00.341568068 [334m19341[00m 0x7f493c009590 [33;01mLOG    [00m [00m       adaptivedemux gstadaptivedemux.c:2114:gst_adaptive_demux_stream_push_buffer:<dashdemux0:audio_01>[00m Push result: 0 ok
0:00:00.341579462 [334m19341[00m 0x7f493c009590 [37mDEBUG  [00m [00;01;35m      GST_SCHEDULING gstpad.c:4208:gst_pad_chain_data_unchecked:<dashdemux0:internal-audio_01>[00m called chainfunction &0x7f495259ee20 with buffer 0x7f492c0114e0, returned ok
0:00:00.341538083 [334m19341[00m 0x7f494c03f850 [37mDEBUG  [00m [00;01;31;41m            GST_PADS gstpad.c:1063:gst_pad_set_active:<queue0:sink>[00m activating pad from none
0:00:00.341625350 [334m19341[00m 0x7f494c03f850 [37mDEBUG  [00m [00;01;31;41m            GST_PADS gstpad.c:979:pre_activate:<queue0:sink>[00m setting pad into push mode, unset flushing
0:00:00.341618185 [334m19341[00m 0x7f4934007540 [37mDEBUG  [00m [00;01;31;41m            GST_PADS gstpad.c:3954:gst_pad_query:<typefind:sink>[00m sent query 0x7f4910013990 (caps), result 1
0:00:00.341510800 [334m19341[00m 0x7f49480038f0 [37mDEBUG  [00m [00m                task gsttask.c:289:gst_task_func:[00m Entering task 0x7f494c048950, thread 0x7f49480038f0
0:00:00.341636912 [334m19341[00m 0x7f494c03f850 [37mDEBUG  [00m [00;01;31;41m            GST_PADS gstpad.c:991:pre_activate:<queue0:sink>[00m reschedule events on peer souphttpsrc0:src
0:00:00.341687524 [334m19341[00m 0x7f494c03f850 [37mDEBUG  [00m [00;01;31;41m            GST_PADS gstpad.c:1188:activate_mode_internal:<queue0:sink>[00m activated in push mode
0:00:00.341661976 [334m19341[00m 0x7f493c009590 [33;01mLOG    [00m [00m      queue_dataflow gstqueue.c:872:gst_queue_locked_dequeue:<queue2>[00m retrieved event 0x7f4920003b30 from queue
0:00:00.341685360 [334m19341[00m 0x7f49480038f0 [37mDEBUG  [00m [00;01;31;41m            GST_PADS gstpad.c:5917:do_stream_status:<queue0:src>[00m doing stream-status 1
0:00:00.341720062 [334m19341[00m 0x7f493c009590 [33;01mLOG    [00m [00;01;31;41m            GST_PADS gstpad.c:5097:store_sticky_event:<queue2:src>[00m stored sticky event eos
0:00:00.341749082 [334m19341[00m 0x7f4934007540 [37mDEBUG  [00m [00;01;31;41m            GST_PADS gstpad.c:3954:gst_pad_query:<typefind:sink>[00m sent query 0x7f4910013940 (accept-caps), result 1
0:00:00.341792990 [334m19341[00m 0x7f493c009590 [37mDEBUG  [00m [00;01;31;41m            GST_PADS gstpad.c:3862:check_sticky:<queue2:src>[00m pushing all sticky events
0:00:00.341854715 [334m19341[00m 0x7f493c009590 [37mDEBUG  [00m [00;01;31;41m            GST_PADS gstpad.c:3794:push_sticky:<queue2:src>[00m event stream-start was already received
0:00:00.341818008 [334m19341[00m 0x7f49480038f0 [37mDEBUG  [00m [00;01;31;41m            GST_PADS gstpad.c:5946:do_stream_status:<queue0:src>[00m posting stream-status 1
0:00:00.341861191 [334m19341[00m 0x7f4934007540 [37mDEBUG  [00m [00;01;31;41m            GST_PADS gstutils.c:2605:gst_pad_proxy_query_accept_caps:<parsebin2:sink>[00m proxying accept caps query: 1
0:00:00.341862864 [334m19341[00m 0x7f493c009590 [37mDEBUG  [00m [00;01;31;41m            GST_PADS gstpad.c:3794:push_sticky:<queue2:src>[00m event segment was already received
0:00:00.341973305 [334m19341[00m 0x7f4934007540 [37mDEBUG  [00m [00;01;31;41m            GST_PADS gstpad.c:3954:gst_pad_query:<parsebin2:sink>[00m sent query 0x7f4910013940 (accept-caps), result 1
0:00:00.342021752 [334m19341[00m 0x7f4934007540 [37mDEBUG  [00m [00;01;31;41m            GST_PADS gstutils.c:2605:gst_pad_proxy_query_accept_caps:<decodebin3-0:sink_1>[00m proxying accept caps query: 1
0:00:00.342074867 [334m19341[00m 0x7f493c009590 [33;01mLOG    [00m [00;01;31;41m            GST_PADS gstpad.c:5261:gst_pad_push_event_unchecked:<queue2:src>[00m sending event 0x7f4920003b30 (eos) to peerpad <src:proxypad3>
0:00:00.342154849 [334m19341[00m 0x7f4934007540 [37mDEBUG  [00m [00;01;31;41m            GST_PADS gstpad.c:3954:gst_pad_query:<decodebin3-0:sink_1>[00m sent query 0x7f4910013940 (accept-caps), result 1
0:00:00.342168771 [334m19341[00m 0x7f4934007540 [37mDEBUG  [00m [00;01;31;41m            GST_PADS gstutils.c:2605:gst_pad_proxy_query_accept_caps:<src_2:proxypad7>[00m proxying accept caps query: 1
0:00:00.342115722 [334m19341[00m 0x7f493c009590 [37mDEBUG  [00m [00;01;34m           GST_EVENT gstpad.c:5548:gst_pad_send_event_unchecked:<src:proxypad3>[00m have event type eos event: 0x7f4920003b30, time 99:99:99.999999999, seq-num 95, (NULL)
0:00:00.342220435 [334m19341[00m 0x7f493c009590 [33;01mLOG    [00m [00;01;31;41m            GST_PADS gstpad.c:2944:gst_pad_forward:<src:proxypad3>[00m calling forward function on pad srcbin-audio_01:src
0:00:00.342230161 [334m19341[00m 0x7f4934007540 [37mDEBUG  [00m [00;01;31;41m            GST_PADS gstpad.c:3954:gst_pad_query:<src_2:proxypad7>[00m sent query 0x7f4910013940 (accept-caps), result 1
0:00:00.342278911 [334m19341[00m 0x7f493c009590 [33;01mLOG    [00m [00;01;31;41m            GST_PADS gstpad.c:2989:event_forward_func:<srcbin-audio_01:src>[00m Reffing and pushing event 0x7f4920003b30 (eos) to srcbin-audio_01:src
0:00:00.342321226 [334m19341[00m 0x7f493c009590 [33;01mLOG    [00m [00;01;31;41m            GST_PADS gstpad.c:5097:store_sticky_event:<srcbin-audio_01:src>[00m stored sticky event eos
0:00:00.342332222 [334m19341[00m 0x7f493c009590 [37mDEBUG  [00m [00;01;31;41m            GST_PADS gstpad.c:3862:check_sticky:<srcbin-audio_01:src>[00m pushing all sticky events
0:00:00.342342878 [334m19341[00m 0x7f493c009590 [37mDEBUG  [00m [00;01;31;41m            GST_PADS gstpad.c:3794:push_sticky:<srcbin-audio_01:src>[00m event stream-start was already received
0:00:00.342398997 [334m19341[00m 0x7f4934007540 [33;01mLOG    [00m [00;01;31;41m            GST_PADS gstpad.c:2944:gst_pad_forward:<src_2:proxypad7>[00m calling forward function on pad urisourcebin0:src_2
0:00:00.342413441 [334m19341[00m 0x7f493c009590 [37mDEBUG  [00m [00;01;31;41m            GST_PADS gstpad.c:3794:push_sticky:<srcbin-audio_01:src>[00m event segment was already received
0:00:00.342420160 [334m19341[00m 0x7f4934007540 [33;01mLOG    [00m [00;01;31;41m            GST_PADS gstpad.c:2989:event_forward_func:<urisourcebin0:src_2>[00m Reffing and pushing event 0x7f494c03b0f0 (caps) to urisourcebin0:src_2
0:00:00.342455873 [334m19341[00m 0x7f493c009590 [33;01mLOG    [00m [00;01;31;41m            GST_PADS gstpad.c:5261:gst_pad_push_event_unchecked:<srcbin-audio_01:src>[00m sending event 0x7f4920003b30 (eos) to peerpad <dashdemux0:internal-audio_01>
0:00:00.342508642 [334m19341[00m 0x7f493c009590 [37mDEBUG  [00m [00;01;34m           GST_EVENT gstpad.c:5548:gst_pad_send_event_unchecked:<dashdemux0:internal-audio_01>[00m have event type eos event: 0x7f4920003b30, time 99:99:99.999999999, seq-num 95, (NULL)
0:00:00.342505901 [334m19341[00m 0x7f4934007540 [33;01mLOG    [00m [00;01;31;41m            GST_PADS gstpad.c:5097:store_sticky_event:<urisourcebin0:src_2>[00m stored sticky event caps
0:00:00.342535606 [334m19341[00m 0x7f493c009590 [37mDEBUG  [00m [00m       adaptivedemux gstadaptivedemux.c:2303:gst_adaptive_demux_stream_fragment_download_finish:<dashdemux0:audio_01>[00m Download finish: 0 ok - err: (nil)
0:00:00.342577595 [334m19341[00m 0x7f493c009590 [37mDEBUG  [00m [00;01;31;41m            GST_PADS gstpad.c:5622:gst_pad_send_event_unchecked:<dashdemux0:internal-audio_01>[00m sent event, ret ok
0:00:00.342604723 [334m19341[00m 0x7f493c009590 [33;01mLOG    [00m [00;01;31;41m            GST_PADS gstpad.c:5097:store_sticky_event:<dashdemux0:internal-audio_01>[00m stored sticky event eos
0:00:00.342580937 [334m19341[00m 0x7f494c03fd40 [37mDEBUG  [00m [00m       adaptivedemux gstadaptivedemux.c:2818:gst_adaptive_demux_stream_download_uri:<dashdemux0:audio_01>[00m header download finished: http://dash.akamaized.net/dash264/TestCases/10a/1/German_Forest_Short_Poem_german-de-68s-2-lc-128000bps_seg.mp4 0 ok
0:00:00.342631181 [334m19341[00m 0x7f4934007540 [37mDEBUG  [00m [00;01;31;41m            GST_PADS gstpad.c:5103:store_sticky_event:<urisourcebin0:src_2>[00m notify caps
0:00:00.342617037 [334m19341[00m 0x7f493c009590 [33;01mLOG    [00m [00;01;31;41m            GST_PADS gstpad.c:5269:gst_pad_push_event_unchecked:<srcbin-audio_01:src>[00m sent event 0x7f4920003b30 (eos) to peerpad <dashdemux0:internal-audio_01>, ret ok
0:00:00.342682393 [334m19341[00m 0x7f493c009590 [37mDEBUG  [00m [00;01;31;41m            GST_PADS gstpad.c:3814:push_sticky:<srcbin-audio_01:src>[00m event eos marked received
0:00:00.342738428 [334m19341[00m 0x7f4934007540 [37mDEBUG  [00m [00;01;31;41m            GST_PADS gstpad.c:3862:check_sticky:<urisourcebin0:src_2>[00m pushing all sticky events
0:00:00.342762418 [334m19341[00m 0x7f493c009590 [37mDEBUG  [00m [00;01;31;41m            GST_PADS gstpad.c:3794:push_sticky:<srcbin-audio_01:src>[00m event custom-downstream-sticky was already received
0:00:00.342750236 [334m19341[00m 0x7f49480038f0 [37mDEBUG  [00m [00m                task gsttask.c:251:gst_task_configure_name:<queue0:src>[00m Setting thread name to 'queue0:src'
0:00:00.342812098 [334m19341[00m 0x7f49480038f0 [37mDEBUG  [00m [00m      queue_dataflow gstqueue.c:1491:gst_queue_loop:<queue0>[00m queue is empty
0:00:00.342791872 [334m19341[00m 0x7f4934007540 [37mDEBUG  [00m [00;01;31;41m            GST_PADS gstpad.c:3794:push_sticky:<urisourcebin0:src_2>[00m event stream-start was already received
0:00:00.342778407 [334m19341[00m 0x7f493c009590 [37mDEBUG  [00m [00;01;31;41m            GST_PADS gstpad.c:5622:gst_pad_send_event_unchecked:<src:proxypad3>[00m sent event, ret ok
0:00:00.342904427 [334m19341[00m 0x7f4934007540 [33;01mLOG    [00m [00;01;31;41m            GST_PADS gstpad.c:5261:gst_pad_push_event_unchecked:<urisourcebin0:src_2>[00m sending event 0x7f494c03b0f0 (caps) to peerpad <decodebin3-0:sink_1>
0:00:00.342934942 [334m19341[00m 0x7f4934007540 [37mDEBUG  [00m [00;01;34m           GST_EVENT gstpad.c:5548:gst_pad_send_event_unchecked:<decodebin3-0:sink_1>[00m have event type caps event: 0x7f494c03b0f0, time 99:99:99.999999999, seq-num 47, GstEventCaps, caps=(GstCaps)"audio/x-m4a\,\ rate\=\(int\)48000";
0:00:00.342976270 [334m19341[00m 0x7f4934007540 [37mDEBUG  [00m [00;01;31;41m            GST_PADS gstpad.c:3931:gst_pad_query:<decodebin3-0:sink_1>[00m doing query 0x7f49100139e0 (accept-caps)
0:00:00.342819856 [334m19341[00m 0x7f49480038f0 [33;01mLOG    [00m [00m      queue_dataflow gstqueue.c:1500:gst_queue_loop:<queue0>[00m (queue0:src) wait for ADD: 0 of 0-0 buffers, 0 of 0-20971520 bytes, 0 of 0-0 ns, 0 items
0:00:00.343084668 [334m19341[00m 0x7f4934007540 [37mDEBUG  [00m [00;01;31;41m            GST_PADS gstutils.c:2594:gst_pad_proxy_query_accept_caps:<decodebin3-0:sink_1>[00m proxying accept caps query for decodebin3-0:sink_1
0:00:00.342989353 [334m19341[00m 0x7f493c009590 [33;01mLOG    [00m [00;01;31;41m            GST_PADS gstpad.c:5097:store_sticky_event:<src:proxypad3>[00m stored sticky event eos
0:00:00.343136852 [334m19341[00m 0x7f493c009590 [33;01mLOG    [00m [00;01;31;41m            GST_PADS gstpad.c:5269:gst_pad_push_event_unchecked:<queue2:src>[00m sent event 0x7f4920003b30 (eos) to peerpad <src:proxypad3>, ret ok
0:00:00.343141959 [334m19341[00m 0x7f4934007540 [33;01mLOG    [00m [00;01;31;41m            GST_PADS gstpad.c:2944:gst_pad_forward:<decodebin3-0:sink_1>[00m calling forward function on pad sink_1:proxypad9
0:00:00.343175052 [334m19341[00m 0x7f4934007540 [37mDEBUG  [00m [00;01;31;41m            GST_PADS gstpad.c:4058:gst_pad_peer_query:<sink_1:proxypad9>[00m peer query 0x7f49100139e0 (accept-caps)
0:00:00.343166794 [334m19341[00m 0x7f493c009590 [37mDEBUG  [00m [00;01;31;41m            GST_PADS gstpad.c:3814:push_sticky:<queue2:src>[00m event eos marked received
0:00:00.343194919 [334m19341[00m 0x7f4934007540 [37mDEBUG  [00m [00;01;31;41m            GST_PADS gstpad.c:3931:gst_pad_query:<parsebin2:sink>[00m doing query 0x7f49100139e0 (accept-caps)
0:00:00.343226306 [334m19341[00m 0x7f493c009590 [37mDEBUG  [00m [00;01;31;41m            GST_PADS gstpad.c:3794:push_sticky:<queue2:src>[00m event custom-downstream-sticky was already received
0:00:00.343299346 [334m19341[00m 0x7f493c009590 [33;01mLOG    [00m [00m      queue_dataflow gstqueue.c:1440:gst_queue_push_one:<queue2>[00m pushed EOS event 0x7f4920003b30, return EOS
0:00:00.343310487 [334m19341[00m 0x7f493c009590 [37mDEBUG  [00m [00;01;31;41m            GST_PADS gstpad.c:6047:gst_pad_pause_task:<queue2:src>[00m pause task
0:00:00.343320326 [334m19341[00m 0x7f493c009590 [37mDEBUG  [00m [00m                task gsttask.c:687:gst_task_set_state:<queue2:src>[00m Changing task 0x7f493c00a290 to state 2
0:00:00.343300683 [334m19341[00m 0x7f4934007540 [37mDEBUG  [00m [00;01;31;41m            GST_PADS gstutils.c:2594:gst_pad_proxy_query_accept_caps:<parsebin2:sink>[00m proxying accept caps query for parsebin2:sink
0:00:00.343380029 [334m19341[00m 0x7f494c03fd40 [37mDEBUG  [00m [00;01;31;41m            GST_PADS gstpad.c:1078:gst_pad_set_active:<srcbin-audio_01:src>[00m deactivating pad from push mode
0:00:00.343405782 [334m19341[00m 0x7f494c03f850 [37mDEBUG  [00m [00;01;31;41m            GST_PADS gstpad.c:1063:gst_pad_set_active:<souphttpsrc0:src>[00m activating pad from none
0:00:00.343332021 [334m19341[00m 0x7f493c009590 [33;01mLOG    [00m [00m      queue_dataflow gstqueue.c:1529:gst_queue_loop:<queue2>[00m pause task, reason:  eos
0:00:00.343394859 [334m19341[00m 0x7f4934007540 [33;01mLOG    [00m [00;01;31;41m            GST_PADS gstpad.c:2944:gst_pad_forward:<parsebin2:sink>[00m calling forward function on pad sink:proxypad12
0:00:00.343422860 [334m19341[00m 0x7f494c03fd40 [37mDEBUG  [00m [00;01;31;41m            GST_PADS gstpad.c:967:pre_activate:<srcbin-audio_01:src>[00m setting PAD_MODE NONE, set flushing
0:00:00.343435535 [334m19341[00m 0x7f494c03f850 [37mDEBUG  [00m [00;01;31;41m            GST_PADS gstpad.c:979:pre_activate:<souphttpsrc0:src>[00m setting pad into push mode, unset flushing
0:00:00.343438967 [334m19341[00m 0x7f4934007540 [37mDEBUG  [00m [00;01;31;41m            GST_PADS gstpad.c:4058:gst_pad_peer_query:<sink:proxypad12>[00m peer query 0x7f49100139e0 (accept-caps)
0:00:00.343426797 [334m19341[00m 0x7f493c009590 [36mINFO   [00m [00m                task gsttask.c:318:gst_task_func:<queue2:src>[00m Task going to paused
0:00:00.343465454 [334m19341[00m 0x7f4934007540 [37mDEBUG  [00m [00;01;31;41m            GST_PADS gstpad.c:3931:gst_pad_query:<typefind:sink>[00m doing query 0x7f49100139e0 (accept-caps)
0:00:00.343478004 [334m19341[00m 0x7f494c03fd40 [37mDEBUG  [00m [00;01;31;41m            GST_PADS gstpad.c:967:pre_activate:<src:proxypad3>[00m setting PAD_MODE NONE, set flushing
0:00:00.343505266 [334m19341[00m 0x7f494c03fd40 [37mDEBUG  [00m [00;01;31;41m            GST_PADS gstpad.c:1207:activate_mode_internal:<srcbin-audio_01:src>[00m already deactivated in push mode
0:00:00.343544090 [334m19341[00m 0x7f494c03fd40 [37mDEBUG  [00m [00;01;31;41m            GST_PADS gstpad.c:1015:post_activate:<src:proxypad3>[00m stopped streaming
0:00:00.343572053 [334m19341[00m 0x7f494c03fd40 [37mDEBUG  [00m [00;01;31;41m            GST_PADS gstpad.c:1188:activate_mode_internal:<src:proxypad3>[00m deactivated in push mode
0:00:00.343610961 [334m19341[00m 0x7f494c03fd40 [37mDEBUG  [00m [00;01;31;41m            GST_PADS gstpad.c:1015:post_activate:<srcbin-audio_01:src>[00m stopped streaming
0:00:00.343582446 [334m19341[00m 0x7f4934007540 [37mDEBUG  [00m [00;01;31;41m            GST_PADS gstpad.c:3931:gst_pad_query:<typefind:sink>[00m doing query 0x7f4910013a30 (caps)
0:00:00.343624782 [334m19341[00m 0x7f494c03fd40 [37mDEBUG  [00m [00;01;31;41m            GST_PADS gstpad.c:1188:activate_mode_internal:<srcbin-audio_01:src>[00m deactivated in push mode
0:00:00.343754764 [334m19341[00m 0x7f4934007540 [37mDEBUG  [00m [00;01;31;41m            GST_PADS gstpad.c:3954:gst_pad_query:<typefind:sink>[00m sent query 0x7f4910013a30 (caps), result 1
0:00:00.343853739 [334m19341[00m 0x7f4934007540 [37mDEBUG  [00m [00;01;31;41m            GST_PADS gstpad.c:3954:gst_pad_query:<typefind:sink>[00m sent query 0x7f49100139e0 (accept-caps), result 1
0:00:00.343875771 [334m19341[00m 0x7f494c03f850 [37mDEBUG  [00m [00;01;34m           GST_EVENT gstevent.c:305:gst_event_new_custom:[00m creating new event 0x7f4948003260 flush-start 2563
0:00:00.343886452 [334m19341[00m 0x7f4934007540 [37mDEBUG  [00m [00;01;31;41m            GST_PADS gstutils.c:2605:gst_pad_proxy_query_accept_caps:<parsebin2:sink>[00m proxying accept caps query: 1
0:00:00.343943573 [334m19341[00m 0x7f4934007540 [37mDEBUG  [00m [00;01;31;41m            GST_PADS gstpad.c:3954:gst_pad_query:<parsebin2:sink>[00m sent query 0x7f49100139e0 (accept-caps), result 1
0:00:00.343956705 [334m19341[00m 0x7f4934007540 [37mDEBUG  [00m [00;01;31;41m            GST_PADS gstutils.c:2605:gst_pad_proxy_query_accept_caps:<decodebin3-0:sink_1>[00m proxying accept caps query: 1
0:00:00.343978296 [334m19341[00m 0x7f494c03f850 [33;01mLOG    [00m [00;01;31;41m            GST_PADS gstpad.c:5261:gst_pad_push_event_unchecked:<souphttpsrc0:src>[00m sending event 0x7f4948003260 (flush-start) to peerpad <queue0:sink>
0:00:00.344010478 [334m19341[00m 0x7f494c03f850 [37mDEBUG  [00m [00;01;34m           GST_EVENT gstpad.c:5506:gst_pad_send_event_unchecked:<queue0:sink>[00m have event type 2563 (FLUSH_START)
0:00:00.344065905 [334m19341[00m 0x7f494c03f850 [37mDEBUG  [00m [00;01;34m           GST_EVENT gstpad.c:5513:gst_pad_send_event_unchecked:<queue0:sink>[00m set flush flag
0:00:00.344095050 [334m19341[00m 0x7f494c03f850 [33;01mLOG    [00m [00m      queue_dataflow gstqueue.c:926:gst_queue_handle_sink_event:<queue0>[00m (queue0:sink) received flush start event: 0 of 0-0 buffers, 0 of 0-20971520 bytes, 0 of 0-0 ns, 0 items
0:00:00.344106442 [334m19341[00m 0x7f494c03f850 [33;01mLOG    [00m [00;01;31;41m            GST_PADS gstpad.c:5261:gst_pad_push_event_unchecked:<queue0:src>[00m sending event 0x7f4948003260 (flush-start) to peerpad <src:proxypad1>
0:00:00.344117950 [334m19341[00m 0x7f494c03fd40 [37mDEBUG  [00m [00;01;31;41m            GST_PADS gstpad.c:1078:gst_pad_set_active:<queue2:src>[00m deactivating pad from push mode
0:00:00.344087868 [334m19341[00m 0x7f4934007540 [37mDEBUG  [00m [00;01;31;41m            GST_PADS gstpad.c:3954:gst_pad_query:<decodebin3-0:sink_1>[00m sent query 0x7f49100139e0 (accept-caps), result 1
0:00:00.344145403 [334m19341[00m 0x7f494c03f850 [37mDEBUG  [00m [00;01;34m           GST_EVENT gstpad.c:5506:gst_pad_send_event_unchecked:<src:proxypad1>[00m have event type 2563 (FLUSH_START)
0:00:00.344157786 [334m19341[00m 0x7f494c03f850 [37mDEBUG  [00m [00;01;34m           GST_EVENT gstpad.c:5513:gst_pad_send_event_unchecked:<src:proxypad1>[00m set flush flag
0:00:00.344143915 [334m19341[00m 0x7f494c03fd40 [37mDEBUG  [00m [00;01;31;41m            GST_PADS gstpad.c:967:pre_activate:<queue2:src>[00m setting PAD_MODE NONE, set flushing
0:00:00.344182860 [334m19341[00m 0x7f494c03fd40 [37mDEBUG  [00m [00;01;31;41m            GST_PADS gstpad.c:6095:gst_pad_stop_task:<queue2:src>[00m stop task
0:00:00.344199209 [334m19341[00m 0x7f494c03fd40 [37mDEBUG  [00m [00m                task gsttask.c:687:gst_task_set_state:<queue2:src>[00m Changing task 0x7f493c00a290 to state 1
0:00:00.344213746 [334m19341[00m 0x7f4934007540 [33;01mLOG    [00m [00;01;31;41m            GST_PADS gstpad.c:2944:gst_pad_forward:<decodebin3-0:sink_1>[00m calling forward function on pad sink_1:proxypad9
0:00:00.344218963 [334m19341[00m 0x7f493c009590 [36mINFO   [00m [00m                task gsttask.c:320:gst_task_func:<queue2:src>[00m Task resume from paused
0:00:00.344217968 [334m19341[00m 0x7f494c03fd40 [37mDEBUG  [00m [00m                task gsttask.c:814:gst_task_join:<queue2:src>[00m Joining task 0x7f493c00a290, thread 0x7f494c03fd40
0:00:00.344192069 [334m19341[00m 0x7f494c03f850 [33;01mLOG    [00m [00;01;31;41m            GST_PADS gstpad.c:2944:gst_pad_forward:<src:proxypad1>[00m calling forward function on pad srcbin-video_00:src
0:00:00.344256239 [334m19341[00m 0x7f493c009590 [37mDEBUG  [00m [00;01;31;41m            GST_PADS gstpad.c:5917:do_stream_status:<queue2:src>[00m doing stream-status 2
0:00:00.344256051 [334m19341[00m 0x7f494c03f850 [33;01mLOG    [00m [00;01;31;41m            GST_PADS gstpad.c:2989:event_forward_func:<srcbin-video_00:src>[00m Reffing and pushing event 0x7f4948003260 (flush-start) to srcbin-video_00:src
0:00:00.344306748 [334m19341[00m 0x7f494c03f850 [33;01mLOG    [00m [00;01;31;41m            GST_PADS gstpad.c:5261:gst_pad_push_event_unchecked:<srcbin-video_00:src>[00m sending event 0x7f4948003260 (flush-start) to peerpad <dashdemux0:internal-video_00>
0:00:00.344333843 [334m19341[00m 0x7f494c03f850 [37mDEBUG  [00m [00;01;34m           GST_EVENT gstpad.c:5506:gst_pad_send_event_unchecked:<dashdemux0:internal-video_00>[00m have event type 2563 (FLUSH_START)
0:00:00.344344436 [334m19341[00m 0x7f494c03f850 [37mDEBUG  [00m [00;01;34m           GST_EVENT gstpad.c:5513:gst_pad_send_event_unchecked:<dashdemux0:internal-video_00>[00m set flush flag
0:00:00.344311145 [334m19341[00m 0x7f493c009590 [37mDEBUG  [00m [00;01;31;41m            GST_PADS gstpad.c:5946:do_stream_status:<queue2:src>[00m posting stream-status 2
0:00:00.344361250 [334m19341[00m 0x7f494c03f850 [37mDEBUG  [00m [00;01;31;41m            GST_PADS gstpad.c:5622:gst_pad_send_event_unchecked:<dashdemux0:internal-video_00>[00m sent event, ret ok
0:00:00.344385666 [334m19341[00m 0x7f494c03f850 [33;01mLOG    [00m [00;01;31;41m            GST_PADS gstpad.c:5269:gst_pad_push_event_unchecked:<srcbin-video_00:src>[00m sent event 0x7f4948003260 (flush-start) to peerpad <dashdemux0:internal-video_00>, ret ok
0:00:00.344297909 [334m19341[00m 0x7f4934007540 [33;01mLOG    [00m [00;01;31;41m            GST_PADS gstpad.c:2989:event_forward_func:<sink_1:proxypad9>[00m Reffing and pushing event 0x7f494c03b0f0 (caps) to sink_1:proxypad9
0:00:00.344426024 [334m19341[00m 0x7f4934007540 [33;01mLOG    [00m [00;01;31;41m            GST_PADS gstpad.c:5097:store_sticky_event:<sink_1:proxypad9>[00m stored sticky event caps
0:00:00.344511729 [334m19341[00m 0x7f494c03f850 [33;01mLOG    [00m [00;01;34m           GST_EVENT gstevent.c:222:_gst_event_free:[00m freeing event 0x7f4948003260 type flush-start
0:00:00.344458873 [334m19341[00m 0x7f4934007540 [37mDEBUG  [00m [00;01;31;41m            GST_PADS gstpad.c:5103:store_sticky_event:<sink_1:proxypad9>[00m notify caps
0:00:00.344528855 [334m19341[00m 0x7f494c03f850 [37mDEBUG  [00m [00;01;31;41m            GST_PADS gstpad.c:5622:gst_pad_send_event_unchecked:<src:proxypad1>[00m sent event, ret ok
0:00:00.344552285 [334m19341[00m 0x7f494c03f850 [33;01mLOG    [00m [00;01;31;41m            GST_PADS gstpad.c:5269:gst_pad_push_event_unchecked:<queue0:src>[00m sent event 0x7f4948003260 (flush-start) to peerpad <src:proxypad1>, ret ok
0:00:00.344587319 [334m19341[00m 0x7f494c03f850 [33;01mLOG    [00m [00m      queue_dataflow gstqueue.c:934:gst_queue_handle_sink_event:<queue0>[00m (queue0:sink) signal ADD: 0 of 0-0 buffers, 0 of 0-20971520 bytes, 0 of 0-0 ns, 0 items
0:00:00.344621198 [334m19341[00m 0x7f494c03f850 [37mDEBUG  [00m [00;01;31;41m            GST_PADS gstpad.c:6047:gst_pad_pause_task:<queue0:src>[00m pause task
0:00:00.344622695 [334m19341[00m 0x7f49480038f0 [33;01mLOG    [00m [00m      queue_dataflow gstqueue.c:1500:gst_queue_loop:<queue0>[00m (queue0:src) received ADD wakeup: 0 of 0-0 buffers, 0 of 0-20971520 bytes, 0 of 0-0 ns, 0 items
0:00:00.344662490 [334m19341[00m 0x7f49480038f0 [37mDEBUG  [00m [00;01;31;41m            GST_PADS gstpad.c:6047:gst_pad_pause_task:<queue0:src>[00m pause task
0:00:00.344643294 [334m19341[00m 0x7f494c03f850 [37mDEBUG  [00m [00m                task gsttask.c:687:gst_task_set_state:<queue0:src>[00m Changing task 0x7f494c048950 to state 2
0:00:00.344704958 [334m19341[00m 0x7f4934007540 [37mDEBUG  [00m [00;01;31;41m            GST_PADS gstpad.c:3862:check_sticky:<sink_1:proxypad9>[00m pushing all sticky events
0:00:00.344683045 [334m19341[00m 0x7f49480038f0 [37mDEBUG  [00m [00m                task gsttask.c:687:gst_task_set_state:<queue0:src>[00m Changing task 0x7f494c048950 to state 2
0:00:00.344720510 [334m19341[00m 0x7f4934007540 [37mDEBUG  [00m [00;01;31;41m            GST_PADS gstpad.c:3794:push_sticky:<sink_1:proxypad9>[00m event stream-start was already received
0:00:00.344733196 [334m19341[00m 0x7f4934007540 [33;01mLOG    [00m [00;01;31;41m            GST_PADS gstpad.c:5261:gst_pad_push_event_unchecked:<sink_1:proxypad9>[00m sending event 0x7f494c03b0f0 (caps) to peerpad <parsebin2:sink>
0:00:00.344719073 [334m19341[00m 0x7f49480038f0 [33;01mLOG    [00m [00m      queue_dataflow gstqueue.c:1529:gst_queue_loop:<queue0>[00m pause task, reason:  flushing
0:00:00.344766820 [334m19341[00m 0x7f49480038f0 [36mINFO   [00m [00m                task gsttask.c:318:gst_task_func:<queue0:src>[00m Task going to paused
0:00:00.344767493 [334m19341[00m 0x7f494c03f850 [33;01mLOG    [00m [00m      queue_dataflow gstqueue.c:941:gst_queue_handle_sink_event:<queue0>[00m loop stopped
0:00:00.344771448 [334m19341[00m 0x7f4934007540 [37mDEBUG  [00m [00;01;34m           GST_EVENT gstpad.c:5548:gst_pad_send_event_unchecked:<parsebin2:sink>[00m have event type caps event: 0x7f494c03b0f0, time 99:99:99.999999999, seq-num 47, GstEventCaps, caps=(GstCaps)"audio/x-m4a\,\ rate\=\(int\)48000";
0:00:00.344790746 [334m19341[00m 0x7f494c03f850 [37mDEBUG  [00m [00;01;31;41m            GST_PADS gstpad.c:5622:gst_pad_send_event_unchecked:<queue0:sink>[00m sent event, ret ok
0:00:00.344817049 [334m19341[00m 0x7f494c03f850 [33;01mLOG    [00m [00;01;31;41m            GST_PADS gstpad.c:5269:gst_pad_push_event_unchecked:<souphttpsrc0:src>[00m sent event 0x7f4948003260 (flush-start) to peerpad <queue0:sink>, ret ok
