0:00:00.392470624 [334m19341[00m 0x7f494c03fd40 [37mDEBUG  [00m [00m       adaptivedemux gstadaptivedemux.c:2818:gst_adaptive_demux_stream_download_uri:<dashdemux0:audio_01>[00m index download finished: http://dash.akamaized.net/dash264/TestCases/10a/1/German_Forest_Short_Poem_german-de-68s-2-lc-128000bps_seg.mp4 0 ok
0:00:00.392467881 [334m19341[00m 0x7f493c009590 [37mDEBUG  [00m [00;01;31;41m            GST_PADS gstpad.c:5622:gst_pad_send_event_unchecked:<dashdemux0:internal-audio_01>[00m sent event, ret ok
0:00:00.392449628 [334m19341[00m 0x7f49300068a0 [33;01mLOG    [00m [00;01;31;41m            GST_PADS gstpad.c:5097:store_sticky_event:<queue2-0:src>[00m stored sticky event segment
0:00:00.392498862 [334m19341[00m 0x7f493c009590 [33;01mLOG    [00m [00;01;31;41m            GST_PADS gstpad.c:5097:store_sticky_event:<dashdemux0:internal-audio_01>[00m stored sticky event eos
0:00:00.392506942 [334m19341[00m 0x7f49300068a0 [37mDEBUG  [00m [00;01;31;41m            GST_PADS gstpad.c:3862:check_sticky:<queue2-0:src>[00m pushing all sticky events
0:00:00.392567126 [334m19341[00m 0x7f49300068a0 [37mDEBUG  [00m [00;01;31;41m            GST_PADS gstpad.c:3794:push_sticky:<queue2-0:src>[00m event stream-start was already received
0:00:00.392578637 [334m19341[00m 0x7f49300068a0 [37mDEBUG  [00m [00;01;31;41m            GST_PADS gstpad.c:3794:push_sticky:<queue2-0:src>[00m event caps was already received
0:00:00.392554458 [334m19341[00m 0x7f4930006e80 [33;01mLOG    [00m [00m        urisourcebin gsturisourcebin.c:1263:source_pad_event_probe:<queue2-1:src>[00m segment, urisrc 0x7f494c03b160
0:00:00.392601379 [334m19341[00m 0x7f493c009590 [33;01mLOG    [00m [00;01;31;41m            GST_PADS gstpad.c:5269:gst_pad_push_event_unchecked:<srcbin-audio_01:src>[00m sent event 0x7f4924002580 (eos) to peerpad <dashdemux0:internal-audio_01>, ret ok
0:00:00.392634979 [334m19341[00m 0x7f4930006e80 [33;01mLOG    [00m [00;01;31;41m            GST_PADS gstpad.c:5261:gst_pad_push_event_unchecked:<queue2-1:src>[00m sending event 0x7f494c03b160 (segment) to peerpad <src_1:proxypad5>
0:00:00.392657668 [334m19341[00m 0x7f4934007540 [37mDEBUG  [00m [00;01;35m      GST_SCHEDULING gstpad.c:4202:gst_pad_chain_data_unchecked:<typefind:sink>[00m calling chainfunction &gst_type_find_element_chain with buffer buffer: 0x7f492c0114e0, pts 0:00:00.000000000, dts 99:99:99.999999999, dur 99:99:99.999999999, size 606, offset 0, offset_end 606, flags 0x40
0:00:00.392657884 [334m19341[00m 0x7f4930006e80 [37mDEBUG  [00m [00;01;34m           GST_EVENT gstpad.c:5548:gst_pad_send_event_unchecked:<src_1:proxypad5>[00m have event type segment event: 0x7f494c03b160, time 99:99:99.999999999, seq-num 37, GstEventSegment, segment=(GstSegment)"GstSegment, flags=(GstSegmentFlags)GST_SEGMENT_FLAG_NONE, rate=(double)1, applied-rate=(double)1, format=(GstFormat)GST_FORMAT_TIME, base=(guint64)0, offset=(guint64)0, start=(guint64)0, stop=(guint64)18446744073709551615, time=(guint64)0, position=(guint64)0, duration=(guint64)18446744073709551615;";
0:00:00.392724465 [334m19341[00m 0x7f49300068a0 [33;01mLOG    [00m [00m        urisourcebin gsturisourcebin.c:1263:source_pad_event_probe:<queue2-0:src>[00m segment, urisrc 0x7f494c009f30
0:00:00.392774159 [334m19341[00m 0x7f4930006e80 [33;01mLOG    [00m [00;01;31;41m            GST_PADS gstpad.c:2944:gst_pad_forward:<src_1:proxypad5>[00m calling forward function on pad urisourcebin0:src_1
0:00:00.392877472 [334m19341[00m 0x7f49300068a0 [33;01mLOG    [00m [00;01;31;41m            GST_PADS gstpad.c:5261:gst_pad_push_event_unchecked:<queue2-0:src>[00m sending event 0x7f494c009f30 (segment) to peerpad <src_0:proxypad4>
0:00:00.392815905 [334m19341[00m 0x7f4930006e80 [33;01mLOG    [00m [00;01;31;41m            GST_PADS gstpad.c:2989:event_forward_func:<urisourcebin0:src_1>[00m Reffing and pushing event 0x7f494c03b160 (segment) to urisourcebin0:src_1
0:00:00.392918160 [334m19341[00m 0x7f493c009590 [37mDEBUG  [00m [00;01;31;41m            GST_PADS gstpad.c:3814:push_sticky:<srcbin-audio_01:src>[00m event eos marked received
0:00:00.392906382 [334m19341[00m 0x7f49300068a0 [37mDEBUG  [00m [00;01;34m           GST_EVENT gstpad.c:5548:gst_pad_send_event_unchecked:<src_0:proxypad4>[00m have event type segment event: 0x7f494c009f30, time 99:99:99.999999999, seq-num 37, GstEventSegment, segment=(GstSegment)"GstSegment, flags=(GstSegmentFlags)GST_SEGMENT_FLAG_NONE, rate=(double)1, applied-rate=(double)1, format=(GstFormat)GST_FORMAT_TIME, base=(guint64)0, offset=(guint64)0, start=(guint64)0, stop=(guint64)18446744073709551615, time=(guint64)0, position=(guint64)0, duration=(guint64)18446744073709551615;";
0:00:00.392929983 [334m19341[00m 0x7f493c009590 [37mDEBUG  [00m [00;01;31;41m            GST_PADS gstpad.c:3794:push_sticky:<srcbin-audio_01:src>[00m event custom-downstream-sticky was already received
0:00:00.392972054 [334m19341[00m 0x7f493c009590 [37mDEBUG  [00m [00;01;31;41m            GST_PADS gstpad.c:5622:gst_pad_send_event_unchecked:<src:proxypad3>[00m sent event, ret ok
0:00:00.392970163 [334m19341[00m 0x7f49300068a0 [33;01mLOG    [00m [00;01;31;41m            GST_PADS gstpad.c:2944:gst_pad_forward:<src_0:proxypad4>[00m calling forward function on pad urisourcebin0:src_0
0:00:00.392916369 [334m19341[00m 0x7f4930006e80 [33;01mLOG    [00m [00;01;31;41m            GST_PADS gstpad.c:5097:store_sticky_event:<urisourcebin0:src_1>[00m stored sticky event segment
0:00:00.392983883 [334m19341[00m 0x7f493c009590 [33;01mLOG    [00m [00;01;31;41m            GST_PADS gstpad.c:5097:store_sticky_event:<src:proxypad3>[00m stored sticky event eos
0:00:00.393005527 [334m19341[00m 0x7f4930006e80 [37mDEBUG  [00m [00;01;31;41m            GST_PADS gstpad.c:3862:check_sticky:<urisourcebin0:src_1>[00m pushing all sticky events
0:00:00.392993866 [334m19341[00m 0x7f49300068a0 [33;01mLOG    [00m [00;01;31;41m            GST_PADS gstpad.c:2989:event_forward_func:<urisourcebin0:src_0>[00m Reffing and pushing event 0x7f494c009f30 (segment) to urisourcebin0:src_0
0:00:00.393016015 [334m19341[00m 0x7f4930006e80 [37mDEBUG  [00m [00;01;31;41m            GST_PADS gstpad.c:3794:push_sticky:<urisourcebin0:src_1>[00m event stream-start was already received
0:00:00.393025151 [334m19341[00m 0x7f49300068a0 [33;01mLOG    [00m [00;01;31;41m            GST_PADS gstpad.c:5097:store_sticky_event:<urisourcebin0:src_0>[00m stored sticky event segment
0:00:00.393051319 [334m19341[00m 0x7f4930006e80 [37mDEBUG  [00m [00;01;31;41m            GST_PADS gstpad.c:3794:push_sticky:<urisourcebin0:src_1>[00m event caps was already received
0:00:00.393062590 [334m19341[00m 0x7f4930006e80 [33;01mLOG    [00m [00;01;31;41m            GST_PADS gstpad.c:5261:gst_pad_push_event_unchecked:<urisourcebin0:src_1>[00m sending event 0x7f494c03b160 (segment) to peerpad <decodebin3-0:sink_0>
0:00:00.393103171 [334m19341[00m 0x7f49300068a0 [37mDEBUG  [00m [00;01;31;41m            GST_PADS gstpad.c:3862:check_sticky:<urisourcebin0:src_0>[00m pushing all sticky events
0:00:00.393083667 [334m19341[00m 0x7f493c009590 [33;01mLOG    [00m [00;01;31;41m            GST_PADS gstpad.c:5269:gst_pad_push_event_unchecked:<queue2:src>[00m sent event 0x7f4924002580 (eos) to peerpad <src:proxypad3>, ret ok
0:00:00.393141971 [334m19341[00m 0x7f493c009590 [37mDEBUG  [00m [00;01;31;41m            GST_PADS gstpad.c:3814:push_sticky:<queue2:src>[00m event eos marked received
0:00:00.393139260 [334m19341[00m 0x7f4930006e80 [37mDEBUG  [00m [00;01;34m           GST_EVENT gstpad.c:5548:gst_pad_send_event_unchecked:<decodebin3-0:sink_0>[00m have event type segment event: 0x7f494c03b160, time 99:99:99.999999999, seq-num 37, GstEventSegment, segment=(GstSegment)"GstSegment, flags=(GstSegmentFlags)GST_SEGMENT_FLAG_NONE, rate=(double)1, applied-rate=(double)1, format=(GstFormat)GST_FORMAT_TIME, base=(guint64)0, offset=(guint64)0, start=(guint64)0, stop=(guint64)18446744073709551615, time=(guint64)0, position=(guint64)0, duration=(guint64)18446744073709551615;";
0:00:00.393161186 [334m19341[00m 0x7f49300068a0 [37mDEBUG  [00m [00;01;31;41m            GST_PADS gstpad.c:3794:push_sticky:<urisourcebin0:src_0>[00m event stream-start was already received
0:00:00.393189820 [334m19341[00m 0x7f494c03fd40 [37mDEBUG  [00m [00;01;31;41m            GST_PADS gstpad.c:1078:gst_pad_set_active:<srcbin-audio_01:src>[00m deactivating pad from push mode
0:00:00.393207252 [334m19341[00m 0x7f4930006e80 [33;01mLOG    [00m [00;01;31;41m            GST_PADS gstpad.c:2944:gst_pad_forward:<decodebin3-0:sink_0>[00m calling forward function on pad sink_0:proxypad8
0:00:00.393208296 [334m19341[00m 0x7f493c009590 [37mDEBUG  [00m [00;01;31;41m            GST_PADS gstpad.c:3794:push_sticky:<queue2:src>[00m event custom-downstream-sticky was already received
0:00:00.393183506 [334m19341[00m 0x7f49300068a0 [37mDEBUG  [00m [00;01;31;41m            GST_PADS gstpad.c:3794:push_sticky:<urisourcebin0:src_0>[00m event caps was already received
0:00:00.393246208 [334m19341[00m 0x7f494c03f850 [37mDEBUG  [00m [00m                task gsttask.c:687:gst_task_set_state:<task22>[00m Changing task 0x7f494c048b90 to state 0
0:00:00.393248091 [334m19341[00m 0x7f4930006e80 [33;01mLOG    [00m [00;01;31;41m            GST_PADS gstpad.c:2989:event_forward_func:<sink_0:proxypad8>[00m Reffing and pushing event 0x7f494c03b160 (segment) to sink_0:proxypad8
0:00:00.393235724 [334m19341[00m 0x7f49300068a0 [33;01mLOG    [00m [00;01;31;41m            GST_PADS gstpad.c:5261:gst_pad_push_event_unchecked:<urisourcebin0:src_0>[00m sending event 0x7f494c009f30 (segment) to peerpad <decodebin3-0:sink>
0:00:00.393237833 [334m19341[00m 0x7f493c009590 [33;01mLOG    [00m [00m      queue_dataflow gstqueue.c:1440:gst_queue_push_one:<queue2>[00m pushed EOS event 0x7f4924002580, return EOS
0:00:00.393271801 [334m19341[00m 0x7f493c009590 [37mDEBUG  [00m [00;01;31;41m            GST_PADS gstpad.c:6047:gst_pad_pause_task:<queue2:src>[00m pause task
0:00:00.393274290 [334m19341[00m 0x7f4930006e80 [33;01mLOG    [00m [00;01;31;41m            GST_PADS gstpad.c:5097:store_sticky_event:<sink_0:proxypad8>[00m stored sticky event segment
0:00:00.393290619 [334m19341[00m 0x7f49480038f0 [37mDEBUG  [00m [00m                task gsttask.c:289:gst_task_func:[00m Entering task 0x7f494c048b90, thread 0x7f49480038f0
0:00:00.393263854 [334m19341[00m 0x7f494c03fd40 [37mDEBUG  [00m [00;01;31;41m            GST_PADS gstpad.c:967:pre_activate:<srcbin-audio_01:src>[00m setting PAD_MODE NONE, set flushing
0:00:00.393307717 [334m19341[00m 0x7f493c009590 [37mDEBUG  [00m [00m                task gsttask.c:687:gst_task_set_state:<queue2:src>[00m Changing task 0x7f493c00a4d0 to state 2
0:00:00.393288877 [334m19341[00m 0x7f494c03f850 [37mDEBUG  [00m [00;01;31;41m            GST_PADS gstpad.c:1188:activate_mode_internal:<queue0:src>[00m activated in push mode
0:00:00.393319919 [334m19341[00m 0x7f493c009590 [33;01mLOG    [00m [00m      queue_dataflow gstqueue.c:1529:gst_queue_loop:<queue2>[00m pause task, reason:  eos
0:00:00.393309574 [334m19341[00m 0x7f4930006e80 [37mDEBUG  [00m [00;01;31;41m            GST_PADS gstpad.c:3862:check_sticky:<sink_0:proxypad8>[00m pushing all sticky events
0:00:00.393289532 [334m19341[00m 0x7f49300068a0 [37mDEBUG  [00m [00;01;34m           GST_EVENT gstpad.c:5548:gst_pad_send_event_unchecked:<decodebin3-0:sink>[00m have event type segment event: 0x7f494c009f30, time 99:99:99.999999999, seq-num 37, GstEventSegment, segment=(GstSegment)"GstSegment, flags=(GstSegmentFlags)GST_SEGMENT_FLAG_NONE, rate=(double)1, applied-rate=(double)1, format=(GstFormat)GST_FORMAT_TIME, base=(guint64)0, offset=(guint64)0, start=(guint64)0, stop=(guint64)18446744073709551615, time=(guint64)0, position=(guint64)0, duration=(guint64)18446744073709551615;";
0:00:00.393340815 [334m19341[00m 0x7f494c03f850 [37mDEBUG  [00m [00;01;31;41m            GST_PADS gstpad.c:1063:gst_pad_set_active:<queue0:sink>[00m activating pad from none
0:00:00.393363391 [334m19341[00m 0x7f4930006e80 [37mDEBUG  [00m [00;01;31;41m            GST_PADS gstpad.c:3794:push_sticky:<sink_0:proxypad8>[00m event stream-start was already received
0:00:00.393312492 [334m19341[00m 0x7f49480038f0 [37mDEBUG  [00m [00;01;31;41m            GST_PADS gstpad.c:5917:do_stream_status:<queue0:src>[00m doing stream-status 1
0:00:00.393375522 [334m19341[00m 0x7f4930006e80 [37mDEBUG  [00m [00;01;31;41m            GST_PADS gstpad.c:3794:push_sticky:<sink_0:proxypad8>[00m event caps was already received
0:00:00.393361270 [334m19341[00m 0x7f4934007540 [37mDEBUG  [00m [00;01;31;41m            GST_PADS gstpad.c:3931:gst_pad_query:<typefind:src>[00m doing query 0x7f4910013b20 (seeking)
0:00:00.393348338 [334m19341[00m 0x7f494c03fd40 [37mDEBUG  [00m [00;01;31;41m            GST_PADS gstpad.c:967:pre_activate:<src:proxypad3>[00m setting PAD_MODE NONE, set flushing
0:00:00.393400425 [334m19341[00m 0x7f4930006e80 [33;01mLOG    [00m [00;01;31;41m            GST_PADS gstpad.c:5261:gst_pad_push_event_unchecked:<sink_0:proxypad8>[00m sending event 0x7f494c03b160 (segment) to peerpad <parsebin1:sink>
0:00:00.393344201 [334m19341[00m 0x7f493c009590 [36mINFO   [00m [00m                task gsttask.c:318:gst_task_func:<queue2:src>[00m Task going to paused
0:00:00.393413034 [334m19341[00m 0x7f4930006e80 [37mDEBUG  [00m [00;01;34m           GST_EVENT gstpad.c:5548:gst_pad_send_event_unchecked:<parsebin1:sink>[00m have event type segment event: 0x7f494c03b160, time 99:99:99.999999999, seq-num 37, GstEventSegment, segment=(GstSegment)"GstSegment, flags=(GstSegmentFlags)GST_SEGMENT_FLAG_NONE, rate=(double)1, applied-rate=(double)1, format=(GstFormat)GST_FORMAT_TIME, base=(guint64)0, offset=(guint64)0, start=(guint64)0, stop=(guint64)18446744073709551615, time=(guint64)0, position=(guint64)0, duration=(guint64)18446744073709551615;";
0:00:00.393403903 [334m19341[00m 0x7f49300068a0 [33;01mLOG    [00m [00;01;31;41m            GST_PADS gstpad.c:2944:gst_pad_forward:<decodebin3-0:sink>[00m calling forward function on pad sink:proxypad0
0:00:00.393389805 [334m19341[00m 0x7f494c03f850 [37mDEBUG  [00m [00;01;31;41m            GST_PADS gstpad.c:979:pre_activate:<queue0:sink>[00m setting pad into push mode, unset flushing
0:00:00.393420380 [334m19341[00m 0x7f494c03fd40 [37mDEBUG  [00m [00;01;31;41m            GST_PADS gstpad.c:1207:activate_mode_internal:<srcbin-audio_01:src>[00m already deactivated in push mode
0:00:00.393447768 [334m19341[00m 0x7f49480038f0 [37mDEBUG  [00m [00;01;31;41m            GST_PADS gstpad.c:5946:do_stream_status:<queue0:src>[00m posting stream-status 1
0:00:00.393497654 [334m19341[00m 0x7f494c03fd40 [37mDEBUG  [00m [00;01;31;41m            GST_PADS gstpad.c:1015:post_activate:<src:proxypad3>[00m stopped streaming
0:00:00.393457148 [334m19341[00m 0x7f49300068a0 [33;01mLOG    [00m [00;01;31;41m            GST_PADS gstpad.c:2989:event_forward_func:<sink:proxypad0>[00m Reffing and pushing event 0x7f494c009f30 (segment) to sink:proxypad0
0:00:00.393479410 [334m19341[00m 0x7f4930006e80 [33;01mLOG    [00m [00;01;31;41m            GST_PADS gstpad.c:2944:gst_pad_forward:<parsebin1:sink>[00m calling forward function on pad sink:proxypad10
0:00:00.393488585 [334m19341[00m 0x7f494c03f850 [37mDEBUG  [00m [00;01;31;41m            GST_PADS gstpad.c:991:pre_activate:<queue0:sink>[00m reschedule events on peer souphttpsrc0:src
0:00:00.393518480 [334m19341[00m 0x7f49300068a0 [33;01mLOG    [00m [00;01;31;41m            GST_PADS gstpad.c:5097:store_sticky_event:<sink:proxypad0>[00m stored sticky event segment
0:00:00.393522934 [334m19341[00m 0x7f494c03f850 [37mDEBUG  [00m [00;01;31;41m            GST_PADS gstpad.c:1188:activate_mode_internal:<queue0:sink>[00m activated in push mode
0:00:00.393520383 [334m19341[00m 0x7f4930006e80 [33;01mLOG    [00m [00;01;31;41m            GST_PADS gstpad.c:2989:event_forward_func:<sink:proxypad10>[00m Reffing and pushing event 0x7f494c03b160 (segment) to sink:proxypad10
0:00:00.393560312 [334m19341[00m 0x7f4930006e80 [33;01mLOG    [00m [00;01;31;41m            GST_PADS gstpad.c:5097:store_sticky_event:<sink:proxypad10>[00m stored sticky event segment
0:00:00.393531843 [334m19341[00m 0x7f49300068a0 [37mDEBUG  [00m [00;01;31;41m            GST_PADS gstpad.c:3862:check_sticky:<sink:proxypad0>[00m pushing all sticky events
0:00:00.393588875 [334m19341[00m 0x7f4930006e80 [37mDEBUG  [00m [00;01;31;41m            GST_PADS gstpad.c:3862:check_sticky:<sink:proxypad10>[00m pushing all sticky events
0:00:00.393596916 [334m19341[00m 0x7f4930006e80 [37mDEBUG  [00m [00;01;31;41m            GST_PADS gstpad.c:3794:push_sticky:<sink:proxypad10>[00m event stream-start was already received
0:00:00.393609539 [334m19341[00m 0x7f49300068a0 [37mDEBUG  [00m [00;01;31;41m            GST_PADS gstpad.c:3794:push_sticky:<sink:proxypad0>[00m event stream-start was already received
0:00:00.393562080 [334m19341[00m 0x7f494c03fd40 [37mDEBUG  [00m [00;01;31;41m            GST_PADS gstpad.c:1188:activate_mode_internal:<src:proxypad3>[00m deactivated in push mode
0:00:00.393629864 [334m19341[00m 0x7f4930006e80 [37mDEBUG  [00m [00;01;31;41m            GST_PADS gstpad.c:3794:push_sticky:<sink:proxypad10>[00m event caps was already received
0:00:00.393668666 [334m19341[00m 0x7f4930006e80 [33;01mLOG    [00m [00;01;31;41m            GST_PADS gstpad.c:5261:gst_pad_push_event_unchecked:<sink:proxypad10>[00m sending event 0x7f494c03b160 (segment) to peerpad <typefind:sink>
0:00:00.393672467 [334m19341[00m 0x7f494c03fd40 [37mDEBUG  [00m [00;01;31;41m            GST_PADS gstpad.c:1015:post_activate:<srcbin-audio_01:src>[00m stopped streaming
0:00:00.393678334 [334m19341[00m 0x7f4930006e80 [37mDEBUG  [00m [00;01;34m           GST_EVENT gstpad.c:5548:gst_pad_send_event_unchecked:<typefind:sink>[00m have event type segment event: 0x7f494c03b160, time 99:99:99.999999999, seq-num 37, GstEventSegment, segment=(GstSegment)"GstSegment, flags=(GstSegmentFlags)GST_SEGMENT_FLAG_NONE, rate=(double)1, applied-rate=(double)1, format=(GstFormat)GST_FORMAT_TIME, base=(guint64)0, offset=(guint64)0, start=(guint64)0, stop=(guint64)18446744073709551615, time=(guint64)0, position=(guint64)0, duration=(guint64)18446744073709551615;";
0:00:00.393698746 [334m19341[00m 0x7f494c03fd40 [37mDEBUG  [00m [00;01;31;41m            GST_PADS gstpad.c:1188:activate_mode_internal:<srcbin-audio_01:src>[00m deactivated in push mode
0:00:00.393671926 [334m19341[00m 0x7f4934007540 [33;01mLOG    [00m [00;01;31;41m            GST_PADS gstpad.c:2944:gst_pad_forward:<typefind:src>[00m calling forward function on pad typefind:sink
0:00:00.393651008 [334m19341[00m 0x7f49300068a0 [37mDEBUG  [00m [00;01;31;41m            GST_PADS gstpad.c:3794:push_sticky:<sink:proxypad0>[00m event caps was already received
0:00:00.393753125 [334m19341[00m 0x7f4934007540 [33;01mLOG    [00m [00;01;31;41m            GST_PADS gstpad.c:3315:query_forward_func:<typefind:sink>[00m query peer 0x7f4910013b20 (seeking) of typefind:sink
0:00:00.393765760 [334m19341[00m 0x7f4934007540 [37mDEBUG  [00m [00;01;31;41m            GST_PADS gstpad.c:4058:gst_pad_peer_query:<typefind:sink>[00m peer query 0x7f4910013b20 (seeking)
0:00:00.393757459 [334m19341[00m 0x7f49300068a0 [33;01mLOG    [00m [00;01;31;41m            GST_PADS gstpad.c:5261:gst_pad_push_event_unchecked:<sink:proxypad0>[00m sending event 0x7f494c009f30 (segment) to peerpad <parsebin0:sink>
0:00:00.393776968 [334m19341[00m 0x7f4934007540 [37mDEBUG  [00m [00;01;31;41m            GST_PADS gstpad.c:3931:gst_pad_query:<sink:proxypad12>[00m doing query 0x7f4910013b20 (seeking)
0:00:00.393832039 [334m19341[00m 0x7f4930006e80 [33;01mLOG    [00m [00;01;31;41m            GST_PADS gstpad.c:5097:store_sticky_event:<typefind:src>[00m stored sticky event segment
0:00:00.393800042 [334m19341[00m 0x7f49300068a0 [37mDEBUG  [00m [00;01;34m           GST_EVENT gstpad.c:5548:gst_pad_send_event_unchecked:<parsebin0:sink>[00m have event type segment event: 0x7f494c009f30, time 99:99:99.999999999, seq-num 37, GstEventSegment, segment=(GstSegment)"GstSegment, flags=(GstSegmentFlags)GST_SEGMENT_FLAG_NONE, rate=(double)1, applied-rate=(double)1, format=(GstFormat)GST_FORMAT_TIME, base=(guint64)0, offset=(guint64)0, start=(guint64)0, stop=(guint64)18446744073709551615, time=(guint64)0, position=(guint64)0, duration=(guint64)18446744073709551615;";
0:00:00.393865165 [334m19341[00m 0x7f4930006e80 [37mDEBUG  [00m [00;01;31;41m            GST_PADS gstpad.c:3862:check_sticky:<typefind:src>[00m pushing all sticky events
0:00:00.393886999 [334m19341[00m 0x7f4930006e80 [37mDEBUG  [00m [00;01;31;41m            GST_PADS gstpad.c:3794:push_sticky:<typefind:src>[00m event stream-start was already received
0:00:00.393897975 [334m19341[00m 0x7f4930006e80 [37mDEBUG  [00m [00;01;31;41m            GST_PADS gstpad.c:3794:push_sticky:<typefind:src>[00m event caps was already received
0:00:00.393936496 [334m19341[00m 0x7f49300068a0 [33;01mLOG    [00m [00;01;31;41m            GST_PADS gstpad.c:2944:gst_pad_forward:<parsebin0:sink>[00m calling forward function on pad sink:proxypad6
0:00:00.393962531 [334m19341[00m 0x7f49300068a0 [33;01mLOG    [00m [00;01;31;41m            GST_PADS gstpad.c:2989:event_forward_func:<sink:proxypad6>[00m Reffing and pushing event 0x7f494c009f30 (segment) to sink:proxypad6
0:00:00.393956537 [334m19341[00m 0x7f4934007540 [33;01mLOG    [00m [00;01;31;41m            GST_PADS gstpad.c:2944:gst_pad_forward:<sink:proxypad12>[00m calling forward function on pad parsebin2:sink
0:00:00.393974323 [334m19341[00m 0x7f49300068a0 [33;01mLOG    [00m [00;01;31;41m            GST_PADS gstpad.c:5097:store_sticky_event:<sink:proxypad6>[00m stored sticky event segment
0:00:00.393992698 [334m19341[00m 0x7f4934007540 [33;01mLOG    [00m [00;01;31;41m            GST_PADS gstpad.c:3315:query_forward_func:<parsebin2:sink>[00m query peer 0x7f4910013b20 (seeking) of parsebin2:sink
0:00:00.394017900 [334m19341[00m 0x7f49300068a0 [37mDEBUG  [00m [00;01;31;41m            GST_PADS gstpad.c:3862:check_sticky:<sink:proxypad6>[00m pushing all sticky events
0:00:00.394042260 [334m19341[00m 0x7f4934007540 [37mDEBUG  [00m [00;01;31;41m            GST_PADS gstpad.c:4058:gst_pad_peer_query:<parsebin2:sink>[00m peer query 0x7f4910013b20 (seeking)
0:00:00.394077982 [334m19341[00m 0x7f4934007540 [37mDEBUG  [00m [00;01;31;41m            GST_PADS gstpad.c:3931:gst_pad_query:<sink_1:proxypad9>[00m doing query 0x7f4910013b20 (seeking)
0:00:00.394080458 [334m19341[00m 0x7f49300068a0 [37mDEBUG  [00m [00;01;31;41m            GST_PADS gstpad.c:3794:push_sticky:<sink:proxypad6>[00m event stream-start was already received
0:00:00.394148508 [334m19341[00m 0x7f49300068a0 [37mDEBUG  [00m [00;01;31;41m            GST_PADS gstpad.c:3794:push_sticky:<sink:proxypad6>[00m event caps was already received
0:00:00.394176127 [334m19341[00m 0x7f49300068a0 [33;01mLOG    [00m [00;01;31;41m            GST_PADS gstpad.c:5261:gst_pad_push_event_unchecked:<sink:proxypad6>[00m sending event 0x7f494c009f30 (segment) to peerpad <typefind:sink>
0:00:00.394160971 [334m19341[00m 0x7f4934007540 [33;01mLOG    [00m [00;01;31;41m            GST_PADS gstpad.c:2944:gst_pad_forward:<sink_1:proxypad9>[00m calling forward function on pad decodebin3-0:sink_1
0:00:00.394276693 [334m19341[00m 0x7f4934007540 [33;01mLOG    [00m [00;01;31;41m            GST_PADS gstpad.c:3315:query_forward_func:<decodebin3-0:sink_1>[00m query peer 0x7f4910013b20 (seeking) of decodebin3-0:sink_1
0:00:00.394214257 [334m19341[00m 0x7f49300068a0 [37mDEBUG  [00m [00;01;34m           GST_EVENT gstpad.c:5548:gst_pad_send_event_unchecked:<typefind:sink>[00m have event type segment event: 0x7f494c009f30, time 99:99:99.999999999, seq-num 37, GstEventSegment, segment=(GstSegment)"GstSegment, flags=(GstSegmentFlags)GST_SEGMENT_FLAG_NONE, rate=(double)1, applied-rate=(double)1, format=(GstFormat)GST_FORMAT_TIME, base=(guint64)0, offset=(guint64)0, start=(guint64)0, stop=(guint64)18446744073709551615, time=(guint64)0, position=(guint64)0, duration=(guint64)18446744073709551615;";
0:00:00.394300589 [334m19341[00m 0x7f4934007540 [37mDEBUG  [00m [00;01;31;41m            GST_PADS gstpad.c:4058:gst_pad_peer_query:<decodebin3-0:sink_1>[00m peer query 0x7f4910013b20 (seeking)
0:00:00.394352290 [334m19341[00m 0x7f49300068a0 [33;01mLOG    [00m [00;01;31;41m            GST_PADS gstpad.c:5097:store_sticky_event:<typefind:src>[00m stored sticky event segment
0:00:00.394360150 [334m19341[00m 0x7f4934007540 [37mDEBUG  [00m [00;01;31;41m            GST_PADS gstpad.c:3931:gst_pad_query:<urisourcebin0:src_2>[00m doing query 0x7f4910013b20 (seeking)
0:00:00.394386438 [334m19341[00m 0x7f49300068a0 [37mDEBUG  [00m [00;01;31;41m            GST_PADS gstpad.c:3862:check_sticky:<typefind:src>[00m pushing all sticky events
0:00:00.394438804 [334m19341[00m 0x7f4930006e80 [37mDEBUG  [00m [00;01;31;41m            GST_PADS gstpad.c:3814:push_sticky:<typefind:src>[00m event segment marked received
0:00:00.394421559 [334m19341[00m 0x7f49300068a0 [37mDEBUG  [00m [00;01;31;41m            GST_PADS gstpad.c:3794:push_sticky:<typefind:src>[00m event stream-start was already received
0:00:00.394466215 [334m19341[00m 0x7f4930006e80 [37mDEBUG  [00m [00;01;31;41m            GST_PADS gstpad.c:5622:gst_pad_send_event_unchecked:<typefind:sink>[00m sent event, ret ok
0:00:00.394430547 [334m19341[00m 0x7f4934007540 [33;01mLOG    [00m [00;01;31;41m            GST_PADS gstpad.c:2944:gst_pad_forward:<urisourcebin0:src_2>[00m calling forward function on pad src_2:proxypad7
0:00:00.394453758 [334m19341[00m 0x7f49300068a0 [37mDEBUG  [00m [00;01;31;41m            GST_PADS gstpad.c:3794:push_sticky:<typefind:src>[00m event caps was already received
0:00:00.394477446 [334m19341[00m 0x7f49480038f0 [37mDEBUG  [00m [00m                task gsttask.c:251:gst_task_configure_name:<queue0:src>[00m Setting thread name to 'queue0:src'
0:00:00.394474806 [334m19341[00m 0x7f4930006e80 [33;01mLOG    [00m [00;01;31;41m            GST_PADS gstpad.c:5097:store_sticky_event:<typefind:sink>[00m stored sticky event segment
0:00:00.394515615 [334m19341[00m 0x7f4930006e80 [33;01mLOG    [00m [00;01;31;41m            GST_PADS gstpad.c:5269:gst_pad_push_event_unchecked:<sink:proxypad10>[00m sent event 0x7f494c03b160 (segment) to peerpad <typefind:sink>, ret ok
0:00:00.394506570 [334m19341[00m 0x7f4934007540 [33;01mLOG    [00m [00;01;31;41m            GST_PADS gstpad.c:3315:query_forward_func:<src_2:proxypad7>[00m query peer 0x7f4910013b20 (seeking) of src_2:proxypad7
0:00:00.394542937 [334m19341[00m 0x7f4934007540 [37mDEBUG  [00m [00;01;31;41m            GST_PADS gstpad.c:4058:gst_pad_peer_query:<src_2:proxypad7>[00m peer query 0x7f4910013b20 (seeking)
0:00:00.394536100 [334m19341[00m 0x7f4930006e80 [37mDEBUG  [00m [00;01;31;41m            GST_PADS gstpad.c:3814:push_sticky:<sink:proxypad10>[00m event segment marked received
0:00:00.394568440 [334m19341[00m 0x7f4934007540 [37mDEBUG  [00m [00;01;31;41m            GST_PADS gstpad.c:3931:gst_pad_query:<queue2-2:src>[00m doing query 0x7f4910013b20 (seeking)
0:00:00.394558298 [334m19341[00m 0x7f49480038f0 [37mDEBUG  [00m [00m      queue_dataflow gstqueue.c:1491:gst_queue_loop:<queue0>[00m queue is empty
0:00:00.394619486 [334m19341[00m 0x7f49480038f0 [33;01mLOG    [00m [00m      queue_dataflow gstqueue.c:1500:gst_queue_loop:<queue0>[00m (queue0:src) wait for ADD: 0 of 0-0 buffers, 0 of 0-20971520 bytes, 0 of 0-0 ns, 0 items
0:00:00.394567749 [334m19341[00m 0x7f4930006e80 [37mDEBUG  [00m [00;01;31;41m            GST_PADS gstpad.c:5622:gst_pad_send_event_unchecked:<parsebin1:sink>[00m sent event, ret ok
0:00:00.394647233 [334m19341[00m 0x7f4930006e80 [33;01mLOG    [00m [00;01;31;41m            GST_PADS gstpad.c:5097:store_sticky_event:<parsebin1:sink>[00m stored sticky event segment
0:00:00.394687762 [334m19341[00m 0x7f494c03fd40 [37mDEBUG  [00m [00;01;31;41m            GST_PADS gstpad.c:1078:gst_pad_set_active:<queue2:src>[00m deactivating pad from push mode
0:00:00.394714250 [334m19341[00m 0x7f494c03fd40 [37mDEBUG  [00m [00;01;31;41m            GST_PADS gstpad.c:967:pre_activate:<queue2:src>[00m setting PAD_MODE NONE, set flushing
0:00:00.394725837 [334m19341[00m 0x7f494c03fd40 [37mDEBUG  [00m [00;01;31;41m            GST_PADS gstpad.c:6095:gst_pad_stop_task:<queue2:src>[00m stop task
0:00:00.394696523 [334m19341[00m 0x7f4930006e80 [33;01mLOG    [00m [00;01;31;41m            GST_PADS gstpad.c:5269:gst_pad_push_event_unchecked:<sink_0:proxypad8>[00m sent event 0x7f494c03b160 (segment) to peerpad <parsebin1:sink>, ret ok
0:00:00.394744234 [334m19341[00m 0x7f494c03fd40 [37mDEBUG  [00m [00m                task gsttask.c:687:gst_task_set_state:<queue2:src>[00m Changing task 0x7f493c00a4d0 to state 1
0:00:00.394773383 [334m19341[00m 0x7f494c03fd40 [37mDEBUG  [00m [00m                task gsttask.c:814:gst_task_join:<queue2:src>[00m Joining task 0x7f493c00a4d0, thread 0x7f494c03fd40
0:00:00.394775057 [334m19341[00m 0x7f493c009590 [36mINFO   [00m [00m                task gsttask.c:320:gst_task_func:<queue2:src>[00m Task resume from paused
0:00:00.394774136 [334m19341[00m 0x7f4930006e80 [37mDEBUG  [00m [00;01;31;41m            GST_PADS gstpad.c:3814:push_sticky:<sink_0:proxypad8>[00m event segment marked received
0:00:00.394823457 [334m19341[00m 0x7f4934007540 [33;01mLOG    [00m [00;01;31;41m            GST_PADS gstpad.c:2944:gst_pad_forward:<queue2-2:src>[00m calling forward function on pad queue2-2:sink
0:00:00.394797498 [334m19341[00m 0x7f493c009590 [37mDEBUG  [00m [00;01;31;41m            GST_PADS gstpad.c:5917:do_stream_status:<queue2:src>[00m doing stream-status 2
0:00:00.394846209 [334m19341[00m 0x7f4934007540 [33;01mLOG    [00m [00;01;31;41m            GST_PADS gstpad.c:3315:query_forward_func:<queue2-2:sink>[00m query peer 0x7f4910013b20 (seeking) of queue2-2:sink
0:00:00.394890923 [334m19341[00m 0x7f4934007540 [37mDEBUG  [00m [00;01;31;41m            GST_PADS gstpad.c:4058:gst_pad_peer_query:<queue2-2:sink>[00m peer query 0x7f4910013b20 (seeking)
0:00:00.394873915 [334m19341[00m 0x7f4930006e80 [37mDEBUG  [00m [00;01;31;41m            GST_PADS gstpad.c:5622:gst_pad_send_event_unchecked:<decodebin3-0:sink_0>[00m sent event, ret ok
0:00:00.394910885 [334m19341[00m 0x7f4934007540 [37mDEBUG  [00m [00;01;31;41m            GST_PADS gstpad.c:3931:gst_pad_query:<dashdemux0:audio_01>[00m doing query 0x7f4910013b20 (seeking)
0:00:00.394916416 [334m19341[00m 0x7f4930006e80 [33;01mLOG    [00m [00;01;31;41m            GST_PADS gstpad.c:5097:store_sticky_event:<decodebin3-0:sink_0>[00m stored sticky event segment
0:00:00.394938558 [334m19341[00m 0x7f493c009590 [37mDEBUG  [00m [00;01;31;41m            GST_PADS gstpad.c:5946:do_stream_status:<queue2:src>[00m posting stream-status 2
0:00:00.394962271 [334m19341[00m 0x7f4930006e80 [33;01mLOG    [00m [00;01;31;41m            GST_PADS gstpad.c:5269:gst_pad_push_event_unchecked:<urisourcebin0:src_1>[00m sent event 0x7f494c03b160 (segment) to peerpad <decodebin3-0:sink_0>, ret ok
0:00:00.395010885 [334m19341[00m 0x7f49300068a0 [37mDEBUG  [00m [00;01;31;41m            GST_PADS gstpad.c:3814:push_sticky:<typefind:src>[00m event segment marked received
0:00:00.395023964 [334m19341[00m 0x7f49300068a0 [37mDEBUG  [00m [00;01;31;41m            GST_PADS gstpad.c:5622:gst_pad_send_event_unchecked:<typefind:sink>[00m sent event, ret ok
0:00:00.395043928 [334m19341[00m 0x7f49300068a0 [33;01mLOG    [00m [00;01;31;41m            GST_PADS gstpad.c:5097:store_sticky_event:<typefind:sink>[00m stored sticky event segment
0:00:00.395072341 [334m19341[00m 0x7f4930006e80 [37mDEBUG  [00m [00;01;31;41m            GST_PADS gstpad.c:3814:push_sticky:<urisourcebin0:src_1>[00m event segment marked received
0:00:00.395055545 [334m19341[00m 0x7f49300068a0 [33;01mLOG    [00m [00;01;31;41m            GST_PADS gstpad.c:5269:gst_pad_push_event_unchecked:<sink:proxypad6>[00m sent event 0x7f494c009f30 (segment) to peerpad <typefind:sink>, ret ok
0:00:00.395092905 [334m19341[00m 0x7f4930006e80 [37mDEBUG  [00m [00;01;31;41m            GST_PADS gstpad.c:5622:gst_pad_send_event_unchecked:<src_1:proxypad5>[00m sent event, ret ok
0:00:00.395111216 [334m19341[00m 0x7f494c03f850 [37mDEBUG  [00m [00;01;31;41m            GST_PADS gstpad.c:1063:gst_pad_set_active:<souphttpsrc0:src>[00m activating pad from none
0:00:00.395089022 [334m19341[00m 0x7f49300068a0 [37mDEBUG  [00m [00;01;31;41m            GST_PADS gstpad.c:3814:push_sticky:<sink:proxypad6>[00m event segment marked received
0:00:00.395132911 [334m19341[00m 0x7f494c03f850 [37mDEBUG  [00m [00;01;31;41m            GST_PADS gstpad.c:979:pre_activate:<souphttpsrc0:src>[00m setting pad into push mode, unset flushing
0:00:00.395147172 [334m19341[00m 0x7f49300068a0 [37mDEBUG  [00m [00;01;31;41m            GST_PADS gstpad.c:5622:gst_pad_send_event_unchecked:<parsebin0:sink>[00m sent event, ret ok
0:00:00.395173399 [334m19341[00m 0x7f4930006e80 [33;01mLOG    [00m [00;01;31;41m            GST_PADS gstpad.c:5097:store_sticky_event:<src_1:proxypad5>[00m stored sticky event segment
0:00:00.395175396 [334m19341[00m 0x7f49300068a0 [33;01mLOG    [00m [00;01;31;41m            GST_PADS gstpad.c:5097:store_sticky_event:<parsebin0:sink>[00m stored sticky event segment
0:00:00.395144924 [334m19341[00m 0x7f4934007540 [36mINFO   [00m [00m       adaptivedemux gstadaptivedemux.c:1677:gst_adaptive_demux_src_query:<dashdemux0>[00m Received GST_QUERY_SEEKING with format 2
0:00:00.395205392 [334m19341[00m 0x7f49300068a0 [33;01mLOG    [00m [00;01;31;41m            GST_PADS gstpad.c:5269:gst_pad_push_event_unchecked:<sink:proxypad0>[00m sent event 0x7f494c009f30 (segment) to peerpad <parsebin0:sink>, ret ok
0:00:00.395242704 [334m19341[00m 0x7f49300068a0 [37mDEBUG  [00m [00;01;31;41m            GST_PADS gstpad.c:3814:push_sticky:<sink:proxypad0>[00m event segment marked received
0:00:00.395269397 [334m19341[00m 0x7f49300068a0 [37mDEBUG  [00m [00;01;31;41m            GST_PADS gstpad.c:5622:gst_pad_send_event_unchecked:<decodebin3-0:sink>[00m sent event, ret ok
0:00:00.395294948 [334m19341[00m 0x7f49300068a0 [33;01mLOG    [00m [00;01;31;41m            GST_PADS gstpad.c:5097:store_sticky_event:<decodebin3-0:sink>[00m stored sticky event segment
0:00:00.395216866 [334m19341[00m 0x7f4934007540 [37mDEBUG  [00m [00;01;31;41m            GST_PADS gstpad.c:3954:gst_pad_query:<dashdemux0:audio_01>[00m sent query 0x7f4910013b20 (seeking), result 0
0:00:00.395279479 [334m19341[00m 0x7f4930006e80 [33;01mLOG    [00m [00;01;31;41m            GST_PADS gstpad.c:5269:gst_pad_push_event_unchecked:<queue2-1:src>[00m sent event 0x7f494c03b160 (segment) to peerpad <src_1:proxypad5>, ret ok
0:00:00.395306176 [334m19341[00m 0x7f49300068a0 [33;01mLOG    [00m [00;01;31;41m            GST_PADS gstpad.c:5269:gst_pad_push_event_unchecked:<urisourcebin0:src_0>[00m sent event 0x7f494c009f30 (segment) to peerpad <decodebin3-0:sink>, ret ok
0:00:00.395314028 [334m19341[00m 0x7f4934007540 [37mDEBUG  [00m [00;01;31;41m            GST_PADS gstpad.c:3999:gst_pad_query:<dashdemux0:audio_01>[00m query failed
0:00:00.395332194 [334m19341[00m 0x7f49300068a0 [37mDEBUG  [00m [00;01;31;41m            GST_PADS gstpad.c:3814:push_sticky:<urisourcebin0:src_0>[00m event segment marked received
0:00:00.395346069 [334m19341[00m 0x7f49300068a0 [37mDEBUG  [00m [00;01;31;41m            GST_PADS gstpad.c:5622:gst_pad_send_event_unchecked:<src_0:proxypad4>[00m sent event, ret ok
0:00:00.395356654 [334m19341[00m 0x7f4934007540 [37mDEBUG  [00m [00;01;31;41m            GST_PADS gstpad.c:4120:gst_pad_peer_query:<queue2-2:sink>[00m query failed
0:00:00.395375883 [334m19341[00m 0x7f49300068a0 [33;01mLOG    [00m [00;01;31;41m            GST_PADS gstpad.c:5097:store_sticky_event:<src_0:proxypad4>[00m stored sticky event segment
0:00:00.395366084 [334m19341[00m 0x7f4934007540 [37mDEBUG  [00m [00m              queue2 gstqueue2.c:3346:gst_queue2_handle_src_query:<queue2-2>[00m failed peer query
0:00:00.395409166 [334m19341[00m 0x7f4934007540 [37mDEBUG  [00m [00;01;31;41m            GST_PADS gstpad.c:3954:gst_pad_query:<queue2-2:src>[00m sent query 0x7f4910013b20 (seeking), result 0
0:00:00.395411460 [334m19341[00m 0x7f49300068a0 [33;01mLOG    [00m [00;01;31;41m            GST_PADS gstpad.c:5269:gst_pad_push_event_unchecked:<queue2-0:src>[00m sent event 0x7f494c009f30 (segment) to peerpad <src_0:proxypad4>, ret ok
0:00:00.395444889 [334m19341[00m 0x7f4930006e80 [37mDEBUG  [00m [00;01;31;41m            GST_PADS gstpad.c:3814:push_sticky:<queue2-1:src>[00m event segment marked received
0:00:00.395435063 [334m19341[00m 0x7f4934007540 [37mDEBUG  [00m [00;01;31;41m            GST_PADS gstpad.c:3999:gst_pad_query:<queue2-2:src>[00m query failed
0:00:00.395474948 [334m19341[00m 0x7f4930006e80 [33;01mLOG    [00m [00m     queue2_dataflow gstqueue2.c:2373:gst_queue2_locked_dequeue:<queue2-1>[00m retrieved buffer 0x7f494c020d40 from queue
0:00:00.395477335 [334m19341[00m 0x7f4934007540 [37mDEBUG  [00m [00;01;31;41m            GST_PADS gstpad.c:4120:gst_pad_peer_query:<src_2:proxypad7>[00m query failed
0:00:00.395516407 [334m19341[00m 0x7f4934007540 [37mDEBUG  [00m [00;01;31;41m            GST_PADS gstpad.c:3954:gst_pad_query:<urisourcebin0:src_2>[00m sent query 0x7f4910013b20 (seeking), result 0
0:00:00.395505190 [334m19341[00m 0x7f49300068a0 [37mDEBUG  [00m [00;01;31;41m            GST_PADS gstpad.c:3814:push_sticky:<queue2-0:src>[00m event segment marked received
0:00:00.395542530 [334m19341[00m 0x7f49300068a0 [33;01mLOG    [00m [00m     queue2_dataflow gstqueue2.c:2394:gst_queue2_locked_dequeue:<queue2-0>[00m retrieved event 0x7f4930005020 from queue
0:00:00.395528119 [334m19341[00m 0x7f4934007540 [37mDEBUG  [00m [00;01;31;41m            GST_PADS gstpad.c:3999:gst_pad_query:<urisourcebin0:src_2>[00m query failed
0:00:00.395514476 [334m19341[00m 0x7f4930006e80 [37mDEBUG  [00m [00m              queue2 gstqueue2.c:842:apply_buffer:<queue2-1>[00m position updated to 0:00:00.000000000
0:00:00.395544310 [334m19341[00m 0x7f494c03f850 [37mDEBUG  [00m [00;01;34m           GST_EVENT gstevent.c:305:gst_event_new_custom:[00m creating new event 0x7f49480031f0 flush-start 2563
0:00:00.395552272 [334m19341[00m 0x7f49300068a0 [33;01mLOG    [00m [00m     queue2_dataflow gstqueue2.c:2899:gst_queue2_push_one:<queue2-0>[00m (queue2-0:src) We have something dequeud: 2 of 0 buffers, 806 of 2097152 bytes, 0 of 4000000000 ns, 2 items
0:00:00.395580268 [334m19341[00m 0x7f4930006e80 [37mDEBUG  [00m [00m              queue2 gstqueue2.c:740:update_time_level:<queue2-1>[00m sink 0:00:00.000000000, src 0:00:00.000000000
0:00:00.395592305 [334m19341[00m 0x7f493c009590 [37mDEBUG  [00m [00m                task gsttask.c:361:gst_task_func:[00m Exit task 0x7f493c00a4d0, thread 0x7f493c009590
0:00:00.395613616 [334m19341[00m 0x7f4934007540 [37mDEBUG  [00m [00;01;31;41m            GST_PADS gstpad.c:4120:gst_pad_peer_query:<decodebin3-0:sink_1>[00m query failed
0:00:00.395594716 [334m19341[00m 0x7f494c03fd40 [37mDEBUG  [00m [00m                task gsttask.c:844:gst_task_join:<queue2:src>[00m Joined task 0x7f493c00a4d0
0:00:00.395629876 [334m19341[00m 0x7f494c03fd40 [37mDEBUG  [00m [00;01;31;41m            GST_PADS gstpad.c:1015:post_activate:<queue2:src>[00m stopped streaming
0:00:00.395611341 [334m19341[00m 0x7f4930006e80 [33;01mLOG    [00m [00m     queue2_dataflow gstqueue2.c:2899:gst_queue2_push_one:<queue2-1>[00m (queue2-1:src) We have something dequeud: 1 of 0 buffers, 200 of 2097152 bytes, 0 of 4000000000 ns, 1 items
0:00:00.395632193 [334m19341[00m 0x7f49300068a0 [33;01mLOG    [00m [00;01;31;41m            GST_PADS gstpad.c:5097:store_sticky_event:<queue2-0:src>[00m stored sticky event tag
0:00:00.395677899 [334m19341[00m 0x7f49300068a0 [37mDEBUG  [00m [00;01;31;41m            GST_PADS gstpad.c:3862:check_sticky:<queue2-0:src>[00m pushing all sticky events
0:00:00.395662005 [334m19341[00m 0x7f4934007540 [37mDEBUG  [00m [00;01;31;41m            GST_PADS gstpad.c:3954:gst_pad_query:<sink_1:proxypad9>[00m sent query 0x7f4910013b20 (seeking), result 0
0:00:00.395698265 [334m19341[00m 0x7f49300068a0 [37mDEBUG  [00m [00;01;31;41m            GST_PADS gstpad.c:3794:push_sticky:<queue2-0:src>[00m event stream-start was already received
0:00:00.395670241 [334m19341[00m 0x7f494c03f850 [33;01mLOG    [00m [00;01;31;41m            GST_PADS gstpad.c:5261:gst_pad_push_event_unchecked:<souphttpsrc0:src>[00m sending event 0x7f49480031f0 (flush-start) to peerpad <queue0:sink>
0:00:00.395641542 [334m19341[00m 0x7f494c03fd40 [37mDEBUG  [00m [00;01;31;41m            GST_PADS gstpad.c:1188:activate_mode_internal:<queue2:src>[00m deactivated in push mode
0:00:00.395731129 [334m19341[00m 0x7f494c03fd40 [37mDEBUG  [00m [00;01;31;41m            GST_PADS gstpad.c:1078:gst_pad_set_active:<queue2:sink>[00m deactivating pad from push mode
0:00:00.395755771 [334m19341[00m 0x7f4934007540 [37mDEBUG  [00m [00;01;31;41m            GST_PADS gstpad.c:3999:gst_pad_query:<sink_1:proxypad9>[00m query failed
0:00:00.395718947 [334m19341[00m 0x7f494c03f850 [37mDEBUG  [00m [00;01;34m           GST_EVENT gstpad.c:5506:gst_pad_send_event_unchecked:<queue0:sink>[00m have event type 2563 (FLUSH_START)
0:00:00.395773624 [334m19341[00m 0x7f494c03f850 [37mDEBUG  [00m [00;01;34m           GST_EVENT gstpad.c:5513:gst_pad_send_event_unchecked:<queue0:sink>[00m set flush flag
0:00:00.395745071 [334m19341[00m 0x7f494c03fd40 [37mDEBUG  [00m [00;01;31;41m            GST_PADS gstpad.c:967:pre_activate:<queue2:sink>[00m setting PAD_MODE NONE, set flushing
0:00:00.395796774 [334m19341[00m 0x7f494c03fd40 [37mDEBUG  [00m [00;01;31;41m            GST_PADS gstpad.c:1015:post_activate:<queue2:sink>[00m stopped streaming
0:00:00.395786168 [334m19341[00m 0x7f494c03f850 [33;01mLOG    [00m [00m      queue_dataflow gstqueue.c:926:gst_queue_handle_sink_event:<queue0>[00m (queue0:sink) received flush start event: 0 of 0-0 buffers, 0 of 0-20971520 bytes, 0 of 0-0 ns, 0 items
0:00:00.395798205 [334m19341[00m      0x1740200 [37mDEBUG  [00m [00m                task gsttask.c:216:gst_task_finalize:[00m task 0x7f493c00a4d0 finalize
0:00:00.395709423 [334m19341[00m 0x7f49300068a0 [37mDEBUG  [00m [00;01;31;41m            GST_PADS gstpad.c:3794:push_sticky:<queue2-0:src>[00m event caps was already received
0:00:00.395807235 [334m19341[00m 0x7f494c03fd40 [37mDEBUG  [00m [00;01;31;41m            GST_PADS gstpad.c:1188:activate_mode_internal:<queue2:sink>[00m deactivated in push mode
0:00:00.395836401 [334m19341[00m 0x7f49300068a0 [37mDEBUG  [00m [00;01;31;41m            GST_PADS gstpad.c:3794:push_sticky:<queue2-0:src>[00m event segment was already received
0:00:00.395816245 [334m19341[00m 0x7f494c03f850 [33;01mLOG    [00m [00;01;31;41m            GST_PADS gstpad.c:5261:gst_pad_push_event_unchecked:<queue0:src>[00m sending event 0x7f49480031f0 (flush-start) to peerpad <src:proxypad1>
0:00:00.395856313 [334m19341[00m 0x7f4934007540 [37mDEBUG  [00m [00;01;31;41m            GST_PADS gstpad.c:4120:gst_pad_peer_query:<parsebin2:sink>[00m query failed
0:00:00.395878875 [334m19341[00m 0x7f4934007540 [37mDEBUG  [00m [00;01;31;41m            GST_PADS gstpad.c:3954:gst_pad_query:<sink:proxypad12>[00m sent query 0x7f4910013b20 (seeking), result 0
0:00:00.395931001 [334m19341[00m 0x7f4934007540 [37mDEBUG  [00m [00;01;31;41m            GST_PADS gstpad.c:3999:gst_pad_query:<sink:proxypad12>[00m query failed
0:00:00.395943516 [334m19341[00m 0x7f49300068a0 [33;01mLOG    [00m [00m        urisourcebin gsturisourcebin.c:1263:source_pad_event_probe:<queue2-0:src>[00m tag, urisrc 0x7f4930005020
0:00:00.395874937 [334m19341[00m 0x7f494c03f850 [37mDEBUG  [00m [00;01;34m           GST_EVENT gstpad.c:5506:gst_pad_send_event_unchecked:<src:proxypad1>[00m have event type 2563 (FLUSH_START)
0:00:00.395992445 [334m19341[00m 0x7f494c03f850 [37mDEBUG  [00m [00;01;34m           GST_EVENT gstpad.c:5513:gst_pad_send_event_unchecked:<src:proxypad1>[00m set flush flag
0:00:00.396007649 [334m19341[00m 0x7f4934007540 [37mDEBUG  [00m [00;01;31;41m            GST_PADS gstpad.c:4120:gst_pad_peer_query:<typefind:sink>[00m query failed
0:00:00.396011914 [334m19341[00m 0x7f49300068a0 [33;01mLOG    [00m [00;01;31;41m            GST_PADS gstpad.c:5261:gst_pad_push_event_unchecked:<queue2-0:src>[00m sending event 0x7f4930005020 (tag) to peerpad <src_0:proxypad4>
0:00:00.396018377 [334m19341[00m 0x7f4934007540 [37mDEBUG  [00m [00;01;31;41m            GST_PADS gstpad.c:3954:gst_pad_query:<typefind:src>[00m sent query 0x7f4910013b20 (seeking), result 0
0:00:00.396021998 [334m19341[00m 0x7f49300068a0 [37mDEBUG  [00m [00;01;34m           GST_EVENT gstpad.c:5548:gst_pad_send_event_unchecked:<src_0:proxypad4>[00m have event type tag event: 0x7f4930005020, time 99:99:99.999999999, seq-num 137, GstTagList-stream, taglist=(taglist)"taglist\,\ language-code\=\(string\)en\;";
0:00:00.396030153 [334m19341[00m 0x7f4934007540 [37mDEBUG  [00m [00;01;31;41m            GST_PADS gstpad.c:3999:gst_pad_query:<typefind:src>[00m query failed
0:00:00.396046806 [334m19341[00m 0x7f494c03f850 [33;01mLOG    [00m [00;01;31;41m            GST_PADS gstpad.c:2944:gst_pad_forward:<src:proxypad1>[00m calling forward function on pad srcbin-video_00:src
0:00:00.396085098 [334m19341[00m 0x7f494c03f850 [33;01mLOG    [00m [00;01;31;41m            GST_PADS gstpad.c:2989:event_forward_func:<srcbin-video_00:src>[00m Reffing and pushing event 0x7f49480031f0 (flush-start) to srcbin-video_00:src
0:00:00.396099657 [334m19341[00m 0x7f49300068a0 [33;01mLOG    [00m [00;01;31;41m            GST_PADS gstpad.c:2944:gst_pad_forward:<src_0:proxypad4>[00m calling forward function on pad urisourcebin0:src_0
0:00:00.396139927 [334m19341[00m 0x7f49300068a0 [33;01mLOG    [00m [00;01;31;41m            GST_PADS gstpad.c:2989:event_forward_func:<urisourcebin0:src_0>[00m Reffing and pushing event 0x7f4930005020 (tag) to urisourcebin0:src_0
0:00:00.396164635 [334m19341[00m 0x7f49300068a0 [33;01mLOG    [00m [00;01;31;41m            GST_PADS gstpad.c:5097:store_sticky_event:<urisourcebin0:src_0>[00m stored sticky event tag
0:00:00.396116925 [334m19341[00m 0x7f4930006e80 [37mDEBUG  [00m [00;01;35m      GST_SCHEDULING gstpad.c:4202:gst_pad_chain_data_unchecked:<typefind:sink>[00m calling chainfunction &gst_type_find_element_chain with buffer buffer: 0x7f494c020d40, pts 0:00:00.000000000, dts 99:99:99.999999999, dur 99:99:99.999999999, size 686, offset 0, offset_end 686, flags 0x40
0:00:00.396181270 [334m19341[00m 0x7f49300068a0 [37mDEBUG  [00m [00;01;31;41m            GST_PADS gstpad.c:3862:check_sticky:<urisourcebin0:src_0>[00m pushing all sticky events
0:00:00.396203762 [334m19341[00m 0x7f49300068a0 [37mDEBUG  [00m [00;01;31;41m            GST_PADS gstpad.c:3794:push_sticky:<urisourcebin0:src_0>[00m event stream-start was already received
0:00:00.396231993 [334m19341[00m 0x7f49300068a0 [37mDEBUG  [00m [00;01;31;41m            GST_PADS gstpad.c:3794:push_sticky:<urisourcebin0:src_0>[00m event caps was already received
0:00:00.396239887 [334m19341[00m 0x7f49300068a0 [37mDEBUG  [00m [00;01;31;41m            GST_PADS gstpad.c:3794:push_sticky:<urisourcebin0:src_0>[00m event segment was already received
0:00:00.396274642 [334m19341[00m 0x7f494c03f850 [33;01mLOG    [00m [00;01;31;41m            GST_PADS gstpad.c:5261:gst_pad_push_event_unchecked:<srcbin-video_00:src>[00m sending event 0x7f49480031f0 (flush-start) to peerpad <dashdemux0:internal-video_00>
0:00:00.396264414 [334m19341[00m 0x7f49300068a0 [33;01mLOG    [00m [00;01;31;41m            GST_PADS gstpad.c:5261:gst_pad_push_event_unchecked:<urisourcebin0:src_0>[00m sending event 0x7f4930005020 (tag) to peerpad <decodebin3-0:sink>
0:00:00.396293286 [334m19341[00m 0x7f494c03f850 [37mDEBUG  [00m [00;01;34m           GST_EVENT gstpad.c:5506:gst_pad_send_event_unchecked:<dashdemux0:internal-video_00>[00m have event type 2563 (FLUSH_START)
0:00:00.396294792 [334m19341[00m 0x7f49300068a0 [37mDEBUG  [00m [00;01;34m           GST_EVENT gstpad.c:5548:gst_pad_send_event_unchecked:<decodebin3-0:sink>[00m have event type tag event: 0x7f4930005020, time 99:99:99.999999999, seq-num 137, GstTagList-stream, taglist=(taglist)"taglist\,\ language-code\=\(string\)en\;";
0:00:00.396337418 [334m19341[00m 0x7f494c03f850 [37mDEBUG  [00m [00;01;34m           GST_EVENT gstpad.c:5513:gst_pad_send_event_unchecked:<dashdemux0:internal-video_00>[00m set flush flag
0:00:00.396377637 [334m19341[00m 0x7f494c03f850 [37mDEBUG  [00m [00;01;31;41m            GST_PADS gstpad.c:5622:gst_pad_send_event_unchecked:<dashdemux0:internal-video_00>[00m sent event, ret ok
