0:00:00.333532836 [334m19341[00m 0x7f494c03f850 [37mDEBUG  [00m [00m                task gsttask.c:687:gst_task_set_state:<souphttpsrc0:src>[00m Changing task 0x7f494c048830 to state 1
0:00:00.333616424 [334m19341[00m 0x7f4948003990 [36mINFO   [00m [00m                task gsttask.c:320:gst_task_func:<souphttpsrc0:src>[00m Task resume from paused
0:00:00.333625766 [334m19341[00m 0x7f4948003990 [37mDEBUG  [00m [00;01;31;41m            GST_PADS gstpad.c:5917:do_stream_status:<souphttpsrc0:src>[00m doing stream-status 2
0:00:00.333521241 [334m19341[00m 0x7f4930006e80 [37mDEBUG  [00m [00;01;31;41m            GST_PADS gstpad.c:3931:gst_pad_query:<typefind:sink>[00m doing query 0x7f491000cb70 (caps)
0:00:00.333573401 [334m19341[00m 0x7f4948003ed0 [37mDEBUG  [00m [00;01;31;41m            GST_PADS gstpad.c:3862:check_sticky:<srcbin-audio_00:src>[00m pushing all sticky events
0:00:00.333613445 [334m19341[00m 0x7f494c03f850 [37mDEBUG  [00m [00m                task gsttask.c:814:gst_task_join:<souphttpsrc0:src>[00m Joining task 0x7f494c048830, thread 0x7f494c03f850
0:00:00.333712450 [334m19341[00m 0x7f4948003990 [37mDEBUG  [00m [00;01;31;41m            GST_PADS gstpad.c:5946:do_stream_status:<souphttpsrc0:src>[00m posting stream-status 2
0:00:00.333742775 [334m19341[00m 0x7f4948003f70 [37mDEBUG  [00m [00;01;31;41m            GST_PADS gstpad.c:3931:gst_pad_query:<souphttpsrc1:src>[00m doing query 0x7f49200028f0 (caps)
0:00:00.333831243 [334m19341[00m 0x7f4930006e80 [37mDEBUG  [00m [00;01;31;41m            GST_PADS gstpad.c:3954:gst_pad_query:<typefind:sink>[00m sent query 0x7f491000cb70 (caps), result 1
0:00:00.333952415 [334m19341[00m 0x7f4948003ed0 [33;01mLOG    [00m [00;01;31;41m            GST_PADS gstpad.c:5261:gst_pad_push_event_unchecked:<srcbin-audio_00:src>[00m sending event 0x7f49200034f0 (stream-start) to peerpad <dashdemux0:internal-audio_00>
0:00:00.333982606 [334m19341[00m 0x7f4948003ed0 [37mDEBUG  [00m [00;01;34m           GST_EVENT gstpad.c:5548:gst_pad_send_event_unchecked:<dashdemux0:internal-audio_00>[00m have event type stream-start event: 0x7f49200034f0, time 99:99:99.999999999, seq-num 226, GstEventStreamStart, stream-id=(string)4a03adbbd51f304ef81b2d8a00584359776eb5307652b7aba00cfe8602d6b7d3, flags=(GstStreamFlags)GST_STREAM_FLAG_NONE, group-id=(uint)4;
0:00:00.334024358 [334m19341[00m 0x7f4948003ed0 [33;01mLOG    [00m [00;01;31;41m            GST_PADS gstpad.c:5556:gst_pad_send_event_unchecked:<dashdemux0:internal-audio_00>[00m Removing pending EOS events
0:00:00.334091589 [334m19341[00m 0x7f494c03f800 [37mDEBUG  [00m [00m       adaptivedemux gstadaptivedemux.c:2789:gst_adaptive_demux_stream_download_uri:<dashdemux0:audio_00>[00m Waiting for index download to finish: http://dash.akamaized.net/dash264/TestCases/10a/1/German_Forest_Short_Poem_english-en-68s-2-lc-128000bps_seg.mp4
0:00:00.334094219 [334m19341[00m 0x7f4930006e80 [37mDEBUG  [00m [00;01;31;41m            GST_PADS gstpad.c:3954:gst_pad_query:<typefind:sink>[00m sent query 0x7f491000cb20 (accept-caps), result 1
0:00:00.334061081 [334m19341[00m 0x7f4948003ed0 [37mDEBUG  [00m [00;01;31;41m            GST_PADS gstpad.c:5622:gst_pad_send_event_unchecked:<dashdemux0:internal-audio_00>[00m sent event, ret ok
0:00:00.334196249 [334m19341[00m 0x7f4948003ed0 [33;01mLOG    [00m [00;01;31;41m            GST_PADS gstpad.c:5037:store_sticky_event:<dashdemux0:internal-audio_00>[00m Removing pending EOS and StreamGroupDone events
0:00:00.334208559 [334m19341[00m 0x7f4948003f70 [37mDEBUG  [00m [00;01;31;41m            GST_PADS gstpad.c:3954:gst_pad_query:<souphttpsrc1:src>[00m sent query 0x7f49200028f0 (caps), result 1
0:00:00.334238608 [334m19341[00m 0x7f4948003ed0 [33;01mLOG    [00m [00;01;31;41m            GST_PADS gstpad.c:5097:store_sticky_event:<dashdemux0:internal-audio_00>[00m stored sticky event stream-start
0:00:00.334248844 [334m19341[00m 0x7f493c009590 [37mDEBUG  [00m [00;01;31;41m            GST_PADS gstpad.c:1069:gst_pad_set_active:<parsebin2:sink>[00m pad was active in push mode
0:00:00.334289251 [334m19341[00m 0x7f4948003ed0 [33;01mLOG    [00m [00;01;31;41m            GST_PADS gstpad.c:5269:gst_pad_push_event_unchecked:<srcbin-audio_00:src>[00m sent event 0x7f49200034f0 (stream-start) to peerpad <dashdemux0:internal-audio_00>, ret ok
0:00:00.334292093 [334m19341[00m 0x7f4930006e80 [36mINFO   [00m [00;01;34m           GST_EVENT gstevent.c:808:gst_event_new_caps:[00m creating caps event video/quicktime, width=(int)848, height=(int)476, framerate=(fraction)24/1
0:00:00.334390565 [334m19341[00m 0x7f4930006e80 [37mDEBUG  [00m [00;01;34m           GST_EVENT gstevent.c:305:gst_event_new_custom:[00m creating new event 0x7f4908003420 caps 12814
0:00:00.334421022 [334m19341[00m 0x7f4930006e80 [33;01mLOG    [00m [00;01;31;41m            GST_PADS gstpad.c:5097:store_sticky_event:<typefind:src>[00m stored sticky event caps
0:00:00.334443611 [334m19341[00m 0x7f4930006e80 [37mDEBUG  [00m [00;01;31;41m            GST_PADS gstpad.c:5103:store_sticky_event:<typefind:src>[00m notify caps
0:00:00.334583975 [334m19341[00m 0x7f4948003f70 [37mDEBUG  [00m [00;01;31;41m            GST_PADS gstpad.c:4058:gst_pad_peer_query:<souphttpsrc1:src>[00m peer query 0x7f4920002940 (allocation)
0:00:00.334726242 [334m19341[00m 0x7f493c009590 [33;01mLOG    [00m [00m          decodebin3 gstdecodebin3.c:789:gst_decodebin3_input_pad_link:<decodebin3-0>[00m input unlocking from thread 0x7f493c009590
0:00:00.334768129 [334m19341[00m 0x7f4948003ed0 [37mDEBUG  [00m [00;01;31;41m            GST_PADS gstpad.c:3814:push_sticky:<srcbin-audio_00:src>[00m event stream-start marked received
0:00:00.334811722 [334m19341[00m 0x7f4948003f70 [37mDEBUG  [00m [00;01;31;41m            GST_PADS gstpad.c:3931:gst_pad_query:<queue1:sink>[00m doing query 0x7f4920002940 (allocation)
0:00:00.334814681 [334m19341[00m 0x7f4948003ed0 [37mDEBUG  [00m [00;01;31;41m            GST_PADS gstpad.c:5622:gst_pad_send_event_unchecked:<src:proxypad2>[00m sent event, ret ok
0:00:00.334777018 [334m19341[00m 0x7f493c009590 [36mINFO   [00m [00;01;31;41m            GST_PADS gstpad.c:2523:gst_pad_link_full:[00m linked urisourcebin0:src_2 and decodebin3-0:sink_1, successful
0:00:00.334839376 [334m19341[00m 0x7f493c009590 [36mINFO   [00m [00;01;34m           GST_EVENT gstevent.c:1511:gst_event_new_reconfigure:[00m creating reconfigure event
0:00:00.334847540 [334m19341[00m 0x7f493c009590 [37mDEBUG  [00m [00;01;34m           GST_EVENT gstevent.c:305:gst_event_new_custom:[00m creating new event 0x7f4928003970 reconfigure 61441
0:00:00.334842544 [334m19341[00m 0x7f4948003ed0 [33;01mLOG    [00m [00;01;31;41m            GST_PADS gstpad.c:5037:store_sticky_event:<src:proxypad2>[00m Removing pending EOS and StreamGroupDone events
0:00:00.334870677 [334m19341[00m 0x7f4948003f70 [33;01mLOG    [00m [00m               queue gstqueue.c:1044:gst_queue_handle_sink_query:<queue1>[00m queuing query 0x7f4920002940 (allocation)
0:00:00.334867765 [334m19341[00m 0x7f4948003ed0 [33;01mLOG    [00m [00;01;31;41m            GST_PADS gstpad.c:5097:store_sticky_event:<src:proxypad2>[00m stored sticky event stream-start
0:00:00.334858831 [334m19341[00m 0x7f493c009590 [37mDEBUG  [00m [00;01;34m           GST_EVENT gstpad.c:5548:gst_pad_send_event_unchecked:<urisourcebin0:src_2>[00m have event type reconfigure event: 0x7f4928003970, time 99:99:99.999999999, seq-num 231, (NULL)
0:00:00.334884223 [334m19341[00m 0x7f494c03f850 [37mDEBUG  [00m [00m                task gsttask.c:844:gst_task_join:<souphttpsrc0:src>[00m Joined task 0x7f494c048830
0:00:00.334881916 [334m19341[00m 0x7f4948003990 [37mDEBUG  [00m [00m                task gsttask.c:361:gst_task_func:[00m Exit task 0x7f494c048830, thread 0x7f4948003990
0:00:00.334932115 [334m19341[00m 0x7f4948003ed0 [33;01mLOG    [00m [00;01;31;41m            GST_PADS gstpad.c:5269:gst_pad_push_event_unchecked:<queue1:src>[00m sent event 0x7f49200034f0 (stream-start) to peerpad <src:proxypad2>, ret ok
0:00:00.334953691 [334m19341[00m 0x7f4948003990 [37mDEBUG  [00m [00m                task gsttask.c:216:gst_task_finalize:[00m task 0x7f494c048830 finalize
0:00:00.334945965 [334m19341[00m 0x7f4948003ed0 [37mDEBUG  [00m [00;01;31;41m            GST_PADS gstpad.c:3814:push_sticky:<queue1:src>[00m event stream-start marked received
0:00:00.334977804 [334m19341[00m 0x7f493c009590 [33;01mLOG    [00m [00;01;31;41m            GST_PADS gstpad.c:2944:gst_pad_forward:<urisourcebin0:src_2>[00m calling forward function on pad src_2:proxypad7
0:00:00.334974084 [334m19341[00m 0x7f4948003ed0 [33;01mLOG    [00m [00m      queue_dataflow gstqueue.c:897:gst_queue_locked_dequeue:<queue1>[00m retrieved query 0x7f4920002940 from queue
0:00:00.334995996 [334m19341[00m 0x7f4948003ed0 [37mDEBUG  [00m [00;01;31;41m            GST_PADS gstpad.c:4058:gst_pad_peer_query:<queue1:src>[00m peer query 0x7f4920002940 (allocation)
0:00:00.335005132 [334m19341[00m 0x7f4948003ed0 [37mDEBUG  [00m [00;01;31;41m            GST_PADS gstpad.c:3931:gst_pad_query:<src:proxypad2>[00m doing query 0x7f4920002940 (allocation)
0:00:00.334988305 [334m19341[00m 0x7f493c009590 [33;01mLOG    [00m [00;01;31;41m            GST_PADS gstpad.c:2989:event_forward_func:<src_2:proxypad7>[00m Reffing and pushing event 0x7f4928003970 (reconfigure) to src_2:proxypad7
0:00:00.335043741 [334m19341[00m 0x7f4948003ed0 [33;01mLOG    [00m [00;01;31;41m            GST_PADS gstpad.c:2944:gst_pad_forward:<src:proxypad2>[00m calling forward function on pad srcbin-audio_00:src
0:00:00.335046404 [334m19341[00m 0x7f493c009590 [33;01mLOG    [00m [00;01;31;41m            GST_PADS gstpad.c:5261:gst_pad_push_event_unchecked:<src_2:proxypad7>[00m sending event 0x7f4928003970 (reconfigure) to peerpad <queue2-2:src>
0:00:00.335073835 [334m19341[00m 0x7f493c009590 [37mDEBUG  [00m [00;01;34m           GST_EVENT gstpad.c:5548:gst_pad_send_event_unchecked:<queue2-2:src>[00m have event type reconfigure event: 0x7f4928003970, time 99:99:99.999999999, seq-num 231, (NULL)
0:00:00.335087536 [334m19341[00m 0x7f494c03f850 [37mDEBUG  [00m [00;01;31;41m            GST_PADS gstpad.c:1015:post_activate:<souphttpsrc0:src>[00m stopped streaming
0:00:00.335052200 [334m19341[00m 0x7f4948003ed0 [33;01mLOG    [00m [00;01;31;41m            GST_PADS gstpad.c:3315:query_forward_func:<srcbin-audio_00:src>[00m query peer 0x7f4920002940 (allocation) of srcbin-audio_00:src
0:00:00.335119910 [334m19341[00m 0x7f494c03f850 [37mDEBUG  [00m [00;01;31;41m            GST_PADS gstpad.c:1188:activate_mode_internal:<souphttpsrc0:src>[00m deactivated in push mode
0:00:00.335145397 [334m19341[00m 0x7f4948003ed0 [37mDEBUG  [00m [00;01;31;41m            GST_PADS gstpad.c:4058:gst_pad_peer_query:<srcbin-audio_00:src>[00m peer query 0x7f4920002940 (allocation)
0:00:00.335208898 [334m19341[00m 0x7f4930006e80 [37mDEBUG  [00m [00;01;31;41m            GST_PADS gstpad.c:1929:gst_pad_set_query_function_full:<parsepad1:proxypad13>[00m queryfunc set to 0x7f4956790c50
0:00:00.335291286 [334m19341[00m 0x7f4948003ed0 [37mDEBUG  [00m [00;01;31;41m            GST_PADS gstpad.c:3931:gst_pad_query:<dashdemux0:internal-audio_00>[00m doing query 0x7f4920002940 (allocation)
0:00:00.335281836 [334m19341[00m 0x7f493c009590 [37mDEBUG  [00m [00m     queue2_dataflow gstqueue2.c:3080:gst_queue2_handle_src_event:<queue2-2>[00m got event 0x7f4928003970 (reconfigure)
0:00:00.335336634 [334m19341[00m 0x7f493c009590 [33;01mLOG    [00m [00;01;31;41m            GST_PADS gstpad.c:5261:gst_pad_push_event_unchecked:<queue2-2:sink>[00m sending event 0x7f4928003970 (reconfigure) to peerpad <dashdemux0:audio_01>
0:00:00.335343124 [334m19341[00m 0x7f4930006e80 [37mDEBUG  [00m [00;01;31;41m            GST_PADS gstpad.c:1063:gst_pad_set_active:<'':parsepad1>[00m activating pad from none
0:00:00.335345905 [334m19341[00m 0x7f493c009590 [37mDEBUG  [00m [00;01;34m           GST_EVENT gstpad.c:5548:gst_pad_send_event_unchecked:<dashdemux0:audio_01>[00m have event type reconfigure event: 0x7f4928003970, time 99:99:99.999999999, seq-num 231, (NULL)
0:00:00.335349711 [334m19341[00m 0x7f4930006e80 [37mDEBUG  [00m [00;01;31;41m            GST_PADS gstpad.c:979:pre_activate:<'':parsepad1>[00m setting pad into push mode, unset flushing
0:00:00.335327412 [334m19341[00m 0x7f4948003ed0 [37mDEBUG  [00m [00;01;31;41m            GST_PADS gstpad.c:3954:gst_pad_query:<dashdemux0:internal-audio_00>[00m sent query 0x7f4920002940 (allocation), result 0
0:00:00.335397710 [334m19341[00m 0x7f4948003ed0 [37mDEBUG  [00m [00;01;31;41m            GST_PADS gstpad.c:3999:gst_pad_query:<dashdemux0:internal-audio_00>[00m query failed
0:00:00.335420654 [334m19341[00m 0x7f4948003ed0 [37mDEBUG  [00m [00;01;31;41m            GST_PADS gstpad.c:4120:gst_pad_peer_query:<srcbin-audio_00:src>[00m query failed
0:00:00.335401553 [334m19341[00m 0x7f4930006e80 [37mDEBUG  [00m [00;01;31;41m            GST_PADS gstpad.c:979:pre_activate:<parsepad1:proxypad13>[00m setting pad into push mode, unset flushing
0:00:00.335439425 [334m19341[00m 0x7f4948003ed0 [37mDEBUG  [00m [00;01;31;41m            GST_PADS gstpad.c:3954:gst_pad_query:<src:proxypad2>[00m sent query 0x7f4920002940 (allocation), result 0
0:00:00.335462557 [334m19341[00m 0x7f4948003ed0 [37mDEBUG  [00m [00;01;31;41m            GST_PADS gstpad.c:3999:gst_pad_query:<src:proxypad2>[00m query failed
0:00:00.335474857 [334m19341[00m 0x7f4948003ed0 [37mDEBUG  [00m [00;01;31;41m            GST_PADS gstpad.c:4120:gst_pad_peer_query:<queue1:src>[00m query failed
0:00:00.335498819 [334m19341[00m 0x7f4948003ed0 [33;01mLOG    [00m [00m      queue_dataflow gstqueue.c:1454:gst_queue_push_one:<queue1>[00m did query 0x7f4920002940, return 0
0:00:00.335506945 [334m19341[00m 0x7f4930006e80 [37mDEBUG  [00m [00;01;31;41m            GST_PADS gstpad.c:1207:activate_mode_internal:<'':parsepad1>[00m already activated in push mode
0:00:00.335525185 [334m19341[00m 0x7f4948003ed0 [37mDEBUG  [00m [00m      queue_dataflow gstqueue.c:1491:gst_queue_loop:<queue1>[00m queue is empty
0:00:00.335531433 [334m19341[00m 0x7f4930006e80 [37mDEBUG  [00m [00;01;31;41m            GST_PADS gstpad.c:1188:activate_mode_internal:<parsepad1:proxypad13>[00m activated in push mode
0:00:00.335552061 [334m19341[00m 0x7f4948003ed0 [33;01mLOG    [00m [00m      queue_dataflow gstqueue.c:1500:gst_queue_loop:<queue1>[00m (queue1:src) wait for ADD: 0 of 0-0 buffers, 0 of 0-20971520 bytes, 0 of 0-0 ns, 0 items
0:00:00.335558369 [334m19341[00m 0x7f4930006e80 [37mDEBUG  [00m [00;01;31;41m            GST_PADS gstpad.c:1188:activate_mode_internal:<'':parsepad1>[00m activated in push mode
0:00:00.335580060 [334m19341[00m 0x7f4948003f70 [37mDEBUG  [00m [00;01;31;41m            GST_PADS gstpad.c:3954:gst_pad_query:<queue1:sink>[00m sent query 0x7f4920002940 (allocation), result 0
0:00:00.335603520 [334m19341[00m 0x7f4948003f70 [37mDEBUG  [00m [00;01;31;41m            GST_PADS gstpad.c:3999:gst_pad_query:<queue1:sink>[00m query failed
0:00:00.335582076 [334m19341[00m 0x7f4930006e80 [37mDEBUG  [00m [00;01;31;41m            GST_PADS gstghostpad.c:808:gst_ghost_pad_get_target:<'':parsepad1>[00m get target '':''
0:00:00.335641899 [334m19341[00m 0x7f4948003f70 [37mDEBUG  [00m [00;01;31;41m            GST_PADS gstpad.c:4120:gst_pad_peer_query:<souphttpsrc1:src>[00m query failed
0:00:00.335659778 [334m19341[00m 0x7f4930006e80 [37mDEBUG  [00m [00;01;31;41m            GST_PADS gstghostpad.c:840:gst_ghost_pad_set_target:<'':parsepad1>[00m set target typefind:src
0:00:00.335683107 [334m19341[00m 0x7f4930006e80 [37mDEBUG  [00m [00;01;31;41m            GST_PADS gstghostpad.c:862:gst_ghost_pad_set_target:<'':parsepad1>[00m connecting internal pad to target <typefind:src>
0:00:00.335738346 [334m19341[00m 0x7f493c009590 [37mDEBUG  [00m [00m       adaptivedemux gstadaptivedemux.c:1597:gst_adaptive_demux_src_event:<dashdemux0:audio_01>[00m [DEBUG], last flow ret = ok
0:00:00.335857809 [334m19341[00m 0x7f493c009590 [33;01mLOG    [00m [00;01;31;41m            GST_PADS gstpad.c:2944:gst_pad_forward:<dashdemux0:audio_01>[00m calling forward function on pad dashdemux0:sink
0:00:00.335909810 [334m19341[00m 0x7f493c009590 [33;01mLOG    [00m [00;01;31;41m            GST_PADS gstpad.c:2989:event_forward_func:<dashdemux0:sink>[00m Reffing and pushing event 0x7f4928003970 (reconfigure) to dashdemux0:sink
0:00:00.335933988 [334m19341[00m 0x7f493c009590 [33;01mLOG    [00m [00;01;31;41m            GST_PADS gstpad.c:5261:gst_pad_push_event_unchecked:<dashdemux0:sink>[00m sending event 0x7f4928003970 (reconfigure) to peerpad <typefindelement0:src>
0:00:00.335965537 [334m19341[00m 0x7f493c009590 [37mDEBUG  [00m [00;01;34m           GST_EVENT gstpad.c:5548:gst_pad_send_event_unchecked:<typefindelement0:src>[00m have event type reconfigure event: 0x7f4928003970, time 99:99:99.999999999, seq-num 231, (NULL)
0:00:00.335982545 [334m19341[00m 0x7f4930006e80 [36mINFO   [00m [00;01;31;41m            GST_PADS gstpad.c:2315:gst_pad_link_prepare:[00m trying to link typefind:src and parsepad1:proxypad13
0:00:00.335995464 [334m19341[00m 0x7f493c009590 [33;01mLOG    [00m [00;01;31;41m            GST_PADS gstpad.c:5261:gst_pad_push_event_unchecked:<typefindelement0:sink>[00m sending event 0x7f4928003970 (reconfigure) to peerpad <source:src>
0:00:00.336011338 [334m19341[00m 0x7f4930006e80 [36mINFO   [00m [00;01;31;41m            GST_PADS gstpad.c:2523:gst_pad_link_full:[00m linked typefind:src and parsepad1:proxypad13, successful
0:00:00.336109594 [334m19341[00m 0x7f4930006e80 [36mINFO   [00m [00;01;34m           GST_EVENT gstevent.c:1511:gst_event_new_reconfigure:[00m creating reconfigure event
0:00:00.336123454 [334m19341[00m 0x7f493c009590 [37mDEBUG  [00m [00;01;34m           GST_EVENT gstpad.c:5548:gst_pad_send_event_unchecked:<source:src>[00m have event type reconfigure event: 0x7f4928003970, time 99:99:99.999999999, seq-num 231, (NULL)
0:00:00.336143246 [334m19341[00m 0x7f493c009590 [37mDEBUG  [00m [00;01;31;41m            GST_PADS gstpad.c:5622:gst_pad_send_event_unchecked:<source:src>[00m sent event, ret ok
0:00:00.336157736 [334m19341[00m 0x7f493c009590 [33;01mLOG    [00m [00;01;31;41m            GST_PADS gstpad.c:5269:gst_pad_push_event_unchecked:<typefindelement0:sink>[00m sent event 0x7f4928003970 (reconfigure) to peerpad <source:src>, ret ok
0:00:00.336178488 [334m19341[00m 0x7f493c009590 [37mDEBUG  [00m [00;01;31;41m            GST_PADS gstpad.c:5622:gst_pad_send_event_unchecked:<typefindelement0:src>[00m sent event, ret ok
0:00:00.336214056 [334m19341[00m 0x7f493c009590 [33;01mLOG    [00m [00;01;31;41m            GST_PADS gstpad.c:5269:gst_pad_push_event_unchecked:<dashdemux0:sink>[00m sent event 0x7f4928003970 (reconfigure) to peerpad <typefindelement0:src>, ret ok
0:00:00.336215867 [334m19341[00m 0x7f4930006e80 [37mDEBUG  [00m [00;01;34m           GST_EVENT gstevent.c:305:gst_event_new_custom:[00m creating new event 0x7f4908003490 reconfigure 61441
0:00:00.336239565 [334m19341[00m 0x7f4930006e80 [37mDEBUG  [00m [00;01;34m           GST_EVENT gstpad.c:5548:gst_pad_send_event_unchecked:<typefind:src>[00m have event type reconfigure event: 0x7f4908003490, time 99:99:99.999999999, seq-num 234, (NULL)
0:00:00.336241754 [334m19341[00m 0x7f493c009590 [37mDEBUG  [00m [00;01;31;41m            GST_PADS gstpad.c:5622:gst_pad_send_event_unchecked:<dashdemux0:audio_01>[00m sent event, ret ok
0:00:00.336254505 [334m19341[00m 0x7f4930006e80 [33;01mLOG    [00m [00;01;31;41m            GST_PADS gstpad.c:5261:gst_pad_push_event_unchecked:<typefind:sink>[00m sending event 0x7f4908003490 (reconfigure) to peerpad <sink:proxypad10>
0:00:00.336259181 [334m19341[00m 0x7f494c03f850 [37mDEBUG  [00m [00;01;31;41m            GST_PADS gstpad.c:1074:gst_pad_set_active:<srcbin-video_00:src>[00m pad was inactive
0:00:00.336267939 [334m19341[00m 0x7f4930006e80 [37mDEBUG  [00m [00;01;34m           GST_EVENT gstpad.c:5548:gst_pad_send_event_unchecked:<sink:proxypad10>[00m have event type reconfigure event: 0x7f4908003490, time 99:99:99.999999999, seq-num 234, (NULL)
0:00:00.336284944 [334m19341[00m 0x7f493c009590 [33;01mLOG    [00m [00;01;31;41m            GST_PADS gstpad.c:5269:gst_pad_push_event_unchecked:<queue2-2:sink>[00m sent event 0x7f4928003970 (reconfigure) to peerpad <dashdemux0:audio_01>, ret ok
0:00:00.336311597 [334m19341[00m 0x7f4930006e80 [33;01mLOG    [00m [00;01;31;41m            GST_PADS gstpad.c:2944:gst_pad_forward:<sink:proxypad10>[00m calling forward function on pad parsebin1:sink
0:00:00.336314207 [334m19341[00m 0x7f493c009590 [37mDEBUG  [00m [00;01;31;41m            GST_PADS gstpad.c:5622:gst_pad_send_event_unchecked:<queue2-2:src>[00m sent event, ret ok
0:00:00.336325116 [334m19341[00m 0x7f4930006e80 [33;01mLOG    [00m [00;01;31;41m            GST_PADS gstpad.c:2989:event_forward_func:<parsebin1:sink>[00m Reffing and pushing event 0x7f4908003490 (reconfigure) to parsebin1:sink
0:00:00.336350738 [334m19341[00m 0x7f4930006e80 [33;01mLOG    [00m [00;01;31;41m            GST_PADS gstpad.c:5261:gst_pad_push_event_unchecked:<parsebin1:sink>[00m sending event 0x7f4908003490 (reconfigure) to peerpad <sink_0:proxypad8>
0:00:00.336353885 [334m19341[00m 0x7f493c009590 [33;01mLOG    [00m [00;01;31;41m            GST_PADS gstpad.c:5269:gst_pad_push_event_unchecked:<src_2:proxypad7>[00m sent event 0x7f4928003970 (reconfigure) to peerpad <queue2-2:src>, ret ok
0:00:00.336364176 [334m19341[00m 0x7f4930006e80 [37mDEBUG  [00m [00;01;34m           GST_EVENT gstpad.c:5548:gst_pad_send_event_unchecked:<sink_0:proxypad8>[00m have event type reconfigure event: 0x7f4908003490, time 99:99:99.999999999, seq-num 234, (NULL)
0:00:00.336371128 [334m19341[00m 0x7f493c009590 [33;01mLOG    [00m [00;01;34m           GST_EVENT gstevent.c:222:_gst_event_free:[00m freeing event 0x7f4928003970 type reconfigure
0:00:00.336388661 [334m19341[00m 0x7f493c009590 [37mDEBUG  [00m [00;01;31;41m            GST_PADS gstpad.c:5622:gst_pad_send_event_unchecked:<urisourcebin0:src_2>[00m sent event, ret ok
0:00:00.336407063 [334m19341[00m 0x7f4930006e80 [33;01mLOG    [00m [00;01;31;41m            GST_PADS gstpad.c:2944:gst_pad_forward:<sink_0:proxypad8>[00m calling forward function on pad decodebin3-0:sink_0
0:00:00.336430950 [334m19341[00m 0x7f4930006e80 [33;01mLOG    [00m [00;01;31;41m            GST_PADS gstpad.c:2989:event_forward_func:<decodebin3-0:sink_0>[00m Reffing and pushing event 0x7f4908003490 (reconfigure) to decodebin3-0:sink_0
0:00:00.336448954 [334m19341[00m 0x7f4930006e80 [33;01mLOG    [00m [00;01;31;41m            GST_PADS gstpad.c:5261:gst_pad_push_event_unchecked:<decodebin3-0:sink_0>[00m sending event 0x7f4908003490 (reconfigure) to peerpad <urisourcebin0:src_1>
0:00:00.336476578 [334m19341[00m 0x7f4930006e80 [37mDEBUG  [00m [00;01;34m           GST_EVENT gstpad.c:5548:gst_pad_send_event_unchecked:<urisourcebin0:src_1>[00m have event type reconfigure event: 0x7f4908003490, time 99:99:99.999999999, seq-num 234, (NULL)
0:00:00.336534987 [334m19341[00m 0x7f4930006e80 [33;01mLOG    [00m [00;01;31;41m            GST_PADS gstpad.c:2944:gst_pad_forward:<urisourcebin0:src_1>[00m calling forward function on pad src_1:proxypad5
0:00:00.336547821 [334m19341[00m 0x7f4930006e80 [33;01mLOG    [00m [00;01;31;41m            GST_PADS gstpad.c:2989:event_forward_func:<src_1:proxypad5>[00m Reffing and pushing event 0x7f4908003490 (reconfigure) to src_1:proxypad5
0:00:00.336585531 [334m19341[00m 0x7f4930006e80 [33;01mLOG    [00m [00;01;31;41m            GST_PADS gstpad.c:5261:gst_pad_push_event_unchecked:<src_1:proxypad5>[00m sending event 0x7f4908003490 (reconfigure) to peerpad <queue2-1:src>
0:00:00.336610309 [334m19341[00m 0x7f4930006e80 [37mDEBUG  [00m [00;01;34m           GST_EVENT gstpad.c:5548:gst_pad_send_event_unchecked:<queue2-1:src>[00m have event type reconfigure event: 0x7f4908003490, time 99:99:99.999999999, seq-num 234, (NULL)
0:00:00.336738825 [334m19341[00m 0x7f493c009590 [37mDEBUG  [00m [00;01;31;41m            GST_PADS gstpad.c:1324:cleanup_hook:<dashdemux0:audio_01>[00m remove blocking probe, now 0 left
0:00:00.336748699 [334m19341[00m 0x7f4930006e80 [37mDEBUG  [00m [00m     queue2_dataflow gstqueue2.c:3080:gst_queue2_handle_src_event:<queue2-1>[00m got event 0x7f4908003490 (reconfigure)
0:00:00.336783462 [334m19341[00m 0x7f493c009590 [37mDEBUG  [00m [00;01;31;41m            GST_PADS gstpad.c:1330:cleanup_hook:<dashdemux0:audio_01>[00m last blocking probe removed, unblocking
0:00:00.336780108 [334m19341[00m 0x7f4930006e80 [33;01mLOG    [00m [00;01;31;41m            GST_PADS gstpad.c:5261:gst_pad_push_event_unchecked:<queue2-1:sink>[00m sending event 0x7f4908003490 (reconfigure) to peerpad <dashdemux0:video_00>
0:00:00.336822191 [334m19341[00m 0x7f4930006e80 [37mDEBUG  [00m [00;01;34m           GST_EVENT gstpad.c:5548:gst_pad_send_event_unchecked:<dashdemux0:video_00>[00m have event type reconfigure event: 0x7f4908003490, time 99:99:99.999999999, seq-num 234, (NULL)
0:00:00.336991141 [334m19341[00m 0x7f4930006e80 [37mDEBUG  [00m [00m       adaptivedemux gstadaptivedemux.c:1597:gst_adaptive_demux_src_event:<dashdemux0:video_00>[00m [DEBUG], last flow ret = ok
0:00:00.337083503 [334m19341[00m 0x7f4930006e80 [33;01mLOG    [00m [00;01;31;41m            GST_PADS gstpad.c:2944:gst_pad_forward:<dashdemux0:video_00>[00m calling forward function on pad dashdemux0:sink
0:00:00.337108997 [334m19341[00m 0x7f493c009590 [33;01mLOG    [00m [00;01;31;41m            GST_PADS gstpad.c:5261:gst_pad_push_event_unchecked:<dashdemux0:audio_01>[00m sending event 0x7f494c03b080 (stream-start) to peerpad <queue2-2:sink>
0:00:00.337098374 [334m19341[00m 0x7f4930006e80 [33;01mLOG    [00m [00;01;31;41m            GST_PADS gstpad.c:2989:event_forward_func:<dashdemux0:sink>[00m Reffing and pushing event 0x7f4908003490 (reconfigure) to dashdemux0:sink
0:00:00.337154207 [334m19341[00m 0x7f494c03f850 [37mDEBUG  [00m [00;01;31;41m            GST_PADS gstpad.c:1078:gst_pad_set_active:<dashdemux0:internal-video_00>[00m deactivating pad from push mode
0:00:00.337142841 [334m19341[00m 0x7f4930006e80 [33;01mLOG    [00m [00;01;31;41m            GST_PADS gstpad.c:5261:gst_pad_push_event_unchecked:<dashdemux0:sink>[00m sending event 0x7f4908003490 (reconfigure) to peerpad <typefindelement0:src>
0:00:00.337134177 [334m19341[00m 0x7f493c009590 [37mDEBUG  [00m [00;01;34m           GST_EVENT gstpad.c:5548:gst_pad_send_event_unchecked:<queue2-2:sink>[00m have event type stream-start event: 0x7f494c03b080, time 99:99:99.999999999, seq-num 46, GstEventStreamStart, stream-id=(string)78a81cd5ab52c8b30efd549f3528ce592cff83fc9a3317f29fc9920a45c26697/audio_01, flags=(GstStreamFlags)GST_STREAM_FLAG_NONE, group-id=(uint)0;
0:00:00.337163623 [334m19341[00m 0x7f494c03f850 [37mDEBUG  [00m [00;01;31;41m            GST_PADS gstpad.c:967:pre_activate:<dashdemux0:internal-video_00>[00m setting PAD_MODE NONE, set flushing
0:00:00.337181466 [334m19341[00m 0x7f493c009590 [33;01mLOG    [00m [00;01;31;41m            GST_PADS gstpad.c:5556:gst_pad_send_event_unchecked:<queue2-2:sink>[00m Removing pending EOS events
0:00:00.337191180 [334m19341[00m 0x7f494c03f850 [37mDEBUG  [00m [00;01;31;41m            GST_PADS gstpad.c:1015:post_activate:<dashdemux0:internal-video_00>[00m stopped streaming
0:00:00.337173944 [334m19341[00m 0x7f4930006e80 [37mDEBUG  [00m [00;01;34m           GST_EVENT gstpad.c:5548:gst_pad_send_event_unchecked:<typefindelement0:src>[00m have event type reconfigure event: 0x7f4908003490, time 99:99:99.999999999, seq-num 234, (NULL)
0:00:00.337215332 [334m19341[00m 0x7f494c03f850 [33;01mLOG    [00m [00;01;34m           GST_EVENT gstevent.c:222:_gst_event_free:[00m freeing event 0x7f4940008ee0 type stream-start
0:00:00.337208665 [334m19341[00m 0x7f493c009590 [33;01mLOG    [00m [00m     queue2_dataflow gstqueue2.c:2325:gst_queue2_locked_enqueue:<queue2-2>[00m (queue2-2:sink) signal ADD: 0 of 0 buffers, 0 of 2097152 bytes, 0 of 4000000000 ns, 1 items
0:00:00.337234496 [334m19341[00m 0x7f4930006e80 [33;01mLOG    [00m [00;01;31;41m            GST_PADS gstpad.c:5261:gst_pad_push_event_unchecked:<typefindelement0:sink>[00m sending event 0x7f4908003490 (reconfigure) to peerpad <source:src>
0:00:00.337265214 [334m19341[00m 0x7f4930006e80 [37mDEBUG  [00m [00;01;34m           GST_EVENT gstpad.c:5548:gst_pad_send_event_unchecked:<source:src>[00m have event type reconfigure event: 0x7f4908003490, time 99:99:99.999999999, seq-num 234, (NULL)
0:00:00.337259125 [334m19341[00m 0x7f4934007540 [33;01mLOG    [00m [00m     queue2_dataflow gstqueue2.c:3026:gst_queue2_loop:<queue2-2>[00m (queue2-2:src) received ADD: 0 of 0 buffers, 0 of 2097152 bytes, 0 of 4000000000 ns, 1 items
0:00:00.337244232 [334m19341[00m 0x7f494c03f850 [33;01mLOG    [00m [00;01;34m           GST_EVENT gstevent.c:222:_gst_event_free:[00m freeing event 0x7f492c003520 type segment
0:00:00.337255173 [334m19341[00m 0x7f493c009590 [37mDEBUG  [00m [00;01;31;41m            GST_PADS gstpad.c:5622:gst_pad_send_event_unchecked:<queue2-2:sink>[00m sent event, ret ok
0:00:00.337319929 [334m19341[00m 0x7f4930006e80 [37mDEBUG  [00m [00;01;31;41m            GST_PADS gstpad.c:5622:gst_pad_send_event_unchecked:<source:src>[00m sent event, ret ok
0:00:00.337305499 [334m19341[00m 0x7f4934007540 [33;01mLOG    [00m [00m     queue2_dataflow gstqueue2.c:2394:gst_queue2_locked_dequeue:<queue2-2>[00m retrieved event 0x7f494c03b080 from queue
0:00:00.337294425 [334m19341[00m 0x7f494c03f850 [33;01mLOG    [00m [00;01;34m           GST_EVENT gstevent.c:222:_gst_event_free:[00m freeing event 0x7f492c003590 type eos
0:00:00.337337181 [334m19341[00m 0x7f493c009590 [33;01mLOG    [00m [00;01;31;41m            GST_PADS gstpad.c:5037:store_sticky_event:<queue2-2:sink>[00m Removing pending EOS and StreamGroupDone events
0:00:00.337340417 [334m19341[00m 0x7f494c03f850 [33;01mLOG    [00m [00;01;34m           GST_EVENT gstevent.c:222:_gst_event_free:[00m freeing event 0x7f492c0034b0 type custom-downstream-sticky
0:00:00.337339245 [334m19341[00m 0x7f4934007540 [33;01mLOG    [00m [00m     queue2_dataflow gstqueue2.c:2899:gst_queue2_push_one:<queue2-2>[00m (queue2-2:src) We have something dequeud: 0 of 0 buffers, 0 of 2097152 bytes, 0 of 4000000000 ns, 0 items
0:00:00.337350545 [334m19341[00m 0x7f493c009590 [33;01mLOG    [00m [00;01;31;41m            GST_PADS gstpad.c:5097:store_sticky_event:<queue2-2:sink>[00m stored sticky event stream-start
0:00:00.337371772 [334m19341[00m 0x7f4934007540 [33;01mLOG    [00m [00;01;31;41m            GST_PADS gstpad.c:5037:store_sticky_event:<queue2-2:src>[00m Removing pending EOS and StreamGroupDone events
0:00:00.337363790 [334m19341[00m 0x7f494c03f850 [37mDEBUG  [00m [00;01;31;41m            GST_PADS gstpad.c:1188:activate_mode_internal:<dashdemux0:internal-video_00>[00m deactivated in push mode
0:00:00.337389294 [334m19341[00m 0x7f493c009590 [33;01mLOG    [00m [00;01;31;41m            GST_PADS gstpad.c:5269:gst_pad_push_event_unchecked:<dashdemux0:audio_01>[00m sent event 0x7f494c03b080 (stream-start) to peerpad <queue2-2:sink>, ret ok
0:00:00.337403844 [334m19341[00m 0x7f4934007540 [33;01mLOG    [00m [00;01;31;41m            GST_PADS gstpad.c:5097:store_sticky_event:<queue2-2:src>[00m stored sticky event stream-start
0:00:00.337440497 [334m19341[00m 0x7f4934007540 [37mDEBUG  [00m [00;01;31;41m            GST_PADS gstpad.c:3862:check_sticky:<queue2-2:src>[00m pushing all sticky events
0:00:00.337411287 [334m19341[00m 0x7f494c03f850 [37mDEBUG  [00m [00;01;31;41m            GST_PADS gstpad.c:1063:gst_pad_set_active:<dashdemux0:internal-video_00>[00m activating pad from none
0:00:00.337413488 [334m19341[00m 0x7f4930006e80 [33;01mLOG    [00m [00;01;31;41m            GST_PADS gstpad.c:5269:gst_pad_push_event_unchecked:<typefindelement0:sink>[00m sent event 0x7f4908003490 (reconfigure) to peerpad <source:src>, ret ok
0:00:00.337461236 [334m19341[00m 0x7f494c03f850 [37mDEBUG  [00m [00;01;31;41m            GST_PADS gstpad.c:979:pre_activate:<dashdemux0:internal-video_00>[00m setting pad into push mode, unset flushing
0:00:00.337463506 [334m19341[00m 0x7f4930006e80 [37mDEBUG  [00m [00;01;31;41m            GST_PADS gstpad.c:5622:gst_pad_send_event_unchecked:<typefindelement0:src>[00m sent event, ret ok
0:00:00.337473593 [334m19341[00m 0x7f494c03f850 [37mDEBUG  [00m [00;01;31;41m            GST_PADS gstpad.c:991:pre_activate:<dashdemux0:internal-video_00>[00m reschedule events on peer srcbin-video_00:src
0:00:00.337475646 [334m19341[00m 0x7f493c009590 [37mDEBUG  [00m [00;01;31;41m            GST_PADS gstpad.c:3814:push_sticky:<dashdemux0:audio_01>[00m event stream-start marked received
0:00:00.337485333 [334m19341[00m 0x7f4930006e80 [33;01mLOG    [00m [00;01;31;41m            GST_PADS gstpad.c:5269:gst_pad_push_event_unchecked:<dashdemux0:sink>[00m sent event 0x7f4908003490 (reconfigure) to peerpad <typefindelement0:src>, ret ok
0:00:00.337498211 [334m19341[00m 0x7f494c03f850 [37mDEBUG  [00m [00;01;31;41m            GST_PADS gstpad.c:1188:activate_mode_internal:<dashdemux0:internal-video_00>[00m activated in push mode
0:00:00.337540824 [334m19341[00m 0x7f4930006e80 [37mDEBUG  [00m [00;01;31;41m            GST_PADS gstpad.c:5622:gst_pad_send_event_unchecked:<dashdemux0:video_00>[00m sent event, ret ok
0:00:00.337575481 [334m19341[00m 0x7f4930006e80 [33;01mLOG    [00m [00;01;31;41m            GST_PADS gstpad.c:5269:gst_pad_push_event_unchecked:<queue2-1:sink>[00m sent event 0x7f4908003490 (reconfigure) to peerpad <dashdemux0:video_00>, ret ok
0:00:00.337594440 [334m19341[00m 0x7f4934007540 [33;01mLOG    [00m [00m        urisourcebin gsturisourcebin.c:1263:source_pad_event_probe:<queue2-2:src>[00m stream-start, urisrc 0x7f494c03b080
0:00:00.337608219 [334m19341[00m 0x7f494c03f850 [37mDEBUG  [00m [00m       adaptivedemux gstadaptivedemux.c:2897:gst_adaptive_demux_stream_download_header_fragment:<dashdemux0>[00m Fetching index http://dash.akamaized.net/dash264/TestCases/10a/1/German_Forest_SHORT_1v0-avc1.42c01e-68s-848x476-h264-1500000bps_seg.mp4 686-885
0:00:00.337609739 [334m19341[00m 0x7f4930006e80 [37mDEBUG  [00m [00;01;31;41m            GST_PADS gstpad.c:5622:gst_pad_send_event_unchecked:<queue2-1:src>[00m sent event, ret ok
0:00:00.337647162 [334m19341[00m 0x7f4934007540 [33;01mLOG    [00m [00;01;31;41m            GST_PADS gstpad.c:5261:gst_pad_push_event_unchecked:<queue2-2:src>[00m sending event 0x7f494c03b080 (stream-start) to peerpad <src_2:proxypad7>
0:00:00.337654580 [334m19341[00m 0x7f4930006e80 [33;01mLOG    [00m [00;01;31;41m            GST_PADS gstpad.c:5269:gst_pad_push_event_unchecked:<src_1:proxypad5>[00m sent event 0x7f4908003490 (reconfigure) to peerpad <queue2-1:src>, ret ok
0:00:00.337672520 [334m19341[00m 0x7f4934007540 [37mDEBUG  [00m [00;01;34m           GST_EVENT gstpad.c:5548:gst_pad_send_event_unchecked:<src_2:proxypad7>[00m have event type stream-start event: 0x7f494c03b080, time 99:99:99.999999999, seq-num 46, GstEventStreamStart, stream-id=(string)78a81cd5ab52c8b30efd549f3528ce592cff83fc9a3317f29fc9920a45c26697/audio_01, flags=(GstStreamFlags)GST_STREAM_FLAG_NONE, group-id=(uint)0;
0:00:00.337638877 [334m19341[00m 0x7f494c03f850 [37mDEBUG  [00m [00m       adaptivedemux gstadaptivedemux.c:2726:gst_adaptive_demux_stream_download_uri:<dashdemux0:video_00>[00m Downloading index uri: http://dash.akamaized.net/dash264/TestCases/10a/1/German_Forest_SHORT_1v0-avc1.42c01e-68s-848x476-h264-1500000bps_seg.mp4, range:686 - 885
0:00:00.337703465 [334m19341[00m 0x7f494c03f850 [37mDEBUG  [00m [00m       adaptivedemux gstadaptivedemux.c:2530:gst_adaptive_demux_stream_update_source:<dashdemux0>[00m Re-using old source element
0:00:00.337682940 [334m19341[00m 0x7f4930006e80 [37mDEBUG  [00m [00;01;31;41m            GST_PADS gstpad.c:5622:gst_pad_send_event_unchecked:<urisourcebin0:src_1>[00m sent event, ret ok
0:00:00.337716416 [334m19341[00m 0x7f4930006e80 [33;01mLOG    [00m [00;01;31;41m            GST_PADS gstpad.c:5269:gst_pad_push_event_unchecked:<decodebin3-0:sink_0>[00m sent event 0x7f4908003490 (reconfigure) to peerpad <urisourcebin0:src_1>, ret ok
0:00:00.337732487 [334m19341[00m 0x7f4930006e80 [37mDEBUG  [00m [00;01;31;41m            GST_PADS gstpad.c:5622:gst_pad_send_event_unchecked:<sink_0:proxypad8>[00m sent event, ret ok
0:00:00.337692964 [334m19341[00m 0x7f4934007540 [33;01mLOG    [00m [00;01;31;41m            GST_PADS gstpad.c:5556:gst_pad_send_event_unchecked:<src_2:proxypad7>[00m Removing pending EOS events
0:00:00.337750256 [334m19341[00m 0x7f4930006e80 [33;01mLOG    [00m [00;01;31;41m            GST_PADS gstpad.c:5269:gst_pad_push_event_unchecked:<parsebin1:sink>[00m sent event 0x7f4908003490 (reconfigure) to peerpad <sink_0:proxypad8>, ret ok
0:00:00.337767701 [334m19341[00m 0x7f4930006e80 [33;01mLOG    [00m [00;01;34m           GST_EVENT gstevent.c:222:_gst_event_free:[00m freeing event 0x7f4908003490 type reconfigure
0:00:00.337784852 [334m19341[00m 0x7f4930006e80 [37mDEBUG  [00m [00;01;31;41m            GST_PADS gstpad.c:5622:gst_pad_send_event_unchecked:<sink:proxypad10>[00m sent event, ret ok
0:00:00.337774573 [334m19341[00m 0x7f4934007540 [33;01mLOG    [00m [00;01;31;41m            GST_PADS gstpad.c:2944:gst_pad_forward:<src_2:proxypad7>[00m calling forward function on pad urisourcebin0:src_2
0:00:00.337776648 [334m19341[00m 0x7f493c009590 [33;01mLOG    [00m [00;01;31;41m            GST_PADS gstpad.c:5261:gst_pad_push_event_unchecked:<dashdemux0:audio_01>[00m sending event 0x7f494c03b0f0 (caps) to peerpad <queue2-2:sink>
0:00:00.337804515 [334m19341[00m 0x7f4930006e80 [33;01mLOG    [00m [00;01;31;41m            GST_PADS gstpad.c:5269:gst_pad_push_event_unchecked:<typefind:sink>[00m sent event 0x7f4908003490 (reconfigure) to peerpad <sink:proxypad10>, ret ok
0:00:00.337807182 [334m19341[00m 0x7f4934007540 [33;01mLOG    [00m [00;01;31;41m            GST_PADS gstpad.c:2989:event_forward_func:<urisourcebin0:src_2>[00m Reffing and pushing event 0x7f494c03b080 (stream-start) to urisourcebin0:src_2
0:00:00.337819514 [334m19341[00m 0x7f4934007540 [33;01mLOG    [00m [00;01;31;41m            GST_PADS gstpad.c:5037:store_sticky_event:<urisourcebin0:src_2>[00m Removing pending EOS and StreamGroupDone events
0:00:00.337834304 [334m19341[00m 0x7f4934007540 [33;01mLOG    [00m [00;01;31;41m            GST_PADS gstpad.c:5097:store_sticky_event:<urisourcebin0:src_2>[00m stored sticky event stream-start
0:00:00.337831407 [334m19341[00m 0x7f4930006e80 [37mDEBUG  [00m [00;01;31;41m            GST_PADS gstpad.c:5622:gst_pad_send_event_unchecked:<typefind:src>[00m sent event, ret ok
0:00:00.337859971 [334m19341[00m 0x7f4934007540 [37mDEBUG  [00m [00;01;31;41m            GST_PADS gstpad.c:3862:check_sticky:<urisourcebin0:src_2>[00m pushing all sticky events
0:00:00.337802366 [334m19341[00m 0x7f493c009590 [37mDEBUG  [00m [00;01;34m           GST_EVENT gstpad.c:5548:gst_pad_send_event_unchecked:<queue2-2:sink>[00m have event type caps event: 0x7f494c03b0f0, time 99:99:99.999999999, seq-num 47, GstEventCaps, caps=(GstCaps)"audio/x-m4a\,\ rate\=\(int\)48000";
0:00:00.337870946 [334m19341[00m 0x7f4934007540 [33;01mLOG    [00m [00;01;31;41m            GST_PADS gstpad.c:5261:gst_pad_push_event_unchecked:<urisourcebin0:src_2>[00m sending event 0x7f494c03b080 (stream-start) to peerpad <decodebin3-0:sink_1>
0:00:00.337896858 [334m19341[00m 0x7f4934007540 [37mDEBUG  [00m [00;01;34m           GST_EVENT gstpad.c:5548:gst_pad_send_event_unchecked:<decodebin3-0:sink_1>[00m have event type stream-start event: 0x7f494c03b080, time 99:99:99.999999999, seq-num 46, GstEventStreamStart, stream-id=(string)78a81cd5ab52c8b30efd549f3528ce592cff83fc9a3317f29fc9920a45c26697/audio_01, flags=(GstStreamFlags)GST_STREAM_FLAG_NONE, group-id=(uint)0;
0:00:00.337952606 [334m19341[00m 0x7f493c009590 [37mDEBUG  [00m [00;01;31;41m            GST_PADS gstpad.c:3931:gst_pad_query:<queue2-2:sink>[00m doing query 0x7f4928005590 (accept-caps)
0:00:00.337987692 [334m19341[00m 0x7f493c009590 [37mDEBUG  [00m [00;01;31;41m            GST_PADS gstutils.c:2594:gst_pad_proxy_query_accept_caps:<queue2-2:sink>[00m proxying accept caps query for queue2-2:sink
0:00:00.337951491 [334m19341[00m 0x7f4934007540 [33;01mLOG    [00m [00;01;31;41m            GST_PADS gstpad.c:5556:gst_pad_send_event_unchecked:<decodebin3-0:sink_1>[00m Removing pending EOS events
0:00:00.338021202 [334m19341[00m 0x7f4934007540 [33;01mLOG    [00m [00;01;31;41m            GST_PADS gstpad.c:2944:gst_pad_forward:<decodebin3-0:sink_1>[00m calling forward function on pad sink_1:proxypad9
0:00:00.338029216 [334m19341[00m 0x7f494c03f850 [37mDEBUG  [00m [00;01;31;41m            GST_PADS gstpad.c:1074:gst_pad_set_active:<srcbin-video_00:src>[00m pad was inactive
0:00:00.338053323 [334m19341[00m 0x7f493c009590 [33;01mLOG    [00m [00;01;31;41m            GST_PADS gstpad.c:2944:gst_pad_forward:<queue2-2:sink>[00m calling forward function on pad queue2-2:src
0:00:00.338033532 [334m19341[00m 0x7f4934007540 [33;01mLOG    [00m [00;01;31;41m            GST_PADS gstpad.c:2989:event_forward_func:<sink_1:proxypad9>[00m Reffing and pushing event 0x7f494c03b080 (stream-start) to sink_1:proxypad9
0:00:00.338064640 [334m19341[00m 0x7f493c009590 [37mDEBUG  [00m [00;01;31;41m            GST_PADS gstpad.c:4058:gst_pad_peer_query:<queue2-2:src>[00m peer query 0x7f4928005590 (accept-caps)
0:00:00.338134348 [334m19341[00m 0x7f4934007540 [33;01mLOG    [00m [00;01;31;41m            GST_PADS gstpad.c:5037:store_sticky_event:<sink_1:proxypad9>[00m Removing pending EOS and StreamGroupDone events
0:00:00.338154368 [334m19341[00m 0x7f4934007540 [33;01mLOG    [00m [00;01;31;41m            GST_PADS gstpad.c:5097:store_sticky_event:<sink_1:proxypad9>[00m stored sticky event stream-start
0:00:00.338218329 [334m19341[00m 0x7f493c009590 [37mDEBUG  [00m [00;01;31;41m            GST_PADS gstpad.c:3931:gst_pad_query:<src_2:proxypad7>[00m doing query 0x7f4928005590 (accept-caps)
0:00:00.338229460 [334m19341[00m 0x7f4934007540 [37mDEBUG  [00m [00;01;31;41m            GST_PADS gstpad.c:3862:check_sticky:<sink_1:proxypad9>[00m pushing all sticky events
0:00:00.338284438 [334m19341[00m 0x7f493c009590 [37mDEBUG  [00m [00;01;31;41m            GST_PADS gstutils.c:2594:gst_pad_proxy_query_accept_caps:<src_2:proxypad7>[00m proxying accept caps query for src_2:proxypad7
0:00:00.338240116 [334m19341[00m 0x7f4934007540 [33;01mLOG    [00m [00;01;31;41m            GST_PADS gstpad.c:5261:gst_pad_push_event_unchecked:<sink_1:proxypad9>[00m sending event 0x7f494c03b080 (stream-start) to peerpad <parsebin2:sink>
0:00:00.338294785 [334m19341[00m 0x7f493c009590 [33;01mLOG    [00m [00;01;31;41m            GST_PADS gstpad.c:2944:gst_pad_forward:<src_2:proxypad7>[00m calling forward function on pad urisourcebin0:src_2
0:00:00.338317816 [334m19341[00m 0x7f4934007540 [37mDEBUG  [00m [00;01;34m           GST_EVENT gstpad.c:5548:gst_pad_send_event_unchecked:<parsebin2:sink>[00m have event type stream-start event: 0x7f494c03b080, time 99:99:99.999999999, seq-num 46, GstEventStreamStart, stream-id=(string)78a81cd5ab52c8b30efd549f3528ce592cff83fc9a3317f29fc9920a45c26697/audio_01, flags=(GstStreamFlags)GST_STREAM_FLAG_NONE, group-id=(uint)0;
0:00:00.338327578 [334m19341[00m 0x7f493c009590 [37mDEBUG  [00m [00;01;31;41m            GST_PADS gstpad.c:4058:gst_pad_peer_query:<urisourcebin0:src_2>[00m peer query 0x7f4928005590 (accept-caps)
0:00:00.338350043 [334m19341[00m 0x7f4934007540 [33;01mLOG    [00m [00;01;31;41m            GST_PADS gstpad.c:5556:gst_pad_send_event_unchecked:<parsebin2:sink>[00m Removing pending EOS events
0:00:00.338347161 [334m19341[00m 0x7f493c009590 [37mDEBUG  [00m [00;01;31;41m            GST_PADS gstpad.c:3931:gst_pad_query:<decodebin3-0:sink_1>[00m doing query 0x7f4928005590 (accept-caps)
0:00:00.338407137 [334m19341[00m 0x7f4934007540 [33;01mLOG    [00m [00;01;31;41m            GST_PADS gstpad.c:2944:gst_pad_forward:<parsebin2:sink>[00m calling forward function on pad sink:proxypad12
0:00:00.338432191 [334m19341[00m 0x7f4930006e80 [37mDEBUG  [00m [00;01;31;41m            GST_PADS gstghostpad.c:808:gst_ghost_pad_get_target:<'':parsepad1>[00m get target typefind:src
0:00:00.338444101 [334m19341[00m 0x7f4934007540 [33;01mLOG    [00m [00;01;31;41m            GST_PADS gstpad.c:2989:event_forward_func:<sink:proxypad12>[00m Reffing and pushing event 0x7f494c03b080 (stream-start) to sink:proxypad12
0:00:00.338445523 [334m19341[00m 0x7f493c009590 [37mDEBUG  [00m [00;01;31;41m            GST_PADS gstutils.c:2594:gst_pad_proxy_query_accept_caps:<decodebin3-0:sink_1>[00m proxying accept caps query for decodebin3-0:sink_1
0:00:00.338479166 [334m19341[00m 0x7f4934007540 [33;01mLOG    [00m [00;01;31;41m            GST_PADS gstpad.c:5037:store_sticky_event:<sink:proxypad12>[00m Removing pending EOS and StreamGroupDone events
0:00:00.338487122 [334m19341[00m 0x7f493c009590 [33;01mLOG    [00m [00;01;31;41m            GST_PADS gstpad.c:2944:gst_pad_forward:<decodebin3-0:sink_1>[00m calling forward function on pad sink_1:proxypad9
0:00:00.338509210 [334m19341[00m 0x7f493c009590 [37mDEBUG  [00m [00;01;31;41m            GST_PADS gstpad.c:4058:gst_pad_peer_query:<sink_1:proxypad9>[00m peer query 0x7f4928005590 (accept-caps)
0:00:00.338502714 [334m19341[00m 0x7f4934007540 [33;01mLOG    [00m [00;01;31;41m            GST_PADS gstpad.c:5097:store_sticky_event:<sink:proxypad12>[00m stored sticky event stream-start
0:00:00.338526044 [334m19341[00m 0x7f493c009590 [37mDEBUG  [00m [00;01;31;41m            GST_PADS gstpad.c:3931:gst_pad_query:<parsebin2:sink>[00m doing query 0x7f4928005590 (accept-caps)
0:00:00.338581121 [334m19341[00m 0x7f4934007540 [37mDEBUG  [00m [00;01;31;41m            GST_PADS gstpad.c:3862:check_sticky:<sink:proxypad12>[00m pushing all sticky events
0:00:00.338591794 [334m19341[00m 0x7f4934007540 [33;01mLOG    [00m [00;01;31;41m            GST_PADS gstpad.c:5261:gst_pad_push_event_unchecked:<sink:proxypad12>[00m sending event 0x7f494c03b080 (stream-start) to peerpad <typefind:sink>
0:00:00.338620121 [334m19341[00m 0x7f493c009590 [37mDEBUG  [00m [00;01;31;41m            GST_PADS gstutils.c:2594:gst_pad_proxy_query_accept_caps:<parsebin2:sink>[00m proxying accept caps query for parsebin2:sink
0:00:00.338618356 [334m19341[00m 0x7f4934007540 [37mDEBUG  [00m [00;01;34m           GST_EVENT gstpad.c:5548:gst_pad_send_event_unchecked:<typefind:sink>[00m have event type stream-start event: 0x7f494c03b080, time 99:99:99.999999999, seq-num 46, GstEventStreamStart, stream-id=(string)78a81cd5ab52c8b30efd549f3528ce592cff83fc9a3317f29fc9920a45c26697/audio_01, flags=(GstStreamFlags)GST_STREAM_FLAG_NONE, group-id=(uint)0;
0:00:00.338629601 [334m19341[00m 0x7f493c009590 [33;01mLOG    [00m [00;01;31;41m            GST_PADS gstpad.c:2944:gst_pad_forward:<parsebin2:sink>[00m calling forward function on pad sink:proxypad12
0:00:00.338652838 [334m19341[00m 0x7f493c009590 [37mDEBUG  [00m [00;01;31;41m            GST_PADS gstpad.c:4058:gst_pad_peer_query:<sink:proxypad12>[00m peer query 0x7f4928005590 (accept-caps)
0:00:00.338635473 [334m19341[00m 0x7f4934007540 [33;01mLOG    [00m [00;01;31;41m            GST_PADS gstpad.c:5556:gst_pad_send_event_unchecked:<typefind:sink>[00m Removing pending EOS events
0:00:00.338667738 [334m19341[00m 0x7f493c009590 [37mDEBUG  [00m [00;01;31;41m            GST_PADS gstpad.c:3931:gst_pad_query:<typefind:sink>[00m doing query 0x7f4928005590 (accept-caps)
0:00:00.338670291 [334m19341[00m 0x7f4930006e80 [33;01mLOG    [00m [00;01;31;41m            GST_PADS gstpad.c:5037:store_sticky_event:<'':parsepad1>[00m Removing pending EOS and StreamGroupDone events
0:00:00.338698162 [334m19341[00m 0x7f4930006e80 [33;01mLOG    [00m [00;01;31;41m            GST_PADS gstpad.c:5097:store_sticky_event:<'':parsepad1>[00m stored sticky event stream-start
0:00:00.338727771 [334m19341[00m 0x7f4934007540 [33;01mLOG    [00m [00;01;31;41m            GST_PADS gstpad.c:5037:store_sticky_event:<typefind:src>[00m Removing pending EOS and StreamGroupDone events
0:00:00.338764923 [334m19341[00m 0x7f4934007540 [33;01mLOG    [00m [00;01;31;41m            GST_PADS gstpad.c:5097:store_sticky_event:<typefind:src>[00m stored sticky event stream-start
0:00:00.338788143 [334m19341[00m 0x7f4934007540 [37mDEBUG  [00m [00;01;31;41m            GST_PADS gstpad.c:3862:check_sticky:<typefind:src>[00m pushing all sticky events
0:00:00.338798364 [334m19341[00m 0x7f4934007540 [37mDEBUG  [00m [00;01;31;41m            GST_PADS gstpad.c:5317:gst_pad_push_event_unchecked:<typefind:src>[00m Dropping event stream-start because pad is not linked
0:00:00.338808970 [334m19341[00m 0x7f4934007540 [37mDEBUG  [00m [00;01;31;41m            GST_PADS gstpad.c:3833:push_sticky:<typefind:src>[00m pad was not linked, mark pending
