0:00:00.361449939 [334m19341[00m 0x7f4948003ed0 [37mDEBUG  [00m [00;01;35m      GST_SCHEDULING gstpad.c:4208:gst_pad_chain_data_unchecked:<queue2-0:sink>[00m called chainfunction &gst_queue2_chain with buffer 0x7f494c0207f0, returned ok
0:00:00.361561679 [334m19341[00m 0x7f4948003ed0 [33;01mLOG    [00m [00m       adaptivedemux gstadaptivedemux.c:2114:gst_adaptive_demux_stream_push_buffer:<dashdemux0:audio_00>[00m Push result: 0 ok
0:00:00.361603754 [334m19341[00m 0x7f4948003ed0 [37mDEBUG  [00m [00;01;35m      GST_SCHEDULING gstpad.c:4208:gst_pad_chain_data_unchecked:<dashdemux0:internal-audio_00>[00m called chainfunction &0x7f495259ee20 with buffer 0x7f494c0207f0, returned ok
0:00:00.361855904 [334m19341[00m 0x7f4948003ed0 [33;01mLOG    [00m [00m      queue_dataflow gstqueue.c:872:gst_queue_locked_dequeue:<queue1>[00m retrieved event 0x7f4920003640 from queue
0:00:00.361867267 [334m19341[00m 0x7f4948003ed0 [33;01mLOG    [00m [00;01;31;41m            GST_PADS gstpad.c:5097:store_sticky_event:<queue1:src>[00m stored sticky event eos
0:00:00.361914618 [334m19341[00m 0x7f4948003ed0 [37mDEBUG  [00m [00;01;31;41m            GST_PADS gstpad.c:3862:check_sticky:<queue1:src>[00m pushing all sticky events
0:00:00.361922516 [334m19341[00m 0x7f4948003ed0 [37mDEBUG  [00m [00;01;31;41m            GST_PADS gstpad.c:3794:push_sticky:<queue1:src>[00m event stream-start was already received
0:00:00.361932672 [334m19341[00m 0x7f4948003ed0 [37mDEBUG  [00m [00;01;31;41m            GST_PADS gstpad.c:3794:push_sticky:<queue1:src>[00m event segment was already received
0:00:00.361941233 [334m19341[00m 0x7f4948003ed0 [33;01mLOG    [00m [00;01;31;41m            GST_PADS gstpad.c:5261:gst_pad_push_event_unchecked:<queue1:src>[00m sending event 0x7f4920003640 (eos) to peerpad <src:proxypad2>
0:00:00.361992786 [334m19341[00m 0x7f4948003ed0 [37mDEBUG  [00m [00;01;34m           GST_EVENT gstpad.c:5548:gst_pad_send_event_unchecked:<src:proxypad2>[00m have event type eos event: 0x7f4920003640, time 99:99:99.999999999, seq-num 208, (NULL)
0:00:00.362029025 [334m19341[00m 0x7f493c009630 [37mDEBUG  [00m [00m                task gsttask.c:251:gst_task_configure_name:<souphttpsrc2:src>[00m Setting thread name to 'souphttpsrc2:src'
0:00:00.362172422 [334m19341[00m 0x7f4948003ed0 [33;01mLOG    [00m [00;01;31;41m            GST_PADS gstpad.c:2944:gst_pad_forward:<src:proxypad2>[00m calling forward function on pad srcbin-audio_00:src
0:00:00.362224281 [334m19341[00m 0x7f493c009630 [37mDEBUG  [00m [00;01;31;41m            GST_PADS gstpad.c:3931:gst_pad_query:<souphttpsrc2:src>[00m doing query 0x7f4920002f20 (uri)
0:00:00.362296246 [334m19341[00m 0x7f4948003ed0 [33;01mLOG    [00m [00;01;31;41m            GST_PADS gstpad.c:2989:event_forward_func:<srcbin-audio_00:src>[00m Reffing and pushing event 0x7f4920003640 (eos) to srcbin-audio_00:src
0:00:00.362360063 [334m19341[00m 0x7f493c009630 [37mDEBUG  [00m [00;01;31;41m            GST_PADS gstpad.c:3954:gst_pad_query:<souphttpsrc2:src>[00m sent query 0x7f4920002f20 (uri), result 1
0:00:00.362310994 [334m19341[00m 0x7f4948003ed0 [33;01mLOG    [00m [00;01;31;41m            GST_PADS gstpad.c:5097:store_sticky_event:<srcbin-audio_00:src>[00m stored sticky event eos
0:00:00.362434649 [334m19341[00m 0x7f4948003ed0 [37mDEBUG  [00m [00;01;31;41m            GST_PADS gstpad.c:3862:check_sticky:<srcbin-audio_00:src>[00m pushing all sticky events
0:00:00.362444880 [334m19341[00m 0x7f4948003ed0 [37mDEBUG  [00m [00;01;31;41m            GST_PADS gstpad.c:3794:push_sticky:<srcbin-audio_00:src>[00m event stream-start was already received
0:00:00.362477946 [334m19341[00m 0x7f493c009630 [37mDEBUG  [00m [00;01;34m           GST_EVENT gstevent.c:305:gst_event_new_custom:[00m creating new event 0x7f4924002430 stream-start 10254
0:00:00.362498695 [334m19341[00m 0x7f493c009630 [33;01mLOG    [00m [00;01;31;41m            GST_PADS gstpad.c:5037:store_sticky_event:<souphttpsrc2:src>[00m Removing pending EOS and StreamGroupDone events
0:00:00.362494074 [334m19341[00m 0x7f4948003ed0 [37mDEBUG  [00m [00;01;31;41m            GST_PADS gstpad.c:3794:push_sticky:<srcbin-audio_00:src>[00m event segment was already received
0:00:00.362542389 [334m19341[00m 0x7f494c03fd40 [37mDEBUG  [00m [00;01;31;41m            GST_PADS gstpad.c:1069:gst_pad_set_active:<srcbin-audio_01:src>[00m pad was active in push mode
0:00:00.362556509 [334m19341[00m 0x7f493c009630 [33;01mLOG    [00m [00;01;31;41m            GST_PADS gstpad.c:5097:store_sticky_event:<souphttpsrc2:src>[00m stored sticky event stream-start
0:00:00.362611325 [334m19341[00m 0x7f493c009630 [37mDEBUG  [00m [00;01;31;41m            GST_PADS gstpad.c:3862:check_sticky:<souphttpsrc2:src>[00m pushing all sticky events
0:00:00.362829541 [334m19341[00m 0x7f4948003ed0 [33;01mLOG    [00m [00;01;31;41m            GST_PADS gstpad.c:5261:gst_pad_push_event_unchecked:<srcbin-audio_00:src>[00m sending event 0x7f4920003640 (eos) to peerpad <dashdemux0:internal-audio_00>
0:00:00.362876225 [334m19341[00m 0x7f4948003ed0 [37mDEBUG  [00m [00;01;34m           GST_EVENT gstpad.c:5548:gst_pad_send_event_unchecked:<dashdemux0:internal-audio_00>[00m have event type eos event: 0x7f4920003640, time 99:99:99.999999999, seq-num 208, (NULL)
0:00:00.362933192 [334m19341[00m 0x7f493c009630 [33;01mLOG    [00m [00m       adaptivedemux gstadaptivedemux.c:2406:_uri_handler_probe:<souphttpsrc2:src>[00m Received event stream-start stream-start event: 0x7f4924002430, time 99:99:99.999999999, seq-num 276, GstEventStreamStart, stream-id=(string)3e3d82d091bbadf0bda21fc8e9529f61c91fd1511b304c2431d6f9c9b4b0c47a, flags=(GstStreamFlags)GST_STREAM_FLAG_NONE, group-id=(uint)6;
0:00:00.362959409 [334m19341[00m 0x7f4948003ed0 [37mDEBUG  [00m [00m       adaptivedemux gstadaptivedemux.c:2303:gst_adaptive_demux_stream_fragment_download_finish:<dashdemux0:audio_00>[00m Download finish: 0 ok - err: (nil)
0:00:00.363007164 [334m19341[00m 0x7f494c03f800 [37mDEBUG  [00m [00m       adaptivedemux gstadaptivedemux.c:2818:gst_adaptive_demux_stream_download_uri:<dashdemux0:audio_00>[00m index download finished: http://dash.akamaized.net/dash264/TestCases/10a/1/German_Forest_Short_Poem_english-en-68s-2-lc-128000bps_seg.mp4 0 ok
0:00:00.363004929 [334m19341[00m 0x7f4948003ed0 [37mDEBUG  [00m [00;01;31;41m            GST_PADS gstpad.c:5622:gst_pad_send_event_unchecked:<dashdemux0:internal-audio_00>[00m sent event, ret ok
0:00:00.363035830 [334m19341[00m 0x7f4948003ed0 [33;01mLOG    [00m [00;01;31;41m            GST_PADS gstpad.c:5097:store_sticky_event:<dashdemux0:internal-audio_00>[00m stored sticky event eos
0:00:00.363053847 [334m19341[00m 0x7f493c009630 [33;01mLOG    [00m [00;01;31;41m            GST_PADS gstpad.c:5261:gst_pad_push_event_unchecked:<souphttpsrc2:src>[00m sending event 0x7f4924002430 (stream-start) to peerpad <queue2:sink>
0:00:00.363055171 [334m19341[00m 0x7f4948003ed0 [33;01mLOG    [00m [00;01;31;41m            GST_PADS gstpad.c:5269:gst_pad_push_event_unchecked:<srcbin-audio_00:src>[00m sent event 0x7f4920003640 (eos) to peerpad <dashdemux0:internal-audio_00>, ret ok
0:00:00.363088668 [334m19341[00m 0x7f493c009630 [37mDEBUG  [00m [00;01;34m           GST_EVENT gstpad.c:5548:gst_pad_send_event_unchecked:<queue2:sink>[00m have event type stream-start event: 0x7f4924002430, time 99:99:99.999999999, seq-num 276, GstEventStreamStart, stream-id=(string)3e3d82d091bbadf0bda21fc8e9529f61c91fd1511b304c2431d6f9c9b4b0c47a, flags=(GstStreamFlags)GST_STREAM_FLAG_NONE, group-id=(uint)6;
0:00:00.363109455 [334m19341[00m 0x7f493c009630 [33;01mLOG    [00m [00;01;31;41m            GST_PADS gstpad.c:5556:gst_pad_send_event_unchecked:<queue2:sink>[00m Removing pending EOS events
0:00:00.363138616 [334m19341[00m 0x7f493c009630 [33;01mLOG    [00m [00m      queue_dataflow gstqueue.c:824:gst_queue_locked_enqueue_event:<queue2>[00m (queue2:sink) signal ADD: 0 of 0-0 buffers, 0 of 0-20971520 bytes, 0 of 0-0 ns, 1 items
0:00:00.363203693 [334m19341[00m 0x7f493c009630 [37mDEBUG  [00m [00;01;31;41m            GST_PADS gstpad.c:5622:gst_pad_send_event_unchecked:<queue2:sink>[00m sent event, ret ok
0:00:00.363205000 [334m19341[00m 0x7f493c009590 [33;01mLOG    [00m [00m      queue_dataflow gstqueue.c:1500:gst_queue_loop:<queue2>[00m (queue2:src) received ADD: 0 of 0-0 buffers, 0 of 0-20971520 bytes, 0 of 0-0 ns, 1 items
0:00:00.363269462 [334m19341[00m 0x7f493c009630 [33;01mLOG    [00m [00;01;31;41m            GST_PADS gstpad.c:5037:store_sticky_event:<queue2:sink>[00m Removing pending EOS and StreamGroupDone events
0:00:00.363344452 [334m19341[00m 0x7f493c009630 [33;01mLOG    [00m [00;01;31;41m            GST_PADS gstpad.c:5097:store_sticky_event:<queue2:sink>[00m stored sticky event stream-start
0:00:00.363280237 [334m19341[00m 0x7f493c009590 [37mDEBUG  [00m [00m      queue_dataflow gstqueue.c:1503:gst_queue_loop:<queue2>[00m queue is not empty
0:00:00.363370881 [334m19341[00m 0x7f493c009590 [33;01mLOG    [00m [00m      queue_dataflow gstqueue.c:872:gst_queue_locked_dequeue:<queue2>[00m retrieved event 0x7f4924002430 from queue
0:00:00.363374635 [334m19341[00m 0x7f493c009630 [33;01mLOG    [00m [00;01;31;41m            GST_PADS gstpad.c:5269:gst_pad_push_event_unchecked:<souphttpsrc2:src>[00m sent event 0x7f4924002430 (stream-start) to peerpad <queue2:sink>, ret ok
0:00:00.363379138 [334m19341[00m 0x7f493c009590 [33;01mLOG    [00m [00;01;31;41m            GST_PADS gstpad.c:5037:store_sticky_event:<queue2:src>[00m Removing pending EOS and StreamGroupDone events
0:00:00.363426010 [334m19341[00m 0x7f4948003ed0 [37mDEBUG  [00m [00;01;31;41m            GST_PADS gstpad.c:3814:push_sticky:<srcbin-audio_00:src>[00m event eos marked received
0:00:00.363416624 [334m19341[00m 0x7f493c009590 [33;01mLOG    [00m [00;01;31;41m            GST_PADS gstpad.c:5097:store_sticky_event:<queue2:src>[00m stored sticky event stream-start
0:00:00.363437216 [334m19341[00m 0x7f4948003ed0 [37mDEBUG  [00m [00;01;31;41m            GST_PADS gstpad.c:3794:push_sticky:<srcbin-audio_00:src>[00m event custom-downstream-sticky was already received
0:00:00.363468121 [334m19341[00m 0x7f493c009590 [37mDEBUG  [00m [00;01;31;41m            GST_PADS gstpad.c:3862:check_sticky:<queue2:src>[00m pushing all sticky events
0:00:00.363536057 [334m19341[00m 0x7f493c009630 [37mDEBUG  [00m [00;01;31;41m            GST_PADS gstpad.c:3814:push_sticky:<souphttpsrc2:src>[00m event stream-start marked received
0:00:00.363570536 [334m19341[00m 0x7f493c009630 [37mDEBUG  [00m [00;01;31;41m            GST_PADS gstpad.c:1614:gst_pad_check_reconfigure:<souphttpsrc2:src>[00m remove RECONFIGURE flag
0:00:00.363478539 [334m19341[00m 0x7f4948003ed0 [37mDEBUG  [00m [00;01;31;41m            GST_PADS gstpad.c:5622:gst_pad_send_event_unchecked:<src:proxypad2>[00m sent event, ret ok
0:00:00.363588053 [334m19341[00m 0x7f493c009590 [33;01mLOG    [00m [00;01;31;41m            GST_PADS gstpad.c:5261:gst_pad_push_event_unchecked:<queue2:src>[00m sending event 0x7f4924002430 (stream-start) to peerpad <src:proxypad3>
0:00:00.363595578 [334m19341[00m 0x7f4948003ed0 [33;01mLOG    [00m [00;01;31;41m            GST_PADS gstpad.c:5097:store_sticky_event:<src:proxypad2>[00m stored sticky event eos
0:00:00.363661348 [334m19341[00m 0x7f4948003ed0 [33;01mLOG    [00m [00;01;31;41m            GST_PADS gstpad.c:5269:gst_pad_push_event_unchecked:<queue1:src>[00m sent event 0x7f4920003640 (eos) to peerpad <src:proxypad2>, ret ok
0:00:00.363679918 [334m19341[00m 0x7f493c009590 [37mDEBUG  [00m [00;01;34m           GST_EVENT gstpad.c:5548:gst_pad_send_event_unchecked:<src:proxypad3>[00m have event type stream-start event: 0x7f4924002430, time 99:99:99.999999999, seq-num 276, GstEventStreamStart, stream-id=(string)3e3d82d091bbadf0bda21fc8e9529f61c91fd1511b304c2431d6f9c9b4b0c47a, flags=(GstStreamFlags)GST_STREAM_FLAG_NONE, group-id=(uint)6;
0:00:00.363721808 [334m19341[00m 0x7f4948003ed0 [37mDEBUG  [00m [00;01;31;41m            GST_PADS gstpad.c:3814:push_sticky:<queue1:src>[00m event eos marked received
0:00:00.363728769 [334m19341[00m 0x7f493c009590 [33;01mLOG    [00m [00;01;31;41m            GST_PADS gstpad.c:5556:gst_pad_send_event_unchecked:<src:proxypad3>[00m Removing pending EOS events
0:00:00.363750504 [334m19341[00m 0x7f493c009630 [37mDEBUG  [00m [00;01;31;41m            GST_PADS gstpad.c:3931:gst_pad_query:<souphttpsrc2:src>[00m doing query 0x7f4920002f70 (caps)
0:00:00.363753632 [334m19341[00m 0x7f4948003ed0 [37mDEBUG  [00m [00;01;31;41m            GST_PADS gstpad.c:3794:push_sticky:<queue1:src>[00m event custom-downstream-sticky was already received
0:00:00.363803502 [334m19341[00m 0x7f493c009590 [33;01mLOG    [00m [00;01;31;41m            GST_PADS gstpad.c:2944:gst_pad_forward:<src:proxypad3>[00m calling forward function on pad srcbin-audio_01:src
0:00:00.363786120 [334m19341[00m 0x7f4948003ed0 [33;01mLOG    [00m [00m      queue_dataflow gstqueue.c:1440:gst_queue_push_one:<queue1>[00m pushed EOS event 0x7f4920003640, return EOS
0:00:00.363784536 [334m19341[00m 0x7f494c03f800 [37mDEBUG  [00m [00;01;31;41m            GST_PADS gstpad.c:1078:gst_pad_set_active:<srcbin-audio_00:src>[00m deactivating pad from push mode
0:00:00.363865839 [334m19341[00m 0x7f494c03f800 [37mDEBUG  [00m [00;01;31;41m            GST_PADS gstpad.c:967:pre_activate:<srcbin-audio_00:src>[00m setting PAD_MODE NONE, set flushing
0:00:00.363856644 [334m19341[00m 0x7f493c009590 [33;01mLOG    [00m [00;01;31;41m            GST_PADS gstpad.c:2989:event_forward_func:<srcbin-audio_01:src>[00m Reffing and pushing event 0x7f4924002430 (stream-start) to srcbin-audio_01:src
0:00:00.363882134 [334m19341[00m 0x7f4948003ed0 [37mDEBUG  [00m [00;01;31;41m            GST_PADS gstpad.c:6047:gst_pad_pause_task:<queue1:src>[00m pause task
0:00:00.363914807 [334m19341[00m 0x7f493c009590 [33;01mLOG    [00m [00;01;31;41m            GST_PADS gstpad.c:5037:store_sticky_event:<srcbin-audio_01:src>[00m Removing pending EOS and StreamGroupDone events
0:00:00.363930607 [334m19341[00m 0x7f494c03fd40 [37mDEBUG  [00m [00m       adaptivedemux gstadaptivedemux.c:2789:gst_adaptive_demux_stream_download_uri:<dashdemux0:audio_01>[00m Waiting for index download to finish: http://dash.akamaized.net/dash264/TestCases/10a/1/German_Forest_Short_Poem_german-de-68s-2-lc-128000bps_seg.mp4
0:00:00.363970691 [334m19341[00m 0x7f494c03f800 [37mDEBUG  [00m [00;01;31;41m            GST_PADS gstpad.c:967:pre_activate:<src:proxypad2>[00m setting PAD_MODE NONE, set flushing
0:00:00.363993769 [334m19341[00m 0x7f4948003ed0 [37mDEBUG  [00m [00m                task gsttask.c:687:gst_task_set_state:<queue1:src>[00m Changing task 0x7f494c048ef0 to state 2
0:00:00.363940186 [334m19341[00m 0x7f493c009590 [33;01mLOG    [00m [00;01;31;41m            GST_PADS gstpad.c:5097:store_sticky_event:<srcbin-audio_01:src>[00m stored sticky event stream-start
0:00:00.364027320 [334m19341[00m 0x7f4948003ed0 [33;01mLOG    [00m [00m      queue_dataflow gstqueue.c:1529:gst_queue_loop:<queue1>[00m pause task, reason:  eos
0:00:00.364028879 [334m19341[00m 0x7f493c009590 [37mDEBUG  [00m [00;01;31;41m            GST_PADS gstpad.c:3862:check_sticky:<srcbin-audio_01:src>[00m pushing all sticky events
0:00:00.364078864 [334m19341[00m 0x7f494c03f800 [37mDEBUG  [00m [00;01;31;41m            GST_PADS gstpad.c:1207:activate_mode_internal:<srcbin-audio_00:src>[00m already deactivated in push mode
0:00:00.364043040 [334m19341[00m 0x7f493c009630 [37mDEBUG  [00m [00;01;31;41m            GST_PADS gstpad.c:3954:gst_pad_query:<souphttpsrc2:src>[00m sent query 0x7f4920002f70 (caps), result 1
0:00:00.364102159 [334m19341[00m 0x7f494c03f800 [37mDEBUG  [00m [00;01;31;41m            GST_PADS gstpad.c:1015:post_activate:<src:proxypad2>[00m stopped streaming
0:00:00.364106279 [334m19341[00m 0x7f4948003ed0 [36mINFO   [00m [00m                task gsttask.c:318:gst_task_func:<queue1:src>[00m Task going to paused
0:00:00.364122206 [334m19341[00m 0x7f494c03f800 [37mDEBUG  [00m [00;01;31;41m            GST_PADS gstpad.c:1188:activate_mode_internal:<src:proxypad2>[00m deactivated in push mode
0:00:00.364188495 [334m19341[00m 0x7f494c03f800 [37mDEBUG  [00m [00;01;31;41m            GST_PADS gstpad.c:1015:post_activate:<srcbin-audio_00:src>[00m stopped streaming
0:00:00.364201136 [334m19341[00m 0x7f494c03f800 [37mDEBUG  [00m [00;01;31;41m            GST_PADS gstpad.c:1188:activate_mode_internal:<srcbin-audio_00:src>[00m deactivated in push mode
0:00:00.364263085 [334m19341[00m 0x7f493c009590 [33;01mLOG    [00m [00;01;31;41m            GST_PADS gstpad.c:5261:gst_pad_push_event_unchecked:<srcbin-audio_01:src>[00m sending event 0x7f4924002430 (stream-start) to peerpad <dashdemux0:internal-audio_01>
0:00:00.364279264 [334m19341[00m 0x7f493c009590 [37mDEBUG  [00m [00;01;34m           GST_EVENT gstpad.c:5548:gst_pad_send_event_unchecked:<dashdemux0:internal-audio_01>[00m have event type stream-start event: 0x7f4924002430, time 99:99:99.999999999, seq-num 276, GstEventStreamStart, stream-id=(string)3e3d82d091bbadf0bda21fc8e9529f61c91fd1511b304c2431d6f9c9b4b0c47a, flags=(GstStreamFlags)GST_STREAM_FLAG_NONE, group-id=(uint)6;
0:00:00.364335120 [334m19341[00m 0x7f493c009590 [33;01mLOG    [00m [00;01;31;41m            GST_PADS gstpad.c:5556:gst_pad_send_event_unchecked:<dashdemux0:internal-audio_01>[00m Removing pending EOS events
0:00:00.364356814 [334m19341[00m 0x7f493c009590 [37mDEBUG  [00m [00;01;31;41m            GST_PADS gstpad.c:5622:gst_pad_send_event_unchecked:<dashdemux0:internal-audio_01>[00m sent event, ret ok
0:00:00.364433814 [334m19341[00m 0x7f493c009590 [33;01mLOG    [00m [00;01;31;41m            GST_PADS gstpad.c:5037:store_sticky_event:<dashdemux0:internal-audio_01>[00m Removing pending EOS and StreamGroupDone events
0:00:00.364483393 [334m19341[00m 0x7f493c009590 [33;01mLOG    [00m [00;01;31;41m            GST_PADS gstpad.c:5097:store_sticky_event:<dashdemux0:internal-audio_01>[00m stored sticky event stream-start
0:00:00.364553464 [334m19341[00m 0x7f493c009590 [33;01mLOG    [00m [00;01;31;41m            GST_PADS gstpad.c:5269:gst_pad_push_event_unchecked:<srcbin-audio_01:src>[00m sent event 0x7f4924002430 (stream-start) to peerpad <dashdemux0:internal-audio_01>, ret ok
0:00:00.364569717 [334m19341[00m 0x7f493c009630 [37mDEBUG  [00m [00;01;31;41m            GST_PADS gstpad.c:4058:gst_pad_peer_query:<souphttpsrc2:src>[00m peer query 0x7f4924002000 (allocation)
0:00:00.364685087 [334m19341[00m 0x7f493c009590 [37mDEBUG  [00m [00;01;31;41m            GST_PADS gstpad.c:3814:push_sticky:<srcbin-audio_01:src>[00m event stream-start marked received
0:00:00.364715251 [334m19341[00m 0x7f493c009590 [37mDEBUG  [00m [00;01;31;41m            GST_PADS gstpad.c:5622:gst_pad_send_event_unchecked:<src:proxypad3>[00m sent event, ret ok
0:00:00.364765272 [334m19341[00m 0x7f493c009590 [33;01mLOG    [00m [00;01;31;41m            GST_PADS gstpad.c:5037:store_sticky_event:<src:proxypad3>[00m Removing pending EOS and StreamGroupDone events
0:00:00.364828104 [334m19341[00m 0x7f493c009590 [33;01mLOG    [00m [00;01;31;41m            GST_PADS gstpad.c:5097:store_sticky_event:<src:proxypad3>[00m stored sticky event stream-start
0:00:00.364801861 [334m19341[00m 0x7f493c009630 [37mDEBUG  [00m [00;01;31;41m            GST_PADS gstpad.c:3931:gst_pad_query:<queue2:sink>[00m doing query 0x7f4924002000 (allocation)
0:00:00.364864744 [334m19341[00m 0x7f493c009630 [33;01mLOG    [00m [00m               queue gstqueue.c:1044:gst_queue_handle_sink_query:<queue2>[00m queuing query 0x7f4924002000 (allocation)
0:00:00.364854067 [334m19341[00m 0x7f493c009590 [33;01mLOG    [00m [00;01;31;41m            GST_PADS gstpad.c:5269:gst_pad_push_event_unchecked:<queue2:src>[00m sent event 0x7f4924002430 (stream-start) to peerpad <src:proxypad3>, ret ok
0:00:00.364945060 [334m19341[00m 0x7f493c009590 [37mDEBUG  [00m [00;01;31;41m            GST_PADS gstpad.c:3814:push_sticky:<queue2:src>[00m event stream-start marked received
0:00:00.364993280 [334m19341[00m 0x7f493c009590 [33;01mLOG    [00m [00m      queue_dataflow gstqueue.c:897:gst_queue_locked_dequeue:<queue2>[00m retrieved query 0x7f4924002000 from queue
0:00:00.365021792 [334m19341[00m 0x7f493c009590 [37mDEBUG  [00m [00;01;31;41m            GST_PADS gstpad.c:4058:gst_pad_peer_query:<queue2:src>[00m peer query 0x7f4924002000 (allocation)
0:00:00.365065333 [334m19341[00m 0x7f494c03f800 [37mDEBUG  [00m [00;01;31;41m            GST_PADS gstpad.c:1078:gst_pad_set_active:<queue1:src>[00m deactivating pad from push mode
0:00:00.365102658 [334m19341[00m 0x7f494c03f800 [37mDEBUG  [00m [00;01;31;41m            GST_PADS gstpad.c:967:pre_activate:<queue1:src>[00m setting PAD_MODE NONE, set flushing
0:00:00.365048482 [334m19341[00m 0x7f493c009590 [37mDEBUG  [00m [00;01;31;41m            GST_PADS gstpad.c:3931:gst_pad_query:<src:proxypad3>[00m doing query 0x7f4924002000 (allocation)
0:00:00.365130390 [334m19341[00m 0x7f494c03f800 [37mDEBUG  [00m [00;01;31;41m            GST_PADS gstpad.c:6095:gst_pad_stop_task:<queue1:src>[00m stop task
0:00:00.365169482 [334m19341[00m 0x7f493c009590 [33;01mLOG    [00m [00;01;31;41m            GST_PADS gstpad.c:2944:gst_pad_forward:<src:proxypad3>[00m calling forward function on pad srcbin-audio_01:src
0:00:00.365205846 [334m19341[00m 0x7f493c009590 [33;01mLOG    [00m [00;01;31;41m            GST_PADS gstpad.c:3315:query_forward_func:<srcbin-audio_01:src>[00m query peer 0x7f4924002000 (allocation) of srcbin-audio_01:src
0:00:00.365234679 [334m19341[00m 0x7f493c009590 [37mDEBUG  [00m [00;01;31;41m            GST_PADS gstpad.c:4058:gst_pad_peer_query:<srcbin-audio_01:src>[00m peer query 0x7f4924002000 (allocation)
0:00:00.365236345 [334m19341[00m 0x7f494c03f800 [37mDEBUG  [00m [00m                task gsttask.c:687:gst_task_set_state:<queue1:src>[00m Changing task 0x7f494c048ef0 to state 1
0:00:00.365385909 [334m19341[00m 0x7f493c009590 [37mDEBUG  [00m [00;01;31;41m            GST_PADS gstpad.c:3931:gst_pad_query:<dashdemux0:internal-audio_01>[00m doing query 0x7f4924002000 (allocation)
0:00:00.365417420 [334m19341[00m 0x7f493c009590 [37mDEBUG  [00m [00;01;31;41m            GST_PADS gstpad.c:3954:gst_pad_query:<dashdemux0:internal-audio_01>[00m sent query 0x7f4924002000 (allocation), result 0
0:00:00.365442937 [334m19341[00m 0x7f493c009590 [37mDEBUG  [00m [00;01;31;41m            GST_PADS gstpad.c:3999:gst_pad_query:<dashdemux0:internal-audio_01>[00m query failed
0:00:00.365451856 [334m19341[00m 0x7f4948003ed0 [36mINFO   [00m [00m                task gsttask.c:320:gst_task_func:<queue1:src>[00m Task resume from paused
0:00:00.365455567 [334m19341[00m 0x7f493c009590 [37mDEBUG  [00m [00;01;31;41m            GST_PADS gstpad.c:4120:gst_pad_peer_query:<srcbin-audio_01:src>[00m query failed
0:00:00.365449986 [334m19341[00m 0x7f494c03f800 [37mDEBUG  [00m [00m                task gsttask.c:814:gst_task_join:<queue1:src>[00m Joining task 0x7f494c048ef0, thread 0x7f494c03f800
0:00:00.365478099 [334m19341[00m 0x7f4948003ed0 [37mDEBUG  [00m [00;01;31;41m            GST_PADS gstpad.c:5917:do_stream_status:<queue1:src>[00m doing stream-status 2
0:00:00.365466050 [334m19341[00m 0x7f493c009590 [37mDEBUG  [00m [00;01;31;41m            GST_PADS gstpad.c:3954:gst_pad_query:<src:proxypad3>[00m sent query 0x7f4924002000 (allocation), result 0
0:00:00.365509542 [334m19341[00m 0x7f493c009590 [37mDEBUG  [00m [00;01;31;41m            GST_PADS gstpad.c:3999:gst_pad_query:<src:proxypad3>[00m query failed
0:00:00.365517668 [334m19341[00m 0x7f493c009590 [37mDEBUG  [00m [00;01;31;41m            GST_PADS gstpad.c:4120:gst_pad_peer_query:<queue2:src>[00m query failed
0:00:00.365544460 [334m19341[00m 0x7f493c009590 [33;01mLOG    [00m [00m      queue_dataflow gstqueue.c:1454:gst_queue_push_one:<queue2>[00m did query 0x7f4924002000, return 0
0:00:00.365528974 [334m19341[00m 0x7f4948003ed0 [37mDEBUG  [00m [00;01;31;41m            GST_PADS gstpad.c:5946:do_stream_status:<queue1:src>[00m posting stream-status 2
0:00:00.365565699 [334m19341[00m 0x7f493c009590 [37mDEBUG  [00m [00m      queue_dataflow gstqueue.c:1491:gst_queue_loop:<queue2>[00m queue is empty
0:00:00.365595539 [334m19341[00m 0x7f493c009590 [33;01mLOG    [00m [00m      queue_dataflow gstqueue.c:1500:gst_queue_loop:<queue2>[00m (queue2:src) wait for ADD: 0 of 0-0 buffers, 0 of 0-20971520 bytes, 0 of 0-0 ns, 0 items
0:00:00.365625092 [334m19341[00m 0x7f493c009630 [37mDEBUG  [00m [00;01;31;41m            GST_PADS gstpad.c:3954:gst_pad_query:<queue2:sink>[00m sent query 0x7f4924002000 (allocation), result 0
0:00:00.365660134 [334m19341[00m 0x7f493c009630 [37mDEBUG  [00m [00;01;31;41m            GST_PADS gstpad.c:3999:gst_pad_query:<queue2:sink>[00m query failed
0:00:00.365670394 [334m19341[00m 0x7f493c009630 [37mDEBUG  [00m [00;01;31;41m            GST_PADS gstpad.c:4120:gst_pad_peer_query:<souphttpsrc2:src>[00m query failed
0:00:00.366234009 [334m19341[00m 0x7f4948003ed0 [37mDEBUG  [00m [00m                task gsttask.c:361:gst_task_func:[00m Exit task 0x7f494c048ef0, thread 0x7f4948003ed0
0:00:00.366237187 [334m19341[00m 0x7f494c03f800 [37mDEBUG  [00m [00m                task gsttask.c:844:gst_task_join:<queue1:src>[00m Joined task 0x7f494c048ef0
0:00:00.366307174 [334m19341[00m 0x7f494c03f800 [37mDEBUG  [00m [00;01;31;41m            GST_PADS gstpad.c:1015:post_activate:<queue1:src>[00m stopped streaming
0:00:00.366308299 [334m19341[00m 0x7f4948003ed0 [37mDEBUG  [00m [00m                task gsttask.c:216:gst_task_finalize:[00m task 0x7f494c048ef0 finalize
0:00:00.366319738 [334m19341[00m 0x7f494c03f800 [37mDEBUG  [00m [00;01;31;41m            GST_PADS gstpad.c:1188:activate_mode_internal:<queue1:src>[00m deactivated in push mode
0:00:00.366353435 [334m19341[00m 0x7f494c03f800 [37mDEBUG  [00m [00;01;31;41m            GST_PADS gstpad.c:1078:gst_pad_set_active:<queue1:sink>[00m deactivating pad from push mode
0:00:00.366375188 [334m19341[00m 0x7f494c03f800 [37mDEBUG  [00m [00;01;31;41m            GST_PADS gstpad.c:967:pre_activate:<queue1:sink>[00m setting PAD_MODE NONE, set flushing
0:00:00.366403516 [334m19341[00m 0x7f494c03f800 [37mDEBUG  [00m [00;01;31;41m            GST_PADS gstpad.c:1015:post_activate:<queue1:sink>[00m stopped streaming
0:00:00.366434353 [334m19341[00m 0x7f494c03f800 [37mDEBUG  [00m [00;01;31;41m            GST_PADS gstpad.c:1188:activate_mode_internal:<queue1:sink>[00m deactivated in push mode
0:00:00.366968054 [334m19341[00m      0x1740200 [37mDEBUG  [00m [00m            playbin3 gstplaybin3.c:2179:gst_play_bin3_update_cached_duration_from_query:<playbin>[00m Updating cached duration from query
0:00:00.367285878 [334m19341[00m 0x7f4930006e80 [37mDEBUG  [00m [00;01;31;41m            GST_PADS gstghostpad.c:808:gst_ghost_pad_get_target:<'':parsepad1>[00m get target typefind:src
0:00:00.367325288 [334m19341[00m 0x7f49300068a0 [37mDEBUG  [00m [00;01;31;41m            GST_PADS gstghostpad.c:808:gst_ghost_pad_get_target:<'':parsepad0>[00m get target typefind:src
0:00:00.367353958 [334m19341[00m 0x7f4930006e80 [37mDEBUG  [00m [00;01;31;41m            GST_PADS gstghostpad.c:808:gst_ghost_pad_get_target:<'':parsepad1>[00m get target typefind:src
0:00:00.367360500 [334m19341[00m 0x7f49300068a0 [37mDEBUG  [00m [00;01;31;41m            GST_PADS gstghostpad.c:808:gst_ghost_pad_get_target:<'':parsepad0>[00m get target typefind:src
0:00:00.367389634 [334m19341[00m 0x7f4930006e80 [33;01mLOG    [00m [00;01;34m           GST_EVENT gstevent.c:222:_gst_event_free:[00m freeing event 0x7f4908003500 type stream-start
0:00:00.367427621 [334m19341[00m 0x7f49300068a0 [33;01mLOG    [00m [00;01;34m           GST_EVENT gstevent.c:222:_gst_event_free:[00m freeing event 0x7f4934007ec0 type stream-start
0:00:00.367470383 [334m19341[00m 0x7f49300068a0 [37mDEBUG  [00m [00;01;31;41m            GST_PADS gstghostpad.c:842:gst_ghost_pad_set_target:<'':parsepad0>[00m clearing target
0:00:00.367480099 [334m19341[00m 0x7f4930006e80 [37mDEBUG  [00m [00;01;31;41m            GST_PADS gstghostpad.c:842:gst_ghost_pad_set_target:<'':parsepad1>[00m clearing target
0:00:00.367743860 [334m19341[00m 0x7f494c03f800 [37mDEBUG  [00m [00;01;31;41m            GST_PADS gstpad.c:1078:gst_pad_set_active:<souphttpsrc1:src>[00m deactivating pad from push mode
0:00:00.367760922 [334m19341[00m 0x7f494c03f800 [37mDEBUG  [00m [00;01;31;41m            GST_PADS gstpad.c:967:pre_activate:<souphttpsrc1:src>[00m setting PAD_MODE NONE, set flushing
0:00:00.367923286 [334m19341[00m 0x7f494c03f800 [37mDEBUG  [00m [00;01;31;41m            GST_PADS gstpad.c:6095:gst_pad_stop_task:<souphttpsrc1:src>[00m stop task
0:00:00.367959318 [334m19341[00m 0x7f494c03f800 [37mDEBUG  [00m [00m                task gsttask.c:687:gst_task_set_state:<souphttpsrc1:src>[00m Changing task 0x7f493c00a050 to state 1
0:00:00.367973318 [334m19341[00m 0x7f494c03f800 [37mDEBUG  [00m [00m                task gsttask.c:814:gst_task_join:<souphttpsrc1:src>[00m Joining task 0x7f493c00a050, thread 0x7f494c03f800
0:00:00.367975126 [334m19341[00m 0x7f4948003f70 [36mINFO   [00m [00m                task gsttask.c:320:gst_task_func:<souphttpsrc1:src>[00m Task resume from paused
0:00:00.368019354 [334m19341[00m 0x7f4948003f70 [37mDEBUG  [00m [00;01;31;41m            GST_PADS gstpad.c:5917:do_stream_status:<souphttpsrc1:src>[00m doing stream-status 2
0:00:00.368109147 [334m19341[00m 0x7f4948003f70 [37mDEBUG  [00m [00;01;31;41m            GST_PADS gstpad.c:5946:do_stream_status:<souphttpsrc1:src>[00m posting stream-status 2
0:00:00.368217227 [334m19341[00m 0x7f4934007540 [37mDEBUG  [00m [00;01;31;41m            GST_PADS gstghostpad.c:808:gst_ghost_pad_get_target:<'':parsepad2>[00m get target typefind:src
0:00:00.368268809 [334m19341[00m 0x7f4934007540 [37mDEBUG  [00m [00;01;31;41m            GST_PADS gstghostpad.c:808:gst_ghost_pad_get_target:<'':parsepad2>[00m get target typefind:src
0:00:00.368309271 [334m19341[00m 0x7f4934007540 [33;01mLOG    [00m [00;01;34m           GST_EVENT gstevent.c:222:_gst_event_free:[00m freeing event 0x7f490c003c20 type stream-start
0:00:00.368338462 [334m19341[00m 0x7f4934007540 [37mDEBUG  [00m [00;01;31;41m            GST_PADS gstghostpad.c:842:gst_ghost_pad_set_target:<'':parsepad2>[00m clearing target
0:00:00.368629657 [334m19341[00m 0x7f4948003f70 [37mDEBUG  [00m [00m                task gsttask.c:361:gst_task_func:[00m Exit task 0x7f493c00a050, thread 0x7f4948003f70
0:00:00.368633365 [334m19341[00m 0x7f494c03f800 [37mDEBUG  [00m [00m                task gsttask.c:844:gst_task_join:<souphttpsrc1:src>[00m Joined task 0x7f493c00a050
0:00:00.368686025 [334m19341[00m      0x1740200 [37mDEBUG  [00m [00m                task gsttask.c:216:gst_task_finalize:[00m task 0x7f493c00a050 finalize
0:00:00.368743077 [334m19341[00m 0x7f494c03f800 [37mDEBUG  [00m [00;01;31;41m            GST_PADS gstpad.c:1015:post_activate:<souphttpsrc1:src>[00m stopped streaming
0:00:00.368757570 [334m19341[00m 0x7f494c03f800 [37mDEBUG  [00m [00;01;31;41m            GST_PADS gstpad.c:1188:activate_mode_internal:<souphttpsrc1:src>[00m deactivated in push mode
0:00:00.368990655 [334m19341[00m 0x7f4934007540 [37mDEBUG  [00m [00m            tag-tags tags.c:72:gst_tag_register_tags_internal:[00m binding text domain gst-plugins-base-1.0 to locale dir /home/seungha/Work/jhbuild-gstreamer/install/share/locale
0:00:00.369362583 [334m19341[00m 0x7f494c03f800 [37mDEBUG  [00m [00;01;31;41m            GST_PADS gstpad.c:1074:gst_pad_set_active:<srcbin-audio_00:src>[00m pad was inactive
0:00:00.369794383 [334m19341[00m 0x7f494c03f800 [37mDEBUG  [00m [00;01;31;41m            GST_PADS gstpad.c:1078:gst_pad_set_active:<dashdemux0:internal-audio_00>[00m deactivating pad from push mode
0:00:00.369801615 [334m19341[00m 0x7f494c03f800 [37mDEBUG  [00m [00;01;31;41m            GST_PADS gstpad.c:967:pre_activate:<dashdemux0:internal-audio_00>[00m setting PAD_MODE NONE, set flushing
0:00:00.369815599 [334m19341[00m 0x7f494c03f800 [37mDEBUG  [00m [00;01;31;41m            GST_PADS gstpad.c:1015:post_activate:<dashdemux0:internal-audio_00>[00m stopped streaming
0:00:00.369827708 [334m19341[00m 0x7f494c03f800 [33;01mLOG    [00m [00;01;34m           GST_EVENT gstevent.c:222:_gst_event_free:[00m freeing event 0x7f49200034f0 type stream-start
0:00:00.369836197 [334m19341[00m 0x7f494c03f800 [33;01mLOG    [00m [00;01;34m           GST_EVENT gstevent.c:222:_gst_event_free:[00m freeing event 0x7f49200035d0 type segment
0:00:00.369848992 [334m19341[00m 0x7f494c03f800 [33;01mLOG    [00m [00;01;34m           GST_EVENT gstevent.c:222:_gst_event_free:[00m freeing event 0x7f4920003640 type eos
0:00:00.369861694 [334m19341[00m 0x7f494c03f800 [33;01mLOG    [00m [00;01;34m           GST_EVENT gstevent.c:222:_gst_event_free:[00m freeing event 0x7f4920003560 type custom-downstream-sticky
0:00:00.369876431 [334m19341[00m 0x7f494c03f800 [37mDEBUG  [00m [00;01;31;41m            GST_PADS gstpad.c:1188:activate_mode_internal:<dashdemux0:internal-audio_00>[00m deactivated in push mode
0:00:00.369887891 [334m19341[00m 0x7f494c03f800 [37mDEBUG  [00m [00;01;31;41m            GST_PADS gstpad.c:1063:gst_pad_set_active:<dashdemux0:internal-audio_00>[00m activating pad from none
0:00:00.369901085 [334m19341[00m 0x7f494c03f800 [37mDEBUG  [00m [00;01;31;41m            GST_PADS gstpad.c:979:pre_activate:<dashdemux0:internal-audio_00>[00m setting pad into push mode, unset flushing
0:00:00.369914073 [334m19341[00m 0x7f494c03f800 [37mDEBUG  [00m [00;01;31;41m            GST_PADS gstpad.c:991:pre_activate:<dashdemux0:internal-audio_00>[00m reschedule events on peer srcbin-audio_00:src
0:00:00.369926381 [334m19341[00m 0x7f494c03f800 [37mDEBUG  [00m [00;01;31;41m            GST_PADS gstpad.c:1188:activate_mode_internal:<dashdemux0:internal-audio_00>[00m activated in push mode
0:00:00.369939923 [334m19341[00m 0x7f494c03f800 [37mDEBUG  [00m [00m       adaptivedemux gstadaptivedemux.c:2942:gst_adaptive_demux_stream_download_fragment:<dashdemux0:audio_00>[00m Got url 'http://dash.akamaized.net/dash264/TestCases/10a/1/German_Forest_Short_Poem_english-en-68s-2-lc-128000bps_seg.mp4' for stream 0x7f494c01b810
0:00:00.369955382 [334m19341[00m 0x7f494c03f800 [37mDEBUG  [00m [00m       adaptivedemux gstadaptivedemux.c:2726:gst_adaptive_demux_stream_download_uri:<dashdemux0:audio_00>[00m Downloading fragment uri: http://dash.akamaized.net/dash264/TestCases/10a/1/German_Forest_Short_Poem_english-en-68s-2-lc-128000bps_seg.mp4, range:806 - -1
0:00:00.369973006 [334m19341[00m 0x7f494c03f800 [37mDEBUG  [00m [00m       adaptivedemux gstadaptivedemux.c:2530:gst_adaptive_demux_stream_update_source:<dashdemux0>[00m Re-using old source element
0:00:00.370074145 [334m19341[00m 0x7f494c03f800 [37mDEBUG  [00m [00;01;31;41m            GST_PADS gstpad.c:1074:gst_pad_set_active:<srcbin-audio_00:src>[00m pad was inactive
0:00:00.370434122 [334m19341[00m 0x7f494c03f800 [36mINFO   [00m [00;01;34m           GST_EVENT gstevent.c:1275:gst_event_new_seek:[00m creating seek rate 1.000000, format bytes, flags 1, start_type 1, start 806, stop_type 1, stop -1
0:00:00.370446117 [334m19341[00m 0x7f494c03f800 [37mDEBUG  [00m [00;01;34m           GST_EVENT gstevent.c:305:gst_event_new_custom:[00m creating new event 0x7f49200034f0 seek 51201
0:00:00.370630078 [334m19341[00m 0x7f494c03f800 [37mDEBUG  [00m [00;01;31;41m            GST_PADS gstpad.c:1063:gst_pad_set_active:<srcbin-audio_00:src>[00m activating pad from none
0:00:00.370643829 [334m19341[00m 0x7f494c03f800 [37mDEBUG  [00m [00;01;31;41m            GST_PADS gstpad.c:979:pre_activate:<srcbin-audio_00:src>[00m setting pad into push mode, unset flushing
0:00:00.370669924 [334m19341[00m 0x7f494c03f800 [37mDEBUG  [00m [00;01;31;41m            GST_PADS gstpad.c:979:pre_activate:<src:proxypad2>[00m setting pad into push mode, unset flushing
0:00:00.370681914 [334m19341[00m 0x7f494c03f800 [37mDEBUG  [00m [00;01;31;41m            GST_PADS gstpad.c:991:pre_activate:<src:proxypad2>[00m reschedule events on peer queue1:src
0:00:00.370709782 [334m19341[00m 0x7f494c03f800 [37mDEBUG  [00m [00;01;31;41m            GST_PADS gstpad.c:1207:activate_mode_internal:<srcbin-audio_00:src>[00m already activated in push mode
0:00:00.370723379 [334m19341[00m 0x7f494c03f800 [37mDEBUG  [00m [00;01;31;41m            GST_PADS gstpad.c:1188:activate_mode_internal:<src:proxypad2>[00m activated in push mode
0:00:00.370736873 [334m19341[00m 0x7f494c03f800 [37mDEBUG  [00m [00;01;31;41m            GST_PADS gstpad.c:1188:activate_mode_internal:<srcbin-audio_00:src>[00m activated in push mode
0:00:00.370830124 [334m19341[00m 0x7f4934007540 [37mDEBUG  [00m [00;01;31;41m            GST_PADS gstpad.c:1673:gst_pad_set_activate_function_full:<'':sink>[00m activatefunc set to 0x7f495011f370
0:00:00.370869540 [334m19341[00m 0x7f4934007540 [37mDEBUG  [00m [00;01;31;41m            GST_PADS gstpad.c:1708:gst_pad_set_activatemode_function_full:<'':sink>[00m activatemodefunc set to 0x7f4950144510
0:00:00.370889550 [334m19341[00m 0x7f4934007540 [37mDEBUG  [00m [00;01;31;41m            GST_PADS gstpad.c:1743:gst_pad_set_chain_function_full:<'':sink>[00m chainfunc set to 0x7f4950143f30
0:00:00.370911999 [334m19341[00m 0x7f4934007540 [37mDEBUG  [00m [00;01;31;41m            GST_PADS gstpad.c:1849:gst_pad_set_event_function_full:<'':sink>[00m eventfunc for set to 0x7f495013f6d0
0:00:00.371084128 [334m19341[00m 0x7f4948003990 [37mDEBUG  [00m [00;01;34m           GST_EVENT gstevent.c:305:gst_event_new_custom:[00m creating new event 0x7f492c003670 custom-downstream-sticky 76830
0:00:00.371268454 [334m19341[00m 0x7f494c03f800 [37mDEBUG  [00m [00;01;31;41m            GST_PADS gstpad.c:1063:gst_pad_set_active:<queue1:src>[00m activating pad from none
0:00:00.371300240 [334m19341[00m 0x7f494c03f800 [37mDEBUG  [00m [00;01;31;41m            GST_PADS gstpad.c:979:pre_activate:<queue1:src>[00m setting pad into push mode, unset flushing
0:00:00.371313176 [334m19341[00m 0x7f494c03f800 [37mDEBUG  [00m [00;01;31;41m            GST_PADS gstpad.c:5991:gst_pad_start_task:<queue1:src>[00m start task
0:00:00.371334833 [334m19341[00m 0x7f494c03f800 [37mDEBUG  [00m [00m                task gsttask.c:430:gst_task_new:[00m Created task 0x7f493c00a170
0:00:00.371346414 [334m19341[00m 0x7f494c03f800 [36mINFO   [00m [00m                task gsttask.c:456:gst_task_set_lock:[00m setting stream lock 0x7f49480087a0 on task 0x7f493c00a170
0:00:00.371357504 [334m19341[00m 0x7f494c03f800 [36mINFO   [00m [00;01;31;41m            GST_PADS gstpad.c:6000:gst_pad_start_task:<queue1:src>[00m created task 0x7f493c00a170
0:00:00.371375489 [334m19341[00m 0x7f494c03f800 [37mDEBUG  [00m [00;01;31;41m            GST_PADS gstpad.c:5917:do_stream_status:<queue1:src>[00m doing stream-status 0
0:00:00.371426881 [334m19341[00m 0x7f494c03f800 [37mDEBUG  [00m [00;01;31;41m            GST_PADS gstpad.c:5946:do_stream_status:<queue1:src>[00m posting stream-status 0
0:00:00.371768356 [334m19341[00m 0x7f4948003990 [33;01mLOG    [00m [00;01;31;41m            GST_PADS gstpad.c:5097:store_sticky_event:<souphttpsrc0:src>[00m stored sticky event custom-downstream-sticky
0:00:00.371812850 [334m19341[00m 0x7f4934007540 [36mINFO   [00m [00;01;34m           GST_EVENT gstevent.c:1511:gst_event_new_reconfigure:[00m creating reconfigure event
0:00:00.371815373 [334m19341[00m 0x7f4948003990 [37mDEBUG  [00m [00;01;31;41m            GST_PADS gstpad.c:3862:check_sticky:<souphttpsrc0:src>[00m pushing all sticky events
0:00:00.371828432 [334m19341[00m 0x7f4934007540 [37mDEBUG  [00m [00;01;34m           GST_EVENT gstevent.c:305:gst_event_new_custom:[00m creating new event 0x7f490c003c90 reconfigure 61441
0:00:00.371830665 [334m19341[00m 0x7f4948003990 [37mDEBUG  [00m [00;01;31;41m            GST_PADS gstpad.c:3794:push_sticky:<souphttpsrc0:src>[00m event stream-start was already received
0:00:00.371841146 [334m19341[00m 0x7f4934007540 [37mDEBUG  [00m [00;01;34m           GST_EVENT gstpad.c:5548:gst_pad_send_event_unchecked:<typefind:src>[00m have event type reconfigure event: 0x7f490c003c90, time 99:99:99.999999999, seq-num 294, (NULL)
0:00:00.371864554 [334m19341[00m 0x7f4934007540 [33;01mLOG    [00m [00;01;31;41m            GST_PADS gstpad.c:5261:gst_pad_push_event_unchecked:<typefind:sink>[00m sending event 0x7f490c003c90 (reconfigure) to peerpad <sink:proxypad12>
0:00:00.371904623 [334m19341[00m 0x7f4934007540 [37mDEBUG  [00m [00;01;34m           GST_EVENT gstpad.c:5548:gst_pad_send_event_unchecked:<sink:proxypad12>[00m have event type reconfigure event: 0x7f490c003c90, time 99:99:99.999999999, seq-num 294, (NULL)
0:00:00.371978550 [334m19341[00m 0x7f494c03f800 [37mDEBUG  [00m [00m                task gsttask.c:687:gst_task_set_state:<task20>[00m Changing task 0x7f493c00a170 to state 0
0:00:00.371978613 [334m19341[00m 0x7f4934007540 [33;01mLOG    [00m [00;01;31;41m            GST_PADS gstpad.c:2944:gst_pad_forward:<sink:proxypad12>[00m calling forward function on pad parsebin2:sink
0:00:00.372043443 [334m19341[00m 0x7f4934007540 [33;01mLOG    [00m [00;01;31;41m            GST_PADS gstpad.c:2989:event_forward_func:<parsebin2:sink>[00m Reffing and pushing event 0x7f490c003c90 (reconfigure) to parsebin2:sink
0:00:00.372029826 [334m19341[00m 0x7f494c03f800 [37mDEBUG  [00m [00;01;31;41m            GST_PADS gstpad.c:1188:activate_mode_internal:<queue1:src>[00m activated in push mode
0:00:00.372056642 [334m19341[00m 0x7f4948003990 [33;01mLOG    [00m [00;01;31;41m            GST_PADS gstpad.c:5261:gst_pad_push_event_unchecked:<souphttpsrc0:src>[00m sending event 0x7f492c003670 (custom-downstream-sticky) to peerpad <queue0:sink>
0:00:00.372075716 [334m19341[00m 0x7f494c03f800 [37mDEBUG  [00m [00;01;31;41m            GST_PADS gstpad.c:1063:gst_pad_set_active:<queue1:sink>[00m activating pad from none
0:00:00.372031555 [334m19341[00m 0x7f4948003ed0 [37mDEBUG  [00m [00m                task gsttask.c:289:gst_task_func:[00m Entering task 0x7f493c00a170, thread 0x7f4948003ed0
0:00:00.372064277 [334m19341[00m 0x7f4934007540 [33;01mLOG    [00m [00;01;31;41m            GST_PADS gstpad.c:5261:gst_pad_push_event_unchecked:<parsebin2:sink>[00m sending event 0x7f490c003c90 (reconfigure) to peerpad <sink_1:proxypad9>
0:00:00.372093881 [334m19341[00m 0x7f4948003ed0 [37mDEBUG  [00m [00;01;31;41m            GST_PADS gstpad.c:5917:do_stream_status:<queue1:src>[00m doing stream-status 1
0:00:00.372095679 [334m19341[00m 0x7f4934007540 [37mDEBUG  [00m [00;01;34m           GST_EVENT gstpad.c:5548:gst_pad_send_event_unchecked:<sink_1:proxypad9>[00m have event type reconfigure event: 0x7f490c003c90, time 99:99:99.999999999, seq-num 294, (NULL)
0:00:00.372156824 [334m19341[00m 0x7f4948003990 [33;01mLOG    [00m [00m      queue_dataflow gstqueue.c:824:gst_queue_locked_enqueue_event:<queue0>[00m (queue0:sink) signal ADD: 0 of 0-0 buffers, 0 of 0-20971520 bytes, 0 of 0-0 ns, 1 items
0:00:00.372127323 [334m19341[00m 0x7f4948003ed0 [37mDEBUG  [00m [00;01;31;41m            GST_PADS gstpad.c:5946:do_stream_status:<queue1:src>[00m posting stream-status 1
0:00:00.372117105 [334m19341[00m 0x7f494c03f800 [37mDEBUG  [00m [00;01;31;41m            GST_PADS gstpad.c:979:pre_activate:<queue1:sink>[00m setting pad into push mode, unset flushing
0:00:00.372179196 [334m19341[00m 0x7f4934007540 [33;01mLOG    [00m [00;01;31;41m            GST_PADS gstpad.c:2944:gst_pad_forward:<sink_1:proxypad9>[00m calling forward function on pad decodebin3-0:sink_1
0:00:00.372210380 [334m19341[00m 0x7f49480038f0 [33;01mLOG    [00m [00m      queue_dataflow gstqueue.c:1500:gst_queue_loop:<queue0>[00m (queue0:src) received ADD: 0 of 0-0 buffers, 0 of 0-20971520 bytes, 0 of 0-0 ns, 1 items
0:00:00.372210863 [334m19341[00m 0x7f4934007540 [33;01mLOG    [00m [00;01;31;41m            GST_PADS gstpad.c:2989:event_forward_func:<decodebin3-0:sink_1>[00m Reffing and pushing event 0x7f490c003c90 (reconfigure) to decodebin3-0:sink_1
0:00:00.372208391 [334m19341[00m 0x7f4948003990 [37mDEBUG  [00m [00;01;31;41m            GST_PADS gstpad.c:5622:gst_pad_send_event_unchecked:<queue0:sink>[00m sent event, ret ok
0:00:00.372235345 [334m19341[00m 0x7f4934007540 [33;01mLOG    [00m [00;01;31;41m            GST_PADS gstpad.c:5261:gst_pad_push_event_unchecked:<decodebin3-0:sink_1>[00m sending event 0x7f490c003c90 (reconfigure) to peerpad <urisourcebin0:src_2>
0:00:00.372227272 [334m19341[00m 0x7f49480038f0 [37mDEBUG  [00m [00m      queue_dataflow gstqueue.c:1503:gst_queue_loop:<queue0>[00m queue is not empty
0:00:00.372266105 [334m19341[00m 0x7f4934007540 [37mDEBUG  [00m [00;01;34m           GST_EVENT gstpad.c:5548:gst_pad_send_event_unchecked:<urisourcebin0:src_2>[00m have event type reconfigure event: 0x7f490c003c90, time 99:99:99.999999999, seq-num 294, (NULL)
0:00:00.372219193 [334m19341[00m 0x7f494c03f800 [37mDEBUG  [00m [00;01;31;41m            GST_PADS gstpad.c:991:pre_activate:<queue1:sink>[00m reschedule events on peer souphttpsrc1:src
0:00:00.372243765 [334m19341[00m 0x7f4948003990 [33;01mLOG    [00m [00;01;31;41m            GST_PADS gstpad.c:5097:store_sticky_event:<queue0:sink>[00m stored sticky event custom-downstream-sticky
0:00:00.372298675 [334m19341[00m 0x7f494c03f800 [37mDEBUG  [00m [00;01;31;41m            GST_PADS gstpad.c:1188:activate_mode_internal:<queue1:sink>[00m activated in push mode
0:00:00.372290869 [334m19341[00m 0x7f49480038f0 [33;01mLOG    [00m [00m      queue_dataflow gstqueue.c:872:gst_queue_locked_dequeue:<queue0>[00m retrieved event 0x7f492c003670 from queue
0:00:00.372309501 [334m19341[00m 0x7f4934007540 [33;01mLOG    [00m [00;01;31;41m            GST_PADS gstpad.c:2944:gst_pad_forward:<urisourcebin0:src_2>[00m calling forward function on pad src_2:proxypad7
0:00:00.372336633 [334m19341[00m 0x7f4948003990 [33;01mLOG    [00m [00;01;31;41m            GST_PADS gstpad.c:5269:gst_pad_push_event_unchecked:<souphttpsrc0:src>[00m sent event 0x7f492c003670 (custom-downstream-sticky) to peerpad <queue0:sink>, ret ok
0:00:00.372386869 [334m19341[00m 0x7f4934007540 [33;01mLOG    [00m [00;01;31;41m            GST_PADS gstpad.c:2989:event_forward_func:<src_2:proxypad7>[00m Reffing and pushing event 0x7f490c003c90 (reconfigure) to src_2:proxypad7
0:00:00.372355039 [334m19341[00m 0x7f49480038f0 [33;01mLOG    [00m [00;01;31;41m            GST_PADS gstpad.c:5097:store_sticky_event:<queue0:src>[00m stored sticky event custom-downstream-sticky
0:00:00.372416147 [334m19341[00m 0x7f49480038f0 [37mDEBUG  [00m [00;01;31;41m            GST_PADS gstpad.c:3862:check_sticky:<queue0:src>[00m pushing all sticky events
0:00:00.372403916 [334m19341[00m 0x7f4934007540 [33;01mLOG    [00m [00;01;31;41m            GST_PADS gstpad.c:5261:gst_pad_push_event_unchecked:<src_2:proxypad7>[00m sending event 0x7f490c003c90 (reconfigure) to peerpad <queue2-2:src>
0:00:00.372425947 [334m19341[00m 0x7f49480038f0 [37mDEBUG  [00m [00;01;31;41m            GST_PADS gstpad.c:3794:push_sticky:<queue0:src>[00m event stream-start was already received
0:00:00.372434972 [334m19341[00m 0x7f49480038f0 [33;01mLOG    [00m [00;01;31;41m            GST_PADS gstpad.c:5261:gst_pad_push_event_unchecked:<queue0:src>[00m sending event 0x7f492c003670 (custom-downstream-sticky) to peerpad <src:proxypad1>
0:00:00.372456845 [334m19341[00m 0x7f4948003990 [37mDEBUG  [00m [00;01;31;41m            GST_PADS gstpad.c:3814:push_sticky:<souphttpsrc0:src>[00m event custom-downstream-sticky marked received
0:00:00.372519724 [334m19341[00m 0x7f4934007540 [37mDEBUG  [00m [00;01;34m           GST_EVENT gstpad.c:5548:gst_pad_send_event_unchecked:<queue2-2:src>[00m have event type reconfigure event: 0x7f490c003c90, time 99:99:99.999999999, seq-num 294, (NULL)
0:00:00.372620632 [334m19341[00m 0x7f49480038f0 [33;01mLOG    [00m [00;01;31;41m            GST_PADS gstpad.c:2944:gst_pad_forward:<src:proxypad1>[00m calling forward function on pad srcbin-video_00:src
0:00:00.372644363 [334m19341[00m 0x7f49480038f0 [33;01mLOG    [00m [00;01;31;41m            GST_PADS gstpad.c:2989:event_forward_func:<srcbin-video_00:src>[00m Reffing and pushing event 0x7f492c003670 (custom-downstream-sticky) to srcbin-video_00:src
0:00:00.372714521 [334m19341[00m 0x7f49480038f0 [33;01mLOG    [00m [00;01;31;41m            GST_PADS gstpad.c:5097:store_sticky_event:<srcbin-video_00:src>[00m stored sticky event custom-downstream-sticky
0:00:00.372776177 [334m19341[00m 0x7f4934007540 [37mDEBUG  [00m [00m     queue2_dataflow gstqueue2.c:3080:gst_queue2_handle_src_event:<queue2-2>[00m got event 0x7f490c003c90 (reconfigure)
0:00:00.372814312 [334m19341[00m 0x7f4934007540 [33;01mLOG    [00m [00;01;31;41m            GST_PADS gstpad.c:5261:gst_pad_push_event_unchecked:<queue2-2:sink>[00m sending event 0x7f490c003c90 (reconfigure) to peerpad <dashdemux0:audio_01>
