0:00:00.313231398 [334m19341[00m 0x7f49300068a0 [33;01mLOG    [00m [00;01;31;41m            GST_PADS gstpad.c:5097:store_sticky_event:<typefind:src>[00m stored sticky event stream-start
0:00:00.313248696 [334m19341[00m 0x7f49300068a0 [37mDEBUG  [00m [00;01;31;41m            GST_PADS gstpad.c:3862:check_sticky:<typefind:src>[00m pushing all sticky events
0:00:00.313252041 [334m19341[00m 0x7f4948003ed0 [37mDEBUG  [00m [00;01;31;41m            GST_PADS gstpad.c:3931:gst_pad_query:<parsebin0:sink>[00m doing query 0x7f4930006d90 (accept-caps)
0:00:00.313258743 [334m19341[00m 0x7f49300068a0 [37mDEBUG  [00m [00;01;31;41m            GST_PADS gstpad.c:5317:gst_pad_push_event_unchecked:<typefind:src>[00m Dropping event stream-start because pad is not linked
0:00:00.313272575 [334m19341[00m 0x7f49300068a0 [37mDEBUG  [00m [00;01;31;41m            GST_PADS gstpad.c:3833:push_sticky:<typefind:src>[00m pad was not linked, mark pending
0:00:00.313296410 [334m19341[00m 0x7f4948003ed0 [37mDEBUG  [00m [00;01;31;41m            GST_PADS gstutils.c:2594:gst_pad_proxy_query_accept_caps:<parsebin0:sink>[00m proxying accept caps query for parsebin0:sink
0:00:00.313283159 [334m19341[00m 0x7f49300068a0 [37mDEBUG  [00m [00;01;31;41m            GST_PADS gstpad.c:5622:gst_pad_send_event_unchecked:<typefind:sink>[00m sent event, ret ok
0:00:00.313318661 [334m19341[00m 0x7f4948003ed0 [33;01mLOG    [00m [00;01;31;41m            GST_PADS gstpad.c:2944:gst_pad_forward:<parsebin0:sink>[00m calling forward function on pad sink:proxypad6
0:00:00.313324974 [334m19341[00m 0x7f49300068a0 [33;01mLOG    [00m [00;01;31;41m            GST_PADS gstpad.c:5037:store_sticky_event:<typefind:sink>[00m Removing pending EOS and StreamGroupDone events
0:00:00.313315828 [334m19341[00m 0x7f49480038f0 [33;01mLOG    [00m [00;01;31;41m            GST_PADS gstghostpad.c:746:gst_ghost_pad_new_from_template:[00m name:sink, target:typefind:sink, templ:0x7f4930006710
0:00:00.313340147 [334m19341[00m 0x7f4948003ed0 [37mDEBUG  [00m [00;01;31;41m            GST_PADS gstpad.c:4058:gst_pad_peer_query:<sink:proxypad6>[00m peer query 0x7f4930006d90 (accept-caps)
0:00:00.313344226 [334m19341[00m 0x7f49300068a0 [33;01mLOG    [00m [00;01;31;41m            GST_PADS gstpad.c:5097:store_sticky_event:<typefind:sink>[00m stored sticky event stream-start
0:00:00.313352613 [334m19341[00m 0x7f4948003ed0 [37mDEBUG  [00m [00;01;31;41m            GST_PADS gstpad.c:3931:gst_pad_query:<typefind:sink>[00m doing query 0x7f4930006d90 (accept-caps)
0:00:00.313362048 [334m19341[00m 0x7f49300068a0 [33;01mLOG    [00m [00;01;31;41m            GST_PADS gstpad.c:5269:gst_pad_push_event_unchecked:<sink:proxypad6>[00m sent event 0x7f494c03ab10 (stream-start) to peerpad <typefind:sink>, ret ok
0:00:00.313380770 [334m19341[00m 0x7f49300068a0 [37mDEBUG  [00m [00;01;31;41m            GST_PADS gstpad.c:3814:push_sticky:<sink:proxypad6>[00m event stream-start marked received
0:00:00.313410827 [334m19341[00m 0x7f49300068a0 [37mDEBUG  [00m [00;01;31;41m            GST_PADS gstpad.c:5622:gst_pad_send_event_unchecked:<parsebin0:sink>[00m sent event, ret ok
0:00:00.313420544 [334m19341[00m 0x7f49300068a0 [33;01mLOG    [00m [00;01;31;41m            GST_PADS gstpad.c:5037:store_sticky_event:<parsebin0:sink>[00m Removing pending EOS and StreamGroupDone events
0:00:00.313451271 [334m19341[00m 0x7f4948003ed0 [37mDEBUG  [00m [00;01;31;41m            GST_PADS gstpad.c:3931:gst_pad_query:<typefind:sink>[00m doing query 0x7f4930006de0 (caps)
0:00:00.313449163 [334m19341[00m 0x7f49300068a0 [33;01mLOG    [00m [00;01;31;41m            GST_PADS gstpad.c:5097:store_sticky_event:<parsebin0:sink>[00m stored sticky event stream-start
0:00:00.313479658 [334m19341[00m 0x7f49300068a0 [33;01mLOG    [00m [00;01;31;41m            GST_PADS gstpad.c:5269:gst_pad_push_event_unchecked:<sink:proxypad0>[00m sent event 0x7f494c03ab10 (stream-start) to peerpad <parsebin0:sink>, ret ok
0:00:00.313499982 [334m19341[00m 0x7f49300068a0 [37mDEBUG  [00m [00;01;31;41m            GST_PADS gstpad.c:3814:push_sticky:<sink:proxypad0>[00m event stream-start marked received
0:00:00.313518742 [334m19341[00m 0x7f49300068a0 [37mDEBUG  [00m [00;01;31;41m            GST_PADS gstpad.c:5622:gst_pad_send_event_unchecked:<decodebin3-0:sink>[00m sent event, ret ok
0:00:00.313562946 [334m19341[00m 0x7f49480038f0 [37mDEBUG  [00m [00;01;31;41m            GST_PADS gstghostpad.c:840:gst_ghost_pad_set_target:<'':sink>[00m set target typefind:sink
0:00:00.313564527 [334m19341[00m 0x7f49300068a0 [33;01mLOG    [00m [00;01;31;41m            GST_PADS gstpad.c:5037:store_sticky_event:<decodebin3-0:sink>[00m Removing pending EOS and StreamGroupDone events
0:00:00.313585028 [334m19341[00m 0x7f49480038f0 [37mDEBUG  [00m [00;01;31;41m            GST_PADS gstghostpad.c:862:gst_ghost_pad_set_target:<'':sink>[00m connecting internal pad to target <typefind:sink>
0:00:00.313593881 [334m19341[00m 0x7f49300068a0 [33;01mLOG    [00m [00;01;31;41m            GST_PADS gstpad.c:5097:store_sticky_event:<decodebin3-0:sink>[00m stored sticky event stream-start
0:00:00.313602107 [334m19341[00m 0x7f49480038f0 [36mINFO   [00m [00;01;31;41m            GST_PADS gstpad.c:2315:gst_pad_link_prepare:[00m trying to link sink:proxypad10 and typefind:sink
0:00:00.313611419 [334m19341[00m 0x7f49300068a0 [33;01mLOG    [00m [00;01;31;41m            GST_PADS gstpad.c:5269:gst_pad_push_event_unchecked:<urisourcebin0:src_0>[00m sent event 0x7f494c03ab10 (stream-start) to peerpad <decodebin3-0:sink>, ret ok
0:00:00.313630286 [334m19341[00m 0x7f4948003ed0 [37mDEBUG  [00m [00;01;31;41m            GST_PADS gstpad.c:3954:gst_pad_query:<typefind:sink>[00m sent query 0x7f4930006de0 (caps), result 1
0:00:00.313638711 [334m19341[00m 0x7f49300068a0 [37mDEBUG  [00m [00;01;31;41m            GST_PADS gstpad.c:3814:push_sticky:<urisourcebin0:src_0>[00m event stream-start marked received
0:00:00.313619622 [334m19341[00m 0x7f49480038f0 [36mINFO   [00m [00;01;31;41m            GST_PADS gstpad.c:2523:gst_pad_link_full:[00m linked sink:proxypad10 and typefind:sink, successful
0:00:00.313674139 [334m19341[00m 0x7f49480038f0 [36mINFO   [00m [00;01;34m           GST_EVENT gstevent.c:1511:gst_event_new_reconfigure:[00m creating reconfigure event
0:00:00.313691176 [334m19341[00m 0x7f49480038f0 [37mDEBUG  [00m [00;01;34m           GST_EVENT gstevent.c:305:gst_event_new_custom:[00m creating new event 0x7f4928003ed0 reconfigure 61441
0:00:00.313701106 [334m19341[00m 0x7f4948003ed0 [37mDEBUG  [00m [00;01;31;41m            GST_PADS gstpad.c:3954:gst_pad_query:<typefind:sink>[00m sent query 0x7f4930006d90 (accept-caps), result 1
0:00:00.313657098 [334m19341[00m 0x7f49300068a0 [37mDEBUG  [00m [00;01;31;41m            GST_PADS gstpad.c:5622:gst_pad_send_event_unchecked:<src_0:proxypad4>[00m sent event, ret ok
0:00:00.313722417 [334m19341[00m 0x7f4948003ed0 [37mDEBUG  [00m [00;01;31;41m            GST_PADS gstutils.c:2605:gst_pad_proxy_query_accept_caps:<parsebin0:sink>[00m proxying accept caps query: 1
0:00:00.313729423 [334m19341[00m 0x7f49300068a0 [33;01mLOG    [00m [00;01;31;41m            GST_PADS gstpad.c:5037:store_sticky_event:<src_0:proxypad4>[00m Removing pending EOS and StreamGroupDone events
0:00:00.313711187 [334m19341[00m 0x7f49480038f0 [37mDEBUG  [00m [00;01;34m           GST_EVENT gstpad.c:5548:gst_pad_send_event_unchecked:<sink:proxypad10>[00m have event type reconfigure event: 0x7f4928003ed0, time 99:99:99.999999999, seq-num 187, (NULL)
0:00:00.313742734 [334m19341[00m 0x7f49300068a0 [33;01mLOG    [00m [00;01;31;41m            GST_PADS gstpad.c:5097:store_sticky_event:<src_0:proxypad4>[00m stored sticky event stream-start
0:00:00.313760601 [334m19341[00m 0x7f49300068a0 [33;01mLOG    [00m [00;01;31;41m            GST_PADS gstpad.c:5269:gst_pad_push_event_unchecked:<queue2-0:src>[00m sent event 0x7f494c03ab10 (stream-start) to peerpad <src_0:proxypad4>, ret ok
0:00:00.313771054 [334m19341[00m 0x7f49480038f0 [33;01mLOG    [00m [00;01;31;41m            GST_PADS gstpad.c:2944:gst_pad_forward:<sink:proxypad10>[00m calling forward function on pad '':sink
0:00:00.313798265 [334m19341[00m 0x7f49480038f0 [33;01mLOG    [00m [00;01;31;41m            GST_PADS gstpad.c:2989:event_forward_func:<'':sink>[00m Reffing and pushing event 0x7f4928003ed0 (reconfigure) to '':sink
0:00:00.313815774 [334m19341[00m 0x7f49480038f0 [37mDEBUG  [00m [00;01;31;41m            GST_PADS gstpad.c:5285:gst_pad_push_event_unchecked:<'':sink>[00m We're flushing
0:00:00.313829146 [334m19341[00m 0x7f4948003ed0 [37mDEBUG  [00m [00;01;31;41m            GST_PADS gstpad.c:3954:gst_pad_query:<parsebin0:sink>[00m sent query 0x7f4930006d90 (accept-caps), result 1
0:00:00.313832951 [334m19341[00m 0x7f49480038f0 [33;01mLOG    [00m [00;01;34m           GST_EVENT gstevent.c:222:_gst_event_free:[00m freeing event 0x7f4928003ed0 type reconfigure
0:00:00.313831017 [334m19341[00m 0x7f49300068a0 [37mDEBUG  [00m [00;01;31;41m            GST_PADS gstpad.c:3814:push_sticky:<queue2-0:src>[00m event stream-start marked received
0:00:00.313846673 [334m19341[00m 0x7f49480038f0 [37mDEBUG  [00m [00;01;31;41m            GST_PADS gstpad.c:5622:gst_pad_send_event_unchecked:<sink:proxypad10>[00m sent event, ret error
0:00:00.313858296 [334m19341[00m 0x7f49480038f0 [37mDEBUG  [00m [00;01;31;41m            GST_PADS gstpad.c:1063:gst_pad_set_active:<'':sink>[00m activating pad from none
0:00:00.313862928 [334m19341[00m 0x7f49300068a0 [37mDEBUG  [00m [00m     queue2_dataflow gstqueue2.c:3023:gst_queue2_loop:<queue2-0>[00m queue is empty, waiting for new data
0:00:00.313869366 [334m19341[00m 0x7f49480038f0 [37mDEBUG  [00m [00;01;31;41m            GST_PADS gstpad.c:979:pre_activate:<'':sink>[00m setting pad into push mode, unset flushing
0:00:00.313862505 [334m19341[00m 0x7f4948003ed0 [37mDEBUG  [00m [00;01;31;41m            GST_PADS gstutils.c:2605:gst_pad_proxy_query_accept_caps:<decodebin3-0:sink>[00m proxying accept caps query: 1
0:00:00.313886176 [334m19341[00m 0x7f49300068a0 [33;01mLOG    [00m [00m     queue2_dataflow gstqueue2.c:3026:gst_queue2_loop:<queue2-0>[00m (queue2-0:src) wait for ADD: 0 of 0 buffers, 0 of 2097152 bytes, 0 of 4000000000 ns, 0 items
0:00:00.313913941 [334m19341[00m 0x7f49480038f0 [37mDEBUG  [00m [00;01;31;41m            GST_PADS gstpad.c:979:pre_activate:<sink:proxypad10>[00m setting pad into push mode, unset flushing
0:00:00.313941108 [334m19341[00m 0x7f4948003ed0 [37mDEBUG  [00m [00;01;31;41m            GST_PADS gstpad.c:3954:gst_pad_query:<decodebin3-0:sink>[00m sent query 0x7f4930006d90 (accept-caps), result 1
0:00:00.313949981 [334m19341[00m 0x7f49480038f0 [37mDEBUG  [00m [00;01;31;41m            GST_PADS gstpad.c:1207:activate_mode_internal:<'':sink>[00m already activated in push mode
0:00:00.313959780 [334m19341[00m 0x7f4948003ed0 [37mDEBUG  [00m [00;01;31;41m            GST_PADS gstutils.c:2605:gst_pad_proxy_query_accept_caps:<src_0:proxypad4>[00m proxying accept caps query: 1
0:00:00.313966624 [334m19341[00m 0x7f49480038f0 [37mDEBUG  [00m [00;01;31;41m            GST_PADS gstpad.c:1188:activate_mode_internal:<sink:proxypad10>[00m activated in push mode
0:00:00.313983693 [334m19341[00m 0x7f49480038f0 [37mDEBUG  [00m [00;01;31;41m            GST_PADS gstpad.c:1188:activate_mode_internal:<'':sink>[00m activated in push mode
0:00:00.314008476 [334m19341[00m 0x7f4948003ed0 [37mDEBUG  [00m [00;01;31;41m            GST_PADS gstpad.c:3954:gst_pad_query:<src_0:proxypad4>[00m sent query 0x7f4930006d90 (accept-caps), result 1
0:00:00.314063465 [334m19341[00m 0x7f4948003ed0 [37mDEBUG  [00m [00;01;31;41m            GST_PADS gstutils.c:2605:gst_pad_proxy_query_accept_caps:<queue2-0:sink>[00m proxying accept caps query: 1
0:00:00.314116993 [334m19341[00m 0x7f4948003ed0 [37mDEBUG  [00m [00;01;31;41m            GST_PADS gstpad.c:3954:gst_pad_query:<queue2-0:sink>[00m sent query 0x7f4930006d90 (accept-caps), result 1
0:00:00.314153140 [334m19341[00m 0x7f4948003ed0 [36mINFO   [00m [00m              queue2 gstqueue2.c:2286:gst_queue2_locked_enqueue:[00m got caps: audio/x-m4a, rate=(int)48000
0:00:00.314167823 [334m19341[00m 0x7f4948003ed0 [33;01mLOG    [00m [00m     queue2_dataflow gstqueue2.c:2325:gst_queue2_locked_enqueue:<queue2-0>[00m (queue2-0:sink) signal ADD: 0 of 0 buffers, 0 of 2097152 bytes, 0 of 4000000000 ns, 1 items
0:00:00.314186354 [334m19341[00m 0x7f49300068a0 [33;01mLOG    [00m [00m     queue2_dataflow gstqueue2.c:3026:gst_queue2_loop:<queue2-0>[00m (queue2-0:src) received ADD: 0 of 0 buffers, 0 of 2097152 bytes, 0 of 4000000000 ns, 1 items
0:00:00.314184826 [334m19341[00m 0x7f4948003ed0 [37mDEBUG  [00m [00;01;31;41m            GST_PADS gstpad.c:5622:gst_pad_send_event_unchecked:<queue2-0:sink>[00m sent event, ret ok
0:00:00.314201276 [334m19341[00m 0x7f49300068a0 [33;01mLOG    [00m [00m     queue2_dataflow gstqueue2.c:2394:gst_queue2_locked_dequeue:<queue2-0>[00m retrieved event 0x7f494c03b010 from queue
0:00:00.314210689 [334m19341[00m 0x7f4948003ed0 [33;01mLOG    [00m [00;01;31;41m            GST_PADS gstpad.c:5097:store_sticky_event:<queue2-0:sink>[00m stored sticky event caps
0:00:00.314230153 [334m19341[00m 0x7f4948003ed0 [37mDEBUG  [00m [00;01;31;41m            GST_PADS gstpad.c:5103:store_sticky_event:<queue2-0:sink>[00m notify caps
0:00:00.314227987 [334m19341[00m 0x7f49300068a0 [33;01mLOG    [00m [00m     queue2_dataflow gstqueue2.c:2899:gst_queue2_push_one:<queue2-0>[00m (queue2-0:src) We have something dequeud: 0 of 0 buffers, 0 of 2097152 bytes, 0 of 4000000000 ns, 0 items
0:00:00.314262185 [334m19341[00m 0x7f49300068a0 [33;01mLOG    [00m [00;01;31;41m            GST_PADS gstpad.c:5097:store_sticky_event:<queue2-0:src>[00m stored sticky event caps
0:00:00.314279507 [334m19341[00m 0x7f49300068a0 [37mDEBUG  [00m [00;01;31;41m            GST_PADS gstpad.c:5103:store_sticky_event:<queue2-0:src>[00m notify caps
0:00:00.314297268 [334m19341[00m 0x7f49480038f0 [33;01mLOG    [00m [00m            playbin3 gstplaybin3.c:2627:gst_play_bin3_deep_element_added:<playbin>[00m element <parsebin1> was added to <decodebin3-0>
0:00:00.314331950 [334m19341[00m 0x7f4948003ed0 [33;01mLOG    [00m [00;01;31;41m            GST_PADS gstpad.c:5269:gst_pad_push_event_unchecked:<dashdemux0:audio_00>[00m sent event 0x7f494c03b010 (caps) to peerpad <queue2-0:sink>, ret ok
0:00:00.314363923 [334m19341[00m 0x7f49300068a0 [37mDEBUG  [00m [00;01;31;41m            GST_PADS gstpad.c:3862:check_sticky:<queue2-0:src>[00m pushing all sticky events
0:00:00.314374134 [334m19341[00m 0x7f49300068a0 [37mDEBUG  [00m [00;01;31;41m            GST_PADS gstpad.c:3794:push_sticky:<queue2-0:src>[00m event stream-start was already received
0:00:00.314406781 [334m19341[00m 0x7f49480038f0 [33;01mLOG    [00m [00m            playbin3 gstplaybin3.c:2627:gst_play_bin3_deep_element_added:<playbin>[00m element <typefind> was added to <parsebin1>
0:00:00.314456877 [334m19341[00m 0x7f49480038f0 [37mDEBUG  [00m [00;01;31;41m            GST_PADS gstghostpad.c:840:gst_ghost_pad_set_target:<decodebin3-0:sink_0>[00m set target parsebin1:sink
0:00:00.314471479 [334m19341[00m 0x7f49480038f0 [37mDEBUG  [00m [00;01;31;41m            GST_PADS gstghostpad.c:862:gst_ghost_pad_set_target:<decodebin3-0:sink_0>[00m connecting internal pad to target <parsebin1:sink>
0:00:00.314450760 [334m19341[00m 0x7f4948003ed0 [37mDEBUG  [00m [00;01;31;41m            GST_PADS gstpad.c:3814:push_sticky:<dashdemux0:audio_00>[00m event caps marked received
0:00:00.314490089 [334m19341[00m 0x7f49480038f0 [36mINFO   [00m [00;01;31;41m            GST_PADS gstpad.c:2315:gst_pad_link_prepare:[00m trying to link sink_0:proxypad8 and parsebin1:sink
0:00:00.314499472 [334m19341[00m 0x7f49300068a0 [33;01mLOG    [00m [00m        urisourcebin gsturisourcebin.c:1263:source_pad_event_probe:<queue2-0:src>[00m caps, urisrc 0x7f494c03b010
0:00:00.314487023 [334m19341[00m 0x7f4948003ed0 [33;01mLOG    [00m [00;01;31;41m            GST_PADS gstpad.c:5261:gst_pad_push_event_unchecked:<dashdemux0:audio_00>[00m sending event 0x7f494c009f30 (segment) to peerpad <queue2-0:sink>
0:00:00.314520880 [334m19341[00m 0x7f49480038f0 [36mINFO   [00m [00;01;31;41m            GST_PADS gstpad.c:2523:gst_pad_link_full:[00m linked sink_0:proxypad8 and parsebin1:sink, successful
0:00:00.314523686 [334m19341[00m 0x7f49300068a0 [33;01mLOG    [00m [00;01;31;41m            GST_PADS gstpad.c:5261:gst_pad_push_event_unchecked:<queue2-0:src>[00m sending event 0x7f494c03b010 (caps) to peerpad <src_0:proxypad4>
0:00:00.314536979 [334m19341[00m 0x7f49480038f0 [36mINFO   [00m [00;01;34m           GST_EVENT gstevent.c:1511:gst_event_new_reconfigure:[00m creating reconfigure event
0:00:00.314535293 [334m19341[00m 0x7f49300068a0 [37mDEBUG  [00m [00;01;34m           GST_EVENT gstpad.c:5548:gst_pad_send_event_unchecked:<src_0:proxypad4>[00m have event type caps event: 0x7f494c03b010, time 99:99:99.999999999, seq-num 45, GstEventCaps, caps=(GstCaps)"audio/x-m4a\,\ rate\=\(int\)48000";
0:00:00.314525435 [334m19341[00m 0x7f4948003ed0 [37mDEBUG  [00m [00;01;34m           GST_EVENT gstpad.c:5548:gst_pad_send_event_unchecked:<queue2-0:sink>[00m have event type segment event: 0x7f494c009f30, time 99:99:99.999999999, seq-num 37, GstEventSegment, segment=(GstSegment)"GstSegment, flags=(GstSegmentFlags)GST_SEGMENT_FLAG_NONE, rate=(double)1, applied-rate=(double)1, format=(GstFormat)GST_FORMAT_TIME, base=(guint64)0, offset=(guint64)0, start=(guint64)0, stop=(guint64)18446744073709551615, time=(guint64)0, position=(guint64)0, duration=(guint64)18446744073709551615;";
0:00:00.314548039 [334m19341[00m 0x7f49480038f0 [37mDEBUG  [00m [00;01;34m           GST_EVENT gstevent.c:305:gst_event_new_custom:[00m creating new event 0x7f4928003f40 reconfigure 61441
0:00:00.314582014 [334m19341[00m 0x7f49480038f0 [37mDEBUG  [00m [00;01;34m           GST_EVENT gstpad.c:5548:gst_pad_send_event_unchecked:<sink_0:proxypad8>[00m have event type reconfigure event: 0x7f4928003f40, time 99:99:99.999999999, seq-num 188, (NULL)
0:00:00.314573113 [334m19341[00m 0x7f4948003ed0 [37mDEBUG  [00m [00m              queue2 gstqueue2.c:776:apply_segment:<queue2-0>[00m configured SEGMENT time segment start=0:00:00.000000000, offset=0:00:00.000000000, stop=99:99:99.999999999, rate=1.000000, applied_rate=1.000000, flags=0x00, time=0:00:00.000000000, base=0:00:00.000000000, position 0:00:00.000000000, duration 99:99:99.999999999
0:00:00.314609013 [334m19341[00m 0x7f49300068a0 [37mDEBUG  [00m [00;01;31;41m            GST_PADS gstpad.c:3931:gst_pad_query:<src_0:proxypad4>[00m doing query 0x7f4910003800 (accept-caps)
0:00:00.314639651 [334m19341[00m 0x7f49480038f0 [33;01mLOG    [00m [00;01;31;41m            GST_PADS gstpad.c:2944:gst_pad_forward:<sink_0:proxypad8>[00m calling forward function on pad decodebin3-0:sink_0
0:00:00.314619443 [334m19341[00m 0x7f4948003ed0 [37mDEBUG  [00m [00m              queue2 gstqueue2.c:740:update_time_level:<queue2-0>[00m sink 0:00:00.000000000, src 0:00:00.000000000
0:00:00.314654052 [334m19341[00m 0x7f49480038f0 [33;01mLOG    [00m [00;01;31;41m            GST_PADS gstpad.c:2989:event_forward_func:<decodebin3-0:sink_0>[00m Reffing and pushing event 0x7f4928003f40 (reconfigure) to decodebin3-0:sink_0
0:00:00.314665166 [334m19341[00m 0x7f4948003ed0 [37mDEBUG  [00m [00;01;31;41m            GST_PADS gstpad.c:5622:gst_pad_send_event_unchecked:<queue2-0:sink>[00m sent event, ret ok
0:00:00.314646377 [334m19341[00m 0x7f49300068a0 [37mDEBUG  [00m [00;01;31;41m            GST_PADS gstutils.c:2594:gst_pad_proxy_query_accept_caps:<src_0:proxypad4>[00m proxying accept caps query for src_0:proxypad4
0:00:00.314684872 [334m19341[00m 0x7f4948003ed0 [33;01mLOG    [00m [00;01;31;41m            GST_PADS gstpad.c:5097:store_sticky_event:<queue2-0:sink>[00m stored sticky event segment
0:00:00.314674925 [334m19341[00m 0x7f49480038f0 [33;01mLOG    [00m [00;01;31;41m            GST_PADS gstpad.c:5261:gst_pad_push_event_unchecked:<decodebin3-0:sink_0>[00m sending event 0x7f4928003f40 (reconfigure) to peerpad <urisourcebin0:src_1>
0:00:00.314698714 [334m19341[00m 0x7f49480038f0 [37mDEBUG  [00m [00;01;34m           GST_EVENT gstpad.c:5548:gst_pad_send_event_unchecked:<urisourcebin0:src_1>[00m have event type reconfigure event: 0x7f4928003f40, time 99:99:99.999999999, seq-num 188, (NULL)
0:00:00.314702528 [334m19341[00m 0x7f49300068a0 [33;01mLOG    [00m [00;01;31;41m            GST_PADS gstpad.c:2944:gst_pad_forward:<src_0:proxypad4>[00m calling forward function on pad urisourcebin0:src_0
0:00:00.314724610 [334m19341[00m 0x7f49300068a0 [37mDEBUG  [00m [00;01;31;41m            GST_PADS gstpad.c:4058:gst_pad_peer_query:<urisourcebin0:src_0>[00m peer query 0x7f4910003800 (accept-caps)
0:00:00.314734995 [334m19341[00m 0x7f49480038f0 [33;01mLOG    [00m [00;01;31;41m            GST_PADS gstpad.c:2944:gst_pad_forward:<urisourcebin0:src_1>[00m calling forward function on pad src_1:proxypad5
0:00:00.314702849 [334m19341[00m 0x7f4948003ed0 [33;01mLOG    [00m [00;01;31;41m            GST_PADS gstpad.c:5269:gst_pad_push_event_unchecked:<dashdemux0:audio_00>[00m sent event 0x7f494c009f30 (segment) to peerpad <queue2-0:sink>, ret ok
0:00:00.314742472 [334m19341[00m 0x7f49300068a0 [37mDEBUG  [00m [00;01;31;41m            GST_PADS gstpad.c:3931:gst_pad_query:<decodebin3-0:sink>[00m doing query 0x7f4910003800 (accept-caps)
0:00:00.314751023 [334m19341[00m 0x7f49480038f0 [33;01mLOG    [00m [00;01;31;41m            GST_PADS gstpad.c:2989:event_forward_func:<src_1:proxypad5>[00m Reffing and pushing event 0x7f4928003f40 (reconfigure) to src_1:proxypad5
0:00:00.314783412 [334m19341[00m 0x7f49480038f0 [33;01mLOG    [00m [00;01;31;41m            GST_PADS gstpad.c:5261:gst_pad_push_event_unchecked:<src_1:proxypad5>[00m sending event 0x7f4928003f40 (reconfigure) to peerpad <queue2-1:src>
0:00:00.314793248 [334m19341[00m 0x7f4948003ed0 [37mDEBUG  [00m [00;01;31;41m            GST_PADS gstpad.c:3814:push_sticky:<dashdemux0:audio_00>[00m event segment marked received
0:00:00.314805425 [334m19341[00m 0x7f49480038f0 [37mDEBUG  [00m [00;01;34m           GST_EVENT gstpad.c:5548:gst_pad_send_event_unchecked:<queue2-1:src>[00m have event type reconfigure event: 0x7f4928003f40, time 99:99:99.999999999, seq-num 188, (NULL)
0:00:00.314815861 [334m19341[00m 0x7f4948003ed0 [37mDEBUG  [00m [00m       adaptivedemux gstadaptivedemux.c:2088:gst_adaptive_demux_stream_push_buffer:<dashdemux0:audio_00>[00m Sending pending tags: tag event: 0x7f4930005020, time 99:99:99.999999999, seq-num 137, GstTagList-stream, taglist=(taglist)"taglist\,\ language-code\=\(string\)en\;";
0:00:00.314840142 [334m19341[00m 0x7f4948003ed0 [33;01mLOG    [00m [00;01;31;41m            GST_PADS gstpad.c:5097:store_sticky_event:<dashdemux0:audio_00>[00m stored sticky event tag
0:00:00.314853390 [334m19341[00m 0x7f4948003ed0 [37mDEBUG  [00m [00;01;31;41m            GST_PADS gstpad.c:3862:check_sticky:<dashdemux0:audio_00>[00m pushing all sticky events
0:00:00.314841471 [334m19341[00m 0x7f49300068a0 [37mDEBUG  [00m [00;01;31;41m            GST_PADS gstutils.c:2594:gst_pad_proxy_query_accept_caps:<decodebin3-0:sink>[00m proxying accept caps query for decodebin3-0:sink
0:00:00.314872287 [334m19341[00m 0x7f4948003ed0 [37mDEBUG  [00m [00;01;31;41m            GST_PADS gstpad.c:3794:push_sticky:<dashdemux0:audio_00>[00m event stream-start was already received
0:00:00.314870216 [334m19341[00m 0x7f49300068a0 [33;01mLOG    [00m [00;01;31;41m            GST_PADS gstpad.c:2944:gst_pad_forward:<decodebin3-0:sink>[00m calling forward function on pad sink:proxypad0
0:00:00.314895103 [334m19341[00m 0x7f49300068a0 [37mDEBUG  [00m [00;01;31;41m            GST_PADS gstpad.c:4058:gst_pad_peer_query:<sink:proxypad0>[00m peer query 0x7f4910003800 (accept-caps)
0:00:00.314897636 [334m19341[00m 0x7f4948003ed0 [37mDEBUG  [00m [00;01;31;41m            GST_PADS gstpad.c:3794:push_sticky:<dashdemux0:audio_00>[00m event caps was already received
0:00:00.314906046 [334m19341[00m 0x7f49300068a0 [37mDEBUG  [00m [00;01;31;41m            GST_PADS gstpad.c:3931:gst_pad_query:<parsebin0:sink>[00m doing query 0x7f4910003800 (accept-caps)
0:00:00.314914904 [334m19341[00m 0x7f4948003ed0 [37mDEBUG  [00m [00;01;31;41m            GST_PADS gstpad.c:3794:push_sticky:<dashdemux0:audio_00>[00m event segment was already received
0:00:00.314930515 [334m19341[00m 0x7f49480038f0 [37mDEBUG  [00m [00m     queue2_dataflow gstqueue2.c:3080:gst_queue2_handle_src_event:<queue2-1>[00m got event 0x7f4928003f40 (reconfigure)
0:00:00.314961574 [334m19341[00m 0x7f49300068a0 [37mDEBUG  [00m [00;01;31;41m            GST_PADS gstutils.c:2594:gst_pad_proxy_query_accept_caps:<parsebin0:sink>[00m proxying accept caps query for parsebin0:sink
0:00:00.314942902 [334m19341[00m 0x7f49480038f0 [33;01mLOG    [00m [00;01;31;41m            GST_PADS gstpad.c:5261:gst_pad_push_event_unchecked:<queue2-1:sink>[00m sending event 0x7f4928003f40 (reconfigure) to peerpad <dashdemux0:video_00>
0:00:00.314980741 [334m19341[00m 0x7f49300068a0 [33;01mLOG    [00m [00;01;31;41m            GST_PADS gstpad.c:2944:gst_pad_forward:<parsebin0:sink>[00m calling forward function on pad sink:proxypad6
0:00:00.315004486 [334m19341[00m 0x7f49480038f0 [37mDEBUG  [00m [00;01;34m           GST_EVENT gstpad.c:5548:gst_pad_send_event_unchecked:<dashdemux0:video_00>[00m have event type reconfigure event: 0x7f4928003f40, time 99:99:99.999999999, seq-num 188, (NULL)
0:00:00.315006352 [334m19341[00m 0x7f49300068a0 [37mDEBUG  [00m [00;01;31;41m            GST_PADS gstpad.c:4058:gst_pad_peer_query:<sink:proxypad6>[00m peer query 0x7f4910003800 (accept-caps)
0:00:00.315024813 [334m19341[00m 0x7f49300068a0 [37mDEBUG  [00m [00;01;31;41m            GST_PADS gstpad.c:3931:gst_pad_query:<typefind:sink>[00m doing query 0x7f4910003800 (accept-caps)
0:00:00.315061925 [334m19341[00m 0x7f4948003ed0 [33;01mLOG    [00m [00;01;31;41m            GST_PADS gstpad.c:5261:gst_pad_push_event_unchecked:<dashdemux0:audio_00>[00m sending event 0x7f4930005020 (tag) to peerpad <queue2-0:sink>
0:00:00.315130961 [334m19341[00m 0x7f49480038f0 [37mDEBUG  [00m [00m       adaptivedemux gstadaptivedemux.c:1597:gst_adaptive_demux_src_event:<dashdemux0:video_00>[00m [DEBUG], last flow ret = ok
0:00:00.315095782 [334m19341[00m 0x7f4948003ed0 [37mDEBUG  [00m [00;01;34m           GST_EVENT gstpad.c:5548:gst_pad_send_event_unchecked:<queue2-0:sink>[00m have event type tag event: 0x7f4930005020, time 99:99:99.999999999, seq-num 137, GstTagList-stream, taglist=(taglist)"taglist\,\ language-code\=\(string\)en\;";
0:00:00.315150645 [334m19341[00m 0x7f49300068a0 [37mDEBUG  [00m [00;01;31;41m            GST_PADS gstpad.c:3931:gst_pad_query:<typefind:sink>[00m doing query 0x7f4910003850 (caps)
0:00:00.315152538 [334m19341[00m 0x7f4948003ed0 [37mDEBUG  [00m [00;01;31;41m            GST_PADS gstpad.c:5622:gst_pad_send_event_unchecked:<queue2-0:sink>[00m sent event, ret ok
0:00:00.315185579 [334m19341[00m 0x7f49480038f0 [33;01mLOG    [00m [00;01;31;41m            GST_PADS gstpad.c:2944:gst_pad_forward:<dashdemux0:video_00>[00m calling forward function on pad dashdemux0:sink
0:00:00.315171635 [334m19341[00m 0x7f4948003ed0 [33;01mLOG    [00m [00;01;31;41m            GST_PADS gstpad.c:5097:store_sticky_event:<queue2-0:sink>[00m stored sticky event tag
0:00:00.315205110 [334m19341[00m 0x7f49480038f0 [33;01mLOG    [00m [00;01;31;41m            GST_PADS gstpad.c:2989:event_forward_func:<dashdemux0:sink>[00m Reffing and pushing event 0x7f4928003f40 (reconfigure) to dashdemux0:sink
0:00:00.315224508 [334m19341[00m 0x7f49480038f0 [33;01mLOG    [00m [00;01;31;41m            GST_PADS gstpad.c:5261:gst_pad_push_event_unchecked:<dashdemux0:sink>[00m sending event 0x7f4928003f40 (reconfigure) to peerpad <typefindelement0:src>
0:00:00.315201373 [334m19341[00m 0x7f4948003ed0 [33;01mLOG    [00m [00;01;31;41m            GST_PADS gstpad.c:5269:gst_pad_push_event_unchecked:<dashdemux0:audio_00>[00m sent event 0x7f4930005020 (tag) to peerpad <queue2-0:sink>, ret ok
0:00:00.315238973 [334m19341[00m 0x7f49480038f0 [37mDEBUG  [00m [00;01;34m           GST_EVENT gstpad.c:5548:gst_pad_send_event_unchecked:<typefindelement0:src>[00m have event type reconfigure event: 0x7f4928003f40, time 99:99:99.999999999, seq-num 188, (NULL)
0:00:00.315260011 [334m19341[00m 0x7f49480038f0 [33;01mLOG    [00m [00;01;31;41m            GST_PADS gstpad.c:5261:gst_pad_push_event_unchecked:<typefindelement0:sink>[00m sending event 0x7f4928003f40 (reconfigure) to peerpad <source:src>
0:00:00.315287120 [334m19341[00m 0x7f4948003ed0 [37mDEBUG  [00m [00;01;31;41m            GST_PADS gstpad.c:3814:push_sticky:<dashdemux0:audio_00>[00m event tag marked received
0:00:00.315310939 [334m19341[00m 0x7f49300068a0 [37mDEBUG  [00m [00;01;31;41m            GST_PADS gstpad.c:3954:gst_pad_query:<typefind:sink>[00m sent query 0x7f4910003850 (caps), result 1
0:00:00.315322042 [334m19341[00m 0x7f49480038f0 [37mDEBUG  [00m [00;01;34m           GST_EVENT gstpad.c:5548:gst_pad_send_event_unchecked:<source:src>[00m have event type reconfigure event: 0x7f4928003f40, time 99:99:99.999999999, seq-num 188, (NULL)
0:00:00.315364614 [334m19341[00m 0x7f49480038f0 [37mDEBUG  [00m [00;01;31;41m            GST_PADS gstpad.c:5622:gst_pad_send_event_unchecked:<source:src>[00m sent event, ret ok
0:00:00.315389082 [334m19341[00m 0x7f4948003ed0 [37mDEBUG  [00m [00;01;35m      GST_SCHEDULING gstpad.c:4202:gst_pad_chain_data_unchecked:<queue2-0:sink>[00m calling chainfunction &gst_queue2_chain with buffer buffer: 0x7f494c0206e0, pts 0:00:00.000000000, dts 99:99:99.999999999, dur 99:99:99.999999999, size 606, offset 0, offset_end 606, flags 0x40
0:00:00.315398381 [334m19341[00m 0x7f49480038f0 [33;01mLOG    [00m [00;01;31;41m            GST_PADS gstpad.c:5269:gst_pad_push_event_unchecked:<typefindelement0:sink>[00m sent event 0x7f4928003f40 (reconfigure) to peerpad <source:src>, ret ok
0:00:00.315407710 [334m19341[00m 0x7f4948003ed0 [33;01mLOG    [00m [00m     queue2_dataflow gstqueue2.c:2816:gst_queue2_chain:<queue2-0>[00m received buffer 0x7f494c0206e0 of size 606, time 0:00:00.000000000, duration 99:99:99.999999999
0:00:00.315423300 [334m19341[00m 0x7f49480038f0 [37mDEBUG  [00m [00;01;31;41m            GST_PADS gstpad.c:5622:gst_pad_send_event_unchecked:<typefindelement0:src>[00m sent event, ret ok
0:00:00.315413021 [334m19341[00m 0x7f49300068a0 [37mDEBUG  [00m [00;01;31;41m            GST_PADS gstpad.c:3954:gst_pad_query:<typefind:sink>[00m sent query 0x7f4910003800 (accept-caps), result 1
0:00:00.315442950 [334m19341[00m 0x7f49480038f0 [33;01mLOG    [00m [00;01;31;41m            GST_PADS gstpad.c:5269:gst_pad_push_event_unchecked:<dashdemux0:sink>[00m sent event 0x7f4928003f40 (reconfigure) to peerpad <typefindelement0:src>, ret ok
0:00:00.315433579 [334m19341[00m 0x7f4948003ed0 [37mDEBUG  [00m [00m              queue2 gstqueue2.c:842:apply_buffer:<queue2-0>[00m position updated to 0:00:00.000000000
0:00:00.315464768 [334m19341[00m 0x7f49480038f0 [37mDEBUG  [00m [00;01;31;41m            GST_PADS gstpad.c:5622:gst_pad_send_event_unchecked:<dashdemux0:video_00>[00m sent event, ret ok
0:00:00.315456461 [334m19341[00m 0x7f49300068a0 [37mDEBUG  [00m [00;01;31;41m            GST_PADS gstutils.c:2605:gst_pad_proxy_query_accept_caps:<parsebin0:sink>[00m proxying accept caps query: 1
0:00:00.315474023 [334m19341[00m 0x7f4948003ed0 [37mDEBUG  [00m [00m              queue2 gstqueue2.c:740:update_time_level:<queue2-0>[00m sink 0:00:00.000000000, src 0:00:00.000000000
0:00:00.315483354 [334m19341[00m 0x7f49480038f0 [33;01mLOG    [00m [00;01;31;41m            GST_PADS gstpad.c:5269:gst_pad_push_event_unchecked:<queue2-1:sink>[00m sent event 0x7f4928003f40 (reconfigure) to peerpad <dashdemux0:video_00>, ret ok
0:00:00.315511468 [334m19341[00m 0x7f49480038f0 [37mDEBUG  [00m [00;01;31;41m            GST_PADS gstpad.c:5622:gst_pad_send_event_unchecked:<queue2-1:src>[00m sent event, ret ok
0:00:00.315502580 [334m19341[00m 0x7f4948003ed0 [37mDEBUG  [00m [00;01;35m      GST_SCHEDULING gstpad.c:4208:gst_pad_chain_data_unchecked:<queue2-0:sink>[00m called chainfunction &gst_queue2_chain with buffer 0x7f494c0206e0, returned ok
0:00:00.315526659 [334m19341[00m 0x7f49480038f0 [33;01mLOG    [00m [00;01;31;41m            GST_PADS gstpad.c:5269:gst_pad_push_event_unchecked:<src_1:proxypad5>[00m sent event 0x7f4928003f40 (reconfigure) to peerpad <queue2-1:src>, ret ok
0:00:00.315545710 [334m19341[00m 0x7f49480038f0 [37mDEBUG  [00m [00;01;31;41m            GST_PADS gstpad.c:5622:gst_pad_send_event_unchecked:<urisourcebin0:src_1>[00m sent event, ret ok
0:00:00.315535935 [334m19341[00m 0x7f49300068a0 [37mDEBUG  [00m [00;01;31;41m            GST_PADS gstpad.c:3954:gst_pad_query:<parsebin0:sink>[00m sent query 0x7f4910003800 (accept-caps), result 1
0:00:00.315564944 [334m19341[00m 0x7f49480038f0 [33;01mLOG    [00m [00;01;31;41m            GST_PADS gstpad.c:5269:gst_pad_push_event_unchecked:<decodebin3-0:sink_0>[00m sent event 0x7f4928003f40 (reconfigure) to peerpad <urisourcebin0:src_1>, ret ok
0:00:00.315582204 [334m19341[00m 0x7f49480038f0 [33;01mLOG    [00m [00;01;34m           GST_EVENT gstevent.c:222:_gst_event_free:[00m freeing event 0x7f4928003f40 type reconfigure
0:00:00.315592883 [334m19341[00m 0x7f4948003ed0 [33;01mLOG    [00m [00m       adaptivedemux gstadaptivedemux.c:2114:gst_adaptive_demux_stream_push_buffer:<dashdemux0:audio_00>[00m Push result: 0 ok
0:00:00.315602469 [334m19341[00m 0x7f49480038f0 [37mDEBUG  [00m [00;01;31;41m            GST_PADS gstpad.c:5622:gst_pad_send_event_unchecked:<sink_0:proxypad8>[00m sent event, ret ok
0:00:00.315574816 [334m19341[00m 0x7f49300068a0 [37mDEBUG  [00m [00;01;31;41m            GST_PADS gstutils.c:2605:gst_pad_proxy_query_accept_caps:<decodebin3-0:sink>[00m proxying accept caps query: 1
0:00:00.315629487 [334m19341[00m 0x7f4948003ed0 [37mDEBUG  [00m [00;01;35m      GST_SCHEDULING gstpad.c:4208:gst_pad_chain_data_unchecked:<dashdemux0:internal-audio_00>[00m called chainfunction &0x7f495259ee20 with buffer 0x7f494c0206e0, returned ok
0:00:00.315669580 [334m19341[00m 0x7f4948003ed0 [33;01mLOG    [00m [00m      queue_dataflow gstqueue.c:872:gst_queue_locked_dequeue:<queue1>[00m retrieved event 0x7f4920003480 from queue
0:00:00.315676988 [334m19341[00m 0x7f49300068a0 [37mDEBUG  [00m [00;01;31;41m            GST_PADS gstpad.c:3954:gst_pad_query:<decodebin3-0:sink>[00m sent query 0x7f4910003800 (accept-caps), result 1
0:00:00.315697019 [334m19341[00m 0x7f4948003ed0 [33;01mLOG    [00m [00;01;31;41m            GST_PADS gstpad.c:5097:store_sticky_event:<queue1:src>[00m stored sticky event eos
0:00:00.315713208 [334m19341[00m 0x7f4948003ed0 [37mDEBUG  [00m [00;01;31;41m            GST_PADS gstpad.c:3862:check_sticky:<queue1:src>[00m pushing all sticky events
0:00:00.315705882 [334m19341[00m 0x7f49300068a0 [37mDEBUG  [00m [00;01;31;41m            GST_PADS gstutils.c:2605:gst_pad_proxy_query_accept_caps:<src_0:proxypad4>[00m proxying accept caps query: 1
0:00:00.315725279 [334m19341[00m 0x7f4948003ed0 [37mDEBUG  [00m [00;01;31;41m            GST_PADS gstpad.c:3794:push_sticky:<queue1:src>[00m event stream-start was already received
0:00:00.315738591 [334m19341[00m 0x7f4948003ed0 [37mDEBUG  [00m [00;01;31;41m            GST_PADS gstpad.c:3794:push_sticky:<queue1:src>[00m event segment was already received
0:00:00.315777944 [334m19341[00m 0x7f4948003ed0 [33;01mLOG    [00m [00;01;31;41m            GST_PADS gstpad.c:5261:gst_pad_push_event_unchecked:<queue1:src>[00m sending event 0x7f4920003480 (eos) to peerpad <src:proxypad2>
0:00:00.315805925 [334m19341[00m 0x7f4948003ed0 [37mDEBUG  [00m [00;01;34m           GST_EVENT gstpad.c:5548:gst_pad_send_event_unchecked:<src:proxypad2>[00m have event type eos event: 0x7f4920003480, time 99:99:99.999999999, seq-num 82, (NULL)
0:00:00.315807911 [334m19341[00m 0x7f49300068a0 [37mDEBUG  [00m [00;01;31;41m            GST_PADS gstpad.c:3954:gst_pad_query:<src_0:proxypad4>[00m sent query 0x7f4910003800 (accept-caps), result 1
0:00:00.315864436 [334m19341[00m 0x7f49300068a0 [33;01mLOG    [00m [00;01;31;41m            GST_PADS gstpad.c:2944:gst_pad_forward:<src_0:proxypad4>[00m calling forward function on pad urisourcebin0:src_0
0:00:00.315862429 [334m19341[00m 0x7f4948003ed0 [33;01mLOG    [00m [00;01;31;41m            GST_PADS gstpad.c:2944:gst_pad_forward:<src:proxypad2>[00m calling forward function on pad srcbin-audio_00:src
0:00:00.315879380 [334m19341[00m 0x7f4948003ed0 [33;01mLOG    [00m [00;01;31;41m            GST_PADS gstpad.c:2989:event_forward_func:<srcbin-audio_00:src>[00m Reffing and pushing event 0x7f4920003480 (eos) to srcbin-audio_00:src
0:00:00.315883231 [334m19341[00m 0x7f49300068a0 [33;01mLOG    [00m [00;01;31;41m            GST_PADS gstpad.c:2989:event_forward_func:<urisourcebin0:src_0>[00m Reffing and pushing event 0x7f494c03b010 (caps) to urisourcebin0:src_0
0:00:00.315893541 [334m19341[00m 0x7f4948003ed0 [33;01mLOG    [00m [00;01;31;41m            GST_PADS gstpad.c:5097:store_sticky_event:<srcbin-audio_00:src>[00m stored sticky event eos
0:00:00.315904014 [334m19341[00m 0x7f4948003ed0 [37mDEBUG  [00m [00;01;31;41m            GST_PADS gstpad.c:3862:check_sticky:<srcbin-audio_00:src>[00m pushing all sticky events
0:00:00.315923587 [334m19341[00m 0x7f4948003ed0 [37mDEBUG  [00m [00;01;31;41m            GST_PADS gstpad.c:3794:push_sticky:<srcbin-audio_00:src>[00m event stream-start was already received
0:00:00.315954380 [334m19341[00m 0x7f49300068a0 [33;01mLOG    [00m [00;01;31;41m            GST_PADS gstpad.c:5097:store_sticky_event:<urisourcebin0:src_0>[00m stored sticky event caps
0:00:00.315956060 [334m19341[00m 0x7f4948003ed0 [37mDEBUG  [00m [00;01;31;41m            GST_PADS gstpad.c:3794:push_sticky:<srcbin-audio_00:src>[00m event segment was already received
0:00:00.315979118 [334m19341[00m 0x7f49300068a0 [37mDEBUG  [00m [00;01;31;41m            GST_PADS gstpad.c:5103:store_sticky_event:<urisourcebin0:src_0>[00m notify caps
0:00:00.315977589 [334m19341[00m 0x7f4948003ed0 [33;01mLOG    [00m [00;01;31;41m            GST_PADS gstpad.c:5261:gst_pad_push_event_unchecked:<srcbin-audio_00:src>[00m sending event 0x7f4920003480 (eos) to peerpad <dashdemux0:internal-audio_00>
0:00:00.316004060 [334m19341[00m 0x7f4948003ed0 [37mDEBUG  [00m [00;01;34m           GST_EVENT gstpad.c:5548:gst_pad_send_event_unchecked:<dashdemux0:internal-audio_00>[00m have event type eos event: 0x7f4920003480, time 99:99:99.999999999, seq-num 82, (NULL)
0:00:00.316028007 [334m19341[00m 0x7f4948003ed0 [37mDEBUG  [00m [00m       adaptivedemux gstadaptivedemux.c:2303:gst_adaptive_demux_stream_fragment_download_finish:<dashdemux0:audio_00>[00m Download finish: 0 ok - err: (nil)
0:00:00.316046426 [334m19341[00m 0x7f4948003ed0 [37mDEBUG  [00m [00;01;31;41m            GST_PADS gstpad.c:5622:gst_pad_send_event_unchecked:<dashdemux0:internal-audio_00>[00m sent event, ret ok
0:00:00.316050601 [334m19341[00m 0x7f494c03f800 [37mDEBUG  [00m [00m       adaptivedemux gstadaptivedemux.c:2818:gst_adaptive_demux_stream_download_uri:<dashdemux0:audio_00>[00m header download finished: http://dash.akamaized.net/dash264/TestCases/10a/1/German_Forest_Short_Poem_english-en-68s-2-lc-128000bps_seg.mp4 0 ok
0:00:00.316061483 [334m19341[00m 0x7f4948003ed0 [33;01mLOG    [00m [00;01;31;41m            GST_PADS gstpad.c:5097:store_sticky_event:<dashdemux0:internal-audio_00>[00m stored sticky event eos
0:00:00.316122319 [334m19341[00m 0x7f4948003ed0 [33;01mLOG    [00m [00;01;31;41m            GST_PADS gstpad.c:5269:gst_pad_push_event_unchecked:<srcbin-audio_00:src>[00m sent event 0x7f4920003480 (eos) to peerpad <dashdemux0:internal-audio_00>, ret ok
0:00:00.316093716 [334m19341[00m 0x7f49300068a0 [37mDEBUG  [00m [00;01;31;41m            GST_PADS gstpad.c:3862:check_sticky:<urisourcebin0:src_0>[00m pushing all sticky events
0:00:00.316171176 [334m19341[00m 0x7f49300068a0 [37mDEBUG  [00m [00;01;31;41m            GST_PADS gstpad.c:3794:push_sticky:<urisourcebin0:src_0>[00m event stream-start was already received
0:00:00.316191845 [334m19341[00m 0x7f49300068a0 [33;01mLOG    [00m [00;01;31;41m            GST_PADS gstpad.c:5261:gst_pad_push_event_unchecked:<urisourcebin0:src_0>[00m sending event 0x7f494c03b010 (caps) to peerpad <decodebin3-0:sink>
0:00:00.316232125 [334m19341[00m 0x7f49300068a0 [37mDEBUG  [00m [00;01;34m           GST_EVENT gstpad.c:5548:gst_pad_send_event_unchecked:<decodebin3-0:sink>[00m have event type caps event: 0x7f494c03b010, time 99:99:99.999999999, seq-num 45, GstEventCaps, caps=(GstCaps)"audio/x-m4a\,\ rate\=\(int\)48000";
0:00:00.316224012 [334m19341[00m 0x7f4948003ed0 [37mDEBUG  [00m [00;01;31;41m            GST_PADS gstpad.c:3814:push_sticky:<srcbin-audio_00:src>[00m event eos marked received
0:00:00.316287278 [334m19341[00m 0x7f4948003ed0 [37mDEBUG  [00m [00;01;31;41m            GST_PADS gstpad.c:3794:push_sticky:<srcbin-audio_00:src>[00m event custom-downstream-sticky was already received
0:00:00.316335703 [334m19341[00m 0x7f49300068a0 [37mDEBUG  [00m [00;01;31;41m            GST_PADS gstpad.c:3931:gst_pad_query:<decodebin3-0:sink>[00m doing query 0x7f49100038a0 (accept-caps)
0:00:00.316302579 [334m19341[00m 0x7f4948003ed0 [37mDEBUG  [00m [00;01;31;41m            GST_PADS gstpad.c:5622:gst_pad_send_event_unchecked:<src:proxypad2>[00m sent event, ret ok
0:00:00.316367243 [334m19341[00m 0x7f49480038f0 [37mDEBUG  [00m [00m          decodebin3 gstdecodebin3.c:1290:gst_decodebin3_handle_message:<decodebin3-0>[00m Got Message state-changed
0:00:00.316355125 [334m19341[00m 0x7f4948003ed0 [33;01mLOG    [00m [00;01;31;41m            GST_PADS gstpad.c:5097:store_sticky_event:<src:proxypad2>[00m stored sticky event eos
0:00:00.316385142 [334m19341[00m 0x7f49300068a0 [37mDEBUG  [00m [00;01;31;41m            GST_PADS gstutils.c:2594:gst_pad_proxy_query_accept_caps:<decodebin3-0:sink>[00m proxying accept caps query for decodebin3-0:sink
0:00:00.316387899 [334m19341[00m 0x7f4948003ed0 [33;01mLOG    [00m [00;01;31;41m            GST_PADS gstpad.c:5269:gst_pad_push_event_unchecked:<queue1:src>[00m sent event 0x7f4920003480 (eos) to peerpad <src:proxypad2>, ret ok
0:00:00.316396916 [334m19341[00m 0x7f49300068a0 [33;01mLOG    [00m [00;01;31;41m            GST_PADS gstpad.c:2944:gst_pad_forward:<decodebin3-0:sink>[00m calling forward function on pad sink:proxypad0
0:00:00.316390833 [334m19341[00m 0x7f494c03f800 [37mDEBUG  [00m [00;01;31;41m            GST_PADS gstpad.c:1078:gst_pad_set_active:<srcbin-audio_00:src>[00m deactivating pad from push mode
0:00:00.316416289 [334m19341[00m 0x7f494c03f800 [37mDEBUG  [00m [00;01;31;41m            GST_PADS gstpad.c:967:pre_activate:<srcbin-audio_00:src>[00m setting PAD_MODE NONE, set flushing
0:00:00.316401992 [334m19341[00m 0x7f4948003ed0 [37mDEBUG  [00m [00;01;31;41m            GST_PADS gstpad.c:3814:push_sticky:<queue1:src>[00m event eos marked received
0:00:00.316409552 [334m19341[00m 0x7f49300068a0 [37mDEBUG  [00m [00;01;31;41m            GST_PADS gstpad.c:4058:gst_pad_peer_query:<sink:proxypad0>[00m peer query 0x7f49100038a0 (accept-caps)
0:00:00.316435655 [334m19341[00m 0x7f49300068a0 [37mDEBUG  [00m [00;01;31;41m            GST_PADS gstpad.c:3931:gst_pad_query:<parsebin0:sink>[00m doing query 0x7f49100038a0 (accept-caps)
0:00:00.316459926 [334m19341[00m 0x7f494c03f800 [37mDEBUG  [00m [00;01;31;41m            GST_PADS gstpad.c:967:pre_activate:<src:proxypad2>[00m setting PAD_MODE NONE, set flushing
0:00:00.316438114 [334m19341[00m 0x7f4948003ed0 [37mDEBUG  [00m [00;01;31;41m            GST_PADS gstpad.c:3794:push_sticky:<queue1:src>[00m event custom-downstream-sticky was already received
0:00:00.316481432 [334m19341[00m 0x7f4948003ed0 [33;01mLOG    [00m [00m      queue_dataflow gstqueue.c:1440:gst_queue_push_one:<queue1>[00m pushed EOS event 0x7f4920003480, return EOS
0:00:00.316490780 [334m19341[00m 0x7f494c03f800 [37mDEBUG  [00m [00;01;31;41m            GST_PADS gstpad.c:1207:activate_mode_internal:<srcbin-audio_00:src>[00m already deactivated in push mode
0:00:00.316518389 [334m19341[00m 0x7f4948003ed0 [37mDEBUG  [00m [00;01;31;41m            GST_PADS gstpad.c:6047:gst_pad_pause_task:<queue1:src>[00m pause task
0:00:00.316509126 [334m19341[00m 0x7f49300068a0 [37mDEBUG  [00m [00;01;31;41m            GST_PADS gstutils.c:2594:gst_pad_proxy_query_accept_caps:<parsebin0:sink>[00m proxying accept caps query for parsebin0:sink
0:00:00.316531389 [334m19341[00m 0x7f49300068a0 [33;01mLOG    [00m [00;01;31;41m            GST_PADS gstpad.c:2944:gst_pad_forward:<parsebin0:sink>[00m calling forward function on pad sink:proxypad6
0:00:00.316542589 [334m19341[00m 0x7f49300068a0 [37mDEBUG  [00m [00;01;31;41m            GST_PADS gstpad.c:4058:gst_pad_peer_query:<sink:proxypad6>[00m peer query 0x7f49100038a0 (accept-caps)
0:00:00.316546525 [334m19341[00m 0x7f494c03f800 [37mDEBUG  [00m [00;01;31;41m            GST_PADS gstpad.c:1015:post_activate:<src:proxypad2>[00m stopped streaming
0:00:00.316532262 [334m19341[00m 0x7f4948003ed0 [37mDEBUG  [00m [00m                task gsttask.c:687:gst_task_set_state:<queue1:src>[00m Changing task 0x7f494c048cb0 to state 2
0:00:00.316562366 [334m19341[00m 0x7f49300068a0 [37mDEBUG  [00m [00;01;31;41m            GST_PADS gstpad.c:3931:gst_pad_query:<typefind:sink>[00m doing query 0x7f49100038a0 (accept-caps)
0:00:00.316560609 [334m19341[00m 0x7f4948003ed0 [33;01mLOG    [00m [00m      queue_dataflow gstqueue.c:1529:gst_queue_loop:<queue1>[00m pause task, reason:  eos
0:00:00.316588554 [334m19341[00m 0x7f4948003ed0 [36mINFO   [00m [00m                task gsttask.c:318:gst_task_func:<queue1:src>[00m Task going to paused
0:00:00.316578834 [334m19341[00m 0x7f494c03f800 [37mDEBUG  [00m [00;01;31;41m            GST_PADS gstpad.c:1188:activate_mode_internal:<src:proxypad2>[00m deactivated in push mode
0:00:00.316604840 [334m19341[00m 0x7f494c03f800 [37mDEBUG  [00m [00;01;31;41m            GST_PADS gstpad.c:1015:post_activate:<srcbin-audio_00:src>[00m stopped streaming
0:00:00.316621476 [334m19341[00m 0x7f494c03f800 [37mDEBUG  [00m [00;01;31;41m            GST_PADS gstpad.c:1188:activate_mode_internal:<srcbin-audio_00:src>[00m deactivated in push mode
0:00:00.316697029 [334m19341[00m 0x7f49300068a0 [37mDEBUG  [00m [00;01;31;41m            GST_PADS gstpad.c:3931:gst_pad_query:<typefind:sink>[00m doing query 0x7f49100038f0 (caps)
0:00:00.316819243 [334m19341[00m 0x7f49300068a0 [37mDEBUG  [00m [00;01;31;41m            GST_PADS gstpad.c:3954:gst_pad_query:<typefind:sink>[00m sent query 0x7f49100038f0 (caps), result 1
0:00:00.316929563 [334m19341[00m 0x7f49300068a0 [37mDEBUG  [00m [00;01;31;41m            GST_PADS gstpad.c:3954:gst_pad_query:<typefind:sink>[00m sent query 0x7f49100038a0 (accept-caps), result 1
0:00:00.316951017 [334m19341[00m 0x7f49300068a0 [37mDEBUG  [00m [00;01;31;41m            GST_PADS gstutils.c:2605:gst_pad_proxy_query_accept_caps:<parsebin0:sink>[00m proxying accept caps query: 1
0:00:00.317058644 [334m19341[00m 0x7f49480038f0 [37mDEBUG  [00m [00m          decodebin3 gstdecodebin3.c:1290:gst_decodebin3_handle_message:<decodebin3-0>[00m Got Message state-changed
0:00:00.317060484 [334m19341[00m 0x7f49300068a0 [37mDEBUG  [00m [00;01;31;41m            GST_PADS gstpad.c:3954:gst_pad_query:<parsebin0:sink>[00m sent query 0x7f49100038a0 (accept-caps), result 1
0:00:00.317093521 [334m19341[00m 0x7f494c03f800 [37mDEBUG  [00m [00;01;31;41m            GST_PADS gstpad.c:1078:gst_pad_set_active:<queue1:src>[00m deactivating pad from push mode
0:00:00.317090861 [334m19341[00m 0x7f49300068a0 [37mDEBUG  [00m [00;01;31;41m            GST_PADS gstutils.c:2605:gst_pad_proxy_query_accept_caps:<decodebin3-0:sink>[00m proxying accept caps query: 1
0:00:00.317109212 [334m19341[00m 0x7f494c03f800 [37mDEBUG  [00m [00;01;31;41m            GST_PADS gstpad.c:967:pre_activate:<queue1:src>[00m setting PAD_MODE NONE, set flushing
0:00:00.317117552 [334m19341[00m 0x7f494c03f800 [37mDEBUG  [00m [00;01;31;41m            GST_PADS gstpad.c:6095:gst_pad_stop_task:<queue1:src>[00m stop task
0:00:00.317151545 [334m19341[00m 0x7f494c03f800 [37mDEBUG  [00m [00m                task gsttask.c:687:gst_task_set_state:<queue1:src>[00m Changing task 0x7f494c048cb0 to state 1
0:00:00.317163132 [334m19341[00m 0x7f494c03f800 [37mDEBUG  [00m [00m                task gsttask.c:814:gst_task_join:<queue1:src>[00m Joining task 0x7f494c048cb0, thread 0x7f494c03f800
0:00:00.317165091 [334m19341[00m 0x7f4948003ed0 [36mINFO   [00m [00m                task gsttask.c:320:gst_task_func:<queue1:src>[00m Task resume from paused
