0:00:00.425236146 [334m19341[00m 0x7f4948003ed0 [37mDEBUG  [00m [00;01;35m      GST_SCHEDULING gstpad.c:4202:gst_pad_chain_data_unchecked:<queue2-0:sink>[00m calling chainfunction &gst_queue2_chain with buffer buffer: 0x7f4910036730, pts 99:99:99.999999999, dts 99:99:99.999999999, dur 99:99:99.999999999, size 13032, offset 35012, offset_end 48044, flags 0x0
0:00:00.425253914 [334m19341[00m 0x7f4948003ed0 [33;01mLOG    [00m [00m     queue2_dataflow gstqueue2.c:2816:gst_queue2_chain:<queue2-0>[00m received buffer 0x7f4910036730 of size 13032, time 99:99:99.999999999, duration 99:99:99.999999999
0:00:00.425284326 [334m19341[00m 0x7f4948003ed0 [37mDEBUG  [00m [00m              queue2 gstqueue2.c:842:apply_buffer:<queue2-0>[00m position updated to 0:00:02.882804810
0:00:00.425298571 [334m19341[00m 0x7f4948003ed0 [37mDEBUG  [00m [00m              queue2 gstqueue2.c:740:update_time_level:<queue2-0>[00m sink 0:00:02.882804810, src 0:00:00.000000000
0:00:00.425336694 [334m19341[00m 0x7f4948003ed0 [37mDEBUG  [00m [00m              queue2 gstqueue2.c:1199:update_in_rates:<queue2-0>[00m rates: in 0.000000, time 0:00:00.000000000
0:00:00.425350260 [334m19341[00m 0x7f4948003ed0 [37mDEBUG  [00m [00;01;35m      GST_SCHEDULING gstpad.c:4208:gst_pad_chain_data_unchecked:<queue2-0:sink>[00m called chainfunction &gst_queue2_chain with buffer 0x7f4910036730, returned ok
0:00:00.425463909 [334m19341[00m 0x7f4948003990 [37mDEBUG  [00m [00;01;34m           GST_EVENT gstevent.c:305:gst_event_new_custom:[00m creating new event 0x7f492c005070 custom-downstream-sticky 76830
0:00:00.425499239 [334m19341[00m 0x7f4948003ed0 [33;01mLOG    [00m [00m       adaptivedemux gstadaptivedemux.c:2114:gst_adaptive_demux_stream_push_buffer:<dashdemux0:audio_00>[00m Push result: 0 ok
0:00:00.425522052 [334m19341[00m 0x7f4948003ed0 [37mDEBUG  [00m [00;01;35m      GST_SCHEDULING gstpad.c:4208:gst_pad_chain_data_unchecked:<dashdemux0:internal-audio_00>[00m called chainfunction &0x7f495259ee20 with buffer 0x7f4910036730, returned ok
0:00:00.425871415 [334m19341[00m 0x7f4948003f70 [33;01mLOG    [00m [00m       adaptivedemux gstadaptivedemux.c:2401:_uri_handler_probe:<souphttpsrc1:src>[00m Received buffer, size 32768 total 96390
0:00:00.425961412 [334m19341[00m 0x7f4948003ed0 [33;01mLOG    [00m [00m      queue_dataflow gstqueue.c:846:gst_queue_locked_dequeue:<queue1>[00m retrieved buffer 0x7f4910036840 from queue
0:00:00.426020835 [334m19341[00m 0x7f4948003f70 [37mDEBUG  [00m [00;01;35m      GST_SCHEDULING gstpad.c:4202:gst_pad_chain_data_unchecked:<queue1:sink>[00m calling chainfunction &gst_queue_chain with buffer buffer: 0x7f4910036950, pts 99:99:99.999999999, dts 99:99:99.999999999, dur 99:99:99.999999999, size 32768, offset 64428, offset_end none, flags 0x0
0:00:00.426018162 [334m19341[00m 0x7f4948003ed0 [33;01mLOG    [00m [00m               queue gstqueue.c:633:apply_buffer:<queue1>[00m src position updated to 0:00:00.000000806
0:00:00.426043790 [334m19341[00m 0x7f4948003ed0 [33;01mLOG    [00m [00m               queue gstqueue.c:538:update_time_level:<queue1>[00m update src time
0:00:00.426070179 [334m19341[00m 0x7f4948003ed0 [33;01mLOG    [00m [00m               queue gstqueue.c:547:update_time_level:<queue1>[00m sink +0:00:00.000000806, src +0:00:00.000000806
0:00:00.426134441 [334m19341[00m 0x7f4948003f70 [33;01mLOG    [00m [00m      queue_dataflow gstqueue.c:1183:gst_queue_chain_buffer_or_list:<queue1>[00m received buffer 0x7f4910036950 of size 32768, time 99:99:99.999999999, duration 99:99:99.999999999
0:00:00.426168520 [334m19341[00m 0x7f4948003f70 [33;01mLOG    [00m [00m               queue gstqueue.c:633:apply_buffer:<queue1>[00m sink position updated to 0:00:00.000000806
0:00:00.426176149 [334m19341[00m 0x7f4948003f70 [33;01mLOG    [00m [00m               queue gstqueue.c:529:update_time_level:<queue1>[00m update sink time
0:00:00.426183122 [334m19341[00m 0x7f4948003f70 [33;01mLOG    [00m [00m               queue gstqueue.c:547:update_time_level:<queue1>[00m sink +0:00:00.000000806, src +0:00:00.000000806
0:00:00.426206213 [334m19341[00m 0x7f4948003f70 [37mDEBUG  [00m [00;01;35m      GST_SCHEDULING gstpad.c:4208:gst_pad_chain_data_unchecked:<queue1:sink>[00m called chainfunction &gst_queue_chain with buffer 0x7f4910036950, returned ok
0:00:00.426538014 [334m19341[00m 0x7f4948003990 [33;01mLOG    [00m [00;01;31;41m            GST_PADS gstpad.c:5097:store_sticky_event:<souphttpsrc0:src>[00m stored sticky event custom-downstream-sticky
0:00:00.426470372 [334m19341[00m 0x7f4948003ed0 [37mDEBUG  [00m [00;01;35m      GST_SCHEDULING gstpad.c:4202:gst_pad_chain_data_unchecked:<dashdemux0:internal-audio_00>[00m calling chainfunction &0x7f495259ee20 with buffer buffer: 0x7f4910036840, pts 99:99:99.999999999, dts 99:99:99.999999999, dur 99:99:99.999999999, size 16384, offset 48044, offset_end none, flags 0x0
0:00:00.426564397 [334m19341[00m 0x7f4948003990 [37mDEBUG  [00m [00;01;31;41m            GST_PADS gstpad.c:3862:check_sticky:<souphttpsrc0:src>[00m pushing all sticky events
0:00:00.426561686 [334m19341[00m 0x7f4948003ed0 [37mDEBUG  [00m [00m       adaptivedemux gstadaptivedemux.c:2243:_src_chain:<dashdemux0:audio_00>[00m Received buffer of size 16384
0:00:00.426593404 [334m19341[00m 0x7f4948003990 [37mDEBUG  [00m [00;01;31;41m            GST_PADS gstpad.c:3794:push_sticky:<souphttpsrc0:src>[00m event stream-start was already received
0:00:00.426861606 [334m19341[00m 0x7f4948003990 [33;01mLOG    [00m [00;01;31;41m            GST_PADS gstpad.c:5261:gst_pad_push_event_unchecked:<souphttpsrc0:src>[00m sending event 0x7f492c005070 (custom-downstream-sticky) to peerpad <queue0:sink>
0:00:00.426973995 [334m19341[00m 0x7f4948003990 [33;01mLOG    [00m [00m      queue_dataflow gstqueue.c:824:gst_queue_locked_enqueue_event:<queue0>[00m (queue0:sink) signal ADD: 0 of 0-0 buffers, 0 of 0-20971520 bytes, 0 of 0-0 ns, 1 items
0:00:00.426989077 [334m19341[00m 0x7f49480038f0 [33;01mLOG    [00m [00m      queue_dataflow gstqueue.c:1500:gst_queue_loop:<queue0>[00m (queue0:src) received ADD: 0 of 0-0 buffers, 0 of 0-20971520 bytes, 0 of 0-0 ns, 1 items
0:00:00.427003331 [334m19341[00m 0x7f49480038f0 [37mDEBUG  [00m [00m      queue_dataflow gstqueue.c:1503:gst_queue_loop:<queue0>[00m queue is not empty
0:00:00.426987581 [334m19341[00m 0x7f4948003990 [37mDEBUG  [00m [00;01;31;41m            GST_PADS gstpad.c:5622:gst_pad_send_event_unchecked:<queue0:sink>[00m sent event, ret ok
0:00:00.427040753 [334m19341[00m 0x7f4948003990 [33;01mLOG    [00m [00;01;31;41m            GST_PADS gstpad.c:5097:store_sticky_event:<queue0:sink>[00m stored sticky event custom-downstream-sticky
0:00:00.427050915 [334m19341[00m 0x7f49480038f0 [33;01mLOG    [00m [00m      queue_dataflow gstqueue.c:872:gst_queue_locked_dequeue:<queue0>[00m retrieved event 0x7f492c005070 from queue
0:00:00.427092451 [334m19341[00m 0x7f49480038f0 [33;01mLOG    [00m [00;01;31;41m            GST_PADS gstpad.c:5097:store_sticky_event:<queue0:src>[00m stored sticky event custom-downstream-sticky
0:00:00.427131043 [334m19341[00m 0x7f49480038f0 [37mDEBUG  [00m [00;01;31;41m            GST_PADS gstpad.c:3862:check_sticky:<queue0:src>[00m pushing all sticky events
0:00:00.427165343 [334m19341[00m 0x7f4948003990 [33;01mLOG    [00m [00;01;31;41m            GST_PADS gstpad.c:5269:gst_pad_push_event_unchecked:<souphttpsrc0:src>[00m sent event 0x7f492c005070 (custom-downstream-sticky) to peerpad <queue0:sink>, ret ok
0:00:00.427235518 [334m19341[00m 0x7f4948003990 [37mDEBUG  [00m [00;01;31;41m            GST_PADS gstpad.c:3814:push_sticky:<souphttpsrc0:src>[00m event custom-downstream-sticky marked received
0:00:00.427228041 [334m19341[00m 0x7f49480038f0 [37mDEBUG  [00m [00;01;31;41m            GST_PADS gstpad.c:3794:push_sticky:<queue0:src>[00m event stream-start was already received
0:00:00.427255659 [334m19341[00m 0x7f49480038f0 [33;01mLOG    [00m [00;01;31;41m            GST_PADS gstpad.c:5261:gst_pad_push_event_unchecked:<queue0:src>[00m sending event 0x7f492c005070 (custom-downstream-sticky) to peerpad <src:proxypad1>
0:00:00.427208723 [334m19341[00m 0x7f4948003ed0 [37mDEBUG  [00m [00;01;35m      GST_SCHEDULING gstpad.c:4202:gst_pad_chain_data_unchecked:<queue2-0:sink>[00m calling chainfunction &gst_queue2_chain with buffer buffer: 0x7f4910036840, pts 99:99:99.999999999, dts 99:99:99.999999999, dur 99:99:99.999999999, size 16384, offset 48044, offset_end 64428, flags 0x0
0:00:00.427335795 [334m19341[00m 0x7f4948003f70 [33;01mLOG    [00m [00m       adaptivedemux gstadaptivedemux.c:2401:_uri_handler_probe:<souphttpsrc1:src>[00m Received buffer, size 13112 total 109502
0:00:00.427326064 [334m19341[00m 0x7f4948003ed0 [33;01mLOG    [00m [00m     queue2_dataflow gstqueue2.c:2816:gst_queue2_chain:<queue2-0>[00m received buffer 0x7f4910036840 of size 16384, time 99:99:99.999999999, duration 99:99:99.999999999
0:00:00.427355282 [334m19341[00m 0x7f4948003ed0 [37mDEBUG  [00m [00m              queue2 gstqueue2.c:842:apply_buffer:<queue2-0>[00m position updated to 0:00:03.882675127
0:00:00.427375688 [334m19341[00m 0x7f4948003f70 [37mDEBUG  [00m [00;01;35m      GST_SCHEDULING gstpad.c:4202:gst_pad_chain_data_unchecked:<queue1:sink>[00m calling chainfunction &gst_queue_chain with buffer buffer: 0x7f4910036a60, pts 99:99:99.999999999, dts 99:99:99.999999999, dur 99:99:99.999999999, size 13112, offset 97196, offset_end none, flags 0x0
0:00:00.427387944 [334m19341[00m 0x7f4948003ed0 [37mDEBUG  [00m [00m              queue2 gstqueue2.c:740:update_time_level:<queue2-0>[00m sink 0:00:03.882675127, src 0:00:00.000000000
0:00:00.427424031 [334m19341[00m 0x7f4948003ed0 [37mDEBUG  [00m [00m              queue2 gstqueue2.c:1199:update_in_rates:<queue2-0>[00m rates: in 0.000000, time 0:00:00.000000000
0:00:00.427365836 [334m19341[00m 0x7f49480038f0 [33;01mLOG    [00m [00;01;31;41m            GST_PADS gstpad.c:2944:gst_pad_forward:<src:proxypad1>[00m calling forward function on pad srcbin-video_00:src
0:00:00.427470296 [334m19341[00m 0x7f49480038f0 [33;01mLOG    [00m [00;01;31;41m            GST_PADS gstpad.c:2989:event_forward_func:<srcbin-video_00:src>[00m Reffing and pushing event 0x7f492c005070 (custom-downstream-sticky) to srcbin-video_00:src
0:00:00.427434764 [334m19341[00m 0x7f4948003f70 [33;01mLOG    [00m [00m      queue_dataflow gstqueue.c:1183:gst_queue_chain_buffer_or_list:<queue1>[00m received buffer 0x7f4910036a60 of size 13112, time 99:99:99.999999999, duration 99:99:99.999999999
0:00:00.427484398 [334m19341[00m 0x7f49480038f0 [33;01mLOG    [00m [00;01;31;41m            GST_PADS gstpad.c:5097:store_sticky_event:<srcbin-video_00:src>[00m stored sticky event custom-downstream-sticky
0:00:00.427516177 [334m19341[00m 0x7f49480038f0 [37mDEBUG  [00m [00;01;31;41m            GST_PADS gstpad.c:3862:check_sticky:<srcbin-video_00:src>[00m pushing all sticky events
0:00:00.427462032 [334m19341[00m 0x7f4948003ed0 [37mDEBUG  [00m [00;01;35m      GST_SCHEDULING gstpad.c:4208:gst_pad_chain_data_unchecked:<queue2-0:sink>[00m called chainfunction &gst_queue2_chain with buffer 0x7f4910036840, returned ok
0:00:00.427495921 [334m19341[00m 0x7f4948003f70 [33;01mLOG    [00m [00m               queue gstqueue.c:633:apply_buffer:<queue1>[00m sink position updated to 0:00:00.000000806
0:00:00.427599457 [334m19341[00m 0x7f4948003ed0 [33;01mLOG    [00m [00m       adaptivedemux gstadaptivedemux.c:2114:gst_adaptive_demux_stream_push_buffer:<dashdemux0:audio_00>[00m Push result: 0 ok
0:00:00.427623779 [334m19341[00m 0x7f4948003f70 [33;01mLOG    [00m [00m               queue gstqueue.c:529:update_time_level:<queue1>[00m update sink time
0:00:00.427526451 [334m19341[00m 0x7f49480038f0 [37mDEBUG  [00m [00;01;31;41m            GST_PADS gstpad.c:3794:push_sticky:<srcbin-video_00:src>[00m event stream-start was already received
0:00:00.427649652 [334m19341[00m 0x7f4948003f70 [33;01mLOG    [00m [00m               queue gstqueue.c:547:update_time_level:<queue1>[00m sink +0:00:00.000000806, src +0:00:00.000000806
0:00:00.427635495 [334m19341[00m 0x7f4948003990 [36mINFO   [00m [00;01;34m           GST_EVENT gstevent.c:889:gst_event_new_segment:[00m creating segment event bytes segment start=886, offset=0, stop=-1, rate=1.000000, applied_rate=1.000000, flags=0x01, time=886, base=0, position 886, duration 12744721
0:00:00.427610904 [334m19341[00m 0x7f4948003ed0 [37mDEBUG  [00m [00;01;35m      GST_SCHEDULING gstpad.c:4208:gst_pad_chain_data_unchecked:<dashdemux0:internal-audio_00>[00m called chainfunction &0x7f495259ee20 with buffer 0x7f4910036840, returned ok
0:00:00.427662710 [334m19341[00m 0x7f4948003f70 [37mDEBUG  [00m [00;01;35m      GST_SCHEDULING gstpad.c:4208:gst_pad_chain_data_unchecked:<queue1:sink>[00m called chainfunction &gst_queue_chain with buffer 0x7f4910036a60, returned ok
0:00:00.427702111 [334m19341[00m 0x7f4948003990 [37mDEBUG  [00m [00;01;34m           GST_EVENT gstevent.c:305:gst_event_new_custom:[00m creating new event 0x7f492c0050e0 segment 17934
0:00:00.427712819 [334m19341[00m 0x7f4948003990 [33;01mLOG    [00m [00;01;31;41m            GST_PADS gstpad.c:5097:store_sticky_event:<souphttpsrc0:src>[00m stored sticky event segment
0:00:00.427725149 [334m19341[00m 0x7f4948003990 [37mDEBUG  [00m [00;01;31;41m            GST_PADS gstpad.c:3862:check_sticky:<souphttpsrc0:src>[00m pushing all sticky events
0:00:00.427732071 [334m19341[00m 0x7f4948003990 [37mDEBUG  [00m [00;01;31;41m            GST_PADS gstpad.c:3794:push_sticky:<souphttpsrc0:src>[00m event stream-start was already received
0:00:00.427886375 [334m19341[00m 0x7f49480038f0 [33;01mLOG    [00m [00;01;31;41m            GST_PADS gstpad.c:5261:gst_pad_push_event_unchecked:<srcbin-video_00:src>[00m sending event 0x7f492c005070 (custom-downstream-sticky) to peerpad <dashdemux0:internal-video_00>
0:00:00.427903070 [334m19341[00m 0x7f4948003990 [33;01mLOG    [00m [00m       adaptivedemux gstadaptivedemux.c:2406:_uri_handler_probe:<souphttpsrc0:src>[00m Received event segment segment event: 0x7f492c0050e0, time 99:99:99.999999999, seq-num 331, GstEventSegment, segment=(GstSegment)"GstSegment, flags=(GstSegmentFlags)GST_SEGMENT_FLAG_RESET, rate=(double)1, applied-rate=(double)1, format=(GstFormat)GST_FORMAT_BYTES, base=(guint64)0, offset=(guint64)0, start=(guint64)886, stop=(guint64)18446744073709551615, time=(guint64)886, position=(guint64)886, duration=(guint64)12744721;";
0:00:00.427968221 [334m19341[00m 0x7f4948003990 [33;01mLOG    [00m [00;01;31;41m            GST_PADS gstpad.c:5261:gst_pad_push_event_unchecked:<souphttpsrc0:src>[00m sending event 0x7f492c0050e0 (segment) to peerpad <queue0:sink>
0:00:00.427997822 [334m19341[00m 0x7f4948003ed0 [33;01mLOG    [00m [00m      queue_dataflow gstqueue.c:846:gst_queue_locked_dequeue:<queue1>[00m retrieved buffer 0x7f4910036950 from queue
0:00:00.428071703 [334m19341[00m 0x7f4948003ed0 [33;01mLOG    [00m [00m               queue gstqueue.c:633:apply_buffer:<queue1>[00m src position updated to 0:00:00.000000806
0:00:00.428110754 [334m19341[00m 0x7f4948003ed0 [33;01mLOG    [00m [00m               queue gstqueue.c:538:update_time_level:<queue1>[00m update src time
0:00:00.428006002 [334m19341[00m 0x7f4948003990 [37mDEBUG  [00m [00;01;34m           GST_EVENT gstpad.c:5548:gst_pad_send_event_unchecked:<queue0:sink>[00m have event type segment event: 0x7f492c0050e0, time 99:99:99.999999999, seq-num 331, GstEventSegment, segment=(GstSegment)"GstSegment, flags=(GstSegmentFlags)GST_SEGMENT_FLAG_RESET, rate=(double)1, applied-rate=(double)1, format=(GstFormat)GST_FORMAT_BYTES, base=(guint64)0, offset=(guint64)0, start=(guint64)886, stop=(guint64)18446744073709551615, time=(guint64)886, position=(guint64)886, duration=(guint64)12744721;";
0:00:00.428150495 [334m19341[00m 0x7f49480038f0 [37mDEBUG  [00m [00;01;31;41m            GST_PADS gstpad.c:5622:gst_pad_send_event_unchecked:<dashdemux0:internal-video_00>[00m sent event, ret ok
0:00:00.428148535 [334m19341[00m 0x7f4948003990 [37mDEBUG  [00m [00m               queue gstqueue.c:578:apply_segment:<queue0>[00m configured SEGMENT time segment start=0:00:00.000000000, offset=0:00:00.000000000, stop=99:99:99.999999999, rate=1.000000, applied_rate=1.000000, flags=0x01, time=0:00:00.000000000, base=0:00:00.000000000, position 0:00:00.000000886, duration 0:00:00.012744721
0:00:00.428196978 [334m19341[00m 0x7f49480038f0 [33;01mLOG    [00m [00;01;31;41m            GST_PADS gstpad.c:5097:store_sticky_event:<dashdemux0:internal-video_00>[00m stored sticky event custom-downstream-sticky
0:00:00.428121210 [334m19341[00m 0x7f4948003ed0 [33;01mLOG    [00m [00m               queue gstqueue.c:547:update_time_level:<queue1>[00m sink +0:00:00.000000806, src +0:00:00.000000806
0:00:00.428249223 [334m19341[00m 0x7f49480038f0 [33;01mLOG    [00m [00;01;31;41m            GST_PADS gstpad.c:5269:gst_pad_push_event_unchecked:<srcbin-video_00:src>[00m sent event 0x7f492c005070 (custom-downstream-sticky) to peerpad <dashdemux0:internal-video_00>, ret ok
0:00:00.428260438 [334m19341[00m 0x7f4948003990 [33;01mLOG    [00m [00m               queue gstqueue.c:529:update_time_level:<queue0>[00m update sink time
0:00:00.428316191 [334m19341[00m 0x7f4948003990 [33;01mLOG    [00m [00m               queue gstqueue.c:538:update_time_level:<queue0>[00m update src time
0:00:00.428386532 [334m19341[00m 0x7f4948003990 [33;01mLOG    [00m [00m               queue gstqueue.c:547:update_time_level:<queue0>[00m sink +0:00:00.000000886, src +0:00:00.000000000
0:00:00.428425023 [334m19341[00m 0x7f4948003990 [33;01mLOG    [00m [00m      queue_dataflow gstqueue.c:805:gst_queue_locked_enqueue_event:<queue0>[00m Apply segment on srcpad
0:00:00.428448315 [334m19341[00m 0x7f4948003990 [37mDEBUG  [00m [00m               queue gstqueue.c:578:apply_segment:<queue0>[00m configured SEGMENT time segment start=0:00:00.000000000, offset=0:00:00.000000000, stop=99:99:99.999999999, rate=1.000000, applied_rate=1.000000, flags=0x01, time=0:00:00.000000000, base=0:00:00.000000000, position 0:00:00.000000886, duration 0:00:00.012744721
0:00:00.428461607 [334m19341[00m 0x7f4948003990 [33;01mLOG    [00m [00m               queue gstqueue.c:538:update_time_level:<queue0>[00m update src time
0:00:00.428476031 [334m19341[00m 0x7f4948003990 [33;01mLOG    [00m [00m               queue gstqueue.c:547:update_time_level:<queue0>[00m sink +0:00:00.000000886, src +0:00:00.000000886
0:00:00.428479707 [334m19341[00m 0x7f4948003ed0 [37mDEBUG  [00m [00;01;35m      GST_SCHEDULING gstpad.c:4202:gst_pad_chain_data_unchecked:<dashdemux0:internal-audio_00>[00m calling chainfunction &0x7f495259ee20 with buffer buffer: 0x7f4910036950, pts 99:99:99.999999999, dts 99:99:99.999999999, dur 99:99:99.999999999, size 32768, offset 64428, offset_end none, flags 0x0
0:00:00.428497026 [334m19341[00m 0x7f4948003ed0 [37mDEBUG  [00m [00m       adaptivedemux gstadaptivedemux.c:2243:_src_chain:<dashdemux0:audio_00>[00m Received buffer of size 32768
0:00:00.428498434 [334m19341[00m 0x7f4948003990 [37mDEBUG  [00m [00;01;31;41m            GST_PADS gstpad.c:5622:gst_pad_send_event_unchecked:<queue0:sink>[00m sent event, ret ok
0:00:00.428523518 [334m19341[00m 0x7f49480038f0 [37mDEBUG  [00m [00;01;31;41m            GST_PADS gstpad.c:3814:push_sticky:<srcbin-video_00:src>[00m event custom-downstream-sticky marked received
0:00:00.428537776 [334m19341[00m 0x7f4948003990 [33;01mLOG    [00m [00;01;31;41m            GST_PADS gstpad.c:5097:store_sticky_event:<queue0:sink>[00m stored sticky event segment
0:00:00.428576710 [334m19341[00m 0x7f49480038f0 [37mDEBUG  [00m [00;01;31;41m            GST_PADS gstpad.c:5622:gst_pad_send_event_unchecked:<src:proxypad1>[00m sent event, ret ok
0:00:00.428585366 [334m19341[00m 0x7f4948003990 [33;01mLOG    [00m [00;01;31;41m            GST_PADS gstpad.c:5269:gst_pad_push_event_unchecked:<souphttpsrc0:src>[00m sent event 0x7f492c0050e0 (segment) to peerpad <queue0:sink>, ret ok
0:00:00.428608453 [334m19341[00m 0x7f49480038f0 [33;01mLOG    [00m [00;01;31;41m            GST_PADS gstpad.c:5097:store_sticky_event:<src:proxypad1>[00m stored sticky event custom-downstream-sticky
0:00:00.428633649 [334m19341[00m 0x7f49480038f0 [33;01mLOG    [00m [00;01;31;41m            GST_PADS gstpad.c:5269:gst_pad_push_event_unchecked:<queue0:src>[00m sent event 0x7f492c005070 (custom-downstream-sticky) to peerpad <src:proxypad1>, ret ok
0:00:00.428646532 [334m19341[00m 0x7f49480038f0 [37mDEBUG  [00m [00;01;31;41m            GST_PADS gstpad.c:3814:push_sticky:<queue0:src>[00m event custom-downstream-sticky marked received
0:00:00.428720783 [334m19341[00m 0x7f4948003990 [37mDEBUG  [00m [00;01;31;41m            GST_PADS gstpad.c:3814:push_sticky:<souphttpsrc0:src>[00m event segment marked received
0:00:00.428748968 [334m19341[00m 0x7f4948003990 [37mDEBUG  [00m [00;01;31;41m            GST_PADS gstpad.c:3794:push_sticky:<souphttpsrc0:src>[00m event custom-downstream-sticky was already received
0:00:00.428670030 [334m19341[00m 0x7f49480038f0 [33;01mLOG    [00m [00m      queue_dataflow gstqueue.c:872:gst_queue_locked_dequeue:<queue0>[00m retrieved event 0x7f492c0050e0 from queue
0:00:00.428821810 [334m19341[00m 0x7f49480038f0 [33;01mLOG    [00m [00;01;31;41m            GST_PADS gstpad.c:5097:store_sticky_event:<queue0:src>[00m stored sticky event segment
0:00:00.428947680 [334m19341[00m 0x7f49480038f0 [37mDEBUG  [00m [00;01;31;41m            GST_PADS gstpad.c:3862:check_sticky:<queue0:src>[00m pushing all sticky events
0:00:00.429019660 [334m19341[00m 0x7f4948003990 [37mDEBUG  [00m [00m       adaptivedemux gstadaptivedemux.c:2396:_uri_handler_probe:<souphttpsrc0:src>[00m FIRST BYTE since download_start 0:00:00.037962468
0:00:00.429006598 [334m19341[00m 0x7f49480038f0 [37mDEBUG  [00m [00;01;31;41m            GST_PADS gstpad.c:3794:push_sticky:<queue0:src>[00m event stream-start was already received
0:00:00.429058506 [334m19341[00m 0x7f4948003990 [33;01mLOG    [00m [00m       adaptivedemux gstadaptivedemux.c:2401:_uri_handler_probe:<souphttpsrc0:src>[00m Received buffer, size 3795 total 3795
0:00:00.429080273 [334m19341[00m 0x7f4948003990 [37mDEBUG  [00m [00;01;35m      GST_SCHEDULING gstpad.c:4202:gst_pad_chain_data_unchecked:<queue0:sink>[00m calling chainfunction &gst_queue_chain with buffer buffer: 0x7f492c0110a0, pts 99:99:99.999999999, dts 99:99:99.999999999, dur 99:99:99.999999999, size 3795, offset 886, offset_end none, flags 0x40
0:00:00.429154970 [334m19341[00m 0x7f4948003990 [33;01mLOG    [00m [00m      queue_dataflow gstqueue.c:1183:gst_queue_chain_buffer_or_list:<queue0>[00m received buffer 0x7f492c0110a0 of size 3795, time 99:99:99.999999999, duration 99:99:99.999999999
0:00:00.429150619 [334m19341[00m 0x7f49480038f0 [33;01mLOG    [00m [00;01;31;41m            GST_PADS gstpad.c:5261:gst_pad_push_event_unchecked:<queue0:src>[00m sending event 0x7f492c0050e0 (segment) to peerpad <src:proxypad1>
0:00:00.429171501 [334m19341[00m 0x7f4948003ed0 [37mDEBUG  [00m [00;01;35m      GST_SCHEDULING gstpad.c:4202:gst_pad_chain_data_unchecked:<queue2-0:sink>[00m calling chainfunction &gst_queue2_chain with buffer buffer: 0x7f492c011c50, pts 99:99:99.999999999, dts 99:99:99.999999999, dur 99:99:99.999999999, size 17907, offset 64428, offset_end 82335, flags 0x4000
0:00:00.429194139 [334m19341[00m 0x7f49480038f0 [37mDEBUG  [00m [00;01;34m           GST_EVENT gstpad.c:5548:gst_pad_send_event_unchecked:<src:proxypad1>[00m have event type segment event: 0x7f492c0050e0, time 99:99:99.999999999, seq-num 331, GstEventSegment, segment=(GstSegment)"GstSegment, flags=(GstSegmentFlags)GST_SEGMENT_FLAG_RESET, rate=(double)1, applied-rate=(double)1, format=(GstFormat)GST_FORMAT_BYTES, base=(guint64)0, offset=(guint64)0, start=(guint64)886, stop=(guint64)18446744073709551615, time=(guint64)886, position=(guint64)886, duration=(guint64)12744721;";
0:00:00.429185280 [334m19341[00m 0x7f4948003990 [33;01mLOG    [00m [00m               queue gstqueue.c:633:apply_buffer:<queue0>[00m sink position updated to 0:00:00.000000886
0:00:00.429205956 [334m19341[00m 0x7f4948003ed0 [33;01mLOG    [00m [00m     queue2_dataflow gstqueue2.c:2816:gst_queue2_chain:<queue2-0>[00m received buffer 0x7f492c011c50 of size 17907, time 99:99:99.999999999, duration 99:99:99.999999999
0:00:00.429234870 [334m19341[00m 0x7f4948003ed0 [37mDEBUG  [00m [00m              queue2 gstqueue2.c:842:apply_buffer:<queue2-0>[00m position updated to 0:00:04.975489932
0:00:00.429245268 [334m19341[00m 0x7f4948003990 [33;01mLOG    [00m [00m               queue gstqueue.c:529:update_time_level:<queue0>[00m update sink time
0:00:00.429272561 [334m19341[00m 0x7f4948003990 [33;01mLOG    [00m [00m               queue gstqueue.c:547:update_time_level:<queue0>[00m sink +0:00:00.000000886, src +0:00:00.000000886
0:00:00.429276863 [334m19341[00m 0x7f4948003ed0 [37mDEBUG  [00m [00m              queue2 gstqueue2.c:740:update_time_level:<queue2-0>[00m sink 0:00:04.975489932, src 0:00:00.000000000
0:00:00.429331585 [334m19341[00m 0x7f4948003ed0 [37mDEBUG  [00m [00m              queue2 gstqueue2.c:1199:update_in_rates:<queue2-0>[00m rates: in 0.000000, time 0:00:00.000000000
0:00:00.429287366 [334m19341[00m 0x7f4948003990 [37mDEBUG  [00m [00;01;35m      GST_SCHEDULING gstpad.c:4208:gst_pad_chain_data_unchecked:<queue0:sink>[00m called chainfunction &gst_queue_chain with buffer 0x7f492c0110a0, returned ok
0:00:00.429357344 [334m19341[00m 0x7f49480038f0 [33;01mLOG    [00m [00;01;31;41m            GST_PADS gstpad.c:2944:gst_pad_forward:<src:proxypad1>[00m calling forward function on pad srcbin-video_00:src
0:00:00.429382815 [334m19341[00m 0x7f4948003ed0 [37mDEBUG  [00m [00;01;35m      GST_SCHEDULING gstpad.c:4208:gst_pad_chain_data_unchecked:<queue2-0:sink>[00m called chainfunction &gst_queue2_chain with buffer 0x7f492c011c50, returned ok
0:00:00.429369148 [334m19341[00m 0x7f49480038f0 [33;01mLOG    [00m [00;01;31;41m            GST_PADS gstpad.c:2989:event_forward_func:<srcbin-video_00:src>[00m Reffing and pushing event 0x7f492c0050e0 (segment) to srcbin-video_00:src
0:00:00.429408122 [334m19341[00m 0x7f49480038f0 [33;01mLOG    [00m [00;01;31;41m            GST_PADS gstpad.c:5097:store_sticky_event:<srcbin-video_00:src>[00m stored sticky event segment
0:00:00.429464251 [334m19341[00m 0x7f49480038f0 [37mDEBUG  [00m [00;01;31;41m            GST_PADS gstpad.c:3862:check_sticky:<srcbin-video_00:src>[00m pushing all sticky events
0:00:00.429446963 [334m19341[00m 0x7f4948003ed0 [33;01mLOG    [00m [00m       adaptivedemux gstadaptivedemux.c:2114:gst_adaptive_demux_stream_push_buffer:<dashdemux0:audio_00>[00m Push result: 0 ok
0:00:00.429474667 [334m19341[00m 0x7f49480038f0 [37mDEBUG  [00m [00;01;31;41m            GST_PADS gstpad.c:3794:push_sticky:<srcbin-video_00:src>[00m event stream-start was already received
0:00:00.429821008 [334m19341[00m 0x7f49480038f0 [33;01mLOG    [00m [00;01;31;41m            GST_PADS gstpad.c:5261:gst_pad_push_event_unchecked:<srcbin-video_00:src>[00m sending event 0x7f492c0050e0 (segment) to peerpad <dashdemux0:internal-video_00>
0:00:00.429867559 [334m19341[00m 0x7f49480038f0 [37mDEBUG  [00m [00;01;34m           GST_EVENT gstpad.c:5548:gst_pad_send_event_unchecked:<dashdemux0:internal-video_00>[00m have event type segment event: 0x7f492c0050e0, time 99:99:99.999999999, seq-num 331, GstEventSegment, segment=(GstSegment)"GstSegment, flags=(GstSegmentFlags)GST_SEGMENT_FLAG_RESET, rate=(double)1, applied-rate=(double)1, format=(GstFormat)GST_FORMAT_BYTES, base=(guint64)0, offset=(guint64)0, start=(guint64)886, stop=(guint64)18446744073709551615, time=(guint64)886, position=(guint64)886, duration=(guint64)12744721;";
0:00:00.429907322 [334m19341[00m 0x7f49480038f0 [37mDEBUG  [00m [00;01;31;41m            GST_PADS gstpad.c:5622:gst_pad_send_event_unchecked:<dashdemux0:internal-video_00>[00m sent event, ret ok
0:00:00.429916904 [334m19341[00m 0x7f49480038f0 [33;01mLOG    [00m [00;01;31;41m            GST_PADS gstpad.c:5097:store_sticky_event:<dashdemux0:internal-video_00>[00m stored sticky event segment
0:00:00.429927381 [334m19341[00m 0x7f49480038f0 [33;01mLOG    [00m [00;01;31;41m            GST_PADS gstpad.c:5269:gst_pad_push_event_unchecked:<srcbin-video_00:src>[00m sent event 0x7f492c0050e0 (segment) to peerpad <dashdemux0:internal-video_00>, ret ok
0:00:00.430172748 [334m19341[00m 0x7f4948003ed0 [37mDEBUG  [00m [00m           dashdemux gstdashdemux.c:1477:gst_dash_demux_stream_advance_fragment:<dashdemux0:audio_00>[00m Advance fragment
0:00:00.430220433 [334m19341[00m 0x7f4948003ed0 [37mDEBUG  [00m [00m           dashdemux gstdashdemux.c:1418:gst_dash_demux_stream_advance_subfragment:<dashdemux0:audio_00>[00m New sidx index: 1 / 14. Finished fragment: 0
0:00:00.430158278 [334m19341[00m 0x7f49480038f0 [37mDEBUG  [00m [00;01;31;41m            GST_PADS gstpad.c:3814:push_sticky:<srcbin-video_00:src>[00m event segment marked received
0:00:00.430298776 [334m19341[00m 0x7f49480038f0 [37mDEBUG  [00m [00;01;31;41m            GST_PADS gstpad.c:3794:push_sticky:<srcbin-video_00:src>[00m event custom-downstream-sticky was already received
0:00:00.430361354 [334m19341[00m 0x7f49480038f0 [37mDEBUG  [00m [00;01;31;41m            GST_PADS gstpad.c:5622:gst_pad_send_event_unchecked:<src:proxypad1>[00m sent event, ret ok
0:00:00.430477433 [334m19341[00m 0x7f4948003ed0 [37mDEBUG  [00m [00m       adaptivedemux gstadaptivedemux.c:1913:gst_adaptive_demux_stream_update_current_bitrate:<dashdemux0>[00m Download bitrate is : 43884 bps
0:00:00.430492681 [334m19341[00m 0x7f49480038f0 [33;01mLOG    [00m [00;01;31;41m            GST_PADS gstpad.c:5097:store_sticky_event:<src:proxypad1>[00m stored sticky event segment
0:00:00.430559006 [334m19341[00m 0x7f4948003ed0 [36mINFO   [00m [00m       adaptivedemux gstadaptivedemux.c:1918:gst_adaptive_demux_stream_update_current_bitrate:0x7f494c01b810[00m last fragment bitrate was 43884
0:00:00.430591032 [334m19341[00m 0x7f49480038f0 [33;01mLOG    [00m [00;01;31;41m            GST_PADS gstpad.c:5269:gst_pad_push_event_unchecked:<queue0:src>[00m sent event 0x7f492c0050e0 (segment) to peerpad <src:proxypad1>, ret ok
0:00:00.430598267 [334m19341[00m 0x7f4948003990 [33;01mLOG    [00m [00m       adaptivedemux gstadaptivedemux.c:2401:_uri_handler_probe:<souphttpsrc0:src>[00m Received buffer, size 4096 total 7891
0:00:00.430636300 [334m19341[00m 0x7f49480038f0 [37mDEBUG  [00m [00;01;31;41m            GST_PADS gstpad.c:3814:push_sticky:<queue0:src>[00m event segment marked received
0:00:00.430663499 [334m19341[00m 0x7f49480038f0 [37mDEBUG  [00m [00;01;31;41m            GST_PADS gstpad.c:3794:push_sticky:<queue0:src>[00m event custom-downstream-sticky was already received
0:00:00.430617726 [334m19341[00m 0x7f4948003ed0 [36mINFO   [00m [00m       adaptivedemux gstadaptivedemux.c:1921:gst_adaptive_demux_stream_update_current_bitrate:0x7f494c01b810[00m Last 3 fragments average bitrate is 43884
0:00:00.430721893 [334m19341[00m 0x7f49480038f0 [33;01mLOG    [00m [00m      queue_dataflow gstqueue.c:846:gst_queue_locked_dequeue:<queue0>[00m retrieved buffer 0x7f492c0110a0 from queue
0:00:00.430732500 [334m19341[00m 0x7f4948003990 [37mDEBUG  [00m [00;01;35m      GST_SCHEDULING gstpad.c:4202:gst_pad_chain_data_unchecked:<queue0:sink>[00m calling chainfunction &gst_queue_chain with buffer buffer: 0x7f492c0111b0, pts 99:99:99.999999999, dts 99:99:99.999999999, dur 99:99:99.999999999, size 4096, offset 4681, offset_end none, flags 0x0
0:00:00.430750814 [334m19341[00m 0x7f49480038f0 [33;01mLOG    [00m [00m               queue gstqueue.c:633:apply_buffer:<queue0>[00m src position updated to 0:00:00.000000886
0:00:00.430787531 [334m19341[00m 0x7f49480038f0 [33;01mLOG    [00m [00m               queue gstqueue.c:538:update_time_level:<queue0>[00m update src time
0:00:00.430785550 [334m19341[00m 0x7f4948003ed0 [37mDEBUG  [00m [00m       adaptivedemux gstadaptivedemux.c:1929:gst_adaptive_demux_stream_update_current_bitrate:<dashdemux0>[00m Bitrate after bitrate limit (0.80): 280856
0:00:00.430823932 [334m19341[00m 0x7f4948003ed0 [37mDEBUG  [00m [00m           dashdemux gstdashdemux.c:1541:gst_dash_demux_stream_select_bitrate:<dashdemux0:audio_00>[00m Trying to change to bitrate: 35107
0:00:00.430834086 [334m19341[00m 0x7f49480038f0 [33;01mLOG    [00m [00m               queue gstqueue.c:547:update_time_level:<queue0>[00m sink +0:00:00.000000886, src +0:00:00.000000886
0:00:00.430857153 [334m19341[00m 0x7f4948003ed0 [37mDEBUG  [00m [00m           dashdemux gstmpdparser.c:2502:gst_mpdparser_get_rep_idx_with_max_bandwidth:[00m max_bandwidth = 35107
0:00:00.430879548 [334m19341[00m 0x7f4948003990 [33;01mLOG    [00m [00m      queue_dataflow gstqueue.c:1183:gst_queue_chain_buffer_or_list:<queue0>[00m received buffer 0x7f492c0111b0 of size 4096, time 99:99:99.999999999, duration 99:99:99.999999999
0:00:00.430914087 [334m19341[00m 0x7f4948003990 [33;01mLOG    [00m [00m               queue gstqueue.c:633:apply_buffer:<queue0>[00m sink position updated to 0:00:00.000000886
0:00:00.430939770 [334m19341[00m 0x7f4948003990 [33;01mLOG    [00m [00m               queue gstqueue.c:529:update_time_level:<queue0>[00m update sink time
0:00:00.430950251 [334m19341[00m 0x7f4948003990 [33;01mLOG    [00m [00m               queue gstqueue.c:547:update_time_level:<queue0>[00m sink +0:00:00.000000886, src +0:00:00.000000886
0:00:00.431005210 [334m19341[00m 0x7f4948003990 [37mDEBUG  [00m [00;01;35m      GST_SCHEDULING gstpad.c:4208:gst_pad_chain_data_unchecked:<queue0:sink>[00m called chainfunction &gst_queue_chain with buffer 0x7f492c0111b0, returned ok
0:00:00.431251196 [334m19341[00m 0x7f49480038f0 [37mDEBUG  [00m [00;01;35m      GST_SCHEDULING gstpad.c:4202:gst_pad_chain_data_unchecked:<dashdemux0:internal-video_00>[00m calling chainfunction &0x7f495259ee20 with buffer buffer: 0x7f492c0110a0, pts 99:99:99.999999999, dts 99:99:99.999999999, dur 99:99:99.999999999, size 3795, offset 886, offset_end none, flags 0x40
0:00:00.431545520 [334m19341[00m 0x7f49480038f0 [37mDEBUG  [00m [00;01;31;41m            GST_PADS gstpad.c:3931:gst_pad_query:<souphttpsrc0:src>[00m doing query 0x7f4934007370 (duration)
0:00:00.431666086 [334m19341[00m 0x7f4934007540 [33;01mLOG    [00m [00;01;34m           GST_EVENT gstevent.c:222:_gst_event_free:[00m freeing event 0x7f490c003e50 type stream-start
0:00:00.431682684 [334m19341[00m 0x7f4948003ed0 [37mDEBUG  [00m [00;01;35m      GST_SCHEDULING gstpad.c:4202:gst_pad_chain_data_unchecked:<queue2-0:sink>[00m calling chainfunction &gst_queue2_chain with buffer buffer: 0x7f492c011d60, pts 99:99:99.999999999, dts 99:99:99.999999999, dur 99:99:99.999999999, size 14861, offset 82335, offset_end 97196, flags 0x4000
0:00:00.431774031 [334m19341[00m 0x7f4948003ed0 [33;01mLOG    [00m [00m     queue2_dataflow gstqueue2.c:2816:gst_queue2_chain:<queue2-0>[00m received buffer 0x7f492c011d60 of size 14861, time 99:99:99.999999999, duration 99:99:99.999999999
0:00:00.431824049 [334m19341[00m 0x7f4948003ed0 [37mDEBUG  [00m [00m     queue2_dataflow gstqueue2.c:1823:gst_queue2_wait_free_space:<queue2-0>[00m queue is full, waiting for free space
0:00:00.431846671 [334m19341[00m 0x7f4934007540 [37mDEBUG  [00m [00;01;31;41m            GST_PADS gstghostpad.c:842:gst_ghost_pad_set_target:<'':parsepad3>[00m clearing target
0:00:00.431834446 [334m19341[00m 0x7f4948003ed0 [33;01mLOG    [00m [00m     queue2_dataflow gstqueue2.c:1826:gst_queue2_wait_free_space:<queue2-0>[00m (queue2-0:sink) wait for DEL: 10 of 0 buffers, 81729 of 2097152 bytes, 4975489932 of 4000000000 ns, 11 items
0:00:00.431941625 [334m19341[00m 0x7f49480038f0 [37mDEBUG  [00m [00;01;31;41m            GST_PADS gstpad.c:3954:gst_pad_query:<souphttpsrc0:src>[00m sent query 0x7f4934007370 (duration), result 1
0:00:00.431964807 [334m19341[00m 0x7f4948003990 [33;01mLOG    [00m [00m       adaptivedemux gstadaptivedemux.c:2401:_uri_handler_probe:<souphttpsrc0:src>[00m Received buffer, size 8192 total 16083
0:00:00.432043085 [334m19341[00m 0x7f49480038f0 [33;01mLOG    [00m [00m       adaptivedemux gstadaptivedemux.c:2229:_src_chain:<dashdemux0>[00m Fragment has size 12744721 duration 0:01:08.028000000 = bitrate 1498761
0:00:00.432071231 [334m19341[00m 0x7f4948003990 [37mDEBUG  [00m [00;01;35m      GST_SCHEDULING gstpad.c:4202:gst_pad_chain_data_unchecked:<queue0:sink>[00m calling chainfunction &gst_queue_chain with buffer buffer: 0x7f492c0112c0, pts 99:99:99.999999999, dts 99:99:99.999999999, dur 99:99:99.999999999, size 8192, offset 8777, offset_end none, flags 0x0
0:00:00.432099644 [334m19341[00m 0x7f4948003990 [33;01mLOG    [00m [00m      queue_dataflow gstqueue.c:1183:gst_queue_chain_buffer_or_list:<queue0>[00m received buffer 0x7f492c0112c0 of size 8192, time 99:99:99.999999999, duration 99:99:99.999999999
0:00:00.432092491 [334m19341[00m 0x7f49480038f0 [37mDEBUG  [00m [00m       adaptivedemux gstadaptivedemux.c:2243:_src_chain:<dashdemux0:video_00>[00m Received buffer of size 3795
0:00:00.432134796 [334m19341[00m 0x7f4948003990 [33;01mLOG    [00m [00m               queue gstqueue.c:633:apply_buffer:<queue0>[00m sink position updated to 0:00:00.000000886
0:00:00.432159059 [334m19341[00m 0x7f4948003990 [33;01mLOG    [00m [00m               queue gstqueue.c:529:update_time_level:<queue0>[00m update sink time
0:00:00.432214931 [334m19341[00m 0x7f4948003990 [33;01mLOG    [00m [00m               queue gstqueue.c:547:update_time_level:<queue0>[00m sink +0:00:00.000000886, src +0:00:00.000000886
0:00:00.432262157 [334m19341[00m 0x7f4948003990 [37mDEBUG  [00m [00;01;35m      GST_SCHEDULING gstpad.c:4208:gst_pad_chain_data_unchecked:<queue0:sink>[00m called chainfunction &gst_queue_chain with buffer 0x7f492c0112c0, returned ok
0:00:00.432661761 [334m19341[00m 0x7f49480038f0 [33;01mLOG    [00m [00m           dashdemux gstdashdemux.c:2162:gst_dash_demux_parse_isobmff:<dashdemux0:video_00>[00m box moof at offset 886 size 1044
0:00:00.432687582 [334m19341[00m 0x7f49480038f0 [33;01mLOG    [00m [00m           dashdemux gstdashdemux.c:2240:gst_dash_demux_parse_isobmff:<dashdemux0:video_00>[00m box mdat at offset 1922 size 1026699
0:00:00.433008891 [334m19341[00m 0x7f4948003990 [33;01mLOG    [00m [00m       adaptivedemux gstadaptivedemux.c:2401:_uri_handler_probe:<souphttpsrc0:src>[00m Received buffer, size 16384 total 32467
0:00:00.433037226 [334m19341[00m 0x7f4948003990 [37mDEBUG  [00m [00;01;35m      GST_SCHEDULING gstpad.c:4202:gst_pad_chain_data_unchecked:<queue0:sink>[00m calling chainfunction &gst_queue_chain with buffer buffer: 0x7f492c0113d0, pts 99:99:99.999999999, dts 99:99:99.999999999, dur 99:99:99.999999999, size 16384, offset 16969, offset_end none, flags 0x0
0:00:00.433048332 [334m19341[00m 0x7f49480038f0 [37mDEBUG  [00m [00;01;34m           GST_EVENT gstevent.c:305:gst_event_new_custom:[00m creating new event 0x7f4934007880 tag 20510
0:00:00.433055643 [334m19341[00m 0x7f4948003990 [33;01mLOG    [00m [00m      queue_dataflow gstqueue.c:1183:gst_queue_chain_buffer_or_list:<queue0>[00m received buffer 0x7f492c0113d0 of size 16384, time 99:99:99.999999999, duration 99:99:99.999999999
0:00:00.433078855 [334m19341[00m 0x7f4948003990 [33;01mLOG    [00m [00m               queue gstqueue.c:633:apply_buffer:<queue0>[00m sink position updated to 0:00:00.000000886
0:00:00.433063084 [334m19341[00m 0x7f49480038f0 [37mDEBUG  [00m [00m       adaptivedemux gstadaptivedemux.c:2088:gst_adaptive_demux_stream_push_buffer:<dashdemux0:video_00>[00m Sending pending tags: tag event: 0x7f4934007880, time 99:99:99.999999999, seq-num 390, GstTagList-stream, taglist=(taglist)"taglist\,\ nominal-bitrate\=\(uint\)1498761\;";
0:00:00.433108186 [334m19341[00m 0x7f4948003990 [33;01mLOG    [00m [00m               queue gstqueue.c:529:update_time_level:<queue0>[00m update sink time
0:00:00.433111538 [334m19341[00m 0x7f49480038f0 [33;01mLOG    [00m [00;01;31;41m            GST_PADS gstpad.c:5097:store_sticky_event:<dashdemux0:video_00>[00m stored sticky event tag
0:00:00.433166250 [334m19341[00m 0x7f49480038f0 [37mDEBUG  [00m [00;01;31;41m            GST_PADS gstpad.c:3862:check_sticky:<dashdemux0:video_00>[00m pushing all sticky events
0:00:00.433213706 [334m19341[00m 0x7f49480038f0 [37mDEBUG  [00m [00;01;31;41m            GST_PADS gstpad.c:3794:push_sticky:<dashdemux0:video_00>[00m event stream-start was already received
0:00:00.433181366 [334m19341[00m 0x7f4948003990 [33;01mLOG    [00m [00m               queue gstqueue.c:547:update_time_level:<queue0>[00m sink +0:00:00.000000886, src +0:00:00.000000886
0:00:00.433227535 [334m19341[00m 0x7f49480038f0 [37mDEBUG  [00m [00;01;31;41m            GST_PADS gstpad.c:3794:push_sticky:<dashdemux0:video_00>[00m event caps was already received
0:00:00.433248114 [334m19341[00m 0x7f49480038f0 [37mDEBUG  [00m [00;01;31;41m            GST_PADS gstpad.c:3794:push_sticky:<dashdemux0:video_00>[00m event segment was already received
0:00:00.433259307 [334m19341[00m 0x7f4948003990 [37mDEBUG  [00m [00;01;35m      GST_SCHEDULING gstpad.c:4208:gst_pad_chain_data_unchecked:<queue0:sink>[00m called chainfunction &gst_queue_chain with buffer 0x7f492c0113d0, returned ok
0:00:00.433471534 [334m19341[00m 0x7f49480038f0 [33;01mLOG    [00m [00;01;31;41m            GST_PADS gstpad.c:5261:gst_pad_push_event_unchecked:<dashdemux0:video_00>[00m sending event 0x7f4934007880 (tag) to peerpad <queue2-1:sink>
0:00:00.433517819 [334m19341[00m 0x7f49480038f0 [37mDEBUG  [00m [00;01;34m           GST_EVENT gstpad.c:5548:gst_pad_send_event_unchecked:<queue2-1:sink>[00m have event type tag event: 0x7f4934007880, time 99:99:99.999999999, seq-num 390, GstTagList-stream, taglist=(taglist)"taglist\,\ nominal-bitrate\=\(uint\)1498761\;";
0:00:00.433549628 [334m19341[00m 0x7f49480038f0 [33;01mLOG    [00m [00m              queue2 gstqueue2.c:2550:gst_queue2_handle_sink_event:<queue2-1>[00m Sink pad bitrate from tags now 1498761
0:00:00.433575894 [334m19341[00m 0x7f49480038f0 [37mDEBUG  [00m [00;01;31;41m            GST_PADS gstpad.c:5622:gst_pad_send_event_unchecked:<queue2-1:sink>[00m sent event, ret ok
0:00:00.433588439 [334m19341[00m 0x7f49480038f0 [33;01mLOG    [00m [00;01;31;41m            GST_PADS gstpad.c:5097:store_sticky_event:<queue2-1:sink>[00m stored sticky event tag
0:00:00.433615496 [334m19341[00m 0x7f49480038f0 [33;01mLOG    [00m [00;01;31;41m            GST_PADS gstpad.c:5269:gst_pad_push_event_unchecked:<dashdemux0:video_00>[00m sent event 0x7f4934007880 (tag) to peerpad <queue2-1:sink>, ret ok
0:00:00.433769295 [334m19341[00m 0x7f49480038f0 [37mDEBUG  [00m [00;01;31;41m            GST_PADS gstpad.c:3814:push_sticky:<dashdemux0:video_00>[00m event tag marked received
0:00:00.433895156 [334m19341[00m 0x7f4948003990 [33;01mLOG    [00m [00m       adaptivedemux gstadaptivedemux.c:2401:_uri_handler_probe:<souphttpsrc0:src>[00m Received buffer, size 288 total 32755
0:00:00.433944843 [334m19341[00m 0x7f4948003990 [37mDEBUG  [00m [00;01;35m      GST_SCHEDULING gstpad.c:4202:gst_pad_chain_data_unchecked:<queue0:sink>[00m calling chainfunction &gst_queue_chain with buffer buffer: 0x7f492005a290, pts 99:99:99.999999999, dts 99:99:99.999999999, dur 99:99:99.999999999, size 288, offset 33353, offset_end none, flags 0x0
0:00:00.433975424 [334m19341[00m 0x7f4948003990 [33;01mLOG    [00m [00m      queue_dataflow gstqueue.c:1183:gst_queue_chain_buffer_or_list:<queue0>[00m received buffer 0x7f492005a290 of size 288, time 99:99:99.999999999, duration 99:99:99.999999999
0:00:00.433954470 [334m19341[00m 0x7f49480038f0 [37mDEBUG  [00m [00;01;35m      GST_SCHEDULING gstpad.c:4202:gst_pad_chain_data_unchecked:<queue2-1:sink>[00m calling chainfunction &gst_queue2_chain with buffer buffer: 0x7f492c0110a0, pts 99:99:99.999999999, dts 99:99:99.999999999, dur 99:99:99.999999999, size 1044, offset 886, offset_end 1930, flags 0x4000
0:00:00.433996423 [334m19341[00m 0x7f4948003990 [33;01mLOG    [00m [00m               queue gstqueue.c:633:apply_buffer:<queue0>[00m sink position updated to 0:00:00.000000886
0:00:00.433995205 [334m19341[00m 0x7f49480038f0 [33;01mLOG    [00m [00m     queue2_dataflow gstqueue2.c:2816:gst_queue2_chain:<queue2-1>[00m received buffer 0x7f492c0110a0 of size 1044, time 99:99:99.999999999, duration 99:99:99.999999999
0:00:00.434033445 [334m19341[00m 0x7f4948003990 [33;01mLOG    [00m [00m               queue gstqueue.c:529:update_time_level:<queue0>[00m update sink time
0:00:00.434011592 [334m19341[00m 0x7f49480038f0 [37mDEBUG  [00m [00m              queue2 gstqueue2.c:842:apply_buffer:<queue2-1>[00m position updated to 0:00:00.005572602
0:00:00.434060188 [334m19341[00m 0x7f4948003990 [33;01mLOG    [00m [00m               queue gstqueue.c:547:update_time_level:<queue0>[00m sink +0:00:00.000000886, src +0:00:00.000000886
0:00:00.434118765 [334m19341[00m 0x7f49480038f0 [37mDEBUG  [00m [00m              queue2 gstqueue2.c:740:update_time_level:<queue2-1>[00m sink 0:00:00.005572602, src 0:00:00.000000000
0:00:00.434152514 [334m19341[00m 0x7f4948003990 [37mDEBUG  [00m [00;01;35m      GST_SCHEDULING gstpad.c:4208:gst_pad_chain_data_unchecked:<queue0:sink>[00m called chainfunction &gst_queue_chain with buffer 0x7f492005a290, returned ok
0:00:00.434139454 [334m19341[00m 0x7f49480038f0 [37mDEBUG  [00m [00m              queue2 gstqueue2.c:1199:update_in_rates:<queue2-1>[00m rates: in 0.000000, time 0:00:00.000000000
0:00:00.434187116 [334m19341[00m 0x7f49480038f0 [37mDEBUG  [00m [00;01;35m      GST_SCHEDULING gstpad.c:4208:gst_pad_chain_data_unchecked:<queue2-1:sink>[00m called chainfunction &gst_queue2_chain with buffer 0x7f492c0110a0, returned ok
0:00:00.434204646 [334m19341[00m 0x7f4934007540 [37mDEBUG  [00m [00;01;31;41m            GST_PADS gstpad.c:1849:gst_pad_set_event_function_full:<'':sink>[00m eventfunc for set to gst_base_parse_sink_event
0:00:00.434223421 [334m19341[00m 0x7f4934007540 [37mDEBUG  [00m [00;01;31;41m            GST_PADS gstpad.c:1929:gst_pad_set_query_function_full:<'':sink>[00m queryfunc set to gst_base_parse_sink_query
0:00:00.434238536 [334m19341[00m 0x7f4934007540 [37mDEBUG  [00m [00;01;31;41m            GST_PADS gstpad.c:1743:gst_pad_set_chain_function_full:<'':sink>[00m chainfunc set to gst_base_parse_chain
0:00:00.434286489 [334m19341[00m 0x7f4934007540 [37mDEBUG  [00m [00;01;31;41m            GST_PADS gstpad.c:1673:gst_pad_set_activate_function_full:<'':sink>[00m activatefunc set to gst_base_parse_sink_activate
0:00:00.434300974 [334m19341[00m 0x7f49480038f0 [33;01mLOG    [00m [00m       adaptivedemux gstadaptivedemux.c:2114:gst_adaptive_demux_stream_push_buffer:<dashdemux0:video_00>[00m Push result: 0 ok
0:00:00.434312636 [334m19341[00m 0x7f49480038f0 [32;01mFIXME  [00m [00m           dashdemux gstdashdemux.c:2417:gst_dash_demux_find_sync_samples:<dashdemux0:video_00>[00m Sample flags given by trex - can't download only keyframes
0:00:00.434314269 [334m19341[00m 0x7f4934007540 [37mDEBUG  [00m [00;01;31;41m            GST_PADS gstpad.c:1708:gst_pad_set_activatemode_function_full:<'':sink>[00m activatemodefunc set to gst_base_parse_sink_activate_mode
0:00:00.434450838 [334m19341[00m 0x7f4934007540 [37mDEBUG  [00m [00;01;31;41m            GST_PADS gstpad.c:1849:gst_pad_set_event_function_full:<'':src>[00m eventfunc for set to gst_base_parse_src_event
0:00:00.434483334 [334m19341[00m 0x7f4934007540 [37mDEBUG  [00m [00;01;31;41m            GST_PADS gstpad.c:1929:gst_pad_set_query_function_full:<'':src>[00m queryfunc set to gst_base_parse_src_query
0:00:00.434541033 [334m19341[00m 0x7f4930006e80 [33;01mLOG    [00m [00;01;34m           GST_EVENT gstevent.c:222:_gst_event_free:[00m freeing event 0x7f4908003730 type stream-start
0:00:00.434605268 [334m19341[00m 0x7f4930006e80 [37mDEBUG  [00m [00;01;31;41m            GST_PADS gstghostpad.c:842:gst_ghost_pad_set_target:<'':parsepad4>[00m clearing target
0:00:00.434693308 [334m19341[00m 0x7f49480038f0 [37mDEBUG  [00m [00;01;35m      GST_SCHEDULING gstpad.c:4202:gst_pad_chain_data_unchecked:<queue2-1:sink>[00m calling chainfunction &gst_queue2_chain with buffer buffer: 0x7f49300043e0, pts 99:99:99.999999999, dts 99:99:99.999999999, dur 99:99:99.999999999, size 2751, offset 1930, offset_end 4681, flags 0x4000
0:00:00.434681672 [334m19341[00m 0x7f4934007540 [37mDEBUG  [00m [00m            aacparse gstaacparse.c:147:gst_aac_parse_init:[00m initialized
0:00:00.434726810 [334m19341[00m 0x7f49480038f0 [33;01mLOG    [00m [00m     queue2_dataflow gstqueue2.c:2816:gst_queue2_chain:<queue2-1>[00m received buffer 0x7f49300043e0 of size 2751, time 99:99:99.999999999, duration 99:99:99.999999999
0:00:00.434742817 [334m19341[00m 0x7f49480038f0 [37mDEBUG  [00m [00m              queue2 gstqueue2.c:842:apply_buffer:<queue2-1>[00m position updated to 0:00:00.020256731
