0:00:00.512683575 [334m19341[00m 0x7f4930006e80 [37mDEBUG  [00m [00m           h264parse gsth264parse.c:457:gst_h264_parser_store_nal:<h264parse0>[00m storing pps 0
0:00:00.512805316 [334m19341[00m 0x7f4930006e80 [33;01mLOG    [00m [00m           h264parse gsth264parse.c:888:gst_h264_parse_process_nal:<h264parse0>[00m collecting NAL in AVC frame
0:00:00.512813707 [334m19341[00m 0x7f4934007540 [37mDEBUG  [00m [00m          decodebin3 gstdecodebin3-parse.c:487:parsebin_pending_event_probe:<parsebin2:src_0>[00m Got event 0x7f494c0131d0 segment
0:00:00.512847637 [334m19341[00m 0x7f4930006e80 [37mDEBUG  [00m [00m           h264parse gsth264parse.c:422:gst_h264_parse_wrap_nal:<h264parse0>[00m nal length 4
0:00:00.512885403 [334m19341[00m 0x7f4934007540 [37mDEBUG  [00m [00;01;31;41m            GST_PADS gstpad.c:5306:gst_pad_push_event_unchecked:<parsebin2:src_0>[00m dropped event
0:00:00.512896623 [334m19341[00m 0x7f4934007540 [37mDEBUG  [00m [00;01;31;41m            GST_PADS gstpad.c:3819:push_sticky:<parsebin2:src_0>[00m event segment was dropped, mark pending
0:00:00.513027081 [334m19341[00m 0x7f4934007540 [37mDEBUG  [00m [00m          decodebin3 gstdecodebin3-parse.c:487:parsebin_pending_event_probe:<parsebin2:src_0>[00m Got event 0x7f490c004180 stream-collection
0:00:00.513065673 [334m19341[00m 0x7f4930006e80 [37mDEBUG  [00m [00;01;31;41m            GST_PADS gstpad.c:3931:gst_pad_query:<h264parse0:src>[00m doing query 0x7f490801bc50 (caps)
0:00:00.513090810 [334m19341[00m 0x7f4934007540 [37mDEBUG  [00m [00;01;31;41m            GST_PADS gstpad.c:5306:gst_pad_push_event_unchecked:<parsebin2:src_0>[00m dropped event
0:00:00.513100159 [334m19341[00m 0x7f4934007540 [37mDEBUG  [00m [00;01;31;41m            GST_PADS gstpad.c:3819:push_sticky:<parsebin2:src_0>[00m event stream-collection was dropped, mark pending
0:00:00.513227201 [334m19341[00m 0x7f4934007540 [37mDEBUG  [00m [00m          decodebin3 gstdecodebin3-parse.c:487:parsebin_pending_event_probe:<parsebin2:src_0>[00m Got event 0x7f490c003e50 tag
0:00:00.513284042 [334m19341[00m 0x7f4934007540 [37mDEBUG  [00m [00;01;31;41m            GST_PADS gstpad.c:5306:gst_pad_push_event_unchecked:<parsebin2:src_0>[00m dropped event
0:00:00.513294468 [334m19341[00m 0x7f4934007540 [37mDEBUG  [00m [00;01;31;41m            GST_PADS gstpad.c:3819:push_sticky:<parsebin2:src_0>[00m event tag was dropped, mark pending
0:00:00.513310283 [334m19341[00m 0x7f4934007540 [37mDEBUG  [00m [00;01;31;41m            GST_PADS gstpad.c:5622:gst_pad_send_event_unchecked:<src_0:proxypad15>[00m sent event, ret ok
0:00:00.513328629 [334m19341[00m 0x7f4934007540 [33;01mLOG    [00m [00;01;31;41m            GST_PADS gstpad.c:5097:store_sticky_event:<src_0:proxypad15>[00m stored sticky event tag
0:00:00.513343032 [334m19341[00m 0x7f4930006e80 [37mDEBUG  [00m [00;01;31;41m            GST_PADS gstpad.c:3954:gst_pad_query:<h264parse0:src>[00m sent query 0x7f490801bc50 (caps), result 1
0:00:00.513344684 [334m19341[00m 0x7f4934007540 [33;01mLOG    [00m [00;01;31;41m            GST_PADS gstpad.c:5269:gst_pad_push_event_unchecked:<aacparse0:src>[00m sent event 0x7f490c003e50 (tag) to peerpad <src_0:proxypad15>, ret ok
0:00:00.513421760 [334m19341[00m 0x7f4934007540 [37mDEBUG  [00m [00;01;31;41m            GST_PADS gstpad.c:3814:push_sticky:<aacparse0:src>[00m event tag marked received
0:00:00.513425416 [334m19341[00m 0x7f4930006e80 [37mDEBUG  [00m [00;01;31;41m            GST_PADS gstpad.c:4058:gst_pad_peer_query:<h264parse0:src>[00m peer query 0x7f490801bed0 (caps)
0:00:00.513433076 [334m19341[00m 0x7f4934007540 [33;01mLOG    [00m [00;01;31;41m            GST_PADS gstpad.c:5097:store_sticky_event:<aacparse0:src>[00m stored sticky event tag
0:00:00.513439284 [334m19341[00m 0x7f4930006e80 [37mDEBUG  [00m [00;01;31;41m            GST_PADS gstpad.c:3931:gst_pad_query:<capsfilter0:sink>[00m doing query 0x7f490801bed0 (caps)
0:00:00.513453208 [334m19341[00m 0x7f4934007540 [37mDEBUG  [00m [00;01;31;41m            GST_PADS gstpad.c:3862:check_sticky:<aacparse0:src>[00m pushing all sticky events
0:00:00.513463294 [334m19341[00m 0x7f4934007540 [37mDEBUG  [00m [00;01;31;41m            GST_PADS gstpad.c:3794:push_sticky:<aacparse0:src>[00m event stream-start was already received
0:00:00.513479856 [334m19341[00m 0x7f4934007540 [37mDEBUG  [00m [00;01;31;41m            GST_PADS gstpad.c:3794:push_sticky:<aacparse0:src>[00m event caps was already received
0:00:00.513496070 [334m19341[00m 0x7f4934007540 [37mDEBUG  [00m [00;01;31;41m            GST_PADS gstpad.c:3794:push_sticky:<aacparse0:src>[00m event segment was already received
0:00:00.513514976 [334m19341[00m 0x7f4934007540 [37mDEBUG  [00m [00;01;31;41m            GST_PADS gstpad.c:3794:push_sticky:<aacparse0:src>[00m event tag was already received
0:00:00.513538802 [334m19341[00m 0x7f4934007540 [33;01mLOG    [00m [00;01;31;41m            GST_PADS gstpad.c:5261:gst_pad_push_event_unchecked:<aacparse0:src>[00m sending event 0x7f490c003de0 (tag) to peerpad <src_0:proxypad15>
0:00:00.513560566 [334m19341[00m 0x7f49300068a0 [37mDEBUG  [00m [00;01;35m      GST_SCHEDULING gstpad.c:4202:gst_pad_chain_data_unchecked:<aacparse1:sink>[00m calling chainfunction &gst_base_parse_chain with buffer buffer: 0x7f49100360d0, pts 0:00:00.000000000, dts 0:00:00.000000000, dur 0:00:00.021333333, size 341, offset none, offset_end none, flags 0x4040
0:00:00.513585446 [334m19341[00m 0x7f4934007540 [37mDEBUG  [00m [00;01;34m           GST_EVENT gstpad.c:5548:gst_pad_send_event_unchecked:<src_0:proxypad15>[00m have event type tag event: 0x7f490c003de0, time 99:99:99.999999999, seq-num 456, GstTagList-global, taglist=(taglist)"taglist\,\ datetime\=\(datetime\)2015-11-30T10:07:14Z\,\ container-format\=\(string\)\"ISO\\\ fMP4\"\;";
0:00:00.513813583 [334m19341[00m 0x7f4934007540 [33;01mLOG    [00m [00;01;31;41m            GST_PADS gstpad.c:2944:gst_pad_forward:<src_0:proxypad15>[00m calling forward function on pad parsebin2:src_0
0:00:00.513829318 [334m19341[00m 0x7f4934007540 [33;01mLOG    [00m [00;01;31;41m            GST_PADS gstpad.c:2989:event_forward_func:<parsebin2:src_0>[00m Reffing and pushing event 0x7f490c003de0 (tag) to parsebin2:src_0
0:00:00.513815492 [334m19341[00m 0x7f4930006e80 [37mDEBUG  [00m [00m          capsfilter gstcapsfilter.c:296:gst_capsfilter_transform_caps:<capsfilter0>[00m input:     video/x-h264, stream-format=(string)avc, alignment=(string)au, level=(string)3, profile=(string)constrained-baseline, codec_data=(buffer)0142c01effe100186742c01ed900d43dfb84000003000400000300c03c58b92001000468cb8cf2, width=(int)848, height=(int)476, pixel-aspect-ratio=(fraction)1/1, framerate=(fraction)0/1, parsed=(boolean)true
0:00:00.513883216 [334m19341[00m 0x7f4934007540 [33;01mLOG    [00m [00;01;31;41m            GST_PADS gstpad.c:5097:store_sticky_event:<parsebin2:src_0>[00m stored sticky event tag
0:00:00.513908536 [334m19341[00m 0x7f4934007540 [37mDEBUG  [00m [00;01;31;41m            GST_PADS gstpad.c:3862:check_sticky:<parsebin2:src_0>[00m pushing all sticky events
0:00:00.513918060 [334m19341[00m 0x7f4934007540 [37mDEBUG  [00m [00;01;31;41m            GST_PADS gstpad.c:3794:push_sticky:<parsebin2:src_0>[00m event stream-start was already received
0:00:00.513911000 [334m19341[00m 0x7f4930006e80 [37mDEBUG  [00m [00m          capsfilter gstcapsfilter.c:297:gst_capsfilter_transform_caps:<capsfilter0>[00m filter:    (NULL)
0:00:00.513945508 [334m19341[00m 0x7f4948003f70 [33;01mLOG    [00m [00m       adaptivedemux gstadaptivedemux.c:2401:_uri_handler_probe:<souphttpsrc1:src>[00m Received buffer, size 65536 total 325630
0:00:00.513976349 [334m19341[00m 0x7f4930006e80 [37mDEBUG  [00m [00m          capsfilter gstcapsfilter.c:299:gst_capsfilter_transform_caps:<capsfilter0>[00m caps filter:    video/x-h264, alignment=(string)au, stream-format=(string){ avc, byte-stream }, parsed=(boolean)true; video/x-h264, parsed=(boolean)true, stream-format=(string){ avc, avc3, byte-stream }, alignment=(string){ au, nal }
0:00:00.513975496 [334m19341[00m 0x7f4948003f70 [37mDEBUG  [00m [00;01;35m      GST_SCHEDULING gstpad.c:4202:gst_pad_chain_data_unchecked:<queue1:sink>[00m calling chainfunction &gst_queue_chain with buffer buffer: 0x7f49200bc260, pts 99:99:99.999999999, dts 99:99:99.999999999, dur 99:99:99.999999999, size 65536, offset 260900, offset_end none, flags 0x0
0:00:00.514031339 [334m19341[00m 0x7f4948003f70 [33;01mLOG    [00m [00m      queue_dataflow gstqueue.c:1183:gst_queue_chain_buffer_or_list:<queue1>[00m received buffer 0x7f49200bc260 of size 65536, time 99:99:99.999999999, duration 99:99:99.999999999
0:00:00.514054558 [334m19341[00m 0x7f4948003f70 [33;01mLOG    [00m [00m               queue gstqueue.c:633:apply_buffer:<queue1>[00m sink position updated to 0:00:00.000000806
0:00:00.514058818 [334m19341[00m 0x7f4934007540 [37mDEBUG  [00m [00m          decodebin3 gstdecodebin3-parse.c:487:parsebin_pending_event_probe:<parsebin2:src_0>[00m Got event 0x7f490c004030 caps
0:00:00.513994496 [334m19341[00m 0x7f4930006e80 [37mDEBUG  [00m [00m          capsfilter gstcapsfilter.c:300:gst_capsfilter_transform_caps:<capsfilter0>[00m intersect: video/x-h264, alignment=(string)au, stream-format=(string)avc, parsed=(boolean)true, level=(string)3, profile=(string)constrained-baseline, codec_data=(buffer)0142c01effe100186742c01ed900d43dfb84000003000400000300c03c58b92001000468cb8cf2, width=(int)848, height=(int)476, pixel-aspect-ratio=(fraction)1/1, framerate=(fraction)0/1
0:00:00.514095923 [334m19341[00m 0x7f4948003f70 [33;01mLOG    [00m [00m               queue gstqueue.c:529:update_time_level:<queue1>[00m update sink time
0:00:00.514085675 [334m19341[00m 0x7f49300068a0 [33;01mLOG    [00m [00;01;31;41m            GST_PADS gstpad.c:5097:store_sticky_event:<aacparse1:src>[00m stored sticky event segment
0:00:00.514114009 [334m19341[00m 0x7f49300068a0 [37mDEBUG  [00m [00;01;31;41m            GST_PADS gstpad.c:3862:check_sticky:<aacparse1:src>[00m pushing all sticky events
0:00:00.514133585 [334m19341[00m 0x7f4934007540 [37mDEBUG  [00m [00;01;31;41m            GST_PADS gstpad.c:5306:gst_pad_push_event_unchecked:<parsebin2:src_0>[00m dropped event
0:00:00.514137052 [334m19341[00m 0x7f4948003f70 [33;01mLOG    [00m [00m               queue gstqueue.c:547:update_time_level:<queue1>[00m sink +0:00:00.000000806, src +0:00:00.000000806
0:00:00.514142983 [334m19341[00m 0x7f4934007540 [37mDEBUG  [00m [00;01;31;41m            GST_PADS gstpad.c:3819:push_sticky:<parsebin2:src_0>[00m event caps was dropped, mark pending
0:00:00.514155907 [334m19341[00m 0x7f4948003f70 [37mDEBUG  [00m [00;01;35m      GST_SCHEDULING gstpad.c:4208:gst_pad_chain_data_unchecked:<queue1:sink>[00m called chainfunction &gst_queue_chain with buffer 0x7f49200bc260, returned ok
0:00:00.514166387 [334m19341[00m 0x7f49300068a0 [37mDEBUG  [00m [00;01;31;41m            GST_PADS gstpad.c:3794:push_sticky:<aacparse1:src>[00m event stream-start was already received
0:00:00.514196913 [334m19341[00m 0x7f49300068a0 [37mDEBUG  [00m [00;01;31;41m            GST_PADS gstpad.c:3794:push_sticky:<aacparse1:src>[00m event caps was already received
0:00:00.514230749 [334m19341[00m 0x7f49300068a0 [33;01mLOG    [00m [00;01;31;41m            GST_PADS gstpad.c:5261:gst_pad_push_event_unchecked:<aacparse1:src>[00m sending event 0x7f494c009f30 (segment) to peerpad <src_0:proxypad17>
0:00:00.514242158 [334m19341[00m 0x7f49300068a0 [37mDEBUG  [00m [00;01;34m           GST_EVENT gstpad.c:5548:gst_pad_send_event_unchecked:<src_0:proxypad17>[00m have event type segment event: 0x7f494c009f30, time 99:99:99.999999999, seq-num 37, GstEventSegment, segment=(GstSegment)"GstSegment, flags=(GstSegmentFlags)GST_SEGMENT_FLAG_NONE, rate=(double)1, applied-rate=(double)1, format=(GstFormat)GST_FORMAT_TIME, base=(guint64)0, offset=(guint64)0, start=(guint64)0, stop=(guint64)18446744073709551615, time=(guint64)0, position=(guint64)0, duration=(guint64)18446744073709551615;";
0:00:00.514285801 [334m19341[00m 0x7f4934007540 [37mDEBUG  [00m [00m          decodebin3 gstdecodebin3-parse.c:487:parsebin_pending_event_probe:<parsebin2:src_0>[00m Got event 0x7f494c0131d0 segment
0:00:00.514342420 [334m19341[00m 0x7f4934007540 [37mDEBUG  [00m [00;01;31;41m            GST_PADS gstpad.c:5306:gst_pad_push_event_unchecked:<parsebin2:src_0>[00m dropped event
0:00:00.514389916 [334m19341[00m 0x7f4934007540 [37mDEBUG  [00m [00;01;31;41m            GST_PADS gstpad.c:3819:push_sticky:<parsebin2:src_0>[00m event segment was dropped, mark pending
0:00:00.514514060 [334m19341[00m 0x7f49300068a0 [33;01mLOG    [00m [00;01;31;41m            GST_PADS gstpad.c:2944:gst_pad_forward:<src_0:proxypad17>[00m calling forward function on pad parsebin0:src_0
0:00:00.514552323 [334m19341[00m 0x7f4934007540 [37mDEBUG  [00m [00m          decodebin3 gstdecodebin3-parse.c:487:parsebin_pending_event_probe:<parsebin2:src_0>[00m Got event 0x7f490c004180 stream-collection
0:00:00.514541470 [334m19341[00m 0x7f49300068a0 [33;01mLOG    [00m [00;01;31;41m            GST_PADS gstpad.c:2989:event_forward_func:<parsebin0:src_0>[00m Reffing and pushing event 0x7f494c009f30 (segment) to parsebin0:src_0
0:00:00.514600926 [334m19341[00m 0x7f49300068a0 [33;01mLOG    [00m [00;01;31;41m            GST_PADS gstpad.c:5097:store_sticky_event:<parsebin0:src_0>[00m stored sticky event segment
0:00:00.514611734 [334m19341[00m 0x7f49300068a0 [37mDEBUG  [00m [00;01;31;41m            GST_PADS gstpad.c:3862:check_sticky:<parsebin0:src_0>[00m pushing all sticky events
0:00:00.514630806 [334m19341[00m 0x7f49300068a0 [37mDEBUG  [00m [00;01;31;41m            GST_PADS gstpad.c:3794:push_sticky:<parsebin0:src_0>[00m event stream-start was already received
0:00:00.514671554 [334m19341[00m 0x7f4930006e80 [37mDEBUG  [00m [00;01;31;41m            GST_PADS gstpad.c:4058:gst_pad_peer_query:<capsfilter0:src>[00m peer query 0x7f490801be80 (caps)
0:00:00.514710377 [334m19341[00m 0x7f4930006e80 [37mDEBUG  [00m [00;01;31;41m            GST_PADS gstpad.c:3931:gst_pad_query:<src_0:proxypad16>[00m doing query 0x7f490801be80 (caps)
0:00:00.514698735 [334m19341[00m 0x7f4934007540 [37mDEBUG  [00m [00;01;31;41m            GST_PADS gstpad.c:5306:gst_pad_push_event_unchecked:<parsebin2:src_0>[00m dropped event
0:00:00.514745510 [334m19341[00m 0x7f4934007540 [37mDEBUG  [00m [00;01;31;41m            GST_PADS gstpad.c:3819:push_sticky:<parsebin2:src_0>[00m event stream-collection was dropped, mark pending
0:00:00.514846545 [334m19341[00m 0x7f49300068a0 [37mDEBUG  [00m [00m          decodebin3 gstdecodebin3-parse.c:487:parsebin_pending_event_probe:<parsebin0:src_0>[00m Got event 0x7f49100041e0 caps
0:00:00.514829706 [334m19341[00m 0x7f4948003f70 [33;01mLOG    [00m [00m       adaptivedemux gstadaptivedemux.c:2401:_uri_handler_probe:<souphttpsrc1:src>[00m Received buffer, size 131072 total 456702
0:00:00.514939953 [334m19341[00m 0x7f49300068a0 [37mDEBUG  [00m [00;01;31;41m            GST_PADS gstpad.c:5306:gst_pad_push_event_unchecked:<parsebin0:src_0>[00m dropped event
0:00:00.514945875 [334m19341[00m 0x7f4934007540 [37mDEBUG  [00m [00m          decodebin3 gstdecodebin3-parse.c:487:parsebin_pending_event_probe:<parsebin2:src_0>[00m Got event 0x7f490c003e50 tag
0:00:00.514935028 [334m19341[00m 0x7f4948003f70 [37mDEBUG  [00m [00;01;35m      GST_SCHEDULING gstpad.c:4202:gst_pad_chain_data_unchecked:<queue1:sink>[00m calling chainfunction &gst_queue_chain with buffer buffer: 0x7f49200bc370, pts 99:99:99.999999999, dts 99:99:99.999999999, dur 99:99:99.999999999, size 131072, offset 326436, offset_end none, flags 0x0
0:00:00.514956091 [334m19341[00m 0x7f49300068a0 [37mDEBUG  [00m [00;01;31;41m            GST_PADS gstpad.c:3819:push_sticky:<parsebin0:src_0>[00m event caps was dropped, mark pending
0:00:00.514975633 [334m19341[00m 0x7f4948003f70 [33;01mLOG    [00m [00m      queue_dataflow gstqueue.c:1183:gst_queue_chain_buffer_or_list:<queue1>[00m received buffer 0x7f49200bc370 of size 131072, time 99:99:99.999999999, duration 99:99:99.999999999
0:00:00.514992403 [334m19341[00m 0x7f4930006e80 [37mDEBUG  [00m [00;01;31;41m            GST_PADS gstutils.c:2663:gst_pad_proxy_query_caps:<src_0:proxypad16>[00m proxying caps query for src_0:proxypad16
0:00:00.515005298 [334m19341[00m 0x7f4948003f70 [33;01mLOG    [00m [00m               queue gstqueue.c:633:apply_buffer:<queue1>[00m sink position updated to 0:00:00.000000806
0:00:00.515017136 [334m19341[00m 0x7f4948003f70 [33;01mLOG    [00m [00m               queue gstqueue.c:529:update_time_level:<queue1>[00m update sink time
0:00:00.515021001 [334m19341[00m 0x7f4930006e80 [33;01mLOG    [00m [00;01;31;41m            GST_PADS gstpad.c:2944:gst_pad_forward:<src_0:proxypad16>[00m calling forward function on pad parsebin1:src_0
0:00:00.515025363 [334m19341[00m 0x7f4948003f70 [33;01mLOG    [00m [00m               queue gstqueue.c:547:update_time_level:<queue1>[00m sink +0:00:00.000000806, src +0:00:00.000000806
0:00:00.515048835 [334m19341[00m 0x7f4948003f70 [37mDEBUG  [00m [00;01;35m      GST_SCHEDULING gstpad.c:4208:gst_pad_chain_data_unchecked:<queue1:sink>[00m called chainfunction &gst_queue_chain with buffer 0x7f49200bc370, returned ok
0:00:00.515029152 [334m19341[00m 0x7f4930006e80 [37mDEBUG  [00m [00;01;31;41m            GST_PADS gstpad.c:4058:gst_pad_peer_query:<parsebin1:src_0>[00m peer query 0x7f490801be80 (caps)
0:00:00.515116358 [334m19341[00m 0x7f4934007540 [37mDEBUG  [00m [00;01;31;41m            GST_PADS gstpad.c:5306:gst_pad_push_event_unchecked:<parsebin2:src_0>[00m dropped event
0:00:00.515130294 [334m19341[00m 0x7f4934007540 [37mDEBUG  [00m [00;01;31;41m            GST_PADS gstpad.c:3819:push_sticky:<parsebin2:src_0>[00m event tag was dropped, mark pending
0:00:00.515168194 [334m19341[00m 0x7f49300068a0 [37mDEBUG  [00m [00m          decodebin3 gstdecodebin3-parse.c:487:parsebin_pending_event_probe:<parsebin0:src_0>[00m Got event 0x7f494c009f30 segment
0:00:00.515231621 [334m19341[00m 0x7f4930006e80 [36mINFO   [00m [00;01;31;41m            GST_PADS gstpad.c:4114:gst_pad_peer_query:<parsebin1:src_0>[00m pad has no peer
0:00:00.515274031 [334m19341[00m 0x7f49300068a0 [37mDEBUG  [00m [00;01;31;41m            GST_PADS gstpad.c:5306:gst_pad_push_event_unchecked:<parsebin0:src_0>[00m dropped event
0:00:00.515300768 [334m19341[00m 0x7f4930006e80 [37mDEBUG  [00m [00;01;31;41m            GST_PADS gstpad.c:3954:gst_pad_query:<src_0:proxypad16>[00m sent query 0x7f490801be80 (caps), result 1
0:00:00.515303766 [334m19341[00m 0x7f49300068a0 [37mDEBUG  [00m [00;01;31;41m            GST_PADS gstpad.c:3819:push_sticky:<parsebin0:src_0>[00m event segment was dropped, mark pending
0:00:00.515319532 [334m19341[00m 0x7f4934007540 [37mDEBUG  [00m [00m          decodebin3 gstdecodebin3-parse.c:487:parsebin_pending_event_probe:<parsebin2:src_0>[00m Got event 0x7f490c003de0 tag
0:00:00.515318310 [334m19341[00m 0x7f49300068a0 [37mDEBUG  [00m [00;01;31;41m            GST_PADS gstpad.c:3826:push_sticky:<parsebin0:src_0>[00m event stream-collection was ignored, mark pending
0:00:00.515352768 [334m19341[00m 0x7f49300068a0 [37mDEBUG  [00m [00;01;31;41m            GST_PADS gstpad.c:5622:gst_pad_send_event_unchecked:<src_0:proxypad17>[00m sent event, ret ok
0:00:00.515378243 [334m19341[00m 0x7f49300068a0 [33;01mLOG    [00m [00;01;31;41m            GST_PADS gstpad.c:5097:store_sticky_event:<src_0:proxypad17>[00m stored sticky event segment
0:00:00.515398070 [334m19341[00m 0x7f4934007540 [37mDEBUG  [00m [00;01;31;41m            GST_PADS gstpad.c:5306:gst_pad_push_event_unchecked:<parsebin2:src_0>[00m dropped event
0:00:00.515419550 [334m19341[00m 0x7f4934007540 [37mDEBUG  [00m [00;01;31;41m            GST_PADS gstpad.c:3819:push_sticky:<parsebin2:src_0>[00m event tag was dropped, mark pending
0:00:00.515410223 [334m19341[00m 0x7f49300068a0 [33;01mLOG    [00m [00;01;31;41m            GST_PADS gstpad.c:5269:gst_pad_push_event_unchecked:<aacparse1:src>[00m sent event 0x7f494c009f30 (segment) to peerpad <src_0:proxypad17>, ret ok
0:00:00.515428579 [334m19341[00m 0x7f4934007540 [37mDEBUG  [00m [00;01;31;41m            GST_PADS gstpad.c:5622:gst_pad_send_event_unchecked:<src_0:proxypad15>[00m sent event, ret ok
0:00:00.515446605 [334m19341[00m 0x7f4934007540 [33;01mLOG    [00m [00;01;31;41m            GST_PADS gstpad.c:5097:store_sticky_event:<src_0:proxypad15>[00m stored sticky event tag
0:00:00.515454442 [334m19341[00m 0x7f4934007540 [33;01mLOG    [00m [00;01;31;41m            GST_PADS gstpad.c:5269:gst_pad_push_event_unchecked:<aacparse0:src>[00m sent event 0x7f490c003de0 (tag) to peerpad <src_0:proxypad15>, ret ok
0:00:00.515439449 [334m19341[00m 0x7f49300068a0 [37mDEBUG  [00m [00;01;31;41m            GST_PADS gstpad.c:3814:push_sticky:<aacparse1:src>[00m event segment marked received
0:00:00.515462739 [334m19341[00m 0x7f4934007540 [37mDEBUG  [00m [00;01;31;41m            GST_PADS gstpad.c:3814:push_sticky:<aacparse0:src>[00m event tag marked received
0:00:00.515473942 [334m19341[00m 0x7f49300068a0 [33;01mLOG    [00m [00;01;31;41m            GST_PADS gstpad.c:5097:store_sticky_event:<aacparse1:src>[00m stored sticky event tag
0:00:00.515500384 [334m19341[00m 0x7f49300068a0 [37mDEBUG  [00m [00;01;31;41m            GST_PADS gstpad.c:3862:check_sticky:<aacparse1:src>[00m pushing all sticky events
0:00:00.515497583 [334m19341[00m 0x7f4934007540 [33;01mLOG    [00m [00;01;31;41m            GST_PADS gstpad.c:5097:store_sticky_event:<aacparse0:src>[00m stored sticky event tag
0:00:00.515526399 [334m19341[00m 0x7f49300068a0 [37mDEBUG  [00m [00;01;31;41m            GST_PADS gstpad.c:3794:push_sticky:<aacparse1:src>[00m event stream-start was already received
0:00:00.515560400 [334m19341[00m 0x7f4934007540 [37mDEBUG  [00m [00;01;31;41m            GST_PADS gstpad.c:3862:check_sticky:<aacparse0:src>[00m pushing all sticky events
0:00:00.515577132 [334m19341[00m 0x7f4934007540 [37mDEBUG  [00m [00;01;31;41m            GST_PADS gstpad.c:3794:push_sticky:<aacparse0:src>[00m event stream-start was already received
0:00:00.515597324 [334m19341[00m 0x7f4934007540 [37mDEBUG  [00m [00;01;31;41m            GST_PADS gstpad.c:3794:push_sticky:<aacparse0:src>[00m event caps was already received
0:00:00.515550631 [334m19341[00m 0x7f49300068a0 [37mDEBUG  [00m [00;01;31;41m            GST_PADS gstpad.c:3794:push_sticky:<aacparse1:src>[00m event caps was already received
0:00:00.515612627 [334m19341[00m 0x7f49300068a0 [37mDEBUG  [00m [00;01;31;41m            GST_PADS gstpad.c:3794:push_sticky:<aacparse1:src>[00m event segment was already received
0:00:00.515613840 [334m19341[00m 0x7f4934007540 [37mDEBUG  [00m [00;01;31;41m            GST_PADS gstpad.c:3794:push_sticky:<aacparse0:src>[00m event segment was already received
0:00:00.515625186 [334m19341[00m 0x7f49300068a0 [33;01mLOG    [00m [00;01;31;41m            GST_PADS gstpad.c:5261:gst_pad_push_event_unchecked:<aacparse1:src>[00m sending event 0x7f4910004100 (tag) to peerpad <src_0:proxypad17>
0:00:00.515634756 [334m19341[00m 0x7f4934007540 [33;01mLOG    [00m [00;01;31;41m            GST_PADS gstpad.c:5261:gst_pad_push_event_unchecked:<aacparse0:src>[00m sending event 0x7f490c003c90 (tag) to peerpad <src_0:proxypad15>
0:00:00.515651604 [334m19341[00m 0x7f49300068a0 [37mDEBUG  [00m [00;01;34m           GST_EVENT gstpad.c:5548:gst_pad_send_event_unchecked:<src_0:proxypad17>[00m have event type tag event: 0x7f4910004100, time 99:99:99.999999999, seq-num 460, GstTagList-stream, taglist=(taglist)"taglist\,\ audio-codec\=\(string\)\"MPEG-4\\\ AAC\\\ audio\"\,\ maximum-bitrate\=\(uint\)137557\,\ bitrate\=\(uint\)128000\,\ language-code\=\(string\)en\;";
0:00:00.515666517 [334m19341[00m 0x7f4934007540 [37mDEBUG  [00m [00;01;34m           GST_EVENT gstpad.c:5548:gst_pad_send_event_unchecked:<src_0:proxypad15>[00m have event type tag event: 0x7f490c003c90, time 99:99:99.999999999, seq-num 458, GstTagList-stream, taglist=(taglist)"taglist\,\ nominal-bitrate\=\(uint\)131089\;";
0:00:00.515660074 [334m19341[00m 0x7f4948003f70 [33;01mLOG    [00m [00m       adaptivedemux gstadaptivedemux.c:2401:_uri_handler_probe:<souphttpsrc1:src>[00m Received buffer, size 49552 total 506254
0:00:00.515707269 [334m19341[00m 0x7f4948003f70 [37mDEBUG  [00m [00;01;35m      GST_SCHEDULING gstpad.c:4202:gst_pad_chain_data_unchecked:<queue1:sink>[00m calling chainfunction &gst_queue_chain with buffer buffer: 0x7f49200bc480, pts 99:99:99.999999999, dts 99:99:99.999999999, dur 99:99:99.999999999, size 49552, offset 457508, offset_end none, flags 0x0
0:00:00.515729596 [334m19341[00m 0x7f4948003f70 [33;01mLOG    [00m [00m      queue_dataflow gstqueue.c:1183:gst_queue_chain_buffer_or_list:<queue1>[00m received buffer 0x7f49200bc480 of size 49552, time 99:99:99.999999999, duration 99:99:99.999999999
0:00:00.515742895 [334m19341[00m 0x7f4948003f70 [33;01mLOG    [00m [00m               queue gstqueue.c:633:apply_buffer:<queue1>[00m sink position updated to 0:00:00.000000806
0:00:00.515754217 [334m19341[00m 0x7f4948003f70 [33;01mLOG    [00m [00m               queue gstqueue.c:529:update_time_level:<queue1>[00m update sink time
0:00:00.515753534 [334m19341[00m 0x7f4930006e80 [37mDEBUG  [00m [00m          capsfilter gstcapsfilter.c:296:gst_capsfilter_transform_caps:<capsfilter0>[00m input:     video/x-h264, alignment=(string)au, stream-format=(string)avc, parsed=(boolean)true, level=(string)3, profile=(string)constrained-baseline, codec_data=(buffer)0142c01effe100186742c01ed900d43dfb84000003000400000300c03c58b92001000468cb8cf2, width=(int)848, height=(int)476, pixel-aspect-ratio=(fraction)1/1, framerate=(fraction)0/1
0:00:00.515786013 [334m19341[00m 0x7f4948003f70 [33;01mLOG    [00m [00m               queue gstqueue.c:547:update_time_level:<queue1>[00m sink +0:00:00.000000806, src +0:00:00.000000806
0:00:00.515813537 [334m19341[00m 0x7f4948003f70 [37mDEBUG  [00m [00;01;35m      GST_SCHEDULING gstpad.c:4208:gst_pad_chain_data_unchecked:<queue1:sink>[00m called chainfunction &gst_queue_chain with buffer 0x7f49200bc480, returned ok
0:00:00.515804451 [334m19341[00m 0x7f4930006e80 [37mDEBUG  [00m [00m          capsfilter gstcapsfilter.c:297:gst_capsfilter_transform_caps:<capsfilter0>[00m filter:    video/x-h264, stream-format=(string)avc, alignment=(string)au, level=(string)3, profile=(string)constrained-baseline, codec_data=(buffer)0142c01effe100186742c01ed900d43dfb84000003000400000300c03c58b92001000468cb8cf2, width=(int)848, height=(int)476, pixel-aspect-ratio=(fraction)1/1, framerate=(fraction)0/1, parsed=(boolean)true
0:00:00.515911875 [334m19341[00m 0x7f4930006e80 [37mDEBUG  [00m [00m          capsfilter gstcapsfilter.c:299:gst_capsfilter_transform_caps:<capsfilter0>[00m caps filter:    video/x-h264, stream-format=(string)avc, alignment=(string)au, level=(string)3, profile=(string)constrained-baseline, codec_data=(buffer)0142c01effe100186742c01ed900d43dfb84000003000400000300c03c58b92001000468cb8cf2, width=(int)848, height=(int)476, pixel-aspect-ratio=(fraction)1/1, framerate=(fraction)0/1, parsed=(boolean)true
0:00:00.516016790 [334m19341[00m 0x7f4930006e80 [37mDEBUG  [00m [00m          capsfilter gstcapsfilter.c:300:gst_capsfilter_transform_caps:<capsfilter0>[00m intersect: video/x-h264, stream-format=(string)avc, alignment=(string)au, level=(string)3, profile=(string)constrained-baseline, codec_data=(buffer)0142c01effe100186742c01ed900d43dfb84000003000400000300c03c58b92001000468cb8cf2, width=(int)848, height=(int)476, pixel-aspect-ratio=(fraction)1/1, framerate=(fraction)0/1, parsed=(boolean)true
0:00:00.516055763 [334m19341[00m 0x7f49300068a0 [37mDEBUG  [00m [00;01m    streamcollection gststreamcollection.c:263:proxy_stream_notify_cb:collection 0x7f4910003160 (1 streams) < stream audio 0x1953a50, ID 78a81cd5ab52c8b30efd549f3528ce592cff83fc9a3317f29fc9920a45c26697/audio_00/001, flags 0x0, caps [audio/mpeg, mpegversion=(int)4, framed=(boolean)true, stream-format=(string)raw, level=(string)2, base-profile=(string)lc, profile=(string)lc, codec_data=(buffer)1190ed40, rate=(int)48000, channels=(int)2], tags [taglist, audio-codec=(string)"MPEG-4\ AAC\ audio", maximum-bitrate=(uint)137557, bitrate=(uint)128000, language-code=(string)en;], >[00m Stream stream audio 0x1953a50, ID 78a81cd5ab52c8b30efd549f3528ce592cff83fc9a3317f29fc9920a45c26697/audio_00/001, flags 0x0, caps [audio/mpeg, mpegversion=(int)4, framed=(boolean)true, stream-format=(string)raw, level=(string)2, base-profile=(string)lc, profile=(string)lc, codec_data=(buffer)1190ed40, rate=(int)48000, channels=(int)2], tags [taglist, audio-codec=(string)"MPEG-4\ AAC\ audio", maximum-bitrate=(uint)137557, bitrate=(uint)128000, language-code=(string)en;] updated tags
0:00:00.516052592 [334m19341[00m 0x7f4934007540 [37mDEBUG  [00m [00;01m    streamcollection gststreamcollection.c:263:proxy_stream_notify_cb:collection 0x7f4908002e50 (1 streams) < stream audio 0x7f4908005720, ID 78a81cd5ab52c8b30efd549f3528ce592cff83fc9a3317f29fc9920a45c26697/audio_01/001, flags 0x0, caps [audio/mpeg, mpegversion=(int)4, framed=(boolean)true, stream-format=(string)raw, level=(string)2, base-profile=(string)lc, profile=(string)lc, codec_data=(buffer)1190ed40, rate=(int)48000, channels=(int)2], tags [taglist, nominal-bitrate=(uint)131089;], >[00m Stream stream audio 0x7f4908005720, ID 78a81cd5ab52c8b30efd549f3528ce592cff83fc9a3317f29fc9920a45c26697/audio_01/001, flags 0x0, caps [audio/mpeg, mpegversion=(int)4, framed=(boolean)true, stream-format=(string)raw, level=(string)2, base-profile=(string)lc, profile=(string)lc, codec_data=(buffer)1190ed40, rate=(int)48000, channels=(int)2], tags [taglist, nominal-bitrate=(uint)131089;] updated tags
0:00:00.516237424 [334m19341[00m 0x7f4934007540 [37mDEBUG  [00m [00;01m    streamcollection gststreamcollection.c:263:proxy_stream_notify_cb:collection 0x7f4910003020 (2 streams) < stream audio 0x1953a50, ID 78a81cd5ab52c8b30efd549f3528ce592cff83fc9a3317f29fc9920a45c26697/audio_00/001, flags 0x0, caps [audio/mpeg, mpegversion=(int)4, framed=(boolean)true, stream-format=(string)raw, level=(string)2, base-profile=(string)lc, profile=(string)lc, codec_data=(buffer)1190ed40, rate=(int)48000, channels=(int)2], tags [taglist, audio-codec=(string)"MPEG-4\ AAC\ audio", maximum-bitrate=(uint)137557, bitrate=(uint)128000, language-code=(string)en;], stream audio 0x7f4908005720, ID 78a81cd5ab52c8b30efd549f3528ce592cff83fc9a3317f29fc9920a45c26697/audio_01/001, flags 0x0, caps [audio/mpeg, mpegversion=(int)4, framed=(boolean)true, stream-format=(string)raw, level=(string)2, base-profile=(string)lc, profile=(string)lc, codec_data=(buffer)1190ed40, rate=(int)48000, channels=(int)2], tags [taglist, nominal-bitrate=(uint)131089;], >[00m Stream stream audio 0x7f4908005720, ID 78a81cd5ab52c8b30efd549f3528ce592cff83fc9a3317f29fc9920a45c26697/audio_01/001, flags 0x0, caps [audio/mpeg, mpegversion=(int)4, framed=(boolean)true, stream-format=(string)raw, level=(string)2, base-profile=(string)lc, profile=(string)lc, codec_data=(buffer)1190ed40, rate=(int)48000, channels=(int)2], tags [taglist, nominal-bitrate=(uint)131089;] updated tags
0:00:00.516259416 [334m19341[00m 0x7f49300068a0 [37mDEBUG  [00m [00;01m    streamcollection gststreamcollection.c:263:proxy_stream_notify_cb:collection 0x7f4910003020 (2 streams) < stream audio 0x1953a50, ID 78a81cd5ab52c8b30efd549f3528ce592cff83fc9a3317f29fc9920a45c26697/audio_00/001, flags 0x0, caps [audio/mpeg, mpegversion=(int)4, framed=(boolean)true, stream-format=(string)raw, level=(string)2, base-profile=(string)lc, profile=(string)lc, codec_data=(buffer)1190ed40, rate=(int)48000, channels=(int)2], tags [taglist, audio-codec=(string)"MPEG-4\ AAC\ audio", maximum-bitrate=(uint)137557, bitrate=(uint)128000, language-code=(string)en;], stream audio 0x7f4908005720, ID 78a81cd5ab52c8b30efd549f3528ce592cff83fc9a3317f29fc9920a45c26697/audio_01/001, flags 0x0, caps [audio/mpeg, mpegversion=(int)4, framed=(boolean)true, stream-format=(string)raw, level=(string)2, base-profile=(string)lc, profile=(string)lc, codec_data=(buffer)1190ed40, rate=(int)48000, channels=(int)2], tags [taglist, nominal-bitrate=(uint)131089;], >[00m Stream stream audio 0x1953a50, ID 78a81cd5ab52c8b30efd549f3528ce592cff83fc9a3317f29fc9920a45c26697/audio_00/001, flags 0x0, caps [audio/mpeg, mpegversion=(int)4, framed=(boolean)true, stream-format=(string)raw, level=(string)2, base-profile=(string)lc, profile=(string)lc, codec_data=(buffer)1190ed40, rate=(int)48000, channels=(int)2], tags [taglist, audio-codec=(string)"MPEG-4\ AAC\ audio", maximum-bitrate=(uint)137557, bitrate=(uint)128000, language-code=(string)en;] updated tags
0:00:00.516385452 [334m19341[00m 0x7f4930006e80 [37mDEBUG  [00m [00;01;31;41m            GST_PADS gstpad.c:3954:gst_pad_query:<capsfilter0:sink>[00m sent query 0x7f490801bed0 (caps), result 1
0:00:00.516433160 [334m19341[00m 0x7f4930006e80 [37mDEBUG  [00m [00m           h264parse gsth264parse.c:367:gst_h264_parse_negotiate:<h264parse0>[00m allowed caps: video/x-h264, stream-format=(string)avc, alignment=(string)au, level=(string)3, profile=(string)constrained-baseline, codec_data=(buffer)0142c01effe100186742c01ed900d43dfb84000003000400000300c03c58b92001000468cb8cf2, width=(int)848, height=(int)476, pixel-aspect-ratio=(fraction)1/1, framerate=(fraction)0/1, parsed=(boolean)true
0:00:00.516435092 [334m19341[00m 0x7f4934007540 [37mDEBUG  [00m [00;01m    streamcollection gststreamcollection.c:263:proxy_stream_notify_cb:collection 0x7f49080029f0 (3 streams) < stream audio 0x1953a50, ID 78a81cd5ab52c8b30efd549f3528ce592cff83fc9a3317f29fc9920a45c26697/audio_00/001, flags 0x0, caps [audio/mpeg, mpegversion=(int)4, framed=(boolean)true, stream-format=(string)raw, level=(string)2, base-profile=(string)lc, profile=(string)lc, codec_data=(buffer)1190ed40, rate=(int)48000, channels=(int)2], tags [taglist, audio-codec=(string)"MPEG-4\ AAC\ audio", maximum-bitrate=(uint)137557, bitrate=(uint)128000, language-code=(string)en;], stream video 0x7f49080050f0, ID 78a81cd5ab52c8b30efd549f3528ce592cff83fc9a3317f29fc9920a45c26697/video_00/001, flags 0x0, caps [video/x-h264, stream-format=(string)avc, alignment=(string)au, level=(string)3, profile=(string)constrained-baseline, codec_data=(buffer)0142c01effe100186742c01ed900d43dfb84000003000400000300c03c58b92001000468cb8cf2, width=(int)848, height=(int)476, pixel-aspect-ratio=(fraction)1/1, framerate=(fraction)0/1, parsed=(boolean)true], tags [], stream audio 0x7f4908005720, ID 78a81cd5ab52c8b30efd549f3528ce592cff83fc9a3317f29fc9920a45c26697/audio_01/001, flags 0x0, caps [audio/mpeg, mpegversion=(int)4, framed=(boolean)true, stream-format=(string)raw, level=(string)2, base-profile=(string)lc, profile=(string)lc, codec_data=(buffer)1190ed40, rate=(int)48000, channels=(int)2], tags [taglist, nominal-bitrate=(uint)131089;], >[00m Stream stream audio 0x7f4908005720, ID 78a81cd5ab52c8b30efd549f3528ce592cff83fc9a3317f29fc9920a45c26697/audio_01/001, flags 0x0, caps [audio/mpeg, mpegversion=(int)4, framed=(boolean)true, stream-format=(string)raw, level=(string)2, base-profile=(string)lc, profile=(string)lc, codec_data=(buffer)1190ed40, rate=(int)48000, channels=(int)2], tags [taglist, nominal-bitrate=(uint)131089;] updated tags
0:00:00.516483252 [334m19341[00m 0x7f4930006e80 [37mDEBUG  [00m [00m           h264parse gsth264parse.c:374:gst_h264_parse_negotiate:<h264parse0>[00m negotiating with caps: video/x-h264, stream-format=(string)avc, alignment=(string)au, level=(string)3, profile=(string)constrained-baseline, codec_data=(buffer)0142c01effe100186742c01ed900d43dfb84000003000400000300c03c58b92001000468cb8cf2, width=(int)848, height=(int)476, pixel-aspect-ratio=(fraction)1/1, framerate=(fraction)0/1, parsed=(boolean)true
0:00:00.516531275 [334m19341[00m 0x7f4930006e80 [37mDEBUG  [00m [00m           h264parse gsth264parse.c:381:gst_h264_parse_negotiate:<h264parse0>[00m downstream accepts upstream caps
0:00:00.516522892 [334m19341[00m 0x7f4934007540 [33;01mLOG    [00m [00;01;31;41m            GST_PADS gstpad.c:2944:gst_pad_forward:<src_0:proxypad15>[00m calling forward function on pad parsebin2:src_0
0:00:00.516547330 [334m19341[00m 0x7f4930006e80 [37mDEBUG  [00m [00m           h264parse gsth264parse.c:327:gst_h264_parse_format_from_caps:[00m parsing caps: video/x-h264, parsed=(boolean)true, stream-format=(string)avc, alignment=(string)au
0:00:00.516553958 [334m19341[00m 0x7f4934007540 [33;01mLOG    [00m [00;01;31;41m            GST_PADS gstpad.c:2989:event_forward_func:<parsebin2:src_0>[00m Reffing and pushing event 0x7f490c003c90 (tag) to parsebin2:src_0
0:00:00.516562608 [334m19341[00m 0x7f4930006e80 [37mDEBUG  [00m [00m           h264parse gsth264parse.c:405:gst_h264_parse_negotiate:<h264parse0>[00m selected format avc, alignment au
0:00:00.516568615 [334m19341[00m 0x7f4934007540 [33;01mLOG    [00m [00;01;31;41m            GST_PADS gstpad.c:5097:store_sticky_event:<parsebin2:src_0>[00m stored sticky event tag
0:00:00.516487694 [334m19341[00m 0x7f49300068a0 [37mDEBUG  [00m [00;01m    streamcollection gststreamcollection.c:263:proxy_stream_notify_cb:collection 0x7f49080029f0 (3 streams) < stream audio 0x1953a50, ID 78a81cd5ab52c8b30efd549f3528ce592cff83fc9a3317f29fc9920a45c26697/audio_00/001, flags 0x0, caps [audio/mpeg, mpegversion=(int)4, framed=(boolean)true, stream-format=(string)raw, level=(string)2, base-profile=(string)lc, profile=(string)lc, codec_data=(buffer)1190ed40, rate=(int)48000, channels=(int)2], tags [taglist, audio-codec=(string)"MPEG-4\ AAC\ audio", maximum-bitrate=(uint)137557, bitrate=(uint)128000, language-code=(string)en;], stream video 0x7f49080050f0, ID 78a81cd5ab52c8b30efd549f3528ce592cff83fc9a3317f29fc9920a45c26697/video_00/001, flags 0x0, caps [video/x-h264, stream-format=(string)avc, alignment=(string)au, level=(string)3, profile=(string)constrained-baseline, codec_data=(buffer)0142c01effe100186742c01ed900d43dfb84000003000400000300c03c58b92001000468cb8cf2, width=(int)848, height=(int)476, pixel-aspect-ratio=(fraction)1/1, framerate=(fraction)0/1, parsed=(boolean)true], tags [], stream audio 0x7f4908005720, ID 78a81cd5ab52c8b30efd549f3528ce592cff83fc9a3317f29fc9920a45c26697/audio_01/001, flags 0x0, caps [audio/mpeg, mpegversion=(int)4, framed=(boolean)true, stream-format=(string)raw, level=(string)2, base-profile=(string)lc, profile=(string)lc, codec_data=(buffer)1190ed40, rate=(int)48000, channels=(int)2], tags [taglist, nominal-bitrate=(uint)131089;], >[00m Stream stream audio 0x1953a50, ID 78a81cd5ab52c8b30efd549f3528ce592cff83fc9a3317f29fc9920a45c26697/audio_00/001, flags 0x0, caps [audio/mpeg, mpegversion=(int)4, framed=(boolean)true, stream-format=(string)raw, level=(string)2, base-profile=(string)lc, profile=(string)lc, codec_data=(buffer)1190ed40, rate=(int)48000, channels=(int)2], tags [taglist, audio-codec=(string)"MPEG-4\ AAC\ audio", maximum-bitrate=(uint)137557, bitrate=(uint)128000, language-code=(string)en;] updated tags
0:00:00.516581903 [334m19341[00m 0x7f4934007540 [37mDEBUG  [00m [00;01;31;41m            GST_PADS gstpad.c:3862:check_sticky:<parsebin2:src_0>[00m pushing all sticky events
0:00:00.516632802 [334m19341[00m 0x7f4930006e80 [37mDEBUG  [00m [00m           h264parse gsth264parse.c:1723:gst_h264_parse_update_src_caps:<h264parse0>[00m sps: 0x7f4959969010
0:00:00.516645223 [334m19341[00m 0x7f4934007540 [37mDEBUG  [00m [00;01;31;41m            GST_PADS gstpad.c:3794:push_sticky:<parsebin2:src_0>[00m event stream-start was already received
0:00:00.516662816 [334m19341[00m 0x7f4930006e80 [37mDEBUG  [00m [00m           h264parse gsth264parse.c:1327:gst_h264_parse_make_codec_data:<h264parse0>[00m constructing codec_data: num_sps=1, num_pps=1
0:00:00.516693466 [334m19341[00m 0x7f49300068a0 [33;01mLOG    [00m [00;01;31;41m            GST_PADS gstpad.c:2944:gst_pad_forward:<src_0:proxypad17>[00m calling forward function on pad parsebin0:src_0
0:00:00.516716831 [334m19341[00m 0x7f49300068a0 [33;01mLOG    [00m [00;01;31;41m            GST_PADS gstpad.c:2989:event_forward_func:<parsebin0:src_0>[00m Reffing and pushing event 0x7f4910004100 (tag) to parsebin0:src_0
0:00:00.516779854 [334m19341[00m 0x7f49300068a0 [33;01mLOG    [00m [00;01;31;41m            GST_PADS gstpad.c:5097:store_sticky_event:<parsebin0:src_0>[00m stored sticky event tag
0:00:00.516824623 [334m19341[00m 0x7f49300068a0 [37mDEBUG  [00m [00;01;31;41m            GST_PADS gstpad.c:3862:check_sticky:<parsebin0:src_0>[00m pushing all sticky events
0:00:00.516838733 [334m19341[00m 0x7f4934007540 [37mDEBUG  [00m [00m          decodebin3 gstdecodebin3-parse.c:487:parsebin_pending_event_probe:<parsebin2:src_0>[00m Got event 0x7f490c004030 caps
0:00:00.516841096 [334m19341[00m 0x7f49300068a0 [37mDEBUG  [00m [00;01;31;41m            GST_PADS gstpad.c:3794:push_sticky:<parsebin0:src_0>[00m event stream-start was already received
0:00:00.516894825 [334m19341[00m 0x7f4948003f70 [33;01mLOG    [00m [00m       adaptivedemux gstadaptivedemux.c:2401:_uri_handler_probe:<souphttpsrc1:src>[00m Received buffer, size 2896 total 509150
0:00:00.516975650 [334m19341[00m 0x7f4934007540 [37mDEBUG  [00m [00;01;31;41m            GST_PADS gstpad.c:5306:gst_pad_push_event_unchecked:<parsebin2:src_0>[00m dropped event
0:00:00.516983556 [334m19341[00m 0x7f4948003f70 [37mDEBUG  [00m [00;01;35m      GST_SCHEDULING gstpad.c:4202:gst_pad_chain_data_unchecked:<queue1:sink>[00m calling chainfunction &gst_queue_chain with buffer buffer: 0x7f49200bc590, pts 99:99:99.999999999, dts 99:99:99.999999999, dur 99:99:99.999999999, size 2896, offset 507060, offset_end none, flags 0x0
0:00:00.516989518 [334m19341[00m 0x7f4934007540 [37mDEBUG  [00m [00;01;31;41m            GST_PADS gstpad.c:3819:push_sticky:<parsebin2:src_0>[00m event caps was dropped, mark pending
0:00:00.516995361 [334m19341[00m 0x7f4948003f70 [33;01mLOG    [00m [00m      queue_dataflow gstqueue.c:1183:gst_queue_chain_buffer_or_list:<queue1>[00m received buffer 0x7f49200bc590 of size 2896, time 99:99:99.999999999, duration 99:99:99.999999999
0:00:00.517047078 [334m19341[00m 0x7f49300068a0 [37mDEBUG  [00m [00m          decodebin3 gstdecodebin3-parse.c:487:parsebin_pending_event_probe:<parsebin0:src_0>[00m Got event 0x7f49100041e0 caps
0:00:00.517085859 [334m19341[00m 0x7f4948003f70 [33;01mLOG    [00m [00m               queue gstqueue.c:633:apply_buffer:<queue1>[00m sink position updated to 0:00:00.000000806
0:00:00.517150792 [334m19341[00m 0x7f49300068a0 [37mDEBUG  [00m [00;01;31;41m            GST_PADS gstpad.c:5306:gst_pad_push_event_unchecked:<parsebin0:src_0>[00m dropped event
0:00:00.517160610 [334m19341[00m 0x7f4948003f70 [33;01mLOG    [00m [00m               queue gstqueue.c:529:update_time_level:<queue1>[00m update sink time
0:00:00.517170185 [334m19341[00m 0x7f49300068a0 [37mDEBUG  [00m [00;01;31;41m            GST_PADS gstpad.c:3819:push_sticky:<parsebin0:src_0>[00m event caps was dropped, mark pending
0:00:00.517190732 [334m19341[00m 0x7f4948003f70 [33;01mLOG    [00m [00m               queue gstqueue.c:547:update_time_level:<queue1>[00m sink +0:00:00.000000806, src +0:00:00.000000806
0:00:00.517215827 [334m19341[00m 0x7f4948003f70 [37mDEBUG  [00m [00;01;35m      GST_SCHEDULING gstpad.c:4208:gst_pad_chain_data_unchecked:<queue1:sink>[00m called chainfunction &gst_queue_chain with buffer 0x7f49200bc590, returned ok
0:00:00.517222237 [334m19341[00m 0x7f4934007540 [37mDEBUG  [00m [00m          decodebin3 gstdecodebin3-parse.c:487:parsebin_pending_event_probe:<parsebin2:src_0>[00m Got event 0x7f494c0131d0 segment
0:00:00.517370203 [334m19341[00m 0x7f49300068a0 [37mDEBUG  [00m [00m          decodebin3 gstdecodebin3-parse.c:487:parsebin_pending_event_probe:<parsebin0:src_0>[00m Got event 0x7f494c009f30 segment
0:00:00.517390511 [334m19341[00m 0x7f4934007540 [37mDEBUG  [00m [00;01;31;41m            GST_PADS gstpad.c:5306:gst_pad_push_event_unchecked:<parsebin2:src_0>[00m dropped event
0:00:00.517407284 [334m19341[00m 0x7f4934007540 [37mDEBUG  [00m [00;01;31;41m            GST_PADS gstpad.c:3819:push_sticky:<parsebin2:src_0>[00m event segment was dropped, mark pending
0:00:00.517503009 [334m19341[00m 0x7f4934007540 [37mDEBUG  [00m [00m          decodebin3 gstdecodebin3-parse.c:487:parsebin_pending_event_probe:<parsebin2:src_0>[00m Got event 0x7f490c004180 stream-collection
0:00:00.517506040 [334m19341[00m 0x7f4930006e80 [37mDEBUG  [00m [00;01;31;41m            GST_PADS gstpad.c:5622:gst_pad_send_event_unchecked:<h264parse0:sink>[00m sent event, ret ok
0:00:00.517529151 [334m19341[00m 0x7f49300068a0 [37mDEBUG  [00m [00;01;31;41m            GST_PADS gstpad.c:5306:gst_pad_push_event_unchecked:<parsebin0:src_0>[00m dropped event
0:00:00.517552758 [334m19341[00m 0x7f4934007540 [37mDEBUG  [00m [00;01;31;41m            GST_PADS gstpad.c:5306:gst_pad_push_event_unchecked:<parsebin2:src_0>[00m dropped event
0:00:00.517571498 [334m19341[00m 0x7f4934007540 [37mDEBUG  [00m [00;01;31;41m            GST_PADS gstpad.c:3819:push_sticky:<parsebin2:src_0>[00m event stream-collection was dropped, mark pending
0:00:00.517582983 [334m19341[00m 0x7f49300068a0 [37mDEBUG  [00m [00;01;31;41m            GST_PADS gstpad.c:3819:push_sticky:<parsebin0:src_0>[00m event segment was dropped, mark pending
0:00:00.517579860 [334m19341[00m 0x7f4930006e80 [37mDEBUG  [00m [00;01;34m           GST_EVENT gstpad.c:5548:gst_pad_send_event_unchecked:<h264parse0:sink>[00m have event type segment event: 0x7f494c03b160, time 99:99:99.999999999, seq-num 37, GstEventSegment, segment=(GstSegment)"GstSegment, flags=(GstSegmentFlags)GST_SEGMENT_FLAG_NONE, rate=(double)1, applied-rate=(double)1, format=(GstFormat)GST_FORMAT_TIME, base=(guint64)0, offset=(guint64)0, start=(guint64)0, stop=(guint64)18446744073709551615, time=(guint64)0, position=(guint64)0, duration=(guint64)18446744073709551615;";
0:00:00.517690793 [334m19341[00m 0x7f4934007540 [37mDEBUG  [00m [00m          decodebin3 gstdecodebin3-parse.c:487:parsebin_pending_event_probe:<parsebin2:src_0>[00m Got event 0x7f490c003c90 tag
0:00:00.517736427 [334m19341[00m 0x7f4930006e80 [37mDEBUG  [00m [00;01;31;41m            GST_PADS gstpad.c:5622:gst_pad_send_event_unchecked:<h264parse0:sink>[00m sent event, ret ok
0:00:00.517756508 [334m19341[00m 0x7f4930006e80 [33;01mLOG    [00m [00;01;31;41m            GST_PADS gstpad.c:5097:store_sticky_event:<h264parse0:sink>[00m stored sticky event segment
0:00:00.517779453 [334m19341[00m 0x7f4948003f70 [33;01mLOG    [00m [00m       adaptivedemux gstadaptivedemux.c:2401:_uri_handler_probe:<souphttpsrc1:src>[00m Received buffer, size 2896 total 512046
0:00:00.517823113 [334m19341[00m 0x7f4948003f70 [37mDEBUG  [00m [00;01;35m      GST_SCHEDULING gstpad.c:4202:gst_pad_chain_data_unchecked:<queue1:sink>[00m calling chainfunction &gst_queue_chain with buffer buffer: 0x7f49240a5cc0, pts 99:99:99.999999999, dts 99:99:99.999999999, dur 99:99:99.999999999, size 2896, offset 509956, offset_end none, flags 0x0
0:00:00.517811263 [334m19341[00m 0x7f4934007540 [37mDEBUG  [00m [00;01;31;41m            GST_PADS gstpad.c:5306:gst_pad_push_event_unchecked:<parsebin2:src_0>[00m dropped event
0:00:00.517849295 [334m19341[00m 0x7f4948003f70 [33;01mLOG    [00m [00m      queue_dataflow gstqueue.c:1183:gst_queue_chain_buffer_or_list:<queue1>[00m received buffer 0x7f49240a5cc0 of size 2896, time 99:99:99.999999999, duration 99:99:99.999999999
0:00:00.517858847 [334m19341[00m 0x7f4934007540 [37mDEBUG  [00m [00;01;31;41m            GST_PADS gstpad.c:3819:push_sticky:<parsebin2:src_0>[00m event tag was dropped, mark pending
0:00:00.517864591 [334m19341[00m 0x7f4948003f70 [33;01mLOG    [00m [00m               queue gstqueue.c:633:apply_buffer:<queue1>[00m sink position updated to 0:00:00.000000806
0:00:00.517887037 [334m19341[00m 0x7f4948003f70 [33;01mLOG    [00m [00m               queue gstqueue.c:529:update_time_level:<queue1>[00m update sink time
0:00:00.517915850 [334m19341[00m 0x7f49300068a0 [37mDEBUG  [00m [00m          decodebin3 gstdecodebin3-parse.c:487:parsebin_pending_event_probe:<parsebin0:src_0>[00m Got event 0x7f4910004250 stream-collection
0:00:00.517912353 [334m19341[00m 0x7f4948003f70 [33;01mLOG    [00m [00m               queue gstqueue.c:547:update_time_level:<queue1>[00m sink +0:00:00.000000806, src +0:00:00.000000806
0:00:00.517935418 [334m19341[00m 0x7f4948003f70 [37mDEBUG  [00m [00;01;35m      GST_SCHEDULING gstpad.c:4208:gst_pad_chain_data_unchecked:<queue1:sink>[00m called chainfunction &gst_queue_chain with buffer 0x7f49240a5cc0, returned ok
0:00:00.517997250 [334m19341[00m 0x7f49300068a0 [37mDEBUG  [00m [00;01;31;41m            GST_PADS gstpad.c:5306:gst_pad_push_event_unchecked:<parsebin0:src_0>[00m dropped event
0:00:00.517988592 [334m19341[00m 0x7f4934007540 [37mDEBUG  [00m [00m          decodebin3 gstdecodebin3-parse.c:487:parsebin_pending_event_probe:<parsebin2:src_0>[00m Got event 0x7f490c003de0 tag
