0:00:00.416176510 [334m19341[00m 0x7f4930006e80 [33;01mLOG    [00m [00;01;31;41m            GST_PADS gstpad.c:2989:event_forward_func:<dashdemux0:sink>[00m Reffing and pushing event 0x7f49080036c0 (reconfigure) to dashdemux0:sink
0:00:00.416245529 [334m19341[00m 0x7f4930006e80 [33;01mLOG    [00m [00;01;31;41m            GST_PADS gstpad.c:5261:gst_pad_push_event_unchecked:<dashdemux0:sink>[00m sending event 0x7f49080036c0 (reconfigure) to peerpad <typefindelement0:src>
0:00:00.416278854 [334m19341[00m 0x7f4930006e80 [37mDEBUG  [00m [00;01;34m           GST_EVENT gstpad.c:5548:gst_pad_send_event_unchecked:<typefindelement0:src>[00m have event type reconfigure event: 0x7f49080036c0, time 99:99:99.999999999, seq-num 368, (NULL)
0:00:00.416319821 [334m19341[00m 0x7f4930006e80 [33;01mLOG    [00m [00;01;31;41m            GST_PADS gstpad.c:5261:gst_pad_push_event_unchecked:<typefindelement0:sink>[00m sending event 0x7f49080036c0 (reconfigure) to peerpad <source:src>
0:00:00.416326844 [334m19341[00m 0x7f494c03fd40 [37mDEBUG  [00m [00;01;31;41m            GST_PADS gstpad.c:1069:gst_pad_set_active:<srcbin-audio_01:src>[00m pad was active in push mode
0:00:00.416340638 [334m19341[00m 0x7f4930006e80 [37mDEBUG  [00m [00;01;34m           GST_EVENT gstpad.c:5548:gst_pad_send_event_unchecked:<source:src>[00m have event type reconfigure event: 0x7f49080036c0, time 99:99:99.999999999, seq-num 368, (NULL)
0:00:00.416400608 [334m19341[00m 0x7f4930006e80 [37mDEBUG  [00m [00;01;31;41m            GST_PADS gstpad.c:5622:gst_pad_send_event_unchecked:<source:src>[00m sent event, ret ok
0:00:00.416411077 [334m19341[00m 0x7f4930006e80 [33;01mLOG    [00m [00;01;31;41m            GST_PADS gstpad.c:5269:gst_pad_push_event_unchecked:<typefindelement0:sink>[00m sent event 0x7f49080036c0 (reconfigure) to peerpad <source:src>, ret ok
0:00:00.416438660 [334m19341[00m 0x7f493c009630 [37mDEBUG  [00m [00;01;31;41m            GST_PADS gstpad.c:3954:gst_pad_query:<souphttpsrc2:src>[00m sent query 0x7f49240020a0 (uri), result 1
0:00:00.416458484 [334m19341[00m 0x7f4930006e80 [37mDEBUG  [00m [00;01;31;41m            GST_PADS gstpad.c:5622:gst_pad_send_event_unchecked:<typefindelement0:src>[00m sent event, ret ok
0:00:00.416467975 [334m19341[00m 0x7f4930006e80 [33;01mLOG    [00m [00;01;31;41m            GST_PADS gstpad.c:5269:gst_pad_push_event_unchecked:<dashdemux0:sink>[00m sent event 0x7f49080036c0 (reconfigure) to peerpad <typefindelement0:src>, ret ok
0:00:00.416510884 [334m19341[00m 0x7f4930006e80 [37mDEBUG  [00m [00;01;31;41m            GST_PADS gstpad.c:5622:gst_pad_send_event_unchecked:<dashdemux0:video_00>[00m sent event, ret ok
0:00:00.416477202 [334m19341[00m 0x7f49300068a0 [37mDEBUG  [00m [00;01;31;41m            GST_PADS gstpad.c:1929:gst_pad_set_query_function_full:<parsepad5:proxypad17>[00m queryfunc set to 0x7f4956790c50
0:00:00.416533442 [334m19341[00m 0x7f4930006e80 [33;01mLOG    [00m [00;01;31;41m            GST_PADS gstpad.c:5269:gst_pad_push_event_unchecked:<queue2-1:sink>[00m sent event 0x7f49080036c0 (reconfigure) to peerpad <dashdemux0:video_00>, ret ok
0:00:00.416572041 [334m19341[00m 0x7f4930006e80 [37mDEBUG  [00m [00;01;31;41m            GST_PADS gstpad.c:5622:gst_pad_send_event_unchecked:<queue2-1:src>[00m sent event, ret ok
0:00:00.416594431 [334m19341[00m 0x7f4930006e80 [33;01mLOG    [00m [00;01;31;41m            GST_PADS gstpad.c:5269:gst_pad_push_event_unchecked:<src_1:proxypad5>[00m sent event 0x7f49080036c0 (reconfigure) to peerpad <queue2-1:src>, ret ok
0:00:00.416545830 [334m19341[00m 0x7f493c009630 [37mDEBUG  [00m [00;01;34m           GST_EVENT gstevent.c:305:gst_event_new_custom:[00m creating new event 0x7f49240025f0 stream-start 10254
0:00:00.416616289 [334m19341[00m 0x7f4948003ed0 [33;01mLOG    [00m [00m      queue_dataflow gstqueue.c:846:gst_queue_locked_dequeue:<queue1>[00m retrieved buffer 0x7f494c020c30 from queue
0:00:00.416639323 [334m19341[00m 0x7f4930006e80 [37mDEBUG  [00m [00;01;31;41m            GST_PADS gstpad.c:5622:gst_pad_send_event_unchecked:<urisourcebin0:src_1>[00m sent event, ret ok
0:00:00.416624969 [334m19341[00m 0x7f493c009630 [33;01mLOG    [00m [00;01;31;41m            GST_PADS gstpad.c:5037:store_sticky_event:<souphttpsrc2:src>[00m Removing pending EOS and StreamGroupDone events
0:00:00.416675487 [334m19341[00m 0x7f49300068a0 [37mDEBUG  [00m [00;01;31;41m            GST_PADS gstpad.c:1063:gst_pad_set_active:<'':parsepad5>[00m activating pad from none
0:00:00.416678623 [334m19341[00m 0x7f493c009630 [33;01mLOG    [00m [00;01;31;41m            GST_PADS gstpad.c:5097:store_sticky_event:<souphttpsrc2:src>[00m stored sticky event stream-start
0:00:00.416682828 [334m19341[00m 0x7f49300068a0 [37mDEBUG  [00m [00;01;31;41m            GST_PADS gstpad.c:979:pre_activate:<'':parsepad5>[00m setting pad into push mode, unset flushing
0:00:00.416693908 [334m19341[00m 0x7f4948003ed0 [33;01mLOG    [00m [00m               queue gstqueue.c:633:apply_buffer:<queue1>[00m src position updated to 0:00:00.000000806
0:00:00.416705353 [334m19341[00m 0x7f493c009630 [37mDEBUG  [00m [00;01;31;41m            GST_PADS gstpad.c:3862:check_sticky:<souphttpsrc2:src>[00m pushing all sticky events
0:00:00.416763034 [334m19341[00m 0x7f49300068a0 [37mDEBUG  [00m [00;01;31;41m            GST_PADS gstpad.c:979:pre_activate:<parsepad5:proxypad17>[00m setting pad into push mode, unset flushing
0:00:00.416690903 [334m19341[00m 0x7f4930006e80 [33;01mLOG    [00m [00;01;31;41m            GST_PADS gstpad.c:5269:gst_pad_push_event_unchecked:<decodebin3-0:sink_0>[00m sent event 0x7f49080036c0 (reconfigure) to peerpad <urisourcebin0:src_1>, ret ok
0:00:00.416735793 [334m19341[00m 0x7f4948003ed0 [33;01mLOG    [00m [00m               queue gstqueue.c:538:update_time_level:<queue1>[00m update src time
0:00:00.416784491 [334m19341[00m 0x7f4930006e80 [37mDEBUG  [00m [00;01;31;41m            GST_PADS gstpad.c:5622:gst_pad_send_event_unchecked:<sink_0:proxypad8>[00m sent event, ret ok
0:00:00.416821370 [334m19341[00m 0x7f49300068a0 [37mDEBUG  [00m [00;01;31;41m            GST_PADS gstpad.c:1207:activate_mode_internal:<'':parsepad5>[00m already activated in push mode
0:00:00.416829510 [334m19341[00m 0x7f49300068a0 [37mDEBUG  [00m [00;01;31;41m            GST_PADS gstpad.c:1188:activate_mode_internal:<parsepad5:proxypad17>[00m activated in push mode
0:00:00.416837253 [334m19341[00m 0x7f49300068a0 [37mDEBUG  [00m [00;01;31;41m            GST_PADS gstpad.c:1188:activate_mode_internal:<'':parsepad5>[00m activated in push mode
0:00:00.416796741 [334m19341[00m 0x7f4930006e80 [33;01mLOG    [00m [00;01;31;41m            GST_PADS gstpad.c:5269:gst_pad_push_event_unchecked:<parsebin1:sink>[00m sent event 0x7f49080036c0 (reconfigure) to peerpad <sink_0:proxypad8>, ret ok
0:00:00.416824842 [334m19341[00m 0x7f4948003ed0 [33;01mLOG    [00m [00m               queue gstqueue.c:547:update_time_level:<queue1>[00m sink +0:00:00.000000806, src +0:00:00.000000806
0:00:00.416864637 [334m19341[00m 0x7f49300068a0 [37mDEBUG  [00m [00;01;31;41m            GST_PADS gstghostpad.c:808:gst_ghost_pad_get_target:<'':parsepad5>[00m get target '':''
0:00:00.416887793 [334m19341[00m 0x7f4930006e80 [37mDEBUG  [00m [00;01;31;41m            GST_PADS gstpad.c:5622:gst_pad_send_event_unchecked:<sink:proxypad10>[00m sent event, ret ok
0:00:00.416944638 [334m19341[00m 0x7f4930006e80 [33;01mLOG    [00m [00;01;31;41m            GST_PADS gstpad.c:5269:gst_pad_push_event_unchecked:<typefind:sink>[00m sent event 0x7f49080036c0 (reconfigure) to peerpad <sink:proxypad10>, ret ok
0:00:00.416933893 [334m19341[00m 0x7f493c009630 [33;01mLOG    [00m [00m       adaptivedemux gstadaptivedemux.c:2406:_uri_handler_probe:<souphttpsrc2:src>[00m Received event stream-start stream-start event: 0x7f49240025f0, time 99:99:99.999999999, seq-num 375, GstEventStreamStart, stream-id=(string)3e3d82d091bbadf0bda21fc8e9529f61c91fd1511b304c2431d6f9c9b4b0c47a, flags=(GstStreamFlags)GST_STREAM_FLAG_NONE, group-id=(uint)9;
0:00:00.416960544 [334m19341[00m 0x7f4930006e80 [37mDEBUG  [00m [00;01;31;41m            GST_PADS gstpad.c:5622:gst_pad_send_event_unchecked:<typefind:src>[00m sent event, ret ok
0:00:00.417027873 [334m19341[00m 0x7f4930006e80 [33;01mLOG    [00m [00;01;34m           GST_EVENT gstevent.c:222:_gst_event_free:[00m freeing event 0x7f49080036c0 type reconfigure
0:00:00.417010432 [334m19341[00m 0x7f493c009630 [33;01mLOG    [00m [00;01;31;41m            GST_PADS gstpad.c:5261:gst_pad_push_event_unchecked:<souphttpsrc2:src>[00m sending event 0x7f49240025f0 (stream-start) to peerpad <queue2:sink>
0:00:00.417146055 [334m19341[00m 0x7f493c009630 [37mDEBUG  [00m [00;01;34m           GST_EVENT gstpad.c:5548:gst_pad_send_event_unchecked:<queue2:sink>[00m have event type stream-start event: 0x7f49240025f0, time 99:99:99.999999999, seq-num 375, GstEventStreamStart, stream-id=(string)3e3d82d091bbadf0bda21fc8e9529f61c91fd1511b304c2431d6f9c9b4b0c47a, flags=(GstStreamFlags)GST_STREAM_FLAG_NONE, group-id=(uint)9;
0:00:00.417177313 [334m19341[00m 0x7f493c009630 [33;01mLOG    [00m [00;01;31;41m            GST_PADS gstpad.c:5556:gst_pad_send_event_unchecked:<queue2:sink>[00m Removing pending EOS events
0:00:00.417189717 [334m19341[00m 0x7f493c009630 [33;01mLOG    [00m [00m      queue_dataflow gstqueue.c:824:gst_queue_locked_enqueue_event:<queue2>[00m (queue2:sink) signal ADD: 0 of 0-0 buffers, 0 of 0-20971520 bytes, 0 of 0-0 ns, 1 items
0:00:00.417205589 [334m19341[00m 0x7f493c009630 [37mDEBUG  [00m [00;01;31;41m            GST_PADS gstpad.c:5622:gst_pad_send_event_unchecked:<queue2:sink>[00m sent event, ret ok
0:00:00.417226232 [334m19341[00m 0x7f493c009630 [33;01mLOG    [00m [00;01;31;41m            GST_PADS gstpad.c:5037:store_sticky_event:<queue2:sink>[00m Removing pending EOS and StreamGroupDone events
0:00:00.417207256 [334m19341[00m 0x7f493c009590 [33;01mLOG    [00m [00m      queue_dataflow gstqueue.c:1500:gst_queue_loop:<queue2>[00m (queue2:src) received ADD: 0 of 0-0 buffers, 0 of 0-20971520 bytes, 0 of 0-0 ns, 1 items
0:00:00.417252492 [334m19341[00m 0x7f493c009590 [37mDEBUG  [00m [00m      queue_dataflow gstqueue.c:1503:gst_queue_loop:<queue2>[00m queue is not empty
0:00:00.417259892 [334m19341[00m 0x7f493c009590 [33;01mLOG    [00m [00m      queue_dataflow gstqueue.c:872:gst_queue_locked_dequeue:<queue2>[00m retrieved event 0x7f49240025f0 from queue
0:00:00.417284011 [334m19341[00m 0x7f493c009590 [33;01mLOG    [00m [00;01;31;41m            GST_PADS gstpad.c:5037:store_sticky_event:<queue2:src>[00m Removing pending EOS and StreamGroupDone events
0:00:00.417304959 [334m19341[00m 0x7f493c009630 [33;01mLOG    [00m [00;01;31;41m            GST_PADS gstpad.c:5097:store_sticky_event:<queue2:sink>[00m stored sticky event stream-start
0:00:00.417292646 [334m19341[00m 0x7f493c009590 [33;01mLOG    [00m [00;01;31;41m            GST_PADS gstpad.c:5097:store_sticky_event:<queue2:src>[00m stored sticky event stream-start
0:00:00.417327731 [334m19341[00m 0x7f4948003ed0 [37mDEBUG  [00m [00;01;35m      GST_SCHEDULING gstpad.c:4202:gst_pad_chain_data_unchecked:<dashdemux0:internal-audio_00>[00m calling chainfunction &0x7f495259ee20 with buffer buffer: 0x7f494c020c30, pts 99:99:99.999999999, dts 99:99:99.999999999, dur 99:99:99.999999999, size 16384, offset 13996, offset_end none, flags 0x0
0:00:00.417342782 [334m19341[00m 0x7f4948003ed0 [37mDEBUG  [00m [00m       adaptivedemux gstadaptivedemux.c:2243:_src_chain:<dashdemux0:audio_00>[00m Received buffer of size 16384
0:00:00.417355376 [334m19341[00m 0x7f493c009590 [37mDEBUG  [00m [00;01;31;41m            GST_PADS gstpad.c:3862:check_sticky:<queue2:src>[00m pushing all sticky events
0:00:00.417331049 [334m19341[00m 0x7f493c009630 [33;01mLOG    [00m [00;01;31;41m            GST_PADS gstpad.c:5269:gst_pad_push_event_unchecked:<souphttpsrc2:src>[00m sent event 0x7f49240025f0 (stream-start) to peerpad <queue2:sink>, ret ok
0:00:00.417378819 [334m19341[00m 0x7f493c009590 [33;01mLOG    [00m [00;01;31;41m            GST_PADS gstpad.c:5261:gst_pad_push_event_unchecked:<queue2:src>[00m sending event 0x7f49240025f0 (stream-start) to peerpad <src:proxypad3>
0:00:00.417477338 [334m19341[00m 0x7f494c03fd40 [37mDEBUG  [00m [00m       adaptivedemux gstadaptivedemux.c:2789:gst_adaptive_demux_stream_download_uri:<dashdemux0:audio_01>[00m Waiting for fragment download to finish: http://dash.akamaized.net/dash264/TestCases/10a/1/German_Forest_Short_Poem_german-de-68s-2-lc-128000bps_seg.mp4
0:00:00.417442129 [334m19341[00m 0x7f493c009630 [37mDEBUG  [00m [00;01;31;41m            GST_PADS gstpad.c:3814:push_sticky:<souphttpsrc2:src>[00m event stream-start marked received
0:00:00.417451829 [334m19341[00m 0x7f493c009590 [37mDEBUG  [00m [00;01;34m           GST_EVENT gstpad.c:5548:gst_pad_send_event_unchecked:<src:proxypad3>[00m have event type stream-start event: 0x7f49240025f0, time 99:99:99.999999999, seq-num 375, GstEventStreamStart, stream-id=(string)3e3d82d091bbadf0bda21fc8e9529f61c91fd1511b304c2431d6f9c9b4b0c47a, flags=(GstStreamFlags)GST_STREAM_FLAG_NONE, group-id=(uint)9;
0:00:00.417547408 [334m19341[00m 0x7f493c009630 [37mDEBUG  [00m [00;01;31;41m            GST_PADS gstpad.c:1614:gst_pad_check_reconfigure:<souphttpsrc2:src>[00m remove RECONFIGURE flag
0:00:00.417522875 [334m19341[00m 0x7f493c009590 [33;01mLOG    [00m [00;01;31;41m            GST_PADS gstpad.c:5556:gst_pad_send_event_unchecked:<src:proxypad3>[00m Removing pending EOS events
0:00:00.417634402 [334m19341[00m 0x7f493c009630 [37mDEBUG  [00m [00;01;31;41m            GST_PADS gstpad.c:3931:gst_pad_query:<souphttpsrc2:src>[00m doing query 0x7f49240020f0 (caps)
0:00:00.417670567 [334m19341[00m 0x7f4948003ed0 [37mDEBUG  [00m [00;01;35m      GST_SCHEDULING gstpad.c:4202:gst_pad_chain_data_unchecked:<queue2-0:sink>[00m calling chainfunction &gst_queue2_chain with buffer buffer: 0x7f494c020c30, pts 99:99:99.999999999, dts 99:99:99.999999999, dur 99:99:99.999999999, size 16384, offset 13996, offset_end 30380, flags 0x0
0:00:00.417688179 [334m19341[00m 0x7f4948003ed0 [33;01mLOG    [00m [00m     queue2_dataflow gstqueue2.c:2816:gst_queue2_chain:<queue2-0>[00m received buffer 0x7f494c020c30 of size 16384, time 99:99:99.999999999, duration 99:99:99.999999999
0:00:00.417666510 [334m19341[00m 0x7f493c009590 [33;01mLOG    [00m [00;01;31;41m            GST_PADS gstpad.c:2944:gst_pad_forward:<src:proxypad3>[00m calling forward function on pad srcbin-audio_01:src
0:00:00.417732288 [334m19341[00m 0x7f4948003ed0 [37mDEBUG  [00m [00m              queue2 gstqueue2.c:842:apply_buffer:<queue2-0>[00m position updated to 0:00:01.804819625
0:00:00.417791389 [334m19341[00m 0x7f49300068a0 [36mINFO   [00m [00;01;34m           GST_EVENT gstevent.c:1511:gst_event_new_reconfigure:[00m creating reconfigure event
0:00:00.417759133 [334m19341[00m 0x7f493c009590 [33;01mLOG    [00m [00;01;31;41m            GST_PADS gstpad.c:2989:event_forward_func:<srcbin-audio_01:src>[00m Reffing and pushing event 0x7f49240025f0 (stream-start) to srcbin-audio_01:src
0:00:00.417800100 [334m19341[00m 0x7f49300068a0 [37mDEBUG  [00m [00;01;34m           GST_EVENT gstevent.c:305:gst_event_new_custom:[00m creating new event 0x7f4910004100 reconfigure 61441
0:00:00.417822519 [334m19341[00m 0x7f493c009590 [33;01mLOG    [00m [00;01;31;41m            GST_PADS gstpad.c:5037:store_sticky_event:<srcbin-audio_01:src>[00m Removing pending EOS and StreamGroupDone events
0:00:00.417785321 [334m19341[00m 0x7f4948003ed0 [37mDEBUG  [00m [00m              queue2 gstqueue2.c:740:update_time_level:<queue2-0>[00m sink 0:00:01.804819625, src 0:00:00.000000000
0:00:00.417856104 [334m19341[00m 0x7f493c009630 [37mDEBUG  [00m [00;01;31;41m            GST_PADS gstpad.c:3954:gst_pad_query:<souphttpsrc2:src>[00m sent query 0x7f49240020f0 (caps), result 1
0:00:00.417887892 [334m19341[00m 0x7f493c009590 [33;01mLOG    [00m [00;01;31;41m            GST_PADS gstpad.c:5097:store_sticky_event:<srcbin-audio_01:src>[00m stored sticky event stream-start
0:00:00.417844503 [334m19341[00m 0x7f4948003ed0 [37mDEBUG  [00m [00m              queue2 gstqueue2.c:1199:update_in_rates:<queue2-0>[00m rates: in 0.000000, time 0:00:00.000000000
0:00:00.417915509 [334m19341[00m 0x7f493c009590 [37mDEBUG  [00m [00;01;31;41m            GST_PADS gstpad.c:3862:check_sticky:<srcbin-audio_01:src>[00m pushing all sticky events
0:00:00.418029669 [334m19341[00m 0x7f49300068a0 [37mDEBUG  [00m [00;01;34m           GST_EVENT gstpad.c:5548:gst_pad_send_event_unchecked:<typefind:src>[00m have event type reconfigure event: 0x7f4910004100, time 99:99:99.999999999, seq-num 379, (NULL)
0:00:00.418041131 [334m19341[00m 0x7f49300068a0 [33;01mLOG    [00m [00;01;31;41m            GST_PADS gstpad.c:5261:gst_pad_push_event_unchecked:<typefind:sink>[00m sending event 0x7f4910004100 (reconfigure) to peerpad <sink:proxypad6>
0:00:00.418054357 [334m19341[00m 0x7f49300068a0 [37mDEBUG  [00m [00;01;34m           GST_EVENT gstpad.c:5548:gst_pad_send_event_unchecked:<sink:proxypad6>[00m have event type reconfigure event: 0x7f4910004100, time 99:99:99.999999999, seq-num 379, (NULL)
0:00:00.417950060 [334m19341[00m 0x7f4948003ed0 [37mDEBUG  [00m [00;01;35m      GST_SCHEDULING gstpad.c:4208:gst_pad_chain_data_unchecked:<queue2-0:sink>[00m called chainfunction &gst_queue2_chain with buffer 0x7f494c020c30, returned ok
0:00:00.418102923 [334m19341[00m 0x7f49300068a0 [33;01mLOG    [00m [00;01;31;41m            GST_PADS gstpad.c:2944:gst_pad_forward:<sink:proxypad6>[00m calling forward function on pad parsebin0:sink
0:00:00.418117592 [334m19341[00m 0x7f49300068a0 [33;01mLOG    [00m [00;01;31;41m            GST_PADS gstpad.c:2989:event_forward_func:<parsebin0:sink>[00m Reffing and pushing event 0x7f4910004100 (reconfigure) to parsebin0:sink
0:00:00.418141782 [334m19341[00m 0x7f4948003ed0 [33;01mLOG    [00m [00m       adaptivedemux gstadaptivedemux.c:2114:gst_adaptive_demux_stream_push_buffer:<dashdemux0:audio_00>[00m Push result: 0 ok
0:00:00.418150683 [334m19341[00m 0x7f49300068a0 [33;01mLOG    [00m [00;01;31;41m            GST_PADS gstpad.c:5261:gst_pad_push_event_unchecked:<parsebin0:sink>[00m sending event 0x7f4910004100 (reconfigure) to peerpad <sink:proxypad0>
0:00:00.418179125 [334m19341[00m 0x7f49300068a0 [37mDEBUG  [00m [00;01;34m           GST_EVENT gstpad.c:5548:gst_pad_send_event_unchecked:<sink:proxypad0>[00m have event type reconfigure event: 0x7f4910004100, time 99:99:99.999999999, seq-num 379, (NULL)
0:00:00.418184836 [334m19341[00m 0x7f4948003ed0 [37mDEBUG  [00m [00;01;35m      GST_SCHEDULING gstpad.c:4208:gst_pad_chain_data_unchecked:<dashdemux0:internal-audio_00>[00m called chainfunction &0x7f495259ee20 with buffer 0x7f494c020c30, returned ok
0:00:00.418275102 [334m19341[00m 0x7f493c009630 [37mDEBUG  [00m [00;01;31;41m            GST_PADS gstpad.c:4058:gst_pad_peer_query:<souphttpsrc2:src>[00m peer query 0x7f4924002140 (allocation)
0:00:00.418279417 [334m19341[00m 0x7f49300068a0 [33;01mLOG    [00m [00;01;31;41m            GST_PADS gstpad.c:2944:gst_pad_forward:<sink:proxypad0>[00m calling forward function on pad decodebin3-0:sink
0:00:00.418323648 [334m19341[00m 0x7f49300068a0 [33;01mLOG    [00m [00;01;31;41m            GST_PADS gstpad.c:2989:event_forward_func:<decodebin3-0:sink>[00m Reffing and pushing event 0x7f4910004100 (reconfigure) to decodebin3-0:sink
0:00:00.418332240 [334m19341[00m 0x7f49300068a0 [33;01mLOG    [00m [00;01;31;41m            GST_PADS gstpad.c:5261:gst_pad_push_event_unchecked:<decodebin3-0:sink>[00m sending event 0x7f4910004100 (reconfigure) to peerpad <urisourcebin0:src_0>
0:00:00.418382882 [334m19341[00m 0x7f49300068a0 [37mDEBUG  [00m [00;01;34m           GST_EVENT gstpad.c:5548:gst_pad_send_event_unchecked:<urisourcebin0:src_0>[00m have event type reconfigure event: 0x7f4910004100, time 99:99:99.999999999, seq-num 379, (NULL)
0:00:00.418405673 [334m19341[00m 0x7f49300068a0 [33;01mLOG    [00m [00;01;31;41m            GST_PADS gstpad.c:2944:gst_pad_forward:<urisourcebin0:src_0>[00m calling forward function on pad src_0:proxypad4
0:00:00.418414980 [334m19341[00m 0x7f49300068a0 [33;01mLOG    [00m [00;01;31;41m            GST_PADS gstpad.c:2989:event_forward_func:<src_0:proxypad4>[00m Reffing and pushing event 0x7f4910004100 (reconfigure) to src_0:proxypad4
0:00:00.418440660 [334m19341[00m 0x7f49300068a0 [33;01mLOG    [00m [00;01;31;41m            GST_PADS gstpad.c:5261:gst_pad_push_event_unchecked:<src_0:proxypad4>[00m sending event 0x7f4910004100 (reconfigure) to peerpad <queue2-0:src>
0:00:00.418397469 [334m19341[00m 0x7f493c009590 [33;01mLOG    [00m [00;01;31;41m            GST_PADS gstpad.c:5261:gst_pad_push_event_unchecked:<srcbin-audio_01:src>[00m sending event 0x7f49240025f0 (stream-start) to peerpad <dashdemux0:internal-audio_01>
0:00:00.418463795 [334m19341[00m 0x7f49300068a0 [37mDEBUG  [00m [00;01;34m           GST_EVENT gstpad.c:5548:gst_pad_send_event_unchecked:<queue2-0:src>[00m have event type reconfigure event: 0x7f4910004100, time 99:99:99.999999999, seq-num 379, (NULL)
0:00:00.418462015 [334m19341[00m 0x7f493c009590 [37mDEBUG  [00m [00;01;34m           GST_EVENT gstpad.c:5548:gst_pad_send_event_unchecked:<dashdemux0:internal-audio_01>[00m have event type stream-start event: 0x7f49240025f0, time 99:99:99.999999999, seq-num 375, GstEventStreamStart, stream-id=(string)3e3d82d091bbadf0bda21fc8e9529f61c91fd1511b304c2431d6f9c9b4b0c47a, flags=(GstStreamFlags)GST_STREAM_FLAG_NONE, group-id=(uint)9;
0:00:00.418426626 [334m19341[00m 0x7f4948003ed0 [33;01mLOG    [00m [00m      queue_dataflow gstqueue.c:846:gst_queue_locked_dequeue:<queue1>[00m retrieved buffer 0x7f4910036510 from queue
0:00:00.418505805 [334m19341[00m 0x7f4930006e80 [33;01mLOG    [00m [00;01;31;41m            GST_PADS gstpad.c:5037:store_sticky_event:<'':parsepad4>[00m Removing pending EOS and StreamGroupDone events
0:00:00.418496826 [334m19341[00m 0x7f4948003ed0 [33;01mLOG    [00m [00m               queue gstqueue.c:633:apply_buffer:<queue1>[00m src position updated to 0:00:00.000000806
0:00:00.418528109 [334m19341[00m 0x7f4930006e80 [33;01mLOG    [00m [00;01;31;41m            GST_PADS gstpad.c:5097:store_sticky_event:<'':parsepad4>[00m stored sticky event stream-start
0:00:00.418515364 [334m19341[00m 0x7f493c009590 [33;01mLOG    [00m [00;01;31;41m            GST_PADS gstpad.c:5556:gst_pad_send_event_unchecked:<dashdemux0:internal-audio_01>[00m Removing pending EOS events
0:00:00.418526084 [334m19341[00m 0x7f4948003ed0 [33;01mLOG    [00m [00m               queue gstqueue.c:538:update_time_level:<queue1>[00m update src time
0:00:00.418562509 [334m19341[00m 0x7f493c009590 [37mDEBUG  [00m [00;01;31;41m            GST_PADS gstpad.c:5622:gst_pad_send_event_unchecked:<dashdemux0:internal-audio_01>[00m sent event, ret ok
0:00:00.418547590 [334m19341[00m 0x7f493c009630 [37mDEBUG  [00m [00;01;31;41m            GST_PADS gstpad.c:3931:gst_pad_query:<queue2:sink>[00m doing query 0x7f4924002140 (allocation)
0:00:00.418587578 [334m19341[00m 0x7f493c009590 [33;01mLOG    [00m [00;01;31;41m            GST_PADS gstpad.c:5037:store_sticky_event:<dashdemux0:internal-audio_01>[00m Removing pending EOS and StreamGroupDone events
0:00:00.418585825 [334m19341[00m 0x7f4948003ed0 [33;01mLOG    [00m [00m               queue gstqueue.c:547:update_time_level:<queue1>[00m sink +0:00:00.000000806, src +0:00:00.000000806
0:00:00.418613549 [334m19341[00m 0x7f493c009590 [33;01mLOG    [00m [00;01;31;41m            GST_PADS gstpad.c:5097:store_sticky_event:<dashdemux0:internal-audio_01>[00m stored sticky event stream-start
0:00:00.418616339 [334m19341[00m 0x7f493c009630 [33;01mLOG    [00m [00m               queue gstqueue.c:1044:gst_queue_handle_sink_query:<queue2>[00m queuing query 0x7f4924002140 (allocation)
0:00:00.418650441 [334m19341[00m 0x7f493c009590 [33;01mLOG    [00m [00;01;31;41m            GST_PADS gstpad.c:5269:gst_pad_push_event_unchecked:<srcbin-audio_01:src>[00m sent event 0x7f49240025f0 (stream-start) to peerpad <dashdemux0:internal-audio_01>, ret ok
0:00:00.418753374 [334m19341[00m 0x7f493c009590 [37mDEBUG  [00m [00;01;31;41m            GST_PADS gstpad.c:3814:push_sticky:<srcbin-audio_01:src>[00m event stream-start marked received
0:00:00.418780407 [334m19341[00m 0x7f493c009590 [37mDEBUG  [00m [00;01;31;41m            GST_PADS gstpad.c:5622:gst_pad_send_event_unchecked:<src:proxypad3>[00m sent event, ret ok
0:00:00.418788429 [334m19341[00m 0x7f49300068a0 [37mDEBUG  [00m [00m     queue2_dataflow gstqueue2.c:3080:gst_queue2_handle_src_event:<queue2-0>[00m got event 0x7f4910004100 (reconfigure)
0:00:00.418803128 [334m19341[00m 0x7f493c009590 [33;01mLOG    [00m [00;01;31;41m            GST_PADS gstpad.c:5037:store_sticky_event:<src:proxypad3>[00m Removing pending EOS and StreamGroupDone events
0:00:00.418812638 [334m19341[00m 0x7f49300068a0 [33;01mLOG    [00m [00;01;31;41m            GST_PADS gstpad.c:5261:gst_pad_push_event_unchecked:<queue2-0:sink>[00m sending event 0x7f4910004100 (reconfigure) to peerpad <dashdemux0:audio_00>
0:00:00.418827707 [334m19341[00m 0x7f493c009590 [33;01mLOG    [00m [00;01;31;41m            GST_PADS gstpad.c:5097:store_sticky_event:<src:proxypad3>[00m stored sticky event stream-start
0:00:00.418835176 [334m19341[00m 0x7f493c009590 [33;01mLOG    [00m [00;01;31;41m            GST_PADS gstpad.c:5269:gst_pad_push_event_unchecked:<queue2:src>[00m sent event 0x7f49240025f0 (stream-start) to peerpad <src:proxypad3>, ret ok
0:00:00.418840008 [334m19341[00m 0x7f49300068a0 [37mDEBUG  [00m [00;01;34m           GST_EVENT gstpad.c:5548:gst_pad_send_event_unchecked:<dashdemux0:audio_00>[00m have event type reconfigure event: 0x7f4910004100, time 99:99:99.999999999, seq-num 379, (NULL)
0:00:00.418843300 [334m19341[00m 0x7f493c009590 [37mDEBUG  [00m [00;01;31;41m            GST_PADS gstpad.c:3814:push_sticky:<queue2:src>[00m event stream-start marked received
0:00:00.418882070 [334m19341[00m 0x7f493c009590 [33;01mLOG    [00m [00m      queue_dataflow gstqueue.c:897:gst_queue_locked_dequeue:<queue2>[00m retrieved query 0x7f4924002140 from queue
0:00:00.418903962 [334m19341[00m 0x7f493c009590 [37mDEBUG  [00m [00;01;31;41m            GST_PADS gstpad.c:4058:gst_pad_peer_query:<queue2:src>[00m peer query 0x7f4924002140 (allocation)
0:00:00.418920471 [334m19341[00m 0x7f493c009590 [37mDEBUG  [00m [00;01;31;41m            GST_PADS gstpad.c:3931:gst_pad_query:<src:proxypad3>[00m doing query 0x7f4924002140 (allocation)
0:00:00.418958360 [334m19341[00m 0x7f4930006e80 [33;01mLOG    [00m [00;01;31;41m            GST_PADS gstpad.c:5097:store_sticky_event:<'':parsepad4>[00m stored sticky event caps
0:00:00.418970821 [334m19341[00m 0x7f493c009590 [33;01mLOG    [00m [00;01;31;41m            GST_PADS gstpad.c:2944:gst_pad_forward:<src:proxypad3>[00m calling forward function on pad srcbin-audio_01:src
0:00:00.418981104 [334m19341[00m 0x7f4930006e80 [37mDEBUG  [00m [00;01;31;41m            GST_PADS gstpad.c:5103:store_sticky_event:<'':parsepad4>[00m notify caps
0:00:00.419010160 [334m19341[00m 0x7f493c009590 [33;01mLOG    [00m [00;01;31;41m            GST_PADS gstpad.c:3315:query_forward_func:<srcbin-audio_01:src>[00m query peer 0x7f4924002140 (allocation) of srcbin-audio_01:src
0:00:00.419019457 [334m19341[00m 0x7f493c009590 [37mDEBUG  [00m [00;01;31;41m            GST_PADS gstpad.c:4058:gst_pad_peer_query:<srcbin-audio_01:src>[00m peer query 0x7f4924002140 (allocation)
0:00:00.419024103 [334m19341[00m 0x7f49300068a0 [37mDEBUG  [00m [00m       adaptivedemux gstadaptivedemux.c:1597:gst_adaptive_demux_src_event:<dashdemux0:audio_00>[00m [DEBUG], last flow ret = ok
0:00:00.419092399 [334m19341[00m 0x7f49300068a0 [33;01mLOG    [00m [00;01;31;41m            GST_PADS gstpad.c:2944:gst_pad_forward:<dashdemux0:audio_00>[00m calling forward function on pad dashdemux0:sink
0:00:00.419119076 [334m19341[00m 0x7f4948003ed0 [37mDEBUG  [00m [00;01;35m      GST_SCHEDULING gstpad.c:4202:gst_pad_chain_data_unchecked:<dashdemux0:internal-audio_00>[00m calling chainfunction &0x7f495259ee20 with buffer buffer: 0x7f4910036510, pts 99:99:99.999999999, dts 99:99:99.999999999, dur 99:99:99.999999999, size 3184, offset 30380, offset_end none, flags 0x0
0:00:00.419014057 [334m19341[00m 0x7f4930006e80 [37mDEBUG  [00m [00m          decodebin3 gstdecodebin3.c:692:parsebin_autoplug_continue_cb:<'':parsepad4>[00m caps video/x-h264, stream-format=(string)avc, alignment=(string)au, level=(string)3, profile=(string)constrained-baseline, codec_data=(buffer)0142c01effe100186742c01ed900d43dfb84000003000400000300c03c58b92001000468cb8cf2, width=(int)848, height=(int)476, pixel-aspect-ratio=(fraction)1/1
0:00:00.419139092 [334m19341[00m 0x7f49300068a0 [33;01mLOG    [00m [00;01;31;41m            GST_PADS gstpad.c:2989:event_forward_func:<dashdemux0:sink>[00m Reffing and pushing event 0x7f4910004100 (reconfigure) to dashdemux0:sink
0:00:00.419137005 [334m19341[00m 0x7f493c009590 [37mDEBUG  [00m [00;01;31;41m            GST_PADS gstpad.c:3931:gst_pad_query:<dashdemux0:internal-audio_01>[00m doing query 0x7f4924002140 (allocation)
0:00:00.419149284 [334m19341[00m 0x7f4948003ed0 [37mDEBUG  [00m [00m       adaptivedemux gstadaptivedemux.c:2243:_src_chain:<dashdemux0:audio_00>[00m Received buffer of size 3184
0:00:00.419175992 [334m19341[00m 0x7f493c009590 [37mDEBUG  [00m [00;01;31;41m            GST_PADS gstpad.c:3954:gst_pad_query:<dashdemux0:internal-audio_01>[00m sent query 0x7f4924002140 (allocation), result 0
0:00:00.419211568 [334m19341[00m 0x7f493c009590 [37mDEBUG  [00m [00;01;31;41m            GST_PADS gstpad.c:3999:gst_pad_query:<dashdemux0:internal-audio_01>[00m query failed
0:00:00.419237947 [334m19341[00m 0x7f493c009590 [37mDEBUG  [00m [00;01;31;41m            GST_PADS gstpad.c:4120:gst_pad_peer_query:<srcbin-audio_01:src>[00m query failed
0:00:00.419254050 [334m19341[00m 0x7f493c009590 [37mDEBUG  [00m [00;01;31;41m            GST_PADS gstpad.c:3954:gst_pad_query:<src:proxypad3>[00m sent query 0x7f4924002140 (allocation), result 0
0:00:00.419278764 [334m19341[00m 0x7f493c009590 [37mDEBUG  [00m [00;01;31;41m            GST_PADS gstpad.c:3999:gst_pad_query:<src:proxypad3>[00m query failed
0:00:00.419303916 [334m19341[00m 0x7f493c009590 [37mDEBUG  [00m [00;01;31;41m            GST_PADS gstpad.c:4120:gst_pad_peer_query:<queue2:src>[00m query failed
0:00:00.419165530 [334m19341[00m 0x7f49300068a0 [33;01mLOG    [00m [00;01;31;41m            GST_PADS gstpad.c:5261:gst_pad_push_event_unchecked:<dashdemux0:sink>[00m sending event 0x7f4910004100 (reconfigure) to peerpad <typefindelement0:src>
0:00:00.419337898 [334m19341[00m 0x7f49300068a0 [37mDEBUG  [00m [00;01;34m           GST_EVENT gstpad.c:5548:gst_pad_send_event_unchecked:<typefindelement0:src>[00m have event type reconfigure event: 0x7f4910004100, time 99:99:99.999999999, seq-num 379, (NULL)
0:00:00.419366521 [334m19341[00m 0x7f493c009590 [33;01mLOG    [00m [00m      queue_dataflow gstqueue.c:1454:gst_queue_push_one:<queue2>[00m did query 0x7f4924002140, return 0
0:00:00.419378360 [334m19341[00m 0x7f493c009590 [37mDEBUG  [00m [00m      queue_dataflow gstqueue.c:1491:gst_queue_loop:<queue2>[00m queue is empty
0:00:00.419380491 [334m19341[00m 0x7f49300068a0 [33;01mLOG    [00m [00;01;31;41m            GST_PADS gstpad.c:5261:gst_pad_push_event_unchecked:<typefindelement0:sink>[00m sending event 0x7f4910004100 (reconfigure) to peerpad <source:src>
0:00:00.419430661 [334m19341[00m 0x7f493c009590 [33;01mLOG    [00m [00m      queue_dataflow gstqueue.c:1500:gst_queue_loop:<queue2>[00m (queue2:src) wait for ADD: 0 of 0-0 buffers, 0 of 0-20971520 bytes, 0 of 0-0 ns, 0 items
0:00:00.419445961 [334m19341[00m 0x7f49300068a0 [37mDEBUG  [00m [00;01;34m           GST_EVENT gstpad.c:5548:gst_pad_send_event_unchecked:<source:src>[00m have event type reconfigure event: 0x7f4910004100, time 99:99:99.999999999, seq-num 379, (NULL)
0:00:00.419496962 [334m19341[00m 0x7f493c009630 [37mDEBUG  [00m [00;01;31;41m            GST_PADS gstpad.c:3954:gst_pad_query:<queue2:sink>[00m sent query 0x7f4924002140 (allocation), result 0
0:00:00.419490723 [334m19341[00m 0x7f49300068a0 [37mDEBUG  [00m [00;01;31;41m            GST_PADS gstpad.c:5622:gst_pad_send_event_unchecked:<source:src>[00m sent event, ret ok
0:00:00.419509128 [334m19341[00m 0x7f493c009630 [37mDEBUG  [00m [00;01;31;41m            GST_PADS gstpad.c:3999:gst_pad_query:<queue2:sink>[00m query failed
0:00:00.419524443 [334m19341[00m 0x7f49300068a0 [33;01mLOG    [00m [00;01;31;41m            GST_PADS gstpad.c:5269:gst_pad_push_event_unchecked:<typefindelement0:sink>[00m sent event 0x7f4910004100 (reconfigure) to peerpad <source:src>, ret ok
0:00:00.419544193 [334m19341[00m 0x7f493c009630 [37mDEBUG  [00m [00;01;31;41m            GST_PADS gstpad.c:4120:gst_pad_peer_query:<souphttpsrc2:src>[00m query failed
0:00:00.419541537 [334m19341[00m 0x7f49300068a0 [37mDEBUG  [00m [00;01;31;41m            GST_PADS gstpad.c:5622:gst_pad_send_event_unchecked:<typefindelement0:src>[00m sent event, ret ok
0:00:00.419577659 [334m19341[00m 0x7f49300068a0 [33;01mLOG    [00m [00;01;31;41m            GST_PADS gstpad.c:5269:gst_pad_push_event_unchecked:<dashdemux0:sink>[00m sent event 0x7f4910004100 (reconfigure) to peerpad <typefindelement0:src>, ret ok
0:00:00.419594574 [334m19341[00m 0x7f49300068a0 [37mDEBUG  [00m [00;01;31;41m            GST_PADS gstpad.c:5622:gst_pad_send_event_unchecked:<dashdemux0:audio_00>[00m sent event, ret ok
0:00:00.419618109 [334m19341[00m 0x7f49300068a0 [33;01mLOG    [00m [00;01;31;41m            GST_PADS gstpad.c:5269:gst_pad_push_event_unchecked:<queue2-0:sink>[00m sent event 0x7f4910004100 (reconfigure) to peerpad <dashdemux0:audio_00>, ret ok
0:00:00.419647963 [334m19341[00m 0x7f49300068a0 [37mDEBUG  [00m [00;01;31;41m            GST_PADS gstpad.c:5622:gst_pad_send_event_unchecked:<queue2-0:src>[00m sent event, ret ok
0:00:00.419626336 [334m19341[00m 0x7f4948003ed0 [37mDEBUG  [00m [00;01;35m      GST_SCHEDULING gstpad.c:4202:gst_pad_chain_data_unchecked:<queue2-0:sink>[00m calling chainfunction &gst_queue2_chain with buffer buffer: 0x7f4910036510, pts 99:99:99.999999999, dts 99:99:99.999999999, dur 99:99:99.999999999, size 3184, offset 30380, offset_end 33564, flags 0x0
0:00:00.419664743 [334m19341[00m 0x7f49300068a0 [33;01mLOG    [00m [00;01;31;41m            GST_PADS gstpad.c:5269:gst_pad_push_event_unchecked:<src_0:proxypad4>[00m sent event 0x7f4910004100 (reconfigure) to peerpad <queue2-0:src>, ret ok
0:00:00.419682800 [334m19341[00m 0x7f4948003ed0 [33;01mLOG    [00m [00m     queue2_dataflow gstqueue2.c:2816:gst_queue2_chain:<queue2-0>[00m received buffer 0x7f4910036510 of size 3184, time 99:99:99.999999999, duration 99:99:99.999999999
0:00:00.419703550 [334m19341[00m 0x7f49300068a0 [37mDEBUG  [00m [00;01;31;41m            GST_PADS gstpad.c:5622:gst_pad_send_event_unchecked:<urisourcebin0:src_0>[00m sent event, ret ok
0:00:00.419723610 [334m19341[00m 0x7f49300068a0 [33;01mLOG    [00m [00;01;31;41m            GST_PADS gstpad.c:5269:gst_pad_push_event_unchecked:<decodebin3-0:sink>[00m sent event 0x7f4910004100 (reconfigure) to peerpad <urisourcebin0:src_0>, ret ok
0:00:00.419733335 [334m19341[00m 0x7f49300068a0 [37mDEBUG  [00m [00;01;31;41m            GST_PADS gstpad.c:5622:gst_pad_send_event_unchecked:<sink:proxypad0>[00m sent event, ret ok
0:00:00.419735589 [334m19341[00m 0x7f4948003ed0 [37mDEBUG  [00m [00m              queue2 gstqueue2.c:842:apply_buffer:<queue2-0>[00m position updated to 0:00:01.999130360
0:00:00.419748335 [334m19341[00m 0x7f4948003ed0 [37mDEBUG  [00m [00m              queue2 gstqueue2.c:740:update_time_level:<queue2-0>[00m sink 0:00:01.999130360, src 0:00:00.000000000
0:00:00.419740713 [334m19341[00m 0x7f49300068a0 [33;01mLOG    [00m [00;01;31;41m            GST_PADS gstpad.c:5269:gst_pad_push_event_unchecked:<parsebin0:sink>[00m sent event 0x7f4910004100 (reconfigure) to peerpad <sink:proxypad0>, ret ok
0:00:00.419800484 [334m19341[00m 0x7f49300068a0 [37mDEBUG  [00m [00;01;31;41m            GST_PADS gstpad.c:5622:gst_pad_send_event_unchecked:<sink:proxypad6>[00m sent event, ret ok
0:00:00.419815340 [334m19341[00m 0x7f4948003ed0 [37mDEBUG  [00m [00m              queue2 gstqueue2.c:1199:update_in_rates:<queue2-0>[00m rates: in 0.000000, time 0:00:00.000000000
0:00:00.419842714 [334m19341[00m 0x7f49300068a0 [33;01mLOG    [00m [00;01;31;41m            GST_PADS gstpad.c:5269:gst_pad_push_event_unchecked:<typefind:sink>[00m sent event 0x7f4910004100 (reconfigure) to peerpad <sink:proxypad6>, ret ok
0:00:00.419879655 [334m19341[00m 0x7f49300068a0 [37mDEBUG  [00m [00;01;31;41m            GST_PADS gstpad.c:5622:gst_pad_send_event_unchecked:<typefind:src>[00m sent event, ret ok
0:00:00.419864867 [334m19341[00m 0x7f4948003ed0 [37mDEBUG  [00m [00;01;35m      GST_SCHEDULING gstpad.c:4208:gst_pad_chain_data_unchecked:<queue2-0:sink>[00m called chainfunction &gst_queue2_chain with buffer 0x7f4910036510, returned ok
0:00:00.419908304 [334m19341[00m 0x7f49300068a0 [33;01mLOG    [00m [00;01;34m           GST_EVENT gstevent.c:222:_gst_event_free:[00m freeing event 0x7f4910004100 type reconfigure
0:00:00.419954401 [334m19341[00m 0x7f4948003ed0 [33;01mLOG    [00m [00m       adaptivedemux gstadaptivedemux.c:2114:gst_adaptive_demux_stream_push_buffer:<dashdemux0:audio_00>[00m Push result: 0 ok
0:00:00.419971727 [334m19341[00m 0x7f4948003ed0 [37mDEBUG  [00m [00;01;35m      GST_SCHEDULING gstpad.c:4208:gst_pad_chain_data_unchecked:<dashdemux0:internal-audio_00>[00m called chainfunction &0x7f495259ee20 with buffer 0x7f4910036510, returned ok
0:00:00.420231705 [334m19341[00m 0x7f4948003ed0 [37mDEBUG  [00m [00m      queue_dataflow gstqueue.c:1491:gst_queue_loop:<queue1>[00m queue is empty
0:00:00.420291479 [334m19341[00m 0x7f4948003ed0 [33;01mLOG    [00m [00m      queue_dataflow gstqueue.c:1500:gst_queue_loop:<queue1>[00m (queue1:src) wait for ADD: 0 of 0-0 buffers, 0 of 0-20971520 bytes, 0 of 0-0 ns, 0 items
0:00:00.420559257 [334m19341[00m 0x7f49300068a0 [33;01mLOG    [00m [00;01;31;41m            GST_PADS gstpad.c:5037:store_sticky_event:<'':parsepad5>[00m Removing pending EOS and StreamGroupDone events
0:00:00.420567238 [334m19341[00m 0x7f49300068a0 [33;01mLOG    [00m [00;01;31;41m            GST_PADS gstpad.c:5097:store_sticky_event:<'':parsepad5>[00m stored sticky event stream-start
0:00:00.420804403 [334m19341[00m 0x7f49300068a0 [33;01mLOG    [00m [00;01;31;41m            GST_PADS gstpad.c:5097:store_sticky_event:<'':parsepad5>[00m stored sticky event caps
0:00:00.420839432 [334m19341[00m 0x7f49300068a0 [37mDEBUG  [00m [00;01;31;41m            GST_PADS gstpad.c:5103:store_sticky_event:<'':parsepad5>[00m notify caps
0:00:00.420859158 [334m19341[00m 0x7f49300068a0 [37mDEBUG  [00m [00m          decodebin3 gstdecodebin3.c:692:parsebin_autoplug_continue_cb:<'':parsepad5>[00m caps audio/mpeg, mpegversion=(int)4, framed=(boolean)true, stream-format=(string)raw, level=(string)2, base-profile=(string)lc, profile=(string)lc, codec_data=(buffer)1190ed40, rate=(int)48000, channels=(int)2
0:00:00.422423598 [334m19341[00m 0x7f4948003f70 [33;01mLOG    [00m [00m       adaptivedemux gstadaptivedemux.c:2401:_uri_handler_probe:<souphttpsrc1:src>[00m Received buffer, size 1448 total 34206
0:00:00.422461635 [334m19341[00m 0x7f4948003f70 [37mDEBUG  [00m [00;01;35m      GST_SCHEDULING gstpad.c:4202:gst_pad_chain_data_unchecked:<queue1:sink>[00m calling chainfunction &gst_queue_chain with buffer buffer: 0x7f4910036620, pts 99:99:99.999999999, dts 99:99:99.999999999, dur 99:99:99.999999999, size 1448, offset 33564, offset_end none, flags 0x0
0:00:00.422497388 [334m19341[00m 0x7f4948003f70 [33;01mLOG    [00m [00m      queue_dataflow gstqueue.c:1183:gst_queue_chain_buffer_or_list:<queue1>[00m received buffer 0x7f4910036620 of size 1448, time 99:99:99.999999999, duration 99:99:99.999999999
0:00:00.422541461 [334m19341[00m 0x7f4948003f70 [33;01mLOG    [00m [00m               queue gstqueue.c:633:apply_buffer:<queue1>[00m sink position updated to 0:00:00.000000806
0:00:00.422572998 [334m19341[00m 0x7f4948003f70 [33;01mLOG    [00m [00m               queue gstqueue.c:529:update_time_level:<queue1>[00m update sink time
0:00:00.422604236 [334m19341[00m 0x7f4948003f70 [33;01mLOG    [00m [00m               queue gstqueue.c:547:update_time_level:<queue1>[00m sink +0:00:00.000000806, src +0:00:00.000000806
0:00:00.422654835 [334m19341[00m 0x7f4948003f70 [33;01mLOG    [00m [00m      queue_dataflow gstqueue.c:747:gst_queue_locked_enqueue_buffer:<queue1>[00m (queue1:sink) signal ADD: 1 of 0-0 buffers, 1448 of 0-20971520 bytes, 0 of 0-0 ns, 1 items
0:00:00.422699792 [334m19341[00m 0x7f4948003f70 [37mDEBUG  [00m [00;01;35m      GST_SCHEDULING gstpad.c:4208:gst_pad_chain_data_unchecked:<queue1:sink>[00m called chainfunction &gst_queue_chain with buffer 0x7f4910036620, returned ok
0:00:00.422701734 [334m19341[00m 0x7f4948003ed0 [33;01mLOG    [00m [00m      queue_dataflow gstqueue.c:1500:gst_queue_loop:<queue1>[00m (queue1:src) received ADD: 1 of 0-0 buffers, 1448 of 0-20971520 bytes, 0 of 0-0 ns, 1 items
0:00:00.422747963 [334m19341[00m 0x7f4948003ed0 [37mDEBUG  [00m [00m      queue_dataflow gstqueue.c:1503:gst_queue_loop:<queue1>[00m queue is not empty
0:00:00.422780481 [334m19341[00m 0x7f4948003ed0 [33;01mLOG    [00m [00m      queue_dataflow gstqueue.c:846:gst_queue_locked_dequeue:<queue1>[00m retrieved buffer 0x7f4910036620 from queue
0:00:00.422877183 [334m19341[00m 0x7f4948003ed0 [33;01mLOG    [00m [00m               queue gstqueue.c:633:apply_buffer:<queue1>[00m src position updated to 0:00:00.000000806
0:00:00.422905019 [334m19341[00m 0x7f4948003ed0 [33;01mLOG    [00m [00m               queue gstqueue.c:538:update_time_level:<queue1>[00m update src time
0:00:00.422923536 [334m19341[00m 0x7f4948003ed0 [33;01mLOG    [00m [00m               queue gstqueue.c:547:update_time_level:<queue1>[00m sink +0:00:00.000000806, src +0:00:00.000000806
0:00:00.423288539 [334m19341[00m 0x7f4948003ed0 [37mDEBUG  [00m [00;01;35m      GST_SCHEDULING gstpad.c:4202:gst_pad_chain_data_unchecked:<dashdemux0:internal-audio_00>[00m calling chainfunction &0x7f495259ee20 with buffer buffer: 0x7f4910036620, pts 99:99:99.999999999, dts 99:99:99.999999999, dur 99:99:99.999999999, size 1448, offset 33564, offset_end none, flags 0x0
0:00:00.423375748 [334m19341[00m 0x7f4948003ed0 [37mDEBUG  [00m [00m       adaptivedemux gstadaptivedemux.c:2243:_src_chain:<dashdemux0:audio_00>[00m Received buffer of size 1448
0:00:00.423450771 [334m19341[00m 0x7f4948003f70 [33;01mLOG    [00m [00m       adaptivedemux gstadaptivedemux.c:2401:_uri_handler_probe:<souphttpsrc1:src>[00m Received buffer, size 13032 total 47238
0:00:00.423475204 [334m19341[00m 0x7f4948003f70 [37mDEBUG  [00m [00;01;35m      GST_SCHEDULING gstpad.c:4202:gst_pad_chain_data_unchecked:<queue1:sink>[00m calling chainfunction &gst_queue_chain with buffer buffer: 0x7f4910036730, pts 99:99:99.999999999, dts 99:99:99.999999999, dur 99:99:99.999999999, size 13032, offset 35012, offset_end none, flags 0x0
0:00:00.423557850 [334m19341[00m 0x7f4948003f70 [33;01mLOG    [00m [00m      queue_dataflow gstqueue.c:1183:gst_queue_chain_buffer_or_list:<queue1>[00m received buffer 0x7f4910036730 of size 13032, time 99:99:99.999999999, duration 99:99:99.999999999
0:00:00.423586331 [334m19341[00m 0x7f4948003f70 [33;01mLOG    [00m [00m               queue gstqueue.c:633:apply_buffer:<queue1>[00m sink position updated to 0:00:00.000000806
0:00:00.423615237 [334m19341[00m 0x7f4948003f70 [33;01mLOG    [00m [00m               queue gstqueue.c:529:update_time_level:<queue1>[00m update sink time
0:00:00.423625563 [334m19341[00m 0x7f4948003f70 [33;01mLOG    [00m [00m               queue gstqueue.c:547:update_time_level:<queue1>[00m sink +0:00:00.000000806, src +0:00:00.000000806
0:00:00.423654052 [334m19341[00m 0x7f4948003f70 [37mDEBUG  [00m [00;01;35m      GST_SCHEDULING gstpad.c:4208:gst_pad_chain_data_unchecked:<queue1:sink>[00m called chainfunction &gst_queue_chain with buffer 0x7f4910036730, returned ok
0:00:00.423792666 [334m19341[00m 0x7f4948003ed0 [37mDEBUG  [00m [00;01;35m      GST_SCHEDULING gstpad.c:4202:gst_pad_chain_data_unchecked:<queue2-0:sink>[00m calling chainfunction &gst_queue2_chain with buffer buffer: 0x7f4910036620, pts 99:99:99.999999999, dts 99:99:99.999999999, dur 99:99:99.999999999, size 1448, offset 33564, offset_end 35012, flags 0x0
0:00:00.423823135 [334m19341[00m 0x7f4948003ed0 [33;01mLOG    [00m [00m     queue2_dataflow gstqueue2.c:2816:gst_queue2_chain:<queue2-0>[00m received buffer 0x7f4910036620 of size 1448, time 99:99:99.999999999, duration 99:99:99.999999999
0:00:00.423948115 [334m19341[00m 0x7f4948003ed0 [37mDEBUG  [00m [00m              queue2 gstqueue2.c:842:apply_buffer:<queue2-0>[00m position updated to 0:00:02.087497805
0:00:00.423967929 [334m19341[00m 0x7f4948003ed0 [37mDEBUG  [00m [00m              queue2 gstqueue2.c:740:update_time_level:<queue2-0>[00m sink 0:00:02.087497805, src 0:00:00.000000000
0:00:00.424014186 [334m19341[00m 0x7f4948003ed0 [37mDEBUG  [00m [00m              queue2 gstqueue2.c:1199:update_in_rates:<queue2-0>[00m rates: in 0.000000, time 0:00:00.000000000
0:00:00.424030528 [334m19341[00m 0x7f4948003ed0 [37mDEBUG  [00m [00;01;35m      GST_SCHEDULING gstpad.c:4208:gst_pad_chain_data_unchecked:<queue2-0:sink>[00m called chainfunction &gst_queue2_chain with buffer 0x7f4910036620, returned ok
0:00:00.424138550 [334m19341[00m 0x7f4948003ed0 [33;01mLOG    [00m [00m       adaptivedemux gstadaptivedemux.c:2114:gst_adaptive_demux_stream_push_buffer:<dashdemux0:audio_00>[00m Push result: 0 ok
0:00:00.424157207 [334m19341[00m 0x7f4948003ed0 [37mDEBUG  [00m [00;01;35m      GST_SCHEDULING gstpad.c:4208:gst_pad_chain_data_unchecked:<dashdemux0:internal-audio_00>[00m called chainfunction &0x7f495259ee20 with buffer 0x7f4910036620, returned ok
0:00:00.424369914 [334m19341[00m 0x7f4948003ed0 [33;01mLOG    [00m [00m      queue_dataflow gstqueue.c:846:gst_queue_locked_dequeue:<queue1>[00m retrieved buffer 0x7f4910036730 from queue
0:00:00.424381017 [334m19341[00m 0x7f4948003ed0 [33;01mLOG    [00m [00m               queue gstqueue.c:633:apply_buffer:<queue1>[00m src position updated to 0:00:00.000000806
0:00:00.424418420 [334m19341[00m 0x7f4948003ed0 [33;01mLOG    [00m [00m               queue gstqueue.c:538:update_time_level:<queue1>[00m update src time
0:00:00.424426246 [334m19341[00m 0x7f4948003ed0 [33;01mLOG    [00m [00m               queue gstqueue.c:547:update_time_level:<queue1>[00m sink +0:00:00.000000806, src +0:00:00.000000806
0:00:00.424532049 [334m19341[00m 0x7f4948003f70 [33;01mLOG    [00m [00m       adaptivedemux gstadaptivedemux.c:2401:_uri_handler_probe:<souphttpsrc1:src>[00m Received buffer, size 16384 total 63622
0:00:00.424667557 [334m19341[00m 0x7f4948003f70 [37mDEBUG  [00m [00;01;35m      GST_SCHEDULING gstpad.c:4202:gst_pad_chain_data_unchecked:<queue1:sink>[00m calling chainfunction &gst_queue_chain with buffer buffer: 0x7f4910036840, pts 99:99:99.999999999, dts 99:99:99.999999999, dur 99:99:99.999999999, size 16384, offset 48044, offset_end none, flags 0x0
0:00:00.424683617 [334m19341[00m 0x7f4948003f70 [33;01mLOG    [00m [00m      queue_dataflow gstqueue.c:1183:gst_queue_chain_buffer_or_list:<queue1>[00m received buffer 0x7f4910036840 of size 16384, time 99:99:99.999999999, duration 99:99:99.999999999
0:00:00.424712625 [334m19341[00m 0x7f4948003f70 [33;01mLOG    [00m [00m               queue gstqueue.c:633:apply_buffer:<queue1>[00m sink position updated to 0:00:00.000000806
0:00:00.424749949 [334m19341[00m 0x7f4948003ed0 [37mDEBUG  [00m [00;01;35m      GST_SCHEDULING gstpad.c:4202:gst_pad_chain_data_unchecked:<dashdemux0:internal-audio_00>[00m calling chainfunction &0x7f495259ee20 with buffer buffer: 0x7f4910036730, pts 99:99:99.999999999, dts 99:99:99.999999999, dur 99:99:99.999999999, size 13032, offset 35012, offset_end none, flags 0x0
0:00:00.424765028 [334m19341[00m 0x7f4948003ed0 [37mDEBUG  [00m [00m       adaptivedemux gstadaptivedemux.c:2243:_src_chain:<dashdemux0:audio_00>[00m Received buffer of size 13032
0:00:00.424767103 [334m19341[00m 0x7f4948003f70 [33;01mLOG    [00m [00m               queue gstqueue.c:529:update_time_level:<queue1>[00m update sink time
0:00:00.424803022 [334m19341[00m 0x7f4948003f70 [33;01mLOG    [00m [00m               queue gstqueue.c:547:update_time_level:<queue1>[00m sink +0:00:00.000000806, src +0:00:00.000000806
0:00:00.424816582 [334m19341[00m 0x7f4948003f70 [37mDEBUG  [00m [00;01;35m      GST_SCHEDULING gstpad.c:4208:gst_pad_chain_data_unchecked:<queue1:sink>[00m called chainfunction &gst_queue_chain with buffer 0x7f4910036840, returned ok
