0:00:00.388566465 [334m19341[00m 0x7f493c009590 [33;01mLOG    [00m [00;01;31;41m            GST_PADS gstpad.c:5097:store_sticky_event:<srcbin-audio_01:src>[00m stored sticky event segment
0:00:00.388588932 [334m19341[00m 0x7f4934007540 [33;01mLOG    [00m [00;01;31;41m            GST_PADS gstpad.c:5269:gst_pad_push_event_unchecked:<queue2-2:src>[00m sent event 0x7f494c0131d0 (segment) to peerpad <src_2:proxypad7>, ret ok
0:00:00.388608518 [334m19341[00m 0x7f493c009590 [37mDEBUG  [00m [00;01;31;41m            GST_PADS gstpad.c:3862:check_sticky:<srcbin-audio_01:src>[00m pushing all sticky events
0:00:00.388590859 [334m19341[00m 0x7f494c03f850 [33;01mLOG    [00m [00;01;34m           GST_EVENT gstevent.c:222:_gst_event_free:[00m freeing event 0x7f492c0036e0 type segment
0:00:00.388627846 [334m19341[00m 0x7f493c009590 [37mDEBUG  [00m [00;01;31;41m            GST_PADS gstpad.c:3794:push_sticky:<srcbin-audio_01:src>[00m event stream-start was already received
0:00:00.388576348 [334m19341[00m 0x7f493c009630 [37mDEBUG  [00m [00;01;35m      GST_SCHEDULING gstpad.c:4202:gst_pad_chain_data_unchecked:<queue2:sink>[00m calling chainfunction &gst_queue_chain with buffer buffer: 0x7f492c0115f0, pts 99:99:99.999999999, dts 99:99:99.999999999, dur 99:99:99.999999999, size 200, offset 606, offset_end none, flags 0x40
0:00:00.388630933 [334m19341[00m 0x7f494c03f850 [33;01mLOG    [00m [00;01;34m           GST_EVENT gstevent.c:222:_gst_event_free:[00m freeing event 0x7f492c003750 type eos
0:00:00.388690544 [334m19341[00m 0x7f493c009630 [33;01mLOG    [00m [00m      queue_dataflow gstqueue.c:1183:gst_queue_chain_buffer_or_list:<queue2>[00m received buffer 0x7f492c0115f0 of size 200, time 99:99:99.999999999, duration 99:99:99.999999999
0:00:00.388749315 [334m19341[00m 0x7f494c03f850 [33;01mLOG    [00m [00;01;34m           GST_EVENT gstevent.c:222:_gst_event_free:[00m freeing event 0x7f492c003670 type custom-downstream-sticky
0:00:00.388752011 [334m19341[00m 0x7f4934007540 [37mDEBUG  [00m [00;01;31;41m            GST_PADS gstpad.c:3814:push_sticky:<queue2-2:src>[00m event segment marked received
0:00:00.388755049 [334m19341[00m 0x7f493c009630 [33;01mLOG    [00m [00m               queue gstqueue.c:633:apply_buffer:<queue2>[00m sink position updated to 0:00:00.000000606
0:00:00.388784970 [334m19341[00m 0x7f494c03f850 [37mDEBUG  [00m [00;01;31;41m            GST_PADS gstpad.c:1188:activate_mode_internal:<dashdemux0:internal-video_00>[00m deactivated in push mode
0:00:00.388834899 [334m19341[00m 0x7f494c03f850 [37mDEBUG  [00m [00;01;31;41m            GST_PADS gstpad.c:1063:gst_pad_set_active:<dashdemux0:internal-video_00>[00m activating pad from none
0:00:00.388771831 [334m19341[00m 0x7f4934007540 [33;01mLOG    [00m [00m     queue2_dataflow gstqueue2.c:2394:gst_queue2_locked_dequeue:<queue2-2>[00m retrieved event 0x7f49300056d0 from queue
0:00:00.388847313 [334m19341[00m 0x7f493c009630 [33;01mLOG    [00m [00m               queue gstqueue.c:529:update_time_level:<queue2>[00m update sink time
0:00:00.388817918 [334m19341[00m 0x7f493c009590 [33;01mLOG    [00m [00;01;31;41m            GST_PADS gstpad.c:5261:gst_pad_push_event_unchecked:<srcbin-audio_01:src>[00m sending event 0x7f4924002510 (segment) to peerpad <dashdemux0:internal-audio_01>
0:00:00.388856129 [334m19341[00m 0x7f494c03f850 [37mDEBUG  [00m [00;01;31;41m            GST_PADS gstpad.c:979:pre_activate:<dashdemux0:internal-video_00>[00m setting pad into push mode, unset flushing
0:00:00.388865430 [334m19341[00m 0x7f493c009630 [33;01mLOG    [00m [00m               queue gstqueue.c:547:update_time_level:<queue2>[00m sink +0:00:00.000000606, src +0:00:00.000000606
0:00:00.388863055 [334m19341[00m 0x7f493c009590 [37mDEBUG  [00m [00;01;34m           GST_EVENT gstpad.c:5548:gst_pad_send_event_unchecked:<dashdemux0:internal-audio_01>[00m have event type segment event: 0x7f4924002510, time 99:99:99.999999999, seq-num 261, GstEventSegment, segment=(GstSegment)"GstSegment, flags=(GstSegmentFlags)GST_SEGMENT_FLAG_RESET, rate=(double)1, applied-rate=(double)1, format=(GstFormat)GST_FORMAT_BYTES, base=(guint64)0, offset=(guint64)0, start=(guint64)606, stop=(guint64)806, time=(guint64)606, position=(guint64)606, duration=(guint64)806;";
0:00:00.388904601 [334m19341[00m 0x7f493c009630 [37mDEBUG  [00m [00;01;35m      GST_SCHEDULING gstpad.c:4208:gst_pad_chain_data_unchecked:<queue2:sink>[00m called chainfunction &gst_queue_chain with buffer 0x7f492c0115f0, returned ok
0:00:00.388894924 [334m19341[00m 0x7f494c03f850 [37mDEBUG  [00m [00;01;31;41m            GST_PADS gstpad.c:991:pre_activate:<dashdemux0:internal-video_00>[00m reschedule events on peer srcbin-video_00:src
0:00:00.388869045 [334m19341[00m 0x7f4934007540 [33;01mLOG    [00m [00m     queue2_dataflow gstqueue2.c:2899:gst_queue2_push_one:<queue2-2>[00m (queue2-2:src) We have something dequeud: 1 of 0 buffers, 606 of 2097152 bytes, 0 of 4000000000 ns, 1 items
0:00:00.388914246 [334m19341[00m 0x7f493c009590 [37mDEBUG  [00m [00;01;31;41m            GST_PADS gstpad.c:5622:gst_pad_send_event_unchecked:<dashdemux0:internal-audio_01>[00m sent event, ret ok
0:00:00.388972423 [334m19341[00m 0x7f493c009590 [33;01mLOG    [00m [00;01;31;41m            GST_PADS gstpad.c:5097:store_sticky_event:<dashdemux0:internal-audio_01>[00m stored sticky event segment
0:00:00.388964557 [334m19341[00m 0x7f4934007540 [33;01mLOG    [00m [00;01;31;41m            GST_PADS gstpad.c:5097:store_sticky_event:<queue2-2:src>[00m stored sticky event tag
0:00:00.388953446 [334m19341[00m 0x7f494c03f850 [37mDEBUG  [00m [00;01;31;41m            GST_PADS gstpad.c:1188:activate_mode_internal:<dashdemux0:internal-video_00>[00m activated in push mode
0:00:00.389019977 [334m19341[00m 0x7f494c03f850 [37mDEBUG  [00m [00m       adaptivedemux gstadaptivedemux.c:2942:gst_adaptive_demux_stream_download_fragment:<dashdemux0:video_00>[00m Got url 'http://dash.akamaized.net/dash264/TestCases/10a/1/German_Forest_SHORT_1v0-avc1.42c01e-68s-848x476-h264-1500000bps_seg.mp4' for stream 0x7f494c01ebf0
0:00:00.388998351 [334m19341[00m 0x7f493c009590 [33;01mLOG    [00m [00;01;31;41m            GST_PADS gstpad.c:5269:gst_pad_push_event_unchecked:<srcbin-audio_01:src>[00m sent event 0x7f4924002510 (segment) to peerpad <dashdemux0:internal-audio_01>, ret ok
0:00:00.389037295 [334m19341[00m 0x7f494c03f850 [37mDEBUG  [00m [00m       adaptivedemux gstadaptivedemux.c:2726:gst_adaptive_demux_stream_download_uri:<dashdemux0:video_00>[00m Downloading fragment uri: http://dash.akamaized.net/dash264/TestCases/10a/1/German_Forest_SHORT_1v0-avc1.42c01e-68s-848x476-h264-1500000bps_seg.mp4, range:886 - -1
0:00:00.389090808 [334m19341[00m 0x7f494c03f850 [37mDEBUG  [00m [00m       adaptivedemux gstadaptivedemux.c:2530:gst_adaptive_demux_stream_update_source:<dashdemux0>[00m Re-using old source element
0:00:00.389024118 [334m19341[00m 0x7f4934007540 [37mDEBUG  [00m [00;01;31;41m            GST_PADS gstpad.c:3862:check_sticky:<queue2-2:src>[00m pushing all sticky events
0:00:00.389176234 [334m19341[00m 0x7f4934007540 [37mDEBUG  [00m [00;01;31;41m            GST_PADS gstpad.c:3794:push_sticky:<queue2-2:src>[00m event stream-start was already received
0:00:00.389195793 [334m19341[00m 0x7f493c009590 [37mDEBUG  [00m [00;01;31;41m            GST_PADS gstpad.c:3814:push_sticky:<srcbin-audio_01:src>[00m event segment marked received
0:00:00.389198462 [334m19341[00m 0x7f4934007540 [37mDEBUG  [00m [00;01;31;41m            GST_PADS gstpad.c:3794:push_sticky:<queue2-2:src>[00m event caps was already received
0:00:00.389177514 [334m19341[00m 0x7f493c009630 [37mDEBUG  [00m [00;01;31;41m            GST_PADS gstpad.c:6047:gst_pad_pause_task:<souphttpsrc2:src>[00m pause task
0:00:00.389212153 [334m19341[00m 0x7f493c009630 [37mDEBUG  [00m [00m                task gsttask.c:687:gst_task_set_state:<souphttpsrc2:src>[00m Changing task 0x7f493c00a5f0 to state 2
0:00:00.389216744 [334m19341[00m 0x7f493c009590 [37mDEBUG  [00m [00;01;31;41m            GST_PADS gstpad.c:3794:push_sticky:<srcbin-audio_01:src>[00m event custom-downstream-sticky was already received
0:00:00.389220274 [334m19341[00m 0x7f493c009630 [37mDEBUG  [00m [00;01;34m           GST_EVENT gstevent.c:305:gst_event_new_custom:[00m creating new event 0x7f4924002580 eos 28174
0:00:00.389233070 [334m19341[00m 0x7f493c009590 [37mDEBUG  [00m [00;01;31;41m            GST_PADS gstpad.c:5622:gst_pad_send_event_unchecked:<src:proxypad3>[00m sent event, ret ok
0:00:00.389261842 [334m19341[00m 0x7f493c009630 [33;01mLOG    [00m [00;01;31;41m            GST_PADS gstpad.c:5097:store_sticky_event:<souphttpsrc2:src>[00m stored sticky event eos
0:00:00.389235285 [334m19341[00m 0x7f4934007540 [37mDEBUG  [00m [00;01;31;41m            GST_PADS gstpad.c:3794:push_sticky:<queue2-2:src>[00m event segment was already received
0:00:00.389284236 [334m19341[00m 0x7f493c009590 [33;01mLOG    [00m [00;01;31;41m            GST_PADS gstpad.c:5097:store_sticky_event:<src:proxypad3>[00m stored sticky event segment
0:00:00.389271908 [334m19341[00m 0x7f493c009630 [37mDEBUG  [00m [00;01;31;41m            GST_PADS gstpad.c:3862:check_sticky:<souphttpsrc2:src>[00m pushing all sticky events
0:00:00.389310827 [334m19341[00m 0x7f493c009590 [33;01mLOG    [00m [00;01;31;41m            GST_PADS gstpad.c:5269:gst_pad_push_event_unchecked:<queue2:src>[00m sent event 0x7f4924002510 (segment) to peerpad <src:proxypad3>, ret ok
0:00:00.389323872 [334m19341[00m 0x7f493c009590 [37mDEBUG  [00m [00;01;31;41m            GST_PADS gstpad.c:3814:push_sticky:<queue2:src>[00m event segment marked received
0:00:00.389318497 [334m19341[00m 0x7f493c009630 [37mDEBUG  [00m [00;01;31;41m            GST_PADS gstpad.c:3794:push_sticky:<souphttpsrc2:src>[00m event stream-start was already received
0:00:00.389352269 [334m19341[00m 0x7f493c009590 [37mDEBUG  [00m [00;01;31;41m            GST_PADS gstpad.c:3794:push_sticky:<queue2:src>[00m event custom-downstream-sticky was already received
0:00:00.389398727 [334m19341[00m 0x7f4930006e80 [37mDEBUG  [00m [00;01;31;41m            GST_PADS gstpad.c:3862:check_sticky:<typefind:src>[00m pushing all sticky events
0:00:00.389367270 [334m19341[00m 0x7f493c009630 [37mDEBUG  [00m [00;01;31;41m            GST_PADS gstpad.c:3794:push_sticky:<souphttpsrc2:src>[00m event segment was already received
0:00:00.389501528 [334m19341[00m 0x7f4934007540 [33;01mLOG    [00m [00m        urisourcebin gsturisourcebin.c:1263:source_pad_event_probe:<queue2-2:src>[00m tag, urisrc 0x7f49300056d0
0:00:00.389436770 [334m19341[00m 0x7f493c009590 [33;01mLOG    [00m [00m      queue_dataflow gstqueue.c:846:gst_queue_locked_dequeue:<queue2>[00m retrieved buffer 0x7f492c0115f0 from queue
0:00:00.389465875 [334m19341[00m 0x7f494c03f850 [37mDEBUG  [00m [00;01;31;41m            GST_PADS gstpad.c:1074:gst_pad_set_active:<srcbin-video_00:src>[00m pad was inactive
0:00:00.389522748 [334m19341[00m 0x7f493c009590 [33;01mLOG    [00m [00m               queue gstqueue.c:633:apply_buffer:<queue2>[00m src position updated to 0:00:00.000000606
0:00:00.389581682 [334m19341[00m 0x7f4934007540 [33;01mLOG    [00m [00;01;31;41m            GST_PADS gstpad.c:5261:gst_pad_push_event_unchecked:<queue2-2:src>[00m sending event 0x7f49300056d0 (tag) to peerpad <src_2:proxypad7>
0:00:00.389570964 [334m19341[00m 0x7f493c009590 [33;01mLOG    [00m [00m               queue gstqueue.c:538:update_time_level:<queue2>[00m update src time
0:00:00.389649115 [334m19341[00m 0x7f4934007540 [37mDEBUG  [00m [00;01;34m           GST_EVENT gstpad.c:5548:gst_pad_send_event_unchecked:<src_2:proxypad7>[00m have event type tag event: 0x7f49300056d0, time 99:99:99.999999999, seq-num 140, GstTagList-stream, taglist=(taglist)"taglist\,\ language-code\=\(string\)de\;";
0:00:00.389660022 [334m19341[00m 0x7f493c009590 [33;01mLOG    [00m [00m               queue gstqueue.c:547:update_time_level:<queue2>[00m sink +0:00:00.000000606, src +0:00:00.000000606
0:00:00.389609338 [334m19341[00m 0x7f493c009630 [33;01mLOG    [00m [00m       adaptivedemux gstadaptivedemux.c:2406:_uri_handler_probe:<souphttpsrc2:src>[00m Received event eos eos event: 0x7f4924002580, time 99:99:99.999999999, seq-num 261, (NULL)
0:00:00.389713876 [334m19341[00m 0x7f49300068a0 [37mDEBUG  [00m [00;01;31;41m            GST_PADS gstpad.c:3862:check_sticky:<typefind:src>[00m pushing all sticky events
0:00:00.389758423 [334m19341[00m 0x7f4934007540 [33;01mLOG    [00m [00;01;31;41m            GST_PADS gstpad.c:2944:gst_pad_forward:<src_2:proxypad7>[00m calling forward function on pad urisourcebin0:src_2
0:00:00.389773310 [334m19341[00m 0x7f4934007540 [33;01mLOG    [00m [00;01;31;41m            GST_PADS gstpad.c:2989:event_forward_func:<urisourcebin0:src_2>[00m Reffing and pushing event 0x7f49300056d0 (tag) to urisourcebin0:src_2
0:00:00.389800060 [334m19341[00m 0x7f4934007540 [33;01mLOG    [00m [00;01;31;41m            GST_PADS gstpad.c:5097:store_sticky_event:<urisourcebin0:src_2>[00m stored sticky event tag
0:00:00.389817656 [334m19341[00m 0x7f4930006e80 [37mDEBUG  [00m [00;01;31;41m            GST_PADS gstpad.c:3814:push_sticky:<typefind:src>[00m event stream-start marked received
0:00:00.389827476 [334m19341[00m 0x7f4934007540 [37mDEBUG  [00m [00;01;31;41m            GST_PADS gstpad.c:3862:check_sticky:<urisourcebin0:src_2>[00m pushing all sticky events
0:00:00.389869911 [334m19341[00m 0x7f4934007540 [37mDEBUG  [00m [00;01;31;41m            GST_PADS gstpad.c:3794:push_sticky:<urisourcebin0:src_2>[00m event stream-start was already received
0:00:00.389842994 [334m19341[00m 0x7f493c009630 [37mDEBUG  [00m [00m       adaptivedemux gstadaptivedemux.c:2422:_uri_handler_probe:<souphttpsrc2:src>[00m EOS since download_start 0:00:00.037030861 bitrate 43207 bps
0:00:00.389909186 [334m19341[00m 0x7f4934007540 [37mDEBUG  [00m [00;01;31;41m            GST_PADS gstpad.c:3794:push_sticky:<urisourcebin0:src_2>[00m event caps was already received
0:00:00.389968118 [334m19341[00m 0x7f4934007540 [37mDEBUG  [00m [00;01;31;41m            GST_PADS gstpad.c:3794:push_sticky:<urisourcebin0:src_2>[00m event segment was already received
0:00:00.389984693 [334m19341[00m 0x7f493c009590 [37mDEBUG  [00m [00;01;35m      GST_SCHEDULING gstpad.c:4202:gst_pad_chain_data_unchecked:<dashdemux0:internal-audio_01>[00m calling chainfunction &0x7f495259ee20 with buffer buffer: 0x7f492c0115f0, pts 99:99:99.999999999, dts 99:99:99.999999999, dur 99:99:99.999999999, size 200, offset 606, offset_end none, flags 0x40
0:00:00.389998870 [334m19341[00m 0x7f493c009590 [37mDEBUG  [00m [00m       adaptivedemux gstadaptivedemux.c:2243:_src_chain:<dashdemux0:audio_01>[00m Received buffer of size 200
0:00:00.390028444 [334m19341[00m 0x7f4934007540 [33;01mLOG    [00m [00;01;31;41m            GST_PADS gstpad.c:5261:gst_pad_push_event_unchecked:<urisourcebin0:src_2>[00m sending event 0x7f49300056d0 (tag) to peerpad <decodebin3-0:sink_1>
0:00:00.390035241 [334m19341[00m 0x7f49300068a0 [37mDEBUG  [00m [00;01;31;41m            GST_PADS gstpad.c:3814:push_sticky:<typefind:src>[00m event stream-start marked received
0:00:00.390052633 [334m19341[00m 0x7f4934007540 [37mDEBUG  [00m [00;01;34m           GST_EVENT gstpad.c:5548:gst_pad_send_event_unchecked:<decodebin3-0:sink_1>[00m have event type tag event: 0x7f49300056d0, time 99:99:99.999999999, seq-num 140, GstTagList-stream, taglist=(taglist)"taglist\,\ language-code\=\(string\)de\;";
0:00:00.390046823 [334m19341[00m 0x7f493c009630 [33;01mLOG    [00m [00;01;31;41m            GST_PADS gstpad.c:5261:gst_pad_push_event_unchecked:<souphttpsrc2:src>[00m sending event 0x7f4924002580 (eos) to peerpad <queue2:sink>
0:00:00.390133734 [334m19341[00m 0x7f4934007540 [33;01mLOG    [00m [00;01;31;41m            GST_PADS gstpad.c:2944:gst_pad_forward:<decodebin3-0:sink_1>[00m calling forward function on pad sink_1:proxypad9
0:00:00.390112555 [334m19341[00m 0x7f493c009630 [37mDEBUG  [00m [00;01;34m           GST_EVENT gstpad.c:5548:gst_pad_send_event_unchecked:<queue2:sink>[00m have event type eos event: 0x7f4924002580, time 99:99:99.999999999, seq-num 261, (NULL)
0:00:00.390155958 [334m19341[00m 0x7f493c009630 [33;01mLOG    [00m [00m      queue_dataflow gstqueue.c:791:gst_queue_locked_enqueue_event:<queue2>[00m got EOS from upstream
0:00:00.390146779 [334m19341[00m 0x7f4934007540 [33;01mLOG    [00m [00;01;31;41m            GST_PADS gstpad.c:2989:event_forward_func:<sink_1:proxypad9>[00m Reffing and pushing event 0x7f49300056d0 (tag) to sink_1:proxypad9
0:00:00.390179549 [334m19341[00m 0x7f493c009630 [37mDEBUG  [00m [00;01;31;41m            GST_PADS gstpad.c:5622:gst_pad_send_event_unchecked:<queue2:sink>[00m sent event, ret ok
0:00:00.390190650 [334m19341[00m 0x7f493c009630 [33;01mLOG    [00m [00;01;31;41m            GST_PADS gstpad.c:5097:store_sticky_event:<queue2:sink>[00m stored sticky event eos
0:00:00.390201210 [334m19341[00m 0x7f493c009630 [33;01mLOG    [00m [00;01;31;41m            GST_PADS gstpad.c:5269:gst_pad_push_event_unchecked:<souphttpsrc2:src>[00m sent event 0x7f4924002580 (eos) to peerpad <queue2:sink>, ret ok
0:00:00.390178355 [334m19341[00m 0x7f4934007540 [33;01mLOG    [00m [00;01;31;41m            GST_PADS gstpad.c:5097:store_sticky_event:<sink_1:proxypad9>[00m stored sticky event tag
0:00:00.390225891 [334m19341[00m 0x7f4934007540 [37mDEBUG  [00m [00;01;31;41m            GST_PADS gstpad.c:3862:check_sticky:<sink_1:proxypad9>[00m pushing all sticky events
0:00:00.390247771 [334m19341[00m 0x7f4934007540 [37mDEBUG  [00m [00;01;31;41m            GST_PADS gstpad.c:3794:push_sticky:<sink_1:proxypad9>[00m event stream-start was already received
0:00:00.390288628 [334m19341[00m 0x7f4934007540 [37mDEBUG  [00m [00;01;31;41m            GST_PADS gstpad.c:3794:push_sticky:<sink_1:proxypad9>[00m event caps was already received
0:00:00.390324332 [334m19341[00m 0x7f4934007540 [37mDEBUG  [00m [00;01;31;41m            GST_PADS gstpad.c:3794:push_sticky:<sink_1:proxypad9>[00m event segment was already received
0:00:00.390373576 [334m19341[00m 0x7f493c009590 [33;01mLOG    [00m [00m           dashdemux gstisoff.c:427:gst_isoff_sidx_parser_parse:[00m Timescale: 48000
0:00:00.390384237 [334m19341[00m 0x7f4934007540 [33;01mLOG    [00m [00;01;31;41m            GST_PADS gstpad.c:5261:gst_pad_push_event_unchecked:<sink_1:proxypad9>[00m sending event 0x7f49300056d0 (tag) to peerpad <parsebin2:sink>
0:00:00.390401116 [334m19341[00m 0x7f493c009590 [33;01mLOG    [00m [00m           dashdemux gstisoff.c:428:gst_isoff_sidx_parser_parse:[00m Earliest pts: 0
0:00:00.390352547 [334m19341[00m 0x7f493c009630 [37mDEBUG  [00m [00;01;31;41m            GST_PADS gstpad.c:3814:push_sticky:<souphttpsrc2:src>[00m event eos marked received
0:00:00.390436744 [334m19341[00m 0x7f493c009630 [37mDEBUG  [00m [00;01;31;41m            GST_PADS gstpad.c:3794:push_sticky:<souphttpsrc2:src>[00m event custom-downstream-sticky was already received
0:00:00.390437554 [334m19341[00m 0x7f493c009590 [33;01mLOG    [00m [00m           dashdemux gstisoff.c:429:gst_isoff_sidx_parser_parse:[00m First offset: 0
0:00:00.390420644 [334m19341[00m 0x7f4934007540 [37mDEBUG  [00m [00;01;34m           GST_EVENT gstpad.c:5548:gst_pad_send_event_unchecked:<parsebin2:sink>[00m have event type tag event: 0x7f49300056d0, time 99:99:99.999999999, seq-num 140, GstTagList-stream, taglist=(taglist)"taglist\,\ language-code\=\(string\)de\;";
0:00:00.390462010 [334m19341[00m 0x7f493c009590 [33;01mLOG    [00m [00m           dashdemux gstisoff.c:464:gst_isoff_sidx_parser_parse:[00m Sidx entry 0) offset: 0, pts: 0:00:00.000000000, duration 0:00:04.949333333 - size 81531
0:00:00.390519711 [334m19341[00m 0x7f493c009590 [33;01mLOG    [00m [00m           dashdemux gstisoff.c:464:gst_isoff_sidx_parser_parse:[00m Sidx entry 1) offset: 81531, pts: 0:00:04.949333333, duration 0:00:04.992000000 - size 82190
0:00:00.390513735 [334m19341[00m 0x7f4934007540 [33;01mLOG    [00m [00;01;31;41m            GST_PADS gstpad.c:2944:gst_pad_forward:<parsebin2:sink>[00m calling forward function on pad sink:proxypad12
0:00:00.390581659 [334m19341[00m 0x7f4934007540 [33;01mLOG    [00m [00;01;31;41m            GST_PADS gstpad.c:2989:event_forward_func:<sink:proxypad12>[00m Reffing and pushing event 0x7f49300056d0 (tag) to sink:proxypad12
0:00:00.390570736 [334m19341[00m 0x7f493c009590 [33;01mLOG    [00m [00m           dashdemux gstisoff.c:464:gst_isoff_sidx_parser_parse:[00m Sidx entry 2) offset: 163721, pts: 0:00:09.941333333, duration 0:00:04.992000000 - size 81496
0:00:00.390610440 [334m19341[00m 0x7f4934007540 [33;01mLOG    [00m [00;01;31;41m            GST_PADS gstpad.c:5097:store_sticky_event:<sink:proxypad12>[00m stored sticky event tag
0:00:00.390617334 [334m19341[00m 0x7f494c03f850 [36mINFO   [00m [00;01;34m           GST_EVENT gstevent.c:1275:gst_event_new_seek:[00m creating seek rate 1.000000, format bytes, flags 1, start_type 1, start 886, stop_type 1, stop -1
0:00:00.390647384 [334m19341[00m 0x7f4934007540 [37mDEBUG  [00m [00;01;31;41m            GST_PADS gstpad.c:3862:check_sticky:<sink:proxypad12>[00m pushing all sticky events
0:00:00.390636567 [334m19341[00m 0x7f493c009590 [33;01mLOG    [00m [00m           dashdemux gstisoff.c:464:gst_isoff_sidx_parser_parse:[00m Sidx entry 3) offset: 245217, pts: 0:00:14.933333333, duration 0:00:04.992000000 - size 81930
0:00:00.390665936 [334m19341[00m 0x7f493c009590 [33;01mLOG    [00m [00m           dashdemux gstisoff.c:464:gst_isoff_sidx_parser_parse:[00m Sidx entry 4) offset: 327147, pts: 0:00:19.925333333, duration 0:00:04.992000000 - size 81840
0:00:00.390670148 [334m19341[00m 0x7f494c03f850 [37mDEBUG  [00m [00;01;34m           GST_EVENT gstevent.c:305:gst_event_new_custom:[00m creating new event 0x7f492c003600 seek 51201
0:00:00.390556697 [334m19341[00m 0x7f493c009630 [36mINFO   [00m [00m                task gsttask.c:318:gst_task_func:<souphttpsrc2:src>[00m Task going to paused
0:00:00.390658386 [334m19341[00m 0x7f4934007540 [37mDEBUG  [00m [00;01;31;41m            GST_PADS gstpad.c:3794:push_sticky:<sink:proxypad12>[00m event stream-start was already received
0:00:00.390711339 [334m19341[00m 0x7f493c009590 [33;01mLOG    [00m [00m           dashdemux gstisoff.c:464:gst_isoff_sidx_parser_parse:[00m Sidx entry 5) offset: 408987, pts: 0:00:24.917333333, duration 0:00:04.992000000 - size 81771
0:00:00.390721363 [334m19341[00m 0x7f4934007540 [37mDEBUG  [00m [00;01;31;41m            GST_PADS gstpad.c:3794:push_sticky:<sink:proxypad12>[00m event caps was already received
0:00:00.390739853 [334m19341[00m 0x7f493c009590 [33;01mLOG    [00m [00m           dashdemux gstisoff.c:464:gst_isoff_sidx_parser_parse:[00m Sidx entry 6) offset: 490758, pts: 0:00:29.909333333, duration 0:00:04.992000000 - size 81829
0:00:00.390765082 [334m19341[00m 0x7f4934007540 [37mDEBUG  [00m [00;01;31;41m            GST_PADS gstpad.c:3794:push_sticky:<sink:proxypad12>[00m event segment was already received
0:00:00.390788639 [334m19341[00m 0x7f493c009590 [33;01mLOG    [00m [00m           dashdemux gstisoff.c:464:gst_isoff_sidx_parser_parse:[00m Sidx entry 7) offset: 572587, pts: 0:00:34.901333333, duration 0:00:04.992000000 - size 82005
0:00:00.390810408 [334m19341[00m 0x7f493c009590 [33;01mLOG    [00m [00m           dashdemux gstisoff.c:464:gst_isoff_sidx_parser_parse:[00m Sidx entry 8) offset: 654592, pts: 0:00:39.893333333, duration 0:00:04.992000000 - size 81835
0:00:00.390806457 [334m19341[00m 0x7f4934007540 [33;01mLOG    [00m [00;01;31;41m            GST_PADS gstpad.c:5261:gst_pad_push_event_unchecked:<sink:proxypad12>[00m sending event 0x7f49300056d0 (tag) to peerpad <typefind:sink>
0:00:00.390823432 [334m19341[00m 0x7f493c009590 [33;01mLOG    [00m [00m           dashdemux gstisoff.c:464:gst_isoff_sidx_parser_parse:[00m Sidx entry 9) offset: 736427, pts: 0:00:44.885333333, duration 0:00:04.992000000 - size 81684
0:00:00.390834110 [334m19341[00m 0x7f4934007540 [37mDEBUG  [00m [00;01;34m           GST_EVENT gstpad.c:5548:gst_pad_send_event_unchecked:<typefind:sink>[00m have event type tag event: 0x7f49300056d0, time 99:99:99.999999999, seq-num 140, GstTagList-stream, taglist=(taglist)"taglist\,\ language-code\=\(string\)de\;";
0:00:00.390858474 [334m19341[00m 0x7f4930006e80 [37mDEBUG  [00m [00;01;31;41m            GST_PADS gstpad.c:3814:push_sticky:<typefind:src>[00m event caps marked received
0:00:00.390870905 [334m19341[00m 0x7f493c009590 [33;01mLOG    [00m [00m           dashdemux gstisoff.c:464:gst_isoff_sidx_parser_parse:[00m Sidx entry 10) offset: 818111, pts: 0:00:49.877333333, duration 0:00:04.992000000 - size 81714
0:00:00.390878116 [334m19341[00m 0x7f4934007540 [33;01mLOG    [00m [00;01;31;41m            GST_PADS gstpad.c:5097:store_sticky_event:<typefind:src>[00m stored sticky event tag
0:00:00.390886444 [334m19341[00m 0x7f493c009590 [33;01mLOG    [00m [00m           dashdemux gstisoff.c:464:gst_isoff_sidx_parser_parse:[00m Sidx entry 11) offset: 899825, pts: 0:00:54.869333333, duration 0:00:04.992000000 - size 81830
0:00:00.390892523 [334m19341[00m 0x7f4934007540 [37mDEBUG  [00m [00;01;31;41m            GST_PADS gstpad.c:3862:check_sticky:<typefind:src>[00m pushing all sticky events
0:00:00.390913042 [334m19341[00m 0x7f493c009590 [33;01mLOG    [00m [00m           dashdemux gstisoff.c:464:gst_isoff_sidx_parser_parse:[00m Sidx entry 12) offset: 981655, pts: 0:00:59.861333333, duration 0:00:04.992000000 - size 81912
0:00:00.390933014 [334m19341[00m 0x7f4934007540 [37mDEBUG  [00m [00;01;31;41m            GST_PADS gstpad.c:3794:push_sticky:<typefind:src>[00m event stream-start was already received
0:00:00.390933969 [334m19341[00m 0x7f493c009590 [33;01mLOG    [00m [00m           dashdemux gstisoff.c:464:gst_isoff_sidx_parser_parse:[00m Sidx entry 13) offset: 1063567, pts: 0:01:04.853333333, duration 0:00:03.093333333 - size 50348
0:00:00.390947876 [334m19341[00m 0x7f4934007540 [37mDEBUG  [00m [00;01;31;41m            GST_PADS gstpad.c:3794:push_sticky:<typefind:src>[00m event caps was already received
0:00:00.390990192 [334m19341[00m 0x7f4930006e80 [37mDEBUG  [00m [00;01;31;41m            GST_PADS gstpad.c:5622:gst_pad_send_event_unchecked:<typefind:sink>[00m sent event, ret ok
0:00:00.391001576 [334m19341[00m 0x7f4930006e80 [33;01mLOG    [00m [00;01;31;41m            GST_PADS gstpad.c:5097:store_sticky_event:<typefind:sink>[00m stored sticky event caps
0:00:00.390970583 [334m19341[00m 0x7f4934007540 [37mDEBUG  [00m [00;01;31;41m            GST_PADS gstpad.c:3794:push_sticky:<typefind:src>[00m event segment was already received
0:00:00.391022210 [334m19341[00m 0x7f4930006e80 [37mDEBUG  [00m [00;01;31;41m            GST_PADS gstpad.c:5103:store_sticky_event:<typefind:sink>[00m notify caps
0:00:00.391053561 [334m19341[00m 0x7f49300068a0 [37mDEBUG  [00m [00;01;31;41m            GST_PADS gstpad.c:3814:push_sticky:<typefind:src>[00m event caps marked received
0:00:00.391176150 [334m19341[00m 0x7f493c009590 [37mDEBUG  [00m [00;01;35m      GST_SCHEDULING gstpad.c:4202:gst_pad_chain_data_unchecked:<queue2-2:sink>[00m calling chainfunction &gst_queue2_chain with buffer buffer: 0x7f492c0115f0, pts 99:99:99.999999999, dts 99:99:99.999999999, dur 99:99:99.999999999, size 200, offset 606, offset_end 806, flags 0x0
0:00:00.391201210 [334m19341[00m 0x7f4930006e80 [33;01mLOG    [00m [00;01;31;41m            GST_PADS gstpad.c:5269:gst_pad_push_event_unchecked:<sink:proxypad10>[00m sent event 0x7f494c03aaa0 (caps) to peerpad <typefind:sink>, ret ok
0:00:00.391235114 [334m19341[00m 0x7f494c03f850 [37mDEBUG  [00m [00;01;31;41m            GST_PADS gstpad.c:1063:gst_pad_set_active:<srcbin-video_00:src>[00m activating pad from none
0:00:00.391231466 [334m19341[00m 0x7f493c009590 [33;01mLOG    [00m [00m     queue2_dataflow gstqueue2.c:2816:gst_queue2_chain:<queue2-2>[00m received buffer 0x7f492c0115f0 of size 200, time 99:99:99.999999999, duration 99:99:99.999999999
0:00:00.391246390 [334m19341[00m 0x7f494c03f850 [37mDEBUG  [00m [00;01;31;41m            GST_PADS gstpad.c:979:pre_activate:<srcbin-video_00:src>[00m setting pad into push mode, unset flushing
0:00:00.391235755 [334m19341[00m 0x7f4930006e80 [37mDEBUG  [00m [00;01;31;41m            GST_PADS gstpad.c:3814:push_sticky:<sink:proxypad10>[00m event caps marked received
0:00:00.391264560 [334m19341[00m 0x7f4930006e80 [37mDEBUG  [00m [00;01;31;41m            GST_PADS gstpad.c:5622:gst_pad_send_event_unchecked:<parsebin1:sink>[00m sent event, ret ok
0:00:00.391306347 [334m19341[00m 0x7f49300068a0 [37mDEBUG  [00m [00;01;31;41m            GST_PADS gstpad.c:5622:gst_pad_send_event_unchecked:<typefind:sink>[00m sent event, ret ok
0:00:00.391265309 [334m19341[00m 0x7f493c009590 [37mDEBUG  [00m [00m              queue2 gstqueue2.c:842:apply_buffer:<queue2-2>[00m position updated to 0:00:00.000000000
0:00:00.391318592 [334m19341[00m 0x7f493c009590 [37mDEBUG  [00m [00m              queue2 gstqueue2.c:740:update_time_level:<queue2-2>[00m sink 0:00:00.000000000, src 0:00:00.000000000
0:00:00.391323438 [334m19341[00m 0x7f49300068a0 [33;01mLOG    [00m [00;01;31;41m            GST_PADS gstpad.c:5097:store_sticky_event:<typefind:sink>[00m stored sticky event caps
0:00:00.391277621 [334m19341[00m 0x7f4930006e80 [33;01mLOG    [00m [00;01;31;41m            GST_PADS gstpad.c:5097:store_sticky_event:<parsebin1:sink>[00m stored sticky event caps
0:00:00.391326060 [334m19341[00m 0x7f494c03f850 [37mDEBUG  [00m [00;01;31;41m            GST_PADS gstpad.c:979:pre_activate:<src:proxypad1>[00m setting pad into push mode, unset flushing
0:00:00.391332006 [334m19341[00m 0x7f493c009590 [37mDEBUG  [00m [00m              queue2 gstqueue2.c:1199:update_in_rates:<queue2-2>[00m rates: in 0.000000, time 0:00:00.000000000
0:00:00.391351395 [334m19341[00m 0x7f494c03f850 [37mDEBUG  [00m [00;01;31;41m            GST_PADS gstpad.c:991:pre_activate:<src:proxypad1>[00m reschedule events on peer queue0:src
0:00:00.391321911 [334m19341[00m 0x7f4934007540 [37mDEBUG  [00m [00;01;31;41m            GST_PADS gstpad.c:3814:push_sticky:<typefind:src>[00m event tag marked received
0:00:00.391341744 [334m19341[00m 0x7f4930006e80 [37mDEBUG  [00m [00;01;31;41m            GST_PADS gstpad.c:5103:store_sticky_event:<parsebin1:sink>[00m notify caps
0:00:00.391333408 [334m19341[00m 0x7f49300068a0 [37mDEBUG  [00m [00;01;31;41m            GST_PADS gstpad.c:5103:store_sticky_event:<typefind:sink>[00m notify caps
0:00:00.391372207 [334m19341[00m 0x7f4934007540 [37mDEBUG  [00m [00;01;31;41m            GST_PADS gstpad.c:5622:gst_pad_send_event_unchecked:<typefind:sink>[00m sent event, ret ok
0:00:00.391409458 [334m19341[00m 0x7f494c03f850 [37mDEBUG  [00m [00;01;31;41m            GST_PADS gstpad.c:1207:activate_mode_internal:<srcbin-video_00:src>[00m already activated in push mode
0:00:00.391401735 [334m19341[00m 0x7f493c009590 [37mDEBUG  [00m [00;01;35m      GST_SCHEDULING gstpad.c:4208:gst_pad_chain_data_unchecked:<queue2-2:sink>[00m called chainfunction &gst_queue2_chain with buffer 0x7f492c0115f0, returned ok
0:00:00.391427462 [334m19341[00m 0x7f494c03f850 [37mDEBUG  [00m [00;01;31;41m            GST_PADS gstpad.c:1188:activate_mode_internal:<src:proxypad1>[00m activated in push mode
0:00:00.391442719 [334m19341[00m 0x7f494c03f850 [37mDEBUG  [00m [00;01;31;41m            GST_PADS gstpad.c:1188:activate_mode_internal:<srcbin-video_00:src>[00m activated in push mode
0:00:00.391430410 [334m19341[00m 0x7f4930006e80 [33;01mLOG    [00m [00;01;31;41m            GST_PADS gstpad.c:5269:gst_pad_push_event_unchecked:<sink_0:proxypad8>[00m sent event 0x7f494c03aaa0 (caps) to peerpad <parsebin1:sink>, ret ok
0:00:00.391441520 [334m19341[00m 0x7f4934007540 [33;01mLOG    [00m [00;01;31;41m            GST_PADS gstpad.c:5097:store_sticky_event:<typefind:sink>[00m stored sticky event tag
0:00:00.391481250 [334m19341[00m 0x7f4934007540 [33;01mLOG    [00m [00;01;31;41m            GST_PADS gstpad.c:5269:gst_pad_push_event_unchecked:<sink:proxypad12>[00m sent event 0x7f49300056d0 (tag) to peerpad <typefind:sink>, ret ok
0:00:00.391488097 [334m19341[00m 0x7f49300068a0 [33;01mLOG    [00m [00;01;31;41m            GST_PADS gstpad.c:5269:gst_pad_push_event_unchecked:<sink:proxypad6>[00m sent event 0x7f494c03b010 (caps) to peerpad <typefind:sink>, ret ok
0:00:00.391507172 [334m19341[00m 0x7f4930006e80 [37mDEBUG  [00m [00;01;31;41m            GST_PADS gstpad.c:3814:push_sticky:<sink_0:proxypad8>[00m event caps marked received
0:00:00.391518753 [334m19341[00m 0x7f49300068a0 [37mDEBUG  [00m [00;01;31;41m            GST_PADS gstpad.c:3814:push_sticky:<sink:proxypad6>[00m event caps marked received
0:00:00.391538194 [334m19341[00m 0x7f4930006e80 [37mDEBUG  [00m [00;01;31;41m            GST_PADS gstpad.c:5622:gst_pad_send_event_unchecked:<decodebin3-0:sink_0>[00m sent event, ret ok
0:00:00.391539483 [334m19341[00m 0x7f49300068a0 [37mDEBUG  [00m [00;01;31;41m            GST_PADS gstpad.c:5622:gst_pad_send_event_unchecked:<parsebin0:sink>[00m sent event, ret ok
0:00:00.391517283 [334m19341[00m 0x7f493c009590 [33;01mLOG    [00m [00m       adaptivedemux gstadaptivedemux.c:2114:gst_adaptive_demux_stream_push_buffer:<dashdemux0:audio_01>[00m Push result: 0 ok
0:00:00.391550484 [334m19341[00m 0x7f4930006e80 [33;01mLOG    [00m [00;01;31;41m            GST_PADS gstpad.c:5097:store_sticky_event:<decodebin3-0:sink_0>[00m stored sticky event caps
0:00:00.391557241 [334m19341[00m 0x7f49300068a0 [33;01mLOG    [00m [00;01;31;41m            GST_PADS gstpad.c:5097:store_sticky_event:<parsebin0:sink>[00m stored sticky event caps
0:00:00.391575011 [334m19341[00m 0x7f4930006e80 [37mDEBUG  [00m [00;01;31;41m            GST_PADS gstpad.c:5103:store_sticky_event:<decodebin3-0:sink_0>[00m notify caps
0:00:00.391566628 [334m19341[00m 0x7f493c009590 [37mDEBUG  [00m [00;01;35m      GST_SCHEDULING gstpad.c:4208:gst_pad_chain_data_unchecked:<dashdemux0:internal-audio_01>[00m called chainfunction &0x7f495259ee20 with buffer 0x7f492c0115f0, returned ok
0:00:00.391496809 [334m19341[00m 0x7f4934007540 [37mDEBUG  [00m [00;01;31;41m            GST_PADS gstpad.c:3814:push_sticky:<sink:proxypad12>[00m event tag marked received
0:00:00.391606714 [334m19341[00m 0x7f49300068a0 [37mDEBUG  [00m [00;01;31;41m            GST_PADS gstpad.c:5103:store_sticky_event:<parsebin0:sink>[00m notify caps
0:00:00.391611143 [334m19341[00m 0x7f4934007540 [37mDEBUG  [00m [00;01;31;41m            GST_PADS gstpad.c:5622:gst_pad_send_event_unchecked:<parsebin2:sink>[00m sent event, ret ok
0:00:00.391659355 [334m19341[00m 0x7f4934007540 [33;01mLOG    [00m [00;01;31;41m            GST_PADS gstpad.c:5097:store_sticky_event:<parsebin2:sink>[00m stored sticky event tag
0:00:00.391661554 [334m19341[00m 0x7f4930006e80 [33;01mLOG    [00m [00;01;31;41m            GST_PADS gstpad.c:5269:gst_pad_push_event_unchecked:<urisourcebin0:src_1>[00m sent event 0x7f494c03aaa0 (caps) to peerpad <decodebin3-0:sink_0>, ret ok
0:00:00.391692233 [334m19341[00m 0x7f4930006e80 [37mDEBUG  [00m [00;01;31;41m            GST_PADS gstpad.c:3814:push_sticky:<urisourcebin0:src_1>[00m event caps marked received
0:00:00.391670837 [334m19341[00m 0x7f4934007540 [33;01mLOG    [00m [00;01;31;41m            GST_PADS gstpad.c:5269:gst_pad_push_event_unchecked:<sink_1:proxypad9>[00m sent event 0x7f49300056d0 (tag) to peerpad <parsebin2:sink>, ret ok
0:00:00.391748424 [334m19341[00m 0x7f4934007540 [37mDEBUG  [00m [00;01;31;41m            GST_PADS gstpad.c:3814:push_sticky:<sink_1:proxypad9>[00m event tag marked received
0:00:00.391751662 [334m19341[00m 0x7f4930006e80 [37mDEBUG  [00m [00;01;31;41m            GST_PADS gstpad.c:5622:gst_pad_send_event_unchecked:<src_1:proxypad5>[00m sent event, ret ok
0:00:00.391768806 [334m19341[00m 0x7f49300068a0 [33;01mLOG    [00m [00;01;31;41m            GST_PADS gstpad.c:5269:gst_pad_push_event_unchecked:<sink:proxypad0>[00m sent event 0x7f494c03b010 (caps) to peerpad <parsebin0:sink>, ret ok
0:00:00.391767228 [334m19341[00m 0x7f493c009590 [33;01mLOG    [00m [00m      queue_dataflow gstqueue.c:872:gst_queue_locked_dequeue:<queue2>[00m retrieved event 0x7f4924002580 from queue
0:00:00.391790425 [334m19341[00m 0x7f4934007540 [37mDEBUG  [00m [00;01;31;41m            GST_PADS gstpad.c:5622:gst_pad_send_event_unchecked:<decodebin3-0:sink_1>[00m sent event, ret ok
0:00:00.391810299 [334m19341[00m 0x7f4930006e80 [33;01mLOG    [00m [00;01;31;41m            GST_PADS gstpad.c:5097:store_sticky_event:<src_1:proxypad5>[00m stored sticky event caps
0:00:00.391777162 [334m19341[00m 0x7f49300068a0 [37mDEBUG  [00m [00;01;31;41m            GST_PADS gstpad.c:3814:push_sticky:<sink:proxypad0>[00m event caps marked received
0:00:00.391828341 [334m19341[00m 0x7f49300068a0 [37mDEBUG  [00m [00;01;31;41m            GST_PADS gstpad.c:5622:gst_pad_send_event_unchecked:<decodebin3-0:sink>[00m sent event, ret ok
0:00:00.391821150 [334m19341[00m 0x7f493c009590 [33;01mLOG    [00m [00;01;31;41m            GST_PADS gstpad.c:5097:store_sticky_event:<queue2:src>[00m stored sticky event eos
0:00:00.391839760 [334m19341[00m 0x7f493c009590 [37mDEBUG  [00m [00;01;31;41m            GST_PADS gstpad.c:3862:check_sticky:<queue2:src>[00m pushing all sticky events
0:00:00.391842112 [334m19341[00m 0x7f49300068a0 [33;01mLOG    [00m [00;01;31;41m            GST_PADS gstpad.c:5097:store_sticky_event:<decodebin3-0:sink>[00m stored sticky event caps
0:00:00.391829267 [334m19341[00m 0x7f4930006e80 [37mDEBUG  [00m [00;01;31;41m            GST_PADS gstpad.c:5103:store_sticky_event:<src_1:proxypad5>[00m notify caps
0:00:00.391857220 [334m19341[00m 0x7f493c009590 [37mDEBUG  [00m [00;01;31;41m            GST_PADS gstpad.c:3794:push_sticky:<queue2:src>[00m event stream-start was already received
0:00:00.391858552 [334m19341[00m 0x7f49300068a0 [37mDEBUG  [00m [00;01;31;41m            GST_PADS gstpad.c:5103:store_sticky_event:<decodebin3-0:sink>[00m notify caps
0:00:00.391888466 [334m19341[00m 0x7f4934007540 [33;01mLOG    [00m [00;01;31;41m            GST_PADS gstpad.c:5097:store_sticky_event:<decodebin3-0:sink_1>[00m stored sticky event tag
0:00:00.391903080 [334m19341[00m 0x7f4934007540 [33;01mLOG    [00m [00;01;31;41m            GST_PADS gstpad.c:5269:gst_pad_push_event_unchecked:<urisourcebin0:src_2>[00m sent event 0x7f49300056d0 (tag) to peerpad <decodebin3-0:sink_1>, ret ok
0:00:00.391904507 [334m19341[00m 0x7f493c009590 [37mDEBUG  [00m [00;01;31;41m            GST_PADS gstpad.c:3794:push_sticky:<queue2:src>[00m event segment was already received
0:00:00.391945532 [334m19341[00m 0x7f4930006e80 [33;01mLOG    [00m [00;01;31;41m            GST_PADS gstpad.c:5269:gst_pad_push_event_unchecked:<queue2-1:src>[00m sent event 0x7f494c03aaa0 (caps) to peerpad <src_1:proxypad5>, ret ok
0:00:00.391963015 [334m19341[00m 0x7f493c009590 [33;01mLOG    [00m [00;01;31;41m            GST_PADS gstpad.c:5261:gst_pad_push_event_unchecked:<queue2:src>[00m sending event 0x7f4924002580 (eos) to peerpad <src:proxypad3>
0:00:00.391975949 [334m19341[00m 0x7f493c009590 [37mDEBUG  [00m [00;01;34m           GST_EVENT gstpad.c:5548:gst_pad_send_event_unchecked:<src:proxypad3>[00m have event type eos event: 0x7f4924002580, time 99:99:99.999999999, seq-num 261, (NULL)
0:00:00.391954753 [334m19341[00m 0x7f49300068a0 [33;01mLOG    [00m [00;01;31;41m            GST_PADS gstpad.c:5269:gst_pad_push_event_unchecked:<urisourcebin0:src_0>[00m sent event 0x7f494c03b010 (caps) to peerpad <decodebin3-0:sink>, ret ok
0:00:00.392008574 [334m19341[00m 0x7f49300068a0 [37mDEBUG  [00m [00;01;31;41m            GST_PADS gstpad.c:3814:push_sticky:<urisourcebin0:src_0>[00m event caps marked received
0:00:00.392017695 [334m19341[00m 0x7f49300068a0 [37mDEBUG  [00m [00;01;31;41m            GST_PADS gstpad.c:5622:gst_pad_send_event_unchecked:<src_0:proxypad4>[00m sent event, ret ok
0:00:00.392025246 [334m19341[00m 0x7f49300068a0 [33;01mLOG    [00m [00;01;31;41m            GST_PADS gstpad.c:5097:store_sticky_event:<src_0:proxypad4>[00m stored sticky event caps
0:00:00.391936975 [334m19341[00m 0x7f4934007540 [37mDEBUG  [00m [00;01;31;41m            GST_PADS gstpad.c:3814:push_sticky:<urisourcebin0:src_2>[00m event tag marked received
0:00:00.392011189 [334m19341[00m 0x7f4930006e80 [37mDEBUG  [00m [00;01;31;41m            GST_PADS gstpad.c:3814:push_sticky:<queue2-1:src>[00m event caps marked received
0:00:00.392040484 [334m19341[00m 0x7f49300068a0 [37mDEBUG  [00m [00;01;31;41m            GST_PADS gstpad.c:5103:store_sticky_event:<src_0:proxypad4>[00m notify caps
0:00:00.392040859 [334m19341[00m 0x7f493c009590 [33;01mLOG    [00m [00;01;31;41m            GST_PADS gstpad.c:2944:gst_pad_forward:<src:proxypad3>[00m calling forward function on pad srcbin-audio_01:src
0:00:00.392038240 [334m19341[00m 0x7f4934007540 [37mDEBUG  [00m [00;01;31;41m            GST_PADS gstpad.c:5622:gst_pad_send_event_unchecked:<src_2:proxypad7>[00m sent event, ret ok
0:00:00.392073609 [334m19341[00m 0x7f4934007540 [33;01mLOG    [00m [00;01;31;41m            GST_PADS gstpad.c:5097:store_sticky_event:<src_2:proxypad7>[00m stored sticky event tag
0:00:00.392074498 [334m19341[00m 0x7f493c009590 [33;01mLOG    [00m [00;01;31;41m            GST_PADS gstpad.c:2989:event_forward_func:<srcbin-audio_01:src>[00m Reffing and pushing event 0x7f4924002580 (eos) to srcbin-audio_01:src
0:00:00.392080724 [334m19341[00m 0x7f4930006e80 [33;01mLOG    [00m [00m     queue2_dataflow gstqueue2.c:2394:gst_queue2_locked_dequeue:<queue2-1>[00m retrieved event 0x7f494c03b160 from queue
0:00:00.392093742 [334m19341[00m 0x7f493c009590 [33;01mLOG    [00m [00;01;31;41m            GST_PADS gstpad.c:5097:store_sticky_event:<srcbin-audio_01:src>[00m stored sticky event eos
0:00:00.392109400 [334m19341[00m 0x7f49300068a0 [33;01mLOG    [00m [00;01;31;41m            GST_PADS gstpad.c:5269:gst_pad_push_event_unchecked:<queue2-0:src>[00m sent event 0x7f494c03b010 (caps) to peerpad <src_0:proxypad4>, ret ok
0:00:00.392127767 [334m19341[00m 0x7f493c009590 [37mDEBUG  [00m [00;01;31;41m            GST_PADS gstpad.c:3862:check_sticky:<srcbin-audio_01:src>[00m pushing all sticky events
0:00:00.392119066 [334m19341[00m 0x7f4930006e80 [37mDEBUG  [00m [00m              queue2 gstqueue2.c:776:apply_segment:<queue2-1>[00m configured SEGMENT time segment start=0:00:00.000000000, offset=0:00:00.000000000, stop=99:99:99.999999999, rate=1.000000, applied_rate=1.000000, flags=0x00, time=0:00:00.000000000, base=0:00:00.000000000, position 0:00:00.000000000, duration 99:99:99.999999999
0:00:00.392138134 [334m19341[00m 0x7f493c009590 [37mDEBUG  [00m [00;01;31;41m            GST_PADS gstpad.c:3794:push_sticky:<srcbin-audio_01:src>[00m event stream-start was already received
0:00:00.392104076 [334m19341[00m 0x7f4934007540 [33;01mLOG    [00m [00;01;31;41m            GST_PADS gstpad.c:5269:gst_pad_push_event_unchecked:<queue2-2:src>[00m sent event 0x7f49300056d0 (tag) to peerpad <src_2:proxypad7>, ret ok
0:00:00.392092447 [334m19341[00m 0x7f494c03f850 [37mDEBUG  [00m [00;01;31;41m            GST_PADS gstpad.c:1063:gst_pad_set_active:<queue0:src>[00m activating pad from none
0:00:00.392148739 [334m19341[00m 0x7f493c009590 [37mDEBUG  [00m [00;01;31;41m            GST_PADS gstpad.c:3794:push_sticky:<srcbin-audio_01:src>[00m event segment was already received
0:00:00.392171931 [334m19341[00m 0x7f4930006e80 [37mDEBUG  [00m [00m              queue2 gstqueue2.c:740:update_time_level:<queue2-1>[00m sink 0:00:00.000000000, src 0:00:00.000000000
0:00:00.392174194 [334m19341[00m 0x7f494c03f850 [37mDEBUG  [00m [00;01;31;41m            GST_PADS gstpad.c:979:pre_activate:<queue0:src>[00m setting pad into push mode, unset flushing
0:00:00.392191649 [334m19341[00m 0x7f494c03f850 [37mDEBUG  [00m [00;01;31;41m            GST_PADS gstpad.c:5991:gst_pad_start_task:<queue0:src>[00m start task
0:00:00.392204199 [334m19341[00m 0x7f4934007540 [37mDEBUG  [00m [00;01;31;41m            GST_PADS gstpad.c:3814:push_sticky:<queue2-2:src>[00m event tag marked received
0:00:00.392217467 [334m19341[00m 0x7f4934007540 [33;01mLOG    [00m [00m     queue2_dataflow gstqueue2.c:2373:gst_queue2_locked_dequeue:<queue2-2>[00m retrieved buffer 0x7f492c0114e0 from queue
0:00:00.392224815 [334m19341[00m 0x7f494c03f850 [37mDEBUG  [00m [00m                task gsttask.c:430:gst_task_new:[00m Created task 0x7f494c048b90
0:00:00.392235256 [334m19341[00m 0x7f494c03f850 [36mINFO   [00m [00m                task gsttask.c:456:gst_task_set_lock:[00m setting stream lock 0x191fe00 on task 0x7f494c048b90
0:00:00.392228459 [334m19341[00m 0x7f4934007540 [37mDEBUG  [00m [00m              queue2 gstqueue2.c:842:apply_buffer:<queue2-2>[00m position updated to 0:00:00.000000000
0:00:00.392206007 [334m19341[00m 0x7f4930006e80 [33;01mLOG    [00m [00m     queue2_dataflow gstqueue2.c:2899:gst_queue2_push_one:<queue2-1>[00m (queue2-1:src) We have something dequeud: 2 of 0 buffers, 886 of 2097152 bytes, 0 of 4000000000 ns, 2 items
0:00:00.392255312 [334m19341[00m 0x7f4934007540 [37mDEBUG  [00m [00m              queue2 gstqueue2.c:740:update_time_level:<queue2-2>[00m sink 0:00:00.000000000, src 0:00:00.000000000
0:00:00.392272911 [334m19341[00m 0x7f49300068a0 [37mDEBUG  [00m [00;01;31;41m            GST_PADS gstpad.c:3814:push_sticky:<queue2-0:src>[00m event caps marked received
0:00:00.392263543 [334m19341[00m 0x7f4930006e80 [33;01mLOG    [00m [00;01;31;41m            GST_PADS gstpad.c:5097:store_sticky_event:<queue2-1:src>[00m stored sticky event segment
0:00:00.392282507 [334m19341[00m 0x7f49300068a0 [33;01mLOG    [00m [00m     queue2_dataflow gstqueue2.c:2394:gst_queue2_locked_dequeue:<queue2-0>[00m retrieved event 0x7f494c009f30 from queue
0:00:00.392301652 [334m19341[00m 0x7f494c03f850 [36mINFO   [00m [00;01;31;41m            GST_PADS gstpad.c:6000:gst_pad_start_task:<queue0:src>[00m created task 0x7f494c048b90
0:00:00.392271821 [334m19341[00m 0x7f4934007540 [33;01mLOG    [00m [00m     queue2_dataflow gstqueue2.c:2899:gst_queue2_push_one:<queue2-2>[00m (queue2-2:src) We have something dequeud: 1 of 0 buffers, 200 of 2097152 bytes, 0 of 4000000000 ns, 1 items
0:00:00.392290690 [334m19341[00m 0x7f49300068a0 [37mDEBUG  [00m [00m              queue2 gstqueue2.c:776:apply_segment:<queue2-0>[00m configured SEGMENT time segment start=0:00:00.000000000, offset=0:00:00.000000000, stop=99:99:99.999999999, rate=1.000000, applied_rate=1.000000, flags=0x00, time=0:00:00.000000000, base=0:00:00.000000000, position 0:00:00.000000000, duration 99:99:99.999999999
0:00:00.392324912 [334m19341[00m 0x7f4930006e80 [37mDEBUG  [00m [00;01;31;41m            GST_PADS gstpad.c:3862:check_sticky:<queue2-1:src>[00m pushing all sticky events
0:00:00.392313043 [334m19341[00m 0x7f494c03f850 [37mDEBUG  [00m [00;01;31;41m            GST_PADS gstpad.c:5917:do_stream_status:<queue0:src>[00m doing stream-status 0
0:00:00.392368044 [334m19341[00m 0x7f494c03f850 [37mDEBUG  [00m [00;01;31;41m            GST_PADS gstpad.c:5946:do_stream_status:<queue0:src>[00m posting stream-status 0
0:00:00.392368761 [334m19341[00m 0x7f4930006e80 [37mDEBUG  [00m [00;01;31;41m            GST_PADS gstpad.c:3794:push_sticky:<queue2-1:src>[00m event stream-start was already received
0:00:00.392364628 [334m19341[00m 0x7f493c009590 [33;01mLOG    [00m [00;01;31;41m            GST_PADS gstpad.c:5261:gst_pad_push_event_unchecked:<srcbin-audio_01:src>[00m sending event 0x7f4924002580 (eos) to peerpad <dashdemux0:internal-audio_01>
0:00:00.392354251 [334m19341[00m 0x7f49300068a0 [37mDEBUG  [00m [00m              queue2 gstqueue2.c:740:update_time_level:<queue2-0>[00m sink 0:00:00.000000000, src 0:00:00.000000000
0:00:00.392393917 [334m19341[00m 0x7f4930006e80 [37mDEBUG  [00m [00;01;31;41m            GST_PADS gstpad.c:3794:push_sticky:<queue2-1:src>[00m event caps was already received
0:00:00.392402658 [334m19341[00m 0x7f493c009590 [37mDEBUG  [00m [00;01;34m           GST_EVENT gstpad.c:5548:gst_pad_send_event_unchecked:<dashdemux0:internal-audio_01>[00m have event type eos event: 0x7f4924002580, time 99:99:99.999999999, seq-num 261, (NULL)
0:00:00.392409575 [334m19341[00m 0x7f49300068a0 [33;01mLOG    [00m [00m     queue2_dataflow gstqueue2.c:2899:gst_queue2_push_one:<queue2-0>[00m (queue2-0:src) We have something dequeud: 2 of 0 buffers, 806 of 2097152 bytes, 0 of 4000000000 ns, 3 items
0:00:00.392438771 [334m19341[00m 0x7f493c009590 [37mDEBUG  [00m [00m       adaptivedemux gstadaptivedemux.c:2303:gst_adaptive_demux_stream_fragment_download_finish:<dashdemux0:audio_01>[00m Download finish: 0 ok - err: (nil)
