06-09 08:18:16.729  6032  6082 I GStreamer+videodecoder: 0:00:55.224436229 0xe9014c90 gstvideodecoder.c:1432:gst_video_decoder_sink_event_default:<amcvideodec-omxnvidiah264decode0> upstream tags: taglist, video-codec=(string)"H.264\ \(High\ Profile\)", language-code=(string)en, bitrate=(uint)4413700, minimum-bitrate=(uint)2934960, maximum-bitrate=(uint)7681590;
06-09 08:18:16.729  6032  6082 D GStreamer+videodecoder: 0:00:55.224491177 0xe9014c90 gstvideodecoder.c:937:gst_video_decoder_create_merged_tags_event:<amcvideodec-omxnvidiah264decode0> merged   : taglist, video-codec=(string)"H.264\ \(High\ Profile\)", language-code=(string)en, bitrate=(uint)4413700, minimum-bitrate=(uint)2934960, maximum-bitrate=(uint)7681590;
06-09 08:18:16.729  6032  6082 D GStreamer+GST_EVENT: 0:00:55.224548989 0xe9014c90 gstevent.c:302:gst_event_new_custom creating new event 0xe90bb298 tag 20510
06-09 08:18:16.729  6032  6082 D GStreamer+GST_PADS: 0:00:55.224575916 0xe9014c90 gstpad.c:5609:gst_pad_send_event_unchecked:<amcvideodec-omxnvidiah264decode0:sink> sent event, ret ok
06-09 08:18:16.729  6032  6082 D GStreamer+GST_PADS: 0:00:55.224602062 0xe9014c90 gstpad.c:3805:push_sticky:<capsfilter0:src> event tag marked received
06-09 08:18:16.729  6032  6082 D GStreamer+GST_PADS: 0:00:55.224624666 0xe9014c90 gstpad.c:3785:push_sticky:<capsfilter0:src> event tag was already received
06-09 08:18:16.729  6032  6082 D GStreamer+GST_PADS: 0:00:55.224660291 0xe9014c90 gstpad.c:5609:gst_pad_send_event_unchecked:<capsfilter0:sink> sent event, ret ok
06-09 08:18:16.729  6032  6082 D GStreamer+GST_PADS: 0:00:55.224687427 0xe9014c90 gstpad.c:3805:push_sticky:<h264parse0:src> event tag marked received
06-09 08:18:16.729  6032  6082 D GStreamer+GST_PADS: 0:00:55.224709354 0xe9014c90 gstpad.c:3785:push_sticky:<h264parse0:src> event tag was already received
06-09 08:18:16.730  6032  6082 D GStreamer+GST_SCHEDULING: 0:00:55.224736750 0xe9014c90 gstpad.c:4193:gst_pad_chain_data_unchecked:<capsfilter0:sink> calling chainfunction &gst_base_transform_chain with buffer buffer: 0xe9351698, pts 0:00:00.571035386, dts 0:00:00.571035386, dur 0:00:00.038095238, size 13976, offset 386513, offset_end none, flags 0x2000
06-09 08:18:16.730  6032  6082 D GStreamer+basetransform: 0:00:55.224807531 0xe9014c90 gstbasetransform.c:2033:default_submit_input_buffer:<capsfilter0> handling buffer 0xe9351698 of size 13976, PTS 0:00:00.571035386 and offset 386513
06-09 08:18:16.730  6032  6082 D GStreamer+basetransform: 0:00:55.224841229 0xe9014c90 gstbasetransform.c:2150:default_generate_output:<capsfilter0> calling prepare buffer
06-09 08:18:16.730  6032  6082 D GStreamer+basetransform: 0:00:55.224872427 0xe9014c90 gstbasetransform.c:2157:default_generate_output:<capsfilter0> using allocated buffer in 0xe9351698, out 0xe9351698
06-09 08:18:16.730  6032  6082 D GStreamer+basetransform: 0:00:55.224894823 0xe9014c90 gstbasetransform.c:2174:default_generate_output:<capsfilter0> doing inplace transform
06-09 08:18:16.730  6032  6082 D GStreamer+GST_SCHEDULING: 0:00:55.224915291 0xe9014c90 gstpad.c:4193:gst_pad_chain_data_unchecked:<amcvideodec-omxnvidiah264decode0:sink> calling chainfunction &gst_video_decoder_chain with buffer buffer: 0xe9351698, pts 0:00:00.571035386, dts 0:00:00.571035386, dur 0:00:00.038095238, size 13976, offset 386513, offset_end none, flags 0x2000
06-09 08:18:16.730  6032  6082 D GStreamer+videodecoder: 0:00:55.224984718 0xe9014c90 gstvideodecoder.c:3415:gst_video_decoder_decode_frame:<amcvideodec-omxnvidiah264decode0> decoder frame list getting long: 16 frames,possible internal leaking?
06-09 08:18:16.730  6032  6082 D GStreamer+amcvideodec: 0:00:55.225009510 0xe9014c90 gstamcvideodec.c:2125:gst_amc_video_dec_handle_frame:<amcvideodec-omxnvidiah264decode0> Handling frame
06-09 08:18:16.730  6032  6082 D GStreamer+amcvideodec: 0:00:55.225175656 0xe9014c90 gstamcvideodec.c:2239:gst_amc_video_dec_handle_frame:<amcvideodec-omxnvidiah264decode0> Queueing buffer 5: size 13976 time 571035 flags 0x00000000
06-09 08:18:16.730  6032  6082 D GStreamer+GST_SCHEDULING: 0:00:55.225451073 0xe9014c90 gstpad.c:4199:gst_pad_chain_data_unchecked:<amcvideodec-omxnvidiah264decode0:sink> called chainfunction &gst_video_decoder_chain with buffer 0xe9351698, returned ok
06-09 08:18:16.730  6032  6082 D GStreamer+GST_SCHEDULING: 0:00:55.225487479 0xe9014c90 gstpad.c:4199:gst_pad_chain_data_unchecked:<capsfilter0:sink> called chainfunction &gst_base_transform_chain with buffer 0xe9351698, returned ok
06-09 08:18:16.730  6032  6082 D GStreamer+baseparse: 0:00:55.225518625 0xe9014c90 gstbaseparse.c:3165:gst_base_parse_chain:<h264parse0> not enough data available (only 0 bytes)
06-09 08:18:16.730  6032  6082 D GStreamer+GST_SCHEDULING: 0:00:55.225558573 0xe9014c90 gstpad.c:4199:gst_pad_chain_data_unchecked:<h264parse0:sink> called chainfunction &gst_base_parse_chain with buffer 0xe90b6350, returned ok
06-09 08:18:16.730  6032  6082 D GStreamer+GST_SCHEDULING: 0:00:55.225586437 0xe9014c90 gstpad.c:4199:gst_pad_chain_data_unchecked:<typefind:sink> called chainfunction &gst_type_find_element_chain with buffer 0xe90b6350, returned ok
06-09 08:18:16.730  6032  6082 D GStreamer+GST_SCHEDULING: 0:00:55.225614302 0xe9014c90 gstpad.c:4199:gst_pad_chain_data_unchecked:<forhwgl:sink> called chainfunction &gst_proxy_pad_chain_default with buffer 0xe90b6350, returned ok
06-09 08:18:16.730  6032  6083 D GStreamer+queue_dataflow: 0:00:55.225669979 0xe9014cf0 gstqueue.c:1228:gst_queue_chain_buffer_or_list:<queue0> queue is not full
06-09 08:18:16.730  6032  6082 D GStreamer+GST_SCHEDULING: 0:00:55.225663729 0xe9014c90 gstpad.c:4193:gst_pad_chain_data_unchecked:<forhwgl:sink> calling chainfunction &gst_proxy_pad_chain_default with buffer buffer: 0xe90b63f0, pts 0:00:00.647173438, dts 0:00:00.609104412, dur 0:00:00.038069026, size 13592, offset none, offset_end none, flags 0x2000
06-09 08:18:16.730  6032  6083 D GStreamer+GST_SCHEDULING: 0:00:55.225712114 0xe9014cf0 gstpad.c:4199:gst_pad_chain_data_unchecked:<queue0:sink> called chainfunction &gst_queue_chain with buffer 0xe942dc60, returned ok
06-09 08:18:16.730  6032  6083 D GStreamer+qtdemux: 0:00:55.225747687 0xe9014cf0 qtdemux.c:8035:qtdemux_parse_samples:<q> parsing up to sample 44
06-09 08:18:16.730  6032  6082 D GStreamer+GST_SCHEDULING: 0:00:55.225721385 0xe9014c90 gstpad.c:4193:gst_pad_chain_data_unchecked:<typefind:sink> calling chainfunction &gst_type_find_element_chain with buffer buffer: 0xe90b63f0, pts 0:00:00.647173438, dts 0:00:00.609104412, dur 0:00:00.038069026, size 13592, offset none, offset_end none, flags 0x2000
06-09 08:18:16.731  6032  6083 D GStreamer+qtdemux: 0:00:55.225775708 0xe9014cf0 qtdemux.c:8242:qtdemux_parse_samples:<q> sample 44: index 44, timestamp 0:00:01.675037134
06-09 08:18:16.731  6032  6082 D GStreamer+GST_SCHEDULING: 0:00:55.225790604 0xe9014c90 gstpad.c:4193:gst_pad_chain_data_unchecked:<h264parse0:sink> calling chainfunction &gst_base_parse_chain with buffer buffer: 0xe90b63f0, pts 0:00:00.647173438, dts 0:00:00.609104412, dur 0:00:00.038069026, size 13592, offset none, offset_end none, flags 0x2000
06-09 08:18:16.731  6032  6082 D GStreamer+baseparse: 0:00:55.225848052 0xe9014c90 gstbaseparse.c:2996:gst_base_parse_chain:<h264parse0> chain
06-09 08:18:16.731  6032  6083 D GStreamer+qtdemux: 0:00:55.225814927 0xe9014cf0 qtdemux.c:5525:gst_qtdemux_loop_state_movie:<q> pushing from stream 0, empty 0 offset 980386, size 14023, dts=0:00:01.675037134, pts=0:00:01.713106159, duration 0:00:00.038069025
06-09 08:18:16.731  6032  6083 D GStreamer+basesrc: 0:00:55.225877635 0xe9014cf0 gstbasesrc.c:2354:gst_base_src_update_length:<filesrc0> reading offset 980386, length 14023, size 22092204, segment.stop -1, maxsize 22092204
06-09 08:18:16.731  6032  6082 D GStreamer+GST_PERFORMANCE: 0:00:55.225887739 0xe9014c90 gstminiobject.c:327:gst_mini_object_make_writable copy GstBuffer miniobject 0xe90b63f0 -> 0xe93515f8
06-09 08:18:16.731  6032  6083 D GStreamer+basesrc: 0:00:55.225912791 0xe9014cf0 gstbasesrc.c:2455:gst_base_src_get_range:<filesrc0> calling create offset 980386 length 14023, time 0
06-09 08:18:16.731  6032  6082 D GStreamer+codecparsers_h264: 0:00:55.225920760 0xe9014c90 gsth264parser.c:253:gst_h264_parse_nalu_header Nal type 1, ref_idc 0
06-09 08:18:16.731  6032  6083 D GStreamer+GST_MEMORY: 0:00:55.225956125 0xe9014cf0 gstmemory.c:138:gst_memory_init new memory 0xe949e400, maxsize:14026 offset:0 size:14023
06-09 08:18:16.731  6032  6082 D GStreamer+h264parse: 0:00:55.225988468 0xe9014c90 gsth264parse.c:979:gst_h264_parse_handle_frame_packetized:<h264parse0> AVC nal offset 13592
06-09 08:18:16.731  6032  6083 D GStreamer+basesrc: 0:00:55.226007166 0xe9014cf0 gstbasesrc.c:2309:gst_base_src_do_sync:<filesrc0> we have no clock
06-09 08:18:16.731  6032  6082 D GStreamer+h264parse: 0:00:55.226013573 0xe9014c90 gsth264parse.c:714:gst_h264_parse_process_nal:<h264parse0> processing nal of type 1 Slice, size 13588
06-09 08:18:16.731  6032  6083 D GStreamer+basesrc: 0:00:55.226027531 0xe9014cf0 gstbasesrc.c:2519:gst_base_src_get_range:<filesrc0> buffer ok
06-09 08:18:16.731  6032  6082 D GStreamer+h264parse: 0:00:55.226035864 0xe9014c90 gsth264parse.c:820:gst_h264_parse_process_nal:<h264parse0> first_mb_in_slice = 0
06-09 08:18:16.731  6032  6082 D GStreamer+h264parse: 0:00:55.226053520 0xe9014c90 gsth264parse.c:823:gst_h264_parse_process_nal:<h264parse0> frame start: 1
06-09 08:18:16.731  6032  6083 D GStreamer+GST_SCHEDULING: 0:00:55.226049354 0xe9014cf0 gstpad.c:4193:gst_pad_chain_data_unchecked:<queue0:sink> calling chainfunction &gst_queue_chain with buffer buffer: 0xe942dd00, pts 0:00:01.713106159, dts 0:00:01.675037134, dur 0:00:00.038069025, size 14023, offset none, offset_end none, flags 0x2000
06-09 08:18:16.731  6032  6082 D GStreamer+codecparsers_h264: 0:00:55.226075343 0xe9014c90 gsth264parser.c:2089:gst_h264_parser_parse_slice_hdr parsing "Slice header", slice type 6
06-09 08:18:16.731  6032  6083 D GStreamer+queue_dataflow: 0:00:55.226106177 0xe9014cf0 gstqueue.c:1220:gst_queue_chain_buffer_or_list:<queue0> queue is full, waiting for free space
06-09 08:18:16.731  6032  6082 D GStreamer+h264parse: 0:00:55.226114093 0xe9014c90 gsth264parse.c:833:gst_h264_parse_process_nal:<h264parse0> parse result 0, first MB: 0, slice type: 6
06-09 08:18:16.731  6032  6082 D GStreamer+h264parse: 0:00:55.226136802 0xe9014c90 gsth264parse.c:421:gst_h264_parse_wrap_nal:<h264parse0> nal length 13588
06-09 08:18:16.731  6032  6082 D GStreamer+GST_MEMORY: 0:00:55.226165448 0xe9014c90 gstmemory.c:138:gst_memory_init new memory 0xe94a1b20, maxsize:13595 offset:0 size:13592
06-09 08:18:16.731  6032  6082 D GStreamer+codecparsers_h264: 0:00:55.226218364 0xe9014c90 gsth264parser.c:1407:gst_h264_parser_identify_nalu_avc Can't parse, buffer has too small size 13592, offset 13592
06-09 08:18:16.731  6032  6082 D GStreamer+GST_CAPS: 0:00:55.226245760 0xe9014c90 gstpad.c:2644:gst_pad_has_current_caps:<h264parse0:src> check current pad caps video/x-h264, stream-format=(string)byte-stream, alignment=(string)au, level=(string)4, profile=(string)high, width=(int)1280, height=(int)1440, framerate=(fraction)105/4, pixel-aspect-ratio=(fraction)1/1, parsed=(boolean)true
06-09 08:18:16.731  6032  6082 D GStreamer+GST_MEMORY: 0:00:55.226297583 0xe9014c90 gstmemory.c:87:_gst_memory_free free memory 0xe93d7db8
06-09 08:18:16.731  6032  6082 D GStreamer+GST_CAPS: 0:00:55.226350916 0xe9014c90 gstpad.c:2644:gst_pad_has_current_caps:<h264parse0:src> check current pad caps video/x-h264, stream-format=(string)byte-stream, alignment=(string)au, level=(string)4, profile=(string)high, width=(int)1280, height=(int)1440, framerate=(fraction)105/4, pixel-aspect-ratio=(fraction)1/1, parsed=(boolean)true
06-09 08:18:16.731  6032  6082 D GStreamer+h264parse: 0:00:55.226397427 0xe9014c90 gsth264parse.c:182:gst_h264_parse_reset_frame:<h264parse0> reset frame
06-09 08:18:16.731  6032  6082 D GStreamer+baseparse: 0:00:55.226444406 0xe9014c90 gstbaseparse.c:945:gst_base_parse_queue_tag_event_update:<h264parse0> merged   : taglist, video-codec=(string)"H.264\ \(High\ Profile\)", language-code=(string)en, bitrate=(uint)4413700;
06-09 08:18:16.731  6032  6082 D GStreamer+GST_EVENT: 0:00:55.226488677 0xe9014c90 gstevent.c:302:gst_event_new_custom creating new event 0xe90bb178 tag 20510
06-09 08:18:16.731  6032  6082 D GStreamer+GST_PADS: 0:00:55.226513729 0xe9014c90 gstpad.c:3853:check_sticky:<h264parse0:src> pushing all sticky events
06-09 08:18:16.731  6032  6082 D GStreamer+GST_PADS: 0:00:55.226547791 0xe9014c90 gstpad.c:3785:push_sticky:<h264parse0:src> event stream-start was already received
06-09 08:18:16.731  6032  6082 D GStreamer+GST_PADS: 0:00:55.226570031 0xe9014c90 gstpad.c:3785:push_sticky:<h264parse0:src> event caps was already received
06-09 08:18:16.731  6032  6082 D GStreamer+GST_PADS: 0:00:55.226589823 0xe9014c90 gstpad.c:3785:push_sticky:<h264parse0:src> event segment was already received
06-09 08:18:16.731  6032  6082 D GStreamer+GST_EVENT: 0:00:55.226610656 0xe9014c90 gstpad.c:5536:gst_pad_send_event_unchecked:<capsfilter0:sink> have event type tag event: 0xe90bb178, time 99:99:99.999999999, seq-num 160, GstTagList-stream, taglist=(taglist)"taglist\,\ video-codec\=\(string\)\"H.264\\\ \\\(High\\\ Profile\\\)\"\,\ language-code\=\(string\)en\,\ bitrate\=\(uint\)4413700\,\ minimum-bitrate\=\(uint\)2854320\,\ maximum-bitrate\=\(uint\)7681590\;";
06-09 08:18:16.731  6032  6082 D GStreamer+GST_PADS: 0:00:55.226691593 0xe9014c90 gstpad.c:3853:check_sticky:<capsfilter0:src> pushing all sticky events
06-09 08:18:16.731  6032  6082 D GStreamer+GST_PADS: 0:00:55.226711802 0xe9014c90 gstpad.c:3785:push_sticky:<capsfilter0:src> event stream-start was already received
06-09 08:18:16.731  6032  6082 D GStreamer+GST_PADS: 0:00:55.226731854 0xe9014c90 gstpad.c:3785:push_sticky:<capsfilter0:src> event caps was already received
06-09 08:18:16.731  6032  6082 D GStreamer+GST_PADS: 0:00:55.226765187 0xe9014c90 gstpad.c:3785:push_sticky:<capsfilter0:src> event segment was already received
06-09 08:18:16.732  6032  6082 D GStreamer+GST_EVENT: 0:00:55.226788260 0xe9014c90 gstpad.c:5536:gst_pad_send_event_unchecked:<amcvideodec-omxnvidiah264decode0:sink> have event type tag event: 0xe90bb178, time 99:99:99.999999999, seq-num 160, GstTagList-stream, taglist=(taglist)"taglist\,\ video-codec\=\(string\)\"H.264\\\ \\\(High\\\ Profile\\\)\"\,\ language-code\=\(string\)en\,\ bitrate\=\(uint\)4413700\,\ minimum-bitrate\=\(uint\)2854320\,\ maximum-bitrate\=\(uint\)7681590\;";
06-09 08:18:16.732  6032  6082 D GStreamer+videodecoder: 0:00:55.226848625 0xe9014c90 gstvideodecoder.c:1486:gst_video_decoder_sink_event:<amcvideodec-omxnvidiah264decode0> received event 20510, tag
06-09 08:18:16.732  6032  6082 I GStreamer+videodecoder: 0:00:55.226888468 0xe9014c90 gstvideodecoder.c:1432:gst_video_decoder_sink_event_default:<amcvideodec-omxnvidiah264decode0> upstream tags: taglist, video-codec=(string)"H.264\ \(High\ Profile\)", language-code=(string)en, bitrate=(uint)4413700, minimum-bitrate=(uint)2854320, maximum-bitrate=(uint)7681590;
06-09 08:18:16.732  6032  6082 D GStreamer+videodecoder: 0:00:55.226934093 0xe9014c90 gstvideodecoder.c:937:gst_video_decoder_create_merged_tags_event:<amcvideodec-omxnvidiah264decode0> merged   : taglist, video-codec=(string)"H.264\ \(High\ Profile\)", language-code=(string)en, bitrate=(uint)4413700, minimum-bitrate=(uint)2854320, maximum-bitrate=(uint)7681590;
06-09 08:18:16.732  6032  6082 D GStreamer+GST_EVENT: 0:00:55.226989406 0xe9014c90 gstevent.c:302:gst_event_new_custom creating new event 0xe90bb130 tag 20510
06-09 08:18:16.732  6032  6082 D GStreamer+GST_PADS: 0:00:55.227013989 0xe9014c90 gstpad.c:5609:gst_pad_send_event_unchecked:<amcvideodec-omxnvidiah264decode0:sink> sent event, ret ok
06-09 08:18:16.732  6032  6082 D GStreamer+GST_PADS: 0:00:55.227037739 0xe9014c90 gstpad.c:3805:push_sticky:<capsfilter0:src> event tag marked received
06-09 08:18:16.732  6032  6082 D GStreamer+GST_PADS: 0:00:55.227058416 0xe9014c90 gstpad.c:3785:push_sticky:<capsfilter0:src> event tag was already received
06-09 08:18:16.732  6032  6082 D GStreamer+GST_PADS: 0:00:55.227092375 0xe9014c90 gstpad.c:5609:gst_pad_send_event_unchecked:<capsfilter0:sink> sent event, ret ok
06-09 08:18:16.732  6032  6082 D GStreamer+GST_PADS: 0:00:55.227120083 0xe9014c90 gstpad.c:3805:push_sticky:<h264parse0:src> event tag marked received
06-09 08:18:16.732  6032  6082 D GStreamer+GST_PADS: 0:00:55.227140968 0xe9014c90 gstpad.c:3785:push_sticky:<h264parse0:src> event tag was already received
06-09 08:18:16.732  6032  6082 D GStreamer+GST_SCHEDULING: 0:00:55.227165604 0xe9014c90 gstpad.c:4193:gst_pad_chain_data_unchecked:<capsfilter0:sink> calling chainfunction &gst_base_transform_chain with buffer buffer: 0xe90b6350, pts 0:00:00.647173438, dts 0:00:00.609104412, dur 0:00:00.038095238, size 13592, offset 400489, offset_end none, flags 0x2000
06-09 08:18:16.732  6032  6082 D GStreamer+basetransform: 0:00:55.227233833 0xe9014c90 gstbasetransform.c:2033:default_submit_input_buffer:<capsfilter0> handling buffer 0xe90b6350 of size 13592, PTS 0:00:00.647173438 and offset 400489
06-09 08:18:16.732  6032  6082 D GStreamer+basetransform: 0:00:55.227265760 0xe9014c90 gstbasetransform.c:2150:default_generate_output:<capsfilter0> calling prepare buffer
06-09 08:18:16.732  6032  6082 D GStreamer+basetransform: 0:00:55.227283885 0xe9014c90 gstbasetransform.c:2157:default_generate_output:<capsfilter0> using allocated buffer in 0xe90b6350, out 0xe90b6350
06-09 08:18:16.732  6032  6082 D GStreamer+basetransform: 0:00:55.227320395 0xe9014c90 gstbasetransform.c:2174:default_generate_output:<capsfilter0> doing inplace transform
06-09 08:18:16.732  6032  6082 D GStreamer+GST_SCHEDULING: 0:00:55.227340291 0xe9014c90 gstpad.c:4193:gst_pad_chain_data_unchecked:<amcvideodec-omxnvidiah264decode0:sink> calling chainfunction &gst_video_decoder_chain with buffer buffer: 0xe90b6350, pts 0:00:00.647173438, dts 0:00:00.609104412, dur 0:00:00.038095238, size 13592, offset 400489, offset_end none, flags 0x2000
06-09 08:18:16.732  6032  6082 D GStreamer+videodecoder: 0:00:55.227394666 0xe9014c90 gstvideodecoder.c:3415:gst_video_decoder_decode_frame:<amcvideodec-omxnvidiah264decode0> decoder frame list getting long: 17 frames,possible internal leaking?
06-09 08:18:16.732  6032  6082 D GStreamer+amcvideodec: 0:00:55.227441020 0xe9014c90 gstamcvideodec.c:2125:gst_amc_video_dec_handle_frame:<amcvideodec-omxnvidiah264decode0> Handling frame
06-09 08:18:16.732  6032  6082 D GStreamer+amcvideodec: 0:00:55.227588989 0xe9014c90 gstamcvideodec.c:2239:gst_amc_video_dec_handle_frame:<amcvideodec-omxnvidiah264decode0> Queueing buffer 6: size 13592 time 647173 flags 0x00000000
06-09 08:18:16.733  6032  6082 D GStreamer+GST_SCHEDULING: 0:00:55.227811750 0xe9014c90 gstpad.c:4199:gst_pad_chain_data_unchecked:<amcvideodec-omxnvidiah264decode0:sink> called chainfunction &gst_video_decoder_chain with buffer 0xe90b6350, returned ok
06-09 08:18:16.733  6032  6082 D GStreamer+GST_SCHEDULING: 0:00:55.227847895 0xe9014c90 gstpad.c:4199:gst_pad_chain_data_unchecked:<capsfilter0:sink> called chainfunction &gst_base_transform_chain with buffer 0xe90b6350, returned ok
06-09 08:18:16.733  6032  6082 D GStreamer+baseparse: 0:00:55.227875135 0xe9014c90 gstbaseparse.c:3165:gst_base_parse_chain:<h264parse0> not enough data available (only 0 bytes)
06-09 08:18:16.733  6032  6082 D GStreamer+GST_SCHEDULING: 0:00:55.227911229 0xe9014c90 gstpad.c:4199:gst_pad_chain_data_unchecked:<h264parse0:sink> called chainfunction &gst_base_parse_chain with buffer 0xe90b63f0, returned ok
06-09 08:18:16.733  6032  6082 D GStreamer+GST_SCHEDULING: 0:00:55.227939041 0xe9014c90 gstpad.c:4199:gst_pad_chain_data_unchecked:<typefind:sink> called chainfunction &gst_type_find_element_chain with buffer 0xe90b63f0, returned ok
06-09 08:18:16.733  6032  6082 D GStreamer+GST_SCHEDULING: 0:00:55.227964041 0xe9014c90 gstpad.c:4199:gst_pad_chain_data_unchecked:<forhwgl:sink> called chainfunction &gst_proxy_pad_chain_default with buffer 0xe90b63f0, returned ok
06-09 08:18:16.733  6032  6083 D GStreamer+queue_dataflow: 0:00:55.227999406 0xe9014cf0 gstqueue.c:1228:gst_queue_chain_buffer_or_list:<queue0> queue is not full
06-09 08:18:16.733  6032  6082 D GStreamer+GST_SCHEDULING: 0:00:55.227995291 0xe9014c90 gstpad.c:4193:gst_pad_chain_data_unchecked:<forhwgl:sink> calling chainfunction &gst_proxy_pad_chain_default with buffer buffer: 0xe90b6490, pts 0:00:00.837518567, dts 0:00:00.647173438, dur 0:00:00.038069025, size 35798, offset none, offset_end none, flags 0x2000
06-09 08:18:16.733  6032  6083 D GStreamer+GST_SCHEDULING: 0:00:55.228053885 0xe9014cf0 gstpad.c:4199:gst_pad_chain_data_unchecked:<queue0:sink> called chainfunction &gst_queue_chain with buffer 0xe942dd00, returned ok
06-09 08:18:16.733  6032  6083 D GStreamer+qtdemux: 0:00:55.228083625 0xe9014cf0 qtdemux.c:8035:qtdemux_parse_samples:<q> parsing up to sample 45
06-09 08:18:16.733  6032  6082 D GStreamer+GST_SCHEDULING: 0:00:55.228065135 0xe9014c90 gstpad.c:4193:gst_pad_chain_data_unchecked:<typefind:sink> calling chainfunction &gst_type_find_element_chain with buffer buffer: 0xe90b6490, pts 0:00:00.837518567, dts 0:00:00.647173438, dur 0:00:00.038069025, size 35798, offset none, offset_end none, flags 0x2000
06-09 08:18:16.733  6032  6083 D GStreamer+qtdemux: 0:00:55.228108156 0xe9014cf0 qtdemux.c:8242:qtdemux_parse_samples:<q> sample 45: index 45, timestamp 0:00:01.713106159
06-09 08:18:16.733  6032  6082 D GStreamer+GST_SCHEDULING: 0:00:55.228113989 0xe9014c90 gstpad.c:4193:gst_pad_chain_data_unchecked:<h264parse0:sink> calling chainfunction &gst_base_parse_chain with buffer buffer: 0xe90b6490, pts 0:00:00.837518567, dts 0:00:00.647173438, dur 0:00:00.038069025, size 35798, offset none, offset_end none, flags 0x2000
06-09 08:18:16.733  6032  6083 D GStreamer+qtdemux: 0:00:55.228144250 0xe9014cf0 qtdemux.c:5525:gst_qtdemux_loop_state_movie:<q> pushing from stream 0, empty 0 offset 994409, size 35319, dts=0:00:01.713106159, pts=0:00:01.903451288, duration 0:00:00.038069026
06-09 08:18:16.733  6032  6082 D GStreamer+baseparse: 0:00:55.228181229 0xe9014c90 gstbaseparse.c:2996:gst_base_parse_chain:<h264parse0> chain
06-09 08:18:16.733  6032  6083 D GStreamer+basesrc: 0:00:55.228197739 0xe9014cf0 gstbasesrc.c:2354:gst_base_src_update_length:<filesrc0> reading offset 994409, length 35319, size 22092204, segment.stop -1, maxsize 22092204
06-09 08:18:16.733  6032  6083 D GStreamer+basesrc: 0:00:55.228234406 0xe9014cf0 gstbasesrc.c:2455:gst_base_src_get_range:<filesrc0> calling create offset 994409 length 35319, time 0
06-09 08:18:16.733  6032  6083 D GStreamer+GST_MEMORY: 0:00:55.228274145 0xe9014cf0 gstmemory.c:138:gst_memory_init new memory 0xe94a5090, maxsize:35322 offset:0 size:35319
06-09 08:18:16.733  6032  6088 D GStreamer+amcvideodec: 0:00:55.228295916 0xe93583b0 gstamcvideodec.c:1250:gst_amc_video_dec_loop:<amcvideodec-omxnvidiah264decode0> dequeueOutputBuffer() returned 11 (0xb)
06-09 08:18:16.733  6032  6083 D GStreamer+basesrc: 0:00:55.228340760 0xe9014cf0 gstbasesrc.c:2309:gst_base_src_do_sync:<filesrc0> we have no clock
06-09 08:18:16.733  6032  6082 D GStreamer+GST_PERFORMANCE: 0:00:55.228204406 0xe9014c90 gstminiobject.c:327:gst_mini_object_make_writable copy GstBuffer miniobject 0xe90b6490 -> 0xe9351418
06-09 08:18:16.733  6032  6083 D GStreamer+basesrc: 0:00:55.228361333 0xe9014cf0 gstbasesrc.c:2519:gst_base_src_get_range:<filesrc0> buffer ok
06-09 08:18:16.733  6032  6082 D GStreamer+codecparsers_h264: 0:00:55.228367791 0xe9014c90 gsth264parser.c:253:gst_h264_parse_nalu_header Nal type 1, ref_idc 2
06-09 08:18:16.733  6032  6082 D GStreamer+h264parse: 0:00:55.228389041 0xe9014c90 gsth264parse.c:979:gst_h264_parse_handle_frame_packetized:<h264parse0> AVC nal offset 35798
06-09 08:18:16.733  6032  6083 D GStreamer+GST_SCHEDULING: 0:00:55.228382270 0xe9014cf0 gstpad.c:4193:gst_pad_chain_data_unchecked:<queue0:sink> calling chainfunction &gst_queue_chain with buffer buffer: 0xe942dda0, pts 0:00:01.903451288, dts 0:00:01.713106159, dur 0:00:00.038069026, size 35319, offset none, offset_end none, flags 0x2000
06-09 08:18:16.733  6032  6088 D GStreamer+amcvideodec: 0:00:55.228324250 0xe93583b0 gstamcvideodec.c:1306:gst_amc_video_dec_loop:<amcvideodec-omxnvidiah264decode0> Got output buffer at index 11: offset 0 size 8 time 76138 flags 0x00000000
06-09 08:18:16.733  6032  6083 D GStreamer+queue_dataflow: 0:00:55.228450291 0xe9014cf0 gstqueue.c:1220:gst_queue_chain_buffer_or_list:<queue0> queue is full, waiting for free space
06-09 08:18:16.733  6032  6082 D GStreamer+h264parse: 0:00:55.228549458 0xe9014c90 gsth264parse.c:714:gst_h264_parse_process_nal:<h264parse0> processing nal of type 1 Slice, size 35794
06-09 08:18:16.733  6032  6082 D GStreamer+h264parse: 0:00:55.228577739 0xe9014c90 gsth264parse.c:820:gst_h264_parse_process_nal:<h264parse0> first_mb_in_slice = 0
06-09 08:18:16.733  6032  6082 D GStreamer+h264parse: 0:00:55.228594250 0xe9014c90 gsth264parse.c:823:gst_h264_parse_process_nal:<h264parse0> frame start: 1
06-09 08:18:16.733  6032  6082 D GStreamer+codecparsers_h264: 0:00:55.228612375 0xe9014c90 gsth264parser.c:2089:gst_h264_parser_parse_slice_hdr parsing "Slice header", slice type 5
06-09 08:18:16.733  6032  6082 D GStreamer+codecparsers_h264: 0:00:55.228632010 0xe9014c90 gsth264parser.c:767:gst_h264_slice_parse_pred_weight_table parsing "Prediction weight table"
06-09 08:18:16.733  6032  6088 D GStreamer+GST_MEMORY: 0:00:55.228659979 0xe93583b0 gstmemory.c:138:gst_memory_init new memory 0xe945ae00, maxsize:7372800 offset:0 size:7372800
06-09 08:18:16.733  6032  6082 D GStreamer+codecparsers_h264: 0:00:55.228713573 0xe9014c90 gsth264parser.c:711:gst_h264_slice_parse_dec_ref_pic_marking parsing "Decoded reference picture marking"
06-09 08:18:16.733  6032  6082 D GStreamer+h264parse: 0:00:55.228734406 0xe9014c90 gsth264parse.c:833:gst_h264_parse_process_nal:<h264parse0> parse result 0, first MB: 0, slice type: 5
06-09 08:18:16.733  6032  6082 D GStreamer+h264parse: 0:00:55.228771958 0xe9014c90 gsth264parse.c:421:gst_h264_parse_wrap_nal:<h264parse0> nal length 35794
06-09 08:18:16.734  6032  6082 D GStreamer+GST_MEMORY: 0:00:55.228812948 0xe9014c90 gstmemory.c:138:gst_memory_init new memory 0xe94adae0, maxsize:35801 offset:0 size:35798
06-09 08:18:16.734  6032  6088 D GStreamer+glbasememory: 0:00:55.228879302 0xe93583b0 gstglbasememory.c:172:gst_gl_base_memory_init new GL buffer memory:0xe945ae00 size:7372800
06-09 08:18:16.734  6032  6088 D GStreamer+glbasetexture: 0:00:55.228905135 0xe93583b0 gstglmemory.c:325:gst_gl_memory_init new GL texture context:<glcontextegl0> memory:0xe945ae00 target:external-oes format:4 dimensions:1280x1440 stride:5120 size:7372800
06-09 08:18:16.734  6032  6076 D GStreamer+default: 0:00:55.228953416 0xe923fdb0 gstjniutils.c:476:gst_amc_jni_attach_current_thread Attaching thread 0xe923fdb0
06-09 08:18:16.734  6032  6082 D GStreamer+codecparsers_h264: 0:00:55.228963573 0xe9014c90 gsth264parser.c:1407:gst_h264_parser_identify_nalu_avc Can't parse, buffer has too small size 35798, offset 35798
06-09 08:18:16.734  6032  6082 D GStreamer+GST_CAPS: 0:00:55.229006437 0xe9014c90 gstpad.c:2644:gst_pad_has_current_caps:<h264parse0:src> check current pad caps video/x-h264, stream-format=(string)byte-stream, alignment=(string)au, level=(string)4, profile=(string)high, width=(int)1280, height=(int)1440, framerate=(fraction)105/4, pixel-aspect-ratio=(fraction)1/1, parsed=(boolean)true
06-09 08:18:16.734  6032  6082 D GStreamer+GST_MEMORY: 0:00:55.229059145 0xe9014c90 gstmemory.c:87:_gst_memory_free free memory 0xe93db328
06-09 08:18:16.734  6032  6082 D GStreamer+GST_CAPS: 0:00:55.229100500 0xe9014c90 gstpad.c:2644:gst_pad_has_current_caps:<h264parse0:src> check current pad caps video/x-h264, stream-format=(string)byte-stream, alignment=(string)au, level=(string)4, profile=(string)high, width=(int)1280, height=(int)1440, framerate=(fraction)105/4, pixel-aspect-ratio=(fraction)1/1, parsed=(boolean)true
06-09 08:18:16.734  6032  6082 D GStreamer+h264parse: 0:00:55.229146541 0xe9014c90 gsth264parse.c:182:gst_h264_parse_reset_frame:<h264parse0> reset frame
06-09 08:18:16.734  6032  6082 D GStreamer+GST_SCHEDULING: 0:00:55.229168364 0xe9014c90 gstpad.c:4193:gst_pad_chain_data_unchecked:<capsfilter0:sink> calling chainfunction &gst_base_transform_chain with buffer buffer: 0xe90b62b0, pts 0:00:00.837518567, dts 0:00:00.647173438, dur 0:00:00.038095238, size 35798, offset 414081, offset_end none, flags 0x2000
06-09 08:18:16.734  6032  6082 D GStreamer+basetransform: 0:00:55.229244770 0xe9014c90 gstbasetransform.c:2033:default_submit_input_buffer:<capsfilter0> handling buffer 0xe90b62b0 of size 35798, PTS 0:00:00.837518567 and offset 414081
06-09 08:18:16.734  6032  6082 D GStreamer+basetransform: 0:00:55.229278520 0xe9014c90 gstbasetransform.c:2150:default_generate_output:<capsfilter0> calling prepare buffer
06-09 08:18:16.734  6032  6082 D GStreamer+basetransform: 0:00:55.229298416 0xe9014c90 gstbasetransform.c:2157:default_generate_output:<capsfilter0> using allocated buffer in 0xe90b62b0, out 0xe90b62b0
06-09 08:18:16.734  6032  6082 D GStreamer+basetransform: 0:00:55.229336541 0xe9014c90 gstbasetransform.c:2174:default_generate_output:<capsfilter0> doing inplace transform
06-09 08:18:16.734  6032  6082 D GStreamer+GST_SCHEDULING: 0:00:55.229357739 0xe9014c90 gstpad.c:4193:gst_pad_chain_data_unchecked:<amcvideodec-omxnvidiah264decode0:sink> calling chainfunction &gst_video_decoder_chain with buffer buffer: 0xe90b62b0, pts 0:00:00.837518567, dts 0:00:00.647173438, dur 0:00:00.038095238, size 35798, offset 414081, offset_end none, flags 0x2000
06-09 08:18:16.734  6032  6088 D GStreamer+GST_META: 0:00:55.229446281 0xe93583b0 gstmeta.c:196:gst_meta_register register "GstGLSyncMeta" implementing "GstGLSyncMetaAPI" of size 52
06-09 08:18:16.734  6032  6088 D GStreamer+GST_BUFFER: 0:00:55.229475760 0xe93583b0 gstbuffer.c:2108:gst_buffer_add_meta alloc metadata 0xe949c464 (GstGLSyncMeta) of size 52
06-09 08:18:16.734  6032  6088 D GStreamer+GST_META: 0:00:55.229549979 0xe93583b0 gstmeta.c:196:gst_meta_register register "GstVideoAffineTransformationMeta" implementing "GstVideoAffineTransformationAPI" of size 72
06-09 08:18:16.734  6032  6088 D GStreamer+GST_BUFFER: 0:00:55.229577948 0xe93583b0 gstbuffer.c:2108:gst_buffer_add_meta alloc metadata 0xe9350174 (GstVideoAffineTransformationMeta) of size 72
06-09 08:18:16.735  6032  6088 D GStreamer+amcvideodec: 0:00:55.230107270 0xe93583b0 gstamcvideodec.c:1418:gst_amc_video_dec_loop:<amcvideodec-omxnvidiah264decode0> push GL frame 1
06-09 08:18:16.735  6032  6088 D GStreamer+videodecoder: 0:00:55.230149875 0xe93583b0 gstvideodecoder.c:960:gst_video_decoder_push_event:<amcvideodec-omxnvidiah264decode0> segment time segment start=0:00:00.076138051, offset=0:00:00.000000000, stop=0:00:40.087138051, rate=1.000000, applied_rate=1.000000, flags=0x00, time=0:00:00.000000000, base=0:00:00.000000000, position 0:00:00.076138051, duration 99:99:99.999999999
06-09 08:18:16.735  6032  6088 D GStreamer+videodecoder: 0:00:55.230239510 0xe93583b0 gstvideodecoder.c:980:gst_video_decoder_push_event:<amcvideodec-omxnvidiah264decode0> pushing event segment
06-09 08:18:16.735  6032  6088 D GStreamer+GST_PADS: 0:00:55.230263468 0xe93583b0 gstpad.c:3853:check_sticky:<amcvideodec-omxnvidiah264decode0:src> pushing all sticky events
06-09 08:18:16.735  6032  6088 D GStreamer+GST_PADS: 0:00:55.230284198 0xe93583b0 gstpad.c:3785:push_sticky:<amcvideodec-omxnvidiah264decode0:src> event stream-start was already received
06-09 08:18:16.735  6032  6088 D GStreamer+GST_PADS: 0:00:55.230401906 0xe93583b0 gstpad.c:3785:push_sticky:<amcvideodec-omxnvidiah264decode0:src> event caps was already received
06-09 08:18:16.735  6032  6088 D GStreamer+GST_EVENT: 0:00:55.230447843 0xe93583b0 gstpad.c:5536:gst_pad_send_event_unchecked:<src_0:proxypad2> have event type segment event: 0xe9241d78, time 99:99:99.999999999, seq-num 69, GstEventSegment, segment=(GstSegment)"GstSegment, flags=(GstSegmentFlags)GST_SEGMENT_FLAG_NONE, rate=(double)1, applied-rate=(double)1, format=(GstFormat)GST_FORMAT_TIME, base=(guint64)0, offset=(guint64)0, start=(guint64)76138051, stop=(guint64)40087138051, time=(guint64)0, position=(guint64)76138051, duration=(guint64)18446744073709551615;";
06-09 08:18:16.735  6032  6088 D GStreamer+GST_PADS: 0:00:55.230750448 0xe93583b0 gstpad.c:3853:check_sticky:<forhwgl:src_0> pushing all sticky events
06-09 08:18:16.735  6032  6088 D GStreamer+GST_PADS: 0:00:55.230771593 0xe93583b0 gstpad.c:3785:push_sticky:<forhwgl:src_0> event stream-start was already received
06-09 08:18:16.736   995  6089 D NvOsDebugPrintf: TVMR: cctx->bAbortInputBuffer = 0, cctx->bEOSAbortOutputBuffer = 0 
06-09 08:18:16.736  6032  6088 D GStreamer+GST_PADS: 0:00:55.230791593 0xe93583b0 gstpad.c:3785:push_sticky:<forhwgl:src_0> event caps was already received
06-09 08:18:16.736  6032  6088 D GStreamer+GST_PADS: 0:00:55.230832531 0xe93583b0 gstpad.c:3690:do_probe_callbacks:<forhwgl:src_0> data is passed
06-09 08:18:16.736  6032  6088 D GStreamer+GST_PADS: 0:00:55.230852895 0xe93583b0 gstpad.c:3493:probe_hook_marshal:<forhwgl:src_0> probe returned OK
06-09 08:18:16.736  6032  6088 D GStreamer+GST_EVENT: 0:00:55.230871854 0xe93583b0 gstpad.c:5536:gst_pad_send_event_unchecked:<queue1:sink> have event type segment event: 0xe9241d78, time 99:99:99.999999999, seq-num 69, GstEventSegment, segment=(GstSegment)"GstSegment, flags=(GstSegmentFlags)GST_SEGMENT_FLAG_NONE, rate=(double)1, applied-rate=(double)1, format=(GstFormat)GST_FORMAT_TIME, base=(guint64)0, offset=(guint64)0, start=(guint64)76138051, stop=(guint64)40087138051, time=(guint64)0, position=(guint64)76138051, duration=(guint64)18446744073709551615;";
06-09 08:18:16.736  6032  6088 D GStreamer+queue: 0:00:55.230998937 0xe93583b0 gstqueue.c:578:apply_segment:<queue1> configured SEGMENT time segment start=0:00:00.076138051, offset=0:00:00.000000000, stop=0:00:40.087138051, rate=1.000000, applied_rate=1.000000, flags=0x00, time=0:00:00.000000000, base=0:00:00.000000000, position 0:00:00.076138051, duration 99:99:99.999999999
06-09 08:18:16.736  6032  6088 D GStreamer+queue: 0:00:55.231078000 0xe93583b0 gstqueue.c:578:apply_segment:<queue1> configured SEGMENT time segment start=0:00:00.076138051, offset=0:00:00.000000000, stop=0:00:40.087138051, rate=1.000000, applied_rate=1.000000, flags=0x00, time=0:00:00.000000000, base=0:00:00.000000000, position 0:00:00.076138051, duration 99:99:99.999999999
06-09 08:18:16.736  6032  6088 D GStreamer+GST_PADS: 0:00:55.231154562 0xe93583b0 gstpad.c:5609:gst_pad_send_event_unchecked:<queue1:sink> sent event, ret ok
06-09 08:18:16.736  6032  6081 D GStreamer+queue_dataflow: 0:00:55.231161593 0xe9014c30 gstqueue.c:1500:gst_queue_loop:<queue1> queue is not empty
06-09 08:18:16.736  6032  6088 D GStreamer+GST_PADS: 0:00:55.231179562 0xe93583b0 gstpad.c:3805:push_sticky:<forhwgl:src_0> event segment marked received
06-09 08:18:16.736  6032  6081 D GStreamer+GST_PADS: 0:00:55.231196906 0xe9014c30 gstpad.c:3853:check_sticky:<queue1:src> pushing all sticky events
06-09 08:18:16.736  6032  6088 D GStreamer+GST_PADS: 0:00:55.231204927 0xe93583b0 gstpad.c:5609:gst_pad_send_event_unchecked:<src_0:proxypad2> sent event, ret ok
06-09 08:18:16.736  6032  6081 D GStreamer+GST_PADS: 0:00:55.231217270 0xe9014c30 gstpad.c:3785:push_sticky:<queue1:src> event stream-start was already received
06-09 08:18:16.736  6032  6081 D GStreamer+GST_PADS: 0:00:55.231255395 0xe9014c30 gstpad.c:3785:push_sticky:<queue1:src> event caps was already received
06-09 08:18:16.736  6032  6088 D GStreamer+GST_PADS: 0:00:55.231280239 0xe93583b0 gstpad.c:3805:push_sticky:<amcvideodec-omxnvidiah264decode0:src> event segment marked received
06-09 08:18:16.736  6032  6088 D GStreamer+videodecoder: 0:00:55.231365187 0xe93583b0 gstvideodecoder.c:980:gst_video_decoder_push_event:<amcvideodec-omxnvidiah264decode0> pushing event tag
06-09 08:18:16.736  6032  6088 D GStreamer+GST_PADS: 0:00:55.231406229 0xe93583b0 gstpad.c:3853:check_sticky:<amcvideodec-omxnvidiah264decode0:src> pushing all sticky events
06-09 08:18:16.736  6032  6088 D GStreamer+GST_PADS: 0:00:55.231438520 0xe93583b0 gstpad.c:3785:push_sticky:<amcvideodec-omxnvidiah264decode0:src> event stream-start was already received
06-09 08:18:16.736  6032  6081 D GStreamer+GST_EVENT: 0:00:55.231352114 0xe9014c30 gstpad.c:5536:gst_pad_send_event_unchecked:<forhalffps:sink> have event type segment event: 0xe9241d78, time 99:99:99.999999999, seq-num 69, GstEventSegment, segment=(GstSegment)"GstSegment, flags=(GstSegmentFlags)GST_SEGMENT_FLAG_NONE, rate=(double)1, applied-rate=(double)1, format=(GstFormat)GST_FORMAT_TIME, base=(guint64)0, offset=(guint64)0, start=(guint64)76138051, stop=(guint64)40087138051, time=(guint64)0, position=(guint64)76138051, duration=(guint64)18446744073709551615;";
06-09 08:18:16.736  6032  6088 D GStreamer+GST_PADS: 0:00:55.231468729 0xe93583b0 gstpad.c:3785:push_sticky:<amcvideodec-omxnvidiah264decode0:src> event caps was already received
06-09 08:18:16.736  6032  6081 D GStreamer+GST_PADS: 0:00:55.231498312 0xe9014c30 gstpad.c:3690:do_probe_callbacks:<forhalffps:sink> data is passed
06-09 08:18:16.736  6032  6088 D GStreamer+GST_PADS: 0:00:55.231513468 0xe93583b0 gstpad.c:3785:push_sticky:<amcvideodec-omxnvidiah264decode0:src> event segment was already received
06-09 08:18:16.736  6032  6081 D GStreamer+basetransform: 0:00:55.231523520 0xe9014c30 gstbasetransform.c:1950:gst_base_transform_sink_eventfunc:<forhalffps> received SEGMENT time segment start=0:00:00.076138051, offset=0:00:00.000000000, stop=0:00:40.087138051, rate=1.000000, applied_rate=1.000000, flags=0x00, time=0:00:00.000000000, base=0:00:00.000000000, position 0:00:00.076138051, duration 99:99:99.999999999
06-09 08:18:16.736  6032  6088 D GStreamer+GST_EVENT: 0:00:55.231540708 0xe93583b0 gstpad.c:5536:gst_pad_send_event_unchecked:<src_0:proxypad2> have event type tag event: 0xe927d8f0, time 99:99:99.999999999, seq-num 141, GstTagList-stream, taglist=(taglist)"taglist\,\ video-codec\=\(string\)\"H.264\\\ /\\\ AVC\"\,\ language-code\=\(string\)en\,\ bitrate\=\(uint\)4413700\;";
06-09 08:18:16.736  6032  6081 D GStreamer+GST_PADS: 0:00:55.231590343 0xe9014c30 gstpad.c:3853:check_sticky:<forhalffps:src> pushing all sticky events
06-09 08:18:16.736  6032  6081 D GStreamer+GST_PADS: 0:00:55.231610968 0xe9014c30 gstpad.c:3785:push_sticky:<forhalffps:src> event stream-start was already received
06-09 08:18:16.736  6032  6088 D GStreamer+GST_PADS: 0:00:55.231618364 0xe93583b0 gstpad.c:3853:check_sticky:<forhwgl:src_0> pushing all sticky events
06-09 08:18:16.736  6032  6081 D GStreamer+GST_PADS: 0:00:55.231631281 0xe9014c30 gstpad.c:3785:push_sticky:<forhalffps:src> event caps was already received
06-09 08:18:16.736  6032  6088 D GStreamer+GST_PADS: 0:00:55.231638000 0xe93583b0 gstpad.c:3785:push_sticky:<forhwgl:src_0> event stream-start was already received
06-09 08:18:16.736  6032  6088 D GStreamer+GST_PADS: 0:00:55.231658677 0xe93583b0 gstpad.c:3785:push_sticky:<forhwgl:src_0> event caps was already received
06-09 08:18:16.736  6032  6088 D GStreamer+GST_PADS: 0:00:55.231684250 0xe93583b0 gstpad.c:3785:push_sticky:<forhwgl:src_0> event segment was already received
06-09 08:18:16.736  6032  6088 D GStreamer+GST_PADS: 0:00:55.231723052 0xe93583b0 gstpad.c:3690:do_probe_callbacks:<forhwgl:src_0> data is passed
06-09 08:18:16.736  6032  6081 D GStreamer+GST_EVENT: 0:00:55.231652791 0xe9014c30 gstpad.c:5536:gst_pad_send_event_unchecked:<glimagesinkbin0:sink> have event type segment event: 0xe9241d78, time 99:99:99.999999999, seq-num 69, GstEventSegment, segment=(GstSegment)"GstSegment, flags=(GstSegmentFlags)GST_SEGMENT_FLAG_NONE, rate=(double)1, applied-rate=(double)1, format=(GstFormat)GST_FORMAT_TIME, base=(guint64)0, offset=(guint64)0, start=(guint64)76138051, stop=(guint64)40087138051, time=(guint64)0, position=(guint64)76138051, duration=(guint64)18446744073709551615;";
06-09 08:18:16.736  6032  6088 D GStreamer+GST_PADS: 0:00:55.231749927 0xe93583b0 gstpad.c:3493:probe_hook_marshal:<forhwgl:src_0> probe returned OK
06-09 08:18:16.736  6032  6081 D GStreamer+GST_PADS: 0:00:55.231771281 0xe9014c30 gstpad.c:3853:check_sticky:<sink:proxypad1> pushing all sticky events
06-09 08:18:16.737  6032  6081 D GStreamer+GST_PADS: 0:00:55.231793364 0xe9014c30 gstpad.c:3785:push_sticky:<sink:proxypad1> event stream-start was already received
06-09 08:18:16.737  6032  6088 D GStreamer+GST_EVENT: 0:00:55.231769198 0xe93583b0 gstpad.c:5536:gst_pad_send_event_unchecked:<queue1:sink> have event type tag event: 0xe927d8f0, time 99:99:99.999999999, seq-num 141, GstTagList-stream, taglist=(taglist)"taglist\,\ video-codec\=\(string\)\"H.264\\\ /\\\ AVC\"\,\ language-code\=\(string\)en\,\ bitrate\=\(uint\)4413700\;";
06-09 08:18:16.737  6032  6081 D GStreamer+GST_PADS: 0:00:55.231831854 0xe9014c30 gstpad.c:3785:push_sticky:<sink:proxypad1> event caps was already received
06-09 08:18:16.737  6032  6088 D GStreamer+GST_PADS: 0:00:55.231843885 0xe93583b0 gstpad.c:5609:gst_pad_send_event_unchecked:<queue1:sink> sent event, ret ok
06-09 08:18:16.737  6032  6088 D GStreamer+GST_PADS: 0:00:55.231869927 0xe93583b0 gstpad.c:3805:push_sticky:<forhwgl:src_0> event tag marked received
06-09 08:18:16.737  6032  6088 D GStreamer+GST_PADS: 0:00:55.231896489 0xe93583b0 gstpad.c:5609:gst_pad_send_event_unchecked:<src_0:proxypad2> sent event, ret ok
06-09 08:18:16.737  6032  6081 D GStreamer+GST_EVENT: 0:00:55.231855864 0xe9014c30 gstpad.c:5536:gst_pad_send_event_unchecked:<gluploadelement0:sink> have event type segment event: 0xe9241d78, time 99:99:99.999999999, seq-num 69, GstEventSegment, segment=(GstSegment)"GstSegment, flags=(GstSegmentFlags)GST_SEGMENT_FLAG_NONE, rate=(double)1, applied-rate=(double)1, format=(GstFormat)GST_FORMAT_TIME, base=(guint64)0, offset=(guint64)0, start=(guint64)76138051, stop=(guint64)40087138051, time=(guint64)0, position=(guint64)76138051, duration=(guint64)18446744073709551615;";
06-09 08:18:16.737  6032  6088 D GStreamer+GST_PADS: 0:00:55.231933937 0xe93583b0 gstpad.c:3805:push_sticky:<amcvideodec-omxnvidiah264decode0:src> event tag marked received
06-09 08:18:16.737  6032  6088 D GStreamer+videodecoder: 0:00:55.231964614 0xe93583b0 gstvideodecoder.c:980:gst_video_decoder_push_event:<amcvideodec-omxnvidiah264decode0> pushing event tag
06-09 08:18:16.737  6032  6088 D GStreamer+GST_PADS: 0:00:55.231991854 0xe93583b0 gstpad.c:3853:check_sticky:<amcvideodec-omxnvidiah264decode0:src> pushing all sticky events
06-09 08:18:16.737  6032  6081 D GStreamer+basetransform: 0:00:55.231964406 0xe9014c30 gstbasetransform.c:1950:gst_base_transform_sink_eventfunc:<gluploadelement0> received SEGMENT time segment start=0:00:00.076138051, offset=0:00:00.000000000, stop=0:00:40.087138051, rate=1.000000, applied_rate=1.000000, flags=0x00, time=0:00:00.000000000, base=0:00:00.000000000, position 0:00:00.076138051, duration 99:99:99.999999999
06-09 08:18:16.737  6032  6088 D GStreamer+GST_PADS: 0:00:55.232011593 0xe93583b0 gstpad.c:3785:push_sticky:<amcvideodec-omxnvidiah264decode0:src> event stream-start was already received
06-09 08:18:16.737  6032  6081 D GStreamer+GST_PADS: 0:00:55.232030395 0xe9014c30 gstpad.c:3853:check_sticky:<gluploadelement0:src> pushing all sticky events
06-09 08:18:16.737  6032  6088 D GStreamer+GST_PADS: 0:00:55.232048833 0xe93583b0 gstpad.c:3785:push_sticky:<amcvideodec-omxnvidiah264decode0:src> event caps was already received
06-09 08:18:16.737  6032  6081 D GStreamer+GST_PADS: 0:00:55.232049979 0xe9014c30 gstpad.c:3785:push_sticky:<gluploadelement0:src> event stream-start was already received
06-09 08:18:16.737  6032  6081 D GStreamer+GST_PADS: 0:00:55.232081958 0xe9014c30 gstpad.c:3785:push_sticky:<gluploadelement0:src> event caps was already received
06-09 08:18:16.737  6032  6088 D GStreamer+GST_PADS: 0:00:55.232081698 0xe93583b0 gstpad.c:3785:push_sticky:<amcvideodec-omxnvidiah264decode0:src> event segment was already received
06-09 08:18:16.737  6032  6088 D GStreamer+GST_PADS: 0:00:55.232110864 0xe93583b0 gstpad.c:3785:push_sticky:<amcvideodec-omxnvidiah264decode0:src> event tag was already received
06-09 08:18:16.737  6032  6081 D GStreamer+GST_EVENT: 0:00:55.232110500 0xe9014c30 gstpad.c:5536:gst_pad_send_event_unchecked:<glcolorconvertelement0:sink> have event type segment event: 0xe9241d78, time 99:99:99.999999999, seq-num 69, GstEventSegment, segment=(GstSegment)"GstSegment, flags=(GstSegmentFlags)GST_SEGMENT_FLAG_NONE, rate=(double)1, applied-rate=(double)1, format=(GstFormat)GST_FORMAT_TIME, base=(guint64)0, offset=(guint64)0, start=(guint64)76138051, stop=(guint64)40087138051, time=(guint64)0, position=(guint64)76138051, duration=(guint64)18446744073709551615;";
06-09 08:18:16.737  6032  6088 D GStreamer+GST_EVENT: 0:00:55.232136541 0xe93583b0 gstpad.c:5536:gst_pad_send_event_unchecked:<src_0:proxypad2> have event type tag event: 0xe9241e08, time 99:99:99.999999999, seq-num 71, GstTagList-global, taglist=(taglist)"taglist\,\ datetime\=\(datetime\)2015-09-10T18:06:29Z\,\ encoder\=\(string\)Lavf54.20.4\,\ container-format\=\(string\)\"ISO\\\ MP4/M4A\"\;";
06-09 08:18:16.737  6032  6088 D GStreamer+GST_PADS: 0:00:55.232229770 0xe93583b0 gstpad.c:3853:check_sticky:<forhwgl:src_0> pushing all sticky events
06-09 08:18:16.737  6032  6088 D GStreamer+GST_PADS: 0:00:55.232270812 0xe93583b0 gstpad.c:3785:push_sticky:<forhwgl:src_0> event stream-start was already received
06-09 08:18:16.737  6032  6088 D GStreamer+GST_PADS: 0:00:55.232292114 0xe93583b0 gstpad.c:3785:push_sticky:<forhwgl:src_0> event caps was already received
06-09 08:18:16.737  6032  6081 D GStreamer+basetransform: 0:00:55.232219718 0xe9014c30 gstbasetransform.c:1950:gst_base_transform_sink_eventfunc:<glcolorconvertelement0> received SEGMENT time segment start=0:00:00.076138051, offset=0:00:00.000000000, stop=0:00:40.087138051, rate=1.000000, applied_rate=1.000000, flags=0x00, time=0:00:00.000000000, base=0:00:00.000000000, position 0:00:00.076138051, duration 99:99:99.999999999
06-09 08:18:16.737  6032  6088 D GStreamer+GST_PADS: 0:00:55.232312791 0xe93583b0 gstpad.c:3785:push_sticky:<forhwgl:src_0> event segment was already received
06-09 08:18:16.737  6032  6081 D GStreamer+GST_PADS: 0:00:55.232336281 0xe9014c30 gstpad.c:3853:check_sticky:<glcolorconvertelement0:src> pushing all sticky events
06-09 08:18:16.737  6032  6088 D GStreamer+GST_PADS: 0:00:55.232336073 0xe93583b0 gstpad.c:3785:push_sticky:<forhwgl:src_0> event tag was already received
06-09 08:18:16.737  6032  6081 D GStreamer+GST_PADS: 0:00:55.232360760 0xe9014c30 gstpad.c:3785:push_sticky:<glcolorconvertelement0:src> event stream-start was already received
06-09 08:18:16.737  6032  6088 D GStreamer+GST_PADS: 0:00:55.232374718 0xe93583b0 gstpad.c:3690:do_probe_callbacks:<forhwgl:src_0> data is passed
06-09 08:18:16.737  6032  6081 D GStreamer+GST_PADS: 0:00:55.232381073 0xe9014c30 gstpad.c:3785:push_sticky:<glcolorconvertelement0:src> event caps was already received
06-09 08:18:16.737  6032  6088 D GStreamer+GST_PADS: 0:00:55.232395291 0xe93583b0 gstpad.c:3493:probe_hook_marshal:<forhwgl:src_0> probe returned OK
06-09 08:18:16.737  6032  6088 D GStreamer+GST_EVENT: 0:00:55.232424041 0xe93583b0 gstpad.c:5536:gst_pad_send_event_unchecked:<queue1:sink> have event type tag event: 0xe9241e08, time 99:99:99.999999999, seq-num 71, GstTagList-global, taglist=(taglist)"taglist\,\ datetime\=\(datetime\)2015-09-10T18:06:29Z\,\ encoder\=\(string\)Lavf54.20.4\,\ container-format\=\(string\)\"ISO\\\ MP4/M4A\"\;";
06-09 08:18:16.737  6032  6081 D GStreamer+GST_EVENT: 0:00:55.232402895 0xe9014c30 gstpad.c:5536:gst_pad_send_event_unchecked:<glcolorbalance0:sink> have event type segment event: 0xe9241d78, time 99:99:99.999999999, seq-num 69, GstEventSegment, segment=(GstSegment)"GstSegment, flags=(GstSegmentFlags)GST_SEGMENT_FLAG_NONE, rate=(double)1, applied-rate=(double)1, format=(GstFormat)GST_FORMAT_TIME, base=(guint64)0, offset=(guint64)0, start=(guint64)76138051, stop=(guint64)40087138051, time=(guint64)0, position=(guint64)76138051, duration=(guint64)18446744073709551615;";
06-09 08:18:16.737  6032  6088 D GStreamer+GST_PADS: 0:00:55.232508052 0xe93583b0 gstpad.c:5609:gst_pad_send_event_unchecked:<queue1:sink> sent event, ret ok
06-09 08:18:16.737  6032  6088 D GStreamer+GST_PADS: 0:00:55.232532427 0xe93583b0 gstpad.c:3805:push_sticky:<forhwgl:src_0> event tag marked received
06-09 08:18:16.737  6032  6081 D GStreamer+basetransform: 0:00:55.232519145 0xe9014c30 gstbasetransform.c:1950:gst_base_transform_sink_eventfunc:<glcolorbalance0> received SEGMENT time segment start=0:00:00.076138051, offset=0:00:00.000000000, stop=0:00:40.087138051, rate=1.000000, applied_rate=1.000000, flags=0x00, time=0:00:00.000000000, base=0:00:00.000000000, position 0:00:00.076138051, duration 99:99:99.999999999
06-09 08:18:16.737  6032  6088 D GStreamer+GST_PADS: 0:00:55.232560083 0xe93583b0 gstpad.c:5609:gst_pad_send_event_unchecked:<src_0:proxypad2> sent event, ret ok
06-09 08:18:16.737  6032  6081 D GStreamer+GST_PADS: 0:00:55.232587062 0xe9014c30 gstpad.c:3853:check_sticky:<glcolorbalance0:src> pushing all sticky events
06-09 08:18:16.737  6032  6088 D GStreamer+GST_PADS: 0:00:55.232598729 0xe93583b0 gstpad.c:3805:push_sticky:<amcvideodec-omxnvidiah264decode0:src> event tag marked received
06-09 08:18:16.737  6032  6081 D GStreamer+GST_PADS: 0:00:55.232607218 0xe9014c30 gstpad.c:3785:push_sticky:<glcolorbalance0:src> event stream-start was already received
06-09 08:18:16.737  6032  6088 D GStreamer+videodecoder: 0:00:55.232625031 0xe93583b0 gstvideodecoder.c:980:gst_video_decoder_push_event:<amcvideodec-omxnvidiah264decode0> pushing event tag
