06-09 08:18:16.377  6032  6071 D GStreamer+GST_BUS: 0:00:54.872193469 0xe91c2800 gstbus.c:521:gst_bus_timed_pop_filtered:<bus3> got message 0xe92216d8, state-changed from q, type mask is 4294967295
06-09 08:18:16.377  6032  6071 D GStreamer+GST_BUS: 0:00:54.872219666 0xe91c2800 gstbus.c:789:gst_bus_source_dispatch:<bus3> source 0xe9347a18 calling dispatch with state-changed message: 0xe92216d8, time 99:99:99.999999999, seq-num 40, element 'q', GstMessageStateChanged, old-state=(GstState)GST_STATE_NULL, new-state=(GstState)GST_STATE_READY, pending-state=(GstState)GST_STATE_VOID_PENDING;
06-09 08:18:16.377  6032  6071 D GStreamer+GST_BUS: 0:00:54.872268104 0xe91c2800 gstbus.c:794:gst_bus_source_dispatch:<bus3> source 0xe9347a18 handler returns 1
06-09 08:18:16.377  6032  6071 D GStreamer+GST_BUS: 0:00:54.872299250 0xe91c2800 gstbus.c:521:gst_bus_timed_pop_filtered:<bus3> got message 0xe9221730, state-changed from filesrc0, type mask is 4294967295
06-09 08:18:16.377  6032  6071 D GStreamer+GST_BUS: 0:00:54.872325500 0xe91c2800 gstbus.c:789:gst_bus_source_dispatch:<bus3> source 0xe9347a18 calling dispatch with state-changed message: 0xe9221730, time 99:99:99.999999999, seq-num 41, element 'filesrc0', GstMessageStateChanged, old-state=(GstState)GST_STATE_NULL, new-state=(GstState)GST_STATE_READY, pending-state=(GstState)GST_STATE_VOID_PENDING;
06-09 08:18:16.377  6032  6071 D GStreamer+GST_BUS: 0:00:54.872373833 0xe91c2800 gstbus.c:794:gst_bus_source_dispatch:<bus3> source 0xe9347a18 handler returns 1
06-09 08:18:16.377  6032  6071 D GStreamer+GST_BUS: 0:00:54.872411594 0xe91c2800 gstbus.c:521:gst_bus_timed_pop_filtered:<bus3> got message 0xe9221788, state-changed from pipeline0, type mask is 4294967295
06-09 08:18:16.377  6032  6071 D GStreamer+GST_BUS: 0:00:54.872449666 0xe91c2800 gstbus.c:789:gst_bus_source_dispatch:<bus3> source 0xe9347a18 calling dispatch with state-changed message: 0xe9221788, time 99:99:99.999999999, seq-num 42, element 'pipeline0', GstMessageStateChanged, old-state=(GstState)GST_STATE_NULL, new-state=(GstState)GST_STATE_READY, pending-state=(GstState)GST_STATE_VOID_PENDING;
06-09 08:18:16.377  6032  6071 I System.out: Gst setMessage (0) State changed (0) to READY
06-09 08:18:16.377  6032  6071 D GStreamer+GST_BUS: 0:00:54.872542010 0xe91c2800 gstbus.c:794:gst_bus_source_dispatch:<bus3> source 0xe9347a18 handler returns 1
06-09 08:18:16.448  6032  6032 I System.out: mcamMat: [650.9169282136818, 0, 640;
06-09 08:18:16.448  6032  6032 I System.out:   0, 366.140772120196, 360;
06-09 08:18:16.448  6032  6032 I System.out:   0, 0, 1]
06-09 08:18:16.448  6032  6032 I System.out: mdistCoefs: [-0.1381177228460291;
06-09 08:18:16.448  6032  6032 I System.out:   0;
06-09 08:18:16.449  6032  6032 I System.out:   0.03823928083754603;
06-09 08:18:16.449  6032  6032 I System.out:   0.004887372075165315;
06-09 08:18:16.449  6032  6032 I System.out:   0]
06-09 08:18:16.472  6032  6032 I System.out: mcamMat: [661.7587320389375, 0, 640;
06-09 08:18:16.472  6032  6032 I System.out:   0, 372.2392867719024, 360;
06-09 08:18:16.472  6032  6032 I System.out:   0, 0, 1]
06-09 08:18:16.472  6032  6032 I System.out: mdistCoefs: [-0.1547865730057469;
06-09 08:18:16.472  6032  6032 I System.out:   0;
06-09 08:18:16.472  6032  6032 I System.out:   0.004069529630917325;
06-09 08:18:16.472  6032  6032 I System.out:   -0.001908463094893385;
06-09 08:18:16.472  6032  6032 I System.out:   0]
06-09 08:18:16.480  6032  6032 D GStreamer+aiTennis3D: 0:00:54.975174094 0xe8dfae00 gstreamer/aigstreamer.c:765:gst_native_play Setting state to PLAY
06-09 08:18:16.480  6032  6032 D GStreamer+GST_STATES: 0:00:54.975273312 0xe8dfae00 gstelement.c:2525:gst_element_set_state_func:<pipeline0> set_state to PLAYING
06-09 08:18:16.480  6032  6032 D GStreamer+GST_STATES: 0:00:54.975305396 0xe8dfae00 gstelement.c:2550:gst_element_set_state_func:<pipeline0> setting target state to PLAYING
06-09 08:18:16.480  6032  6032 D GStreamer+GST_STATES: 0:00:54.975324510 0xe8dfae00 gstelement.c:2563:gst_element_set_state_func:<pipeline0> current READY, old_pending VOID_PENDING, next VOID_PENDING, old return SUCCESS
06-09 08:18:16.480  6032  6032 D GStreamer+GST_STATES: 0:00:54.975352687 0xe8dfae00 gstelement.c:2597:gst_element_set_state_func:<pipeline0> intermediate: setting state from READY to PAUSED
06-09 08:18:16.480  6032  6032 D GStreamer+pipeline: 0:00:54.975379614 0xe8dfae00 gstpipeline.c:305:reset_start_time:<pipeline0> reset start_time to 0
06-09 08:18:16.480  6032  6032 D GStreamer+GST_STATES: 0:00:54.975401750 0xe8dfae00 gstbin.c:2792:gst_bin_change_state_func:<pipeline0> changing state of children from READY to PAUSED
06-09 08:18:16.480  6032  6032 D GStreamer+bin: 0:00:54.975447479 0xe8dfae00 gstbin.c:2816:gst_bin_change_state_func:<pipeline0> clearing EOS elements
06-09 08:18:16.480  6032  6032 D GStreamer+bin: 0:00:54.975467271 0xe8dfae00 gstbin.c:2637:gst_bin_src_pads_activate:<pipeline0> activate pads
06-09 08:18:16.480  6032  6032 D GStreamer+bin: 0:00:54.975502427 0xe8dfae00 gstbin.c:2645:gst_bin_src_pads_activate:<pipeline0> pad activation successful
06-09 08:18:16.480  6032  6032 D GStreamer+bin: 0:00:54.975527583 0xe8dfae00 gstbin.c:2323:gst_bin_sort_iterator_resync:<pipeline0> resync
06-09 08:18:16.480  6032  6032 D GStreamer+bin: 0:00:54.975550083 0xe8dfae00 gstbin.c:2109:add_to_queue:<pipeline0> adding 'glimagesinkbin0' to queue
06-09 08:18:16.480  6032  6032 D GStreamer+bin: 0:00:54.975588000 0xe8dfae00 gstbin.c:911:find_message:<pipeline0> no message found matching types 00001000
06-09 08:18:16.480  6032  6032 D GStreamer+bin: 0:00:54.975608312 0xe8dfae00 gstbin.c:918:find_message:<pipeline0>   structure-change
06-09 08:18:16.480  6032  6032 D GStreamer+bin: 0:00:54.975633677 0xe8dfae00 gstbin.c:2226:update_degree:<pipeline0> change element forhalffps, degree 0->1, linked to glimagesinkbin0
06-09 08:18:16.480  6032  6032 D GStreamer+bin: 0:00:54.975658521 0xe8dfae00 gstbin.c:911:find_message:<pipeline0> no message found matching types 00001000
06-09 08:18:16.480  6032  6032 D GStreamer+bin: 0:00:54.975676906 0xe8dfae00 gstbin.c:918:find_message:<pipeline0>   structure-change
06-09 08:18:16.480  6032  6032 D GStreamer+bin: 0:00:54.975697896 0xe8dfae00 gstbin.c:2226:update_degree:<pipeline0> change element queue1, degree 0->1, linked to forhalffps
06-09 08:18:16.480  6032  6032 D GStreamer+bin: 0:00:54.975721385 0xe8dfae00 gstbin.c:911:find_message:<pipeline0> no message found matching types 00001000
06-09 08:18:16.480  6032  6032 D GStreamer+bin: 0:00:54.975738416 0xe8dfae00 gstbin.c:918:find_message:<pipeline0>   structure-change
06-09 08:18:16.480  6032  6032 D GStreamer+bin: 0:00:54.975756906 0xe8dfae00 gstbin.c:2249:update_degree:<pipeline0> element queue1 not linked on any sinkpads
06-09 08:18:16.480  6032  6032 D GStreamer+bin: 0:00:54.975775187 0xe8dfae00 gstbin.c:911:find_message:<pipeline0> no message found matching types 00001000
06-09 08:18:16.481  6032  6032 D GStreamer+bin: 0:00:54.975793469 0xe8dfae00 gstbin.c:918:find_message:<pipeline0>   structure-change
06-09 08:18:16.481  6032  6032 D GStreamer+bin: 0:00:54.975813364 0xe8dfae00 gstbin.c:2226:update_degree:<pipeline0> change element queue0, degree 0->1, linked to forhwgl
06-09 08:18:16.481  6032  6032 D GStreamer+bin: 0:00:54.975836541 0xe8dfae00 gstbin.c:911:find_message:<pipeline0> no message found matching types 00001000
06-09 08:18:16.481  6032  6032 D GStreamer+bin: 0:00:54.975853729 0xe8dfae00 gstbin.c:918:find_message:<pipeline0>   structure-change
06-09 08:18:16.481  6032  6032 D GStreamer+bin: 0:00:54.975871541 0xe8dfae00 gstbin.c:2249:update_degree:<pipeline0> element queue0 not linked on any sinkpads
06-09 08:18:16.481  6032  6032 D GStreamer+bin: 0:00:54.975889719 0xe8dfae00 gstbin.c:911:find_message:<pipeline0> no message found matching types 00001000
06-09 08:18:16.481  6032  6032 D GStreamer+bin: 0:00:54.975907114 0xe8dfae00 gstbin.c:918:find_message:<pipeline0>   structure-change
06-09 08:18:16.481  6032  6032 D GStreamer+bin: 0:00:54.975926802 0xe8dfae00 gstbin.c:2226:update_degree:<pipeline0> change element filesrc0, degree 0->1, linked to q
06-09 08:18:16.481  6032  6032 D GStreamer+bin: 0:00:54.975949771 0xe8dfae00 gstbin.c:2249:update_degree:<pipeline0> element filesrc0 not linked on any sinkpads
06-09 08:18:16.481  6032  6032 D GStreamer+bin: 0:00:54.975973000 0xe8dfae00 gstbin.c:2310:gst_bin_sort_iterator_next:<pipeline0> queue head gives glimagesinkbin0
06-09 08:18:16.481  6032  6032 D GStreamer+bin: 0:00:54.975991646 0xe8dfae00 gstbin.c:911:find_message:<pipeline0> no message found matching types 00001000
06-09 08:18:16.481  6032  6032 D GStreamer+bin: 0:00:54.976009562 0xe8dfae00 gstbin.c:918:find_message:<pipeline0>   structure-change
06-09 08:18:16.481  6032  6032 D GStreamer+bin: 0:00:54.976028260 0xe8dfae00 gstbin.c:2226:update_degree:<pipeline0> change element forhalffps, degree 1->0, linked to glimagesinkbin0
06-09 08:18:16.481  6032  6032 D GStreamer+bin: 0:00:54.976049562 0xe8dfae00 gstbin.c:2109:add_to_queue:<pipeline0> adding 'forhalffps' to queue
06-09 08:18:16.481  6032  6032 I GStreamer+GST_STATES: 0:00:54.976069146 0xe8dfae00 gstbin.c:2444:gst_bin_element_set_state:<glimagesinkbin0> current READY pending VOID_PENDING, desired next PAUSED
06-09 08:18:16.481  6032  6032 D GStreamer+bin: 0:00:54.976091073 0xe8dfae00 gstbin.c:911:find_message:<pipeline0> no message found matching types 00100000
06-09 08:18:16.481  6032  6032 D GStreamer+bin: 0:00:54.976108885 0xe8dfae00 gstbin.c:918:find_message:<pipeline0>   async-start
06-09 08:18:16.481  6032  6032 D GStreamer+bin: 0:00:54.976126489 0xe8dfae00 gstbin.c:2539:gst_bin_element_set_state:<pipeline0> setting element glimagesinkbin0 to PAUSED, base_time 0:00:00.000000000
06-09 08:18:16.481  6032  6032 D GStreamer+GST_STATES: 0:00:54.976150500 0xe8dfae00 gstelement.c:2525:gst_element_set_state_func:<glimagesinkbin0> set_state to PAUSED
06-09 08:18:16.481  6032  6032 D GStreamer+GST_STATES: 0:00:54.976168000 0xe8dfae00 gstelement.c:2550:gst_element_set_state_func:<glimagesinkbin0> setting target state to PAUSED
06-09 08:18:16.481  6032  6032 D GStreamer+GST_STATES: 0:00:54.976186854 0xe8dfae00 gstelement.c:2563:gst_element_set_state_func:<glimagesinkbin0> current READY, old_pending VOID_PENDING, next VOID_PENDING, old return SUCCESS
06-09 08:18:16.481  6032  6032 D GStreamer+GST_STATES: 0:00:54.976208833 0xe8dfae00 gstelement.c:2597:gst_element_set_state_func:<glimagesinkbin0> final: setting state from READY to PAUSED
06-09 08:18:16.481  6032  6032 D GStreamer+glimagesink: 0:00:54.976232114 0xe8dfae00 gstglsinkbin.c:374:gst_gl_sink_bin_change_state changing state: READY => PAUSED
06-09 08:18:16.481  6032  6032 D GStreamer+GST_STATES: 0:00:54.976251489 0xe8dfae00 gstbin.c:2792:gst_bin_change_state_func:<glimagesinkbin0> changing state of children from READY to PAUSED
06-09 08:18:16.481  6032  6032 D GStreamer+bin: 0:00:54.976271489 0xe8dfae00 gstbin.c:2816:gst_bin_change_state_func:<glimagesinkbin0> clearing EOS elements
06-09 08:18:16.481  6032  6032 D GStreamer+bin: 0:00:54.976287948 0xe8dfae00 gstbin.c:2637:gst_bin_src_pads_activate:<glimagesinkbin0> activate pads
06-09 08:18:16.481  6032  6032 D GStreamer+bin: 0:00:54.976308729 0xe8dfae00 gstbin.c:2645:gst_bin_src_pads_activate:<glimagesinkbin0> pad activation successful
06-09 08:18:16.481  6032  6032 D GStreamer+bin: 0:00:54.976328833 0xe8dfae00 gstbin.c:2323:gst_bin_sort_iterator_resync:<glimagesinkbin0> resync
06-09 08:18:16.481  6032  6032 D GStreamer+bin: 0:00:54.976345916 0xe8dfae00 gstbin.c:2109:add_to_queue:<glimagesinkbin0> adding 'sink' to queue
06-09 08:18:16.481  6032  6032 D GStreamer+bin: 0:00:54.976368625 0xe8dfae00 gstbin.c:911:find_message:<glimagesinkbin0> no message found matching types 00001000
06-09 08:18:16.481  6032  6032 D GStreamer+bin: 0:00:54.976386958 0xe8dfae00 gstbin.c:918:find_message:<glimagesinkbin0>   structure-change
06-09 08:18:16.481  6032  6032 D GStreamer+bin: 0:00:54.976406698 0xe8dfae00 gstbin.c:2226:update_degree:<glimagesinkbin0> change element glcolorbalance0, degree 0->1, linked to sink
06-09 08:18:16.481  6032  6032 D GStreamer+bin: 0:00:54.976440760 0xe8dfae00 gstbin.c:911:find_message:<glimagesinkbin0> no message found matching types 00001000
06-09 08:18:16.481  6032  6032 D GStreamer+bin: 0:00:54.976460031 0xe8dfae00 gstbin.c:918:find_message:<glimagesinkbin0>   structure-change
06-09 08:18:16.481  6032  6032 D GStreamer+bin: 0:00:54.976480344 0xe8dfae00 gstbin.c:2226:update_degree:<glimagesinkbin0> change element glcolorconvertelement0, degree 0->1, linked to glcolorbalance0
06-09 08:18:16.481  6032  6032 D GStreamer+bin: 0:00:54.976502739 0xe8dfae00 gstbin.c:911:find_message:<glimagesinkbin0> no message found matching types 00001000
06-09 08:18:16.481  6032  6032 D GStreamer+bin: 0:00:54.976520187 0xe8dfae00 gstbin.c:918:find_message:<glimagesinkbin0>   structure-change
06-09 08:18:16.481  6032  6032 D GStreamer+bin: 0:00:54.976538729 0xe8dfae00 gstbin.c:2226:update_degree:<glimagesinkbin0> change element gluploadelement0, degree 0->1, linked to glcolorconvertelement0
06-09 08:18:16.481  6032  6032 D GStreamer+bin: 0:00:54.976561698 0xe8dfae00 gstbin.c:911:find_message:<glimagesinkbin0> no message found matching types 00001000
06-09 08:18:16.481  6032  6032 D GStreamer+bin: 0:00:54.976580396 0xe8dfae00 gstbin.c:918:find_message:<glimagesinkbin0>   structure-change
06-09 08:18:16.481  6032  6032 D GStreamer+bin: 0:00:54.976600916 0xe8dfae00 gstbin.c:2249:update_degree:<glimagesinkbin0> element gluploadelement0 not linked on any sinkpads
06-09 08:18:16.481  6032  6032 D GStreamer+bin: 0:00:54.976621750 0xe8dfae00 gstbin.c:2310:gst_bin_sort_iterator_next:<glimagesinkbin0> queue head gives sink
06-09 08:18:16.481  6032  6032 D GStreamer+bin: 0:00:54.976640500 0xe8dfae00 gstbin.c:911:find_message:<glimagesinkbin0> no message found matching types 00001000
06-09 08:18:16.481  6032  6032 D GStreamer+bin: 0:00:54.976658885 0xe8dfae00 gstbin.c:918:find_message:<glimagesinkbin0>   structure-change
06-09 08:18:16.481  6032  6032 D GStreamer+bin: 0:00:54.976677791 0xe8dfae00 gstbin.c:2226:update_degree:<glimagesinkbin0> change element glcolorbalance0, degree 1->0, linked to sink
06-09 08:18:16.481  6032  6032 D GStreamer+bin: 0:00:54.976699094 0xe8dfae00 gstbin.c:2109:add_to_queue:<glimagesinkbin0> adding 'glcolorbalance0' to queue
06-09 08:18:16.481  6032  6032 I GStreamer+GST_STATES: 0:00:54.976719823 0xe8dfae00 gstbin.c:2444:gst_bin_element_set_state:<sink> current READY pending VOID_PENDING, desired next PAUSED
06-09 08:18:16.481  6032  6032 D GStreamer+bin: 0:00:54.976740031 0xe8dfae00 gstbin.c:911:find_message:<glimagesinkbin0> no message found matching types 00100000
06-09 08:18:16.481  6032  6032 D GStreamer+bin: 0:00:54.976758260 0xe8dfae00 gstbin.c:918:find_message:<glimagesinkbin0>   async-start
06-09 08:18:16.481  6032  6032 D GStreamer+bin: 0:00:54.976776125 0xe8dfae00 gstbin.c:2539:gst_bin_element_set_state:<glimagesinkbin0> setting element sink to PAUSED, base_time 0:00:00.000000000
06-09 08:18:16.482  6032  6032 D GStreamer+GST_STATES: 0:00:54.976800135 0xe8dfae00 gstelement.c:2525:gst_element_set_state_func:<sink> set_state to PAUSED
06-09 08:18:16.482  6032  6032 D GStreamer+GST_STATES: 0:00:54.976818312 0xe8dfae00 gstelement.c:2550:gst_element_set_state_func:<sink> setting target state to PAUSED
06-09 08:18:16.482  6032  6032 D GStreamer+GST_STATES: 0:00:54.976835083 0xe8dfae00 gstelement.c:2563:gst_element_set_state_func:<sink> current READY, old_pending VOID_PENDING, next VOID_PENDING, old return SUCCESS
06-09 08:18:16.482  6032  6032 D GStreamer+GST_STATES: 0:00:54.976856437 0xe8dfae00 gstelement.c:2597:gst_element_set_state_func:<sink> final: setting state from READY to PAUSED
06-09 08:18:16.482  6032  6032 D GStreamer+glimagesink: 0:00:54.976879198 0xe8dfae00 gstglimagesink.c:1218:gst_glimage_sink_change_state changing state: READY => PAUSED
06-09 08:18:16.482  6032  6032 D GStreamer+basesink: 0:00:54.976900864 0xe8dfae00 gstbasesink.c:5043:gst_base_sink_change_state:<sink> READY to PAUSED
06-09 08:18:16.482  6032  6032 D GStreamer+basesink: 0:00:54.976918677 0xe8dfae00 gstbasesink.c:5064:gst_base_sink_change_state:<sink> doing async state change
06-09 08:18:16.482  6032  6032 D GStreamer+GST_BUS: 0:00:54.976938052 0xe8dfae00 gstbus.c:309:gst_bus_post:<bus1> [msg 0xe9002330] posting on bus async-start message: 0xe9002330, time 99:99:99.999999999, seq-num 43, element 'sink', (NULL)
06-09 08:18:16.482  6032  6032 D GStreamer+bin: 0:00:54.976975187 0xe8dfae00 gstbin.c:3654:gst_bin_handle_message_func:<glimagesinkbin0> [msg 0xe9002330] handling child sink message of type async-start
06-09 08:18:16.482  6032  6032 D GStreamer+bin: 0:00:54.976997114 0xe8dfae00 gstbin.c:3844:gst_bin_handle_message_func:<glimagesinkbin0> ASYNC_START message 0xe9002330, sink
06-09 08:18:16.482  6032  6032 D GStreamer+bin: 0:00:54.977017323 0xe8dfae00 gstbin.c:911:find_message:<glimagesinkbin0> no message found matching types 00100000
06-09 08:18:16.482  6032  6032 D GStreamer+bin: 0:00:54.977036125 0xe8dfae00 gstbin.c:918:find_message:<glimagesinkbin0>   async-start
06-09 08:18:16.482  6032  6032 D GStreamer+bin: 0:00:54.977052896 0xe8dfae00 gstbin.c:958:bin_replace_message:<glimagesinkbin0> got new message 0xe9002330, async-start from sink
06-09 08:18:16.482  6032  6032 D GStreamer+GST_STATES: 0:00:54.977074771 0xe8dfae00 gstbin.c:3304:bin_handle_async_start:<glimagesinkbin0> state change busy
06-09 08:18:16.482  6032  6032 D GStreamer+bin: 0:00:54.977092062 0xe8dfae00 gstbin.c:3290:bin_handle_async_start:<glimagesinkbin0> posting ASYNC_START to parent
06-09 08:18:16.482  6032  6032 D GStreamer+GST_BUS: 0:00:54.977110500 0xe8dfae00 gstbus.c:309:gst_bus_post:<bus2> [msg 0xe9002388] posting on bus async-start message: 0xe9002388, time 99:99:99.999999999, seq-num 44, element 'glimagesinkbin0', (NULL)
06-09 08:18:16.482  6032  6032 D GStreamer+bin: 0:00:54.977143469 0xe8dfae00 gstbin.c:3654:gst_bin_handle_message_func:<pipeline0> [msg 0xe9002388] handling child glimagesinkbin0 message of type async-start
06-09 08:18:16.482  6032  6032 D GStreamer+bin: 0:00:54.977163000 0xe8dfae00 gstbin.c:3844:gst_bin_handle_message_func:<pipeline0> ASYNC_START message 0xe9002388, glimagesinkbin0
06-09 08:18:16.482  6032  6032 D GStreamer+bin: 0:00:54.977181021 0xe8dfae00 gstbin.c:911:find_message:<pipeline0> no message found matching types 00100000
06-09 08:18:16.482  6032  6032 D GStreamer+bin: 0:00:54.977197687 0xe8dfae00 gstbin.c:918:find_message:<pipeline0>   async-start
06-09 08:18:16.482  6032  6032 D GStreamer+bin: 0:00:54.977214979 0xe8dfae00 gstbin.c:958:bin_replace_message:<pipeline0> got new message 0xe9002388, async-start from glimagesinkbin0
06-09 08:18:16.482  6032  6032 D GStreamer+GST_STATES: 0:00:54.977235135 0xe8dfae00 gstbin.c:3304:bin_handle_async_start:<pipeline0> state change busy
06-09 08:18:16.482  6032  6032 D GStreamer+GST_BUS: 0:00:54.977251854 0xe8dfae00 gstbus.c:344:gst_bus_post:<bus2> [msg 0xe9002388] dropped
06-09 08:18:16.482  6032  6032 D GStreamer+GST_BUS: 0:00:54.977271073 0xe8dfae00 gstbus.c:344:gst_bus_post:<bus1> [msg 0xe9002330] dropped
06-09 08:18:16.482  6032  6032 D GStreamer+GST_ELEMENT_PADS: 0:00:54.977288729 0xe8dfae00 gstelement.c:2795:gst_element_pads_activate:<sink> activate pads
06-09 08:18:16.482  6032  6032 D GStreamer+GST_PADS: 0:00:54.977312271 0xe8dfae00 gstpad.c:1063:gst_pad_set_active:<sink:sink> activating pad from none
06-09 08:18:16.482  6032  6032 D GStreamer+basesink: 0:00:54.977331958 0xe8dfae00 gstbasesink.c:4191:gst_base_sink_pad_activate:<sink> Trying pull mode first
06-09 08:18:16.482  6032  6032 D GStreamer+basesink: 0:00:54.977349302 0xe8dfae00 gstbasesink.c:4197:gst_base_sink_pad_activate:<sink> pull mode disabled
06-09 08:18:16.482  6032  6032 D GStreamer+basesink: 0:00:54.977365812 0xe8dfae00 gstbasesink.c:4247:gst_base_sink_pad_activate:<sink> Falling back to push mode
06-09 08:18:16.482  6032  6032 D GStreamer+GST_PADS: 0:00:54.977384146 0xe8dfae00 gstpad.c:979:pre_activate:<sink:sink> setting pad into push mode, unset flushing
06-09 08:18:16.482  6032  6032 D GStreamer+GST_PADS: 0:00:54.977402375 0xe8dfae00 gstpad.c:991:pre_activate:<sink:sink> reschedule events on peer glcolorbalance0:src
06-09 08:18:16.482  6032  6032 D GStreamer+GST_PADS: 0:00:54.977440291 0xe8dfae00 gstpad.c:1188:activate_mode_internal:<sink:sink> activated in push mode
06-09 08:18:16.482  6032  6032 D GStreamer+basesink: 0:00:54.977461541 0xe8dfae00 gstbasesink.c:4249:gst_base_sink_pad_activate:<sink> Success activating push mode
06-09 08:18:16.482  6032  6032 D GStreamer+GST_ELEMENT_PADS: 0:00:54.977479979 0xe8dfae00 gstelement.c:2814:gst_element_pads_activate:<sink> pad activation successful
06-09 08:18:16.482  6032  6032 D GStreamer+GST_STATES: 0:00:54.977499719 0xe8dfae00 gstelement.c:2668:gst_element_change_state:<sink> element will change state ASYNC
06-09 08:18:16.482  6032  6032 D GStreamer+GST_STATES: 0:00:54.977515604 0xe8dfae00 gstelement.c:2609:gst_element_set_state_func:<sink> returned ASYNC
06-09 08:18:16.482  6032  6032 I GStreamer+GST_STATES: 0:00:54.977533677 0xe8dfae00 gstbin.c:2898:gst_bin_change_state_func:<glimagesinkbin0> child 'sink' is changing state asynchronously to PAUSED
06-09 08:18:16.482  6032  6032 D GStreamer+bin: 0:00:54.977555448 0xe8dfae00 gstbin.c:2310:gst_bin_sort_iterator_next:<glimagesinkbin0> queue head gives glcolorbalance0
06-09 08:18:16.482  6032  6032 D GStreamer+bin: 0:00:54.977574562 0xe8dfae00 gstbin.c:911:find_message:<glimagesinkbin0> no message found matching types 00001000
06-09 08:18:16.482  6032  6032 D GStreamer+bin: 0:00:54.977592531 0xe8dfae00 gstbin.c:918:find_message:<glimagesinkbin0>   structure-change
06-09 08:18:16.482  6032  6032 D GStreamer+bin: 0:00:54.977611594 0xe8dfae00 gstbin.c:2226:update_degree:<glimagesinkbin0> change element glcolorconvertelement0, degree 1->0, linked to glcolorbalance0
06-09 08:18:16.482  6032  6032 D GStreamer+bin: 0:00:54.977634666 0xe8dfae00 gstbin.c:2109:add_to_queue:<glimagesinkbin0> adding 'glcolorconvertelement0' to queue
06-09 08:18:16.482  6032  6032 I GStreamer+GST_STATES: 0:00:54.977655396 0xe8dfae00 gstbin.c:2444:gst_bin_element_set_state:<glcolorbalance0> current READY pending VOID_PENDING, desired next PAUSED
06-09 08:18:16.482  6032  6032 D GStreamer+bin: 0:00:54.977677271 0xe8dfae00 gstbin.c:911:find_message:<glimagesinkbin0> no message found matching types 00100000
06-09 08:18:16.482  6032  6032 D GStreamer+bin: 0:00:54.977695969 0xe8dfae00 gstbin.c:918:find_message:<glimagesinkbin0>   async-start
06-09 08:18:16.482  6032  6032 D GStreamer+bin: 0:00:54.977713000 0xe8dfae00 gstbin.c:2539:gst_bin_element_set_state:<glimagesinkbin0> setting element glcolorbalance0 to PAUSED, base_time 0:00:00.000000000
06-09 08:18:16.482  6032  6032 D GStreamer+GST_STATES: 0:00:54.977735448 0xe8dfae00 gstelement.c:2525:gst_element_set_state_func:<glcolorbalance0> set_state to PAUSED
06-09 08:18:16.482  6032  6032 D GStreamer+GST_STATES: 0:00:54.977752531 0xe8dfae00 gstelement.c:2550:gst_element_set_state_func:<glcolorbalance0> setting target state to PAUSED
06-09 08:18:16.482  6032  6032 D GStreamer+GST_STATES: 0:00:54.977769354 0xe8dfae00 gstelement.c:2563:gst_element_set_state_func:<glcolorbalance0> current READY, old_pending VOID_PENDING, next VOID_PENDING, old return SUCCESS
06-09 08:18:16.483  6032  6032 D GStreamer+GST_STATES: 0:00:54.977789458 0xe8dfae00 gstelement.c:2597:gst_element_set_state_func:<glcolorbalance0> final: setting state from READY to PAUSED
06-09 08:18:16.483  6032  6032 D GStreamer+glbasefilter: 0:00:54.977810760 0xe8dfae00 gstglbasefilter.c:479:gst_gl_base_filter_change_state:<glcolorbalance0> changing state: READY => PAUSED
06-09 08:18:16.483  6032  6032 D GStreamer+GST_ELEMENT_PADS: 0:00:54.977832427 0xe8dfae00 gstelement.c:2795:gst_element_pads_activate:<glcolorbalance0> activate pads
06-09 08:18:16.483  6032  6032 D GStreamer+GST_PADS: 0:00:54.977854823 0xe8dfae00 gstpad.c:1063:gst_pad_set_active:<glcolorbalance0:src> activating pad from none
06-09 08:18:16.483  6032  6032 D GStreamer+GST_PADS: 0:00:54.977873677 0xe8dfae00 gstpad.c:979:pre_activate:<glcolorbalance0:src> setting pad into push mode, unset flushing
06-09 08:18:16.483  6032  6032 D GStreamer+GST_PADS: 0:00:54.977893521 0xe8dfae00 gstpad.c:1188:activate_mode_internal:<glcolorbalance0:src> activated in push mode
06-09 08:18:16.483  6032  6032 D GStreamer+GST_PADS: 0:00:54.977915708 0xe8dfae00 gstpad.c:1063:gst_pad_set_active:<glcolorbalance0:sink> activating pad from none
06-09 08:18:16.483  6032  6032 D GStreamer+GST_PADS: 0:00:54.977933677 0xe8dfae00 gstpad.c:979:pre_activate:<glcolorbalance0:sink> setting pad into push mode, unset flushing
06-09 08:18:16.483  6032  6032 D GStreamer+GST_PADS: 0:00:54.977952479 0xe8dfae00 gstpad.c:991:pre_activate:<glcolorbalance0:sink> reschedule events on peer glcolorconvertelement0:src
06-09 08:18:16.483  6032  6032 D GStreamer+GST_CAPS: 0:00:54.977974666 0xe8dfae00 gstpad.c:2672:gst_pad_get_current_caps:<glcolorbalance0:sink> get current pad caps (NULL)
06-09 08:18:16.483  6032  6032 D GStreamer+GST_CAPS: 0:00:54.977995239 0xe8dfae00 gstpad.c:2672:gst_pad_get_current_caps:<glcolorbalance0:src> get current pad caps (NULL)
06-09 08:18:16.483  6032  6032 D GStreamer+basetransform: 0:00:54.978013885 0xe8dfae00 gstbasetransform.c:2449:gst_base_transform_activate:<glcolorbalance0> have_same_caps 1
06-09 08:18:16.483  6032  6032 D GStreamer+GST_PADS: 0:00:54.978033000 0xe8dfae00 gstpad.c:1188:activate_mode_internal:<glcolorbalance0:sink> activated in push mode
06-09 08:18:16.483  6032  6032 D GStreamer+GST_ELEMENT_PADS: 0:00:54.978054302 0xe8dfae00 gstelement.c:2814:gst_element_pads_activate:<glcolorbalance0> pad activation successful
06-09 08:18:16.483  6032  6032 D GStreamer+GST_STATES: 0:00:54.978073469 0xe8dfae00 gstelement.c:2686:gst_element_change_state:<glcolorbalance0> element changed state SUCCESS
06-09 08:18:16.483  6032  6032 I GStreamer+GST_STATES: 0:00:54.978090760 0xe8dfae00 gstelement.c:2374:gst_element_continue_state:<glcolorbalance0> completed state change to PAUSED
06-09 08:18:16.483  6032  6032 I GStreamer+GST_STATES: 0:00:54.978109302 0xe8dfae00 gstelement.c:2279:_priv_gst_element_state_changed:<glcolorbalance0> notifying about state-changed READY to PAUSED (VOID_PENDING pending)
06-09 08:18:16.483  6032  6032 D GStreamer+GST_BUS: 0:00:54.978134250 0xe8dfae00 gstbus.c:309:gst_bus_post:<bus1> [msg 0xe9019818] posting on bus state-changed message: 0xe9019818, time 99:99:99.999999999, seq-num 45, element 'glcolorbalance0', GstMessageStateChanged, old-state=(GstState)GST_STATE_READY, new-state=(GstState)GST_STATE_PAUSED, pending-state=(GstState)GST_STATE_VOID_PENDING;
06-09 08:18:16.483  6032  6032 D GStreamer+bin: 0:00:54.978188260 0xe8dfae00 gstbin.c:3654:gst_bin_handle_message_func:<glimagesinkbin0> [msg 0xe9019818] handling child glcolorbalance0 message of type state-changed
06-09 08:18:16.483  6032  6032 D GStreamer+bin: 0:00:54.978209823 0xe8dfae00 gstbin.c:3991:gst_bin_handle_message_func:<glimagesinkbin0> posting message upward
06-09 08:18:16.483  6032  6032 D GStreamer+GST_BUS: 0:00:54.978227531 0xe8dfae00 gstbus.c:309:gst_bus_post:<bus2> [msg 0xe9019818] posting on bus state-changed message: 0xe9019818, time 99:99:99.999999999, seq-num 45, element 'glcolorbalance0', GstMessageStateChanged, old-state=(GstState)GST_STATE_READY, new-state=(GstState)GST_STATE_PAUSED, pending-state=(GstState)GST_STATE_VOID_PENDING;
06-09 08:18:16.483  6032  6032 D GStreamer+bin: 0:00:54.978270448 0xe8dfae00 gstbin.c:3654:gst_bin_handle_message_func:<pipeline0> [msg 0xe9019818] handling child glcolorbalance0 message of type state-changed
06-09 08:18:16.483  6032  6032 D GStreamer+bin: 0:00:54.978292114 0xe8dfae00 gstbin.c:3991:gst_bin_handle_message_func:<pipeline0> posting message upward
06-09 08:18:16.483  6032  6032 D GStreamer+GST_BUS: 0:00:54.978309719 0xe8dfae00 gstbus.c:309:gst_bus_post:<bus3> [msg 0xe9019818] posting on bus state-changed message: 0xe9019818, time 99:99:99.999999999, seq-num 45, element 'glcolorbalance0', GstMessageStateChanged, old-state=(GstState)GST_STATE_READY, new-state=(GstState)GST_STATE_PAUSED, pending-state=(GstState)GST_STATE_VOID_PENDING;
06-09 08:18:16.483  6032  6032 D GStreamer+GST_BUS: 0:00:54.978350812 0xe8dfae00 gstbus.c:348:gst_bus_post:<bus3> [msg 0xe9019818] pushing on async queue
06-09 08:18:16.483  6032  6032 D GStreamer+GST_BUS: 0:00:54.978378885 0xe8dfae00 gstbus.c:351:gst_bus_post:<bus3> [msg 0xe9019818] pushed on async queue
06-09 08:18:16.483  6032  6032 D GStreamer+GST_BUS: 0:00:54.978397687 0xe8dfae00 gstbus.c:344:gst_bus_post:<bus2> [msg 0xe9019818] dropped
06-09 08:18:16.483  6032  6032 D GStreamer+GST_BUS: 0:00:54.978430604 0xe8dfae00 gstbus.c:344:gst_bus_post:<bus1> [msg 0xe9019818] dropped
06-09 08:18:16.483  6032  6032 D GStreamer+GST_STATES: 0:00:54.978452062 0xe8dfae00 gstelement.c:2609:gst_element_set_state_func:<glcolorbalance0> returned SUCCESS
06-09 08:18:16.483  6032  6071 D GStreamer+GST_BUS: 0:00:54.978456594 0xe91c2800 gstbus.c:521:gst_bus_timed_pop_filtered:<bus3> got message 0xe9019818, state-changed from glcolorbalance0, type mask is 4294967295
06-09 08:18:16.483  6032  6032 I GStreamer+GST_STATES: 0:00:54.978474250 0xe8dfae00 gstbin.c:2892:gst_bin_change_state_func:<glimagesinkbin0> child 'glcolorbalance0' changed state to 3(PAUSED) successfully
06-09 08:18:16.483  6032  6032 D GStreamer+bin: 0:00:54.978500396 0xe8dfae00 gstbin.c:2310:gst_bin_sort_iterator_next:<glimagesinkbin0> queue head gives glcolorconvertelement0
06-09 08:18:16.483  6032  6071 D GStreamer+GST_BUS: 0:00:54.978495760 0xe91c2800 gstbus.c:789:gst_bus_source_dispatch:<bus3> source 0xe9347a18 calling dispatch with state-changed message: 0xe9019818, time 99:99:99.999999999, seq-num 45, element 'glcolorbalance0', GstMessageStateChanged, old-state=(GstState)GST_STATE_READY, new-state=(GstState)GST_STATE_PAUSED, pending-state=(GstState)GST_STATE_VOID_PENDING;
06-09 08:18:16.483  6032  6032 D GStreamer+bin: 0:00:54.978524510 0xe8dfae00 gstbin.c:911:find_message:<glimagesinkbin0> no message found matching types 00001000
06-09 08:18:16.483  6032  6032 D GStreamer+bin: 0:00:54.978553729 0xe8dfae00 gstbin.c:918:find_message:<glimagesinkbin0>   structure-change
06-09 08:18:16.483  6032  6071 D GStreamer+GST_BUS: 0:00:54.978565500 0xe91c2800 gstbus.c:794:gst_bus_source_dispatch:<bus3> source 0xe9347a18 handler returns 1
06-09 08:18:16.483  6032  6032 D GStreamer+bin: 0:00:54.978575135 0xe8dfae00 gstbin.c:2226:update_degree:<glimagesinkbin0> change element gluploadelement0, degree 1->0, linked to glcolorconvertelement0
06-09 08:18:16.483  6032  6032 D GStreamer+bin: 0:00:54.978597635 0xe8dfae00 gstbin.c:2109:add_to_queue:<glimagesinkbin0> adding 'gluploadelement0' to queue
06-09 08:18:16.483  6032  6032 I GStreamer+GST_STATES: 0:00:54.978619094 0xe8dfae00 gstbin.c:2444:gst_bin_element_set_state:<glcolorconvertelement0> current READY pending VOID_PENDING, desired next PAUSED
06-09 08:18:16.483  6032  6032 D GStreamer+bin: 0:00:54.978641802 0xe8dfae00 gstbin.c:911:find_message:<glimagesinkbin0> no message found matching types 00100000
06-09 08:18:16.483  6032  6032 D GStreamer+bin: 0:00:54.978659041 0xe8dfae00 gstbin.c:918:find_message:<glimagesinkbin0>   async-start
06-09 08:18:16.483  6032  6032 D GStreamer+bin: 0:00:54.978677896 0xe8dfae00 gstbin.c:2539:gst_bin_element_set_state:<glimagesinkbin0> setting element glcolorconvertelement0 to PAUSED, base_time 0:00:00.000000000
06-09 08:18:16.483  6032  6032 D GStreamer+GST_STATES: 0:00:54.978702062 0xe8dfae00 gstelement.c:2525:gst_element_set_state_func:<glcolorconvertelement0> set_state to PAUSED
06-09 08:18:16.483  6032  6032 D GStreamer+GST_STATES: 0:00:54.978720604 0xe8dfae00 gstelement.c:2550:gst_element_set_state_func:<glcolorconvertelement0> setting target state to PAUSED
06-09 08:18:16.483  6032  6032 D GStreamer+GST_STATES: 0:00:54.978738885 0xe8dfae00 gstelement.c:2563:gst_element_set_state_func:<glcolorconvertelement0> current READY, old_pending VOID_PENDING, next VOID_PENDING, old return SUCCESS
06-09 08:18:16.483  6032  6032 D GStreamer+GST_STATES: 0:00:54.978761021 0xe8dfae00 gstelement.c:2597:gst_element_set_state_func:<glcolorconvertelement0> final: setting state from READY to PAUSED
06-09 08:18:16.484  6032  6032 D GStreamer+glbasefilter: 0:00:54.978784666 0xe8dfae00 gstglbasefilter.c:479:gst_gl_base_filter_change_state:<glcolorconvertelement0> changing state: READY => PAUSED
06-09 08:18:16.484  6032  6032 D GStreamer+GST_ELEMENT_PADS: 0:00:54.978805708 0xe8dfae00 gstelement.c:2795:gst_element_pads_activate:<glcolorconvertelement0> activate pads
06-09 08:18:16.484  6032  6032 D GStreamer+GST_PADS: 0:00:54.978827531 0xe8dfae00 gstpad.c:1063:gst_pad_set_active:<glcolorconvertelement0:src> activating pad from none
06-09 08:18:16.484  6032  6032 D GStreamer+GST_PADS: 0:00:54.978846750 0xe8dfae00 gstpad.c:979:pre_activate:<glcolorconvertelement0:src> setting pad into push mode, unset flushing
06-09 08:18:16.484  6032  6032 D GStreamer+GST_PADS: 0:00:54.978866802 0xe8dfae00 gstpad.c:1188:activate_mode_internal:<glcolorconvertelement0:src> activated in push mode
06-09 08:18:16.484  6032  6032 D GStreamer+GST_PADS: 0:00:54.978888729 0xe8dfae00 gstpad.c:1063:gst_pad_set_active:<glcolorconvertelement0:sink> activating pad from none
06-09 08:18:16.484  6032  6032 D GStreamer+GST_PADS: 0:00:54.978907010 0xe8dfae00 gstpad.c:979:pre_activate:<glcolorconvertelement0:sink> setting pad into push mode, unset flushing
06-09 08:18:16.484  6032  6032 D GStreamer+GST_PADS: 0:00:54.978926385 0xe8dfae00 gstpad.c:991:pre_activate:<glcolorconvertelement0:sink> reschedule events on peer gluploadelement0:src
06-09 08:18:16.484  6032  6032 D GStreamer+GST_CAPS: 0:00:54.978948521 0xe8dfae00 gstpad.c:2672:gst_pad_get_current_caps:<glcolorconvertelement0:sink> get current pad caps (NULL)
06-09 08:18:16.484  6032  6032 D GStreamer+GST_CAPS: 0:00:54.978968573 0xe8dfae00 gstpad.c:2672:gst_pad_get_current_caps:<glcolorconvertelement0:src> get current pad caps (NULL)
06-09 08:18:16.484  6032  6032 D GStreamer+basetransform: 0:00:54.978986906 0xe8dfae00 gstbasetransform.c:2449:gst_base_transform_activate:<glcolorconvertelement0> have_same_caps 0
06-09 08:18:16.484  6032  6032 D GStreamer+GST_PADS: 0:00:54.979005239 0xe8dfae00 gstpad.c:1188:activate_mode_internal:<glcolorconvertelement0:sink> activated in push mode
06-09 08:18:16.484  6032  6032 D GStreamer+GST_ELEMENT_PADS: 0:00:54.979026333 0xe8dfae00 gstelement.c:2814:gst_element_pads_activate:<glcolorconvertelement0> pad activation successful
06-09 08:18:16.484  6032  6032 D GStreamer+GST_STATES: 0:00:54.979045760 0xe8dfae00 gstelement.c:2686:gst_element_change_state:<glcolorconvertelement0> element changed state SUCCESS
06-09 08:18:16.484  6032  6032 I GStreamer+GST_STATES: 0:00:54.979062739 0xe8dfae00 gstelement.c:2374:gst_element_continue_state:<glcolorconvertelement0> completed state change to PAUSED
06-09 08:18:16.484  6032  6032 I GStreamer+GST_STATES: 0:00:54.979080812 0xe8dfae00 gstelement.c:2279:_priv_gst_element_state_changed:<glcolorconvertelement0> notifying about state-changed READY to PAUSED (VOID_PENDING pending)
06-09 08:18:16.484  6032  6032 D GStreamer+GST_BUS: 0:00:54.979103885 0xe8dfae00 gstbus.c:309:gst_bus_post:<bus1> [msg 0xe9019870] posting on bus state-changed message: 0xe9019870, time 99:99:99.999999999, seq-num 46, element 'glcolorconvertelement0', GstMessageStateChanged, old-state=(GstState)GST_STATE_READY, new-state=(GstState)GST_STATE_PAUSED, pending-state=(GstState)GST_STATE_VOID_PENDING;
06-09 08:18:16.484  6032  6032 D GStreamer+bin: 0:00:54.979146958 0xe8dfae00 gstbin.c:3654:gst_bin_handle_message_func:<glimagesinkbin0> [msg 0xe9019870] handling child glcolorconvertelement0 message of type state-changed
06-09 08:18:16.484  6032  6032 D GStreamer+bin: 0:00:54.979168364 0xe8dfae00 gstbin.c:3991:gst_bin_handle_message_func:<glimagesinkbin0> posting message upward
06-09 08:18:16.484  6032  6032 D GStreamer+GST_BUS: 0:00:54.979186750 0xe8dfae00 gstbus.c:309:gst_bus_post:<bus2> [msg 0xe9019870] posting on bus state-changed message: 0xe9019870, time 99:99:99.999999999, seq-num 46, element 'glcolorconvertelement0', GstMessageStateChanged, old-state=(GstState)GST_STATE_READY, new-state=(GstState)GST_STATE_PAUSED, pending-state=(GstState)GST_STATE_VOID_PENDING;
06-09 08:18:16.484  6032  6032 D GStreamer+bin: 0:00:54.979226646 0xe8dfae00 gstbin.c:3654:gst_bin_handle_message_func:<pipeline0> [msg 0xe9019870] handling child glcolorconvertelement0 message of type state-changed
06-09 08:18:16.484  6032  6032 D GStreamer+bin: 0:00:54.979248156 0xe8dfae00 gstbin.c:3991:gst_bin_handle_message_func:<pipeline0> posting message upward
06-09 08:18:16.484  6032  6032 D GStreamer+GST_BUS: 0:00:54.979265239 0xe8dfae00 gstbus.c:309:gst_bus_post:<bus3> [msg 0xe9019870] posting on bus state-changed message: 0xe9019870, time 99:99:99.999999999, seq-num 46, element 'glcolorconvertelement0', GstMessageStateChanged, old-state=(GstState)GST_STATE_READY, new-state=(GstState)GST_STATE_PAUSED, pending-state=(GstState)GST_STATE_VOID_PENDING;
06-09 08:18:16.484  6032  6032 D GStreamer+GST_BUS: 0:00:54.979303833 0xe8dfae00 gstbus.c:348:gst_bus_post:<bus3> [msg 0xe9019870] pushing on async queue
06-09 08:18:16.484  6032  6032 D GStreamer+GST_BUS: 0:00:54.979325864 0xe8dfae00 gstbus.c:351:gst_bus_post:<bus3> [msg 0xe9019870] pushed on async queue
06-09 08:18:16.484  6032  6032 D GStreamer+GST_BUS: 0:00:54.979344406 0xe8dfae00 gstbus.c:344:gst_bus_post:<bus2> [msg 0xe9019870] dropped
06-09 08:18:16.484  6032  6032 D GStreamer+GST_BUS: 0:00:54.979365344 0xe8dfae00 gstbus.c:344:gst_bus_post:<bus1> [msg 0xe9019870] dropped
06-09 08:18:16.484  6032  6032 D GStreamer+GST_STATES: 0:00:54.979386229 0xe8dfae00 gstelement.c:2609:gst_element_set_state_func:<glcolorconvertelement0> returned SUCCESS
06-09 08:18:16.484  6032  6071 D GStreamer+GST_BUS: 0:00:54.979381698 0xe91c2800 gstbus.c:521:gst_bus_timed_pop_filtered:<bus3> got message 0xe9019870, state-changed from glcolorconvertelement0, type mask is 4294967295
06-09 08:18:16.484  6032  6032 I GStreamer+GST_STATES: 0:00:54.979412531 0xe8dfae00 gstbin.c:2892:gst_bin_change_state_func:<glimagesinkbin0> child 'glcolorconvertelement0' changed state to 3(PAUSED) successfully
06-09 08:18:16.484  6032  6032 D GStreamer+bin: 0:00:54.979445864 0xe8dfae00 gstbin.c:2310:gst_bin_sort_iterator_next:<glimagesinkbin0> queue head gives gluploadelement0
06-09 08:18:16.484  6032  6071 D GStreamer+GST_BUS: 0:00:54.979431646 0xe91c2800 gstbus.c:789:gst_bus_source_dispatch:<bus3> source 0xe9347a18 calling dispatch with state-changed message: 0xe9019870, time 99:99:99.999999999, seq-num 46, element 'glcolorconvertelement0', GstMessageStateChanged, old-state=(GstState)GST_STATE_READY, new-state=(GstState)GST_STATE_PAUSED, pending-state=(GstState)GST_STATE_VOID_PENDING;
06-09 08:18:16.484  6032  6032 D GStreamer+bin: 0:00:54.979470187 0xe8dfae00 gstbin.c:911:find_message:<glimagesinkbin0> no message found matching types 00001000
06-09 08:18:16.484  6032  6032 D GStreamer+bin: 0:00:54.979488833 0xe8dfae00 gstbin.c:918:find_message:<glimagesinkbin0>   structure-change
06-09 08:18:16.484  6032  6071 D GStreamer+GST_BUS: 0:00:54.979489510 0xe91c2800 gstbus.c:794:gst_bus_source_dispatch:<bus3> source 0xe9347a18 handler returns 1
06-09 08:18:16.484  6032  6032 D GStreamer+bin: 0:00:54.979511177 0xe8dfae00 gstbin.c:2249:update_degree:<glimagesinkbin0> element gluploadelement0 not linked on any sinkpads
06-09 08:18:16.484  6032  6032 I GStreamer+GST_STATES: 0:00:54.979530916 0xe8dfae00 gstbin.c:2444:gst_bin_element_set_state:<gluploadelement0> current READY pending VOID_PENDING, desired next PAUSED
06-09 08:18:16.484  6032  6032 D GStreamer+bin: 0:00:54.979551385 0xe8dfae00 gstbin.c:911:find_message:<glimagesinkbin0> no message found matching types 00100000
06-09 08:18:16.484  6032  6032 D GStreamer+bin: 0:00:54.979570396 0xe8dfae00 gstbin.c:918:find_message:<glimagesinkbin0>   async-start
06-09 08:18:16.484  6032  6032 D GStreamer+bin: 0:00:54.979588885 0xe8dfae00 gstbin.c:2539:gst_bin_element_set_state:<glimagesinkbin0> setting element gluploadelement0 to PAUSED, base_time 0:00:00.000000000
06-09 08:18:16.484  6032  6032 D GStreamer+GST_STATES: 0:00:54.979613521 0xe8dfae00 gstelement.c:2525:gst_element_set_state_func:<gluploadelement0> set_state to PAUSED
06-09 08:18:16.484  6032  6032 D GStreamer+GST_STATES: 0:00:54.979631958 0xe8dfae00 gstelement.c:2550:gst_element_set_state_func:<gluploadelement0> setting target state to PAUSED
06-09 08:18:16.484  6032  6032 D GStreamer+GST_STATES: 0:00:54.979649041 0xe8dfae00 gstelement.c:2563:gst_element_set_state_func:<gluploadelement0> current READY, old_pending VOID_PENDING, next VOID_PENDING, old return SUCCESS
06-09 08:18:16.484  6032  6032 D GStreamer+GST_STATES: 0:00:54.979671229 0xe8dfae00 gstelement.c:2597:gst_element_set_state_func:<gluploadelement0> final: setting state from READY to PAUSED
06-09 08:18:16.484  6032  6032 D GStreamer+glbasefilter: 0:00:54.979692583 0xe8dfae00 gstglbasefilter.c:479:gst_gl_base_filter_change_state:<gluploadelement0> changing state: READY => PAUSED
06-09 08:18:16.484  6032  6032 D GStreamer+GST_ELEMENT_PADS: 0:00:54.979711802 0xe8dfae00 gstelement.c:2795:gst_element_pads_activate:<gluploadelement0> activate pads
06-09 08:18:16.484  6032  6032 D GStreamer+GST_PADS: 0:00:54.979732010 0xe8dfae00 gstpad.c:1063:gst_pad_set_active:<gluploadelement0:src> activating pad from none
06-09 08:18:16.484  6032  6032 D GStreamer+GST_PADS: 0:00:54.979749771 0xe8dfae00 gstpad.c:979:pre_activate:<gluploadelement0:src> setting pad into push mode, unset flushing
06-09 08:18:16.484  6032  6032 D GStreamer+GST_PADS: 0:00:54.979768364 0xe8dfae00 gstpad.c:1188:activate_mode_internal:<gluploadelement0:src> activated in push mode
06-09 08:18:16.485  6032  6032 D GStreamer+GST_PADS: 0:00:54.979790916 0xe8dfae00 gstpad.c:1063:gst_pad_set_active:<gluploadelement0:sink> activating pad from none
06-09 08:18:16.485  6032  6032 D GStreamer+GST_PADS: 0:00:54.979808729 0xe8dfae00 gstpad.c:979:pre_activate:<gluploadelement0:sink> setting pad into push mode, unset flushing
06-09 08:18:16.485  6032  6032 D GStreamer+GST_PADS: 0:00:54.979827010 0xe8dfae00 gstpad.c:991:pre_activate:<gluploadelement0:sink> reschedule events on peer sink:proxypad1
06-09 08:18:16.485  6032  6032 D GStreamer+GST_CAPS: 0:00:54.979848104 0xe8dfae00 gstpad.c:2672:gst_pad_get_current_caps:<gluploadelement0:sink> get current pad caps (NULL)
06-09 08:18:16.485  6032  6032 D GStreamer+GST_CAPS: 0:00:54.979866594 0xe8dfae00 gstpad.c:2672:gst_pad_get_current_caps:<gluploadelement0:src> get current pad caps (NULL)
06-09 08:18:16.485  6032  6032 D GStreamer+basetransform: 0:00:54.979884302 0xe8dfae00 gstbasetransform.c:2449:gst_base_transform_activate:<gluploadelement0> have_same_caps 0
06-09 08:18:16.485  6032  6032 D GStreamer+GST_PADS: 0:00:54.979901698 0xe8dfae00 gstpad.c:1188:activate_mode_internal:<gluploadelement0:sink> activated in push mode
06-09 08:18:16.485  6032  6032 D GStreamer+GST_ELEMENT_PADS: 0:00:54.979924198 0xe8dfae00 gstelement.c:2814:gst_element_pads_activate:<gluploadelement0> pad activation successful
06-09 08:18:16.485  6032  6032 D GStreamer+GST_STATES: 0:00:54.979946385 0xe8dfae00 gstelement.c:2686:gst_element_change_state:<gluploadelement0> element changed state SUCCESS
06-09 08:18:16.485  6032  6032 I GStreamer+GST_STATES: 0:00:54.979962896 0xe8dfae00 gstelement.c:2374:gst_element_continue_state:<gluploadelement0> completed state change to PAUSED
06-09 08:18:16.485  6032  6032 I GStreamer+GST_STATES: 0:00:54.979980083 0xe8dfae00 gstelement.c:2279:_priv_gst_element_state_changed:<gluploadelement0> notifying about state-changed READY to PAUSED (VOID_PENDING pending)
06-09 08:18:16.485  6032  6032 D GStreamer+GST_BUS: 0:00:54.980003937 0xe8dfae00 gstbus.c:309:gst_bus_post:<bus1> [msg 0xe90198c8] posting on bus state-changed message: 0xe90198c8, time 99:99:99.999999999, seq-num 47, element 'gluploadelement0', GstMessageStateChanged, old-state=(GstState)GST_STATE_READY, new-state=(GstState)GST_STATE_PAUSED, pending-state=(GstState)GST_STATE_VOID_PENDING;
06-09 08:18:16.485  6032  6032 D GStreamer+bin: 0:00:54.980049771 0xe8dfae00 gstbin.c:3654:gst_bin_handle_message_func:<glimagesinkbin0> [msg 0xe90198c8] handling child gluploadelement0 message of type state-changed
06-09 08:18:16.485  6032  6032 D GStreamer+bin: 0:00:54.980072219 0xe8dfae00 gstbin.c:3991:gst_bin_handle_message_func:<glimagesinkbin0> posting message upward
06-09 08:18:16.485  6032  6032 D GStreamer+GST_BUS: 0:00:54.980089614 0xe8dfae00 gstbus.c:309:gst_bus_post:<bus2> [msg 0xe90198c8] posting on bus state-changed message: 0xe90198c8, time 99:99:99.999999999, seq-num 47, element 'gluploadelement0', GstMessageStateChanged, old-state=(GstState)GST_STATE_READY, new-state=(GstState)GST_STATE_PAUSED, pending-state=(GstState)GST_STATE_VOID_PENDING;
06-09 08:18:16.485  6032  6032 D GStreamer+bin: 0:00:54.980130969 0xe8dfae00 gstbin.c:3654:gst_bin_handle_message_func:<pipeline0> [msg 0xe90198c8] handling child gluploadelement0 message of type state-changed
06-09 08:18:16.485  6032  6032 D GStreamer+bin: 0:00:54.980151177 0xe8dfae00 gstbin.c:3991:gst_bin_handle_message_func:<pipeline0> posting message upward
06-09 08:18:16.485  6032  6032 D GStreamer+GST_BUS: 0:00:54.980167323 0xe8dfae00 gstbus.c:309:gst_bus_post:<bus3> [msg 0xe90198c8] posting on bus state-changed message: 0xe90198c8, time 99:99:99.999999999, seq-num 47, element 'gluploadelement0', GstMessageStateChanged, old-state=(GstState)GST_STATE_READY, new-state=(GstState)GST_STATE_PAUSED, pending-state=(GstState)GST_STATE_VOID_PENDING;
06-09 08:18:16.485  6032  6032 D GStreamer+GST_BUS: 0:00:54.980207271 0xe8dfae00 gstbus.c:348:gst_bus_post:<bus3> [msg 0xe90198c8] pushing on async queue
06-09 08:18:16.485  6032  6032 D GStreamer+GST_BUS: 0:00:54.980232375 0xe8dfae00 gstbus.c:351:gst_bus_post:<bus3> [msg 0xe90198c8] pushed on async queue
06-09 08:18:16.485  6032  6032 D GStreamer+GST_BUS: 0:00:54.980251854 0xe8dfae00 gstbus.c:344:gst_bus_post:<bus2> [msg 0xe90198c8] dropped
06-09 08:18:16.485  6032  6032 D GStreamer+GST_BUS: 0:00:54.980272166 0xe8dfae00 gstbus.c:344:gst_bus_post:<bus1> [msg 0xe90198c8] dropped
06-09 08:18:16.485  6032  6032 D GStreamer+GST_STATES: 0:00:54.980290656 0xe8dfae00 gstelement.c:2609:gst_element_set_state_func:<gluploadelement0> returned SUCCESS
06-09 08:18:16.485  6032  6071 D GStreamer+GST_BUS: 0:00:54.980295552 0xe91c2800 gstbus.c:521:gst_bus_timed_pop_filtered:<bus3> got message 0xe90198c8, state-changed from gluploadelement0, type mask is 4294967295
06-09 08:18:16.485  6032  6032 I GStreamer+GST_STATES: 0:00:54.980310500 0xe8dfae00 gstbin.c:2892:gst_bin_change_state_func:<glimagesinkbin0> child 'gluploadelement0' changed state to 3(PAUSED) successfully
06-09 08:18:16.485  6032  6032 D GStreamer+bin: 0:00:54.980339458 0xe8dfae00 gstbin.c:2299:gst_bin_sort_iterator_next:<glimagesinkbin0> queue empty, elements exhausted
06-09 08:18:16.485  6032  6032 D GStreamer+GST_STATES: 0:00:54.980358833 0xe8dfae00 gstbin.c:2951:gst_bin_change_state_func:<glimagesinkbin0> iterator done
06-09 08:18:16.485  6032  6071 D GStreamer+GST_BUS: 0:00:54.980335448 0xe91c2800 gstbus.c:789:gst_bus_source_dispatch:<bus3> source 0xe9347a18 calling dispatch with state-changed message: 0xe90198c8, time 99:99:99.999999999, seq-num 47, element 'gluploadelement0', GstMessageStateChanged, old-state=(GstState)GST_STATE_READY, new-state=(GstState)GST_STATE_PAUSED, pending-state=(GstState)GST_STATE_VOID_PENDING;
06-09 08:18:16.485  6032  6032 D GStreamer+GST_ELEMENT_PADS: 0:00:54.980376229 0xe8dfae00 gstelement.c:2795:gst_element_pads_activate:<glimagesinkbin0> activate pads
06-09 08:18:16.485  6032  6071 D GStreamer+GST_BUS: 0:00:54.980394354 0xe91c2800 gstbus.c:794:gst_bus_source_dispatch:<bus3> source 0xe9347a18 handler returns 1
06-09 08:18:16.485  6032  6032 D GStreamer+GST_PADS: 0:00:54.980400083 0xe8dfae00 gstpad.c:1063:gst_pad_set_active:<glimagesinkbin0:sink> activating pad from none
06-09 08:18:16.485  6032  6032 D GStreamer+GST_PADS: 0:00:54.980435760 0xe8dfae00 gstpad.c:979:pre_activate:<glimagesinkbin0:sink> setting pad into push mode, unset flushing
06-09 08:18:16.485  6032  6032 D GStreamer+GST_PADS: 0:00:54.980455916 0xe8dfae00 gstpad.c:991:pre_activate:<glimagesinkbin0:sink> reschedule events on peer forhalffps:src
06-09 08:18:16.485  6032  6032 D GStreamer+GST_PADS: 0:00:54.980479979 0xe8dfae00 gstpad.c:979:pre_activate:<sink:proxypad1> setting pad into push mode, unset flushing
06-09 08:18:16.485  6032  6032 D GStreamer+GST_PADS: 0:00:54.980500864 0xe8dfae00 gstpad.c:1207:activate_mode_internal:<glimagesinkbin0:sink> already activated in push mode
06-09 08:18:16.485  6032  6032 D GStreamer+GST_PADS: 0:00:54.980520969 0xe8dfae00 gstpad.c:1188:activate_mode_internal:<sink:proxypad1> activated in push mode
06-09 08:18:16.485  6032  6032 D GStreamer+GST_PADS: 0:00:54.980539927 0xe8dfae00 gstpad.c:1188:activate_mode_internal:<glimagesinkbin0:sink> activated in push mode
06-09 08:18:16.485  6032  6032 D GStreamer+GST_ELEMENT_PADS: 0:00:54.980560187 0xe8dfae00 gstelement.c:2814:gst_element_pads_activate:<glimagesinkbin0> pad activation successful
06-09 08:18:16.485  6032  6032 D GStreamer+GST_STATES: 0:00:54.980579041 0xe8dfae00 gstbin.c:2969:gst_bin_change_state_func:<glimagesinkbin0> we have ASYNC elements SUCCESS -> ASYNC
06-09 08:18:16.485  6032  6032 D GStreamer+bin: 0:00:54.980597948 0xe8dfae00 gstbin.c:2341:gst_bin_sort_iterator_free:<glimagesinkbin0> free
06-09 08:18:16.485  6032  6032 D GStreamer+bin: 0:00:54.980616698 0xe8dfae00 gstbin.c:2997:gst_bin_change_state_func:<glimagesinkbin0> check async elements
