06-09 08:18:16.502  6032  6083 D GStreamer+GST_CAPS: 0:00:54.997314927 0xe9014cf0 gstutils.c:2879:gst_pad_query_caps:<q:video_0> query returned video/x-h264, stream-format=(string)avc, alignment=(string)au, level=(string)4, profile=(string)high, codec_data=(buffer)01640028ffe1001767640028acd9405002d68400004414000df8903c60c65801000668ebe3cb22c0, width=(int)1280, height=(int)1440, framerate=(fraction)105/4, pixel-aspect-ratio=(fraction)1/1
06-09 08:18:16.502  6032  6083 D GStreamer+GST_CAPS: 0:00:54.997399666 0xe9014cf0 gstutils.c:2872:gst_pad_query_caps:<queue0:sink> get pad caps with filter (NULL)
06-09 08:18:16.503  6032  6083 D GStreamer+query: 0:00:54.997441073 0xe9014cf0 gstquery.c:674:gst_query_new_custom creating new query 0xe9221d50 caps
06-09 08:18:16.503  6032  6083 D GStreamer+GST_PADS: 0:00:54.998534146 0xe9014cf0 gstpad.c:3922:gst_pad_query:<queue0:sink> doing query 0xe9221d50 (caps)
06-09 08:18:16.503  6032  6083 D GStreamer+GST_CAPS: 0:00:54.998570396 0xe9014cf0 gstpad.c:3112:gst_pad_query_caps_default:<queue0:sink> query caps caps query: 0xe9221d50, GstQueryCaps, filter=(GstCaps)"NULL", caps=(GstCaps)"NULL";
06-09 08:18:16.503  6032  6083 D GStreamer+GST_PADS: 0:00:54.998628989 0xe9014cf0 gstutils.c:2633:gst_pad_proxy_query_caps:<queue0:sink> proxying caps query for queue0:sink
06-09 08:18:16.503  6032  6083 D GStreamer+GST_PADS: 0:00:54.998654875 0xe9014cf0 gstpad.c:2827:gst_pad_iterate_internal_links_default:<queue0:sink> Making iterator
06-09 08:18:16.503  6032  6083 D GStreamer+GST_PADS: 0:00:54.998678052 0xe9014cf0 gstpad.c:4049:gst_pad_peer_query:<queue0:src> peer query 0xe9221d50 (caps)
06-09 08:18:16.503  6032  6083 D GStreamer+GST_PADS: 0:00:54.998700031 0xe9014cf0 gstpad.c:3922:gst_pad_query:<forhwgl:sink> doing query 0xe9221d50 (caps)
06-09 08:18:16.503  6032  6083 D GStreamer+GST_CAPS: 0:00:54.998736906 0xe9014cf0 gstpad.c:3112:gst_pad_query_caps_default:<forhwgl:sink> query caps caps query: 0xe9221d50, GstQueryCaps, filter=(GstCaps)"NULL", caps=(GstCaps)"NULL";
06-09 08:18:16.503  6032  6083 D GStreamer+GST_PADS: 0:00:54.998765500 0xe9014cf0 gstutils.c:2633:gst_pad_proxy_query_caps:<forhwgl:sink> proxying caps query for forhwgl:sink
06-09 08:18:16.504  6032  6083 D GStreamer+GST_PADS: 0:00:54.998791854 0xe9014cf0 gstpad.c:4049:gst_pad_peer_query:<sink:proxypad0> peer query 0xe9221d50 (caps)
06-09 08:18:16.504  6032  6083 D GStreamer+GST_PADS: 0:00:54.998813573 0xe9014cf0 gstpad.c:3922:gst_pad_query:<typefind:sink> doing query 0xe9221d50 (caps)
06-09 08:18:16.504  6032  6083 D GStreamer+GST_CAPS: 0:00:54.998851125 0xe9014cf0 gstpad.c:3112:gst_pad_query_caps_default:<typefind:sink> query caps caps query: 0xe9221d50, GstQueryCaps, filter=(GstCaps)"NULL", caps=(GstCaps)"NULL";
06-09 08:18:16.504  6032  6083 D GStreamer+GST_CAPS: 0:00:54.998881489 0xe9014cf0 gstpad.c:3135:gst_pad_query_caps_default:<typefind:sink> trying pad template caps
06-09 08:18:16.504  6032  6083 D GStreamer+GST_CAPS: 0:00:54.998900500 0xe9014cf0 gstpad.c:3165:gst_pad_query_caps_default:<typefind:sink> using caps 0xe8e1c518 ANY
06-09 08:18:16.504  6032  6083 D GStreamer+GST_PADS: 0:00:54.998922583 0xe9014cf0 gstpad.c:3367:gst_pad_query_default:<typefind:sink> not forwarding 0xe9221d50 (caps) query
06-09 08:18:16.504  6032  6083 D GStreamer+GST_PADS: 0:00:54.998958416 0xe9014cf0 gstpad.c:3945:gst_pad_query:<typefind:sink> sent query 0xe9221d50 (caps), result 1
06-09 08:18:16.504  6032  6083 D GStreamer+default: 0:00:54.998980812 0xe9014cf0 gstutils.c:2595:query_caps_func:<sink:proxypad0> intersect with result ANY
06-09 08:18:16.504  6032  6083 D GStreamer+default: 0:00:54.998999458 0xe9014cf0 gstutils.c:2597:query_caps_func:<sink:proxypad0> intersected ANY
06-09 08:18:16.504  6032  6083 D GStreamer+GST_PADS: 0:00:54.999024354 0xe9014cf0 gstpad.c:3367:gst_pad_query_default:<forhwgl:sink> not forwarding 0xe9221d50 (caps) query
06-09 08:18:16.504  6032  6083 D GStreamer+GST_PADS: 0:00:54.999060343 0xe9014cf0 gstpad.c:3945:gst_pad_query:<forhwgl:sink> sent query 0xe9221d50 (caps), result 1
06-09 08:18:16.504  6032  6083 D GStreamer+default: 0:00:54.999084614 0xe9014cf0 gstutils.c:2595:query_caps_func:<queue0:src> intersect with result ANY
06-09 08:18:16.504  6032  6083 D GStreamer+default: 0:00:54.999103416 0xe9014cf0 gstutils.c:2597:query_caps_func:<queue0:src> intersected ANY
06-09 08:18:16.504  6032  6083 D GStreamer+GST_PADS: 0:00:54.999125448 0xe9014cf0 gstpad.c:3367:gst_pad_query_default:<queue0:sink> not forwarding 0xe9221d50 (caps) query
06-09 08:18:16.504  6032  6083 D GStreamer+GST_PADS: 0:00:54.999146906 0xe9014cf0 gstpad.c:3945:gst_pad_query:<queue0:sink> sent query 0xe9221d50 (caps), result 1
06-09 08:18:16.504  6032  6083 D GStreamer+GST_CAPS: 0:00:54.999183364 0xe9014cf0 gstutils.c:2879:gst_pad_query_caps:<queue0:sink> query returned ANY
06-09 08:18:16.504  6032  6083 D GStreamer+GST_ELEMENT_PADS: 0:00:54.999208000 0xe9014cf0 gstutils.c:1061:gst_element_get_compatible_pad found existing unlinked compatible pad queue0:sink
06-09 08:18:16.504  6032  6083 I GStreamer+GST_PADS: 0:00:54.999244666 0xe9014cf0 gstutils.c:1446:prepare_link_maybe_ghosting q and queue0 in same bin, no need for ghost pads
06-09 08:18:16.504  6032  6083 D GStreamer+GST_BUS: 0:00:54.999293416 0xe9014cf0 gstbus.c:309:gst_bus_post:<bus2> [msg 0xe934eec0] posting on bus structure-change message: 0xe934eec0, time 99:99:99.999999999, seq-num 66, element 'sink', GstMessageStructureChange, type=(GstStructureChangeType)GST_STRUCTURE_CHANGE_TYPE_PAD_LINK, owner=(GstElement)"\(GstQTDemux\)\ q", busy=(boolean)true;
06-09 08:18:16.504  6032  6083 D GStreamer+bin: 0:00:54.999361698 0xe9014cf0 gstbin.c:3654:gst_bin_handle_message_func:<pipeline0> [msg 0xe934eec0] handling child sink message of type structure-change
06-09 08:18:16.504  6032  6083 D GStreamer+bin: 0:00:54.999406229 0xe9014cf0 gstbin.c:911:find_message:<pipeline0> no message found matching types 00001000
06-09 08:18:16.504  6032  6083 D GStreamer+bin: 0:00:54.999455083 0xe9014cf0 gstbin.c:918:find_message:<pipeline0>   structure-change
06-09 08:18:16.504  6032  6083 D GStreamer+bin: 0:00:54.999586802 0xe9014cf0 gstbin.c:958:bin_replace_message:<pipeline0> got new message 0xe934eec0, structure-change from sink
06-09 08:18:16.504  6032  6083 D GStreamer+GST_BUS: 0:00:54.999610552 0xe9014cf0 gstbus.c:344:gst_bus_post:<bus2> [msg 0xe934eec0] dropped
06-09 08:18:16.504  6032  6083 I GStreamer+GST_PADS: 0:00:54.999630604 0xe9014cf0 gstpad.c:2315:gst_pad_link_prepare trying to link q:video_0 and queue0:sink
06-09 08:18:16.504  6032  6083 D GStreamer+GST_CAPS: 0:00:54.999653312 0xe9014cf0 gstutils.c:2872:gst_pad_query_caps:<q:video_0> get pad caps with filter (NULL)
06-09 08:18:16.504  6032  6083 D GStreamer+query: 0:00:54.999696229 0xe9014cf0 gstquery.c:674:gst_query_new_custom creating new query 0xe9221d80 caps
06-09 08:18:16.504  6032  6083 D GStreamer+GST_PADS: 0:00:54.999715083 0xe9014cf0 gstpad.c:3922:gst_pad_query:<q:video_0> doing query 0xe9221d80 (caps)
06-09 08:18:16.504  6032  6083 D GStreamer+GST_CAPS: 0:00:54.999737791 0xe9014cf0 gstpad.c:3112:gst_pad_query_caps_default:<q:video_0> query caps caps query: 0xe9221d80, GstQueryCaps, filter=(GstCaps)"NULL", caps=(GstCaps)"NULL";
06-09 08:18:16.505  6032  6083 D GStreamer+GST_CAPS: 0:00:54.999783052 0xe9014cf0 gstpad.c:3129:gst_pad_query_caps_default:<q:video_0> fixed pad caps: trying pad caps
06-09 08:18:16.505  6032  6083 D GStreamer+GST_CAPS: 0:00:54.999804458 0xe9014cf0 gstpad.c:3165:gst_pad_query_caps_default:<q:video_0> using caps 0xe923bb40 video/x-h264, stream-format=(string)avc, alignment=(string)au, level=(string)4, profile=(string)high, codec_data=(buffer)01640028ffe1001767640028acd9405002d68400004414000df8903c60c65801000668ebe3cb22c0, width=(int)1280, height=(int)1440, framerate=(fraction)105/4, pixel-aspect-ratio=(fraction)1/1
06-09 08:18:16.505  6032  6083 D GStreamer+GST_PADS: 0:00:54.999872687 0xe9014cf0 gstpad.c:3367:gst_pad_query_default:<q:video_0> not forwarding 0xe9221d80 (caps) query
06-09 08:18:16.505  6032  6083 D GStreamer+GST_PADS: 0:00:55.000012479 0xe9014cf0 gstpad.c:3945:gst_pad_query:<q:video_0> sent query 0xe9221d80 (caps), result 1
06-09 08:18:16.505  6032  6083 D GStreamer+GST_CAPS: 0:00:55.000149354 0xe9014cf0 gstutils.c:2879:gst_pad_query_caps:<q:video_0> query returned video/x-h264, stream-format=(string)avc, alignment=(string)au, level=(string)4, profile=(string)high, codec_data=(buffer)01640028ffe1001767640028acd9405002d68400004414000df8903c60c65801000668ebe3cb22c0, width=(int)1280, height=(int)1440, framerate=(fraction)105/4, pixel-aspect-ratio=(fraction)1/1
06-09 08:18:16.505  6032  6083 D GStreamer+GST_CAPS: 0:00:55.000239198 0xe9014cf0 gstutils.c:2872:gst_pad_query_caps:<queue0:sink> get pad caps with filter (NULL)
06-09 08:18:16.505  6032  6083 D GStreamer+query: 0:00:55.000266958 0xe9014cf0 gstquery.c:674:gst_query_new_custom creating new query 0xe9221db0 caps
06-09 08:18:16.505  6032  6083 D GStreamer+GST_PADS: 0:00:55.000289250 0xe9014cf0 gstpad.c:3922:gst_pad_query:<queue0:sink> doing query 0xe9221db0 (caps)
06-09 08:18:16.505  6032  6083 D GStreamer+GST_CAPS: 0:00:55.000309979 0xe9014cf0 gstpad.c:3112:gst_pad_query_caps_default:<queue0:sink> query caps caps query: 0xe9221db0, GstQueryCaps, filter=(GstCaps)"NULL", caps=(GstCaps)"NULL";
06-09 08:18:16.505  6032  6083 D GStreamer+GST_PADS: 0:00:55.000387062 0xe9014cf0 gstutils.c:2633:gst_pad_proxy_query_caps:<queue0:sink> proxying caps query for queue0:sink
06-09 08:18:16.505  6032  6083 D GStreamer+GST_PADS: 0:00:55.000454927 0xe9014cf0 gstpad.c:2827:gst_pad_iterate_internal_links_default:<queue0:sink> Making iterator
06-09 08:18:16.505  6032  6083 D GStreamer+GST_PADS: 0:00:55.000479198 0xe9014cf0 gstpad.c:4049:gst_pad_peer_query:<queue0:src> peer query 0xe9221db0 (caps)
06-09 08:18:16.505  6032  6083 D GStreamer+GST_PADS: 0:00:55.000518468 0xe9014cf0 gstpad.c:3922:gst_pad_query:<forhwgl:sink> doing query 0xe9221db0 (caps)
06-09 08:18:16.505  6032  6083 D GStreamer+GST_CAPS: 0:00:55.000570760 0xe9014cf0 gstpad.c:3112:gst_pad_query_caps_default:<forhwgl:sink> query caps caps query: 0xe9221db0, GstQueryCaps, filter=(GstCaps)"NULL", caps=(GstCaps)"NULL";
06-09 08:18:16.505  6032  6083 D GStreamer+GST_PADS: 0:00:55.000614302 0xe9014cf0 gstutils.c:2633:gst_pad_proxy_query_caps:<forhwgl:sink> proxying caps query for forhwgl:sink
06-09 08:18:16.505  6032  6083 D GStreamer+GST_PADS: 0:00:55.000639562 0xe9014cf0 gstpad.c:4049:gst_pad_peer_query:<sink:proxypad0> peer query 0xe9221db0 (caps)
06-09 08:18:16.505  6032  6083 D GStreamer+GST_PADS: 0:00:55.000684614 0xe9014cf0 gstpad.c:3922:gst_pad_query:<typefind:sink> doing query 0xe9221db0 (caps)
06-09 08:18:16.505  6032  6083 D GStreamer+GST_CAPS: 0:00:55.000709093 0xe9014cf0 gstpad.c:3112:gst_pad_query_caps_default:<typefind:sink> query caps caps query: 0xe9221db0, GstQueryCaps, filter=(GstCaps)"NULL", caps=(GstCaps)"NULL";
06-09 08:18:16.505  6032  6083 D GStreamer+GST_CAPS: 0:00:55.000750083 0xe9014cf0 gstpad.c:3135:gst_pad_query_caps_default:<typefind:sink> trying pad template caps
06-09 08:18:16.506  6032  6083 D GStreamer+GST_CAPS: 0:00:55.000786854 0xe9014cf0 gstpad.c:3165:gst_pad_query_caps_default:<typefind:sink> using caps 0xe8e1c518 ANY
06-09 08:18:16.506  6032  6083 D GStreamer+GST_PADS: 0:00:55.000810708 0xe9014cf0 gstpad.c:3367:gst_pad_query_default:<typefind:sink> not forwarding 0xe9221db0 (caps) query
06-09 08:18:16.506  6032  6083 D GStreamer+GST_PADS: 0:00:55.000833885 0xe9014cf0 gstpad.c:3945:gst_pad_query:<typefind:sink> sent query 0xe9221db0 (caps), result 1
06-09 08:18:16.506  6032  6083 D GStreamer+default: 0:00:55.000858156 0xe9014cf0 gstutils.c:2595:query_caps_func:<sink:proxypad0> intersect with result ANY
06-09 08:18:16.506  6032  6083 D GStreamer+default: 0:00:55.000906958 0xe9014cf0 gstutils.c:2597:query_caps_func:<sink:proxypad0> intersected ANY
06-09 08:18:16.506  6032  6083 D GStreamer+GST_PADS: 0:00:55.000940343 0xe9014cf0 gstpad.c:3367:gst_pad_query_default:<forhwgl:sink> not forwarding 0xe9221db0 (caps) query
06-09 08:18:16.506  6032  6083 D GStreamer+GST_PADS: 0:00:55.000969979 0xe9014cf0 gstpad.c:3945:gst_pad_query:<forhwgl:sink> sent query 0xe9221db0 (caps), result 1
06-09 08:18:16.506  6032  6083 D GStreamer+default: 0:00:55.001009562 0xe9014cf0 gstutils.c:2595:query_caps_func:<queue0:src> intersect with result ANY
06-09 08:18:16.506  6032  6083 D GStreamer+default: 0:00:55.001028677 0xe9014cf0 gstutils.c:2597:query_caps_func:<queue0:src> intersected ANY
06-09 08:18:16.506  6032  6083 D GStreamer+GST_PADS: 0:00:55.001052843 0xe9014cf0 gstpad.c:3367:gst_pad_query_default:<queue0:sink> not forwarding 0xe9221db0 (caps) query
06-09 08:18:16.506  6032  6083 D GStreamer+GST_PADS: 0:00:55.001080760 0xe9014cf0 gstpad.c:3945:gst_pad_query:<queue0:sink> sent query 0xe9221db0 (caps), result 1
06-09 08:18:16.506  6032  6083 D GStreamer+GST_CAPS: 0:00:55.001123625 0xe9014cf0 gstutils.c:2879:gst_pad_query_caps:<queue0:sink> query returned ANY
06-09 08:18:16.506  6032  6083 D GStreamer+GST_CAPS: 0:00:55.001148833 0xe9014cf0 gstpad.c:2215:gst_pad_link_check_compatible_unlocked:<q:video_0> src caps video/x-h264, stream-format=(string)avc, alignment=(string)au, level=(string)4, profile=(string)high, codec_data=(buffer)01640028ffe1001767640028acd9405002d68400004414000df8903c60c65801000668ebe3cb22c0, width=(int)1280, height=(int)1440, framerate=(fraction)105/4, pixel-aspect-ratio=(fraction)1/1
06-09 08:18:16.507  6032  6083 D GStreamer+GST_CAPS: 0:00:55.001808521 0xe9014cf0 gstpad.c:2217:gst_pad_link_check_compatible_unlocked:<queue0:sink> sink caps ANY
06-09 08:18:16.507  6032  6083 D GStreamer+GST_CAPS: 0:00:55.001831593 0xe9014cf0 gstpad.c:2235:gst_pad_link_check_compatible_unlocked caps are compatible
06-09 08:18:16.507  6032  6083 I GStreamer+GST_PADS: 0:00:55.001881073 0xe9014cf0 gstpad.c:2521:gst_pad_link_full linked q:video_0 and queue0:sink, successful
06-09 08:18:16.507  6032  6083 I GStreamer+GST_EVENT: 0:00:55.001903625 0xe9014cf0 gstevent.c:1382:gst_event_new_reconfigure creating reconfigure event
06-09 08:18:16.507  6032  6083 D GStreamer+GST_EVENT: 0:00:55.001919614 0xe9014cf0 gstevent.c:302:gst_event_new_custom creating new event 0xe9241d30 reconfigure 61441
06-09 08:18:16.507  6032  6083 D GStreamer+GST_EVENT: 0:00:55.001942062 0xe9014cf0 gstpad.c:5536:gst_pad_send_event_unchecked:<q:video_0> have event type reconfigure event: 0xe9241d30, time 99:99:99.999999999, seq-num 67, (NULL)
06-09 08:18:16.507  6032  6083 D GStreamer+GST_PADS: 0:00:55.002003052 0xe9014cf0 gstpad.c:2827:gst_pad_iterate_internal_links_default:<q:video_0> Making iterator
06-09 08:18:16.507  6032  6083 D GStreamer+GST_EVENT: 0:00:55.002029093 0xe9014cf0 gstpad.c:5536:gst_pad_send_event_unchecked:<filesrc0:src> have event type reconfigure event: 0xe9241d30, time 99:99:99.999999999, seq-num 67, (NULL)
06-09 08:18:16.507  6032  6083 D GStreamer+basesrc: 0:00:55.002083468 0xe9014cf0 gstbasesrc.c:1986:gst_base_src_default_event:<filesrc0> handle event reconfigure event: 0xe9241d30, time 99:99:99.999999999, seq-num 67, (NULL)
06-09 08:18:16.507  6032  6083 D GStreamer+GST_PADS: 0:00:55.002120239 0xe9014cf0 gstpad.c:5609:gst_pad_send_event_unchecked:<filesrc0:src> sent event, ret ok
06-09 08:18:16.507  6032  6083 D GStreamer+GST_PADS: 0:00:55.002143416 0xe9014cf0 gstpad.c:5609:gst_pad_send_event_unchecked:<q:video_0> sent event, ret ok
06-09 08:18:16.507  6032  6083 D GStreamer+GST_BUS: 0:00:55.002172427 0xe9014cf0 gstbus.c:309:gst_bus_post:<bus2> [msg 0xe934ef18] posting on bus structure-change message: 0xe934ef18, time 99:99:99.999999999, seq-num 68, element 'sink', GstMessageStructureChange, type=(GstStructureChangeType)GST_STRUCTURE_CHANGE_TYPE_PAD_LINK, owner=(GstElement)"\(GstQTDemux\)\ q", busy=(boolean)false;
06-09 08:18:16.507  6032  6083 D GStreamer+bin: 0:00:55.002257166 0xe9014cf0 gstbin.c:3654:gst_bin_handle_message_func:<pipeline0> [msg 0xe934ef18] handling child sink message of type structure-change
06-09 08:18:16.507  6032  6083 D GStreamer+bin: 0:00:55.002310864 0xe9014cf0 gstbin.c:986:bin_remove_messages:<queue0:sink> deleting message 0xe934eec0 of types 0x00001000
06-09 08:18:16.507  6032  6083 D GStreamer+bin: 0:00:55.002355396 0xe9014cf0 gstbin.c:992:bin_remove_messages:<forhwgl> not deleting message 0xe9019a80 of type 0x00100000
06-09 08:18:16.507  6032  6083 D GStreamer+bin: 0:00:55.002381854 0xe9014cf0 gstbin.c:992:bin_remove_messages:<glimagesinkbin0> not deleting message 0xe9002388 of type 0x00100000
06-09 08:18:16.507  6032  6083 D GStreamer+GST_BUS: 0:00:55.002448416 0xe9014cf0 gstbus.c:344:gst_bus_post:<bus2> [msg 0xe934ef18] dropped
06-09 08:18:16.507  6032  6083 D GStreamer+GST_ELEMENT_PADS: 0:00:55.002474666 0xe9014cf0 gstutils.c:1735:gst_element_link_pads_full linked pad q:video_0 to pad queue0:sink
06-09 08:18:16.507  6032  6083 D GStreamer+GST_PIPELINE: 0:00:55.002547739 0xe9014cf0 ./grammar.y:527:gst_parse_found_pad delayed linking pad  video_0 of GstQTDemux named q to some pad of GstQueue named queue0 worked
06-09 08:18:16.507  6032  6083 D GStreamer+qtdemux: 0:00:55.002593208 0xe9014cf0 qtdemux.c:10856:gst_qtdemux_guess_bitrate:<q> Looking for streams with unknown bitrate
06-09 08:18:16.507  6032  6083 D GStreamer+query: 0:00:55.002616593 0xe9014cf0 gstquery.c:674:gst_query_new_custom creating new query 0xe9357e00 duration
06-09 08:18:16.507  6032  6083 D GStreamer+GST_PADS: 0:00:55.002651906 0xe9014cf0 gstpad.c:4049:gst_pad_peer_query:<q:sink> peer query 0xe9357e00 (duration)
06-09 08:18:16.507  6032  6083 D GStreamer+GST_PADS: 0:00:55.002698989 0xe9014cf0 gstpad.c:3922:gst_pad_query:<filesrc0:src> doing query 0xe9357e00 (duration)
06-09 08:18:16.508  6032  6083 D GStreamer+basesrc: 0:00:55.002782791 0xe9014cf0 gstbasesrc.c:1055:gst_base_src_default_query:<filesrc0> duration query in format bytes
06-09 08:18:16.508  6032  6083 D GStreamer+basesrc: 0:00:55.002811646 0xe9014cf0 gstbasesrc.c:2354:gst_base_src_update_length:<filesrc0> reading offset 0, length 0, size 22092204, segment.stop -1, maxsize 22092204
06-09 08:18:16.508  6032  6083 D GStreamer+basesrc: 0:00:55.002853156 0xe9014cf0 gstbasesrc.c:1295:gst_base_src_default_query:<filesrc0> query duration returns 1
06-09 08:18:16.508  6032  6083 D GStreamer+GST_PADS: 0:00:55.003045448 0xe9014cf0 gstpad.c:3945:gst_pad_query:<filesrc0:src> sent query 0xe9357e00 (duration), result 1
06-09 08:18:16.508  6032  6083 D GStreamer+qtdemux: 0:00:55.003082843 0xe9014cf0 qtdemux.c:10867:gst_qtdemux_guess_bitrate:<q> Total size 22092204, header size 17635
06-09 08:18:16.508  6032  6083 D GStreamer+qtdemux: 0:00:55.003130448 0xe9014cf0 qtdemux.c:10884:gst_qtdemux_guess_bitrate:<q> checking bitrate for video/x-h264, stream-format=(string)avc, alignment=(string)au, level=(string)4, profile=(string)high, codec_data=(buffer)01640028ffe1001767640028acd9405002d68400004414000df8903c60c65801000668ebe3cb22c0, width=(int)1280, height=(int)1440, framerate=(fraction)105/4, pixel-aspect-ratio=(fraction)1/1
06-09 08:18:16.508  6032  6083 D GStreamer+qtdemux: 0:00:55.003210396 0xe9014cf0 qtdemux.c:10890:gst_qtdemux_guess_bitrate:<q> max-bitrate: 0
06-09 08:18:16.508  6032  6083 D GStreamer+qtdemux: 0:00:55.003247166 0xe9014cf0 qtdemux.c:10893:gst_qtdemux_guess_bitrate:<q> nominal-bitrate: 0
06-09 08:18:16.508  6032  6083 D GStreamer+qtdemux: 0:00:55.003267218 0xe9014cf0 qtdemux.c:10896:gst_qtdemux_guess_bitrate:<q> bitrate: 0
06-09 08:18:16.508  6032  6083 D GStreamer+qtdemux: 0:00:55.003285448 0xe9014cf0 qtdemux.c:10932:gst_qtdemux_guess_bitrate:<q> System bitrate = 4413700, Stream bitrate = 4413700
06-09 08:18:16.508  6032  6083 D GStreamer+qtdemux: 0:00:55.003317948 0xe9014cf0 qtdemux.c:4264:gst_qtdemux_loop_state_header:<q> switching state to STATE_MOVIE (2)
06-09 08:18:16.508  6032  6083 D GStreamer+qtdemux: 0:00:55.003389198 0xe9014cf0 qtdemux.c:4555:gst_qtdemux_stream_update_segment:<q:video_0> new segment 0 from 0:00:00.076138051 to 0:00:40.087138051, time 0:00:00.000000000
06-09 08:18:16.508  6032  6083 D GStreamer+qtdemux: 0:00:55.003481073 0xe9014cf0 qtdemux.c:4576:gst_qtdemux_stream_update_segment:<q:video_0> New segment: time segment start=0:00:00.076138051, offset=0:00:00.000000000, stop=0:00:40.087138051, rate=1.000000, applied_rate=1.000000, flags=0x00, time=0:00:00.000000000, base=0:00:00.000000000, position 0:00:00.076138051, duration 99:99:99.999999999
06-09 08:18:16.508  6032  6083 I GStreamer+GST_EVENT: 0:00:55.003543677 0xe9014cf0 gstevent.c:760:gst_event_new_segment creating segment event time segment start=0:00:00.076138051, offset=0:00:00.000000000, stop=0:00:40.087138051, rate=1.000000, applied_rate=1.000000, flags=0x00, time=0:00:00.000000000, base=0:00:00.000000000, position 0:00:00.076138051, duration 99:99:99.999999999
06-09 08:18:16.508  6032  6083 D GStreamer+GST_EVENT: 0:00:55.003618364 0xe9014cf0 gstevent.c:302:gst_event_new_custom creating new event 0xe9241d78 segment 17934
06-09 08:18:16.508  6032  6083 D GStreamer+GST_PADS: 0:00:55.003641750 0xe9014cf0 gstpad.c:3853:check_sticky:<q:video_0> pushing all sticky events
06-09 08:18:16.508  6032  6083 D GStreamer+GST_EVENT: 0:00:55.003660708 0xe9014cf0 gstpad.c:5536:gst_pad_send_event_unchecked:<queue0:sink> have event type stream-start event: 0xe9241ca0, time 99:99:99.999999999, seq-num 64, GstEventStreamStart, stream-id=(string)2fc2c949c297f77f4e54ce29e6646b7f846b06d9419fa355b4615ebd745c1656/001, flags=(GstStreamFlags)GST_STREAM_FLAG_NONE, group-id=(uint)0;
06-09 08:18:16.508  6032  6083 D GStreamer+GST_PADS: 0:00:55.003757323 0xe9014cf0 gstpad.c:5609:gst_pad_send_event_unchecked:<queue0:sink> sent event, ret ok
06-09 08:18:16.509  6032  6083 D GStreamer+GST_PADS: 0:00:55.003798312 0xe9014cf0 gstpad.c:3805:push_sticky:<q:video_0> event stream-start marked received
06-09 08:18:16.509  6032  6083 D GStreamer+GST_EVENT: 0:00:55.003822739 0xe9014cf0 gstpad.c:5536:gst_pad_send_event_unchecked:<queue0:sink> have event type caps event: 0xe9241ce8, time 99:99:99.999999999, seq-num 65, GstEventCaps, caps=(GstCaps)"video/x-h264\,\ stream-format\=\(string\)avc\,\ alignment\=\(string\)au\,\ level\=\(string\)4\,\ profile\=\(string\)high\,\ codec_data\=\(buffer\)01640028ffe1001767640028acd9405002d68400004414000df8903c60c65801000668ebe3cb22c0\,\ width\=\(int\)1280\,\ height\=\(int\)1440\,\ framerate\=\(fraction\)105/4\,\ pixel-aspect-ratio\=\(fraction\)1/1";
06-09 08:18:16.509  6032  6083 D GStreamer+GST_CAPS: 0:00:55.003944354 0xe9014cf0 gstutils.c:2955:gst_pad_query_accept_caps:<queue0:sink> accept caps of video/x-h264, stream-format=(string)avc, alignment=(string)au, level=(string)4, profile=(string)high, codec_data=(buffer)01640028ffe1001767640028acd9405002d68400004414000df8903c60c65801000668ebe3cb22c0, width=(int)1280, height=(int)1440, framerate=(fraction)105/4, pixel-aspect-ratio=(fraction)1/1
06-09 08:18:16.509  6032  6083 D GStreamer+query: 0:00:55.004034562 0xe9014cf0 gstquery.c:674:gst_query_new_custom creating new query 0xe9357e30 accept-caps
06-09 08:18:16.509  6032  6083 D GStreamer+GST_PADS: 0:00:55.004056281 0xe9014cf0 gstpad.c:3922:gst_pad_query:<queue0:sink> doing query 0xe9357e30 (accept-caps)
06-09 08:18:16.509  6032  6083 D GStreamer+GST_PADS: 0:00:55.004077062 0xe9014cf0 gstpad.c:3059:gst_pad_query_accept_caps_default:<queue0:sink> query accept-caps accept-caps query: 0xe9357e30, GstQueryAcceptCaps, caps=(GstCaps)"video/x-h264\,\ stream-format\=\(string\)avc\,\ alignment\=\(string\)au\,\ level\=\(string\)4\,\ profile\=\(string\)high\,\ codec_data\=\(buffer\)01640028ffe1001767640028acd9405002d68400004414000df8903c60c65801000668ebe3cb22c0\,\ width\=\(int\)1280\,\ height\=\(int\)1440\,\ framerate\=\(fraction\)105/4\,\ pixel-aspect-ratio\=\(fraction\)1/1", result=(boolean)false;
06-09 08:18:16.509  6032  6083 D GStreamer+GST_PADS: 0:00:55.004173521 0xe9014cf0 gstutils.c:2564:gst_pad_proxy_query_accept_caps:<queue0:sink> proxying accept caps query for queue0:sink
06-09 08:18:16.509  6032  6083 D GStreamer+GST_PADS: 0:00:55.004194979 0xe9014cf0 gstpad.c:2827:gst_pad_iterate_internal_links_default:<queue0:sink> Making iterator
06-09 08:18:16.509  6032  6083 D GStreamer+GST_PADS: 0:00:55.004217323 0xe9014cf0 gstpad.c:4049:gst_pad_peer_query:<queue0:src> peer query 0xe9357e30 (accept-caps)
06-09 08:18:16.509  6032  6083 D GStreamer+GST_PADS: 0:00:55.004258104 0xe9014cf0 gstpad.c:3922:gst_pad_query:<forhwgl:sink> doing query 0xe9357e30 (accept-caps)
06-09 08:18:16.509  6032  6083 D GStreamer+GST_PADS: 0:00:55.004281541 0xe9014cf0 gstpad.c:3059:gst_pad_query_accept_caps_default:<forhwgl:sink> query accept-caps accept-caps query: 0xe9357e30, GstQueryAcceptCaps, caps=(GstCaps)"video/x-h264\,\ stream-format\=\(string\)avc\,\ alignment\=\(string\)au\,\ level\=\(string\)4\,\ profile\=\(string\)high\,\ codec_data\=\(buffer\)01640028ffe1001767640028acd9405002d68400004414000df8903c60c65801000668ebe3cb22c0\,\ width\=\(int\)1280\,\ height\=\(int\)1440\,\ framerate\=\(fraction\)105/4\,\ pixel-aspect-ratio\=\(fraction\)1/1", result=(boolean)false;
06-09 08:18:16.509  6032  6083 D GStreamer+GST_PADS: 0:00:55.004374771 0xe9014cf0 gstutils.c:2564:gst_pad_proxy_query_accept_caps:<forhwgl:sink> proxying accept caps query for forhwgl:sink
06-09 08:18:16.509  6032  6083 D GStreamer+GST_PADS: 0:00:55.004411437 0xe9014cf0 gstpad.c:4049:gst_pad_peer_query:<sink:proxypad0> peer query 0xe9357e30 (accept-caps)
06-09 08:18:16.509  6032  6083 D GStreamer+GST_PADS: 0:00:55.004465396 0xe9014cf0 gstpad.c:3922:gst_pad_query:<typefind:sink> doing query 0xe9357e30 (accept-caps)
06-09 08:18:16.509  6032  6083 D GStreamer+GST_PADS: 0:00:55.004487739 0xe9014cf0 gstpad.c:3059:gst_pad_query_accept_caps_default:<typefind:sink> query accept-caps accept-caps query: 0xe9357e30, GstQueryAcceptCaps, caps=(GstCaps)"video/x-h264\,\ stream-format\=\(string\)avc\,\ alignment\=\(string\)au\,\ level\=\(string\)4\,\ profile\=\(string\)high\,\ codec_data\=\(buffer\)01640028ffe1001767640028acd9405002d68400004414000df8903c60c65801000668ebe3cb22c0\,\ width\=\(int\)1280\,\ height\=\(int\)1440\,\ framerate\=\(fraction\)105/4\,\ pixel-aspect-ratio\=\(fraction\)1/1", result=(boolean)false;
06-09 08:18:16.509  6032  6083 D GStreamer+GST_PERFORMANCE: 0:00:55.004590291 0xe9014cf0 gstpad.c:3074:gst_pad_query_accept_caps_default:<typefind:sink> fallback ACCEPT_CAPS query, consider implementing a specialized version
06-09 08:18:16.509  6032  6083 D GStreamer+GST_CAPS: 0:00:55.004611281 0xe9014cf0 gstutils.c:2872:gst_pad_query_caps:<typefind:sink> get pad caps with filter video/x-h264, stream-format=(string)avc, alignment=(string)au, level=(string)4, profile=(string)high, codec_data=(buffer)01640028ffe1001767640028acd9405002d68400004414000df8903c60c65801000668ebe3cb22c0, width=(int)1280, height=(int)1440, framerate=(fraction)105/4, pixel-aspect-ratio=(fraction)1/1
06-09 08:18:16.509  6032  6083 D GStreamer+query: 0:00:55.004698833 0xe9014cf0 gstquery.c:674:gst_query_new_custom creating new query 0xe9357e60 caps
06-09 08:18:16.509  6032  6083 D GStreamer+GST_PADS: 0:00:55.004720083 0xe9014cf0 gstpad.c:3922:gst_pad_query:<typefind:sink> doing query 0xe9357e60 (caps)
06-09 08:18:16.510  6032  6083 D GStreamer+GST_CAPS: 0:00:55.004741854 0xe9014cf0 gstpad.c:3112:gst_pad_query_caps_default:<typefind:sink> query caps caps query: 0xe9357e60, GstQueryCaps, filter=(GstCaps)"video/x-h264\,\ stream-format\=\(string\)avc\,\ alignment\=\(string\)au\,\ level\=\(string\)4\,\ profile\=\(string\)high\,\ codec_data\=\(buffer\)01640028ffe1001767640028acd9405002d68400004414000df8903c60c65801000668ebe3cb22c0\,\ width\=\(int\)1280\,\ height\=\(int\)1440\,\ framerate\=\(fraction\)105/4\,\ pixel-aspect-ratio\=\(fraction\)1/1", caps=(GstCaps)"NULL";
06-09 08:18:16.510  6032  6083 D GStreamer+GST_CAPS: 0:00:55.004856541 0xe9014cf0 gstpad.c:3135:gst_pad_query_caps_default:<typefind:sink> trying pad template caps
06-09 08:18:16.510  6032  6082 D GStreamer+queue_dataflow: 0:00:55.004896125 0xe9014c90 gstqueue.c:1500:gst_queue_loop:<queue0> queue is not empty
06-09 08:18:16.510  6032  6083 D GStreamer+GST_CAPS: 0:00:55.004894823 0xe9014cf0 gstpad.c:3159:gst_pad_query_caps_default:<typefind:sink> using caps 0xe8e1c518 ANY with filter 0xe923bb40 video/x-h264, stream-format=(string)avc, alignment=(string)au, level=(string)4, profile=(string)high, codec_data=(buffer)01640028ffe1001767640028acd9405002d68400004414000df8903c60c65801000668ebe3cb22c0, width=(int)1280, height=(int)1440, framerate=(fraction)105/4, pixel-aspect-ratio=(fraction)1/1
06-09 08:18:16.510  6032  6082 D GStreamer+GST_PADS: 0:00:55.004937948 0xe9014c90 gstpad.c:3853:check_sticky:<queue0:src> pushing all sticky events
06-09 08:18:16.510  6032  6082 D GStreamer+GST_EVENT: 0:00:55.004982843 0xe9014c90 gstpad.c:5536:gst_pad_send_event_unchecked:<forhwgl:sink> have event type stream-start event: 0xe9241ca0, time 99:99:99.999999999, seq-num 64, GstEventStreamStart, stream-id=(string)2fc2c949c297f77f4e54ce29e6646b7f846b06d9419fa355b4615ebd745c1656/001, flags=(GstStreamFlags)GST_STREAM_FLAG_NONE, group-id=(uint)0;
06-09 08:18:16.510  6032  6083 D GStreamer+GST_CAPS: 0:00:55.004968573 0xe9014cf0 gstpad.c:3162:gst_pad_query_caps_default:<typefind:sink> result 0xe923bb40 video/x-h264, stream-format=(string)avc, alignment=(string)au, level=(string)4, profile=(string)high, codec_data=(buffer)01640028ffe1001767640028acd9405002d68400004414000df8903c60c65801000668ebe3cb22c0, width=(int)1280, height=(int)1440, framerate=(fraction)105/4, pixel-aspect-ratio=(fraction)1/1
06-09 08:18:16.510  6032  6083 D GStreamer+GST_PADS: 0:00:55.005044562 0xe9014cf0 gstpad.c:3367:gst_pad_query_default:<typefind:sink> not forwarding 0xe9357e60 (caps) query
06-09 08:18:16.510  6032  6082 D GStreamer+GST_PADS: 0:00:55.005054250 0xe9014c90 gstpad.c:3853:check_sticky:<sink:proxypad0> pushing all sticky events
06-09 08:18:16.510  6032  6083 D GStreamer+GST_PADS: 0:00:55.005073000 0xe9014cf0 gstpad.c:3945:gst_pad_query:<typefind:sink> sent query 0xe9357e60 (caps), result 1
06-09 08:18:16.511  6032  6082 D GStreamer+GST_PADS: 0:00:55.006288260 0xe9014c90 gstpad.c:3059:gst_pad_query_accept_caps_default:<typefind:sink> query accept-caps accept-caps query: 0xe9358320, GstQueryAcceptCaps, caps=(GstCaps)"video/x-h264\,\ stream-format\=\(string\)avc\,\ alignment\=\(string\)au\,\ level\=\(string\)4\,\ profile\=\(string\)high\,\ codec_data\=\(buffer\)01640028ffe1001767640028acd9405002d68400004414000df8903c60c65801000668ebe3cb22c0\,\ width\=\(int\)1280\,\ height\=\(int\)1440\,\ framerate\=\(fraction\)105/4\,\ pixel-aspect-ratio\=\(fraction\)1/1", result=(boolean)false;
06-09 08:18:16.512  6032  6082 D GStreamer+GST_PADS: 0:00:55.007243416 0xe9014c90 gstpad.c:3367:gst_pad_query_default:<forhwgl:sink> not forwarding 0xe9358320 (accept-caps) query
06-09 08:18:16.512  6032  6082 D GStreamer+GST_PADS: 0:00:55.007291906 0xe9014c90 gstpad.c:3945:gst_pad_query:<forhwgl:sink> sent query 0xe9358320 (accept-caps), result 1
06-09 08:18:16.512  6032  6082 D GStreamer+default: 0:00:55.007319406 0xe9014c90 gstutils.c:2960:gst_pad_query_accept_caps:<forhwgl:sink> query returned 1
06-09 08:18:16.512  6032  6082 D GStreamer+GST_PADS: 0:00:55.007348937 0xe9014c90 gstpad.c:5093:store_sticky_event:<sink:proxypad0> notify caps
06-09 08:18:16.512  6032  6082 D GStreamer+GST_PADS: 0:00:55.007498312 0xe9014c90 gstpad.c:3853:check_sticky:<sink:proxypad0> pushing all sticky events
06-09 08:18:16.512  6032  6082 D GStreamer+GST_PADS: 0:00:55.007526125 0xe9014c90 gstpad.c:3785:push_sticky:<sink:proxypad0> event stream-start was already received
06-09 08:18:16.512  6032  6082 D GStreamer+GST_EVENT: 0:00:55.007573677 0xe9014c90 gstpad.c:5536:gst_pad_send_event_unchecked:<typefind:sink> have event type caps event: 0xe9241ce8, time 99:99:99.999999999, seq-num 65, GstEventCaps, caps=(GstCaps)"video/x-h264\,\ stream-format\=\(string\)avc\,\ alignment\=\(string\)au\,\ level\=\(string\)4\,\ profile\=\(string\)high\,\ codec_data\=\(buffer\)01640028ffe1001767640028acd9405002d68400004414000df8903c60c65801000668ebe3cb22c0\,\ width\=\(int\)1280\,\ height\=\(int\)1440\,\ framerate\=\(fraction\)105/4\,\ pixel-aspect-ratio\=\(fraction\)1/1";
06-09 08:18:16.513  6032  6082 D GStreamer+GST_CAPS: 0:00:55.007729146 0xe9014c90 gstutils.c:2955:gst_pad_query_accept_caps:<typefind:sink> accept caps of video/x-h264, stream-format=(string)avc, alignment=(string)au, level=(string)4, profile=(string)high, codec_data=(buffer)01640028ffe1001767640028acd9405002d68400004414000df8903c60c65801000668ebe3cb22c0, width=(int)1280, height=(int)1440, framerate=(fraction)105/4, pixel-aspect-ratio=(fraction)1/1
06-09 08:18:16.513  6032  6082 D GStreamer+query: 0:00:55.007826177 0xe9014c90 gstquery.c:674:gst_query_new_custom creating new query 0xe9358380 accept-caps
06-09 08:18:16.513  6032  6082 D GStreamer+GST_PADS: 0:00:55.007851281 0xe9014c90 gstpad.c:3922:gst_pad_query:<typefind:sink> doing query 0xe9358380 (accept-caps)
06-09 08:18:16.513  6032  6083 D GStreamer+basesrc: 0:00:55.007877531 0xe9014cf0 gstbasesrc.c:2309:gst_base_src_do_sync:<filesrc0> we have no clock
06-09 08:18:16.513  6032  6083 D GStreamer+basesrc: 0:00:55.007918937 0xe9014cf0 gstbasesrc.c:2519:gst_base_src_get_range:<filesrc0> buffer ok
06-09 08:18:16.513  6032  6082 D GStreamer+GST_PADS: 0:00:55.007875135 0xe9014c90 gstpad.c:3059:gst_pad_query_accept_caps_default:<typefind:sink> query accept-caps accept-caps query: 0xe9358380, GstQueryAcceptCaps, caps=(GstCaps)"video/x-h264\,\ stream-format\=\(string\)avc\,\ alignment\=\(string\)au\,\ level\=\(string\)4\,\ profile\=\(string\)high\,\ codec_data\=\(buffer\)01640028ffe1001767640028acd9405002d68400004414000df8903c60c65801000668ebe3cb22c0\,\ width\=\(int\)1280\,\ height\=\(int\)1440\,\ framerate\=\(fraction\)105/4\,\ pixel-aspect-ratio\=\(fraction\)1/1", result=(boolean)false;
06-09 08:18:16.513  6032  6083 D GStreamer+GST_SCHEDULING: 0:00:55.007955968 0xe9014cf0 gstpad.c:4193:gst_pad_chain_data_unchecked:<queue0:sink> calling chainfunction &gst_queue_chain with buffer buffer: 0xe9351558, pts 0:00:00.076138051, dts 0:00:00.000000000, dur 0:00:00.038069025, size 66995, offset none, offset_end none, flags 0x40
06-09 08:18:16.513  6032  6082 D GStreamer+GST_PERFORMANCE: 0:00:55.007989614 0xe9014c90 gstpad.c:3074:gst_pad_query_accept_caps_default:<typefind:sink> fallback ACCEPT_CAPS query, consider implementing a specialized version
06-09 08:18:16.513  6032  6083 D GStreamer+GST_SCHEDULING: 0:00:55.008026333 0xe9014cf0 gstpad.c:4199:gst_pad_chain_data_unchecked:<queue0:sink> called chainfunction &gst_queue_chain with buffer 0xe9351558, returned ok
06-09 08:18:16.513  6032  6083 D GStreamer+qtdemux: 0:00:55.008065031 0xe9014cf0 qtdemux.c:8035:qtdemux_parse_samples:<q> parsing up to sample 1
06-09 08:18:16.513  6032  6082 D GStreamer+GST_CAPS: 0:00:55.008026385 0xe9014c90 gstutils.c:2872:gst_pad_query_caps:<typefind:sink> get pad caps with filter video/x-h264, stream-format=(string)avc, alignment=(string)au, level=(string)4, profile=(string)high, codec_data=(buffer)01640028ffe1001767640028acd9405002d68400004414000df8903c60c65801000668ebe3cb22c0, width=(int)1280, height=(int)1440, framerate=(fraction)105/4, pixel-aspect-ratio=(fraction)1/1
06-09 08:18:16.513  6032  6083 D GStreamer+qtdemux: 0:00:55.008096281 0xe9014cf0 qtdemux.c:8242:qtdemux_parse_samples:<q> sample 1: index 1, timestamp 0:00:00.038069025
06-09 08:18:16.513  6032  6082 D GStreamer+query: 0:00:55.008105396 0xe9014c90 gstquery.c:674:gst_query_new_custom creating new query 0xe93583b0 caps
06-09 08:18:16.513  6032  6083 D GStreamer+qtdemux: 0:00:55.008126958 0xe9014cf0 qtdemux.c:8297:qtdemux_parse_samples:<q> samples at 250 is keyframe
06-09 08:18:16.513  6032  6082 D GStreamer+GST_PADS: 0:00:55.008142635 0xe9014c90 gstpad.c:3922:gst_pad_query:<typefind:sink> doing query 0xe93583b0 (caps)
06-09 08:18:16.513  6032  6083 D GStreamer+qtdemux: 0:00:55.008156646 0xe9014cf0 qtdemux.c:5525:gst_qtdemux_loop_state_movie:<q> pushing from stream 0, empty 0 offset 67043, size 42022, dts=0:00:00.038069025, pts=0:00:00.228414154, duration 0:00:00.038069026
06-09 08:18:16.513  6032  6082 D GStreamer+GST_CAPS: 0:00:55.008164093 0xe9014c90 gstpad.c:3112:gst_pad_query_caps_default:<typefind:sink> query caps caps query: 0xe93583b0, GstQueryCaps, filter=(GstCaps)"video/x-h264\,\ stream-format\=\(string\)avc\,\ alignment\=\(string\)au\,\ level\=\(string\)4\,\ profile\=\(string\)high\,\ codec_data\=\(buffer\)01640028ffe1001767640028acd9405002d68400004414000df8903c60c65801000668ebe3cb22c0\,\ width\=\(int\)1280\,\ height\=\(int\)1440\,\ framerate\=\(fraction\)105/4\,\ pixel-aspect-ratio\=\(fraction\)1/1", caps=(GstCaps)"NULL";
06-09 08:18:16.513  6032  6083 D GStreamer+basesrc: 0:00:55.008208781 0xe9014cf0 gstbasesrc.c:2354:gst_base_src_update_length:<filesrc0> reading offset 67043, length 42022, size 22092204, segment.stop -1, maxsize 22092204
06-09 08:18:16.514  6032  6082 D GStreamer+GST_PADS: 0:00:55.009532010 0xe9014c90 gstpad.c:1963:gst_pad_set_iterate_internal_links_function_full:<GstProxyPad@0xe924b650> internal link iterator set to gst_proxy_pad_iterate_internal_links_default
06-09 08:18:16.514  6032  6082 D GStreamer+GST_PADS: 0:00:55.009603468 0xe9014c90 gstpad.c:1743:gst_pad_set_chain_function_full:<'':proxypad2> chainfunc set to gst_proxy_pad_chain_default
06-09 08:18:16.514  6032  6082 D GStreamer+GST_PADS: 0:00:55.009627010 0xe9014c90 gstpad.c:1780:gst_pad_set_chain_list_function_full:<'':proxypad2> chainlistfunc set to gst_proxy_pad_chain_list_default
06-09 08:18:16.514  6032  6083 D GStreamer+basesrc: 0:00:55.009656906 0xe9014cf0 gstbasesrc.c:2309:gst_base_src_do_sync:<filesrc0> we have no clock
06-09 08:18:16.514  6032  6082 D GStreamer+GST_REFCOUNTING: 0:00:55.009663468 0xe9014c90 gstobject.c:700:gst_object_set_parent:<'':proxypad2> set parent (ref and sink)
06-09 08:18:16.514  6032  6083 D GStreamer+basesrc: 0:00:55.009684146 0xe9014cf0 gstbasesrc.c:2519:gst_base_src_get_range:<filesrc0> buffer ok
06-09 08:18:16.514  6032  6082 D GStreamer+GST_PADS: 0:00:55.009689927 0xe9014c90 gstpad.c:1708:gst_pad_set_activatemode_function_full:<decodepad0:proxypad2> activatemodefunc set to gst_ghost_pad_internal_activate_mode_default
06-09 08:18:16.517  6032  6083 D GStreamer+basesrc: 0:00:55.011852635 0xe9014cf0 gstbasesrc.c:2309:gst_base_src_do_sync:<filesrc0> we have no clock
06-09 08:18:16.517  6032  6083 D GStreamer+basesrc: 0:00:55.011894666 0xe9014cf0 gstbasesrc.c:2519:gst_base_src_get_range:<filesrc0> buffer ok
06-09 08:18:16.517  6032  6083 D GStreamer+GST_SCHEDULING: 0:00:55.011916854 0xe9014cf0 gstpad.c:4193:gst_pad_chain_data_unchecked:<queue0:sink> calling chainfunction &gst_queue_chain with buffer buffer: 0xe9351738, pts 0:00:00.532966360, dts 0:00:00.342621231, dur 0:00:00.038069026, size 36579, offset none, offset_end none, flags 0x2000
06-09 08:18:16.517  6032  6083 D GStreamer+GST_SCHEDULING: 0:00:55.011971125 0xe9014cf0 gstpad.c:4199:gst_pad_chain_data_unchecked:<queue0:sink> called chainfunction &gst_queue_chain with buffer 0xe9351738, returned ok
06-09 08:18:16.517  6032  6083 D GStreamer+qtdemux: 0:00:55.011995291 0xe9014cf0 qtdemux.c:8035:qtdemux_parse_samples:<q> parsing up to sample 10
06-09 08:18:16.517  6032  6083 D GStreamer+qtdemux: 0:00:55.012059666 0xe9014cf0 qtdemux.c:8242:qtdemux_parse_samples:<q> sample 10: index 10, timestamp 0:00:00.380690257
06-09 08:18:16.517  6032  6083 D GStreamer+qtdemux: 0:00:55.012093989 0xe9014cf0 qtdemux.c:5525:gst_qtdemux_loop_state_movie:<q> pushing from stream 0, empty 0 offset 282865, size 19785, dts=0:00:00.380690257, pts=0:00:00.456828309, duration 0:00:00.038069026
06-09 08:18:16.517  6032  6083 D GStreamer+basesrc: 0:00:55.012142896 0xe9014cf0 gstbasesrc.c:2354:gst_base_src_update_length:<filesrc0> reading offset 282865, length 19785, size 22092204, segment.stop -1, maxsize 22092204
06-09 08:18:16.517  6032  6083 D GStreamer+basesrc: 0:00:55.012202323 0xe9014cf0 gstbasesrc.c:2455:gst_base_src_get_range:<filesrc0> calling create offset 282865 length 19785, time 0
06-09 08:18:16.519  6032  6082 D GStreamer+structure: 0:00:55.014649354 0xe9014c90 gststructure.c:2318:gst_structure_parse_field trying field name 'stream-format'
06-09 08:18:16.519  6032  6082 D GStreamer+structure: 0:00:55.014693677 0xe9014c90 gststructure.c:2369:gst_structure_parse_value trying type name 'string'
06-09 08:18:16.519  6032  6082 D GStreamer+GST_ELEMENT_FACTORY: 0:00:55.014723573 0xe9014c90 gstelementfactory.c:851:gst_element_factory_list_filter Trying amcauddec-omxgoogleamrnbdecoder
06-09 08:18:16.519  6032  6082 D GStreamer+structure: 0:00:55.014748364 0xe9014c90 gststructure.c:2318:gst_structure_parse_field trying field name 'rate'
06-09 08:18:16.519  6032  6082 D GStreamer+structure: 0:00:55.014765448 0xe9014c90 gststructure.c:2369:gst_structure_parse_value trying type name 'int'
06-09 08:18:16.520  6032  6083 D GStreamer+basesrc: 0:00:55.014777948 0xe9014cf0 gstbasesrc.c:2309:gst_base_src_do_sync:<filesrc0> we have no clock
06-09 08:18:16.520  6032  6082 D GStreamer+structure: 0:00:55.014801593 0xe9014c90 gststructure.c:2318:gst_structure_parse_field trying field name 'channels'
06-09 08:18:16.520  6032  6083 D GStreamer+basesrc: 0:00:55.014804875 0xe9014cf0 gstbasesrc.c:2519:gst_base_src_get_range:<filesrc0> buffer ok
06-09 08:18:16.520  6032  6082 D GStreamer+structure: 0:00:55.014820968 0xe9014c90 gststructure.c:2369:gst_structure_parse_value trying type name 'int'
06-09 08:18:16.520  6032  6082 D GStreamer+GST_ELEMENT_FACTORY: 0:00:55.014844458 0xe9014c90 gstelementfactory.c:851:gst_element_factory_list_filter Trying amcauddec-omxgoogleamrwbdecoder
06-09 08:18:16.520  6032  6083 D GStreamer+GST_SCHEDULING: 0:00:55.014831958 0xe9014cf0 gstpad.c:4193:gst_pad_chain_data_unchecked:<queue0:sink> calling chainfunction &gst_queue_chain with buffer buffer: 0xe90b63f0, pts 0:00:00.647173438, dts 0:00:00.609104412, dur 0:00:00.038069026, size 13592, offset none, offset_end none, flags 0x2000
06-09 08:18:16.522  6032  6082 D GStreamer+structure: 0:00:55.017640552 0xe9014c90 gststructure.c:2318:gst_structure_parse_field trying field name 'parsed'
06-09 08:18:16.522  6032  6082 D GStreamer+structure: 0:00:55.017665239 0xe9014c90 gststructure.c:2369:gst_structure_parse_value trying type name 'boolean'
06-09 08:18:16.522  6032  6082 D GStreamer+structure: 0:00:55.017688312 0xe9014c90 gststructure.c:2318:gst_structure_parse_field trying field name 'stream-format'
06-09 08:18:16.522  6032  6082 D GStreamer+structure: 0:00:55.017729979 0xe9014c90 gststructure.c:2369:gst_structure_parse_value trying type name 'string'
06-09 08:18:16.522  6032  6082 D GStreamer+structure: 0:00:55.017751385 0xe9014c90 gststructure.c:2318:gst_structure_parse_field trying field name 'alignment'
06-09 08:18:16.522  6032  6082 D GStreamer+structure: 0:00:55.017768989 0xe9014c90 gststructure.c:2369:gst_structure_parse_value trying type name 'string'
06-09 08:18:16.523  6032  6082 D GStreamer+structure: 0:00:55.017788000 0xe9014c90 gststructure.c:2318:gst_structure_parse_field trying field name 'profile'
06-09 08:18:16.523  6032  6083 D GStreamer+basesrc: 0:00:55.017787843 0xe9014cf0 gstbasesrc.c:2309:gst_base_src_do_sync:<filesrc0> we have no clock
06-09 08:18:16.525  6032  6082 D GStreamer+structure: 0:00:55.020220083 0xe9014c90 gststructure.c:2318:gst_structure_parse_field trying field name 'colorspace'
06-09 08:18:16.525  6032  6082 D GStreamer+structure: 0:00:55.020245135 0xe9014c90 gststructure.c:2369:gst_structure_parse_value trying type name 'string'
06-09 08:18:16.525  6032  6082 D GStreamer+structure: 0:00:55.020289093 0xe9014c90 gststructure.c:2318:gst_structure_parse_field trying field name 'colorspace'
06-09 08:18:16.525  6032  6082 D GStreamer+structure: 0:00:55.020312583 0xe9014c90 gststructure.c:2369:gst_structure_parse_value trying type name 'string'
06-09 08:18:16.525  6032  6082 D GStreamer+GST_ELEMENT_FACTORY: 0:00:55.020337375 0xe9014c90 gstelementfactory.c:851:gst_element_factory_list_filter Trying opusdec
06-09 08:18:16.525  6032  6083 D GStreamer+basesrc: 0:00:55.020391229 0xe9014cf0 gstbasesrc.c:2309:gst_base_src_do_sync:<filesrc0> we have no clock
06-09 08:18:16.525  6032  6083 D GStreamer+basesrc: 0:00:55.020429510 0xe9014cf0 gstbasesrc.c:2519:gst_base_src_get_range:<filesrc0> buffer ok
06-09 08:18:16.525  6032  6082 D GStreamer+structure: 0:00:55.020362531 0xe9014c90 gststructure.c:2318:gst_structure_parse_field trying field name 'channel-mapping-family'
06-09 08:18:16.525  6032  6082 D GStreamer+structure: 0:00:55.020456177 0xe9014c90 gststructure.c:2369:gst_structure_parse_value trying type name 'int'
06-09 08:18:16.525  6032  6082 D GStreamer+structure: 0:00:55.020483781 0xe9014c90 gststructure.c:2318:gst_structure_parse_field trying field name 'channel-mapping-family'
06-09 08:18:16.525  6032  6083 D GStreamer+GST_SCHEDULING: 0:00:55.020457218 0xe9014cf0 gstpad.c:4193:gst_pad_chain_data_unchecked:<queue0:sink> calling chainfunction &gst_queue_chain with buffer buffer: 0xe912a4b8, pts 0:00:01.294346876, dts 0:00:01.104001747, dur 0:00:00.038069026, size 35947, offset none, offset_end none, flags 0x2000
06-09 08:18:16.525  6032  6082 D GStreamer+structure: 0:00:55.020501906 0xe9014c90 gststructure.c:2369:gst_structure_parse_value trying type name 'int'
06-09 08:18:16.525  6032  6083 D GStreamer+queue_dataflow: 0:00:55.020517271 0xe9014cf0 gstqueue.c:1220:gst_queue_chain_buffer_or_list:<queue0> queue is full, waiting for free space
06-09 08:18:16.525  6032  6082 D GStreamer+structure: 0:00:55.020522375 0xe9014c90 gststructure.c:2318:gst_structure_parse_field trying field name 'channels'
06-09 08:18:16.525  6032  6082 D GStreamer+structure: 0:00:55.020558521 0xe9014c90 gststructure.c:2369:gst_structure_parse_value trying type name 'int'
06-09 08:18:16.525  6032  6082 D GStreamer+structure: 0:00:55.020579875 0xe9014c90 gststructure.c:2318:gst_structure_parse_field trying field name 'stream-count'
06-09 08:18:16.525  6032  6082 D GStreamer+structure: 0:00:55.020597427 0xe9014c90 gststructure.c:2369:gst_structure_parse_value trying type name 'int'
06-09 08:18:16.525  6032  6082 D GStreamer+structure: 0:00:55.020618521 0xe9014c90 gststructure.c:2318:gst_structure_parse_field trying field name 'coupled-count'
06-09 08:18:16.525  6032  6082 D GStreamer+structure: 0:00:55.020635083 0xe9014c90 gststructure.c:2369:gst_structure_parse_value trying type name 'int'
06-09 08:18:16.525  6032  6082 D GStreamer+GST_ELEMENT_FACTORY: 0:00:55.020672218 0xe9014c90 gstelementfactory.c:851:gst_element_factory_list_filter Trying pngdec
06-09 08:18:16.525  6032  6082 D GStreamer+GST_ELEMENT_FACTORY: 0:00:55.020693312 0xe9014c90 gstelementfactory.c:851:gst_element_factory_list_filter Trying pnmdec
06-09 08:18:16.525  6032  6082 D GStreamer+GST_ELEMENT_FACTORY: 0:00:55.020725031 0xe9014c90 gstelementfactory.c:851:gst_element_factory_list_filter Trying qtdemux
06-09 08:18:16.525  6032  6082 D GStreamer+GST_ELEMENT_FACTORY: 0:00:55.020766541 0xe9014c90 gstelementfactory.c:851:gst_element_factory_list_filter Trying rsvgdec
06-09 08:18:16.526  6032  6082 D GStreamer+GST_ELEMENT_FACTORY: 0:00:55.020791281 0xe9014c90 gstelementfactory.c:851:gst_element_factory_list_filter Trying rtpopusdepay
06-09 08:18:16.526  6032  6082 D GStreamer+structure: 0:00:55.020811646 0xe9014c90 gststructure.c:2318:gst_structure_parse_field trying field name 'media'
06-09 08:18:16.526  6032  6082 D GStreamer+structure: 0:00:55.020828677 0xe9014c90 gststructure.c:2369:gst_structure_parse_value trying type name 'string'
06-09 08:18:16.526  6032  6082 D GStreamer+structure: 0:00:55.020848312 0xe9014c90 gststructure.c:2318:gst_structure_parse_field trying field name 'payload'
06-09 08:18:16.526  6032  6082 D GStreamer+structure: 0:00:55.020880500 0xe9014c90 gststructure.c:2369:gst_structure_parse_value trying type name 'int'
06-09 08:18:16.526  6032  6082 D GStreamer+structure: 0:00:55.020901854 0xe9014c90 gststructure.c:2318:gst_structure_parse_field trying field name 'clock-rate'
06-09 08:18:16.526  6032  6082 D GStreamer+structure: 0:00:55.020918052 0xe9014c90 gststructure.c:2369:gst_structure_parse_value trying type name 'int'
06-09 08:18:16.526  6032  6082 D GStreamer+structure: 0:00:55.020937427 0xe9014c90 gststructure.c:2318:gst_structure_parse_field trying field name 'encoding-name'
06-09 08:18:16.526  6032  6082 D GStreamer+structure: 0:00:55.020953989 0xe9014c90 gststructure.c:2369:gst_structure_parse_value trying type name 'string'
06-09 08:18:16.526  6032  6082 D GStreamer+GST_ELEMENT_FACTORY: 0:00:55.020989093 0xe9014c90 gstelementfactory.c:851:gst_element_factory_list_filter Trying schrodec
06-09 08:18:16.526  6032  6082 D GStreamer+GST_ELEMENT_FACTORY: 0:00:55.021013000 0xe9014c90 gstelementfactory.c:851:gst_element_factory_list_filter Trying speexdec
06-09 08:18:16.526  6032  6082 D GStreamer+GST_ELEMENT_FACTORY: 0:00:55.021034406 0xe9014c90 gstelementfactory.c:851:gst_element_factory_list_filter Trying theoradec
06-09 08:18:16.526  6032  6082 D GStreamer+GST_ELEMENT_FACTORY: 0:00:55.021056489 0xe9014c90 gstelementfactory.c:851:gst_element_factory_list_filter Trying vorbisdec
06-09 08:18:16.526  6032  6082 D GStreamer+GST_ELEMENT_FACTORY: 0:00:55.021092114 0xe9014c90 gstelementfactory.c:851:gst_element_factory_list_filter Trying vp8dec
06-09 08:18:16.526  6032  6082 D GStreamer+GST_ELEMENT_FACTORY: 0:00:55.021114666 0xe9014c90 gstelementfactory.c:851:gst_element_factory_list_filter Trying vp9dec
06-09 08:18:16.526  6032  6082 D GStreamer+GST_ELEMENT_FACTORY: 0:00:55.021134927 0xe9014c90 gstelementfactory.c:851:gst_element_factory_list_filter Trying wavpackdec
06-09 08:18:16.526  6032  6082 D GStreamer+structure: 0:00:55.021156125 0xe9014c90 gststructure.c:2318:gst_structure_parse_field trying field name 'depth'
06-09 08:18:16.526  6032  6082 D GStreamer+structure: 0:00:55.021172218 0xe9014c90 gststructure.c:2369:gst_structure_parse_value trying type name 'int'
