06-09 08:18:16.753  6032  6071 D GStreamer+GST_STATES: 0:00:55.248691020 0xe91c2800 gstelement.c:2597:gst_element_set_state_func:<pipeline0> final: setting state from READY to NULL
06-09 08:18:16.753  6032  6071 D GStreamer+GST_STATES: 0:00:55.248718000 0xe91c2800 gstbin.c:2792:gst_bin_change_state_func:<pipeline0> changing state of children from READY to NULL
06-09 08:18:16.753  6032  6071 D GStreamer+bin: 0:00:55.248747166 0xe91c2800 gstbin.c:2840:gst_bin_change_state_func:<pipeline0> clearing all cached messages
06-09 08:18:16.753  6032  6071 D GStreamer+bin: 0:00:55.248765864 0xe91c2800 gstbin.c:986:bin_remove_messages:<forhwgl> deleting message 0xe934db80 of types 0xffffffff
06-09 08:18:16.754  6032  6071 D GStreamer+bin: 0:00:55.248791020 0xe91c2800 gstbin.c:986:bin_remove_messages:<glimagesinkbin0> deleting message 0xe9002388 of types 0xffffffff
06-09 08:18:16.754  6032  6071 D GStreamer+bin: 0:00:55.248814562 0xe91c2800 gstbin.c:2637:gst_bin_src_pads_activate:<pipeline0> deactivate pads
06-09 08:18:16.754  6032  6071 D GStreamer+bin: 0:00:55.248838052 0xe91c2800 gstbin.c:2645:gst_bin_src_pads_activate:<pipeline0> pad deactivation successful
06-09 08:18:16.754  6032  6071 D GStreamer+bin: 0:00:55.248859875 0xe91c2800 gstbin.c:2323:gst_bin_sort_iterator_resync:<pipeline0> resync
06-09 08:18:16.754  6032  6071 D GStreamer+bin: 0:00:55.248878052 0xe91c2800 gstbin.c:2109:add_to_queue:<pipeline0> adding 'glimagesinkbin0' to queue
06-09 08:18:16.754  6032  6071 D GStreamer+bin: 0:00:55.248903989 0xe91c2800 gstbin.c:911:find_message:<pipeline0> no message found matching types 00001000
06-09 08:18:16.754  6032  6071 D GStreamer+bin: 0:00:55.248923625 0xe91c2800 gstbin.c:918:find_message:<pipeline0>   structure-change
06-09 08:18:16.754  6032  6071 D GStreamer+bin: 0:00:55.248946020 0xe91c2800 gstbin.c:2226:update_degree:<pipeline0> change element forhalffps, degree 0->1, linked to glimagesinkbin0
06-09 08:18:16.754  6032  6071 D GStreamer+bin: 0:00:55.248972010 0xe91c2800 gstbin.c:911:find_message:<pipeline0> no message found matching types 00001000
06-09 08:18:16.754  6032  6071 D GStreamer+bin: 0:00:55.248991125 0xe91c2800 gstbin.c:918:find_message:<pipeline0>   structure-change
06-09 08:18:16.754  6032  6071 D GStreamer+bin: 0:00:55.249010656 0xe91c2800 gstbin.c:2226:update_degree:<pipeline0> change element queue1, degree 0->1, linked to forhalffps
06-09 08:18:16.754  6032  6071 D GStreamer+bin: 0:00:55.249034198 0xe91c2800 gstbin.c:911:find_message:<pipeline0> no message found matching types 00001000
06-09 08:18:16.754  6032  6071 D GStreamer+bin: 0:00:55.249052843 0xe91c2800 gstbin.c:918:find_message:<pipeline0>   structure-change
06-09 08:18:16.754  6032  6071 D GStreamer+bin: 0:00:55.249073677 0xe91c2800 gstbin.c:2226:update_degree:<pipeline0> change element forhwgl, degree 0->1, linked to queue1
06-09 08:18:16.754  6032  6071 D GStreamer+bin: 0:00:55.249097166 0xe91c2800 gstbin.c:911:find_message:<pipeline0> no message found matching types 00001000
06-09 08:18:16.754  6032  6071 D GStreamer+bin: 0:00:55.249116489 0xe91c2800 gstbin.c:918:find_message:<pipeline0>   structure-change
06-09 08:18:16.754  6032  6071 D GStreamer+bin: 0:00:55.249135760 0xe91c2800 gstbin.c:2226:update_degree:<pipeline0> change element queue0, degree 0->1, linked to forhwgl
06-09 08:18:16.754  6032  6071 D GStreamer+bin: 0:00:55.249158885 0xe91c2800 gstbin.c:911:find_message:<pipeline0> no message found matching types 00001000
06-09 08:18:16.754  6032  6071 D GStreamer+bin: 0:00:55.249177635 0xe91c2800 gstbin.c:918:find_message:<pipeline0>   structure-change
06-09 08:18:16.754  6032  6071 D GStreamer+bin: 0:00:55.249198104 0xe91c2800 gstbin.c:2226:update_degree:<pipeline0> change element q, degree 0->1, linked to queue0
06-09 08:18:16.754  6032  6081 W GStreamer+basetransform: 0:00:55.249385812 0xe9014c30 gstbasetransform.c:2207:default_generate_output:<glcolorconvertelement0> could not get buffer from pool: error
06-09 08:18:16.754  6032  6081 D GStreamer+GST_SCHEDULING: 0:00:55.249438468 0xe9014c30 gstpad.c:4199:gst_pad_chain_data_unchecked:<glcolorconvertelement0:sink> called chainfunction &gst_base_transform_chain with buffer 0xe93d8010, returned error
06-09 08:18:16.754  6032  6081 D GStreamer+GST_SCHEDULING: 0:00:55.249470448 0xe9014c30 gstpad.c:4199:gst_pad_chain_data_unchecked:<gluploadelement0:sink> called chainfunction &gst_base_transform_chain with buffer 0xe93d8010, returned error
06-09 08:18:16.754  6032  6081 D GStreamer+GST_SCHEDULING: 0:00:55.249517687 0xe9014c30 gstpad.c:4199:gst_pad_chain_data_unchecked:<glimagesinkbin0:sink> called chainfunction &gst_proxy_pad_chain_default with buffer 0xe93d8010, returned error
06-09 08:18:16.754  6032  6081 D GStreamer+GST_SCHEDULING: 0:00:55.249548937 0xe9014c30 gstpad.c:4199:gst_pad_chain_data_unchecked:<forhalffps:sink> called chainfunction &gst_base_transform_chain with buffer 0xe93d8010, returned error
06-09 08:18:16.754  6032  6081 D GStreamer+GST_PADS: 0:00:55.249576645 0xe9014c30 gstpad.c:6034:gst_pad_pause_task:<queue1:src> pause task
06-09 08:18:16.754  6032  6081 D GStreamer+task: 0:00:55.249614823 0xe9014c30 gsttask.c:684:gst_task_set_state:<queue1:src> Changing task 0xe91e6828 to state 2
06-09 08:18:16.754  6032  6081 I GStreamer+task: 0:00:55.249644614 0xe9014c30 gsttask.c:318:gst_task_func:<queue1:src> Task going to paused
06-09 08:18:16.754  6032  6071 D GStreamer+bin: 0:00:55.249710239 0xe91c2800 gstbin.c:911:find_message:<pipeline0> no message found matching types 00001000
06-09 08:18:16.754  6032  6071 D GStreamer+bin: 0:00:55.249738000 0xe91c2800 gstbin.c:918:find_message:<pipeline0>   structure-change
06-09 08:18:16.754  6032  6071 D GStreamer+bin: 0:00:55.249760812 0xe91c2800 gstbin.c:2226:update_degree:<pipeline0> change element filesrc0, degree 0->1, linked to q
06-09 08:18:16.755  6032  6071 D GStreamer+bin: 0:00:55.249786958 0xe91c2800 gstbin.c:2249:update_degree:<pipeline0> element filesrc0 not linked on any sinkpads
06-09 08:18:16.755  6032  6071 D GStreamer+bin: 0:00:55.249853000 0xe91c2800 gstbin.c:2310:gst_bin_sort_iterator_next:<pipeline0> queue head gives glimagesinkbin0
06-09 08:18:16.755  6032  6071 D GStreamer+bin: 0:00:55.249873833 0xe91c2800 gstbin.c:911:find_message:<pipeline0> no message found matching types 00001000
06-09 08:18:16.755  6032  6071 D GStreamer+bin: 0:00:55.249893416 0xe91c2800 gstbin.c:918:find_message:<pipeline0>   structure-change
06-09 08:18:16.755  6032  6071 D GStreamer+bin: 0:00:55.249913885 0xe91c2800 gstbin.c:2226:update_degree:<pipeline0> change element forhalffps, degree 1->0, linked to glimagesinkbin0
06-09 08:18:16.755  6032  6071 D GStreamer+bin: 0:00:55.249937062 0xe91c2800 gstbin.c:2109:add_to_queue:<pipeline0> adding 'forhalffps' to queue
06-09 08:18:16.755  6032  6071 I GStreamer+GST_STATES: 0:00:55.249959458 0xe91c2800 gstbin.c:2444:gst_bin_element_set_state:<glimagesinkbin0> current READY pending PAUSED, desired next NULL
06-09 08:18:16.755  6032  6071 D GStreamer+bin: 0:00:55.249984562 0xe91c2800 gstbin.c:911:find_message:<pipeline0> no message found matching types 00100000
06-09 08:18:16.755  6032  6071 D GStreamer+bin: 0:00:55.250006073 0xe91c2800 gstbin.c:918:find_message:<pipeline0>   async-start
06-09 08:18:16.755  6032  6071 D GStreamer+bin: 0:00:55.250025916 0xe91c2800 gstbin.c:2539:gst_bin_element_set_state:<pipeline0> setting element glimagesinkbin0 to NULL, base_time 0:00:00.000000000
06-09 08:18:16.755  6032  6071 D GStreamer+GST_STATES: 0:00:55.250052583 0xe91c2800 gstelement.c:2525:gst_element_set_state_func:<glimagesinkbin0> set_state to NULL
06-09 08:18:16.755  6032  6071 D GStreamer+GST_STATES: 0:00:55.250076698 0xe91c2800 gstelement.c:2550:gst_element_set_state_func:<glimagesinkbin0> setting target state to NULL
06-09 08:18:16.755  6032  6071 D GStreamer+GST_STATES: 0:00:55.250097635 0xe91c2800 gstelement.c:2563:gst_element_set_state_func:<glimagesinkbin0> current READY, old_pending VOID_PENDING, next VOID_PENDING, old return FAILURE
06-09 08:18:16.755  6032  6071 D GStreamer+GST_STATES: 0:00:55.250123989 0xe91c2800 gstelement.c:2597:gst_element_set_state_func:<glimagesinkbin0> final: setting state from READY to NULL
06-09 08:18:16.755  6032  6071 D GStreamer+glimagesink: 0:00:55.250149823 0xe91c2800 gstglsinkbin.c:374:gst_gl_sink_bin_change_state changing state: READY => NULL
06-09 08:18:16.755  6032  6071 D GStreamer+GST_STATES: 0:00:55.250172218 0xe91c2800 gstbin.c:2792:gst_bin_change_state_func:<glimagesinkbin0> changing state of children from READY to NULL
06-09 08:18:16.755  6032  6071 D GStreamer+bin: 0:00:55.250198364 0xe91c2800 gstbin.c:2840:gst_bin_change_state_func:<glimagesinkbin0> clearing all cached messages
06-09 08:18:16.755  6032  6071 D GStreamer+bin: 0:00:55.250216750 0xe91c2800 gstbin.c:986:bin_remove_messages:<sink> deleting message 0xe9002330 of types 0xffffffff
06-09 08:18:16.755  6032  6088 D GStreamer+GST_SCHEDULING: 0:00:55.250212948 0xe93583b0 gstpad.c:4199:gst_pad_chain_data_unchecked:<queue1:sink> called chainfunction &gst_queue_chain with buffer 0xe93d81f0, returned error
06-09 08:18:16.755  6032  6071 D GStreamer+bin: 0:00:55.250252375 0xe91c2800 gstbin.c:2637:gst_bin_src_pads_activate:<glimagesinkbin0> deactivate pads
06-09 08:18:16.755  6032  6071 D GStreamer+bin: 0:00:55.250278052 0xe91c2800 gstbin.c:2645:gst_bin_src_pads_activate:<glimagesinkbin0> pad deactivation successful
06-09 08:18:16.755  6032  6088 D GStreamer+GST_SCHEDULING: 0:00:55.250264406 0xe93583b0 gstpad.c:4199:gst_pad_chain_data_unchecked:<src_0:proxypad2> called chainfunction &gst_proxy_pad_chain_default with buffer 0xe93d81f0, returned error
06-09 08:18:16.755  6032  6071 D GStreamer+bin: 0:00:55.250300760 0xe91c2800 gstbin.c:2323:gst_bin_sort_iterator_resync:<glimagesinkbin0> resync
06-09 08:18:16.755  6032  6071 D GStreamer+bin: 0:00:55.250319406 0xe91c2800 gstbin.c:2109:add_to_queue:<glimagesinkbin0> adding 'sink' to queue
06-09 08:18:16.755  6032  6088 D GStreamer+amcvideodec: 0:00:55.250319406 0xe93583b0 gstamcvideodec.c:1519:gst_amc_video_dec_loop:<amcvideodec-omxnvidiah264decode0> Finished frame: error
06-09 08:18:16.755  6032  6071 D GStreamer+bin: 0:00:55.250350395 0xe91c2800 gstbin.c:911:find_message:<glimagesinkbin0> no message found matching types 00001000
06-09 08:18:16.755  6032  6088 W GStreamer+amcvideodec: 0:00:55.250356802 0xe93583b0 gstamcvideodec.c:1594:gst_amc_video_dec_loop:<amcvideodec-omxnvidiah264decode0> error: Internal data stream error.
06-09 08:18:16.755  6032  6071 D GStreamer+bin: 0:00:55.250377218 0xe91c2800 gstbin.c:918:find_message:<glimagesinkbin0>   structure-change
06-09 08:18:16.755  6032  6088 W GStreamer+amcvideodec: 0:00:55.250382479 0xe93583b0 gstamcvideodec.c:1594:gst_amc_video_dec_loop:<amcvideodec-omxnvidiah264decode0> error: stream stopped, reason error
06-09 08:18:16.755  6032  6071 D GStreamer+bin: 0:00:55.250403520 0xe91c2800 gstbin.c:2226:update_degree:<glimagesinkbin0> change element glcolorbalance0, degree 0->1, linked to sink
06-09 08:18:16.755  6032  6088 D GStreamer+GST_MESSAGE: 0:00:55.250446854 0xe93583b0 gstelement.c:1850:gst_element_message_full:<amcvideodec-omxnvidiah264decode0> start
06-09 08:18:16.755  6032  6071 D GStreamer+bin: 0:00:55.250453729 0xe91c2800 gstbin.c:911:find_message:<glimagesinkbin0> no message found matching types 00001000
06-09 08:18:16.755  6032  6088 I GStreamer+GST_ERROR_SYSTEM: 0:00:55.250494406 0xe93583b0 gstelement.c:1881:gst_element_message_full:<amcvideodec-omxnvidiah264decode0> posting message: Internal data stream error.
06-09 08:18:16.755  6032  6088 W GStreamer+structure: 0:00:55.250661177 0xe93583b0 gststructure.c:1935:priv_gst_structure_append_to_gstring No value transform to serialize field 'gerror' of type 'GError'
06-09 08:18:16.755  6032  6088 D GStreamer+GST_BUS: 0:00:55.250548885 0xe93583b0 gstbus.c:309:gst_bus_post:<bus0> [msg 0xe93502d0] posting on bus error message: 0xe93502d0, time 99:99:99.999999999, seq-num 166, element 'amcvideodec-omxnvidiah264decode0', GstMessageError, gerror=(GError)NULL, debug=(string)"gstamcvideodec.c\(1594\):\ gst_amc_video_dec_loop\ \(\):\ /GstPipeline:pipeline0/GstDecodeBin:forhwgl/GstAmcVideoDec-OmxNvidiaH264Decode:amcvideodec-omxnvidiah264decode0:\012stream\ stopped\,\ reason\ error";
06-09 08:18:16.756  6032  6088 W GStreamer+structure: 0:00:55.250780604 0xe93583b0 gststructure.c:1935:priv_gst_structure_append_to_gstring No value transform to serialize field 'gerror' of type 'GError'
06-09 08:18:16.756  6032  6088 D GStreamer+decodebin: 0:00:55.250728885 0xe93583b0 gstdecodebin2.c:5492:gst_decode_bin_handle_message:<forhwgl> Forwarding msg error message: 0xe93502d0, time 99:99:99.999999999, seq-num 166, element 'amcvideodec-omxnvidiah264decode0', GstMessageError, gerror=(GError)NULL, debug=(string)"gstamcvideodec.c\(1594\):\ gst_amc_video_dec_loop\ \(\):\ /GstPipeline:pipeline0/GstDecodeBin:forhwgl/GstAmcVideoDec-OmxNvidiaH264Decode:amcvideodec-omxnvidiah264decode0:\012stream\ stopped\,\ reason\ error";
06-09 08:18:16.756  6032  6088 D GStreamer+bin: 0:00:55.250844562 0xe93583b0 gstbin.c:3654:gst_bin_handle_message_func:<forhwgl> [msg 0xe93502d0] handling child amcvideodec-omxnvidiah264decode0 message of type error
06-09 08:18:16.756  6032  6088 D GStreamer+bin: 0:00:55.250887114 0xe93583b0 gstbin.c:3661:gst_bin_handle_message_func:<forhwgl> got ERROR message, unlocking state change
06-09 08:18:16.756  6032  6088 D GStreamer+bin: 0:00:55.250903989 0xe93583b0 gstbin.c:3991:gst_bin_handle_message_func:<forhwgl> posting message upward
06-09 08:18:16.756  6032  6088 W GStreamer+structure: 0:00:55.250933729 0xe93583b0 gststructure.c:1935:priv_gst_structure_append_to_gstring No value transform to serialize field 'gerror' of type 'GError'
06-09 08:18:16.756   995  6089 D NvOsDebugPrintf: TVMR: cctx->bAbortInputBuffer = 0, cctx->bEOSAbortOutputBuffer = 0 
06-09 08:18:16.756  6032  6088 D GStreamer+GST_BUS: 0:00:55.250922739 0xe93583b0 gstbus.c:309:gst_bus_post:<bus2> [msg 0xe93502d0] posting on bus error message: 0xe93502d0, time 99:99:99.999999999, seq-num 166, element 'amcvideodec-omxnvidiah264decode0', GstMessageError, gerror=(GError)NULL, debug=(string)"gstamcvideodec.c\(1594\):\ gst_amc_video_dec_loop\ \(\):\ /GstPipeline:pipeline0/GstDecodeBin:forhwgl/GstAmcVideoDec-OmxNvidiaH264Decode:amcvideodec-omxnvidiah264decode0:\012stream\ stopped\,\ reason\ error";
06-09 08:18:16.756  6032  6088 D GStreamer+bin: 0:00:55.251050708 0xe93583b0 gstbin.c:3654:gst_bin_handle_message_func:<pipeline0> [msg 0xe93502d0] handling child amcvideodec-omxnvidiah264decode0 message of type error
06-09 08:18:16.756  6032  6088 D GStreamer+bin: 0:00:55.251075916 0xe93583b0 gstbin.c:3661:gst_bin_handle_message_func:<pipeline0> got ERROR message, unlocking state change
06-09 08:18:16.756  6032  6088 D GStreamer+bin: 0:00:55.251110135 0xe93583b0 gstbin.c:3991:gst_bin_handle_message_func:<pipeline0> posting message upward
06-09 08:18:16.756  6032  6088 W GStreamer+structure: 0:00:55.251146854 0xe93583b0 gststructure.c:1935:priv_gst_structure_append_to_gstring No value transform to serialize field 'gerror' of type 'GError'
06-09 08:18:16.756  6032  6088 D GStreamer+GST_BUS: 0:00:55.251132218 0xe93583b0 gstbus.c:309:gst_bus_post:<bus3> [msg 0xe93502d0] posting on bus error message: 0xe93502d0, time 99:99:99.999999999, seq-num 166, element 'amcvideodec-omxnvidiah264decode0', GstMessageError, gerror=(GError)NULL, debug=(string)"gstamcvideodec.c\(1594\):\ gst_amc_video_dec_loop\ \(\):\ /GstPipeline:pipeline0/GstDecodeBin:forhwgl/GstAmcVideoDec-OmxNvidiaH264Decode:amcvideodec-omxnvidiah264decode0:\012stream\ stopped\,\ reason\ error";
06-09 08:18:16.756  6032  6071 D GStreamer+bin: 0:00:55.250473885 0xe91c2800 gstbin.c:918:find_message:<glimagesinkbin0>   structure-change
06-09 08:18:16.756  6032  6071 D GStreamer+bin: 0:00:55.251283312 0xe91c2800 gstbin.c:2226:update_degree:<glimagesinkbin0> change element glcolorconvertelement0, degree 0->1, linked to glcolorbalance0
06-09 08:18:16.756  6032  6088 D GStreamer+GST_BUS: 0:00:55.251224823 0xe93583b0 gstbus.c:348:gst_bus_post:<bus3> [msg 0xe93502d0] pushing on async queue
06-09 08:18:16.756  6032  6071 D GStreamer+bin: 0:00:55.251375864 0xe91c2800 gstbin.c:911:find_message:<glimagesinkbin0> no message found matching types 00001000
06-09 08:18:16.756  6032  6088 D GStreamer+GST_BUS: 0:00:55.251392948 0xe93583b0 gstbus.c:351:gst_bus_post:<bus3> [msg 0xe93502d0] pushed on async queue
06-09 08:18:16.756  6032  6071 D GStreamer+bin: 0:00:55.251402687 0xe91c2800 gstbin.c:918:find_message:<glimagesinkbin0>   structure-change
06-09 08:18:16.756  6032  6071 D GStreamer+bin: 0:00:55.251436333 0xe91c2800 gstbin.c:2226:update_degree:<glimagesinkbin0> change element gluploadelement0, degree 0->1, linked to glcolorconvertelement0
06-09 08:18:16.756  6032  6088 D GStreamer+GST_BUS: 0:00:55.251438781 0xe93583b0 gstbus.c:344:gst_bus_post:<bus2> [msg 0xe93502d0] dropped
06-09 08:18:16.756  6032  6071 D GStreamer+bin: 0:00:55.251467010 0xe91c2800 gstbin.c:911:find_message:<glimagesinkbin0> no message found matching types 00001000
06-09 08:18:16.756  6032  6088 D GStreamer+GST_BUS: 0:00:55.251474823 0xe93583b0 gstbus.c:344:gst_bus_post:<bus0> [msg 0xe93502d0] dropped
06-09 08:18:16.756  6032  6071 D GStreamer+bin: 0:00:55.251487791 0xe91c2800 gstbin.c:918:find_message:<glimagesinkbin0>   structure-change
06-09 08:18:16.756   995  6089 D NvOsDebugPrintf: TVMR: cctx->bAbortInputBuffer = 0, cctx->bEOSAbortOutputBuffer = 0 
06-09 08:18:16.756  6032  6088 I GStreamer+GST_ERROR_SYSTEM: 0:00:55.251495656 0xe93583b0 gstelement.c:1904:gst_element_message_full:<amcvideodec-omxnvidiah264decode0> posted error message: Internal data stream error.
06-09 08:18:16.756  6032  6071 D GStreamer+bin: 0:00:55.251510239 0xe91c2800 gstbin.c:2249:update_degree:<glimagesinkbin0> element gluploadelement0 not linked on any sinkpads
06-09 08:18:16.756  6032  6071 D GStreamer+bin: 0:00:55.251536906 0xe91c2800 gstbin.c:2310:gst_bin_sort_iterator_next:<glimagesinkbin0> queue head gives sink
06-09 08:18:16.756  6032  6088 D GStreamer+GST_EVENT: 0:00:55.251521593 0xe93583b0 gstevent.c:302:gst_event_new_custom creating new event 0xe927da58 eos 28174
06-09 08:18:16.756  6032  6071 D GStreamer+bin: 0:00:55.251555864 0xe91c2800 gstbin.c:911:find_message:<glimagesinkbin0> no message found matching types 00001000
06-09 08:18:16.756  6032  6088 D GStreamer+GST_PADS: 0:00:55.251564093 0xe93583b0 gstpad.c:3853:check_sticky:<amcvideodec-omxnvidiah264decode0:src> pushing all sticky events
06-09 08:18:16.756  6032  6071 D GStreamer+bin: 0:00:55.251574875 0xe91c2800 gstbin.c:918:find_message:<glimagesinkbin0>   structure-change
06-09 08:18:16.756  6032  6088 D GStreamer+GST_PADS: 0:00:55.251583885 0xe93583b0 gstpad.c:3785:push_sticky:<amcvideodec-omxnvidiah264decode0:src> event stream-start was already received
06-09 08:18:16.756  6032  6071 D GStreamer+bin: 0:00:55.251595395 0xe91c2800 gstbin.c:2226:update_degree:<glimagesinkbin0> change element glcolorbalance0, degree 1->0, linked to sink
06-09 08:18:16.756  6032  6088 D GStreamer+GST_PADS: 0:00:55.251603573 0xe93583b0 gstpad.c:3785:push_sticky:<amcvideodec-omxnvidiah264decode0:src> event caps was already received
06-09 08:18:16.756  6032  6071 D GStreamer+bin: 0:00:55.251618989 0xe91c2800 gstbin.c:2109:add_to_queue:<glimagesinkbin0> adding 'glcolorbalance0' to queue
06-09 08:18:16.756  6032  6071 I GStreamer+GST_STATES: 0:00:55.251641698 0xe91c2800 gstbin.c:2444:gst_bin_element_set_state:<sink> current READY pending PAUSED, desired next NULL
06-09 08:18:16.756  6032  6088 D GStreamer+GST_PADS: 0:00:55.251626125 0xe93583b0 gstpad.c:3785:push_sticky:<amcvideodec-omxnvidiah264decode0:src> event segment was already received
06-09 08:18:16.756  6032  6071 D GStreamer+bin: 0:00:55.251665916 0xe91c2800 gstbin.c:911:find_message:<glimagesinkbin0> no message found matching types 00100000
06-09 08:18:16.756  6032  6088 D GStreamer+GST_PADS: 0:00:55.251682948 0xe93583b0 gstpad.c:3785:push_sticky:<amcvideodec-omxnvidiah264decode0:src> event tag was already received
06-09 08:18:16.756  6032  6088 D GStreamer+GST_PADS: 0:00:55.251740291 0xe93583b0 gstpad.c:3785:push_sticky:<amcvideodec-omxnvidiah264decode0:src> event tag was already received
06-09 08:18:16.757  6032  6071 D GStreamer+bin: 0:00:55.251686958 0xe91c2800 gstbin.c:918:find_message:<glimagesinkbin0>   async-start
06-09 08:18:16.757  6032  6088 D GStreamer+GST_EVENT: 0:00:55.251778260 0xe93583b0 gstpad.c:5536:gst_pad_send_event_unchecked:<src_0:proxypad2> have event type eos event: 0xe927da58, time 99:99:99.999999999, seq-num 167, (NULL)
06-09 08:18:16.757  6032  6071 D GStreamer+bin: 0:00:55.251861541 0xe91c2800 gstbin.c:2539:gst_bin_element_set_state:<glimagesinkbin0> setting element sink to NULL, base_time 0:00:00.000000000
06-09 08:18:16.757  6032  6088 D GStreamer+GST_PADS: 0:00:55.251900708 0xe93583b0 gstpad.c:3853:check_sticky:<forhwgl:src_0> pushing all sticky events
06-09 08:18:16.757  6032  6071 D GStreamer+GST_STATES: 0:00:55.251907114 0xe91c2800 gstelement.c:2525:gst_element_set_state_func:<sink> set_state to NULL
06-09 08:18:16.757  6032  6088 D GStreamer+GST_PADS: 0:00:55.251922843 0xe93583b0 gstpad.c:3785:push_sticky:<forhwgl:src_0> event stream-start was already received
06-09 08:18:16.757  6032  6071 D GStreamer+GST_STATES: 0:00:55.251927218 0xe91c2800 gstelement.c:2550:gst_element_set_state_func:<sink> setting target state to NULL
06-09 08:18:16.757  6032  6088 D GStreamer+GST_PADS: 0:00:55.251944250 0xe93583b0 gstpad.c:3785:push_sticky:<forhwgl:src_0> event caps was already received
06-09 08:18:16.757  6032  6071 D GStreamer+GST_STATES: 0:00:55.251948156 0xe91c2800 gstelement.c:2563:gst_element_set_state_func:<sink> current READY, old_pending PAUSED, next PAUSED, old return ASYNC
06-09 08:18:16.757  6032  6088 D GStreamer+GST_PADS: 0:00:55.251966802 0xe93583b0 gstpad.c:3785:push_sticky:<forhwgl:src_0> event segment was already received
06-09 08:18:16.757  6032  6071 D GStreamer+GST_STATES: 0:00:55.251994927 0xe91c2800 gstelement.c:2597:gst_element_set_state_func:<sink> intermediate: setting state from PAUSED to READY
06-09 08:18:16.757  6032  6088 D GStreamer+GST_PADS: 0:00:55.252005604 0xe93583b0 gstpad.c:3785:push_sticky:<forhwgl:src_0> event tag was already received
06-09 08:18:16.757  6032  6071 D GStreamer+glimagesink: 0:00:55.252022114 0xe91c2800 gstglimagesink.c:1218:gst_glimage_sink_change_state changing state: PAUSED => READY
06-09 08:18:16.757  6032  6088 D GStreamer+GST_PADS: 0:00:55.252028052 0xe93583b0 gstpad.c:3785:push_sticky:<forhwgl:src_0> event tag was already received
06-09 08:18:16.757  6032  6071 D GStreamer+GST_ELEMENT_PADS: 0:00:55.252045135 0xe91c2800 gstelement.c:2795:gst_element_pads_activate:<sink> deactivate pads
06-09 08:18:16.757  6032  6088 D GStreamer+GST_PADS: 0:00:55.252052062 0xe93583b0 gstpad.c:3690:do_probe_callbacks:<forhwgl:src_0> data is passed
06-09 08:18:16.757  6032  6071 D GStreamer+GST_PADS: 0:00:55.252074198 0xe91c2800 gstpad.c:1078:gst_pad_set_active:<sink:sink> deactivating pad from push mode
06-09 08:18:16.757  6032  6088 D GStreamer+decodebin: 0:00:55.252072687 0xe93583b0 gstdecodebin2.c:4900:source_pad_event_probe:<forhwgl:src_0> we received EOS
06-09 08:18:16.757  6032  6071 D GStreamer+GST_PADS: 0:00:55.252097010 0xe91c2800 gstpad.c:967:pre_activate:<sink:sink> setting PAD_MODE NONE, set flushing
06-09 08:18:16.757  6032  6088 D GStreamer+decodebin: 0:00:55.252106750 0xe93583b0 gstdecodebin2.c:4097:drain_and_switch_chains Checking chain 0xe9250010 typefind:src (target pad forhwgl:src_0)
06-09 08:18:16.757  6032  6071 D GStreamer+basesink: 0:00:55.252116645 0xe91c2800 gstbasesink.c:4143:gst_base_sink_set_flushing:<sink> flushing out data thread, need preroll to TRUE
06-09 08:18:16.757  6032  6088 D GStreamer+decodebin: 0:00:55.252131385 0xe93583b0 gstdecodebin2.c:4109:drain_and_switch_chains Found the target chain
06-09 08:18:16.757  6032  6071 D GStreamer+GST_PADS: 0:00:55.252135968 0xe91c2800 gstpad.c:1015:post_activate:<sink:sink> stopped streaming
06-09 08:18:16.757  6032  6088 D GStreamer+decodebin: 0:00:55.252146125 0xe93583b0 gstdecodebin2.c:4160:drain_and_switch_chains Chain 0xe9250010 (handled:1, last_group:1, drained:1, switched:0)
06-09 08:18:16.757  6032  6071 D GStreamer+GST_PADS: 0:00:55.252154927 0xe91c2800 gstpad.c:453:remove_events:<sink:sink> notify caps
06-09 08:18:16.757  6032  6088 D GStreamer+GST_PADS: 0:00:55.252172843 0xe93583b0 gstpad.c:3493:probe_hook_marshal:<forhwgl:src_0> probe returned OK
06-09 08:18:16.757  6032  6071 D GStreamer+GST_PADS: 0:00:55.252183364 0xe91c2800 gstpad.c:1188:activate_mode_internal:<sink:sink> deactivated in push mode
06-09 08:18:16.757  6032  6071 D GStreamer+GST_ELEMENT_PADS: 0:00:55.252208573 0xe91c2800 gstelement.c:2814:gst_element_pads_activate:<sink> pad deactivation successful
06-09 08:18:16.757  6032  6088 D GStreamer+GST_EVENT: 0:00:55.252191958 0xe93583b0 gstpad.c:5536:gst_pad_send_event_unchecked:<queue1:sink> have event type eos event: 0xe927da58, time 99:99:99.999999999, seq-num 167, (NULL)
06-09 08:18:16.757  6032  6071 D GStreamer+basesink: 0:00:55.252238416 0xe91c2800 gstbasesink.c:5204:gst_base_sink_change_state:<sink> PAUSED to READY, posting async-done
06-09 08:18:16.757  6032  6088 W GStreamer+queue: 0:00:55.252267479 0xe93583b0 gstqueue.c:992:gst_queue_handle_sink_event:<queue1> error: Internal data flow error.
06-09 08:18:16.757  6032  6071 D GStreamer+GST_BUS: 0:00:55.252264562 0xe91c2800 gstbus.c:309:gst_bus_post:<bus1> [msg 0xe9019d08] posting on bus state-changed message: 0xe9019d08, time 99:99:99.999999999, seq-num 168, element 'sink', GstMessageStateChanged, old-state=(GstState)GST_STATE_PLAYING, new-state=(GstState)GST_STATE_PAUSED, pending-state=(GstState)GST_STATE_READY;
06-09 08:18:16.757  6032  6088 W GStreamer+queue: 0:00:55.252290864 0xe93583b0 gstqueue.c:992:gst_queue_handle_sink_event:<queue1> error: streaming task paused, reason error (-5)
06-09 08:18:16.757  6032  6088 D GStreamer+GST_MESSAGE: 0:00:55.252327583 0xe93583b0 gstelement.c:1850:gst_element_message_full:<queue1> start
06-09 08:18:16.757  6032  6071 D GStreamer+bin: 0:00:55.252324458 0xe91c2800 gstbin.c:3654:gst_bin_handle_message_func:<glimagesinkbin0> [msg 0xe9019d08] handling child sink message of type state-changed
06-09 08:18:16.757  6032  6071 D GStreamer+bin: 0:00:55.252351802 0xe91c2800 gstbin.c:3991:gst_bin_handle_message_func:<glimagesinkbin0> posting message upward
06-09 08:18:16.757  6032  6088 I GStreamer+GST_ERROR_SYSTEM: 0:00:55.252372166 0xe93583b0 gstelement.c:1881:gst_element_message_full:<queue1> posting message: Internal data flow error.
06-09 08:18:16.757  6032  6071 D GStreamer+GST_BUS: 0:00:55.252378156 0xe91c2800 gstbus.c:309:gst_bus_post:<bus2> [msg 0xe9019d08] posting on bus state-changed message: 0xe9019d08, time 99:99:99.999999999, seq-num 168, element 'sink', GstMessageStateChanged, old-state=(GstState)GST_STATE_PLAYING, new-state=(GstState)GST_STATE_PAUSED, pending-state=(GstState)GST_STATE_READY;
06-09 08:18:16.757  6032  6088 W GStreamer+structure: 0:00:55.252436125 0xe93583b0 gststructure.c:1935:priv_gst_structure_append_to_gstring No value transform to serialize field 'gerror' of type 'GError'
06-09 08:18:16.757  6032  6071 D GStreamer+bin: 0:00:55.252439093 0xe91c2800 gstbin.c:3654:gst_bin_handle_message_func:<pipeline0> [msg 0xe9019d08] handling child sink message of type state-changed
06-09 08:18:16.757  6032  6071 D GStreamer+bin: 0:00:55.252467375 0xe91c2800 gstbin.c:3991:gst_bin_handle_message_func:<pipeline0> posting message upward
06-09 08:18:16.757  6032  6088 D GStreamer+GST_BUS: 0:00:55.252400395 0xe93583b0 gstbus.c:309:gst_bus_post:<bus2> [msg 0xe9350328] posting on bus error message: 0xe9350328, time 99:99:99.999999999, seq-num 169, element 'queue1', GstMessageError, gerror=(GError)NULL, debug=(string)"gstqueue.c\(992\):\ gst_queue_handle_sink_event\ \(\):\ /GstPipeline:pipeline0/GstQueue:queue1:\012streaming\ task\ paused\,\ reason\ error\ \(-5\)";
06-09 08:18:16.757  6032  6088 D GStreamer+bin: 0:00:55.252508625 0xe93583b0 gstbin.c:3654:gst_bin_handle_message_func:<pipeline0> [msg 0xe9350328] handling child queue1 message of type error
06-09 08:18:16.757  6032  6071 D GStreamer+GST_BUS: 0:00:55.252488208 0xe91c2800 gstbus.c:309:gst_bus_post:<bus3> [msg 0xe9019d08] posting on bus state-changed message: 0xe9019d08, time 99:99:99.999999999, seq-num 168, element 'sink', GstMessageStateChanged, old-state=(GstState)GST_STATE_PLAYING, new-state=(GstState)GST_STATE_PAUSED, pending-state=(GstState)GST_STATE_READY;
06-09 08:18:16.757  6032  6071 D GStreamer+GST_BUS: 0:00:55.252541541 0xe91c2800 gstbus.c:348:gst_bus_post:<bus3> [msg 0xe9019d08] pushing on async queue
06-09 08:18:16.757  6032  6088 D GStreamer+bin: 0:00:55.252548468 0xe93583b0 gstbin.c:3661:gst_bin_handle_message_func:<pipeline0> got ERROR message, unlocking state change
06-09 08:18:16.757  6032  6071 D GStreamer+GST_BUS: 0:00:55.252562166 0xe91c2800 gstbus.c:351:gst_bus_post:<bus3> [msg 0xe9019d08] pushed on async queue
06-09 08:18:16.757  6032  6088 D GStreamer+bin: 0:00:55.252569562 0xe93583b0 gstbin.c:3991:gst_bin_handle_message_func:<pipeline0> posting message upward
06-09 08:18:16.757  6032  6071 D GStreamer+GST_BUS: 0:00:55.252585864 0xe91c2800 gstbus.c:344:gst_bus_post:<bus2> [msg 0xe9019d08] dropped
06-09 08:18:16.757  6032  6088 W GStreamer+structure: 0:00:55.252604041 0xe93583b0 gststructure.c:1935:priv_gst_structure_append_to_gstring No value transform to serialize field 'gerror' of type 'GError'
06-09 08:18:16.757  6032  6071 D GStreamer+GST_BUS: 0:00:55.252613937 0xe91c2800 gstbus.c:344:gst_bus_post:<bus1> [msg 0xe9019d08] dropped
06-09 08:18:16.757  6032  6088 D GStreamer+GST_BUS: 0:00:55.252587635 0xe93583b0 gstbus.c:309:gst_bus_post:<bus3> [msg 0xe9350328] posting on bus error message: 0xe9350328, time 99:99:99.999999999, seq-num 169, element 'queue1', GstMessageError, gerror=(GError)NULL, debug=(string)"gstqueue.c\(992\):\ gst_queue_handle_sink_event\ \(\):\ /GstPipeline:pipeline0/GstQueue:queue1:\012streaming\ task\ paused\,\ reason\ error\ \(-5\)";
06-09 08:18:16.757  6032  6071 D GStreamer+GST_BUS: 0:00:55.252637114 0xe91c2800 gstbus.c:309:gst_bus_post:<bus1> [msg 0xe9350118] posting on bus async-done message: 0xe9350118, time 99:99:99.999999999, seq-num 170, element 'sink', GstMessageAsyncDone, running-time=(guint64)18446744073709551615;
06-09 08:18:16.757  6032  6088 D GStreamer+GST_BUS: 0:00:55.252681698 0xe93583b0 gstbus.c:348:gst_bus_post:<bus3> [msg 0xe9350328] pushing on async queue
06-09 08:18:16.757  6032  6071 D GStreamer+bin: 0:00:55.252691802 0xe91c2800 gstbin.c:3654:gst_bin_handle_message_func:<glimagesinkbin0> [msg 0xe9350118] handling child sink message of type async-done
06-09 08:18:16.757  6032  6088 D GStreamer+GST_BUS: 0:00:55.252700864 0xe93583b0 gstbus.c:351:gst_bus_post:<bus3> [msg 0xe9350328] pushed on async queue
06-09 08:18:16.757  6032  6071 D GStreamer+bin: 0:00:55.252715552 0xe91c2800 gstbin.c:3875:gst_bin_handle_message_func:<glimagesinkbin0> ASYNC_DONE message 0xe9350118, sink
06-09 08:18:16.757  6032  6088 D GStreamer+GST_BUS: 0:00:55.252722270 0xe93583b0 gstbus.c:344:gst_bus_post:<bus2> [msg 0xe9350328] dropped
06-09 08:18:16.757  6032  6071 D GStreamer+bin: 0:00:55.252740395 0xe91c2800 gstbin.c:3910:gst_bin_handle_message_func:<glimagesinkbin0> ignoring message, target NULL
06-09 08:18:16.757  6032  6088 I GStreamer+GST_ERROR_SYSTEM: 0:00:55.252744927 0xe93583b0 gstelement.c:1904:gst_element_message_full:<queue1> posted error message: Internal data flow error.
06-09 08:18:16.757  6032  6071 D GStreamer+GST_BUS: 0:00:55.252766541 0xe91c2800 gstbus.c:344:gst_bus_post:<bus1> [msg 0xe9350118] dropped
06-09 08:18:16.758  6032  6088 D GStreamer+GST_PADS: 0:00:55.252789875 0xe93583b0 gstpad.c:5609:gst_pad_send_event_unchecked:<queue1:sink> sent event, ret error
06-09 08:18:16.758  6032  6071 D GStreamer+GST_STATES: 0:00:55.252800708 0xe91c2800 gstelement.c:2686:gst_element_change_state:<sink> element changed state SUCCESS
06-09 08:18:16.758  6032  6088 D GStreamer+GST_PADS: 0:00:55.252818833 0xe93583b0 gstpad.c:3832:push_sticky:<forhwgl:src_0> result error, mark pending events
06-09 08:18:16.758  6032  6071 I GStreamer+GST_STATES: 0:00:55.252821125 0xe91c2800 gstelement.c:2349:gst_element_continue_state:<sink> committing state from READY to READY, pending NULL, next NULL
06-09 08:18:16.758  6032  6071 I GStreamer+GST_STATES: 0:00:55.252849562 0xe91c2800 gstelement.c:2279:_priv_gst_element_state_changed:<sink> notifying about state-changed READY to READY (NULL pending)
06-09 08:18:16.758  6032  6088 D GStreamer+GST_PADS: 0:00:55.252846906 0xe93583b0 gstpad.c:5609:gst_pad_send_event_unchecked:<src_0:proxypad2> sent event, ret error
06-09 08:18:16.758  6032  6088 D GStreamer+GST_PADS: 0:00:55.252886125 0xe93583b0 gstpad.c:3832:push_sticky:<amcvideodec-omxnvidiah264decode0:src> result error, mark pending events
06-09 08:18:16.758  6032  6071 D GStreamer+GST_BUS: 0:00:55.252878000 0xe91c2800 gstbus.c:309:gst_bus_post:<bus1> [msg 0xe934da20] posting on bus state-changed message: 0xe934da20, time 99:99:99.999999999, seq-num 171, element 'sink', GstMessageStateChanged, old-state=(GstState)GST_STATE_READY, new-state=(GstState)GST_STATE_READY, pending-state=(GstState)GST_STATE_NULL;
06-09 08:18:16.758  6032  6088 D GStreamer+GST_PADS: 0:00:55.252915864 0xe93583b0 gstpad.c:6034:gst_pad_pause_task:<amcvideodec-omxnvidiah264decode0:src> pause task
06-09 08:18:16.758  6032  6071 D GStreamer+bin: 0:00:55.252938000 0xe91c2800 gstbin.c:3654:gst_bin_handle_message_func:<glimagesinkbin0> [msg 0xe934da20] handling child sink message of type state-changed
06-09 08:18:16.758  6032  6088 D GStreamer+task: 0:00:55.252940968 0xe93583b0 gsttask.c:684:gst_task_set_state:<amcvideodec-omxnvidiah264decode0:src> Changing task 0xe91e6e10 to state 2
06-09 08:18:16.758  6032  6071 D GStreamer+bin: 0:00:55.252969198 0xe91c2800 gstbin.c:3991:gst_bin_handle_message_func:<glimagesinkbin0> posting message upward
06-09 08:18:16.758  6032  6082 D GStreamer+videodecoder: 0:00:55.253000968 0xe9014c90 gstvideodecoder.c:3415:gst_video_decoder_decode_frame:<amcvideodec-omxnvidiah264decode0> decoder frame list getting long: 15 frames,possible internal leaking?
06-09 08:18:16.758  6032  6071 D GStreamer+GST_BUS: 0:00:55.252987791 0xe91c2800 gstbus.c:309:gst_bus_post:<bus2> [msg 0xe934da20] posting on bus state-changed message: 0xe934da20, time 99:99:99.999999999, seq-num 171, element 'sink', GstMessageStateChanged, old-state=(GstState)GST_STATE_READY, new-state=(GstState)GST_STATE_READY, pending-state=(GstState)GST_STATE_NULL;
06-09 08:18:16.758  6032  6082 D GStreamer+amcvideodec: 0:00:55.253029302 0xe9014c90 gstamcvideodec.c:2125:gst_amc_video_dec_handle_frame:<amcvideodec-omxnvidiah264decode0> Handling frame
06-09 08:18:16.758  6032  6071 D GStreamer+bin: 0:00:55.253037479 0xe91c2800 gstbin.c:3654:gst_bin_handle_message_func:<pipeline0> [msg 0xe934da20] handling child sink message of type state-changed
06-09 08:18:16.758  6032  6082 E GStreamer+amcvideodec: 0:00:55.253052114 0xe9014c90 gstamcvideodec.c:2259:gst_amc_video_dec_handle_frame:<amcvideodec-omxnvidiah264decode0> Downstream returned error
06-09 08:18:16.758  6032  6071 D GStreamer+bin: 0:00:55.253060968 0xe91c2800 gstbin.c:3991:gst_bin_handle_message_func:<pipeline0> posting message upward
06-09 08:18:16.758  6032  6082 D GStreamer+videodecoder: 0:00:55.253074198 0xe9014c90 gstvideodecoder.c:3425:gst_video_decoder_decode_frame:<amcvideodec-omxnvidiah264decode0> flow error error
06-09 08:18:16.758  6032  6071 D GStreamer+GST_BUS: 0:00:55.253078885 0xe91c2800 gstbus.c:309:gst_bus_post:<bus3> [msg 0xe934da20] posting on bus state-changed message: 0xe934da20, time 99:99:99.999999999, seq-num 171, element 'sink', GstMessageStateChanged, old-state=(GstState)GST_STATE_READY, new-state=(GstState)GST_STATE_READY, pending-state=(GstState)GST_STATE_NULL;
06-09 08:18:16.758  6032  6082 D GStreamer+GST_SCHEDULING: 0:00:55.253111125 0xe9014c90 gstpad.c:4199:gst_pad_chain_data_unchecked:<amcvideodec-omxnvidiah264decode0:sink> called chainfunction &gst_video_decoder_chain with buffer 0xe90b6210, returned error
06-09 08:18:16.758  6032  6071 D GStreamer+GST_BUS: 0:00:55.253142948 0xe91c2800 gstbus.c:348:gst_bus_post:<bus3> [msg 0xe934da20] pushing on async queue
06-09 08:18:16.758  6032  6082 D GStreamer+GST_SCHEDULING: 0:00:55.253147687 0xe9014c90 gstpad.c:4199:gst_pad_chain_data_unchecked:<capsfilter0:sink> called chainfunction &gst_base_transform_chain with buffer 0xe90b6210, returned error
06-09 08:18:16.758  6032  6071 D GStreamer+GST_BUS: 0:00:55.253167375 0xe91c2800 gstbus.c:351:gst_bus_post:<bus3> [msg 0xe934da20] pushed on async queue
06-09 08:18:16.758  6032  6082 D GStreamer+GST_SCHEDULING: 0:00:55.253181177 0xe9014c90 gstpad.c:4199:gst_pad_chain_data_unchecked:<h264parse0:sink> called chainfunction &gst_base_parse_chain with buffer 0xe90b6530, returned error
06-09 08:18:16.758  6032  6071 D GStreamer+GST_BUS: 0:00:55.253191437 0xe91c2800 gstbus.c:344:gst_bus_post:<bus2> [msg 0xe934da20] dropped
06-09 08:18:16.758  6032  6071 D GStreamer+GST_BUS: 0:00:55.253211437 0xe91c2800 gstbus.c:344:gst_bus_post:<bus1> [msg 0xe934da20] dropped
06-09 08:18:16.758  6032  6082 D GStreamer+GST_SCHEDULING: 0:00:55.253208989 0xe9014c90 gstpad.c:4199:gst_pad_chain_data_unchecked:<typefind:sink> called chainfunction &gst_type_find_element_chain with buffer 0xe90b6530, returned error
06-09 08:18:16.758  6032  6071 I GStreamer+GST_STATES: 0:00:55.253236750 0xe91c2800 gstelement.c:2356:gst_element_continue_state:<sink> continue state change READY to NULL, final NULL
06-09 08:18:16.758  6032  6082 D GStreamer+GST_SCHEDULING: 0:00:55.253241593 0xe9014c90 gstpad.c:4199:gst_pad_chain_data_unchecked:<forhwgl:sink> called chainfunction &gst_proxy_pad_chain_default with buffer 0xe90b6530, returned error
06-09 08:18:16.758  6032  6071 D GStreamer+glimagesink: 0:00:55.253265187 0xe91c2800 gstglimagesink.c:1218:gst_glimage_sink_change_state changing state: READY => NULL
06-09 08:18:16.758  6032  6082 D GStreamer+GST_PADS: 0:00:55.253271177 0xe9014c90 gstpad.c:6034:gst_pad_pause_task:<queue0:src> pause task
06-09 08:18:16.758  6032  6071 D GStreamer+GST_ELEMENT_PADS: 0:00:55.253287010 0xe91c2800 gstelement.c:2795:gst_element_pads_activate:<sink> deactivate pads
06-09 08:18:16.758  6032  6082 D GStreamer+task: 0:00:55.253291906 0xe9014c90 gsttask.c:684:gst_task_set_state:<queue0:src> Changing task 0xe91e68d0 to state 2
06-09 08:18:16.758  6032  6071 D GStreamer+GST_PADS: 0:00:55.253314250 0xe91c2800 gstpad.c:1074:gst_pad_set_active:<sink:sink> pad was inactive
06-09 08:18:16.758  6032  6082 I GStreamer+task: 0:00:55.253319770 0xe9014c90 gsttask.c:318:gst_task_func:<queue0:src> Task going to paused
06-09 08:18:16.758  6032  6083 D GStreamer+GST_MEMORY: 0:00:55.253328781 0xe9014cf0 gstmemory.c:87:_gst_memory_free free memory 0xe9384b50
06-09 08:18:16.758  6032  6088 I GStreamer+task: 0:00:55.253359823 0xe93583b0 gsttask.c:318:gst_task_func:<amcvideodec-omxnvidiah264decode0:src> Task going to paused
06-09 08:18:16.758  6032  6071 D GStreamer+GST_ELEMENT_PADS: 0:00:55.253335135 0xe91c2800 gstelement.c:2814:gst_element_pads_activate:<sink> pad deactivation successful
06-09 08:18:16.758  6032  6083 D GStreamer+GST_SCHEDULING: 0:00:55.253367479 0xe9014cf0 gstpad.c:4199:gst_pad_chain_data_unchecked:<queue0:sink> called chainfunction &gst_queue_chain with buffer 0xe942de40, returned error
06-09 08:18:16.758  6032  6083 D GStreamer+qtdemux: 0:00:55.253429562 0xe9014cf0 qtdemux.c:8035:qtdemux_parse_samples:<q> parsing up to sample 47
06-09 08:18:16.758  6032  6071 D GStreamer+GST_STATES: 0:00:55.253446541 0xe91c2800 gstelement.c:2686:gst_element_change_state:<sink> element changed state SUCCESS
06-09 08:18:16.758  6032  6071 I GStreamer+GST_STATES: 0:00:55.253468833 0xe91c2800 gstelement.c:2374:gst_element_continue_state:<sink> completed state change to NULL
06-09 08:18:16.758  6032  6083 D GStreamer+qtdemux: 0:00:55.253461385 0xe9014cf0 qtdemux.c:8242:qtdemux_parse_samples:<q> sample 47: index 47, timestamp 0:00:01.789244211
06-09 08:18:16.758  6032  6071 I GStreamer+GST_STATES: 0:00:55.253492323 0xe91c2800 gstelement.c:2279:_priv_gst_element_state_changed:<sink> notifying about state-changed READY to NULL (VOID_PENDING pending)
06-09 08:18:16.758  6032  6083 D GStreamer+GST_PADS: 0:00:55.253496854 0xe9014cf0 gstpad.c:6034:gst_pad_pause_task:<q:sink> pause task
06-09 08:18:16.758  6032  6083 D GStreamer+task: 0:00:55.253518781 0xe9014cf0 gsttask.c:684:gst_task_set_state:<q:sink> Changing task 0xe91e6978 to state 2
06-09 08:18:16.758  6032  6083 W GStreamer+qtdemux: 0:00:55.253553781 0xe9014cf0 qtdemux.c:5766:gst_qtdemux_loop:<q> error: streaming stopped, reason error
06-09 08:18:16.758  6032  6071 D GStreamer+GST_BUS: 0:00:55.253522843 0xe91c2800 gstbus.c:309:gst_bus_post:<bus1> [msg 0xe934d970] posting on bus state-changed message: 0xe934d970, time 99:99:99.999999999, seq-num 172, element 'sink', GstMessageStateChanged, old-state=(GstState)GST_STATE_READY, new-state=(GstState)GST_STATE_NULL, pending-state=(GstState)GST_STATE_VOID_PENDING;
06-09 08:18:16.758  6032  6083 D GStreamer+GST_MESSAGE: 0:00:55.253578729 0xe9014cf0 gstelement.c:1850:gst_element_message_full:<q> start
06-09 08:18:16.758  6032  6071 D GStreamer+bin: 0:00:55.253584406 0xe91c2800 gstbin.c:3654:gst_bin_handle_message_func:<glimagesinkbin0> [msg 0xe934d970] handling child sink message of type state-changed
06-09 08:18:16.758  6032  6071 D GStreamer+bin: 0:00:55.253607895 0xe91c2800 gstbin.c:3991:gst_bin_handle_message_func:<glimagesinkbin0> posting message upward
06-09 08:18:16.758  6032  6083 I GStreamer+GST_ERROR_SYSTEM: 0:00:55.253625864 0xe9014cf0 gstelement.c:1881:gst_element_message_full:<q> posting message: GStreamer encountered a general stream error.
06-09 08:18:16.758  6032  6071 D GStreamer+GST_BUS: 0:00:55.253628156 0xe91c2800 gstbus.c:309:gst_bus_post:<bus2> [msg 0xe934d970] posting on bus state-changed message: 0xe934d970, time 99:99:99.999999999, seq-num 172, element 'sink', GstMessageStateChanged, old-state=(GstState)GST_STATE_READY, new-state=(GstState)GST_STATE_NULL, pending-state=(GstState)GST_STATE_VOID_PENDING;
06-09 08:18:16.758  6032  6083 W GStreamer+structure: 0:00:55.253679875 0xe9014cf0 gststructure.c:1935:priv_gst_structure_append_to_gstring No value transform to serialize field 'gerror' of type 'GError'
06-09 08:18:16.758  6032  6071 D GStreamer+bin: 0:00:55.253686489 0xe91c2800 gstbin.c:3654:gst_bin_handle_message_func:<pipeline0> [msg 0xe934d970] handling child sink message of type state-changed
06-09 08:18:16.758  6032  6071 D GStreamer+bin: 0:00:55.253709145 0xe91c2800 gstbin.c:3991:gst_bin_handle_message_func:<pipeline0> posting message upward
06-09 08:18:16.758  6032  6083 D GStreamer+GST_BUS: 0:00:55.253659354 0xe9014cf0 gstbus.c:309:gst_bus_post:<bus2> [msg 0xe934ef70] posting on bus error message: 0xe934ef70, time 99:99:99.999999999, seq-num 173, element 'q', GstMessageError, gerror=(GError)NULL, debug=(string)"qtdemux.c\(5766\):\ gst_qtdemux_loop\ \(\):\ /GstPipeline:pipeline0/GstQTDemux:q:\012streaming\ stopped\,\ reason\ error";
06-09 08:18:16.758  6032  6083 D GStreamer+bin: 0:00:55.253742323 0xe9014cf0 gstbin.c:3654:gst_bin_handle_message_func:<pipeline0> [msg 0xe934ef70] handling child q message of type error
06-09 08:18:16.758  6032  6071 D GStreamer+GST_BUS: 0:00:55.253728573 0xe91c2800 gstbus.c:309:gst_bus_post:<bus3> [msg 0xe934d970] posting on bus state-changed message: 0xe934d970, time 99:99:99.999999999, seq-num 172, element 'sink', GstMessageStateChanged, old-state=(GstState)GST_STATE_READY, new-state=(GstState)GST_STATE_NULL, pending-state=(GstState)GST_STATE_VOID_PENDING;
06-09 08:18:16.758  6032  6083 D GStreamer+bin: 0:00:55.253766854 0xe9014cf0 gstbin.c:3661:gst_bin_handle_message_func:<pipeline0> got ERROR message, unlocking state change
06-09 08:18:16.758  6032  6071 D GStreamer+GST_BUS: 0:00:55.253774458 0xe91c2800 gstbus.c:348:gst_bus_post:<bus3> [msg 0xe934d970] pushing on async queue
06-09 08:18:16.758  6032  6083 D GStreamer+bin: 0:00:55.253784198 0xe9014cf0 gstbin.c:3991:gst_bin_handle_message_func:<pipeline0> posting message upward
06-09 08:18:16.759  6032  6071 D GStreamer+GST_BUS: 0:00:55.253793052 0xe91c2800 gstbus.c:351:gst_bus_post:<bus3> [msg 0xe934d970] pushed on async queue
06-09 08:18:16.759  6032  6083 W GStreamer+structure: 0:00:55.253811333 0xe9014cf0 gststructure.c:1935:priv_gst_structure_append_to_gstring No value transform to serialize field 'gerror' of type 'GError'
06-09 08:18:16.759  6032  6071 D GStreamer+GST_BUS: 0:00:55.253810864 0xe91c2800 gstbus.c:344:gst_bus_post:<bus2> [msg 0xe934d970] dropped
06-09 08:18:16.759  6032  6071 D GStreamer+GST_BUS: 0:00:55.253840083 0xe91c2800 gstbus.c:344:gst_bus_post:<bus1> [msg 0xe934d970] dropped
06-09 08:18:16.759  6032  6083 D GStreamer+GST_BUS: 0:00:55.253801125 0xe9014cf0 gstbus.c:309:gst_bus_post:<bus3> [msg 0xe934ef70] posting on bus error message: 0xe934ef70, time 99:99:99.999999999, seq-num 173, element 'q', GstMessageError, gerror=(GError)NULL, debug=(string)"qtdemux.c\(5766\):\ gst_qtdemux_loop\ \(\):\ /GstPipeline:pipeline0/GstQTDemux:q:\012streaming\ stopped\,\ reason\ error";
06-09 08:18:16.759  6032  6071 D GStreamer+GST_STATES: 0:00:55.253865968 0xe91c2800 gstelement.c:2609:gst_element_set_state_func:<sink> returned SUCCESS
06-09 08:18:16.759  6032  6083 D GStreamer+GST_BUS: 0:00:55.253878989 0xe9014cf0 gstbus.c:348:gst_bus_post:<bus3> [msg 0xe934ef70] pushing on async queue
06-09 08:18:16.759  6032  6071 I GStreamer+GST_STATES: 0:00:55.253886020 0xe91c2800 gstbin.c:2892:gst_bin_change_state_func:<glimagesinkbin0> child 'sink' changed state to 1(NULL) successfully
06-09 08:18:16.759  6032  6083 D GStreamer+GST_BUS: 0:00:55.253900708 0xe9014cf0 gstbus.c:351:gst_bus_post:<bus3> [msg 0xe934ef70] pushed on async queue
06-09 08:18:16.759  6032  6071 D GStreamer+bin: 0:00:55.253912531 0xe91c2800 gstbin.c:2310:gst_bin_sort_iterator_next:<glimagesinkbin0> queue head gives glcolorbalance0
06-09 08:18:16.759  6032  6083 D GStreamer+GST_BUS: 0:00:55.253920187 0xe9014cf0 gstbus.c:344:gst_bus_post:<bus2> [msg 0xe934ef70] dropped
06-09 08:18:16.759  6032  6071 D GStreamer+bin: 0:00:55.253932687 0xe91c2800 gstbin.c:911:find_message:<glimagesinkbin0> no message found matching types 00001000
06-09 08:18:16.759  6032  6083 I GStreamer+GST_ERROR_SYSTEM: 0:00:55.253939302 0xe9014cf0 gstelement.c:1904:gst_element_message_full:<q> posted error message: GStreamer encountered a general stream error.
06-09 08:18:16.759  6032  6071 D GStreamer+bin: 0:00:55.253954510 0xe91c2800 gstbin.c:918:find_message:<glimagesinkbin0>   structure-change
06-09 08:18:16.759  6032  6083 D GStreamer+GST_EVENT: 0:00:55.253964302 0xe9014cf0 gstevent.c:302:gst_event_new_custom creating new event 0xe9241e50 eos 28174
06-09 08:18:16.759  6032  6071 D GStreamer+bin: 0:00:55.253976645 0xe91c2800 gstbin.c:2226:update_degree:<glimagesinkbin0> change element glcolorconvertelement0, degree 1->0, linked to glcolorbalance0
06-09 08:18:16.759  6032  6083 D GStreamer+qtdemux: 0:00:55.253986750 0xe9014cf0 qtdemux.c:978:gst_qtdemux_push_event:<q> pushing eos event on all source pads
06-09 08:18:16.759  6032  6071 D GStreamer+bin: 0:00:55.254000760 0xe91c2800 gstbin.c:2109:add_to_queue:<glimagesinkbin0> adding 'glcolorconvertelement0' to queue
06-09 08:18:16.759  6032  6083 D GStreamer+qtdemux: 0:00:55.254007583 0xe9014cf0 qtdemux.c:983:gst_qtdemux_push_event:<q> pushing on pad 0
06-09 08:18:16.759  6032  6083 D GStreamer+GST_PADS: 0:00:55.254028677 0xe9014cf0 gstpad.c:3853:check_sticky:<q:video_0> pushing all sticky events
06-09 08:18:16.759  6032  6071 I GStreamer+GST_STATES: 0:00:55.254023312 0xe91c2800 gstbin.c:2444:gst_bin_element_set_state:<glcolorbalance0> current PAUSED pending VOID_PENDING, desired next NULL
06-09 08:18:16.759  6032  6083 D GStreamer+GST_PADS: 0:00:55.254052218 0xe9014cf0 gstpad.c:3785:push_sticky:<q:video_0> event stream-start was already received
06-09 08:18:16.759  6032  6071 D GStreamer+bin: 0:00:55.254053729 0xe91c2800 gstbin.c:911:find_message:<glimagesinkbin0> no message found matching types 00100000
06-09 08:18:16.759  6032  6083 D GStreamer+GST_PADS: 0:00:55.254078364 0xe9014cf0 gstpad.c:3785:push_sticky:<q:video_0> event caps was already received
06-09 08:18:16.759  6032  6071 D GStreamer+bin: 0:00:55.254079718 0xe91c2800 gstbin.c:918:find_message:<glimagesinkbin0>   async-start
06-09 08:18:16.759  6032  6083 D GStreamer+GST_PADS: 0:00:55.254105500 0xe9014cf0 gstpad.c:3785:push_sticky:<q:video_0> event segment was already received
06-09 08:18:16.759  6032  6071 D GStreamer+bin: 0:00:55.254104770 0xe91c2800 gstbin.c:2539:gst_bin_element_set_state:<glimagesinkbin0> setting element glcolorbalance0 to NULL, base_time 0:00:00.000000000
06-09 08:18:16.759  6032  6083 D GStreamer+GST_PADS: 0:00:55.254133833 0xe9014cf0 gstpad.c:3785:push_sticky:<q:video_0> event tag was already received
06-09 08:18:16.759  6032  6071 D GStreamer+GST_STATES: 0:00:55.254141281 0xe91c2800 gstelement.c:2525:gst_element_set_state_func:<glcolorbalance0> set_state to NULL
06-09 08:18:16.759  6032  6083 D GStreamer+GST_PADS: 0:00:55.254156750 0xe9014cf0 gstpad.c:3785:push_sticky:<q:video_0> event tag was already received
06-09 08:18:16.759  6032  6071 D GStreamer+GST_STATES: 0:00:55.254163000 0xe91c2800 gstelement.c:2550:gst_element_set_state_func:<glcolorbalance0> setting target state to NULL
06-09 08:18:16.759  6032  6071 D GStreamer+GST_STATES: 0:00:55.254183156 0xe91c2800 gstelement.c:2563:gst_element_set_state_func:<glcolorbalance0> current PAUSED, old_pending VOID_PENDING, next VOID_PENDING, old return SUCCESS
