06-09 08:18:16.709  6032  6081 D GStreamer+bin: 0:00:55.204600135 0xe9014c30 gstbin.c:3523:bin_do_stream_start:<pipeline0> all sinks posted STREAM_START, posting seqnum #64
06-09 08:18:16.709  6032  6081 D GStreamer+GST_BUS: 0:00:55.204619614 0xe9014c30 gstbus.c:309:gst_bus_post:<bus3> [msg 0xe9019d08] posting on bus stream-start message: 0xe9019d08, time 99:99:99.999999999, seq-num 64, element 'pipeline0', GstMessageStreamStart, group-id=(uint)0;
06-09 08:18:16.709  6032  6081 D GStreamer+GST_BUS: 0:00:55.204658260 0xe9014c30 gstbus.c:348:gst_bus_post:<bus3> [msg 0xe9019d08] pushing on async queue
06-09 08:18:16.709  6032  6081 D GStreamer+GST_BUS: 0:00:55.204687375 0xe9014c30 gstbus.c:351:gst_bus_post:<bus3> [msg 0xe9019d08] pushed on async queue
06-09 08:18:16.709  6032  6081 D GStreamer+GST_BUS: 0:00:55.204706958 0xe9014c30 gstbus.c:344:gst_bus_post:<bus2> [msg 0xe9019cb0] dropped
06-09 08:18:16.709  6032  6081 D GStreamer+GST_BUS: 0:00:55.204729979 0xe9014c30 gstbus.c:344:gst_bus_post:<bus1> [msg 0xe9019c58] dropped
06-09 08:18:16.709  6032  6081 D GStreamer+GST_PADS: 0:00:55.204750552 0xe9014c30 gstpad.c:5609:gst_pad_send_event_unchecked:<sink:sink> sent event, ret ok
06-09 08:18:16.709  6032  6081 D GStreamer+GST_PADS: 0:00:55.204771698 0xe9014c30 gstpad.c:3805:push_sticky:<glcolorbalance0:src> event stream-start marked received
06-09 08:18:16.709  6032  6071 D GStreamer+GST_BUS: 0:00:55.204760135 0xe91c2800 gstbus.c:521:gst_bus_timed_pop_filtered:<bus3> got message 0xe9019d08, stream-start from pipeline0, type mask is 4294967295
06-09 08:18:16.710  6032  6081 D GStreamer+GST_PADS: 0:00:55.204798729 0xe9014c30 gstpad.c:5609:gst_pad_send_event_unchecked:<glcolorbalance0:sink> sent event, ret ok
06-09 08:18:16.710  6032  6081 D GStreamer+GST_PADS: 0:00:55.204825187 0xe9014c30 gstpad.c:3805:push_sticky:<glcolorconvertelement0:src> event stream-start marked received
06-09 08:18:16.710  6032  6071 D GStreamer+GST_BUS: 0:00:55.204801333 0xe91c2800 gstbus.c:789:gst_bus_source_dispatch:<bus3> source 0xe9347a18 calling dispatch with stream-start message: 0xe9019d08, time 99:99:99.999999999, seq-num 64, element 'pipeline0', GstMessageStreamStart, group-id=(uint)0;
06-09 08:18:16.710  6032  6081 D GStreamer+GST_PADS: 0:00:55.204853416 0xe9014c30 gstpad.c:5609:gst_pad_send_event_unchecked:<glcolorconvertelement0:sink> sent event, ret ok
06-09 08:18:16.710  6032  6071 D GStreamer+GST_BUS: 0:00:55.204859562 0xe91c2800 gstbus.c:794:gst_bus_source_dispatch:<bus3> source 0xe9347a18 handler returns 1
06-09 08:18:16.710  6032  6081 D GStreamer+GST_PADS: 0:00:55.204874823 0xe9014c30 gstpad.c:3805:push_sticky:<gluploadelement0:src> event stream-start marked received
06-09 08:18:16.710  6032  6081 D GStreamer+GST_PADS: 0:00:55.204896125 0xe9014c30 gstpad.c:5609:gst_pad_send_event_unchecked:<gluploadelement0:sink> sent event, ret ok
06-09 08:18:16.710  6032  6081 D GStreamer+GST_PADS: 0:00:55.204917166 0xe9014c30 gstpad.c:3805:push_sticky:<sink:proxypad1> event stream-start marked received
06-09 08:18:16.710  6032  6088 D GStreamer+GST_PADS: 0:00:55.204925864 0xe93583b0 gstpad.c:5609:gst_pad_send_event_unchecked:<queue1:sink> sent event, ret ok
06-09 08:18:16.710  6032  6081 D GStreamer+GST_PADS: 0:00:55.204940135 0xe9014c30 gstpad.c:5609:gst_pad_send_event_unchecked:<glimagesinkbin0:sink> sent event, ret ok
06-09 08:18:16.710  6032  6088 D GStreamer+GST_PADS: 0:00:55.204953312 0xe93583b0 gstpad.c:3805:push_sticky:<forhwgl:src_0> event stream-start marked received
06-09 08:18:16.710  6032  6081 D GStreamer+GST_PADS: 0:00:55.204960812 0xe9014c30 gstpad.c:3805:push_sticky:<forhalffps:src> event stream-start marked received
06-09 08:18:16.710  6032  6088 D GStreamer+GST_PADS: 0:00:55.204978885 0xe93583b0 gstpad.c:3690:do_probe_callbacks:<forhwgl:src_0> data is passed
06-09 08:18:16.710  6032  6081 D GStreamer+GST_PADS: 0:00:55.204983156 0xe9014c30 gstpad.c:5609:gst_pad_send_event_unchecked:<forhalffps:sink> sent event, ret ok
06-09 08:18:16.710  6032  6088 D GStreamer+GST_PADS: 0:00:55.205001177 0xe93583b0 gstpad.c:3493:probe_hook_marshal:<forhwgl:src_0> probe returned OK
06-09 08:18:16.710  6032  6081 D GStreamer+GST_PADS: 0:00:55.205008416 0xe9014c30 gstpad.c:3805:push_sticky:<queue1:src> event stream-start marked received
06-09 08:18:16.710  6032  6081 D GStreamer+queue_dataflow: 0:00:55.205030291 0xe9014c30 gstqueue.c:1488:gst_queue_loop:<queue1> queue is empty
06-09 08:18:16.710  6032  6088 D GStreamer+GST_EVENT: 0:00:55.205039458 0xe93583b0 gstpad.c:5536:gst_pad_send_event_unchecked:<queue1:sink> have event type caps event: 0xe927da10, time 99:99:99.999999999, seq-num 151, GstEventCaps, caps=(GstCaps)"video/x-raw\(memory:GLMemory\)\,\ format\=\(string\)RGBA\,\ width\=\(int\)1280\,\ height\=\(int\)1440\,\ interlace-mode\=\(string\)progressive\,\ pixel-aspect-ratio\=\(fraction\)1/1\,\ colorimetry\=\(string\)sRGB\,\ framerate\=\(fraction\)105/4\,\ texture-target\=\(string\)external-oes";
06-09 08:18:16.710  6032  6088 D GStreamer+GST_CAPS: 0:00:55.205107843 0xe93583b0 gstutils.c:2955:gst_pad_query_accept_caps:<queue1:sink> accept caps of video/x-raw(memory:GLMemory), format=(string)RGBA, width=(int)1280, height=(int)1440, interlace-mode=(string)progressive, pixel-aspect-ratio=(fraction)1/1, colorimetry=(string)sRGB, framerate=(fraction)105/4, texture-target=(string)external-oes
06-09 08:18:16.710  6032  6088 D GStreamer+query: 0:00:55.205166333 0xe93583b0 gstquery.c:674:gst_query_new_custom creating new query 0xe942f920 accept-caps
06-09 08:18:16.710  6032  6088 D GStreamer+GST_PADS: 0:00:55.205186593 0xe93583b0 gstpad.c:3922:gst_pad_query:<queue1:sink> doing query 0xe942f920 (accept-caps)
06-09 08:18:16.710  6032  6088 D GStreamer+GST_PADS: 0:00:55.205208156 0xe93583b0 gstpad.c:3059:gst_pad_query_accept_caps_default:<queue1:sink> query accept-caps accept-caps query: 0xe942f920, GstQueryAcceptCaps, caps=(GstCaps)"video/x-raw\(memory:GLMemory\)\,\ format\=\(string\)RGBA\,\ width\=\(int\)1280\,\ height\=\(int\)1440\,\ interlace-mode\=\(string\)progressive\,\ pixel-aspect-ratio\=\(fraction\)1/1\,\ colorimetry\=\(string\)sRGB\,\ framerate\=\(fraction\)105/4\,\ texture-target\=\(string\)external-oes", result=(boolean)false;
06-09 08:18:16.710  6032  6088 D GStreamer+GST_PADS: 0:00:55.205276177 0xe93583b0 gstutils.c:2564:gst_pad_proxy_query_accept_caps:<queue1:sink> proxying accept caps query for queue1:sink
06-09 08:18:16.710  6032  6088 D GStreamer+GST_PADS: 0:00:55.205297791 0xe93583b0 gstpad.c:2827:gst_pad_iterate_internal_links_default:<queue1:sink> Making iterator
06-09 08:18:16.710  6032  6088 D GStreamer+GST_PADS: 0:00:55.205317479 0xe93583b0 gstpad.c:4049:gst_pad_peer_query:<queue1:src> peer query 0xe942f920 (accept-caps)
06-09 08:18:16.710  6032  6088 D GStreamer+GST_PADS: 0:00:55.205337895 0xe93583b0 gstpad.c:3922:gst_pad_query:<forhalffps:sink> doing query 0xe942f920 (accept-caps)
06-09 08:18:16.710  6032  6088 D GStreamer+GST_PADS: 0:00:55.205372062 0xe93583b0 gstpad.c:3690:do_probe_callbacks:<forhalffps:sink> data is passed
06-09 08:18:16.710  6032  6088 D GStreamer+query: 0:00:55.205394927 0xe93583b0 gstquery.c:674:gst_query_new_custom creating new query 0xe942f950 accept-caps
06-09 08:18:16.710  6032  6088 D GStreamer+GST_PADS: 0:00:55.205436333 0xe93583b0 gstpad.c:4049:gst_pad_peer_query:<forhalffps:src> peer query 0xe942f950 (accept-caps)
06-09 08:18:16.710  6032  6088 D GStreamer+GST_PADS: 0:00:55.205462218 0xe93583b0 gstpad.c:3922:gst_pad_query:<glimagesinkbin0:sink> doing query 0xe942f950 (accept-caps)
06-09 08:18:16.710  6032  6088 D GStreamer+GST_PADS: 0:00:55.205483885 0xe93583b0 gstpad.c:3059:gst_pad_query_accept_caps_default:<glimagesinkbin0:sink> query accept-caps accept-caps query: 0xe942f950, GstQueryAcceptCaps, caps=(GstCaps)"video/x-raw\(memory:GLMemory\)\,\ format\=\(string\)RGBA\,\ width\=\(int\)1280\,\ height\=\(int\)1440\,\ interlace-mode\=\(string\)progressive\,\ pixel-aspect-ratio\=\(fraction\)1/1\,\ colorimetry\=\(string\)sRGB\,\ framerate\=\(fraction\)105/4\,\ texture-target\=\(string\)external-oes", result=(boolean)false;
06-09 08:18:16.710  6032  6088 D GStreamer+GST_PADS: 0:00:55.205551489 0xe93583b0 gstutils.c:2564:gst_pad_proxy_query_accept_caps:<glimagesinkbin0:sink> proxying accept caps query for glimagesinkbin0:sink
06-09 08:18:16.710  6032  6088 D GStreamer+GST_PADS: 0:00:55.205577791 0xe93583b0 gstpad.c:4049:gst_pad_peer_query:<sink:proxypad1> peer query 0xe942f950 (accept-caps)
06-09 08:18:16.710  6032  6088 D GStreamer+GST_PADS: 0:00:55.205599770 0xe93583b0 gstpad.c:3922:gst_pad_query:<gluploadelement0:sink> doing query 0xe942f950 (accept-caps)
06-09 08:18:16.710  6032  6088 D GStreamer+basetransform: 0:00:55.205622166 0xe93583b0 gstbasetransform.c:1301:gst_base_transform_acceptcaps_default:<gluploadelement0> accept caps video/x-raw(memory:GLMemory), format=(string)RGBA, width=(int)1280, height=(int)1440, interlace-mode=(string)progressive, pixel-aspect-ratio=(fraction)1/1, colorimetry=(string)sRGB, framerate=(fraction)105/4, texture-target=(string)external-oes
06-09 08:18:16.711  6032  6088 D GStreamer+basetransform: 0:00:55.205678052 0xe93583b0 gstbasetransform.c:1308:gst_base_transform_acceptcaps_default:<gluploadelement0> intersect with pad template: video/x-raw(memory:GLMemory, meta:GstVideoOverlayComposition), format=(string){ RGBA, BGRA, RGBx, BGRx, ARGB, ABGR, xRGB, xBGR, RGB, BGR, RGB16, BGR16, AYUV, I420, YV12, NV12, NV21, YUY2, UYVY, Y41B, Y42B, Y444, GRAY8, GRAY16_LE, GRAY16_BE }, width=(int)[ 1, 2147483647 ], height=(int)[ 1, 2147483647 ], framerate=(fraction)[ 0/1, 2147483647/1 ]; video/x-raw(meta:GstVideoGLTextureUploadMeta, meta:GstVideoOverlayComposition), format=(string)RGBA, width=(int)[ 1, 2147483647 ], height=(int)[ 1, 2147483647 ], framerate=(fraction)[ 0/1, 2147483647/1 ]; video/x-raw(memory:SystemMemory, meta:GstVideoOverlayComposition), format=(string){ RGBA, BGRA, RGBx, BGRx, ARGB, ABGR, xRGB, xBGR, RGB, BGR, RGB16, BGR16, AYUV, I420, YV12, NV12, NV21, YUY2, UYVY, Y41B, Y42B, Y444, GRAY8, GRAY16_LE, GRAY16_BE }, width=(int)[ 1, 2147483647 ], height=(int)[ 1, 2147483647 ], framerate=(fraction)[ 0/
06-09 08:18:16.711  6032  6088 D GStreamer+basetransform: 0:00:55.205914093 0xe93583b0 gstbasetransform.c:1313:gst_base_transform_acceptcaps_default:<gluploadelement0> trying to transform with filter: video/x-raw(ANY) (the other pad template)
06-09 08:18:16.711  6032  6088 D GStreamer+basetransform: 0:00:55.205938468 0xe93583b0 gstbasetransform.c:533:gst_base_transform_transform_caps:<gluploadelement0> transform caps (direction = 2)
06-09 08:18:16.711  6032  6088 D GStreamer+GST_PERFORMANCE: 0:00:55.205988781 0xe93583b0 gstcaps.c:178:_gst_caps_copy:<0xe94530c8> doing copy 0xe94530c8 -> 0xe94530f0
06-09 08:18:16.711  6032  6088 D GStreamer+GST_PERFORMANCE: 0:00:55.206053364 0xe93583b0 gstcaps.c:178:_gst_caps_copy:<0xe9453140> doing copy 0xe9453140 -> 0xe9453168
06-09 08:18:16.711  6032  6088 D GStreamer+GST_PERFORMANCE: 0:00:55.206118573 0xe93583b0 gstcaps.c:178:_gst_caps_copy:<0xe94531b8> doing copy 0xe94531b8 -> 0xe93d6400
06-09 08:18:16.711  6032  6088 D GStreamer+basetransform: 0:00:55.206175448 0xe93583b0 gstbasetransform.c:560:gst_base_transform_transform_caps:<gluploadelement0> to: video/x-raw(memory:GLMemory), format=(string)RGBA, width=(int)1280, height=(int)1440, interlace-mode=(string)progressive, pixel-aspect-ratio=(fraction)1/1, colorimetry=(string)sRGB, framerate=(fraction)105/4, texture-target=(string)external-oes
06-09 08:18:16.711  6032  6088 D GStreamer+basetransform: 0:00:55.206230864 0xe93583b0 gstbasetransform.c:1319:gst_base_transform_acceptcaps_default:<gluploadelement0> accept-caps result: 1
06-09 08:18:16.711  6032  6088 D GStreamer+GST_PADS: 0:00:55.206254614 0xe93583b0 gstpad.c:3945:gst_pad_query:<gluploadelement0:sink> sent query 0xe942f950 (accept-caps), result 1
06-09 08:18:16.711  6032  6088 D GStreamer+GST_PADS: 0:00:55.206280760 0xe93583b0 gstutils.c:2575:gst_pad_proxy_query_accept_caps:<glimagesinkbin0:sink> proxying accept caps query: 1
06-09 08:18:16.711  6032  6088 D GStreamer+GST_PADS: 0:00:55.206315343 0xe93583b0 gstpad.c:3089:gst_pad_query_accept_caps_default:<glimagesinkbin0:sink> allowed caps subset ANY, caps video/x-raw(memory:GLMemory), format=(string)RGBA, width=(int)1280, height=(int)1440, interlace-mode=(string)progressive, pixel-aspect-ratio=(fraction)1/1, colorimetry=(string)sRGB, framerate=(fraction)105/4, texture-target=(string)external-oes
06-09 08:18:16.711  6032  6088 D GStreamer+GST_PADS: 0:00:55.206358520 0xe93583b0 gstpad.c:3367:gst_pad_query_default:<glimagesinkbin0:sink> not forwarding 0xe942f950 (accept-caps) query
06-09 08:18:16.711  6032  6088 D GStreamer+GST_PADS: 0:00:55.206381958 0xe93583b0 gstpad.c:3945:gst_pad_query:<glimagesinkbin0:sink> sent query 0xe942f950 (accept-caps), result 1
06-09 08:18:16.711  6032  6088 D GStreamer+default: 0:00:55.206427062 0xe93583b0 gstutils.c:2989:gst_pad_peer_query_accept_caps:<forhalffps:src> query returned 1
06-09 08:18:16.711  6032  6088 D GStreamer+GST_PADS: 0:00:55.206453312 0xe93583b0 gstpad.c:3945:gst_pad_query:<forhalffps:sink> sent query 0xe942f920 (accept-caps), result 1
06-09 08:18:16.711  6032  6088 D GStreamer+GST_PADS: 0:00:55.206479458 0xe93583b0 gstutils.c:2575:gst_pad_proxy_query_accept_caps:<queue1:sink> proxying accept caps query: 1
06-09 08:18:16.711  6032  6088 D GStreamer+GST_PADS: 0:00:55.206500291 0xe93583b0 gstpad.c:3089:gst_pad_query_accept_caps_default:<queue1:sink> allowed caps subset ANY, caps video/x-raw(memory:GLMemory), format=(string)RGBA, width=(int)1280, height=(int)1440, interlace-mode=(string)progressive, pixel-aspect-ratio=(fraction)1/1, colorimetry=(string)sRGB, framerate=(fraction)105/4, texture-target=(string)external-oes
06-09 08:18:16.711  6032  6088 D GStreamer+GST_PADS: 0:00:55.206557895 0xe93583b0 gstpad.c:3367:gst_pad_query_default:<queue1:sink> not forwarding 0xe942f920 (accept-caps) query
06-09 08:18:16.711  6032  6088 D GStreamer+GST_PADS: 0:00:55.206648625 0xe93583b0 gstpad.c:3945:gst_pad_query:<queue1:sink> sent query 0xe942f920 (accept-caps), result 1
06-09 08:18:16.712  6032  6088 D GStreamer+default: 0:00:55.206791073 0xe93583b0 gstutils.c:2960:gst_pad_query_accept_caps:<queue1:sink> query returned 1
06-09 08:18:16.712  6032  6088 D GStreamer+GST_PADS: 0:00:55.206821385 0xe93583b0 gstpad.c:5609:gst_pad_send_event_unchecked:<queue1:sink> sent event, ret ok
06-09 08:18:16.712  6032  6081 D GStreamer+queue_dataflow: 0:00:55.206828364 0xe9014c30 gstqueue.c:1500:gst_queue_loop:<queue1> queue is not empty
06-09 08:18:16.712  6032  6088 D GStreamer+GST_PADS: 0:00:55.206844041 0xe93583b0 gstpad.c:5093:store_sticky_event:<queue1:sink> notify caps
06-09 08:18:16.712  6032  6081 D GStreamer+GST_PADS: 0:00:55.206855395 0xe9014c30 gstpad.c:5093:store_sticky_event:<queue1:src> notify caps
06-09 08:18:16.712  6032  6081 D GStreamer+GST_PADS: 0:00:55.206882323 0xe9014c30 gstpad.c:3853:check_sticky:<queue1:src> pushing all sticky events
06-09 08:18:16.712  6032  6088 D GStreamer+GST_PADS: 0:00:55.206870604 0xe93583b0 gstpad.c:3805:push_sticky:<forhwgl:src_0> event caps marked received
06-09 08:18:16.712  6032  6081 D GStreamer+GST_PADS: 0:00:55.206901645 0xe9014c30 gstpad.c:3785:push_sticky:<queue1:src> event stream-start was already received
06-09 08:18:16.712  6032  6088 D GStreamer+GST_PADS: 0:00:55.206912791 0xe93583b0 gstpad.c:5609:gst_pad_send_event_unchecked:<src_0:proxypad2> sent event, ret ok
06-09 08:18:16.712  6032  6088 D GStreamer+GST_PADS: 0:00:55.206936177 0xe93583b0 gstpad.c:5093:store_sticky_event:<src_0:proxypad2> notify caps
06-09 08:18:16.712  6032  6088 D GStreamer+GST_PADS: 0:00:55.206962323 0xe93583b0 gstpad.c:3805:push_sticky:<amcvideodec-omxnvidiah264decode0:src> event caps marked received
06-09 08:18:16.712  6032  6081 D GStreamer+GST_EVENT: 0:00:55.206925187 0xe9014c30 gstpad.c:5536:gst_pad_send_event_unchecked:<forhalffps:sink> have event type caps event: 0xe927da10, time 99:99:99.999999999, seq-num 151, GstEventCaps, caps=(GstCaps)"video/x-raw\(memory:GLMemory\)\,\ format\=\(string\)RGBA\,\ width\=\(int\)1280\,\ height\=\(int\)1440\,\ interlace-mode\=\(string\)progressive\,\ pixel-aspect-ratio\=\(fraction\)1/1\,\ colorimetry\=\(string\)sRGB\,\ framerate\=\(fraction\)105/4\,\ texture-target\=\(string\)external-oes";
06-09 08:18:16.712  6032  6088 D GStreamer+query: 0:00:55.207008416 0xe93583b0 gstquery.c:674:gst_query_new_custom creating new query 0xe942f980 allocation
06-09 08:18:16.712  6032  6081 D GStreamer+GST_PADS: 0:00:55.207015656 0xe9014c30 gstpad.c:3690:do_probe_callbacks:<forhalffps:sink> data is passed
06-09 08:18:16.712  6032  6088 D GStreamer+videodecoder: 0:00:55.207034458 0xe93583b0 gstvideodecoder.c:3713:gst_video_decoder_negotiate_pool:<amcvideodec-omxnvidiah264decode0> do query ALLOCATION
06-09 08:18:16.712  6032  6088 D GStreamer+GST_PADS: 0:00:55.207054562 0xe93583b0 gstpad.c:4049:gst_pad_peer_query:<amcvideodec-omxnvidiah264decode0:src> peer query 0xe942f980 (allocation)
06-09 08:18:16.712  6032  6081 D GStreamer+GST_CAPS: 0:00:55.207040083 0xe9014c30 gstutils.c:2955:gst_pad_query_accept_caps:<forhalffps:sink> accept caps of video/x-raw(memory:GLMemory), format=(string)RGBA, width=(int)1280, height=(int)1440, interlace-mode=(string)progressive, pixel-aspect-ratio=(fraction)1/1, colorimetry=(string)sRGB, framerate=(fraction)105/4, texture-target=(string)external-oes
06-09 08:18:16.712  6032  6081 D GStreamer+query: 0:00:55.207098781 0xe9014c30 gstquery.c:674:gst_query_new_custom creating new query 0xe945a980 accept-caps
06-09 08:18:16.712  6032  6088 D GStreamer+GST_PADS: 0:00:55.207082479 0xe93583b0 gstpad.c:3922:gst_pad_query:<src_0:proxypad2> doing query 0xe942f980 (allocation)
06-09 08:18:16.712  6032  6081 D GStreamer+GST_PADS: 0:00:55.207121229 0xe9014c30 gstpad.c:3922:gst_pad_query:<forhalffps:sink> doing query 0xe945a980 (accept-caps)
06-09 08:18:16.712  6032  6088 D GStreamer+GST_PADS: 0:00:55.207128885 0xe93583b0 gstpad.c:3367:gst_pad_query_default:<src_0:proxypad2> forwarding 0xe942f980 (allocation) query
06-09 08:18:16.712  6032  6081 D GStreamer+GST_PADS: 0:00:55.207146802 0xe9014c30 gstpad.c:3690:do_probe_callbacks:<forhalffps:sink> data is passed
06-09 08:18:16.712  6032  6088 D GStreamer+GST_PADS: 0:00:55.207158573 0xe93583b0 gstpad.c:4049:gst_pad_peer_query:<forhwgl:src_0> peer query 0xe942f980 (allocation)
06-09 08:18:16.712  6032  6081 D GStreamer+query: 0:00:55.207172270 0xe9014c30 gstquery.c:674:gst_query_new_custom creating new query 0xe945a9b0 accept-caps
06-09 08:18:16.712  6032  6088 D GStreamer+GST_PADS: 0:00:55.207184614 0xe93583b0 gstpad.c:3690:do_probe_callbacks:<forhwgl:src_0> data is passed
06-09 08:18:16.712  6032  6081 D GStreamer+GST_PADS: 0:00:55.207192531 0xe9014c30 gstpad.c:4049:gst_pad_peer_query:<forhalffps:src> peer query 0xe945a9b0 (accept-caps)
06-09 08:18:16.712  6032  6081 D GStreamer+GST_PADS: 0:00:55.207215343 0xe9014c30 gstpad.c:3922:gst_pad_query:<glimagesinkbin0:sink> doing query 0xe945a9b0 (accept-caps)
06-09 08:18:16.712  6032  6088 D GStreamer+GST_PADS: 0:00:55.207203937 0xe93583b0 gstpad.c:3922:gst_pad_query:<queue1:sink> doing query 0xe942f980 (allocation)
06-09 08:18:16.712  6032  6081 D GStreamer+GST_PADS: 0:00:55.207238364 0xe9014c30 gstpad.c:3059:gst_pad_query_accept_caps_default:<glimagesinkbin0:sink> query accept-caps accept-caps query: 0xe945a9b0, GstQueryAcceptCaps, caps=(GstCaps)"video/x-raw\(memory:GLMemory\)\,\ format\=\(string\)RGBA\,\ width\=\(int\)1280\,\ height\=\(int\)1440\,\ interlace-mode\=\(string\)progressive\,\ pixel-aspect-ratio\=\(fraction\)1/1\,\ colorimetry\=\(string\)sRGB\,\ framerate\=\(fraction\)105/4\,\ texture-target\=\(string\)external-oes", result=(boolean)false;
06-09 08:18:16.712  6032  6081 D GStreamer+GST_PADS: 0:00:55.207294614 0xe9014c30 gstutils.c:2564:gst_pad_proxy_query_accept_caps:<glimagesinkbin0:sink> proxying accept caps query for glimagesinkbin0:sink
06-09 08:18:16.712  6032  6081 D GStreamer+GST_PADS: 0:00:55.207320708 0xe9014c30 gstpad.c:4049:gst_pad_peer_query:<sink:proxypad1> peer query 0xe945a9b0 (accept-caps)
06-09 08:18:16.712  6032  6081 D GStreamer+GST_PADS: 0:00:55.207343625 0xe9014c30 gstpad.c:3922:gst_pad_query:<gluploadelement0:sink> doing query 0xe945a9b0 (accept-caps)
06-09 08:18:16.712  6032  6081 D GStreamer+basetransform: 0:00:55.207366593 0xe9014c30 gstbasetransform.c:1301:gst_base_transform_acceptcaps_default:<gluploadelement0> accept caps video/x-raw(memory:GLMemory), format=(string)RGBA, width=(int)1280, height=(int)1440, interlace-mode=(string)progressive, pixel-aspect-ratio=(fraction)1/1, colorimetry=(string)sRGB, framerate=(fraction)105/4, texture-target=(string)external-oes
06-09 08:18:16.712  6032  6081 D GStreamer+basetransform: 0:00:55.207406229 0xe9014c30 gstbasetransform.c:1308:gst_base_transform_acceptcaps_default:<gluploadelement0> intersect with pad template: video/x-raw(memory:GLMemory, meta:GstVideoOverlayComposition), format=(string){ RGBA, BGRA, RGBx, BGRx, ARGB, ABGR, xRGB, xBGR, RGB, BGR, RGB16, BGR16, AYUV, I420, YV12, NV12, NV21, YUY2, UYVY, Y41B, Y42B, Y444, GRAY8, GRAY16_LE, GRAY16_BE }, width=(int)[ 1, 2147483647 ], height=(int)[ 1, 2147483647 ], framerate=(fraction)[ 0/1, 2147483647/1 ]; video/x-raw(meta:GstVideoGLTextureUploadMeta, meta:GstVideoOverlayComposition), format=(string)RGBA, width=(int)[ 1, 2147483647 ], height=(int)[ 1, 2147483647 ], framerate=(fraction)[ 0/1, 2147483647/1 ]; video/x-raw(memory:SystemMemory, meta:GstVideoOverlayComposition), format=(string){ RGBA, BGRA, RGBx, BGRx, ARGB, ABGR, xRGB, xBGR, RGB, BGR, RGB16, BGR16, AYUV, I420, YV12, NV12, NV21, YUY2, UYVY, Y41B, Y42B, Y444, GRAY8, GRAY16_LE, GRAY16_BE }, width=(int)[ 1, 2147483647 ], height=(int)[ 1, 2147483647 ], framerate=(fraction)[ 0/
06-09 08:18:16.712  6032  6081 D GStreamer+basetransform: 0:00:55.207621958 0xe9014c30 gstbasetransform.c:1313:gst_base_transform_acceptcaps_default:<gluploadelement0> trying to transform with filter: video/x-raw(ANY) (the other pad template)
06-09 08:18:16.712  6032  6081 D GStreamer+basetransform: 0:00:55.207646541 0xe9014c30 gstbasetransform.c:533:gst_base_transform_transform_caps:<gluploadelement0> transform caps (direction = 2)
06-09 08:18:16.712  6032  6081 D GStreamer+GST_PERFORMANCE: 0:00:55.207683052 0xe9014c30 gstcaps.c:178:_gst_caps_copy:<0xe9449b68> doing copy 0xe9449b68 -> 0xe9449b90
06-09 08:18:16.712  6032  6081 D GStreamer+GST_PERFORMANCE: 0:00:55.207747531 0xe9014c30 gstcaps.c:178:_gst_caps_copy:<0xe9448400> doing copy 0xe9448400 -> 0xe9448428
06-09 08:18:16.713  6032  6081 D GStreamer+GST_PERFORMANCE: 0:00:55.207800343 0xe9014c30 gstcaps.c:178:_gst_caps_copy:<0xe9448478> doing copy 0xe9448478 -> 0xe94484a0
06-09 08:18:16.713  6032  6081 D GStreamer+basetransform: 0:00:55.207856802 0xe9014c30 gstbasetransform.c:560:gst_base_transform_transform_caps:<gluploadelement0> to: video/x-raw(memory:GLMemory), format=(string)RGBA, width=(int)1280, height=(int)1440, interlace-mode=(string)progressive, pixel-aspect-ratio=(fraction)1/1, colorimetry=(string)sRGB, framerate=(fraction)105/4, texture-target=(string)external-oes
06-09 08:18:16.713  6032  6081 D GStreamer+basetransform: 0:00:55.207897948 0xe9014c30 gstbasetransform.c:1319:gst_base_transform_acceptcaps_default:<gluploadelement0> accept-caps result: 1
06-09 08:18:16.713  6032  6081 D GStreamer+GST_PADS: 0:00:55.207921541 0xe9014c30 gstpad.c:3945:gst_pad_query:<gluploadelement0:sink> sent query 0xe945a9b0 (accept-caps), result 1
06-09 08:18:16.713  6032  6081 D GStreamer+GST_PADS: 0:00:55.207948052 0xe9014c30 gstutils.c:2575:gst_pad_proxy_query_accept_caps:<glimagesinkbin0:sink> proxying accept caps query: 1
06-09 08:18:16.713  6032  6081 D GStreamer+GST_PADS: 0:00:55.207969198 0xe9014c30 gstpad.c:3089:gst_pad_query_accept_caps_default:<glimagesinkbin0:sink> allowed caps subset ANY, caps video/x-raw(memory:GLMemory), format=(string)RGBA, width=(int)1280, height=(int)1440, interlace-mode=(string)progressive, pixel-aspect-ratio=(fraction)1/1, colorimetry=(string)sRGB, framerate=(fraction)105/4, texture-target=(string)external-oes
06-09 08:18:16.713  6032  6081 D GStreamer+GST_PADS: 0:00:55.208011229 0xe9014c30 gstpad.c:3367:gst_pad_query_default:<glimagesinkbin0:sink> not forwarding 0xe945a9b0 (accept-caps) query
06-09 08:18:16.713  6032  6081 D GStreamer+GST_PADS: 0:00:55.208035187 0xe9014c30 gstpad.c:3945:gst_pad_query:<glimagesinkbin0:sink> sent query 0xe945a9b0 (accept-caps), result 1
06-09 08:18:16.713  6032  6081 D GStreamer+default: 0:00:55.208058573 0xe9014c30 gstutils.c:2989:gst_pad_peer_query_accept_caps:<forhalffps:src> query returned 1
06-09 08:18:16.713  6032  6081 D GStreamer+GST_PADS: 0:00:55.208080864 0xe9014c30 gstpad.c:3945:gst_pad_query:<forhalffps:sink> sent query 0xe945a980 (accept-caps), result 1
06-09 08:18:16.713  6032  6081 D GStreamer+default: 0:00:55.208104770 0xe9014c30 gstutils.c:2960:gst_pad_query_accept_caps:<forhalffps:sink> query returned 1
06-09 08:18:16.713  6032  6081 D GStreamer+GST_PADS: 0:00:55.208127479 0xe9014c30 gstpad.c:1614:gst_pad_check_reconfigure:<forhalffps:src> remove RECONFIGURE flag
06-09 08:18:16.713  6032  6081 D GStreamer+basetransform: 0:00:55.208146645 0xe9014c30 gstbasetransform.c:1356:gst_base_transform_setcaps:<forhalffps:sink> have new caps 0xe94238a0 video/x-raw(memory:GLMemory), format=(string)RGBA, width=(int)1280, height=(int)1440, interlace-mode=(string)progressive, pixel-aspect-ratio=(fraction)1/1, colorimetry=(string)sRGB, framerate=(fraction)105/4, texture-target=(string)external-oes
06-09 08:18:16.713  6032  6081 D GStreamer+basetransform: 0:00:55.208188104 0xe9014c30 gstbasetransform.c:533:gst_base_transform_transform_caps:<forhalffps> transform caps (direction = 2)
06-09 08:18:16.713  6032  6081 D GStreamer+basetransform: 0:00:55.208208260 0xe9014c30 gstbasetransform.c:504:gst_base_transform_default_transform_caps:<forhalffps> identity from: video/x-raw(memory:GLMemory), format=(string)RGBA, width=(int)1280, height=(int)1440, interlace-mode=(string)progressive, pixel-aspect-ratio=(fraction)1/1, colorimetry=(string)sRGB, framerate=(fraction)105/4, texture-target=(string)external-oes
06-09 08:18:16.713  6032  6081 D GStreamer+basetransform: 0:00:55.208245656 0xe9014c30 gstbasetransform.c:560:gst_base_transform_transform_caps:<forhalffps> to: video/x-raw(memory:GLMemory), format=(string)RGBA, width=(int)1280, height=(int)1440, interlace-mode=(string)progressive, pixel-aspect-ratio=(fraction)1/1, colorimetry=(string)sRGB, framerate=(fraction)105/4, texture-target=(string)external-oes
06-09 08:18:16.713  6032  6081 D GStreamer+basetransform: 0:00:55.208283104 0xe9014c30 gstbasetransform.c:1142:gst_base_transform_find_transform:<forhalffps> intersecting against padtemplate ANY
06-09 08:18:16.713  6032  6081 D GStreamer+basetransform: 0:00:55.208304198 0xe9014c30 gstbasetransform.c:1217:gst_base_transform_find_transform have fixed caps video/x-raw(memory:GLMemory), format=(string)RGBA, width=(int)1280, height=(int)1440, interlace-mode=(string)progressive, pixel-aspect-ratio=(fraction)1/1, colorimetry=(string)sRGB, framerate=(fraction)105/4, texture-target=(string)external-oes
06-09 08:18:16.713  6032  6081 D GStreamer+basetransform: 0:00:55.208341229 0xe9014c30 gstbasetransform.c:1224:gst_base_transform_find_transform:<forhalffps> calling fixate_caps for video/x-raw(memory:GLMemory), format=(string)RGBA, width=(int)1280, height=(int)1440, interlace-mode=(string)progressive, pixel-aspect-ratio=(fraction)1/1, colorimetry=(string)sRGB, framerate=(fraction)105/4, texture-target=(string)external-oes using caps video/x-raw(memory:GLMemory), format=(string)RGBA, width=(int)1280, height=(int)1440, interlace-mode=(string)progressive, pixel-aspect-ratio=(fraction)1/1, colorimetry=(string)sRGB, framerate=(fraction)105/4, texture-target=(string)external-oes on pad forhalffps:src
06-09 08:18:16.713  6032  6081 D GStreamer+GST_PERFORMANCE: 0:00:55.208398000 0xe9014c30 gstcaps.c:178:_gst_caps_copy:<0xe94238a0> doing copy 0xe94238a0 -> 0xe9448518
06-09 08:18:16.713  6032  6081 D GStreamer+GST_PERFORMANCE: 0:00:55.208441020 0xe9014c30 gstminiobject.c:327:gst_mini_object_make_writable copy GstCaps miniobject 0xe94238a0 -> 0xe9448518
06-09 08:18:16.713  6032  6081 D GStreamer+basetransform: 0:00:55.208464770 0xe9014c30 gstbasetransform.c:1091:gst_base_transform_default_fixate_caps:<forhalffps> fixated to video/x-raw(memory:GLMemory), format=(string)RGBA, width=(int)1280, height=(int)1440, interlace-mode=(string)progressive, pixel-aspect-ratio=(fraction)1/1, colorimetry=(string)sRGB, framerate=(fraction)105/4, texture-target=(string)external-oes
06-09 08:18:16.713  6032  6081 D GStreamer+basetransform: 0:00:55.208503833 0xe9014c30 gstbasetransform.c:1230:gst_base_transform_find_transform:<forhalffps> after fixating video/x-raw(memory:GLMemory), format=(string)RGBA, width=(int)1280, height=(int)1440, interlace-mode=(string)progressive, pixel-aspect-ratio=(fraction)1/1, colorimetry=(string)sRGB, framerate=(fraction)105/4, texture-target=(string)external-oes
06-09 08:18:16.713  6032  6081 D GStreamer+GST_CAPS: 0:00:55.208540552 0xe9014c30 gstutils.c:2955:gst_pad_query_accept_caps:<glimagesinkbin0:sink> accept caps of video/x-raw(memory:GLMemory), format=(string)RGBA, width=(int)1280, height=(int)1440, interlace-mode=(string)progressive, pixel-aspect-ratio=(fraction)1/1, colorimetry=(string)sRGB, framerate=(fraction)105/4, texture-target=(string)external-oes
06-09 08:18:16.713  6032  6081 D GStreamer+query: 0:00:55.208580135 0xe9014c30 gstquery.c:674:gst_query_new_custom creating new query 0xe945aa00 accept-caps
06-09 08:18:16.713  6032  6081 D GStreamer+GST_PADS: 0:00:55.208600395 0xe9014c30 gstpad.c:3922:gst_pad_query:<glimagesinkbin0:sink> doing query 0xe945aa00 (accept-caps)
06-09 08:18:16.713  6032  6081 D GStreamer+GST_PADS: 0:00:55.208622166 0xe9014c30 gstpad.c:3059:gst_pad_query_accept_caps_default:<glimagesinkbin0:sink> query accept-caps accept-caps query: 0xe945aa00, GstQueryAcceptCaps, caps=(GstCaps)"video/x-raw\(memory:GLMemory\)\,\ format\=\(string\)RGBA\,\ width\=\(int\)1280\,\ height\=\(int\)1440\,\ interlace-mode\=\(string\)progressive\,\ pixel-aspect-ratio\=\(fraction\)1/1\,\ colorimetry\=\(string\)sRGB\,\ framerate\=\(fraction\)105/4\,\ texture-target\=\(string\)external-oes", result=(boolean)false;
06-09 08:18:16.713  6032  6081 D GStreamer+GST_PADS: 0:00:55.208674927 0xe9014c30 gstutils.c:2564:gst_pad_proxy_query_accept_caps:<glimagesinkbin0:sink> proxying accept caps query for glimagesinkbin0:sink
06-09 08:18:16.713  6032  6081 D GStreamer+GST_PADS: 0:00:55.208700083 0xe9014c30 gstpad.c:4049:gst_pad_peer_query:<sink:proxypad1> peer query 0xe945aa00 (accept-caps)
06-09 08:18:16.713  6032  6081 D GStreamer+GST_PADS: 0:00:55.208722375 0xe9014c30 gstpad.c:3922:gst_pad_query:<gluploadelement0:sink> doing query 0xe945aa00 (accept-caps)
06-09 08:18:16.713  6032  6081 D GStreamer+basetransform: 0:00:55.208744718 0xe9014c30 gstbasetransform.c:1301:gst_base_transform_acceptcaps_default:<gluploadelement0> accept caps video/x-raw(memory:GLMemory), format=(string)RGBA, width=(int)1280, height=(int)1440, interlace-mode=(string)progressive, pixel-aspect-ratio=(fraction)1/1, colorimetry=(string)sRGB, framerate=(fraction)105/4, texture-target=(string)external-oes
06-09 08:18:16.714  6032  6081 D GStreamer+basetransform: 0:00:55.208782895 0xe9014c30 gstbasetransform.c:1308:gst_base_transform_acceptcaps_default:<gluploadelement0> intersect with pad template: video/x-raw(memory:GLMemory, meta:GstVideoOverlayComposition), format=(string){ RGBA, BGRA, RGBx, BGRx, ARGB, ABGR, xRGB, xBGR, RGB, BGR, RGB16, BGR16, AYUV, I420, YV12, NV12, NV21, YUY2, UYVY, Y41B, Y42B, Y444, GRAY8, GRAY16_LE, GRAY16_BE }, width=(int)[ 1, 2147483647 ], height=(int)[ 1, 2147483647 ], framerate=(fraction)[ 0/1, 2147483647/1 ]; video/x-raw(meta:GstVideoGLTextureUploadMeta, meta:GstVideoOverlayComposition), format=(string)RGBA, width=(int)[ 1, 2147483647 ], height=(int)[ 1, 2147483647 ], framerate=(fraction)[ 0/1, 2147483647/1 ]; video/x-raw(memory:SystemMemory, meta:GstVideoOverlayComposition), format=(string){ RGBA, BGRA, RGBx, BGRx, ARGB, ABGR, xRGB, xBGR, RGB, BGR, RGB16, BGR16, AYUV, I420, YV12, NV12, NV21, YUY2, UYVY, Y41B, Y42B, Y444, GRAY8, GRAY16_LE, GRAY16_BE }, width=(int)[ 1, 2147483647 ], height=(int)[ 1, 2147483647 ], framerate=(fraction)[ 0/
06-09 08:18:16.714  6032  6081 D GStreamer+basetransform: 0:00:55.208969302 0xe9014c30 gstbasetransform.c:1313:gst_base_transform_acceptcaps_default:<gluploadelement0> trying to transform with filter: video/x-raw(ANY) (the other pad template)
06-09 08:18:16.714  6032  6081 D GStreamer+basetransform: 0:00:55.208992166 0xe9014c30 gstbasetransform.c:533:gst_base_transform_transform_caps:<gluploadelement0> transform caps (direction = 2)
06-09 08:18:16.714  6032  6081 D GStreamer+GST_PERFORMANCE: 0:00:55.209022323 0xe9014c30 gstcaps.c:178:_gst_caps_copy:<0xe9448568> doing copy 0xe9448568 -> 0xe9448590
06-09 08:18:16.714  6032  6081 D GStreamer+GST_PERFORMANCE: 0:00:55.209080239 0xe9014c30 gstcaps.c:178:_gst_caps_copy:<0xe9448600> doing copy 0xe9448600 -> 0xe9448628
06-09 08:18:16.714  6032  6081 D GStreamer+GST_PERFORMANCE: 0:00:55.209130708 0xe9014c30 gstcaps.c:178:_gst_caps_copy:<0xe9448678> doing copy 0xe9448678 -> 0xe94486a0
06-09 08:18:16.714  6032  6081 D GStreamer+basetransform: 0:00:55.209187218 0xe9014c30 gstbasetransform.c:560:gst_base_transform_transform_caps:<gluploadelement0> to: video/x-raw(memory:GLMemory), format=(string)RGBA, width=(int)1280, height=(int)1440, interlace-mode=(string)progressive, pixel-aspect-ratio=(fraction)1/1, colorimetry=(string)sRGB, framerate=(fraction)105/4, texture-target=(string)external-oes
06-09 08:18:16.714  6032  6081 D GStreamer+basetransform: 0:00:55.209226750 0xe9014c30 gstbasetransform.c:1319:gst_base_transform_acceptcaps_default:<gluploadelement0> accept-caps result: 1
06-09 08:18:16.714  6032  6081 D GStreamer+GST_PADS: 0:00:55.209250031 0xe9014c30 gstpad.c:3945:gst_pad_query:<gluploadelement0:sink> sent query 0xe945aa00 (accept-caps), result 1
06-09 08:18:16.714  6032  6081 D GStreamer+GST_PADS: 0:00:55.209276385 0xe9014c30 gstutils.c:2575:gst_pad_proxy_query_accept_caps:<glimagesinkbin0:sink> proxying accept caps query: 1
06-09 08:18:16.714  6032  6081 D GStreamer+GST_PADS: 0:00:55.209298000 0xe9014c30 gstpad.c:3089:gst_pad_query_accept_caps_default:<glimagesinkbin0:sink> allowed caps subset ANY, caps video/x-raw(memory:GLMemory), format=(string)RGBA, width=(int)1280, height=(int)1440, interlace-mode=(string)progressive, pixel-aspect-ratio=(fraction)1/1, colorimetry=(string)sRGB, framerate=(fraction)105/4, texture-target=(string)external-oes
06-09 08:18:16.714  6032  6081 D GStreamer+GST_PADS: 0:00:55.209339614 0xe9014c30 gstpad.c:3367:gst_pad_query_default:<glimagesinkbin0:sink> not forwarding 0xe945aa00 (accept-caps) query
06-09 08:18:16.714  6032  6081 D GStreamer+GST_PADS: 0:00:55.209363052 0xe9014c30 gstpad.c:3945:gst_pad_query:<glimagesinkbin0:sink> sent query 0xe945aa00 (accept-caps), result 1
06-09 08:18:16.714  6032  6081 D GStreamer+default: 0:00:55.209385656 0xe9014c30 gstutils.c:2960:gst_pad_query_accept_caps:<glimagesinkbin0:sink> query returned 1
06-09 08:18:16.714  6032  6081 D GStreamer+basetransform: 0:00:55.209406854 0xe9014c30 gstbasetransform.c:1242:gst_base_transform_find_transform:<forhalffps> Input caps were video/x-raw(memory:GLMemory), format=(string)RGBA, width=(int)1280, height=(int)1440, interlace-mode=(string)progressive, pixel-aspect-ratio=(fraction)1/1, colorimetry=(string)sRGB, framerate=(fraction)105/4, texture-target=(string)external-oes, and got final caps video/x-raw(memory:GLMemory), format=(string)RGBA, width=(int)1280, height=(int)1440, interlace-mode=(string)progressive, pixel-aspect-ratio=(fraction)1/1, colorimetry=(string)sRGB, framerate=(fraction)105/4, texture-target=(string)external-oes
06-09 08:18:16.714  6032  6081 I GStreamer+basetransform: 0:00:55.209478052 0xe9014c30 gstbasetransform.c:1367:gst_base_transform_setcaps:<forhalffps> reuse caps
06-09 08:18:16.714  6032  6081 D GStreamer+GST_CAPS: 0:00:55.209501020 0xe9014c30 gstpad.c:2672:gst_pad_get_current_caps:<forhalffps:sink> get current pad caps (NULL)
06-09 08:18:16.714  6032  6081 D GStreamer+GST_CAPS: 0:00:55.209522739 0xe9014c30 gstpad.c:2672:gst_pad_get_current_caps:<forhalffps:src> get current pad caps (NULL)
06-09 08:18:16.714  6032  6081 D GStreamer+basetransform: 0:00:55.209542687 0xe9014c30 gstbasetransform.c:1061:gst_base_transform_configure_caps:<forhalffps> in caps:  video/x-raw(memory:GLMemory), format=(string)RGBA, width=(int)1280, height=(int)1440, interlace-mode=(string)progressive, pixel-aspect-ratio=(fraction)1/1, colorimetry=(string)sRGB, framerate=(fraction)105/4, texture-target=(string)external-oes
06-09 08:18:16.714  6032  6081 D GStreamer+basetransform: 0:00:55.209579718 0xe9014c30 gstbasetransform.c:1062:gst_base_transform_configure_caps:<forhalffps> out caps: video/x-raw(memory:GLMemory), format=(string)RGBA, width=(int)1280, height=(int)1440, interlace-mode=(string)progressive, pixel-aspect-ratio=(fraction)1/1, colorimetry=(string)sRGB, framerate=(fraction)105/4, texture-target=(string)external-oes
06-09 08:18:16.714  6032  6081 D GStreamer+basetransform: 0:00:55.209616593 0xe9014c30 gstbasetransform.c:1070:gst_base_transform_configure_caps:<forhalffps> have_same_caps: 1
06-09 08:18:16.714  6032  6081 I GStreamer+GST_EVENT: 0:00:55.209637843 0xe9014c30 gstevent.c:679:gst_event_new_caps creating caps event video/x-raw(memory:GLMemory), format=(string)RGBA, width=(int)1280, height=(int)1440, interlace-mode=(string)progressive, pixel-aspect-ratio=(fraction)1/1, colorimetry=(string)sRGB, framerate=(fraction)105/4, texture-target=(string)external-oes
06-09 08:18:16.714  6032  6081 D GStreamer+GST_EVENT: 0:00:55.209677427 0xe9014c30 gstevent.c:302:gst_event_new_custom creating new event 0xe945ecf0 caps 12814
06-09 08:18:16.714  6032  6081 D GStreamer+GST_PADS: 0:00:55.209700135 0xe9014c30 gstpad.c:5093:store_sticky_event:<forhalffps:src> notify caps
06-09 08:18:16.714  6032  6081 D GStreamer+GST_PADS: 0:00:55.209725187 0xe9014c30 gstpad.c:3853:check_sticky:<forhalffps:src> pushing all sticky events
06-09 08:18:16.714  6032  6081 D GStreamer+GST_PADS: 0:00:55.209743989 0xe9014c30 gstpad.c:3785:push_sticky:<forhalffps:src> event stream-start was already received
06-09 08:18:16.715  6032  6081 D GStreamer+GST_EVENT: 0:00:55.209764979 0xe9014c30 gstpad.c:5536:gst_pad_send_event_unchecked:<glimagesinkbin0:sink> have event type caps event: 0xe945ecf0, time 99:99:99.999999999, seq-num 155, GstEventCaps, caps=(GstCaps)"video/x-raw\(memory:GLMemory\)\,\ format\=\(string\)RGBA\,\ width\=\(int\)1280\,\ height\=\(int\)1440\,\ interlace-mode\=\(string\)progressive\,\ pixel-aspect-ratio\=\(fraction\)1/1\,\ colorimetry\=\(string\)sRGB\,\ framerate\=\(fraction\)105/4\,\ texture-target\=\(string\)external-oes";
06-09 08:18:16.715  6032  6081 D GStreamer+GST_CAPS: 0:00:55.209826645 0xe9014c30 gstutils.c:2955:gst_pad_query_accept_caps:<glimagesinkbin0:sink> accept caps of video/x-raw(memory:GLMemory), format=(string)RGBA, width=(int)1280, height=(int)1440, interlace-mode=(string)progressive, pixel-aspect-ratio=(fraction)1/1, colorimetry=(string)sRGB, framerate=(fraction)105/4, texture-target=(string)external-oes
06-09 08:18:16.715  6032  6081 D GStreamer+query: 0:00:55.209867531 0xe9014c30 gstquery.c:674:gst_query_new_custom creating new query 0xe945aa30 accept-caps
06-09 08:18:16.715  6032  6081 D GStreamer+GST_PADS: 0:00:55.209887635 0xe9014c30 gstpad.c:3922:gst_pad_query:<glimagesinkbin0:sink> doing query 0xe945aa30 (accept-caps)
06-09 08:18:16.715  6032  6081 D GStreamer+GST_PADS: 0:00:55.209909250 0xe9014c30 gstpad.c:3059:gst_pad_query_accept_caps_default:<glimagesinkbin0:sink> query accept-caps accept-caps query: 0xe945aa30, GstQueryAcceptCaps, caps=(GstCaps)"video/x-raw\(memory:GLMemory\)\,\ format\=\(string\)RGBA\,\ width\=\(int\)1280\,\ height\=\(int\)1440\,\ interlace-mode\=\(string\)progressive\,\ pixel-aspect-ratio\=\(fraction\)1/1\,\ colorimetry\=\(string\)sRGB\,\ framerate\=\(fraction\)105/4\,\ texture-target\=\(string\)external-oes", result=(boolean)false;
06-09 08:18:16.715  6032  6081 D GStreamer+GST_PADS: 0:00:55.209961020 0xe9014c30 gstutils.c:2564:gst_pad_proxy_query_accept_caps:<glimagesinkbin0:sink> proxying accept caps query for glimagesinkbin0:sink
06-09 08:18:16.715  6032  6081 D GStreamer+GST_PADS: 0:00:55.209986020 0xe9014c30 gstpad.c:4049:gst_pad_peer_query:<sink:proxypad1> peer query 0xe945aa30 (accept-caps)
06-09 08:18:16.715  6032  6081 D GStreamer+GST_PADS: 0:00:55.210008312 0xe9014c30 gstpad.c:3922:gst_pad_query:<gluploadelement0:sink> doing query 0xe945aa30 (accept-caps)
06-09 08:18:16.715  6032  6081 D GStreamer+basetransform: 0:00:55.210030760 0xe9014c30 gstbasetransform.c:1301:gst_base_transform_acceptcaps_default:<gluploadelement0> accept caps video/x-raw(memory:GLMemory), format=(string)RGBA, width=(int)1280, height=(int)1440, interlace-mode=(string)progressive, pixel-aspect-ratio=(fraction)1/1, colorimetry=(string)sRGB, framerate=(fraction)105/4, texture-target=(string)external-oes
06-09 08:18:16.715  6032  6081 D GStreamer+basetransform: 0:00:55.210068937 0xe9014c30 gstbasetransform.c:1308:gst_base_transform_acceptcaps_default:<gluploadelement0> intersect with pad template: video/x-raw(memory:GLMemory, meta:GstVideoOverlayComposition), format=(string){ RGBA, BGRA, RGBx, BGRx, ARGB, ABGR, xRGB, xBGR, RGB, BGR, RGB16, BGR16, AYUV, I420, YV12, NV12, NV21, YUY2, UYVY, Y41B, Y42B, Y444, GRAY8, GRAY16_LE, GRAY16_BE }, width=(int)[ 1, 2147483647 ], height=(int)[ 1, 2147483647 ], framerate=(fraction)[ 0/1, 2147483647/1 ]; video/x-raw(meta:GstVideoGLTextureUploadMeta, meta:GstVideoOverlayComposition), format=(string)RGBA, width=(int)[ 1, 2147483647 ], height=(int)[ 1, 2147483647 ], framerate=(fraction)[ 0/1, 2147483647/1 ]; video/x-raw(memory:SystemMemory, meta:GstVideoOverlayComposition), format=(string){ RGBA, BGRA, RGBx, BGRx, ARGB, ABGR, xRGB, xBGR, RGB, BGR, RGB16, BGR16, AYUV, I420, YV12, NV12, NV21, YUY2, UYVY, Y41B, Y42B, Y444, GRAY8, GRAY16_LE, GRAY16_BE }, width=(int)[ 1, 2147483647 ], height=(int)[ 1, 2147483647 ], framerate=(fraction)[ 0/
06-09 08:18:16.715  6032  6081 D GStreamer+basetransform: 0:00:55.210252583 0xe9014c30 gstbasetransform.c:1313:gst_base_transform_acceptcaps_default:<gluploadelement0> trying to transform with filter: video/x-raw(ANY) (the other pad template)
06-09 08:18:16.715  6032  6081 D GStreamer+basetransform: 0:00:55.210275291 0xe9014c30 gstbasetransform.c:533:gst_base_transform_transform_caps:<gluploadelement0> transform caps (direction = 2)
06-09 08:18:16.715  6032  6081 D GStreamer+GST_PERFORMANCE: 0:00:55.210304927 0xe9014c30 gstcaps.c:178:_gst_caps_copy:<0xe9448740> doing copy 0xe9448740 -> 0xe9448768
06-09 08:18:16.715  6032  6081 D GStreamer+GST_PERFORMANCE: 0:00:55.210362895 0xe9014c30 gstcaps.c:178:_gst_caps_copy:<0xe94487b8> doing copy 0xe94487b8 -> 0xe9497e00
06-09 08:18:16.715  6032  6081 D GStreamer+GST_PERFORMANCE: 0:00:55.210421698 0xe9014c30 gstcaps.c:178:_gst_caps_copy:<0xe9497e50> doing copy 0xe9497e50 -> 0xe9497e78
06-09 08:18:16.715  6032  6081 D GStreamer+basetransform: 0:00:55.210480031 0xe9014c30 gstbasetransform.c:560:gst_base_transform_transform_caps:<gluploadelement0> to: video/x-raw(memory:GLMemory), format=(string)RGBA, width=(int)1280, height=(int)1440, interlace-mode=(string)progressive, pixel-aspect-ratio=(fraction)1/1, colorimetry=(string)sRGB, framerate=(fraction)105/4, texture-target=(string)external-oes
06-09 08:18:16.715  6032  6081 D GStreamer+basetransform: 0:00:55.210519354 0xe9014c30 gstbasetransform.c:1319:gst_base_transform_acceptcaps_default:<gluploadelement0> accept-caps result: 1
06-09 08:18:16.715  6032  6081 D GStreamer+GST_PADS: 0:00:55.210542843 0xe9014c30 gstpad.c:3945:gst_pad_query:<gluploadelement0:sink> sent query 0xe945aa30 (accept-caps), result 1
06-09 08:18:16.715  6032  6081 D GStreamer+GST_PADS: 0:00:55.210568989 0xe9014c30 gstutils.c:2575:gst_pad_proxy_query_accept_caps:<glimagesinkbin0:sink> proxying accept caps query: 1
06-09 08:18:16.715  6032  6081 D GStreamer+GST_PADS: 0:00:55.210590395 0xe9014c30 gstpad.c:3089:gst_pad_query_accept_caps_default:<glimagesinkbin0:sink> allowed caps subset ANY, caps video/x-raw(memory:GLMemory), format=(string)RGBA, width=(int)1280, height=(int)1440, interlace-mode=(string)progressive, pixel-aspect-ratio=(fraction)1/1, colorimetry=(string)sRGB, framerate=(fraction)105/4, texture-target=(string)external-oes
06-09 08:18:16.715  6032  6081 D GStreamer+GST_PADS: 0:00:55.210631437 0xe9014c30 gstpad.c:3367:gst_pad_query_default:<glimagesinkbin0:sink> not forwarding 0xe945aa30 (accept-caps) query
06-09 08:18:16.715  6032  6081 D GStreamer+GST_PADS: 0:00:55.210654927 0xe9014c30 gstpad.c:3945:gst_pad_query:<glimagesinkbin0:sink> sent query 0xe945aa30 (accept-caps), result 1
06-09 08:18:16.715  6032  6081 D GStreamer+default: 0:00:55.210677166 0xe9014c30 gstutils.c:2960:gst_pad_query_accept_caps:<glimagesinkbin0:sink> query returned 1
06-09 08:18:16.715  6032  6081 D GStreamer+GST_PADS: 0:00:55.210702739 0xe9014c30 gstpad.c:5093:store_sticky_event:<sink:proxypad1> notify caps
06-09 08:18:16.715  6032  6081 D GStreamer+GST_PADS: 0:00:55.210727948 0xe9014c30 gstpad.c:3853:check_sticky:<sink:proxypad1> pushing all sticky events
06-09 08:18:16.715  6032  6081 D GStreamer+GST_PADS: 0:00:55.210746854 0xe9014c30 gstpad.c:3785:push_sticky:<sink:proxypad1> event stream-start was already received
06-09 08:18:16.716  6032  6081 D GStreamer+GST_EVENT: 0:00:55.210767323 0xe9014c30 gstpad.c:5536:gst_pad_send_event_unchecked:<gluploadelement0:sink> have event type caps event: 0xe945ecf0, time 99:99:99.999999999, seq-num 155, GstEventCaps, caps=(GstCaps)"video/x-raw\(memory:GLMemory\)\,\ format\=\(string\)RGBA\,\ width\=\(int\)1280\,\ height\=\(int\)1440\,\ interlace-mode\=\(string\)progressive\,\ pixel-aspect-ratio\=\(fraction\)1/1\,\ colorimetry\=\(string\)sRGB\,\ framerate\=\(fraction\)105/4\,\ texture-target\=\(string\)external-oes";
06-09 08:18:16.716  6032  6081 D GStreamer+GST_CAPS: 0:00:55.210828000 0xe9014c30 gstutils.c:2955:gst_pad_query_accept_caps:<gluploadelement0:sink> accept caps of video/x-raw(memory:GLMemory), format=(string)RGBA, width=(int)1280, height=(int)1440, interlace-mode=(string)progressive, pixel-aspect-ratio=(fraction)1/1, colorimetry=(string)sRGB, framerate=(fraction)105/4, texture-target=(string)external-oes
06-09 08:18:16.716  6032  6081 D GStreamer+query: 0:00:55.210869093 0xe9014c30 gstquery.c:674:gst_query_new_custom creating new query 0xe945aa60 accept-caps
06-09 08:18:16.716  6032  6081 D GStreamer+GST_PADS: 0:00:55.210889302 0xe9014c30 gstpad.c:3922:gst_pad_query:<gluploadelement0:sink> doing query 0xe945aa60 (accept-caps)
06-09 08:18:16.716  6032  6081 D GStreamer+basetransform: 0:00:55.210912114 0xe9014c30 gstbasetransform.c:1301:gst_base_transform_acceptcaps_default:<gluploadelement0> accept caps video/x-raw(memory:GLMemory), format=(string)RGBA, width=(int)1280, height=(int)1440, interlace-mode=(string)progressive, pixel-aspect-ratio=(fraction)1/1, colorimetry=(string)sRGB, framerate=(fraction)105/4, texture-target=(string)external-oes
06-09 08:18:16.716  6032  6081 D GStreamer+basetransform: 0:00:55.210950031 0xe9014c30 gstbasetransform.c:1308:gst_base_transform_acceptcaps_default:<gluploadelement0> intersect with pad template: video/x-raw(memory:GLMemory, meta:GstVideoOverlayComposition), format=(string){ RGBA, BGRA, RGBx, BGRx, ARGB, ABGR, xRGB, xBGR, RGB, BGR, RGB16, BGR16, AYUV, I420, YV12, NV12, NV21, YUY2, UYVY, Y41B, Y42B, Y444, GRAY8, GRAY16_LE, GRAY16_BE }, width=(int)[ 1, 2147483647 ], height=(int)[ 1, 2147483647 ], framerate=(fraction)[ 0/1, 2147483647/1 ]; video/x-raw(meta:GstVideoGLTextureUploadMeta, meta:GstVideoOverlayComposition), format=(string)RGBA, width=(int)[ 1, 2147483647 ], height=(int)[ 1, 2147483647 ], framerate=(fraction)[ 0/1, 2147483647/1 ]; video/x-raw(memory:SystemMemory, meta:GstVideoOverlayComposition), format=(string){ RGBA, BGRA, RGBx, BGRx, ARGB, ABGR, xRGB, xBGR, RGB, BGR, RGB16, BGR16, AYUV, I420, YV12, NV12, NV21, YUY2, UYVY, Y41B, Y42B, Y444, GRAY8, GRAY16_LE, GRAY16_BE }, width=(int)[ 1, 2147483647 ], height=(int)[ 1, 2147483647 ], framerate=(fraction)[ 0/
06-09 08:18:16.716  6032  6081 D GStreamer+basetransform: 0:00:55.211135135 0xe9014c30 gstbasetransform.c:1313:gst_base_transform_acceptcaps_default:<gluploadelement0> trying to transform with filter: video/x-raw(ANY) (the other pad template)
06-09 08:18:16.716  6032  6081 D GStreamer+basetransform: 0:00:55.211158104 0xe9014c30 gstbasetransform.c:533:gst_base_transform_transform_caps:<gluploadelement0> transform caps (direction = 2)
06-09 08:18:16.716  6032  6081 D GStreamer+GST_PERFORMANCE: 0:00:55.211187687 0xe9014c30 gstcaps.c:178:_gst_caps_copy:<0xe9497f18> doing copy 0xe9497f18 -> 0xe9497f40
06-09 08:18:16.716  6032  6081 D GStreamer+GST_PERFORMANCE: 0:00:55.211246229 0xe9014c30 gstcaps.c:178:_gst_caps_copy:<0xe9497f90> doing copy 0xe9497f90 -> 0xe9497fb8
06-09 08:18:16.716  6032  6081 D GStreamer+GST_PERFORMANCE: 0:00:55.211295187 0xe9014c30 gstcaps.c:178:_gst_caps_copy:<0xe9497f18> doing copy 0xe9497f18 -> 0xe9497f40
06-09 08:18:16.716  6032  6081 D GStreamer+basetransform: 0:00:55.211350135 0xe9014c30 gstbasetransform.c:560:gst_base_transform_transform_caps:<gluploadelement0> to: video/x-raw(memory:GLMemory), format=(string)RGBA, width=(int)1280, height=(int)1440, interlace-mode=(string)progressive, pixel-aspect-ratio=(fraction)1/1, colorimetry=(string)sRGB, framerate=(fraction)105/4, texture-target=(string)external-oes
