06-09 08:18:16.485  6032  6032 D GStreamer+bin: 0:00:54.980633000 0xe8dfae00 gstbin.c:909:find_message:<glimagesinkbin0> we found a message 0xe9002330 from sink matching types 00100000
06-09 08:18:16.485  6032  6032 D GStreamer+GST_STATES: 0:00:54.980654250 0xe8dfae00 gstbin.c:3020:gst_bin_change_state_func:<glimagesinkbin0> done changing bin's state from READY to PAUSED, now in READY, ret ASYNC
06-09 08:18:16.485  6032  6032 D GStreamer+GST_STATES: 0:00:54.980675760 0xe8dfae00 gstelement.c:2668:gst_element_change_state:<glimagesinkbin0> element will change state ASYNC
06-09 08:18:16.485  6032  6032 D GStreamer+GST_STATES: 0:00:54.980692635 0xe8dfae00 gstelement.c:2609:gst_element_set_state_func:<glimagesinkbin0> returned ASYNC
06-09 08:18:16.485  6032  6032 I GStreamer+GST_STATES: 0:00:54.980710291 0xe8dfae00 gstbin.c:2898:gst_bin_change_state_func:<pipeline0> child 'glimagesinkbin0' is changing state asynchronously to PAUSED
06-09 08:18:16.485  6032  6032 D GStreamer+bin: 0:00:54.980731541 0xe8dfae00 gstbin.c:2310:gst_bin_sort_iterator_next:<pipeline0> queue head gives forhalffps
06-09 08:18:16.485  6032  6032 D GStreamer+bin: 0:00:54.980751125 0xe8dfae00 gstbin.c:911:find_message:<pipeline0> no message found matching types 00001000
06-09 08:18:16.485  6032  6032 D GStreamer+bin: 0:00:54.980768208 0xe8dfae00 gstbin.c:918:find_message:<pipeline0>   structure-change
06-09 08:18:16.486  6032  6032 D GStreamer+bin: 0:00:54.980787010 0xe8dfae00 gstbin.c:2226:update_degree:<pipeline0> change element queue1, degree 1->0, linked to forhalffps
06-09 08:18:16.486  6032  6032 D GStreamer+bin: 0:00:54.980807635 0xe8dfae00 gstbin.c:2109:add_to_queue:<pipeline0> adding 'queue1' to queue
06-09 08:18:16.486  6032  6032 I GStreamer+GST_STATES: 0:00:54.980827896 0xe8dfae00 gstbin.c:2444:gst_bin_element_set_state:<forhalffps> current READY pending VOID_PENDING, desired next PAUSED
06-09 08:18:16.486  6032  6032 D GStreamer+bin: 0:00:54.980849198 0xe8dfae00 gstbin.c:911:find_message:<pipeline0> no message found matching types 00100000
06-09 08:18:16.486  6032  6032 D GStreamer+bin: 0:00:54.980866073 0xe8dfae00 gstbin.c:918:find_message:<pipeline0>   async-start
06-09 08:18:16.486  6032  6032 D GStreamer+bin: 0:00:54.980882427 0xe8dfae00 gstbin.c:2539:gst_bin_element_set_state:<pipeline0> setting element forhalffps to PAUSED, base_time 0:00:00.000000000
06-09 08:18:16.486  6032  6032 D GStreamer+GST_STATES: 0:00:54.980904406 0xe8dfae00 gstelement.c:2525:gst_element_set_state_func:<forhalffps> set_state to PAUSED
06-09 08:18:16.486  6032  6032 D GStreamer+GST_STATES: 0:00:54.980921854 0xe8dfae00 gstelement.c:2550:gst_element_set_state_func:<forhalffps> setting target state to PAUSED
06-09 08:18:16.486  6032  6032 D GStreamer+GST_STATES: 0:00:54.980939041 0xe8dfae00 gstelement.c:2563:gst_element_set_state_func:<forhalffps> current READY, old_pending VOID_PENDING, next VOID_PENDING, old return SUCCESS
06-09 08:18:16.486  6032  6032 D GStreamer+GST_STATES: 0:00:54.980962166 0xe8dfae00 gstelement.c:2597:gst_element_set_state_func:<forhalffps> final: setting state from READY to PAUSED
06-09 08:18:16.486  6032  6032 D GStreamer+GST_ELEMENT_PADS: 0:00:54.980986698 0xe8dfae00 gstelement.c:2795:gst_element_pads_activate:<forhalffps> activate pads
06-09 08:18:16.486  6032  6032 D GStreamer+GST_PADS: 0:00:54.981011281 0xe8dfae00 gstpad.c:1063:gst_pad_set_active:<forhalffps:src> activating pad from none
06-09 08:18:16.486  6032  6032 D GStreamer+GST_PADS: 0:00:54.981030291 0xe8dfae00 gstpad.c:979:pre_activate:<forhalffps:src> setting pad into push mode, unset flushing
06-09 08:18:16.486  6032  6032 D GStreamer+GST_PADS: 0:00:54.981050083 0xe8dfae00 gstpad.c:1188:activate_mode_internal:<forhalffps:src> activated in push mode
06-09 08:18:16.486  6032  6032 D GStreamer+GST_PADS: 0:00:54.981073260 0xe8dfae00 gstpad.c:1063:gst_pad_set_active:<forhalffps:sink> activating pad from none
06-09 08:18:16.486  6032  6032 D GStreamer+GST_PADS: 0:00:54.981091437 0xe8dfae00 gstpad.c:979:pre_activate:<forhalffps:sink> setting pad into push mode, unset flushing
06-09 08:18:16.486  6032  6032 D GStreamer+GST_PADS: 0:00:54.981109250 0xe8dfae00 gstpad.c:991:pre_activate:<forhalffps:sink> reschedule events on peer queue1:src
06-09 08:18:16.486  6032  6032 D GStreamer+GST_CAPS: 0:00:54.981130448 0xe8dfae00 gstpad.c:2672:gst_pad_get_current_caps:<forhalffps:sink> get current pad caps (NULL)
06-09 08:18:16.486  6032  6032 D GStreamer+GST_CAPS: 0:00:54.981151125 0xe8dfae00 gstpad.c:2672:gst_pad_get_current_caps:<forhalffps:src> get current pad caps (NULL)
06-09 08:18:16.486  6032  6032 D GStreamer+basetransform: 0:00:54.981170291 0xe8dfae00 gstbasetransform.c:2449:gst_base_transform_activate:<forhalffps> have_same_caps 1
06-09 08:18:16.486  6032  6032 D GStreamer+GST_PADS: 0:00:54.981189146 0xe8dfae00 gstpad.c:1188:activate_mode_internal:<forhalffps:sink> activated in push mode
06-09 08:18:16.486  6032  6032 D GStreamer+GST_ELEMENT_PADS: 0:00:54.981209250 0xe8dfae00 gstelement.c:2814:gst_element_pads_activate:<forhalffps> pad activation successful
06-09 08:18:16.486  6032  6032 D GStreamer+GST_STATES: 0:00:54.981228000 0xe8dfae00 gstelement.c:2686:gst_element_change_state:<forhalffps> element changed state SUCCESS
06-09 08:18:16.486  6032  6032 I GStreamer+GST_STATES: 0:00:54.981245396 0xe8dfae00 gstelement.c:2374:gst_element_continue_state:<forhalffps> completed state change to PAUSED
06-09 08:18:16.486  6032  6032 I GStreamer+GST_STATES: 0:00:54.981263833 0xe8dfae00 gstelement.c:2279:_priv_gst_element_state_changed:<forhalffps> notifying about state-changed READY to PAUSED (VOID_PENDING pending)
06-09 08:18:16.486  6032  6032 D GStreamer+GST_BUS: 0:00:54.981290500 0xe8dfae00 gstbus.c:309:gst_bus_post:<bus2> [msg 0xe9019920] posting on bus state-changed message: 0xe9019920, time 99:99:99.999999999, seq-num 48, element 'forhalffps', GstMessageStateChanged, old-state=(GstState)GST_STATE_READY, new-state=(GstState)GST_STATE_PAUSED, pending-state=(GstState)GST_STATE_VOID_PENDING;
06-09 08:18:16.486  6032  6032 D GStreamer+bin: 0:00:54.981336489 0xe8dfae00 gstbin.c:3654:gst_bin_handle_message_func:<pipeline0> [msg 0xe9019920] handling child forhalffps message of type state-changed
06-09 08:18:16.486  6032  6032 D GStreamer+bin: 0:00:54.981357844 0xe8dfae00 gstbin.c:3991:gst_bin_handle_message_func:<pipeline0> posting message upward
06-09 08:18:16.486  6032  6032 D GStreamer+GST_BUS: 0:00:54.981375812 0xe8dfae00 gstbus.c:309:gst_bus_post:<bus3> [msg 0xe9019920] posting on bus state-changed message: 0xe9019920, time 99:99:99.999999999, seq-num 48, element 'forhalffps', GstMessageStateChanged, old-state=(GstState)GST_STATE_READY, new-state=(GstState)GST_STATE_PAUSED, pending-state=(GstState)GST_STATE_VOID_PENDING;
06-09 08:18:16.486  6032  6032 D GStreamer+GST_BUS: 0:00:54.981426698 0xe8dfae00 gstbus.c:348:gst_bus_post:<bus3> [msg 0xe9019920] pushing on async queue
06-09 08:18:16.486  6032  6032 D GStreamer+GST_BUS: 0:00:54.981452791 0xe8dfae00 gstbus.c:351:gst_bus_post:<bus3> [msg 0xe9019920] pushed on async queue
06-09 08:18:16.486  6032  6032 D GStreamer+GST_BUS: 0:00:54.981472427 0xe8dfae00 gstbus.c:344:gst_bus_post:<bus2> [msg 0xe9019920] dropped
06-09 08:18:16.486  6032  6032 D GStreamer+GST_STATES: 0:00:54.981495291 0xe8dfae00 gstelement.c:2609:gst_element_set_state_func:<forhalffps> returned SUCCESS
06-09 08:18:16.486  6032  6032 I GStreamer+GST_STATES: 0:00:54.981514823 0xe8dfae00 gstbin.c:2892:gst_bin_change_state_func:<pipeline0> child 'forhalffps' changed state to 3(PAUSED) successfully
06-09 08:18:16.486  6032  6071 D GStreamer+GST_BUS: 0:00:54.981514146 0xe91c2800 gstbus.c:521:gst_bus_timed_pop_filtered:<bus3> got message 0xe9019920, state-changed from forhalffps, type mask is 4294967295
06-09 08:18:16.486  6032  6032 D GStreamer+bin: 0:00:54.981544614 0xe8dfae00 gstbin.c:2310:gst_bin_sort_iterator_next:<pipeline0> queue head gives queue1
06-09 08:18:16.486  6032  6032 D GStreamer+bin: 0:00:54.981563312 0xe8dfae00 gstbin.c:911:find_message:<pipeline0> no message found matching types 00001000
06-09 08:18:16.486  6032  6071 D GStreamer+GST_BUS: 0:00:54.981553000 0xe91c2800 gstbus.c:789:gst_bus_source_dispatch:<bus3> source 0xe9347a18 calling dispatch with state-changed message: 0xe9019920, time 99:99:99.999999999, seq-num 48, element 'forhalffps', GstMessageStateChanged, old-state=(GstState)GST_STATE_READY, new-state=(GstState)GST_STATE_PAUSED, pending-state=(GstState)GST_STATE_VOID_PENDING;
06-09 08:18:16.486  6032  6032 D GStreamer+bin: 0:00:54.981583469 0xe8dfae00 gstbin.c:918:find_message:<pipeline0>   structure-change
06-09 08:18:16.486  6032  6032 D GStreamer+bin: 0:00:54.981608833 0xe8dfae00 gstbin.c:2249:update_degree:<pipeline0> element queue1 not linked on any sinkpads
06-09 08:18:16.486  6032  6071 D GStreamer+GST_BUS: 0:00:54.981616698 0xe91c2800 gstbus.c:794:gst_bus_source_dispatch:<bus3> source 0xe9347a18 handler returns 1
06-09 08:18:16.486  6032  6032 I GStreamer+GST_STATES: 0:00:54.981627896 0xe8dfae00 gstbin.c:2444:gst_bin_element_set_state:<queue1> current READY pending VOID_PENDING, desired next PAUSED
06-09 08:18:16.486  6032  6032 D GStreamer+bin: 0:00:54.981648052 0xe8dfae00 gstbin.c:911:find_message:<pipeline0> no message found matching types 00100000
06-09 08:18:16.486  6032  6032 D GStreamer+bin: 0:00:54.981665708 0xe8dfae00 gstbin.c:918:find_message:<pipeline0>   async-start
06-09 08:18:16.486  6032  6032 D GStreamer+bin: 0:00:54.981682948 0xe8dfae00 gstbin.c:2539:gst_bin_element_set_state:<pipeline0> setting element queue1 to PAUSED, base_time 0:00:00.000000000
06-09 08:18:16.486  6032  6032 D GStreamer+GST_STATES: 0:00:54.981706489 0xe8dfae00 gstelement.c:2525:gst_element_set_state_func:<queue1> set_state to PAUSED
06-09 08:18:16.486  6032  6032 D GStreamer+GST_STATES: 0:00:54.981725187 0xe8dfae00 gstelement.c:2550:gst_element_set_state_func:<queue1> setting target state to PAUSED
06-09 08:18:16.486  6032  6032 D GStreamer+GST_STATES: 0:00:54.981743312 0xe8dfae00 gstelement.c:2563:gst_element_set_state_func:<queue1> current READY, old_pending VOID_PENDING, next VOID_PENDING, old return SUCCESS
06-09 08:18:16.486  6032  6032 D GStreamer+GST_STATES: 0:00:54.981764041 0xe8dfae00 gstelement.c:2597:gst_element_set_state_func:<queue1> final: setting state from READY to PAUSED
06-09 08:18:16.487  6032  6032 D GStreamer+GST_ELEMENT_PADS: 0:00:54.981785448 0xe8dfae00 gstelement.c:2795:gst_element_pads_activate:<queue1> activate pads
06-09 08:18:16.487  6032  6032 D GStreamer+GST_PADS: 0:00:54.981806125 0xe8dfae00 gstpad.c:1063:gst_pad_set_active:<queue1:src> activating pad from none
06-09 08:18:16.487  6032  6032 D GStreamer+GST_PADS: 0:00:54.981824562 0xe8dfae00 gstpad.c:979:pre_activate:<queue1:src> setting pad into push mode, unset flushing
06-09 08:18:16.487  6032  6032 D GStreamer+GST_PADS: 0:00:54.981845344 0xe8dfae00 gstpad.c:5978:gst_pad_start_task:<queue1:src> start task
06-09 08:18:16.487  6032  6032 D GStreamer+task: 0:00:54.981893260 0xe8dfae00 gsttask.c:427:gst_task_new Created task 0xe91e6828
06-09 08:18:16.487  6032  6032 I GStreamer+task: 0:00:54.981912687 0xe8dfae00 gsttask.c:453:gst_task_set_lock setting stream lock 0xe913899c on task 0xe91e6828
06-09 08:18:16.487  6032  6032 I GStreamer+GST_PADS: 0:00:54.981931594 0xe8dfae00 gstpad.c:5987:gst_pad_start_task:<queue1:src> created task 0xe91e6828
06-09 08:18:16.487  6032  6032 D GStreamer+GST_PADS: 0:00:54.981951698 0xe8dfae00 gstpad.c:5904:do_stream_status:<queue1:src> doing stream-status 0
06-09 08:18:16.487  6032  6032 D GStreamer+GST_PADS: 0:00:54.981978573 0xe8dfae00 gstpad.c:5933:do_stream_status:<queue1:src> posting stream-status 0
06-09 08:18:16.487  6032  6032 D GStreamer+GST_BUS: 0:00:54.981999875 0xe8dfae00 gstbus.c:309:gst_bus_post:<bus2> [msg 0xe9019978] posting on bus stream-status message: 0xe9019978, time 99:99:99.999999999, seq-num 49, element 'src', GstMessageStreamStatus, type=(GstStreamStatusType)GST_STREAM_STATUS_TYPE_CREATE, owner=(GstElement)"\(GstQueue\)\ queue1", object=(GstTask)"\(GstTask\)\ task0";
06-09 08:18:16.487  6032  6032 D GStreamer+bin: 0:00:54.982061750 0xe8dfae00 gstbin.c:3654:gst_bin_handle_message_func:<pipeline0> [msg 0xe9019978] handling child src message of type stream-status
06-09 08:18:16.487  6032  6032 D GStreamer+bin: 0:00:54.982083781 0xe8dfae00 gstbin.c:3991:gst_bin_handle_message_func:<pipeline0> posting message upward
06-09 08:18:16.487  6032  6032 D GStreamer+GST_BUS: 0:00:54.982100656 0xe8dfae00 gstbus.c:309:gst_bus_post:<bus3> [msg 0xe9019978] posting on bus stream-status message: 0xe9019978, time 99:99:99.999999999, seq-num 49, element 'src', GstMessageStreamStatus, type=(GstStreamStatusType)GST_STREAM_STATUS_TYPE_CREATE, owner=(GstElement)"\(GstQueue\)\ queue1", object=(GstTask)"\(GstTask\)\ task0";
06-09 08:18:16.487  6032  6032 D GStreamer+GST_BUS: 0:00:54.982153521 0xe8dfae00 gstbus.c:348:gst_bus_post:<bus3> [msg 0xe9019978] pushing on async queue
06-09 08:18:16.487  6032  6032 D GStreamer+GST_BUS: 0:00:54.982176541 0xe8dfae00 gstbus.c:351:gst_bus_post:<bus3> [msg 0xe9019978] pushed on async queue
06-09 08:18:16.487  6032  6032 D GStreamer+GST_BUS: 0:00:54.982196021 0xe8dfae00 gstbus.c:344:gst_bus_post:<bus2> [msg 0xe9019978] dropped
06-09 08:18:16.487  6032  6032 D GStreamer+task: 0:00:54.982218312 0xe8dfae00 gsttask.c:684:gst_task_set_state:<task0> Changing task 0xe91e6828 to state 0
06-09 08:18:16.487  6032  6071 D GStreamer+GST_BUS: 0:00:54.982235552 0xe91c2800 gstbus.c:521:gst_bus_timed_pop_filtered:<bus3> got message 0xe9019978, stream-status from src, type mask is 4294967295
06-09 08:18:16.487  6032  6032 D GStreamer+GST_PADS: 0:00:54.982298104 0xe8dfae00 gstpad.c:1188:activate_mode_internal:<queue1:src> activated in push mode
06-09 08:18:16.487  6032  6071 D GStreamer+GST_BUS: 0:00:54.982271437 0xe91c2800 gstbus.c:789:gst_bus_source_dispatch:<bus3> source 0xe9347a18 calling dispatch with stream-status message: 0xe9019978, time 99:99:99.999999999, seq-num 49, element 'src', GstMessageStreamStatus, type=(GstStreamStatusType)GST_STREAM_STATUS_TYPE_CREATE, owner=(GstElement)"\(GstQueue\)\ queue1", object=(GstTask)"\(GstTask\)\ task0";
06-09 08:18:16.487  6032  6032 D GStreamer+GST_PADS: 0:00:54.982335916 0xe8dfae00 gstpad.c:1063:gst_pad_set_active:<queue1:sink> activating pad from none
06-09 08:18:16.487  6032  6071 D GStreamer+GST_BUS: 0:00:54.982348885 0xe91c2800 gstbus.c:794:gst_bus_source_dispatch:<bus3> source 0xe9347a18 handler returns 1
06-09 08:18:16.487  6032  6032 D GStreamer+GST_PADS: 0:00:54.982360083 0xe8dfae00 gstpad.c:979:pre_activate:<queue1:sink> setting pad into push mode, unset flushing
06-09 08:18:16.487  6032  6081 D GStreamer+task: 0:00:54.982320448 0xe9014c30 gsttask.c:289:gst_task_func Entering task 0xe91e6828, thread 0xe9014c30
06-09 08:18:16.487  6032  6032 D GStreamer+GST_PADS: 0:00:54.982381698 0xe8dfae00 gstpad.c:1188:activate_mode_internal:<queue1:sink> activated in push mode
06-09 08:18:16.487  6032  6081 D GStreamer+GST_PADS: 0:00:54.982384719 0xe9014c30 gstpad.c:5904:do_stream_status:<queue1:src> doing stream-status 1
06-09 08:18:16.487  6032  6032 D GStreamer+GST_ELEMENT_PADS: 0:00:54.982408156 0xe8dfae00 gstelement.c:2814:gst_element_pads_activate:<queue1> pad activation successful
06-09 08:18:16.487  6032  6032 D GStreamer+GST_STATES: 0:00:54.982447479 0xe8dfae00 gstelement.c:2686:gst_element_change_state:<queue1> element changed state SUCCESS
06-09 08:18:16.487  6032  6032 I GStreamer+GST_STATES: 0:00:54.982471177 0xe8dfae00 gstelement.c:2374:gst_element_continue_state:<queue1> completed state change to PAUSED
06-09 08:18:16.487  6032  6081 D GStreamer+GST_PADS: 0:00:54.982460604 0xe9014c30 gstpad.c:5933:do_stream_status:<queue1:src> posting stream-status 1
06-09 08:18:16.487  6032  6032 I GStreamer+GST_STATES: 0:00:54.982491489 0xe8dfae00 gstelement.c:2279:_priv_gst_element_state_changed:<queue1> notifying about state-changed READY to PAUSED (VOID_PENDING pending)
06-09 08:18:16.487  6032  6032 D GStreamer+GST_BUS: 0:00:54.982518052 0xe8dfae00 gstbus.c:309:gst_bus_post:<bus2> [msg 0xe90199d0] posting on bus state-changed message: 0xe90199d0, time 99:99:99.999999999, seq-num 51, element 'queue1', GstMessageStateChanged, old-state=(GstState)GST_STATE_READY, new-state=(GstState)GST_STATE_PAUSED, pending-state=(GstState)GST_STATE_VOID_PENDING;
06-09 08:18:16.487  6032  6081 D GStreamer+GST_BUS: 0:00:54.982501021 0xe9014c30 gstbus.c:309:gst_bus_post:<bus2> [msg 0xe92216d8] posting on bus stream-status message: 0xe92216d8, time 99:99:99.999999999, seq-num 50, element 'src', GstMessageStreamStatus, type=(GstStreamStatusType)GST_STREAM_STATUS_TYPE_ENTER, owner=(GstElement)"\(GstQueue\)\ queue1", object=(GstTask)"\(GstTask\)\ queue1:src";
06-09 08:18:16.487  6032  6032 D GStreamer+bin: 0:00:54.982581594 0xe8dfae00 gstbin.c:3654:gst_bin_handle_message_func:<pipeline0> [msg 0xe90199d0] handling child queue1 message of type state-changed
06-09 08:18:16.487  6032  6081 D GStreamer+bin: 0:00:54.982598469 0xe9014c30 gstbin.c:3654:gst_bin_handle_message_func:<pipeline0> [msg 0xe92216d8] handling child src message of type stream-status
06-09 08:18:16.487  6032  6032 D GStreamer+bin: 0:00:54.982608937 0xe8dfae00 gstbin.c:3991:gst_bin_handle_message_func:<pipeline0> posting message upward
06-09 08:18:16.487  6032  6081 D GStreamer+bin: 0:00:54.982631854 0xe9014c30 gstbin.c:3991:gst_bin_handle_message_func:<pipeline0> posting message upward
06-09 08:18:16.487  6032  6032 D GStreamer+GST_BUS: 0:00:54.982631177 0xe8dfae00 gstbus.c:309:gst_bus_post:<bus3> [msg 0xe90199d0] posting on bus state-changed message: 0xe90199d0, time 99:99:99.999999999, seq-num 51, element 'queue1', GstMessageStateChanged, old-state=(GstState)GST_STATE_READY, new-state=(GstState)GST_STATE_PAUSED, pending-state=(GstState)GST_STATE_VOID_PENDING;
06-09 08:18:16.487  6032  6032 D GStreamer+GST_BUS: 0:00:54.982685656 0xe8dfae00 gstbus.c:348:gst_bus_post:<bus3> [msg 0xe90199d0] pushing on async queue
06-09 08:18:16.487  6032  6081 D GStreamer+GST_BUS: 0:00:54.982655552 0xe9014c30 gstbus.c:309:gst_bus_post:<bus3> [msg 0xe92216d8] posting on bus stream-status message: 0xe92216d8, time 99:99:99.999999999, seq-num 50, element 'src', GstMessageStreamStatus, type=(GstStreamStatusType)GST_STREAM_STATUS_TYPE_ENTER, owner=(GstElement)"\(GstQueue\)\ queue1", object=(GstTask)"\(GstTask\)\ queue1:src";
06-09 08:18:16.487  6032  6032 D GStreamer+GST_BUS: 0:00:54.982711229 0xe8dfae00 gstbus.c:351:gst_bus_post:<bus3> [msg 0xe90199d0] pushed on async queue
06-09 08:18:16.487  6032  6081 D GStreamer+GST_BUS: 0:00:54.982740812 0xe9014c30 gstbus.c:348:gst_bus_post:<bus3> [msg 0xe92216d8] pushing on async queue
06-09 08:18:16.487  6032  6032 D GStreamer+GST_BUS: 0:00:54.982740552 0xe8dfae00 gstbus.c:344:gst_bus_post:<bus2> [msg 0xe90199d0] dropped
06-09 08:18:16.487  6032  6032 D GStreamer+GST_STATES: 0:00:54.982769666 0xe8dfae00 gstelement.c:2609:gst_element_set_state_func:<queue1> returned SUCCESS
06-09 08:18:16.487  6032  6081 D GStreamer+GST_BUS: 0:00:54.982771489 0xe9014c30 gstbus.c:351:gst_bus_post:<bus3> [msg 0xe92216d8] pushed on async queue
06-09 08:18:16.488  6032  6071 D GStreamer+GST_BUS: 0:00:54.982770448 0xe91c2800 gstbus.c:521:gst_bus_timed_pop_filtered:<bus3> got message 0xe90199d0, state-changed from queue1, type mask is 4294967295
06-09 08:18:16.488  6032  6032 I GStreamer+GST_STATES: 0:00:54.982793156 0xe8dfae00 gstbin.c:2892:gst_bin_change_state_func:<pipeline0> child 'queue1' changed state to 3(PAUSED) successfully
06-09 08:18:16.488  6032  6032 D GStreamer+bin: 0:00:54.982820812 0xe8dfae00 gstbin.c:2295:gst_bin_sort_iterator_next:<pipeline0> queue empty, next best: forhwgl
06-09 08:18:16.488  6032  6081 D GStreamer+GST_BUS: 0:00:54.982816125 0xe9014c30 gstbus.c:344:gst_bus_post:<bus2> [msg 0xe92216d8] dropped
06-09 08:18:16.488  6032  6032 D GStreamer+bin: 0:00:54.982851541 0xe8dfae00 gstbin.c:2310:gst_bin_sort_iterator_next:<pipeline0> queue head gives forhwgl
06-09 08:18:16.488  6032  6071 D GStreamer+GST_BUS: 0:00:54.982814094 0xe91c2800 gstbus.c:789:gst_bus_source_dispatch:<bus3> source 0xe9347a18 calling dispatch with state-changed message: 0xe90199d0, time 99:99:99.999999999, seq-num 51, element 'queue1', GstMessageStateChanged, old-state=(GstState)GST_STATE_READY, new-state=(GstState)GST_STATE_PAUSED, pending-state=(GstState)GST_STATE_VOID_PENDING;
06-09 08:18:16.488  6032  6081 D GStreamer+task: 0:00:54.982857427 0xe9014c30 gsttask.c:251:gst_task_configure_name:<queue1:src> Setting thread name to 'queue1:src'
06-09 08:18:16.488  6032  6032 D GStreamer+bin: 0:00:54.982881854 0xe8dfae00 gstbin.c:911:find_message:<pipeline0> no message found matching types 00001000
06-09 08:18:16.488  6032  6081 D GStreamer+queue_dataflow: 0:00:54.982893625 0xe9014c30 gstqueue.c:1488:gst_queue_loop:<queue1> queue is empty
06-09 08:18:16.488  6032  6071 D GStreamer+GST_BUS: 0:00:54.982895291 0xe91c2800 gstbus.c:794:gst_bus_source_dispatch:<bus3> source 0xe9347a18 handler returns 1
06-09 08:18:16.488  6032  6032 D GStreamer+bin: 0:00:54.982905083 0xe8dfae00 gstbin.c:918:find_message:<pipeline0>   structure-change
06-09 08:18:16.488  6032  6032 D GStreamer+bin: 0:00:54.982928469 0xe8dfae00 gstbin.c:2226:update_degree:<pipeline0> change element queue0, degree 1->0, linked to forhwgl
06-09 08:18:16.488  6032  6071 D GStreamer+GST_BUS: 0:00:54.982938833 0xe91c2800 gstbus.c:521:gst_bus_timed_pop_filtered:<bus3> got message 0xe92216d8, stream-status from src, type mask is 4294967295
06-09 08:18:16.488  6032  6032 D GStreamer+bin: 0:00:54.982957271 0xe8dfae00 gstbin.c:2109:add_to_queue:<pipeline0> adding 'queue0' to queue
06-09 08:18:16.488  6032  6032 I GStreamer+GST_STATES: 0:00:54.982978416 0xe8dfae00 gstbin.c:2444:gst_bin_element_set_state:<forhwgl> current READY pending VOID_PENDING, desired next PAUSED
06-09 08:18:16.488  6032  6032 D GStreamer+bin: 0:00:54.983006073 0xe8dfae00 gstbin.c:911:find_message:<pipeline0> no message found matching types 00100000
06-09 08:18:16.488  6032  6071 D GStreamer+GST_BUS: 0:00:54.982969198 0xe91c2800 gstbus.c:789:gst_bus_source_dispatch:<bus3> source 0xe9347a18 calling dispatch with stream-status message: 0xe92216d8, time 99:99:99.999999999, seq-num 50, element 'src', GstMessageStreamStatus, type=(GstStreamStatusType)GST_STREAM_STATUS_TYPE_ENTER, owner=(GstElement)"\(GstQueue\)\ queue1", object=(GstTask)"\(GstTask\)\ queue1:src";
06-09 08:18:16.488  6032  6032 D GStreamer+bin: 0:00:54.983030760 0xe8dfae00 gstbin.c:918:find_message:<pipeline0>   async-start
06-09 08:18:16.488  6032  6071 D GStreamer+GST_BUS: 0:00:54.983038416 0xe91c2800 gstbus.c:794:gst_bus_source_dispatch:<bus3> source 0xe9347a18 handler returns 1
06-09 08:18:16.488  6032  6032 D GStreamer+bin: 0:00:54.983052896 0xe8dfae00 gstbin.c:2539:gst_bin_element_set_state:<pipeline0> setting element forhwgl to PAUSED, base_time 0:00:00.000000000
06-09 08:18:16.488  6032  6032 D GStreamer+GST_STATES: 0:00:54.983080135 0xe8dfae00 gstelement.c:2525:gst_element_set_state_func:<forhwgl> set_state to PAUSED
06-09 08:18:16.488  6032  6032 D GStreamer+GST_STATES: 0:00:54.983097948 0xe8dfae00 gstelement.c:2550:gst_element_set_state_func:<forhwgl> setting target state to PAUSED
06-09 08:18:16.488  6032  6032 D GStreamer+GST_STATES: 0:00:54.983116385 0xe8dfae00 gstelement.c:2563:gst_element_set_state_func:<forhwgl> current READY, old_pending VOID_PENDING, next VOID_PENDING, old return SUCCESS
06-09 08:18:16.488  6032  6032 D GStreamer+GST_STATES: 0:00:54.983139458 0xe8dfae00 gstelement.c:2597:gst_element_set_state_func:<forhwgl> final: setting state from READY to PAUSED
06-09 08:18:16.488  6032  6032 D GStreamer+bin: 0:00:54.983165604 0xe8dfae00 gstbin.c:3654:gst_bin_handle_message_func:<forhwgl> [msg 0xe9019a28] handling child forhwgl message of type async-start
06-09 08:18:16.488  6032  6032 D GStreamer+bin: 0:00:54.983188260 0xe8dfae00 gstbin.c:3844:gst_bin_handle_message_func:<forhwgl> ASYNC_START message 0xe9019a28, forhwgl
06-09 08:18:16.488  6032  6032 D GStreamer+bin: 0:00:54.983207531 0xe8dfae00 gstbin.c:911:find_message:<forhwgl> no message found matching types 00100000
06-09 08:18:16.488  6032  6032 D GStreamer+bin: 0:00:54.983226021 0xe8dfae00 gstbin.c:918:find_message:<forhwgl>   async-start
06-09 08:18:16.488  6032  6032 D GStreamer+bin: 0:00:54.983244510 0xe8dfae00 gstbin.c:958:bin_replace_message:<forhwgl> got new message 0xe9019a28, async-start from forhwgl
06-09 08:18:16.488  6032  6032 D GStreamer+GST_STATES: 0:00:54.983266541 0xe8dfae00 gstbin.c:3304:bin_handle_async_start:<forhwgl> state change busy
06-09 08:18:16.488  6032  6032 D GStreamer+bin: 0:00:54.983283625 0xe8dfae00 gstbin.c:3290:bin_handle_async_start:<forhwgl> posting ASYNC_START to parent
06-09 08:18:16.488  6032  6032 D GStreamer+GST_BUS: 0:00:54.983301698 0xe8dfae00 gstbus.c:309:gst_bus_post:<bus2> [msg 0xe9019a80] posting on bus async-start message: 0xe9019a80, time 99:99:99.999999999, seq-num 53, element 'forhwgl', (NULL)
06-09 08:18:16.488  6032  6032 D GStreamer+bin: 0:00:54.983336073 0xe8dfae00 gstbin.c:3654:gst_bin_handle_message_func:<pipeline0> [msg 0xe9019a80] handling child forhwgl message of type async-start
06-09 08:18:16.488  6032  6032 D GStreamer+bin: 0:00:54.983357531 0xe8dfae00 gstbin.c:3844:gst_bin_handle_message_func:<pipeline0> ASYNC_START message 0xe9019a80, forhwgl
06-09 08:18:16.488  6032  6032 D GStreamer+bin: 0:00:54.983376594 0xe8dfae00 gstbin.c:911:find_message:<pipeline0> no message found matching types 00100000
06-09 08:18:16.488  6032  6032 D GStreamer+bin: 0:00:54.983394771 0xe8dfae00 gstbin.c:918:find_message:<pipeline0>   async-start
06-09 08:18:16.488  6032  6032 D GStreamer+bin: 0:00:54.983422479 0xe8dfae00 gstbin.c:958:bin_replace_message:<pipeline0> got new message 0xe9019a80, async-start from forhwgl
06-09 08:18:16.488  6032  6032 D GStreamer+GST_STATES: 0:00:54.983445969 0xe8dfae00 gstbin.c:3304:bin_handle_async_start:<pipeline0> state change busy
06-09 08:18:16.488  6032  6032 D GStreamer+GST_BUS: 0:00:54.983466541 0xe8dfae00 gstbus.c:344:gst_bus_post:<bus2> [msg 0xe9019a80] dropped
06-09 08:18:16.488  6032  6032 D GStreamer+GST_STATES: 0:00:54.983496281 0xe8dfae00 gstbin.c:2792:gst_bin_change_state_func:<forhwgl> changing state of children from READY to PAUSED
06-09 08:18:16.488  6032  6032 D GStreamer+bin: 0:00:54.983517844 0xe8dfae00 gstbin.c:2816:gst_bin_change_state_func:<forhwgl> clearing EOS elements
06-09 08:18:16.488  6032  6032 D GStreamer+bin: 0:00:54.983534146 0xe8dfae00 gstbin.c:992:bin_remove_messages:<forhwgl> not deleting message 0xe9019a28 of type 0x00100000
06-09 08:18:16.488  6032  6032 D GStreamer+bin: 0:00:54.983555291 0xe8dfae00 gstbin.c:992:bin_remove_messages:<forhwgl> not deleting message 0xe9019a28 of type 0x00100000
06-09 08:18:16.488  6032  6032 D GStreamer+bin: 0:00:54.983575500 0xe8dfae00 gstbin.c:2637:gst_bin_src_pads_activate:<forhwgl> activate pads
06-09 08:18:16.488  6032  6032 D GStreamer+bin: 0:00:54.983596333 0xe8dfae00 gstbin.c:2645:gst_bin_src_pads_activate:<forhwgl> pad activation successful
06-09 08:18:16.488  6032  6032 D GStreamer+bin: 0:00:54.983617948 0xe8dfae00 gstbin.c:2323:gst_bin_sort_iterator_resync:<forhwgl> resync
06-09 08:18:16.488  6032  6032 D GStreamer+bin: 0:00:54.983636646 0xe8dfae00 gstbin.c:911:find_message:<forhwgl> no message found matching types 00001000
06-09 08:18:16.488  6032  6032 D GStreamer+bin: 0:00:54.983654406 0xe8dfae00 gstbin.c:918:find_message:<forhwgl>   structure-change
06-09 08:18:16.488  6032  6032 D GStreamer+bin: 0:00:54.983675187 0xe8dfae00 gstbin.c:2249:update_degree:<forhwgl> element typefind not linked on any sinkpads
06-09 08:18:16.488  6032  6032 D GStreamer+bin: 0:00:54.983696229 0xe8dfae00 gstbin.c:2295:gst_bin_sort_iterator_next:<forhwgl> queue empty, next best: typefind
06-09 08:18:16.488  6032  6032 D GStreamer+bin: 0:00:54.983716541 0xe8dfae00 gstbin.c:2310:gst_bin_sort_iterator_next:<forhwgl> queue head gives typefind
06-09 08:18:16.488  6032  6032 D GStreamer+bin: 0:00:54.983735291 0xe8dfae00 gstbin.c:911:find_message:<forhwgl> no message found matching types 00001000
06-09 08:18:16.488  6032  6032 D GStreamer+bin: 0:00:54.983753052 0xe8dfae00 gstbin.c:918:find_message:<forhwgl>   structure-change
06-09 08:18:16.488  6032  6032 D GStreamer+bin: 0:00:54.983772323 0xe8dfae00 gstbin.c:2249:update_degree:<forhwgl> element typefind not linked on any sinkpads
06-09 08:18:16.489  6032  6032 I GStreamer+GST_STATES: 0:00:54.983791958 0xe8dfae00 gstbin.c:2444:gst_bin_element_set_state:<typefind> current READY pending VOID_PENDING, desired next PAUSED
06-09 08:18:16.489  6032  6032 D GStreamer+bin: 0:00:54.983813469 0xe8dfae00 gstbin.c:911:find_message:<forhwgl> no message found matching types 00100000
06-09 08:18:16.489  6032  6032 D GStreamer+bin: 0:00:54.983831802 0xe8dfae00 gstbin.c:918:find_message:<forhwgl>   async-start
06-09 08:18:16.489  6032  6032 D GStreamer+bin: 0:00:54.983849771 0xe8dfae00 gstbin.c:2539:gst_bin_element_set_state:<forhwgl> setting element typefind to PAUSED, base_time 0:00:00.000000000
06-09 08:18:16.489  6032  6032 D GStreamer+GST_STATES: 0:00:54.983873156 0xe8dfae00 gstelement.c:2525:gst_element_set_state_func:<typefind> set_state to PAUSED
06-09 08:18:16.489  6032  6032 D GStreamer+GST_STATES: 0:00:54.983891281 0xe8dfae00 gstelement.c:2550:gst_element_set_state_func:<typefind> setting target state to PAUSED
06-09 08:18:16.489  6032  6032 D GStreamer+GST_STATES: 0:00:54.983909771 0xe8dfae00 gstelement.c:2563:gst_element_set_state_func:<typefind> current READY, old_pending VOID_PENDING, next VOID_PENDING, old return SUCCESS
06-09 08:18:16.489  6032  6032 D GStreamer+GST_STATES: 0:00:54.983932739 0xe8dfae00 gstelement.c:2597:gst_element_set_state_func:<typefind> final: setting state from READY to PAUSED
06-09 08:18:16.489  6032  6032 D GStreamer+GST_ELEMENT_PADS: 0:00:54.983956281 0xe8dfae00 gstelement.c:2795:gst_element_pads_activate:<typefind> activate pads
06-09 08:18:16.489  6032  6032 D GStreamer+GST_PADS: 0:00:54.983977896 0xe8dfae00 gstpad.c:1063:gst_pad_set_active:<typefind:src> activating pad from none
06-09 08:18:16.489  6032  6032 D GStreamer+GST_PADS: 0:00:54.983996750 0xe8dfae00 gstpad.c:979:pre_activate:<typefind:src> setting pad into push mode, unset flushing
06-09 08:18:16.489  6032  6032 D GStreamer+GST_PADS: 0:00:54.984016906 0xe8dfae00 gstpad.c:1188:activate_mode_internal:<typefind:src> activated in push mode
06-09 08:18:16.489  6032  6032 D GStreamer+GST_PADS: 0:00:54.984041333 0xe8dfae00 gstpad.c:1063:gst_pad_set_active:<typefind:sink> activating pad from none
06-09 08:18:16.489  6032  6032 D GStreamer+query: 0:00:54.984064979 0xe8dfae00 gstquery.c:674:gst_query_new_custom creating new query 0xe9014c60 scheduling
06-09 08:18:16.489  6032  6032 D GStreamer+GST_PADS: 0:00:54.984085916 0xe8dfae00 gstpad.c:4049:gst_pad_peer_query:<typefind:sink> peer query 0xe9014c60 (scheduling)
06-09 08:18:16.489  6032  6032 D GStreamer+GST_PADS: 0:00:54.984109302 0xe8dfae00 gstpad.c:3922:gst_pad_query:<sink:proxypad0> doing query 0xe9014c60 (scheduling)
06-09 08:18:16.489  6032  6032 D GStreamer+GST_PADS: 0:00:54.984131958 0xe8dfae00 gstpad.c:3367:gst_pad_query_default:<sink:proxypad0> forwarding 0xe9014c60 (scheduling) query
06-09 08:18:16.489  6032  6032 D GStreamer+GST_PADS: 0:00:54.984159510 0xe8dfae00 gstpad.c:4049:gst_pad_peer_query:<forhwgl:sink> peer query 0xe9014c60 (scheduling)
06-09 08:18:16.489  6032  6032 D GStreamer+GST_PADS: 0:00:54.984182531 0xe8dfae00 gstpad.c:3922:gst_pad_query:<queue0:src> doing query 0xe9014c60 (scheduling)
06-09 08:18:16.489  6032  6032 D GStreamer+GST_PADS: 0:00:54.984218156 0xe8dfae00 gstpad.c:3945:gst_pad_query:<queue0:src> sent query 0xe9014c60 (scheduling), result 1
06-09 08:18:16.489  6032  6032 D GStreamer+GST_PADS: 0:00:54.984245500 0xe8dfae00 gstpad.c:3945:gst_pad_query:<sink:proxypad0> sent query 0xe9014c60 (scheduling), result 1
06-09 08:18:16.489  6032  6032 D GStreamer+GST_PADS: 0:00:54.984272896 0xe8dfae00 gstpad.c:979:pre_activate:<typefind:sink> setting pad into push mode, unset flushing
06-09 08:18:16.489  6032  6032 D GStreamer+GST_PADS: 0:00:54.984292583 0xe8dfae00 gstpad.c:991:pre_activate:<typefind:sink> reschedule events on peer sink:proxypad0
06-09 08:18:16.489  6032  6032 D GStreamer+typefind: 0:00:54.984312635 0xe8dfae00 gsttypefindelement.c:577:start_typefinding:<typefind> starting typefinding
06-09 08:18:16.489  6032  6032 D GStreamer+GST_PADS: 0:00:54.984330552 0xe8dfae00 gstpad.c:1188:activate_mode_internal:<typefind:sink> activated in push mode
06-09 08:18:16.489  6032  6032 D GStreamer+GST_ELEMENT_PADS: 0:00:54.984352583 0xe8dfae00 gstelement.c:2814:gst_element_pads_activate:<typefind> pad activation successful
06-09 08:18:16.489  6032  6032 D GStreamer+GST_STATES: 0:00:54.984372219 0xe8dfae00 gstelement.c:2686:gst_element_change_state:<typefind> element changed state SUCCESS
06-09 08:18:16.489  6032  6032 I GStreamer+GST_STATES: 0:00:54.984389979 0xe8dfae00 gstelement.c:2374:gst_element_continue_state:<typefind> completed state change to PAUSED
06-09 08:18:16.489  6032  6032 I GStreamer+GST_STATES: 0:00:54.984408000 0xe8dfae00 gstelement.c:2279:_priv_gst_element_state_changed:<typefind> notifying about state-changed READY to PAUSED (VOID_PENDING pending)
06-09 08:18:16.489  6032  6032 D GStreamer+GST_BUS: 0:00:54.984442531 0xe8dfae00 gstbus.c:309:gst_bus_post:<bus0> [msg 0xe9019ad8] posting on bus state-changed message: 0xe9019ad8, time 99:99:99.999999999, seq-num 54, element 'typefind', GstMessageStateChanged, old-state=(GstState)GST_STATE_READY, new-state=(GstState)GST_STATE_PAUSED, pending-state=(GstState)GST_STATE_VOID_PENDING;
06-09 08:18:16.489  6032  6032 D GStreamer+decodebin: 0:00:54.984491593 0xe8dfae00 gstdecodebin2.c:5492:gst_decode_bin_handle_message:<forhwgl> Forwarding msg state-changed message: 0xe9019ad8, time 99:99:99.999999999, seq-num 54, element 'typefind', GstMessageStateChanged, old-state=(GstState)GST_STATE_READY, new-state=(GstState)GST_STATE_PAUSED, pending-state=(GstState)GST_STATE_VOID_PENDING;
06-09 08:18:16.489  6032  6032 D GStreamer+bin: 0:00:54.984534510 0xe8dfae00 gstbin.c:3654:gst_bin_handle_message_func:<forhwgl> [msg 0xe9019ad8] handling child typefind message of type state-changed
06-09 08:18:16.489  6032  6032 D GStreamer+bin: 0:00:54.984556437 0xe8dfae00 gstbin.c:3991:gst_bin_handle_message_func:<forhwgl> posting message upward
06-09 08:18:16.489  6032  6032 D GStreamer+GST_BUS: 0:00:54.984574041 0xe8dfae00 gstbus.c:309:gst_bus_post:<bus2> [msg 0xe9019ad8] posting on bus state-changed message: 0xe9019ad8, time 99:99:99.999999999, seq-num 54, element 'typefind', GstMessageStateChanged, old-state=(GstState)GST_STATE_READY, new-state=(GstState)GST_STATE_PAUSED, pending-state=(GstState)GST_STATE_VOID_PENDING;
06-09 08:18:16.489  6032  6032 D GStreamer+bin: 0:00:54.984617062 0xe8dfae00 gstbin.c:3654:gst_bin_handle_message_func:<pipeline0> [msg 0xe9019ad8] handling child typefind message of type state-changed
06-09 08:18:16.489  6032  6032 D GStreamer+bin: 0:00:54.984637531 0xe8dfae00 gstbin.c:3991:gst_bin_handle_message_func:<pipeline0> posting message upward
06-09 08:18:16.489  6032  6032 D GStreamer+GST_BUS: 0:00:54.984654562 0xe8dfae00 gstbus.c:309:gst_bus_post:<bus3> [msg 0xe9019ad8] posting on bus state-changed message: 0xe9019ad8, time 99:99:99.999999999, seq-num 54, element 'typefind', GstMessageStateChanged, old-state=(GstState)GST_STATE_READY, new-state=(GstState)GST_STATE_PAUSED, pending-state=(GstState)GST_STATE_VOID_PENDING;
06-09 08:18:16.489  6032  6032 D GStreamer+GST_BUS: 0:00:54.984696385 0xe8dfae00 gstbus.c:348:gst_bus_post:<bus3> [msg 0xe9019ad8] pushing on async queue
06-09 08:18:16.489  6032  6032 D GStreamer+GST_BUS: 0:00:54.984720187 0xe8dfae00 gstbus.c:351:gst_bus_post:<bus3> [msg 0xe9019ad8] pushed on async queue
06-09 08:18:16.489  6032  6032 D GStreamer+GST_BUS: 0:00:54.984738573 0xe8dfae00 gstbus.c:344:gst_bus_post:<bus2> [msg 0xe9019ad8] dropped
06-09 08:18:16.489  6032  6032 D GStreamer+GST_BUS: 0:00:54.984760708 0xe8dfae00 gstbus.c:344:gst_bus_post:<bus0> [msg 0xe9019ad8] dropped
06-09 08:18:16.489  6032  6032 D GStreamer+GST_STATES: 0:00:54.984781437 0xe8dfae00 gstelement.c:2609:gst_element_set_state_func:<typefind> returned SUCCESS
06-09 08:18:16.490  6032  6071 D GStreamer+GST_BUS: 0:00:54.984779979 0xe91c2800 gstbus.c:521:gst_bus_timed_pop_filtered:<bus3> got message 0xe9019ad8, state-changed from typefind, type mask is 4294967295
06-09 08:18:16.490  6032  6032 I GStreamer+GST_STATES: 0:00:54.984802791 0xe8dfae00 gstbin.c:2892:gst_bin_change_state_func:<forhwgl> child 'typefind' changed state to 3(PAUSED) successfully
06-09 08:18:16.490  6032  6032 D GStreamer+bin: 0:00:54.984826333 0xe8dfae00 gstbin.c:2299:gst_bin_sort_iterator_next:<forhwgl> queue empty, elements exhausted
06-09 08:18:16.490  6032  6032 D GStreamer+GST_STATES: 0:00:54.984842739 0xe8dfae00 gstbin.c:2951:gst_bin_change_state_func:<forhwgl> iterator done
06-09 08:18:16.490  6032  6071 D GStreamer+GST_BUS: 0:00:54.984815239 0xe91c2800 gstbus.c:789:gst_bus_source_dispatch:<bus3> source 0xe9347a18 calling dispatch with state-changed message: 0xe9019ad8, time 99:99:99.999999999, seq-num 54, element 'typefind', GstMessageStateChanged, old-state=(GstState)GST_STATE_READY, new-state=(GstState)GST_STATE_PAUSED, pending-state=(GstState)GST_STATE_VOID_PENDING;
06-09 08:18:16.490  6032  6032 D GStreamer+GST_ELEMENT_PADS: 0:00:54.984861802 0xe8dfae00 gstelement.c:2795:gst_element_pads_activate:<forhwgl> activate pads
06-09 08:18:16.490  6032  6071 D GStreamer+GST_BUS: 0:00:54.984874250 0xe91c2800 gstbus.c:794:gst_bus_source_dispatch:<bus3> source 0xe9347a18 handler returns 1
06-09 08:18:16.490  6032  6032 D GStreamer+GST_PADS: 0:00:54.984887427 0xe8dfae00 gstpad.c:1069:gst_pad_set_active:<forhwgl:sink> pad was active in push mode
06-09 08:18:16.490  6032  6032 D GStreamer+GST_ELEMENT_PADS: 0:00:54.984908573 0xe8dfae00 gstelement.c:2814:gst_element_pads_activate:<forhwgl> pad activation successful
06-09 08:18:16.490  6032  6032 D GStreamer+bin: 0:00:54.984929458 0xe8dfae00 gstbin.c:2341:gst_bin_sort_iterator_free:<forhwgl> free
06-09 08:18:16.490  6032  6032 D GStreamer+bin: 0:00:54.984948312 0xe8dfae00 gstbin.c:2986:gst_bin_change_state_func:<forhwgl> no async elements
06-09 08:18:16.490  6032  6032 D GStreamer+GST_STATES: 0:00:54.984964718 0xe8dfae00 gstbin.c:3020:gst_bin_change_state_func:<forhwgl> done changing bin's state from READY to PAUSED, now in READY, ret SUCCESS
06-09 08:18:16.490  6032  6032 D GStreamer+GST_STATES: 0:00:54.984987843 0xe8dfae00 gstelement.c:2668:gst_element_change_state:<forhwgl> element will change state ASYNC
06-09 08:18:16.490  6032  6032 D GStreamer+GST_STATES: 0:00:54.985005239 0xe8dfae00 gstelement.c:2609:gst_element_set_state_func:<forhwgl> returned ASYNC
06-09 08:18:16.490  6032  6032 I GStreamer+GST_STATES: 0:00:54.985024146 0xe8dfae00 gstbin.c:2898:gst_bin_change_state_func:<pipeline0> child 'forhwgl' is changing state asynchronously to PAUSED
06-09 08:18:16.490  6032  6032 D GStreamer+bin: 0:00:54.985046229 0xe8dfae00 gstbin.c:2310:gst_bin_sort_iterator_next:<pipeline0> queue head gives queue0
06-09 08:18:16.490  6032  6032 D GStreamer+bin: 0:00:54.985065864 0xe8dfae00 gstbin.c:911:find_message:<pipeline0> no message found matching types 00001000
06-09 08:18:16.490  6032  6032 D GStreamer+bin: 0:00:54.985084771 0xe8dfae00 gstbin.c:918:find_message:<pipeline0>   structure-change
06-09 08:18:16.490  6032  6032 D GStreamer+bin: 0:00:54.985103468 0xe8dfae00 gstbin.c:2249:update_degree:<pipeline0> element queue0 not linked on any sinkpads
06-09 08:18:16.490  6032  6032 I GStreamer+GST_STATES: 0:00:54.985122948 0xe8dfae00 gstbin.c:2444:gst_bin_element_set_state:<queue0> current READY pending VOID_PENDING, desired next PAUSED
06-09 08:18:16.490  6032  6032 D GStreamer+bin: 0:00:54.985145291 0xe8dfae00 gstbin.c:911:find_message:<pipeline0> no message found matching types 00100000
06-09 08:18:16.490  6032  6032 D GStreamer+bin: 0:00:54.985163989 0xe8dfae00 gstbin.c:918:find_message:<pipeline0>   async-start
06-09 08:18:16.490  6032  6032 D GStreamer+bin: 0:00:54.985180916 0xe8dfae00 gstbin.c:2539:gst_bin_element_set_state:<pipeline0> setting element queue0 to PAUSED, base_time 0:00:00.000000000
06-09 08:18:16.490  6032  6032 D GStreamer+GST_STATES: 0:00:54.985205083 0xe8dfae00 gstelement.c:2525:gst_element_set_state_func:<queue0> set_state to PAUSED
06-09 08:18:16.490  6032  6032 D GStreamer+GST_STATES: 0:00:54.985223573 0xe8dfae00 gstelement.c:2550:gst_element_set_state_func:<queue0> setting target state to PAUSED
06-09 08:18:16.490  6032  6032 D GStreamer+GST_STATES: 0:00:54.985241281 0xe8dfae00 gstelement.c:2563:gst_element_set_state_func:<queue0> current READY, old_pending VOID_PENDING, next VOID_PENDING, old return SUCCESS
06-09 08:18:16.490  6032  6032 D GStreamer+GST_STATES: 0:00:54.985262479 0xe8dfae00 gstelement.c:2597:gst_element_set_state_func:<queue0> final: setting state from READY to PAUSED
06-09 08:18:16.490  6032  6032 D GStreamer+GST_ELEMENT_PADS: 0:00:54.985284510 0xe8dfae00 gstelement.c:2795:gst_element_pads_activate:<queue0> activate pads
06-09 08:18:16.490  6032  6032 D GStreamer+GST_PADS: 0:00:54.985305708 0xe8dfae00 gstpad.c:1063:gst_pad_set_active:<queue0:src> activating pad from none
06-09 08:18:16.490  6032  6032 D GStreamer+GST_PADS: 0:00:54.985324718 0xe8dfae00 gstpad.c:979:pre_activate:<queue0:src> setting pad into push mode, unset flushing
06-09 08:18:16.490  6032  6032 D GStreamer+GST_PADS: 0:00:54.985345448 0xe8dfae00 gstpad.c:5978:gst_pad_start_task:<queue0:src> start task
06-09 08:18:16.490  6032  6032 D GStreamer+task: 0:00:54.985381750 0xe8dfae00 gsttask.c:427:gst_task_new Created task 0xe91e68d0
06-09 08:18:16.490  6032  6032 I GStreamer+task: 0:00:54.985400135 0xe8dfae00 gsttask.c:453:gst_task_set_lock setting stream lock 0xe913845c on task 0xe91e68d0
06-09 08:18:16.490  6032  6032 I GStreamer+GST_PADS: 0:00:54.985432896 0xe8dfae00 gstpad.c:5987:gst_pad_start_task:<queue0:src> created task 0xe91e68d0
06-09 08:18:16.490  6032  6032 D GStreamer+GST_PADS: 0:00:54.985453573 0xe8dfae00 gstpad.c:5904:do_stream_status:<queue0:src> doing stream-status 0
06-09 08:18:16.490  6032  6032 D GStreamer+GST_PADS: 0:00:54.985479927 0xe8dfae00 gstpad.c:5933:do_stream_status:<queue0:src> posting stream-status 0
06-09 08:18:16.490  6032  6032 D GStreamer+GST_BUS: 0:00:54.985501333 0xe8dfae00 gstbus.c:309:gst_bus_post:<bus2> [msg 0xe9019b30] posting on bus stream-status message: 0xe9019b30, time 99:99:99.999999999, seq-num 55, element 'src', GstMessageStreamStatus, type=(GstStreamStatusType)GST_STREAM_STATUS_TYPE_CREATE, owner=(GstElement)"\(GstQueue\)\ queue0", object=(GstTask)"\(GstTask\)\ task1";
06-09 08:18:16.490  6032  6032 D GStreamer+bin: 0:00:54.985558989 0xe8dfae00 gstbin.c:3654:gst_bin_handle_message_func:<pipeline0> [msg 0xe9019b30] handling child src message of type stream-status
06-09 08:18:16.490  6032  6032 D GStreamer+bin: 0:00:54.985580760 0xe8dfae00 gstbin.c:3991:gst_bin_handle_message_func:<pipeline0> posting message upward
06-09 08:18:16.490  6032  6032 D GStreamer+GST_BUS: 0:00:54.985598521 0xe8dfae00 gstbus.c:309:gst_bus_post:<bus3> [msg 0xe9019b30] posting on bus stream-status message: 0xe9019b30, time 99:99:99.999999999, seq-num 55, element 'src', GstMessageStreamStatus, type=(GstStreamStatusType)GST_STREAM_STATUS_TYPE_CREATE, owner=(GstElement)"\(GstQueue\)\ queue0", object=(GstTask)"\(GstTask\)\ task1";
06-09 08:18:16.490  6032  6032 D GStreamer+GST_BUS: 0:00:54.985651750 0xe8dfae00 gstbus.c:348:gst_bus_post:<bus3> [msg 0xe9019b30] pushing on async queue
06-09 08:18:16.490  6032  6032 D GStreamer+GST_BUS: 0:00:54.985674875 0xe8dfae00 gstbus.c:351:gst_bus_post:<bus3> [msg 0xe9019b30] pushed on async queue
06-09 08:18:16.490  6032  6032 D GStreamer+GST_BUS: 0:00:54.985694146 0xe8dfae00 gstbus.c:344:gst_bus_post:<bus2> [msg 0xe9019b30] dropped
06-09 08:18:16.490  6032  6032 D GStreamer+task: 0:00:54.985716281 0xe8dfae00 gsttask.c:684:gst_task_set_state:<task1> Changing task 0xe91e68d0 to state 0
06-09 08:18:16.490  6032  6071 D GStreamer+GST_BUS: 0:00:54.985733052 0xe91c2800 gstbus.c:521:gst_bus_timed_pop_filtered:<bus3> got message 0xe9019b30, stream-status from src, type mask is 4294967295
06-09 08:18:16.491  6032  6032 D GStreamer+GST_PADS: 0:00:54.985778781 0xe8dfae00 gstpad.c:1188:activate_mode_internal:<queue0:src> activated in push mode
06-09 08:18:16.491  6032  6032 D GStreamer+GST_PADS: 0:00:54.985808052 0xe8dfae00 gstpad.c:1063:gst_pad_set_active:<queue0:sink> activating pad from none
06-09 08:18:16.491  6032  6082 D GStreamer+task: 0:00:54.985800396 0xe9014c90 gsttask.c:289:gst_task_func Entering task 0xe91e68d0, thread 0xe9014c90
06-09 08:18:16.491  6032  6071 D GStreamer+GST_BUS: 0:00:54.985768416 0xe91c2800 gstbus.c:789:gst_bus_source_dispatch:<bus3> source 0xe9347a18 calling dispatch with stream-status message: 0xe9019b30, time 99:99:99.999999999, seq-num 55, element 'src', GstMessageStreamStatus, type=(GstStreamStatusType)GST_STREAM_STATUS_TYPE_CREATE, owner=(GstElement)"\(GstQueue\)\ queue0", object=(GstTask)"\(GstTask\)\ task1";
06-09 08:18:16.491  6032  6032 D GStreamer+GST_PADS: 0:00:54.985835396 0xe8dfae00 gstpad.c:979:pre_activate:<queue0:sink> setting pad into push mode, unset flushing
06-09 08:18:16.491  6032  6071 D GStreamer+GST_BUS: 0:00:54.985846906 0xe91c2800 gstbus.c:794:gst_bus_source_dispatch:<bus3> source 0xe9347a18 handler returns 1
06-09 08:18:16.491  6032  6032 D GStreamer+GST_PADS: 0:00:54.985855500 0xe8dfae00 gstpad.c:1188:activate_mode_internal:<queue0:sink> activated in push mode
06-09 08:18:16.491  6032  6082 D GStreamer+GST_PADS: 0:00:54.985843937 0xe9014c90 gstpad.c:5904:do_stream_status:<queue0:src> doing stream-status 1
06-09 08:18:16.491  6032  6032 D GStreamer+GST_ELEMENT_PADS: 0:00:54.985878677 0xe8dfae00 gstelement.c:2814:gst_element_pads_activate:<queue0> pad activation successful
06-09 08:18:16.491  6032  6032 D GStreamer+GST_STATES: 0:00:54.985899406 0xe8dfae00 gstelement.c:2686:gst_element_change_state:<queue0> element changed state SUCCESS
06-09 08:18:16.491  6032  6082 D GStreamer+GST_PADS: 0:00:54.985916906 0xe9014c90 gstpad.c:5933:do_stream_status:<queue0:src> posting stream-status 1
06-09 08:18:16.491  6032  6032 I GStreamer+GST_STATES: 0:00:54.985919458 0xe8dfae00 gstelement.c:2374:gst_element_continue_state:<queue0> completed state change to PAUSED
06-09 08:18:16.491  6032  6032 I GStreamer+GST_STATES: 0:00:54.985946541 0xe8dfae00 gstelement.c:2279:_priv_gst_element_state_changed:<queue0> notifying about state-changed READY to PAUSED (VOID_PENDING pending)
06-09 08:18:16.491  6032  6032 D GStreamer+GST_BUS: 0:00:54.985979771 0xe8dfae00 gstbus.c:309:gst_bus_post:<bus2> [msg 0xe9019b88] posting on bus state-changed message: 0xe9019b88, time 99:99:99.999999999, seq-num 57, element 'queue0', GstMessageStateChanged, old-state=(GstState)GST_STATE_READY, new-state=(GstState)GST_STATE_PAUSED, pending-state=(GstState)GST_STATE_VOID_PENDING;
06-09 08:18:16.491  6032  6082 D GStreamer+GST_BUS: 0:00:54.985946958 0xe9014c90 gstbus.c:309:gst_bus_post:<bus2> [msg 0xe91e5978] posting on bus stream-status message: 0xe91e5978, time 99:99:99.999999999, seq-num 56, element 'src', GstMessageStreamStatus, type=(GstStreamStatusType)GST_STREAM_STATUS_TYPE_ENTER, owner=(GstElement)"\(GstQueue\)\ queue0", object=(GstTask)"\(GstTask\)\ queue0:src";
06-09 08:18:16.491  6032  6032 D GStreamer+bin: 0:00:54.986034823 0xe8dfae00 gstbin.c:3654:gst_bin_handle_message_func:<pipeline0> [msg 0xe9019b88] handling child queue0 message of type state-changed
06-09 08:18:16.491  6032  6082 D GStreamer+bin: 0:00:54.986040031 0xe9014c90 gstbin.c:3654:gst_bin_handle_message_func:<pipeline0> [msg 0xe91e5978] handling child src message of type stream-status
06-09 08:18:16.491  6032  6032 D GStreamer+bin: 0:00:54.986064823 0xe8dfae00 gstbin.c:3991:gst_bin_handle_message_func:<pipeline0> posting message upward
06-09 08:18:16.491  6032  6082 D GStreamer+bin: 0:00:54.986084250 0xe9014c90 gstbin.c:3991:gst_bin_handle_message_func:<pipeline0> posting message upward
06-09 08:18:16.491  6032  6032 D GStreamer+GST_BUS: 0:00:54.986082114 0xe8dfae00 gstbus.c:309:gst_bus_post:<bus3> [msg 0xe9019b88] posting on bus state-changed message: 0xe9019b88, time 99:99:99.999999999, seq-num 57, element 'queue0', GstMessageStateChanged, old-state=(GstState)GST_STATE_READY, new-state=(GstState)GST_STATE_PAUSED, pending-state=(GstState)GST_STATE_VOID_PENDING;
06-09 08:18:16.491  6032  6032 D GStreamer+GST_BUS: 0:00:54.986134666 0xe8dfae00 gstbus.c:348:gst_bus_post:<bus3> [msg 0xe9019b88] pushing on async queue
06-09 08:18:16.491  6032  6082 D GStreamer+GST_BUS: 0:00:54.986107323 0xe9014c90 gstbus.c:309:gst_bus_post:<bus3> [msg 0xe91e5978] posting on bus stream-status message: 0xe91e5978, time 99:99:99.999999999, seq-num 56, element 'src', GstMessageStreamStatus, type=(GstStreamStatusType)GST_STREAM_STATUS_TYPE_ENTER, owner=(GstElement)"\(GstQueue\)\ queue0", object=(GstTask)"\(GstTask\)\ queue0:src";
06-09 08:18:16.491  6032  6032 D GStreamer+GST_BUS: 0:00:54.986162427 0xe8dfae00 gstbus.c:351:gst_bus_post:<bus3> [msg 0xe9019b88] pushed on async queue
06-09 08:18:16.491  6032  6032 D GStreamer+GST_BUS: 0:00:54.986181802 0xe8dfae00 gstbus.c:344:gst_bus_post:<bus2> [msg 0xe9019b88] dropped
06-09 08:18:16.491  6032  6032 D GStreamer+GST_STATES: 0:00:54.986207166 0xe8dfae00 gstelement.c:2609:gst_element_set_state_func:<queue0> returned SUCCESS
06-09 08:18:16.491  6032  6032 I GStreamer+GST_STATES: 0:00:54.986228208 0xe8dfae00 gstbin.c:2892:gst_bin_change_state_func:<pipeline0> child 'queue0' changed state to 3(PAUSED) successfully
06-09 08:18:16.491  6032  6082 D GStreamer+GST_BUS: 0:00:54.986170916 0xe9014c90 gstbus.c:348:gst_bus_post:<bus3> [msg 0xe91e5978] pushing on async queue
