06-09 08:18:16.601  6032  6071 D GStreamer+GST_BUS: 0:00:55.096744823 0xe91c2800 gstbus.c:794:gst_bus_source_dispatch:<bus3> source 0xe9347a18 handler returns 1
06-09 08:18:16.602  6032  6082 D GStreamer+GST_BUS: 0:00:55.096787010 0xe9014c90 gstbus.c:351:gst_bus_post:<bus3> [msg 0xe934d9c8] pushed on async queue
06-09 08:18:16.602  6032  6082 D GStreamer+GST_BUS: 0:00:55.096808677 0xe9014c90 gstbus.c:344:gst_bus_post:<bus2> [msg 0xe934d9c8] dropped
06-09 08:18:16.602  6032  6082 D GStreamer+GST_BUS: 0:00:55.096829354 0xe9014c90 gstbus.c:344:gst_bus_post:<bus0> [msg 0xe934d9c8] dropped
06-09 08:18:16.602  6032  6082 D GStreamer+query: 0:00:55.096854718 0xe9014c90 gstquery.c:674:gst_query_new_custom creating new query 0xe942f550 context
06-09 08:18:16.602  6032  6082 D GStreamer+GST_PADS: 0:00:55.096876854 0xe9014c90 gstpad.c:4049:gst_pad_peer_query:<amcvideodec-omxnvidiah264decode0:src> peer query 0xe942f550 (context)
06-09 08:18:16.602  6032  6082 D GStreamer+GST_PADS: 0:00:55.096899927 0xe9014c90 gstpad.c:3922:gst_pad_query:<decodepad0:proxypad2> doing query 0xe942f550 (context)
06-09 08:18:16.602  6032  6082 D GStreamer+decodebin: 0:00:55.096922687 0xe9014c90 gstdecodebin2.c:5045:gst_decode_pad_query:<forhwgl> calling autoplug-query for decodepad0 (element amcvideodec-omxnvidiah264decode0): context query: 0xe942f550, GstQueryContext, context-type=(string)gst.gl.local_context;
06-09 08:18:16.602  6032  6082 I GStreamer+GST_ELEMENT_PADS: 0:00:55.096958052 0xe9014c90 gstelement.c:909:gst_element_get_static_pad found pad glimagesinkbin0:sink
06-09 08:18:16.602  6032  6082 D GStreamer+GST_PADS: 0:00:55.096979510 0xe9014c90 gstpad.c:3922:gst_pad_query:<glimagesinkbin0:sink> doing query 0xe942f550 (context)
06-09 08:18:16.602  6032  6082 D GStreamer+GST_PADS: 0:00:55.097001281 0xe9014c90 gstpad.c:3367:gst_pad_query_default:<glimagesinkbin0:sink> forwarding 0xe942f550 (context) query
06-09 08:18:16.602  6032  6082 D GStreamer+GST_PADS: 0:00:55.097027375 0xe9014c90 gstpad.c:4049:gst_pad_peer_query:<sink:proxypad1> peer query 0xe942f550 (context)
06-09 08:18:16.602  6032  6082 D GStreamer+GST_PADS: 0:00:55.097049198 0xe9014c90 gstpad.c:3922:gst_pad_query:<gluploadelement0:sink> doing query 0xe942f550 (context)
06-09 08:18:16.602  6032  6082 D GStreamer+GST_PADS: 0:00:55.097078625 0xe9014c90 gstpad.c:4049:gst_pad_peer_query:<gluploadelement0:src> peer query 0xe942f550 (context)
06-09 08:18:16.602  6032  6082 D GStreamer+GST_PADS: 0:00:55.097101021 0xe9014c90 gstpad.c:3922:gst_pad_query:<glcolorconvertelement0:sink> doing query 0xe942f550 (context)
06-09 08:18:16.602  6032  6082 D GStreamer+GST_PADS: 0:00:55.097132739 0xe9014c90 gstpad.c:4049:gst_pad_peer_query:<glcolorconvertelement0:src> peer query 0xe942f550 (context)
06-09 08:18:16.602  6032  6082 D GStreamer+GST_PADS: 0:00:55.097155500 0xe9014c90 gstpad.c:3922:gst_pad_query:<glcolorbalance0:sink> doing query 0xe942f550 (context)
06-09 08:18:16.602  6032  6082 D GStreamer+GST_PADS: 0:00:55.097184041 0xe9014c90 gstpad.c:4049:gst_pad_peer_query:<glcolorbalance0:src> peer query 0xe942f550 (context)
06-09 08:18:16.602  6032  6082 D GStreamer+GST_PADS: 0:00:55.097207948 0xe9014c90 gstpad.c:3922:gst_pad_query:<sink:sink> doing query 0xe942f550 (context)
06-09 08:18:16.602  6032  6082 D GStreamer+GST_PADS: 0:00:55.097239718 0xe9014c90 gstpad.c:3945:gst_pad_query:<sink:sink> sent query 0xe942f550 (context), result 1
06-09 08:18:16.602  6032  6082 D GStreamer+GST_PADS: 0:00:55.097262531 0xe9014c90 gstpad.c:3945:gst_pad_query:<glcolorbalance0:sink> sent query 0xe942f550 (context), result 1
06-09 08:18:16.602  6032  6082 D GStreamer+GST_PADS: 0:00:55.097284823 0xe9014c90 gstpad.c:3945:gst_pad_query:<glcolorconvertelement0:sink> sent query 0xe942f550 (context), result 1
06-09 08:18:16.602  6032  6082 D GStreamer+GST_PADS: 0:00:55.097306281 0xe9014c90 gstpad.c:3945:gst_pad_query:<gluploadelement0:sink> sent query 0xe942f550 (context), result 1
06-09 08:18:16.602  6032  6082 D GStreamer+GST_PADS: 0:00:55.097329302 0xe9014c90 gstpad.c:3945:gst_pad_query:<glimagesinkbin0:sink> sent query 0xe942f550 (context), result 1
06-09 08:18:16.602  6032  6082 W GStreamer+structure: 0:00:55.097368416 0xe9014c90 gststructure.c:1935:priv_gst_structure_append_to_gstring No value transform to serialize field 'context' of type 'GstContext'
06-09 08:18:16.602  6032  6082 D GStreamer+decodebin: 0:00:55.097355448 0xe9014c90 gstdecodebin2.c:5052:gst_decode_pad_query:<forhwgl> autoplug-query returned 1: context query: 0xe942f550, GstQueryContext, context-type=(string)gst.gl.local_context, context=(GstContext)NULL;
06-09 08:18:16.602  6032  6082 D GStreamer+GST_PADS: 0:00:55.097407271 0xe9014c90 gstpad.c:3945:gst_pad_query:<decodepad0:proxypad2> sent query 0xe942f550 (context), result 1
06-09 08:18:16.602  6032  6082 D GStreamer+amcvideodec: 0:00:55.097444458 0xe9014c90 gstamcvideodec.c:2496:_find_local_gl_context:<amcvideodec-omxnvidiah264decode0> found local context 0xe92a7050
06-09 08:18:16.602  6032  6082 W GStreamer+structure: 0:00:55.097504354 0xe9014c90 gststructure.c:1935:priv_gst_structure_append_to_gstring No value transform to serialize field 'allocator' of type 'GArray'
06-09 08:18:16.602  6032  6082 W GStreamer+structure: 0:00:55.097526802 0xe9014c90 gststructure.c:1935:priv_gst_structure_append_to_gstring No value transform to serialize field 'pool' of type 'GArray'
06-09 08:18:16.602  6032  6082 D GStreamer+videodecoder: 0:00:55.097468156 0xe9014c90 gstvideodecoder.c:3723:gst_video_decoder_negotiate_pool:<amcvideodec-omxnvidiah264decode0> ALLOCATION (1) params: allocation query: 0xe942f860, GstQueryAllocation, caps=(GstCaps)"video/x-raw\(memory:GLMemory\)\,\ format\=\(string\)RGBA\,\ width\=\(int\)1280\,\ height\=\(int\)1440\,\ interlace-mode\=\(string\)progressive\,\ pixel-aspect-ratio\=\(fraction\)1/1\,\ colorimetry\=\(string\)sRGB\,\ framerate\=\(fraction\)105/4", need-pool=(boolean)true, allocator=(GArray)NULL, pool=(GArray)NULL;
06-09 08:18:16.602  6032  6082 D GStreamer+videodecoder: 0:00:55.097569146 0xe9014c90 gstvideodecoder.c:3765:gst_video_decoder_negotiate_pool:<amcvideodec-omxnvidiah264decode0> activate pool <videobufferpool0>
06-09 08:18:16.602  6032  6082 I GStreamer+amcvideodec: 0:00:55.097595760 0xe9014c90 gstamcvideodec.c:1974:gst_amc_video_dec_set_format:<amcvideodec-omxnvidiah264decode0> GL output: enabled
06-09 08:18:16.602  6032  6082 D GStreamer+default: 0:00:55.097630291 0xe9014c90 gstjniutils.c:662:gst_amc_jni_initialize_java_vm Java VM already provided by the application
06-09 08:18:16.602  6032  6082 D GStreamer+default: 0:00:55.097647323 0xe9014c90 gstjniutils.c:476:gst_amc_jni_attach_current_thread Attaching thread 0xe9014c90
06-09 08:18:16.602  6032  6082 D GStreamer+default: 0:00:55.097666750 0xe9014c90 gstjniutils.c:59:gst_amc_jni_get_class Retrieving Java class java/nio/Buffer
06-09 08:18:16.602  6032  6082 D GStreamer+default: 0:00:55.097777583 0xe9014c90 gstjniutils.c:59:gst_amc_jni_get_class Retrieving Java class android/graphics/SurfaceTexture
06-09 08:18:16.603  6032  6082 D GStreamer+default: 0:00:55.098308729 0xe9014c90 gstjniutils.c:662:gst_amc_jni_initialize_java_vm Java VM already provided by the application
06-09 08:18:16.603  6032  6082 D GStreamer+default: 0:00:55.098341021 0xe9014c90 gstjniutils.c:476:gst_amc_jni_attach_current_thread Attaching thread 0xe9014c90
06-09 08:18:16.603  6032  6082 D GStreamer+default: 0:00:55.098360760 0xe9014c90 gstjniutils.c:59:gst_amc_jni_get_class Retrieving Java class java/nio/Buffer
06-09 08:18:16.603  6032  6082 D GStreamer+default: 0:00:55.098441854 0xe9014c90 gstjniutils.c:59:gst_amc_jni_get_class Retrieving Java class android/view/Surface
06-09 08:18:16.603  6032  6082 D GStreamer+amcvideodec: 0:00:55.098582948 0xe9014c90 gstamcvideodec.c:2033:gst_amc_video_dec_set_format:<amcvideodec-omxnvidiah264decode0> Configuring codec with format: {height=1440, width=1280, mime=video/avc}
06-09 08:18:16.603  6032  6084 I MediaCodec: [OMX.Nvidia.h264.decode] setting surface generation to 6176769
06-09 08:18:16.605   995  1574 E OMXNodeInstance: getConfig(12e:Nvidia.h264.decode, ConfigCommonOutputCrop(0x700000f)) ERROR: BadParameter(0x80001005)
06-09 08:18:16.607  6032  6085 D SurfaceUtils: set up nativeWindow 0xe9440528 for 1280x1440, color 0x106, rotation 0, usage 0x2b00
06-09 08:18:16.608   995  6086 D NvOsDebugPrintf: NvMMLiteOpen : Block : BlockType = 261 
06-09 08:18:16.608   995  6086 D NvOsDebugPrintf: TVMR: NvMMLiteTVMRDecBlockOpen: 6595: NvMMLiteBlockOpen 
06-09 08:18:16.609  6032  6082 D GStreamer+GST_PADS: 0:00:55.104495968 0xe9014c90 gstpad.c:5978:gst_pad_start_task:<amcvideodec-omxnvidiah264decode0:src> start task
06-09 08:18:16.609  6032  6082 D GStreamer+task: 0:00:55.104582635 0xe9014c90 gsttask.c:427:gst_task_new Created task 0xe91e6e10
06-09 08:18:16.609  6032  6082 I GStreamer+task: 0:00:55.104607531 0xe9014c90 gsttask.c:453:gst_task_set_lock setting stream lock 0xe9425714 on task 0xe91e6e10
06-09 08:18:16.609  6032  6082 I GStreamer+GST_PADS: 0:00:55.104628208 0xe9014c90 gstpad.c:5987:gst_pad_start_task:<amcvideodec-omxnvidiah264decode0:src> created task 0xe91e6e10
06-09 08:18:16.609  6032  6082 D GStreamer+GST_PADS: 0:00:55.104650083 0xe9014c90 gstpad.c:5904:do_stream_status:<amcvideodec-omxnvidiah264decode0:src> doing stream-status 0
06-09 08:18:16.609  6032  6082 D GStreamer+GST_PADS: 0:00:55.104682739 0xe9014c90 gstpad.c:5933:do_stream_status:<amcvideodec-omxnvidiah264decode0:src> posting stream-status 0
06-09 08:18:16.609  6032  6082 D GStreamer+GST_BUS: 0:00:55.104706646 0xe9014c90 gstbus.c:309:gst_bus_post:<bus0> [msg 0xe934da78] posting on bus stream-status message: 0xe934da78, time 99:99:99.999999999, seq-num 132, element 'src', GstMessageStreamStatus, type=(GstStreamStatusType)GST_STREAM_STATUS_TYPE_CREATE, owner=(GstElement)"\(GstAmcVideoDec-OmxNvidiaH264Decode\)\ amcvideodec-omxnvidiah264decode0", object=(GstTask)"\(GstTask\)\ task3";
06-09 08:18:16.610  6032  6082 D GStreamer+decodebin: 0:00:55.104782166 0xe9014c90 gstdecodebin2.c:5492:gst_decode_bin_handle_message:<forhwgl> Forwarding msg stream-status message: 0xe934da78, time 99:99:99.999999999, seq-num 132, element 'src', GstMessageStreamStatus, type=(GstStreamStatusType)GST_STREAM_STATUS_TYPE_CREATE, owner=(GstElement)"\(GstAmcVideoDec-OmxNvidiaH264Decode\)\ amcvideodec-omxnvidiah264decode0", object=(GstTask)"\(GstTask\)\ task3";
06-09 08:18:16.610  6032  6082 D GStreamer+bin: 0:00:55.104839875 0xe9014c90 gstbin.c:3654:gst_bin_handle_message_func:<forhwgl> [msg 0xe934da78] handling child src message of type stream-status
06-09 08:18:16.610  6032  6082 D GStreamer+bin: 0:00:55.104864979 0xe9014c90 gstbin.c:3991:gst_bin_handle_message_func:<forhwgl> posting message upward
06-09 08:18:16.610  6032  6082 D GStreamer+GST_BUS: 0:00:55.104884562 0xe9014c90 gstbus.c:309:gst_bus_post:<bus2> [msg 0xe934da78] posting on bus stream-status message: 0xe934da78, time 99:99:99.999999999, seq-num 132, element 'src', GstMessageStreamStatus, type=(GstStreamStatusType)GST_STREAM_STATUS_TYPE_CREATE, owner=(GstElement)"\(GstAmcVideoDec-OmxNvidiaH264Decode\)\ amcvideodec-omxnvidiah264decode0", object=(GstTask)"\(GstTask\)\ task3";
06-09 08:18:16.610  6032  6082 D GStreamer+bin: 0:00:55.104941229 0xe9014c90 gstbin.c:3654:gst_bin_handle_message_func:<pipeline0> [msg 0xe934da78] handling child src message of type stream-status
06-09 08:18:16.610  6032  6082 D GStreamer+bin: 0:00:55.104964614 0xe9014c90 gstbin.c:3991:gst_bin_handle_message_func:<pipeline0> posting message upward
06-09 08:18:16.610  6032  6082 D GStreamer+GST_BUS: 0:00:55.104982635 0xe9014c90 gstbus.c:309:gst_bus_post:<bus3> [msg 0xe934da78] posting on bus stream-status message: 0xe934da78, time 99:99:99.999999999, seq-num 132, element 'src', GstMessageStreamStatus, type=(GstStreamStatusType)GST_STREAM_STATUS_TYPE_CREATE, owner=(GstElement)"\(GstAmcVideoDec-OmxNvidiaH264Decode\)\ amcvideodec-omxnvidiah264decode0", object=(GstTask)"\(GstTask\)\ task3";
06-09 08:18:16.610  6032  6082 D GStreamer+GST_BUS: 0:00:55.105037271 0xe9014c90 gstbus.c:348:gst_bus_post:<bus3> [msg 0xe934da78] pushing on async queue
06-09 08:18:16.610  6032  6071 D GStreamer+GST_BUS: 0:00:55.105090343 0xe91c2800 gstbus.c:521:gst_bus_timed_pop_filtered:<bus3> got message 0xe934da78, stream-status from src, type mask is 4294967295
06-09 08:18:16.610  6032  6071 D GStreamer+GST_BUS: 0:00:55.105120291 0xe91c2800 gstbus.c:789:gst_bus_source_dispatch:<bus3> source 0xe9347a18 calling dispatch with stream-status message: 0xe934da78, time 99:99:99.999999999, seq-num 132, element 'src', GstMessageStreamStatus, type=(GstStreamStatusType)GST_STREAM_STATUS_TYPE_CREATE, owner=(GstElement)"\(GstAmcVideoDec-OmxNvidiaH264Decode\)\ amcvideodec-omxnvidiah264decode0", object=(GstTask)"\(GstTask\)\ task3";
06-09 08:18:16.610  6032  6071 D GStreamer+GST_BUS: 0:00:55.105179093 0xe91c2800 gstbus.c:794:gst_bus_source_dispatch:<bus3> source 0xe9347a18 handler returns 1
06-09 08:18:16.610  6032  6082 D GStreamer+GST_BUS: 0:00:55.105224562 0xe9014c90 gstbus.c:351:gst_bus_post:<bus3> [msg 0xe934da78] pushed on async queue
06-09 08:18:16.610  6032  6082 D GStreamer+GST_BUS: 0:00:55.105247583 0xe9014c90 gstbus.c:344:gst_bus_post:<bus2> [msg 0xe934da78] dropped
06-09 08:18:16.610  6032  6082 D GStreamer+GST_BUS: 0:00:55.105270916 0xe9014c90 gstbus.c:344:gst_bus_post:<bus0> [msg 0xe934da78] dropped
06-09 08:18:16.610  6032  6082 D GStreamer+task: 0:00:55.105291802 0xe9014c90 gsttask.c:684:gst_task_set_state:<task3> Changing task 0xe91e6e10 to state 0
06-09 08:18:16.610  6032  6082 D GStreamer+GST_PADS: 0:00:55.105367427 0xe9014c90 gstpad.c:5609:gst_pad_send_event_unchecked:<amcvideodec-omxnvidiah264decode0:sink> sent event, ret ok
06-09 08:18:16.610  6032  6082 D GStreamer+GST_PADS: 0:00:55.105396906 0xe9014c90 gstpad.c:5093:store_sticky_event:<amcvideodec-omxnvidiah264decode0:sink> notify caps
06-09 08:18:16.610  6032  6088 D GStreamer+task: 0:00:55.105395291 0xe93583b0 gsttask.c:289:gst_task_func Entering task 0xe91e6e10, thread 0xe93583b0
06-09 08:18:16.610  6032  6088 D GStreamer+GST_PADS: 0:00:55.105438573 0xe93583b0 gstpad.c:5904:do_stream_status:<amcvideodec-omxnvidiah264decode0:src> doing stream-status 1
06-09 08:18:16.610  6032  6082 D GStreamer+GST_STATES: 0:00:55.105441646 0xe9014c90 gstelement.c:1972:gst_element_set_locked_state unlocking state of element amcvideodec-omxnvidiah264decode0
06-09 08:18:16.610  6032  6082 D GStreamer+GST_CAPS: 0:00:55.105471385 0xe9014c90 gstpad.c:2672:gst_pad_get_current_caps:<amcvideodec-omxnvidiah264decode0:src> get current pad caps video/x-raw(memory:GLMemory), format=(string)RGBA, width=(int)1280, height=(int)1440, interlace-mode=(string)progressive, pixel-aspect-ratio=(fraction)1/1, colorimetry=(string)sRGB, framerate=(fraction)105/4
06-09 08:18:16.610  6032  6082 D GStreamer+decodebin: 0:00:55.105522896 0xe9014c90 gstdecodebin2.c:2777:expose_pad:<forhwgl> pad amcvideodec-omxnvidiah264decode0:src, chain:0xe9250010
06-09 08:18:16.610  6032  6082 D GStreamer+GST_PADS: 0:00:55.105553052 0xe9014c90 gstpad.c:1069:gst_pad_set_active:<'':decodepad0> pad was active in push mode
06-09 08:18:16.610  6032  6088 D GStreamer+GST_PADS: 0:00:55.105553781 0xe93583b0 gstpad.c:5933:do_stream_status:<amcvideodec-omxnvidiah264decode0:src> posting stream-status 1
06-09 08:18:16.610  6032  6082 D GStreamer+decodebin: 0:00:55.105580604 0xe9014c90 gstdecodebin2.c:4925:gst_decode_pad_set_blocked:<'':decodepad0> blocking pad: 1
06-09 08:18:16.610  6032  6082 D GStreamer+GST_PADS: 0:00:55.105608468 0xe9014c90 gstghostpad.c:808:gst_ghost_pad_get_target:<'':decodepad0> get target amcvideodec-omxnvidiah264decode0:src
06-09 08:18:16.610  6032  6088 D GStreamer+GST_BUS: 0:00:55.105582583 0xe93583b0 gstbus.c:309:gst_bus_post:<bus0> [msg 0xe9350118] posting on bus stream-status message: 0xe9350118, time 99:99:99.999999999, seq-num 133, element 'src', GstMessageStreamStatus, type=(GstStreamStatusType)GST_STREAM_STATUS_TYPE_ENTER, owner=(GstElement)"\(GstAmcVideoDec-OmxNvidiaH264Decode\)\ amcvideodec-omxnvidiah264decode0", object=(GstTask)"\(GstTask\)\ amcvideodec-omxnvidiah264decode0:src";
06-09 08:18:16.610  6032  6082 D GStreamer+GST_CAPS: 0:00:55.105642583 0xe9014c90 gstpad.c:2644:gst_pad_has_current_caps:<'':decodepad0> check current pad caps video/x-raw(memory:GLMemory), format=(string)RGBA, width=(int)1280, height=(int)1440, interlace-mode=(string)progressive, pixel-aspect-ratio=(fraction)1/1, colorimetry=(string)sRGB, framerate=(fraction)105/4
06-09 08:18:16.610  6032  6082 D GStreamer+decodebin: 0:00:55.105692114 0xe9014c90 gstdecodebin2.c:3968:gst_decode_chain_is_complete:<forhwgl> Chain 0xe9250010 is complete: 1
06-09 08:18:16.610  6032  6082 D GStreamer+decodebin: 0:00:55.105719718 0xe9014c90 gstdecodebin2.c:4567:gst_decode_bin_expose:<forhwgl> Exposing currently active chains/groups
06-09 08:18:16.610  6032  6088 D GStreamer+decodebin: 0:00:55.105683416 0xe93583b0 gstdecodebin2.c:5492:gst_decode_bin_handle_message:<forhwgl> Forwarding msg stream-status message: 0xe9350118, time 99:99:99.999999999, seq-num 133, element 'src', GstMessageStreamStatus, type=(GstStreamStatusType)GST_STREAM_STATUS_TYPE_ENTER, owner=(GstElement)"\(GstAmcVideoDec-OmxNvidiaH264Decode\)\ amcvideodec-omxnvidiah264decode0", object=(GstTask)"\(GstTask\)\ amcvideodec-omxnvidiah264decode0:src";
06-09 08:18:16.610  6032  6082 D GStreamer+GST_CAPS: 0:00:55.105740343 0xe9014c90 gstpad.c:2644:gst_pad_has_current_caps:<'':decodepad0> check current pad caps video/x-raw(memory:GLMemory), format=(string)RGBA, width=(int)1280, height=(int)1440, interlace-mode=(string)progressive, pixel-aspect-ratio=(fraction)1/1, colorimetry=(string)sRGB, framerate=(fraction)105/4
06-09 08:18:16.610  6032  6088 D GStreamer+bin: 0:00:55.105768156 0xe93583b0 gstbin.c:3654:gst_bin_handle_message_func:<forhwgl> [msg 0xe9350118] handling child src message of type stream-status
06-09 08:18:16.611  6032  6088 D GStreamer+bin: 0:00:55.105793833 0xe93583b0 gstbin.c:3991:gst_bin_handle_message_func:<forhwgl> posting message upward
06-09 08:18:16.611  6032  6082 D GStreamer+decodebin: 0:00:55.105791541 0xe9014c90 gstdecodebin2.c:4673:gst_decode_bin_expose:<forhwgl> About to expose dpad decodepad0 as src_0
06-09 08:18:16.611  6032  6082 D GStreamer+decodebin: 0:00:55.105823052 0xe9014c90 gstdecodebin2.c:4543:debug_sticky_event:<'':src_0> sticky event stream-start (0xe9241ca0)
06-09 08:18:16.611  6032  6082 D GStreamer+decodebin: 0:00:55.105850343 0xe9014c90 gstdecodebin2.c:4543:debug_sticky_event:<'':src_0> sticky event caps (0xe927d860)
06-09 08:18:16.611  6032  6088 D GStreamer+GST_BUS: 0:00:55.105830083 0xe93583b0 gstbus.c:309:gst_bus_post:<bus2> [msg 0xe9350118] posting on bus stream-status message: 0xe9350118, time 99:99:99.999999999, seq-num 133, element 'src', GstMessageStreamStatus, type=(GstStreamStatusType)GST_STREAM_STATUS_TYPE_ENTER, owner=(GstElement)"\(GstAmcVideoDec-OmxNvidiaH264Decode\)\ amcvideodec-omxnvidiah264decode0", object=(GstTask)"\(GstTask\)\ amcvideodec-omxnvidiah264decode0:src";
06-09 08:18:16.611  6032  6082 I GStreamer+GST_ELEMENT_PADS: 0:00:55.105879041 0xe9014c90 gstelement.c:661:gst_element_add_pad:<forhwgl> adding pad 'src_0'
06-09 08:18:16.611  6032  6082 D GStreamer+GST_REFCOUNTING: 0:00:55.105910135 0xe9014c90 gstobject.c:700:gst_object_set_parent:<'':src_0> set parent (ref and sink)
06-09 08:18:16.611  6032  6088 D GStreamer+bin: 0:00:55.105908989 0xe93583b0 gstbin.c:3654:gst_bin_handle_message_func:<pipeline0> [msg 0xe9350118] handling child src message of type stream-status
06-09 08:18:16.611  6032  6082 I GStreamer+GST_PIPELINE: 0:00:55.105938312 0xe9014c90 ./grammar.y:518:gst_parse_found_pad trying delayed linking some pad of GstDecodeBin named forhwgl to some pad of GstQueue named queue1
06-09 08:18:16.611  6032  6088 D GStreamer+bin: 0:00:55.105952479 0xe93583b0 gstbin.c:3991:gst_bin_handle_message_func:<pipeline0> posting message upward
06-09 08:18:16.611  6032  6082 I GStreamer+GST_ELEMENT_PADS: 0:00:55.105966541 0xe9014c90 gstutils.c:1605:gst_element_link_pads_full trying to link element forhwgl:(any) to element queue1:(any)
06-09 08:18:16.611  6032  6082 D GStreamer+GST_ELEMENT_PADS: 0:00:55.105996229 0xe9014c90 gstutils.c:1712:gst_element_link_pads_full looping through allowed src and dest pads
06-09 08:18:16.611  6032  6082 D GStreamer+GST_ELEMENT_PADS: 0:00:55.106014927 0xe9014c90 gstutils.c:1715:gst_element_link_pads_full trying src pad forhwgl:sink
06-09 08:18:16.611  6032  6088 D GStreamer+GST_BUS: 0:00:55.105971802 0xe93583b0 gstbus.c:309:gst_bus_post:<bus3> [msg 0xe9350118] posting on bus stream-status message: 0xe9350118, time 99:99:99.999999999, seq-num 133, element 'src', GstMessageStreamStatus, type=(GstStreamStatusType)GST_STREAM_STATUS_TYPE_ENTER, owner=(GstElement)"\(GstAmcVideoDec-OmxNvidiaH264Decode\)\ amcvideodec-omxnvidiah264decode0", object=(GstTask)"\(GstTask\)\ amcvideodec-omxnvidiah264decode0:src";
06-09 08:18:16.611  6032  6082 D GStreamer+GST_ELEMENT_PADS: 0:00:55.106043416 0xe9014c90 gstutils.c:1715:gst_element_link_pads_full trying src pad forhwgl:src_0
06-09 08:18:16.611  6032  6088 D GStreamer+GST_BUS: 0:00:55.106059718 0xe93583b0 gstbus.c:348:gst_bus_post:<bus3> [msg 0xe9350118] pushing on async queue
06-09 08:18:16.611  6032  6082 D GStreamer+GST_ELEMENT_PADS: 0:00:55.106062791 0xe9014c90 gstutils.c:1002:gst_element_get_compatible_pad finding pad in queue1 compatible with forhwgl:src_0
06-09 08:18:16.611  6032  6088 D GStreamer+GST_BUS: 0:00:55.106095656 0xe93583b0 gstbus.c:351:gst_bus_post:<bus3> [msg 0xe9350118] pushed on async queue
06-09 08:18:16.611  6032  6088 D GStreamer+GST_BUS: 0:00:55.106118521 0xe93583b0 gstbus.c:344:gst_bus_post:<bus2> [msg 0xe9350118] dropped
06-09 08:18:16.611  6032  6071 D GStreamer+GST_BUS: 0:00:55.106114354 0xe91c2800 gstbus.c:521:gst_bus_timed_pop_filtered:<bus3> got message 0xe9350118, stream-status from src, type mask is 4294967295
06-09 08:18:16.611  6032  6088 D GStreamer+GST_BUS: 0:00:55.106159718 0xe93583b0 gstbus.c:344:gst_bus_post:<bus0> [msg 0xe9350118] dropped
06-09 08:18:16.611  6032  6088 D GStreamer+task: 0:00:55.106184250 0xe93583b0 gsttask.c:251:gst_task_configure_name:<amcvideodec-omxnvidiah264decode0:src> Setting thread name to 'amcvideodec-omxn'
06-09 08:18:16.611  6032  6071 D GStreamer+GST_BUS: 0:00:55.106153781 0xe91c2800 gstbus.c:789:gst_bus_source_dispatch:<bus3> source 0xe9347a18 calling dispatch with stream-status message: 0xe9350118, time 99:99:99.999999999, seq-num 133, element 'src', GstMessageStreamStatus, type=(GstStreamStatusType)GST_STREAM_STATUS_TYPE_ENTER, owner=(GstElement)"\(GstAmcVideoDec-OmxNvidiaH264Decode\)\ amcvideodec-omxnvidiah264decode0", object=(GstTask)"\(GstTask\)\ amcvideodec-omxnvidiah264decode0:src";
06-09 08:18:16.611  6032  6088 D GStreamer+amcvideodec: 0:00:55.106212375 0xe93583b0 gstamcvideodec.c:1240:gst_amc_video_dec_loop:<amcvideodec-omxnvidiah264decode0> Waiting for available output buffer
06-09 08:18:16.611  6032  6071 D GStreamer+GST_BUS: 0:00:55.106222948 0xe91c2800 gstbus.c:794:gst_bus_source_dispatch:<bus3> source 0xe9347a18 handler returns 1
06-09 08:18:16.611  6032  6088 D GStreamer+default: 0:00:55.106234146 0xe93583b0 gstjniutils.c:476:gst_amc_jni_attach_current_thread Attaching thread 0xe93583b0
06-09 08:18:16.611  6032  6082 I GStreamer+GST_PADS: 0:00:55.106267114 0xe9014c90 gstutils.c:932:gst_pad_check_link trying to link forhwgl:src_0 and queue1:sink
06-09 08:18:16.611  6032  6082 D GStreamer+GST_CAPS: 0:00:55.106292375 0xe9014c90 gstutils.c:2872:gst_pad_query_caps:<forhwgl:src_0> get pad caps with filter (NULL)
06-09 08:18:16.611  6032  6082 D GStreamer+query: 0:00:55.106317114 0xe9014c90 gstquery.c:674:gst_query_new_custom creating new query 0xe9358380 caps
06-09 08:18:16.611  6032  6082 D GStreamer+GST_PADS: 0:00:55.106337896 0xe9014c90 gstpad.c:3922:gst_pad_query:<forhwgl:src_0> doing query 0xe9358380 (caps)
06-09 08:18:16.611  6032  6082 D GStreamer+GST_PADS: 0:00:55.106361854 0xe9014c90 gstpad.c:3690:do_probe_callbacks:<forhwgl:src_0> data is passed
06-09 08:18:16.611  6032  6082 D GStreamer+GST_CAPS: 0:00:55.106381958 0xe9014c90 gstpad.c:3112:gst_pad_query_caps_default:<forhwgl:src_0> query caps caps query: 0xe9358380, GstQueryCaps, filter=(GstCaps)"NULL", caps=(GstCaps)"NULL";
06-09 08:18:16.611  6032  6082 D GStreamer+GST_PADS: 0:00:55.106421854 0xe9014c90 gstutils.c:2633:gst_pad_proxy_query_caps:<forhwgl:src_0> proxying caps query for forhwgl:src_0
06-09 08:18:16.611  6032  6082 D GStreamer+GST_PADS: 0:00:55.106450448 0xe9014c90 gstpad.c:4049:gst_pad_peer_query:<src_0:proxypad2> peer query 0xe9358380 (caps)
06-09 08:18:16.611  6032  6082 D GStreamer+GST_PADS: 0:00:55.106500135 0xe9014c90 gstpad.c:3922:gst_pad_query:<amcvideodec-omxnvidiah264decode0:src> doing query 0xe9358380 (caps)
06-09 08:18:16.611  6032  6082 D GStreamer+GST_PADS: 0:00:55.106526489 0xe9014c90 gstpad.c:3690:do_probe_callbacks:<amcvideodec-omxnvidiah264decode0:src> data is passed
06-09 08:18:16.611  6032  6082 D GStreamer+videodecoder: 0:00:55.106547791 0xe9014c90 gstvideodecoder.c:1812:gst_video_decoder_src_query:<amcvideodec-omxnvidiah264decode0> received query 43523, caps
06-09 08:18:16.611  6032  6082 D GStreamer+GST_CAPS: 0:00:55.106576021 0xe9014c90 gstpad.c:3112:gst_pad_query_caps_default:<amcvideodec-omxnvidiah264decode0:src> query caps caps query: 0xe9358380, GstQueryCaps, filter=(GstCaps)"NULL", caps=(GstCaps)"NULL";
06-09 08:18:16.611  6032  6082 D GStreamer+GST_CAPS: 0:00:55.106608208 0xe9014c90 gstpad.c:3135:gst_pad_query_caps_default:<amcvideodec-omxnvidiah264decode0:src> trying pad template caps
06-09 08:18:16.611  6032  6082 D GStreamer+GST_CAPS: 0:00:55.106628885 0xe9014c90 gstpad.c:3165:gst_pad_query_caps_default:<amcvideodec-omxnvidiah264decode0:src> using caps 0xe8f5f940 video/x-raw(memory:GLMemory), format=(string)RGBA, texture-target=(string)external-oes; video/x-raw, format=(string)I420, width=(int)[ 1, 2147483647 ], height=(int)[ 1, 2147483647 ], framerate=(fraction)[ 0/1, 2147483647/1 ]; video/x-raw, format=(string)NV12, width=(int)[ 1, 2147483647 ], height=(int)[ 1, 2147483647 ], framerate=(fraction)[ 0/1, 2147483647/1 ]
06-09 08:18:16.611  6032  6082 D GStreamer+GST_PADS: 0:00:55.106751333 0xe9014c90 gstpad.c:3367:gst_pad_query_default:<amcvideodec-omxnvidiah264decode0:src> not forwarding 0xe9358380 (caps) query
06-09 08:18:16.611  6032  6082 D GStreamer+GST_PADS: 0:00:55.106777218 0xe9014c90 gstpad.c:3945:gst_pad_query:<amcvideodec-omxnvidiah264decode0:src> sent query 0xe9358380 (caps), result 1
06-09 08:18:16.612  6032  6082 D GStreamer+default: 0:00:55.106802375 0xe9014c90 gstutils.c:2595:query_caps_func:<src_0:proxypad2> intersect with result video/x-raw(memory:GLMemory), format=(string)RGBA, texture-target=(string)external-oes; video/x-raw, format=(string)I420, width=(int)[ 1, 2147483647 ], height=(int)[ 1, 2147483647 ], framerate=(fraction)[ 0/1, 2147483647/1 ]; video/x-raw, format=(string)NV12, width=(int)[ 1, 2147483647 ], height=(int)[ 1, 2147483647 ], framerate=(fraction)[ 0/1, 2147483647/1 ]
06-09 08:18:16.612  6032  6082 D GStreamer+default: 0:00:55.106868781 0xe9014c90 gstutils.c:2597:query_caps_func:<src_0:proxypad2> intersected video/x-raw(memory:GLMemory), format=(string)RGBA, texture-target=(string)external-oes; video/x-raw, format=(string)I420, width=(int)[ 1, 2147483647 ], height=(int)[ 1, 2147483647 ], framerate=(fraction)[ 0/1, 2147483647/1 ]; video/x-raw, format=(string)NV12, width=(int)[ 1, 2147483647 ], height=(int)[ 1, 2147483647 ], framerate=(fraction)[ 0/1, 2147483647/1 ]
06-09 08:18:16.612  6032  6082 D GStreamer+GST_PADS: 0:00:55.106937739 0xe9014c90 gstpad.c:3367:gst_pad_query_default:<forhwgl:src_0> not forwarding 0xe9358380 (caps) query
06-09 08:18:16.612  6032  6082 D GStreamer+GST_PADS: 0:00:55.106962531 0xe9014c90 gstpad.c:3945:gst_pad_query:<forhwgl:src_0> sent query 0xe9358380 (caps), result 1
06-09 08:18:16.612  6032  6082 D GStreamer+GST_CAPS: 0:00:55.106986385 0xe9014c90 gstutils.c:2879:gst_pad_query_caps:<forhwgl:src_0> query returned video/x-raw(memory:GLMemory), format=(string)RGBA, texture-target=(string)external-oes; video/x-raw, format=(string)I420, width=(int)[ 1, 2147483647 ], height=(int)[ 1, 2147483647 ], framerate=(fraction)[ 0/1, 2147483647/1 ]; video/x-raw, format=(string)NV12, width=(int)[ 1, 2147483647 ], height=(int)[ 1, 2147483647 ], framerate=(fraction)[ 0/1, 2147483647/1 ]
06-09 08:18:16.612  6032  6082 D GStreamer+GST_CAPS: 0:00:55.107051385 0xe9014c90 gstutils.c:2872:gst_pad_query_caps:<queue1:sink> get pad caps with filter (NULL)
06-09 08:18:16.612  6032  6082 D GStreamer+query: 0:00:55.107075500 0xe9014c90 gstquery.c:674:gst_query_new_custom creating new query 0xe942f230 caps
06-09 08:18:16.612  6032  6082 D GStreamer+GST_PADS: 0:00:55.107094510 0xe9014c90 gstpad.c:3922:gst_pad_query:<queue1:sink> doing query 0xe942f230 (caps)
06-09 08:18:16.612  6032  6082 D GStreamer+GST_CAPS: 0:00:55.107117427 0xe9014c90 gstpad.c:3112:gst_pad_query_caps_default:<queue1:sink> query caps caps query: 0xe942f230, GstQueryCaps, filter=(GstCaps)"NULL", caps=(GstCaps)"NULL";
06-09 08:18:16.612  6032  6082 D GStreamer+GST_PADS: 0:00:55.107148156 0xe9014c90 gstutils.c:2633:gst_pad_proxy_query_caps:<queue1:sink> proxying caps query for queue1:sink
06-09 08:18:16.612  6032  6082 D GStreamer+GST_PADS: 0:00:55.107171229 0xe9014c90 gstpad.c:2827:gst_pad_iterate_internal_links_default:<queue1:sink> Making iterator
06-09 08:18:16.612  6032  6082 D GStreamer+GST_PADS: 0:00:55.107193364 0xe9014c90 gstpad.c:4049:gst_pad_peer_query:<queue1:src> peer query 0xe942f230 (caps)
06-09 08:18:16.612  6032  6082 D GStreamer+GST_PADS: 0:00:55.107215968 0xe9014c90 gstpad.c:3922:gst_pad_query:<forhalffps:sink> doing query 0xe942f230 (caps)
06-09 08:18:16.612  6032  6082 D GStreamer+GST_PADS: 0:00:55.107238468 0xe9014c90 gstpad.c:3690:do_probe_callbacks:<forhalffps:sink> data is passed
06-09 08:18:16.612  6032  6082 D GStreamer+basetransform: 0:00:55.107261646 0xe9014c90 gstbasetransform.c:730:gst_base_transform_query_caps:<forhalffps:sink> peer filter caps (NULL)
06-09 08:18:16.612  6032  6082 D GStreamer+GST_CAPS: 0:00:55.107283052 0xe9014c90 gstutils.c:2918:gst_pad_peer_query_caps:<forhalffps:src> get pad peer caps with filter (NULL)
06-09 08:18:16.612  6032  6082 D GStreamer+query: 0:00:55.107306333 0xe9014c90 gstquery.c:674:gst_query_new_custom creating new query 0xe942f4f0 caps
06-09 08:18:16.612  6032  6082 D GStreamer+GST_PADS: 0:00:55.107325448 0xe9014c90 gstpad.c:4049:gst_pad_peer_query:<forhalffps:src> peer query 0xe942f4f0 (caps)
06-09 08:18:16.612  6032  6082 D GStreamer+GST_PADS: 0:00:55.107348104 0xe9014c90 gstpad.c:3922:gst_pad_query:<glimagesinkbin0:sink> doing query 0xe942f4f0 (caps)
06-09 08:18:16.612  6032  6082 D GStreamer+GST_CAPS: 0:00:55.107372166 0xe9014c90 gstpad.c:3112:gst_pad_query_caps_default:<glimagesinkbin0:sink> query caps caps query: 0xe942f4f0, GstQueryCaps, filter=(GstCaps)"NULL", caps=(GstCaps)"NULL";
06-09 08:18:16.612  6032  6082 D GStreamer+GST_PADS: 0:00:55.107401750 0xe9014c90 gstutils.c:2633:gst_pad_proxy_query_caps:<glimagesinkbin0:sink> proxying caps query for glimagesinkbin0:sink
06-09 08:18:16.612  6032  6082 D GStreamer+GST_PADS: 0:00:55.107438677 0xe9014c90 gstpad.c:4049:gst_pad_peer_query:<sink:proxypad1> peer query 0xe942f4f0 (caps)
06-09 08:18:16.612  6032  6082 D GStreamer+GST_PADS: 0:00:55.107463156 0xe9014c90 gstpad.c:3922:gst_pad_query:<gluploadelement0:sink> doing query 0xe942f4f0 (caps)
06-09 08:18:16.612  6032  6082 D GStreamer+basetransform: 0:00:55.107489875 0xe9014c90 gstbasetransform.c:730:gst_base_transform_query_caps:<gluploadelement0:sink> peer filter caps (NULL)
06-09 08:18:16.612  6032  6082 D GStreamer+GST_CAPS: 0:00:55.107510396 0xe9014c90 gstutils.c:2918:gst_pad_peer_query_caps:<gluploadelement0:src> get pad peer caps with filter (NULL)
06-09 08:18:16.612  6032  6082 D GStreamer+query: 0:00:55.107533573 0xe9014c90 gstquery.c:674:gst_query_new_custom creating new query 0xe942f7b0 caps
06-09 08:18:16.612  6032  6082 D GStreamer+GST_PADS: 0:00:55.107553052 0xe9014c90 gstpad.c:4049:gst_pad_peer_query:<gluploadelement0:src> peer query 0xe942f7b0 (caps)
06-09 08:18:16.612  6032  6082 D GStreamer+GST_PADS: 0:00:55.107576177 0xe9014c90 gstpad.c:3922:gst_pad_query:<glcolorconvertelement0:sink> doing query 0xe942f7b0 (caps)
06-09 08:18:16.612  6032  6082 D GStreamer+basetransform: 0:00:55.107601698 0xe9014c90 gstbasetransform.c:730:gst_base_transform_query_caps:<glcolorconvertelement0:sink> peer filter caps (NULL)
06-09 08:18:16.612  6032  6082 D GStreamer+GST_CAPS: 0:00:55.107622166 0xe9014c90 gstutils.c:2918:gst_pad_peer_query_caps:<glcolorconvertelement0:src> get pad peer caps with filter (NULL)
06-09 08:18:16.612  6032  6082 D GStreamer+query: 0:00:55.107645031 0xe9014c90 gstquery.c:674:gst_query_new_custom creating new query 0xe942f690 caps
06-09 08:18:16.612  6032  6082 D GStreamer+GST_PADS: 0:00:55.107664093 0xe9014c90 gstpad.c:4049:gst_pad_peer_query:<glcolorconvertelement0:src> peer query 0xe942f690 (caps)
06-09 08:18:16.612  6032  6082 D GStreamer+GST_PADS: 0:00:55.107686281 0xe9014c90 gstpad.c:3922:gst_pad_query:<glcolorbalance0:sink> doing query 0xe942f690 (caps)
06-09 08:18:16.612  6032  6082 D GStreamer+basetransform: 0:00:55.107712010 0xe9014c90 gstbasetransform.c:730:gst_base_transform_query_caps:<glcolorbalance0:sink> peer filter caps (NULL)
06-09 08:18:16.612  6032  6082 D GStreamer+GST_CAPS: 0:00:55.107732218 0xe9014c90 gstutils.c:2918:gst_pad_peer_query_caps:<glcolorbalance0:src> get pad peer caps with filter (NULL)
06-09 08:18:16.612  6032  6082 D GStreamer+query: 0:00:55.107755864 0xe9014c90 gstquery.c:674:gst_query_new_custom creating new query 0xe942f2f0 caps
06-09 08:18:16.612  6032  6082 D GStreamer+GST_PADS: 0:00:55.107774718 0xe9014c90 gstpad.c:4049:gst_pad_peer_query:<glcolorbalance0:src> peer query 0xe942f2f0 (caps)
06-09 08:18:16.613  6032  6082 D GStreamer+GST_PADS: 0:00:55.107797843 0xe9014c90 gstpad.c:3922:gst_pad_query:<sink:sink> doing query 0xe942f2f0 (caps)
06-09 08:18:16.613  6032  6082 D GStreamer+GST_PERFORMANCE: 0:00:55.107825812 0xe9014c90 gstcaps.c:178:_gst_caps_copy:<0xe8fe7ef0> doing copy 0xe8fe7ef0 -> 0xe9423450
06-09 08:18:16.613  6032  6082 D GStreamer+GST_PERFORMANCE: 0:00:55.107870552 0xe9014c90 gstcaps.c:178:_gst_caps_copy:<0xe8fe7ef0> doing copy 0xe8fe7ef0 -> 0xe94234a0
06-09 08:18:16.613  6032  6082 D GStreamer+GST_PERFORMANCE: 0:00:55.107906854 0xe9014c90 gstminiobject.c:327:gst_mini_object_make_writable copy GstCaps miniobject 0xe8fe7ef0 -> 0xe94234a0
06-09 08:18:16.613  6032  6082 D GStreamer+glimagesink: 0:00:55.107936854 0xe9014c90 gstglimagesink.c:1385:gst_glimage_sink_get_caps:<sink> returning caps: video/x-raw(memory:GLMemory, meta:GstVideoOverlayComposition), format=(string)RGBA, width=(int)[ 1, 2147483647 ], height=(int)[ 1, 2147483647 ], framerate=(fraction)[ 0/1, 2147483647/1 ], texture-target=(string){ 2D, external-oes }; video/x-raw(memory:GLMemory, meta:GstVideoOverlayComposition), format=(string)RGBA, width=(int)[ 1, 2147483647 ], height=(int)[ 1, 2147483647 ], framerate=(fraction)[ 0/1, 2147483647/1 ], texture-target=(string){ 2D, external-oes }; video/x-raw(memory:GLMemory), format=(string)RGBA, width=(int)[ 1, 2147483647 ], height=(int)[ 1, 2147483647 ], framerate=(fraction)[ 0/1, 2147483647/1 ], texture-target=(string){ 2D, external-oes }
06-09 08:18:16.613  6032  6082 D GStreamer+GST_PADS: 0:00:55.108045343 0xe9014c90 gstpad.c:3945:gst_pad_query:<sink:sink> sent query 0xe942f2f0 (caps), result 1
06-09 08:18:16.613  6032  6082 D GStreamer+GST_CAPS: 0:00:55.108070396 0xe9014c90 gstutils.c:2925:gst_pad_peer_query_caps:<glcolorbalance0:src> peer query returned video/x-raw(memory:GLMemory, meta:GstVideoOverlayComposition), format=(string)RGBA, width=(int)[ 1, 2147483647 ], height=(int)[ 1, 2147483647 ], framerate=(fraction)[ 0/1, 2147483647/1 ], texture-target=(string){ 2D, external-oes }; video/x-raw(memory:GLMemory, meta:GstVideoOverlayComposition), format=(string)RGBA, width=(int)[ 1, 2147483647 ], height=(int)[ 1, 2147483647 ], framerate=(fraction)[ 0/1, 2147483647/1 ], texture-target=(string){ 2D, external-oes }; video/x-raw(memory:GLMemory), format=(string)RGBA, width=(int)[ 1, 2147483647 ], height=(int)[ 1, 2147483647 ], framerate=(fraction)[ 0/1, 2147483647/1 ], texture-target=(string){ 2D, external-oes }
06-09 08:18:16.613  6032  6082 D GStreamer+basetransform: 0:00:55.108163989 0xe9014c90 gstbasetransform.c:746:gst_base_transform_query_caps:<glcolorbalance0:sink> peer caps  video/x-raw(memory:GLMemory, meta:GstVideoOverlayComposition), format=(string)RGBA, width=(int)[ 1, 2147483647 ], height=(int)[ 1, 2147483647 ], framerate=(fraction)[ 0/1, 2147483647/1 ], texture-target=(string){ 2D, external-oes }; video/x-raw(memory:GLMemory, meta:GstVideoOverlayComposition), format=(string)RGBA, width=(int)[ 1, 2147483647 ], height=(int)[ 1, 2147483647 ], framerate=(fraction)[ 0/1, 2147483647/1 ], texture-target=(string){ 2D, external-oes }; video/x-raw(memory:GLMemory), format=(string)RGBA, width=(int)[ 1, 2147483647 ], height=(int)[ 1, 2147483647 ], framerate=(fraction)[ 0/1, 2147483647/1 ], texture-target=(string){ 2D, external-oes }
06-09 08:18:16.613  6032  6082 D GStreamer+basetransform: 0:00:55.108254718 0xe9014c90 gstbasetransform.c:749:gst_base_transform_query_caps:<glcolorbalance0:sink> our template  video/x-raw(memory:GLMemory), format=(string)RGBA, width=(int)[ 1, 2147483647 ], height=(int)[ 1, 2147483647 ], framerate=(fraction)[ 0/1, 2147483647/1 ], texture-target=(string)2D; video/x-raw(ANY), format=(string)RGBA, width=(int)[ 1, 2147483647 ], height=(int)[ 1, 2147483647 ], framerate=(fraction)[ 0/1, 2147483647/1 ], texture-target=(string)2D
06-09 08:18:16.613  6032  6082 D GStreamer+basetransform: 0:00:55.108362843 0xe9014c90 gstbasetransform.c:751:gst_base_transform_query_caps:<glcolorbalance0:sink> intersected video/x-raw(memory:GLMemory, meta:GstVideoOverlayComposition), format=(string)RGBA, width=(int)[ 1, 2147483647 ], height=(int)[ 1, 2147483647 ], framerate=(fraction)[ 0/1, 2147483647/1 ], texture-target=(string)2D; video/x-raw(memory:GLMemory), format=(string)RGBA, width=(int)[ 1, 2147483647 ], height=(int)[ 1, 2147483647 ], framerate=(fraction)[ 0/1, 2147483647/1 ], texture-target=(string)2D
06-09 08:18:16.613  6032  6082 D GStreamer+basetransform: 0:00:55.108438468 0xe9014c90 gstbasetransform.c:533:gst_base_transform_transform_caps:<glcolorbalance0> transform caps (direction = 1)
06-09 08:18:16.613  6032  6082 D GStreamer+glfilter: 0:00:55.108460500 0xe9014c90 gstglfilter.c:662:gst_gl_filter_transform_caps:<glcolorbalance0> returning caps: video/x-raw(memory:GLMemory, meta:GstVideoOverlayComposition), format=(string)RGBA, width=(int)[ 1, 2147483647 ], height=(int)[ 1, 2147483647 ], framerate=(fraction)[ 0/1, 2147483647/1 ], texture-target=(string)2D; video/x-raw(memory:GLMemory), format=(string)RGBA, width=(int)[ 1, 2147483647 ], height=(int)[ 1, 2147483647 ], framerate=(fraction)[ 0/1, 2147483647/1 ], texture-target=(string)2D
06-09 08:18:16.613  6032  6082 D GStreamer+basetransform: 0:00:55.108524198 0xe9014c90 gstbasetransform.c:560:gst_base_transform_transform_caps:<glcolorbalance0> to: video/x-raw(memory:GLMemory, meta:GstVideoOverlayComposition), format=(string)RGBA, width=(int)[ 1, 2147483647 ], height=(int)[ 1, 2147483647 ], framerate=(fraction)[ 0/1, 2147483647/1 ], texture-target=(string)2D; video/x-raw(memory:GLMemory), format=(string)RGBA, width=(int)[ 1, 2147483647 ], height=(int)[ 1, 2147483647 ], framerate=(fraction)[ 0/1, 2147483647/1 ], texture-target=(string)2D
06-09 08:18:16.613  6032  6082 D GStreamer+basetransform: 0:00:55.108586593 0xe9014c90 gstbasetransform.c:759:gst_base_transform_query_caps:<glcolorbalance0:sink> transformed  video/x-raw(memory:GLMemory, meta:GstVideoOverlayComposition), format=(string)RGBA, width=(int)[ 1, 2147483647 ], height=(int)[ 1, 2147483647 ], framerate=(fraction)[ 0/1, 2147483647/1 ], texture-target=(string)2D; video/x-raw(memory:GLMemory), format=(string)RGBA, width=(int)[ 1, 2147483647 ], height=(int)[ 1, 2147483647 ], framerate=(fraction)[ 0/1, 2147483647/1 ], texture-target=(string)2D
06-09 08:18:16.613  6032  6082 D GStreamer+basetransform: 0:00:55.108647427 0xe9014c90 gstbasetransform.c:766:gst_base_transform_query_caps:<glcolorbalance0:sink> our template  video/x-raw(ANY), format=(string)RGBA, width=(int)[ 1, 2147483647 ], height=(int)[ 1, 2147483647 ], framerate=(fraction)[ 0/1, 2147483647/1 ], texture-target=(string)2D; video/x-raw(memory:GLMemory), format=(string)RGBA, width=(int)[ 1, 2147483647 ], height=(int)[ 1, 2147483647 ], framerate=(fraction)[ 0/1, 2147483647/1 ], texture-target=(string)2D
06-09 08:18:16.614  6032  6082 D GStreamer+basetransform: 0:00:55.108743729 0xe9014c90 gstbasetransform.c:769:gst_base_transform_query_caps:<glcolorbalance0:sink> intersected video/x-raw(memory:GLMemory, meta:GstVideoOverlayComposition), format=(string)RGBA, width=(int)[ 1, 2147483647 ], height=(int)[ 1, 2147483647 ], framerate=(fraction)[ 0/1, 2147483647/1 ], texture-target=(string)2D; video/x-raw(memory:GLMemory), format=(string)RGBA, width=(int)[ 1, 2147483647 ], height=(int)[ 1, 2147483647 ], framerate=(fraction)[ 0/1, 2147483647/1 ], texture-target=(string)2D
06-09 08:18:16.614  6032  6082 D GStreamer+basetransform: 0:00:55.108842948 0xe9014c90 gstbasetransform.c:793:gst_base_transform_query_caps:<glcolorbalance0> returning  video/x-raw(memory:GLMemory, meta:GstVideoOverlayComposition), format=(string)RGBA, width=(int)[ 1, 2147483647 ], height=(int)[ 1, 2147483647 ], framerate=(fraction)[ 0/1, 2147483647/1 ], texture-target=(string)2D; video/x-raw(memory:GLMemory), format=(string)RGBA, width=(int)[ 1, 2147483647 ], height=(int)[ 1, 2147483647 ], framerate=(fraction)[ 0/1, 2147483647/1 ], texture-target=(string)2D
06-09 08:18:16.614  6032  6082 D GStreamer+GST_PADS: 0:00:55.108916593 0xe9014c90 gstpad.c:3945:gst_pad_query:<glcolorbalance0:sink> sent query 0xe942f690 (caps), result 1
06-09 08:18:16.614  6032  6082 D GStreamer+GST_CAPS: 0:00:55.108941854 0xe9014c90 gstutils.c:2925:gst_pad_peer_query_caps:<glcolorconvertelement0:src> peer query returned video/x-raw(memory:GLMemory, meta:GstVideoOverlayComposition), format=(string)RGBA, width=(int)[ 1, 2147483647 ], height=(int)[ 1, 2147483647 ], framerate=(fraction)[ 0/1, 2147483647/1 ], texture-target=(string)2D; video/x-raw(memory:GLMemory), format=(string)RGBA, width=(int)[ 1, 2147483647 ], height=(int)[ 1, 2147483647 ], framerate=(fraction)[ 0/1, 2147483647/1 ], texture-target=(string)2D
06-09 08:18:16.614  6032  6082 D GStreamer+basetransform: 0:00:55.109008937 0xe9014c90 gstbasetransform.c:746:gst_base_transform_query_caps:<glcolorconvertelement0:sink> peer caps  video/x-raw(memory:GLMemory, meta:GstVideoOverlayComposition), format=(string)RGBA, width=(int)[ 1, 2147483647 ], height=(int)[ 1, 2147483647 ], framerate=(fraction)[ 0/1, 2147483647/1 ], texture-target=(string)2D; video/x-raw(memory:GLMemory), format=(string)RGBA, width=(int)[ 1, 2147483647 ], height=(int)[ 1, 2147483647 ], framerate=(fraction)[ 0/1, 2147483647/1 ], texture-target=(string)2D
06-09 08:18:16.614  6032  6082 D GStreamer+basetransform: 0:00:55.109073729 0xe9014c90 gstbasetransform.c:749:gst_base_transform_query_caps:<glcolorconvertelement0:sink> our template  video/x-raw(memory:GLMemory), format=(string){ RGBA, RGB, RGBx, BGR, BGRx, BGRA, xRGB, xBGR, ARGB, ABGR, Y444, I420, YV12, Y42B, Y41B, NV12, NV21, YUY2, UYVY, AYUV, GRAY8, GRAY16_LE, GRAY16_BE, RGB16, BGR16 }, width=(int)[ 1, 2147483647 ], height=(int)[ 1, 2147483647 ], framerate=(fraction)[ 0/1, 2147483647/1 ], texture-target=(string){ 2D, rectangle, external-oes }; video/x-raw(memory:GLMemory, meta:GstVideoOverlayComposition), format=(string){ RGBA, RGB, RGBx, BGR, BGRx, BGRA, xRGB, xBGR, ARGB, ABGR, Y444, I420, YV12, Y42B, Y41B, NV12, NV21, YUY2, UYVY, AYUV, GRAY8, GRAY16_LE, GRAY16_BE, RGB16, BGR16 }, width=(int)[ 1, 2147483647 ], height=(int)[ 1, 2147483647 ], framerate=(fraction)[ 0/1, 2147483647/1 ], texture-target=(string){ 2D, rectangle, external-oes }
06-09 08:18:16.614  6032  6082 D GStreamer+basetransform: 0:00:55.109204979 0xe9014c90 gstbasetransform.c:751:gst_base_transform_query_caps:<glcolorconvertelement0:sink> intersected video/x-raw(memory:GLMemory, meta:GstVideoOverlayComposition), format=(string)RGBA, width=(int)[ 1, 2147483647 ], height=(int)[ 1, 2147483647 ], framerate=(fraction)[ 0/1, 2147483647/1 ], texture-target=(string)2D; video/x-raw(memory:GLMemory), format=(string)RGBA, width=(int)[ 1, 2147483647 ], height=(int)[ 1, 2147483647 ], framerate=(fraction)[ 0/1, 2147483647/1 ], texture-target=(string)2D
06-09 08:18:16.614  6032  6082 D GStreamer+basetransform: 0:00:55.109269823 0xe9014c90 gstbasetransform.c:533:gst_base_transform_transform_caps:<glcolorconvertelement0> transform caps (direction = 1)
06-09 08:18:16.614  6032  6082 D GStreamer+basetransform: 0:00:55.109326646 0xe9014c90 gstbasetransform.c:560:gst_base_transform_transform_caps:<glcolorconvertelement0> to: video/x-raw(memory:GLMemory, meta:GstVideoOverlayComposition), width=(int)[ 1, 2147483647 ], height=(int)[ 1, 2147483647 ], framerate=(fraction)[ 0/1, 2147483647/1 ]; video/x-raw(memory:GLMemory), width=(int)[ 1, 2147483647 ], height=(int)[ 1, 2147483647 ], framerate=(fraction)[ 0/1, 2147483647/1 ]
06-09 08:18:16.614  6032  6082 D GStreamer+basetransform: 0:00:55.109389614 0xe9014c90 gstbasetransform.c:759:gst_base_transform_query_caps:<glcolorconvertelement0:sink> transformed  video/x-raw(memory:GLMemory, meta:GstVideoOverlayComposition), width=(int)[ 1, 2147483647 ], height=(int)[ 1, 2147483647 ], framerate=(fraction)[ 0/1, 2147483647/1 ]; video/x-raw(memory:GLMemory), width=(int)[ 1, 2147483647 ], height=(int)[ 1, 2147483647 ], framerate=(fraction)[ 0/1, 2147483647/1 ]
06-09 08:18:16.614  6032  6082 D GStreamer+basetransform: 0:00:55.109467427 0xe9014c90 gstbasetransform.c:766:gst_base_transform_query_caps:<glcolorconvertelement0:sink> our template  video/x-raw(memory:GLMemory), format=(string){ RGBA, RGB, RGBx, BGR, BGRx, BGRA, xRGB, xBGR, ARGB, ABGR, Y444, I420, YV12, Y42B, Y41B, NV12, NV21, YUY2, UYVY, AYUV, GRAY8, GRAY16_LE, GRAY16_BE, RGB16, BGR16 }, width=(int)[ 1, 2147483647 ], height=(int)[ 1, 2147483647 ], framerate=(fraction)[ 0/1, 2147483647/1 ], texture-target=(string){ 2D, rectangle, external-oes }; video/x-raw(memory:GLMemory, meta:GstVideoOverlayComposition), format=(string){ RGBA, RGB, RGBx, BGR, BGRx, BGRA, xRGB, xBGR, ARGB, ABGR, Y444, I420, YV12, Y42B, Y41B, NV12, NV21, YUY2, UYVY, AYUV, GRAY8, GRAY16_LE, GRAY16_BE, RGB16, BGR16 }, width=(int)[ 1, 2147483647 ], height=(int)[ 1, 2147483647 ], framerate=(fraction)[ 0/1, 2147483647/1 ], texture-target=(string){ 2D, rectangle, external-oes }
06-09 08:18:16.614  6032  6082 D GStreamer+basetransform: 0:00:55.109602375 0xe9014c90 gstbasetransform.c:769:gst_base_transform_query_caps:<glcolorconvertelement0:sink> intersected video/x-raw(memory:GLMemory, meta:GstVideoOverlayComposition), width=(int)[ 1, 2147483647 ], height=(int)[ 1, 2147483647 ], framerate=(fraction)[ 0/1, 2147483647/1 ], format=(string){ RGBA, RGB, RGBx, BGR, BGRx, BGRA, xRGB, xBGR, ARGB, ABGR, Y444, I420, YV12, Y42B, Y41B, NV12, NV21, YUY2, UYVY, AYUV, GRAY8, GRAY16_LE, GRAY16_BE, RGB16, BGR16 }, texture-target=(string){ 2D, rectangle, external-oes }; video/x-raw(memory:GLMemory), width=(int)[ 1, 2147483647 ], height=(int)[ 1, 2147483647 ], framerate=(fraction)[ 0/1, 2147483647/1 ], format=(string){ RGBA, RGB, RGBx, BGR, BGRx, BGRA, xRGB, xBGR, ARGB, ABGR, Y444, I420, YV12, Y42B, Y41B, NV12, NV21, YUY2, UYVY, AYUV, GRAY8, GRAY16_LE, GRAY16_BE, RGB16, BGR16 }, texture-target=(string){ 2D, rectangle, external-oes }
06-09 08:18:16.615  6032  6082 D GStreamer+basetransform: 0:00:55.109727062 0xe9014c90 gstbasetransform.c:793:gst_base_transform_query_caps:<glcolorconvertelement0> returning  video/x-raw(memory:GLMemory, meta:GstVideoOverlayComposition), format=(string)RGBA, width=(int)[ 1, 2147483647 ], height=(int)[ 1, 2147483647 ], framerate=(fraction)[ 0/1, 2147483647/1 ], texture-target=(string)2D; video/x-raw(memory:GLMemory), format=(string)RGBA, width=(int)[ 1, 2147483647 ], height=(int)[ 1, 2147483647 ], framerate=(fraction)[ 0/1, 2147483647/1 ], texture-target=(string)2D; video/x-raw(memory:GLMemory, meta:GstVideoOverlayComposition), width=(int)[ 1, 2147483647 ], height=(int)[ 1, 2147483647 ], framerate=(fraction)[ 0/1, 2147483647/1 ], format=(string){ RGBA, RGB, RGBx, BGR, BGRx, BGRA, xRGB, xBGR, ARGB, ABGR, Y444, I420, YV12, Y42B, Y41B, NV12, NV21, YUY2, UYVY, AYUV, GRAY8, GRAY16_LE, GRAY16_BE, RGB16, BGR16 }, texture-target=(string){ 2D, rectangle, external-oes }; video/x-raw(memory:GLMemory), width=(int)[ 1, 2147483647 ], height=(int)[ 1, 2147483647 ], framerate=(fra
06-09 08:18:16.615  6032  6082 D GStreamer+GST_PADS: 0:00:55.109880760 0xe9014c90 gstpad.c:3945:gst_pad_query:<glcolorconvertelement0:sink> sent query 0xe942f7b0 (caps), result 1
