06-09 08:18:16.700  6032  6082 D GStreamer+GST_SCHEDULING: 0:00:55.195103208 0xe9014c90 gstpad.c:4193:gst_pad_chain_data_unchecked:<capsfilter0:sink> calling chainfunction &gst_base_transform_chain with buffer buffer: 0xe90b6030, pts 0:00:00.685242463, dts 0:00:00.494897335, dur 0:00:00.038095238, size 36240, offset 331245, offset_end none, flags 0x2000
06-09 08:18:16.700  6032  6082 D GStreamer+basetransform: 0:00:55.195155812 0xe9014c90 gstbasetransform.c:2033:default_submit_input_buffer:<capsfilter0> handling buffer 0xe90b6030 of size 36240, PTS 0:00:00.685242463 and offset 331245
06-09 08:18:16.700  6032  6082 D GStreamer+basetransform: 0:00:55.195188000 0xe9014c90 gstbasetransform.c:2150:default_generate_output:<capsfilter0> calling prepare buffer
06-09 08:18:16.700  6032  6082 D GStreamer+basetransform: 0:00:55.195205604 0xe9014c90 gstbasetransform.c:2157:default_generate_output:<capsfilter0> using allocated buffer in 0xe90b6030, out 0xe90b6030
06-09 08:18:16.700  6032  6082 D GStreamer+basetransform: 0:00:55.195226698 0xe9014c90 gstbasetransform.c:2174:default_generate_output:<capsfilter0> doing inplace transform
06-09 08:18:16.700  6032  6082 D GStreamer+GST_SCHEDULING: 0:00:55.195246021 0xe9014c90 gstpad.c:4193:gst_pad_chain_data_unchecked:<amcvideodec-omxnvidiah264decode0:sink> calling chainfunction &gst_video_decoder_chain with buffer buffer: 0xe90b6030, pts 0:00:00.685242463, dts 0:00:00.494897335, dur 0:00:00.038095238, size 36240, offset 331245, offset_end none, flags 0x2000
06-09 08:18:16.700  6032  6082 D GStreamer+videodecoder: 0:00:55.195301437 0xe9014c90 gstvideodecoder.c:3415:gst_video_decoder_decode_frame:<amcvideodec-omxnvidiah264decode0> decoder frame list getting long: 14 frames,possible internal leaking?
06-09 08:18:16.700  6032  6082 D GStreamer+amcvideodec: 0:00:55.195324354 0xe9014c90 gstamcvideodec.c:2125:gst_amc_video_dec_handle_frame:<amcvideodec-omxnvidiah264decode0> Handling frame
06-09 08:18:16.700  6032  6082 D GStreamer+amcvideodec: 0:00:55.195550396 0xe9014c90 gstamcvideodec.c:2239:gst_amc_video_dec_handle_frame:<amcvideodec-omxnvidiah264decode0> Queueing buffer 3: size 36240 time 685242 flags 0x00000000
06-09 08:18:16.700  6032  6082 D GStreamer+GST_SCHEDULING: 0:00:55.195667687 0xe9014c90 gstpad.c:4199:gst_pad_chain_data_unchecked:<amcvideodec-omxnvidiah264decode0:sink> called chainfunction &gst_video_decoder_chain with buffer 0xe90b6030, returned ok
06-09 08:18:16.700  6032  6082 D GStreamer+GST_SCHEDULING: 0:00:55.195706698 0xe9014c90 gstpad.c:4199:gst_pad_chain_data_unchecked:<capsfilter0:sink> called chainfunction &gst_base_transform_chain with buffer 0xe90b6030, returned ok
06-09 08:18:16.700  6032  6082 D GStreamer+baseparse: 0:00:55.195734510 0xe9014c90 gstbaseparse.c:3165:gst_base_parse_chain:<h264parse0> not enough data available (only 0 bytes)
06-09 08:18:16.700  6032  6082 D GStreamer+GST_SCHEDULING: 0:00:55.195757479 0xe9014c90 gstpad.c:4199:gst_pad_chain_data_unchecked:<h264parse0:sink> called chainfunction &gst_base_parse_chain with buffer 0xe90b6210, returned ok
06-09 08:18:16.701  6032  6082 D GStreamer+GST_SCHEDULING: 0:00:55.195782427 0xe9014c90 gstpad.c:4199:gst_pad_chain_data_unchecked:<typefind:sink> called chainfunction &gst_type_find_element_chain with buffer 0xe90b6210, returned ok
06-09 08:18:16.701  6032  6082 D GStreamer+GST_SCHEDULING: 0:00:55.195807114 0xe9014c90 gstpad.c:4199:gst_pad_chain_data_unchecked:<forhwgl:sink> called chainfunction &gst_proxy_pad_chain_default with buffer 0xe90b6210, returned ok
06-09 08:18:16.701  6032  6083 D GStreamer+queue_dataflow: 0:00:55.195859250 0xe9014cf0 gstqueue.c:1228:gst_queue_chain_buffer_or_list:<queue0> queue is not full
06-09 08:18:16.701  6032  6082 D GStreamer+GST_SCHEDULING: 0:00:55.195839823 0xe9014c90 gstpad.c:4193:gst_pad_chain_data_unchecked:<forhwgl:sink> calling chainfunction &gst_proxy_pad_chain_default with buffer buffer: 0xe90b62b0, pts 0:00:00.609104412, dts 0:00:00.532966360, dur 0:00:00.038069026, size 19028, offset none, offset_end none, flags 0x2000
06-09 08:18:16.701  6032  6083 D GStreamer+GST_SCHEDULING: 0:00:55.195897635 0xe9014cf0 gstpad.c:4199:gst_pad_chain_data_unchecked:<queue0:sink> called chainfunction &gst_queue_chain with buffer 0xe942da80, returned ok
06-09 08:18:16.701  6032  6082 D GStreamer+GST_SCHEDULING: 0:00:55.195892218 0xe9014c90 gstpad.c:4193:gst_pad_chain_data_unchecked:<typefind:sink> calling chainfunction &gst_type_find_element_chain with buffer buffer: 0xe90b62b0, pts 0:00:00.609104412, dts 0:00:00.532966360, dur 0:00:00.038069026, size 19028, offset none, offset_end none, flags 0x2000
06-09 08:18:16.701  6032  6083 D GStreamer+qtdemux: 0:00:55.195934875 0xe9014cf0 qtdemux.c:8035:qtdemux_parse_samples:<q> parsing up to sample 41
06-09 08:18:16.701  6032  6083 D GStreamer+qtdemux: 0:00:55.195960239 0xe9014cf0 qtdemux.c:8242:qtdemux_parse_samples:<q> sample 41: index 41, timestamp 0:00:01.560830056
06-09 08:18:16.701  6032  6082 D GStreamer+GST_SCHEDULING: 0:00:55.195942843 0xe9014c90 gstpad.c:4193:gst_pad_chain_data_unchecked:<h264parse0:sink> calling chainfunction &gst_base_parse_chain with buffer buffer: 0xe90b62b0, pts 0:00:00.609104412, dts 0:00:00.532966360, dur 0:00:00.038069026, size 19028, offset none, offset_end none, flags 0x2000
06-09 08:18:16.701  6032  6082 D GStreamer+baseparse: 0:00:55.195993729 0xe9014c90 gstbaseparse.c:2996:gst_base_parse_chain:<h264parse0> chain
06-09 08:18:16.701  6032  6082 D GStreamer+GST_PERFORMANCE: 0:00:55.196017010 0xe9014c90 gstminiobject.c:327:gst_mini_object_make_writable copy GstBuffer miniobject 0xe90b62b0 -> 0xe9351418
06-09 08:18:16.701  6032  6083 D GStreamer+qtdemux: 0:00:55.195998312 0xe9014cf0 qtdemux.c:5525:gst_qtdemux_loop_state_movie:<q> pushing from stream 0, empty 0 offset 911313, size 35853, dts=0:00:01.560830056, pts=0:00:01.751175185, duration 0:00:00.038069026
06-09 08:18:16.701  6032  6082 D GStreamer+codecparsers_h264: 0:00:55.196045239 0xe9014c90 gsth264parser.c:253:gst_h264_parse_nalu_header Nal type 1, ref_idc 2
06-09 08:18:16.701  6032  6083 D GStreamer+basesrc: 0:00:55.196047843 0xe9014cf0 gstbasesrc.c:2354:gst_base_src_update_length:<filesrc0> reading offset 911313, length 35853, size 22092204, segment.stop -1, maxsize 22092204
06-09 08:18:16.701  6032  6082 D GStreamer+h264parse: 0:00:55.196069771 0xe9014c90 gsth264parse.c:979:gst_h264_parse_handle_frame_packetized:<h264parse0> AVC nal offset 19028
06-09 08:18:16.701  6032  6083 D GStreamer+basesrc: 0:00:55.196081750 0xe9014cf0 gstbasesrc.c:2455:gst_base_src_get_range:<filesrc0> calling create offset 911313 length 35853, time 0
06-09 08:18:16.701  6032  6082 D GStreamer+h264parse: 0:00:55.196090396 0xe9014c90 gsth264parse.c:714:gst_h264_parse_process_nal:<h264parse0> processing nal of type 1 Slice, size 19024
06-09 08:18:16.701  6032  6083 D GStreamer+GST_MEMORY: 0:00:55.196109823 0xe9014cf0 gstmemory.c:138:gst_memory_init new memory 0xe93c0880, maxsize:35856 offset:0 size:35853
06-09 08:18:16.701  6032  6082 D GStreamer+h264parse: 0:00:55.196117739 0xe9014c90 gsth264parse.c:820:gst_h264_parse_process_nal:<h264parse0> first_mb_in_slice = 0
06-09 08:18:16.701  6032  6082 D GStreamer+h264parse: 0:00:55.196138312 0xe9014c90 gsth264parse.c:823:gst_h264_parse_process_nal:<h264parse0> frame start: 1
06-09 08:18:16.701  6032  6082 D GStreamer+codecparsers_h264: 0:00:55.196157062 0xe9014c90 gsth264parser.c:2089:gst_h264_parser_parse_slice_hdr parsing "Slice header", slice type 6
06-09 08:18:16.701  6032  6082 D GStreamer+codecparsers_h264: 0:00:55.196177271 0xe9014c90 gsth264parser.c:711:gst_h264_slice_parse_dec_ref_pic_marking parsing "Decoded reference picture marking"
06-09 08:18:16.701   995  6089 D NvOsDebugPrintf: TVMR: cctx->bAbortInputBuffer = 0, cctx->bEOSAbortOutputBuffer = 0 
06-09 08:18:16.702  6032  6082 D GStreamer+h264parse: 0:00:55.196193885 0xe9014c90 gsth264parse.c:833:gst_h264_parse_process_nal:<h264parse0> parse result 0, first MB: 0, slice type: 6
06-09 08:18:16.702  6032  6082 D GStreamer+h264parse: 0:00:55.196835812 0xe9014c90 gsth264parse.c:421:gst_h264_parse_wrap_nal:<h264parse0> nal length 19024
06-09 08:18:16.702  6032  6082 D GStreamer+GST_MEMORY: 0:00:55.196865291 0xe9014c90 gstmemory.c:138:gst_memory_init new memory 0xe93c94e8, maxsize:19031 offset:0 size:19028
06-09 08:18:16.702  6032  6082 D GStreamer+codecparsers_h264: 0:00:55.196941541 0xe9014c90 gsth264parser.c:1407:gst_h264_parser_identify_nalu_avc Can't parse, buffer has too small size 19028, offset 19028
06-09 08:18:16.702  6032  6082 D GStreamer+GST_CAPS: 0:00:55.196972843 0xe9014c90 gstpad.c:2644:gst_pad_has_current_caps:<h264parse0:src> check current pad caps video/x-h264, stream-format=(string)byte-stream, alignment=(string)au, level=(string)4, profile=(string)high, width=(int)1280, height=(int)1440, framerate=(fraction)105/4, pixel-aspect-ratio=(fraction)1/1, parsed=(boolean)true
06-09 08:18:16.702  6032  6082 D GStreamer+GST_MEMORY: 0:00:55.197033781 0xe9014c90 gstmemory.c:87:_gst_memory_free free memory 0xe93cfc18
06-09 08:18:16.702  6032  6082 D GStreamer+GST_CAPS: 0:00:55.197070083 0xe9014c90 gstpad.c:2644:gst_pad_has_current_caps:<h264parse0:src> check current pad caps video/x-h264, stream-format=(string)byte-stream, alignment=(string)au, level=(string)4, profile=(string)high, width=(int)1280, height=(int)1440, framerate=(fraction)105/4, pixel-aspect-ratio=(fraction)1/1, parsed=(boolean)true
06-09 08:18:16.702  6032  6082 D GStreamer+h264parse: 0:00:55.197112791 0xe9014c90 gsth264parse.c:182:gst_h264_parse_reset_frame:<h264parse0> reset frame
06-09 08:18:16.702  6032  6082 D GStreamer+GST_SCHEDULING: 0:00:55.197137739 0xe9014c90 gstpad.c:4193:gst_pad_chain_data_unchecked:<capsfilter0:sink> calling chainfunction &gst_base_transform_chain with buffer buffer: 0xe9351738, pts 0:00:00.609104412, dts 0:00:00.532966360, dur 0:00:00.038095238, size 19028, offset 367485, offset_end none, flags 0x2000
06-09 08:18:16.702  6032  6082 D GStreamer+basetransform: 0:00:55.197191229 0xe9014c90 gstbasetransform.c:2033:default_submit_input_buffer:<capsfilter0> handling buffer 0xe9351738 of size 19028, PTS 0:00:00.609104412 and offset 367485
06-09 08:18:16.702  6032  6082 D GStreamer+basetransform: 0:00:55.197222479 0xe9014c90 gstbasetransform.c:2150:default_generate_output:<capsfilter0> calling prepare buffer
06-09 08:18:16.702  6032  6082 D GStreamer+basetransform: 0:00:55.197240343 0xe9014c90 gstbasetransform.c:2157:default_generate_output:<capsfilter0> using allocated buffer in 0xe9351738, out 0xe9351738
06-09 08:18:16.702  6032  6082 D GStreamer+basetransform: 0:00:55.197261021 0xe9014c90 gstbasetransform.c:2174:default_generate_output:<capsfilter0> doing inplace transform
06-09 08:18:16.702  6032  6082 D GStreamer+GST_SCHEDULING: 0:00:55.197280656 0xe9014c90 gstpad.c:4193:gst_pad_chain_data_unchecked:<amcvideodec-omxnvidiah264decode0:sink> calling chainfunction &gst_video_decoder_chain with buffer buffer: 0xe9351738, pts 0:00:00.609104412, dts 0:00:00.532966360, dur 0:00:00.038095238, size 19028, offset 367485, offset_end none, flags 0x2000
06-09 08:18:16.702  6032  6082 D GStreamer+videodecoder: 0:00:55.197337375 0xe9014c90 gstvideodecoder.c:3415:gst_video_decoder_decode_frame:<amcvideodec-omxnvidiah264decode0> decoder frame list getting long: 15 frames,possible internal leaking?
06-09 08:18:16.702  6032  6082 D GStreamer+amcvideodec: 0:00:55.197362375 0xe9014c90 gstamcvideodec.c:2125:gst_amc_video_dec_handle_frame:<amcvideodec-omxnvidiah264decode0> Handling frame
06-09 08:18:16.702  6032  6082 D GStreamer+amcvideodec: 0:00:55.197563208 0xe9014c90 gstamcvideodec.c:2239:gst_amc_video_dec_handle_frame:<amcvideodec-omxnvidiah264decode0> Queueing buffer 4: size 19028 time 609104 flags 0x00000000
06-09 08:18:16.702  6032  6082 D GStreamer+GST_SCHEDULING: 0:00:55.197680083 0xe9014c90 gstpad.c:4199:gst_pad_chain_data_unchecked:<amcvideodec-omxnvidiah264decode0:sink> called chainfunction &gst_video_decoder_chain with buffer 0xe9351738, returned ok
06-09 08:18:16.702  6032  6082 D GStreamer+GST_SCHEDULING: 0:00:55.197719510 0xe9014c90 gstpad.c:4199:gst_pad_chain_data_unchecked:<capsfilter0:sink> called chainfunction &gst_base_transform_chain with buffer 0xe9351738, returned ok
06-09 08:18:16.702  6032  6082 D GStreamer+baseparse: 0:00:55.197748312 0xe9014c90 gstbaseparse.c:3165:gst_base_parse_chain:<h264parse0> not enough data available (only 0 bytes)
06-09 08:18:16.702  6032  6082 D GStreamer+GST_SCHEDULING: 0:00:55.197770500 0xe9014c90 gstpad.c:4199:gst_pad_chain_data_unchecked:<h264parse0:sink> called chainfunction &gst_base_parse_chain with buffer 0xe90b62b0, returned ok
06-09 08:18:16.703  6032  6082 D GStreamer+GST_SCHEDULING: 0:00:55.197794198 0xe9014c90 gstpad.c:4199:gst_pad_chain_data_unchecked:<typefind:sink> called chainfunction &gst_type_find_element_chain with buffer 0xe90b62b0, returned ok
06-09 08:18:16.703  6032  6082 D GStreamer+GST_SCHEDULING: 0:00:55.197819927 0xe9014c90 gstpad.c:4199:gst_pad_chain_data_unchecked:<forhwgl:sink> called chainfunction &gst_proxy_pad_chain_default with buffer 0xe90b62b0, returned ok
06-09 08:18:16.703  6032  6082 D GStreamer+GST_SCHEDULING: 0:00:55.197851073 0xe9014c90 gstpad.c:4193:gst_pad_chain_data_unchecked:<forhwgl:sink> calling chainfunction &gst_proxy_pad_chain_default with buffer buffer: 0xe90b6350, pts 0:00:00.571035386, dts 0:00:00.571035386, dur 0:00:00.038069026, size 13976, offset none, offset_end none, flags 0x2000
06-09 08:18:16.703  6032  6082 D GStreamer+GST_SCHEDULING: 0:00:55.197904354 0xe9014c90 gstpad.c:4193:gst_pad_chain_data_unchecked:<typefind:sink> calling chainfunction &gst_type_find_element_chain with buffer buffer: 0xe90b6350, pts 0:00:00.571035386, dts 0:00:00.571035386, dur 0:00:00.038069026, size 13976, offset none, offset_end none, flags 0x2000
06-09 08:18:16.703  6032  6082 D GStreamer+GST_SCHEDULING: 0:00:55.197953312 0xe9014c90 gstpad.c:4193:gst_pad_chain_data_unchecked:<h264parse0:sink> calling chainfunction &gst_base_parse_chain with buffer buffer: 0xe90b6350, pts 0:00:00.571035386, dts 0:00:00.571035386, dur 0:00:00.038069026, size 13976, offset none, offset_end none, flags 0x2000
06-09 08:18:16.703  6032  6082 D GStreamer+baseparse: 0:00:55.197999093 0xe9014c90 gstbaseparse.c:2996:gst_base_parse_chain:<h264parse0> chain
06-09 08:18:16.703  6032  6082 D GStreamer+GST_PERFORMANCE: 0:00:55.198023468 0xe9014c90 gstminiobject.c:327:gst_mini_object_make_writable copy GstBuffer miniobject 0xe90b6350 -> 0xe93515f8
06-09 08:18:16.703  6032  6082 D GStreamer+codecparsers_h264: 0:00:55.198049927 0xe9014c90 gsth264parser.c:253:gst_h264_parse_nalu_header Nal type 1, ref_idc 0
06-09 08:18:16.703  6032  6082 D GStreamer+h264parse: 0:00:55.198069927 0xe9014c90 gsth264parse.c:979:gst_h264_parse_handle_frame_packetized:<h264parse0> AVC nal offset 13976
06-09 08:18:16.703  6032  6082 D GStreamer+h264parse: 0:00:55.198090291 0xe9014c90 gsth264parse.c:714:gst_h264_parse_process_nal:<h264parse0> processing nal of type 1 Slice, size 13972
06-09 08:18:16.703  6032  6082 D GStreamer+h264parse: 0:00:55.198113937 0xe9014c90 gsth264parse.c:820:gst_h264_parse_process_nal:<h264parse0> first_mb_in_slice = 0
06-09 08:18:16.703  6032  6082 D GStreamer+h264parse: 0:00:55.198130187 0xe9014c90 gsth264parse.c:823:gst_h264_parse_process_nal:<h264parse0> frame start: 1
06-09 08:18:16.703  6032  6082 D GStreamer+codecparsers_h264: 0:00:55.198148833 0xe9014c90 gsth264parser.c:2089:gst_h264_parser_parse_slice_hdr parsing "Slice header", slice type 6
06-09 08:18:16.703  6032  6082 D GStreamer+h264parse: 0:00:55.198170760 0xe9014c90 gsth264parse.c:833:gst_h264_parse_process_nal:<h264parse0> parse result 0, first MB: 0, slice type: 6
06-09 08:18:16.703  6032  6082 D GStreamer+h264parse: 0:00:55.198195135 0xe9014c90 gsth264parse.c:421:gst_h264_parse_wrap_nal:<h264parse0> nal length 13972
06-09 08:18:16.703  6032  6082 D GStreamer+GST_MEMORY: 0:00:55.198216281 0xe9014c90 gstmemory.c:138:gst_memory_init new memory 0xe93cdf98, maxsize:13979 offset:0 size:13976
06-09 08:18:16.703  6032  6082 D GStreamer+codecparsers_h264: 0:00:55.198249146 0xe9014c90 gsth264parser.c:1407:gst_h264_parser_identify_nalu_avc Can't parse, buffer has too small size 13976, offset 13976
06-09 08:18:16.703  6032  6082 D GStreamer+GST_CAPS: 0:00:55.198274979 0xe9014c90 gstpad.c:2644:gst_pad_has_current_caps:<h264parse0:src> check current pad caps video/x-h264, stream-format=(string)byte-stream, alignment=(string)au, level=(string)4, profile=(string)high, width=(int)1280, height=(int)1440, framerate=(fraction)105/4, pixel-aspect-ratio=(fraction)1/1, parsed=(boolean)true
06-09 08:18:16.703  6032  6082 D GStreamer+GST_MEMORY: 0:00:55.198332323 0xe9014c90 gstmemory.c:87:_gst_memory_free free memory 0xe93d46c8
06-09 08:18:16.703  6032  6082 D GStreamer+GST_CAPS: 0:00:55.198362166 0xe9014c90 gstpad.c:2644:gst_pad_has_current_caps:<h264parse0:src> check current pad caps video/x-h264, stream-format=(string)byte-stream, alignment=(string)au, level=(string)4, profile=(string)high, width=(int)1280, height=(int)1440, framerate=(fraction)105/4, pixel-aspect-ratio=(fraction)1/1, parsed=(boolean)true
06-09 08:18:16.703  6032  6082 D GStreamer+h264parse: 0:00:55.198404510 0xe9014c90 gsth264parse.c:182:gst_h264_parse_reset_frame:<h264parse0> reset frame
06-09 08:18:16.703  6032  6082 D GStreamer+baseparse: 0:00:55.198449979 0xe9014c90 gstbaseparse.c:945:gst_base_parse_queue_tag_event_update:<h264parse0> merged   : taglist, video-codec=(string)"H.264\ \(High\ Profile\)", language-code=(string)en, bitrate=(uint)4413700;
06-09 08:18:16.703  6032  6082 D GStreamer+GST_EVENT: 0:00:55.198497479 0xe9014c90 gstevent.c:302:gst_event_new_custom creating new event 0xe90bb2e0 tag 20510
06-09 08:18:16.703  6032  6082 D GStreamer+GST_PADS: 0:00:55.198523625 0xe9014c90 gstpad.c:3853:check_sticky:<h264parse0:src> pushing all sticky events
06-09 08:18:16.703  6032  6082 D GStreamer+GST_PADS: 0:00:55.198542271 0xe9014c90 gstpad.c:3785:push_sticky:<h264parse0:src> event stream-start was already received
06-09 08:18:16.703  6032  6082 D GStreamer+GST_PADS: 0:00:55.198560760 0xe9014c90 gstpad.c:3785:push_sticky:<h264parse0:src> event caps was already received
06-09 08:18:16.703  6032  6083 D GStreamer+basesrc: 0:00:55.198647896 0xe9014cf0 gstbasesrc.c:2309:gst_base_src_do_sync:<filesrc0> we have no clock
06-09 08:18:16.703  6032  6083 D GStreamer+basesrc: 0:00:55.198679979 0xe9014cf0 gstbasesrc.c:2519:gst_base_src_get_range:<filesrc0> buffer ok
06-09 08:18:16.703  6032  6083 D GStreamer+GST_SCHEDULING: 0:00:55.198709354 0xe9014cf0 gstpad.c:4193:gst_pad_chain_data_unchecked:<queue0:sink> calling chainfunction &gst_queue_chain with buffer buffer: 0xe942db20, pts 0:00:01.751175185, dts 0:00:01.560830056, dur 0:00:00.038069026, size 35853, offset none, offset_end none, flags 0x2000
06-09 08:18:16.703  6032  6083 D GStreamer+GST_SCHEDULING: 0:00:55.198765708 0xe9014cf0 gstpad.c:4199:gst_pad_chain_data_unchecked:<queue0:sink> called chainfunction &gst_queue_chain with buffer 0xe942db20, returned ok
06-09 08:18:16.704  6032  6083 D GStreamer+qtdemux: 0:00:55.198791489 0xe9014cf0 qtdemux.c:8035:qtdemux_parse_samples:<q> parsing up to sample 42
06-09 08:18:16.704  6032  6083 D GStreamer+qtdemux: 0:00:55.198816229 0xe9014cf0 qtdemux.c:8242:qtdemux_parse_samples:<q> sample 42: index 42, timestamp 0:00:01.598899082
06-09 08:18:16.704  6032  6083 D GStreamer+qtdemux: 0:00:55.198850083 0xe9014cf0 qtdemux.c:5525:gst_qtdemux_loop_state_movie:<q> pushing from stream 0, empty 0 offset 947166, size 19388, dts=0:00:01.598899082, pts=0:00:01.675037134, duration 0:00:00.038069026
06-09 08:18:16.704  6032  6083 D GStreamer+basesrc: 0:00:55.198894875 0xe9014cf0 gstbasesrc.c:2354:gst_base_src_update_length:<filesrc0> reading offset 947166, length 19388, size 22092204, segment.stop -1, maxsize 22092204
06-09 08:18:16.704  6032  6083 D GStreamer+basesrc: 0:00:55.198927479 0xe9014cf0 gstbasesrc.c:2455:gst_base_src_get_range:<filesrc0> calling create offset 947166 length 19388, time 0
06-09 08:18:16.704  6032  6083 D GStreamer+GST_MEMORY: 0:00:55.198952583 0xe9014cf0 gstmemory.c:138:gst_memory_init new memory 0xe93d1688, maxsize:19391 offset:0 size:19388
06-09 08:18:16.704  6032  6083 D GStreamer+basesrc: 0:00:55.198990604 0xe9014cf0 gstbasesrc.c:2309:gst_base_src_do_sync:<filesrc0> we have no clock
06-09 08:18:16.704  6032  6083 D GStreamer+basesrc: 0:00:55.199010812 0xe9014cf0 gstbasesrc.c:2519:gst_base_src_get_range:<filesrc0> buffer ok
06-09 08:18:16.704  6032  6083 D GStreamer+GST_SCHEDULING: 0:00:55.199031646 0xe9014cf0 gstpad.c:4193:gst_pad_chain_data_unchecked:<queue0:sink> calling chainfunction &gst_queue_chain with buffer buffer: 0xe942dbc0, pts 0:00:01.675037134, dts 0:00:01.598899082, dur 0:00:00.038069026, size 19388, offset none, offset_end none, flags 0x2000
06-09 08:18:16.704  6032  6083 D GStreamer+GST_SCHEDULING: 0:00:55.199091750 0xe9014cf0 gstpad.c:4199:gst_pad_chain_data_unchecked:<queue0:sink> called chainfunction &gst_queue_chain with buffer 0xe942dbc0, returned ok
06-09 08:18:16.704  6032  6083 D GStreamer+qtdemux: 0:00:55.199121698 0xe9014cf0 qtdemux.c:8035:qtdemux_parse_samples:<q> parsing up to sample 43
06-09 08:18:16.704  6032  6083 D GStreamer+qtdemux: 0:00:55.199143729 0xe9014cf0 qtdemux.c:8242:qtdemux_parse_samples:<q> sample 43: index 43, timestamp 0:00:01.636968108
06-09 08:18:16.704  6032  6083 D GStreamer+qtdemux: 0:00:55.199184458 0xe9014cf0 qtdemux.c:5525:gst_qtdemux_loop_state_movie:<q> pushing from stream 0, empty 0 offset 966554, size 13832, dts=0:00:01.636968108, pts=0:00:01.636968108, duration 0:00:00.038069026
06-09 08:18:16.704  6032  6083 D GStreamer+basesrc: 0:00:55.199230291 0xe9014cf0 gstbasesrc.c:2354:gst_base_src_update_length:<filesrc0> reading offset 966554, length 13832, size 22092204, segment.stop -1, maxsize 22092204
06-09 08:18:16.704  6032  6083 D GStreamer+basesrc: 0:00:55.199261489 0xe9014cf0 gstbasesrc.c:2455:gst_base_src_get_range:<filesrc0> calling create offset 966554 length 13832, time 0
06-09 08:18:16.704  6032  6083 D GStreamer+GST_MEMORY: 0:00:55.199297166 0xe9014cf0 gstmemory.c:138:gst_memory_init new memory 0xe9491e88, maxsize:13835 offset:0 size:13832
06-09 08:18:16.704  6032  6083 D GStreamer+basesrc: 0:00:55.199342896 0xe9014cf0 gstbasesrc.c:2309:gst_base_src_do_sync:<filesrc0> we have no clock
06-09 08:18:16.704  6032  6083 D GStreamer+basesrc: 0:00:55.199362791 0xe9014cf0 gstbasesrc.c:2519:gst_base_src_get_range:<filesrc0> buffer ok
06-09 08:18:16.704  6032  6083 D GStreamer+GST_SCHEDULING: 0:00:55.199384354 0xe9014cf0 gstpad.c:4193:gst_pad_chain_data_unchecked:<queue0:sink> calling chainfunction &gst_queue_chain with buffer buffer: 0xe942dc60, pts 0:00:01.636968108, dts 0:00:01.636968108, dur 0:00:00.038069026, size 13832, offset none, offset_end none, flags 0x2000
06-09 08:18:16.704  6032  6083 D GStreamer+queue_dataflow: 0:00:55.199457843 0xe9014cf0 gstqueue.c:1220:gst_queue_chain_buffer_or_list:<queue0> queue is full, waiting for free space
06-09 08:18:16.704  6032  6082 D GStreamer+GST_PADS: 0:00:55.198580343 0xe9014c90 gstpad.c:3785:push_sticky:<h264parse0:src> event segment was already received
06-09 08:18:16.704  6032  6082 D GStreamer+GST_EVENT: 0:00:55.199518625 0xe9014c90 gstpad.c:5536:gst_pad_send_event_unchecked:<capsfilter0:sink> have event type tag event: 0xe90bb2e0, time 99:99:99.999999999, seq-num 150, GstTagList-stream, taglist=(taglist)"taglist\,\ video-codec\=\(string\)\"H.264\\\ \\\(High\\\ Profile\\\)\"\,\ language-code\=\(string\)en\,\ bitrate\=\(uint\)4413700\,\ minimum-bitrate\=\(uint\)2934960\,\ maximum-bitrate\=\(uint\)7681590\;";
06-09 08:18:16.704  6032  6082 D GStreamer+GST_PADS: 0:00:55.199640552 0xe9014c90 gstpad.c:3853:check_sticky:<capsfilter0:src> pushing all sticky events
06-09 08:18:16.704  6032  6082 D GStreamer+GST_PADS: 0:00:55.199665552 0xe9014c90 gstpad.c:3785:push_sticky:<capsfilter0:src> event stream-start was already received
06-09 08:18:16.704  6032  6082 D GStreamer+GST_PADS: 0:00:55.199687427 0xe9014c90 gstpad.c:3785:push_sticky:<capsfilter0:src> event caps was already received
06-09 08:18:16.704  6032  6082 D GStreamer+GST_PADS: 0:00:55.199707062 0xe9014c90 gstpad.c:3785:push_sticky:<capsfilter0:src> event segment was already received
06-09 08:18:16.704  6032  6088 D GStreamer+amcvideodec: 0:00:55.199706541 0xe93583b0 gstamcvideodec.c:1250:gst_amc_video_dec_loop:<amcvideodec-omxnvidiah264decode0> dequeueOutputBuffer() returned -2 (0xfffffffe)
06-09 08:18:16.704  6032  6088 D GStreamer+amcvideodec: 0:00:55.199751333 0xe93583b0 gstamcvideodec.c:1267:gst_amc_video_dec_loop:<amcvideodec-omxnvidiah264decode0> Output format has changed
06-09 08:18:16.704  6032  6082 D GStreamer+GST_EVENT: 0:00:55.199732583 0xe9014c90 gstpad.c:5536:gst_pad_send_event_unchecked:<amcvideodec-omxnvidiah264decode0:sink> have event type tag event: 0xe90bb2e0, time 99:99:99.999999999, seq-num 150, GstTagList-stream, taglist=(taglist)"taglist\,\ video-codec\=\(string\)\"H.264\\\ \\\(High\\\ Profile\\\)\"\,\ language-code\=\(string\)en\,\ bitrate\=\(uint\)4413700\,\ minimum-bitrate\=\(uint\)2934960\,\ maximum-bitrate\=\(uint\)7681590\;";
06-09 08:18:16.705  6032  6082 D GStreamer+videodecoder: 0:00:55.199810916 0xe9014c90 gstvideodecoder.c:1486:gst_video_decoder_sink_event:<amcvideodec-omxnvidiah264decode0> received event 20510, tag
06-09 08:18:16.705   995  6089 D NvOsDebugPrintf: TVMR: cctx->bAbortInputBuffer = 0, cctx->bEOSAbortOutputBuffer = 0 
06-09 08:18:16.705  6032  6088 D GStreamer+amcvideodec: 0:00:55.200087791 0xe93583b0 gstamcvideodec.c:1278:gst_amc_video_dec_loop:<amcvideodec-omxnvidiah264decode0> Got new output format: {mime=video/raw, crop-top=0, crop-right=1279, slice-height=1440, color-format=262, height=1440, width=1280, what=1869968451, crop-bottom=1439, crop-left=0, stride=1280}
06-09 08:18:16.705  6032  6088 D GStreamer+videodecoder: 0:00:55.200173468 0xe93583b0 gstvideodecoder.c:3488:gst_video_decoder_set_output_state:<amcvideodec-omxnvidiah264decode0> fmt:11, width:1280, height:1440, reference:0xe943a050
06-09 08:18:16.705  6032  6088 D GStreamer+videodecoder: 0:00:55.200211333 0xe93583b0 gstvideodecoder.c:778:_new_output_state reference par 1/1 fps 105/4
06-09 08:18:16.705  6032  6088 D GStreamer+videodecoder: 0:00:55.200232114 0xe93583b0 gstvideodecoder.c:793:_new_output_state reference par 1/1 fps 105/4
06-09 08:18:16.705  6032  6088 D GStreamer+amcvideodec: 0:00:55.200307062 0xe93583b0 gstamcvideodec.c:839:gst_amc_video_dec_set_src_caps:<amcvideodec-omxnvidiah264decode0> Configuring for Surface output
06-09 08:18:16.705  6032  6088 D GStreamer+GST_PADS: 0:00:55.200330916 0xe93583b0 gstpad.c:1614:gst_pad_check_reconfigure:<amcvideodec-omxnvidiah264decode0:src> remove RECONFIGURE flag
06-09 08:18:16.705  6032  6088 D GStreamer+videodecoder: 0:00:55.200350812 0xe93583b0 gstvideodecoder.c:3802:gst_video_decoder_negotiate_default:<amcvideodec-omxnvidiah264decode0> output_state par 1/1 fps 105/4
06-09 08:18:16.705  6032  6088 D GStreamer+videodecoder: 0:00:55.200388937 0xe93583b0 gstvideodecoder.c:3809:gst_video_decoder_negotiate_default:<amcvideodec-omxnvidiah264decode0> setting caps video/x-raw(memory:GLMemory), format=(string)RGBA, width=(int)1280, height=(int)1440, interlace-mode=(string)progressive, pixel-aspect-ratio=(fraction)1/1, colorimetry=(string)sRGB, framerate=(fraction)105/4, texture-target=(string)external-oes
06-09 08:18:16.705  6032  6088 D GStreamer+GST_CAPS: 0:00:55.200454927 0xe93583b0 gstpad.c:2672:gst_pad_get_current_caps:<amcvideodec-omxnvidiah264decode0:src> get current pad caps video/x-raw(memory:GLMemory), format=(string)RGBA, width=(int)1280, height=(int)1440, interlace-mode=(string)progressive, pixel-aspect-ratio=(fraction)1/1, colorimetry=(string)sRGB, framerate=(fraction)105/4
06-09 08:18:16.706  6032  6088 D GStreamer+GST_EVENT: 0:00:55.200691437 0xe93583b0 gstpad.c:5536:gst_pad_send_event_unchecked:<src_0:proxypad2> have event type caps event: 0xe927da10, time 99:99:99.999999999, seq-num 151, GstEventCaps, caps=(GstCaps)"video/x-raw\(memory:GLMemory\)\,\ format\=\(string\)RGBA\,\ width\=\(int\)1280\,\ height\=\(int\)1440\,\ interlace-mode\=\(string\)progressive\,\ pixel-aspect-ratio\=\(fraction\)1/1\,\ colorimetry\=\(string\)sRGB\,\ framerate\=\(fraction\)105/4\,\ texture-target\=\(string\)external-oes";
06-09 08:18:16.706  6032  6088 D GStreamer+GST_CAPS: 0:00:55.200893312 0xe93583b0 gstutils.c:2955:gst_pad_query_accept_caps:<src_0:proxypad2> accept caps of video/x-raw(memory:GLMemory), format=(string)RGBA, width=(int)1280, height=(int)1440, interlace-mode=(string)progressive, pixel-aspect-ratio=(fraction)1/1, colorimetry=(string)sRGB, framerate=(fraction)105/4, texture-target=(string)external-oes
06-09 08:18:16.706  6032  6088 D GStreamer+query: 0:00:55.201060552 0xe93583b0 gstquery.c:674:gst_query_new_custom creating new query 0xe942f8c0 accept-caps
06-09 08:18:16.706  6032  6088 D GStreamer+GST_PADS: 0:00:55.201086073 0xe93583b0 gstpad.c:3922:gst_pad_query:<src_0:proxypad2> doing query 0xe942f8c0 (accept-caps)
06-09 08:18:16.706   995  6089 D NvOsDebugPrintf: TVMR: cctx->bAbortInputBuffer = 0, cctx->bEOSAbortOutputBuffer = 0 
06-09 08:18:16.706  6032  6088 D GStreamer+GST_PADS: 0:00:55.201113208 0xe93583b0 gstpad.c:3059:gst_pad_query_accept_caps_default:<src_0:proxypad2> query accept-caps accept-caps query: 0xe942f8c0, GstQueryAcceptCaps, caps=(GstCaps)"video/x-raw\(memory:GLMemory\)\,\ format\=\(string\)RGBA\,\ width\=\(int\)1280\,\ height\=\(int\)1440\,\ interlace-mode\=\(string\)progressive\,\ pixel-aspect-ratio\=\(fraction\)1/1\,\ colorimetry\=\(string\)sRGB\,\ framerate\=\(fraction\)105/4\,\ texture-target\=\(string\)external-oes", result=(boolean)false;
06-09 08:18:16.706  6032  6088 D GStreamer+GST_PADS: 0:00:55.201205968 0xe93583b0 gstutils.c:2564:gst_pad_proxy_query_accept_caps:<src_0:proxypad2> proxying accept caps query for src_0:proxypad2
06-09 08:18:16.706  6032  6088 D GStreamer+GST_PADS: 0:00:55.201238625 0xe93583b0 gstpad.c:4049:gst_pad_peer_query:<forhwgl:src_0> peer query 0xe942f8c0 (accept-caps)
06-09 08:18:16.706  6032  6088 D GStreamer+GST_PADS: 0:00:55.201281281 0xe93583b0 gstpad.c:3690:do_probe_callbacks:<forhwgl:src_0> data is passed
06-09 08:18:16.706  6032  6088 D GStreamer+GST_PADS: 0:00:55.201300500 0xe93583b0 gstpad.c:3922:gst_pad_query:<queue1:sink> doing query 0xe942f8c0 (accept-caps)
06-09 08:18:16.706  6032  6088 D GStreamer+GST_PADS: 0:00:55.201364250 0xe93583b0 gstpad.c:3059:gst_pad_query_accept_caps_default:<queue1:sink> query accept-caps accept-caps query: 0xe942f8c0, GstQueryAcceptCaps, caps=(GstCaps)"video/x-raw\(memory:GLMemory\)\,\ format\=\(string\)RGBA\,\ width\=\(int\)1280\,\ height\=\(int\)1440\,\ interlace-mode\=\(string\)progressive\,\ pixel-aspect-ratio\=\(fraction\)1/1\,\ colorimetry\=\(string\)sRGB\,\ framerate\=\(fraction\)105/4\,\ texture-target\=\(string\)external-oes", result=(boolean)false;
06-09 08:18:16.706  6032  6088 D GStreamer+GST_PADS: 0:00:55.201446385 0xe93583b0 gstutils.c:2564:gst_pad_proxy_query_accept_caps:<queue1:sink> proxying accept caps query for queue1:sink
06-09 08:18:16.706  6032  6088 D GStreamer+GST_PADS: 0:00:55.201712479 0xe93583b0 gstpad.c:3922:gst_pad_query:<glimagesinkbin0:sink> doing query 0xe942f8f0 (accept-caps)
06-09 08:18:16.707  6032  6088 D GStreamer+GST_PADS: 0:00:55.201828468 0xe93583b0 gstpad.c:3059:gst_pad_query_accept_caps_default:<glimagesinkbin0:sink> query accept-caps accept-caps query: 0xe942f8f0, GstQueryAcceptCaps, caps=(GstCaps)"video/x-raw\(memory:GLMemory\)\,\ format\=\(string\)RGBA\,\ width\=\(int\)1280\,\ height\=\(int\)1440\,\ interlace-mode\=\(string\)progressive\,\ pixel-aspect-ratio\=\(fraction\)1/1\,\ colorimetry\=\(string\)sRGB\,\ framerate\=\(fraction\)105/4\,\ texture-target\=\(string\)external-oes", result=(boolean)false;
06-09 08:18:16.707  6032  6088 D GStreamer+GST_PADS: 0:00:55.201943781 0xe93583b0 gstutils.c:2564:gst_pad_proxy_query_accept_caps:<glimagesinkbin0:sink> proxying accept caps query for glimagesinkbin0:sink
06-09 08:18:16.707  6032  6088 D GStreamer+GST_PADS: 0:00:55.201971541 0xe93583b0 gstpad.c:4049:gst_pad_peer_query:<sink:proxypad1> peer query 0xe942f8f0 (accept-caps)
06-09 08:18:16.707   995  6089 D NvOsDebugPrintf: TVMR: cctx->bAbortInputBuffer = 0, cctx->bEOSAbortOutputBuffer = 0 
06-09 08:18:16.707  6032  6088 D GStreamer+GST_PADS: 0:00:55.201995135 0xe93583b0 gstpad.c:3922:gst_pad_query:<gluploadelement0:sink> doing query 0xe942f8f0 (accept-caps)
06-09 08:18:16.707  6032  6088 D GStreamer+basetransform: 0:00:55.202036802 0xe93583b0 gstbasetransform.c:1301:gst_base_transform_acceptcaps_default:<gluploadelement0> accept caps video/x-raw(memory:GLMemory), format=(string)RGBA, width=(int)1280, height=(int)1440, interlace-mode=(string)progressive, pixel-aspect-ratio=(fraction)1/1, colorimetry=(string)sRGB, framerate=(fraction)105/4, texture-target=(string)external-oes
06-09 08:18:16.707  6032  6088 D GStreamer+basetransform: 0:00:55.202082218 0xe93583b0 gstbasetransform.c:1308:gst_base_transform_acceptcaps_default:<gluploadelement0> intersect with pad template: video/x-raw(memory:GLMemory, meta:GstVideoOverlayComposition), format=(string){ RGBA, BGRA, RGBx, BGRx, ARGB, ABGR, xRGB, xBGR, RGB, BGR, RGB16, BGR16, AYUV, I420, YV12, NV12, NV21, YUY2, UYVY, Y41B, Y42B, Y444, GRAY8, GRAY16_LE, GRAY16_BE }, width=(int)[ 1, 2147483647 ], height=(int)[ 1, 2147483647 ], framerate=(fraction)[ 0/1, 2147483647/1 ]; video/x-raw(meta:GstVideoGLTextureUploadMeta, meta:GstVideoOverlayComposition), format=(string)RGBA, width=(int)[ 1, 2147483647 ], height=(int)[ 1, 2147483647 ], framerate=(fraction)[ 0/1, 2147483647/1 ]; video/x-raw(memory:SystemMemory, meta:GstVideoOverlayComposition), format=(string){ RGBA, BGRA, RGBx, BGRx, ARGB, ABGR, xRGB, xBGR, RGB, BGR, RGB16, BGR16, AYUV, I420, YV12, NV12, NV21, YUY2, UYVY, Y41B, Y42B, Y444, GRAY8, GRAY16_LE, GRAY16_BE }, width=(int)[ 1, 2147483647 ], height=(int)[ 1, 2147483647 ], framerate=(fraction)[ 0/
06-09 08:18:16.707  6032  6088 D GStreamer+basetransform: 0:00:55.202312583 0xe93583b0 gstbasetransform.c:1313:gst_base_transform_acceptcaps_default:<gluploadelement0> trying to transform with filter: video/x-raw(ANY) (the other pad template)
06-09 08:18:16.707  6032  6088 D GStreamer+basetransform: 0:00:55.202335604 0xe93583b0 gstbasetransform.c:533:gst_base_transform_transform_caps:<gluploadelement0> transform caps (direction = 2)
06-09 08:18:16.707  6032  6088 D GStreamer+GST_PERFORMANCE: 0:00:55.202389250 0xe93583b0 gstcaps.c:178:_gst_caps_copy:<0xe94238f0> doing copy 0xe94238f0 -> 0xe9423918
06-09 08:18:16.707  6032  6088 D GStreamer+GST_PERFORMANCE: 0:00:55.202482375 0xe93583b0 gstcaps.c:178:_gst_caps_copy:<0xe9423968> doing copy 0xe9423968 -> 0xe9423990
06-09 08:18:16.707  6032  6088 D GStreamer+GST_PERFORMANCE: 0:00:55.202551437 0xe93583b0 gstcaps.c:178:_gst_caps_copy:<0xe9453000> doing copy 0xe9453000 -> 0xe9453028
06-09 08:18:16.707  6032  6088 D GStreamer+basetransform: 0:00:55.202610916 0xe93583b0 gstbasetransform.c:560:gst_base_transform_transform_caps:<gluploadelement0> to: video/x-raw(memory:GLMemory), format=(string)RGBA, width=(int)1280, height=(int)1440, interlace-mode=(string)progressive, pixel-aspect-ratio=(fraction)1/1, colorimetry=(string)sRGB, framerate=(fraction)105/4, texture-target=(string)external-oes
06-09 08:18:16.707  6032  6088 D GStreamer+basetransform: 0:00:55.202666021 0xe93583b0 gstbasetransform.c:1319:gst_base_transform_acceptcaps_default:<gluploadelement0> accept-caps result: 1
06-09 08:18:16.707  6032  6088 D GStreamer+GST_PADS: 0:00:55.202691021 0xe93583b0 gstpad.c:3945:gst_pad_query:<gluploadelement0:sink> sent query 0xe942f8f0 (accept-caps), result 1
06-09 08:18:16.707  6032  6088 D GStreamer+GST_PADS: 0:00:55.202717896 0xe93583b0 gstutils.c:2575:gst_pad_proxy_query_accept_caps:<glimagesinkbin0:sink> proxying accept caps query: 1
06-09 08:18:16.707  6032  6088 D GStreamer+GST_PADS: 0:00:55.202740291 0xe93583b0 gstpad.c:3089:gst_pad_query_accept_caps_default:<glimagesinkbin0:sink> allowed caps subset ANY, caps video/x-raw(memory:GLMemory), format=(string)RGBA, width=(int)1280, height=(int)1440, interlace-mode=(string)progressive, pixel-aspect-ratio=(fraction)1/1, colorimetry=(string)sRGB, framerate=(fraction)105/4, texture-target=(string)external-oes
06-09 08:18:16.708  6032  6088 D GStreamer+GST_PADS: 0:00:55.202800083 0xe93583b0 gstpad.c:3367:gst_pad_query_default:<glimagesinkbin0:sink> not forwarding 0xe942f8f0 (accept-caps) query
06-09 08:18:16.708  6032  6088 D GStreamer+GST_PADS: 0:00:55.202822948 0xe93583b0 gstpad.c:3945:gst_pad_query:<glimagesinkbin0:sink> sent query 0xe942f8f0 (accept-caps), result 1
06-09 08:18:16.708  6032  6088 D GStreamer+default: 0:00:55.202844875 0xe93583b0 gstutils.c:2989:gst_pad_peer_query_accept_caps:<forhalffps:src> query returned 1
06-09 08:18:16.708  6032  6088 D GStreamer+GST_PADS: 0:00:55.202881437 0xe93583b0 gstpad.c:3945:gst_pad_query:<forhalffps:sink> sent query 0xe942f8c0 (accept-caps), result 1
06-09 08:18:16.708  6032  6088 D GStreamer+GST_PADS: 0:00:55.202910552 0xe93583b0 gstutils.c:2575:gst_pad_proxy_query_accept_caps:<queue1:sink> proxying accept caps query: 1
06-09 08:18:16.708  6032  6088 D GStreamer+GST_PADS: 0:00:55.202931854 0xe93583b0 gstpad.c:3089:gst_pad_query_accept_caps_default:<queue1:sink> allowed caps subset ANY, caps video/x-raw(memory:GLMemory), format=(string)RGBA, width=(int)1280, height=(int)1440, interlace-mode=(string)progressive, pixel-aspect-ratio=(fraction)1/1, colorimetry=(string)sRGB, framerate=(fraction)105/4, texture-target=(string)external-oes
06-09 08:18:16.708  6032  6088 D GStreamer+GST_PADS: 0:00:55.202971593 0xe93583b0 gstpad.c:3367:gst_pad_query_default:<queue1:sink> not forwarding 0xe942f8c0 (accept-caps) query
06-09 08:18:16.708  6032  6088 D GStreamer+GST_PADS: 0:00:55.203010187 0xe93583b0 gstpad.c:3945:gst_pad_query:<queue1:sink> sent query 0xe942f8c0 (accept-caps), result 1
06-09 08:18:16.708  6032  6088 D GStreamer+GST_PADS: 0:00:55.203035135 0xe93583b0 gstutils.c:2575:gst_pad_proxy_query_accept_caps:<src_0:proxypad2> proxying accept caps query: 1
06-09 08:18:16.708  6032  6088 D GStreamer+GST_PADS: 0:00:55.203055604 0xe93583b0 gstpad.c:3089:gst_pad_query_accept_caps_default:<src_0:proxypad2> allowed caps subset ANY, caps video/x-raw(memory:GLMemory), format=(string)RGBA, width=(int)1280, height=(int)1440, interlace-mode=(string)progressive, pixel-aspect-ratio=(fraction)1/1, colorimetry=(string)sRGB, framerate=(fraction)105/4, texture-target=(string)external-oes
06-09 08:18:16.708  6032  6088 D GStreamer+GST_PADS: 0:00:55.203112218 0xe93583b0 gstpad.c:3367:gst_pad_query_default:<src_0:proxypad2> not forwarding 0xe942f8c0 (accept-caps) query
06-09 08:18:16.708  6032  6088 D GStreamer+GST_PADS: 0:00:55.203135031 0xe93583b0 gstpad.c:3945:gst_pad_query:<src_0:proxypad2> sent query 0xe942f8c0 (accept-caps), result 1
06-09 08:18:16.708  6032  6088 D GStreamer+default: 0:00:55.203156385 0xe93583b0 gstutils.c:2960:gst_pad_query_accept_caps:<src_0:proxypad2> query returned 1
06-09 08:18:16.708  6032  6088 D GStreamer+GST_PADS: 0:00:55.203181854 0xe93583b0 gstpad.c:5093:store_sticky_event:<forhwgl:src_0> notify caps
06-09 08:18:16.708  6032  6088 D GStreamer+GST_PADS: 0:00:55.203223677 0xe93583b0 gstpad.c:3853:check_sticky:<forhwgl:src_0> pushing all sticky events
06-09 08:18:16.708  6032  6088 D GStreamer+GST_PADS: 0:00:55.203245083 0xe93583b0 gstpad.c:3690:do_probe_callbacks:<forhwgl:src_0> data is passed
06-09 08:18:16.708  6032  6088 D GStreamer+GST_PADS: 0:00:55.203263833 0xe93583b0 gstpad.c:3493:probe_hook_marshal:<forhwgl:src_0> probe returned OK
06-09 08:18:16.708  6032  6088 D GStreamer+GST_EVENT: 0:00:55.203282895 0xe93583b0 gstpad.c:5536:gst_pad_send_event_unchecked:<queue1:sink> have event type stream-start event: 0xe9241ca0, time 99:99:99.999999999, seq-num 64, GstEventStreamStart, stream-id=(string)2fc2c949c297f77f4e54ce29e6646b7f846b06d9419fa355b4615ebd745c1656/001, flags=(GstStreamFlags)GST_STREAM_FLAG_NONE, group-id=(uint)0;
06-09 08:18:16.708  6032  6081 D GStreamer+queue_dataflow: 0:00:55.203372166 0xe9014c30 gstqueue.c:1500:gst_queue_loop:<queue1> queue is not empty
06-09 08:18:16.708  6032  6081 D GStreamer+GST_PADS: 0:00:55.203398729 0xe9014c30 gstpad.c:3853:check_sticky:<queue1:src> pushing all sticky events
06-09 08:18:16.708  6032  6081 D GStreamer+GST_EVENT: 0:00:55.203431229 0xe9014c30 gstpad.c:5536:gst_pad_send_event_unchecked:<forhalffps:sink> have event type stream-start event: 0xe9241ca0, time 99:99:99.999999999, seq-num 64, GstEventStreamStart, stream-id=(string)2fc2c949c297f77f4e54ce29e6646b7f846b06d9419fa355b4615ebd745c1656/001, flags=(GstStreamFlags)GST_STREAM_FLAG_NONE, group-id=(uint)0;
06-09 08:18:16.708  6032  6081 D GStreamer+GST_PADS: 0:00:55.203481229 0xe9014c30 gstpad.c:3690:do_probe_callbacks:<forhalffps:sink> data is passed
06-09 08:18:16.708  6032  6081 D GStreamer+GST_PADS: 0:00:55.203502010 0xe9014c30 gstpad.c:3853:check_sticky:<forhalffps:src> pushing all sticky events
06-09 08:18:16.708  6032  6081 D GStreamer+GST_EVENT: 0:00:55.203520187 0xe9014c30 gstpad.c:5536:gst_pad_send_event_unchecked:<glimagesinkbin0:sink> have event type stream-start event: 0xe9241ca0, time 99:99:99.999999999, seq-num 64, GstEventStreamStart, stream-id=(string)2fc2c949c297f77f4e54ce29e6646b7f846b06d9419fa355b4615ebd745c1656/001, flags=(GstStreamFlags)GST_STREAM_FLAG_NONE, group-id=(uint)0;
06-09 08:18:16.708  6032  6081 D GStreamer+GST_PADS: 0:00:55.203583520 0xe9014c30 gstpad.c:3853:check_sticky:<sink:proxypad1> pushing all sticky events
06-09 08:18:16.708  6032  6081 D GStreamer+GST_EVENT: 0:00:55.203603573 0xe9014c30 gstpad.c:5536:gst_pad_send_event_unchecked:<gluploadelement0:sink> have event type stream-start event: 0xe9241ca0, time 99:99:99.999999999, seq-num 64, GstEventStreamStart, stream-id=(string)2fc2c949c297f77f4e54ce29e6646b7f846b06d9419fa355b4615ebd745c1656/001, flags=(GstStreamFlags)GST_STREAM_FLAG_NONE, group-id=(uint)0;
06-09 08:18:16.708  6032  6081 D GStreamer+GST_PADS: 0:00:55.203648000 0xe9014c30 gstpad.c:3853:check_sticky:<gluploadelement0:src> pushing all sticky events
06-09 08:18:16.708  6032  6081 D GStreamer+GST_EVENT: 0:00:55.203668104 0xe9014c30 gstpad.c:5536:gst_pad_send_event_unchecked:<glcolorconvertelement0:sink> have event type stream-start event: 0xe9241ca0, time 99:99:99.999999999, seq-num 64, GstEventStreamStart, stream-id=(string)2fc2c949c297f77f4e54ce29e6646b7f846b06d9419fa355b4615ebd745c1656/001, flags=(GstStreamFlags)GST_STREAM_FLAG_NONE, group-id=(uint)0;
06-09 08:18:16.708  6032  6081 D GStreamer+GST_PADS: 0:00:55.203713208 0xe9014c30 gstpad.c:3853:check_sticky:<glcolorconvertelement0:src> pushing all sticky events
06-09 08:18:16.708  6032  6081 D GStreamer+GST_EVENT: 0:00:55.203732218 0xe9014c30 gstpad.c:5536:gst_pad_send_event_unchecked:<glcolorbalance0:sink> have event type stream-start event: 0xe9241ca0, time 99:99:99.999999999, seq-num 64, GstEventStreamStart, stream-id=(string)2fc2c949c297f77f4e54ce29e6646b7f846b06d9419fa355b4615ebd745c1656/001, flags=(GstStreamFlags)GST_STREAM_FLAG_NONE, group-id=(uint)0;
06-09 08:18:16.708  6032  6081 D GStreamer+GST_PADS: 0:00:55.203776020 0xe9014c30 gstpad.c:3853:check_sticky:<glcolorbalance0:src> pushing all sticky events
06-09 08:18:16.709  6032  6081 D GStreamer+GST_EVENT: 0:00:55.203794875 0xe9014c30 gstpad.c:5536:gst_pad_send_event_unchecked:<sink:sink> have event type stream-start event: 0xe9241ca0, time 99:99:99.999999999, seq-num 64, GstEventStreamStart, stream-id=(string)2fc2c949c297f77f4e54ce29e6646b7f846b06d9419fa355b4615ebd745c1656/001, flags=(GstStreamFlags)GST_STREAM_FLAG_NONE, group-id=(uint)0;
06-09 08:18:16.709  6032  6081 D GStreamer+basesink: 0:00:55.203837635 0xe9014c30 gstbasesink.c:3231:gst_base_sink_event:<sink> received event 0xe9241ca0 stream-start event: 0xe9241ca0, time 99:99:99.999999999, seq-num 64, GstEventStreamStart, stream-id=(string)2fc2c949c297f77f4e54ce29e6646b7f846b06d9419fa355b4615ebd745c1656/001, flags=(GstStreamFlags)GST_STREAM_FLAG_NONE, group-id=(uint)0;
06-09 08:18:16.709  6032  6081 D GStreamer+glimagesink: 0:00:55.203881958 0xe9014c30 gstglimagesink.c:1076:gst_glimage_sink_event:<sink> handling stream-start event
06-09 08:18:16.709  6032  6081 D GStreamer+basesink: 0:00:55.203902583 0xe9014c30 gstbasesink.c:3117:gst_base_sink_default_event:<sink> Now posting STREAM_START (seqnum:64)
06-09 08:18:16.709  6032  6081 D GStreamer+GST_BUS: 0:00:55.203930291 0xe9014c30 gstbus.c:309:gst_bus_post:<bus1> [msg 0xe9019c58] posting on bus stream-start message: 0xe9019c58, time 99:99:99.999999999, seq-num 64, element 'sink', GstMessageStreamStart, group-id=(uint)0;
06-09 08:18:16.709  6032  6081 D GStreamer+bin: 0:00:55.203971020 0xe9014c30 gstbin.c:3654:gst_bin_handle_message_func:<glimagesinkbin0> [msg 0xe9019c58] handling child sink message of type stream-start
06-09 08:18:16.709  6032  6081 D GStreamer+bin: 0:00:55.203996854 0xe9014c30 gstbin.c:911:find_message:<glimagesinkbin0> no message found matching types 10000000
06-09 08:18:16.709  6032  6081 D GStreamer+bin: 0:00:55.204017895 0xe9014c30 gstbin.c:918:find_message:<glimagesinkbin0>   stream-start
06-09 08:18:16.709  6032  6081 D GStreamer+bin: 0:00:55.204036020 0xe9014c30 gstbin.c:958:bin_replace_message:<glimagesinkbin0> got new message 0xe9019c58, stream-start from sink
06-09 08:18:16.709  6032  6081 D GStreamer+GST_STATES: 0:00:55.204056385 0xe9014c30 gstbin.c:1925:bin_element_is_sink:<glimagesinkbin0> child sink is sink
06-09 08:18:16.709  6032  6081 D GStreamer+bin: 0:00:55.204076229 0xe9014c30 gstbin.c:909:find_message:<glimagesinkbin0> we found a message 0xe9019c58 from sink matching types 10000000
06-09 08:18:16.709  6032  6081 D GStreamer+bin: 0:00:55.204096854 0xe9014c30 gstbin.c:1064:is_stream_start sink 'sink' posted STREAM_START
06-09 08:18:16.709  6032  6081 D GStreamer+GST_STATES: 0:00:55.204113625 0xe9014c30 gstbin.c:1925:bin_element_is_sink:<glimagesinkbin0> child glcolorbalance0 is not sink
06-09 08:18:16.709  6032  6081 D GStreamer+GST_STATES: 0:00:55.204133000 0xe9014c30 gstbin.c:1925:bin_element_is_sink:<glimagesinkbin0> child glcolorconvertelement0 is not sink
06-09 08:18:16.709  6032  6081 D GStreamer+GST_STATES: 0:00:55.204152635 0xe9014c30 gstbin.c:1925:bin_element_is_sink:<glimagesinkbin0> child gluploadelement0 is not sink
06-09 08:18:16.709  6032  6081 D GStreamer+bin: 0:00:55.204172375 0xe9014c30 gstbin.c:986:bin_remove_messages:<sink> deleting message 0xe9019c58 of types 0x10000000
06-09 08:18:16.709  6032  6081 D GStreamer+bin: 0:00:55.204194354 0xe9014c30 gstbin.c:992:bin_remove_messages:<sink> not deleting message 0xe9002330 of type 0x00100000
06-09 08:18:16.709  6032  6081 D GStreamer+bin: 0:00:55.204216333 0xe9014c30 gstbin.c:3523:bin_do_stream_start:<glimagesinkbin0> all sinks posted STREAM_START, posting seqnum #64
06-09 08:18:16.709  6032  6081 D GStreamer+GST_BUS: 0:00:55.204236541 0xe9014c30 gstbus.c:309:gst_bus_post:<bus2> [msg 0xe9019cb0] posting on bus stream-start message: 0xe9019cb0, time 99:99:99.999999999, seq-num 64, element 'glimagesinkbin0', GstMessageStreamStart, group-id=(uint)0;
06-09 08:18:16.709  6032  6081 D GStreamer+bin: 0:00:55.204275916 0xe9014c30 gstbin.c:3654:gst_bin_handle_message_func:<pipeline0> [msg 0xe9019cb0] handling child glimagesinkbin0 message of type stream-start
06-09 08:18:16.709  6032  6081 D GStreamer+bin: 0:00:55.204297739 0xe9014c30 gstbin.c:911:find_message:<pipeline0> no message found matching types 10000000
06-09 08:18:16.709  6032  6081 D GStreamer+bin: 0:00:55.204316385 0xe9014c30 gstbin.c:918:find_message:<pipeline0>   stream-start
06-09 08:18:16.709  6032  6081 D GStreamer+bin: 0:00:55.204334198 0xe9014c30 gstbin.c:958:bin_replace_message:<pipeline0> got new message 0xe9019cb0, stream-start from glimagesinkbin0
06-09 08:18:16.709  6032  6081 D GStreamer+GST_STATES: 0:00:55.204353468 0xe9014c30 gstbin.c:1925:bin_element_is_sink:<pipeline0> child glimagesinkbin0 is sink
06-09 08:18:16.709  6032  6081 D GStreamer+bin: 0:00:55.204371958 0xe9014c30 gstbin.c:909:find_message:<pipeline0> we found a message 0xe9019cb0 from glimagesinkbin0 matching types 10000000
06-09 08:18:16.709  6032  6081 D GStreamer+bin: 0:00:55.204391593 0xe9014c30 gstbin.c:1064:is_stream_start sink 'glimagesinkbin0' posted STREAM_START
06-09 08:18:16.709  6032  6081 D GStreamer+GST_STATES: 0:00:55.204408156 0xe9014c30 gstbin.c:1925:bin_element_is_sink:<pipeline0> child forhalffps is not sink
06-09 08:18:16.709  6032  6081 D GStreamer+GST_STATES: 0:00:55.204441958 0xe9014c30 gstbin.c:1925:bin_element_is_sink:<pipeline0> child queue1 is not sink
06-09 08:18:16.709  6032  6081 D GStreamer+GST_STATES: 0:00:55.204463677 0xe9014c30 gstbin.c:1925:bin_element_is_sink:<pipeline0> child forhwgl is not sink
06-09 08:18:16.709  6032  6081 D GStreamer+GST_STATES: 0:00:55.204482479 0xe9014c30 gstbin.c:1925:bin_element_is_sink:<pipeline0> child queue0 is not sink
06-09 08:18:16.709  6032  6081 D GStreamer+GST_STATES: 0:00:55.204502218 0xe9014c30 gstbin.c:1925:bin_element_is_sink:<pipeline0> child q is not sink
06-09 08:18:16.709  6032  6081 D GStreamer+GST_STATES: 0:00:55.204520656 0xe9014c30 gstbin.c:1925:bin_element_is_sink:<pipeline0> child filesrc0 is not sink
06-09 08:18:16.709  6032  6081 D GStreamer+bin: 0:00:55.204539770 0xe9014c30 gstbin.c:986:bin_remove_messages:<glimagesinkbin0> deleting message 0xe9019cb0 of types 0x10000000
06-09 08:18:16.709  6032  6081 D GStreamer+bin: 0:00:55.204559927 0xe9014c30 gstbin.c:992:bin_remove_messages:<forhwgl> not deleting message 0xe934db80 of type 0x00200000
06-09 08:18:16.709  6032  6081 D GStreamer+bin: 0:00:55.204578833 0xe9014c30 gstbin.c:992:bin_remove_messages:<glimagesinkbin0> not deleting message 0xe9002388 of type 0x00100000
