06-09 08:18:16.759  6032  6083 D GStreamer+GST_EVENT: 0:00:55.254179666 0xe9014cf0 gstpad.c:5536:gst_pad_send_event_unchecked:<queue0:sink> have event type eos event: 0xe9241e50, time 99:99:99.999999999, seq-num 174, (NULL)
06-09 08:18:16.759  6032  6071 D GStreamer+GST_STATES: 0:00:55.254210864 0xe91c2800 gstelement.c:2597:gst_element_set_state_func:<glcolorbalance0> intermediate: setting state from PAUSED to READY
06-09 08:18:16.759  6032  6083 W GStreamer+queue: 0:00:55.254227687 0xe9014cf0 gstqueue.c:992:gst_queue_handle_sink_event:<queue0> error: Internal data flow error.
06-09 08:18:16.759  6032  6071 D GStreamer+glbasefilter: 0:00:55.254235291 0xe91c2800 gstglbasefilter.c:479:gst_gl_base_filter_change_state:<glcolorbalance0> changing state: PAUSED => READY
06-09 08:18:16.759  6032  6083 W GStreamer+queue: 0:00:55.254248156 0xe9014cf0 gstqueue.c:992:gst_queue_handle_sink_event:<queue0> error: streaming task paused, reason error (-5)
06-09 08:18:16.759  6032  6071 D GStreamer+GST_ELEMENT_PADS: 0:00:55.254258052 0xe91c2800 gstelement.c:2795:gst_element_pads_activate:<glcolorbalance0> deactivate pads
06-09 08:18:16.759  6032  6083 D GStreamer+GST_MESSAGE: 0:00:55.254266541 0xe9014cf0 gstelement.c:1850:gst_element_message_full:<queue0> start
06-09 08:18:16.759  6032  6071 D GStreamer+GST_PADS: 0:00:55.254280291 0xe91c2800 gstpad.c:1078:gst_pad_set_active:<glcolorbalance0:src> deactivating pad from push mode
06-09 08:18:16.759  6032  6071 D GStreamer+GST_PADS: 0:00:55.254303989 0xe91c2800 gstpad.c:967:pre_activate:<glcolorbalance0:src> setting PAD_MODE NONE, set flushing
06-09 08:18:16.759  6032  6083 I GStreamer+GST_ERROR_SYSTEM: 0:00:55.254302895 0xe9014cf0 gstelement.c:1881:gst_element_message_full:<queue0> posting message: Internal data flow error.
06-09 08:18:16.759  6032  6071 D GStreamer+GST_PADS: 0:00:55.254328520 0xe91c2800 gstpad.c:1015:post_activate:<glcolorbalance0:src> stopped streaming
06-09 08:18:16.759  6032  6083 W GStreamer+structure: 0:00:55.254345604 0xe9014cf0 gststructure.c:1935:priv_gst_structure_append_to_gstring No value transform to serialize field 'gerror' of type 'GError'
06-09 08:18:16.759  6032  6071 D GStreamer+GST_PADS: 0:00:55.254351958 0xe91c2800 gstpad.c:453:remove_events:<glcolorbalance0:src> notify caps
06-09 08:18:16.759  6032  6071 D GStreamer+GST_PADS: 0:00:55.254377687 0xe91c2800 gstpad.c:1188:activate_mode_internal:<glcolorbalance0:src> deactivated in push mode
06-09 08:18:16.759  6032  6083 D GStreamer+GST_BUS: 0:00:55.254332427 0xe9014cf0 gstbus.c:309:gst_bus_post:<bus2> [msg 0xe934fc08] posting on bus error message: 0xe934fc08, time 99:99:99.999999999, seq-num 175, element 'queue0', GstMessageError, gerror=(GError)NULL, debug=(string)"gstqueue.c\(992\):\ gst_queue_handle_sink_event\ \(\):\ /GstPipeline:pipeline0/GstQueue:queue0:\012streaming\ task\ paused\,\ reason\ error\ \(-5\)";
06-09 08:18:16.759  6032  6071 D GStreamer+GST_PADS: 0:00:55.254408937 0xe91c2800 gstpad.c:1078:gst_pad_set_active:<glcolorbalance0:sink> deactivating pad from push mode
06-09 08:18:16.759  6032  6083 D GStreamer+bin: 0:00:55.254411020 0xe9014cf0 gstbin.c:3654:gst_bin_handle_message_func:<pipeline0> [msg 0xe934fc08] handling child queue0 message of type error
06-09 08:18:16.759  6032  6071 D GStreamer+GST_PADS: 0:00:55.254448208 0xe91c2800 gstpad.c:967:pre_activate:<glcolorbalance0:sink> setting PAD_MODE NONE, set flushing
06-09 08:18:16.759  6032  6083 D GStreamer+bin: 0:00:55.254450916 0xe9014cf0 gstbin.c:3661:gst_bin_handle_message_func:<pipeline0> got ERROR message, unlocking state change
06-09 08:18:16.759  6032  6083 D GStreamer+bin: 0:00:55.254469458 0xe9014cf0 gstbin.c:3991:gst_bin_handle_message_func:<pipeline0> posting message upward
06-09 08:18:16.759  6032  6083 W GStreamer+structure: 0:00:55.254499875 0xe9014cf0 gststructure.c:1935:priv_gst_structure_append_to_gstring No value transform to serialize field 'gerror' of type 'GError'
06-09 08:18:16.759  6032  6071 D GStreamer+GST_PADS: 0:00:55.254501593 0xe91c2800 gstpad.c:1015:post_activate:<glcolorbalance0:sink> stopped streaming
06-09 08:18:16.759  6032  6071 D GStreamer+GST_PADS: 0:00:55.254526802 0xe91c2800 gstpad.c:453:remove_events:<glcolorbalance0:sink> notify caps
06-09 08:18:16.759  6032  6083 D GStreamer+GST_BUS: 0:00:55.254486333 0xe9014cf0 gstbus.c:309:gst_bus_post:<bus3> [msg 0xe934fc08] posting on bus error message: 0xe934fc08, time 99:99:99.999999999, seq-num 175, element 'queue0', GstMessageError, gerror=(GError)NULL, debug=(string)"gstqueue.c\(992\):\ gst_queue_handle_sink_event\ \(\):\ /GstPipeline:pipeline0/GstQueue:queue0:\012streaming\ task\ paused\,\ reason\ error\ \(-5\)";
06-09 08:18:16.759  6032  6071 D GStreamer+GST_PADS: 0:00:55.254554354 0xe91c2800 gstpad.c:1188:activate_mode_internal:<glcolorbalance0:sink> deactivated in push mode
06-09 08:18:16.759  6032  6083 D GStreamer+GST_BUS: 0:00:55.254561437 0xe9014cf0 gstbus.c:348:gst_bus_post:<bus3> [msg 0xe934fc08] pushing on async queue
06-09 08:18:16.759  6032  6071 D GStreamer+GST_ELEMENT_PADS: 0:00:55.254579406 0xe91c2800 gstelement.c:2814:gst_element_pads_activate:<glcolorbalance0> pad deactivation successful
06-09 08:18:16.759  6032  6083 D GStreamer+GST_BUS: 0:00:55.254582114 0xe9014cf0 gstbus.c:351:gst_bus_post:<bus3> [msg 0xe934fc08] pushed on async queue
06-09 08:18:16.759  6032  6071 D GStreamer+GST_STATES: 0:00:55.254604041 0xe91c2800 gstelement.c:2686:gst_element_change_state:<glcolorbalance0> element changed state SUCCESS
06-09 08:18:16.759  6032  6083 D GStreamer+GST_BUS: 0:00:55.254606489 0xe9014cf0 gstbus.c:344:gst_bus_post:<bus2> [msg 0xe934fc08] dropped
06-09 08:18:16.759  6032  6071 I GStreamer+GST_STATES: 0:00:55.254623052 0xe91c2800 gstelement.c:2349:gst_element_continue_state:<glcolorbalance0> committing state from PAUSED to READY, pending NULL, next NULL
06-09 08:18:16.759  6032  6083 I GStreamer+GST_ERROR_SYSTEM: 0:00:55.254628677 0xe9014cf0 gstelement.c:1904:gst_element_message_full:<queue0> posted error message: Internal data flow error.
06-09 08:18:16.759  6032  6071 I GStreamer+GST_STATES: 0:00:55.254653937 0xe91c2800 gstelement.c:2279:_priv_gst_element_state_changed:<glcolorbalance0> notifying about state-changed PAUSED to READY (NULL pending)
06-09 08:18:16.759  6032  6083 D GStreamer+GST_PADS: 0:00:55.254659041 0xe9014cf0 gstpad.c:5609:gst_pad_send_event_unchecked:<queue0:sink> sent event, ret error
06-09 08:18:16.759  6032  6083 D GStreamer+GST_PADS: 0:00:55.254684198 0xe9014cf0 gstpad.c:3832:push_sticky:<q:video_0> result error, mark pending events
06-09 08:18:16.759  6032  6083 I GStreamer+task: 0:00:55.254712062 0xe9014cf0 gsttask.c:318:gst_task_func:<q:sink> Task going to paused
06-09 08:18:16.759  6032  6071 D GStreamer+GST_BUS: 0:00:55.254683833 0xe91c2800 gstbus.c:309:gst_bus_post:<bus1> [msg 0xe934ee68] posting on bus state-changed message: 0xe934ee68, time 99:99:99.999999999, seq-num 176, element 'glcolorbalance0', GstMessageStateChanged, old-state=(GstState)GST_STATE_PAUSED, new-state=(GstState)GST_STATE_READY, pending-state=(GstState)GST_STATE_NULL;
06-09 08:18:16.759  6032  6071 D GStreamer+bin: 0:00:55.254736385 0xe91c2800 gstbin.c:3654:gst_bin_handle_message_func:<glimagesinkbin0> [msg 0xe934ee68] handling child glcolorbalance0 message of type state-changed
06-09 08:18:16.759  6032  6071 D GStreamer+bin: 0:00:55.254759823 0xe91c2800 gstbin.c:3991:gst_bin_handle_message_func:<glimagesinkbin0> posting message upward
06-09 08:18:16.760  6032  6071 D GStreamer+GST_BUS: 0:00:55.254777114 0xe91c2800 gstbus.c:309:gst_bus_post:<bus2