06-09 08:18:16.679  6032  6082 D GStreamer+h264parse: 0:00:55.174303312 0xe9014c90 gsth264parse.c:820:gst_h264_parse_process_nal:<h264parse0> first_mb_in_slice = 0
06-09 08:18:16.679  6032  6082 D GStreamer+h264parse: 0:00:55.174320187 0xe9014c90 gsth264parse.c:823:gst_h264_parse_process_nal:<h264parse0> frame start: 1
06-09 08:18:16.679  6032  6082 D GStreamer+codecparsers_h264: 0:00:55.174340239 0xe9014c90 gsth264parser.c:2089:gst_h264_parser_parse_slice_hdr parsing "Slice header", slice type 6
06-09 08:18:16.679  6032  6083 D GStreamer+queue_dataflow: 0:00:55.174335656 0xe9014cf0 gstqueue.c:1228:gst_queue_chain_buffer_or_list:<queue0> queue is not full
06-09 08:18:16.679  6032  6082 D GStreamer+h264parse: 0:00:55.174368364 0xe9014c90 gsth264parse.c:833:gst_h264_parse_process_nal:<h264parse0> parse result 0, first MB: 0, slice type: 6
06-09 08:18:16.679  6032  6083 D GStreamer+GST_SCHEDULING: 0:00:55.174375916 0xe9014cf0 gstpad.c:4199:gst_pad_chain_data_unchecked:<queue0:sink> called chainfunction &gst_queue_chain with buffer 0xe912a558, returned ok
06-09 08:18:16.679  6032  6082 D GStreamer+h264parse: 0:00:55.174391437 0xe9014c90 gsth264parse.c:421:gst_h264_parse_wrap_nal:<h264parse0> nal length 15258
06-09 08:18:16.679  6032  6083 D GStreamer+qtdemux: 0:00:55.174407896 0xe9014cf0 qtdemux.c:8035:qtdemux_parse_samples:<q> parsing up to sample 31
06-09 08:18:16.679  6032  6082 D GStreamer+GST_MEMORY: 0:00:55.174426385 0xe9014c90 gstmemory.c:138:gst_memory_init new memory 0xe9389c70, maxsize:15265 offset:0 size:15262
06-09 08:18:16.679  6032  6082 D GStreamer+codecparsers_h264: 0:00:55.174466541 0xe9014c90 gsth264parser.c:1407:gst_h264_parser_identify_nalu_avc Can't parse, buffer has too small size 15262, offset 15262
06-09 08:18:16.679  6032  6083 D GStreamer+qtdemux: 0:00:55.174459614 0xe9014cf0 qtdemux.c:8242:qtdemux_parse_samples:<q> sample 31: index 31, timestamp 0:00:01.180139799
06-09 08:18:16.679  6032  6083 D GStreamer+qtdemux: 0:00:55.174502114 0xe9014cf0 qtdemux.c:5525:gst_qtdemux_loop_state_movie:<q> pushing from stream 0, empty 0 offset 718428, size 13710, dts=0:00:01.180139799, pts=0:00:01.180139799, duration 0:00:00.038069025
06-09 08:18:16.679  6032  6082 D GStreamer+GST_CAPS: 0:00:55.174496437 0xe9014c90 gstpad.c:2644:gst_pad_has_current_caps:<h264parse0:src> check current pad caps video/x-h264, stream-format=(string)byte-stream, alignment=(string)au, level=(string)4, profile=(string)high, width=(int)1280, height=(int)1440, framerate=(fraction)105/4, pixel-aspect-ratio=(fraction)1/1, parsed=(boolean)true
06-09 08:18:16.679  6032  6082 D GStreamer+GST_MEMORY: 0:00:55.174562218 0xe9014c90 gstmemory.c:87:_gst_memory_free free memory 0xe9395758
06-09 08:18:16.679  6032  6082 D GStreamer+GST_CAPS: 0:00:55.174597271 0xe9014c90 gstpad.c:2644:gst_pad_has_current_caps:<h264parse0:src> check current pad caps video/x-h264, stream-format=(string)byte-stream, alignment=(string)au, level=(string)4, profile=(string)high, width=(int)1280, height=(int)1440, framerate=(fraction)105/4, pixel-aspect-ratio=(fraction)1/1, parsed=(boolean)true
06-09 08:18:16.679  6032  6083 D GStreamer+basesrc: 0:00:55.174558885 0xe9014cf0 gstbasesrc.c:2354:gst_base_src_update_length:<filesrc0> reading offset 718428, length 13710, size 22092204, segment.stop -1, maxsize 22092204
06-09 08:18:16.679  6032  6083 D GStreamer+basesrc: 0:00:55.174680812 0xe9014cf0 gstbasesrc.c:2455:gst_base_src_get_range:<filesrc0> calling create offset 718428 length 13710, time 0
06-09 08:18:16.679  6032  6083 D GStreamer+GST_MEMORY: 0:00:55.174709458 0xe9014cf0 gstmemory.c:138:gst_memory_init new memory 0xe938d868, maxsize:13713 offset:0 size:13710
06-09 08:18:16.679  6032  6083 D GStreamer+basesrc: 0:00:55.174765500 0xe9014cf0 gstbasesrc.c:2309:gst_base_src_do_sync:<filesrc0> we have no clock
06-09 08:18:16.680  6032  6083 D GStreamer+basesrc: 0:00:55.174786854 0xe9014cf0 gstbasesrc.c:2519:gst_base_src_get_range:<filesrc0> buffer ok
06-09 08:18:16.680  6032  6083 D GStreamer+GST_SCHEDULING: 0:00:55.174809927 0xe9014cf0 gstpad.c:4193:gst_pad_chain_data_unchecked:<queue0:sink> calling chainfunction &gst_queue_chain with buffer buffer: 0xe912a5f8, pts 0:00:01.180139799, dts 0:00:01.180139799, dur 0:00:00.038069025, size 13710, offset none, offset_end none, flags 0x2000
06-09 08:18:16.680  6032  6083 D GStreamer+queue_dataflow: 0:00:55.174863104 0xe9014cf0 gstqueue.c:1220:gst_queue_chain_buffer_or_list:<queue0> queue is full, waiting for free space
06-09 08:18:16.680  6032  6082 D GStreamer+h264parse: 0:00:55.174865864 0xe9014c90 gsth264parse.c:182:gst_h264_parse_reset_frame:<h264parse0> reset frame
06-09 08:18:16.680  6032  6082 D GStreamer+GST_SCHEDULING: 0:00:55.174932739 0xe9014c90 gstpad.c:4193:gst_pad_chain_data_unchecked:<capsfilter0:sink> calling chainfunction &gst_base_transform_chain with buffer buffer: 0xe92e1b50, pts 0:00:00.114207077, dts 0:00:00.114207077, dur 0:00:00.038095238, size 15262, offset 129696, offset_end none, flags 0x2000
06-09 08:18:16.680  6032  6082 D GStreamer+basetransform: 0:00:55.174988677 0xe9014c90 gstbasetransform.c:2033:default_submit_input_buffer:<capsfilter0> handling buffer 0xe92e1b50 of size 15262, PTS 0:00:00.114207077 and offset 129696
06-09 08:18:16.680  6032  6082 D GStreamer+basetransform: 0:00:55.175035708 0xe9014c90 gstbasetransform.c:2150:default_generate_output:<capsfilter0> calling prepare buffer
06-09 08:18:16.680  6032  6082 D GStreamer+basetransform: 0:00:55.175054562 0xe9014c90 gstbasetransform.c:2157:default_generate_output:<capsfilter0> using allocated buffer in 0xe92e1b50, out 0xe92e1b50
06-09 08:18:16.680  6032  6082 D GStreamer+basetransform: 0:00:55.175074614 0xe9014c90 gstbasetransform.c:2174:default_generate_output:<capsfilter0> doing inplace transform
06-09 08:18:16.680  6032  6082 D GStreamer+GST_SCHEDULING: 0:00:55.175093260 0xe9014c90 gstpad.c:4193:gst_pad_chain_data_unchecked:<amcvideodec-omxnvidiah264decode0:sink> calling chainfunction &gst_video_decoder_chain with buffer buffer: 0xe92e1b50, pts 0:00:00.114207077, dts 0:00:00.114207077, dur 0:00:00.038095238, size 15262, offset 129696, offset_end none, flags 0x2000
06-09 08:18:16.680  6032  6082 D GStreamer+amcvideodec: 0:00:55.175148937 0xe9014c90 gstamcvideodec.c:2125:gst_amc_video_dec_handle_frame:<amcvideodec-omxnvidiah264decode0> Handling frame
06-09 08:18:16.680  6032  6082 D GStreamer+amcvideodec: 0:00:55.175330604 0xe9014c90 gstamcvideodec.c:2239:gst_amc_video_dec_handle_frame:<amcvideodec-omxnvidiah264decode0> Queueing buffer 3: size 15262 time 114207 flags 0x00000000
06-09 08:18:16.680  6032  6082 D GStreamer+GST_SCHEDULING: 0:00:55.175734198 0xe9014c90 gstpad.c:4199:gst_pad_chain_data_unchecked:<amcvideodec-omxnvidiah264decode0:sink> called chainfunction &gst_video_decoder_chain with buffer 0xe92e1b50, returned ok
06-09 08:18:16.680  6032  6082 D GStreamer+GST_SCHEDULING: 0:00:55.175771073 0xe9014c90 gstpad.c:4199:gst_pad_chain_data_unchecked:<capsfilter0:sink> called chainfunction &gst_base_transform_chain with buffer 0xe92e1b50, returned ok
06-09 08:18:16.681  6032  6082 D GStreamer+baseparse: 0:00:55.175800187 0xe9014c90 gstbaseparse.c:3165:gst_base_parse_chain:<h264parse0> not enough data available (only 0 bytes)
06-09 08:18:16.681   995  6089 D NvOsDebugPrintf: TVMR: cctx->bAbortInputBuffer = 0, cctx->bEOSAbortOutputBuffer = 0 
06-09 08:18:16.681  6032  6082 D GStreamer+GST_SCHEDULING: 0:00:55.175822062 0xe9014c90 gstpad.c:4199:gst_pad_chain_data_unchecked:<h264parse0:sink> called chainfunction &gst_base_parse_chain with buffer 0xe9351378, returned ok
06-09 08:18:16.681  6032  6082 D GStreamer+GST_SCHEDULING: 0:00:55.175846125 0xe9014c90 gstpad.c:4199:gst_pad_chain_data_unchecked:<typefind:sink> called chainfunction &gst_type_find_element_chain with buffer 0xe9351378, returned ok
06-09 08:18:16.681  6032  6082 D GStreamer+GST_SCHEDULING: 0:00:55.175873885 0xe9014c90 gstpad.c:4199:gst_pad_chain_data_unchecked:<forhwgl:sink> called chainfunction &gst_proxy_pad_chain_default with buffer 0xe9351378, returned ok
06-09 08:18:16.681  6032  6082 D GStreamer+GST_SCHEDULING: 0:00:55.175908573 0xe9014c90 gstpad.c:4193:gst_pad_chain_data_unchecked:<forhwgl:sink> calling chainfunction &gst_proxy_pad_chain_default with buffer buffer: 0xe93512d8, pts 0:00:00.190345128, dts 0:00:00.152276103, dur 0:00:00.038069025, size 14627, offset none, offset_end none, flags 0x2000
06-09 08:18:16.681  6032  6082 D GStreamer+GST_SCHEDULING: 0:00:55.175958260 0xe9014c90 gstpad.c:4193:gst_pad_chain_data_unchecked:<typefind:sink> calling chainfunction &gst_type_find_element_chain with buffer buffer: 0xe93512d8, pts 0:00:00.190345128, dts 0:00:00.152276103, dur 0:00:00.038069025, size 14627, offset none, offset_end none, flags 0x2000
06-09 08:18:16.681  6032  6082 D GStreamer+GST_SCHEDULING: 0:00:55.176005656 0xe9014c90 gstpad.c:4193:gst_pad_chain_data_unchecked:<h264parse0:sink> calling chainfunction &gst_base_parse_chain with buffer buffer: 0xe93512d8, pts 0:00:00.190345128, dts 0:00:00.152276103, dur 0:00:00.038069025, size 14627, offset none, offset_end none, flags 0x2000
06-09 08:18:16.681  6032  6082 D GStreamer+baseparse: 0:00:55.176049198 0xe9014c90 gstbaseparse.c:2996:gst_base_parse_chain:<h264parse0> chain
06-09 08:18:16.681  6032  6082 D GStreamer+GST_PERFORMANCE: 0:00:55.176073416 0xe9014c90 gstminiobject.c:327:gst_mini_object_make_writable copy GstBuffer miniobject 0xe93512d8 -> 0xe92e1ab0
06-09 08:18:16.681  6032  6082 D GStreamer+codecparsers_h264: 0:00:55.176100552 0xe9014c90 gsth264parser.c:253:gst_h264_parse_nalu_header Nal type 1, ref_idc 0
06-09 08:18:16.681  6032  6082 D GStreamer+h264parse: 0:00:55.176120239 0xe9014c90 gsth264parse.c:979:gst_h264_parse_handle_frame_packetized:<h264parse0> AVC nal offset 14627
06-09 08:18:16.681  6032  6082 D GStreamer+h264parse: 0:00:55.176141021 0xe9014c90 gsth264parse.c:714:gst_h264_parse_process_nal:<h264parse0> processing nal of type 1 Slice, size 14623
06-09 08:18:16.681  6032  6082 D GStreamer+h264parse: 0:00:55.176164041 0xe9014c90 gsth264parse.c:820:gst_h264_parse_process_nal:<h264parse0> first_mb_in_slice = 0
06-09 08:18:16.681  6032  6082 D GStreamer+h264parse: 0:00:55.176183364 0xe9014c90 gsth264parse.c:823:gst_h264_parse_process_nal:<h264parse0> frame start: 1
06-09 08:18:16.681  6032  6082 D GStreamer+codecparsers_h264: 0:00:55.176202583 0xe9014c90 gsth264parser.c:2089:gst_h264_parser_parse_slice_hdr parsing "Slice header", slice type 6
06-09 08:18:16.681  6032  6082 D GStreamer+h264parse: 0:00:55.176223000 0xe9014c90 gsth264parse.c:833:gst_h264_parse_process_nal:<h264parse0> parse result 0, first MB: 0, slice type: 6
06-09 08:18:16.681  6032  6082 D GStreamer+h264parse: 0:00:55.176244614 0xe9014c90 gsth264parse.c:421:gst_h264_parse_wrap_nal:<h264parse0> nal length 14623
06-09 08:18:16.681  6032  6082 D GStreamer+GST_MEMORY: 0:00:55.176265864 0xe9014c90 gstmemory.c:138:gst_memory_init new memory 0xe9390e50, maxsize:14630 offset:0 size:14627
06-09 08:18:16.681  6032  6082 D GStreamer+codecparsers_h264: 0:00:55.176296541 0xe9014c90 gsth264parser.c:1407:gst_h264_parser_identify_nalu_avc Can't parse, buffer has too small size 14627, offset 14627
06-09 08:18:16.681  6032  6082 D GStreamer+GST_CAPS: 0:00:55.176320916 0xe9014c90 gstpad.c:2644:gst_pad_has_current_caps:<h264parse0:src> check current pad caps video/x-h264, stream-format=(string)byte-stream, alignment=(string)au, level=(string)4, profile=(string)high, width=(int)1280, height=(int)1440, framerate=(fraction)105/4, pixel-aspect-ratio=(fraction)1/1, parsed=(boolean)true
06-09 08:18:16.681  6032  6082 D GStreamer+GST_MEMORY: 0:00:55.176373989 0xe9014c90 gstmemory.c:87:_gst_memory_free free memory 0xe9399350
06-09 08:18:16.681  6032  6082 D GStreamer+GST_CAPS: 0:00:55.176403625 0xe9014c90 gstpad.c:2644:gst_pad_has_current_caps:<h264parse0:src> check current pad caps video/x-h264, stream-format=(string)byte-stream, alignment=(string)au, level=(string)4, profile=(string)high, width=(int)1280, height=(int)1440, framerate=(fraction)105/4, pixel-aspect-ratio=(fraction)1/1, parsed=(boolean)true
06-09 08:18:16.681  6032  6082 D GStreamer+h264parse: 0:00:55.176459979 0xe9014c90 gsth264parse.c:182:gst_h264_parse_reset_frame:<h264parse0> reset frame
06-09 08:18:16.681  6032  6082 D GStreamer+GST_SCHEDULING: 0:00:55.176480812 0xe9014c90 gstpad.c:4193:gst_pad_chain_data_unchecked:<capsfilter0:sink> calling chainfunction &gst_base_transform_chain with buffer buffer: 0xe92e1c90, pts 0:00:00.190345128, dts 0:00:00.152276103, dur 0:00:00.038095238, size 14627, offset 144958, offset_end none, flags 0x2000
06-09 08:18:16.681  6032  6082 D GStreamer+basetransform: 0:00:55.176529614 0xe9014c90 gstbasetransform.c:2033:default_submit_input_buffer:<capsfilter0> handling buffer 0xe92e1c90 of size 14627, PTS 0:00:00.190345128 and offset 144958
06-09 08:18:16.681  6032  6082 D GStreamer+basetransform: 0:00:55.176561437 0xe9014c90 gstbasetransform.c:2150:default_generate_output:<capsfilter0> calling prepare buffer
06-09 08:18:16.681  6032  6082 D GStreamer+basetransform: 0:00:55.176578208 0xe9014c90 gstbasetransform.c:2157:default_generate_output:<capsfilter0> using allocated buffer in 0xe92e1c90, out 0xe92e1c90
06-09 08:18:16.681  6032  6082 D GStreamer+basetransform: 0:00:55.176597010 0xe9014c90 gstbasetransform.c:2174:default_generate_output:<capsfilter0> doing inplace transform
06-09 08:18:16.681  6032  6082 D GStreamer+GST_SCHEDULING: 0:00:55.176616125 0xe9014c90 gstpad.c:4193:gst_pad_chain_data_unchecked:<amcvideodec-omxnvidiah264decode0:sink> calling chainfunction &gst_video_decoder_chain with buffer buffer: 0xe92e1c90, pts 0:00:00.190345128, dts 0:00:00.152276103, dur 0:00:00.038095238, size 14627, offset 144958, offset_end none, flags 0x2000
06-09 08:18:16.681  6032  6082 D GStreamer+amcvideodec: 0:00:55.176668312 0xe9014c90 gstamcvideodec.c:2125:gst_amc_video_dec_handle_frame:<amcvideodec-omxnvidiah264decode0> Handling frame
06-09 08:18:16.681  6032  6083 D GStreamer+queue_dataflow: 0:00:55.176763989 0xe9014cf0 gstqueue.c:1228:gst_queue_chain_buffer_or_list:<queue0> queue is not full
06-09 08:18:16.682  6032  6083 D GStreamer+GST_SCHEDULING: 0:00:55.176801073 0xe9014cf0 gstpad.c:4199:gst_pad_chain_data_unchecked:<queue0:sink> called chainfunction &gst_queue_chain with buffer 0xe912a5f8, returned ok
06-09 08:18:16.682  6032  6083 D GStreamer+qtdemux: 0:00:55.176832323 0xe9014cf0 qtdemux.c:8035:qtdemux_parse_samples:<q> parsing up to sample 32
06-09 08:18:16.682  6032  6082 D GStreamer+amcvideodec: 0:00:55.176821802 0xe9014c90 gstamcvideodec.c:2239:gst_amc_video_dec_handle_frame:<amcvideodec-omxnvidiah264decode0> Queueing buffer 4: size 14627 time 190345 flags 0x00000000
06-09 08:18:16.682  6032  6083 D GStreamer+qtdemux: 0:00:55.176860812 0xe9014cf0 qtdemux.c:8242:qtdemux_parse_samples:<q> sample 32: index 32, timestamp 0:00:01.218208824
06-09 08:18:16.682  6032  6083 D GStreamer+qtdemux: 0:00:55.176896541 0xe9014cf0 qtdemux.c:5525:gst_qtdemux_loop_state_movie:<q> pushing from stream 0, empty 0 offset 732138, size 14120, dts=0:00:01.218208824, pts=0:00:01.256277850, duration 0:00:00.038069026
06-09 08:18:16.682  6032  6082 D GStreamer+GST_SCHEDULING: 0:00:55.176919510 0xe9014c90 gstpad.c:4199:gst_pad_chain_data_unchecked:<amcvideodec-omxnvidiah264decode0:sink> called chainfunction &gst_video_decoder_chain with buffer 0xe92e1c90, returned ok
06-09 08:18:16.682  6032  6082 D GStreamer+GST_SCHEDULING: 0:00:55.176955031 0xe9014c90 gstpad.c:4199:gst_pad_chain_data_unchecked:<capsfilter0:sink> called chainfunction &gst_base_transform_chain with buffer 0xe92e1c90, returned ok
06-09 08:18:16.682  6032  6083 D GStreamer+basesrc: 0:00:55.176948000 0xe9014cf0 gstbasesrc.c:2354:gst_base_src_update_length:<filesrc0> reading offset 732138, length 14120, size 22092204, segment.stop -1, maxsize 22092204
06-09 08:18:16.682  6032  6082 D GStreamer+baseparse: 0:00:55.176986854 0xe9014c90 gstbaseparse.c:3165:gst_base_parse_chain:<h264parse0> not enough data available (only 0 bytes)
06-09 08:18:16.682  6032  6083 D GStreamer+basesrc: 0:00:55.176985031 0xe9014cf0 gstbasesrc.c:2455:gst_base_src_get_range:<filesrc0> calling create offset 732138 length 14120, time 0
06-09 08:18:16.682  6032  6082 D GStreamer+GST_SCHEDULING: 0:00:55.177013885 0xe9014c90 gstpad.c:4199:gst_pad_chain_data_unchecked:<h264parse0:sink> called chainfunction &gst_base_parse_chain with buffer 0xe93512d8, returned ok
06-09 08:18:16.682  6032  6083 D GStreamer+GST_MEMORY: 0:00:55.177019875 0xe9014cf0 gstmemory.c:138:gst_memory_init new memory 0xe93947d0, maxsize:14123 offset:0 size:14120
06-09 08:18:16.682  6032  6082 D GStreamer+GST_SCHEDULING: 0:00:55.177045864 0xe9014c90 gstpad.c:4199:gst_pad_chain_data_unchecked:<typefind:sink> called chainfunction &gst_type_find_element_chain with buffer 0xe93512d8, returned ok
06-09 08:18:16.682  6032  6083 D GStreamer+basesrc: 0:00:55.177067218 0xe9014cf0 gstbasesrc.c:2309:gst_base_src_do_sync:<filesrc0> we have no clock
06-09 08:18:16.682  6032  6082 D GStreamer+GST_SCHEDULING: 0:00:55.177071906 0xe9014c90 gstpad.c:4199:gst_pad_chain_data_unchecked:<forhwgl:sink> called chainfunction &gst_proxy_pad_chain_default with buffer 0xe93512d8, returned ok
06-09 08:18:16.682  6032  6083 D GStreamer+basesrc: 0:00:55.177087062 0xe9014cf0 gstbasesrc.c:2519:gst_base_src_get_range:<filesrc0> buffer ok
06-09 08:18:16.682  6032  6082 D GStreamer+GST_SCHEDULING: 0:00:55.177099823 0xe9014c90 gstpad.c:4193:gst_pad_chain_data_unchecked:<forhwgl:sink> calling chainfunction &gst_proxy_pad_chain_default with buffer buffer: 0xe9351238, pts 0:00:00.380690257, dts 0:00:00.190345128, dur 0:00:00.038069026, size 37762, offset none, offset_end none, flags 0x2000
06-09 08:18:16.682  6032  6083 D GStreamer+GST_SCHEDULING: 0:00:55.177108781 0xe9014cf0 gstpad.c:4193:gst_pad_chain_data_unchecked:<queue0:sink> calling chainfunction &gst_queue_chain with buffer buffer: 0xe912a698, pts 0:00:01.256277850, dts 0:00:01.218208824, dur 0:00:00.038069026, size 14120, offset none, offset_end none, flags 0x2000
06-09 08:18:16.682  6032  6083 D GStreamer+GST_SCHEDULING: 0:00:55.177168729 0xe9014cf0 gstpad.c:4199:gst_pad_chain_data_unchecked:<queue0:sink> called chainfunction &gst_queue_chain with buffer 0xe912a698, returned ok
06-09 08:18:16.682  6032  6082 D GStreamer+GST_SCHEDULING: 0:00:55.177152948 0xe9014c90 gstpad.c:4193:gst_pad_chain_data_unchecked:<typefind:sink> calling chainfunction &gst_type_find_element_chain with buffer buffer: 0xe9351238, pts 0:00:00.380690257, dts 0:00:00.190345128, dur 0:00:00.038069026, size 37762, offset none, offset_end none, flags 0x2000
06-09 08:18:16.682  6032  6083 D GStreamer+qtdemux: 0:00:55.177194458 0xe9014cf0 qtdemux.c:8035:qtdemux_parse_samples:<q> parsing up to sample 33
06-09 08:18:16.682  6032  6083 D GStreamer+qtdemux: 0:00:55.177222166 0xe9014cf0 qtdemux.c:8242:qtdemux_parse_samples:<q> sample 33: index 33, timestamp 0:00:01.256277850
06-09 08:18:16.682  6032  6082 D GStreamer+GST_SCHEDULING: 0:00:55.177203625 0xe9014c90 gstpad.c:4193:gst_pad_chain_data_unchecked:<h264parse0:sink> calling chainfunction &gst_base_parse_chain with buffer buffer: 0xe9351238, pts 0:00:00.380690257, dts 0:00:00.190345128, dur 0:00:00.038069026, size 37762, offset none, offset_end none, flags 0x2000
06-09 08:18:16.682  6032  6082 D GStreamer+baseparse: 0:00:55.177254458 0xe9014c90 gstbaseparse.c:2996:gst_base_parse_chain:<h264parse0> chain
06-09 08:18:16.682  6032  6083 D GStreamer+qtdemux: 0:00:55.177256698 0xe9014cf0 qtdemux.c:5525:gst_qtdemux_loop_state_movie:<q> pushing from stream 0, empty 0 offset 746258, size 35625, dts=0:00:01.256277850, pts=0:00:01.446622979, duration 0:00:00.038069026
06-09 08:18:16.682  6032  6082 D GStreamer+GST_PERFORMANCE: 0:00:55.177278521 0xe9014c90 gstminiobject.c:327:gst_mini_object_make_writable copy GstBuffer miniobject 0xe9351238 -> 0xe9351378
06-09 08:18:16.682  6032  6082 D GStreamer+codecparsers_h264: 0:00:55.177303729 0xe9014c90 gsth264parser.c:253:gst_h264_parse_nalu_header Nal type 1, ref_idc 2
06-09 08:18:16.682  6032  6083 D GStreamer+basesrc: 0:00:55.177300135 0xe9014cf0 gstbasesrc.c:2354:gst_base_src_update_length:<filesrc0> reading offset 746258, length 35625, size 22092204, segment.stop -1, maxsize 22092204
06-09 08:18:16.682  6032  6082 D GStreamer+h264parse: 0:00:55.177329666 0xe9014c90 gsth264parse.c:979:gst_h264_parse_handle_frame_packetized:<h264parse0> AVC nal offset 37762
06-09 08:18:16.682  6032  6083 D GStreamer+basesrc: 0:00:55.177337687 0xe9014cf0 gstbasesrc.c:2455:gst_base_src_get_range:<filesrc0> calling create offset 746258 length 35625, time 0
06-09 08:18:16.682  6032  6082 D GStreamer+h264parse: 0:00:55.177352166 0xe9014c90 gsth264parse.c:714:gst_h264_parse_process_nal:<h264parse0> processing nal of type 1 Slice, size 37758
06-09 08:18:16.682  6032  6083 D GStreamer+GST_MEMORY: 0:00:55.177383677 0xe9014cf0 gstmemory.c:138:gst_memory_init new memory 0xe945f0d8, maxsize:35628 offset:0 size:35625
06-09 08:18:16.682  6032  6082 D GStreamer+h264parse: 0:00:55.177392791 0xe9014c90 gsth264parse.c:820:gst_h264_parse_process_nal:<h264parse0> first_mb_in_slice = 0
06-09 08:18:16.682  6032  6082 D GStreamer+h264parse: 0:00:55.177438729 0xe9014c90 gsth264parse.c:823:gst_h264_parse_process_nal:<h264parse0> frame start: 1
06-09 08:18:16.682  6032  6082 D GStreamer+codecparsers_h264: 0:00:55.177461906 0xe9014c90 gsth264parser.c:2089:gst_h264_parser_parse_slice_hdr parsing "Slice header", slice type 5
06-09 08:18:16.682  6032  6082 D GStreamer+codecparsers_h264: 0:00:55.177484146 0xe9014c90 gsth264parser.c:767:gst_h264_slice_parse_pred_weight_table parsing "Prediction weight table"
06-09 08:18:16.682  6032  6082 D GStreamer+codecparsers_h264: 0:00:55.177501177 0xe9014c90 gsth264parser.c:711:gst_h264_slice_parse_dec_ref_pic_marking parsing "Decoded reference picture marking"
06-09 08:18:16.682  6032  6082 D GStreamer+h264parse: 0:00:55.177517583 0xe9014c90 gsth264parse.c:833:gst_h264_parse_process_nal:<h264parse0> parse result 0, first MB: 0, slice type: 5
06-09 08:18:16.682  6032  6082 D GStreamer+h264parse: 0:00:55.177538521 0xe9014c90 gsth264parse.c:421:gst_h264_parse_wrap_nal:<h264parse0> nal length 37758
06-09 08:18:16.682  6032  6082 D GStreamer+GST_MEMORY: 0:00:55.177569250 0xe9014c90 gstmemory.c:138:gst_memory_init new memory 0xe9467c58, maxsize:37765 offset:0 size:37762
06-09 08:18:16.682  6032  6082 D GStreamer+codecparsers_h264: 0:00:55.177658885 0xe9014c90 gsth264parser.c:1407:gst_h264_parser_identify_nalu_avc Can't parse, buffer has too small size 37762, offset 37762
06-09 08:18:16.682  6032  6082 D GStreamer+GST_CAPS: 0:00:55.177687687 0xe9014c90 gstpad.c:2644:gst_pad_has_current_caps:<h264parse0:src> check current pad caps video/x-h264, stream-format=(string)byte-stream, alignment=(string)au, level=(string)4, profile=(string)high, width=(int)1280, height=(int)1440, framerate=(fraction)105/4, pixel-aspect-ratio=(fraction)1/1, parsed=(boolean)true
06-09 08:18:16.682  6032  6082 D GStreamer+GST_MEMORY: 0:00:55.177739823 0xe9014c90 gstmemory.c:87:_gst_memory_free free memory 0xe939ccd0
06-09 08:18:16.683  6032  6082 D GStreamer+GST_CAPS: 0:00:55.177767843 0xe9014c90 gstpad.c:2644:gst_pad_has_current_caps:<h264parse0:src> check current pad caps video/x-h264, stream-format=(string)byte-stream, alignment=(string)au, level=(string)4, profile=(string)high, width=(int)1280, height=(int)1440, framerate=(fraction)105/4, pixel-aspect-ratio=(fraction)1/1, parsed=(boolean)true
06-09 08:18:16.683  6032  6082 D GStreamer+h264parse: 0:00:55.177809875 0xe9014c90 gsth264parse.c:182:gst_h264_parse_reset_frame:<h264parse0> reset frame
06-09 08:18:16.683  6032  6082 D GStreamer+GST_SCHEDULING: 0:00:55.177831333 0xe9014c90 gstpad.c:4193:gst_pad_chain_data_unchecked:<capsfilter0:sink> calling chainfunction &gst_base_transform_chain with buffer buffer: 0xe92e1f10, pts 0:00:00.380690257, dts 0:00:00.190345128, dur 0:00:00.038095238, size 37762, offset 159585, offset_end none, flags 0x2000
06-09 08:18:16.683  6032  6082 D GStreamer+basetransform: 0:00:55.177882687 0xe9014c90 gstbasetransform.c:2033:default_submit_input_buffer:<capsfilter0> handling buffer 0xe92e1f10 of size 37762, PTS 0:00:00.380690257 and offset 159585
06-09 08:18:16.683  6032  6082 D GStreamer+basetransform: 0:00:55.177915968 0xe9014c90 gstbasetransform.c:2150:default_generate_output:<capsfilter0> calling prepare buffer
06-09 08:18:16.683  6032  6082 D GStreamer+basetransform: 0:00:55.177933573 0xe9014c90 gstbasetransform.c:2157:default_generate_output:<capsfilter0> using allocated buffer in 0xe92e1f10, out 0xe92e1f10
06-09 08:18:16.683  6032  6082 D GStreamer+basetransform: 0:00:55.177952896 0xe9014c90 gstbasetransform.c:2174:default_generate_output:<capsfilter0> doing inplace transform
06-09 08:18:16.683  6032  6082 D GStreamer+GST_SCHEDULING: 0:00:55.178304927 0xe9014c90 gstpad.c:4193:gst_pad_chain_data_unchecked:<amcvideodec-omxnvidiah264decode0:sink> calling chainfunction &gst_video_decoder_chain with buffer buffer: 0xe92e1f10, pts 0:00:00.380690257, dts 0:00:00.190345128, dur 0:00:00.038095238, size 37762, offset 159585, offset_end none, flags 0x2000
06-09 08:18:16.683   995  6089 D NvOsDebugPrintf: TVMR: cctx->bAbortInputBuffer = 0, cctx->bEOSAbortOutputBuffer = 0 
06-09 08:18:16.683  6032  6082 D GStreamer+amcvideodec: 0:00:55.178375864 0xe9014c90 gstamcvideodec.c:2125:gst_amc_video_dec_handle_frame:<amcvideodec-omxnvidiah264decode0> Handling frame
06-09 08:18:16.683  6032  6082 D GStreamer+amcvideodec: 0:00:55.178603781 0xe9014c90 gstamcvideodec.c:2239:gst_amc_video_dec_handle_frame:<amcvideodec-omxnvidiah264decode0> Queueing buffer 5: size 37762 time 380690 flags 0x00000000
06-09 08:18:16.684  6032  6083 D GStreamer+basesrc: 0:00:55.178975604 0xe9014cf0 gstbasesrc.c:2309:gst_base_src_do_sync:<filesrc0> we have no clock
06-09 08:18:16.684  6032  6083 D GStreamer+basesrc: 0:00:55.179009250 0xe9014cf0 gstbasesrc.c:2519:gst_base_src_get_range:<filesrc0> buffer ok
06-09 08:18:16.684  6032  6083 D GStreamer+GST_SCHEDULING: 0:00:55.179038156 0xe9014cf0 gstpad.c:4193:gst_pad_chain_data_unchecked:<queue0:sink> calling chainfunction &gst_queue_chain with buffer buffer: 0xe912a738, pts 0:00:01.446622979, dts 0:00:01.256277850, dur 0:00:00.038069026, size 35625, offset none, offset_end none, flags 0x2000
06-09 08:18:16.684  6032  6083 D GStreamer+queue_dataflow: 0:00:55.179121906 0xe9014cf0 gstqueue.c:1220:gst_queue_chain_buffer_or_list:<queue0> queue is full, waiting for free space
06-09 08:18:16.684  6032  6082 D GStreamer+GST_SCHEDULING: 0:00:55.179103625 0xe9014c90 gstpad.c:4199:gst_pad_chain_data_unchecked:<amcvideodec-omxnvidiah264decode0:sink> called chainfunction &gst_video_decoder_chain with buffer 0xe92e1f10, returned ok
06-09 08:18:16.684  6032  6082 D GStreamer+GST_SCHEDULING: 0:00:55.179165031 0xe9014c90 gstpad.c:4199:gst_pad_chain_data_unchecked:<capsfilter0:sink> called chainfunction &gst_base_transform_chain with buffer 0xe92e1f10, returned ok
06-09 08:18:16.684   995  6089 D NvOsDebugPrintf: TVMR: cctx->bAbortInputBuffer = 0, cctx->bEOSAbortOutputBuffer = 0 
06-09 08:18:16.684  6032  6082 D GStreamer+baseparse: 0:00:55.179246437 0xe9014c90 gstbaseparse.c:3165:gst_base_parse_chain:<h264parse0> not enough data available (only 0 bytes)
06-09 08:18:16.684  6032  6082 D GStreamer+GST_SCHEDULING: 0:00:55.179271541 0xe9014c90 gstpad.c:4199:gst_pad_chain_data_unchecked:<h264parse0:sink> called chainfunction &gst_base_parse_chain with buffer 0xe9351238, returned ok
06-09 08:18:16.684  6032  6082 D GStreamer+GST_SCHEDULING: 0:00:55.179298937 0xe9014c90 gstpad.c:4199:gst_pad_chain_data_unchecked:<typefind:sink> called chainfunction &gst_type_find_element_chain with buffer 0xe9351238, returned ok
06-09 08:18:16.684  6032  6082 D GStreamer+GST_SCHEDULING: 0:00:55.179326698 0xe9014c90 gstpad.c:4199:gst_pad_chain_data_unchecked:<forhwgl:sink> called chainfunction &gst_proxy_pad_chain_default with buffer 0xe9351238, returned ok
06-09 08:18:16.684  6032  6082 D GStreamer+GST_SCHEDULING: 0:00:55.179364927 0xe9014c90 gstpad.c:4193:gst_pad_chain_data_unchecked:<forhwgl:sink> calling chainfunction &gst_proxy_pad_chain_default with buffer buffer: 0xe93510f8, pts 0:00:00.304552206, dts 0:00:00.228414154, dur 0:00:00.038069026, size 20177, offset none, offset_end none, flags 0x2000
06-09 08:18:16.684  6032  6082 D GStreamer+GST_SCHEDULING: 0:00:55.179432843 0xe9014c90 gstpad.c:4193:gst_pad_chain_data_unchecked:<typefind:sink> calling chainfunction &gst_type_find_element_chain with buffer buffer: 0xe93510f8, pts 0:00:00.304552206, dts 0:00:00.228414154, dur 0:00:00.038069026, size 20177, offset none, offset_end none, flags 0x2000
06-09 08:18:16.684  6032  6082 D GStreamer+GST_SCHEDULING: 0:00:55.179485083 0xe9014c90 gstpad.c:4193:gst_pad_chain_data_unchecked:<h264parse0:sink> calling chainfunction &gst_base_parse_chain with buffer buffer: 0xe93510f8, pts 0:00:00.304552206, dts 0:00:00.228414154, dur 0:00:00.038069026, size 20177, offset none, offset_end none, flags 0x2000
06-09 08:18:16.684  6032  6082 D GStreamer+baseparse: 0:00:55.179530604 0xe9014c90 gstbaseparse.c:2996:gst_base_parse_chain:<h264parse0> chain
06-09 08:18:16.684  6032  6082 D GStreamer+GST_PERFORMANCE: 0:00:55.179558468 0xe9014c90 gstminiobject.c:327:gst_mini_object_make_writable copy GstBuffer miniobject 0xe93510f8 -> 0xe9351418
06-09 08:18:16.684  6032  6082 D GStreamer+codecparsers_h264: 0:00:55.179587375 0xe9014c90 gsth264parser.c:253:gst_h264_parse_nalu_header Nal type 1, ref_idc 2
06-09 08:18:16.684  6032  6082 D GStreamer+h264parse: 0:00:55.179609354 0xe9014c90 gsth264parse.c:979:gst_h264_parse_handle_frame_packetized:<h264parse0> AVC nal offset 20177
06-09 08:18:16.684  6032  6082 D GStreamer+h264parse: 0:00:55.179631646 0xe9014c90 gsth264parse.c:714:gst_h264_parse_process_nal:<h264parse0> processing nal of type 1 Slice, size 20173
06-09 08:18:16.684  6032  6082 D GStreamer+h264parse: 0:00:55.179654771 0xe9014c90 gsth264parse.c:820:gst_h264_parse_process_nal:<h264parse0> first_mb_in_slice = 0
06-09 08:18:16.684  6032  6082 D GStreamer+h264parse: 0:00:55.179672010 0xe9014c90 gsth264parse.c:823:gst_h264_parse_process_nal:<h264parse0> frame start: 1
06-09 08:18:16.684  6032  6082 D GStreamer+codecparsers_h264: 0:00:55.179691646 0xe9014c90 gsth264parser.c:2089:gst_h264_parser_parse_slice_hdr parsing "Slice header", slice type 6
06-09 08:18:16.684  6032  6082 D GStreamer+codecparsers_h264: 0:00:55.179714875 0xe9014c90 gsth264parser.c:711:gst_h264_slice_parse_dec_ref_pic_marking parsing "Decoded reference picture marking"
06-09 08:18:16.684  6032  6082 D GStreamer+h264parse: 0:00:55.179733468 0xe9014c90 gsth264parse.c:833:gst_h264_parse_process_nal:<h264parse0> parse result 0, first MB: 0, slice type: 6
06-09 08:18:16.684  6032  6082 D GStreamer+h264parse: 0:00:55.179755500 0xe9014c90 gsth264parse.c:421:gst_h264_parse_wrap_nal:<h264parse0> nal length 20173
06-09 08:18:16.685  6032  6082 D GStreamer+GST_MEMORY: 0:00:55.179777687 0xe9014c90 gstmemory.c:138:gst_memory_init new memory 0xe9397f50, maxsize:20180 offset:0 size:20177
06-09 08:18:16.685  6032  6083 D GStreamer+queue_dataflow: 0:00:55.179825812 0xe9014cf0 gstqueue.c:1228:gst_queue_chain_buffer_or_list:<queue0> queue is not full
06-09 08:18:16.685  6032  6083 D GStreamer+GST_SCHEDULING: 0:00:55.179865968 0xe9014cf0 gstpad.c:4199:gst_pad_chain_data_unchecked:<queue0:sink> called chainfunction &gst_queue_chain with buffer 0xe912a738, returned ok
06-09 08:18:16.685  6032  6082 D GStreamer+codecparsers_h264: 0:00:55.179869979 0xe9014c90 gsth264parser.c:1407:gst_h264_parser_identify_nalu_avc Can't parse, buffer has too small size 20177, offset 20177
06-09 08:18:16.685  6032  6083 D GStreamer+qtdemux: 0:00:55.179906177 0xe9014cf0 qtdemux.c:8035:qtdemux_parse_samples:<q> parsing up to sample 34
06-09 08:18:16.685  6032  6082 D GStreamer+GST_CAPS: 0:00:55.179904406 0xe9014c90 gstpad.c:2644:gst_pad_has_current_caps:<h264parse0:src> check current pad caps video/x-h264, stream-format=(string)byte-stream, alignment=(string)au, level=(string)4, profile=(string)high, width=(int)1280, height=(int)1440, framerate=(fraction)105/4, pixel-aspect-ratio=(fraction)1/1, parsed=(boolean)true
06-09 08:18:16.685  6032  6083 D GStreamer+qtdemux: 0:00:55.179937375 0xe9014cf0 qtdemux.c:8242:qtdemux_parse_samples:<q> sample 34: index 34, timestamp 0:00:01.294346876
06-09 08:18:16.685  6032  6082 D GStreamer+GST_MEMORY: 0:00:55.179972791 0xe9014c90 gstmemory.c:87:_gst_memory_free free memory 0xe93a60b0
06-09 08:18:16.685  6032  6083 D GStreamer+qtdemux: 0:00:55.179979666 0xe9014cf0 qtdemux.c:5525:gst_qtdemux_loop_state_movie:<q> pushing from stream 0, empty 0 offset 781883, size 19413, dts=0:00:01.294346876, pts=0:00:01.370484927, duration 0:00:00.038069026
06-09 08:18:16.685  6032  6082 D GStreamer+GST_CAPS: 0:00:55.180008416 0xe9014c90 gstpad.c:2644:gst_pad_has_current_caps:<h264parse0:src> check current pad caps video/x-h264, stream-format=(string)byte-stream, alignment=(string)au, level=(string)4, profile=(string)high, width=(int)1280, height=(int)1440, framerate=(fraction)105/4, pixel-aspect-ratio=(fraction)1/1, parsed=(boolean)true
06-09 08:18:16.685  6032  6083 D GStreamer+basesrc: 0:00:55.180030239 0xe9014cf0 gstbasesrc.c:2354:gst_base_src_update_length:<filesrc0> reading offset 781883, length 19413, size 22092204, segment.stop -1, maxsize 22092204
06-09 08:18:16.685  6032  6082 D GStreamer+h264parse: 0:00:55.180060552 0xe9014c90 gsth264parse.c:182:gst_h264_parse_reset_frame:<h264parse0> reset frame
06-09 08:18:16.685  6032  6083 D GStreamer+basesrc: 0:00:55.180068416 0xe9014cf0 gstbasesrc.c:2455:gst_base_src_get_range:<filesrc0> calling create offset 781883 length 19413, time 0
06-09 08:18:16.685  6032  6083 D GStreamer+GST_MEMORY: 0:00:55.180094771 0xe9014cf0 gstmemory.c:138:gst_memory_init new memory 0xe939ce78, maxsize:19416 offset:0 size:19413
06-09 08:18:16.685  6032  6082 D GStreamer+GST_SCHEDULING: 0:00:55.180083729 0xe9014c90 gstpad.c:4193:gst_pad_chain_data_unchecked:<capsfilter0:sink> calling chainfunction &gst_base_transform_chain with buffer buffer: 0xe9351558, pts 0:00:00.304552206, dts 0:00:00.228414154, dur 0:00:00.038095238, size 20177, offset 197347, offset_end none, flags 0x2000
06-09 08:18:16.685  6032  6083 D GStreamer+basesrc: 0:00:55.180151229 0xe9014cf0 gstbasesrc.c:2309:gst_base_src_do_sync:<filesrc0> we have no clock
06-09 08:18:16.685  6032  6082 D GStreamer+basetransform: 0:00:55.180146437 0xe9014c90 gstbasetransform.c:2033:default_submit_input_buffer:<capsfilter0> handling buffer 0xe9351558 of size 20177, PTS 0:00:00.304552206 and offset 197347
06-09 08:18:16.685  6032  6083 D GStreamer+basesrc: 0:00:55.180175812 0xe9014cf0 gstbasesrc.c:2519:gst_base_src_get_range:<filesrc0> buffer ok
06-09 08:18:16.685  6032  6082 D GStreamer+basetransform: 0:00:55.180184041 0xe9014c90 gstbasetransform.c:2150:default_generate_output:<capsfilter0> calling prepare buffer
06-09 08:18:16.685  6032  6082 D GStreamer+basetransform: 0:00:55.180205083 0xe9014c90 gstbasetransform.c:2157:default_generate_output:<capsfilter0> using allocated buffer in 0xe9351558, out 0xe9351558
06-09 08:18:16.685  6032  6082 D GStreamer+basetransform: 0:00:55.180232791 0xe9014c90 gstbasetransform.c:2174:default_generate_output:<capsfilter0> doing inplace transform
06-09 08:18:16.685  6032  6083 D GStreamer+GST_SCHEDULING: 0:00:55.180198104 0xe9014cf0 gstpad.c:4193:gst_pad_chain_data_unchecked:<queue0:sink> calling chainfunction &gst_queue_chain with buffer buffer: 0xe92e1830, pts 0:00:01.370484927, dts 0:00:01.294346876, dur 0:00:00.038069026, size 19413, offset none, offset_end none, flags 0x2000
06-09 08:18:16.685  6032  6083 D GStreamer+queue_dataflow: 0:00:55.180262271 0xe9014cf0 gstqueue.c:1220:gst_queue_chain_buffer_or_list:<queue0> queue is full, waiting for free space
06-09 08:18:16.685  6032  6082 D GStreamer+GST_SCHEDULING: 0:00:55.180256802 0xe9014c90 gstpad.c:4193:gst_pad_chain_data_unchecked:<amcvideodec-omxnvidiah264decode0:sink> calling chainfunction &gst_video_decoder_chain with buffer buffer: 0xe9351558, pts 0:00:00.304552206, dts 0:00:00.228414154, dur 0:00:00.038095238, size 20177, offset 197347, offset_end none, flags 0x2000
06-09 08:18:16.685  6032  6082 D GStreamer+amcvideodec: 0:00:55.180315448 0xe9014c90 gstamcvideodec.c:2125:gst_amc_video_dec_handle_frame:<amcvideodec-omxnvidiah264decode0> Handling frame
06-09 08:18:16.685   995  6089 D NvOsDebugPrintf: TVMR: cctx->bAbortInputBuffer = 0, cctx->bEOSAbortOutputBuffer = 0 
06-09 08:18:16.686  6032  6082 D GStreamer+amcvideodec: 0:00:55.180936177 0xe9014c90 gstamcvideodec.c:2239:gst_amc_video_dec_handle_frame:<amcvideodec-omxnvidiah264decode0> Queueing buffer 6: size 20177 time 304552 flags 0x00000000
06-09 08:18:16.686  6032  6082 D GStreamer+GST_SCHEDULING: 0:00:55.181050708 0xe9014c90 gstpad.c:4199:gst_pad_chain_data_unchecked:<amcvideodec-omxnvidiah264decode0:sink> called chainfunction &gst_video_decoder_chain with buffer 0xe9351558, returned ok
06-09 08:18:16.686  6032  6082 D GStreamer+GST_SCHEDULING: 0:00:55.181084614 0xe9014c90 gstpad.c:4199:gst_pad_chain_data_unchecked:<capsfilter0:sink> called chainfunction &gst_base_transform_chain with buffer 0xe9351558, returned ok
06-09 08:18:16.686  6032  6082 D GStreamer+baseparse: 0:00:55.181113260 0xe9014c90 gstbaseparse.c:3165:gst_base_parse_chain:<h264parse0> not enough data available (only 0 bytes)
06-09 08:18:16.686  6032  6082 D GStreamer+GST_SCHEDULING: 0:00:55.181133937 0xe9014c90 gstpad.c:4199:gst_pad_chain_data_unchecked:<h264parse0:sink> called chainfunction &gst_base_parse_chain with buffer 0xe93510f8, returned ok
06-09 08:18:16.686  6032  6082 D GStreamer+GST_SCHEDULING: 0:00:55.181157635 0xe9014c90 gstpad.c:4199:gst_pad_chain_data_unchecked:<typefind:sink> called chainfunction &gst_type_find_element_chain with buffer 0xe93510f8, returned ok
06-09 08:18:16.686  6032  6082 D GStreamer+GST_SCHEDULING: 0:00:55.181182323 0xe9014c90 gstpad.c:4199:gst_pad_chain_data_unchecked:<forhwgl:sink> called chainfunction &gst_proxy_pad_chain_default with buffer 0xe93510f8, returned ok
06-09 08:18:16.686  6032  6082 D GStreamer+GST_SCHEDULING: 0:00:55.181218677 0xe9014c90 gstpad.c:4193:gst_pad_chain_data_unchecked:<forhwgl:sink> calling chainfunction &gst_proxy_pad_chain_default with buffer buffer: 0xe9351058, pts 0:00:00.266483180, dts 0:00:00.266483180, dur 0:00:00.038069026, size 14426, offset none, offset_end none, flags 0x2000
06-09 08:18:16.686  6032  6083 D GStreamer+queue_dataflow: 0:00:55.181289614 0xe9014cf0 gstqueue.c:1228:gst_queue_chain_buffer_or_list:<queue0> queue is not full
06-09 08:18:16.686  6032  6083 D GStreamer+GST_SCHEDULING: 0:00:55.181326073 0xe9014cf0 gstpad.c:4199:gst_pad_chain_data_unchecked:<queue0:sink> called chainfunction &gst_queue_chain with buffer 0xe92e1830, returned ok
06-09 08:18:16.686  6032  6082 D GStreamer+GST_SCHEDULING: 0:00:55.181310812 0xe9014c90 gstpad.c:4193:gst_pad_chain_data_unchecked:<typefind:sink> calling chainfunction &gst_type_find_element_chain with buffer buffer: 0xe9351058, pts 0:00:00.266483180, dts 0:00:00.266483180, dur 0:00:00.038069026, size 14426, offset none, offset_end none, flags 0x2000
06-09 08:18:16.686  6032  6083 D GStreamer+qtdemux: 0:00:55.181357479 0xe9014cf0 qtdemux.c:8035:qtdemux_parse_samples:<q> parsing up to sample 35
06-09 08:18:16.686  6032  6082 D GStreamer+GST_SCHEDULING: 0:00:55.181362531 0xe9014c90 gstpad.c:4193:gst_pad_chain_data_unchecked:<h264parse0:sink> calling chainfunction &gst_base_parse_chain with buffer buffer: 0xe9351058, pts 0:00:00.266483180, dts 0:00:00.266483180, dur 0:00:00.038069026, size 14426, offset none, offset_end none, flags 0x2000
06-09 08:18:16.686  6032  6083 D GStreamer+qtdemux: 0:00:55.181387531 0xe9014cf0 qtdemux.c:8242:qtdemux_parse_samples:<q> sample 35: index 35, timestamp 0:00:01.332415902
06-09 08:18:16.686  6032  6082 D GStreamer+baseparse: 0:00:55.181428677 0xe9014c90 gstbaseparse.c:2996:gst_base_parse_chain:<h264parse0> chain
06-09 08:18:16.686  6032  6082 D GStreamer+GST_PERFORMANCE: 0:00:55.181454771 0xe9014c90 gstminiobject.c:327:gst_mini_object_make_writable copy GstBuffer miniobject 0xe9351058 -> 0xe93515f8
06-09 08:18:16.686  6032  6083 D GStreamer+qtdemux: 0:00:55.181444927 0xe9014cf0 qtdemux.c:5525:gst_qtdemux_loop_state_movie:<q> pushing from stream 0, empty 0 offset 801296, size 14199, dts=0:00:01.332415902, pts=0:00:01.332415902, duration 0:00:00.038069025
06-09 08:18:16.686  6032  6082 D GStreamer+codecparsers_h264: 0:00:55.181483625 0xe9014c90 gsth264parser.c:253:gst_h264_parse_nalu_header Nal type 1, ref_idc 0
06-09 08:18:16.686  6032  6083 D GStreamer+basesrc: 0:00:55.181493833 0xe9014cf0 gstbasesrc.c:2354:gst_base_src_update_length:<filesrc0> reading offset 801296, length 14199, size 22092204, segment.stop -1, maxsize 22092204
06-09 08:18:16.686  6032  6082 D GStreamer+h264parse: 0:00:55.181504875 0xe9014c90 gsth264parse.c:979:gst_h264_parse_handle_frame_packetized:<h264parse0> AVC nal offset 14426
06-09 08:18:16.686  6032  6083 D GStreamer+basesrc: 0:00:55.181526958 0xe9014cf0 gstbasesrc.c:2455:gst_base_src_get_range:<filesrc0> calling create offset 801296 length 14199, time 0
06-09 08:18:16.686  6032  6082 D GStreamer+h264parse: 0:00:55.181529198 0xe9014c90 gsth264parse.c:714:gst_h264_parse_process_nal:<h264parse0> processing nal of type 1 Slice, size 14422
06-09 08:18:16.686  6032  6082 D GStreamer+h264parse: 0:00:55.181558677 0xe9014c90 gsth264parse.c:820:gst_h264_parse_process_nal:<h264parse0> first_mb_in_slice = 0
06-09 08:18:16.686  6032  6083 D GStreamer+GST_MEMORY: 0:00:55.181558000 0xe9014cf0 gstmemory.c:138:gst_memory_init new memory 0xe93a1aa8, maxsize:14202 offset:0 size:14199
06-09 08:18:16.686  6032  6082 D GStreamer+h264parse: 0:00:55.181580916 0xe9014c90 gsth264parse.c:823:gst_h264_parse_process_nal:<h264parse0> frame start: 1
06-09 08:18:16.686  6032  6082 D GStreamer+codecparsers_h264: 0:00:55.181600916 0xe9014c90 gsth264parser.c:2089:gst_h264_parser_parse_slice_hdr parsing "Slice header", slice type 6
06-09 08:18:16.686  6032  6082 D GStreamer+h264parse: 0:00:55.181621177 0xe9014c90 gsth264parse.c:833:gst_h264_parse_process_nal:<h264parse0> parse result 0, first MB: 0, slice type: 6
06-09 08:18:16.687  6032  6082 D GStreamer+h264parse: 0:00:55.181835031 0xe9014c90 gsth264parse.c:421:gst_h264_parse_wrap_nal:<h264parse0> nal length 14422
06-09 08:18:16.687  6032  6082 D GStreamer+GST_MEMORY: 0:00:55.181871854 0xe9014c90 gstmemory.c:138:gst_memory_init new memory 0xe93a5278, maxsize:14429 offset:0 size:14426
06-09 08:18:16.687  6032  6082 D GStreamer+codecparsers_h264: 0:00:55.181911541 0xe9014c90 gsth264parser.c:1407:gst_h264_parser_identify_nalu_avc Can't parse, buffer has too small size 14426, offset 14426
06-09 08:18:16.687  6032  6082 D GStreamer+GST_CAPS: 0:00:55.181945916 0xe9014c90 gstpad.c:2644:gst_pad_has_current_caps:<h264parse0:src> check current pad caps video/x-h264, stream-format=(string)byte-stream, alignment=(string)au, level=(string)4, profile=(string)high, width=(int)1280, height=(int)1440, framerate=(fraction)105/4, pixel-aspect-ratio=(fraction)1/1, parsed=(boolean)true
06-09 08:18:16.687  6032  6082 D GStreamer+GST_MEMORY: 0:00:55.182017583 0xe9014c90 gstmemory.c:87:_gst_memory_free free memory 0xe93aafd8
06-09 08:18:16.687  6032  6082 D GStreamer+GST_CAPS: 0:00:55.182056229 0xe9014c90 gstpad.c:2644:gst_pad_has_current_caps:<h264parse0:src> check current pad caps video/x-h264, stream-format=(string)byte-stream, alignment=(string)au, level=(string)4, profile=(string)high, width=(int)1280, height=(int)1440, framerate=(fraction)105/4, pixel-aspect-ratio=(fraction)1/1, parsed=(boolean)true
06-09 08:18:16.687  6032  6082 D GStreamer+h264parse: 0:00:55.182105812 0xe9014c90 gsth264parse.c:182:gst_h264_parse_reset_frame:<h264parse0> reset frame
06-09 08:18:16.687  6032  6082 D GStreamer+GST_SCHEDULING: 0:00:55.182133260 0xe9014c90 gstpad.c:4193:gst_pad_chain_data_unchecked:<capsfilter0:sink> calling chainfunction &gst_base_transform_chain with buffer buffer: 0xe942d8a0, pts 0:00:00.266483180, dts 0:00:00.266483180, dur 0:00:00.038095238, size 14426, offset 217524, offset_end none, flags 0x2000
06-09 08:18:16.687  6032  6082 D GStreamer+basetransform: 0:00:55.182192010 0xe9014c90 gstbasetransform.c:2033:default_submit_input_buffer:<capsfilter0> handling buffer 0xe942d8a0 of size 14426, PTS 0:00:00.266483180 and offset 217524
06-09 08:18:16.687  6032  6082 D GStreamer+basetransform: 0:00:55.182229771 0xe9014c90 gstbasetransform.c:2150:default_generate_output:<capsfilter0> calling prepare buffer
06-09 08:18:16.687  6032  6082 D GStreamer+basetransform: 0:00:55.182253104 0xe9014c90 gstbasetransform.c:2157:default_generate_output:<capsfilter0> using allocated buffer in 0xe942d8a0, out 0xe942d8a0
06-09 08:18:16.687  6032  6082 D GStreamer+basetransform: 0:00:55.182277739 0xe9014c90 gstbasetransform.c:2174:default_generate_output:<capsfilter0> doing inplace transform
06-09 08:18:16.687  6032  6082 D GStreamer+GST_SCHEDULING: 0:00:55.182301750 0xe9014c90 gstpad.c:4193:gst_pad_chain_data_unchecked:<amcvideodec-omxnvidiah264decode0:sink> calling chainfunction &gst_video_decoder_chain with buffer buffer: 0xe942d8a0, pts 0:00:00.266483180, dts 0:00:00.266483180, dur 0:00:00.038095238, size 14426, offset 217524, offset_end none, flags 0x2000
06-09 08:18:16.687  6032  6082 D GStreamer+amcvideodec: 0:00:55.182366854 0xe9014c90 gstamcvideodec.c:2125:gst_amc_video_dec_handle_frame:<amcvideodec-omxnvidiah264decode0> Handling frame
06-09 08:18:16.687  6032  6082 D GStreamer+amcvideodec: 0:00:55.182625864 0xe9014c90 gstamcvideodec.c:2239:gst_amc_video_dec_handle_frame:<amcvideodec-omxnvidiah264decode0> Queueing buffer 7: size 14426 time 266483 flags 0x00000000
06-09 08:18:16.688  6032  6082 D GStreamer+GST_SCHEDULING: 0:00:55.182789354 0xe9014c90 gstpad.c:4199:gst_pad_chain_data_unchecked:<amcvideodec-omxnvidiah264decode0:sink> called chainfunction &gst_video_decoder_chain with buffer 0xe942d8a0, returned ok
06-09 08:18:16.688  6032  6082 D GStreamer+GST_SCHEDULING: 0:00:55.182841854 0xe9014c90 gstpad.c:4199:gst_pad_chain_data_unchecked:<capsfilter0:sink> called chainfunction &gst_base_transform_chain with buffer 0xe942d8a0, returned ok
06-09 08:18:16.688  6032  6082 D GStreamer+baseparse: 0:00:55.182876906 0xe9014c90 gstbaseparse.c:3165:gst_base_parse_chain:<h264parse0> not enough data available (only 0 bytes)
06-09 08:18:16.688  6032  6082 D GStreamer+GST_SCHEDULING: 0:00:55.182902896 0xe9014c90 gstpad.c:4199:gst_pad_chain_data_unchecked:<h264parse0:sink> called chainfunction &gst_base_parse_chain with buffer 0xe9351058, returned ok
06-09 08:18:16.688  6032  6082 D GStreamer+GST_SCHEDULING: 0:00:55.182933833 0xe9014c90 gstpad.c:4199:gst_pad_chain_data_unchecked:<typefind:sink> called chainfunction &gst_type_find_element_chain with buffer 0xe9351058, returned ok
06-09 08:18:16.688  6032  6082 D GStreamer+GST_SCHEDULING: 0:00:55.182962635 0xe9014c90 gstpad.c:4199:gst_pad_chain_data_unchecked:<forhwgl:sink> called chainfunction &gst_proxy_pad_chain_default with buffer 0xe9351058, returned ok
06-09 08:18:16.688  6032  6082 D GStreamer+GST_SCHEDULING: 0:00:55.182996854 0xe9014c90 gstpad.c:4193:gst_pad_chain_data_unchecked:<forhwgl:sink> calling chainfunction &gst_proxy_pad_chain_default with buffer buffer: 0xe9351698, pts 0:00:00.342621231, dts 0:00:00.304552206, dur 0:00:00.038069025, size 14288, offset none, offset_end none, flags 0x2000
06-09 08:18:16.688  6032  6082 D GStreamer+GST_SCHEDULING: 0:00:55.183054198 0xe9014c90 gstpad.c:4193:gst_pad_chain_data_unchecked:<typefind:sink> calling chainfunction &gst_type_find_element_chain with buffer buffer: 0xe9351698, pts 0:00:00.342621231, dts 0:00:00.304552206, dur 0:00:00.038069025, size 14288, offset none, offset_end none, flags 0x2000
06-09 08:18:16.688  6032  6082 D GStreamer+GST_SCHEDULING: 0:00:55.183108573 0xe9014c90 gstpad.c:4193:gst_pad_chain_data_unchecked:<h264parse0:sink> calling chainfunction &gst_base_parse_chain with buffer buffer: 0xe9351698, pts 0:00:00.342621231, dts 0:00:00.304552206, dur 0:00:00.038069025, size 14288, offset none, offset_end none, flags 0x2000
06-09 08:18:16.688  6032  6082 D GStreamer+baseparse: 0:00:55.183153625 0xe9014c90 gstbaseparse.c:2996:gst_base_parse_chain:<h264parse0> chain
06-09 08:18:16.688  6032  6082 D GStreamer+GST_PERFORMANCE: 0:00:55.183183260 0xe9014c90 gstminiobject.c:327:gst_mini_object_make_writable copy GstBuffer miniobject 0xe9351698 -> 0xe93515f8
06-09 08:18:16.688  6032  6082 D GStreamer+codecparsers_h264: 0:00:55.183214823 0xe9014c90 gsth264parser.c:253:gst_h264_parse_nalu_header Nal type 1, ref_idc 0
06-09 08:18:16.688  6032  6082 D GStreamer+h264parse: 0:00:55.183237010 0xe9014c90 gsth264parse.c:979:gst_h264_parse_handle_frame_packetized:<h264parse0> AVC nal offset 14288
06-09 08:18:16.688  6032  6082 D GStreamer+h264parse: 0:00:55.183260083 0xe9014c90 gsth264parse.c:714:gst_h264_parse_process_nal:<h264parse0> processing nal of type 1 Slice, size 14284
06-09 08:18:16.688  6032  6082 D GStreamer+h264parse: 0:00:55.183285187 0xe9014c90 gsth264parse.c:820:gst_h264_parse_process_nal:<h264parse0> first_mb_in_slice = 0
06-09 08:18:16.688  6032  6082 D GStreamer+h264parse: 0:00:55.183303260 0xe9014c90 gsth264parse.c:823:gst_h264_parse_process_nal:<h264parse0> frame start: 1
06-09 08:18:16.688  6032  6082 D GStreamer+codecparsers_h264: 0:00:55.183323625 0xe9014c90 gsth264parser.c:2089:gst_h264_parser_parse_slice_hdr parsing "Slice header", slice type 6
06-09 08:18:16.688  6032  6082 D GStreamer+h264parse: 0:00:55.183348468 0xe9014c90 gsth264parse.c:833:gst_h264_parse_process_nal:<h264parse0> parse result 0, first MB: 0, slice type: 6
06-09 08:18:16.688  6032  6082 D GStreamer+h264parse: 0:00:55.183372010 0xe9014c90 gsth264parse.c:421:gst_h264_parse_wrap_nal:<h264parse0> nal length 14284
