06-09 08:18:16.737  6032  6081 D GStreamer+GST_PADS: 0:00:55.232631020 0xe9014c30 gstpad.c:3785:push_sticky:<glcolorbalance0:src> event caps was already received
06-09 08:18:16.737  6032  6088 D GStreamer+GST_PADS: 0:00:55.232649093 0xe93583b0 gstpad.c:3853:check_sticky:<amcvideodec-omxnvidiah264decode0:src> pushing all sticky events
06-09 08:18:16.737  6032  6088 D GStreamer+GST_PADS: 0:00:55.232673156 0xe93583b0 gstpad.c:3785:push_sticky:<amcvideodec-omxnvidiah264decode0:src> event stream-start was already received
06-09 08:18:16.737  6032  6088 D GStreamer+GST_PADS: 0:00:55.232711020 0xe93583b0 gstpad.c:3785:push_sticky:<amcvideodec-omxnvidiah264decode0:src> event caps was already received
06-09 08:18:16.737  6032  6088 D GStreamer+GST_PADS: 0:00:55.232734875 0xe93583b0 gstpad.c:3785:push_sticky:<amcvideodec-omxnvidiah264decode0:src> event segment was already received
06-09 08:18:16.737  6032  6081 D GStreamer+GST_EVENT: 0:00:55.232655448 0xe9014c30 gstpad.c:5536:gst_pad_send_event_unchecked:<sink:sink> have event type segment event: 0xe9241d78, time 99:99:99.999999999, seq-num 69, GstEventSegment, segment=(GstSegment)"GstSegment, flags=(GstSegmentFlags)GST_SEGMENT_FLAG_NONE, rate=(double)1, applied-rate=(double)1, format=(GstFormat)GST_FORMAT_TIME, base=(guint64)0, offset=(guint64)0, start=(guint64)76138051, stop=(guint64)40087138051, time=(guint64)0, position=(guint64)76138051, duration=(guint64)18446744073709551615;";
06-09 08:18:16.738  6032  6088 D GStreamer+GST_EVENT: 0:00:55.232763416 0xe93583b0 gstpad.c:5536:gst_pad_send_event_unchecked:<src_0:proxypad2> have event type tag event: 0xe927d980, time 99:99:99.999999999, seq-num 143, GstTagList-stream, taglist=(taglist)"taglist\,\ video-codec\=\(string\)\"H.264\\\ \\\(High\\\ Profile\\\)\"\,\ language-code\=\(string\)en\,\ bitrate\=\(uint\)4413700\;";
06-09 08:18:16.738  6032  6088 D GStreamer+GST_PADS: 0:00:55.232842531 0xe93583b0 gstpad.c:3853:check_sticky:<forhwgl:src_0> pushing all sticky events
06-09 08:18:16.738  6032  6081 D GStreamer+basesink: 0:00:55.232765343 0xe9014c30 gstbasesink.c:3231:gst_base_sink_event:<sink> received event 0xe9241d78 segment event: 0xe9241d78, time 99:99:99.999999999, seq-num 69, GstEventSegment, segment=(GstSegment)"GstSegment, flags=(GstSegmentFlags)GST_SEGMENT_FLAG_NONE, rate=(double)1, applied-rate=(double)1, format=(GstFormat)GST_FORMAT_TIME, base=(guint64)0, offset=(guint64)0, start=(guint64)76138051, stop=(guint64)40087138051, time=(guint64)0, position=(guint64)76138051, duration=(guint64)18446744073709551615;";
06-09 08:18:16.738  6032  6088 D GStreamer+GST_PADS: 0:00:55.232866593 0xe93583b0 gstpad.c:3785:push_sticky:<forhwgl:src_0> event stream-start was already received
06-09 08:18:16.738  6032  6081 D GStreamer+glimagesink: 0:00:55.232871750 0xe9014c30 gstglimagesink.c:1076:gst_glimage_sink_event:<sink> handling segment event
06-09 08:18:16.738  6032  6088 D GStreamer+GST_PADS: 0:00:55.232890968 0xe93583b0 gstpad.c:3785:push_sticky:<forhwgl:src_0> event caps was already received
06-09 08:18:16.738  6032  6088 D GStreamer+GST_PADS: 0:00:55.232927270 0xe93583b0 gstpad.c:3785:push_sticky:<forhwgl:src_0> event segment was already received
06-09 08:18:16.738  6032  6081 D GStreamer+basesink: 0:00:55.232896177 0xe9014c30 gstbasesink.c:3166:gst_base_sink_default_event:<sink> configured segment time segment start=0:00:00.076138051, offset=0:00:00.000000000, stop=0:00:40.087138051, rate=1.000000, applied_rate=1.000000, flags=0x00, time=0:00:00.000000000, base=0:00:00.000000000, position 0:00:00.076138051, duration 99:99:99.999999999
06-09 08:18:16.738  6032  6088 D GStreamer+GST_PADS: 0:00:55.232949250 0xe93583b0 gstpad.c:3690:do_probe_callbacks:<forhwgl:src_0> data is passed
06-09 08:18:16.738  6032  6081 D GStreamer+GST_PADS: 0:00:55.232957948 0xe9014c30 gstpad.c:5609:gst_pad_send_event_unchecked:<sink:sink> sent event, ret ok
06-09 08:18:16.738  6032  6088 D GStreamer+GST_PADS: 0:00:55.232969458 0xe93583b0 gstpad.c:3493:probe_hook_marshal:<forhwgl:src_0> probe returned OK
06-09 08:18:16.738  6032  6081 D GStreamer+GST_PADS: 0:00:55.232979145 0xe9014c30 gstpad.c:3805:push_sticky:<glcolorbalance0:src> event segment marked received
06-09 08:18:16.738  6032  6088 D GStreamer+GST_EVENT: 0:00:55.232989302 0xe93583b0 gstpad.c:5536:gst_pad_send_event_unchecked:<queue1:sink> have event type tag event: 0xe927d980, time 99:99:99.999999999, seq-num 143, GstTagList-stream, taglist=(taglist)"taglist\,\ video-codec\=\(string\)\"H.264\\\ \\\(High\\\ Profile\\\)\"\,\ language-code\=\(string\)en\,\ bitrate\=\(uint\)4413700\;";
06-09 08:18:16.738  6032  6088 D GStreamer+GST_PADS: 0:00:55.233057739 0xe93583b0 gstpad.c:5609:gst_pad_send_event_unchecked:<queue1:sink> sent event, ret ok
06-09 08:18:16.738  6032  6081 D GStreamer+GST_PADS: 0:00:55.233000083 0xe9014c30 gstpad.c:5609:gst_pad_send_event_unchecked:<glcolorbalance0:sink> sent event, ret ok
06-09 08:18:16.738  6032  6088 D GStreamer+GST_PADS: 0:00:55.233081854 0xe93583b0 gstpad.c:3805:push_sticky:<forhwgl:src_0> event tag marked received
06-09 08:18:16.738  6032  6081 D GStreamer+GST_PADS: 0:00:55.233095500 0xe9014c30 gstpad.c:3805:push_sticky:<glcolorconvertelement0:src> event segment marked received
06-09 08:18:16.738  6032  6088 D GStreamer+GST_PADS: 0:00:55.233104458 0xe93583b0 gstpad.c:3785:push_sticky:<forhwgl:src_0> event tag was already received
06-09 08:18:16.738  6032  6081 D GStreamer+GST_PADS: 0:00:55.233117687 0xe9014c30 gstpad.c:5609:gst_pad_send_event_unchecked:<glcolorconvertelement0:sink> sent event, ret ok
06-09 08:18:16.738  6032  6081 D GStreamer+GST_PADS: 0:00:55.233140083 0xe9014c30 gstpad.c:3805:push_sticky:<gluploadelement0:src> event segment marked received
06-09 08:18:16.738  6032  6088 D GStreamer+GST_PADS: 0:00:55.233144614 0xe93583b0 gstpad.c:5609:gst_pad_send_event_unchecked:<src_0:proxypad2> sent event, ret ok
06-09 08:18:16.738  6032  6088 D GStreamer+GST_PADS: 0:00:55.233173729 0xe93583b0 gstpad.c:3805:push_sticky:<amcvideodec-omxnvidiah264decode0:src> event tag marked received
06-09 08:18:16.738  6032  6088 D GStreamer+GST_PADS: 0:00:55.233197687 0xe93583b0 gstpad.c:3785:push_sticky:<amcvideodec-omxnvidiah264decode0:src> event tag was already received
06-09 08:18:16.738  6032  6088 D GStreamer+videodecoder: 0:00:55.233221333 0xe93583b0 gstvideodecoder.c:2714:gst_video_decoder_prepare_finish_frame:<amcvideodec-omxnvidiah264decode0> sync timestamp 0:00:00.076138051 diff +0:00:00.000000000
06-09 08:18:16.738  6032  6088 D GStreamer+default: 0:00:55.233278833 0xe93583b0 gstvideoutils.c:40:_gst_video_codec_frame_free free frame 0xe91e6e90
06-09 08:18:16.738  6032  6088 D GStreamer+GST_MEMORY: 0:00:55.233300760 0xe93583b0 gstmemory.c:87:_gst_memory_free free memory 0xe92502e0
06-09 08:18:16.738  6032  6088 D GStreamer+videodecoder: 0:00:55.233370656 0xe93583b0 gstvideodecoder.c:3193:gst_video_decoder_clip_and_push_buf:<amcvideodec-omxnvidiah264decode0> Setting discont on output buffer
06-09 08:18:16.738  6032  6081 D GStreamer+GST_PADS: 0:00:55.233346489 0xe9014c30 gstpad.c:5609:gst_pad_send_event_unchecked:<gluploadelement0:sink> sent event, ret ok
06-09 08:18:16.738  6032  6081 D GStreamer+GST_PADS: 0:00:55.233408208 0xe9014c30 gstpad.c:3805:push_sticky:<sink:proxypad1> event segment marked received
06-09 08:18:16.738  6032  6088 D GStreamer+videodecoder: 0:00:55.233400187 0xe93583b0 gstvideodecoder.c:3214:gst_video_decoder_clip_and_push_buf:<amcvideodec-omxnvidiah264decode0> pushing buffer 0xe93d8010 of size 7372800, PTS 0:00:00.076138051, dur 0:00:00.038095238
06-09 08:18:16.738  6032  6081 D GStreamer+GST_PADS: 0:00:55.233447323 0xe9014c30 gstpad.c:5609:gst_pad_send_event_unchecked:<glimagesinkbin0:sink> sent event, ret ok
06-09 08:18:16.738  6032  6081 D GStreamer+GST_PADS: 0:00:55.233470031 0xe9014c30 gstpad.c:3805:push_sticky:<forhalffps:src> event segment marked received
06-09 08:18:16.738  6032  6081 D GStreamer+GST_PADS: 0:00:55.233499562 0xe9014c30 gstpad.c:5609:gst_pad_send_event_unchecked:<forhalffps:sink> sent event, ret ok
06-09 08:18:16.738  6032  6088 D GStreamer+GST_SCHEDULING: 0:00:55.233466333 0xe93583b0 gstpad.c:4193:gst_pad_chain_data_unchecked:<src_0:proxypad2> calling chainfunction &gst_proxy_pad_chain_default with buffer buffer: 0xe93d8010, pts 0:00:00.076138051, dts 99:99:99.999999999, dur 0:00:00.038095238, size 7372800, offset none, offset_end none, flags 0x4040
06-09 08:18:16.738  6032  6081 D GStreamer+GST_PADS: 0:00:55.233526906 0xe9014c30 gstpad.c:3805:push_sticky:<queue1:src> event segment marked received
06-09 08:18:16.738  6032  6088 D GStreamer+GST_PADS: 0:00:55.233545135 0xe93583b0 gstpad.c:3690:do_probe_callbacks:<forhwgl:src_0> data is passed
06-09 08:18:16.738  6032  6081 D GStreamer+GST_PADS: 0:00:55.233553729 0xe9014c30 gstpad.c:3853:check_sticky:<queue1:src> pushing all sticky events
06-09 08:18:16.738  6032  6081 D GStreamer+GST_PADS: 0:00:55.233572323 0xe9014c30 gstpad.c:3785:push_sticky:<queue1:src> event stream-start was already received
06-09 08:18:16.738  6032  6081 D GStreamer+GST_PADS: 0:00:55.233600500 0xe9014c30 gstpad.c:3785:push_sticky:<queue1:src> event caps was already received
06-09 08:18:16.738  6032  6088 D GStreamer+GST_SCHEDULING: 0:00:55.233569875 0xe93583b0 gstpad.c:4193:gst_pad_chain_data_unchecked:<queue1:sink> calling chainfunction &gst_queue_chain with buffer buffer: 0xe93d8010, pts 0:00:00.076138051, dts 99:99:99.999999999, dur 0:00:00.038095238, size 7372800, offset none, offset_end none, flags 0x4040
06-09 08:18:16.738  6032  6081 D GStreamer+GST_PADS: 0:00:55.233626281 0xe9014c30 gstpad.c:3785:push_sticky:<queue1:src> event segment was already received
06-09 08:18:16.738  6032  6088 D GStreamer+GST_SCHEDULING: 0:00:55.233634145 0xe93583b0 gstpad.c:4199:gst_pad_chain_data_unchecked:<queue1:sink> called chainfunction &gst_queue_chain with buffer 0xe93d8010, returned ok
06-09 08:18:16.738  6032  6088 D GStreamer+GST_SCHEDULING: 0:00:55.233682895 0xe93583b0 gstpad.c:4199:gst_pad_chain_data_unchecked:<src_0:proxypad2> called chainfunction &gst_proxy_pad_chain_default with buffer 0xe93d8010, returned ok
06-09 08:18:16.738  6032  6081 D GStreamer+GST_EVENT: 0:00:55.233651281 0xe9014c30 gstpad.c:5536:gst_pad_send_event_unchecked:<forhalffps:sink> have event type tag event: 0xe927d8f0, time 99:99:99.999999999, seq-num 141, GstTagList-stream, taglist=(taglist)"taglist\,\ video-codec\=\(string\)\"H.264\\\ /\\\ AVC\"\,\ language-code\=\(string\)en\,\ bitrate\=\(uint\)4413700\;";
06-09 08:18:16.738  6032  6081 D GStreamer+GST_PADS: 0:00:55.233716645 0xe9014c30 gstpad.c:3690:do_probe_callbacks:<forhalffps:sink> data is passed
06-09 08:18:16.738  6032  6088 D GStreamer+amcvideodec: 0:00:55.233718781 0xe93583b0 gstamcvideodec.c:1519:gst_amc_video_dec_loop:<amcvideodec-omxnvidiah264decode0> Finished frame: ok
06-09 08:18:16.738  6032  6081 D GStreamer+GST_PADS: 0:00:55.233740291 0xe9014c30 gstpad.c:3853:check_sticky:<forhalffps:src> pushing all sticky events
06-09 08:18:16.738  6032  6088 D GStreamer+amcvideodec: 0:00:55.233746281 0xe93583b0 gstamcvideodec.c:1240:gst_amc_video_dec_loop:<amcvideodec-omxnvidiah264decode0> Waiting for available output buffer
06-09 08:18:16.738  6032  6081 D GStreamer+GST_PADS: 0:00:55.233763677 0xe9014c30 gstpad.c:3785:push_sticky:<forhalffps:src> event stream-start was already received
06-09 08:18:16.739  6032  6081 D GStreamer+GST_PADS: 0:00:55.233786593 0xe9014c30 gstpad.c:3785:push_sticky:<forhalffps:src> event caps was already received
06-09 08:18:16.739  6032  6081 D GStreamer+GST_PADS: 0:00:55.233806125 0xe9014c30 gstpad.c:3785:push_sticky:<forhalffps:src> event segment was already received
06-09 08:18:16.739  6032  6082 D GStreamer+videodecoder: 0:00:55.233870187 0xe9014c90 gstvideodecoder.c:3415:gst_video_decoder_decode_frame:<amcvideodec-omxnvidiah264decode0> decoder frame list getting long: 17 frames,possible internal leaking?
06-09 08:18:16.739  6032  6082 D GStreamer+amcvideodec: 0:00:55.233902531 0xe9014c90 gstamcvideodec.c:2125:gst_amc_video_dec_handle_frame:<amcvideodec-omxnvidiah264decode0> Handling frame
06-09 08:18:16.739  6032  6081 D GStreamer+GST_EVENT: 0:00:55.233830239 0xe9014c30 gstpad.c:5536:gst_pad_send_event_unchecked:<glimagesinkbin0:sink> have event type tag event: 0xe927d8f0, time 99:99:99.999999999, seq-num 141, GstTagList-stream, taglist=(taglist)"taglist\,\ video-codec\=\(string\)\"H.264\\\ /\\\ AVC\"\,\ language-code\=\(string\)en\,\ bitrate\=\(uint\)4413700\;";
06-09 08:18:16.739  6032  6088 D GStreamer+amcvideodec: 0:00:55.233932375 0xe93583b0 gstamcvideodec.c:1250:gst_amc_video_dec_loop:<amcvideodec-omxnvidiah264decode0> dequeueOutputBuffer() returned 8 (0x8)
06-09 08:18:16.739  6032  6081 D GStreamer+GST_PADS: 0:00:55.233991541 0xe9014c30 gstpad.c:3853:check_sticky:<sink:proxypad1> pushing all sticky events
06-09 08:18:16.739  6032  6088 D GStreamer+amcvideodec: 0:00:55.234001750 0xe93583b0 gstamcvideodec.c:1306:gst_amc_video_dec_loop:<amcvideodec-omxnvidiah264decode0> Got output buffer at index 8: offset 0 size 8 time 114207 flags 0x00000000
06-09 08:18:16.739  6032  6081 D GStreamer+GST_PADS: 0:00:55.234014250 0xe9014c30 gstpad.c:3785:push_sticky:<sink:proxypad1> event stream-start was already received
06-09 08:18:16.739  6032  6081 D GStreamer+GST_PADS: 0:00:55.234034979 0xe9014c30 gstpad.c:3785:push_sticky:<sink:proxypad1> event caps was already received
06-09 08:18:16.739  6032  6081 D GStreamer+GST_PADS: 0:00:55.234055916 0xe9014c30 gstpad.c:3785:push_sticky:<sink:proxypad1> event segment was already received
06-09 08:18:16.739  6032  6081 D GStreamer+GST_EVENT: 0:00:55.234076854 0xe9014c30 gstpad.c:5536:gst_pad_send_event_unchecked:<gluploadelement0:sink> have event type tag event: 0xe927d8f0, time 99:99:99.999999999, seq-num 141, GstTagList-stream, taglist=(taglist)"taglist\,\ video-codec\=\(string\)\"H.264\\\ /\\\ AVC\"\,\ language-code\=\(string\)en\,\ bitrate\=\(uint\)4413700\;";
06-09 08:18:16.739  6032  6088 D GStreamer+GST_BUFFER: 0:00:55.234114145 0xe93583b0 gstbuffer.c:2108:gst_buffer_add_meta alloc metadata 0xe949c4a4 (GstGLSyncMeta) of size 52
06-09 08:18:16.739  6032  6081 D GStreamer+GST_PADS: 0:00:55.234127895 0xe9014c30 gstpad.c:3853:check_sticky:<gluploadelement0:src> pushing all sticky events
06-09 08:18:16.739  6032  6081 D GStreamer+GST_PADS: 0:00:55.234147323 0xe9014c30 gstpad.c:3785:push_sticky:<gluploadelement0:src> event stream-start was already received
06-09 08:18:16.739  6032  6088 D GStreamer+GST_BUFFER: 0:00:55.234145395 0xe93583b0 gstbuffer.c:2108:gst_buffer_add_meta alloc metadata 0xe93501cc (GstVideoAffineTransformationMeta) of size 72
06-09 08:18:16.739  6032  6081 D GStreamer+GST_PADS: 0:00:55.234173573 0xe9014c30 gstpad.c:3785:push_sticky:<gluploadelement0:src> event caps was already received
06-09 08:18:16.739  6032  6088 D GStreamer+amcvideodec: 0:00:55.234174666 0xe93583b0 gstamcvideodec.c:1418:gst_amc_video_dec_loop:<amcvideodec-omxnvidiah264decode0> push GL frame 2
06-09 08:18:16.739  6032  6081 D GStreamer+GST_PADS: 0:00:55.234198989 0xe9014c30 gstpad.c:3785:push_sticky:<gluploadelement0:src> event segment was already received
06-09 08:18:16.739  6032  6088 D GStreamer+videodecoder: 0:00:55.234219979 0xe93583b0 gstvideodecoder.c:2714:gst_video_decoder_prepare_finish_frame:<amcvideodec-omxnvidiah264decode0> sync timestamp 0:00:00.114207077 diff -0:00:00.038069026
06-09 08:18:16.739  6032  6081 D GStreamer+GST_EVENT: 0:00:55.234219770 0xe9014c30 gstpad.c:5536:gst_pad_send_event_unchecked:<glcolorconvertelement0:sink> have event type tag event: 0xe927d8f0, time 99:99:99.999999999, seq-num 141, GstTagList-stream, taglist=(taglist)"taglist\,\ video-codec\=\(string\)\"H.264\\\ /\\\ AVC\"\,\ language-code\=\(string\)en\,\ bitrate\=\(uint\)4413700\;";
06-09 08:18:16.739  6032  6088 D GStreamer+default: 0:00:55.234270083 0xe93583b0 gstvideoutils.c:40:_gst_video_codec_frame_free free frame 0xe94468a8
06-09 08:18:16.739  6032  6081 D GStreamer+GST_PADS: 0:00:55.234280343 0xe9014c30 gstpad.c:3853:check_sticky:<glcolorconvertelement0:src> pushing all sticky events
06-09 08:18:16.739  6032  6088 D GStreamer+GST_MEMORY: 0:00:55.234288833 0xe93583b0 gstmemory.c:87:_gst_memory_free free memory 0xe9389c70
06-09 08:18:16.739  6032  6081 D GStreamer+GST_PADS: 0:00:55.234301854 0xe9014c30 gstpad.c:3785:push_sticky:<glcolorconvertelement0:src> event stream-start was already received
06-09 08:18:16.739  6032  6081 D GStreamer+GST_PADS: 0:00:55.234322062 0xe9014c30 gstpad.c:3785:push_sticky:<glcolorconvertelement0:src> event caps was already received
06-09 08:18:16.739  6032  6088 D GStreamer+videodecoder: 0:00:55.234326177 0xe93583b0 gstvideodecoder.c:3214:gst_video_decoder_clip_and_push_buf:<amcvideodec-omxnvidiah264decode0> pushing buffer 0xe93d80b0 of size 7372800, PTS 0:00:00.114207077, dur 0:00:00.038095238
06-09 08:18:16.739  6032  6081 D GStreamer+GST_PADS: 0:00:55.234345135 0xe9014c30 gstpad.c:3785:push_sticky:<glcolorconvertelement0:src> event segment was already received
06-09 08:18:16.739  6032  6081 D GStreamer+GST_EVENT: 0:00:55.234367635 0xe9014c30 gstpad.c:5536:gst_pad_send_event_unchecked:<glcolorbalance0:sink> have event type tag event: 0xe927d8f0, time 99:99:99.999999999, seq-num 141, GstTagList-stream, taglist=(taglist)"taglist\,\ video-codec\=\(string\)\"H.264\\\ /\\\ AVC\"\,\ language-code\=\(string\)en\,\ bitrate\=\(uint\)4413700\;";
06-09 08:18:16.739  6032  6088 D GStreamer+GST_SCHEDULING: 0:00:55.234367375 0xe93583b0 gstpad.c:4193:gst_pad_chain_data_unchecked:<src_0:proxypad2> calling chainfunction &gst_proxy_pad_chain_default with buffer buffer: 0xe93d80b0, pts 0:00:00.114207077, dts 99:99:99.999999999, dur 0:00:00.038095238, size 7372800, offset none, offset_end none, flags 0x4000
06-09 08:18:16.739  6032  6081 D GStreamer+GST_PADS: 0:00:55.234438937 0xe9014c30 gstpad.c:3853:check_sticky:<glcolorbalance0:src> pushing all sticky events
06-09 08:18:16.739  6032  6088 D GStreamer+GST_PADS: 0:00:55.234462270 0xe93583b0 gstpad.c:3690:do_probe_callbacks:<forhwgl:src_0> data is passed
06-09 08:18:16.739  6032  6081 D GStreamer+GST_PADS: 0:00:55.234461958 0xe9014c30 gstpad.c:3785:push_sticky:<glcolorbalance0:src> event stream-start was already received
06-09 08:18:16.739  6032  6081 D GStreamer+GST_PADS: 0:00:55.234488000 0xe9014c30 gstpad.c:3785:push_sticky:<glcolorbalance0:src> event caps was already received
06-09 08:18:16.739  6032  6081 D GStreamer+GST_PADS: 0:00:55.234514562 0xe9014c30 gstpad.c:3785:push_sticky:<glcolorbalance0:src> event segment was already received
06-09 08:18:16.739  6032  6088 D GStreamer+GST_SCHEDULING: 0:00:55.234490031 0xe93583b0 gstpad.c:4193:gst_pad_chain_data_unchecked:<queue1:sink> calling chainfunction &gst_queue_chain with buffer buffer: 0xe93d80b0, pts 0:00:00.114207077, dts 99:99:99.999999999, dur 0:00:00.038095238, size 7372800, offset none, offset_end none, flags 0x4000
06-09 08:18:16.739  6032  6081 D GStreamer+GST_EVENT: 0:00:55.234536020 0xe9014c30 gstpad.c:5536:gst_pad_send_event_unchecked:<sink:sink> have event type tag event: 0xe927d8f0, time 99:99:99.999999999, seq-num 141, GstTagList-stream, taglist=(taglist)"taglist\,\ video-codec\=\(string\)\"H.264\\\ /\\\ AVC\"\,\ language-code\=\(string\)en\,\ bitrate\=\(uint\)4413700\;";
06-09 08:18:16.739  6032  6088 D GStreamer+GST_SCHEDULING: 0:00:55.234568468 0xe93583b0 gstpad.c:4199:gst_pad_chain_data_unchecked:<queue1:sink> called chainfunction &gst_queue_chain with buffer 0xe93d80b0, returned ok
06-09 08:18:16.739  6032  6088 D GStreamer+GST_SCHEDULING: 0:00:55.234598416 0xe93583b0 gstpad.c:4199:gst_pad_chain_data_unchecked:<src_0:proxypad2> called chainfunction &gst_proxy_pad_chain_default with buffer 0xe93d80b0, returned ok
06-09 08:18:16.739  6032  6081 D GStreamer+basesink: 0:00:55.234592948 0xe9014c30 gstbasesink.c:3231:gst_base_sink_event:<sink> received event 0xe927d8f0 tag event: 0xe927d8f0, time 99:99:99.999999999, seq-num 141, GstTagList-stream, taglist=(taglist)"taglist\,\ video-codec\=\(string\)\"H.264\\\ /\\\ AVC\"\,\ language-code\=\(string\)en\,\ bitrate\=\(uint\)4413700\;";
06-09 08:18:16.739  6032  6088 D GStreamer+amcvideodec: 0:00:55.234632635 0xe93583b0 gstamcvideodec.c:1519:gst_amc_video_dec_loop:<amcvideodec-omxnvidiah264decode0> Finished frame: ok
06-09 08:18:16.739  6032  6081 D GStreamer+glimagesink: 0:00:55.234671489 0xe9014c30 gstglimagesink.c:1076:gst_glimage_sink_event:<sink> handling tag event
06-09 08:18:16.739  6032  6088 D GStreamer+amcvideodec: 0:00:55.234680187 0xe93583b0 gstamcvideodec.c:1240:gst_amc_video_dec_loop:<amcvideodec-omxnvidiah264decode0> Waiting for available output buffer
06-09 08:18:16.739  6032  6081 D GStreamer+GST_BUS: 0:00:55.234713364 0xe9014c30 gstbus.c:309:gst_bus_post:<bus1> [msg 0xe9019d60] posting on bus tag message: 0xe9019d60, time 99:99:99.999999999, seq-num 162, element 'sink', GstMessageTag, taglist=(taglist)"taglist\,\ video-codec\=\(string\)\"H.264\\\ /\\\ AVC\"\,\ language-code\=\(string\)en\,\ bitrate\=\(uint\)4413700\;";
06-09 08:18:16.739  6032  6081 D GStreamer+bin: 0:00:55.234768520 0xe9014c30 gstbin.c:3654:gst_bin_handle_message_func:<glimagesinkbin0> [msg 0xe9019d60] handling child sink message of type tag
06-09 08:18:16.740  6032  6088 D GStreamer+amcvideodec: 0:00:55.234780500 0xe93583b0 gstamcvideodec.c:1250:gst_amc_video_dec_loop:<amcvideodec-omxnvidiah264decode0> dequeueOutputBuffer() returned 9 (0x9)
06-09 08:18:16.740  6032  6081 D GStreamer+bin: 0:00:55.234793312 0xe9014c30 gstbin.c:3991:gst_bin_handle_message_func:<glimagesinkbin0> posting message upward
06-09 08:18:16.740  6032  6088 D GStreamer+amcvideodec: 0:00:55.234806281 0xe93583b0 gstamcvideodec.c:1306:gst_amc_video_dec_loop:<amcvideodec-omxnvidiah264decode0> Got output buffer at index 9: offset 0 size 8 time 152276 flags 0x00000000
06-09 08:18:16.740  6032  6081 D GStreamer+GST_BUS: 0:00:55.234811593 0xe9014c30 gstbus.c:309:gst_bus_post:<bus2> [msg 0xe9019d60] posting on bus tag message: 0xe9019d60, time 99:99:99.999999999, seq-num 162, element 'sink', GstMessageTag, taglist=(taglist)"taglist\,\ video-codec\=\(string\)\"H.264\\\ /\\\ AVC\"\,\ language-code\=\(string\)en\,\ bitrate\=\(uint\)4413700\;";
06-09 08:18:16.740  6032  6081 D GStreamer+bin: 0:00:55.234868781 0xe9014c30 gstbin.c:3654:gst_bin_handle_message_func:<pipeline0> [msg 0xe9019d60] handling child sink message of type tag
06-09 08:18:16.740  6032  6081 D GStreamer+bin: 0:00:55.234891906 0xe9014c30 gstbin.c:3991:gst_bin_handle_message_func:<pipeline0> posting message upward
06-09 08:18:16.740  6032  6088 D GStreamer+GST_BUFFER: 0:00:55.234895968 0xe93583b0 gstbuffer.c:2108:gst_buffer_add_meta alloc metadata 0xe949c4e4 (GstGLSyncMeta) of size 52
06-09 08:18:16.740  6032  6088 D GStreamer+GST_BUFFER: 0:00:55.234921229 0xe93583b0 gstbuffer.c:2108:gst_buffer_add_meta alloc metadata 0xe9350224 (GstVideoAffineTransformationMeta) of size 72
06-09 08:18:16.740  6032  6081 D GStreamer+GST_BUS: 0:00:55.234911489 0xe9014c30 gstbus.c:309:gst_bus_post:<bus3> [msg 0xe9019d60] posting on bus tag message: 0xe9019d60, time 99:99:99.999999999, seq-num 162, element 'sink', GstMessageTag, taglist=(taglist)"taglist\,\ video-codec\=\(string\)\"H.264\\\ /\\\ AVC\"\,\ language-code\=\(string\)en\,\ bitrate\=\(uint\)4413700\;";
06-09 08:18:16.740  6032  6081 D GStreamer+GST_BUS: 0:00:55.234967375 0xe9014c30 gstbus.c:348:gst_bus_post:<bus3> [msg 0xe9019d60] pushing on async queue
06-09 08:18:16.740  6032  6088 D GStreamer+amcvideodec: 0:00:55.234952895 0xe93583b0 gstamcvideodec.c:1418:gst_amc_video_dec_loop:<amcvideodec-omxnvidiah264decode0> push GL frame 3
06-09 08:18:16.740  6032  6081 D GStreamer+GST_BUS: 0:00:55.234997270 0xe9014c30 gstbus.c:351:gst_bus_post:<bus3> [msg 0xe9019d60] pushed on async queue
06-09 08:18:16.740  6032  6081 D GStreamer+GST_BUS: 0:00:55.235018520 0xe9014c30 gstbus.c:344:gst_bus_post:<bus2> [msg 0xe9019d60] dropped
06-09 08:18:16.740  6032  6071 D GStreamer+GST_BUS: 0:00:55.235023104 0xe91c2800 gstbus.c:521:gst_bus_timed_pop_filtered:<bus3> got message 0xe9019d60, tag from sink, type mask is 4294967295
06-09 08:18:16.740  6032  6081 D GStreamer+GST_BUS: 0:00:55.235038937 0xe9014c30 gstbus.c:344:gst_bus_post:<bus1> [msg 0xe9019d60] dropped
06-09 08:18:16.740  6032  6081 D GStreamer+GST_PADS: 0:00:55.235057583 0xe9014c30 gstpad.c:5609:gst_pad_send_event_unchecked:<sink:sink> sent event, ret ok
06-09 08:18:16.740  6032  6081 D GStreamer+GST_PADS: 0:00:55.235083416 0xe9014c30 gstpad.c:3805:push_sticky:<glcolorbalance0:src> event tag marked received
06-09 08:18:16.740  6032  6071 D GStreamer+GST_BUS: 0:00:55.235052375 0xe91c2800 gstbus.c:789:gst_bus_source_dispatch:<bus3> source 0xe9347a18 calling dispatch with tag message: 0xe9019d60, time 99:99:99.999999999, seq-num 162, element 'sink', GstMessageTag, taglist=(taglist)"taglist\,\ video-codec\=\(string\)\"H.264\\\ /\\\ AVC\"\,\ language-code\=\(string\)en\,\ bitrate\=\(uint\)4413700\;";
06-09 08:18:16.740  6032  6081 D GStreamer+GST_PADS: 0:00:55.235108625 0xe9014c30 gstpad.c:5609:gst_pad_send_event_unchecked:<glcolorbalance0:sink> sent event, ret ok
06-09 08:18:16.740  6032  6071 D GStreamer+GST_BUS: 0:00:55.235127010 0xe91c2800 gstbus.c:794:gst_bus_source_dispatch:<bus3> source 0xe9347a18 handler returns 1
06-09 08:18:16.740  6032  6081 D GStreamer+GST_PADS: 0:00:55.235128989 0xe9014c30 gstpad.c:3805:push_sticky:<glcolorconvertelement0:src> event tag marked received
06-09 08:18:16.740  6032  6081 D GStreamer+GST_PADS: 0:00:55.235158104 0xe9014c30 gstpad.c:5609:gst_pad_send_event_unchecked:<glcolorconvertelement0:sink> sent event, ret ok
06-09 08:18:16.740  6032  6081 D GStreamer+GST_PADS: 0:00:55.235178729 0xe9014c30 gstpad.c:3805:push_sticky:<gluploadelement0:src> event tag marked received
06-09 08:18:16.740  6032  6088 D GStreamer+videodecoder: 0:00:55.234991906 0xe93583b0 gstvideodecoder.c:2714:gst_video_decoder_prepare_finish_frame:<amcvideodec-omxnvidiah264decode0> sync timestamp 0:00:00.152276103 diff -0:00:00.076138052
06-09 08:18:16.740  6032  6081 D GStreamer+GST_PADS: 0:00:55.235198989 0xe9014c30 gstpad.c:5609:gst_pad_send_event_unchecked:<gluploadelement0:sink> sent event, ret ok
06-09 08:18:16.740  6032  6088 D GStreamer+default: 0:00:55.235221333 0xe93583b0 gstvideoutils.c:40:_gst_video_codec_frame_free free frame 0xe9446800
06-09 08:18:16.740  6032  6081 D GStreamer+GST_PADS: 0:00:55.235221750 0xe9014c30 gstpad.c:3805:push_sticky:<sink:proxypad1> event tag marked received
06-09 08:18:16.740  6032  6088 D GStreamer+GST_MEMORY: 0:00:55.235243885 0xe93583b0 gstmemory.c:87:_gst_memory_free free memory 0xe9384b50
06-09 08:18:16.740  6032  6081 D GStreamer+GST_PADS: 0:00:55.235248781 0xe9014c30 gstpad.c:5609:gst_pad_send_event_unchecked:<glimagesinkbin0:sink> sent event, ret ok
06-09 08:18:16.740  6032  6081 D GStreamer+GST_PADS: 0:00:55.235270135 0xe9014c30 gstpad.c:3805:push_sticky:<forhalffps:src> event tag marked received
06-09 08:18:16.740  6032  6081 D GStreamer+GST_PADS: 0:00:55.235298156 0xe9014c30 gstpad.c:5609:gst_pad_send_event_unchecked:<forhalffps:sink> sent event, ret ok
06-09 08:18:16.740  6032  6088 D GStreamer+videodecoder: 0:00:55.235264718 0xe93583b0 gstvideodecoder.c:3214:gst_video_decoder_clip_and_push_buf:<amcvideodec-omxnvidiah264decode0> pushing buffer 0xe93d8150 of size 7372800, PTS 0:00:00.152276103, dur 0:00:00.038095238
06-09 08:18:16.740  6032  6081 D GStreamer+GST_PADS: 0:00:55.235321125 0xe9014c30 gstpad.c:3805:push_sticky:<queue1:src> event tag marked received
06-09 08:18:16.740  6032  6081 D GStreamer+GST_PADS: 0:00:55.235347218 0xe9014c30 gstpad.c:3853:check_sticky:<queue1:src> pushing all sticky events
06-09 08:18:16.740  6032  6088 D GStreamer+GST_SCHEDULING: 0:00:55.235324927 0xe93583b0 gstpad.c:4193:gst_pad_chain_data_unchecked:<src_0:proxypad2> calling chainfunction &gst_proxy_pad_chain_default with buffer buffer: 0xe93d8150, pts 0:00:00.152276103, dts 99:99:99.999999999, dur 0:00:00.038095238, size 7372800, offset none, offset_end none, flags 0x4000
06-09 08:18:16.740  6032  6081 D GStreamer+GST_PADS: 0:00:55.235366020 0xe9014c30 gstpad.c:3785:push_sticky:<queue1:src> event stream-start was already received
06-09 08:18:16.740  6032  6088 D GStreamer+GST_PADS: 0:00:55.235376177 0xe93583b0 gstpad.c:3690:do_probe_callbacks:<forhwgl:src_0> data is passed
06-09 08:18:16.740  6032  6081 D GStreamer+GST_PADS: 0:00:55.235384458 0xe9014c30 gstpad.c:3785:push_sticky:<queue1:src> event caps was already received
06-09 08:18:16.740  6032  6081 D GStreamer+GST_PADS: 0:00:55.235423260 0xe9014c30 gstpad.c:3785:push_sticky:<queue1:src> event segment was already received
06-09 08:18:16.740  6032  6081 D GStreamer+GST_PADS: 0:00:55.235454562 0xe9014c30 gstpad.c:3785:push_sticky:<queue1:src> event tag was already received
06-09 08:18:16.740  6032  6088 D GStreamer+GST_SCHEDULING: 0:00:55.235411385 0xe93583b0 gstpad.c:4193:gst_pad_chain_data_unchecked:<queue1:sink> calling chainfunction &gst_queue_chain with buffer buffer: 0xe93d8150, pts 0:00:00.152276103, dts 99:99:99.999999999, dur 0:00:00.038095238, size 7372800, offset none, offset_end none, flags 0x4000
06-09 08:18:16.740  6032  6088 D GStreamer+queue_dataflow: 0:00:55.235485760 0xe93583b0 gstqueue.c:1220:gst_queue_chain_buffer_or_list:<queue1> queue is full, waiting for free space
06-09 08:18:16.740  6032  6081 D GStreamer+GST_EVENT: 0:00:55.235483468 0xe9014c30 gstpad.c:5536:gst_pad_send_event_unchecked:<forhalffps:sink> have event type tag event: 0xe9241e08, time 99:99:99.999999999, seq-num 71, GstTagList-global, taglist=(taglist)"taglist\,\ datetime\=\(datetime\)2015-09-10T18:06:29Z\,\ encoder\=\(string\)Lavf54.20.4\,\ container-format\=\(string\)\"ISO\\\ MP4/M4A\"\;";
06-09 08:18:16.740  6032  6081 D GStreamer+GST_PADS: 0:00:55.235548729 0xe9014c30 gstpad.c:3690:do_probe_callbacks:<forhalffps:sink> data is passed
06-09 08:18:16.740  6032  6081 D GStreamer+GST_PADS: 0:00:55.235569927 0xe9014c30 gstpad.c:3853:check_sticky:<forhalffps:src> pushing all sticky events
06-09 08:18:16.740  6032  6081 D GStreamer+GST_PADS: 0:00:55.235588677 0xe9014c30 gstpad.c:3785:push_sticky:<forhalffps:src> event stream-start was already received
06-09 08:18:16.740  6032  6081 D GStreamer+GST_PADS: 0:00:55.235608520 0xe9014c30 gstpad.c:3785:push_sticky:<forhalffps:src> event caps was already received
06-09 08:18:16.740  6032  6081 D GStreamer+GST_PADS: 0:00:55.235628000 0xe9014c30 gstpad.c:3785:push_sticky:<forhalffps:src> event segment was already received
06-09 08:18:16.740  6032  6081 D GStreamer+GST_PADS: 0:00:55.235647375 0xe9014c30 gstpad.c:3785:push_sticky:<forhalffps:src> event tag was already received
06-09 08:18:16.740  6032  6081 D GStreamer+GST_EVENT: 0:00:55.235667218 0xe9014c30 gstpad.c:5536:gst_pad_send_event_unchecked:<glimagesinkbin0:sink> have event type tag event: 0xe9241e08, time 99:99:99.999999999, seq-num 71, GstTagList-global, taglist=(taglist)"taglist\,\ datetime\=\(datetime\)2015-09-10T18:06:29Z\,\ encoder\=\(string\)Lavf54.20.4\,\ container-format\=\(string\)\"ISO\\\ MP4/M4A\"\;";
06-09 08:18:16.740  6032  6081 D GStreamer+GST_PADS: 0:00:55.235727479 0xe9014c30 gstpad.c:3853:check_sticky:<sink:proxypad1> pushing all sticky events
06-09 08:18:16.740  6032  6081 D GStreamer+GST_PADS: 0:00:55.235746802 0xe9014c30 gstpad.c:3785:push_sticky:<sink:proxypad1> event stream-start was already received
06-09 08:18:16.740  6032  6081 D GStreamer+GST_PADS: 0:00:55.235766802 0xe9014c30 gstpad.c:3785:push_sticky:<sink:proxypad1> event caps was already received
06-09 08:18:16.741  6032  6081 D GStreamer+GST_PADS: 0:00:55.235786698 0xe9014c30 gstpad.c:3785:push_sticky:<sink:proxypad1> event segment was already received
06-09 08:18:16.741  6032  6081 D GStreamer+GST_PADS: 0:00:55.235806125 0xe9014c30 gstpad.c:3785:push_sticky:<sink:proxypad1> event tag was already received
06-09 08:18:16.741  6032  6081 D GStreamer+GST_EVENT: 0:00:55.235826333 0xe9014c30 gstpad.c:5536:gst_pad_send_event_unchecked:<gluploadelement0:sink> have event type tag event: 0xe9241e08, time 99:99:99.999999999, seq-num 71, GstTagList-global, taglist=(taglist)"taglist\,\ datetime\=\(datetime\)2015-09-10T18:06:29Z\,\ encoder\=\(string\)Lavf54.20.4\,\ container-format\=\(string\)\"ISO\\\ MP4/M4A\"\;";
06-09 08:18:16.741  6032  6081 D GStreamer+GST_PADS: 0:00:55.235882739 0xe9014c30 gstpad.c:3853:check_sticky:<gluploadelement0:src> pushing all sticky events
06-09 08:18:16.741  6032  6081 D GStreamer+GST_PADS: 0:00:55.235901906 0xe9014c30 gstpad.c:3785:push_sticky:<gluploadelement0:src> event stream-start was already received
06-09 08:18:16.741  6032  6081 D GStreamer+GST_PADS: 0:00:55.235921645 0xe9014c30 gstpad.c:3785:push_sticky:<gluploadelement0:src> event caps was already received
06-09 08:18:16.741  6032  6081 D GStreamer+GST_PADS: 0:00:55.235941489 0xe9014c30 gstpad.c:3785:push_sticky:<gluploadelement0:src> event segment was already received
06-09 08:18:16.741  6032  6081 D GStreamer+GST_PADS: 0:00:55.235961020 0xe9014c30 gstpad.c:3785:push_sticky:<gluploadelement0:src> event tag was already received
06-09 08:18:16.741  6032  6081 D GStreamer+GST_EVENT: 0:00:55.235981229 0xe9014c30 gstpad.c:5536:gst_pad_send_event_unchecked:<glcolorconvertelement0:sink> have event type tag event: 0xe9241e08, time 99:99:99.999999999, seq-num 71, GstTagList-global, taglist=(taglist)"taglist\,\ datetime\=\(datetime\)2015-09-10T18:06:29Z\,\ encoder\=\(string\)Lavf54.20.4\,\ container-format\=\(string\)\"ISO\\\ MP4/M4A\"\;";
06-09 08:18:16.741  6032  6081 D GStreamer+GST_PADS: 0:00:55.236036698 0xe9014c30 gstpad.c:3853:check_sticky:<glcolorconvertelement0:src> pushing all sticky events
06-09 08:18:16.741  6032  6081 D GStreamer+GST_PADS: 0:00:55.236056125 0xe9014c30 gstpad.c:3785:push_sticky:<glcolorconvertelement0:src> event stream-start was already received
06-09 08:18:16.741  6032  6081 D GStreamer+GST_PADS: 0:00:55.236076073 0xe9014c30 gstpad.c:3785:push_sticky:<glcolorconvertelement0:src> event caps was already received
06-09 08:18:16.741  6032  6081 D GStreamer+GST_PADS: 0:00:55.236095916 0xe9014c30 gstpad.c:3785:push_sticky:<glcolorconvertelement0:src> event segment was already received
06-09 08:18:16.741  6032  6081 D GStreamer+GST_PADS: 0:00:55.236115968 0xe9014c30 gstpad.c:3785:push_sticky:<glcolorconvertelement0:src> event tag was already received
06-09 08:18:16.741  6032  6081 D GStreamer+GST_EVENT: 0:00:55.236136177 0xe9014c30 gstpad.c:5536:gst_pad_send_event_unchecked:<glcolorbalance0:sink> have event type tag event: 0xe9241e08, time 99:99:99.999999999, seq-num 71, GstTagList-global, taglist=(taglist)"taglist\,\ datetime\=\(datetime\)2015-09-10T18:06:29Z\,\ encoder\=\(string\)Lavf54.20.4\,\ container-format\=\(string\)\"ISO\\\ MP4/M4A\"\;";
06-09 08:18:16.741  6032  6081 D GStreamer+GST_PADS: 0:00:55.236190916 0xe9014c30 gstpad.c:3853:check_sticky:<glcolorbalance0:src> pushing all sticky events
06-09 08:18:16.741  6032  6081 D GStreamer+GST_PADS: 0:00:55.236209458 0xe9014c30 gstpad.c:3785:push_sticky:<glcolorbalance0:src> event stream-start was already received
06-09 08:18:16.741  6032  6081 D GStreamer+GST_PADS: 0:00:55.236229666 0xe9014c30 gstpad.c:3785:push_sticky:<glcolorbalance0:src> event caps was already received
06-09 08:18:16.741  6032  6081 D GStreamer+GST_PADS: 0:00:55.236249302 0xe9014c30 gstpad.c:3785:push_sticky:<glcolorbalance0:src> event segment was already received
06-09 08:18:16.741  6032  6081 D GStreamer+GST_PADS: 0:00:55.236268937 0xe9014c30 gstpad.c:3785:push_sticky:<glcolorbalance0:src> event tag was already received
06-09 08:18:16.741  6032  6081 D GStreamer+GST_EVENT: 0:00:55.236288885 0xe9014c30 gstpad.c:5536:gst_pad_send_event_unchecked:<sink:sink> have event type tag event: 0xe9241e08, time 99:99:99.999999999, seq-num 71, GstTagList-global, taglist=(taglist)"taglist\,\ datetime\=\(datetime\)2015-09-10T18:06:29Z\,\ encoder\=\(string\)Lavf54.20.4\,\ container-format\=\(string\)\"ISO\\\ MP4/M4A\"\;";
06-09 08:18:16.741  6032  6081 D GStreamer+basesink: 0:00:55.236341906 0xe9014c30 gstbasesink.c:3231:gst_base_sink_event:<sink> received event 0xe9241e08 tag event: 0xe9241e08, time 99:99:99.999999999, seq-num 71, GstTagList-global, taglist=(taglist)"taglist\,\ datetime\=\(datetime\)2015-09-10T18:06:29Z\,\ encoder\=\(string\)Lavf54.20.4\,\ container-format\=\(string\)\"ISO\\\ MP4/M4A\"\;";
06-09 08:18:16.741  6032  6081 D GStreamer+glimagesink: 0:00:55.236396177 0xe9014c30 gstglimagesink.c:1076:gst_glimage_sink_event:<sink> handling tag event
06-09 08:18:16.741  6032  6081 D GStreamer+GST_BUS: 0:00:55.236430812 0xe9014c30 gstbus.c:309:gst_bus_post:<bus1> [msg 0xe9019db8] posting on bus tag message: 0xe9019db8, time 99:99:99.999999999, seq-num 163, element 'sink', GstMessageTag, taglist=(taglist)"taglist\,\ datetime\=\(datetime\)2015-09-10T18:06:29Z\,\ encoder\=\(string\)Lavf54.20.4\,\ container-format\=\(string\)\"ISO\\\ MP4/M4A\"\;";
06-09 08:18:16.741  6032  6081 D GStreamer+bin: 0:00:55.236489875 0xe9014c30 gstbin.c:3654:gst_bin_handle_message_func:<glimagesinkbin0> [msg 0xe9019db8] handling child sink message of type tag
06-09 08:18:16.741  6032  6081 D GStreamer+bin: 0:00:55.236512843 0xe9014c30 gstbin.c:3991:gst_bin_handle_message_func:<glimagesinkbin0> posting message upward
06-09 08:18:16.741  6032  6081 D GStreamer+GST_BUS: 0:00:55.236531281 0xe9014c30 gstbus.c:309:gst_bus_post:<bus2> [msg 0xe9019db8] posting on bus tag message: 0xe9019db8, time 99:99:99.999999999, seq-num 163, element 'sink', GstMessageTag, taglist=(taglist)"taglist\,\ datetime\=\(datetime\)2015-09-10T18:06:29Z\,\ encoder\=\(string\)Lavf54.20.4\,\ container-format\=\(string\)\"ISO\\\ MP4/M4A\"\;";
06-09 08:18:16.741  6032  6081 D GStreamer+bin: 0:00:55.236586020 0xe9014c30 gstbin.c:3654:gst_bin_handle_message_func:<pipeline0> [msg 0xe9019db8] handling child sink message of type tag
06-09 08:18:16.741  6032  6081 D GStreamer+bin: 0:00:55.236607791 0xe9014c30 gstbin.c:3991:gst_bin_handle_message_func:<pipeline0> posting message upward
06-09 08:18:16.741  6032  6081 D GStreamer+GST_BUS: 0:00:55.236625656 0xe9014c30 gstbus.c:309:gst_bus_post:<bus3> [msg 0xe9019db8] posting on bus tag message: 0xe9019db8, time 99:99:99.999999999, seq-num 163, element 'sink', GstMessageTag, taglist=(taglist)"taglist\,\ datetime\=\(datetime\)2015-09-10T18:06:29Z\,\ encoder\=\(string\)Lavf54.20.4\,\ container-format\=\(string\)\"ISO\\\ MP4/M4A\"\;";
06-09 08:18:16.741  6032  6081 D GStreamer+GST_BUS: 0:00:55.236679823 0xe9014c30 gstbus.c:348:gst_bus_post:<bus3> [msg 0xe9019db8] pushing on async queue
06-09 08:18:16.741  6032  6081 D GStreamer+GST_BUS: 0:00:55.236703937 0xe9014c30 gstbus.c:351:gst_bus_post:<bus3> [msg 0xe9019db8] pushed on async queue
06-09 08:18:16.741  6032  6081 D GStreamer+GST_BUS: 0:00:55.236725239 0xe9014c30 gstbus.c:344:gst_bus_post:<bus2> [msg 0xe9019db8] dropped
06-09 08:18:16.741  6032  6071 D GStreamer+GST_BUS: 0:00:55.236719302 0xe91c2800 gstbus.c:521:gst_bus_timed_pop_filtered:<bus3> got message 0xe9019db8, tag from sink, type mask is 4294967295
06-09 08:18:16.741  6032  6081 D GStreamer+GST_BUS: 0:00:55.236751958 0xe9014c30 gstbus.c:344:gst_bus_post:<bus1> [msg 0xe9019db8] dropped
06-09 08:18:16.741  6032  6081 D GStreamer+GST_PADS: 0:00:55.236771906 0xe9014c30 gstpad.c:5609:gst_pad_send_event_unchecked:<sink:sink> sent event, ret ok
06-09 08:18:16.742  6032  6081 D GStreamer+GST_PADS: 0:00:55.236797114 0xe9014c30 gstpad.c:3805:push_sticky:<glcolorbalance0:src> event tag marked received
06-09 08:18:16.742  6032  6071 D GStreamer+GST_BUS: 0:00:55.236757479 0xe91c2800 gstbus.c:789:gst_bus_source_dispatch:<bus3> source 0xe9347a18 calling dispatch with tag message: 0xe9019db8, time 99:99:99.999999999, seq-num 163, element 'sink', GstMessageTag, taglist=(taglist)"taglist\,\ datetime\=\(datetime\)2015-09-10T18:06:29Z\,\ encoder\=\(string\)Lavf54.20.4\,\ container-format\=\(string\)\"ISO\\\ MP4/M4A\"\;";
06-09 08:18:16.742  6032  6081 D GStreamer+GST_PADS: 0:00:55.236821437 0xe9014c30 gstpad.c:5609:gst_pad_send_event_unchecked:<glcolorbalance0:sink> sent event, ret ok
06-09 08:18:16.742  6032  6071 D GStreamer+GST_BUS: 0:00:55.236836593 0xe91c2800 gstbus.c:794:gst_bus_source_dispatch:<bus3> source 0xe9347a18 handler returns 1
06-09 08:18:16.742  6032  6081 D GStreamer+GST_PADS: 0:00:55.236841906 0xe9014c30 gstpad.c:3805:push_sticky:<glcolorconvertelement0:src> event tag marked received
06-09 08:18:16.742  6032  6081 D GStreamer+GST_PADS: 0:00:55.236866750 0xe9014c30 gstpad.c:5609:gst_pad_send_event_unchecked:<glcolorconvertelement0:sink> sent event, ret ok
06-09 08:18:16.742  6032  6081 D GStreamer+GST_PADS: 0:00:55.236888052 0xe9014c30 gstpad.c:3805:push_sticky:<gluploadelement0:src> event tag marked received
06-09 08:18:16.742  6032  6081 D GStreamer+GST_PADS: 0:00:55.236908625 0xe9014c30 gstpad.c:5609:gst_pad_send_event_unchecked:<gluploadelement0:sink> sent event, ret ok
06-09 08:18:16.742  6032  6081 D GStreamer+GST_PADS: 0:00:55.236929093 0xe9014c30 gstpad.c:3805:push_sticky:<sink:proxypad1> event tag marked received
06-09 08:18:16.742  6032  6081 D GStreamer+GST_PADS: 0:00:55.236951229 0xe9014c30 gstpad.c:5609:gst_pad_send_event_unchecked:<glimagesinkbin0:sink> sent event, ret ok
06-09 08:18:16.742  6032  6081 D GStreamer+GST_PADS: 0:00:55.236972375 0xe9014c30 gstpad.c:3805:push_sticky:<forhalffps:src> event tag marked received
06-09 08:18:16.742  6032  6081 D GStreamer+GST_PADS: 0:00:55.236992531 0xe9014c30 gstpad.c:5609:gst_pad_send_event_unchecked:<forhalffps:sink> sent event, ret ok
06-09 08:18:16.742  6032  6081 D GStreamer+GST_PADS: 0:00:55.237012843 0xe9014c30 gstpad.c:3805:push_sticky:<queue1:src> event tag marked received
06-09 08:18:16.742  6032  6081 D GStreamer+GST_PADS: 0:00:55.237036333 0xe9014c30 gstpad.c:3853:check_sticky:<queue1:src> pushing all sticky events
06-09 08:18:16.742  6032  6081 D GStreamer+GST_PADS: 0:00:55.237054875 0xe9014c30 gstpad.c:3785:push_sticky:<queue1:src> event stream-start was already received
06-09 08:18:16.742  6032  6081 D GStreamer+GST_PADS: 0:00:55.237075291 0xe9014c30 gstpad.c:3785:push_sticky:<queue1:src> event caps was already received
06-09 08:18:16.742  6032  6081 D GStreamer+GST_PADS: 0:00:55.237095864 0xe9014c30 gstpad.c:3785:push_sticky:<queue1:src> event segment was already received
06-09 08:18:16.742  6032  6081 D GStreamer+GST_EVENT: 0:00:55.237116020 0xe9014c30 gstpad.c:5536:gst_pad_send_event_unchecked:<forhalffps:sink> have event type tag event: 0xe927d980, time 99:99:99.999999999, seq-num 143, GstTagList-stream, taglist=(taglist)"taglist\,\ video-codec\=\(string\)\"H.264\\\ \\\(High\\\ Profile\\\)\"\,\ language-code\=\(string\)en\,\ bitrate\=\(uint\)4413700\;";
06-09 08:18:16.742  6032  6081 D GStreamer+GST_PADS: 0:00:55.237165448 0xe9014c30 gstpad.c:3690:do_probe_callbacks:<forhalffps:sink> data is passed
06-09 08:18:16.742  6032  6081 D GStreamer+GST_PADS: 0:00:55.237186177 0xe9014c30 gstpad.c:3853:check_sticky:<forhalffps:src> pushing all sticky events
06-09 08:18:16.742  6032  6081 D GStreamer+GST_PADS: 0:00:55.237204614 0xe9014c30 gstpad.c:3785:push_sticky:<forhalffps:src> event stream-start was already received
06-09 08:18:16.742  6032  6081 D GStreamer+GST_PADS: 0:00:55.237224198 0xe9014c30 gstpad.c:3785:push_sticky:<forhalffps:src> event caps was already received
06-09 08:18:16.742  6032  6081 D GStreamer+GST_PADS: 0:00:55.237244041 0xe9014c30 gstpad.c:3785:push_sticky:<forhalffps:src> event segment was already received
06-09 08:18:16.742  6032  6081 D GStreamer+GST_EVENT: 0:00:55.237264041 0xe9014c30 gstpad.c:5536:gst_pad_send_event_unchecked:<glimagesinkbin0:sink> have event type tag event: 0xe927d980, time 99:99:99.999999999, seq-num 143, GstTagList-stream, taglist=(taglist)"taglist\,\ video-codec\=\(string\)\"H.264\\\ \\\(High\\\ Profile\\\)\"\,\ language-code\=\(string\)en\,\ bitrate\=\(uint\)4413700\;";
06-09 08:18:16.742  6032  6081 D GStreamer+GST_PADS: 0:00:55.237316177 0xe9014c30 gstpad.c:3853:check_sticky:<sink:proxypad1> pushing all sticky events
06-09 08:18:16.742  6032  6081 D GStreamer+GST_PADS: 0:00:55.237335552 0xe9014c30 gstpad.c:3785:push_sticky:<sink:proxypad1> event stream-start was already received
06-09 08:18:16.742  6032  6081 D GStreamer+GST_PADS: 0:00:55.237355187 0xe9014c30 gstpad.c:3785:push_sticky:<sink:proxypad1> event caps was already received
06-09 08:18:16.742  6032  6081 D GStreamer+GST_PADS: 0:00:55.237374510 0xe9014c30 gstpad.c:3785:push_sticky:<sink:proxypad1> event segment was already received
06-09 08:18:16.742  6032  6081 D GStreamer+GST_EVENT: 0:00:55.237394354 0xe9014c30 gstpad.c:5536:gst_pad_send_event_unchecked:<gluploadelement0:sink> have event type tag event: 0xe927d980, time 99:99:99.999999999, seq-num 143, GstTagList-stream, taglist=(taglist)"taglist\,\ video-codec\=\(string\)\"H.264\\\ \\\(High\\\ Profile\\\)\"\,\ language-code\=\(string\)en\,\ bitrate\=\(uint\)4413700\;";
06-09 08:18:16.742  6032  6081 D GStreamer+GST_PADS: 0:00:55.237452739 0xe9014c30 gstpad.c:3853:check_sticky:<gluploadelement0:src> pushing all sticky events
06-09 08:18:16.742  6032  6081 D GStreamer+GST_PADS: 0:00:55.237471645 0xe9014c30 gstpad.c:3785:push_sticky:<gluploadelement0:src> event stream-start was already received
06-09 08:18:16.742  6032  6081 D GStreamer+GST_PADS: 0:00:55.237491437 0xe9014c30 gstpad.c:3785:push_sticky:<gluploadelement0:src> event caps was already received
06-09 08:18:16.742  6032  6081 D GStreamer+GST_PADS: 0:00:55.237511020 0xe9014c30 gstpad.c:3785:push_sticky:<gluploadelement0:src> event segment was already received
06-09 08:18:16.742  6032  6081 D GStreamer+GST_EVENT: 0:00:55.237531073 0xe9014c30 gstpad.c:5536:gst_pad_send_event_unchecked:<glcolorconvertelement0:sink> have event type tag event: 0xe927d980, time 99:99:99.999999999, seq-num 143, GstTagList-stream, taglist=(taglist)"taglist\,\ video-codec\=\(string\)\"H.264\\\ \\\(High\\\ Profile\\\)\"\,\ language-code\=\(string\)en\,\ bitrate\=\(uint\)4413700\;";
06-09 08:18:16.742  6032  6081 D GStreamer+GST_PADS: 0:00:55.237578520 0xe9014c30 gstpad.c:3853:check_sticky:<glcolorconvertelement0:src> pushing all sticky events
06-09 08:18:16.742  6032  6081 D GStreamer+GST_PADS: 0:00:55.237597948 0xe9014c30 gstpad.c:3785:push_sticky:<glcolorconvertelement0:src> event stream-start was already received
06-09 08:18:16.742  6032  6081 D GStreamer+GST_PADS: 0:00:55.237618416 0xe9014c30 gstpad.c:3785:push_sticky:<glcolorconvertelement0:src> event caps was already received
06-09 08:18:16.742  6032  6081 D GStreamer+GST_PADS: 0:00:55.237638729 0xe9014c30 gstpad.c:3785:push_sticky:<glcolorconvertelement0:src> event segment was already received
06-09 08:18:16.742  6032  6081 D GStreamer+GST_EVENT: 0:00:55.237658833 0xe9014c30 gstpad.c:5536:gst_pad_send_event_unchecked:<glcolorbalance0:sink> have event type tag event: 0xe927d980, time 99:99:99.999999999, seq-num 143, GstTagList-stream, taglist=(taglist)"taglist\,\ video-codec\=\(string\)\"H.264\\\ \\\(High\\\ Profile\\\)\"\,\ language-code\=\(string\)en\,\ bitrate\=\(uint\)4413700\;";
06-09 08:18:16.742  6032  6081 D GStreamer+GST_PADS: 0:00:55.237742218 0xe9014c30 gstpad.c:3853:check_sticky:<glcolorbalance0:src> pushing all sticky events
06-09 08:18:16.742  6032  6081 D GStreamer+GST_PADS: 0:00:55.237761593 0xe9014c30 gstpad.c:3785:push_sticky:<glcolorbalance0:src> event stream-start was already received
06-09 08:18:16.742  6032  6081 D GStreamer+GST_PADS: 0:00:55.237781489 0xe9014c30 gstpad.c:3785:push_sticky:<glcolorbalance0:src> event caps was already received
06-09 08:18:16.743  6032  6081 D GStreamer+GST_PADS: 0:00:55.237801489 0xe9014c30 gstpad.c:3785:push_sticky:<glcolorbalance0:src> event segment was already received
06-09 08:18:16.743  6032  6081 D GStreamer+GST_EVENT: 0:00:55.237822062 0xe9014c30 gstpad.c:5536:gst_pad_send_event_unchecked:<sink:sink> have event type tag event: 0xe927d980, time 99:99:99.999999999, seq-num 143, GstTagList-stream, taglist=(taglist)"taglist\,\ video-codec\=\(string\)\"H.264\\\ \\\(High\\\ Profile\\\)\"\,\ language-code\=\(string\)en\,\ bitrate\=\(uint\)4413700\;";
06-09 08:18:16.743  6032  6081 D GStreamer+basesink: 0:00:55.237866958 0xe9014c30 gstbasesink.c:3231:gst_base_sink_event:<sink> received event 0xe927d980 tag event: 0xe927d980, time 99:99:99.999999999, seq-num 143, GstTagList-stream, taglist=(taglist)"taglist\,\ video-codec\=\(string\)\"H.264\\\ \\\(High\\\ Profile\\\)\"\,\ language-code\=\(string\)en\,\ bitrate\=\(uint\)4413700\;";
06-09 08:18:16.743  6032  6081 D GStreamer+glimagesink: 0:00:55.237915083 0xe9014c30 gstglimagesink.c:1076:gst_glimage_sink_event:<sink> handling tag event
06-09 08:18:16.743  6032  6081 D GStreamer+GST_BUS: 0:00:55.237941906 0xe9014c30 gstbus.c:309:gst_bus_post:<bus1> [msg 0xe9019e10] posting on bus tag message: 0xe9019e10, time 99:99:99.999999999, seq-num 164, element 'sink', GstMessageTag, taglist=(taglist)"taglist\,\ video-codec\=\(string\)\"H.264\\\ \\\(High\\\ Profile\\\)\"\,\ language-code\=\(string\)en\,\ bitrate\=\(uint\)4413700\;";
06-09 08:18:16.743  6032  6081 D GStreamer+bin: 0:00:55.237990395 0xe9014c30 gstbin.c:3654:gst_bin_handle_message_func:<glimagesinkbin0> [msg 0xe9019e10] handling child sink message of type tag
06-09 08:18:16.743  6032  6081 D GStreamer+bin: 0:00:55.238012791 0xe9014c30 gstbin.c:3991:gst_bin_handle_message_func:<glimagesinkbin0> posting message upward
06-09 08:18:16.743  6032  6081 D GStreamer+GST_BUS: 0:00:55.238030864 0xe9014c30 gstbus.c:309:gst_bus_post:<bus2> [msg 0xe9019e10] posting on bus tag message: 0xe9019e10, time 99:99:99.999999999, seq-num 164, element 'sink', GstMessageTag, taglist=(taglist)"taglist\,\ video-codec\=\(string\)\"H.264\\\ \\\(High\\\ Profile\\\)\"\,\ language-code\=\(string\)en\,\ bitrate\=\(uint\)4413700\;";
06-09 08:18:16.743  6032  6081 D GStreamer+bin: 0:00:55.238077375 0xe9014c30 gstbin.c:3654:gst_bin_handle_message_func:<pipeline0> [msg 0xe9019e10] handling child sink message of type tag
