06-09 08:18:16.743  6032  6081 D GStreamer+bin: 0:00:55.238099250 0xe9014c30 gstbin.c:3991:gst_bin_handle_message_func:<pipeline0> posting message upward
06-09 08:18:16.743  6032  6081 D GStreamer+GST_BUS: 0:00:55.238117218 0xe9014c30 gstbus.c:309:gst_bus_post:<bus3> [msg 0xe9019e10] posting on bus tag message: 0xe9019e10, time 99:99:99.999999999, seq-num 164, element 'sink', GstMessageTag, taglist=(taglist)"taglist\,\ video-codec\=\(string\)\"H.264\\\ \\\(High\\\ Profile\\\)\"\,\ language-code\=\(string\)en\,\ bitrate\=\(uint\)4413700\;";
06-09 08:18:16.743  6032  6081 D GStreamer+GST_BUS: 0:00:55.238164614 0xe9014c30 gstbus.c:348:gst_bus_post:<bus3> [msg 0xe9019e10] pushing on async queue
06-09 08:18:16.743  6032  6081 D GStreamer+GST_BUS: 0:00:55.238188833 0xe9014c30 gstbus.c:351:gst_bus_post:<bus3> [msg 0xe9019e10] pushed on async queue
06-09 08:18:16.743  6032  6081 D GStreamer+GST_BUS: 0:00:55.238208677 0xe9014c30 gstbus.c:344:gst_bus_post:<bus2> [msg 0xe9019e10] dropped
06-09 08:18:16.743  6032  6071 D GStreamer+GST_BUS: 0:00:55.238202739 0xe91c2800 gstbus.c:521:gst_bus_timed_pop_filtered:<bus3> got message 0xe9019e10, tag from sink, type mask is 4294967295
06-09 08:18:16.743  6032  6081 D GStreamer+GST_BUS: 0:00:55.238234823 0xe9014c30 gstbus.c:344:gst_bus_post:<bus1> [msg 0xe9019e10] dropped
06-09 08:18:16.743  6032  6081 D GStreamer+GST_PADS: 0:00:55.238256489 0xe9014c30 gstpad.c:5609:gst_pad_send_event_unchecked:<sink:sink> sent event, ret ok
06-09 08:18:16.743  6032  6071 D GStreamer+GST_BUS: 0:00:55.238239458 0xe91c2800 gstbus.c:789:gst_bus_source_dispatch:<bus3> source 0xe9347a18 calling dispatch with tag message: 0xe9019e10, time 99:99:99.999999999, seq-num 164, element 'sink', GstMessageTag, taglist=(taglist)"taglist\,\ video-codec\=\(string\)\"H.264\\\ \\\(High\\\ Profile\\\)\"\,\ language-code\=\(string\)en\,\ bitrate\=\(uint\)4413700\;";
06-09 08:18:16.743  6032  6081 D GStreamer+GST_PADS: 0:00:55.238279979 0xe9014c30 gstpad.c:3805:push_sticky:<glcolorbalance0:src> event tag marked received
06-09 08:18:16.743  6032  6081 D GStreamer+GST_PADS: 0:00:55.238310135 0xe9014c30 gstpad.c:3785:push_sticky:<glcolorbalance0:src> event tag was already received
06-09 08:18:16.743  6032  6071 D GStreamer+GST_BUS: 0:00:55.238315656 0xe91c2800 gstbus.c:794:gst_bus_source_dispatch:<bus3> source 0xe9347a18 handler returns 1
06-09 08:18:16.743  6032  6081 D GStreamer+GST_PADS: 0:00:55.238335187 0xe9014c30 gstpad.c:5609:gst_pad_send_event_unchecked:<glcolorbalance0:sink> sent event, ret ok
06-09 08:18:16.743  6032  6081 D GStreamer+GST_PADS: 0:00:55.238359198 0xe9014c30 gstpad.c:3805:push_sticky:<glcolorconvertelement0:src> event tag marked received
06-09 08:18:16.743  6032  6081 D GStreamer+GST_PADS: 0:00:55.238380760 0xe9014c30 gstpad.c:3785:push_sticky:<glcolorconvertelement0:src> event tag was already received
06-09 08:18:16.743  6032  6081 D GStreamer+GST_PADS: 0:00:55.238402218 0xe9014c30 gstpad.c:5609:gst_pad_send_event_unchecked:<glcolorconvertelement0:sink> sent event, ret ok
06-09 08:18:16.743  6032  6081 D GStreamer+GST_PADS: 0:00:55.238432687 0xe9014c30 gstpad.c:3805:push_sticky:<gluploadelement0:src> event tag marked received
06-09 08:18:16.743  6032  6081 D GStreamer+GST_PADS: 0:00:55.238453260 0xe9014c30 gstpad.c:3785:push_sticky:<gluploadelement0:src> event tag was already received
06-09 08:18:16.743  6032  6081 D GStreamer+GST_PADS: 0:00:55.238473312 0xe9014c30 gstpad.c:5609:gst_pad_send_event_unchecked:<gluploadelement0:sink> sent event, ret ok
06-09 08:18:16.743  6032  6081 D GStreamer+GST_PADS: 0:00:55.238492791 0xe9014c30 gstpad.c:3805:push_sticky:<sink:proxypad1> event tag marked received
06-09 08:18:16.743  6032  6081 D GStreamer+GST_PADS: 0:00:55.238512375 0xe9014c30 gstpad.c:3785:push_sticky:<sink:proxypad1> event tag was already received
06-09 08:18:16.743  6032  6081 D GStreamer+GST_PADS: 0:00:55.238534198 0xe9014c30 gstpad.c:5609:gst_pad_send_event_unchecked:<glimagesinkbin0:sink> sent event, ret ok
06-09 08:18:16.743  6032  6081 D GStreamer+GST_PADS: 0:00:55.238555448 0xe9014c30 gstpad.c:3805:push_sticky:<forhalffps:src> event tag marked received
06-09 08:18:16.743  6032  6081 D GStreamer+GST_PADS: 0:00:55.238575760 0xe9014c30 gstpad.c:3785:push_sticky:<forhalffps:src> event tag was already received
06-09 08:18:16.743  6032  6081 D GStreamer+GST_PADS: 0:00:55.238596073 0xe9014c30 gstpad.c:5609:gst_pad_send_event_unchecked:<forhalffps:sink> sent event, ret ok
06-09 08:18:16.743  6032  6081 D GStreamer+GST_PADS: 0:00:55.238621437 0xe9014c30 gstpad.c:3805:push_sticky:<queue1:src> event tag marked received
06-09 08:18:16.743  6032  6081 D GStreamer+GST_PADS: 0:00:55.238642270 0xe9014c30 gstpad.c:3785:push_sticky:<queue1:src> event tag was already received
06-09 08:18:16.743  6032  6081 D GStreamer+GST_PADS: 0:00:55.238669354 0xe9014c30 gstpad.c:3690:do_probe_callbacks:<forhalffps:sink> data is passed
06-09 08:18:16.743  6032  6088 D GStreamer+queue_dataflow: 0:00:55.238671385 0xe93583b0 gstqueue.c:1228:gst_queue_chain_buffer_or_list:<queue1> queue is not full
06-09 08:18:16.743  6032  6088 D GStreamer+GST_SCHEDULING: 0:00:55.238701489 0xe93583b0 gstpad.c:4199:gst_pad_chain_data_unchecked:<queue1:sink> called chainfunction &gst_queue_chain with buffer 0xe93d8150, returned ok
06-09 08:18:16.743  6032  6081 D GStreamer+GST_CAPS: 0:00:55.238693468 0xe9014c30 gstpad.c:2672:gst_pad_get_current_caps:<forhalffps:sink> get current pad caps video/x-raw(memory:GLMemory), format=(string)RGBA, width=(int)1280, height=(int)1440, interlace-mode=(string)progressive, pixel-aspect-ratio=(fraction)1/1, colorimetry=(string)sRGB, framerate=(fraction)105/4, texture-target=(string)external-oes
06-09 08:18:16.743  6032  6081 D GStreamer+query: 0:00:55.238753104 0xe9014c30 gstquery.c:674:gst_query_new_custom creating new query 0xe94966c0 position
06-09 08:18:16.743  6032  6088 D GStreamer+GST_SCHEDULING: 0:00:55.238737270 0xe93583b0 gstpad.c:4199:gst_pad_chain_data_unchecked:<src_0:proxypad2> called chainfunction &gst_proxy_pad_chain_default with buffer 0xe93d8150, returned ok
06-09 08:18:16.744  6032  6081 D GStreamer+GST_ELEMENT_PADS: 0:00:55.238783937 0xe9014c30 gstelement.c:1700:gst_element_query send query on element pipeline0
06-09 08:18:16.744  6032  6088 D GStreamer+amcvideodec: 0:00:55.238788781 0xe93583b0 gstamcvideodec.c:1519:gst_amc_video_dec_loop:<amcvideodec-omxnvidiah264decode0> Finished frame: ok
06-09 08:18:16.744  6032  6088 D GStreamer+amcvideodec: 0:00:55.238812739 0xe93583b0 gstamcvideodec.c:1240:gst_amc_video_dec_loop:<amcvideodec-omxnvidiah264decode0> Waiting for available output buffer
06-09 08:18:16.744  6032  6082 D GStreamer+amcvideodec: 0:00:55.238922687 0xe9014c90 gstamcvideodec.c:2239:gst_amc_video_dec_handle_frame:<amcvideodec-omxnvidiah264decode0> Queueing buffer 7: size 35798 time 837518 flags 0x00000000
06-09 08:18:16.744  6032  6081 D GStreamer+bin: 0:00:55.238809875 0xe9014c30 gstbin.c:4302:gst_bin_query:<pipeline0> Sending query 0xe94966c0 (type position) to sink children
06-09 08:18:16.744  6032  6082 D GStreamer+GST_SCHEDULING: 0:00:55.239018937 0xe9014c90 gstpad.c:4199:gst_pad_chain_data_unchecked:<amcvideodec-omxnvidiah264decode0:sink> called chainfunction &gst_video_decoder_chain with buffer 0xe90b62b0, returned ok
06-09 08:18:16.744  6032  6082 D GStreamer+GST_SCHEDULING: 0:00:55.239053781 0xe9014c90 gstpad.c:4199:gst_pad_chain_data_unchecked:<capsfilter0:sink> called chainfunction &gst_base_transform_chain with buffer 0xe90b62b0, returned ok
06-09 08:18:16.744  6032  6082 D GStreamer+baseparse: 0:00:55.239084927 0xe9014c90 gstbaseparse.c:3165:gst_base_parse_chain:<h264parse0> not enough data available (only 0 bytes)
06-09 08:18:16.744  6032  6082 D GStreamer+GST_SCHEDULING: 0:00:55.239136802 0xe9014c90 gstpad.c:4199:gst_pad_chain_data_unchecked:<h264parse0:sink> called chainfunction &gst_base_parse_chain with buffer 0xe90b6490, returned ok
06-09 08:18:16.744  6032  6088 D GStreamer+amcvideodec: 0:00:55.239152843 0xe93583b0 gstamcvideodec.c:1250:gst_amc_video_dec_loop:<amcvideodec-omxnvidiah264decode0> dequeueOutputBuffer() returned 7 (0x7)
06-09 08:18:16.744  6032  6082 D GStreamer+GST_SCHEDULING: 0:00:55.239167062 0xe9014c90 gstpad.c:4199:gst_pad_chain_data_unchecked:<typefind:sink> called chainfunction &gst_type_find_element_chain with buffer 0xe90b6490, returned ok
06-09 08:18:16.744  6032  6088 D GStreamer+amcvideodec: 0:00:55.239183677 0xe93583b0 gstamcvideodec.c:1306:gst_amc_video_dec_loop:<amcvideodec-omxnvidiah264decode0> Got output buffer at index 7: offset 0 size 8 time 190345 flags 0x00000000
06-09 08:18:16.744  6032  6082 D GStreamer+GST_SCHEDULING: 0:00:55.239194823 0xe9014c90 gstpad.c:4199:gst_pad_chain_data_unchecked:<forhwgl:sink> called chainfunction &gst_proxy_pad_chain_default with buffer 0xe90b6490, returned ok
06-09 08:18:16.744  6032  6083 D GStreamer+queue_dataflow: 0:00:55.239236906 0xe9014cf0 gstqueue.c:1228:gst_queue_chain_buffer_or_list:<queue0> queue is not full
06-09 08:18:16.744  6032  6082 D GStreamer+GST_SCHEDULING: 0:00:55.239230604 0xe9014c90 gstpad.c:4193:gst_pad_chain_data_unchecked:<forhwgl:sink> calling chainfunction &gst_proxy_pad_chain_default with buffer buffer: 0xe90b6530, pts 0:00:00.761380515, dts 0:00:00.685242463, dur 0:00:00.038069026, size 18991, offset none, offset_end none, flags 0x2000
06-09 08:18:16.744  6032  6083 D GStreamer+GST_SCHEDULING: 0:00:55.239276020 0xe9014cf0 gstpad.c:4199:gst_pad_chain_data_unchecked:<queue0:sink> called chainfunction &gst_queue_chain with buffer 0xe942dda0, returned ok
06-09 08:18:16.744  6032  6088 D GStreamer+GST_BUFFER: 0:00:55.239289562 0xe93583b0 gstbuffer.c:2108:gst_buffer_add_meta alloc metadata 0xe949c524 (GstGLSyncMeta) of size 52
06-09 08:18:16.744  6032  6083 D GStreamer+qtdemux: 0:00:55.239313364 0xe9014cf0 qtdemux.c:8035:qtdemux_parse_samples:<q> parsing up to sample 46
06-09 08:18:16.744  6032  6082 D GStreamer+GST_SCHEDULING: 0:00:55.239288833 0xe9014c90 gstpad.c:4193:gst_pad_chain_data_unchecked:<typefind:sink> calling chainfunction &gst_type_find_element_chain with buffer buffer: 0xe90b6530, pts 0:00:00.761380515, dts 0:00:00.685242463, dur 0:00:00.038069026, size 18991, offset none, offset_end none, flags 0x2000
06-09 08:18:16.744  6032  6088 D GStreamer+GST_BUFFER: 0:00:55.239321125 0xe93583b0 gstbuffer.c:2108:gst_buffer_add_meta alloc metadata 0xe935027c (GstVideoAffineTransformationMeta) of size 72
06-09 08:18:16.744  6032  6083 D GStreamer+qtdemux: 0:00:55.239355708 0xe9014cf0 qtdemux.c:8242:qtdemux_parse_samples:<q> sample 46: index 46, timestamp 0:00:01.751175185
06-09 08:18:16.744  6032  6088 D GStreamer+amcvideodec: 0:00:55.239383156 0xe93583b0 gstamcvideodec.c:1418:gst_amc_video_dec_loop:<amcvideodec-omxnvidiah264decode0> push GL frame 4
06-09 08:18:16.744  6032  6082 D GStreamer+GST_SCHEDULING: 0:00:55.239361125 0xe9014c90 gstpad.c:4193:gst_pad_chain_data_unchecked:<h264parse0:sink> calling chainfunction &gst_base_parse_chain with buffer buffer: 0xe90b6530, pts 0:00:00.761380515, dts 0:00:00.685242463, dur 0:00:00.038069026, size 18991, offset none, offset_end none, flags 0x2000
06-09 08:18:16.744  6032  6082 D GStreamer+baseparse: 0:00:55.239438729 0xe9014c90 gstbaseparse.c:2996:gst_base_parse_chain:<h264parse0> chain
06-09 08:18:16.744  6032  6083 D GStreamer+qtdemux: 0:00:55.239404198 0xe9014cf0 qtdemux.c:5525:gst_qtdemux_loop_state_movie:<q> pushing from stream 0, empty 0 offset 1029728, size 18905, dts=0:00:01.751175185, pts=0:00:01.827313237, duration 0:00:00.038069026
06-09 08:18:16.744  6032  6088 D GStreamer+videodecoder: 0:00:55.239411593 0xe93583b0 gstvideodecoder.c:2714:gst_video_decoder_prepare_finish_frame:<amcvideodec-omxnvidiah264decode0> sync timestamp 0:00:00.190345128 diff -0:00:00.114207077
06-09 08:18:16.744  6032  6082 D GStreamer+GST_PERFORMANCE: 0:00:55.239469770 0xe9014c90 gstminiobject.c:327:gst_mini_object_make_writable copy GstBuffer miniobject 0xe90b6530 -> 0xe9351378
06-09 08:18:16.744  6032  6088 D GStreamer+default: 0:00:55.239495135 0xe93583b0 gstvideoutils.c:40:_gst_video_codec_frame_free free frame 0xe9446950
06-09 08:18:16.744  6032  6083 D GStreamer+basesrc: 0:00:55.239491385 0xe9014cf0 gstbasesrc.c:2354:gst_base_src_update_length:<filesrc0> reading offset 1029728, length 18905, size 22092204, segment.stop -1, maxsize 22092204
06-09 08:18:16.744  6032  6082 D GStreamer+codecparsers_h264: 0:00:55.239498416 0xe9014c90 gsth264parser.c:253:gst_h264_parse_nalu_header Nal type 1, ref_idc 2
06-09 08:18:16.744  6032  6082 D GStreamer+h264parse: 0:00:55.239543520 0xe9014c90 gsth264parse.c:979:gst_h264_parse_handle_frame_packetized:<h264parse0> AVC nal offset 18991
06-09 08:18:16.744  6032  6088 D GStreamer+GST_MEMORY: 0:00:55.239533989 0xe93583b0 gstmemory.c:87:_gst_memory_free free memory 0xe9390e50
06-09 08:18:16.744  6032  6083 D GStreamer+basesrc: 0:00:55.239550083 0xe9014cf0 gstbasesrc.c:2455:gst_base_src_get_range:<filesrc0> calling create offset 1029728 length 18905, time 0
06-09 08:18:16.744  6032  6082 D GStreamer+h264parse: 0:00:55.239571958 0xe9014c90 gsth264parse.c:714:gst_h264_parse_process_nal:<h264parse0> processing nal of type 1 Slice, size 18987
06-09 08:18:16.744  6032  6082 D GStreamer+h264parse: 0:00:55.239595656 0xe9014c90 gsth264parse.c:820:gst_h264_parse_process_nal:<h264parse0> first_mb_in_slice = 0
06-09 08:18:16.744  6032  6083 D GStreamer+GST_MEMORY: 0:00:55.239587323 0xe9014cf0 gstmemory.c:138:gst_memory_init new memory 0xe9384b50, maxsize:18908 offset:0 size:18905
06-09 08:18:16.744  6032  6082 D GStreamer+h264parse: 0:00:55.239620135 0xe9014c90 gsth264parse.c:823:gst_h264_parse_process_nal:<h264parse0> frame start: 1
06-09 08:18:16.744  6032  6088 D GStreamer+videodecoder: 0:00:55.239591437 0xe93583b0 gstvideodecoder.c:3214:gst_video_decoder_clip_and_push_buf:<amcvideodec-omxnvidiah264decode0> pushing buffer 0xe93d81f0 of size 7372800, PTS 0:00:00.190345128, dur 0:00:00.038095238
06-09 08:18:16.744  6032  6082 D GStreamer+codecparsers_h264: 0:00:55.239643677 0xe9014c90 gsth264parser.c:2089:gst_h264_parser_parse_slice_hdr parsing "Slice header", slice type 6
06-09 08:18:16.744  6032  6083 D GStreamer+basesrc: 0:00:55.239654198 0xe9014cf0 gstbasesrc.c:2309:gst_base_src_do_sync:<filesrc0> we have no clock
06-09 08:18:16.744  6032  6082 D GStreamer+codecparsers_h264: 0:00:55.239666906 0xe9014c90 gsth264parser.c:711:gst_h264_slice_parse_dec_ref_pic_marking parsing "Decoded reference picture marking"
06-09 08:18:16.744  6032  6083 D GStreamer+basesrc: 0:00:55.239678052 0xe9014cf0 gstbasesrc.c:2519:gst_base_src_get_range:<filesrc0> buffer ok
06-09 08:18:16.744  6032  6082 D GStreamer+h264parse: 0:00:55.239687687 0xe9014c90 gsth264parse.c:833:gst_h264_parse_process_nal:<h264parse0> parse result 0, first MB: 0, slice type: 6
06-09 08:18:16.744  6032  6082 D GStreamer+h264parse: 0:00:55.239712635 0xe9014c90 gsth264parse.c:421:gst_h264_parse_wrap_nal:<h264parse0> nal length 18987
06-09 08:18:16.744  6032  6088 D GStreamer+GST_SCHEDULING: 0:00:55.239652635 0xe93583b0 gstpad.c:4193:gst_pad_chain_data_unchecked:<src_0:proxypad2> calling chainfunction &gst_proxy_pad_chain_default with buffer buffer: 0xe93d81f0, pts 0:00:00.190345128, dts 99:99:99.999999999, dur 0:00:00.038095238, size 7372800, offset none, offset_end none, flags 0x4000
06-09 08:18:16.744  6032  6083 D GStreamer+GST_SCHEDULING: 0:00:55.239700708 0xe9014cf0 gstpad.c:4193:gst_pad_chain_data_unchecked:<queue0:sink> calling chainfunction &gst_queue_chain with buffer buffer: 0xe942de40, pts 0:00:01.827313237, dts 0:00:01.751175185, dur 0:00:00.038069026, size 18905, offset none, offset_end none, flags 0x2000
06-09 08:18:16.744  6032  6082 D GStreamer+GST_MEMORY: 0:00:55.239736958 0xe9014c90 gstmemory.c:138:gst_memory_init new memory 0xe93d9030, maxsize:18994 offset:0 size:18991
06-09 08:18:16.744  6032  6088 D GStreamer+GST_PADS: 0:00:55.239752635 0xe93583b0 gstpad.c:3690:do_probe_callbacks:<forhwgl:src_0> data is passed
06-09 08:18:16.744  6032  6083 D GStreamer+queue_dataflow: 0:00:55.239770968 0xe9014cf0 gstqueue.c:1220:gst_queue_chain_buffer_or_list:<queue0> queue is full, waiting for free space
06-09 08:18:16.745  6032  6082 D GStreamer+codecparsers_h264: 0:00:55.239779823 0xe9014c90 gsth264parser.c:1407:gst_h264_parser_identify_nalu_avc Can't parse, buffer has too small size 18991, offset 18991
06-09 08:18:16.745  6032  6088 D GStreamer+GST_SCHEDULING: 0:00:55.239775708 0xe93583b0 gstpad.c:4193:gst_pad_chain_data_unchecked:<queue1:sink> calling chainfunction &gst_queue_chain with buffer buffer: 0xe93d81f0, pts 0:00:00.190345128, dts 99:99:99.999999999, dur 0:00:00.038095238, size 7372800, offset none, offset_end none, flags 0x4000
06-09 08:18:16.745  6032  6082 D GStreamer+GST_CAPS: 0:00:55.239818000 0xe9014c90 gstpad.c:2644:gst_pad_has_current_caps:<h264parse0:src> check current pad caps video/x-h264, stream-format=(string)byte-stream, alignment=(string)au, level=(string)4, profile=(string)high, width=(int)1280, height=(int)1440, framerate=(fraction)105/4, pixel-aspect-ratio=(fraction)1/1, parsed=(boolean)true
06-09 08:18:16.745  6032  6088 D GStreamer+queue_dataflow: 0:00:55.239859458 0xe93583b0 gstqueue.c:1220:gst_queue_chain_buffer_or_list:<queue1> queue is full, waiting for free space
06-09 08:18:16.745  6032  6082 D GStreamer+GST_MEMORY: 0:00:55.239875552 0xe9014c90 gstmemory.c:87:_gst_memory_free free memory 0xe93e3f58
06-09 08:18:16.745  6032  6082 D GStreamer+GST_CAPS: 0:00:55.239905552 0xe9014c90 gstpad.c:2644:gst_pad_has_current_caps:<h264parse0:src> check current pad caps video/x-h264, stream-format=(string)byte-stream, alignment=(string)au, level=(string)4, profile=(string)high, width=(int)1280, height=(int)1440, framerate=(fraction)105/4, pixel-aspect-ratio=(fraction)1/1, parsed=(boolean)true
06-09 08:18:16.745  6032  6082 D GStreamer+h264parse: 0:00:55.239947010 0xe9014c90 gsth264parse.c:182:gst_h264_parse_reset_frame:<h264parse0> reset frame
06-09 08:18:16.745  6032  6082 D GStreamer+GST_SCHEDULING: 0:00:55.239966489 0xe9014c90 gstpad.c:4193:gst_pad_chain_data_unchecked:<capsfilter0:sink> calling chainfunction &gst_base_transform_chain with buffer buffer: 0xe90b6210, pts 0:00:00.761380515, dts 0:00:00.685242463, dur 0:00:00.038095238, size 18991, offset 449879, offset_end none, flags 0x2000
06-09 08:18:16.745  6032  6082 D GStreamer+basetransform: 0:00:55.240018156 0xe9014c90 gstbasetransform.c:2033:default_submit_input_buffer:<capsfilter0> handling buffer 0xe90b6210 of size 18991, PTS 0:00:00.761380515 and offset 449879
06-09 08:18:16.745  6032  6082 D GStreamer+basetransform: 0:00:55.240049250 0xe9014c90 gstbasetransform.c:2150:default_generate_output:<capsfilter0> calling prepare buffer
06-09 08:18:16.745  6032  6082 D GStreamer+basetransform: 0:00:55.240066854 0xe9014c90 gstbasetransform.c:2157:default_generate_output:<capsfilter0> using allocated buffer in 0xe90b6210, out 0xe90b6210
06-09 08:18:16.745  6032  6082 D GStreamer+basetransform: 0:00:55.240086125 0xe9014c90 gstbasetransform.c:2174:default_generate_output:<capsfilter0> doing inplace transform
06-09 08:18:16.745  6032  6082 D GStreamer+GST_SCHEDULING: 0:00:55.240103781 0xe9014c90 gstpad.c:4193:gst_pad_chain_data_unchecked:<amcvideodec-omxnvidiah264decode0:sink> calling chainfunction &gst_video_decoder_chain with buffer buffer: 0xe90b6210, pts 0:00:00.761380515, dts 0:00:00.685242463, dur 0:00:00.038095238, size 18991, offset 449879, offset_end none, flags 0x2000
06-09 08:18:16.745  6032  6081 D GStreamer+GST_STATES: 0:00:55.240164666 0xe9014c30 gstbin.c:1925:bin_element_is_sink:<pipeline0> child glimagesinkbin0 is sink
06-09 08:18:16.745  6032  6081 D GStreamer+GST_ELEMENT_PADS: 0:00:55.240191854 0xe9014c30 gstelement.c:1700:gst_element_query send query on element glimagesinkbin0
06-09 08:18:16.745  6032  6081 D GStreamer+bin: 0:00:55.240213573 0xe9014c30 gstbin.c:4302:gst_bin_query:<glimagesinkbin0> Sending query 0xe94966c0 (type position) to sink children
06-09 08:18:16.745  6032  6081 D GStreamer+GST_STATES: 0:00:55.240238573 0xe9014c30 gstbin.c:1925:bin_element_is_sink:<glimagesinkbin0> child sink is sink
06-09 08:18:16.745  6032  6081 D GStreamer+GST_ELEMENT_PADS: 0:00:55.240261177 0xe9014c30 gstelement.c:1700:gst_element_query send query on element sink
06-09 08:18:16.745  6032  6081 D GStreamer+basesink: 0:00:55.240282739 0xe9014c30 gstbasesink.c:4794:default_element_query:<sink> position query in format default
06-09 08:18:16.745  6032  6081 D GStreamer+basesink: 0:00:55.240304458 0xe9014c30 gstbasesink.c:4581:gst_base_sink_get_position:<sink> in paused, using start time 0:00:00.000000000
06-09 08:18:16.745  6032  6081 D GStreamer+basesink: 0:00:55.240327791 0xe9014c30 gstbasesink.c:4621:gst_base_sink_get_position:<sink> in PLAYING using last 99:99:99.999999999
06-09 08:18:16.745  6032  6081 D GStreamer+basesink: 0:00:55.240355656 0xe9014c30 gstbasesink.c:4703:gst_base_sink_get_position:<sink> now 0:00:00.000000000 - base_time 0:00:00.000000000 - base 0:00:00.000000000 + time 0:00:00.000000000  last 99:99:99.999999999
06-09 08:18:16.745  6032  6081 D GStreamer+query: 0:00:55.240399458 0xe9014c30 gstquery.c:674:gst_query_new_custom creating new query 0xe9496660 convert
06-09 08:18:16.745  6032  6081 D GStreamer+GST_PADS: 0:00:55.240432270 0xe9014c30 gstpad.c:3922:gst_pad_query:<sink:sink> doing query 0xe9496660 (convert)
06-09 08:18:16.745  6032  6081 D GStreamer+GST_PADS: 0:00:55.240456958 0xe9014c30 gstpad.c:3367:gst_pad_query_default:<sink:sink> forwarding 0xe9496660 (convert) query
06-09 08:18:16.745  6032  6081 D GStreamer+GST_PADS: 0:00:55.240480291 0xe9014c30 gstpad.c:2827:gst_pad_iterate_internal_links_default:<sink:sink> Making iterator
06-09 08:18:16.745  6032  6081 D GStreamer+GST_PADS: 0:00:55.240501906 0xe9014c30 gstpad.c:3945:gst_pad_query:<sink:sink> sent query 0xe9496660 (convert), result 0
06-09 08:18:16.745  6032  6081 D GStreamer+GST_PADS: 0:00:55.240523520 0xe9014c30 gstpad.c:3990:gst_pad_query:<sink:sink> query failed
06-09 08:18:16.745  6032  6081 D GStreamer+basesink: 0:00:55.240543729 0xe9014c30 gstbasesink.c:4735:gst_base_sink_get_position:<sink> convert failed, try upstream
06-09 08:18:16.745  6032  6081 D GStreamer+basesink: 0:00:55.240561281 0xe9014c30 gstbasesink.c:4716:gst_base_sink_get_position:<sink> res: 0, POSITION: 0:00:00.000000000
06-09 08:18:16.745  6032  6081 D GStreamer+GST_PADS: 0:00:55.240586541 0xe9014c30 gstpad.c:4049:gst_pad_peer_query:<sink:sink> peer query 0xe94966c0 (position)
06-09 08:18:16.745  6032  6081 D GStreamer+GST_PADS: 0:00:55.240609041 0xe9014c30 gstpad.c:3922:gst_pad_query:<glcolorbalance0:src> doing query 0xe94966c0 (position)
06-09 08:18:16.745  6032  6081 D GStreamer+GST_PADS: 0:00:55.240646645 0xe9014c30 gstpad.c:4049:gst_pad_peer_query:<glcolorbalance0:sink> peer query 0xe94966c0 (position)
06-09 08:18:16.745  6032  6081 D GStreamer+GST_PADS: 0:00:55.240668573 0xe9014c30 gstpad.c:3922:gst_pad_query:<glcolorconvertelement0:src> doing query 0xe94966c0 (position)
06-09 08:18:16.745  6032  6081 D GStreamer+GST_PADS: 0:00:55.240691854 0xe9014c30 gstpad.c:4049:gst_pad_peer_query:<glcolorconvertelement0:sink> peer query 0xe94966c0 (position)
06-09 08:18:16.745  6032  6081 D GStreamer+GST_PADS: 0:00:55.240714875 0xe9014c30 gstpad.c:3922:gst_pad_query:<gluploadelement0:src> doing query 0xe94966c0 (position)
06-09 08:18:16.745  6032  6081 D GStreamer+GST_PADS: 0:00:55.240737843 0xe9014c30 gstpad.c:4049:gst_pad_peer_query:<gluploadelement0:sink> peer query 0xe94966c0 (position)
06-09 08:18:16.745  6032  6081 D GStreamer+GST_PADS: 0:00:55.240768104 0xe9014c30 gstpad.c:3922:gst_pad_query:<sink:proxypad1> doing query 0xe94966c0 (position)
06-09 08:18:16.746  6032  6081 D GStreamer+GST_PADS: 0:00:55.240790916 0xe9014c30 gstpad.c:3367:gst_pad_query_default:<sink:proxypad1> forwarding 0xe94966c0 (position) query
06-09 08:18:16.746  6032  6081 D GStreamer+GST_PADS: 0:00:55.240818677 0xe9014c30 gstpad.c:4049:gst_pad_peer_query:<glimagesinkbin0:sink> peer query 0xe94966c0 (position)
06-09 08:18:16.746  6032  6081 D GStreamer+GST_PADS: 0:00:55.240841541 0xe9014c30 gstpad.c:3922:gst_pad_query:<forhalffps:src> doing query 0xe94966c0 (position)
06-09 08:18:16.746  6032  6081 D GStreamer+GST_PADS: 0:00:55.240865708 0xe9014c30 gstpad.c:4049:gst_pad_peer_query:<forhalffps:sink> peer query 0xe94966c0 (position)
06-09 08:18:16.746  6032  6081 D GStreamer+GST_PADS: 0:00:55.240887791 0xe9014c30 gstpad.c:3690:do_probe_callbacks:<forhalffps:sink> data is passed
06-09 08:18:16.746  6032  6081 D GStreamer+GST_PADS: 0:00:55.240907218 0xe9014c30 gstpad.c:3922:gst_pad_query:<queue1:src> doing query 0xe94966c0 (position)
06-09 08:18:16.746  6032  6081 D GStreamer+GST_PADS: 0:00:55.240929875 0xe9014c30 gstpad.c:3367:gst_pad_query_default:<queue1:src> forwarding 0xe94966c0 (position) query
06-09 08:18:16.746  6032  6081 D GStreamer+GST_PADS: 0:00:55.240952739 0xe9014c30 gstpad.c:2827:gst_pad_iterate_internal_links_default:<queue1:src> Making iterator
06-09 08:18:16.746  6032  6081 D GStreamer+GST_PADS: 0:00:55.240973885 0xe9014c30 gstpad.c:4049:gst_pad_peer_query:<queue1:sink> peer query 0xe94966c0 (position)
06-09 08:18:16.746  6032  6081 D GStreamer+GST_PADS: 0:00:55.240995552 0xe9014c30 gstpad.c:3922:gst_pad_query:<forhwgl:src_0> doing query 0xe94966c0 (position)
06-09 08:18:16.746  6032  6081 D GStreamer+GST_PADS: 0:00:55.241016854 0xe9014c30 gstpad.c:3690:do_probe_callbacks:<forhwgl:src_0> data is passed
06-09 08:18:16.746  6032  6081 D GStreamer+GST_PADS: 0:00:55.241035395 0xe9014c30 gstpad.c:3367:gst_pad_query_default:<forhwgl:src_0> forwarding 0xe94966c0 (position) query
06-09 08:18:16.746  6032  6081 D GStreamer+GST_PADS: 0:00:55.241060656 0xe9014c30 gstpad.c:4049:gst_pad_peer_query:<src_0:proxypad2> peer query 0xe94966c0 (position)
06-09 08:18:16.746  6032  6081 D GStreamer+GST_PADS: 0:00:55.241082843 0xe9014c30 gstpad.c:3922:gst_pad_query:<amcvideodec-omxnvidiah264decode0:src> doing query 0xe94966c0 (position)
06-09 08:18:16.746  6032  6081 D GStreamer+videodecoder: 0:00:55.241105760 0xe9014c30 gstvideodecoder.c:1812:gst_video_decoder_src_query:<amcvideodec-omxnvidiah264decode0> received query 2563, position
06-09 08:18:16.746  6032  6081 D GStreamer+GST_PADS: 0:00:55.241130916 0xe9014c30 gstpad.c:4049:gst_pad_peer_query:<amcvideodec-omxnvidiah264decode0:sink> peer query 0xe94966c0 (position)
06-09 08:18:16.746  6032  6081 D GStreamer+GST_PADS: 0:00:55.241152687 0xe9014c30 gstpad.c:3922:gst_pad_query:<capsfilter0:src> doing query 0xe94966c0 (position)
06-09 08:18:16.746  6032  6081 D GStreamer+GST_PADS: 0:00:55.241175135 0xe9014c30 gstpad.c:4049:gst_pad_peer_query:<capsfilter0:sink> peer query 0xe94966c0 (position)
06-09 08:18:16.746  6032  6081 D GStreamer+GST_PADS: 0:00:55.241196645 0xe9014c30 gstpad.c:3922:gst_pad_query:<h264parse0:src> doing query 0xe94966c0 (position)
06-09 08:18:16.746  6032  6081 D GStreamer+baseparse: 0:00:55.241218416 0xe9014c30 gstbaseparse.c:1581:gst_base_parse_src_query:<h264parse0> position query: position query: 0xe94966c0, GstQueryPosition, format=(GstFormat)GST_FORMAT_DEFAULT, current=(gint64)-1;
06-09 08:18:16.746  6032  6081 D GStreamer+baseparse: 0:00:55.241268573 0xe9014c30 gstbaseparse.c:4011:gst_base_parse_src_query_default:<h264parse0> position query
06-09 08:18:16.746  6032  6081 D GStreamer+GST_PADS: 0:00:55.241287114 0xe9014c30 gstpad.c:3367:gst_pad_query_default:<h264parse0:src> forwarding 0xe94966c0 (position) query
06-09 08:18:16.746  6032  6081 D GStreamer+GST_PADS: 0:00:55.241310031 0xe9014c30 gstpad.c:2827:gst_pad_iterate_internal_links_default:<h264parse0:src> Making iterator
06-09 08:18:16.746  6032  6081 D GStreamer+GST_PADS: 0:00:55.241331229 0xe9014c30 gstpad.c:4049:gst_pad_peer_query:<h264parse0:sink> peer query 0xe94966c0 (position)
06-09 08:18:16.746  6032  6081 D GStreamer+GST_PADS: 0:00:55.241352687 0xe9014c30 gstpad.c:3922:gst_pad_query:<typefind:src> doing query 0xe94966c0 (position)
06-09 08:18:16.746  6032  6081 D GStreamer+typefind: 0:00:55.241375291 0xe9014c30 gsttypefindelement.c:417:gst_type_find_handle_src_query:<typefind> Handling src query position
06-09 08:18:16.746  6032  6081 D GStreamer+GST_PADS: 0:00:55.241395448 0xe9014c30 gstpad.c:4049:gst_pad_peer_query:<typefind:sink> peer query 0xe94966c0 (position)
06-09 08:18:16.746  6032  6081 D GStreamer+GST_PADS: 0:00:55.241428156 0xe9014c30 gstpad.c:3922:gst_pad_query:<sink:proxypad0> doing query 0xe94966c0 (position)
06-09 08:18:16.746  6032  6081 D GStreamer+GST_PADS: 0:00:55.241452375 0xe9014c30 gstpad.c:3367:gst_pad_query_default:<sink:proxypad0> forwarding 0xe94966c0 (position) query
06-09 08:18:16.746  6032  6081 D GStreamer+GST_PADS: 0:00:55.241478520 0xe9014c30 gstpad.c:4049:gst_pad_peer_query:<forhwgl:sink> peer query 0xe94966c0 (position)
06-09 08:18:16.746  6032  6081 D GStreamer+GST_PADS: 0:00:55.241500604 0xe9014c30 gstpad.c:3922:gst_pad_query:<queue0:src> doing query 0xe94966c0 (position)
06-09 08:18:16.746  6032  6081 D GStreamer+GST_PADS: 0:00:55.241522427 0xe9014c30 gstpad.c:3367:gst_pad_query_default:<queue0:src> forwarding 0xe94966c0 (position) query
06-09 08:18:16.746  6032  6081 D GStreamer+GST_PADS: 0:00:55.241544302 0xe9014c30 gstpad.c:2827:gst_pad_iterate_internal_links_default:<queue0:src> Making iterator
06-09 08:18:16.746  6032  6081 D GStreamer+GST_PADS: 0:00:55.241565239 0xe9014c30 gstpad.c:4049:gst_pad_peer_query:<queue0:sink> peer query 0xe94966c0 (position)
06-09 08:18:16.746  6032  6081 D GStreamer+GST_PADS: 0:00:55.241586593 0xe9014c30 gstpad.c:3922:gst_pad_query:<q:video_0> doing query 0xe94966c0 (position)
06-09 08:18:16.746  6032  6081 D GStreamer+GST_PADS: 0:00:55.241609770 0xe9014c30 gstpad.c:3945:gst_pad_query:<q:video_0> sent query 0xe94966c0 (position), result 0
06-09 08:18:16.746  6032  6081 D GStreamer+GST_PADS: 0:00:55.241631333 0xe9014c30 gstpad.c:3990:gst_pad_query:<q:video_0> query failed
06-09 08:18:16.746  6032  6081 D GStreamer+GST_PADS: 0:00:55.241648677 0xe9014c30 gstpad.c:4111:gst_pad_peer_query:<queue0:sink> query failed
06-09 08:18:16.746  6032  6081 D GStreamer+GST_PADS: 0:00:55.241668208 0xe9014c30 gstpad.c:3945:gst_pad_query:<queue0:src> sent query 0xe94966c0 (position), result 0
06-09 08:18:16.746  6032  6081 D GStreamer+GST_PADS: 0:00:55.241689718 0xe9014c30 gstpad.c:3990:gst_pad_query:<queue0:src> query failed
06-09 08:18:16.746  6032  6081 D GStreamer+GST_PADS: 0:00:55.241707114 0xe9014c30 gstpad.c:4111:gst_pad_peer_query:<forhwgl:sink> query failed
06-09 08:18:16.746  6032  6081 D GStreamer+GST_PADS: 0:00:55.241733677 0xe9014c30 gstpad.c:3945:gst_pad_query:<sink:proxypad0> sent query 0xe94966c0 (position), result 0
06-09 08:18:16.746  6032  6081 D GStreamer+GST_PADS: 0:00:55.241755760 0xe9014c30 gstpad.c:3990:gst_pad_query:<sink:proxypad0> query failed
06-09 08:18:16.746  6032  6081 D GStreamer+GST_PADS: 0:00:55.241778885 0xe9014c30 gstpad.c:4111:gst_pad_peer_query:<typefind:sink> query failed
06-09 08:18:16.747  6032  6081 D GStreamer+GST_PADS: 0:00:55.241795135 0xe9014c30 gstpad.c:3945:gst_pad_query:<typefind:src> sent query 0xe94966c0 (position), result 0
06-09 08:18:16.747  6032  6081 D GStreamer+GST_PADS: 0:00:55.241816489 0xe9014c30 gstpad.c:3990:gst_pad_query:<typefind:src> query failed
06-09 08:18:16.747  6032  6081 D GStreamer+GST_PADS: 0:00:55.241833833 0xe9014c30 gstpad.c:4111:gst_pad_peer_query:<h264parse0:sink> query failed
06-09 08:18:16.747  6032  6081 D GStreamer+baseparse: 0:00:55.241854614 0xe9014c30 gstbaseparse.c:1713:gst_base_parse_convert_default:<h264parse0> converting bytes -> other not implemented
06-09 08:18:16.747  6032  6081 D GStreamer+baseparse: 0:00:55.241872948 0xe9014c30 gstbaseparse.c:1051:gst_base_parse_convert:<h264parse0> conversion failed
06-09 08:18:16.747  6032  6081 D GStreamer+GST_PADS: 0:00:55.241892010 0xe9014c30 gstpad.c:3945:gst_pad_query:<h264parse0:src> sent query 0xe94966c0 (position), result 0
06-09 08:18:16.747  6032  6081 D GStreamer+GST_PADS: 0:00:55.241913416 0xe9014c30 gstpad.c:3990:gst_pad_query:<h264parse0:src> query failed
06-09 08:18:16.747  6032  6081 D GStreamer+GST_PADS: 0:00:55.241930812 0xe9014c30 gstpad.c:4111:gst_pad_peer_query:<capsfilter0:sink> query failed
06-09 08:18:16.747  6032  6081 D GStreamer+GST_PADS: 0:00:55.241948625 0xe9014c30 gstpad.c:3945:gst_pad_query:<capsfilter0:src> sent query 0xe94966c0 (position), result 0
06-09 08:18:16.747  6032  6081 D GStreamer+GST_PADS: 0:00:55.241969875 0xe9014c30 gstpad.c:3990:gst_pad_query:<capsfilter0:src> query failed
06-09 08:18:16.747  6032  6081 D GStreamer+GST_PADS: 0:00:55.241987166 0xe9014c30 gstpad.c:4111:gst_pad_peer_query:<amcvideodec-omxnvidiah264decode0:sink> query failed
06-09 08:18:16.747  6032  6081 D GStreamer+query: 0:00:55.242011489 0xe9014c30 gstquery.c:674:gst_query_new_custom creating new query 0xe9496600 convert
06-09 08:18:16.747  6032  6081 D GStreamer+GST_PADS: 0:00:55.242037270 0xe9014c30 gstpad.c:3922:gst_pad_query:<amcvideodec-omxnvidiah264decode0:src> doing query 0xe9496600 (convert)
06-09 08:18:16.747  6032  6081 D GStreamer+videodecoder: 0:00:55.242059979 0xe9014c30 gstvideodecoder.c:1812:gst_video_decoder_src_query:<amcvideodec-omxnvidiah264decode0> received query 20483, convert
06-09 08:18:16.747  6032  6081 D GStreamer+videodecoder: 0:00:55.242082948 0xe9014c30 gstvideodecoder.c:1751:gst_video_decoder_src_query_default:<amcvideodec-omxnvidiah264decode0> convert query
06-09 08:18:16.747  6032  6081 D GStreamer+GST_PADS: 0:00:55.242105552 0xe9014c30 gstpad.c:3945:gst_pad_query:<amcvideodec-omxnvidiah264decode0:src> sent query 0xe9496600 (convert), result 1
06-09 08:18:16.747  6032  6081 D GStreamer+GST_PADS: 0:00:55.242132375 0xe9014c30 gstpad.c:3945:gst_pad_query:<amcvideodec-omxnvidiah264decode0:src> sent query 0xe94966c0 (position), result 1
06-09 08:18:16.747  6032  6081 D GStreamer+GST_PADS: 0:00:55.242157791 0xe9014c30 gstpad.c:3945:gst_pad_query:<forhwgl:src_0> sent query 0xe94966c0 (position), result 1
06-09 08:18:16.747  6032  6081 D GStreamer+queue: 0:00:55.242183520 0xe9014c30 gstqueue.c:1621:gst_queue_handle_src_query:<queue1> Can't adjust query in default format, don't know how to adjust value
06-09 08:18:16.747  6032  6081 D GStreamer+GST_PADS: 0:00:55.242204458 0xe9014c30 gstpad.c:3945:gst_pad_query:<queue1:src> sent query 0xe94966c0 (position), result 1
06-09 08:18:16.747  6032  6081 D GStreamer+GST_PADS: 0:00:55.242228416 0xe9014c30 gstpad.c:3945:gst_pad_query:<forhalffps:src> sent query 0xe94966c0 (position), result 1
06-09 08:18:16.747  6032  6081 D GStreamer+GST_PADS: 0:00:55.242252479 0xe9014c30 gstpad.c:3945:gst_pad_query:<sink:proxypad1> sent query 0xe94966c0 (position), result 1
06-09 08:18:16.747  6032  6081 D GStreamer+GST_PADS: 0:00:55.242275395 0xe9014c30 gstpad.c:3945:gst_pad_query:<gluploadelement0:src> sent query 0xe94966c0 (position), result 1
06-09 08:18:16.747  6032  6081 D GStreamer+GST_PADS: 0:00:55.242299250 0xe9014c30 gstpad.c:3945:gst_pad_query:<glcolorconvertelement0:src> sent query 0xe94966c0 (position), result 1
06-09 08:18:16.747  6032  6081 D GStreamer+GST_PADS: 0:00:55.242321906 0xe9014c30 gstpad.c:3945:gst_pad_query:<glcolorbalance0:src> sent query 0xe94966c0 (position), result 1
06-09 08:18:16.747  6032  6081 D GStreamer+basesink: 0:00:55.242344093 0xe9014c30 gstbasesink.c:4913:default_element_query:<sink> query position returns 1
06-09 08:18:16.747  6032  6081 D GStreamer+bin: 0:00:55.242365864 0xe9014c30 gstbin.c:4089:bin_query_position_fold:<sink> got position 2
06-09 08:18:16.747  6032  6081 D GStreamer+GST_STATES: 0:00:55.242389041 0xe9014c30 gstbin.c:1925:bin_element_is_sink:<glimagesinkbin0> child glcolorbalance0 is not sink
06-09 08:18:16.747  6032  6081 D GStreamer+GST_STATES: 0:00:55.242428468 0xe9014c30 gstbin.c:1925:bin_element_is_sink:<glimagesinkbin0> child glcolorconvertelement0 is not sink
06-09 08:18:16.747  6032  6081 D GStreamer+GST_STATES: 0:00:55.242452895 0xe9014c30 gstbin.c:1925:bin_element_is_sink:<glimagesinkbin0> child gluploadelement0 is not sink
06-09 08:18:16.747  6032  6081 D GStreamer+bin: 0:00:55.242476854 0xe9014c30 gstbin.c:4107:bin_query_position_done:<glimagesinkbin0> max position 2
06-09 08:18:16.747  6032  6081 D GStreamer+bin: 0:00:55.242505604 0xe9014c30 gstbin.c:4324:gst_bin_query:<glimagesinkbin0> query 0xe94966c0 result 1
06-09 08:18:16.747  6032  6081 D GStreamer+bin: 0:00:55.242535239 0xe9014c30 gstbin.c:4089:bin_query_position_fold:<glimagesinkbin0> got position 2
06-09 08:18:16.747  6032  6081 D GStreamer+GST_STATES: 0:00:55.242556385 0xe9014c30 gstbin.c:1925:bin_element_is_sink:<pipeline0> child forhalffps is not sink
06-09 08:18:16.747  6032  6081 D GStreamer+GST_STATES: 0:00:55.242578052 0xe9014c30 gstbin.c:1925:bin_element_is_sink:<pipeline0> child queue1 is not sink
06-09 08:18:16.747  6032  6081 D GStreamer+GST_STATES: 0:00:55.242599979 0xe9014c30 gstbin.c:1925:bin_element_is_sink:<pipeline0> child forhwgl is not sink
06-09 08:18:16.747  6032  6081 D GStreamer+GST_STATES: 0:00:55.242620708 0xe9014c30 gstbin.c:1925:bin_element_is_sink:<pipeline0> child queue0 is not sink
06-09 08:18:16.747  6032  6081 D GStreamer+GST_STATES: 0:00:55.242643052 0xe9014c30 gstbin.c:1925:bin_element_is_sink:<pipeline0> child q is not sink
06-09 08:18:16.747  6032  6081 D GStreamer+GST_STATES: 0:00:55.242663729 0xe9014c30 gstbin.c:1925:bin_element_is_sink:<pipeline0> child filesrc0 is not sink
06-09 08:18:16.747  6032  6081 D GStreamer+bin: 0:00:55.242693625 0xe9014c30 gstbin.c:4107:bin_query_position_done:<pipeline0> max position 2
06-09 08:18:16.747  6032  6081 D GStreamer+bin: 0:00:55.242712270 0xe9014c30 gstbin.c:4324:gst_bin_query:<pipeline0> query 0xe94966c0 result 1
06-09 08:18:16.748  6032  6081 D GStreamer+aiTennis3D: 0:00:55.242813312 0xe9014c30 gstreamer/aigstreamer.c:150:attach_current_thread Attaching thread 0xe9014c30
06-09 08:18:16.749  6032  6081 D GStreamer+GST_PADS: 0:00:55.244661750 0xe9014c30 gstpad.c:3493:probe_hook_marshal:<forhalffps:sink> probe returned OK
06-09 08:18:16.749  6032  6081 D GStreamer+GST_SCHEDULING: 0:00:55.244707479 0xe9014c30 gstpad.c:4193:gst_pad_chain_data_unchecked:<forhalffps:sink> calling chainfunction &gst_base_transform_chain with buffer buffer: 0xe93d8010, pts 0:00:00.076138051, dts 99:99:99.999999999, dur 0:00:00.038095238, size 7372800, offset none, offset_end none, flags 0x4040
06-09 08:18:16.749  6032  6081 D GStreamer+basetransform: 0:00:55.244763312 0xe9014c30 gstbasetransform.c:2321:gst_base_transform_chain:<forhalffps> got DISCONT buffer 0xe93d8010
06-09 08:18:16.750  6032  6081 D GStreamer+basetransform: 0:00:55.244785708 0xe9014c30 gstbasetransform.c:2038:default_submit_input_buffer:<forhalffps> handling buffer 0xe93d8010 of size 7372800, PTS 0:00:00.076138051 and offset NONE
06-09 08:18:16.750  6032  6081 D GStreamer+basetransform: 0:00:55.244816020 0xe9014c30 gstbasetransform.c:2150:default_generate_output:<forhalffps> calling prepare buffer
06-09 08:18:16.750  6032  6081 D GStreamer+basetransform: 0:00:55.244834979 0xe9014c30 gstbasetransform.c:1647:default_prepare_output_buffer:<forhalffps> passthrough: reusing input buffer
06-09 08:18:16.750  6032  6081 D GStreamer+basetransform: 0:00:55.244853156 0xe9014c30 gstbasetransform.c:2157:default_generate_output:<forhalffps> using allocated buffer in 0xe93d8010, out 0xe93d8010
06-09 08:18:16.750  6032  6081 D GStreamer+basetransform: 0:00:55.244873573 0xe9014c30 gstbasetransform.c:2165:default_generate_output:<forhalffps> doing passthrough transform_ip
06-09 08:18:16.750  6032  6081 D GStreamer+default: 0:00:55.244894145 0xe9014c30 gstsegment.c:841:gst_segment_to_running_time position(18446744073709551615) > stop(40087138051)
06-09 08:18:16.750  6032  6081 D GStreamer+basetransform: 0:00:55.244930656 0xe9014c30 gstbasetransform.c:2359:gst_base_transform_chain:<forhalffps> we have a pending DISCONT
06-09 08:18:16.750  6032  6081 D GStreamer+GST_SCHEDULING: 0:00:55.244952635 0xe9014c30 gstpad.c:4193:gst_pad_chain_data_unchecked:<glimagesinkbin0:sink> calling chainfunction &gst_proxy_pad_chain_default with buffer buffer: 0xe93d8010, pts 0:00:00.076138051, dts 99:99:99.999999999, dur 0:00:00.038095238, size 7372800, offset none, offset_end none, flags 0x4040
06-09 08:18:16.750  6032  6081 D GStreamer+GST_SCHEDULING: 0:00:55.245014562 0xe9014c30 gstpad.c:4193:gst_pad_chain_data_unchecked:<gluploadelement0:sink> calling chainfunction &gst_base_transform_chain with buffer buffer: 0xe93d8010, pts 0:00:00.076138051, dts 99:99:99.999999999, dur 0:00:00.038095238, size 7372800, offset none, offset_end none, flags 0x4040
06-09 08:18:16.750  6032  6081 D GStreamer+basetransform: 0:00:55.245062114 0xe9014c30 gstbasetransform.c:2321:gst_base_transform_chain:<gluploadelement0> got DISCONT buffer 0xe93d8010
06-09 08:18:16.750  6032  6081 D GStreamer+basetransform: 0:00:55.245083000 0xe9014c30 gstbasetransform.c:2038:default_submit_input_buffer:<gluploadelement0> handling buffer 0xe93d8010 of size 7372800, PTS 0:00:00.076138051 and offset NONE
06-09 08:18:16.750  6032  6081 D GStreamer+basetransform: 0:00:55.245110760 0xe9014c30 gstbasetransform.c:2150:default_generate_output:<gluploadelement0> calling prepare buffer
06-09 08:18:16.750  6032  6081 D GStreamer+basetransform: 0:00:55.245129666 0xe9014c30 gstbasetransform.c:2157:default_generate_output:<gluploadelement0> using allocated buffer in 0xe93d8010, out 0xe93d8010
06-09 08:18:16.750  6032  6081 D GStreamer+basetransform: 0:00:55.245150083 0xe9014c30 gstbasetransform.c:2168:default_generate_output:<gluploadelement0> element is in passthrough
06-09 08:18:16.750  6032  6081 D GStreamer+basetransform: 0:00:55.245167323 0xe9014c30 gstbasetransform.c:2359:gst_base_transform_chain:<gluploadelement0> we have a pending DISCONT
06-09 08:18:16.750  6032  6081 D GStreamer+GST_SCHEDULING: 0:00:55.245194875 0xe9014c30 gstpad.c:4193:gst_pad_chain_data_unchecked:<glcolorconvertelement0:sink> calling chainfunction &gst_base_transform_chain with buffer buffer: 0xe93d8010, pts 0:00:00.076138051, dts 99:99:99.999999999, dur 0:00:00.038095238, size 7372800, offset none, offset_end none, flags 0x4040
06-09 08:18:16.750  6032  6081 D GStreamer+basetransform: 0:00:55.245249718 0xe9014c30 gstbasetransform.c:2321:gst_base_transform_chain:<glcolorconvertelement0> got DISCONT buffer 0xe93d8010
06-09 08:18:16.750  6032  6081 D GStreamer+basetransform: 0:00:55.245270864 0xe9014c30 gstbasetransform.c:2038:default_submit_input_buffer:<glcolorconvertelement0> handling buffer 0xe93d8010 of size 7372800, PTS 0:00:00.076138051 and offset NONE
06-09 08:18:16.750  6032  6081 D GStreamer+basetransform: 0:00:55.245299927 0xe9014c30 gstbasetransform.c:2150:default_generate_output:<glcolorconvertelement0> calling prepare buffer
06-09 08:18:16.750  6032  6076 I GStreamer+glconvert: 0:00:55.245345500 0xe923fdb0 gstglcolorconvert.c:1898:_init_convert Initializing color conversion from RGBA to RGBA
06-09 08:18:16.753  6032  6076 E GStreamer+glslstage: 0:00:55.247774354 0xe923fdb0 gstglslstage.c:483:_compile_shader:<glslstage1> fragment shader compilation failed:0(21) : error C1115: unable to find compatible overloaded function "texture(struct samplerExternalOES, mediump vec2)"
06-09 08:18:16.753  6032  6076 E GStreamer+glslstage: 
06-09 08:18:16.753  6032  6076 E GStreamer+glconvert: 0:00:55.247835239 0xe923fdb0 gstglcolorconvert.c:1862:_create_shader:<glcolorconvert0> Failed to compile fragment shader fragment shader compilation failed:0(21) : error C1115: unable to find compatible overloaded function "texture(struct samplerExternalOES, mediump vec2)"
06-09 08:18:16.753  6032  6076 E GStreamer+glconvert: 
06-09 08:18:16.753  6032  6076 D GStreamer+glshader: 0:00:55.247882843 0xe923fdb0 gstglshader.c:112:_cleanup_shader shader deleted 2
06-09 08:18:16.753  6032  6081 W GStreamer+glconvertelement: 0:00:55.247924354 0xe9014c30 gstglcolorconvertelement.c:218:gst_gl_color_convert_element_prepare_output_buffer:<glcolorconvertelement0> error: Failed to convert video buffer
06-09 08:18:16.753  6032  6081 D GStreamer+GST_MESSAGE: 0:00:55.247951281 0xe9014c30 gstelement.c:1850:gst_element_message_full:<glcolorconvertelement0> start
06-09 08:18:16.753  6032  6081 I GStreamer+GST_ERROR_SYSTEM: 0:00:55.247993104 0xe9014c30 gstelement.c:1881:gst_element_message_full:<glcolorconvertelement0> posting message: Failed to convert video buffer
06-09 08:18:16.753  6032  6081 W GStreamer+structure: 0:00:55.248049614 0xe9014c30 gststructure.c:1935:priv_gst_structure_append_to_gstring No value transform to serialize field 'gerror' of type 'GError'
06-09 08:18:16.753  6032  6081 D GStreamer+GST_BUS: 0:00:55.248032010 0xe9014c30 gstbus.c:309:gst_bus_post:<bus1> [msg 0xe9019e68] posting on bus error message: 0xe9019e68, time 99:99:99.999999999, seq-num 165, element 'glcolorconvertelement0', GstMessageError, gerror=(GError)NULL, debug=(string)"gstglcolorconvertelement.c\(218\):\ gst_gl_color_convert_element_prepare_output_buffer\ \(\):\ /GstPipeline:pipeline0/GstGLImageSinkBin:glimagesinkbin0/GstGLColorConvertElement:glcolorconvertelement0";
06-09 08:18:16.753  6032  6081 D GStreamer+bin: 0:00:55.248111541 0xe9014c30 gstbin.c:3654:gst_bin_handle_message_func:<glimagesinkbin0> [msg 0xe9019e68] handling child glcolorconvertelement0 message of type error
06-09 08:18:16.753  6032  6081 D GStreamer+bin: 0:00:55.248135864 0xe9014c30 gstbin.c:3661:gst_bin_handle_message_func:<glimagesinkbin0> got ERROR message, unlocking state change
06-09 08:18:16.753  6032  6081 D GStreamer+bin: 0:00:55.248155239 0xe9014c30 gstbin.c:3991:gst_bin_handle_message_func:<glimagesinkbin0> posting message upward
06-09 08:18:16.753  6032  6081 W GStreamer+structure: 0:00:55.248184458 0xe9014c30 gststructure.c:1935:priv_gst_structure_append_to_gstring No value transform to serialize field 'gerror' of type 'GError'
06-09 08:18:16.753  6032  6081 D GStreamer+GST_BUS: 0:00:55.248174250 0xe9014c30 gstbus.c:309:gst_bus_post:<bus2> [msg 0xe9019e68] posting on bus error message: 0xe9019e68, time 99:99:99.999999999, seq-num 165, element 'glcolorconvertelement0', GstMessageError, gerror=(GError)NULL, debug=(string)"gstglcolorconvertelement.c\(218\):\ gst_gl_color_convert_element_prepare_output_buffer\ \(\):\ /GstPipeline:pipeline0/GstGLImageSinkBin:glimagesinkbin0/GstGLColorConvertElement:glcolorconvertelement0";
06-09 08:18:16.753  6032  6081 D GStreamer+bin: 0:00:55.248243364 0xe9014c30 gstbin.c:3654:gst_bin_handle_message_func:<pipeline0> [msg 0xe9019e68] handling child glcolorconvertelement0 message of type error
06-09 08:18:16.753  6032  6081 D GStreamer+bin: 0:00:55.248266698 0xe9014c30 gstbin.c:3661:gst_bin_handle_message_func:<pipeline0> got ERROR message, unlocking state change
06-09 08:18:16.753  6032  6081 D GStreamer+bin: 0:00:55.248287531 0xe9014c30 gstbin.c:3991:gst_bin_handle_message_func:<pipeline0> posting message upward
06-09 08:18:16.753  6032  6081 W GStreamer+structure: 0:00:55.248316958 0xe9014c30 gststructure.c:1935:priv_gst_structure_append_to_gstring No value transform to serialize field 'gerror' of type 'GError'
06-09 08:18:16.753  6032  6081 D GStreamer+GST_BUS: 0:00:55.248306437 0xe9014c30 gstbus.c:309:gst_bus_post:<bus3> [msg 0xe9019e68] posting on bus error message: 0xe9019e68, time 99:99:99.999999999, seq-num 165, element 'glcolorconvertelement0', GstMessageError, gerror=(GError)NULL, debug=(string)"gstglcolorconvertelement.c\(218\):\ gst_gl_color_convert_element_prepare_output_buffer\ \(\):\ /GstPipeline:pipeline0/GstGLImageSinkBin:glimagesinkbin0/GstGLColorConvertElement:glcolorconvertelement0";
06-09 08:18:16.753  6032  6081 D GStreamer+GST_BUS: 0:00:55.248373416 0xe9014c30 gstbus.c:348:gst_bus_post:<bus3> [msg 0xe9019e68] pushing on async queue
06-09 08:18:16.753  6032  6081 D GStreamer+GST_BUS: 0:00:55.248401489 0xe9014c30 gstbus.c:351:gst_bus_post:<bus3> [msg 0xe9019e68] pushed on async queue
06-09 08:18:16.753  6032  6081 D GStreamer+GST_BUS: 0:00:55.248435135 0xe9014c30 gstbus.c:344:gst_bus_post:<bus2> [msg 0xe9019e68] dropped
06-09 08:18:16.753  6032  6071 D GStreamer+GST_BUS: 0:00:55.248437843 0xe91c2800 gstbus.c:521:gst_bus_timed_pop_filtered:<bus3> got message 0xe9019e68, error from glcolorconvertelement0, type mask is 4294967295
06-09 08:18:16.753  6032  6081 D GStreamer+GST_BUS: 0:00:55.248459250 0xe9014c30 gstbus.c:344:gst_bus_post:<bus1> [msg 0xe9019e68] dropped
06-09 08:18:16.753  6032  6081 I GStreamer+GST_ERROR_SYSTEM: 0:00:55.248478573 0xe9014c30 gstelement.c:1904:gst_element_message_full:<glcolorconvertelement0> posted error message: Failed to convert video buffer
06-09 08:18:16.753  6032  6071 W GStreamer+structure: 0:00:55.248482218 0xe91c2800 gststructure.c:1935:priv_gst_structure_append_to_gstring No value transform to serialize field 'gerror' of type 'GError'
06-09 08:18:16.753  6032  6071 D GStreamer+GST_BUS: 0:00:55.248469718 0xe91c2800 gstbus.c:789:gst_bus_source_dispatch:<bus3> source 0xe9347a18 calling dispatch with error message: 0xe9019e68, time 99:99:99.999999999, seq-num 165, element 'glcolorconvertelement0', GstMessageError, gerror=(GError)NULL, debug=(string)"gstglcolorconvertelement.c\(218\):\ gst_gl_color_convert_element_prepare_output_buffer\ \(\):\ /GstPipeline:pipeline0/GstGLImageSinkBin:glimagesinkbin0/GstGLColorConvertElement:glcolorconvertelement0";
06-09 08:18:16.753  6032  6071 I System.out: Gst setMessage (0) Error received from element glcolorconvertelement0: Failed to convert video buffer
06-09 08:18:16.753  6032  6071 D GStreamer+GST_STATES: 0:00:55.248617948 0xe91c2800 gstelement.c:2525:gst_element_set_state_func:<pipeline0> set_state to NULL
06-09 08:18:16.753  6032  6071 D GStreamer+GST_STATES: 0:00:55.248644614 0xe91c2800 gstelement.c:2550:gst_element_set_state_func:<pipeline0> setting target state to NULL
06-09 08:18:16.753  6032  6071 D GStreamer+GST_STATES: 0:00:55.248665083 0xe91c2800 gstelement.c:2563:gst_element_set_state_func:<pipeline0> current READY, old_pending VOID_PENDING, next VOID_PENDING, old return FAILURE
