06-09 08:18:16.688  6032  6082 D GStreamer+GST_MEMORY: 0:00:55.183395448 0xe9014c90 gstmemory.c:138:gst_memory_init new memory 0xe93a8b30, maxsize:14291 offset:0 size:14288
06-09 08:18:16.688  6032  6082 D GStreamer+codecparsers_h264: 0:00:55.183450291 0xe9014c90 gsth264parser.c:1407:gst_h264_parser_identify_nalu_avc Can't parse, buffer has too small size 14288, offset 14288
06-09 08:18:16.688  6032  6082 D GStreamer+GST_CAPS: 0:00:55.183484562 0xe9014c90 gstpad.c:2644:gst_pad_has_current_caps:<h264parse0:src> check current pad caps video/x-h264, stream-format=(string)byte-stream, alignment=(string)au, level=(string)4, profile=(string)high, width=(int)1280, height=(int)1440, framerate=(fraction)105/4, pixel-aspect-ratio=(fraction)1/1, parsed=(boolean)true
06-09 08:18:16.688  6032  6082 D GStreamer+GST_MEMORY: 0:00:55.183548156 0xe9014c90 gstmemory.c:87:_gst_memory_free free memory 0xe93ae890
06-09 08:18:16.688  6032  6082 D GStreamer+GST_CAPS: 0:00:55.183583468 0xe9014c90 gstpad.c:2644:gst_pad_has_current_caps:<h264parse0:src> check current pad caps video/x-h264, stream-format=(string)byte-stream, alignment=(string)au, level=(string)4, profile=(string)high, width=(int)1280, height=(int)1440, framerate=(fraction)105/4, pixel-aspect-ratio=(fraction)1/1, parsed=(boolean)true
06-09 08:18:16.688  6032  6082 D GStreamer+h264parse: 0:00:55.183633885 0xe9014c90 gsth264parse.c:182:gst_h264_parse_reset_frame:<h264parse0> reset frame
06-09 08:18:16.688  6032  6082 D GStreamer+GST_SCHEDULING: 0:00:55.183661177 0xe9014c90 gstpad.c:4193:gst_pad_chain_data_unchecked:<capsfilter0:sink> calling chainfunction &gst_base_transform_chain with buffer buffer: 0xe9351058, pts 0:00:00.342621231, dts 0:00:00.304552206, dur 0:00:00.038095238, size 14288, offset 231950, offset_end none, flags 0x2000
06-09 08:18:16.688  6032  6082 D GStreamer+basetransform: 0:00:55.183718729 0xe9014c90 gstbasetransform.c:2033:default_submit_input_buffer:<capsfilter0> handling buffer 0xe9351058 of size 14288, PTS 0:00:00.342621231 and offset 231950
06-09 08:18:16.688  6032  6082 D GStreamer+basetransform: 0:00:55.183755135 0xe9014c90 gstbasetransform.c:2150:default_generate_output:<capsfilter0> calling prepare buffer
06-09 08:18:16.688  6032  6082 D GStreamer+basetransform: 0:00:55.183777114 0xe9014c90 gstbasetransform.c:2157:default_generate_output:<capsfilter0> using allocated buffer in 0xe9351058, out 0xe9351058
06-09 08:18:16.689  6032  6082 D GStreamer+basetransform: 0:00:55.183799875 0xe9014c90 gstbasetransform.c:2174:default_generate_output:<capsfilter0> doing inplace transform
06-09 08:18:16.689  6032  6082 D GStreamer+GST_SCHEDULING: 0:00:55.183821802 0xe9014c90 gstpad.c:4193:gst_pad_chain_data_unchecked:<amcvideodec-omxnvidiah264decode0:sink> calling chainfunction &gst_video_decoder_chain with buffer buffer: 0xe9351058, pts 0:00:00.342621231, dts 0:00:00.304552206, dur 0:00:00.038095238, size 14288, offset 231950, offset_end none, flags 0x2000
06-09 08:18:16.689  6032  6082 D GStreamer+amcvideodec: 0:00:55.183892948 0xe9014c90 gstamcvideodec.c:2125:gst_amc_video_dec_handle_frame:<amcvideodec-omxnvidiah264decode0> Handling frame
06-09 08:18:16.689  6032  6082 D GStreamer+amcvideodec: 0:00:55.184149927 0xe9014c90 gstamcvideodec.c:2239:gst_amc_video_dec_handle_frame:<amcvideodec-omxnvidiah264decode0> Queueing buffer 8: size 14288 time 342621 flags 0x00000000
06-09 08:18:16.689  6032  6082 D GStreamer+GST_SCHEDULING: 0:00:55.184306073 0xe9014c90 gstpad.c:4199:gst_pad_chain_data_unchecked:<amcvideodec-omxnvidiah264decode0:sink> called chainfunction &gst_video_decoder_chain with buffer 0xe9351058, returned ok
06-09 08:18:16.689  6032  6082 D GStreamer+GST_SCHEDULING: 0:00:55.184362791 0xe9014c90 gstpad.c:4199:gst_pad_chain_data_unchecked:<capsfilter0:sink> called chainfunction &gst_base_transform_chain with buffer 0xe9351058, returned ok
06-09 08:18:16.689  6032  6082 D GStreamer+baseparse: 0:00:55.184398833 0xe9014c90 gstbaseparse.c:3165:gst_base_parse_chain:<h264parse0> not enough data available (only 0 bytes)
06-09 08:18:16.689  6032  6082 D GStreamer+GST_SCHEDULING: 0:00:55.184444093 0xe9014c90 gstpad.c:4199:gst_pad_chain_data_unchecked:<h264parse0:sink> called chainfunction &gst_base_parse_chain with buffer 0xe9351698, returned ok
06-09 08:18:16.689  6032  6082 D GStreamer+GST_SCHEDULING: 0:00:55.184476437 0xe9014c90 gstpad.c:4199:gst_pad_chain_data_unchecked:<typefind:sink> called chainfunction &gst_type_find_element_chain with buffer 0xe9351698, returned ok
06-09 08:18:16.689  6032  6082 D GStreamer+GST_SCHEDULING: 0:00:55.184505916 0xe9014c90 gstpad.c:4199:gst_pad_chain_data_unchecked:<forhwgl:sink> called chainfunction &gst_proxy_pad_chain_default with buffer 0xe9351698, returned ok
06-09 08:18:16.689  6032  6082 D GStreamer+GST_SCHEDULING: 0:00:55.184544666 0xe9014c90 gstpad.c:4193:gst_pad_chain_data_unchecked:<forhwgl:sink> calling chainfunction &gst_proxy_pad_chain_default with buffer buffer: 0xe9351738, pts 0:00:00.532966360, dts 0:00:00.342621231, dur 0:00:00.038069026, size 36579, offset none, offset_end none, flags 0x2000
06-09 08:18:16.689  6032  6082 D GStreamer+GST_SCHEDULING: 0:00:55.184604614 0xe9014c90 gstpad.c:4193:gst_pad_chain_data_unchecked:<typefind:sink> calling chainfunction &gst_type_find_element_chain with buffer buffer: 0xe9351738, pts 0:00:00.532966360, dts 0:00:00.342621231, dur 0:00:00.038069026, size 36579, offset none, offset_end none, flags 0x2000
06-09 08:18:16.689  6032  6082 D GStreamer+GST_SCHEDULING: 0:00:55.184659041 0xe9014c90 gstpad.c:4193:gst_pad_chain_data_unchecked:<h264parse0:sink> calling chainfunction &gst_base_parse_chain with buffer buffer: 0xe9351738, pts 0:00:00.532966360, dts 0:00:00.342621231, dur 0:00:00.038069026, size 36579, offset none, offset_end none, flags 0x2000
06-09 08:18:16.689  6032  6082 D GStreamer+baseparse: 0:00:55.184709458 0xe9014c90 gstbaseparse.c:2996:gst_base_parse_chain:<h264parse0> chain
06-09 08:18:16.689  6032  6082 D GStreamer+GST_PERFORMANCE: 0:00:55.184744406 0xe9014c90 gstminiobject.c:327:gst_mini_object_make_writable copy GstBuffer miniobject 0xe9351738 -> 0xe9351418
06-09 08:18:16.689  6032  6082 D GStreamer+codecparsers_h264: 0:00:55.184777427 0xe9014c90 gsth264parser.c:253:gst_h264_parse_nalu_header Nal type 1, ref_idc 2
06-09 08:18:16.690  6032  6082 D GStreamer+h264parse: 0:00:55.184800031 0xe9014c90 gsth264parse.c:979:gst_h264_parse_handle_frame_packetized:<h264parse0> AVC nal offset 36579
06-09 08:18:16.690  6032  6082 D GStreamer+h264parse: 0:00:55.184821854 0xe9014c90 gsth264parse.c:714:gst_h264_parse_process_nal:<h264parse0> processing nal of type 1 Slice, size 36575
06-09 08:18:16.690  6032  6082 D GStreamer+h264parse: 0:00:55.184846541 0xe9014c90 gsth264parse.c:820:gst_h264_parse_process_nal:<h264parse0> first_mb_in_slice = 0
06-09 08:18:16.690  6032  6082 D GStreamer+h264parse: 0:00:55.184869458 0xe9014c90 gsth264parse.c:823:gst_h264_parse_process_nal:<h264parse0> frame start: 1
06-09 08:18:16.690  6032  6082 D GStreamer+codecparsers_h264: 0:00:55.184890448 0xe9014c90 gsth264parser.c:2089:gst_h264_parser_parse_slice_hdr parsing "Slice header", slice type 5
06-09 08:18:16.690  6032  6082 D GStreamer+codecparsers_h264: 0:00:55.184917323 0xe9014c90 gsth264parser.c:767:gst_h264_slice_parse_pred_weight_table parsing "Prediction weight table"
06-09 08:18:16.690  6032  6082 D GStreamer+codecparsers_h264: 0:00:55.184937427 0xe9014c90 gsth264parser.c:711:gst_h264_slice_parse_dec_ref_pic_marking parsing "Decoded reference picture marking"
06-09 08:18:16.690  6032  6082 D GStreamer+h264parse: 0:00:55.184957271 0xe9014c90 gsth264parse.c:833:gst_h264_parse_process_nal:<h264parse0> parse result 0, first MB: 0, slice type: 5
06-09 08:18:16.690  6032  6082 D GStreamer+h264parse: 0:00:55.184982062 0xe9014c90 gsth264parse.c:421:gst_h264_parse_wrap_nal:<h264parse0> nal length 36575
06-09 08:18:16.690  6032  6082 D GStreamer+GST_MEMORY: 0:00:55.185033312 0xe9014c90 gstmemory.c:138:gst_memory_init new memory 0xe9471038, maxsize:36582 offset:0 size:36579
06-09 08:18:16.690  6032  6082 D GStreamer+codecparsers_h264: 0:00:55.185118208 0xe9014c90 gsth264parser.c:1407:gst_h264_parser_identify_nalu_avc Can't parse, buffer has too small size 36579, offset 36579
06-09 08:18:16.690  6032  6082 D GStreamer+GST_CAPS: 0:00:55.185158156 0xe9014c90 gstpad.c:2644:gst_pad_has_current_caps:<h264parse0:src> check current pad caps video/x-h264, stream-format=(string)byte-stream, alignment=(string)au, level=(string)4, profile=(string)high, width=(int)1280, height=(int)1440, framerate=(fraction)105/4, pixel-aspect-ratio=(fraction)1/1, parsed=(boolean)true
06-09 08:18:16.690  6032  6082 D GStreamer+GST_MEMORY: 0:00:55.185230343 0xe9014c90 gstmemory.c:87:_gst_memory_free free memory 0xe93b20b8
06-09 08:18:16.690  6032  6082 D GStreamer+GST_CAPS: 0:00:55.185271698 0xe9014c90 gstpad.c:2644:gst_pad_has_current_caps:<h264parse0:src> check current pad caps video/x-h264, stream-format=(string)byte-stream, alignment=(string)au, level=(string)4, profile=(string)high, width=(int)1280, height=(int)1440, framerate=(fraction)105/4, pixel-aspect-ratio=(fraction)1/1, parsed=(boolean)true
06-09 08:18:16.690  6032  6082 D GStreamer+h264parse: 0:00:55.185326229 0xe9014c90 gsth264parse.c:182:gst_h264_parse_reset_frame:<h264parse0> reset frame
06-09 08:18:16.690  6032  6082 D GStreamer+baseparse: 0:00:55.185358625 0xe9014c90 gstbaseparse.c:945:gst_base_parse_queue_tag_event_update:<h264parse0> merged   : taglist, video-codec=(string)"H.264\ \(High\ Profile\)", language-code=(string)en, bitrate=(uint)4413700;
06-09 08:18:16.690  6032  6082 D GStreamer+GST_EVENT: 0:00:55.185411958 0xe9014c90 gstevent.c:302:gst_event_new_custom creating new event 0xe927d9c8 tag 20510
06-09 08:18:16.690  6032  6082 D GStreamer+GST_PADS: 0:00:55.185465135 0xe9014c90 gstpad.c:3853:check_sticky:<h264parse0:src> pushing all sticky events
06-09 08:18:16.690  6032  6082 D GStreamer+GST_PADS: 0:00:55.185487843 0xe9014c90 gstpad.c:3785:push_sticky:<h264parse0:src> event stream-start was already received
06-09 08:18:16.690  6032  6082 D GStreamer+GST_PADS: 0:00:55.185511177 0xe9014c90 gstpad.c:3785:push_sticky:<h264parse0:src> event caps was already received
06-09 08:18:16.690  6032  6082 D GStreamer+GST_PADS: 0:00:55.185532531 0xe9014c90 gstpad.c:3785:push_sticky:<h264parse0:src> event segment was already received
06-09 08:18:16.690  6032  6082 D GStreamer+GST_EVENT: 0:00:55.185555864 0xe9014c90 gstpad.c:5536:gst_pad_send_event_unchecked:<capsfilter0:sink> have event type tag event: 0xe927d9c8, time 99:99:99.999999999, seq-num 144, GstTagList-stream, taglist=(taglist)"taglist\,\ video-codec\=\(string\)\"H.264\\\ \\\(High\\\ Profile\\\)\"\,\ language-code\=\(string\)en\,\ bitrate\=\(uint\)4413700\,\ minimum-bitrate\=\(uint\)7681590\,\ maximum-bitrate\=\(uint\)7681590\;";
06-09 08:18:16.690  6032  6082 D GStreamer+GST_PADS: 0:00:55.185640604 0xe9014c90 gstpad.c:3853:check_sticky:<capsfilter0:src> pushing all sticky events
06-09 08:18:16.690  6032  6082 D GStreamer+GST_PADS: 0:00:55.185664875 0xe9014c90 gstpad.c:3785:push_sticky:<capsfilter0:src> event stream-start was already received
06-09 08:18:16.690  6032  6082 D GStreamer+GST_PADS: 0:00:55.185686541 0xe9014c90 gstpad.c:3785:push_sticky:<capsfilter0:src> event caps was already received
06-09 08:18:16.690  6032  6082 D GStreamer+GST_PADS: 0:00:55.185707583 0xe9014c90 gstpad.c:3785:push_sticky:<capsfilter0:src> event segment was already received
06-09 08:18:16.690  6032  6082 D GStreamer+GST_EVENT: 0:00:55.185732062 0xe9014c90 gstpad.c:5536:gst_pad_send_event_unchecked:<amcvideodec-omxnvidiah264decode0:sink> have event type tag event: 0xe927d9c8, time 99:99:99.999999999, seq-num 144, GstTagList-stream, taglist=(taglist)"taglist\,\ video-codec\=\(string\)\"H.264\\\ \\\(High\\\ Profile\\\)\"\,\ language-code\=\(string\)en\,\ bitrate\=\(uint\)4413700\,\ minimum-bitrate\=\(uint\)7681590\,\ maximum-bitrate\=\(uint\)7681590\;";
06-09 08:18:16.691  6032  6082 D GStreamer+videodecoder: 0:00:55.185802323 0xe9014c90 gstvideodecoder.c:1486:gst_video_decoder_sink_event:<amcvideodec-omxnvidiah264decode0> received event 20510, tag
06-09 08:18:16.691  6032  6082 I GStreamer+videodecoder: 0:00:55.185835968 0xe9014c90 gstvideodecoder.c:1432:gst_video_decoder_sink_event_default:<amcvideodec-omxnvidiah264decode0> upstream tags: taglist, video-codec=(string)"H.264\ \(High\ Profile\)", language-code=(string)en, bitrate=(uint)4413700, minimum-bitrate=(uint)7681590, maximum-bitrate=(uint)7681590;
06-09 08:18:16.691  6032  6082 D GStreamer+videodecoder: 0:00:55.185886646 0xe9014c90 gstvideodecoder.c:937:gst_video_decoder_create_merged_tags_event:<amcvideodec-omxnvidiah264decode0> merged   : taglist, video-codec=(string)"H.264\ \(High\ Profile\)", language-code=(string)en, bitrate=(uint)4413700, minimum-bitrate=(uint)7681590, maximum-bitrate=(uint)7681590;
06-09 08:18:16.691  6032  6082 D GStreamer+GST_EVENT: 0:00:55.185933156 0xe9014c90 gstevent.c:302:gst_event_new_custom creating new event 0xe90bb1c0 tag 20510
06-09 08:18:16.691  6032  6082 D GStreamer+GST_PADS: 0:00:55.185957583 0xe9014c90 gstpad.c:5609:gst_pad_send_event_unchecked:<amcvideodec-omxnvidiah264decode0:sink> sent event, ret ok
06-09 08:18:16.691  6032  6082 D GStreamer+GST_PADS: 0:00:55.185980396 0xe9014c90 gstpad.c:3805:push_sticky:<capsfilter0:src> event tag marked received
06-09 08:18:16.691  6032  6082 D GStreamer+GST_PADS: 0:00:55.186001229 0xe9014c90 gstpad.c:3785:push_sticky:<capsfilter0:src> event tag was already received
06-09 08:18:16.691  6032  6082 D GStreamer+GST_PADS: 0:00:55.186023885 0xe9014c90 gstpad.c:5609:gst_pad_send_event_unchecked:<capsfilter0:sink> sent event, ret ok
06-09 08:18:16.691  6032  6082 D GStreamer+GST_PADS: 0:00:55.186050239 0xe9014c90 gstpad.c:3805:push_sticky:<h264parse0:src> event tag marked received
06-09 08:18:16.691  6032  6082 D GStreamer+GST_PADS: 0:00:55.186070864 0xe9014c90 gstpad.c:3785:push_sticky:<h264parse0:src> event tag was already received
06-09 08:18:16.691  6032  6082 D GStreamer+GST_SCHEDULING: 0:00:55.186098208 0xe9014c90 gstpad.c:4193:gst_pad_chain_data_unchecked:<capsfilter0:sink> calling chainfunction &gst_base_transform_chain with buffer buffer: 0xe93510f8, pts 0:00:00.532966360, dts 0:00:00.342621231, dur 0:00:00.038095238, size 36579, offset 246238, offset_end none, flags 0x2000
06-09 08:18:16.691  6032  6082 D GStreamer+basetransform: 0:00:55.186151229 0xe9014c90 gstbasetransform.c:2033:default_submit_input_buffer:<capsfilter0> handling buffer 0xe93510f8 of size 36579, PTS 0:00:00.532966360 and offset 246238
06-09 08:18:16.691  6032  6082 D GStreamer+basetransform: 0:00:55.186183416 0xe9014c90 gstbasetransform.c:2150:default_generate_output:<capsfilter0> calling prepare buffer
06-09 08:18:16.691  6032  6082 D GStreamer+basetransform: 0:00:55.186201437 0xe9014c90 gstbasetransform.c:2157:default_generate_output:<capsfilter0> using allocated buffer in 0xe93510f8, out 0xe93510f8
06-09 08:18:16.691  6032  6082 D GStreamer+basetransform: 0:00:55.186221906 0xe9014c90 gstbasetransform.c:2174:default_generate_output:<capsfilter0> doing inplace transform
06-09 08:18:16.691  6032  6082 D GStreamer+GST_SCHEDULING: 0:00:55.186241802 0xe9014c90 gstpad.c:4193:gst_pad_chain_data_unchecked:<amcvideodec-omxnvidiah264decode0:sink> calling chainfunction &gst_video_decoder_chain with buffer buffer: 0xe93510f8, pts 0:00:00.532966360, dts 0:00:00.342621231, dur 0:00:00.038095238, size 36579, offset 246238, offset_end none, flags 0x2000
06-09 08:18:16.691  6032  6082 D GStreamer+amcvideodec: 0:00:55.186298416 0xe9014c90 gstamcvideodec.c:2125:gst_amc_video_dec_handle_frame:<amcvideodec-omxnvidiah264decode0> Handling frame
06-09 08:18:16.691  6032  6082 D GStreamer+amcvideodec: 0:00:55.186567635 0xe9014c90 gstamcvideodec.c:2239:gst_amc_video_dec_handle_frame:<amcvideodec-omxnvidiah264decode0> Queueing buffer 9: size 36579 time 532966 flags 0x00000000
06-09 08:18:16.691  6032  6082 D GStreamer+GST_SCHEDULING: 0:00:55.186695031 0xe9014c90 gstpad.c:4199:gst_pad_chain_data_unchecked:<amcvideodec-omxnvidiah264decode0:sink> called chainfunction &gst_video_decoder_chain with buffer 0xe93510f8, returned ok
06-09 08:18:16.691  6032  6082 D GStreamer+GST_SCHEDULING: 0:00:55.186733729 0xe9014c90 gstpad.c:4199:gst_pad_chain_data_unchecked:<capsfilter0:sink> called chainfunction &gst_base_transform_chain with buffer 0xe93510f8, returned ok
06-09 08:18:16.691  6032  6082 D GStreamer+baseparse: 0:00:55.186765604 0xe9014c90 gstbaseparse.c:3165:gst_base_parse_chain:<h264parse0> not enough data available (only 0 bytes)
06-09 08:18:16.692  6032  6082 D GStreamer+GST_SCHEDULING: 0:00:55.186787896 0xe9014c90 gstpad.c:4199:gst_pad_chain_data_unchecked:<h264parse0:sink> called chainfunction &gst_base_parse_chain with buffer 0xe9351738, returned ok
06-09 08:18:16.692  6032  6082 D GStreamer+GST_SCHEDULING: 0:00:55.186812739 0xe9014c90 gstpad.c:4199:gst_pad_chain_data_unchecked:<typefind:sink> called chainfunction &gst_type_find_element_chain with buffer 0xe9351738, returned ok
06-09 08:18:16.692  6032  6082 D GStreamer+GST_SCHEDULING: 0:00:55.186839979 0xe9014c90 gstpad.c:4199:gst_pad_chain_data_unchecked:<forhwgl:sink> called chainfunction &gst_proxy_pad_chain_default with buffer 0xe9351738, returned ok
06-09 08:18:16.692  6032  6082 D GStreamer+GST_SCHEDULING: 0:00:55.186875448 0xe9014c90 gstpad.c:4193:gst_pad_chain_data_unchecked:<forhwgl:sink> calling chainfunction &gst_proxy_pad_chain_default with buffer buffer: 0xe90b6030, pts 0:00:00.456828309, dts 0:00:00.380690257, dur 0:00:00.038069026, size 19785, offset none, offset_end none, flags 0x2000
06-09 08:18:16.692  6032  6082 D GStreamer+GST_SCHEDULING: 0:00:55.186929250 0xe9014c90 gstpad.c:4193:gst_pad_chain_data_unchecked:<typefind:sink> calling chainfunction &gst_type_find_element_chain with buffer buffer: 0xe90b6030, pts 0:00:00.456828309, dts 0:00:00.380690257, dur 0:00:00.038069026, size 19785, offset none, offset_end none, flags 0x2000
06-09 08:18:16.692  6032  6082 D GStreamer+GST_SCHEDULING: 0:00:55.186976333 0xe9014c90 gstpad.c:4193:gst_pad_chain_data_unchecked:<h264parse0:sink> calling chainfunction &gst_base_parse_chain with buffer buffer: 0xe90b6030, pts 0:00:00.456828309, dts 0:00:00.380690257, dur 0:00:00.038069026, size 19785, offset none, offset_end none, flags 0x2000
06-09 08:18:16.692  6032  6082 D GStreamer+baseparse: 0:00:55.187019875 0xe9014c90 gstbaseparse.c:2996:gst_base_parse_chain:<h264parse0> chain
06-09 08:18:16.693   995  6089 D NvOsDebugPrintf: TVMR: cctx->bAbortInputBuffer = 0, cctx->bEOSAbortOutputBuffer = 0 
06-09 08:18:16.694  6032  6082 D GStreamer+amcvideodec: 0:00:55.189276281 0xe9014c90 gstamcvideodec.c:2239:gst_amc_video_dec_handle_frame:<amcvideodec-omxnvidiah264decode0> Queueing buffer 0: size 19785 time 456828 flags 0x00000000
06-09 08:18:16.694  6032  6082 D GStreamer+GST_SCHEDULING: 0:00:55.189404875 0xe9014c90 gstpad.c:4199:gst_pad_chain_data_unchecked:<amcvideodec-omxnvidiah264decode0:sink> called chainfunction &gst_video_decoder_chain with buffer 0xe9351238, returned ok
06-09 08:18:16.694  6032  6082 D GStreamer+GST_SCHEDULING: 0:00:55.189462271 0xe9014c90 gstpad.c:4199:gst_pad_chain_data_unchecked:<capsfilter0:sink> called chainfunction &gst_base_transform_chain with buffer 0xe9351238, returned ok
06-09 08:18:16.694  6032  6082 D GStreamer+baseparse: 0:00:55.189493312 0xe9014c90 gstbaseparse.c:3165:gst_base_parse_chain:<h264parse0> not enough data available (only 0 bytes)
06-09 08:18:16.695  6032  6082 D GStreamer+GST_SCHEDULING: 0:00:55.189765708 0xe9014c90 gstpad.c:4199:gst_pad_chain_data_unchecked:<h264parse0:sink> called chainfunction &gst_base_parse_chain with buffer 0xe90b6030, returned ok
06-09 08:18:16.695  6032  6082 D GStreamer+GST_SCHEDULING: 0:00:55.189974302 0xe9014c90 gstpad.c:4199:gst_pad_chain_data_unchecked:<typefind:sink> called chainfunction &gst_type_find_element_chain with buffer 0xe90b6030, returned ok
06-09 08:18:16.695  6032  6082 D GStreamer+GST_SCHEDULING: 0:00:55.190006385 0xe9014c90 gstpad.c:4199:gst_pad_chain_data_unchecked:<forhwgl:sink> called chainfunction &gst_proxy_pad_chain_default with buffer 0xe90b6030, returned ok
06-09 08:18:16.695  6032  6083 D GStreamer+queue_dataflow: 0:00:55.190051854 0xe9014cf0 gstqueue.c:1228:gst_queue_chain_buffer_or_list:<queue0> queue is not full
06-09 08:18:16.695  6032  6082 D GStreamer+GST_SCHEDULING: 0:00:55.190045239 0xe9014c90 gstpad.c:4193:gst_pad_chain_data_unchecked:<forhwgl:sink> calling chainfunction &gst_proxy_pad_chain_default with buffer buffer: 0xe90b60d0, pts 0:00:00.418759283, dts 0:00:00.418759283, dur 0:00:00.038069026, size 14255, offset none, offset_end none, flags 0x2000
06-09 08:18:16.695  6032  6083 D GStreamer+GST_SCHEDULING: 0:00:55.190096698 0xe9014cf0 gstpad.c:4199:gst_pad_chain_data_unchecked:<queue0:sink> called chainfunction &gst_queue_chain with buffer 0xe942d940, returned ok
06-09 08:18:16.695  6032  6082 D GStreamer+GST_SCHEDULING: 0:00:55.190102010 0xe9014c90 gstpad.c:4193:gst_pad_chain_data_unchecked:<typefind:sink> calling chainfunction &gst_type_find_element_chain with buffer buffer: 0xe90b60d0, pts 0:00:00.418759283, dts 0:00:00.418759283, dur 0:00:00.038069026, size 14255, offset none, offset_end none, flags 0x2000
06-09 08:18:16.695  6032  6083 D GStreamer+qtdemux: 0:00:55.190135239 0xe9014cf0 qtdemux.c:8035:qtdemux_parse_samples:<q> parsing up to sample 39
06-09 08:18:16.695  6032  6083 D GStreamer+qtdemux: 0:00:55.190166229 0xe9014cf0 qtdemux.c:8242:qtdemux_parse_samples:<q> sample 39: index 39, timestamp 0:00:01.484692005
06-09 08:18:16.695  6032  6082 D GStreamer+GST_SCHEDULING: 0:00:55.190159875 0xe9014c90 gstpad.c:4193:gst_pad_chain_data_unchecked:<h264parse0:sink> calling chainfunction &gst_base_parse_chain with buffer buffer: 0xe90b60d0, pts 0:00:00.418759283, dts 0:00:00.418759283, dur 0:00:00.038069026, size 14255, offset none, offset_end none, flags 0x2000
06-09 08:18:16.695  6032  6082 D GStreamer+baseparse: 0:00:55.190216854 0xe9014c90 gstbaseparse.c:2996:gst_base_parse_chain:<h264parse0> chain
06-09 08:18:16.695  6032  6083 D GStreamer+qtdemux: 0:00:55.190213052 0xe9014cf0 qtdemux.c:5525:gst_qtdemux_loop_state_movie:<q> pushing from stream 0, empty 0 offset 883811, size 13907, dts=0:00:01.484692005, pts=0:00:01.484692005, duration 0:00:00.038069026
06-09 08:18:16.695  6032  6082 D GStreamer+GST_PERFORMANCE: 0:00:55.190244250 0xe9014c90 gstminiobject.c:327:gst_mini_object_make_writable copy GstBuffer miniobject 0xe90b60d0 -> 0xe92e1ab0
06-09 08:18:16.695  6032  6082 D GStreamer+codecparsers_h264: 0:00:55.190274875 0xe9014c90 gsth264parser.c:253:gst_h264_parse_nalu_header Nal type 1, ref_idc 0
06-09 08:18:16.695  6032  6083 D GStreamer+basesrc: 0:00:55.190276906 0xe9014cf0 gstbasesrc.c:2354:gst_base_src_update_length:<filesrc0> reading offset 883811, length 13907, size 22092204, segment.stop -1, maxsize 22092204
06-09 08:18:16.695  6032  6082 D GStreamer+h264parse: 0:00:55.190301906 0xe9014c90 gsth264parse.c:979:gst_h264_parse_handle_frame_packetized:<h264parse0> AVC nal offset 14255
06-09 08:18:16.695  6032  6083 D GStreamer+basesrc: 0:00:55.190314875 0xe9014cf0 gstbasesrc.c:2455:gst_base_src_get_range:<filesrc0> calling create offset 883811 length 13907, time 0
06-09 08:18:16.695  6032  6082 D GStreamer+h264parse: 0:00:55.190324510 0xe9014c90 gsth264parse.c:714:gst_h264_parse_process_nal:<h264parse0> processing nal of type 1 Slice, size 14251
06-09 08:18:16.695  6032  6083 D GStreamer+GST_MEMORY: 0:00:55.190365864 0xe9014cf0 gstmemory.c:138:gst_memory_init new memory 0xe947e958, maxsize:13910 offset:0 size:13907
06-09 08:18:16.695  6032  6082 D GStreamer+h264parse: 0:00:55.190376281 0xe9014c90 gsth264parse.c:820:gst_h264_parse_process_nal:<h264parse0> first_mb_in_slice = 0
06-09 08:18:16.695  6032  6082 D GStreamer+h264parse: 0:00:55.190400708 0xe9014c90 gsth264parse.c:823:gst_h264_parse_process_nal:<h264parse0> frame start: 1
06-09 08:18:16.695  6032  6083 D GStreamer+basesrc: 0:00:55.190436125 0xe9014cf0 gstbasesrc.c:2309:gst_base_src_do_sync:<filesrc0> we have no clock
06-09 08:18:16.695  6032  6082 D GStreamer+codecparsers_h264: 0:00:55.190442896 0xe9014c90 gsth264parser.c:2089:gst_h264_parser_parse_slice_hdr parsing "Slice header", slice type 6
06-09 08:18:16.695  6032  6083 D GStreamer+basesrc: 0:00:55.190460031 0xe9014cf0 gstbasesrc.c:2519:gst_base_src_get_range:<filesrc0> buffer ok
06-09 08:18:16.695  6032  6082 D GStreamer+h264parse: 0:00:55.190466593 0xe9014c90 gsth264parse.c:833:gst_h264_parse_process_nal:<h264parse0> parse result 0, first MB: 0, slice type: 6
06-09 08:18:16.695  6032  6082 D GStreamer+h264parse: 0:00:55.190492479 0xe9014c90 gsth264parse.c:421:gst_h264_parse_wrap_nal:<h264parse0> nal length 14251
06-09 08:18:16.695  6032  6082 D GStreamer+GST_MEMORY: 0:00:55.190536958 0xe9014c90 gstmemory.c:138:gst_memory_init new memory 0xe9482008, maxsize:14258 offset:0 size:14255
06-09 08:18:16.695  6032  6083 D GStreamer+GST_SCHEDULING: 0:00:55.190485031 0xe9014cf0 gstpad.c:4193:gst_pad_chain_data_unchecked:<queue0:sink> calling chainfunction &gst_queue_chain with buffer buffer: 0xe942d9e0, pts 0:00:01.484692005, dts 0:00:01.484692005, dur 0:00:00.038069026, size 13907, offset none, offset_end none, flags 0x2000
06-09 08:18:16.695  6032  6082 D GStreamer+codecparsers_h264: 0:00:55.190580760 0xe9014c90 gsth264parser.c:1407:gst_h264_parser_identify_nalu_avc Can't parse, buffer has too small size 14255, offset 14255
06-09 08:18:16.695  6032  6083 D GStreamer+queue_dataflow: 0:00:55.190594354 0xe9014cf0 gstqueue.c:1220:gst_queue_chain_buffer_or_list:<queue0> queue is full, waiting for free space
06-09 08:18:16.695  6032  6082 D GStreamer+GST_CAPS: 0:00:55.190607739 0xe9014c90 gstpad.c:2644:gst_pad_has_current_caps:<h264parse0:src> check current pad caps video/x-h264, stream-format=(string)byte-stream, alignment=(string)au, level=(string)4, profile=(string)high, width=(int)1280, height=(int)1440, framerate=(fraction)105/4, pixel-aspect-ratio=(fraction)1/1, parsed=(boolean)true
06-09 08:18:16.695  6032  6082 D GStreamer+GST_MEMORY: 0:00:55.190676854 0xe9014c90 gstmemory.c:87:_gst_memory_free free memory 0xe93bfd98
06-09 08:18:16.695  6032  6082 D GStreamer+GST_CAPS: 0:00:55.190709979 0xe9014c90 gstpad.c:2644:gst_pad_has_current_caps:<h264parse0:src> check current pad caps video/x-h264, stream-format=(string)byte-stream, alignment=(string)au, level=(string)4, profile=(string)high, width=(int)1280, height=(int)1440, framerate=(fraction)105/4, pixel-aspect-ratio=(fraction)1/1, parsed=(boolean)true
06-09 08:18:16.695  6032  6082 D GStreamer+h264parse: 0:00:55.190754041 0xe9014c90 gsth264parse.c:182:gst_h264_parse_reset_frame:<h264parse0> reset frame
06-09 08:18:16.696  6032  6082 D GStreamer+baseparse: 0:00:55.190782271 0xe9014c90 gstbaseparse.c:945:gst_base_parse_queue_tag_event_update:<h264parse0> merged   : taglist, video-codec=(string)"H.264\ \(High\ Profile\)", language-code=(string)en, bitrate=(uint)4413700;
06-09 08:18:16.696  6032  6082 D GStreamer+GST_EVENT: 0:00:55.190829718 0xe9014c90 gstevent.c:302:gst_event_new_custom creating new event 0xe90bb370 tag 20510
06-09 08:18:16.696  6032  6082 D GStreamer+GST_PADS: 0:00:55.190855552 0xe9014c90 gstpad.c:3853:check_sticky:<h264parse0:src> pushing all sticky events
06-09 08:18:16.696  6032  6082 D GStreamer+GST_PADS: 0:00:55.190874406 0xe9014c90 gstpad.c:3785:push_sticky:<h264parse0:src> event stream-start was already received
06-09 08:18:16.696  6032  6082 D GStreamer+GST_PADS: 0:00:55.190894041 0xe9014c90 gstpad.c:3785:push_sticky:<h264parse0:src> event caps was already received
06-09 08:18:16.696  6032  6082 D GStreamer+GST_PADS: 0:00:55.190913521 0xe9014c90 gstpad.c:3785:push_sticky:<h264parse0:src> event segment was already received
06-09 08:18:16.696  6032  6082 D GStreamer+GST_EVENT: 0:00:55.190935916 0xe9014c90 gstpad.c:5536:gst_pad_send_event_unchecked:<capsfilter0:sink> have event type tag event: 0xe90bb370, time 99:99:99.999999999, seq-num 148, GstTagList-stream, taglist=(taglist)"taglist\,\ video-codec\=\(string\)\"H.264\\\ \\\(High\\\ Profile\\\)\"\,\ language-code\=\(string\)en\,\ bitrate\=\(uint\)4413700\,\ minimum-bitrate\=\(uint\)2993550\,\ maximum-bitrate\=\(uint\)7681590\;";
06-09 08:18:16.696  6032  6082 D GStreamer+GST_PADS: 0:00:55.191001646 0xe9014c90 gstpad.c:3853:check_sticky:<capsfilter0:src> pushing all sticky events
06-09 08:18:16.696  6032  6082 D GStreamer+GST_PADS: 0:00:55.191021698 0xe9014c90 gstpad.c:3785:push_sticky:<capsfilter0:src> event stream-start was already received
06-09 08:18:16.696  6032  6082 D GStreamer+GST_PADS: 0:00:55.191040812 0xe9014c90 gstpad.c:3785:push_sticky:<capsfilter0:src> event caps was already received
06-09 08:18:16.696  6032  6082 D GStreamer+GST_PADS: 0:00:55.191059718 0xe9014c90 gstpad.c:3785:push_sticky:<capsfilter0:src> event segment was already received
06-09 08:18:16.696  6032  6082 D GStreamer+GST_EVENT: 0:00:55.191080396 0xe9014c90 gstpad.c:5536:gst_pad_send_event_unchecked:<amcvideodec-omxnvidiah264decode0:sink> have event type tag event: 0xe90bb370, time 99:99:99.999999999, seq-num 148, GstTagList-stream, taglist=(taglist)"taglist\,\ video-codec\=\(string\)\"H.264\\\ \\\(High\\\ Profile\\\)\"\,\ language-code\=\(string\)en\,\ bitrate\=\(uint\)4413700\,\ minimum-bitrate\=\(uint\)2993550\,\ maximum-bitrate\=\(uint\)7681590\;";
06-09 08:18:16.696  6032  6082 D GStreamer+videodecoder: 0:00:55.191140656 0xe9014c90 gstvideodecoder.c:1486:gst_video_decoder_sink_event:<amcvideodec-omxnvidiah264decode0> received event 20510, tag
06-09 08:18:16.696  6032  6082 I GStreamer+videodecoder: 0:00:55.191169510 0xe9014c90 gstvideodecoder.c:1432:gst_video_decoder_sink_event_default:<amcvideodec-omxnvidiah264decode0> upstream tags: taglist, video-codec=(string)"H.264\ \(High\ Profile\)", language-code=(string)en, bitrate=(uint)4413700, minimum-bitrate=(uint)2993550, maximum-bitrate=(uint)7681590;
06-09 08:18:16.696   995  6089 D NvOsDebugPrintf: TVMR: cctx->bAbortInputBuffer = 0, cctx->bEOSAbortOutputBuffer = 0 
06-09 08:18:16.696  6032  6082 D GStreamer+videodecoder: 0:00:55.191216854 0xe9014c90 gstvideodecoder.c:937:gst_video_decoder_create_merged_tags_event:<amcvideodec-omxnvidiah264decode0> merged   : taglist, video-codec=(string)"H.264\ \(High\ Profile\)", language-code=(string)en, bitrate=(uint)4413700, minimum-bitrate=(uint)2993550, maximum-bitrate=(uint)7681590;
06-09 08:18:16.696  6032  6082 D GStreamer+GST_EVENT: 0:00:55.191258989 0xe9014c90 gstevent.c:302:gst_event_new_custom creating new event 0xe90bb328 tag 20510
06-09 08:18:16.696  6032  6082 D GStreamer+GST_PADS: 0:00:55.191284198 0xe9014c90 gstpad.c:5609:gst_pad_send_event_unchecked:<amcvideodec-omxnvidiah264decode0:sink> sent event, ret ok
06-09 08:18:16.696  6032  6082 D GStreamer+GST_PADS: 0:00:55.191309979 0xe9014c90 gstpad.c:3805:push_sticky:<capsfilter0:src> event tag marked received
06-09 08:18:16.696  6032  6082 D GStreamer+GST_PADS: 0:00:55.191331906 0xe9014c90 gstpad.c:3785:push_sticky:<capsfilter0:src> event tag was already received
06-09 08:18:16.696  6032  6082 D GStreamer+GST_PADS: 0:00:55.191353104 0xe9014c90 gstpad.c:5609:gst_pad_send_event_unchecked:<capsfilter0:sink> sent event, ret ok
06-09 08:18:16.696  6032  6082 D GStreamer+GST_PADS: 0:00:55.191379354 0xe9014c90 gstpad.c:3805:push_sticky:<h264parse0:src> event tag marked received
06-09 08:18:16.696  6032  6082 D GStreamer+GST_PADS: 0:00:55.191400552 0xe9014c90 gstpad.c:3785:push_sticky:<h264parse0:src> event tag was already received
06-09 08:18:16.696  6032  6082 D GStreamer+GST_SCHEDULING: 0:00:55.191443364 0xe9014c90 gstpad.c:4193:gst_pad_chain_data_unchecked:<capsfilter0:sink> calling chainfunction &gst_base_transform_chain with buffer buffer: 0xe93512d8, pts 0:00:00.418759283, dts 0:00:00.418759283, dur 0:00:00.038095238, size 14255, offset 302602, offset_end none, flags 0x2000
06-09 08:18:16.696  6032  6082 D GStreamer+basetransform: 0:00:55.191498677 0xe9014c90 gstbasetransform.c:2033:default_submit_input_buffer:<capsfilter0> handling buffer 0xe93512d8 of size 14255, PTS 0:00:00.418759283 and offset 302602
06-09 08:18:16.696  6032  6082 D GStreamer+basetransform: 0:00:55.191531698 0xe9014c90 gstbasetransform.c:2150:default_generate_output:<capsfilter0> calling prepare buffer
06-09 08:18:16.696  6032  6082 D GStreamer+basetransform: 0:00:55.191550708 0xe9014c90 gstbasetransform.c:2157:default_generate_output:<capsfilter0> using allocated buffer in 0xe93512d8, out 0xe93512d8
06-09 08:18:16.696  6032  6082 D GStreamer+basetransform: 0:00:55.191571177 0xe9014c90 gstbasetransform.c:2174:default_generate_output:<capsfilter0> doing inplace transform
06-09 08:18:16.696  6032  6082 D GStreamer+GST_SCHEDULING: 0:00:55.191591229 0xe9014c90 gstpad.c:4193:gst_pad_chain_data_unchecked:<amcvideodec-omxnvidiah264decode0:sink> calling chainfunction &gst_video_decoder_chain with buffer buffer: 0xe93512d8, pts 0:00:00.418759283, dts 0:00:00.418759283, dur 0:00:00.038095238, size 14255, offset 302602, offset_end none, flags 0x2000
06-09 08:18:16.697  6032  6082 D GStreamer+videodecoder: 0:00:55.191648937 0xe9014c90 gstvideodecoder.c:3415:gst_video_decoder_decode_frame:<amcvideodec-omxnvidiah264decode0> decoder frame list getting long: 12 frames,possible internal leaking?
06-09 08:18:16.697  6032  6082 D GStreamer+amcvideodec: 0:00:55.192079614 0xe9014c90 gstamcvideodec.c:2125:gst_amc_video_dec_handle_frame:<amcvideodec-omxnvidiah264decode0> Handling frame
06-09 08:18:16.697  6032  6082 D GStreamer+amcvideodec: 0:00:55.192285864 0xe9014c90 gstamcvideodec.c:2239:gst_amc_video_dec_handle_frame:<amcvideodec-omxnvidiah264decode0> Queueing buffer 1: size 14255 time 418759 flags 0x00000000
06-09 08:18:16.697  6032  6082 D GStreamer+GST_SCHEDULING: 0:00:55.192408156 0xe9014c90 gstpad.c:4199:gst_pad_chain_data_unchecked:<amcvideodec-omxnvidiah264decode0:sink> called chainfunction &gst_video_decoder_chain with buffer 0xe93512d8, returned ok
06-09 08:18:16.697  6032  6082 D GStreamer+GST_SCHEDULING: 0:00:55.192465239 0xe9014c90 gstpad.c:4199:gst_pad_chain_data_unchecked:<capsfilter0:sink> called chainfunction &gst_base_transform_chain with buffer 0xe93512d8, returned ok
06-09 08:18:16.697  6032  6082 D GStreamer+baseparse: 0:00:55.192498156 0xe9014c90 gstbaseparse.c:3165:gst_base_parse_chain:<h264parse0> not enough data available (only 0 bytes)
06-09 08:18:16.697  6032  6082 D GStreamer+GST_SCHEDULING: 0:00:55.192521229 0xe9014c90 gstpad.c:4199:gst_pad_chain_data_unchecked:<h264parse0:sink> called chainfunction &gst_base_parse_chain with buffer 0xe90b60d0, returned ok
06-09 08:18:16.697  6032  6082 D GStreamer+GST_SCHEDULING: 0:00:55.192546333 0xe9014c90 gstpad.c:4199:gst_pad_chain_data_unchecked:<typefind:sink> called chainfunction &gst_type_find_element_chain with buffer 0xe90b60d0, returned ok
06-09 08:18:16.697  6032  6082 D GStreamer+GST_SCHEDULING: 0:00:55.192572427 0xe9014c90 gstpad.c:4199:gst_pad_chain_data_unchecked:<forhwgl:sink> called chainfunction &gst_proxy_pad_chain_default with buffer 0xe90b60d0, returned ok
06-09 08:18:16.697  6032  6083 D GStreamer+queue_dataflow: 0:00:55.192618364 0xe9014cf0 gstqueue.c:1228:gst_queue_chain_buffer_or_list:<queue0> queue is not full
06-09 08:18:16.697  6032  6082 D GStreamer+GST_SCHEDULING: 0:00:55.192610396 0xe9014c90 gstpad.c:4193:gst_pad_chain_data_unchecked:<forhwgl:sink> calling chainfunction &gst_proxy_pad_chain_default with buffer buffer: 0xe90b6170, pts 0:00:00.494897335, dts 0:00:00.456828309, dur 0:00:00.038069026, size 14388, offset none, offset_end none, flags 0x2000
06-09 08:18:16.697  6032  6083 D GStreamer+GST_SCHEDULING: 0:00:55.192664406 0xe9014cf0 gstpad.c:4199:gst_pad_chain_data_unchecked:<queue0:sink> called chainfunction &gst_queue_chain with buffer 0xe942d9e0, returned ok
06-09 08:18:16.697  6032  6082 D GStreamer+GST_SCHEDULING: 0:00:55.192665239 0xe9014c90 gstpad.c:4193:gst_pad_chain_data_unchecked:<typefind:sink> calling chainfunction &gst_type_find_element_chain with buffer buffer: 0xe90b6170, pts 0:00:00.494897335, dts 0:00:00.456828309, dur 0:00:00.038069026, size 14388, offset none, offset_end none, flags 0x2000
06-09 08:18:16.697  6032  6083 D GStreamer+qtdemux: 0:00:55.192706385 0xe9014cf0 qtdemux.c:8035:qtdemux_parse_samples:<q> parsing up to sample 40
06-09 08:18:16.697  6032  6083 D GStreamer+qtdemux: 0:00:55.192736073 0xe9014cf0 qtdemux.c:8242:qtdemux_parse_samples:<q> sample 40: index 40, timestamp 0:00:01.522761031
06-09 08:18:16.697  6032  6082 D GStreamer+GST_SCHEDULING: 0:00:55.192727271 0xe9014c90 gstpad.c:4193:gst_pad_chain_data_unchecked:<h264parse0:sink> calling chainfunction &gst_base_parse_chain with buffer buffer: 0xe90b6170, pts 0:00:00.494897335, dts 0:00:00.456828309, dur 0:00:00.038069026, size 14388, offset none, offset_end none, flags 0x2000
06-09 08:18:16.697  6032  6082 D GStreamer+baseparse: 0:00:55.192778156 0xe9014c90 gstbaseparse.c:2996:gst_base_parse_chain:<h264parse0> chain
06-09 08:18:16.698  6032  6083 D GStreamer+qtdemux: 0:00:55.192778833 0xe9014cf0 qtdemux.c:5525:gst_qtdemux_loop_state_movie:<q> pushing from stream 0, empty 0 offset 897718, size 13595, dts=0:00:01.522761031, pts=0:00:01.560830056, duration 0:00:00.038069025
06-09 08:18:16.698  6032  6082 D GStreamer+GST_PERFORMANCE: 0:00:55.192806177 0xe9014c90 gstminiobject.c:327:gst_mini_object_make_writable copy GstBuffer miniobject 0xe90b6170 -> 0xe92e1ab0
06-09 08:18:16.698  6032  6082 D GStreamer+codecparsers_h264: 0:00:55.192836385 0xe9014c90 gsth264parser.c:253:gst_h264_parse_nalu_header Nal type 1, ref_idc 0
06-09 08:18:16.698  6032  6083 D GStreamer+basesrc: 0:00:55.192828312 0xe9014cf0 gstbasesrc.c:2354:gst_base_src_update_length:<filesrc0> reading offset 897718, length 13595, size 22092204, segment.stop -1, maxsize 22092204
06-09 08:18:16.698  6032  6082 D GStreamer+h264parse: 0:00:55.192858885 0xe9014c90 gsth264parse.c:979:gst_h264_parse_handle_frame_packetized:<h264parse0> AVC nal offset 14388
06-09 08:18:16.698  6032  6083 D GStreamer+basesrc: 0:00:55.192863416 0xe9014cf0 gstbasesrc.c:2455:gst_base_src_get_range:<filesrc0> calling create offset 897718 length 13595, time 0
06-09 08:18:16.698  6032  6082 D GStreamer+h264parse: 0:00:55.192886802 0xe9014c90 gsth264parse.c:714:gst_h264_parse_process_nal:<h264parse0> processing nal of type 1 Slice, size 14384
06-09 08:18:16.698  6032  6083 D GStreamer+GST_MEMORY: 0:00:55.192895291 0xe9014cf0 gstmemory.c:138:gst_memory_init new memory 0xe93bd308, maxsize:13598 offset:0 size:13595
06-09 08:18:16.698  6032  6082 D GStreamer+h264parse: 0:00:55.192912843 0xe9014c90 gsth264parse.c:820:gst_h264_parse_process_nal:<h264parse0> first_mb_in_slice = 0
06-09 08:18:16.698  6032  6082 D GStreamer+h264parse: 0:00:55.192930187 0xe9014c90 gsth264parse.c:823:gst_h264_parse_process_nal:<h264parse0> frame start: 1
06-09 08:18:16.698  6032  6083 D GStreamer+basesrc: 0:00:55.192937687 0xe9014cf0 gstbasesrc.c:2309:gst_base_src_do_sync:<filesrc0> we have no clock
06-09 08:18:16.698  6032  6082 D GStreamer+codecparsers_h264: 0:00:55.192949771 0xe9014c90 gsth264parser.c:2089:gst_h264_parser_parse_slice_hdr parsing "Slice header", slice type 6
06-09 08:18:16.698  6032  6083 D GStreamer+basesrc: 0:00:55.192957739 0xe9014cf0 gstbasesrc.c:2519:gst_base_src_get_range:<filesrc0> buffer ok
06-09 08:18:16.698  6032  6082 D GStreamer+h264parse: 0:00:55.192971385 0xe9014c90 gsth264parse.c:833:gst_h264_parse_process_nal:<h264parse0> parse result 0, first MB: 0, slice type: 6
06-09 08:18:16.698  6032  6082 D GStreamer+h264parse: 0:00:55.192996906 0xe9014c90 gsth264parse.c:421:gst_h264_parse_wrap_nal:<h264parse0> nal length 14384
06-09 08:18:16.698  6032  6083 D GStreamer+GST_SCHEDULING: 0:00:55.192982010 0xe9014cf0 gstpad.c:4193:gst_pad_chain_data_unchecked:<queue0:sink> calling chainfunction &gst_queue_chain with buffer buffer: 0xe942da80, pts 0:00:01.560830056, dts 0:00:01.522761031, dur 0:00:00.038069025, size 13595, offset none, offset_end none, flags 0x2000
06-09 08:18:16.698  6032  6082 D GStreamer+GST_MEMORY: 0:00:55.193043052 0xe9014c90 gstmemory.c:138:gst_memory_init new memory 0xe9485810, maxsize:14391 offset:0 size:14388
06-09 08:18:16.698  6032  6083 D GStreamer+queue_dataflow: 0:00:55.193084093 0xe9014cf0 gstqueue.c:1220:gst_queue_chain_buffer_or_list:<queue0> queue is full, waiting for free space
06-09 08:18:16.698  6032  6082 D GStreamer+codecparsers_h264: 0:00:55.193100239 0xe9014c90 gsth264parser.c:1407:gst_h264_parser_identify_nalu_avc Can't parse, buffer has too small size 14388, offset 14388
06-09 08:18:16.698  6032  6082 D GStreamer+GST_CAPS: 0:00:55.193128156 0xe9014c90 gstpad.c:2644:gst_pad_has_current_caps:<h264parse0:src> check current pad caps video/x-h264, stream-format=(string)byte-stream, alignment=(string)au, level=(string)4, profile=(string)high, width=(int)1280, height=(int)1440, framerate=(fraction)105/4, pixel-aspect-ratio=(fraction)1/1, parsed=(boolean)true
06-09 08:18:16.698  6032  6082 D GStreamer+GST_MEMORY: 0:00:55.193188000 0xe9014c90 gstmemory.c:87:_gst_memory_free free memory 0xe93c35a0
06-09 08:18:16.698  6032  6082 D GStreamer+GST_CAPS: 0:00:55.193219875 0xe9014c90 gstpad.c:2644:gst_pad_has_current_caps:<h264parse0:src> check current pad caps video/x-h264, stream-format=(string)byte-stream, alignment=(string)au, level=(string)4, profile=(string)high, width=(int)1280, height=(int)1440, framerate=(fraction)105/4, pixel-aspect-ratio=(fraction)1/1, parsed=(boolean)true
06-09 08:18:16.698  6032  6082 D GStreamer+h264parse: 0:00:55.193263781 0xe9014c90 gsth264parse.c:182:gst_h264_parse_reset_frame:<h264parse0> reset frame
06-09 08:18:16.698  6032  6082 D GStreamer+GST_SCHEDULING: 0:00:55.193285916 0xe9014c90 gstpad.c:4193:gst_pad_chain_data_unchecked:<capsfilter0:sink> calling chainfunction &gst_base_transform_chain with buffer buffer: 0xe90b60d0, pts 0:00:00.494897335, dts 0:00:00.456828309, dur 0:00:00.038095238, size 14388, offset 316857, offset_end none, flags 0x2000
06-09 08:18:16.698  6032  6082 D GStreamer+basetransform: 0:00:55.193338104 0xe9014c90 gstbasetransform.c:2033:default_submit_input_buffer:<capsfilter0> handling buffer 0xe90b60d0 of size 14388, PTS 0:00:00.494897335 and offset 316857
06-09 08:18:16.698  6032  6082 D GStreamer+basetransform: 0:00:55.193371229 0xe9014c90 gstbasetransform.c:2150:default_generate_output:<capsfilter0> calling prepare buffer
06-09 08:18:16.698  6032  6082 D GStreamer+basetransform: 0:00:55.193390812 0xe9014c90 gstbasetransform.c:2157:default_generate_output:<capsfilter0> using allocated buffer in 0xe90b60d0, out 0xe90b60d0
06-09 08:18:16.698  6032  6082 D GStreamer+basetransform: 0:00:55.193411385 0xe9014c90 gstbasetransform.c:2174:default_generate_output:<capsfilter0> doing inplace transform
06-09 08:18:16.698  6032  6082 D GStreamer+GST_SCHEDULING: 0:00:55.193449666 0xe9014c90 gstpad.c:4193:gst_pad_chain_data_unchecked:<amcvideodec-omxnvidiah264decode0:sink> calling chainfunction &gst_video_decoder_chain with buffer buffer: 0xe90b60d0, pts 0:00:00.494897335, dts 0:00:00.456828309, dur 0:00:00.038095238, size 14388, offset 316857, offset_end none, flags 0x2000
06-09 08:18:16.698  6032  6082 D GStreamer+videodecoder: 0:00:55.193506646 0xe9014c90 gstvideodecoder.c:3415:gst_video_decoder_decode_frame:<amcvideodec-omxnvidiah264decode0> decoder frame list getting long: 13 frames,possible internal leaking?
06-09 08:18:16.698  6032  6082 D GStreamer+amcvideodec: 0:00:55.193530916 0xe9014c90 gstamcvideodec.c:2125:gst_amc_video_dec_handle_frame:<amcvideodec-omxnvidiah264decode0> Handling frame
06-09 08:18:16.698  6032  6082 D GStreamer+amcvideodec: 0:00:55.193695187 0xe9014c90 gstamcvideodec.c:2239:gst_amc_video_dec_handle_frame:<amcvideodec-omxnvidiah264decode0> Queueing buffer 2: size 14388 time 494897 flags 0x00000000
06-09 08:18:16.699  6032  6082 D GStreamer+GST_SCHEDULING: 0:00:55.194108937 0xe9014c90 gstpad.c:4199:gst_pad_chain_data_unchecked:<amcvideodec-omxnvidiah264decode0:sink> called chainfunction &gst_video_decoder_chain with buffer 0xe90b60d0, returned ok
06-09 08:18:16.699  6032  6082 D GStreamer+GST_SCHEDULING: 0:00:55.194279302 0xe9014c90 gstpad.c:4199:gst_pad_chain_data_unchecked:<capsfilter0:sink> called chainfunction &gst_base_transform_chain with buffer 0xe90b60d0, returned ok
06-09 08:18:16.699  6032  6082 D GStreamer+baseparse: 0:00:55.194313625 0xe9014c90 gstbaseparse.c:3165:gst_base_parse_chain:<h264parse0> not enough data available (only 0 bytes)
06-09 08:18:16.699  6032  6082 D GStreamer+GST_SCHEDULING: 0:00:55.194335656 0xe9014c90 gstpad.c:4199:gst_pad_chain_data_unchecked:<h264parse0:sink> called chainfunction &gst_base_parse_chain with buffer 0xe90b6170, returned ok
06-09 08:18:16.699  6032  6082 D GStreamer+GST_SCHEDULING: 0:00:55.194370239 0xe9014c90 gstpad.c:4199:gst_pad_chain_data_unchecked:<typefind:sink> called chainfunction &gst_type_find_element_chain with buffer 0xe90b6170, returned ok
06-09 08:18:16.699  6032  6082 D GStreamer+GST_SCHEDULING: 0:00:55.194396541 0xe9014c90 gstpad.c:4199:gst_pad_chain_data_unchecked:<forhwgl:sink> called chainfunction &gst_proxy_pad_chain_default with buffer 0xe90b6170, returned ok
06-09 08:18:16.699  6032  6082 D GStreamer+GST_SCHEDULING: 0:00:55.194444875 0xe9014c90 gstpad.c:4193:gst_pad_chain_data_unchecked:<forhwgl:sink> calling chainfunction &gst_proxy_pad_chain_default with buffer buffer: 0xe90b6210, pts 0:00:00.685242463, dts 0:00:00.494897335, dur 0:00:00.038069025, size 36240, offset none, offset_end none, flags 0x2000
06-09 08:18:16.699  6032  6082 D GStreamer+GST_SCHEDULING: 0:00:55.194499041 0xe9014c90 gstpad.c:4193:gst_pad_chain_data_unchecked:<typefind:sink> calling chainfunction &gst_type_find_element_chain with buffer buffer: 0xe90b6210, pts 0:00:00.685242463, dts 0:00:00.494897335, dur 0:00:00.038069025, size 36240, offset none, offset_end none, flags 0x2000
06-09 08:18:16.699  6032  6082 D GStreamer+GST_SCHEDULING: 0:00:55.194547166 0xe9014c90 gstpad.c:4193:gst_pad_chain_data_unchecked:<h264parse0:sink> calling chainfunction &gst_base_parse_chain with buffer buffer: 0xe90b6210, pts 0:00:00.685242463, dts 0:00:00.494897335, dur 0:00:00.038069025, size 36240, offset none, offset_end none, flags 0x2000
06-09 08:18:16.699  6032  6082 D GStreamer+baseparse: 0:00:55.194590916 0xe9014c90 gstbaseparse.c:2996:gst_base_parse_chain:<h264parse0> chain
06-09 08:18:16.699  6032  6082 D GStreamer+GST_PERFORMANCE: 0:00:55.194616698 0xe9014c90 gstminiobject.c:327:gst_mini_object_make_writable copy GstBuffer miniobject 0xe90b6210 -> 0xe9351378
06-09 08:18:16.699  6032  6082 D GStreamer+codecparsers_h264: 0:00:55.194643625 0xe9014c90 gsth264parser.c:253:gst_h264_parse_nalu_header Nal type 1, ref_idc 2
06-09 08:18:16.699  6032  6082 D GStreamer+h264parse: 0:00:55.194663052 0xe9014c90 gsth264parse.c:979:gst_h264_parse_handle_frame_packetized:<h264parse0> AVC nal offset 36240
06-09 08:18:16.699  6032  6082 D GStreamer+h264parse: 0:00:55.194684927 0xe9014c90 gsth264parse.c:714:gst_h264_parse_process_nal:<h264parse0> processing nal of type 1 Slice, size 36236
06-09 08:18:16.699  6032  6082 D GStreamer+h264parse: 0:00:55.194707583 0xe9014c90 gsth264parse.c:820:gst_h264_parse_process_nal:<h264parse0> first_mb_in_slice = 0
06-09 08:18:16.699  6032  6082 D GStreamer+h264parse: 0:00:55.194724718 0xe9014c90 gsth264parse.c:823:gst_h264_parse_process_nal:<h264parse0> frame start: 1
06-09 08:18:16.699  6032  6082 D GStreamer+codecparsers_h264: 0:00:55.194744771 0xe9014c90 gsth264parser.c:2089:gst_h264_parser_parse_slice_hdr parsing "Slice header", slice type 5
06-09 08:18:16.699  6032  6082 D GStreamer+codecparsers_h264: 0:00:55.194765968 0xe9014c90 gsth264parser.c:767:gst_h264_slice_parse_pred_weight_table parsing "Prediction weight table"
06-09 08:18:16.699  6032  6082 D GStreamer+codecparsers_h264: 0:00:55.194782739 0xe9014c90 gsth264parser.c:711:gst_h264_slice_parse_dec_ref_pic_marking parsing "Decoded reference picture marking"
06-09 08:18:16.700  6032  6082 D GStreamer+h264parse: 0:00:55.194799510 0xe9014c90 gsth264parse.c:833:gst_h264_parse_process_nal:<h264parse0> parse result 0, first MB: 0, slice type: 5
06-09 08:18:16.700  6032  6082 D GStreamer+h264parse: 0:00:55.194821802 0xe9014c90 gsth264parse.c:421:gst_h264_parse_wrap_nal:<h264parse0> nal length 36236
06-09 08:18:16.700  6032  6082 D GStreamer+GST_MEMORY: 0:00:55.194860083 0xe9014c90 gstmemory.c:138:gst_memory_init new memory 0xe94890a0, maxsize:36243 offset:0 size:36240
06-09 08:18:16.700  6032  6082 D GStreamer+codecparsers_h264: 0:00:55.194916333 0xe9014c90 gsth264parser.c:1407:gst_h264_parser_identify_nalu_avc Can't parse, buffer has too small size 36240, offset 36240
06-09 08:18:16.700  6032  6082 D GStreamer+GST_CAPS: 0:00:55.194944875 0xe9014c90 gstpad.c:2644:gst_pad_has_current_caps:<h264parse0:src> check current pad caps video/x-h264, stream-format=(string)byte-stream, alignment=(string)au, level=(string)4, profile=(string)high, width=(int)1280, height=(int)1440, framerate=(fraction)105/4, pixel-aspect-ratio=(fraction)1/1, parsed=(boolean)true
06-09 08:18:16.700  6032  6082 D GStreamer+GST_MEMORY: 0:00:55.195001906 0xe9014c90 gstmemory.c:87:_gst_memory_free free memory 0xe93c6e30
06-09 08:18:16.700  6032  6082 D GStreamer+GST_CAPS: 0:00:55.195035239 0xe9014c90 gstpad.c:2644:gst_pad_has_current_caps:<h264parse0:src> check current pad caps video/x-h264, stream-format=(string)byte-stream, alignment=(string)au, level=(string)4, profile=(string)high, width=(int)1280, height=(int)1440, framerate=(fraction)105/4, pixel-aspect-ratio=(fraction)1/1, parsed=(boolean)true
06-09 08:18:16.700  6032  6082 D GStreamer+h264parse: 0:00:55.195080239 0xe9014c90 gsth264parse.c:182:gst_h264_parse_reset_frame:<h264parse0> reset frame
