06-09 08:18:16.491  6032  6032 D GStreamer+bin: 0:00:54.986262583 0xe8dfae00 gstbin.c:2295:gst_bin_sort_iterator_next:<pipeline0> queue empty, next best: q
06-09 08:18:16.491  6032  6032 D GStreamer+bin: 0:00:54.986284562 0xe8dfae00 gstbin.c:2310:gst_bin_sort_iterator_next:<pipeline0> queue head gives q
06-09 08:18:16.491  6032  6032 D GStreamer+bin: 0:00:54.986306021 0xe8dfae00 gstbin.c:911:find_message:<pipeline0> no message found matching types 00001000
06-09 08:18:16.491  6032  6082 D GStreamer+GST_BUS: 0:00:54.986286593 0xe9014c90 gstbus.c:351:gst_bus_post:<bus3> [msg 0xe91e5978] pushed on async queue
06-09 08:18:16.491  6032  6032 D GStreamer+bin: 0:00:54.986330187 0xe8dfae00 gstbin.c:918:find_message:<pipeline0>   structure-change
06-09 08:18:16.491  6032  6082 D GStreamer+GST_BUS: 0:00:54.986333729 0xe9014c90 gstbus.c:344:gst_bus_post:<bus2> [msg 0xe91e5978] dropped
06-09 08:18:16.491  6032  6082 D GStreamer+task: 0:00:54.986360239 0xe9014c90 gsttask.c:251:gst_task_configure_name:<queue0:src> Setting thread name to 'queue0:src'
06-09 08:18:16.491  6032  6032 D GStreamer+bin: 0:00:54.986358885 0xe8dfae00 gstbin.c:2226:update_degree:<pipeline0> change element filesrc0, degree 1->0, linked to q
06-09 08:18:16.491  6032  6032 D GStreamer+bin: 0:00:54.986390916 0xe8dfae00 gstbin.c:2109:add_to_queue:<pipeline0> adding 'filesrc0' to queue
06-09 08:18:16.491  6032  6082 D GStreamer+queue_dataflow: 0:00:54.986391385 0xe9014c90 gstqueue.c:1488:gst_queue_loop:<queue0> queue is empty
06-09 08:18:16.491  6032  6032 I GStreamer+GST_STATES: 0:00:54.986429041 0xe8dfae00 gstbin.c:2444:gst_bin_element_set_state:<q> current READY pending VOID_PENDING, desired next PAUSED
06-09 08:18:16.491  6032  6032 D GStreamer+bin: 0:00:54.986454354 0xe8dfae00 gstbin.c:911:find_message:<pipeline0> no message found matching types 00100000
06-09 08:18:16.491  6032  6032 D GStreamer+bin: 0:00:54.986472635 0xe8dfae00 gstbin.c:918:find_message:<pipeline0>   async-start
06-09 08:18:16.491  6032  6032 D GStreamer+bin: 0:00:54.986490916 0xe8dfae00 gstbin.c:2539:gst_bin_element_set_state:<pipeline0> setting element q to PAUSED, base_time 0:00:00.000000000
06-09 08:18:16.491  6032  6032 D GStreamer+GST_STATES: 0:00:54.986515656 0xe8dfae00 gstelement.c:2525:gst_element_set_state_func:<q> set_state to PAUSED
06-09 08:18:16.491  6032  6071 D GStreamer+GST_BUS: 0:00:54.986221437 0xe91c2800 gstbus.c:521:gst_bus_timed_pop_filtered:<bus3> got message 0xe9019b88, state-changed from queue0, type mask is 4294967295
06-09 08:18:16.491  6032  6032 D GStreamer+GST_STATES: 0:00:54.986534979 0xe8dfae00 gstelement.c:2550:gst_element_set_state_func:<q> setting target state to PAUSED
06-09 08:18:16.491  6032  6032 D GStreamer+GST_STATES: 0:00:54.986554198 0xe8dfae00 gstelement.c:2563:gst_element_set_state_func:<q> current READY, old_pending VOID_PENDING, next VOID_PENDING, old return SUCCESS
06-09 08:18:16.491  6032  6032 D GStreamer+GST_STATES: 0:00:54.986583364 0xe8dfae00 gstelement.c:2597:gst_element_set_state_func:<q> final: setting state from READY to PAUSED
06-09 08:18:16.491  6032  6032 D GStreamer+GST_ELEMENT_PADS: 0:00:54.986607843 0xe8dfae00 gstelement.c:2795:gst_element_pads_activate:<q> activate pads
06-09 08:18:16.491  6032  6032 D GStreamer+GST_PADS: 0:00:54.986632114 0xe8dfae00 gstpad.c:1063:gst_pad_set_active:<q:sink> activating pad from none
06-09 08:18:16.491  6032  6032 D GStreamer+query: 0:00:54.986654510 0xe8dfae00 gstquery.c:674:gst_query_new_custom creating new query 0xe9014cc0 scheduling
06-09 08:18:16.491  6032  6032 D GStreamer+GST_PADS: 0:00:54.986675239 0xe8dfae00 gstpad.c:4049:gst_pad_peer_query:<q:sink> peer query 0xe9014cc0 (scheduling)
06-09 08:18:16.491  6032  6032 D GStreamer+GST_PADS: 0:00:54.986696906 0xe8dfae00 gstpad.c:3922:gst_pad_query:<filesrc0:src> doing query 0xe9014cc0 (scheduling)
06-09 08:18:16.491  6032  6032 I GStreamer+filesrc: 0:00:54.986724510 0xe8dfae00 gstfilesrc.c:465:gst_file_src_start:<filesrc0> opening file /storage/emulated/0/aiTennis3D/20150910_120000/videov.mp4
06-09 08:18:16.492  6032  6071 D GStreamer+GST_BUS: 0:00:54.986555760 0xe91c2800 gstbus.c:789:gst_bus_source_dispatch:<bus3> source 0xe9347a18 calling dispatch with state-changed message: 0xe9019b88, time 99:99:99.999999999, seq-num 57, element 'queue0', GstMessageStateChanged, old-state=(GstState)GST_STATE_READY, new-state=(GstState)GST_STATE_PAUSED, pending-state=(GstState)GST_STATE_VOID_PENDING;
06-09 08:18:16.492  6032  6071 D GStreamer+GST_BUS: 0:00:54.987269562 0xe91c2800 gstbus.c:794:gst_bus_source_dispatch:<bus3> source 0xe9347a18 handler returns 1
06-09 08:18:16.492  6032  6071 D GStreamer+GST_BUS: 0:00:54.987319823 0xe91c2800 gstbus.c:521:gst_bus_timed_pop_filtered:<bus3> got message 0xe91e5978, stream-status from src, type mask is 4294967295
06-09 08:18:16.492  6032  6032 D GStreamer+basesrc: 0:00:54.987323989 0xe8dfae00 gstbasesrc.c:3382:gst_base_src_start_complete:<filesrc0> starting source
06-09 08:18:16.492  6032  6032 D GStreamer+basesrc: 0:00:54.987352218 0xe8dfae00 gstbasesrc.c:3395:gst_base_src_start_complete:<filesrc0> setting size 22092204
06-09 08:18:16.492  6032  6032 D GStreamer+basesrc: 0:00:54.987379041 0xe8dfae00 gstbasesrc.c:3406:gst_base_src_start_complete:<filesrc0> format: bytes, have size: 1, size: 22092204, duration: 22092204
06-09 08:18:16.492  6032  6071 D GStreamer+GST_BUS: 0:00:54.987350187 0xe91c2800 gstbus.c:789:gst_bus_source_dispatch:<bus3> source 0xe9347a18 calling dispatch with stream-status message: 0xe91e5978, time 99:99:99.999999999, seq-num 56, element 'src', GstMessageStreamStatus, type=(GstStreamStatusType)GST_STREAM_STATUS_TYPE_ENTER, owner=(GstElement)"\(GstQueue\)\ queue0", object=(GstTask)"\(GstTask\)\ queue0:src";
06-09 08:18:16.492  6032  6032 D GStreamer+basesrc: 0:00:54.987424406 0xe8dfae00 gstbasesrc.c:3409:gst_base_src_start_complete:<filesrc0> is seekable: 1
06-09 08:18:16.492  6032  6032 D GStreamer+basesrc: 0:00:54.987444718 0xe8dfae00 gstbasesrc.c:3414:gst_base_src_start_complete:<filesrc0> is random_access: 1
06-09 08:18:16.492  6032  6071 D GStreamer+GST_BUS: 0:00:54.987442166 0xe91c2800 gstbus.c:794:gst_bus_source_dispatch:<bus3> source 0xe9347a18 handler returns 1
06-09 08:18:16.492  6032  6032 D GStreamer+basesrc: 0:00:54.987469146 0xe8dfae00 gstbasesrc.c:3577:gst_base_src_set_flushing:<filesrc0> flushing 0, live_play 0
06-09 08:18:16.492  6032  6032 D GStreamer+basesrc: 0:00:54.987492010 0xe8dfae00 gstbasesrc.c:3534:gst_base_src_stop:<filesrc0> stopping source
06-09 08:18:16.492  6032  6032 D GStreamer+basesrc: 0:00:54.987508989 0xe8dfae00 gstbasesrc.c:3577:gst_base_src_set_flushing:<filesrc0> flushing 1, live_play 0
06-09 08:18:16.492  6032  6032 D GStreamer+GST_PADS: 0:00:54.987530343 0xe8dfae00 gstpad.c:6082:gst_pad_stop_task:<filesrc0:src> stop task
06-09 08:18:16.492  6032  6032 D GStreamer+GST_PADS: 0:00:54.987549562 0xe8dfae00 gstpad.c:6104:gst_pad_stop_task:<filesrc0:src> no task
06-09 08:18:16.492  6032  6032 W GStreamer+basesrc: 0:00:54.987640239 0xe8dfae00 gstbasesrc.c:3488:gst_base_src_start_complete:<filesrc0> pad not activated yet
06-09 08:18:16.492  6032  6032 D GStreamer+basesrc: 0:00:54.987664823 0xe8dfae00 gstbasesrc.c:3523:gst_base_src_start_wait:<filesrc0> got error
06-09 08:18:16.492  6032  6032 D GStreamer+basesrc: 0:00:54.987690708 0xe8dfae00 gstbasesrc.c:1295:gst_base_src_default_query:<filesrc0> query scheduling returns 1
06-09 08:18:16.492  6032  6032 D GStreamer+GST_PADS: 0:00:54.987713521 0xe8dfae00 gstpad.c:3945:gst_pad_query:<filesrc0:src> sent query 0xe9014cc0 (scheduling), result 1
06-09 08:18:16.492  6032  6032 D GStreamer+qtdemux: 0:00:54.987740291 0xe8dfae00 qtdemux.c:6658:qtdemux_sink_activate:<q:sink> activating pull
06-09 08:18:16.492  6032  6032 D GStreamer+GST_PADS: 0:00:54.987761854 0xe8dfae00 gstpad.c:1148:activate_mode_internal:<q:sink> calling peer
06-09 08:18:16.492  6032  6032 D GStreamer+GST_PADS: 0:00:54.987780760 0xe8dfae00 gstpad.c:979:pre_activate:<filesrc0:src> setting pad into pull mode, unset flushing
06-09 08:18:16.493  6032  6032 D GStreamer+basesrc: 0:00:54.987801646 0xe8dfae00 gstbasesrc.c:3775:gst_base_src_activate_mode:<filesrc0:src> activating in mode 2
06-09 08:18:16.493  6032  6032 D GStreamer+basesrc: 0:00:54.987822062 0xe8dfae00 gstbasesrc.c:3743:gst_base_src_activate_pull:<filesrc0> Activating in pull mode
06-09 08:18:16.493  6032  6032 I GStreamer+filesrc: 0:00:54.987839666 0xe8dfae00 gstfilesrc.c:465:gst_file_src_start:<filesrc0> opening file /storage/emulated/0/aiTennis3D/20150910_120000/videov.mp4
06-09 08:18:16.493  6032  6032 D GStreamer+basesrc: 0:00:54.987906021 0xe8dfae00 gstbasesrc.c:3382:gst_base_src_start_complete:<filesrc0> starting source
06-09 08:18:16.493  6032  6032 D GStreamer+basesrc: 0:00:54.987928573 0xe8dfae00 gstbasesrc.c:3395:gst_base_src_start_complete:<filesrc0> setting size 22092204
06-09 08:18:16.493  6032  6032 D GStreamer+basesrc: 0:00:54.987949354 0xe8dfae00 gstbasesrc.c:3406:gst_base_src_start_complete:<filesrc0> format: bytes, have size: 1, size: 22092204, duration: 22092204
06-09 08:18:16.493  6032  6032 D GStreamer+basesrc: 0:00:54.987976177 0xe8dfae00 gstbasesrc.c:3409:gst_base_src_start_complete:<filesrc0> is seekable: 1
06-09 08:18:16.493  6032  6032 D GStreamer+basesrc: 0:00:54.987994771 0xe8dfae00 gstbasesrc.c:3414:gst_base_src_start_complete:<filesrc0> is random_access: 1
06-09 08:18:16.493  6032  6032 D GStreamer+basesrc: 0:00:54.988013364 0xe8dfae00 gstbasesrc.c:3577:gst_base_src_set_flushing:<filesrc0> flushing 0, live_play 0
06-09 08:18:16.493  6032  6032 D GStreamer+basesrc: 0:00:54.988035083 0xe8dfae00 gstbasesrc.c:3523:gst_base_src_start_wait:<filesrc0> got ok
06-09 08:18:16.493  6032  6032 D GStreamer+GST_PADS: 0:00:54.988053781 0xe8dfae00 gstpad.c:1188:activate_mode_internal:<filesrc0:src> activated in pull mode
06-09 08:18:16.493  6032  6032 D GStreamer+GST_PADS: 0:00:54.988074354 0xe8dfae00 gstpad.c:979:pre_activate:<q:sink> setting pad into pull mode, unset flushing
06-09 08:18:16.493  6032  6032 D GStreamer+GST_PADS: 0:00:54.988093781 0xe8dfae00 gstpad.c:991:pre_activate:<q:sink> reschedule events on peer filesrc0:src
06-09 08:18:16.493  6032  6032 D GStreamer+GST_PADS: 0:00:54.988115291 0xe8dfae00 gstpad.c:5978:gst_pad_start_task:<q:sink> start task
06-09 08:18:16.493  6032  6032 D GStreamer+task: 0:00:54.988155916 0xe8dfae00 gsttask.c:427:gst_task_new Created task 0xe91e6978
06-09 08:18:16.493  6032  6032 I GStreamer+task: 0:00:54.988175135 0xe8dfae00 gsttask.c:453:gst_task_set_lock setting stream lock 0xe91381bc on task 0xe91e6978
06-09 08:18:16.493  6032  6032 I GStreamer+GST_PADS: 0:00:54.988194562 0xe8dfae00 gstpad.c:5987:gst_pad_start_task:<q:sink> created task 0xe91e6978
06-09 08:18:16.493  6032  6032 D GStreamer+GST_PADS: 0:00:54.988214406 0xe8dfae00 gstpad.c:5904:do_stream_status:<q:sink> doing stream-status 0
06-09 08:18:16.493  6032  6032 D GStreamer+GST_PADS: 0:00:54.988241750 0xe8dfae00 gstpad.c:5933:do_stream_status:<q:sink> posting stream-status 0
06-09 08:18:16.493  6032  6032 D GStreamer+GST_BUS: 0:00:54.988262739 0xe8dfae00 gstbus.c:309:gst_bus_post:<bus2> [msg 0xe9019c00] posting on bus stream-status message: 0xe9019c00, time 99:99:99.999999999, seq-num 60, element 'sink', GstMessageStreamStatus, type=(GstStreamStatusType)GST_STREAM_STATUS_TYPE_CREATE, owner=(GstElement)"\(GstQTDemux\)\ q", object=(GstTask)"\(GstTask\)\ task2";
06-09 08:18:16.493  6032  6032 D GStreamer+bin: 0:00:54.988323104 0xe8dfae00 gstbin.c:3654:gst_bin_handle_message_func:<pipeline0> [msg 0xe9019c00] handling child sink message of type stream-status
06-09 08:18:16.493  6032  6032 D GStreamer+bin: 0:00:54.988348000 0xe8dfae00 gstbin.c:3991:gst_bin_handle_message_func:<pipeline0> posting message upward
06-09 08:18:16.493  6032  6032 D GStreamer+GST_BUS: 0:00:54.988366802 0xe8dfae00 gstbus.c:309:gst_bus_post:<bus3> [msg 0xe9019c00] posting on bus stream-status message: 0xe9019c00, time 99:99:99.999999999, seq-num 60, element 'sink', GstMessageStreamStatus, type=(GstStreamStatusType)GST_STREAM_STATUS_TYPE_CREATE, owner=(GstElement)"\(GstQTDemux\)\ q", object=(GstTask)"\(GstTask\)\ task2";
06-09 08:18:16.493  6032  6032 D GStreamer+GST_BUS: 0:00:54.988430448 0xe8dfae00 gstbus.c:348:gst_bus_post:<bus3> [msg 0xe9019c00] pushing on async queue
06-09 08:18:16.493  6032  6032 D GStreamer+GST_BUS: 0:00:54.988458000 0xe8dfae00 gstbus.c:351:gst_bus_post:<bus3> [msg 0xe9019c00] pushed on async queue
06-09 08:18:16.493  6032  6032 D GStreamer+GST_BUS: 0:00:54.988478833 0xe8dfae00 gstbus.c:344:gst_bus_post:<bus2> [msg 0xe9019c00] dropped
06-09 08:18:16.493  6032  6071 D GStreamer+GST_BUS: 0:00:54.988477739 0xe91c2800 gstbus.c:521:gst_bus_timed_pop_filtered:<bus3> got message 0xe9019c00, stream-status from sink, type mask is 4294967295
06-09 08:18:16.493  6032  6032 D GStreamer+task: 0:00:54.988500448 0xe8dfae00 gsttask.c:684:gst_task_set_state:<task2> Changing task 0xe91e6978 to state 0
06-09 08:18:16.493  6032  6071 D GStreamer+GST_BUS: 0:00:54.988516281 0xe91c2800 gstbus.c:789:gst_bus_source_dispatch:<bus3> source 0xe9347a18 calling dispatch with stream-status message: 0xe9019c00, time 99:99:99.999999999, seq-num 60, element 'sink', GstMessageStreamStatus, type=(GstStreamStatusType)GST_STREAM_STATUS_TYPE_CREATE, owner=(GstElement)"\(GstQTDemux\)\ q", object=(GstTask)"\(GstTask\)\ task2";
06-09 08:18:16.493  6032  6032 D GStreamer+GST_PADS: 0:00:54.988566646 0xe8dfae00 gstpad.c:1188:activate_mode_internal:<q:sink> activated in pull mode
06-09 08:18:16.493  6032  6071 D GStreamer+GST_BUS: 0:00:54.988582531 0xe91c2800 gstbus.c:794:gst_bus_source_dispatch:<bus3> source 0xe9347a18 handler returns 1
06-09 08:18:16.493  6032  6032 D GStreamer+GST_ELEMENT_PADS: 0:00:54.988595812 0xe8dfae00 gstelement.c:2814:gst_element_pads_activate:<q> pad activation successful
06-09 08:18:16.493  6032  6032 D GStreamer+GST_STATES: 0:00:54.988617791 0xe8dfae00 gstelement.c:2686:gst_element_change_state:<q> element changed state SUCCESS
06-09 08:18:16.493  6032  6032 I GStreamer+GST_STATES: 0:00:54.988634666 0xe8dfae00 gstelement.c:2374:gst_element_continue_state:<q> completed state change to PAUSED
06-09 08:18:16.493  6032  6032 I GStreamer+GST_STATES: 0:00:54.988652739 0xe8dfae00 gstelement.c:2279:_priv_gst_element_state_changed:<q> notifying about state-changed READY to PAUSED (VOID_PENDING pending)
06-09 08:18:16.493  6032  6083 D GStreamer+task: 0:00:54.988592427 0xe9014cf0 gsttask.c:289:gst_task_func Entering task 0xe91e6978, thread 0xe9014cf0
06-09 08:18:16.493  6032  6032 D GStreamer+GST_BUS: 0:00:54.988683625 0xe8dfae00 gstbus.c:309:gst_bus_post:<bus2> [msg 0xe934e818] posting on bus state-changed message: 0xe934e818, time 99:99:99.999999999, seq-num 61, element 'q', GstMessageStateChanged, old-state=(GstState)GST_STATE_READY, new-state=(GstState)GST_STATE_PAUSED, pending-state=(GstState)GST_STATE_VOID_PENDING;
06-09 08:18:16.493  6032  6032 D GStreamer+bin: 0:00:54.988733989 0xe8dfae00 gstbin.c:3654:gst_bin_handle_message_func:<pipeline0> [msg 0xe934e818] handling child q message of type state-changed
06-09 08:18:16.493  6032  6032 D GStreamer+bin: 0:00:54.988757375 0xe8dfae00 gstbin.c:3991:gst_bin_handle_message_func:<pipeline0> posting message upward
06-09 08:18:16.493  6032  6083 D GStreamer+GST_PADS: 0:00:54.988706593 0xe9014cf0 gstpad.c:5904:do_stream_status:<q:sink> doing stream-status 1
06-09 08:18:16.494  6032  6032 D GStreamer+GST_BUS: 0:00:54.988776593 0xe8dfae00 gstbus.c:309:gst_bus_post:<bus3> [msg 0xe934e818] posting on bus state-changed message: 0xe934e818, time 99:99:99.999999999, seq-num 61, element 'q', GstMessageStateChanged, old-state=(GstState)GST_STATE_READY, new-state=(GstState)GST_STATE_PAUSED, pending-state=(GstState)GST_STATE_VOID_PENDING;
06-09 08:18:16.494  6032  6032 D GStreamer+GST_BUS: 0:00:54.988827218 0xe8dfae00 gstbus.c:348:gst_bus_post:<bus3> [msg 0xe934e818] pushing on async queue
06-09 08:18:16.494  6032  6032 D GStreamer+GST_BUS: 0:00:54.988849198 0xe8dfae00 gstbus.c:351:gst_bus_post:<bus3> [msg 0xe934e818] pushed on async queue
06-09 08:18:16.494  6032  6032 D GStreamer+GST_BUS: 0:00:54.988868468 0xe8dfae00 gstbus.c:344:gst_bus_post:<bus2> [msg 0xe934e818] dropped
06-09 08:18:16.494  6032  6071 D GStreamer+GST_BUS: 0:00:54.988862948 0xe91c2800 gstbus.c:521:gst_bus_timed_pop_filtered:<bus3> got message 0xe934e818, state-changed from q, type mask is 4294967295
06-09 08:18:16.494  6032  6083 D GStreamer+GST_PADS: 0:00:54.988810448 0xe9014cf0 gstpad.c:5933:do_stream_status:<q:sink> posting stream-status 1
06-09 08:18:16.494  6032  6032 D GStreamer+GST_STATES: 0:00:54.988891854 0xe8dfae00 gstelement.c:2609:gst_element_set_state_func:<q> returned SUCCESS
06-09 08:18:16.494  6032  6032 I GStreamer+GST_STATES: 0:00:54.988912635 0xe8dfae00 gstbin.c:2892:gst_bin_change_state_func:<pipeline0> child 'q' changed state to 3(PAUSED) successfully
06-09 08:18:16.494  6032  6071 D GStreamer+GST_BUS: 0:00:54.988900031 0xe91c2800 gstbus.c:789:gst_bus_source_dispatch:<bus3> source 0xe9347a18 calling dispatch with state-changed message: 0xe934e818, time 99:99:99.999999999, seq-num 61, element 'q', GstMessageStateChanged, old-state=(GstState)GST_STATE_READY, new-state=(GstState)GST_STATE_PAUSED, pending-state=(GstState)GST_STATE_VOID_PENDING;
06-09 08:18:16.494  6032  6032 D GStreamer+bin: 0:00:54.988951854 0xe8dfae00 gstbin.c:2310:gst_bin_sort_iterator_next:<pipeline0> queue head gives filesrc0
06-09 08:18:16.494  6032  6071 D GStreamer+GST_BUS: 0:00:54.988966802 0xe91c2800 gstbus.c:794:gst_bus_source_dispatch:<bus3> source 0xe9347a18 handler returns 1
06-09 08:18:16.494  6032  6032 D GStreamer+bin: 0:00:54.988974979 0xe8dfae00 gstbin.c:2249:update_degree:<pipeline0> element filesrc0 not linked on any sinkpads
06-09 08:18:16.494  6032  6032 I GStreamer+GST_STATES: 0:00:54.988996906 0xe8dfae00 gstbin.c:2444:gst_bin_element_set_state:<filesrc0> current READY pending VOID_PENDING, desired next PAUSED
06-09 08:18:16.494  6032  6032 D GStreamer+bin: 0:00:54.989022583 0xe8dfae00 gstbin.c:911:find_message:<pipeline0> no message found matching types 00100000
06-09 08:18:16.494  6032  6032 D GStreamer+bin: 0:00:54.989044666 0xe8dfae00 gstbin.c:918:find_message:<pipeline0>   async-start
06-09 08:18:16.494  6032  6083 D GStreamer+GST_BUS: 0:00:54.988907010 0xe9014cf0 gstbus.c:309:gst_bus_post:<bus2> [msg 0xe934ee68] posting on bus stream-status message: 0xe934ee68, time 99:99:99.999999999, seq-num 62, element 'sink', GstMessageStreamStatus, type=(GstStreamStatusType)GST_STREAM_STATUS_TYPE_ENTER, owner=(GstElement)"\(GstQTDemux\)\ q", object=(GstTask)"\(GstTask\)\ q:sink";
06-09 08:18:16.494  6032  6032 D GStreamer+bin: 0:00:54.989064979 0xe8dfae00 gstbin.c:2539:gst_bin_element_set_state:<pipeline0> setting element filesrc0 to PAUSED, base_time 0:00:00.000000000
06-09 08:18:16.494  6032  6032 D GStreamer+GST_STATES: 0:00:54.989098521 0xe8dfae00 gstelement.c:2525:gst_element_set_state_func:<filesrc0> set_state to PAUSED
06-09 08:18:16.494  6032  6032 D GStreamer+GST_STATES: 0:00:54.989117583 0xe8dfae00 gstelement.c:2550:gst_element_set_state_func:<filesrc0> setting target state to PAUSED
06-09 08:18:16.494  6032  6032 D GStreamer+GST_STATES: 0:00:54.989135187 0xe8dfae00 gstelement.c:2563:gst_element_set_state_func:<filesrc0> current READY, old_pending VOID_PENDING, next VOID_PENDING, old return SUCCESS
06-09 08:18:16.494  6032  6032 D GStreamer+GST_STATES: 0:00:54.989157323 0xe8dfae00 gstelement.c:2597:gst_element_set_state_func:<filesrc0> final: setting state from READY to PAUSED
06-09 08:18:16.494  6032  6032 D GStreamer+GST_ELEMENT_PADS: 0:00:54.989182739 0xe8dfae00 gstelement.c:2795:gst_element_pads_activate:<filesrc0> activate pads
06-09 08:18:16.494  6032  6032 D GStreamer+GST_PADS: 0:00:54.989206906 0xe8dfae00 gstpad.c:1069:gst_pad_set_active:<filesrc0:src> pad was active in pull mode
06-09 08:18:16.494  6032  6032 D GStreamer+GST_ELEMENT_PADS: 0:00:54.989228989 0xe8dfae00 gstelement.c:2814:gst_element_pads_activate:<filesrc0> pad activation successful
06-09 08:18:16.494  6032  6083 D GStreamer+bin: 0:00:54.989184666 0xe9014cf0 gstbin.c:3654:gst_bin_handle_message_func:<pipeline0> [msg 0xe934ee68] handling child sink message of type stream-status
06-09 08:18:16.494  6032  6032 D GStreamer+GST_STATES: 0:00:54.989249666 0xe8dfae00 gstelement.c:2686:gst_element_change_state:<filesrc0> element changed state SUCCESS
06-09 08:18:16.494  6032  6083 D GStreamer+bin: 0:00:54.989261489 0xe9014cf0 gstbin.c:3991:gst_bin_handle_message_func:<pipeline0> posting message upward
06-09 08:18:16.494  6032  6032 I GStreamer+GST_STATES: 0:00:54.989266489 0xe8dfae00 gstelement.c:2374:gst_element_continue_state:<filesrc0> completed state change to PAUSED
06-09 08:18:16.494  6032  6032 I GStreamer+GST_STATES: 0:00:54.989286489 0xe8dfae00 gstelement.c:2279:_priv_gst_element_state_changed:<filesrc0> notifying about state-changed READY to PAUSED (VOID_PENDING pending)
06-09 08:18:16.494  6032  6032 D GStreamer+GST_BUS: 0:00:54.989316958 0xe8dfae00 gstbus.c:309:gst_bus_post:<bus2> [msg 0xe934e870] posting on bus state-changed message: 0xe934e870, time 99:99:99.999999999, seq-num 63, element 'filesrc0', GstMessageStateChanged, old-state=(GstState)GST_STATE_READY, new-state=(GstState)GST_STATE_PAUSED, pending-state=(GstState)GST_STATE_VOID_PENDING;
06-09 08:18:16.494  6032  6032 D GStreamer+bin: 0:00:54.989361177 0xe8dfae00 gstbin.c:3654:gst_bin_handle_message_func:<pipeline0> [msg 0xe934e870] handling child filesrc0 message of type state-changed
06-09 08:18:16.494  6032  6032 D GStreamer+bin: 0:00:54.989382375 0xe8dfae00 gstbin.c:3991:gst_bin_handle_message_func:<pipeline0> posting message upward
06-09 08:18:16.494  6032  6032 D GStreamer+GST_BUS: 0:00:54.989400552 0xe8dfae00 gstbus.c:309:gst_bus_post:<bus3> [msg 0xe934e870] posting on bus state-changed message: 0xe934e870, time 99:99:99.999999999, seq-num 63, element 'filesrc0', GstMessageStateChanged, old-state=(GstState)GST_STATE_READY, new-state=(GstState)GST_STATE_PAUSED, pending-state=(GstState)GST_STATE_VOID_PENDING;
06-09 08:18:16.494  6032  6083 D GStreamer+GST_BUS: 0:00:54.989284302 0xe9014cf0 gstbus.c:309:gst_bus_post:<bus3> [msg 0xe934ee68] posting on bus stream-status message: 0xe934ee68, time 99:99:99.999999999, seq-num 62, element 'sink', GstMessageStreamStatus, type=(GstStreamStatusType)GST_STREAM_STATUS_TYPE_ENTER, owner=(GstElement)"\(GstQTDemux\)\ q", object=(GstTask)"\(GstTask\)\ q:sink";
06-09 08:18:16.494  6032  6032 D GStreamer+GST_BUS: 0:00:54.989469041 0xe8dfae00 gstbus.c:348:gst_bus_post:<bus3> [msg 0xe934e870] pushing on async queue
06-09 08:18:16.494  6032  6083 D GStreamer+GST_BUS: 0:00:54.989478260 0xe9014cf0 gstbus.c:348:gst_bus_post:<bus3> [msg 0xe934ee68] pushing on async queue
06-09 08:18:16.494  6032  6032 D GStreamer+GST_BUS: 0:00:54.989494458 0xe8dfae00 gstbus.c:351:gst_bus_post:<bus3> [msg 0xe934e870] pushed on async queue
06-09 08:18:16.494  6032  6083 D GStreamer+GST_BUS: 0:00:54.989499979 0xe9014cf0 gstbus.c:351:gst_bus_post:<bus3> [msg 0xe934ee68] pushed on async queue
06-09 08:18:16.494  6032  6071 D GStreamer+GST_BUS: 0:00:54.989505448 0xe91c2800 gstbus.c:521:gst_bus_timed_pop_filtered:<bus3> got message 0xe934e870, state-changed from filesrc0, type mask is 4294967295
06-09 08:18:16.494  6032  6032 D GStreamer+GST_BUS: 0:00:54.989518156 0xe8dfae00 gstbus.c:344:gst_bus_post:<bus2> [msg 0xe934e870] dropped
06-09 08:18:16.494  6032  6032 D GStreamer+GST_STATES: 0:00:54.989543573 0xe8dfae00 gstelement.c:2609:gst_element_set_state_func:<filesrc0> returned SUCCESS
06-09 08:18:16.494  6032  6032 I GStreamer+GST_STATES: 0:00:54.989564354 0xe8dfae00 gstbin.c:2892:gst_bin_change_state_func:<pipeline0> child 'filesrc0' changed state to 3(PAUSED) successfully
06-09 08:18:16.494  6032  6071 D GStreamer+GST_BUS: 0:00:54.989540604 0xe91c2800 gstbus.c:789:gst_bus_source_dispatch:<bus3> source 0xe9347a18 calling dispatch with state-changed message: 0xe934e870, time 99:99:99.999999999, seq-num 63, element 'filesrc0', GstMessageStateChanged, old-state=(GstState)GST_STATE_READY, new-state=(GstState)GST_STATE_PAUSED, pending-state=(GstState)GST_STATE_VOID_PENDING;
06-09 08:18:16.494  6032  6032 D GStreamer+bin: 0:00:54.989595135 0xe8dfae00 gstbin.c:2299:gst_bin_sort_iterator_next:<pipeline0> queue empty, elements exhausted
06-09 08:18:16.494  6032  6071 D GStreamer+GST_BUS: 0:00:54.989599875 0xe91c2800 gstbus.c:794:gst_bus_source_dispatch:<bus3> source 0xe9347a18 handler returns 1
06-09 08:18:16.494  6032  6032 D GStreamer+GST_STATES: 0:00:54.989612375 0xe8dfae00 gstbin.c:2951:gst_bin_change_state_func:<pipeline0> iterator done
06-09 08:18:16.494  6032  6032 D GStreamer+GST_ELEMENT_PADS: 0:00:54.989628573 0xe8dfae00 gstelement.c:2795:gst_element_pads_activate:<pipeline0> activate pads
06-09 08:18:16.494  6032  6071 D GStreamer+GST_BUS: 0:00:54.989632583 0xe91c2800 gstbus.c:521:gst_bus_timed_pop_filtered:<bus3> got message 0xe934ee68, stream-status from sink, type mask is 4294967295
06-09 08:18:16.494  6032  6032 D GStreamer+GST_ELEMENT_PADS: 0:00:54.989649614 0xe8dfae00 gstelement.c:2814:gst_element_pads_activate:<pipeline0> pad activation successful
06-09 08:18:16.494  6032  6083 D GStreamer+GST_BUS: 0:00:54.989526281 0xe9014cf0 gstbus.c:344:gst_bus_post:<bus2> [msg 0xe934ee68] dropped
06-09 08:18:16.494  6032  6032 D GStreamer+GST_STATES: 0:00:54.989670656 0xe8dfae00 gstbin.c:2969:gst_bin_change_state_func:<pipeline0> we have ASYNC elements SUCCESS -> ASYNC
06-09 08:18:16.494  6032  6083 D GStreamer+task: 0:00:54.989684198 0xe9014cf0 gsttask.c:251:gst_task_configure_name:<q:sink> Setting thread name to 'q:sink'
06-09 08:18:16.494  6032  6032 D GStreamer+bin: 0:00:54.989691385 0xe8dfae00 gstbin.c:2341:gst_bin_sort_iterator_free:<pipeline0> free
06-09 08:18:16.494  6032  6071 D GStreamer+GST_BUS: 0:00:54.989661854 0xe91c2800 gstbus.c:789:gst_bus_source_dispatch:<bus3> source 0xe9347a18 calling dispatch with stream-status message: 0xe934ee68, time 99:99:99.999999999, seq-num 62, element 'sink', GstMessageStreamStatus, type=(GstStreamStatusType)GST_STREAM_STATUS_TYPE_ENTER, owner=(GstElement)"\(GstQTDemux\)\ q", object=(GstTask)"\(GstTask\)\ q:sink";
06-09 08:18:16.494  6032  6032 D GStreamer+bin: 0:00:54.989715291 0xe8dfae00 gstbin.c:2997:gst_bin_change_state_func:<pipeline0> check async elements
06-09 08:18:16.494  6032  6071 D GStreamer+GST_BUS: 0:00:54.989733104 0xe91c2800 gstbus.c:794:gst_bus_source_dispatch:<bus3> source 0xe9347a18 handler returns 1
06-09 08:18:16.494  6032  6032 D GStreamer+bin: 0:00:54.989734250 0xe8dfae00 gstbin.c:909:find_message:<pipeline0> we found a message 0xe9019a80 from forhwgl matching types 00100000
06-09 08:18:16.494  6032  6083 D GStreamer+basesrc: 0:00:54.989719093 0xe9014cf0 gstbasesrc.c:2354:gst_base_src_update_length:<filesrc0> reading offset 0, length 16, size 22092204, segment.stop -1, maxsize 22092204
06-09 08:18:16.494  6032  6032 D GStreamer+GST_STATES: 0:00:54.989768989 0xe8dfae00 gstbin.c:3020:gst_bin_change_state_func:<pipeline0> done changing bin's state from READY to PAUSED, now in READY, ret ASYNC
06-09 08:18:16.495  6032  6083 D GStreamer+basesrc: 0:00:54.989779771 0xe9014cf0 gstbasesrc.c:2455:gst_base_src_get_range:<filesrc0> calling create offset 0 length 16, time 0
06-09 08:18:16.495  6032  6032 D GStreamer+GST_STATES: 0:00:54.989792427 0xe8dfae00 gstelement.c:2668:gst_element_change_state:<pipeline0> element will change state ASYNC
06-09 08:18:16.495  6032  6032 D GStreamer+GST_STATES: 0:00:54.989809718 0xe8dfae00 gstelement.c:2609:gst_element_set_state_func:<pipeline0> returned ASYNC
06-09 08:18:16.495  6032  6083 D GStreamer+GST_MEMORY: 0:00:54.989806802 0xe9014cf0 gstmemory.c:138:gst_memory_init new memory 0xe9350818, maxsize:19 offset:0 size:16
06-09 08:18:16.495  6032  6083 D GStreamer+basesrc: 0:00:54.989990343 0xe9014cf0 gstbasesrc.c:2500:gst_base_src_get_range:<filesrc0> setting first timestamp to 0
06-09 08:18:16.495  6032  6083 D GStreamer+basesrc: 0:00:54.990020343 0xe9014cf0 gstbasesrc.c:2309:gst_base_src_do_sync:<filesrc0> we have no clock
06-09 08:18:16.495  6032  6083 D GStreamer+basesrc: 0:00:54.990039718 0xe9014cf0 gstbasesrc.c:2519:gst_base_src_get_range:<filesrc0> buffer ok
06-09 08:18:16.495  6032  6083 D GStreamer+qtdemux: 0:00:54.990061698 0xe9014cf0 qtdemux.c:2783:extract_initial_length_and_fourcc length 0x00000020
06-09 08:18:16.495  6032  6083 D GStreamer+qtdemux: 0:00:54.990098208 0xe9014cf0 qtdemux.c:2785:extract_initial_length_and_fourcc atom type ftyp
06-09 08:18:16.495  6032  6083 D GStreamer+GST_MEMORY: 0:00:54.990124146 0xe9014cf0 gstmemory.c:87:_gst_memory_free free memory 0xe9350818
06-09 08:18:16.495  6032  6083 D GStreamer+basesrc: 0:00:54.990146593 0xe9014cf0 gstbasesrc.c:2354:gst_base_src_update_length:<filesrc0> reading offset 0, length 32, size 22092204, segment.stop -1, maxsize 22092204
06-09 08:18:16.495  6032  6083 D GStreamer+basesrc: 0:00:54.990186646 0xe9014cf0 gstbasesrc.c:2455:gst_base_src_get_range:<filesrc0> calling create offset 0 length 32, time 0
06-09 08:18:16.495  6032  6083 D GStreamer+GST_MEMORY: 0:00:54.990232062 0xe9014cf0 gstmemory.c:138:gst_memory_init new memory 0xe8dfc670, maxsize:35 offset:0 size:32
06-09 08:18:16.495  6032  6083 D GStreamer+basesrc: 0:00:54.990263573 0xe9014cf0 gstbasesrc.c:2500:gst_base_src_get_range:<filesrc0> setting first timestamp to 0
06-09 08:18:16.495  6032  6083 D GStreamer+basesrc: 0:00:54.990283833 0xe9014cf0 gstbasesrc.c:2309:gst_base_src_do_sync:<filesrc0> we have no clock
06-09 08:18:16.495  6032  6083 D GStreamer+basesrc: 0:00:54.990316281 0xe9014cf0 gstbasesrc.c:2519:gst_base_src_get_range:<filesrc0> buffer ok
06-09 08:18:16.495  6032  6083 D GStreamer+qtdemux: 0:00:54.990341281 0xe9014cf0 qtdemux.c:2491:qtdemux_parse_ftyp:<q> major brand: isom
06-09 08:18:16.495  6032  6083 D GStreamer+GST_MEMORY: 0:00:54.990365187 0xe9014cf0 gstmemory.c:138:gst_memory_init new memory 0xe9350880, maxsize:19 offset:0 size:16
06-09 08:18:16.495  6032  6083 D GStreamer+GST_MEMORY: 0:00:54.990389198 0xe9014cf0 gstmemory.c:87:_gst_memory_free free memory 0xe8dfc670
06-09 08:18:16.495  6032  6083 D GStreamer+basesrc: 0:00:54.990412323 0xe9014cf0 gstbasesrc.c:2354:gst_base_src_update_length:<filesrc0> reading offset 32, length 16, size 22092204, segment.stop -1, maxsize 22092204
06-09 08:18:16.496  6032  6083 D GStreamer+basesrc: 0:00:54.991674666 0xe9014cf0 gstbasesrc.c:2455:gst_base_src_get_range:<filesrc0> calling create offset 32 length 16, time 0
06-09 08:18:16.496  6032  6083 D GStreamer+GST_MEMORY: 0:00:54.991743156 0xe9014cf0 gstmemory.c:138:gst_memory_init new memory 0xe93508e8, maxsize:19 offset:0 size:16
06-09 08:18:16.497  6032  6083 D GStreamer+basesrc: 0:00:54.991796073 0xe9014cf0 gstbasesrc.c:2309:gst_base_src_do_sync:<filesrc0> we have no clock
06-09 08:18:16.497  6032  6083 D GStreamer+basesrc: 0:00:54.991818833 0xe9014cf0 gstbasesrc.c:2519:gst_base_src_get_range:<filesrc0> buffer ok
06-09 08:18:16.497  6032  6083 D GStreamer+qtdemux: 0:00:54.991839406 0xe9014cf0 qtdemux.c:2783:extract_initial_length_and_fourcc length 0x00000008
06-09 08:18:16.497  6032  6083 D GStreamer+qtdemux: 0:00:54.991858312 0xe9014cf0 qtdemux.c:2785:extract_initial_length_and_fourcc atom type free
06-09 08:18:16.497  6032  6083 D GStreamer+GST_MEMORY: 0:00:54.991878052 0xe9014cf0 gstmemory.c:87:_gst_memory_free free memory 0xe93508e8
06-09 08:18:16.497  6032  6083 D GStreamer+basesrc: 0:00:54.991919562 0xe9014cf0 gstbasesrc.c:2354:gst_base_src_update_length:<filesrc0> reading offset 40, length 16, size 22092204, segment.stop -1, maxsize 22092204
06-09 08:18:16.497  6032  6083 D GStreamer+basesrc: 0:00:54.991948781 0xe9014cf0 gstbasesrc.c:2455:gst_base_src_get_range:<filesrc0> calling create offset 40 length 16, time 0
06-09 08:18:16.497  6032  6083 D GStreamer+GST_MEMORY: 0:00:54.991969979 0xe9014cf0 gstmemory.c:138:gst_memory_init new memory 0xe9350950, maxsize:19 offset:0 size:16
06-09 08:18:16.497  6032  6083 D GStreamer+basesrc: 0:00:54.992012010 0xe9014cf0 gstbasesrc.c:2309:gst_base_src_do_sync:<filesrc0> we have no clock
06-09 08:18:16.497  6032  6083 D GStreamer+basesrc: 0:00:54.992036333 0xe9014cf0 gstbasesrc.c:2519:gst_base_src_get_range:<filesrc0> buffer ok
06-09 08:18:16.497  6032  6083 D GStreamer+qtdemux: 0:00:54.992055604 0xe9014cf0 qtdemux.c:2783:extract_initial_length_and_fourcc length 0x0150d4c1
06-09 08:18:16.497  6032  6083 D GStreamer+qtdemux: 0:00:54.992075239 0xe9014cf0 qtdemux.c:2785:extract_initial_length_and_fourcc atom type mdat
06-09 08:18:16.497  6032  6083 D GStreamer+GST_MEMORY: 0:00:54.992094510 0xe9014cf0 gstmemory.c:87:_gst_memory_free free memory 0xe9350950
06-09 08:18:16.497  6032  6083 D GStreamer+basesrc: 0:00:54.992132375 0xe9014cf0 gstbasesrc.c:2354:gst_base_src_update_length:<filesrc0> reading offset 22074601, length 16, size 22092204, segment.stop -1, maxsize 22092204
06-09 08:18:16.497  6032  6083 D GStreamer+basesrc: 0:00:54.992163156 0xe9014cf0 gstbasesrc.c:2455:gst_base_src_get_range:<filesrc0> calling create offset 22074601 length 16, time 0
06-09 08:18:16.497  6032  6083 D GStreamer+GST_MEMORY: 0:00:54.992186021 0xe9014cf0 gstmemory.c:138:gst_memory_init new memory 0xe93509b8, maxsize:19 offset:0 size:16
06-09 08:18:16.497  6032  6083 D GStreamer+basesrc: 0:00:54.992345812 0xe9014cf0 gstbasesrc.c:2309:gst_base_src_do_sync:<filesrc0> we have no clock
06-09 08:18:16.497  6032  6083 D GStreamer+basesrc: 0:00:54.992373000 0xe9014cf0 gstbasesrc.c:2519:gst_base_src_get_range:<filesrc0> buffer ok
06-09 08:18:16.497  6032  6083 D GStreamer+qtdemux: 0:00:54.992392218 0xe9014cf0 qtdemux.c:2783:extract_initial_length_and_fourcc length 0x000044c3
06-09 08:18:16.497  6032  6083 D GStreamer+qtdemux: 0:00:54.992410708 0xe9014cf0 qtdemux.c:2785:extract_initial_length_and_fourcc atom type moov
06-09 08:18:16.497  6032  6083 D GStreamer+GST_MEMORY: 0:00:54.992458989 0xe9014cf0 gstmemory.c:87:_gst_memory_free free memory 0xe93509b8
06-09 08:18:16.497  6032  6083 D GStreamer+basesrc: 0:00:54.992480656 0xe9014cf0 gstbasesrc.c:2354:gst_base_src_update_length:<filesrc0> reading offset 22074601, length 17603, size 22092204, segment.stop -1, maxsize 22092204
06-09 08:18:16.497  6032  6083 D GStreamer+basesrc: 0:00:54.992558000 0xe9014cf0 gstbasesrc.c:2455:gst_base_src_get_range:<filesrc0> calling create offset 22074601 length 17603, time 0
06-09 08:18:16.497  6032  6083 D GStreamer+GST_MEMORY: 0:00:54.992588573 0xe9014cf0 gstmemory.c:138:gst_memory_init new memory 0xe9353180, maxsize:17606 offset:0 size:17603
06-09 08:18:16.497  6032  6083 D GStreamer+basesrc: 0:00:54.992674927 0xe9014cf0 gstbasesrc.c:2309:gst_base_src_do_sync:<filesrc0> we have no clock
06-09 08:18:16.497  6032  6083 D GStreamer+basesrc: 0:00:54.992702427 0xe9014cf0 gstbasesrc.c:2519:gst_base_src_get_range:<filesrc0> buffer ok
06-09 08:18:16.497  6032  6083 D GStreamer+qtdemux: 0:00:54.992734093 0xe9014cf0 qtdemux.c:6756:qtdemux_parse_moov:<q> parsing 'moov' atom
06-09 08:18:16.497  6032  6083 W GStreamer+qtdemux: 0:00:54.992776854 0xe9014cf0 qtdemux_types.c:222:qtdemux_type_get unknown QuickTime node type iods
06-09 08:18:16.498  6032  6083 D GStreamer+qtdemux: 0:00:54.992840916 0xe9014cf0 qtdemux.c:6951:qtdemux_parse_node:<q> parsing stsd (sample table, sample description) atom
06-09 08:18:16.498  6032  6083 D GStreamer+qtdemux: 0:00:54.993063833 0xe9014cf0 qtdemux.c:7096:qtdemux_parse_node:<q> parsing meta atom
06-09 08:18:16.498  6032  6083 I GStreamer+qtdemux: 0:00:54.993130500 0xe9014cf0 qtdemux.c:12314:qtdemux_parse_tree:<q> timescale: 1000
06-09 08:18:16.498  6032  6083 I GStreamer+qtdemux: 0:00:54.993158000 0xe9014cf0 qtdemux.c:12315:qtdemux_parse_tree:<q> duration: 40011
06-09 08:18:16.498  6032  6083 D GStreamer+qtdemux: 0:00:54.993182791 0xe9014cf0 qtdemux.c:9081:qtdemux_parse_trak:<q> parse_trak
06-09 08:18:16.498  6032  6083 W GStreamer+qtdemux: 0:00:54.993220552 0xe9014cf0 qtdemux.c:2891:qtdemux_parse_trex:<q> failed to find fragment defaults for stream 1
06-09 08:18:16.498  6032  6083 D GStreamer+qtdemux: 0:00:54.993245135 0xe9014cf0 qtdemux.c:8882:qtdemux_parse_transformation_matrix:<q> Transformation matrix from atom tkhd
06-09 08:18:16.498  6032  6083 D GStreamer+qtdemux: 0:00:54.993263625 0xe9014cf0 qtdemux.c:8885:qtdemux_parse_transformation_matrix:<q> 1.0 0.0 0.0
06-09 08:18:16.498  6032  6083 D GStreamer+qtdemux: 0:00:54.993285239 0xe9014cf0 qtdemux.c:8888:qtdemux_parse_transformation_matrix:<q> 0.0 1.0 0.0
06-09 08:18:16.498  6032  6083 D GStreamer+qtdemux: 0:00:54.993321333 0xe9014cf0 qtdemux.c:8891:qtdemux_parse_transformation_matrix:<q> 0.0 0.0 16384.0
06-09 08:18:16.498  6032  6083 D GStreamer+qtdemux: 0:00:54.993346698 0xe9014cf0 qtdemux.c:8929:qtdemux_inspect_transformation_matrix:<q> Transformation matrix rotation (null)
06-09 08:18:16.498  6032  6083 D GStreamer+qtdemux: 0:00:54.993386750 0xe9014cf0 qtdemux.c:9547:qtdemux_parse_trak:<q> found avcC codec_data in stsd
06-09 08:18:16.498  6032  6083 D GStreamer+GST_MEMORY: 0:00:54.993602635 0xe9014cf0 gstmemory.c:138:gst_memory_init new memory 0xe92a6cd8, maxsize:43 offset:0 size:40
06-09 08:18:16.498  6032  6083 I GStreamer+qtdemux: 0:00:54.993638677 0xe9014cf0 qtdemux.c:10020:qtdemux_parse_trak:<q> type avc1 caps video/x-h264, stream-format=(string)avc, alignment=(string)au, level=(string)4, profile=(string)high, codec_data=(buffer)01640028ffe1001767640028acd9405002d68400004414000df8903c60c65801000668ebe3cb22c0
06-09 08:18:16.498  6032  6083 D GStreamer+qtdemux: 0:00:54.993721958 0xe9014cf0 qtdemux.c:7862:qtdemux_stbl_init:<q> n_samples_per_chunk 1
06-09 08:18:16.498  6032  6083 D GStreamer+qtdemux: 0:00:54.993746385 0xe9014cf0 qtdemux.c:7907:qtdemux_stbl_init:<q> allocating n_samples 1051 * 32 (0.03 MB)
06-09 08:18:16.499  6032  6083 D GStreamer+qtdemux: 0:00:54.993823521 0xe9014cf0 qtdemux.c:8445:qtdemux_parse_segments:<q> looking for edit list container
06-09 08:18:16.499  6032  6083 D GStreamer+qtdemux: 0:00:54.993844250 0xe9014cf0 qtdemux.c:8457:qtdemux_parse_segments:<q> looking for edit list
06-09 08:18:16.499  6032  6083 D GStreamer+qtdemux: 0:00:54.993863989 0xe9014cf0 qtdemux.c:8552:qtdemux_parse_segments:<q> created segment 0 time 0:00:00.000000000, duration 0:00:40.011000000, media_start 0:00:00.076138051 (8714) , media_stop 0:00:40.087138051 stop_time 0:00:40.011000000 rate 1, (65536) timescale 114450
06-09 08:18:16.499  6032  6083 D GStreamer+qtdemux: 0:00:54.993937479 0xe9014cf0 qtdemux.c:8562:qtdemux_parse_segments:<q> found 1 segments
06-09 08:18:16.499  6032  6083 D GStreamer+qtdemux: 0:00:54.993957375 0xe9014cf0 qtdemux.c:8604:qtdemux_parse_segments:<q> using 1 segments
06-09 08:18:16.499  6032  6083 D GStreamer+qtdemux: 0:00:54.994074406 0xe9014cf0 qtdemux.c:10776:qtdemux_parse_trak:<q> n_streams is now 1
06-09 08:18:16.499  6032  6083 D GStreamer+qtdemux: 0:00:54.994129562 0xe9014cf0 qtdemux.c:11287:qtdemux_tag_add_str_full:<q> adding tag Lavf54.20.4
06-09 08:18:16.499  6032  6083 D GStreamer+qtdemux: 0:00:54.994157791 0xe9014cf0 qtdemux.c:12022:qtdemux_parse_udta:<q> No XMP_ node found
06-09 08:18:16.499  6032  6083 D GStreamer+GST_MEMORY: 0:00:54.994187739 0xe9014cf0 gstmemory.c:87:_gst_memory_free free memory 0xe9353180
06-09 08:18:16.499  6032  6083 D GStreamer+basesrc: 0:00:54.994236437 0xe9014cf0 gstbasesrc.c:2354:gst_base_src_update_length:<filesrc0> reading offset 22092204, length 16, size 22092204, segment.stop -1, maxsize 22092204
06-09 08:18:16.499  6032  6083 W GStreamer+basesrc: 0:00:54.994344146 0xe9014cf0 gstbasesrc.c:2395:gst_base_src_update_length:<filesrc0> processing at or past EOS
06-09 08:18:16.499  6032  6083 D GStreamer+basesrc: 0:00:54.994372843 0xe9014cf0 gstbasesrc.c:2592:gst_base_src_get_range:<filesrc0> unexpected length 16 (offset=22092204, size=22092204)
06-09 08:18:16.499  6032  6083 I GStreamer+GST_SCHEDULING: 0:00:54.994401750 0xe9014cf0 gstpad.c:4764:gst_pad_get_range_unchecked:<filesrc0:src> getrange failed, flow: eos
06-09 08:18:16.499  6032  6083 I GStreamer+GST_SCHEDULING: 0:00:54.994450760 0xe9014cf0 gstpad.c:4979:gst_pad_pull_range:<q:sink> pullrange failed, flow: eos
06-09 08:18:16.499  6032  6083 D GStreamer+qtdemux: 0:00:54.994473052 0xe9014cf0 qtdemux.c:10947:qtdemux_prepare_streams:<q> prepare streams
06-09 08:18:16.499  6032  6083 D GStreamer+qtdemux: 0:00:54.994489614 0xe9014cf0 qtdemux.c:10954:qtdemux_prepare_streams:<q> stream 0, id 1, fourcc avc1
06-09 08:18:16.499  6032  6083 D GStreamer+qtdemux: 0:00:54.994514927 0xe9014cf0 qtdemux.c:8035:qtdemux_parse_samples:<q> parsing up to sample 0
06-09 08:18:16.499  6032  6083 D GStreamer+qtdemux: 0:00:54.994552896 0xe9014cf0 qtdemux.c:8242:qtdemux_parse_samples:<q> sample 0: index 0, timestamp 0:00:00.000000000
06-09 08:18:16.499  6032  6083 D GStreamer+qtdemux: 0:00:54.994579093 0xe9014cf0 qtdemux.c:8297:qtdemux_parse_samples:<q> samples at 0 is keyframe
06-09 08:18:16.499  6032  6083 D GStreamer+qtdemux: 0:00:54.994598937 0xe9014cf0 qtdemux.c:11006:qtdemux_expose_streams:<q> exposing streams
06-09 08:18:16.499  6032  6083 D GStreamer+qtdemux: 0:00:54.994615291 0xe9014cf0 qtdemux.c:11014:qtdemux_expose_streams:<q> stream 0, id 1, fourcc avc1
06-09 08:18:16.499  6032  6083 D GStreamer+qtdemux: 0:00:54.994727843 0xe9014cf0 qtdemux.c:7388:gst_qtdemux_configure_stream:<q> Calculating framerate, timescale 114450 gave fps_n 105 fps_d 4
06-09 08:18:16.500  6032  6083 D GStreamer+qtdemux: 0:00:54.994780552 0xe9014cf0 qtdemux.c:7408:gst_qtdemux_configure_stream:<q> video size 1280x1440, target display size 1280x1440
06-09 08:18:16.500  6032  6083 D GStreamer+qtdemux: 0:00:54.994808729 0xe9014cf0 qtdemux.c:7423:gst_qtdemux_configure_stream:<q> setting PAR to 1/1
06-09 08:18:16.500  6032  6083 D GStreamer+GST_PADS: 0:00:54.995037583 0xe9014cf0 gstpad.c:1849:gst_pad_set_event_function_full:<'':video_0> eventfunc for set to 0xd10acb29
06-09 08:18:16.500  6032  6083 D GStreamer+GST_PADS: 0:00:54.995300396 0xe9014cf0 gstpad.c:1929:gst_pad_set_query_function_full:<'':video_0> queryfunc set to 0xd10ac599
06-09 08:18:16.500  6032  6083 D GStreamer+GST_PADS: 0:00:54.995340812 0xe9014cf0 gstpad.c:1063:gst_pad_set_active:<'':video_0> activating pad from none
06-09 08:18:16.500  6032  6083 D GStreamer+GST_PADS: 0:00:54.995359458 0xe9014cf0 gstpad.c:979:pre_activate:<'':video_0> setting pad into push mode, unset flushing
06-09 08:18:16.500  6032  6083 D GStreamer+GST_PADS: 0:00:54.995381177 0xe9014cf0 gstpad.c:1188:activate_mode_internal:<'':video_0> activated in push mode
06-09 08:18:16.500  6032  6083 D GStreamer+qtdemux: 0:00:54.995404146 0xe9014cf0 qtdemux.c:7487:gst_qtdemux_configure_stream:<q> setting caps video/x-h264, stream-format=(string)avc, alignment=(string)au, level=(string)4, profile=(string)high, codec_data=(buffer)01640028ffe1001767640028acd9405002d68400004414000df8903c60c65801000668ebe3cb22c0, width=(int)1280, height=(int)1440, framerate=(fraction)105/4, pixel-aspect-ratio=(fraction)1/1
06-09 08:18:16.500  6032  6083 I GStreamer+GST_ELEMENT_PADS: 0:00:54.995516073 0xe9014cf0 gstelement.c:909:gst_element_get_static_pad found pad q:sink
06-09 08:18:16.500  6032  6083 D GStreamer+query: 0:00:54.995559823 0xe9014cf0 gstquery.c:674:gst_query_new_custom creating new query 0xe9221cf0 uri
06-09 08:18:16.500  6032  6083 D GStreamer+GST_ELEMENT_PADS: 0:00:54.995583208 0xe9014cf0 gstelement.c:1700:gst_element_query send query on element q
06-09 08:18:16.500  6032  6083 D GStreamer+GST_ELEMENT_PADS: 0:00:54.995600552 0xe9014cf0 gstelement.c:1484:gst_element_get_random_pad getting a random pad
06-09 08:18:16.500  6032  6083 D GStreamer+GST_ELEMENT_PADS: 0:00:54.995616229 0xe9014cf0 gstelement.c:1484:gst_element_get_random_pad getting a random pad
06-09 08:18:16.500  6032  6083 D GStreamer+GST_ELEMENT_PADS: 0:00:54.995630812 0xe9014cf0 gstelement.c:1503:gst_element_get_random_pad checking pad q:sink
06-09 08:18:16.500  6032  6083 D GStreamer+GST_ELEMENT_PADS: 0:00:54.995663573 0xe9014cf0 gstelement.c:1515:gst_element_get_random_pad found pad q:sink
06-09 08:18:16.500  6032  6083 D GStreamer+GST_PADS: 0:00:54.995684614 0xe9014cf0 gstpad.c:3922:gst_pad_query:<filesrc0:src> doing query 0xe9221cf0 (uri)
06-09 08:18:16.500  6032  6083 D GStreamer+basesrc: 0:00:54.995713781 0xe9014cf0 gstbasesrc.c:1295:gst_base_src_default_query:<filesrc0> query uri returns 1
06-09 08:18:16.501  6032  6083 D GStreamer+GST_PADS: 0:00:54.996150187 0xe9014cf0 gstpad.c:3945:gst_pad_query:<filesrc0:src> sent query 0xe9221cf0 (uri), result 1
06-09 08:18:16.501  6032  6083 D GStreamer+GST_EVENT: 0:00:54.996214771 0xe9014cf0 gstevent.c:302:gst_event_new_custom creating new event 0xe9241ca0 stream-start 10254
06-09 08:18:16.501  6032  6083 D GStreamer+GST_PADS: 0:00:54.996262479 0xe9014cf0 gstpad.c:3853:check_sticky:<'':video_0> pushing all sticky events
06-09 08:18:16.501  6032  6083 D GStreamer+GST_PADS: 0:00:54.996284666 0xe9014cf0 gstpad.c:5306:gst_pad_push_event_unchecked:<'':video_0> Dropping event stream-start because pad is not linked
06-09 08:18:16.501  6032  6083 D GStreamer+GST_PADS: 0:00:54.996305760 0xe9014cf0 gstpad.c:3824:push_sticky:<'':video_0> pad was not linked, mark pending
06-09 08:18:16.501  6032  6083 I GStreamer+GST_EVENT: 0:00:54.996327166 0xe9014cf0 gstevent.c:679:gst_event_new_caps creating caps event video/x-h264, stream-format=(string)avc, alignment=(string)au, level=(string)4, profile=(string)high, codec_data=(buffer)01640028ffe1001767640028acd9405002d68400004414000df8903c60c65801000668ebe3cb22c0, width=(int)1280, height=(int)1440, framerate=(fraction)105/4, pixel-aspect-ratio=(fraction)1/1
06-09 08:18:16.501  6032  6083 D GStreamer+GST_EVENT: 0:00:54.996443364 0xe9014cf0 gstevent.c:302:gst_event_new_custom creating new event 0xe9241ce8 caps 12814
06-09 08:18:16.501  6032  6083 D GStreamer+GST_PADS: 0:00:54.996468989 0xe9014cf0 gstpad.c:5093:store_sticky_event:<'':video_0> notify caps
06-09 08:18:16.501  6032  6083 D GStreamer+GST_PADS: 0:00:54.996511698 0xe9014cf0 gstpad.c:3853:check_sticky:<'':video_0> pushing all sticky events
06-09 08:18:16.501  6032  6083 D GStreamer+GST_PADS: 0:00:54.996529406 0xe9014cf0 gstpad.c:3785:push_sticky:<'':video_0> event stream-start was already received
06-09 08:18:16.501  6032  6083 D GStreamer+GST_PADS: 0:00:54.996548729 0xe9014cf0 gstpad.c:5306:gst_pad_push_event_unchecked:<'':video_0> Dropping event caps because pad is not linked
06-09 08:18:16.501  6032  6083 D GStreamer+GST_PADS: 0:00:54.996567843 0xe9014cf0 gstpad.c:3824:push_sticky:<'':video_0> pad was not linked, mark pending
06-09 08:18:16.501  6032  6083 D GStreamer+qtdemux: 0:00:54.996599875 0xe9014cf0 qtdemux.c:7603:gst_qtdemux_add_stream:<q> adding pad video_0 0xe90beaa0 to qtdemux 0xe913a008
06-09 08:18:16.501  6032  6083 I GStreamer+GST_ELEMENT_PADS: 0:00:54.996625187 0xe9014cf0 gstelement.c:661:gst_element_add_pad:<q> adding pad 'video_0'
06-09 08:18:16.501  6032  6083 D GStreamer+GST_REFCOUNTING: 0:00:54.996646489 0xe9014cf0 gstobject.c:700:gst_object_set_parent:<'':video_0> set parent (ref and sink)
06-09 08:18:16.501  6032  6083 I GStreamer+GST_PIPELINE: 0:00:54.996670760 0xe9014cf0 ./grammar.y:518:gst_parse_found_pad trying delayed linking pad  video_0 of GstQTDemux named q to some pad of GstQueue named queue0
06-09 08:18:16.501  6032  6083 I GStreamer+GST_ELEMENT_PADS: 0:00:54.996718468 0xe9014cf0 gstutils.c:1605:gst_element_link_pads_full trying to link element q:video_0 to element queue0:(any)
06-09 08:18:16.501  6032  6083 I GStreamer+GST_ELEMENT_PADS: 0:00:54.996750708 0xe9014cf0 gstelement.c:909:gst_element_get_static_pad found pad q:video_0
06-09 08:18:16.501  6032  6083 D GStreamer+GST_ELEMENT_PADS: 0:00:54.996769666 0xe9014cf0 gstutils.c:1712:gst_element_link_pads_full looping through allowed src and dest pads
06-09 08:18:16.502  6032  6083 D GStreamer+GST_ELEMENT_PADS: 0:00:54.996786437 0xe9014cf0 gstutils.c:1715:gst_element_link_pads_full trying src pad q:video_0
06-09 08:18:16.502  6032  6083 D GStreamer+GST_ELEMENT_PADS: 0:00:54.996941281 0xe9014cf0 gstutils.c:1002:gst_element_get_compatible_pad finding pad in queue0 compatible with q:video_0
06-09 08:18:16.502  6032  6083 I GStreamer+GST_PADS: 0:00:54.996977271 0xe9014cf0 gstutils.c:932:gst_pad_check_link trying to link q:video_0 and queue0:sink
06-09 08:18:16.502  6032  6083 D GStreamer+GST_CAPS: 0:00:54.997000187 0xe9014cf0 gstutils.c:2872:gst_pad_query_caps:<q:video_0> get pad caps with filter (NULL)
06-09 08:18:16.502  6032  6083 D GStreamer+query: 0:00:54.997023677 0xe9014cf0 gstquery.c:674:gst_query_new_custom creating new query 0xe9221d20 caps
06-09 08:18:16.502  6032  6083 D GStreamer+GST_PADS: 0:00:54.997063833 0xe9014cf0 gstpad.c:3922:gst_pad_query:<q:video_0> doing query 0xe9221d20 (caps)
06-09 08:18:16.502  6032  6083 D GStreamer+GST_CAPS: 0:00:54.997089406 0xe9014cf0 gstpad.c:3112:gst_pad_query_caps_default:<q:video_0> query caps caps query: 0xe9221d20, GstQueryCaps, filter=(GstCaps)"NULL", caps=(GstCaps)"NULL";
06-09 08:18:16.502  6032  6083 D GStreamer+GST_CAPS: 0:00:54.997134458 0xe9014cf0 gstpad.c:3129:gst_pad_query_caps_default:<q:video_0> fixed pad caps: trying pad caps
06-09 08:18:16.502  6032  6083 D GStreamer+GST_CAPS: 0:00:54.997173208 0xe9014cf0 gstpad.c:3165:gst_pad_query_caps_default:<q:video_0> using caps 0xe923bb40 video/x-h264, stream-format=(string)avc, alignment=(string)au, level=(string)4, profile=(string)high, codec_data=(buffer)01640028ffe1001767640028acd9405002d68400004414000df8903c60c65801000668ebe3cb22c0, width=(int)1280, height=(int)1440, framerate=(fraction)105/4, pixel-aspect-ratio=(fraction)1/1
06-09 08:18:16.502  6032  6083 D GStreamer+GST_PADS: 0:00:54.997242114 0xe9014cf0 gstpad.c:3367:gst_pad_query_default:<q:video_0> not forwarding 0xe9221d20 (caps) query
06-09 08:18:16.502  6032  6083 D GStreamer+GST_PADS: 0:00:54.997290552 0xe9014cf0 gstpad.c:3945:gst_pad_query:<q:video_0> sent query 0xe9221d20 (caps), result 1
