06-06 22:05:26.511  4906  4906 D GStreamer+GST_PADS: 0:00:30.342098217 0xe8df3e00 gstpad.c:1188:activate_mode_internal:<sink:proxypad1> activated in push mode
06-06 22:05:26.511  4906  4906 D GStreamer+GST_PADS: 0:00:30.342118478 0xe8df3e00 gstpad.c:1188:activate_mode_internal:<glimagesinkbin0:sink> activated in push mode
06-06 22:05:26.511  4906  4906 D GStreamer+GST_ELEMENT_PADS: 0:00:30.342139832 0xe8df3e00 gstelement.c:2814:gst_element_pads_activate:<glimagesinkbin0> pad activation successful
06-06 22:05:26.511  4906  4906 D GStreamer+GST_STATES: 0:00:30.342160040 0xe8df3e00 gstbin.c:2969:gst_bin_change_state_func:<glimagesinkbin0> we have ASYNC elements SUCCESS -> ASYNC
06-06 22:05:26.511  4906  4906 D GStreamer+bin: 0:00:30.342179415 0xe8df3e00 gstbin.c:2341:gst_bin_sort_iterator_free:<glimagesinkbin0> free
06-06 22:05:26.511  4906  4906 D GStreamer+bin: 0:00:30.342198425 0xe8df3e00 gstbin.c:2997:gst_bin_change_state_func:<glimagesinkbin0> check async elements
06-06 22:05:26.511  4906  4906 D GStreamer+bin: 0:00:30.342216082 0xe8df3e00 gstbin.c:909:find_message:<glimagesinkbin0> we found a message 0xe8ffae28 from sink matching types 00100000
06-06 22:05:26.511  4906  4906 D GStreamer+GST_STATES: 0:00:30.342238061 0xe8df3e00 gstbin.c:3020:gst_bin_change_state_func:<glimagesinkbin0> done changing bin's state from READY to PAUSED, now in READY, ret ASYNC
06-06 22:05:26.511  4906  4906 D GStreamer+GST_STATES: 0:00:30.342261134 0xe8df3e00 gstelement.c:2668:gst_element_change_state:<glimagesinkbin0> element will change state ASYNC
06-06 22:05:26.511  4906  4906 D GStreamer+GST_STATES: 0:00:30.342278946 0xe8df3e00 gstelement.c:2609:gst_element_set_state_func:<glimagesinkbin0> returned ASYNC
06-06 22:05:26.511  4906  4906 I GStreamer+GST_STATES: 0:00:30.342298061 0xe8df3e00 gstbin.c:2898:gst_bin_change_state_func:<pipeline0> child 'glimagesinkbin0' is changing state asynchronously to PAUSED
06-06 22:05:26.511  4906  4906 D GStreamer+bin: 0:00:30.342320509 0xe8df3e00 gstbin.c:2310:gst_bin_sort_iterator_next:<pipeline0> queue head gives forhalffps
06-06 22:05:26.511  4906  4906 D GStreamer+bin: 0:00:30.342339936 0xe8df3e00 gstbin.c:911:find_message:<pipeline0> no message found matching types 00001000
06-06 22:05:26.511  4906  4906 D GStreamer+bin: 0:00:30.342359780 0xe8df3e00 gstbin.c:918:find_message:<pipeline0>   structure-change
06-06 22:05:26.511  4906  4906 D GStreamer+bin: 0:00:30.342380717 0xe8df3e00 gstbin.c:2226:update_degree:<pipeline0> change element queue1, degree 1->0, linked to forhalffps
06-06 22:05:26.511  4906  4906 D GStreamer+bin: 0:00:30.342403165 0xe8df3e00 gstbin.c:2109:add_to_queue:<pipeline0> adding 'queue1' to queue
06-06 22:05:26.511  4906  4906 I GStreamer+GST_STATES: 0:00:30.342452853 0xe8df3e00 gstbin.c:2444:gst_bin_element_set_state:<forhalffps> current READY pending VOID_PENDING, desired next PAUSED
06-06 22:05:26.511  4906  4906 D GStreamer+bin: 0:00:30.342476759 0xe8df3e00 gstbin.c:911:find_message:<pipeline0> no message found matching types 00100000
06-06 22:05:26.511  4906  4906 D GStreamer+bin: 0:00:30.342494728 0xe8df3e00 gstbin.c:918:find_message:<pipeline0>   async-start
06-06 22:05:26.511  4906  4906 D GStreamer+bin: 0:00:30.342512332 0xe8df3e00 gstbin.c:2539:gst_bin_element_set_state:<pipeline0> setting element forhalffps to PAUSED, base_time 0:00:00.000000000
06-06 22:05:26.511  4906  4906 D GStreamer+GST_STATES: 0:00:30.342535925 0xe8df3e00 gstelement.c:2525:gst_element_set_state_func:<forhalffps> set_state to PAUSED
06-06 22:05:26.511  4906  4906 D GStreamer+GST_STATES: 0:00:30.342554415 0xe8df3e00 gstelement.c:2550:gst_element_set_state_func:<forhalffps> setting target state to PAUSED
06-06 22:05:26.512  4906  4906 D GStreamer+GST_STATES: 0:00:30.342572071 0xe8df3e00 gstelement.c:2563:gst_element_set_state_func:<forhalffps> current READY, old_pending VOID_PENDING, next VOID_PENDING, old return SUCCESS
06-06 22:05:26.512  4906  4906 D GStreamer+GST_STATES: 0:00:30.342593738 0xe8df3e00 gstelement.c:2597:gst_element_set_state_func:<forhalffps> final: setting state from READY to PAUSED
06-06 22:05:26.512  4906  4906 D GStreamer+GST_ELEMENT_PADS: 0:00:30.342616290 0xe8df3e00 gstelement.c:2795:gst_element_pads_activate:<forhalffps> activate pads
06-06 22:05:26.512  4906  4906 D GStreamer+GST_PADS: 0:00:30.342640300 0xe8df3e00 gstpad.c:1063:gst_pad_set_active:<forhalffps:src> activating pad from none
06-06 22:05:26.512  4906  4906 D GStreamer+GST_PADS: 0:00:30.342660769 0xe8df3e00 gstpad.c:979:pre_activate:<forhalffps:src> setting pad into push mode, unset flushing
06-06 22:05:26.512  4906  4906 D GStreamer+GST_PADS: 0:00:30.342681550 0xe8df3e00 gstpad.c:1188:activate_mode_internal:<forhalffps:src> activated in push mode
06-06 22:05:26.512  4906  4906 D GStreamer+GST_PADS: 0:00:30.342705925 0xe8df3e00 gstpad.c:1063:gst_pad_set_active:<forhalffps:sink> activating pad from none
06-06 22:05:26.512  4906  4906 D GStreamer+GST_PADS: 0:00:30.342725092 0xe8df3e00 gstpad.c:979:pre_activate:<forhalffps:sink> setting pad into push mode, unset flushing
06-06 22:05:26.512  4906  4906 D GStreamer+GST_PADS: 0:00:30.342744571 0xe8df3e00 gstpad.c:991:pre_activate:<forhalffps:sink> reschedule events on peer queue1:src
06-06 22:05:26.512  4906  4906 D GStreamer+GST_CAPS: 0:00:30.342766186 0xe8df3e00 gstpad.c:2672:gst_pad_get_current_caps:<forhalffps:sink> get current pad caps (NULL)
06-06 22:05:26.512  4906  4906 D GStreamer+GST_CAPS: 0:00:30.342786915 0xe8df3e00 gstpad.c:2672:gst_pad_get_current_caps:<forhalffps:src> get current pad caps (NULL)
06-06 22:05:26.512  4906  4906 D GStreamer+basetransform: 0:00:30.342806498 0xe8df3e00 gstbasetransform.c:2449:gst_base_transform_activate:<forhalffps> have_same_caps 0
06-06 22:05:26.512  4906  4906 D GStreamer+GST_PADS: 0:00:30.342826603 0xe8df3e00 gstpad.c:1188:activate_mode_internal:<forhalffps:sink> activated in push mode
06-06 22:05:26.512  4906  4906 D GStreamer+GST_ELEMENT_PADS: 0:00:30.342848425 0xe8df3e00 gstelement.c:2814:gst_element_pads_activate:<forhalffps> pad activation successful
06-06 22:05:26.512  4906  4906 D GStreamer+GST_STATES: 0:00:30.342868425 0xe8df3e00 gstelement.c:2686:gst_element_change_state:<forhalffps> element changed state SUCCESS
06-06 22:05:26.512  4906  4906 I GStreamer+GST_STATES: 0:00:30.342885978 0xe8df3e00 gstelement.c:2374:gst_element_continue_state:<forhalffps> completed state change to PAUSED
06-06 22:05:26.512  4906  4906 I GStreamer+GST_STATES: 0:00:30.342905092 0xe8df3e00 gstelement.c:2279:_priv_gst_element_state_changed:<forhalffps> notifying about state-changed READY to PAUSED (VOID_PENDING pending)
06-06 22:05:26.512  4906  4906 D GStreamer+GST_BUS: 0:00:30.342931967 0xe8df3e00 gstbus.c:309:gst_bus_post:<bus2> [msg 0xe9012018] posting on bus state-changed message: 0xe9012018, time 99:99:99.999999999, seq-num 48, element 'forhalffps', GstMessageStateChanged, old-state=(GstState)GST_STATE_READY, new-state=(GstState)GST_STATE_PAUSED, pending-state=(GstState)GST_STATE_VOID_PENDING;
06-06 22:05:26.512  4906  4906 D GStreamer+bin: 0:00:30.342984259 0xe8df3e00 gstbin.c:3654:gst_bin_handle_message_func:<pipeline0> [msg 0xe9012018] handling child forhalffps message of type state-changed
06-06 22:05:26.512  4906  4906 D GStreamer+bin: 0:00:30.343055613 0xe8df3e00 gstbin.c:3991:gst_bin_handle_message_func:<pipeline0> posting message upward
06-06 22:05:26.512  4906  4906 D GStreamer+GST_BUS: 0:00:30.343077853 0xe8df3e00 gstbus.c:309:gst_bus_post:<bus3> [msg 0xe9012018] posting on bus state-changed message: 0xe9012018, time 99:99:99.999999999, seq-num 48, element 'forhalffps', GstMessageStateChanged, old-state=(GstState)GST_STATE_READY, new-state=(GstState)GST_STATE_PAUSED, pending-state=(GstState)GST_STATE_VOID_PENDING;
06-06 22:05:26.512  4906  4906 D GStreamer+GST_BUS: 0:00:30.343124519 0xe8df3e00 gstbus.c:348:gst_bus_post:<bus3> [msg 0xe9012018] pushing on async queue
06-06 22:05:26.512  4906  5000 D GStreamer+GST_BUS: 0:00:30.343169884 0xe9172400 gstbus.c:521:gst_bus_timed_pop_filtered:<bus3> got message 0xe9012018, state-changed from forhalffps, type mask is 4294967295
06-06 22:05:26.512  4906  5000 D GStreamer+GST_BUS: 0:00:30.343199988 0xe9172400 gstbus.c:789:gst_bus_source_dispatch:<bus3> source 0xe92790b8 calling dispatch with state-changed message: 0xe9012018, time 99:99:99.999999999, seq-num 48, element 'forhalffps', GstMessageStateChanged, old-state=(GstState)GST_STATE_READY, new-state=(GstState)GST_STATE_PAUSED, pending-state=(GstState)GST_STATE_VOID_PENDING;
06-06 22:05:26.512  4906  5000 D GStreamer+GST_BUS: 0:00:30.343251759 0xe9172400 gstbus.c:794:gst_bus_source_dispatch:<bus3> source 0xe92790b8 handler returns 1
06-06 22:05:26.512  4906  4906 D GStreamer+GST_BUS: 0:00:30.343298894 0xe8df3e00 gstbus.c:351:gst_bus_post:<bus3> [msg 0xe9012018] pushed on async queue
06-06 22:05:26.512  4906  4906 D GStreamer+GST_BUS: 0:00:30.343326655 0xe8df3e00 gstbus.c:344:gst_bus_post:<bus2> [msg 0xe9012018] dropped
06-06 22:05:26.512  4906  4906 D GStreamer+GST_STATES: 0:00:30.343348373 0xe8df3e00 gstelement.c:2609:gst_element_set_state_func:<forhalffps> returned SUCCESS
06-06 22:05:26.512  4906  4906 I GStreamer+GST_STATES: 0:00:30.343368686 0xe8df3e00 gstbin.c:2892:gst_bin_change_state_func:<pipeline0> child 'forhalffps' changed state to 3(PAUSED) successfully
06-06 22:05:26.512  4906  4906 D GStreamer+bin: 0:00:30.343394519 0xe8df3e00 gstbin.c:2310:gst_bin_sort_iterator_next:<pipeline0> queue head gives queue1
06-06 22:05:26.512  4906  4906 D GStreamer+bin: 0:00:30.343415300 0xe8df3e00 gstbin.c:911:find_message:<pipeline0> no message found matching types 00001000
06-06 22:05:26.512  4906  4906 D GStreamer+bin: 0:00:30.343455613 0xe8df3e00 gstbin.c:918:find_message:<pipeline0>   structure-change
06-06 22:05:26.512  4906  4906 D GStreamer+bin: 0:00:30.343475092 0xe8df3e00 gstbin.c:2249:update_degree:<pipeline0> element queue1 not linked on any sinkpads
06-06 22:05:26.512  4906  4906 I GStreamer+GST_STATES: 0:00:30.343495457 0xe8df3e00 gstbin.c:2444:gst_bin_element_set_state:<queue1> current READY pending VOID_PENDING, desired next PAUSED
06-06 22:05:26.512  4906  4906 D GStreamer+bin: 0:00:30.343518165 0xe8df3e00 gstbin.c:911:find_message:<pipeline0> no message found matching types 00100000
06-06 22:05:26.512  4906  4906 D GStreamer+bin: 0:00:30.343537071 0xe8df3e00 gstbin.c:918:find_message:<pipeline0>   async-start
06-06 22:05:26.512  4906  4906 D GStreamer+bin: 0:00:30.343555561 0xe8df3e00 gstbin.c:2539:gst_bin_element_set_state:<pipeline0> setting element queue1 to PAUSED, base_time 0:00:00.000000000
06-06 22:05:26.513  4906  4906 D GStreamer+GST_STATES: 0:00:30.343580717 0xe8df3e00 gstelement.c:2525:gst_element_set_state_func:<queue1> set_state to PAUSED
06-06 22:05:26.513  4906  4906 D GStreamer+GST_STATES: 0:00:30.343600144 0xe8df3e00 gstelement.c:2550:gst_element_set_state_func:<queue1> setting target state to PAUSED
06-06 22:05:26.513  4906  4906 D GStreamer+GST_STATES: 0:00:30.343619155 0xe8df3e00 gstelement.c:2563:gst_element_set_state_func:<queue1> current READY, old_pending VOID_PENDING, next VOID_PENDING, old return SUCCESS
06-06 22:05:26.513  4906  4906 D GStreamer+GST_STATES: 0:00:30.343641863 0xe8df3e00 gstelement.c:2597:gst_element_set_state_func:<queue1> final: setting state from READY to PAUSED
06-06 22:05:26.513  4906  4906 D GStreamer+GST_ELEMENT_PADS: 0:00:30.343665248 0xe8df3e00 gstelement.c:2795:gst_element_pads_activate:<queue1> activate pads
06-06 22:05:26.513  4906  4906 D GStreamer+GST_PADS: 0:00:30.343688061 0xe8df3e00 gstpad.c:1063:gst_pad_set_active:<queue1:src> activating pad from none
06-06 22:05:26.513  4906  4906 D GStreamer+GST_PADS: 0:00:30.343708269 0xe8df3e00 gstpad.c:979:pre_activate:<queue1:src> setting pad into push mode, unset flushing
06-06 22:05:26.513  4906  4906 D GStreamer+GST_PADS: 0:00:30.343729884 0xe8df3e00 gstpad.c:5978:gst_pad_start_task:<queue1:src> start task
06-06 22:05:26.513  4906  4906 D GStreamer+task: 0:00:30.343779884 0xe8df3e00 gsttask.c:427:gst_task_new Created task 0xe92f6028
06-06 22:05:26.513  4906  4906 I GStreamer+task: 0:00:30.343802071 0xe8df3e00 gsttask.c:453:gst_task_set_lock setting stream lock 0xe901e9a4 on task 0xe92f6028
06-06 22:05:26.513  4906  4906 I GStreamer+GST_PADS: 0:00:30.343822332 0xe8df3e00 gstpad.c:5987:gst_pad_start_task:<queue1:src> created task 0xe92f6028
06-06 22:05:26.513  4906  4906 D GStreamer+GST_PADS: 0:00:30.343843582 0xe8df3e00 gstpad.c:5904:do_stream_status:<queue1:src> doing stream-status 0
06-06 22:05:26.513  4906  4906 D GStreamer+GST_PADS: 0:00:30.343872123 0xe8df3e00 gstpad.c:5933:do_stream_status:<queue1:src> posting stream-status 0
06-06 22:05:26.513  4906  4906 D GStreamer+GST_BUS: 0:00:30.343893686 0xe8df3e00 gstbus.c:309:gst_bus_post:<bus2> [msg 0xe9012070] posting on bus stream-status message: 0xe9012070, time 99:99:99.999999999, seq-num 49, element 'src', GstMessageStreamStatus, type=(GstStreamStatusType)GST_STREAM_STATUS_TYPE_CREATE, owner=(GstElement)"\(GstQueue\)\ queue1", object=(GstTask)"\(GstTask\)\ task0";
06-06 22:05:26.513  4906  4906 D GStreamer+bin: 0:00:30.343959103 0xe8df3e00 gstbin.c:3654:gst_bin_handle_message_func:<pipeline0> [msg 0xe9012070] handling child src message of type stream-status
06-06 22:05:26.513  4906  4906 D GStreamer+bin: 0:00:30.343981603 0xe8df3e00 gstbin.c:3991:gst_bin_handle_message_func:<pipeline0> posting message upward
06-06 22:05:26.513  4906  4906 D GStreamer+GST_BUS: 0:00:30.343999988 0xe8df3e00 gstbus.c:309:gst_bus_post:<bus3> [msg 0xe9012070] posting on bus stream-status message: 0xe9012070, time 99:99:99.999999999, seq-num 49, element 'src', GstMessageStreamStatus, type=(GstStreamStatusType)GST_STREAM_STATUS_TYPE_CREATE, owner=(GstElement)"\(GstQueue\)\ queue1", object=(GstTask)"\(GstTask\)\ task0";
06-06 22:05:26.513  4906  4906 D GStreamer+GST_BUS: 0:00:30.344052748 0xe8df3e00 gstbus.c:348:gst_bus_post:<bus3> [msg 0xe9012070] pushing on async queue
06-06 22:05:26.513  4906  5000 D GStreamer+GST_BUS: 0:00:30.344096498 0xe9172400 gstbus.c:521:gst_bus_timed_pop_filtered:<bus3> got message 0xe9012070, stream-status from src, type mask is 4294967295
06-06 22:05:26.513  4906  5000 D GStreamer+GST_BUS: 0:00:30.344126498 0xe9172400 gstbus.c:789:gst_bus_source_dispatch:<bus3> source 0xe92790b8 calling dispatch with stream-status message: 0xe9012070, time 99:99:99.999999999, seq-num 49, element 'src', GstMessageStreamStatus, type=(GstStreamStatusType)GST_STREAM_STATUS_TYPE_CREATE, owner=(GstElement)"\(GstQueue\)\ queue1", object=(GstTask)"\(GstTask\)\ task0";
06-06 22:05:26.513  4906  5000 D GStreamer+GST_BUS: 0:00:30.344178998 0xe9172400 gstbus.c:794:gst_bus_source_dispatch:<bus3> source 0xe92790b8 handler returns 1
06-06 22:05:26.513  4906  4906 D GStreamer+GST_BUS: 0:00:30.344221238 0xe8df3e00 gstbus.c:351:gst_bus_post:<bus3> [msg 0xe9012070] pushed on async queue
06-06 22:05:26.513  4906  4906 D GStreamer+GST_BUS: 0:00:30.344247853 0xe8df3e00 gstbus.c:344:gst_bus_post:<bus2> [msg 0xe9012070] dropped
06-06 22:05:26.513  4906  4906 D GStreamer+task: 0:00:30.344267748 0xe8df3e00 gsttask.c:684:gst_task_set_state:<task0> Changing task 0xe92f6028 to state 0
06-06 22:05:26.513  4906  4906 D GStreamer+GST_PADS: 0:00:30.344344675 0xe8df3e00 gstpad.c:1188:activate_mode_internal:<queue1:src> activated in push mode
06-06 22:05:26.513  4906  4906 D GStreamer+GST_PADS: 0:00:30.344377957 0xe8df3e00 gstpad.c:1063:gst_pad_set_active:<queue1:sink> activating pad from none
06-06 22:05:26.513  4906  5037 D GStreamer+task: 0:00:30.344369675 0xe900d030 gsttask.c:289:gst_task_func Entering task 0xe92f6028, thread 0xe900d030
06-06 22:05:26.513  4906  4906 D GStreamer+GST_PADS: 0:00:30.344397853 0xe8df3e00 gstpad.c:979:pre_activate:<queue1:sink> setting pad into push mode, unset flushing
06-06 22:05:26.513  4906  5037 D GStreamer+GST_PADS: 0:00:30.344411915 0xe900d030 gstpad.c:5904:do_stream_status:<queue1:src> doing stream-status 1
06-06 22:05:26.513  4906  4906 D GStreamer+GST_PADS: 0:00:30.344427853 0xe8df3e00 gstpad.c:1188:activate_mode_internal:<queue1:sink> activated in push mode
06-06 22:05:26.513  4906  4906 D GStreamer+GST_ELEMENT_PADS: 0:00:30.344456394 0xe8df3e00 gstelement.c:2814:gst_element_pads_activate:<queue1> pad activation successful
06-06 22:05:26.513  4906  4906 D GStreamer+GST_STATES: 0:00:30.344480405 0xe8df3e00 gstelement.c:2686:gst_element_change_state:<queue1> element changed state SUCCESS
06-06 22:05:26.513  4906  5037 D GStreamer+GST_PADS: 0:00:30.344478165 0xe900d030 gstpad.c:5933:do_stream_status:<queue1:src> posting stream-status 1
06-06 22:05:26.513  4906  4906 I GStreamer+GST_STATES: 0:00:30.344501967 0xe8df3e00 gstelement.c:2374:gst_element_continue_state:<queue1> completed state change to PAUSED
06-06 22:05:26.513  4906  4906 I GStreamer+GST_STATES: 0:00:30.344523946 0xe8df3e00 gstelement.c:2279:_priv_gst_element_state_changed:<queue1> notifying about state-changed READY to PAUSED (VOID_PENDING pending)
06-06 22:05:26.514  4906  4906 D GStreamer+GST_BUS: 0:00:30.344550248 0xe8df3e00 gstbus.c:309:gst_bus_post:<bus2> [msg 0xe90120c8] posting on bus state-changed message: 0xe90120c8, time 99:99:99.999999999, seq-num 51, element 'queue1', GstMessageStateChanged, old-state=(GstState)GST_STATE_READY, new-state=(GstState)GST_STATE_PAUSED, pending-state=(GstState)GST_STATE_VOID_PENDING;
06-06 22:05:26.514  4906  4906 D GStreamer+bin: 0:00:30.344599988 0xe8df3e00 gstbin.c:3654:gst_bin_handle_message_func:<pipeline0> [msg 0xe90120c8] handling child queue1 message of type state-changed
06-06 22:05:26.514  4906  4906 D GStreamer+bin: 0:00:30.344622175 0xe8df3e00 gstbin.c:3991:gst_bin_handle_message_func:<pipeline0> posting message upward
06-06 22:05:26.514  4906  4906 D GStreamer+GST_BUS: 0:00:30.344641915 0xe8df3e00 gstbus.c:309:gst_bus_post:<bus3> [msg 0xe90120c8] posting on bus state-changed message: 0xe90120c8, time 99:99:99.999999999, seq-num 51, element 'queue1', GstMessageStateChanged, old-state=(GstState)GST_STATE_READY, new-state=(GstState)GST_STATE_PAUSED, pending-state=(GstState)GST_STATE_VOID_PENDING;
06-06 22:05:26.514  4906  5037 D GStreamer+GST_BUS: 0:00:30.344624571 0xe900d030 gstbus.c:309:gst_bus_post:<bus2> [msg 0xe92ef978] posting on bus stream-status message: 0xe92ef978, time 99:99:99.999999999, seq-num 50, element 'src', GstMessageStreamStatus, type=(GstStreamStatusType)GST_STREAM_STATUS_TYPE_ENTER, owner=(GstElement)"\(GstQueue\)\ queue1", object=(GstTask)"\(GstTask\)\ queue1:src";
06-06 22:05:26.514  4906  4906 D GStreamer+GST_BUS: 0:00:30.344693738 0xe8df3e00 gstbus.c:348:gst_bus_post:<bus3> [msg 0xe90120c8] pushing on async queue
06-06 22:05:26.514  4906  5037 D GStreamer+bin: 0:00:30.344706290 0xe900d030 gstbin.c:3654:gst_bin_handle_message_func:<pipeline0> [msg 0xe92ef978] handling child src message of type stream-status
06-06 22:05:26.514  4906  5037 D GStreamer+bin: 0:00:30.344732957 0xe900d030 gstbin.c:3991:gst_bin_handle_message_func:<pipeline0> posting message upward
06-06 22:05:26.514  4906  5000 D GStreamer+GST_BUS: 0:00:30.344738269 0xe9172400 gstbus.c:521:gst_bus_timed_pop_filtered:<bus3> got message 0xe90120c8, state-changed from queue1, type mask is 4294967295
06-06 22:05:26.514  4906  5037 D GStreamer+GST_BUS: 0:00:30.344751811 0xe900d030 gstbus.c:309:gst_bus_post:<bus3> [msg 0xe92ef978] posting on bus stream-status message: 0xe92ef978, time 99:99:99.999999999, seq-num 50, element 'src', GstMessageStreamStatus, type=(GstStreamStatusType)GST_STREAM_STATUS_TYPE_ENTER, owner=(GstElement)"\(GstQueue\)\ queue1", object=(GstTask)"\(GstTask\)\ queue1:src";
06-06 22:05:26.514  4906  5000 D GStreamer+GST_BUS: 0:00:30.344768478 0xe9172400 gstbus.c:789:gst_bus_source_dispatch:<bus3> source 0xe92790b8 calling dispatch with state-changed message: 0xe90120c8, time 99:99:99.999999999, seq-num 51, element 'queue1', GstMessageStateChanged, old-state=(GstState)GST_STATE_READY, new-state=(GstState)GST_STATE_PAUSED, pending-state=(GstState)GST_STATE_VOID_PENDING;
06-06 22:05:26.514  4906  5037 D GStreamer+GST_BUS: 0:00:30.344821550 0xe900d030 gstbus.c:348:gst_bus_post:<bus3> [msg 0xe92ef978] pushing on async queue
06-06 22:05:26.514  4906  5000 D GStreamer+GST_BUS: 0:00:30.344829571 0xe9172400 gstbus.c:794:gst_bus_source_dispatch:<bus3> source 0xe92790b8 handler returns 1
06-06 22:05:26.514  4906  5037 D GStreamer+GST_BUS: 0:00:30.344845457 0xe900d030 gstbus.c:351:gst_bus_post:<bus3> [msg 0xe92ef978] pushed on async queue
06-06 22:05:26.514  4906  5037 D GStreamer+GST_BUS: 0:00:30.344868425 0xe900d030 gstbus.c:344:gst_bus_post:<bus2> [msg 0xe92ef978] dropped
06-06 22:05:26.514  4906  5000 D GStreamer+GST_BUS: 0:00:30.344866238 0xe9172400 gstbus.c:521:gst_bus_timed_pop_filtered:<bus3> got message 0xe92ef978, stream-status from src, type mask is 4294967295
06-06 22:05:26.514  4906  5037 D GStreamer+task: 0:00:30.344895561 0xe900d030 gsttask.c:251:gst_task_configure_name:<queue1:src> Setting thread name to 'queue1:src'
06-06 22:05:26.514  4906  5037 D GStreamer+queue_dataflow: 0:00:30.344920405 0xe900d030 gstqueue.c:1488:gst_queue_loop:<queue1> queue is empty
06-06 22:05:26.514  4906  5000 D GStreamer+GST_BUS: 0:00:30.344901915 0xe9172400 gstbus.c:789:gst_bus_source_dispatch:<bus3> source 0xe92790b8 calling dispatch with stream-status message: 0xe92ef978, time 99:99:99.999999999, seq-num 50, element 'src', GstMessageStreamStatus, type=(GstStreamStatusType)GST_STREAM_STATUS_TYPE_ENTER, owner=(GstElement)"\(GstQueue\)\ queue1", object=(GstTask)"\(GstTask\)\ queue1:src";
06-06 22:05:26.514  4906  5000 D GStreamer+GST_BUS: 0:00:30.344966863 0xe9172400 gstbus.c:794:gst_bus_source_dispatch:<bus3> source 0xe92790b8 handler returns 1
06-06 22:05:26.514  4906  4906 D GStreamer+GST_BUS: 0:00:30.345006498 0xe8df3e00 gstbus.c:351:gst_bus_post:<bus3> [msg 0xe90120c8] pushed on async queue
06-06 22:05:26.514  4906  4906 D GStreamer+GST_BUS: 0:00:30.345030613 0xe8df3e00 gstbus.c:344:gst_bus_post:<bus2> [msg 0xe90120c8] dropped
06-06 22:05:26.514  4906  4906 D GStreamer+GST_STATES: 0:00:30.345050873 0xe8df3e00 gstelement.c:2609:gst_element_set_state_func:<queue1> returned SUCCESS
06-06 22:05:26.514  4906  4906 I GStreamer+GST_STATES: 0:00:30.345069675 0xe8df3e00 gstbin.c:2892:gst_bin_change_state_func:<pipeline0> child 'queue1' changed state to 3(PAUSED) successfully
06-06 22:05:26.514  4906  4906 D GStreamer+bin: 0:00:30.345093894 0xe8df3e00 gstbin.c:2295:gst_bin_sort_iterator_next:<pipeline0> queue empty, next best: forhwgl
06-06 22:05:26.514  4906  4906 D GStreamer+bin: 0:00:30.345113321 0xe8df3e00 gstbin.c:2310:gst_bin_sort_iterator_next:<pipeline0> queue head gives forhwgl
06-06 22:05:26.514  4906  4906 D GStreamer+bin: 0:00:30.345131655 0xe8df3e00 gstbin.c:911:find_message:<pipeline0> no message found matching types 00001000
06-06 22:05:26.514  4906  4906 D GStreamer+bin: 0:00:30.345151446 0xe8df3e00 gstbin.c:918:find_message:<pipeline0>   structure-change
06-06 22:05:26.514  4906  4906 D GStreamer+bin: 0:00:30.345172384 0xe8df3e00 gstbin.c:2226:update_degree:<pipeline0> change element queue0, degree 1->0, linked to forhwgl
06-06 22:05:26.514  4906  4906 D GStreamer+bin: 0:00:30.345195613 0xe8df3e00 gstbin.c:2109:add_to_queue:<pipeline0> adding 'queue0' to queue
06-06 22:05:26.514  4906  4906 I GStreamer+GST_STATES: 0:00:30.345217332 0xe8df3e00 gstbin.c:2444:gst_bin_element_set_state:<forhwgl> current READY pending VOID_PENDING, desired next PAUSED
06-06 22:05:26.514  4906  4906 D GStreamer+bin: 0:00:30.345239571 0xe8df3e00 gstbin.c:911:find_message:<pipeline0> no message found matching types 00100000
06-06 22:05:26.514  4906  4906 D GStreamer+bin: 0:00:30.345258321 0xe8df3e00 gstbin.c:918:find_message:<pipeline0>   async-start
06-06 22:05:26.514  4906  4906 D GStreamer+bin: 0:00:30.345276759 0xe8df3e00 gstbin.c:2539:gst_bin_element_set_state:<pipeline0> setting element forhwgl to PAUSED, base_time 0:00:00.000000000
06-06 22:05:26.514  4906  4906 D GStreamer+GST_STATES: 0:00:30.345302957 0xe8df3e00 gstelement.c:2525:gst_element_set_state_func:<forhwgl> set_state to PAUSED
06-06 22:05:26.514  4906  4906 D GStreamer+GST_STATES: 0:00:30.345322123 0xe8df3e00 gstelement.c:2550:gst_element_set_state_func:<forhwgl> setting target state to PAUSED
06-06 22:05:26.514  4906  4906 D GStreamer+GST_STATES: 0:00:30.345340561 0xe8df3e00 gstelement.c:2563:gst_element_set_state_func:<forhwgl> current READY, old_pending VOID_PENDING, next VOID_PENDING, old return SUCCESS
06-06 22:05:26.514  4906  4906 D GStreamer+GST_STATES: 0:00:30.345363686 0xe8df3e00 gstelement.c:2597:gst_element_set_state_func:<forhwgl> final: setting state from READY to PAUSED
06-06 22:05:26.514  4906  4906 D GStreamer+bin: 0:00:30.345391238 0xe8df3e00 gstbin.c:3654:gst_bin_handle_message_func:<forhwgl> [msg 0xe9012120] handling child forhwgl message of type async-start
06-06 22:05:26.514  4906  4906 D GStreamer+bin: 0:00:30.345412644 0xe8df3e00 gstbin.c:3844:gst_bin_handle_message_func:<forhwgl> ASYNC_START message 0xe9012120, forhwgl
06-06 22:05:26.514  4906  4906 D GStreamer+bin: 0:00:30.345447071 0xe8df3e00 gstbin.c:911:find_message:<forhwgl> no message found matching types 00100000
06-06 22:05:26.514  4906  4906 D GStreamer+bin: 0:00:30.345466238 0xe8df3e00 gstbin.c:918:find_message:<forhwgl>   async-start
06-06 22:05:26.514  4906  4906 D GStreamer+bin: 0:00:30.345484155 0xe8df3e00 gstbin.c:958:bin_replace_message:<forhwgl> got new message 0xe9012120, async-start from forhwgl
06-06 22:05:26.514  4906  4906 D GStreamer+GST_STATES: 0:00:30.345508113 0xe8df3e00 gstbin.c:3304:bin_handle_async_start:<forhwgl> state change busy
06-06 22:05:26.514  4906  4906 D GStreamer+bin: 0:00:30.345526342 0xe8df3e00 gstbin.c:3290:bin_handle_async_start:<forhwgl> posting ASYNC_START to parent
06-06 22:05:26.514  4906  4906 D GStreamer+GST_BUS: 0:00:30.345544207 0xe8df3e00 gstbus.c:309:gst_bus_post:<bus2> [msg 0xe9012178] posting on bus async-start message: 0xe9012178, time 99:99:99.999999999, seq-num 53, element 'forhwgl', (NULL)
06-06 22:05:26.515  4906  4906 D GStreamer+bin: 0:00:30.345578946 0xe8df3e00 gstbin.c:3654:gst_bin_handle_message_func:<pipeline0> [msg 0xe9012178] handling child forhwgl message of type async-start
06-06 22:05:26.515  4906  4906 D GStreamer+bin: 0:00:30.345601186 0xe8df3e00 gstbin.c:3844:gst_bin_handle_message_func:<pipeline0> ASYNC_START message 0xe9012178, forhwgl
06-06 22:05:26.515  4906  4906 D GStreamer+bin: 0:00:30.345621550 0xe8df3e00 gstbin.c:911:find_message:<pipeline0> no message found matching types 00100000
06-06 22:05:26.515  4906  4906 D GStreamer+bin: 0:00:30.345640196 0xe8df3e00 gstbin.c:918:find_message:<pipeline0>   async-start
06-06 22:05:26.515  4906  4906 D GStreamer+bin: 0:00:30.345657748 0xe8df3e00 gstbin.c:958:bin_replace_message:<pipeline0> got new message 0xe9012178, async-start from forhwgl
06-06 22:05:26.515  4906  4906 D GStreamer+GST_STATES: 0:00:30.345678009 0xe8df3e00 gstbin.c:3304:bin_handle_async_start:<pipeline0> state change busy
06-06 22:05:26.515  4906  4906 D GStreamer+GST_BUS: 0:00:30.345695561 0xe8df3e00 gstbus.c:344:gst_bus_post:<bus2> [msg 0xe9012178] dropped
06-06 22:05:26.515  4906  4906 D GStreamer+GST_STATES: 0:00:30.345724884 0xe8df3e00 gstbin.c:2792:gst_bin_change_state_func:<forhwgl> changing state of children from READY to PAUSED
06-06 22:05:26.515  4906  4906 D GStreamer+bin: 0:00:30.345747748 0xe8df3e00 gstbin.c:2816:gst_bin_change_state_func:<forhwgl> clearing EOS elements
06-06 22:05:26.515  4906  4906 D GStreamer+bin: 0:00:30.345764988 0xe8df3e00 gstbin.c:992:bin_remove_messages:<forhwgl> not deleting message 0xe9012120 of type 0x00100000
06-06 22:05:26.515  4906  4906 D GStreamer+bin: 0:00:30.345784936 0xe8df3e00 gstbin.c:992:bin_remove_messages:<forhwgl> not deleting message 0xe9012120 of type 0x00100000
06-06 22:05:26.515  4906  4906 D GStreamer+bin: 0:00:30.345804780 0xe8df3e00 gstbin.c:2637:gst_bin_src_pads_activate:<forhwgl> activate pads
06-06 22:05:26.515  4906  4906 D GStreamer+bin: 0:00:30.345827123 0xe8df3e00 gstbin.c:2645:gst_bin_src_pads_activate:<forhwgl> pad activation successful
06-06 22:05:26.515  4906  4906 D GStreamer+bin: 0:00:30.345848738 0xe8df3e00 gstbin.c:2323:gst_bin_sort_iterator_resync:<forhwgl> resync
06-06 22:05:26.515  4906  4906 D GStreamer+bin: 0:00:30.345867853 0xe8df3e00 gstbin.c:911:find_message:<forhwgl> no message found matching types 00001000
06-06 22:05:26.515  4906  4906 D GStreamer+bin: 0:00:30.345887175 0xe8df3e00 gstbin.c:918:find_message:<forhwgl>   structure-change
06-06 22:05:26.515  4906  4906 D GStreamer+bin: 0:00:30.345907592 0xe8df3e00 gstbin.c:2249:update_degree:<forhwgl> element typefind not linked on any sinkpads
06-06 22:05:26.515  4906  4906 D GStreamer+bin: 0:00:30.345929311 0xe8df3e00 gstbin.c:2295:gst_bin_sort_iterator_next:<forhwgl> queue empty, next best: typefind
06-06 22:05:26.515  4906  4906 D GStreamer+bin: 0:00:30.345949519 0xe8df3e00 gstbin.c:2310:gst_bin_sort_iterator_next:<forhwgl> queue head gives typefind
06-06 22:05:26.515  4906  4906 D GStreamer+bin: 0:00:30.345968061 0xe8df3e00 gstbin.c:911:find_message:<forhwgl> no message found matching types 00001000
06-06 22:05:26.515  4906  4906 D GStreamer+bin: 0:00:30.345986759 0xe8df3e00 gstbin.c:918:find_message:<forhwgl>   structure-change
06-06 22:05:26.515  4906  4906 D GStreamer+bin: 0:00:30.346006394 0xe8df3e00 gstbin.c:2249:update_degree:<forhwgl> element typefind not linked on any sinkpads
06-06 22:05:26.515  4906  4906 I GStreamer+GST_STATES: 0:00:30.346025873 0xe8df3e00 gstbin.c:2444:gst_bin_element_set_state:<typefind> current READY pending VOID_PENDING, desired next PAUSED
06-06 22:05:26.515  4906  4906 D GStreamer+bin: 0:00:30.346048790 0xe8df3e00 gstbin.c:911:find_message:<forhwgl> no message found matching types 00100000
06-06 22:05:26.515  4906  4906 D GStreamer+bin: 0:00:30.346067592 0xe8df3e00 gstbin.c:918:find_message:<forhwgl>   async-start
06-06 22:05:26.515  4906  4906 D GStreamer+bin: 0:00:30.346085717 0xe8df3e00 gstbin.c:2539:gst_bin_element_set_state:<forhwgl> setting element typefind to PAUSED, base_time 0:00:00.000000000
06-06 22:05:26.515  4906  4906 D GStreamer+GST_STATES: 0:00:30.346109988 0xe8df3e00 gstelement.c:2525:gst_element_set_state_func:<typefind> set_state to PAUSED
06-06 22:05:26.515  4906  4906 D GStreamer+GST_STATES: 0:00:30.346128894 0xe8df3e00 gstelement.c:2550:gst_element_set_state_func:<typefind> setting target state to PAUSED
06-06 22:05:26.515  4906  4906 D GStreamer+GST_STATES: 0:00:30.346147332 0xe8df3e00 gstelement.c:2563:gst_element_set_state_func:<typefind> current READY, old_pending VOID_PENDING, next VOID_PENDING, old return SUCCESS
06-06 22:05:26.515  4906  4906 D GStreamer+GST_STATES: 0:00:30.346169936 0xe8df3e00 gstelement.c:2597:gst_element_set_state_func:<typefind> final: setting state from READY to PAUSED
06-06 22:05:26.515  4906  4906 D GStreamer+GST_ELEMENT_PADS: 0:00:30.346193165 0xe8df3e00 gstelement.c:2795:gst_element_pads_activate:<typefind> activate pads
06-06 22:05:26.515  4906  4906 D GStreamer+GST_PADS: 0:00:30.346215561 0xe8df3e00 gstpad.c:1063:gst_pad_set_active:<typefind:src> activating pad from none
06-06 22:05:26.515  4906  4906 D GStreamer+GST_PADS: 0:00:30.346235509 0xe8df3e00 gstpad.c:979:pre_activate:<typefind:src> setting pad into push mode, unset flushing
06-06 22:05:26.515  4906  4906 D GStreamer+GST_PADS: 0:00:30.346256967 0xe8df3e00 gstpad.c:1188:activate_mode_internal:<typefind:src> activated in push mode
06-06 22:05:26.515  4906  4906 D GStreamer+GST_PADS: 0:00:30.346282384 0xe8df3e00 gstpad.c:1063:gst_pad_set_active:<typefind:sink> activating pad from none
06-06 22:05:26.515  4906  4906 D GStreamer+query: 0:00:30.346306186 0xe8df3e00 gstquery.c:674:gst_query_new_custom creating new query 0xe900d060 scheduling
06-06 22:05:26.515  4906  4906 D GStreamer+GST_PADS: 0:00:30.346327384 0xe8df3e00 gstpad.c:4049:gst_pad_peer_query:<typefind:sink> peer query 0xe900d060 (scheduling)
06-06 22:05:26.515  4906  4906 D GStreamer+GST_PADS: 0:00:30.346351082 0xe8df3e00 gstpad.c:3922:gst_pad_query:<sink:proxypad0> doing query 0xe900d060 (scheduling)
06-06 22:05:26.515  4906  4906 D GStreamer+GST_PADS: 0:00:30.346374311 0xe8df3e00 gstpad.c:3367:gst_pad_query_default:<sink:proxypad0> forwarding 0xe900d060 (scheduling) query
06-06 22:05:26.515  4906  4906 D GStreamer+GST_PADS: 0:00:30.346402488 0xe8df3e00 gstpad.c:4049:gst_pad_peer_query:<forhwgl:sink> peer query 0xe900d060 (scheduling)
06-06 22:05:26.515  4906  4906 D GStreamer+GST_PADS: 0:00:30.346439050 0xe8df3e00 gstpad.c:3922:gst_pad_query:<queue0:src> doing query 0xe900d060 (scheduling)
06-06 22:05:26.515  4906  4906 D GStreamer+GST_PADS: 0:00:30.346478165 0xe8df3e00 gstpad.c:3945:gst_pad_query:<queue0:src> sent query 0xe900d060 (scheduling), result 1
06-06 22:05:26.515  4906  4906 D GStreamer+GST_PADS: 0:00:30.346504415 0xe8df3e00 gstpad.c:3945:gst_pad_query:<sink:proxypad0> sent query 0xe900d060 (scheduling), result 1
06-06 22:05:26.515  4906  4906 D GStreamer+GST_PADS: 0:00:30.346533373 0xe8df3e00 gstpad.c:979:pre_activate:<typefind:sink> setting pad into push mode, unset flushing
06-06 22:05:26.515  4906  4906 D GStreamer+GST_PADS: 0:00:30.346554519 0xe8df3e00 gstpad.c:991:pre_activate:<typefind:sink> reschedule events on peer sink:proxypad0
06-06 22:05:26.516  4906  4906 D GStreamer+typefind: 0:00:30.346575978 0xe8df3e00 gsttypefindelement.c:577:start_typefinding:<typefind> starting typefinding
06-06 22:05:26.516  4906  4906 D GStreamer+GST_PADS: 0:00:30.346594363 0xe8df3e00 gstpad.c:1188:activate_mode_internal:<typefind:sink> activated in push mode
06-06 22:05:26.516  4906  4906 D GStreamer+GST_ELEMENT_PADS: 0:00:30.346617123 0xe8df3e00 gstelement.c:2814:gst_element_pads_activate:<typefind> pad activation successful
06-06 22:05:26.516  4906  4906 D GStreamer+GST_STATES: 0:00:30.346637332 0xe8df3e00 gstelement.c:2686:gst_element_change_state:<typefind> element changed state SUCCESS
06-06 22:05:26.516  4906  4906 I GStreamer+GST_STATES: 0:00:30.346655769 0xe8df3e00 gstelement.c:2374:gst_element_continue_state:<typefind> completed state change to PAUSED
06-06 22:05:26.516  4906  4906 I GStreamer+GST_STATES: 0:00:30.346675092 0xe8df3e00 gstelement.c:2279:_priv_gst_element_state_changed:<typefind> notifying about state-changed READY to PAUSED (VOID_PENDING pending)
06-06 22:05:26.516  4906  4906 D GStreamer+GST_BUS: 0:00:30.346700561 0xe8df3e00 gstbus.c:309:gst_bus_post:<bus0> [msg 0xe90121d0] posting on bus state-changed message: 0xe90121d0, time 99:99:99.999999999, seq-num 54, element 'typefind', GstMessageStateChanged, old-state=(GstState)GST_STATE_READY, new-state=(GstState)GST_STATE_PAUSED, pending-state=(GstState)GST_STATE_VOID_PENDING;
06-06 22:05:26.516  4906  4906 D GStreamer+decodebin: 0:00:30.346754363 0xe8df3e00 gstdecodebin2.c:5492:gst_decode_bin_handle_message:<forhwgl> Forwarding msg state-changed message: 0xe90121d0, time 99:99:99.999999999, seq-num 54, element 'typefind', GstMessageStateChanged, old-state=(GstState)GST_STATE_READY, new-state=(GstState)GST_STATE_PAUSED, pending-state=(GstState)GST_STATE_VOID_PENDING;
06-06 22:05:26.516  4906  4906 D GStreamer+bin: 0:00:30.346798321 0xe8df3e00 gstbin.c:3654:gst_bin_handle_message_func:<forhwgl> [msg 0xe90121d0] handling child typefind message of type state-changed
06-06 22:05:26.516  4906  4906 D GStreamer+bin: 0:00:30.346820300 0xe8df3e00 gstbin.c:3991:gst_bin_handle_message_func:<forhwgl> posting message upward
06-06 22:05:26.516  4906  4906 D GStreamer+GST_BUS: 0:00:30.346838842 0xe8df3e00 gstbus.c:309:gst_bus_post:<bus2> [msg 0xe90121d0] posting on bus state-changed message: 0xe90121d0, time 99:99:99.999999999, seq-num 54, element 'typefind', GstMessageStateChanged, old-state=(GstState)GST_STATE_READY, new-state=(GstState)GST_STATE_PAUSED, pending-state=(GstState)GST_STATE_VOID_PENDING;
06-06 22:05:26.516  4906  4906 D GStreamer+bin: 0:00:30.346883217 0xe8df3e00 gstbin.c:3654:gst_bin_handle_message_func:<pipeline0> [msg 0xe90121d0] handling child typefind message of type state-changed
06-06 22:05:26.516  4906  4906 D GStreamer+bin: 0:00:30.346905613 0xe8df3e00 gstbin.c:3991:gst_bin_handle_message_func:<pipeline0> posting message upward
06-06 22:05:26.516  4906  4906 D GStreamer+GST_BUS: 0:00:30.346923113 0xe8df3e00 gstbus.c:309:gst_bus_post:<bus3> [msg 0xe90121d0] posting on bus state-changed message: 0xe90121d0, time 99:99:99.999999999, seq-num 54, element 'typefind', GstMessageStateChanged, old-state=(GstState)GST_STATE_READY, new-state=(GstState)GST_STATE_PAUSED, pending-state=(GstState)GST_STATE_VOID_PENDING;
06-06 22:05:26.516  4906  4906 D GStreamer+GST_BUS: 0:00:30.346965925 0xe8df3e00 gstbus.c:348:gst_bus_post:<bus3> [msg 0xe90121d0] pushing on async queue
06-06 22:05:26.516  4906  5000 D GStreamer+GST_BUS: 0:00:30.347013998 0xe9172400 gstbus.c:521:gst_bus_timed_pop_filtered:<bus3> got message 0xe90121d0, state-changed from typefind, type mask is 4294967295
06-06 22:05:26.516  4906  5000 D GStreamer+GST_BUS: 0:00:30.347045509 0xe9172400 gstbus.c:789:gst_bus_source_dispatch:<bus3> source 0xe92790b8 calling dispatch with state-changed message: 0xe90121d0, time 99:99:99.999999999, seq-num 54, element 'typefind', GstMessageStateChanged, old-state=(GstState)GST_STATE_READY, new-state=(GstState)GST_STATE_PAUSED, pending-state=(GstState)GST_STATE_VOID_PENDING;
06-06 22:05:26.516  4906  5000 D GStreamer+GST_BUS: 0:00:30.347096967 0xe9172400 gstbus.c:794:gst_bus_source_dispatch:<bus3> source 0xe92790b8 handler returns 1
06-06 22:05:26.516  4906  4906 D GStreamer+GST_BUS: 0:00:30.347140769 0xe8df3e00 gstbus.c:351:gst_bus_post:<bus3> [msg 0xe90121d0] pushed on async queue
06-06 22:05:26.516  4906  4906 D GStreamer+GST_BUS: 0:00:30.347163738 0xe8df3e00 gstbus.c:344:gst_bus_post:<bus2> [msg 0xe90121d0] dropped
06-06 22:05:26.516  4906  4906 D GStreamer+GST_BUS: 0:00:30.347185405 0xe8df3e00 gstbus.c:344:gst_bus_post:<bus0> [msg 0xe90121d0] dropped
06-06 22:05:26.516  4906  4906 D GStreamer+GST_STATES: 0:00:30.347205769 0xe8df3e00 gstelement.c:2609:gst_element_set_state_func:<typefind> returned SUCCESS
06-06 22:05:26.516  4906  4906 I GStreamer+GST_STATES: 0:00:30.347225040 0xe8df3e00 gstbin.c:2892:gst_bin_change_state_func:<forhwgl> child 'typefind' changed state to 3(PAUSED) successfully
06-06 22:05:26.516  4906  4906 D GStreamer+bin: 0:00:30.347248165 0xe8df3e00 gstbin.c:2299:gst_bin_sort_iterator_next:<forhwgl> queue empty, elements exhausted
06-06 22:05:26.516  4906  4906 D GStreamer+GST_STATES: 0:00:30.347266082 0xe8df3e00 gstbin.c:2951:gst_bin_change_state_func:<forhwgl> iterator done
06-06 22:05:26.516  4906  4906 D GStreamer+GST_ELEMENT_PADS: 0:00:30.347284103 0xe8df3e00 gstelement.c:2795:gst_element_pads_activate:<forhwgl> activate pads
06-06 22:05:26.516  4906  4906 D GStreamer+GST_PADS: 0:00:30.347307644 0xe8df3e00 gstpad.c:1069:gst_pad_set_active:<forhwgl:sink> pad was active in push mode
06-06 22:05:26.516  4906  4906 D GStreamer+GST_ELEMENT_PADS: 0:00:30.347329311 0xe8df3e00 gstelement.c:2814:gst_element_pads_activate:<forhwgl> pad activation successful
06-06 22:05:26.516  4906  4906 D GStreamer+bin: 0:00:30.347348946 0xe8df3e00 gstbin.c:2341:gst_bin_sort_iterator_free:<forhwgl> free
06-06 22:05:26.516  4906  4906 D GStreamer+bin: 0:00:30.347368061 0xe8df3e00 gstbin.c:2986:gst_bin_change_state_func:<forhwgl> no async elements
06-06 22:05:26.516  4906  4906 D GStreamer+GST_STATES: 0:00:30.347385092 0xe8df3e00 gstbin.c:3020:gst_bin_change_state_func:<forhwgl> done changing bin's state from READY to PAUSED, now in READY, ret SUCCESS
06-06 22:05:26.516  4906  4906 D GStreamer+GST_STATES: 0:00:30.347407957 0xe8df3e00 gstelement.c:2668:gst_element_change_state:<forhwgl> element will change state ASYNC
06-06 22:05:26.516  4906  4906 D GStreamer+GST_STATES: 0:00:30.347437175 0xe8df3e00 gstelement.c:2609:gst_element_set_state_func:<forhwgl> returned ASYNC
06-06 22:05:26.516  4906  4906 I GStreamer+GST_STATES: 0:00:30.347456550 0xe8df3e00 gstbin.c:2898:gst_bin_change_state_func:<pipeline0> child 'forhwgl' is changing state asynchronously to PAUSED
06-06 22:05:26.516  4906  4906 D GStreamer+bin: 0:00:30.347479780 0xe8df3e00 gstbin.c:2310:gst_bin_sort_iterator_next:<pipeline0> queue head gives queue0
06-06 22:05:26.516  4906  4906 D GStreamer+bin: 0:00:30.347499467 0xe8df3e00 gstbin.c:911:find_message:<pipeline0> no message found matching types 00001000
06-06 22:05:26.516  4906  4906 D GStreamer+bin: 0:00:30.347518425 0xe8df3e00 gstbin.c:918:find_message:<pipeline0>   structure-change
06-06 22:05:26.516  4906  4906 D GStreamer+bin: 0:00:30.347537488 0xe8df3e00 gstbin.c:2249:update_degree:<pipeline0> element queue0 not linked on any sinkpads
06-06 22:05:26.516  4906  4906 I GStreamer+GST_STATES: 0:00:30.347556550 0xe8df3e00 gstbin.c:2444:gst_bin_element_set_state:<queue0> current READY pending VOID_PENDING, desired next PAUSED
06-06 22:05:26.517  4906  4906 D GStreamer+bin: 0:00:30.347578738 0xe8df3e00 gstbin.c:911:find_message:<pipeline0> no message found matching types 00100000
06-06 22:05:26.517  4906  4906 D GStreamer+bin: 0:00:30.347596811 0xe8df3e00 gstbin.c:918:find_message:<pipeline0>   async-start
06-06 22:05:26.517  4906  4906 D GStreamer+bin: 0:00:30.347614675 0xe8df3e00 gstbin.c:2539:gst_bin_element_set_state:<pipeline0> setting element queue0 to PAUSED, base_time 0:00:00.000000000
06-06 22:05:26.517  4906  4906 D GStreamer+GST_STATES: 0:00:30.347639936 0xe8df3e00 gstelement.c:2525:gst_element_set_state_func:<queue0> set_state to PAUSED
06-06 22:05:26.517  4906  4906 D GStreamer+GST_STATES: 0:00:30.347658165 0xe8df3e00 gstelement.c:2550:gst_element_set_state_func:<queue0> setting target state to PAUSED
06-06 22:05:26.517  4906  4906 D GStreamer+GST_STATES: 0:00:30.347676603 0xe8df3e00 gstelement.c:2563:gst_element_set_state_func:<queue0> current READY, old_pending VOID_PENDING, next VOID_PENDING, old return SUCCESS
06-06 22:05:26.517  4906  4906 D GStreamer+GST_STATES: 0:00:30.347698738 0xe8df3e00 gstelement.c:2597:gst_element_set_state_func:<queue0> final: setting state from READY to PAUSED
06-06 22:05:26.517  4906  4906 D GStreamer+GST_ELEMENT_PADS: 0:00:30.347721759 0xe8df3e00 gstelement.c:2795:gst_element_pads_activate:<queue0> activate pads
06-06 22:05:26.517  4906  4906 D GStreamer+GST_PADS: 0:00:30.347744415 0xe8df3e00 gstpad.c:1063:gst_pad_set_active:<queue0:src> activating pad from none
06-06 22:05:26.517  4906  4906 D GStreamer+GST_PADS: 0:00:30.347763373 0xe8df3e00 gstpad.c:979:pre_activate:<queue0:src> setting pad into push mode, unset flushing
06-06 22:05:26.517  4906  4906 D GStreamer+GST_PADS: 0:00:30.347783842 0xe8df3e00 gstpad.c:5978:gst_pad_start_task:<queue0:src> start task
06-06 22:05:26.517  4906  4906 D GStreamer+task: 0:00:30.347825092 0xe8df3e00 gsttask.c:427:gst_task_new Created task 0xe92f60d0
06-06 22:05:26.517  4906  4906 I GStreamer+task: 0:00:30.347845457 0xe8df3e00 gsttask.c:453:gst_task_set_lock setting stream lock 0xe901e464 on task 0xe92f60d0
06-06 22:05:26.517  4906  4906 I GStreamer+GST_PADS: 0:00:30.347864884 0xe8df3e00 gstpad.c:5987:gst_pad_start_task:<queue0:src> created task 0xe92f60d0
06-06 22:05:26.517  4906  4906 D GStreamer+GST_PADS: 0:00:30.347885353 0xe8df3e00 gstpad.c:5904:do_stream_status:<queue0:src> doing stream-status 0
06-06 22:05:26.517  4906  4906 D GStreamer+GST_PADS: 0:00:30.347911967 0xe8df3e00 gstpad.c:5933:do_stream_status:<queue0:src> posting stream-status 0
06-06 22:05:26.517  4906  4906 D GStreamer+GST_BUS: 0:00:30.347933634 0xe8df3e00 gstbus.c:309:gst_bus_post:<bus2> [msg 0xe9012228] posting on bus stream-status message: 0xe9012228, time 99:99:99.999999999, seq-num 55, element 'src', GstMessageStreamStatus, type=(GstStreamStatusType)GST_STREAM_STATUS_TYPE_CREATE, owner=(GstElement)"\(GstQueue\)\ queue0", object=(GstTask)"\(GstTask\)\ task1";
06-06 22:05:26.517  4906  4906 D GStreamer+bin: 0:00:30.347993634 0xe8df3e00 gstbin.c:3654:gst_bin_handle_message_func:<pipeline0> [msg 0xe9012228] handling child src message of type stream-status
06-06 22:05:26.517  4906  4906 D GStreamer+bin: 0:00:30.348016238 0xe8df3e00 gstbin.c:3991:gst_bin_handle_message_func:<pipeline0> posting message upward
06-06 22:05:26.517  4906  4906 D GStreamer+GST_BUS: 0:00:30.348033946 0xe8df3e00 gstbus.c:309:gst_bus_post:<bus3> [msg 0xe9012228] posting on bus stream-status message: 0xe9012228, time 99:99:99.999999999, seq-num 55, element 'src', GstMessageStreamStatus, type=(GstStreamStatusType)GST_STREAM_STATUS_TYPE_CREATE, owner=(GstElement)"\(GstQueue\)\ queue0", object=(GstTask)"\(GstTask\)\ task1";
06-06 22:05:26.517  4906  4906 D GStreamer+GST_BUS: 0:00:30.348087384 0xe8df3e00 gstbus.c:348:gst_bus_post:<bus3> [msg 0xe9012228] pushing on async queue
06-06 22:05:26.517  4906  5000 D GStreamer+GST_BUS: 0:00:30.348129415 0xe9172400 gstbus.c:521:gst_bus_timed_pop_filtered:<bus3> got message 0xe9012228, stream-status from src, type mask is 4294967295
06-06 22:05:26.517  4906  5000 D GStreamer+GST_BUS: 0:00:30.348159988 0xe9172400 gstbus.c:789:gst_bus_source_dispatch:<bus3> source 0xe92790b8 calling dispatch with stream-status message: 0xe9012228, time 99:99:99.999999999, seq-num 55, element 'src', GstMessageStreamStatus, type=(GstStreamStatusType)GST_STREAM_STATUS_TYPE_CREATE, owner=(GstElement)"\(GstQueue\)\ queue0", object=(GstTask)"\(GstTask\)\ task1";
06-06 22:05:26.517  4906  5000 D GStreamer+GST_BUS: 0:00:30.348218842 0xe9172400 gstbus.c:794:gst_bus_source_dispatch:<bus3> source 0xe92790b8 handler returns 1
06-06 22:05:26.517  4906  4906 D GStreamer+GST_BUS: 0:00:30.348264363 0xe8df3e00 gstbus.c:351:gst_bus_post:<bus3> [msg 0xe9012228] pushed on async queue
06-06 22:05:26.517  4906  4906 D GStreamer+GST_BUS: 0:00:30.348291707 0xe8df3e00 gstbus.c:344:gst_bus_post:<bus2> [msg 0xe9012228] dropped
06-06 22:05:26.517  4906  4906 D GStreamer+task: 0:00:30.348311967 0xe8df3e00 gsttask.c:684:gst_task_set_state:<task1> Changing task 0xe92f60d0 to state 0
06-06 22:05:26.517  4906  4906 D GStreamer+GST_PADS: 0:00:30.348385873 0xe8df3e00 gstpad.c:1188:activate_mode_internal:<queue0:src> activated in push mode
06-06 22:05:26.517  4906  4906 D GStreamer+GST_PADS: 0:00:30.348433894 0xe8df3e00 gstpad.c:1063:gst_pad_set_active:<queue0:sink> activating pad from none
06-06 22:05:26.517  4906  4906 D GStreamer+GST_PADS: 0:00:30.348457540 0xe8df3e00 gstpad.c:979:pre_activate:<queue0:sink> setting pad into push mode, unset flushing
06-06 22:05:26.517  4906  4906 D GStreamer+GST_PADS: 0:00:30.348477332 0xe8df3e00 gstpad.c:1188:activate_mode_internal:<queue0:sink> activated in push mode
06-06 22:05:26.517  4906  4906 D GStreamer+GST_ELEMENT_PADS: 0:00:30.348498686 0xe8df3e00 gstelement.c:2814:gst_element_pads_activate:<queue0> pad activation successful
06-06 22:05:26.517  4906  4906 D GStreamer+GST_STATES: 0:00:30.348519050 0xe8df3e00 gstelement.c:2686:gst_element_change_state:<queue0> element changed state SUCCESS
06-06 22:05:26.517  4906  4906 I GStreamer+GST_STATES: 0:00:30.348536655 0xe8df3e00 gstelement.c:2374:gst_element_continue_state:<queue0> completed state change to PAUSED
06-06 22:05:26.517  4906  4906 I GStreamer+GST_STATES: 0:00:30.348554259 0xe8df3e00 gstelement.c:2279:_priv_gst_element_state_changed:<queue0> notifying about state-changed READY to PAUSED (VOID_PENDING pending)
06-06 22:05:26.518  4906  4906 D GStreamer+GST_BUS: 0:00:30.348580769 0xe8df3e00 gstbus.c:309:gst_bus_post:<bus2> [msg 0xe9012280] posting on bus state-changed message: 0xe9012280, time 99:99:99.999999999, seq-num 56, element 'queue0', GstMessageStateChanged, old-state=(GstState)GST_STATE_READY, new-state=(GstState)GST_STATE_PAUSED, pending-state=(GstState)GST_STATE_VOID_PENDING;
06-06 22:05:26.518  4906  4906 D GStreamer+bin: 0:00:30.348636863 0xe8df3e00 gstbin.c:3654:gst_bin_handle_message_func:<pipeline0> [msg 0xe9012280] handling child queue0 message of type state-changed
06-06 22:05:26.518  4906  4906 D GStreamer+bin: 0:00:30.348659415 0xe8df3e00 gstbin.c:3991:gst_bin_handle_message_func:<pipeline0> posting message upward
06-06 22:05:26.518  4906  4906 D GStreamer+GST_BUS: 0:00:30.348676498 0xe8df3e00 gstbus.c:309:gst_bus_post:<bus3> [msg 0xe9012280] posting on bus state-changed message: 0xe9012280, time 99:99:99.999999999, seq-num 56, element 'queue0', GstMessageStateChanged, old-state=(GstState)GST_STATE_READY, new-state=(GstState)GST_STATE_PAUSED, pending-state=(GstState)GST_STATE_VOID_PENDING;
06-06 22:05:26.518  4906  5038 D GStreamer+task: 0:00:30.348710665 0xe900d090 gsttask.c:289:gst_task_func Entering task 0xe92f60d0, thread 0xe900d090
06-06 22:05:26.518  4906  4906 D GStreamer+GST_BUS: 0:00:30.348728269 0xe8df3e00 gstbus.c:348:gst_bus_post:<bus3> [msg 0xe9012280] pushing on async queue
06-06 22:05:26.518  4906  5038 D GStreamer+GST_PADS: 0:00:30.348754519 0xe900d090 gstpad.c:5904:do_stream_status:<queue0:src> doing stream-status 1
06-06 22:05:26.518  4906  5000 D GStreamer+GST_BUS: 0:00:30.348780925 0xe9172400 gstbus.c:521:gst_bus_timed_pop_filtered:<bus3> got message 0xe9012280, state-changed from queue0, type mask is 4294967295
06-06 22:05:26.518  4906  5000 D GStreamer+GST_BUS: 0:00:30.348810300 0xe9172400 gstbus.c:789:gst_bus_source_dispatch:<bus3> source 0xe92790b8 calling dispatch with state-changed message: 0xe9012280, time 99:99:99.999999999, seq-num 56, element 'queue0', GstMessageStateChanged, old-state=(GstState)GST_STATE_READY, new-state=(GstState)GST_STATE_PAUSED, pending-state=(GstState)GST_STATE_VOID_PENDING;
06-06 22:05:26.518  4906  5038 D GStreamer+GST_PADS: 0:00:30.348838217 0xe900d090 gstpad.c:5933:do_stream_status:<queue0:src> posting stream-status 1
06-06 22:05:26.518  4906  5000 D GStreamer+GST_BUS: 0:00:30.348871082 0xe9172400 gstbus.c:794:gst_bus_source_dispatch:<bus3> source 0xe92790b8 handler returns 1
06-06 22:05:26.518  4906  4906 D GStreamer+GST_BUS: 0:00:30.348930248 0xe8df3e00 gstbus.c:351:gst_bus_post:<bus3> [msg 0xe9012280] pushed on async queue
