06-06 22:05:26.720  4906  5038 D GStreamer+GST_CAPS: 0:00:30.551179311 0xe900d090 gstpad.c:2644:gst_pad_has_current_caps:<h264parse0:src> check current pad caps video/x-h264, stream-format=(string)byte-stream, alignment=(string)au, level=(string)4, profile=(string)baseline, width=(int)1280, height=(int)1440, framerate=(fraction)151/3, pixel-aspect-ratio=(fraction)1/1, parsed=(boolean)true
06-06 22:05:26.720  4906  5038 D GStreamer+h264parse: 0:00:30.551228061 0xe900d090 gsth264parse.c:182:gst_h264_parse_reset_frame:<h264parse0> reset frame
06-06 22:05:26.720  4906  5038 D GStreamer+baseparse: 0:00:30.551257384 0xe900d090 gstbaseparse.c:945:gst_base_parse_queue_tag_event_update:<h264parse0> merged   : taglist, video-codec=(string)"H.264\ \(Baseline\ Profile\)", bitrate=(uint)16613142, language-code=(string)en;
06-06 22:05:26.720  4906  5038 D GStreamer+GST_EVENT: 0:00:30.551303217 0xe900d090 gstevent.c:302:gst_event_new_custom creating new event 0xe921cde0 tag 20510
06-06 22:05:26.720  4906  5038 D GStreamer+GST_PADS: 0:00:30.551329727 0xe900d090 gstpad.c:3853:check_sticky:<h264parse0:src> pushing all sticky events
06-06 22:05:26.720  4906  5038 D GStreamer+GST_PADS: 0:00:30.551348946 0xe900d090 gstpad.c:3785:push_sticky:<h264parse0:src> event stream-start was already received
06-06 22:05:26.720  4906  5038 D GStreamer+GST_PADS: 0:00:30.551369363 0xe900d090 gstpad.c:3785:push_sticky:<h264parse0:src> event caps was already received
06-06 22:05:26.720  4906  5038 D GStreamer+GST_PADS: 0:00:30.551389936 0xe900d090 gstpad.c:3785:push_sticky:<h264parse0:src> event segment was already received
06-06 22:05:26.720  4906  5038 D GStreamer+GST_EVENT: 0:00:30.551411811 0xe900d090 gstpad.c:5536:gst_pad_send_event_unchecked:<capsfilter0:sink> have event type tag event: 0xe921cde0, time 99:99:99.999999999, seq-num 145, GstTagList-stream, taglist=(taglist)"taglist\,\ video-codec\=\(string\)\"H.264\\\ \\\(Baseline\\\ Profile\\\)\"\,\ bitrate\=\(uint\)16613142\,\ language-code\=\(string\)en\,\ minimum-bitrate\=\(uint\)18168723\,\ maximum-bitrate\=\(uint\)18168723\;";
06-06 22:05:26.720  4906  5038 D GStreamer+GST_PADS: 0:00:30.551495509 0xe900d090 gstpad.c:3853:check_sticky:<capsfilter0:src> pushing all sticky events
06-06 22:05:26.720  4906  5038 D GStreamer+GST_PADS: 0:00:30.551515561 0xe900d090 gstpad.c:3785:push_sticky:<capsfilter0:src> event stream-start was already received
06-06 22:05:26.720  4906  5038 D GStreamer+GST_PADS: 0:00:30.551536082 0xe900d090 gstpad.c:3785:push_sticky:<capsfilter0:src> event caps was already received
06-06 22:05:26.720  4906  5038 D GStreamer+GST_PADS: 0:00:30.551555717 0xe900d090 gstpad.c:3785:push_sticky:<capsfilter0:src> event segment was already received
06-06 22:05:26.721  4906  5038 D GStreamer+GST_EVENT: 0:00:30.551575144 0xe900d090 gstpad.c:5536:gst_pad_send_event_unchecked:<amcvideodec-omxnvidiah264decode0:sink> have event type tag event: 0xe921cde0, time 99:99:99.999999999, seq-num 145, GstTagList-stream, taglist=(taglist)"taglist\,\ video-codec\=\(string\)\"H.264\\\ \\\(Baseline\\\ Profile\\\)\"\,\ bitrate\=\(uint\)16613142\,\ language-code\=\(string\)en\,\ minimum-bitrate\=\(uint\)18168723\,\ maximum-bitrate\=\(uint\)18168723\;";
06-06 22:05:26.721  4906  5038 D GStreamer+videodecoder: 0:00:30.551634259 0xe900d090 gstvideodecoder.c:1486:gst_video_decoder_sink_event:<amcvideodec-omxnvidiah264decode0> received event 20510, tag
06-06 22:05:26.721  4906  5038 I GStreamer+videodecoder: 0:00:30.551660144 0xe900d090 gstvideodecoder.c:1432:gst_video_decoder_sink_event_default:<amcvideodec-omxnvidiah264decode0> upstream tags: taglist, video-codec=(string)"H.264\ \(Baseline\ Profile\)", bitrate=(uint)16613142, language-code=(string)en, minimum-bitrate=(uint)18168723, maximum-bitrate=(uint)18168723;
06-06 22:05:26.721  4906  5038 D GStreamer+videodecoder: 0:00:30.551705352 0xe900d090 gstvideodecoder.c:937:gst_video_decoder_create_merged_tags_event:<amcvideodec-omxnvidiah264decode0> merged   : taglist, video-codec=(string)"H.264\ \(Baseline\ Profile\)", bitrate=(uint)16613142, language-code=(string)en, minimum-bitrate=(uint)18168723, maximum-bitrate=(uint)18168723;
06-06 22:05:26.721  4906  5038 D GStreamer+GST_EVENT: 0:00:30.551748321 0xe900d090 gstevent.c:302:gst_event_new_custom creating new event 0xe921c9d8 tag 20510
06-06 22:05:26.721  4906  5038 D GStreamer+GST_PADS: 0:00:30.551771967 0xe900d090 gstpad.c:5609:gst_pad_send_event_unchecked:<amcvideodec-omxnvidiah264decode0:sink> sent event, ret ok
06-06 22:05:26.721  4906  5038 D GStreamer+GST_PADS: 0:00:30.551794207 0xe900d090 gstpad.c:3805:push_sticky:<capsfilter0:src> event tag marked received
06-06 22:05:26.721  4906  5038 D GStreamer+GST_PADS: 0:00:30.551815040 0xe900d090 gstpad.c:3785:push_sticky:<capsfilter0:src> event tag was already received
06-06 22:05:26.721  4906  5038 D GStreamer+GST_PADS: 0:00:30.551836082 0xe900d090 gstpad.c:5609:gst_pad_send_event_unchecked:<capsfilter0:sink> sent event, ret ok
06-06 22:05:26.721  4906  5038 D GStreamer+GST_PADS: 0:00:30.551862384 0xe900d090 gstpad.c:3805:push_sticky:<h264parse0:src> event tag marked received
06-06 22:05:26.721  4906  5038 D GStreamer+GST_PADS: 0:00:30.551884050 0xe900d090 gstpad.c:3785:push_sticky:<h264parse0:src> event tag was already received
06-06 22:05:26.721  4906  5038 D GStreamer+GST_SCHEDULING: 0:00:30.551907488 0xe900d090 gstpad.c:4193:gst_pad_chain_data_unchecked:<capsfilter0:sink> calling chainfunction &gst_base_transform_chain with buffer buffer: 0xe92fa2a8, pts 0:00:00.198666666, dts 0:00:00.198666666, dur 0:00:00.019867549, size 45121, offset 431738, offset_end none, flags 0x400
06-06 22:05:26.721  4906  5038 D GStreamer+basetransform: 0:00:30.551960144 0xe900d090 gstbasetransform.c:2033:default_submit_input_buffer:<capsfilter0> handling buffer 0xe92fa2a8 of size 45121, PTS 0:00:00.198666666 and offset 431738
06-06 22:05:26.721  4906  5038 D GStreamer+basetransform: 0:00:30.551993113 0xe900d090 gstbasetransform.c:2150:default_generate_output:<capsfilter0> calling prepare buffer
06-06 22:05:26.721  4906  5038 D GStreamer+basetransform: 0:00:30.552011290 0xe900d090 gstbasetransform.c:2157:default_generate_output:<capsfilter0> using allocated buffer in 0xe92fa2a8, out 0xe92fa2a8
06-06 22:05:26.721  4906  5038 D GStreamer+basetransform: 0:00:30.552031967 0xe900d090 gstbasetransform.c:2174:default_generate_output:<capsfilter0> doing inplace transform
06-06 22:05:26.721  4906  5038 D GStreamer+GST_SCHEDULING: 0:00:30.552052644 0xe900d090 gstpad.c:4193:gst_pad_chain_data_unchecked:<amcvideodec-omxnvidiah264decode0:sink> calling chainfunction &gst_video_decoder_chain with buffer buffer: 0xe92fa2a8, pts 0:00:00.198666666, dts 0:00:00.198666666, dur 0:00:00.019867549, size 45121, offset 431738, offset_end none, flags 0x400
06-06 22:05:26.721  4906  5038 D GStreamer+videodecoder: 0:00:30.552106238 0xe900d090 gstvideodecoder.c:3400:gst_video_decoder_decode_frame:<amcvideodec-omxnvidiah264decode0> PTS delta 0 ms
06-06 22:05:26.721  4906  5038 D GStreamer+amcvideodec: 0:00:30.552129519 0xe900d090 gstamcvideodec.c:2125:gst_amc_video_dec_handle_frame:<amcvideodec-omxnvidiah264decode0> Handling frame
06-06 22:05:26.721  4906  5038 D GStreamer+amcvideodec: 0:00:30.552350300 0xe900d090 gstamcvideodec.c:2239:gst_amc_video_dec_handle_frame:<amcvideodec-omxnvidiah264decode0> Queueing buffer 9: size 45121 time 198666 flags 0x00000001
06-06 22:05:26.721  4906  5038 D GStreamer+GST_SCHEDULING: 0:00:30.552472748 0xe900d090 gstpad.c:4199:gst_pad_chain_data_unchecked:<amcvideodec-omxnvidiah264decode0:sink> called chainfunction &gst_video_decoder_chain with buffer 0xe92fa2a8, returned ok
06-06 22:05:26.721  4906  5038 D GStreamer+GST_SCHEDULING: 0:00:30.552509467 0xe900d090 gstpad.c:4199:gst_pad_chain_data_unchecked:<capsfilter0:sink> called chainfunction &gst_base_transform_chain with buffer 0xe92fa2a8, returned ok
06-06 22:05:26.721  4906  5038 D GStreamer+baseparse: 0:00:30.552538009 0xe900d090 gstbaseparse.c:3165:gst_base_parse_chain:<h264parse0> not enough data available (only 0 bytes)
06-06 22:05:26.721  4906  5038 D GStreamer+GST_SCHEDULING: 0:00:30.552560769 0xe900d090 gstpad.c:4199:gst_pad_chain_data_unchecked:<h264parse0:sink> called chainfunction &gst_base_parse_chain with buffer 0xe92fa708, returned ok
06-06 22:05:26.722  4906  5038 D GStreamer+GST_SCHEDULING: 0:00:30.552586030 0xe900d090 gstpad.c:4199:gst_pad_chain_data_unchecked:<typefind:sink> called chainfunction &gst_type_find_element_chain with buffer 0xe92fa708, returned ok
06-06 22:05:26.722  4906  5038 D GStreamer+GST_SCHEDULING: 0:00:30.552612019 0xe900d090 gstpad.c:4199:gst_pad_chain_data_unchecked:<forhwgl:sink> called chainfunction &gst_proxy_pad_chain_default with buffer 0xe92fa708, returned ok
06-06 22:05:26.722  4906  5039 D GStreamer+queue_dataflow: 0:00:30.552654050 0xe900d0f0 gstqueue.c:1228:gst_queue_chain_buffer_or_list:<queue0> queue is not full
06-06 22:05:26.722  4906  5038 D GStreamer+GST_SCHEDULING: 0:00:30.552647488 0xe900d090 gstpad.c:4193:gst_pad_chain_data_unchecked:<forhwgl:sink> calling chainfunction &gst_proxy_pad_chain_default with buffer buffer: 0xe91f9840, pts 0:00:00.218666666, dts 0:00:00.218666666, dur 0:00:00.020000000, size 43120, offset none, offset_end none, flags 0x0
06-06 22:05:26.722  4906  5039 D GStreamer+GST_SCHEDULING: 0:00:30.552688634 0xe900d0f0 gstpad.c:4199:gst_pad_chain_data_unchecked:<queue0:sink> called chainfunction &gst_queue_chain with buffer 0xe95720e0, returned ok
06-06 22:05:26.722  4906  5039 D GStreamer+qtdemux: 0:00:30.552717384 0xe900d0f0 qtdemux.c:8014:qtdemux_parse_samples:<q> parsing up to sample 62
06-06 22:05:26.722  4906  5038 D GStreamer+GST_SCHEDULING: 0:00:30.552704207 0xe900d090 gstpad.c:4193:gst_pad_chain_data_unchecked:<typefind:sink> calling chainfunction &gst_type_find_element_chain with buffer buffer: 0xe91f9840, pts 0:00:00.218666666, dts 0:00:00.218666666, dur 0:00:00.020000000, size 43120, offset none, offset_end none, flags 0x0
06-06 22:05:26.722  4906  5039 D GStreamer+qtdemux: 0:00:30.552746811 0xe900d0f0 qtdemux.c:8221:qtdemux_parse_samples:<q> sample 62: index 0, timestamp 0:00:01.253000000
06-06 22:05:26.722  4906  5039 D GStreamer+qtdemux: 0:00:30.552776550 0xe900d0f0 qtdemux.c:8276:qtdemux_parse_samples:<q> samples at 62 is keyframe
06-06 22:05:26.722  4906  5038 D GStreamer+GST_SCHEDULING: 0:00:30.552758582 0xe900d090 gstpad.c:4193:gst_pad_chain_data_unchecked:<h264parse0:sink> calling chainfunction &gst_base_parse_chain with buffer buffer: 0xe91f9840, pts 0:00:00.218666666, dts 0:00:00.218666666, dur 0:00:00.020000000, size 43120, offset none, offset_end none, flags 0x0
06-06 22:05:26.722  4906  5038 D GStreamer+baseparse: 0:00:30.552806134 0xe900d090 gstbaseparse.c:2996:gst_base_parse_chain:<h264parse0> chain
06-06 22:05:26.722  4906  5039 D GStreamer+qtdemux: 0:00:30.552802280 0xe900d0f0 qtdemux.c:5512:gst_qtdemux_loop_state_movie:<q> pushing from stream 0, empty 0 offset 2615373, size 40652, dts=0:00:01.253000000, pts=0:00:01.253000000, duration 0:00:00.019666666
06-06 22:05:26.722  4906  5038 D GStreamer+GST_PERFORMANCE: 0:00:30.552833269 0xe900d090 gstminiobject.c:327:gst_mini_object_make_writable copy GstBuffer miniobject 0xe91f9840 -> 0xe9537a20
06-06 22:05:26.722  4906  5039 D GStreamer+basesrc: 0:00:30.552853842 0xe900d0f0 gstbasesrc.c:2354:gst_base_src_update_length:<filesrc0> reading offset 2615373, length 40652, size 16031303, segment.stop -1, maxsize 16031303
06-06 22:05:26.722  4906  5038 D GStreamer+codecparsers_h264: 0:00:30.552863321 0xe900d090 gsth264parser.c:253:gst_h264_parse_nalu_header Nal type 7, ref_idc 1
06-06 22:05:26.722  4906  5038 D GStreamer+h264parse: 0:00:30.552888477 0xe900d090 gsth264parse.c:979:gst_h264_parse_handle_frame_packetized:<h264parse0> AVC nal offset 14
06-06 22:05:26.722  4906  5039 D GStreamer+basesrc: 0:00:30.552888009 0xe900d0f0 gstbasesrc.c:2455:gst_base_src_get_range:<filesrc0> calling create offset 2615373 length 40652, time 0
06-06 22:05:26.722  4906  5038 D GStreamer+h264parse: 0:00:30.552913217 0xe900d090 gsth264parse.c:714:gst_h264_parse_process_nal:<h264parse0> processing nal of type 7 SPS, size 10
06-06 22:05:26.722  4906  5039 D GStreamer+GST_MEMORY: 0:00:30.552920040 0xe900d0f0 gstmemory.c:138:gst_memory_init new memory 0xe936e520, maxsize:40655 offset:0 size:40652
06-06 22:05:26.722  4906  5038 D GStreamer+codecparsers_h264: 0:00:30.552944519 0xe900d090 gsth264parser.c:1758:gst_h264_parse_sps parsing SPS
06-06 22:05:26.722  4906  5038 D GStreamer+codecparsers_h264: 0:00:30.552965509 0xe900d090 gsth264parser.c:1484:gst_h264_parser_parse_sps adding sequence parameter set with id: 0 to array
06-06 22:05:26.722  4906  5038 D GStreamer+h264parse: 0:00:30.552985509 0xe900d090 gsth264parse.c:735:gst_h264_parse_process_nal:<h264parse0> triggering src caps check
06-06 22:05:26.722  4906  5038 D GStreamer+h264parse: 0:00:30.553024519 0xe900d090 gsth264parse.c:452:gst_h264_parser_store_nal:<h264parse0> storing sps 0
06-06 22:05:26.722  4906  5038 D GStreamer+GST_MEMORY: 0:00:30.553046290 0xe900d090 gstmemory.c:138:gst_memory_init new memory 0xe924ba40, maxsize:13 offset:0 size:10
06-06 22:05:26.722  4906  5038 D GStreamer+GST_MEMORY: 0:00:30.553075144 0xe900d090 gstmemory.c:87:_gst_memory_free free memory 0xe924b9e0
06-06 22:05:26.722  4906  5038 D GStreamer+h264parse: 0:00:30.553099207 0xe900d090 gsth264parse.c:421:gst_h264_parse_wrap_nal:<h264parse0> nal length 10
06-06 22:05:26.722  4906  5038 D GStreamer+GST_MEMORY: 0:00:30.553119988 0xe900d090 gstmemory.c:138:gst_memory_init new memory 0xe9538b50, maxsize:17 offset:0 size:14
06-06 22:05:26.722  4906  5038 D GStreamer+codecparsers_h264: 0:00:30.553145821 0xe900d090 gsth264parser.c:253:gst_h264_parse_nalu_header Nal type 8, ref_idc 1
06-06 22:05:26.722  4906  5038 D GStreamer+h264parse: 0:00:30.553168217 0xe900d090 gsth264parse.c:979:gst_h264_parse_handle_frame_packetized:<h264parse0> AVC nal offset 23
06-06 22:05:26.722  4906  5038 D GStreamer+h264parse: 0:00:30.553191811 0xe900d090 gsth264parse.c:714:gst_h264_parse_process_nal:<h264parse0> processing nal of type 8 PPS, size 5
06-06 22:05:26.722  4906  5039 D GStreamer+basesrc: 0:00:30.553208425 0xe900d0f0 gstbasesrc.c:2309:gst_base_src_do_sync:<filesrc0> we have no clock
06-06 22:05:26.722  4906  5038 D GStreamer+codecparsers_h264: 0:00:30.553218686 0xe900d090 gsth264parser.c:1894:gst_h264_parse_pps parsing PPS
06-06 22:05:26.722  4906  5038 D GStreamer+codecparsers_h264: 0:00:30.553237800 0xe900d090 gsth264parser.c:2027:gst_h264_parser_parse_pps adding picture parameter set with id: 0 to array
06-06 22:05:26.722  4906  5039 D GStreamer+basesrc: 0:00:30.553239102 0xe900d0f0 gstbasesrc.c:2519:gst_base_src_get_range:<filesrc0> buffer ok
06-06 22:05:26.722  4906  5038 D GStreamer+h264parse: 0:00:30.553263998 0xe900d090 gsth264parse.c:456:gst_h264_parser_store_nal:<h264parse0> storing pps 0
06-06 22:05:26.722  4906  5038 D GStreamer+GST_MEMORY: 0:00:30.553289884 0xe900d090 gstmemory.c:138:gst_memory_init new memory 0xe92f7ac0, maxsize:8 offset:0 size:5
06-06 22:05:26.722  4906  5039 D GStreamer+GST_SCHEDULING: 0:00:30.553272696 0xe900d0f0 gstpad.c:4193:gst_pad_chain_data_unchecked:<queue0:sink> calling chainfunction &gst_queue_chain with buffer buffer: 0xe9572180, pts 0:00:01.253000000, dts 0:00:01.253000000, dur 0:00:00.019666666, size 40652, offset none, offset_end none, flags 0x0
06-06 22:05:26.722  4906  5038 D GStreamer+GST_MEMORY: 0:00:30.553323686 0xe900d090 gstmemory.c:87:_gst_memory_free free memory 0xe9012178
06-06 22:05:26.722  4906  5039 D GStreamer+queue_dataflow: 0:00:30.553336134 0xe900d0f0 gstqueue.c:1220:gst_queue_chain_buffer_or_list:<queue0> queue is full, waiting for free space
06-06 22:05:26.722  4906  5038 D GStreamer+h264parse: 0:00:30.553346186 0xe900d090 gsth264parse.c:421:gst_h264_parse_wrap_nal:<h264parse0> nal length 5
06-06 22:05:26.722  4906  5038 D GStreamer+GST_MEMORY: 0:00:30.553366967 0xe900d090 gstmemory.c:138:gst_memory_init new memory 0xe924b8c0, maxsize:12 offset:0 size:9
06-06 22:05:26.722  4906  5038 D GStreamer+codecparsers_h264: 0:00:30.553392488 0xe900d090 gsth264parser.c:253:gst_h264_parse_nalu_header Nal type 5, ref_idc 1
06-06 22:05:26.722  4906  5038 D GStreamer+h264parse: 0:00:30.553413530 0xe900d090 gsth264parse.c:979:gst_h264_parse_handle_frame_packetized:<h264parse0> AVC nal offset 43120
06-06 22:05:26.722  4906  5038 D GStreamer+h264parse: 0:00:30.553454415 0xe900d090 gsth264parse.c:714:gst_h264_parse_process_nal:<h264parse0> processing nal of type 5 Slice IDR, size 43093
06-06 22:05:26.722  4906  5038 D GStreamer+h264parse: 0:00:30.553479415 0xe900d090 gsth264parse.c:820:gst_h264_parse_process_nal:<h264parse0> first_mb_in_slice = 0
06-06 22:05:26.722  4906  5038 D GStreamer+h264parse: 0:00:30.553497384 0xe900d090 gsth264parse.c:823:gst_h264_parse_process_nal:<h264parse0> frame start: 1
06-06 22:05:26.722  4906  5038 D GStreamer+codecparsers_h264: 0:00:30.553516394 0xe900d090 gsth264parser.c:2089:gst_h264_parser_parse_slice_hdr parsing "Slice header", slice type 7
06-06 22:05:26.722  4906  5038 D GStreamer+codecparsers_h264: 0:00:30.553536446 0xe900d090 gsth264parser.c:711:gst_h264_slice_parse_dec_ref_pic_marking parsing "Decoded reference picture marking"
06-06 22:05:26.722  4906  5038 D GStreamer+h264parse: 0:00:30.553554623 0xe900d090 gsth264parse.c:833:gst_h264_parse_process_nal:<h264parse0> parse result 0, first MB: 0, slice type: 7
06-06 22:05:26.723  4906  5038 D GStreamer+h264parse: 0:00:30.553578217 0xe900d090 gsth264parse.c:856:gst_h264_parse_process_nal:<h264parse0> marking IDR in frame at offset 23
06-06 22:05:26.723  4906  5038 D GStreamer+h264parse: 0:00:30.553597488 0xe900d090 gsth264parse.c:421:gst_h264_parse_wrap_nal:<h264parse0> nal length 43093
06-06 22:05:26.723  4906  5038 D GStreamer+GST_MEMORY: 0:00:30.553623842 0xe900d090 gstmemory.c:138:gst_memory_init new memory 0xe9378448, maxsize:43100 offset:0 size:43097
06-06 22:05:26.723  4906  5038 D GStreamer+codecparsers_h264: 0:00:30.553671811 0xe900d090 gsth264parser.c:1407:gst_h264_parser_identify_nalu_avc Can't parse, buffer has too small size 43120, offset 43120
06-06 22:05:26.723  4906  5038 D GStreamer+GST_CAPS: 0:00:30.553700300 0xe900d090 gstpad.c:2644:gst_pad_has_current_caps:<h264parse0:src> check current pad caps video/x-h264, stream-format=(string)byte-stream, alignment=(string)au, level=(string)4, profile=(string)baseline, width=(int)1280, height=(int)1440, framerate=(fraction)151/3, pixel-aspect-ratio=(fraction)1/1, parsed=(boolean)true
06-06 22:05:26.723  4906  5038 D GStreamer+GST_CAPS: 0:00:30.553758894 0xe900d090 gstpad.c:2672:gst_pad_get_current_caps:<h264parse0:sink> get current pad caps video/x-h264, stream-format=(string)avc, alignment=(string)au, level=(string)4, profile=(string)baseline, codec_data=(buffer)01428028ffe1000a27428028e54028016b2001000528de01ae20, width=(int)1280, height=(int)1440, framerate=(fraction)151/3, pixel-aspect-ratio=(fraction)1/1
06-06 22:05:26.723  4906  5038 D GStreamer+h264parse: 0:00:30.553819780 0xe900d090 gsth264parse.c:1692:gst_h264_parse_update_src_caps:<h264parse0> sps: 0xcca87008
06-06 22:05:26.723  4906  5038 D GStreamer+GST_PERFORMANCE: 0:00:30.553841238 0xe900d090 gstcaps.c:178:_gst_caps_copy:<0xe9194340> doing copy 0xe9194340 -> 0xe952e6c8
06-06 22:05:26.723  4906  5038 I GStreamer+baseparse: 0:00:30.553886394 0xe900d090 gstbaseparse.c:3964:gst_base_parse_set_latency:<h264parse0> min/max latency 0:00:00.019867549, 0:00:00.019867549
06-06 22:05:26.723  4906  5038 D GStreamer+GST_CAPS: 0:00:30.553934936 0xe900d090 gstpad.c:2672:gst_pad_get_current_caps:<h264parse0:src> get current pad caps video/x-h264, stream-format=(string)byte-stream, alignment=(string)au, level=(string)4, profile=(string)baseline, width=(int)1280, height=(int)1440, framerate=(fraction)151/3, pixel-aspect-ratio=(fraction)1/1, parsed=(boolean)true
06-06 22:05:26.723  4906  5038 D GStreamer+GST_CAPS: 0:00:30.553992644 0xe900d090 gstpad.c:2672:gst_pad_get_current_caps:<h264parse0:src> get current pad caps video/x-h264, stream-format=(string)byte-stream, alignment=(string)au, level=(string)4, profile=(string)baseline, width=(int)1280, height=(int)1440, framerate=(fraction)151/3, pixel-aspect-ratio=(fraction)1/1, parsed=(boolean)true
06-06 22:05:26.723  4906  5038 D GStreamer+h264parse: 0:00:30.554050925 0xe900d090 gsth264parse.c:1934:gst_h264_parse_get_timestamp:<h264parse0> unable to compute timestamp: VUI not present
06-06 22:05:26.723  4906  5038 D GStreamer+adapter: 0:00:30.554104363 0xe900d090 gstadapter.c:296:copy_into_unchecked bsize 14, skip 0, csize 14
06-06 22:05:26.723  4906  5038 D GStreamer+GST_MEMORY: 0:00:30.554190925 0xe900d090 gstmemory.c:138:gst_memory_init new memory 0xe9277a90, maxsize:43120 offset:0 size:43120
06-06 22:05:26.723  4906  5038 D GStreamer+GST_MEMORY: 0:00:30.554228894 0xe900d090 gstmemory.c:87:_gst_memory_free free memory 0xe9538b50
06-06 22:05:26.723  4906  5038 D GStreamer+GST_MEMORY: 0:00:30.554250925 0xe900d090 gstmemory.c:87:_gst_memory_free free memory 0xe924b8c0
06-06 22:05:26.723  4906  5038 D GStreamer+GST_MEMORY: 0:00:30.554270665 0xe900d090 gstmemory.c:87:_gst_memory_free free memory 0xe9378448
06-06 22:05:26.723  4906  5038 D GStreamer+GST_MEMORY: 0:00:30.554292592 0xe900d090 gstmemory.c:87:_gst_memory_free free memory 0xe938be68
06-06 22:05:26.723  4906  5038 D GStreamer+GST_CAPS: 0:00:30.554316967 0xe900d090 gstpad.c:2644:gst_pad_has_current_caps:<h264parse0:src> check current pad caps video/x-h264, stream-format=(string)byte-stream, alignment=(string)au, level=(string)4, profile=(string)baseline, width=(int)1280, height=(int)1440, framerate=(fraction)151/3, pixel-aspect-ratio=(fraction)1/1, parsed=(boolean)true
06-06 22:05:26.723  4906  5038 D GStreamer+h264parse: 0:00:30.554374675 0xe900d090 gsth264parse.c:182:gst_h264_parse_reset_frame:<h264parse0> reset frame
06-06 22:05:26.723  4906  5038 D GStreamer+baseparse: 0:00:30.554410352 0xe900d090 gstbaseparse.c:945:gst_base_parse_queue_tag_event_update:<h264parse0> merged   : taglist, video-codec=(string)"H.264\ \(Baseline\ Profile\)", bitrate=(uint)16613142, language-code=(string)en;
06-06 22:05:26.723  4906  5038 D GStreamer+GST_EVENT: 0:00:30.554492280 0xe900d090 gstevent.c:302:gst_event_new_custom creating new event 0xe921ccc0 tag 20510
06-06 22:05:26.723  4906  5038 D GStreamer+GST_PADS: 0:00:30.554526134 0xe900d090 gstpad.c:3853:check_sticky:<h264parse0:src> pushing all sticky events
06-06 22:05:26.723  4906  5038 D GStreamer+GST_PADS: 0:00:30.554548634 0xe900d090 gstpad.c:3785:push_sticky:<h264parse0:src> event stream-start was already received
06-06 22:05:26.723  4906  5038 D GStreamer+GST_PADS: 0:00:30.554570144 0xe900d090 gstpad.c:3785:push_sticky:<h264parse0:src> event caps was already received
06-06 22:05:26.724  4906  5038 D GStreamer+GST_PADS: 0:00:30.554591394 0xe900d090 gstpad.c:3785:push_sticky:<h264parse0:src> event segment was already received
06-06 22:05:26.724  4906  5038 D GStreamer+GST_EVENT: 0:00:30.554612592 0xe900d090 gstpad.c:5536:gst_pad_send_event_unchecked:<capsfilter0:sink> have event type tag event: 0xe921ccc0, time 99:99:99.999999999, seq-num 147, GstTagList-stream, taglist=(taglist)"taglist\,\ video-codec\=\(string\)\"H.264\\\ \\\(Baseline\\\ Profile\\\)\"\,\ bitrate\=\(uint\)16613142\,\ language-code\=\(string\)en\,\ minimum-bitrate\=\(uint\)17362987\,\ maximum-bitrate\=\(uint\)18168723\;";
06-06 22:05:26.724  4906  5038 D GStreamer+GST_PADS: 0:00:30.554691238 0xe900d090 gstpad.c:3853:check_sticky:<capsfilter0:src> pushing all sticky events
06-06 22:05:26.724  4906  5038 D GStreamer+GST_PADS: 0:00:30.554714207 0xe900d090 gstpad.c:3785:push_sticky:<capsfilter0:src> event stream-start was already received
06-06 22:05:26.724  4906  5038 D GStreamer+GST_PADS: 0:00:30.554734467 0xe900d090 gstpad.c:3785:push_sticky:<capsfilter0:src> event caps was already received
06-06 22:05:26.724  4906  5038 D GStreamer+GST_PADS: 0:00:30.554756238 0xe900d090 gstpad.c:3785:push_sticky:<capsfilter0:src> event segment was already received
06-06 22:05:26.724  4906  5038 D GStreamer+GST_EVENT: 0:00:30.554779155 0xe900d090 gstpad.c:5536:gst_pad_send_event_unchecked:<amcvideodec-omxnvidiah264decode0:sink> have event type tag event: 0xe921ccc0, time 99:99:99.999999999, seq-num 147, GstTagList-stream, taglist=(taglist)"taglist\,\ video-codec\=\(string\)\"H.264\\\ \\\(Baseline\\\ Profile\\\)\"\,\ bitrate\=\(uint\)16613142\,\ language-code\=\(string\)en\,\ minimum-bitrate\=\(uint\)17362987\,\ maximum-bitrate\=\(uint\)18168723\;";
06-06 22:05:26.724  4906  5038 D GStreamer+videodecoder: 0:00:30.554847540 0xe900d090 gstvideodecoder.c:1486:gst_video_decoder_sink_event:<amcvideodec-omxnvidiah264decode0> received event 20510, tag
06-06 22:05:26.724  4906  5038 I GStreamer+videodecoder: 0:00:30.554875821 0xe900d090 gstvideodecoder.c:1432:gst_video_decoder_sink_event_default:<amcvideodec-omxnvidiah264decode0> upstream tags: taglist, video-codec=(string)"H.264\ \(Baseline\ Profile\)", bitrate=(uint)16613142, language-code=(string)en, minimum-bitrate=(uint)17362987, maximum-bitrate=(uint)18168723;
06-06 22:05:26.724  4906  5038 D GStreamer+videodecoder: 0:00:30.554928946 0xe900d090 gstvideodecoder.c:937:gst_video_decoder_create_merged_tags_event:<amcvideodec-omxnvidiah264decode0> merged   : taglist, video-codec=(string)"H.264\ \(Baseline\ Profile\)", bitrate=(uint)16613142, language-code=(string)en, minimum-bitrate=(uint)17362987, maximum-bitrate=(uint)18168723;
06-06 22:05:26.724  4906  5038 D GStreamer+GST_EVENT: 0:00:30.554976602 0xe900d090 gstevent.c:302:gst_event_new_custom creating new event 0xe921cc30 tag 20510
06-06 22:05:26.724  4906  5038 D GStreamer+GST_PADS: 0:00:30.555000977 0xe900d090 gstpad.c:5609:gst_pad_send_event_unchecked:<amcvideodec-omxnvidiah264decode0:sink> sent event, ret ok
06-06 22:05:26.724  4906  5038 D GStreamer+GST_PADS: 0:00:30.555027227 0xe900d090 gstpad.c:3805:push_sticky:<capsfilter0:src> event tag marked received
06-06 22:05:26.724  4906  5038 D GStreamer+GST_PADS: 0:00:30.555050717 0xe900d090 gstpad.c:3785:push_sticky:<capsfilter0:src> event tag was already received
06-06 22:05:26.724  4906  5038 D GStreamer+GST_PADS: 0:00:30.555073477 0xe900d090 gstpad.c:5609:gst_pad_send_event_unchecked:<capsfilter0:sink> sent event, ret ok
06-06 22:05:26.724  4906  5038 D GStreamer+GST_PADS: 0:00:30.555100352 0xe900d090 gstpad.c:3805:push_sticky:<h264parse0:src> event tag marked received
06-06 22:05:26.724  4906  5038 D GStreamer+GST_PADS: 0:00:30.555125509 0xe900d090 gstpad.c:3785:push_sticky:<h264parse0:src> event tag was already received
06-06 22:05:26.724  4906  5038 D GStreamer+GST_SCHEDULING: 0:00:30.555154467 0xe900d090 gstpad.c:4193:gst_pad_chain_data_unchecked:<capsfilter0:sink> calling chainfunction &gst_base_transform_chain with buffer buffer: 0xe92fa208, pts 0:00:00.218666666, dts 0:00:00.218666666, dur 0:00:00.019867549, size 43120, offset 476859, offset_end none, flags 0x400
06-06 22:05:26.724  4906  5038 D GStreamer+basetransform: 0:00:30.555214311 0xe900d090 gstbasetransform.c:2033:default_submit_input_buffer:<capsfilter0> handling buffer 0xe92fa208 of size 43120, PTS 0:00:00.218666666 and offset 476859
06-06 22:05:26.724  4906  5038 D GStreamer+basetransform: 0:00:30.555249415 0xe900d090 gstbasetransform.c:2150:default_generate_output:<capsfilter0> calling prepare buffer
06-06 22:05:26.724  4906  5038 D GStreamer+basetransform: 0:00:30.555277488 0xe900d090 gstbasetransform.c:2157:default_generate_output:<capsfilter0> using allocated buffer in 0xe92fa208, out 0xe92fa208
06-06 22:05:26.724  4906  5038 D GStreamer+basetransform: 0:00:30.555303738 0xe900d090 gstbasetransform.c:2174:default_generate_output:<capsfilter0> doing inplace transform
06-06 22:05:26.724  4906  5038 D GStreamer+GST_SCHEDULING: 0:00:30.555324727 0xe900d090 gstpad.c:4193:gst_pad_chain_data_unchecked:<amcvideodec-omxnvidiah264decode0:sink> calling chainfunction &gst_video_decoder_chain with buffer buffer: 0xe92fa208, pts 0:00:00.218666666, dts 0:00:00.218666666, dur 0:00:00.019867549, size 43120, offset 476859, offset_end none, flags 0x400
06-06 22:05:26.724  4906  5038 D GStreamer+videodecoder: 0:00:30.555382540 0xe900d090 gstvideodecoder.c:3400:gst_video_decoder_decode_frame:<amcvideodec-omxnvidiah264decode0> PTS delta 0 ms
06-06 22:05:26.724  4906  5038 D GStreamer+videodecoder: 0:00:30.555406550 0xe900d090 gstvideodecoder.c:3415:gst_video_decoder_decode_frame:<amcvideodec-omxnvidiah264decode0> decoder frame list getting long: 11 frames,possible internal leaking?
06-06 22:05:26.724  4906  5038 D GStreamer+amcvideodec: 0:00:30.555448425 0xe900d090 gstamcvideodec.c:2125:gst_amc_video_dec_handle_frame:<amcvideodec-omxnvidiah264decode0> Handling frame
06-06 22:05:26.726   995  5045 D NvOsDebugPrintf: TVMR: cbBeginSequence: 1427: Layout 3: Interlaced Output Resolution : (1280x1440) 
06-06 22:05:26.726   995  5045 D NvOsDebugPrintf: TVMR: InterlaceBufferAlloc !!!!!!!!!!!!!!!!!!!!! 
06-06 22:05:26.726   995  5045 D NvOsDebugPrintf: TVMR: TVMRInit: 96: frameWidth = 1280, frameHeight = 1440 
06-06 22:05:26.730  4906  5044 D GStreamer+amcvideodec: 0:00:30.561154050 0xe9539350 gstamcvideodec.c:1250:gst_amc_video_dec_loop:<amcvideodec-omxnvidiah264decode0> dequeueOutputBuffer() returned -1 (0xffffffff)
06-06 22:05:26.730  4906  5044 D GStreamer+amcvideodec: 0:00:30.561221290 0xe9539350 gstamcvideodec.c:1290:gst_amc_video_dec_loop:<amcvideodec-omxnvidiah264decode0> Dequeueing output buffer timed out
06-06 22:05:26.730  4906  5044 D GStreamer+amcvideodec: 0:00:30.561243738 0xe9539350 gstamcvideodec.c:1240:gst_amc_video_dec_loop:<amcvideodec-omxnvidiah264decode0> Waiting for available output buffer
06-06 22:05:26.746   995  5045 D NvOsDebugPrintf: TVMR: TVMRInit: 109: deinterlaceType = 2
06-06 22:05:26.746   995  5049 D NvOsDebugPrintf: TVMR: DeinterlaceThread: 791: DeinterlaceThread is created 
06-06 22:05:26.755   995  5045 D NvOsDebugPrintf: TVMR: cbBeginSequence: 1501: NumOfSurfaces = 4, InteraceStream = 0, InterlaceEnabled = 1, bSecure = 0, MVC = 0 Semiplanar = 1, bReinit = 1, BitDepthForSurface = 8 LumaBitDepth = 8, ChromaBitDepth = 8
06-06 22:05:26.755   995  5045 D NvOsDebugPrintf: Allocating new output: 1280x1440 (x 6), ThumbnailMode = 0
06-06 22:05:26.770   995  5045 D NvOsDebugPrintf: TVMR: cctx->bAbortInputBuffer = 0, cctx->bEOSAbortOutputBuffer = 0 
06-06 22:05:26.772   995  5045 D NvOsDebugPrintf: TVMR: cctx->bAbortInputBuffer = 0, cctx->bEOSAbortOutputBuffer = 0 
06-06 22:05:26.772  4906  5038 D GStreamer+amcvideodec: 0:00:30.602700821 0xe900d090 gstamcvideodec.c:2239:gst_amc_video_dec_handle_frame:<amcvideodec-omxnvidiah264decode0> Queueing buffer 0: size 43120 time 218666 flags 0x00000001
06-06 22:05:26.772  4906  5038 D GStreamer+GST_SCHEDULING: 0:00:30.602838477 0xe900d090 gstpad.c:4199:gst_pad_chain_data_unchecked:<amcvideodec-omxnvidiah264decode0:sink> called chainfunction &gst_video_decoder_chain with buffer 0xe92fa208, returned ok
06-06 22:05:26.772  4906  5038 D GStreamer+GST_SCHEDULING: 0:00:30.602885613 0xe900d090 gstpad.c:4199:gst_pad_chain_data_unchecked:<capsfilter0:sink> called chainfunction &gst_base_transform_chain with buffer 0xe92fa208, returned ok
06-06 22:05:26.772  4906  5038 D GStreamer+baseparse: 0:00:30.602918634 0xe900d090 gstbaseparse.c:3165:gst_base_parse_chain:<h264parse0> not enough data available (only 0 bytes)
06-06 22:05:26.772  4906  5038 D GStreamer+GST_SCHEDULING: 0:00:30.602941238 0xe900d090 gstpad.c:4199:gst_pad_chain_data_unchecked:<h264parse0:sink> called chainfunction &gst_base_parse_chain with buffer 0xe91f9840, returned ok
06-06 22:05:26.772  4906  5038 D GStreamer+GST_SCHEDULING: 0:00:30.602965561 0xe900d090 gstpad.c:4199:gst_pad_chain_data_unchecked:<typefind:sink> called chainfunction &gst_type_find_element_chain with buffer 0xe91f9840, returned ok
06-06 22:05:26.772  4906  5038 D GStreamer+GST_SCHEDULING: 0:00:30.602991446 0xe900d090 gstpad.c:4199:gst_pad_chain_data_unchecked:<forhwgl:sink> called chainfunction &gst_proxy_pad_chain_default with buffer 0xe91f9840, returned ok
06-06 22:05:26.772  4906  5039 D GStreamer+queue_dataflow: 0:00:30.603034415 0xe900d0f0 gstqueue.c:1228:gst_queue_chain_buffer_or_list:<queue0> queue is not full
06-06 22:05:26.772  4906  5038 D GStreamer+GST_SCHEDULING: 0:00:30.603029519 0xe900d090 gstpad.c:4193:gst_pad_chain_data_unchecked:<forhwgl:sink> calling chainfunction &gst_proxy_pad_chain_default with buffer buffer: 0xe91f98e0, pts 0:00:00.238666666, dts 0:00:00.238666666, dur 0:00:00.019666667, size 42660, offset none, offset_end none, flags 0x0
06-06 22:05:26.772  4906  5039 D GStreamer+GST_SCHEDULING: 0:00:30.603077957 0xe900d0f0 gstpad.c:4199:gst_pad_chain_data_unchecked:<queue0:sink> called chainfunction &gst_queue_chain with buffer 0xe9572180, returned ok
06-06 22:05:26.772  4906  5039 D GStreamer+qtdemux: 0:00:30.603114102 0xe900d0f0 qtdemux.c:8014:qtdemux_parse_samples:<q> parsing up to sample 63
06-06 22:05:26.772  4906  5038 D GStreamer+GST_SCHEDULING: 0:00:30.603090352 0xe900d090 gstpad.c:4193:gst_pad_chain_data_unchecked:<typefind:sink> calling chainfunction &gst_type_find_element_chain with buffer buffer: 0xe91f98e0, pts 0:00:00.238666666, dts 0:00:00.238666666, dur 0:00:00.019666667, size 42660, offset none, offset_end none, flags 0x0
06-06 22:05:26.772  4906  5039 D GStreamer+qtdemux: 0:00:30.603147852 0xe900d0f0 qtdemux.c:8221:qtdemux_parse_samples:<q> sample 63: index 0, timestamp 0:00:01.272666666
06-06 22:05:26.772  4906  5038 D GStreamer+GST_SCHEDULING: 0:00:30.603146342 0xe900d090 gstpad.c:4193:gst_pad_chain_data_unchecked:<h264parse0:sink> calling chainfunction &gst_base_parse_chain with buffer buffer: 0xe91f98e0, pts 0:00:00.238666666, dts 0:00:00.238666666, dur 0:00:00.019666667, size 42660, offset none, offset_end none, flags 0x0
06-06 22:05:26.772  4906  5039 D GStreamer+qtdemux: 0:00:30.603187905 0xe900d0f0 qtdemux.c:8276:qtdemux_parse_samples:<q> samples at 63 is keyframe
06-06 22:05:26.772  4906  5038 D GStreamer+baseparse: 0:00:30.603202280 0xe900d090 gstbaseparse.c:2996:gst_base_parse_chain:<h264parse0> chain
06-06 22:05:26.772  4906  5038 D GStreamer+GST_PERFORMANCE: 0:00:30.603229519 0xe900d090 gstminiobject.c:327:gst_mini_object_make_writable copy GstBuffer miniobject 0xe91f98e0 -> 0xe9537ca0
06-06 22:05:26.772  4906  5039 D GStreamer+qtdemux: 0:00:30.603214571 0xe900d0f0 qtdemux.c:5512:gst_qtdemux_loop_state_movie:<q> pushing from stream 0, empty 0 offset 2656025, size 41920, dts=0:00:01.272666666, pts=0:00:01.272666666, duration 0:00:00.020000000
06-06 22:05:26.772  4906  5038 D GStreamer+codecparsers_h264: 0:00:30.603258842 0xe900d090 gsth264parser.c:253:gst_h264_parse_nalu_header Nal type 7, ref_idc 1
06-06 22:05:26.772  4906  5039 D GStreamer+basesrc: 0:00:30.603265144 0xe900d0f0 gstbasesrc.c:2354:gst_base_src_update_length:<filesrc0> reading offset 2656025, length 41920, size 16031303, segment.stop -1, maxsize 16031303
06-06 22:05:26.772  4906  5038 D GStreamer+h264parse: 0:00:30.603279780 0xe900d090 gsth264parse.c:979:gst_h264_parse_handle_frame_packetized:<h264parse0> AVC nal offset 14
06-06 22:05:26.772  4906  5039 D GStreamer+basesrc: 0:00:30.603297071 0xe900d0f0 gstbasesrc.c:2455:gst_base_src_get_range:<filesrc0> calling create offset 2656025 length 41920, time 0
06-06 22:05:26.772  4906  5038 D GStreamer+h264parse: 0:00:30.603306550 0xe900d090 gsth264parse.c:714:gst_h264_parse_process_nal:<h264parse0> processing nal of type 7 SPS, size 10
06-06 22:05:26.772  4906  5038 D GStreamer+codecparsers_h264: 0:00:30.603331186 0xe900d090 gsth264parser.c:1758:gst_h264_parse_sps parsing SPS
06-06 22:05:26.772  4906  5039 D GStreamer+GST_MEMORY: 0:00:30.603324519 0xe900d0f0 gstmemory.c:138:gst_memory_init new memory 0xe9378448, maxsize:41923 offset:0 size:41920
06-06 22:05:26.772  4906  5038 D GStreamer+codecparsers_h264: 0:00:30.603355977 0xe900d090 gsth264parser.c:1484:gst_h264_parser_parse_sps adding sequence parameter set with id: 0 to array
06-06 22:05:26.772  4906  5038 D GStreamer+h264parse: 0:00:30.603376394 0xe900d090 gsth264parse.c:735:gst_h264_parse_process_nal:<h264parse0> triggering src caps check
06-06 22:05:26.772   995  5045 D NvOsDebugPrintf: TVMR: cctx->bAbortInputBuffer = 0, cctx->bEOSAbortOutputBuffer = 0 
06-06 22:05:26.772  4906  5039 D GStreamer+basesrc: 0:00:30.603388686 0xe900d0f0 gstbasesrc.c:2309:gst_base_src_do_sync:<filesrc0> we have no clock
06-06 22:05:26.772  4906  5038 D GStreamer+h264parse: 0:00:30.603395092 0xe900d090 gsth264parse.c:452:gst_h264_parser_store_nal:<h264parse0> storing sps 0
06-06 22:05:26.772  4906  5038 D GStreamer+GST_MEMORY: 0:00:30.603414832 0xe900d090 gstmemory.c:138:gst_memory_init new memory 0xe92be068, maxsize:13 offset:0 size:10
06-06 22:05:26.772  4906  5039 D GStreamer+basesrc: 0:00:30.603411446 0xe900d0f0 gstbasesrc.c:2519:gst_base_src_get_range:<filesrc0> buffer ok
06-06 22:05:26.772  4906  5038 D GStreamer+GST_MEMORY: 0:00:30.603460405 0xe900d090 gstmemory.c:87:_gst_memory_free free memory 0xe924ba40
06-06 22:05:26.772  4906  5038 D GStreamer+h264parse: 0:00:30.603478998 0xe900d090 gsth264parse.c:421:gst_h264_parse_wrap_nal:<h264parse0> nal length 10
06-06 22:05:26.772  4906  5038 D GStreamer+GST_MEMORY: 0:00:30.603500873 0xe900d090 gstmemory.c:138:gst_memory_init new memory 0xe9539c18, maxsize:17 offset:0 size:14
06-06 22:05:26.772  4906  5039 D GStreamer+GST_SCHEDULING: 0:00:30.603475248 0xe900d0f0 gstpad.c:4193:gst_pad_chain_data_unchecked:<queue0:sink> calling chainfunction &gst_queue_chain with buffer buffer: 0xe9572220, pts 0:00:01.272666666, dts 0:00:01.272666666, dur 0:00:00.020000000, size 41920, offset none, offset_end none, flags 0x0
06-06 22:05:26.772  4906  5038 D GStreamer+codecparsers_h264: 0:00:30.603529519 0xe900d090 gsth264parser.c:253:gst_h264_parse_nalu_header Nal type 8, ref_idc 1
06-06 22:05:26.772  4906  5039 D GStreamer+queue_dataflow: 0:00:30.603534259 0xe900d0f0 gstqueue.c:1220:gst_queue_chain_buffer_or_list:<queue0> queue is full, waiting for free space
06-06 22:05:26.772  4906  5038 D GStreamer+h264parse: 0:00:30.603554207 0xe900d090 gsth264parse.c:979:gst_h264_parse_handle_frame_packetized:<h264parse0> AVC nal offset 23
06-06 22:05:26.773  4906  5038 D GStreamer+h264parse: 0:00:30.603573061 0xe900d090 gsth264parse.c:714:gst_h264_parse_process_nal:<h264parse0> processing nal of type 8 PPS, size 5
06-06 22:05:26.773  4906  5038 D GStreamer+codecparsers_h264: 0:00:30.603594988 0xe900d090 gsth264parser.c:1894:gst_h264_parse_pps parsing PPS
06-06 22:05:26.773  4906  5038 D GStreamer+codecparsers_h264: 0:00:30.603612384 0xe900d090 gsth264parser.c:2027:gst_h264_parser_parse_pps adding picture parameter set with id: 0 to array
06-06 22:05:26.773  4906  5038 D GStreamer+h264parse: 0:00:30.603629988 0xe900d090 gsth264parse.c:456:gst_h264_parser_store_nal:<h264parse0> storing pps 0
06-06 22:05:26.773  4906  5038 D GStreamer+GST_MEMORY: 0:00:30.603648269 0xe900d090 gstmemory.c:138:gst_memory_init new memory 0xe9012120, maxsize:8 offset:0 size:5
06-06 22:05:26.773  4906  5038 D GStreamer+GST_MEMORY: 0:00:30.603671707 0xe900d090 gstmemory.c:87:_gst_memory_free free memory 0xe92f7ac0
06-06 22:05:26.773  4906  5038 D GStreamer+h264parse: 0:00:30.603688998 0xe900d090 gsth264parse.c:421:gst_h264_parse_wrap_nal:<h264parse0> nal length 5
06-06 22:05:26.773  4906  5038 D GStreamer+GST_MEMORY: 0:00:30.603707227 0xe900d090 gstmemory.c:138:gst_memory_init new memory 0xe92be0c8, maxsize:12 offset:0 size:9
06-06 22:05:26.773  4906  5038 D GStreamer+codecparsers_h264: 0:00:30.603730092 0xe900d090 gsth264parser.c:253:gst_h264_parse_nalu_header Nal type 5, ref_idc 1
06-06 22:05:26.773  4906  5038 D GStreamer+h264parse: 0:00:30.603748634 0xe900d090 gsth264parse.c:979:gst_h264_parse_handle_frame_packetized:<h264parse0> AVC nal offset 42660
06-06 22:05:26.773  4906  5038 D GStreamer+h264parse: 0:00:30.603766811 0xe900d090 gsth264parse.c:714:gst_h264_parse_process_nal:<h264parse0> processing nal of type 5 Slice IDR, size 42633
06-06 22:05:26.773  4906  5038 D GStreamer+h264parse: 0:00:30.603787123 0xe900d090 gsth264parse.c:820:gst_h264_parse_process_nal:<h264parse0> first_mb_in_slice = 0
06-06 22:05:26.773  4906  5038 D GStreamer+h264parse: 0:00:30.603804311 0xe900d090 gsth264parse.c:823:gst_h264_parse_process_nal:<h264parse0> frame start: 1
06-06 22:05:26.773  4906  5038 D GStreamer+codecparsers_h264: 0:00:30.603822800 0xe900d090 gsth264parser.c:2089:gst_h264_parser_parse_slice_hdr parsing "Slice header", slice type 7
06-06 22:05:26.773  4906  5038 D GStreamer+codecparsers_h264: 0:00:30.603841915 0xe900d090 gsth264parser.c:711:gst_h264_slice_parse_dec_ref_pic_marking parsing "Decoded reference picture marking"
06-06 22:05:26.773  4906  5038 D GStreamer+h264parse: 0:00:30.603858373 0xe900d090 gsth264parse.c:833:gst_h264_parse_process_nal:<h264parse0> parse result 0, first MB: 0, slice type: 7
06-06 22:05:26.773  4906  5038 D GStreamer+h264parse: 0:00:30.603878217 0xe900d090 gsth264parse.c:856:gst_h264_parse_process_nal:<h264parse0> marking IDR in frame at offset 23
06-06 22:05:26.773  4906  5038 D GStreamer+h264parse: 0:00:30.603896030 0xe900d090 gsth264parse.c:421:gst_h264_parse_wrap_nal:<h264parse0> nal length 42633
06-06 22:05:26.773  4906  5038 D GStreamer+GST_MEMORY: 0:00:30.603914727 0xe900d090 gstmemory.c:138:gst_memory_init new memory 0xe9382860, maxsize:42640 offset:0 size:42637
06-06 22:05:26.773  4906  5038 D GStreamer+codecparsers_h264: 0:00:30.603954832 0xe900d090 gsth264parser.c:1407:gst_h264_parser_identify_nalu_avc Can't parse, buffer has too small size 42660, offset 42660
06-06 22:05:26.773   995  5045 D NvOsDebugPrintf: TVMR: cctx->bAbortInputBuffer = 0, cctx->bEOSAbortOutputBuffer = 0 
06-06 22:05:26.773  4906  5038 D GStreamer+GST_CAPS: 0:00:30.603982123 0xe900d090 gstpad.c:2644:gst_pad_has_current_caps:<h264parse0:src> check current pad caps video/x-h264, stream-format=(string)byte-stream, alignment=(string)au, level=(string)4, profile=(string)baseline, width=(int)1280, height=(int)1440, framerate=(fraction)151/3, pixel-aspect-ratio=(fraction)1/1, parsed=(boolean)true
06-06 22:05:26.773  4906  5038 D GStreamer+GST_CAPS: 0:00:30.604040196 0xe900d090 gstpad.c:2672:gst_pad_get_current_caps:<h264parse0:sink> get current pad caps video/x-h264, stream-format=(string)avc, alignment=(string)au, level=(string)4, profile=(string)baseline, codec_data=(buffer)01428028ffe1000a27428028e54028016b2001000528de01ae20, width=(int)1280, height=(int)1440, framerate=(fraction)151/3, pixel-aspect-ratio=(fraction)1/1
06-06 22:05:26.773  4906  5038 D GStreamer+h264parse: 0:00:30.604098530 0xe900d090 gsth264parse.c:1692:gst_h264_parse_update_src_caps:<h264parse0> sps: 0xcca87008
06-06 22:05:26.773  4906  5038 D GStreamer+GST_PERFORMANCE: 0:00:30.604118790 0xe900d090 gstcaps.c:178:_gst_caps_copy:<0xe9194340> doing copy 0xe9194340 -> 0xe952e678
06-06 22:05:26.773  4906  5038 I GStreamer+baseparse: 0:00:30.604163894 0xe900d090 gstbaseparse.c:3964:gst_base_parse_set_latency:<h264parse0> min/max latency 0:00:00.019867549, 0:00:00.019867549
06-06 22:05:26.773  4906  5038 D GStreamer+GST_CAPS: 0:00:30.604208165 0xe900d090 gstpad.c:2672:gst_pad_get_current_caps:<h264parse0:src> get current pad caps video/x-h264, stream-format=(string)byte-stream, alignment=(string)au, level=(string)4, profile=(string)baseline, width=(int)1280, height=(int)1440, framerate=(fraction)151/3, pixel-aspect-ratio=(fraction)1/1, parsed=(boolean)true
06-06 22:05:26.773  4906  5038 D GStreamer+GST_CAPS: 0:00:30.604257019 0xe900d090 gstpad.c:2672:gst_pad_get_current_caps:<h264parse0:src> get current pad caps video/x-h264, stream-format=(string)byte-stream, alignment=(string)au, level=(string)4, profile=(string)baseline, width=(int)1280, height=(int)1440, framerate=(fraction)151/3, pixel-aspect-ratio=(fraction)1/1, parsed=(boolean)true
06-06 22:05:26.773  4906  5038 D GStreamer+h264parse: 0:00:30.604304519 0xe900d090 gsth264parse.c:1934:gst_h264_parse_get_timestamp:<h264parse0> unable to compute timestamp: VUI not present
06-06 22:05:26.773  4906  5038 D GStreamer+adapter: 0:00:30.604345561 0xe900d090 gstadapter.c:296:copy_into_unchecked bsize 14, skip 0, csize 14
06-06 22:05:26.773  4906  5038 D GStreamer+GST_MEMORY: 0:00:30.604405561 0xe900d090 gstmemory.c:138:gst_memory_init new memory 0xe9277a40, maxsize:42660 offset:0 size:42660
06-06 22:05:26.773  4906  5038 D GStreamer+GST_MEMORY: 0:00:30.604447123 0xe900d090 gstmemory.c:87:_gst_memory_free free memory 0xe9539c18
06-06 22:05:26.773  4906  5038 D GStreamer+GST_MEMORY: 0:00:30.604465925 0xe900d090 gstmemory.c:87:_gst_memory_free free memory 0xe92be0c8
06-06 22:05:26.773  4906  5038 D GStreamer+GST_MEMORY: 0:00:30.604483946 0xe900d090 gstmemory.c:87:_gst_memory_free free memory 0xe9382860
06-06 22:05:26.773  4906  5038 D GStreamer+GST_MEMORY: 0:00:30.604504727 0xe900d090 gstmemory.c:87:_gst_memory_free free memory 0xe9396730
06-06 22:05:26.773  4906  5038 D GStreamer+GST_CAPS: 0:00:30.604526030 0xe900d090 gstpad.c:2644:gst_pad_has_current_caps:<h264parse0:src> check current pad caps video/x-h264, stream-format=(string)byte-stream, alignment=(string)au, level=(string)4, profile=(string)baseline, width=(int)1280, height=(int)1440, framerate=(fraction)151/3, pixel-aspect-ratio=(fraction)1/1, parsed=(boolean)true
06-06 22:05:26.773  4906  5038 D GStreamer+h264parse: 0:00:30.604569571 0xe900d090 gsth264parse.c:182:gst_h264_parse_reset_frame:<h264parse0> reset frame
06-06 22:05:26.774  4906  5038 D GStreamer+baseparse: 0:00:30.604597905 0xe900d090 gstbaseparse.c:945:gst_base_parse_queue_tag_event_update:<h264parse0> merged   : taglist, video-codec=(string)"H.264\ \(Baseline\ Profile\)", bitrate=(uint)16613142, language-code=(string)en;
06-06 22:05:26.774  4906  5038 D GStreamer+GST_EVENT: 0:00:30.604642852 0xe900d090 gstevent.c:302:gst_event_new_custom creating new event 0xe921cb88 tag 20510
06-06 22:05:26.774  4906  5038 D GStreamer+GST_PADS: 0:00:30.604667644 0xe900d090 gstpad.c:3853:check_sticky:<h264parse0:src> pushing all sticky events
06-06 22:05:26.774  4906  5038 D GStreamer+GST_PADS: 0:00:30.604686186 0xe900d090 gstpad.c:3785:push_sticky:<h264parse0:src> event stream-start was already received
06-06 22:05:26.774  4906  5038 D GStreamer+GST_PADS: 0:00:30.604706498 0xe900d090 gstpad.c:3785:push_sticky:<h264parse0:src> event caps was already received
06-06 22:05:26.774  4906  5038 D GStreamer+GST_PADS: 0:00:30.604726602 0xe900d090 gstpad.c:3785:push_sticky:<h264parse0:src> event segment was already received
06-06 22:05:26.774  4906  5038 D GStreamer+GST_EVENT: 0:00:30.604747488 0xe900d090 gstpad.c:5536:gst_pad_send_event_unchecked:<capsfilter0:sink> have event type tag event: 0xe921cb88, time 99:99:99.999999999, seq-num 149, GstTagList-stream, taglist=(taglist)"taglist\,\ video-codec\=\(string\)\"H.264\\\ \\\(Baseline\\\ Profile\\\)\"\,\ bitrate\=\(uint\)16613142\,\ language-code\=\(string\)en\,\ minimum-bitrate\=\(uint\)17177760\,\ maximum-bitrate\=\(uint\)18168723\;";
06-06 22:05:26.774  4906  5038 D GStreamer+GST_PADS: 0:00:30.604814988 0xe900d090 gstpad.c:3853:check_sticky:<capsfilter0:src> pushing all sticky events
06-06 22:05:26.774  4906  5038 D GStreamer+GST_PADS: 0:00:30.604834727 0xe900d090 gstpad.c:3785:push_sticky:<capsfilter0:src> event stream-start was already received
06-06 22:05:26.774  4906  5038 D GStreamer+GST_PADS: 0:00:30.604854675 0xe900d090 gstpad.c:3785:push_sticky:<capsfilter0:src> event caps was already received
06-06 22:05:26.774  4906  5038 D GStreamer+GST_PADS: 0:00:30.604873738 0xe900d090 gstpad.c:3785:push_sticky:<capsfilter0:src> event segment was already received
06-06 22:05:26.774  4906  5038 D GStreamer+GST_EVENT: 0:00:30.604892905 0xe900d090 gstpad.c:5536:gst_pad_send_event_unchecked:<amcvideodec-omxnvidiah264decode0:sink> have event type tag event: 0xe921cb88, time 99:99:99.999999999, seq-num 149, GstTagList-stream, taglist=(taglist)"taglist\,\ video-codec\=\(string\)\"H.264\\\ \\\(Baseline\\\ Profile\\\)\"\,\ bitrate\=\(uint\)16613142\,\ language-code\=\(string\)en\,\ minimum-bitrate\=\(uint\)17177760\,\ maximum-bitrate\=\(uint\)18168723\;";
06-06 22:05:26.774  4906  5038 D GStreamer+videodecoder: 0:00:30.604953634 0xe900d090 gstvideodecoder.c:1486:gst_video_decoder_sink_event:<amcvideodec-omxnvidiah264decode0> received event 20510, tag
06-06 22:05:26.774  4906  5038 I GStreamer+videodecoder: 0:00:30.604980821 0xe900d090 gstvideodecoder.c:1432:gst_video_decoder_sink_event_default:<amcvideodec-omxnvidiah264decode0> upstream tags: taglist, video-codec=(string)"H.264\ \(Baseline\ Profile\)", bitrate=(uint)16613142, language-code=(string)en, minimum-bitrate=(uint)17177760, maximum-bitrate=(uint)18168723;
06-06 22:05:26.774  4906  5038 D GStreamer+videodecoder: 0:00:30.605030040 0xe900d090 gstvideodecoder.c:937:gst_video_decoder_create_merged_tags_event:<amcvideodec-omxnvidiah264decode0> merged   : taglist, video-codec=(string)"H.264\ \(Baseline\ Profile\)", bitrate=(uint)16613142, language-code=(string)en, minimum-bitrate=(uint)17177760, maximum-bitrate=(uint)18168723;
06-06 22:05:26.774  4906  5038 D GStreamer+GST_EVENT: 0:00:30.605075300 0xe900d090 gstevent.c:302:gst_event_new_custom creating new event 0xe921cb40 tag 20510
06-06 22:05:26.774  4906  5038 D GStreamer+GST_PADS: 0:00:30.605098842 0xe900d090 gstpad.c:5609:gst_pad_send_event_unchecked:<amcvideodec-omxnvidiah264decode0:sink> sent event, ret ok
06-06 22:05:26.774  4906  5038 D GStreamer+GST_PADS: 0:00:30.605121707 0xe900d090 gstpad.c:3805:push_sticky:<capsfilter0:src> event tag marked received
06-06 22:05:26.774  4906  5038 D GStreamer+GST_PADS: 0:00:30.605145300 0xe900d090 gstpad.c:3785:push_sticky:<capsfilter0:src> event tag was already received
06-06 22:05:26.774  4906  5038 D GStreamer+GST_PADS: 0:00:30.605166446 0xe900d090 gstpad.c:5609:gst_pad_send_event_unchecked:<capsfilter0:sink> sent event, ret ok
