06-06 22:05:26.781  4906  5038 D GStreamer+GST_MEMORY: 0:00:30.612224050 0xe900d090 gstmemory.c:87:_gst_memory_free free memory 0xe9539ce8
06-06 22:05:26.781  4906  5038 D GStreamer+GST_MEMORY: 0:00:30.612242488 0xe900d090 gstmemory.c:87:_gst_memory_free free memory 0xe924bb00
06-06 22:05:26.781  4906  5038 D GStreamer+GST_MEMORY: 0:00:30.612259519 0xe900d090 gstmemory.c:87:_gst_memory_free free memory 0xe93a19c0
06-06 22:05:26.781  4906  5038 D GStreamer+GST_MEMORY: 0:00:30.612279467 0xe900d090 gstmemory.c:87:_gst_memory_free free memory 0xe93b5fc8
06-06 22:05:26.781  4906  5038 D GStreamer+GST_CAPS: 0:00:30.612300092 0xe900d090 gstpad.c:2644:gst_pad_has_current_caps:<h264parse0:src> check current pad caps video/x-h264, stream-format=(string)byte-stream, alignment=(string)au, level=(string)4, profile=(string)baseline, width=(int)1280, height=(int)1440, framerate=(fraction)151/3, pixel-aspect-ratio=(fraction)1/1, parsed=(boolean)true
06-06 22:05:26.781  4906  5038 D GStreamer+h264parse: 0:00:30.612344884 0xe900d090 gsth264parse.c:182:gst_h264_parse_reset_frame:<h264parse0> reset frame
06-06 22:05:26.781  4906  5038 D GStreamer+GST_SCHEDULING: 0:00:30.612366186 0xe900d090 gstpad.c:4193:gst_pad_chain_data_unchecked:<capsfilter0:sink> calling chainfunction &gst_base_transform_chain with buffer buffer: 0xe92fa708, pts 0:00:00.298333333, dts 0:00:00.298333333, dur 0:00:00.019867549, size 42820, offset 648884, offset_end none, flags 0x400
06-06 22:05:26.781  4906  5038 D GStreamer+basetransform: 0:00:30.612432019 0xe900d090 gstbasetransform.c:2033:default_submit_input_buffer:<capsfilter0> handling buffer 0xe92fa708 of size 42820, PTS 0:00:00.298333333 and offset 648884
06-06 22:05:26.781  4906  5038 D GStreamer+basetransform: 0:00:30.612467227 0xe900d090 gstbasetransform.c:2150:default_generate_output:<capsfilter0> calling prepare buffer
06-06 22:05:26.781  4906  5038 D GStreamer+basetransform: 0:00:30.612485873 0xe900d090 gstbasetransform.c:2157:default_generate_output:<capsfilter0> using allocated buffer in 0xe92fa708, out 0xe92fa708
06-06 22:05:26.781  4906  5038 D GStreamer+basetransform: 0:00:30.612505405 0xe900d090 gstbasetransform.c:2174:default_generate_output:<capsfilter0> doing inplace transform
06-06 22:05:26.781  4906  5038 D GStreamer+GST_SCHEDULING: 0:00:30.612524155 0xe900d090 gstpad.c:4193:gst_pad_chain_data_unchecked:<amcvideodec-omxnvidiah264decode0:sink> calling chainfunction &gst_video_decoder_chain with buffer buffer: 0xe92fa708, pts 0:00:00.298333333, dts 0:00:00.298333333, dur 0:00:00.019867549, size 42820, offset 648884, offset_end none, flags 0x400
06-06 22:05:26.784  4906  5044 D GStreamer+GST_PADS: 0:00:30.614962644 0xe9539350 gstpad.c:4049:gst_pad_peer_query:<sink:proxypad1> peer query 0xe95398f0 (accept-caps)
06-06 22:05:26.784  4906  5044 D GStreamer+GST_PADS: 0:00:30.614995977 0xe9539350 gstpad.c:3922:gst_pad_query:<gluploadelement0:sink> doing query 0xe95398f0 (accept-caps)
06-06 22:05:26.784  4906  5044 D GStreamer+basetransform: 0:00:30.615023373 0xe9539350 gstbasetransform.c:1301:gst_base_transform_acceptcaps_default:<gluploadelement0> accept caps video/x-raw, format=(string)NV12, width=(int)1280, height=(int)1440, interlace-mode=(string)progressive, pixel-aspect-ratio=(fraction)1/1, chroma-site=(string)mpeg2, colorimetry=(string)bt709, framerate=(fraction)151/3
06-06 22:05:26.790   995  5045 D NvOsDebugPrintf: TVMR: cctx->bAbortInputBuffer = 0, cctx->bEOSAbortOutputBuffer = 0 
06-06 22:05:26.790  4906  5037 D GStreamer+GST_PADS: 0:00:30.621332436 0xe900d030 gstpad.c:4049:gst_pad_peer_query:<sink:proxypad1> peer query 0xe9578830 (accept-caps)
06-06 22:05:26.790  4906  5037 D GStreamer+GST_PADS: 0:00:30.621388686 0xe900d030 gstpad.c:3922:gst_pad_query:<gluploadelement0:sink> doing query 0xe9578830 (accept-caps)
06-06 22:05:26.790  4906  5037 D GStreamer+basetransform: 0:00:30.621442436 0xe900d030 gstbasetransform.c:1301:gst_base_transform_acceptcaps_default:<gluploadelement0> accept caps video/x-raw, format=(string)NV12, width=(int)1280, height=(int)1440, interlace-mode=(string)progressive, pixel-aspect-ratio=(fraction)1/1, chroma-site=(string)mpeg2, colorimetry=(string)bt709, framerate=(fraction)151/3
06-06 22:05:26.791   995  5045 D NvOsDebugPrintf: TVMR: cctx->bAbortInputBuffer = 0, cctx->bEOSAbortOutputBuffer = 0 
06-06 22:05:26.791  4906  5037 D GStreamer+basetransform: 0:00:30.621505040 0xe900d030 gstbasetransform.c:1308:gst_base_transform_acceptcaps_default:<gluploadelement0> intersect with pad template: video/x-raw(memory:GLMemory, meta:GstVideoOverlayComposition), format=(string){ RGBA, BGRA, RGBx, BGRx, ARGB, ABGR, xRGB, xBGR, RGB, BGR, RGB16, BGR16, AYUV, I420, YV12, NV12, NV21, YUY2, UYVY, Y41B, Y42B, Y444, GRAY8, GRAY16_LE, GRAY16_BE }, width=(int)[ 1, 2147483647 ], height=(int)[ 1, 2147483647 ], framerate=(fraction)[ 0/1, 2147483647/1 ]; video/x-raw(meta:GstVideoGLTextureUploadMeta, meta:GstVideoOverlayComposition), format=(string)RGBA, width=(int)[ 1, 2147483647 ], height=(int)[ 1, 2147483647 ], framerate=(fraction)[ 0/1, 2147483647/1 ]; video/x-raw(memory:SystemMemory, meta:GstVideoOverlayComposition), format=(string){ RGBA, BGRA, RGBx, BGRx, ARGB, ABGR, xRGB, xBGR, RGB, BGR, RGB16, BGR16, AYUV, I420, YV12, NV12, NV21, YUY2, UYVY, Y41B, Y42B, Y444, GRAY8, GRAY16_LE, GRAY16_BE }, width=(int)[ 1, 2147483647 ], height=(int)[ 1, 2147483647 ], framerate=(fraction)[ 0/
06-06 22:05:26.791  4906  5037 D GStreamer+basetransform: 0:00:30.621853061 0xe900d030 gstbasetransform.c:1313:gst_base_transform_acceptcaps_default:<gluploadelement0> trying to transform with filter: video/x-raw(ANY) (the other pad template)
06-06 22:05:26.791  4906  5037 D GStreamer+basetransform: 0:00:30.621881030 0xe900d030 gstbasetransform.c:533:gst_base_transform_transform_caps:<gluploadelement0> transform caps (direction = 2)
06-06 22:05:26.791  4906  5037 D GStreamer+GST_PERFORMANCE: 0:00:30.621946759 0xe900d030 gstcaps.c:178:_gst_caps_copy:<0xe956f740> doing copy 0xe956f740 -> 0xe956f768
06-06 22:05:26.791  4906  5037 D GStreamer+GST_PERFORMANCE: 0:00:30.622046550 0xe900d030 gstcaps.c:178:_gst_caps_copy:<0xe956f7b8> doing copy 0xe956f7b8 -> 0xe9569800
06-06 22:05:26.791  4906  5037 D GStreamer+GST_PERFORMANCE: 0:00:30.622134884 0xe900d030 gstcaps.c:178:_gst_caps_copy:<0xe9569850> doing copy 0xe9569850 -> 0xe9569878
06-06 22:05:26.791  4906  5037 D GStreamer+basetransform: 0:00:30.622294623 0xe900d030 gstbasetransform.c:560:gst_base_transform_transform_caps:<gluploadelement0> to: video/x-raw(memory:GLMemory), format=(string)NV12, width=(int)1280, height=(int)1440, interlace-mode=(string)progressive, pixel-aspect-ratio=(fraction)1/1, chroma-site=(string)mpeg2, colorimetry=(string)bt709, framerate=(fraction)151/3, texture-target=(string){ 2D, rectangle, external-oes }
06-06 22:05:26.791   995  5045 D NvOsDebugPrintf: TVMR: cctx->bAbortInputBuffer = 0, cctx->bEOSAbortOutputBuffer = 0 
06-06 22:05:26.791  4906  5037 D GStreamer+basetransform: 0:00:30.622383530 0xe900d030 gstbasetransform.c:1319:gst_base_transform_acceptcaps_default:<gluploadelement0> accept-caps result: 1
06-06 22:05:26.791  4906  5037 D GStreamer+GST_PADS: 0:00:30.622518530 0xe900d030 gstpad.c:3945:gst_pad_query:<gluploadelement0:sink> sent query 0xe9578830 (accept-caps), result 1
06-06 22:05:26.791  4906  5037 D GStreamer+GST_PADS: 0:00:30.622550196 0xe900d030 gstutils.c:2575:gst_pad_proxy_query_accept_caps:<glimagesinkbin0:sink> proxying accept caps query: 1
06-06 22:05:26.792  4906  5037 D GStreamer+GST_PADS: 0:00:30.622599623 0xe900d030 gstpad.c:3089:gst_pad_query_accept_caps_default:<glimagesinkbin0:sink> allowed caps subset ANY, caps video/x-raw, format=(string)NV12, width=(int)1280, height=(int)1440, interlace-mode=(string)progressive, pixel-aspect-ratio=(fraction)1/1, chroma-site=(string)mpeg2, colorimetry=(string)bt709, framerate=(fraction)151/3
06-06 22:05:26.792  4906  5037 D GStreamer+GST_PADS: 0:00:30.622649727 0xe900d030 gstpad.c:3367:gst_pad_query_default:<glimagesinkbin0:sink> not forwarding 0xe9578830 (accept-caps) query
06-06 22:05:26.792  4906  5037 D GStreamer+GST_PADS: 0:00:30.622673582 0xe900d030 gstpad.c:3945:gst_pad_query:<glimagesinkbin0:sink> sent query 0xe9578830 (accept-caps), result 1
06-06 22:05:26.792  4906  5037 D GStreamer+default: 0:00:30.622721238 0xe900d030 gstutils.c:2960:gst_pad_query_accept_caps:<glimagesinkbin0:sink> query returned 1
06-06 22:05:26.792  4906  5037 D GStreamer+GST_PADS: 0:00:30.622754884 0xe900d030 gstpad.c:5093:store_sticky_event:<sink:proxypad1> notify caps
06-06 22:05:26.792  4906  5037 D GStreamer+GST_PADS: 0:00:30.622784988 0xe900d030 gstpad.c:3853:check_sticky:<sink:proxypad1> pushing all sticky events
06-06 22:05:26.792  4906  5037 D GStreamer+GST_PADS: 0:00:30.622828634 0xe900d030 gstpad.c:3785:push_sticky:<sink:proxypad1> event stream-start was already received
06-06 22:05:26.792   995  5045 D NvOsDebugPrintf: TVMR: cctx->bAbortInputBuffer = 0, cctx->bEOSAbortOutputBuffer = 0 
06-06 22:05:26.792  4906  5037 D GStreamer+GST_EVENT: 0:00:30.622854571 0xe900d030 gstpad.c:5536:gst_pad_send_event_unchecked:<gluploadelement0:sink> have event type caps event: 0xe957b8d8, time 99:99:99.999999999, seq-num 155, GstEventCaps, caps=(GstCaps)"video/x-raw\,\ format\=\(string\)NV12\,\ width\=\(int\)1280\,\ height\=\(int\)1440\,\ interlace-mode\=\(string\)progressive\,\ pixel-aspect-ratio\=\(fraction\)1/1\,\ chroma-site\=\(string\)mpeg2\,\ colorimetry\=\(string\)bt709\,\ framerate\=\(fraction\)151/3";
06-06 22:05:26.792  4906  5037 D GStreamer+GST_CAPS: 0:00:30.623013425 0xe900d030 gstutils.c:2955:gst_pad_query_accept_caps:<gluploadelement0:sink> accept caps of video/x-raw, format=(string)NV12, width=(int)1280, height=(int)1440, interlace-mode=(string)progressive, pixel-aspect-ratio=(fraction)1/1, chroma-site=(string)mpeg2, colorimetry=(string)bt709, framerate=(fraction)151/3
06-06 22:05:26.792  4906  5037 D GStreamer+query: 0:00:30.623085561 0xe900d030 gstquery.c:674:gst_query_new_custom creating new query 0xe9578860 accept-caps
06-06 22:05:26.792  4906  5037 D GStreamer+GST_PADS: 0:00:30.623106655 0xe900d030 gstpad.c:3922:gst_pad_query:<gluploadelement0:sink> doing query 0xe9578860 (accept-caps)
06-06 22:05:26.792  4906  5037 D GStreamer+basetransform: 0:00:30.623129884 0xe900d030 gstbasetransform.c:1301:gst_base_transform_acceptcaps_default:<gluploadelement0> accept caps video/x-raw, format=(string)NV12, width=(int)1280, height=(int)1440, interlace-mode=(string)progressive, pixel-aspect-ratio=(fraction)1/1, chroma-site=(string)mpeg2, colorimetry=(string)bt709, framerate=(fraction)151/3
06-06 22:05:26.792  4906  5037 D GStreamer+basetransform: 0:00:30.623201394 0xe900d030 gstbasetransform.c:1308:gst_base_transform_acceptcaps_default:<gluploadelement0> intersect with pad template: video/x-raw(memory:GLMemory, meta:GstVideoOverlayComposition), format=(string){ RGBA, BGRA, RGBx, BGRx, ARGB, ABGR, xRGB, xBGR, RGB, BGR, RGB16, BGR16, AYUV, I420, YV12, NV12, NV21, YUY2, UYVY, Y41B, Y42B, Y444, GRAY8, GRAY16_LE, GRAY16_BE }, width=(int)[ 1, 2147483647 ], height=(int)[ 1, 2147483647 ], framerate=(fraction)[ 0/1, 2147483647/1 ]; video/x-raw(meta:GstVideoGLTextureUploadMeta, meta:GstVideoOverlayComposition), format=(string)RGBA, width=(int)[ 1, 2147483647 ], height=(int)[ 1, 2147483647 ], framerate=(fraction)[ 0/1, 2147483647/1 ]; video/x-raw(memory:SystemMemory, meta:GstVideoOverlayComposition), format=(string){ RGBA, BGRA, RGBx, BGRx, ARGB, ABGR, xRGB, xBGR, RGB, BGR, RGB16, BGR16, AYUV, I420, YV12, NV12, NV21, YUY2, UYVY, Y41B, Y42B, Y444, GRAY8, GRAY16_LE, GRAY16_BE }, width=(int)[ 1, 2147483647 ], height=(int)[ 1, 2147483647 ], framerate=(fraction)[ 0/
06-06 22:05:26.792  4906  5037 D GStreamer+basetransform: 0:00:30.623474988 0xe900d030 gstbasetransform.c:1313:gst_base_transform_acceptcaps_default:<gluploadelement0> trying to transform with filter: video/x-raw(ANY) (the other pad template)
06-06 22:05:26.792  4906  5037 D GStreamer+basetransform: 0:00:30.623522332 0xe900d030 gstbasetransform.c:533:gst_base_transform_transform_caps:<gluploadelement0> transform caps (direction = 2)
06-06 22:05:26.792  4906  5037 D GStreamer+GST_PERFORMANCE: 0:00:30.623559102 0xe900d030 gstcaps.c:178:_gst_caps_copy:<0xe9569918> doing copy 0xe9569918 -> 0xe9569940
06-06 22:05:26.793  4906  5037 D GStreamer+GST_PERFORMANCE: 0:00:30.623647280 0xe900d030 gstcaps.c:178:_gst_caps_copy:<0xe9569990> doing copy 0xe9569990 -> 0xe95699b8
06-06 22:05:26.793  4906  5037 D GStreamer+GST_PERFORMANCE: 0:00:30.623738425 0xe900d030 gstcaps.c:178:_gst_caps_copy:<0xe9569918> doing copy 0xe9569918 -> 0xe9569940
06-06 22:05:26.793  4906  5037 D GStreamer+basetransform: 0:00:30.623847488 0xe900d030 gstbasetransform.c:560:gst_base_transform_transform_caps:<gluploadelement0> to: video/x-raw(memory:GLMemory), format=(string)NV12, width=(int)1280, height=(int)1440, interlace-mode=(string)progressive, pixel-aspect-ratio=(fraction)1/1, chroma-site=(string)mpeg2, colorimetry=(string)bt709, framerate=(fraction)151/3, texture-target=(string){ 2D, rectangle, external-oes }
06-06 22:05:26.793  4906  5037 D GStreamer+basetransform: 0:00:30.623905352 0xe900d030 gstbasetransform.c:1319:gst_base_transform_acceptcaps_default:<gluploadelement0> accept-caps result: 1
06-06 22:05:26.793  4906  5037 D GStreamer+GST_PADS: 0:00:30.623953894 0xe900d030 gstpad.c:3945:gst_pad_query:<gluploadelement0:sink> sent query 0xe9578860 (accept-caps), result 1
06-06 22:05:26.793  4906  5037 D GStreamer+default: 0:00:30.623981655 0xe900d030 gstutils.c:2960:gst_pad_query_accept_caps:<gluploadelement0:sink> query returned 1
06-06 22:05:26.793  4906  5037 D GStreamer+GST_PADS: 0:00:30.624006082 0xe900d030 gstpad.c:1614:gst_pad_check_reconfigure:<gluploadelement0:src> remove RECONFIGURE flag
06-06 22:05:26.793  4906  5037 D GStreamer+basetransform: 0:00:30.624024571 0xe900d030 gstbasetransform.c:1356:gst_base_transform_setcaps:<gluploadelement0:sink> have new caps 0xe952eaa0 video/x-raw, format=(string)NV12, width=(int)1280, height=(int)1440, interlace-mode=(string)progressive, pixel-aspect-ratio=(fraction)1/1, chroma-site=(string)mpeg2, colorimetry=(string)bt709, framerate=(fraction)151/3
06-06 22:05:26.793  4906  5037 D GStreamer+basetransform: 0:00:30.624097280 0xe900d030 gstbasetransform.c:533:gst_base_transform_transform_caps:<gluploadelement0> transform caps (direction = 2)
06-06 22:05:26.793  4906  5037 D GStreamer+GST_PERFORMANCE: 0:00:30.624130925 0xe900d030 gstcaps.c:178:_gst_caps_copy:<0xe9569850> doing copy 0xe9569850 -> 0xe9569878
06-06 22:05:26.793  4906  5037 D GStreamer+GST_PERFORMANCE: 0:00:30.624217123 0xe900d030 gstcaps.c:178:_gst_caps_copy:<0xe956f7b8> doing copy 0xe956f7b8 -> 0xe9569800
06-06 22:05:26.793  4906  5037 D GStreamer+GST_PERFORMANCE: 0:00:30.624308842 0xe900d030 gstcaps.c:178:_gst_caps_copy:<0xe956f740> doing copy 0xe956f740 -> 0xe956f768
06-06 22:05:26.793  4906  5037 D GStreamer+basetransform: 0:00:30.624402800 0xe900d030 gstbasetransform.c:560:gst_base_transform_transform_caps:<gluploadelement0> to: video/x-raw(memory:GLMemory), format=(string)NV12, width=(int)1280, height=(int)1440, interlace-mode=(string)progressive, pixel-aspect-ratio=(fraction)1/1, chroma-site=(string)mpeg2, colorimetry=(string)bt709, framerate=(fraction)151/3, texture-target=(string){ 2D, rectangle, external-oes }
06-06 22:05:26.793  4906  5037 D GStreamer+basetransform: 0:00:30.624489102 0xe900d030 gstbasetransform.c:1142:gst_base_transform_find_transform:<gluploadelement0> intersecting against padtemplate video/x-raw(ANY)
06-06 22:05:26.794   995  5045 D NvOsDebugPrintf: TVMR: cctx->bAbortInputBuffer = 0, cctx->bEOSAbortOutputBuffer = 0 
06-06 22:05:26.794  4906  5037 D GStreamer+basetransform: 0:00:30.624557332 0xe900d030 gstbasetransform.c:1164:gst_base_transform_find_transform:<gluploadelement0> transform returned non fixed  video/x-raw(memory:GLMemory), format=(string)NV12, width=(int)1280, height=(int)1440, interlace-mode=(string)progressive, pixel-aspect-ratio=(fraction)1/1, chroma-site=(string)mpeg2, colorimetry=(string)bt709, framerate=(fraction)151/3, texture-target=(string){ 2D, rectangle, external-oes }
06-06 22:05:26.794  4906  5037 D GStreamer+basetransform: 0:00:30.624724675 0xe900d030 gstbasetransform.c:1171:gst_base_transform_find_transform:<gluploadelement0> Checking peer caps with filter video/x-raw(memory:GLMemory), format=(string)NV12, width=(int)1280, height=(int)1440, interlace-mode=(string)progressive, pixel-aspect-ratio=(fraction)1/1, chroma-site=(string)mpeg2, colorimetry=(string)bt709, framerate=(fraction)151/3, texture-target=(string){ 2D, rectangle, external-oes }
06-06 22:05:26.794  4906  5037 D GStreamer+GST_CAPS: 0:00:30.624790457 0xe900d030 gstutils.c:2872:gst_pad_query_caps:<glcolorconvertelement0:sink> get pad caps with filter video/x-raw(memory:GLMemory), format=(string)NV12, width=(int)1280, height=(int)1440, interlace-mode=(string)progressive, pixel-aspect-ratio=(fraction)1/1, chroma-site=(string)mpeg2, colorimetry=(string)bt709, framerate=(fraction)151/3, texture-target=(string){ 2D, rectangle, external-oes }
06-06 22:05:26.794  4906  5037 D GStreamer+query: 0:00:30.624840248 0xe900d030 gstquery.c:674:gst_query_new_custom creating new query 0xe9578890 caps
06-06 22:05:26.794  4906  5037 D GStreamer+GST_PADS: 0:00:30.624860613 0xe900d030 gstpad.c:3922:gst_pad_query:<glcolorconvertelement0:sink> doing query 0xe9578890 (caps)
06-06 22:05:26.794  4906  5037 D GStreamer+basetransform: 0:00:30.624911290 0xe900d030 gstbasetransform.c:704:gst_base_transform_query_caps:<glcolorconvertelement0:sink> filter caps  video/x-raw(memory:GLMemory), format=(string)NV12, width=(int)1280, height=(int)1440, interlace-mode=(string)progressive, pixel-aspect-ratio=(fraction)1/1, chroma-site=(string)mpeg2, colorimetry=(string)bt709, framerate=(fraction)151/3, texture-target=(string){ 2D, rectangle, external-oes }
06-06 22:05:26.794  4906  5037 D GStreamer+basetransform: 0:00:30.624953634 0xe900d030 gstbasetransform.c:707:gst_base_transform_query_caps:<glcolorconvertelement0:sink> our template  video/x-raw(memory:GLMemory), format=(string){ RGBA, RGB, RGBx, BGR, BGRx, BGRA, xRGB, xBGR, ARGB, ABGR, Y444, I420, YV12, Y42B, Y41B, NV12, NV21, YUY2, UYVY, AYUV, GRAY8, GRAY16_LE, GRAY16_BE, RGB16, BGR16 }, width=(int)[ 1, 2147483647 ], height=(int)[ 1, 2147483647 ], framerate=(fraction)[ 0/1, 2147483647/1 ], texture-target=(string){ 2D, rectangle, external-oes }; video/x-raw(memory:GLMemory, meta:GstVideoOverlayComposition), format=(string){ RGBA, RGB, RGBx, BGR, BGRx, BGRA, xRGB, xBGR, ARGB, ABGR, Y444, I420, YV12, Y42B, Y41B, NV12, NV21, YUY2, UYVY, AYUV, GRAY8, GRAY16_LE, GRAY16_BE, RGB16, BGR16 }, width=(int)[ 1, 2147483647 ], height=(int)[ 1, 2147483647 ], framerate=(fraction)[ 0/1, 2147483647/1 ], texture-target=(string){ 2D, rectangle, external-oes }
06-06 22:05:26.794  4906  5037 D GStreamer+basetransform: 0:00:30.625121290 0xe900d030 gstbasetransform.c:709:gst_base_transform_query_caps:<glcolorconvertelement0:sink> intersected video/x-raw(memory:GLMemory), format=(string)NV12, width=(int)1280, height=(int)1440, interlace-mode=(string)progressive, pixel-aspect-ratio=(fraction)1/1, chroma-site=(string)mpeg2, colorimetry=(string)bt709, framerate=(fraction)151/3, texture-target=(string){ 2D, rectangle, external-oes }
06-06 22:05:26.794  4906  5037 D GStreamer+basetransform: 0:00:30.625165665 0xe900d030 gstbasetransform.c:533:gst_base_transform_transform_caps:<glcolorconvertelement0> transform caps (direction = 2)
06-06 22:05:26.794  4906  5037 D GStreamer+basetransform: 0:00:30.625251342 0xe900d030 gstbasetransform.c:560:gst_base_transform_transform_caps:<glcolorconvertelement0> to: video/x-raw(memory:GLMemory), format=(string)NV12, width=(int)1280, height=(int)1440, interlace-mode=(string)progressive, pixel-aspect-ratio=(fraction)1/1, chroma-site=(string)mpeg2, colorimetry=(string)bt709, framerate=(fraction)151/3, texture-target=(string){ 2D, rectangle, external-oes }; video/x-raw(memory:GLMemory), format=(string){ RGBA, ARGB, BGRA, ABGR, RGBx, xRGB, BGRx, xBGR, RGB, BGR }, width=(int)1280, height=(int)1440, interlace-mode=(string)progressive, pixel-aspect-ratio=(fraction)1/1, framerate=(fraction)151/3
06-06 22:05:26.794  4906  5037 D GStreamer+basetransform: 0:00:30.625336655 0xe900d030 gstbasetransform.c:714:gst_base_transform_query_caps:<glcolorconvertelement0:sink> transformed  video/x-raw(memory:GLMemory), format=(string)NV12, width=(int)1280, height=(int)1440, interlace-mode=(string)progressive, pixel-aspect-ratio=(fraction)1/1, chroma-site=(string)mpeg2, colorimetry=(string)bt709, framerate=(fraction)151/3, texture-target=(string){ 2D, rectangle, external-oes }; video/x-raw(memory:GLMemory), format=(string){ RGBA, ARGB, BGRA, ABGR, RGBx, xRGB, BGRx, xBGR, RGB, BGR }, width=(int)1280, height=(int)1440, interlace-mode=(string)progressive, pixel-aspect-ratio=(fraction)1/1, framerate=(fraction)151/3
06-06 22:05:26.794  4906  5037 D GStreamer+basetransform: 0:00:30.625403946 0xe900d030 gstbasetransform.c:719:gst_base_transform_query_caps:<glcolorconvertelement0:sink> our template  video/x-raw(memory:GLMemory), format=(string){ RGBA, RGB, RGBx, BGR, BGRx, BGRA, xRGB, xBGR, ARGB, ABGR, Y444, I420, YV12, Y42B, Y41B, NV12, NV21, YUY2, UYVY, AYUV, GRAY8, GRAY16_LE, GRAY16_BE, RGB16, BGR16 }, width=(int)[ 1, 2147483647 ], height=(int)[ 1, 2147483647 ], framerate=(fraction)[ 0/1, 2147483647/1 ], texture-target=(string){ 2D, rectangle, external-oes }; video/x-raw(memory:GLMemory, meta:GstVideoOverlayComposition), format=(string){ RGBA, RGB, RGBx, BGR, BGRx, BGRA, xRGB, xBGR, ARGB, ABGR, Y444, I420, YV12, Y42B, Y41B, NV12, NV21, YUY2, UYVY, AYUV, GRAY8, GRAY16_LE, GRAY16_BE, RGB16, BGR16 }, width=(int)[ 1, 2147483647 ], height=(int)[ 1, 2147483647 ], framerate=(fraction)[ 0/1, 2147483647/1 ], texture-target=(string){ 2D, rectangle, external-oes }
06-06 22:05:26.795  4906  5037 D GStreamer+basetransform: 0:00:30.625637905 0xe900d030 gstbasetransform.c:724:gst_base_transform_query_caps:<glcolorconvertelement0:sink> intersected video/x-raw(memory:GLMemory), format=(string)NV12, width=(int)1280, height=(int)1440, interlace-mode=(string)progressive, pixel-aspect-ratio=(fraction)1/1, chroma-site=(string)mpeg2, colorimetry=(string)bt709, framerate=(fraction)151/3, texture-target=(string){ 2D, rectangle, external-oes }; video/x-raw(memory:GLMemory), format=(string){ RGBA, ARGB, BGRA, ABGR, RGBx, xRGB, BGRx, xBGR, RGB, BGR }, width=(int)1280, height=(int)1440, interlace-mode=(string)progressive, pixel-aspect-ratio=(fraction)1/1, framerate=(fraction)151/3, texture-target=(string){ 2D, rectangle, external-oes }
06-06 22:05:26.795  4906  5037 D GStreamer+basetransform: 0:00:30.625734415 0xe900d030 gstbasetransform.c:730:gst_base_transform_query_caps:<glcolorconvertelement0:sink> peer filter caps video/x-raw(memory:GLMemory), format=(string)NV12, width=(int)1280, height=(int)1440, interlace-mode=(string)progressive, pixel-aspect-ratio=(fraction)1/1, chroma-site=(string)mpeg2, colorimetry=(string)bt709, framerate=(fraction)151/3, texture-target=(string){ 2D, rectangle, external-oes }; video/x-raw(memory:GLMemory), format=(string){ RGBA, ARGB, BGRA, ABGR, RGBx, xRGB, BGRx, xBGR, RGB, BGR }, width=(int)1280, height=(int)1440, interlace-mode=(string)progressive, pixel-aspect-ratio=(fraction)1/1, framerate=(fraction)151/3, texture-target=(string){ 2D, rectangle, external-oes }
06-06 22:05:26.795  4906  5037 D GStreamer+GST_CAPS: 0:00:30.625819363 0xe900d030 gstutils.c:2918:gst_pad_peer_query_caps:<glcolorconvertelement0:src> get pad peer caps with filter video/x-raw(memory:GLMemory), format=(string)NV12, width=(int)1280, height=(int)1440, interlace-mode=(string)progressive, pixel-aspect-ratio=(fraction)1/1, chroma-site=(string)mpeg2, colorimetry=(string)bt709, framerate=(fraction)151/3, texture-target=(string){ 2D, rectangle, external-oes }; video/x-raw(memory:GLMemory), format=(string){ RGBA, ARGB, BGRA, ABGR, RGBx, xRGB, BGRx, xBGR, RGB, BGR }, width=(int)1280, height=(int)1440, interlace-mode=(string)progressive, pixel-aspect-ratio=(fraction)1/1, framerate=(fraction)151/3, texture-target=(string){ 2D, rectangle, external-oes }
06-06 22:05:26.795  4906  5037 D GStreamer+query: 0:00:30.625907175 0xe900d030 gstquery.c:674:gst_query_new_custom creating new query 0xe95788c0 caps
06-06 22:05:26.795  4906  5037 D GStreamer+GST_PADS: 0:00:30.625927019 0xe900d030 gstpad.c:4049:gst_pad_peer_query:<glcolorconvertelement0:src> peer query 0xe95788c0 (caps)
06-06 22:05:26.795  4906  5037 D GStreamer+GST_PADS: 0:00:30.625948321 0xe900d030 gstpad.c:3922:gst_pad_query:<glcolorbalance0:sink> doing query 0xe95788c0 (caps)
06-06 22:05:26.795  4906  5037 D GStreamer+basetransform: 0:00:30.625973165 0xe900d030 gstbasetransform.c:704:gst_base_transform_query_caps:<glcolorbalance0:sink> filter caps  video/x-raw(memory:GLMemory), format=(string)NV12, width=(int)1280, height=(int)1440, interlace-mode=(string)progressive, pixel-aspect-ratio=(fraction)1/1, chroma-site=(string)mpeg2, colorimetry=(string)bt709, framerate=(fraction)151/3, texture-target=(string){ 2D, rectangle, external-oes }; video/x-raw(memory:GLMemory), format=(string){ RGBA, ARGB, BGRA, ABGR, RGBx, xRGB, BGRx, xBGR, RGB, BGR }, width=(int)1280, height=(int)1440, interlace-mode=(string)progressive, pixel-aspect-ratio=(fraction)1/1, framerate=(fraction)151/3, texture-target=(string){ 2D, rectangle, external-oes }
06-06 22:05:26.795  4906  5037 D GStreamer+basetransform: 0:00:30.626059102 0xe900d030 gstbasetransform.c:707:gst_base_transform_query_caps:<glcolorbalance0:sink> our template  video/x-raw(ANY), format=(string)RGBA, width=(int)[ 1, 2147483647 ], height=(int)[ 1, 2147483647 ], framerate=(fraction)[ 0/1, 2147483647/1 ], texture-target=(string)2D; video/x-raw(memory:GLMemory), format=(string)RGBA, width=(int)[ 1, 2147483647 ], height=(int)[ 1, 2147483647 ], framerate=(fraction)[ 0/1, 2147483647/1 ], texture-target=(string)2D
06-06 22:05:26.795  4906  5037 D GStreamer+basetransform: 0:00:30.626176967 0xe900d030 gstbasetransform.c:709:gst_base_transform_query_caps:<glcolorbalance0:sink> intersected video/x-raw(memory:GLMemory), format=(string)RGBA, width=(int)1280, height=(int)1440, interlace-mode=(string)progressive, pixel-aspect-ratio=(fraction)1/1, framerate=(fraction)151/3, texture-target=(string)2D
06-06 22:05:26.795  4906  5037 D GStreamer+basetransform: 0:00:30.626235040 0xe900d030 gstbasetransform.c:533:gst_base_transform_transform_caps:<glcolorbalance0> transform caps (direction = 2)
06-06 22:05:26.795  4906  5037 D GStreamer+glfilter: 0:00:30.626259259 0xe900d030 gstglfilter.c:662:gst_gl_filter_transform_caps:<glcolorbalance0> returning caps: video/x-raw(memory:GLMemory), format=(string)RGBA, width=(int)1280, height=(int)1440, interlace-mode=(string)progressive, pixel-aspect-ratio=(fraction)1/1, framerate=(fraction)151/3, texture-target=(string)2D
06-06 22:05:26.795  4906  5037 D GStreamer+basetransform: 0:00:30.626297019 0xe900d030 gstbasetransform.c:560:gst_base_transform_transform_caps:<glcolorbalance0> to: video/x-raw(memory:GLMemory), format=(string)RGBA, width=(int)1280, height=(int)1440, interlace-mode=(string)progressive, pixel-aspect-ratio=(fraction)1/1, framerate=(fraction)151/3, texture-target=(string)2D
06-06 22:05:26.795  4906  5037 D GStreamer+basetransform: 0:00:30.626359415 0xe900d030 gstbasetransform.c:714:gst_base_transform_query_caps:<glcolorbalance0:sink> transformed  video/x-raw(memory:GLMemory), format=(string)RGBA, width=(int)1280, height=(int)1440, interlace-mode=(string)progressive, pixel-aspect-ratio=(fraction)1/1, framerate=(fraction)151/3, texture-target=(string)2D
06-06 22:05:26.795  4906  5037 D GStreamer+basetransform: 0:00:30.626398269 0xe900d030 gstbasetransform.c:719:gst_base_transform_query_caps:<glcolorbalance0:sink> our template  video/x-raw(memory:GLMemory), format=(string)RGBA, width=(int)[ 1, 2147483647 ], height=(int)[ 1, 2147483647 ], framerate=(fraction)[ 0/1, 2147483647/1 ], texture-target=(string)2D; video/x-raw(ANY), format=(string)RGBA, width=(int)[ 1, 2147483647 ], height=(int)[ 1, 2147483647 ], framerate=(fraction)[ 0/1, 2147483647/1 ], texture-target=(string)2D
06-06 22:05:26.796  4906  5037 D GStreamer+basetransform: 0:00:30.626566602 0xe900d030 gstbasetransform.c:724:gst_base_transform_query_caps:<glcolorbalance0:sink> intersected video/x-raw(memory:GLMemory), format=(string)RGBA, width=(int)1280, height=(int)1440, interlace-mode=(string)progressive, pixel-aspect-ratio=(fraction)1/1, framerate=(fraction)151/3, texture-target=(string)2D
06-06 22:05:26.796  4906  5037 D GStreamer+basetransform: 0:00:30.626613009 0xe900d030 gstbasetransform.c:730:gst_base_transform_query_caps:<glcolorbalance0:sink> peer filter caps video/x-raw(memory:GLMemory), format=(string)RGBA, width=(int)1280, height=(int)1440, interlace-mode=(string)progressive, pixel-aspect-ratio=(fraction)1/1, framerate=(fraction)151/3, texture-target=(string)2D
06-06 22:05:26.796  4906  5037 D GStreamer+GST_CAPS: 0:00:30.626673373 0xe900d030 gstutils.c:2918:gst_pad_peer_query_caps:<glcolorbalance0:src> get pad peer caps with filter video/x-raw(memory:GLMemory), format=(string)RGBA, width=(int)1280, height=(int)1440, interlace-mode=(string)progressive, pixel-aspect-ratio=(fraction)1/1, framerate=(fraction)151/3, texture-target=(string)2D
06-06 22:05:26.796  4906  5037 D GStreamer+query: 0:00:30.626718373 0xe900d030 gstquery.c:674:gst_query_new_custom creating new query 0xe95788f0 caps
06-06 22:05:26.796  4906  5037 D GStreamer+GST_PADS: 0:00:30.626738842 0xe900d030 gstpad.c:4049:gst_pad_peer_query:<glcolorbalance0:src> peer query 0xe95788f0 (caps)
06-06 22:05:26.796  4906  5037 D GStreamer+GST_PADS: 0:00:30.626761863 0xe900d030 gstpad.c:3922:gst_pad_query:<sink:sink> doing query 0xe95788f0 (caps)
06-06 22:05:26.796  4906  5037 D GStreamer+glimagesink: 0:00:30.626819050 0xe900d030 gstglimagesink.c:1329:gst_glimage_sink_get_caps:<sink> intersecting with filter caps video/x-raw(memory:GLMemory), format=(string)RGBA, width=(int)1280, height=(int)1440, interlace-mode=(string)progressive, pixel-aspect-ratio=(fraction)1/1, framerate=(fraction)151/3, texture-target=(string)2D
06-06 22:05:26.796  4906  5037 D GStreamer+GST_PERFORMANCE: 0:00:30.626875977 0xe900d030 gstcaps.c:178:_gst_caps_copy:<0xe956f600> doing copy 0xe956f600 -> 0xe956f628
06-06 22:05:26.796  4906  5037 D GStreamer+glimagesink: 0:00:30.626939363 0xe900d030 gstglimagesink.c:1339:gst_glimage_sink_get_caps:<sink> returning caps: video/x-raw(memory:GLMemory, meta:GstVideoOverlayComposition), format=(string)RGBA, width=(int)1280, height=(int)1440, interlace-mode=(string)progressive, pixel-aspect-ratio=(fraction)1/1, framerate=(fraction)151/3, texture-target=(string)2D; video/x-raw(memory:GLMemory), format=(string)RGBA, width=(int)1280, height=(int)1440, interlace-mode=(string)progressive, pixel-aspect-ratio=(fraction)1/1, framerate=(fraction)151/3, texture-target=(string)2D
06-06 22:05:26.796  4906  5037 D GStreamer+GST_PADS: 0:00:30.627019207 0xe900d030 gstpad.c:3945:gst_pad_query:<sink:sink> sent query 0xe95788f0 (caps), result 1
06-06 22:05:26.796  4906  5037 D GStreamer+GST_CAPS: 0:00:30.627046863 0xe900d030 gstutils.c:2925:gst_pad_peer_query_caps:<glcolorbalance0:src> peer query returned video/x-raw(memory:GLMemory, meta:GstVideoOverlayComposition), format=(string)RGBA, width=(int)1280, height=(int)1440, interlace-mode=(string)progressive, pixel-aspect-ratio=(fraction)1/1, framerate=(fraction)151/3, texture-target=(string)2D; video/x-raw(memory:GLMemory), format=(string)RGBA, width=(int)1280, height=(int)1440, interlace-mode=(string)progressive, pixel-aspect-ratio=(fraction)1/1, framerate=(fraction)151/3, texture-target=(string)2D
06-06 22:05:26.796  4906  5037 D GStreamer+basetransform: 0:00:30.627132800 0xe900d030 gstbasetransform.c:746:gst_base_transform_query_caps:<glcolorbalance0:sink> peer caps  video/x-raw(memory:GLMemory, meta:GstVideoOverlayComposition), format=(string)RGBA, width=(int)1280, height=(int)1440, interlace-mode=(string)progressive, pixel-aspect-ratio=(fraction)1/1, framerate=(fraction)151/3, texture-target=(string)2D; video/x-raw(memory:GLMemory), format=(string)RGBA, width=(int)1280, height=(int)1440, interlace-mode=(string)progressive, pixel-aspect-ratio=(fraction)1/1, framerate=(fraction)151/3, texture-target=(string)2D
06-06 22:05:26.796   995  5045 D NvOsDebugPrintf: TVMR: cctx->bAbortInputBuffer = 0, cctx->bEOSAbortOutputBuffer = 0 
06-06 22:05:26.796  4906  5037 D GStreamer+basetransform: 0:00:30.627215405 0xe900d030 gstbasetransform.c:749:gst_base_transform_query_caps:<glcolorbalance0:sink> our template  video/x-raw(memory:GLMemory), format=(string)RGBA, width=(int)[ 1, 2147483647 ], height=(int)[ 1, 2147483647 ], framerate=(fraction)[ 0/1, 2147483647/1 ], texture-target=(string)2D; video/x-raw(ANY), format=(string)RGBA, width=(int)[ 1, 2147483647 ], height=(int)[ 1, 2147483647 ], framerate=(fraction)[ 0/1, 2147483647/1 ], texture-target=(string)2D
06-06 22:05:26.796  4906  5037 D GStreamer+basetransform: 0:00:30.627374415 0xe900d030 gstbasetransform.c:751:gst_base_transform_query_caps:<glcolorbalance0:sink> intersected video/x-raw(memory:GLMemory, meta:GstVideoOverlayComposition), format=(string)RGBA, width=(int)1280, height=(int)1440, interlace-mode=(string)progressive, pixel-aspect-ratio=(fraction)1/1, framerate=(fraction)151/3, texture-target=(string)2D; video/x-raw(memory:GLMemory), format=(string)RGBA, width=(int)1280, height=(int)1440, interlace-mode=(string)progressive, pixel-aspect-ratio=(fraction)1/1, framerate=(fraction)151/3, texture-target=(string)2D
06-06 22:05:26.796  4906  5037 D GStreamer+basetransform: 0:00:30.627477540 0xe900d030 gstbasetransform.c:533:gst_base_transform_transform_caps:<glcolorbalance0> transform caps (direction = 1)
06-06 22:05:26.796  4906  5037 D GStreamer+glfilter: 0:00:30.627523009 0xe900d030 gstglfilter.c:662:gst_gl_filter_transform_caps:<glcolorbalance0> returning caps: video/x-raw(memory:GLMemory), format=(string)RGBA, width=(int)1280, height=(int)1440, interlace-mode=(string)progressive, pixel-aspect-ratio=(fraction)1/1, framerate=(fraction)151/3, texture-target=(string)2D
06-06 22:05:26.797  4906  5037 D GStreamer+basetransform: 0:00:30.627596655 0xe900d030 gstbasetransform.c:560:gst_base_transform_transform_caps:<glcolorbalance0> to: video/x-raw(memory:GLMemory), format=(string)RGBA, width=(int)1280, height=(int)1440, interlace-mode=(string)progressive, pixel-aspect-ratio=(fraction)1/1, framerate=(fraction)151/3, texture-target=(string)2D
06-06 22:05:26.797  4906  5037 D GStreamer+basetransform: 0:00:30.627634311 0xe900d030 gstbasetransform.c:759:gst_base_transform_query_caps:<glcolorbalance0:sink> transformed  video/x-raw(memory:GLMemory), format=(string)RGBA, width=(int)1280, height=(int)1440, interlace-mode=(string)progressive, pixel-aspect-ratio=(fraction)1/1, framerate=(fraction)151/3, texture-target=(string)2D
06-06 22:05:26.797  4906  5037 D GStreamer+basetransform: 0:00:30.627699727 0xe900d030 gstbasetransform.c:766:gst_base_transform_query_caps:<glcolorbalance0:sink> our template  video/x-raw(ANY), format=(string)RGBA, width=(int)[ 1, 2147483647 ], height=(int)[ 1, 2147483647 ], framerate=(fraction)[ 0/1, 2147483647/1 ], texture-target=(string)2D; video/x-raw(memory:GLMemory), format=(string)RGBA, width=(int)[ 1, 2147483647 ], height=(int)[ 1, 2147483647 ], framerate=(fraction)[ 0/1, 2147483647/1 ], texture-target=(string)2D
06-06 22:05:26.797  4906  5037 D GStreamer+basetransform: 0:00:30.627809571 0xe900d030 gstbasetransform.c:769:gst_base_transform_query_caps:<glcolorbalance0:sink> intersected video/x-raw(memory:GLMemory), format=(string)RGBA, width=(int)1280, height=(int)1440, interlace-mode=(string)progressive, pixel-aspect-ratio=(fraction)1/1, framerate=(fraction)151/3, texture-target=(string)2D
06-06 22:05:26.797  4906  5037 D GStreamer+basetransform: 0:00:30.627864155 0xe900d030 gstbasetransform.c:793:gst_base_transform_query_caps:<glcolorbalance0> returning  video/x-raw(memory:GLMemory), format=(string)RGBA, width=(int)1280, height=(int)1440, interlace-mode=(string)progressive, pixel-aspect-ratio=(fraction)1/1, framerate=(fraction)151/3, texture-target=(string)2D
06-06 22:05:26.797  4906  5037 D GStreamer+GST_PADS: 0:00:30.627934727 0xe900d030 gstpad.c:3945:gst_pad_query:<glcolorbalance0:sink> sent query 0xe95788c0 (caps), result 1
06-06 22:05:26.797  4906  5037 D GStreamer+GST_CAPS: 0:00:30.627959884 0xe900d030 gstutils.c:2925:gst_pad_peer_query_caps:<glcolorconvertelement0:src> peer query returned video/x-raw(memory:GLMemory), format=(string)RGBA, width=(int)1280, height=(int)1440, interlace-mode=(string)progressive, pixel-aspect-ratio=(fraction)1/1, framerate=(fraction)151/3, texture-target=(string)2D
06-06 22:05:26.797  4906  5037 D GStreamer+basetransform: 0:00:30.628028894 0xe900d030 gstbasetransform.c:746:gst_base_transform_query_caps:<glcolorconvertelement0:sink> peer caps  video/x-raw(memory:GLMemory), format=(string)RGBA, width=(int)1280, height=(int)1440, interlace-mode=(string)progressive, pixel-aspect-ratio=(fraction)1/1, framerate=(fraction)151/3, texture-target=(string)2D
06-06 22:05:26.797  4906  5037 D GStreamer+basetransform: 0:00:30.628084780 0xe900d030 gstbasetransform.c:749:gst_base_transform_query_caps:<glcolorconvertelement0:sink> our template  video/x-raw(memory:GLMemory), format=(string){ RGBA, RGB, RGBx, BGR, BGRx, BGRA, xRGB, xBGR, ARGB, ABGR, Y444, I420, YV12, Y42B, Y41B, NV12, NV21, YUY2, UYVY, AYUV, GRAY8, GRAY16_LE, GRAY16_BE, RGB16, BGR16 }, width=(int)[ 1, 2147483647 ], height=(int)[ 1, 2147483647 ], framerate=(fraction)[ 0/1, 2147483647/1 ], texture-target=(string){ 2D, rectangle, external-oes }; video/x-raw(memory:GLMemory, meta:GstVideoOverlayComposition), format=(string){ RGBA, RGB, RGBx, BGR, BGRx, BGRA, xRGB, xBGR, ARGB, ABGR, Y444, I420, YV12, Y42B, Y41B, NV12, NV21, YUY2, UYVY, AYUV, GRAY8, GRAY16_LE, GRAY16_BE, RGB16, BGR16 }, width=(int)[ 1, 2147483647 ], height=(int)[ 1, 2147483647 ], framerate=(fraction)[ 0/1, 2147483647/1 ], texture-target=(string){ 2D, rectangle, external-oes }
06-06 22:05:26.797  4906  5037 D GStreamer+basetransform: 0:00:30.628249623 0xe900d030 gstbasetransform.c:751:gst_base_transform_query_caps:<glcolorconvertelement0:sink> intersected video/x-raw(memory:GLMemory), format=(string)RGBA, width=(int)1280, height=(int)1440, interlace-mode=(string)progressive, pixel-aspect-ratio=(fraction)1/1, framerate=(fraction)151/3, texture-target=(string)2D
06-06 22:05:26.797  4906  5037 D GStreamer+basetransform: 0:00:30.628293165 0xe900d030 gstbasetransform.c:533:gst_base_transform_transform_caps:<glcolorconvertelement0> transform caps (direction = 1)
06-06 22:05:26.797  4906  5037 D GStreamer+basetransform: 0:00:30.628384363 0xe900d030 gstbasetransform.c:560:gst_base_transform_transform_caps:<glcolorconvertelement0> to: video/x-raw(memory:GLMemory), format=(string)NV12, width=(int)1280, height=(int)1440, interlace-mode=(string)progressive, pixel-aspect-ratio=(fraction)1/1, chroma-site=(string)mpeg2, colorimetry=(string)bt709, framerate=(fraction)151/3, texture-target=(string){ 2D, rectangle, external-oes }
06-06 22:05:26.797  4906  5037 D GStreamer+basetransform: 0:00:30.628461186 0xe900d030 gstbasetransform.c:759:gst_base_transform_query_caps:<glcolorconvertelement0:sink> transformed  video/x-raw(memory:GLMemory), format=(string)NV12, width=(int)1280, height=(int)1440, interlace-mode=(string)progressive, pixel-aspect-ratio=(fraction)1/1, chroma-site=(string)mpeg2, colorimetry=(string)bt709, framerate=(fraction)151/3, texture-target=(string){ 2D, rectangle, external-oes }
06-06 22:05:26.798  4906  5037 D GStreamer+basetransform: 0:00:30.628508009 0xe900d030 gstbasetransform.c:766:gst_base_transform_query_caps:<glcolorconvertelement0:sink> our template  video/x-raw(memory:GLMemory), format=(string){ RGBA, RGB, RGBx, BGR, BGRx, BGRA, xRGB, xBGR, ARGB, ABGR, Y444, I420, YV12, Y42B, Y41B, NV12, NV21, YUY2, UYVY, AYUV, GRAY8, GRAY16_LE, GRAY16_BE, RGB16, BGR16 }, width=(int)[ 1, 2147483647 ], height=(int)[ 1, 2147483647 ], framerate=(fraction)[ 0/1, 2147483647/1 ], texture-target=(string){ 2D, rectangle, external-oes }; video/x-raw(memory:GLMemory, meta:GstVideoOverlayComposition), format=(string){ RGBA, RGB, RGBx, BGR, BGRx, BGRA, xRGB, xBGR, ARGB, ABGR, Y444, I420, YV12, Y42B, Y41B, NV12, NV21, YUY2, UYVY, AYUV, GRAY8, GRAY16_LE, GRAY16_BE, RGB16, BGR16 }, width=(int)[ 1, 2147483647 ], height=(int)[ 1, 2147483647 ], framerate=(fraction)[ 0/1, 2147483647/1 ], texture-target=(string){ 2D, rectangle, external-oes }
06-06 22:05:26.798  4906  5037 D GStreamer+basetransform: 0:00:30.628675717 0xe900d030 gstbasetransform.c:769:gst_base_transform_query_caps:<glcolorconvertelement0:sink> intersected video/x-raw(memory:GLMemory), format=(string)NV12, width=(int)1280, height=(int)1440, interlace-mode=(string)progressive, pixel-aspect-ratio=(fraction)1/1, chroma-site=(string)mpeg2, colorimetry=(string)bt709, framerate=(fraction)151/3, texture-target=(string){ 2D, rectangle, external-oes }
06-06 22:05:26.798  4906  5037 D GStreamer+basetransform: 0:00:30.628731290 0xe900d030 gstbasetransform.c:793:gst_base_transform_query_caps:<glcolorconvertelement0> returning  video/x-raw(memory:GLMemory), format=(string)NV12, width=(int)1280, height=(int)1440, interlace-mode=(string)progressive, pixel-aspect-ratio=(fraction)1/1, chroma-site=(string)mpeg2, colorimetry=(string)bt709, framerate=(fraction)151/3, texture-target=(string){ 2D, rectangle, external-oes }
06-06 22:05:26.798  4906  5037 D GStreamer+GST_PADS: 0:00:30.628806550 0xe900d030 gstpad.c:3945:gst_pad_query:<glcolorconvertelement0:sink> sent query 0xe9578890 (caps), result 1
06-06 22:05:26.798  4906  5037 D GStreamer+GST_CAPS: 0:00:30.628831759 0xe900d030 gstutils.c:2879:gst_pad_query_caps:<glcolorconvertelement0:sink> query returned video/x-raw(memory:GLMemory), format=(string)NV12, width=(int)1280, height=(int)1440, interlace-mode=(string)progressive, pixel-aspect-ratio=(fraction)1/1, chroma-site=(string)mpeg2, colorimetry=(string)bt709, framerate=(fraction)151/3, texture-target=(string){ 2D, rectangle, external-oes }
06-06 22:05:26.798  4906  5037 D GStreamer+basetransform: 0:00:30.628900092 0xe900d030 gstbasetransform.c:1174:gst_base_transform_find_transform:<gluploadelement0> Resulted in video/x-raw(memory:GLMemory), format=(string)NV12, width=(int)1280, height=(int)1440, interlace-mode=(string)progressive, pixel-aspect-ratio=(fraction)1/1, chroma-site=(string)mpeg2, colorimetry=(string)bt709, framerate=(fraction)151/3, texture-target=(string){ 2D, rectangle, external-oes }
06-06 22:05:26.798  4906  5037 D GStreamer+basetransform: 0:00:30.628946863 0xe900d030 gstbasetransform.c:1179:gst_base_transform_find_transform:<gluploadelement0> Intersecting with template caps video/x-raw(ANY)
06-06 22:05:26.798  4906  5037 D GStreamer+basetransform: 0:00:30.628981238 0xe900d030 gstbasetransform.c:1185:gst_base_transform_find_transform:<gluploadelement0> Intersection: video/x-raw(memory:GLMemory), format=(string)NV12, width=(int)1280, height=(int)1440, interlace-mode=(string)progressive, pixel-aspect-ratio=(fraction)1/1, chroma-site=(string)mpeg2, colorimetry=(string)bt709, framerate=(fraction)151/3, texture-target=(string){ 2D, rectangle, external-oes }
06-06 22:05:26.798  4906  5037 D GStreamer+basetransform: 0:00:30.629049832 0xe900d030 gstbasetransform.c:1191:gst_base_transform_find_transform:<gluploadelement0> Intersecting with transformed caps video/x-raw(memory:GLMemory), format=(string)NV12, width=(int)1280, height=(int)1440, interlace-mode=(string)progressive, pixel-aspect-ratio=(fraction)1/1, chroma-site=(string)mpeg2, colorimetry=(string)bt709, framerate=(fraction)151/3, texture-target=(string){ 2D, rectangle, external-oes }
06-06 22:05:26.798  4906  5037 D GStreamer+basetransform: 0:00:30.629131134 0xe900d030 gstbasetransform.c:1196:gst_base_transform_find_transform:<gluploadelement0> Intersection: video/x-raw(memory:GLMemory), format=(string)NV12, width=(int)1280, height=(int)1440, interlace-mode=(string)progressive, pixel-aspect-ratio=(fraction)1/1, chroma-site=(string)mpeg2, colorimetry=(string)bt709, framerate=(fraction)151/3, texture-target=(string){ 2D, rectangle, external-oes }
06-06 22:05:26.798  4906  5037 D GStreamer+basetransform: 0:00:30.629185196 0xe900d030 gstbasetransform.c:1217:gst_base_transform_find_transform have non-fixed caps video/x-raw(memory:GLMemory), format=(string)NV12, width=(int)1280, height=(int)1440, interlace-mode=(string)progressive, pixel-aspect-ratio=(fraction)1/1, chroma-site=(string)mpeg2, colorimetry=(string)bt709, framerate=(fraction)151/3, texture-target=(string){ 2D, rectangle, external-oes }
06-06 22:05:26.798  4906  5037 D GStreamer+basetransform: 0:00:30.629254936 0xe900d030 gstbasetransform.c:1224:gst_base_transform_find_transform:<gluploadelement0> calling fixate_caps for video/x-raw(memory:GLMemory), format=(string)NV12, width=(int)1280, height=(int)1440, interlace-mode=(string)progressive, pixel-aspect-ratio=(fraction)1/1, chroma-site=(string)mpeg2, colorimetry=(string)bt709, framerate=(fraction)151/3, texture-target=(string){ 2D, rectangle, external-oes } using caps video/x-raw, format=(string)NV12, width=(int)1280, height=(int)1440, interlace-mode=(string)progressive, pixel-aspect-ratio=(fraction)1/1, chroma-site=(string)mpeg2, colorimetry=(string)bt709, framerate=(fraction)151/3 on pad gluploadelement0:src
06-06 22:05:26.798  4906  5037 D GStreamer+basetransform: 0:00:30.629344311 0xe900d030 gstbasetransform.c:1091:gst_base_transform_default_fixate_caps:<gluploadelement0> fixated to video/x-raw(memory:GLMemory), format=(string)NV12, width=(int)1280, height=(int)1440, interlace-mode=(string)progressive, pixel-aspect-ratio=(fraction)1/1, chroma-site=(string)mpeg2, colorimetry=(string)bt709, framerate=(fraction)151/3, texture-target=(string)2D
06-06 22:05:26.798  4906  5037 D GStreamer+basetransform: 0:00:30.629387696 0xe900d030 gstbasetransform.c:1230:gst_base_transform_find_transform:<gluploadelement0> after fixating video/x-raw(memory:GLMemory), format=(string)NV12, width=(int)1280, height=(int)1440, interlace-mode=(string)progressive, pixel-aspect-ratio=(fraction)1/1, chroma-site=(string)mpeg2, colorimetry=(string)bt709, framerate=(fraction)151/3, texture-target=(string)2D
06-06 22:05:26.798  4906  5037 D GStreamer+GST_CAPS: 0:00:30.629464780 0xe900d030 gstutils.c:2955:gst_pad_query_accept_caps:<glcolorconvertelement0:sink> accept caps of video/x-raw(memory:GLMemory), format=(string)NV12, width=(int)1280, height=(int)1440, interlace-mode=(string)progressive, pixel-aspect-ratio=(fraction)1/1, chroma-site=(string)mpeg2, colorimetry=(string)bt709, framerate=(fraction)151/3, texture-target=(string)2D
06-06 22:05:26.798  4906  5037 D GStreamer+query: 0:00:30.629518113 0xe900d030 gstquery.c:674:gst_query_new_custom creating new query 0xe9578920 accept-caps
06-06 22:05:26.798  4906  5037 D GStreamer+GST_PADS: 0:00:30.629565248 0xe900d030 gstpad.c:3922:gst_pad_query:<glcolorconvertelement0:sink> doing query 0xe9578920 (accept-caps)
06-06 22:05:26.799  4906  5037 D GStreamer+basetransform: 0:00:30.629607957 0xe900d030 gstbasetransform.c:1301:gst_base_transform_acceptcaps_default:<glcolorconvertelement0> accept caps video/x-raw(memory:GLMemory), format=(string)NV12, width=(int)1280, height=(int)1440, interlace-mode=(string)progressive, pixel-aspect-ratio=(fraction)1/1, chroma-site=(string)mpeg2, colorimetry=(string)bt709, framerate=(fraction)151/3, texture-target=(string)2D
06-06 22:05:26.799   995  5045 D NvOsDebugPrintf: TVMR: cctx->bAbortInputBuffer = 0, cctx->bEOSAbortOutputBuffer = 0 
06-06 22:05:26.799  4906  5037 D GStreamer+basetransform: 0:00:30.629760248 0xe900d030 gstbasetransform.c:1308:gst_base_transform_acceptcaps_default:<glcolorconvertelement0> intersect with pad template: video/x-raw(memory:GLMemory), format=(string){ RGBA, RGB, RGBx, BGR, BGRx, BGRA, xRGB, xBGR, ARGB, ABGR, Y444, I420, YV12, Y42B, Y41B, NV12, NV21, YUY2, UYVY, AYUV, GRAY8, GRAY16_LE, GRAY16_BE, RGB16, BGR16 }, width=(int)[ 1, 2147483647 ], height=(int)[ 1, 2147483647 ], framerate=(fraction)[ 0/1, 2147483647/1 ], texture-target=(string){ 2D, rectangle, external-oes }; video/x-raw(memory:GLMemory, meta:GstVideoOverlayComposition), format=(string){ RGBA, RGB, RGBx, BGR, BGRx, BGRA, xRGB, xBGR, ARGB, ABGR, Y444, I420, YV12, Y42B, Y41B, NV12, NV21, YUY2, UYVY, AYUV, GRAY8, GRAY16_LE, GRAY16_BE, RGB16, BGR16 }, width=(int)[ 1, 2147483647 ], height=(int)[ 1, 2147483647 ], framerate=(fraction)[ 0/1, 2147483647/1 ], texture-target=(string){ 2D, rectangle, external-oes }
06-06 22:05:26.799  4906  5037 D GStreamer+basetransform: 0:00:30.629925821 0xe900d030 gstbasetransform.c:1313:gst_base_transform_acceptcaps_default:<glcolorconvertelement0> trying to transform with filter: video/x-raw(memory:GLMemory), format=(string){ RGBA, RGB, RGBx, BGR, BGRx, BGRA, xRGB, xBGR, ARGB, ABGR, Y444, I420, YV12, Y42B, Y41B, NV12, NV21, YUY2, UYVY, AYUV, GRAY8, GRAY16_LE, GRAY16_BE, RGB16, BGR16 }, width=(int)[ 1, 2147483647 ], height=(int)[ 1, 2147483647 ], framerate=(fraction)[ 0/1, 2147483647/1 ], texture-target=(string){ 2D, rectangle, external-oes }; video/x-raw(memory:GLMemory, meta:GstVideoOverlayComposition), format=(string){ RGBA, RGB, RGBx, BGR, BGRx, BGRA, xRGB, xBGR, ARGB, ABGR, Y444, I420, YV12, Y42B, Y41B, NV12, NV21, YUY2, UYVY, AYUV, GRAY8, GRAY16_LE, GRAY16_BE, RGB16, BGR16 }, width=(int)[ 1, 2147483647 ], height=(int)[ 1, 2147483647 ], framerate=(fraction)[ 0/1, 2147483647/1 ], texture-target=(string){ 2D, rectangle, external-oes } (the other pad template)
06-06 22:05:26.799  4906  5037 D GStreamer+basetransform: 0:00:30.630062852 0xe900d030 gstbasetransform.c:533:gst_base_transform_transform_caps:<glcolorconvertelement0> transform caps (direction = 2)
