06-06 22:05:26.710  4906  5038 D GStreamer+GST_CAPS: 0:00:30.540849623 0xe900d090 gstpad.c:2644:gst_pad_has_current_caps:<h264parse0:src> check current pad caps video/x-h264, stream-format=(string)byte-stream, alignment=(string)au, level=(string)4, profile=(string)baseline, width=(int)1280, height=(int)1440, framerate=(fraction)151/3, pixel-aspect-ratio=(fraction)1/1, parsed=(boolean)true
06-06 22:05:26.710  4906  5038 D GStreamer+h264parse: 0:00:30.540893894 0xe900d090 gsth264parse.c:182:gst_h264_parse_reset_frame:<h264parse0> reset frame
06-06 22:05:26.710  4906  5038 D GStreamer+GST_SCHEDULING: 0:00:30.540917175 0xe900d090 gstpad.c:4193:gst_pad_chain_data_unchecked:<capsfilter0:sink> calling chainfunction &gst_base_transform_chain with buffer buffer: 0xe92fa5c8, pts 0:00:00.139000000, dts 0:00:00.139000000, dur 0:00:00.019867549, size 42510, offset 296560, offset_end none, flags 0x400
06-06 22:05:26.710  4906  5038 D GStreamer+basetransform: 0:00:30.540970717 0xe900d090 gstbasetransform.c:2033:default_submit_input_buffer:<capsfilter0> handling buffer 0xe92fa5c8 of size 42510, PTS 0:00:00.139000000 and offset 296560
06-06 22:05:26.710  4906  5038 D GStreamer+basetransform: 0:00:30.541002696 0xe900d090 gstbasetransform.c:2150:default_generate_output:<capsfilter0> calling prepare buffer
06-06 22:05:26.710  4906  5038 D GStreamer+basetransform: 0:00:30.541022227 0xe900d090 gstbasetransform.c:2157:default_generate_output:<capsfilter0> using allocated buffer in 0xe92fa5c8, out 0xe92fa5c8
06-06 22:05:26.710  4906  5038 D GStreamer+basetransform: 0:00:30.541042696 0xe900d090 gstbasetransform.c:2174:default_generate_output:<capsfilter0> doing inplace transform
06-06 22:05:26.710  4906  5038 D GStreamer+GST_SCHEDULING: 0:00:30.541063113 0xe900d090 gstpad.c:4193:gst_pad_chain_data_unchecked:<amcvideodec-omxnvidiah264decode0:sink> calling chainfunction &gst_video_decoder_chain with buffer buffer: 0xe92fa5c8, pts 0:00:00.139000000, dts 0:00:00.139000000, dur 0:00:00.019867549, size 42510, offset 296560, offset_end none, flags 0x400
06-06 22:05:26.710  4906  5038 D GStreamer+videodecoder: 0:00:30.541117332 0xe900d090 gstvideodecoder.c:3400:gst_video_decoder_decode_frame:<amcvideodec-omxnvidiah264decode0> PTS delta 0 ms
06-06 22:05:26.710  4906  5038 D GStreamer+amcvideodec: 0:00:30.541142175 0xe900d090 gstamcvideodec.c:2125:gst_amc_video_dec_handle_frame:<amcvideodec-omxnvidiah264decode0> Handling frame
06-06 22:05:26.710  4906  5038 D GStreamer+amcvideodec: 0:00:30.541360509 0xe900d090 gstamcvideodec.c:2239:gst_amc_video_dec_handle_frame:<amcvideodec-omxnvidiah264decode0> Queueing buffer 6: size 42510 time 139000 flags 0x00000001
06-06 22:05:26.712  4906  5038 D GStreamer+GST_SCHEDULING: 0:00:30.541477748 0xe900d090 gstpad.c:4199:gst_pad_chain_data_unchecked:<amcvideodec-omxnvidiah264decode0:sink> called chainfunction &gst_video_decoder_chain with buffer 0xe92fa5c8, returned ok
06-06 22:05:26.712  4906  5038 D GStreamer+GST_SCHEDULING: 0:00:30.542993634 0xe900d090 gstpad.c:4199:gst_pad_chain_data_unchecked:<capsfilter0:sink> called chainfunction &gst_base_transform_chain with buffer 0xe92fa5c8, returned ok
06-06 22:05:26.712  4906  5038 D GStreamer+baseparse: 0:00:30.543032071 0xe900d090 gstbaseparse.c:3165:gst_base_parse_chain:<h264parse0> not enough data available (only 0 bytes)
06-06 22:05:26.712  4906  5038 D GStreamer+GST_SCHEDULING: 0:00:30.543055925 0xe900d090 gstpad.c:4199:gst_pad_chain_data_unchecked:<h264parse0:sink> called chainfunction &gst_base_parse_chain with buffer 0xe92fa0c8, returned ok
06-06 22:05:26.712  4906  5038 D GStreamer+GST_SCHEDULING: 0:00:30.543082800 0xe900d090 gstpad.c:4199:gst_pad_chain_data_unchecked:<typefind:sink> called chainfunction &gst_type_find_element_chain with buffer 0xe92fa0c8, returned ok
06-06 22:05:26.712  4906  5038 D GStreamer+GST_SCHEDULING: 0:00:30.543111186 0xe900d090 gstpad.c:4199:gst_pad_chain_data_unchecked:<forhwgl:sink> called chainfunction &gst_proxy_pad_chain_default with buffer 0xe92fa0c8, returned ok
06-06 22:05:26.712  4906  5038 D GStreamer+GST_SCHEDULING: 0:00:30.543147540 0xe900d090 gstpad.c:4193:gst_pad_chain_data_unchecked:<forhwgl:sink> calling chainfunction &gst_proxy_pad_chain_default with buffer buffer: 0xe92fa028, pts 0:00:00.159000000, dts 0:00:00.159000000, dur 0:00:00.020000000, size 49125, offset none, offset_end none, flags 0x0
06-06 22:05:26.712  4906  5039 D GStreamer+queue_dataflow: 0:00:30.543192852 0xe900d0f0 gstqueue.c:1228:gst_queue_chain_buffer_or_list:<queue0> queue is not full
06-06 22:05:26.712  4906  5038 D GStreamer+GST_SCHEDULING: 0:00:30.543207071 0xe900d090 gstpad.c:4193:gst_pad_chain_data_unchecked:<typefind:sink> calling chainfunction &gst_type_find_element_chain with buffer buffer: 0xe92fa028, pts 0:00:00.159000000, dts 0:00:00.159000000, dur 0:00:00.020000000, size 49125, offset none, offset_end none, flags 0x0
06-06 22:05:26.712  4906  5039 D GStreamer+GST_SCHEDULING: 0:00:30.543233425 0xe900d0f0 gstpad.c:4199:gst_pad_chain_data_unchecked:<queue0:sink> called chainfunction &gst_queue_chain with buffer 0xe9537e80, returned ok
06-06 22:05:26.712  4906  5039 D GStreamer+qtdemux: 0:00:30.543267852 0xe900d0f0 qtdemux.c:8014:qtdemux_parse_samples:<q> parsing up to sample 59
06-06 22:05:26.712  4906  5038 D GStreamer+GST_SCHEDULING: 0:00:30.543259467 0xe900d090 gstpad.c:4193:gst_pad_chain_data_unchecked:<h264parse0:sink> calling chainfunction &gst_base_parse_chain with buffer buffer: 0xe92fa028, pts 0:00:00.159000000, dts 0:00:00.159000000, dur 0:00:00.020000000, size 49125, offset none, offset_end none, flags 0x0
06-06 22:05:26.712  4906  5039 D GStreamer+qtdemux: 0:00:30.543303477 0xe900d0f0 qtdemux.c:8221:qtdemux_parse_samples:<q> sample 59: index 0, timestamp 0:00:01.193333333
06-06 22:05:26.712  4906  5038 D GStreamer+baseparse: 0:00:30.543316915 0xe900d090 gstbaseparse.c:2996:gst_base_parse_chain:<h264parse0> chain
06-06 22:05:26.712  4906  5039 D GStreamer+qtdemux: 0:00:30.543333634 0xe900d0f0 qtdemux.c:8276:qtdemux_parse_samples:<q> samples at 59 is keyframe
06-06 22:05:26.712  4906  5038 D GStreamer+GST_PERFORMANCE: 0:00:30.543342280 0xe900d090 gstminiobject.c:327:gst_mini_object_make_writable copy GstBuffer miniobject 0xe92fa028 -> 0xe9537ca0
06-06 22:05:26.712  4906  5038 D GStreamer+codecparsers_h264: 0:00:30.543369675 0xe900d090 gsth264parser.c:253:gst_h264_parse_nalu_header Nal type 7, ref_idc 1
06-06 22:05:26.712  4906  5039 D GStreamer+qtdemux: 0:00:30.543360873 0xe900d0f0 qtdemux.c:5512:gst_qtdemux_loop_state_movie:<q> pushing from stream 0, empty 0 offset 2495130, size 40080, dts=0:00:01.193333333, pts=0:00:01.193333333, duration 0:00:00.019666667
06-06 22:05:26.712  4906  5038 D GStreamer+h264parse: 0:00:30.543396707 0xe900d090 gsth264parse.c:979:gst_h264_parse_handle_frame_packetized:<h264parse0> AVC nal offset 14
06-06 22:05:26.712  4906  5038 D GStreamer+h264parse: 0:00:30.543431238 0xe900d090 gsth264parse.c:714:gst_h264_parse_process_nal:<h264parse0> processing nal of type 7 SPS, size 10
06-06 22:05:26.712  4906  5039 D GStreamer+basesrc: 0:00:30.543411030 0xe900d0f0 gstbasesrc.c:2354:gst_base_src_update_length:<filesrc0> reading offset 2495130, length 40080, size 16031303, segment.stop -1, maxsize 16031303
06-06 22:05:26.712  4906  5038 D GStreamer+codecparsers_h264: 0:00:30.543460769 0xe900d090 gsth264parser.c:1758:gst_h264_parse_sps parsing SPS
06-06 22:05:26.712  4906  5039 D GStreamer+basesrc: 0:00:30.543462384 0xe900d0f0 gstbasesrc.c:2455:gst_base_src_get_range:<filesrc0> calling create offset 2495130 length 40080, time 0
06-06 22:05:26.712  4906  5038 D GStreamer+codecparsers_h264: 0:00:30.543486811 0xe900d090 gsth264parser.c:1484:gst_h264_parser_parse_sps adding sequence parameter set with id: 0 to array
06-06 22:05:26.712  4906  5039 D GStreamer+GST_MEMORY: 0:00:30.543493582 0xe900d0f0 gstmemory.c:138:gst_memory_init new memory 0xe9345ee0, maxsize:40083 offset:0 size:40080
06-06 22:05:26.712  4906  5038 D GStreamer+h264parse: 0:00:30.543510144 0xe900d090 gsth264parse.c:735:gst_h264_parse_process_nal:<h264parse0> triggering src caps check
06-06 22:05:26.712  4906  5038 D GStreamer+h264parse: 0:00:30.543530040 0xe900d090 gsth264parse.c:452:gst_h264_parser_store_nal:<h264parse0> storing sps 0
06-06 22:05:26.712  4906  5039 D GStreamer+basesrc: 0:00:30.543539415 0xe900d0f0 gstbasesrc.c:2309:gst_base_src_do_sync:<filesrc0> we have no clock
06-06 22:05:26.712  4906  5038 D GStreamer+GST_MEMORY: 0:00:30.543550977 0xe900d090 gstmemory.c:138:gst_memory_init new memory 0xe924b800, maxsize:13 offset:0 size:10
06-06 22:05:26.712  4906  5039 D GStreamer+basesrc: 0:00:30.543560665 0xe900d0f0 gstbasesrc.c:2519:gst_base_src_get_range:<filesrc0> buffer ok
06-06 22:05:26.713  4906  5038 D GStreamer+GST_MEMORY: 0:00:30.543577644 0xe900d090 gstmemory.c:87:_gst_memory_free free memory 0xe924b980
06-06 22:05:26.713  4906  5038 D GStreamer+h264parse: 0:00:30.543596655 0xe900d090 gsth264parse.c:421:gst_h264_parse_wrap_nal:<h264parse0> nal length 10
06-06 22:05:26.713  4906  5039 D GStreamer+GST_SCHEDULING: 0:00:30.543584311 0xe900d0f0 gstpad.c:4193:gst_pad_chain_data_unchecked:<queue0:sink> calling chainfunction &gst_queue_chain with buffer buffer: 0xe9537f20, pts 0:00:01.193333333, dts 0:00:01.193333333, dur 0:00:00.019666667, size 40080, offset none, offset_end none, flags 0x0
06-06 22:05:26.713  4906  5038 D GStreamer+GST_MEMORY: 0:00:30.543622592 0xe900d090 gstmemory.c:138:gst_memory_init new memory 0xe9538a18, maxsize:17 offset:0 size:14
06-06 22:05:26.713  4906  5039 D GStreamer+queue_dataflow: 0:00:30.543642436 0xe900d0f0 gstqueue.c:1220:gst_queue_chain_buffer_or_list:<queue0> queue is full, waiting for free space
06-06 22:05:26.713  4906  5038 D GStreamer+codecparsers_h264: 0:00:30.543648217 0xe900d090 gsth264parser.c:253:gst_h264_parse_nalu_header Nal type 8, ref_idc 1
06-06 22:05:26.713  4906  5038 D GStreamer+h264parse: 0:00:30.543668061 0xe900d090 gsth264parse.c:979:gst_h264_parse_handle_frame_packetized:<h264parse0> AVC nal offset 23
06-06 22:05:26.713  4906  5038 D GStreamer+h264parse: 0:00:30.543686811 0xe900d090 gsth264parse.c:714:gst_h264_parse_process_nal:<h264parse0> processing nal of type 8 PPS, size 5
06-06 22:05:26.713  4906  5038 D GStreamer+codecparsers_h264: 0:00:30.543709050 0xe900d090 gsth264parser.c:1894:gst_h264_parse_pps parsing PPS
06-06 22:05:26.713  4906  5038 D GStreamer+codecparsers_h264: 0:00:30.543726602 0xe900d090 gsth264parser.c:2027:gst_h264_parser_parse_pps adding picture parameter set with id: 0 to array
06-06 22:05:26.713  4906  5038 D GStreamer+h264parse: 0:00:30.543745561 0xe900d090 gsth264parse.c:456:gst_h264_parser_store_nal:<h264parse0> storing pps 0
06-06 22:05:26.713  4906  5038 D GStreamer+GST_MEMORY: 0:00:30.543765405 0xe900d090 gstmemory.c:138:gst_memory_init new memory 0xe92f7960, maxsize:8 offset:0 size:5
06-06 22:05:26.713  4906  5038 D GStreamer+GST_MEMORY: 0:00:30.543787800 0xe900d090 gstmemory.c:87:_gst_memory_free free memory 0xe92f7908
06-06 22:05:26.713  4906  5038 D GStreamer+h264parse: 0:00:30.543806342 0xe900d090 gsth264parse.c:421:gst_h264_parse_wrap_nal:<h264parse0> nal length 5
06-06 22:05:26.713  4906  5038 D GStreamer+GST_MEMORY: 0:00:30.543825717 0xe900d090 gstmemory.c:138:gst_memory_init new memory 0xe924b980, maxsize:12 offset:0 size:9
06-06 22:05:26.713  4906  5038 D GStreamer+codecparsers_h264: 0:00:30.543849519 0xe900d090 gsth264parser.c:253:gst_h264_parse_nalu_header Nal type 5, ref_idc 1
06-06 22:05:26.713  4906  5038 D GStreamer+h264parse: 0:00:30.543868477 0xe900d090 gsth264parse.c:979:gst_h264_parse_handle_frame_packetized:<h264parse0> AVC nal offset 49125
06-06 22:05:26.713  4906  5038 D GStreamer+h264parse: 0:00:30.543887592 0xe900d090 gsth264parse.c:714:gst_h264_parse_process_nal:<h264parse0> processing nal of type 5 Slice IDR, size 49098
06-06 22:05:26.713  4906  5038 D GStreamer+h264parse: 0:00:30.543911863 0xe900d090 gsth264parse.c:820:gst_h264_parse_process_nal:<h264parse0> first_mb_in_slice = 0
06-06 22:05:26.713  4906  5038 D GStreamer+h264parse: 0:00:30.543930717 0xe900d090 gsth264parse.c:823:gst_h264_parse_process_nal:<h264parse0> frame start: 1
06-06 22:05:26.713  4906  5038 D GStreamer+codecparsers_h264: 0:00:30.543950300 0xe900d090 gsth264parser.c:2089:gst_h264_parser_parse_slice_hdr parsing "Slice header", slice type 7
06-06 22:05:26.713  4906  5038 D GStreamer+codecparsers_h264: 0:00:30.543970561 0xe900d090 gsth264parser.c:711:gst_h264_slice_parse_dec_ref_pic_marking parsing "Decoded reference picture marking"
06-06 22:05:26.713  4906  5038 D GStreamer+h264parse: 0:00:30.543988686 0xe900d090 gsth264parse.c:833:gst_h264_parse_process_nal:<h264parse0> parse result 0, first MB: 0, slice type: 7
06-06 22:05:26.713  4906  5038 D GStreamer+h264parse: 0:00:30.544010352 0xe900d090 gsth264parse.c:856:gst_h264_parse_process_nal:<h264parse0> marking IDR in frame at offset 23
06-06 22:05:26.713  4906  5038 D GStreamer+h264parse: 0:00:30.544029363 0xe900d090 gsth264parse.c:421:gst_h264_parse_wrap_nal:<h264parse0> nal length 49098
06-06 22:05:26.713  4906  5038 D GStreamer+GST_MEMORY: 0:00:30.544049467 0xe900d090 gstmemory.c:138:gst_memory_init new memory 0xe935ab48, maxsize:49105 offset:0 size:49102
06-06 22:05:26.713  4906  5038 D GStreamer+codecparsers_h264: 0:00:30.544089102 0xe900d090 gsth264parser.c:1407:gst_h264_parser_identify_nalu_avc Can't parse, buffer has too small size 49125, offset 49125
06-06 22:05:26.713  4906  5038 D GStreamer+GST_CAPS: 0:00:30.544115769 0xe900d090 gstpad.c:2644:gst_pad_has_current_caps:<h264parse0:src> check current pad caps video/x-h264, stream-format=(string)byte-stream, alignment=(string)au, level=(string)4, profile=(string)baseline, width=(int)1280, height=(int)1440, framerate=(fraction)151/3, pixel-aspect-ratio=(fraction)1/1, parsed=(boolean)true
06-06 22:05:26.713  4906  5038 D GStreamer+GST_CAPS: 0:00:30.544168946 0xe900d090 gstpad.c:2672:gst_pad_get_current_caps:<h264parse0:sink> get current pad caps video/x-h264, stream-format=(string)avc, alignment=(string)au, level=(string)4, profile=(string)baseline, codec_data=(buffer)01428028ffe1000a27428028e54028016b2001000528de01ae20, width=(int)1280, height=(int)1440, framerate=(fraction)151/3, pixel-aspect-ratio=(fraction)1/1
06-06 22:05:26.713  4906  5038 D GStreamer+h264parse: 0:00:30.544227175 0xe900d090 gsth264parse.c:1692:gst_h264_parse_update_src_caps:<h264parse0> sps: 0xcca87008
06-06 22:05:26.713  4906  5038 D GStreamer+GST_PERFORMANCE: 0:00:30.544249102 0xe900d090 gstcaps.c:178:_gst_caps_copy:<0xe9194340> doing copy 0xe9194340 -> 0xe952e878
06-06 22:05:26.713  4906  5038 I GStreamer+baseparse: 0:00:30.544291863 0xe900d090 gstbaseparse.c:3964:gst_base_parse_set_latency:<h264parse0> min/max latency 0:00:00.019867549, 0:00:00.019867549
06-06 22:05:26.713  4906  5038 D GStreamer+GST_CAPS: 0:00:30.544335040 0xe900d090 gstpad.c:2672:gst_pad_get_current_caps:<h264parse0:src> get current pad caps video/x-h264, stream-format=(string)byte-stream, alignment=(string)au, level=(string)4, profile=(string)baseline, width=(int)1280, height=(int)1440, framerate=(fraction)151/3, pixel-aspect-ratio=(fraction)1/1, parsed=(boolean)true
06-06 22:05:26.713  4906  5038 D GStreamer+GST_CAPS: 0:00:30.544383477 0xe900d090 gstpad.c:2672:gst_pad_get_current_caps:<h264parse0:src> get current pad caps video/x-h264, stream-format=(string)byte-stream, alignment=(string)au, level=(string)4, profile=(string)baseline, width=(int)1280, height=(int)1440, framerate=(fraction)151/3, pixel-aspect-ratio=(fraction)1/1, parsed=(boolean)true
06-06 22:05:26.713  4906  5038 D GStreamer+h264parse: 0:00:30.544444155 0xe900d090 gsth264parse.c:1934:gst_h264_parse_get_timestamp:<h264parse0> unable to compute timestamp: VUI not present
06-06 22:05:26.713  4906  5038 D GStreamer+adapter: 0:00:30.544485196 0xe900d090 gstadapter.c:296:copy_into_unchecked bsize 14, skip 0, csize 14
06-06 22:05:26.713  4906  5038 D GStreamer+GST_MEMORY: 0:00:30.544555873 0xe900d090 gstmemory.c:138:gst_memory_init new memory 0xe9277e48, maxsize:49125 offset:0 size:49125
06-06 22:05:26.714  4906  5038 D GStreamer+GST_MEMORY: 0:00:30.544584936 0xe900d090 gstmemory.c:87:_gst_memory_free free memory 0xe9538a18
06-06 22:05:26.714  4906  5038 D GStreamer+GST_MEMORY: 0:00:30.544605769 0xe900d090 gstmemory.c:87:_gst_memory_free free memory 0xe924b980
06-06 22:05:26.714  4906  5038 D GStreamer+GST_MEMORY: 0:00:30.544624415 0xe900d090 gstmemory.c:87:_gst_memory_free free memory 0xe935ab48
06-06 22:05:26.714  4906  5038 D GStreamer+GST_MEMORY: 0:00:30.544645509 0xe900d090 gstmemory.c:87:_gst_memory_free free memory 0xe936a320
06-06 22:05:26.714  4906  5038 D GStreamer+GST_CAPS: 0:00:30.544667488 0xe900d090 gstpad.c:2644:gst_pad_has_current_caps:<h264parse0:src> check current pad caps video/x-h264, stream-format=(string)byte-stream, alignment=(string)au, level=(string)4, profile=(string)baseline, width=(int)1280, height=(int)1440, framerate=(fraction)151/3, pixel-aspect-ratio=(fraction)1/1, parsed=(boolean)true
06-06 22:05:26.714  4906  5038 D GStreamer+h264parse: 0:00:30.544713477 0xe900d090 gsth264parse.c:182:gst_h264_parse_reset_frame:<h264parse0> reset frame
06-06 22:05:26.714  4906  5038 D GStreamer+GST_SCHEDULING: 0:00:30.544736915 0xe900d090 gstpad.c:4193:gst_pad_chain_data_unchecked:<capsfilter0:sink> calling chainfunction &gst_base_transform_chain with buffer buffer: 0xe92fa3e8, pts 0:00:00.159000000, dts 0:00:00.159000000, dur 0:00:00.019867549, size 49125, offset 339070, offset_end none, flags 0x400
06-06 22:05:26.714  4906  5038 D GStreamer+basetransform: 0:00:30.544789363 0xe900d090 gstbasetransform.c:2033:default_submit_input_buffer:<capsfilter0> handling buffer 0xe92fa3e8 of size 49125, PTS 0:00:00.159000000 and offset 339070
06-06 22:05:26.714  4906  5038 D GStreamer+basetransform: 0:00:30.544821290 0xe900d090 gstbasetransform.c:2150:default_generate_output:<capsfilter0> calling prepare buffer
06-06 22:05:26.714  4906  5038 D GStreamer+basetransform: 0:00:30.544840821 0xe900d090 gstbasetransform.c:2157:default_generate_output:<capsfilter0> using allocated buffer in 0xe92fa3e8, out 0xe92fa3e8
06-06 22:05:26.714  4906  5038 D GStreamer+basetransform: 0:00:30.544861238 0xe900d090 gstbasetransform.c:2174:default_generate_output:<capsfilter0> doing inplace transform
06-06 22:05:26.714  4906  5038 D GStreamer+GST_SCHEDULING: 0:00:30.544881134 0xe900d090 gstpad.c:4193:gst_pad_chain_data_unchecked:<amcvideodec-omxnvidiah264decode0:sink> calling chainfunction &gst_video_decoder_chain with buffer buffer: 0xe92fa3e8, pts 0:00:00.159000000, dts 0:00:00.159000000, dur 0:00:00.019867549, size 49125, offset 339070, offset_end none, flags 0x400
06-06 22:05:26.714  4906  5038 D GStreamer+videodecoder: 0:00:30.544935405 0xe900d090 gstvideodecoder.c:3400:gst_video_decoder_decode_frame:<amcvideodec-omxnvidiah264decode0> PTS delta 0 ms
06-06 22:05:26.714  4906  5038 D GStreamer+amcvideodec: 0:00:30.544961134 0xe900d090 gstamcvideodec.c:2125:gst_amc_video_dec_handle_frame:<amcvideodec-omxnvidiah264decode0> Handling frame
06-06 22:05:26.714  4906  5038 D GStreamer+amcvideodec: 0:00:30.545188530 0xe900d090 gstamcvideodec.c:2239:gst_amc_video_dec_handle_frame:<amcvideodec-omxnvidiah264decode0> Queueing buffer 7: size 49125 time 159000 flags 0x00000001
06-06 22:05:26.714  4906  5038 D GStreamer+GST_SCHEDULING: 0:00:30.545314623 0xe900d090 gstpad.c:4199:gst_pad_chain_data_unchecked:<amcvideodec-omxnvidiah264decode0:sink> called chainfunction &gst_video_decoder_chain with buffer 0xe92fa3e8, returned ok
06-06 22:05:26.714  4906  5038 D GStreamer+GST_SCHEDULING: 0:00:30.545352592 0xe900d090 gstpad.c:4199:gst_pad_chain_data_unchecked:<capsfilter0:sink> called chainfunction &gst_base_transform_chain with buffer 0xe92fa3e8, returned ok
06-06 22:05:26.714  4906  5038 D GStreamer+baseparse: 0:00:30.545387644 0xe900d090 gstbaseparse.c:3165:gst_base_parse_chain:<h264parse0> not enough data available (only 0 bytes)
06-06 22:05:26.714  4906  5038 D GStreamer+GST_SCHEDULING: 0:00:30.545412384 0xe900d090 gstpad.c:4199:gst_pad_chain_data_unchecked:<h264parse0:sink> called chainfunction &gst_base_parse_chain with buffer 0xe92fa028, returned ok
06-06 22:05:26.714  4906  5038 D GStreamer+GST_SCHEDULING: 0:00:30.545458217 0xe900d090 gstpad.c:4199:gst_pad_chain_data_unchecked:<typefind:sink> called chainfunction &gst_type_find_element_chain with buffer 0xe92fa028, returned ok
06-06 22:05:26.714  4906  5038 D GStreamer+GST_SCHEDULING: 0:00:30.545485196 0xe900d090 gstpad.c:4199:gst_pad_chain_data_unchecked:<forhwgl:sink> called chainfunction &gst_proxy_pad_chain_default with buffer 0xe92fa028, returned ok
06-06 22:05:26.714  4906  5038 D GStreamer+GST_SCHEDULING: 0:00:30.545527436 0xe900d090 gstpad.c:4193:gst_pad_chain_data_unchecked:<forhwgl:sink> calling chainfunction &gst_proxy_pad_chain_default with buffer buffer: 0xe92fa668, pts 0:00:00.179000000, dts 0:00:00.179000000, dur 0:00:00.019666666, size 43543, offset none, offset_end none, flags 0x0
06-06 22:05:26.715  4906  5039 D GStreamer+queue_dataflow: 0:00:30.545572280 0xe900d0f0 gstqueue.c:1228:gst_queue_chain_buffer_or_list:<queue0> queue is not full
06-06 22:05:26.715  4906  5038 D GStreamer+GST_SCHEDULING: 0:00:30.545585457 0xe900d090 gstpad.c:4193:gst_pad_chain_data_unchecked:<typefind:sink> calling chainfunction &gst_type_find_element_chain with buffer buffer: 0xe92fa668, pts 0:00:00.179000000, dts 0:00:00.179000000, dur 0:00:00.019666666, size 43543, offset none, offset_end none, flags 0x0
06-06 22:05:26.715  4906  5039 D GStreamer+GST_SCHEDULING: 0:00:30.545609259 0xe900d0f0 gstpad.c:4199:gst_pad_chain_data_unchecked:<queue0:sink> called chainfunction &gst_queue_chain with buffer 0xe9537f20, returned ok
06-06 22:05:26.715  4906  5039 D GStreamer+qtdemux: 0:00:30.545645665 0xe900d0f0 qtdemux.c:8014:qtdemux_parse_samples:<q> parsing up to sample 60
06-06 22:05:26.715  4906  5038 D GStreamer+GST_SCHEDULING: 0:00:30.545642696 0xe900d090 gstpad.c:4193:gst_pad_chain_data_unchecked:<h264parse0:sink> calling chainfunction &gst_base_parse_chain with buffer buffer: 0xe92fa668, pts 0:00:00.179000000, dts 0:00:00.179000000, dur 0:00:00.019666666, size 43543, offset none, offset_end none, flags 0x0
06-06 22:05:26.715  4906  5039 D GStreamer+qtdemux: 0:00:30.545678894 0xe900d0f0 qtdemux.c:8221:qtdemux_parse_samples:<q> sample 60: index 0, timestamp 0:00:01.213000000
06-06 22:05:26.715  4906  5038 D GStreamer+baseparse: 0:00:30.545697227 0xe900d090 gstbaseparse.c:2996:gst_base_parse_chain:<h264parse0> chain
06-06 22:05:26.715  4906  5039 D GStreamer+qtdemux: 0:00:30.545708373 0xe900d0f0 qtdemux.c:8276:qtdemux_parse_samples:<q> samples at 60 is keyframe
06-06 22:05:26.715  4906  5038 D GStreamer+GST_PERFORMANCE: 0:00:30.545723790 0xe900d090 gstminiobject.c:327:gst_mini_object_make_writable copy GstBuffer miniobject 0xe92fa668 -> 0xe9537c00
06-06 22:05:26.715  4906  5038 D GStreamer+codecparsers_h264: 0:00:30.545751967 0xe900d090 gsth264parser.c:253:gst_h264_parse_nalu_header Nal type 7, ref_idc 1
06-06 22:05:26.715  4906  5039 D GStreamer+qtdemux: 0:00:30.545735248 0xe900d0f0 qtdemux.c:5512:gst_qtdemux_loop_state_movie:<q> pushing from stream 0, empty 0 offset 2535210, size 39932, dts=0:00:01.213000000, pts=0:00:01.213000000, duration 0:00:00.020000000
06-06 22:05:26.715  4906  5038 D GStreamer+h264parse: 0:00:30.545774102 0xe900d090 gsth264parse.c:979:gst_h264_parse_handle_frame_packetized:<h264parse0> AVC nal offset 14
06-06 22:05:26.715  4906  5039 D GStreamer+basesrc: 0:00:30.545785300 0xe900d0f0 gstbasesrc.c:2354:gst_base_src_update_length:<filesrc0> reading offset 2535210, length 39932, size 16031303, segment.stop -1, maxsize 16031303
06-06 22:05:26.715  4906  5038 D GStreamer+h264parse: 0:00:30.545796134 0xe900d090 gsth264parse.c:714:gst_h264_parse_process_nal:<h264parse0> processing nal of type 7 SPS, size 10
06-06 22:05:26.715  4906  5038 D GStreamer+codecparsers_h264: 0:00:30.545824519 0xe900d090 gsth264parser.c:1758:gst_h264_parse_sps parsing SPS
06-06 22:05:26.715  4906  5039 D GStreamer+basesrc: 0:00:30.545816446 0xe900d0f0 gstbasesrc.c:2455:gst_base_src_get_range:<filesrc0> calling create offset 2535210 length 39932, time 0
06-06 22:05:26.715  4906  5038 D GStreamer+codecparsers_h264: 0:00:30.545847227 0xe900d090 gsth264parser.c:1484:gst_h264_parser_parse_sps adding sequence parameter set with id: 0 to array
06-06 22:05:26.715  4906  5039 D GStreamer+GST_MEMORY: 0:00:30.545848738 0xe900d0f0 gstmemory.c:138:gst_memory_init new memory 0xe935ab48, maxsize:39935 offset:0 size:39932
06-06 22:05:26.715  4906  5038 D GStreamer+h264parse: 0:00:30.545874415 0xe900d090 gsth264parse.c:735:gst_h264_parse_process_nal:<h264parse0> triggering src caps check
06-06 22:05:26.715  4906  5038 D GStreamer+h264parse: 0:00:30.545893321 0xe900d090 gsth264parse.c:452:gst_h264_parser_store_nal:<h264parse0> storing sps 0
06-06 22:05:26.715  4906  5039 D GStreamer+basesrc: 0:00:30.545901186 0xe900d0f0 gstbasesrc.c:2309:gst_base_src_do_sync:<filesrc0> we have no clock
06-06 22:05:26.715  4906  5038 D GStreamer+GST_MEMORY: 0:00:30.545912696 0xe900d090 gstmemory.c:138:gst_memory_init new memory 0xe924b860, maxsize:13 offset:0 size:10
06-06 22:05:26.715  4906  5039 D GStreamer+basesrc: 0:00:30.545922905 0xe900d0f0 gstbasesrc.c:2519:gst_base_src_get_range:<filesrc0> buffer ok
06-06 22:05:26.715  4906  5038 D GStreamer+GST_MEMORY: 0:00:30.545940040 0xe900d090 gstmemory.c:87:_gst_memory_free free memory 0xe924b800
06-06 22:05:26.715  4906  5038 D GStreamer+h264parse: 0:00:30.545960613 0xe900d090 gsth264parse.c:421:gst_h264_parse_wrap_nal:<h264parse0> nal length 10
06-06 22:05:26.715  4906  5039 D GStreamer+GST_SCHEDULING: 0:00:30.545946915 0xe900d0f0 gstpad.c:4193:gst_pad_chain_data_unchecked:<queue0:sink> calling chainfunction &gst_queue_chain with buffer buffer: 0xe9572040, pts 0:00:01.213000000, dts 0:00:01.213000000, dur 0:00:00.020000000, size 39932, offset none, offset_end none, flags 0x0
06-06 22:05:26.715  4906  5038 D GStreamer+GST_MEMORY: 0:00:30.545983634 0xe900d090 gstmemory.c:138:gst_memory_init new memory 0xe9538a80, maxsize:17 offset:0 size:14
06-06 22:05:26.715  4906  5039 D GStreamer+queue_dataflow: 0:00:30.546005196 0xe900d0f0 gstqueue.c:1220:gst_queue_chain_buffer_or_list:<queue0> queue is full, waiting for free space
06-06 22:05:26.715  4906  5038 D GStreamer+codecparsers_h264: 0:00:30.546011342 0xe900d090 gsth264parser.c:253:gst_h264_parse_nalu_header Nal type 8, ref_idc 1
06-06 22:05:26.715  4906  5038 D GStreamer+h264parse: 0:00:30.546032800 0xe900d090 gsth264parse.c:979:gst_h264_parse_handle_frame_packetized:<h264parse0> AVC nal offset 23
06-06 22:05:26.715  4906  5038 D GStreamer+h264parse: 0:00:30.546055196 0xe900d090 gsth264parse.c:714:gst_h264_parse_process_nal:<h264parse0> processing nal of type 8 PPS, size 5
06-06 22:05:26.715  4906  5038 D GStreamer+codecparsers_h264: 0:00:30.546077019 0xe900d090 gsth264parser.c:1894:gst_h264_parse_pps parsing PPS
06-06 22:05:26.715  4906  5038 D GStreamer+codecparsers_h264: 0:00:30.546094050 0xe900d090 gsth264parser.c:2027:gst_h264_parser_parse_pps adding picture parameter set with id: 0 to array
06-06 22:05:26.715  4906  5038 D GStreamer+h264parse: 0:00:30.546112280 0xe900d090 gsth264parse.c:456:gst_h264_parser_store_nal:<h264parse0> storing pps 0
06-06 22:05:26.715  4906  5038 D GStreamer+GST_MEMORY: 0:00:30.546130821 0xe900d090 gstmemory.c:138:gst_memory_init new memory 0xe92f7b18, maxsize:8 offset:0 size:5
06-06 22:05:26.715  4906  5038 D GStreamer+GST_MEMORY: 0:00:30.546154259 0xe900d090 gstmemory.c:87:_gst_memory_free free memory 0xe92f7960
06-06 22:05:26.715  4906  5038 D GStreamer+h264parse: 0:00:30.546172696 0xe900d090 gsth264parse.c:421:gst_h264_parse_wrap_nal:<h264parse0> nal length 5
06-06 22:05:26.715  4906  5038 D GStreamer+GST_MEMORY: 0:00:30.546191238 0xe900d090 gstmemory.c:138:gst_memory_init new memory 0xe924baa0, maxsize:12 offset:0 size:9
06-06 22:05:26.715  4906  5038 D GStreamer+codecparsers_h264: 0:00:30.546213321 0xe900d090 gsth264parser.c:253:gst_h264_parse_nalu_header Nal type 5, ref_idc 1
06-06 22:05:26.715  4906  5038 D GStreamer+h264parse: 0:00:30.546234519 0xe900d090 gsth264parse.c:979:gst_h264_parse_handle_frame_packetized:<h264parse0> AVC nal offset 43543
06-06 22:05:26.715  4906  5038 D GStreamer+h264parse: 0:00:30.546254623 0xe900d090 gsth264parse.c:714:gst_h264_parse_process_nal:<h264parse0> processing nal of type 5 Slice IDR, size 43516
06-06 22:05:26.715  4906  5038 D GStreamer+h264parse: 0:00:30.546275873 0xe900d090 gsth264parse.c:820:gst_h264_parse_process_nal:<h264parse0> first_mb_in_slice = 0
06-06 22:05:26.715  4906  5038 D GStreamer+h264parse: 0:00:30.546293842 0xe900d090 gsth264parse.c:823:gst_h264_parse_process_nal:<h264parse0> frame start: 1
06-06 22:05:26.715  4906  5038 D GStreamer+codecparsers_h264: 0:00:30.546314623 0xe900d090 gsth264parser.c:2089:gst_h264_parser_parse_slice_hdr parsing "Slice header", slice type 7
06-06 22:05:26.715  4906  5038 D GStreamer+codecparsers_h264: 0:00:30.546334936 0xe900d090 gsth264parser.c:711:gst_h264_slice_parse_dec_ref_pic_marking parsing "Decoded reference picture marking"
06-06 22:05:26.715  4906  5038 D GStreamer+h264parse: 0:00:30.546352488 0xe900d090 gsth264parse.c:833:gst_h264_parse_process_nal:<h264parse0> parse result 0, first MB: 0, slice type: 7
06-06 22:05:26.715  4906  5038 D GStreamer+h264parse: 0:00:30.546373477 0xe900d090 gsth264parse.c:856:gst_h264_parse_process_nal:<h264parse0> marking IDR in frame at offset 23
06-06 22:05:26.715  4906  5038 D GStreamer+h264parse: 0:00:30.546391707 0xe900d090 gsth264parse.c:421:gst_h264_parse_wrap_nal:<h264parse0> nal length 43516
06-06 22:05:26.715  4906  5038 D GStreamer+GST_MEMORY: 0:00:30.546412123 0xe900d090 gstmemory.c:138:gst_memory_init new memory 0xe93647a0, maxsize:43523 offset:0 size:43520
06-06 22:05:26.715  4906  5038 D GStreamer+codecparsers_h264: 0:00:30.546473790 0xe900d090 gsth264parser.c:1407:gst_h264_parser_identify_nalu_avc Can't parse, buffer has too small size 43543, offset 43543
06-06 22:05:26.715  4906  5038 D GStreamer+GST_CAPS: 0:00:30.546501186 0xe900d090 gstpad.c:2644:gst_pad_has_current_caps:<h264parse0:src> check current pad caps video/x-h264, stream-format=(string)byte-stream, alignment=(string)au, level=(string)4, profile=(string)baseline, width=(int)1280, height=(int)1440, framerate=(fraction)151/3, pixel-aspect-ratio=(fraction)1/1, parsed=(boolean)true
06-06 22:05:26.716  4906  5038 D GStreamer+GST_CAPS: 0:00:30.546556550 0xe900d090 gstpad.c:2672:gst_pad_get_current_caps:<h264parse0:sink> get current pad caps video/x-h264, stream-format=(string)avc, alignment=(string)au, level=(string)4, profile=(string)baseline, codec_data=(buffer)01428028ffe1000a27428028e54028016b2001000528de01ae20, width=(int)1280, height=(int)1440, framerate=(fraction)151/3, pixel-aspect-ratio=(fraction)1/1
06-06 22:05:26.716  4906  5038 D GStreamer+h264parse: 0:00:30.546616915 0xe900d090 gsth264parse.c:1692:gst_h264_parse_update_src_caps:<h264parse0> sps: 0xcca87008
06-06 22:05:26.716  4906  5038 D GStreamer+GST_PERFORMANCE: 0:00:30.546639571 0xe900d090 gstcaps.c:178:_gst_caps_copy:<0xe9194340> doing copy 0xe9194340 -> 0xe952e540
06-06 22:05:26.716  4906  5038 I GStreamer+baseparse: 0:00:30.546684415 0xe900d090 gstbaseparse.c:3964:gst_base_parse_set_latency:<h264parse0> min/max latency 0:00:00.019867549, 0:00:00.019867549
06-06 22:05:26.716  4906  5038 D GStreamer+GST_CAPS: 0:00:30.546770248 0xe900d090 gstpad.c:2672:gst_pad_get_current_caps:<h264parse0:src> get current pad caps video/x-h264, stream-format=(string)byte-stream, alignment=(string)au, level=(string)4, profile=(string)baseline, width=(int)1280, height=(int)1440, framerate=(fraction)151/3, pixel-aspect-ratio=(fraction)1/1, parsed=(boolean)true
06-06 22:05:26.716  4906  5038 D GStreamer+GST_CAPS: 0:00:30.546820352 0xe900d090 gstpad.c:2672:gst_pad_get_current_caps:<h264parse0:src> get current pad caps video/x-h264, stream-format=(string)byte-stream, alignment=(string)au, level=(string)4, profile=(string)baseline, width=(int)1280, height=(int)1440, framerate=(fraction)151/3, pixel-aspect-ratio=(fraction)1/1, parsed=(boolean)true
06-06 22:05:26.716  4906  5038 D GStreamer+h264parse: 0:00:30.546868113 0xe900d090 gsth264parse.c:1934:gst_h264_parse_get_timestamp:<h264parse0> unable to compute timestamp: VUI not present
06-06 22:05:26.716  4906  5038 D GStreamer+adapter: 0:00:30.546903894 0xe900d090 gstadapter.c:296:copy_into_unchecked bsize 14, skip 0, csize 14
06-06 22:05:26.716  4906  5038 D GStreamer+GST_MEMORY: 0:00:30.546961186 0xe900d090 gstmemory.c:138:gst_memory_init new memory 0xe9277b80, maxsize:43543 offset:0 size:43543
06-06 22:05:26.716  4906  5038 D GStreamer+GST_MEMORY: 0:00:30.547234571 0xe900d090 gstmemory.c:87:_gst_memory_free free memory 0xe9538a80
06-06 22:05:26.716  4906  5038 D GStreamer+GST_MEMORY: 0:00:30.547256915 0xe900d090 gstmemory.c:87:_gst_memory_free free memory 0xe924baa0
06-06 22:05:26.716  4906  5038 D GStreamer+GST_MEMORY: 0:00:30.547275717 0xe900d090 gstmemory.c:87:_gst_memory_free free memory 0xe93647a0
06-06 22:05:26.716  4906  5038 D GStreamer+GST_MEMORY: 0:00:30.547298373 0xe900d090 gstmemory.c:87:_gst_memory_free free memory 0xe9376360
06-06 22:05:26.716  4906  5038 D GStreamer+GST_CAPS: 0:00:30.547458790 0xe900d090 gstpad.c:2644:gst_pad_has_current_caps:<h264parse0:src> check current pad caps video/x-h264, stream-format=(string)byte-stream, alignment=(string)au, level=(string)4, profile=(string)baseline, width=(int)1280, height=(int)1440, framerate=(fraction)151/3, pixel-aspect-ratio=(fraction)1/1, parsed=(boolean)true
06-06 22:05:26.716  4906  5038 D GStreamer+h264parse: 0:00:30.547511759 0xe900d090 gsth264parse.c:182:gst_h264_parse_reset_frame:<h264parse0> reset frame
06-06 22:05:26.716  4906  5038 D GStreamer+GST_SCHEDULING: 0:00:30.547535352 0xe900d090 gstpad.c:4193:gst_pad_chain_data_unchecked:<capsfilter0:sink> calling chainfunction &gst_base_transform_chain with buffer buffer: 0xe92fa348, pts 0:00:00.179000000, dts 0:00:00.179000000, dur 0:00:00.019867549, size 43543, offset 388195, offset_end none, flags 0x400
06-06 22:05:26.717  4906  5038 D GStreamer+basetransform: 0:00:30.547589467 0xe900d090 gstbasetransform.c:2033:default_submit_input_buffer:<capsfilter0> handling buffer 0xe92fa348 of size 43543, PTS 0:00:00.179000000 and offset 388195
06-06 22:05:26.717  4906  5038 D GStreamer+basetransform: 0:00:30.547621394 0xe900d090 gstbasetransform.c:2150:default_generate_output:<capsfilter0> calling prepare buffer
06-06 22:05:26.717  4906  5038 D GStreamer+basetransform: 0:00:30.547640977 0xe900d090 gstbasetransform.c:2157:default_generate_output:<capsfilter0> using allocated buffer in 0xe92fa348, out 0xe92fa348
06-06 22:05:26.717  4906  5038 D GStreamer+basetransform: 0:00:30.547660144 0xe900d090 gstbasetransform.c:2174:default_generate_output:<capsfilter0> doing inplace transform
06-06 22:05:26.717  4906  5038 D GStreamer+GST_SCHEDULING: 0:00:30.547678790 0xe900d090 gstpad.c:4193:gst_pad_chain_data_unchecked:<amcvideodec-omxnvidiah264decode0:sink> calling chainfunction &gst_video_decoder_chain with buffer buffer: 0xe92fa348, pts 0:00:00.179000000, dts 0:00:00.179000000, dur 0:00:00.019867549, size 43543, offset 388195, offset_end none, flags 0x400
06-06 22:05:26.717  4906  5038 D GStreamer+videodecoder: 0:00:30.547737123 0xe900d090 gstvideodecoder.c:3400:gst_video_decoder_decode_frame:<amcvideodec-omxnvidiah264decode0> PTS delta 0 ms
06-06 22:05:26.717  4906  5038 D GStreamer+amcvideodec: 0:00:30.547762488 0xe900d090 gstamcvideodec.c:2125:gst_amc_video_dec_handle_frame:<amcvideodec-omxnvidiah264decode0> Handling frame
06-06 22:05:26.718  4906  5038 D GStreamer+amcvideodec: 0:00:30.548916915 0xe900d090 gstamcvideodec.c:2239:gst_amc_video_dec_handle_frame:<amcvideodec-omxnvidiah264decode0> Queueing buffer 8: size 43543 time 179000 flags 0x00000001
06-06 22:05:26.718  4906  5038 D GStreamer+GST_SCHEDULING: 0:00:30.549036707 0xe900d090 gstpad.c:4199:gst_pad_chain_data_unchecked:<amcvideodec-omxnvidiah264decode0:sink> called chainfunction &gst_video_decoder_chain with buffer 0xe92fa348, returned ok
06-06 22:05:26.718  4906  5038 D GStreamer+GST_SCHEDULING: 0:00:30.549074675 0xe900d090 gstpad.c:4199:gst_pad_chain_data_unchecked:<capsfilter0:sink> called chainfunction &gst_base_transform_chain with buffer 0xe92fa348, returned ok
06-06 22:05:26.718  4906  5038 D GStreamer+baseparse: 0:00:30.549107227 0xe900d090 gstbaseparse.c:3165:gst_base_parse_chain:<h264parse0> not enough data available (only 0 bytes)
06-06 22:05:26.718  4906  5038 D GStreamer+GST_SCHEDULING: 0:00:30.549132696 0xe900d090 gstpad.c:4199:gst_pad_chain_data_unchecked:<h264parse0:sink> called chainfunction &gst_base_parse_chain with buffer 0xe92fa668, returned ok
06-06 22:05:26.718  4906  5038 D GStreamer+GST_SCHEDULING: 0:00:30.549160457 0xe900d090 gstpad.c:4199:gst_pad_chain_data_unchecked:<typefind:sink> called chainfunction &gst_type_find_element_chain with buffer 0xe92fa668, returned ok
06-06 22:05:26.718  4906  5038 D GStreamer+GST_SCHEDULING: 0:00:30.549187800 0xe900d090 gstpad.c:4199:gst_pad_chain_data_unchecked:<forhwgl:sink> called chainfunction &gst_proxy_pad_chain_default with buffer 0xe92fa668, returned ok
06-06 22:05:26.718  4906  5038 D GStreamer+GST_SCHEDULING: 0:00:30.549228738 0xe900d090 gstpad.c:4193:gst_pad_chain_data_unchecked:<forhwgl:sink> calling chainfunction &gst_proxy_pad_chain_default with buffer buffer: 0xe92fa708, pts 0:00:00.198666666, dts 0:00:00.198666666, dur 0:00:00.020000000, size 45121, offset none, offset_end none, flags 0x0
06-06 22:05:26.718  4906  5039 D GStreamer+queue_dataflow: 0:00:30.549273634 0xe900d0f0 gstqueue.c:1228:gst_queue_chain_buffer_or_list:<queue0> queue is not full
06-06 22:05:26.718  4906  5038 D GStreamer+GST_SCHEDULING: 0:00:30.549288530 0xe900d090 gstpad.c:4193:gst_pad_chain_data_unchecked:<typefind:sink> calling chainfunction &gst_type_find_element_chain with buffer buffer: 0xe92fa708, pts 0:00:00.198666666, dts 0:00:00.198666666, dur 0:00:00.020000000, size 45121, offset none, offset_end none, flags 0x0
06-06 22:05:26.718  4906  5039 D GStreamer+GST_SCHEDULING: 0:00:30.549315196 0xe900d0f0 gstpad.c:4199:gst_pad_chain_data_unchecked:<queue0:sink> called chainfunction &gst_queue_chain with buffer 0xe9572040, returned ok
06-06 22:05:26.718  4906  5039 D GStreamer+qtdemux: 0:00:30.549354311 0xe900d0f0 qtdemux.c:8014:qtdemux_parse_samples:<q> parsing up to sample 61
06-06 22:05:26.718  4906  5038 D GStreamer+GST_SCHEDULING: 0:00:30.549348009 0xe900d090 gstpad.c:4193:gst_pad_chain_data_unchecked:<h264parse0:sink> calling chainfunction &gst_base_parse_chain with buffer buffer: 0xe92fa708, pts 0:00:00.198666666, dts 0:00:00.198666666, dur 0:00:00.020000000, size 45121, offset none, offset_end none, flags 0x0
06-06 22:05:26.718  4906  5039 D GStreamer+qtdemux: 0:00:30.549384571 0xe900d0f0 qtdemux.c:8221:qtdemux_parse_samples:<q> sample 61: index 1, timestamp 0:00:01.233000000
06-06 22:05:26.718  4906  5038 D GStreamer+baseparse: 0:00:30.549406863 0xe900d090 gstbaseparse.c:2996:gst_base_parse_chain:<h264parse0> chain
06-06 22:05:26.718  4906  5039 D GStreamer+qtdemux: 0:00:30.549413582 0xe900d0f0 qtdemux.c:8276:qtdemux_parse_samples:<q> samples at 61 is keyframe
06-06 22:05:26.718  4906  5038 D GStreamer+GST_PERFORMANCE: 0:00:30.549448217 0xe900d090 gstminiobject.c:327:gst_mini_object_make_writable copy GstBuffer miniobject 0xe92fa708 -> 0xe9537840
06-06 22:05:26.718  4906  5038 D GStreamer+codecparsers_h264: 0:00:30.549477592 0xe900d090 gsth264parser.c:253:gst_h264_parse_nalu_header Nal type 7, ref_idc 1
06-06 22:05:26.718  4906  5039 D GStreamer+qtdemux: 0:00:30.549458113 0xe900d0f0 qtdemux.c:5512:gst_qtdemux_loop_state_movie:<q> pushing from stream 0, empty 0 offset 2575142, size 40231, dts=0:00:01.233000000, pts=0:00:01.233000000, duration 0:00:00.020000000
06-06 22:05:26.718  4906  5038 D GStreamer+h264parse: 0:00:30.549500144 0xe900d090 gsth264parse.c:979:gst_h264_parse_handle_frame_packetized:<h264parse0> AVC nal offset 14
06-06 22:05:26.718  4906  5039 D GStreamer+basesrc: 0:00:30.549506030 0xe900d0f0 gstbasesrc.c:2354:gst_base_src_update_length:<filesrc0> reading offset 2575142, length 40231, size 16031303, segment.stop -1, maxsize 16031303
06-06 22:05:26.718  4906  5038 D GStreamer+h264parse: 0:00:30.549521134 0xe900d090 gsth264parse.c:714:gst_h264_parse_process_nal:<h264parse0> processing nal of type 7 SPS, size 10
06-06 22:05:26.718  4906  5038 D GStreamer+codecparsers_h264: 0:00:30.549544675 0xe900d090 gsth264parser.c:1758:gst_h264_parse_sps parsing SPS
06-06 22:05:26.718  4906  5039 D GStreamer+basesrc: 0:00:30.549540248 0xe900d0f0 gstbasesrc.c:2455:gst_base_src_get_range:<filesrc0> calling create offset 2575142 length 40231, time 0
06-06 22:05:26.718  4906  5038 D GStreamer+codecparsers_h264: 0:00:30.549568061 0xe900d090 gsth264parser.c:1484:gst_h264_parser_parse_sps adding sequence parameter set with id: 0 to array
06-06 22:05:26.719  4906  5039 D GStreamer+GST_MEMORY: 0:00:30.549574207 0xe900d0f0 gstmemory.c:138:gst_memory_init new memory 0xe93647a0, maxsize:40234 offset:0 size:40231
06-06 22:05:26.719  4906  5038 D GStreamer+h264parse: 0:00:30.549589571 0xe900d090 gsth264parse.c:735:gst_h264_parse_process_nal:<h264parse0> triggering src caps check
06-06 22:05:26.719  4906  5038 D GStreamer+h264parse: 0:00:30.549607488 0xe900d090 gsth264parse.c:452:gst_h264_parser_store_nal:<h264parse0> storing sps 0
06-06 22:05:26.719  4906  5039 D GStreamer+basesrc: 0:00:30.549624780 0xe900d0f0 gstbasesrc.c:2309:gst_base_src_do_sync:<filesrc0> we have no clock
06-06 22:05:26.719  4906  5038 D GStreamer+GST_MEMORY: 0:00:30.549628165 0xe900d090 gstmemory.c:138:gst_memory_init new memory 0xe924b9e0, maxsize:13 offset:0 size:10
06-06 22:05:26.719  4906  5039 D GStreamer+basesrc: 0:00:30.549651082 0xe900d0f0 gstbasesrc.c:2519:gst_base_src_get_range:<filesrc0> buffer ok
06-06 22:05:26.719  4906  5038 D GStreamer+GST_MEMORY: 0:00:30.549658061 0xe900d090 gstmemory.c:87:_gst_memory_free free memory 0xe924b860
06-06 22:05:26.719  4906  5038 D GStreamer+h264parse: 0:00:30.549677905 0xe900d090 gsth264parse.c:421:gst_h264_parse_wrap_nal:<h264parse0> nal length 10
06-06 22:05:26.719  4906  5038 D GStreamer+GST_MEMORY: 0:00:30.549703477 0xe900d090 gstmemory.c:138:gst_memory_init new memory 0xe9538ae8, maxsize:17 offset:0 size:14
06-06 22:05:26.719  4906  5039 D GStreamer+GST_SCHEDULING: 0:00:30.549676811 0xe900d0f0 gstpad.c:4193:gst_pad_chain_data_unchecked:<queue0:sink> calling chainfunction &gst_queue_chain with buffer buffer: 0xe95720e0, pts 0:00:01.233000000, dts 0:00:01.233000000, dur 0:00:00.020000000, size 40231, offset none, offset_end none, flags 0x0
06-06 22:05:26.719  4906  5039 D GStreamer+queue_dataflow: 0:00:30.549738009 0xe900d0f0 gstqueue.c:1220:gst_queue_chain_buffer_or_list:<queue0> queue is full, waiting for free space
06-06 22:05:26.719  4906  5038 D GStreamer+codecparsers_h264: 0:00:30.549734675 0xe900d090 gsth264parser.c:253:gst_h264_parse_nalu_header Nal type 8, ref_idc 1
06-06 22:05:26.719  4906  5038 D GStreamer+h264parse: 0:00:30.549762957 0xe900d090 gsth264parse.c:979:gst_h264_parse_handle_frame_packetized:<h264parse0> AVC nal offset 23
06-06 22:05:26.719  4906  5038 D GStreamer+h264parse: 0:00:30.549782592 0xe900d090 gsth264parse.c:714:gst_h264_parse_process_nal:<h264parse0> processing nal of type 8 PPS, size 5
06-06 22:05:26.719  4906  5038 D GStreamer+codecparsers_h264: 0:00:30.549802592 0xe900d090 gsth264parser.c:1894:gst_h264_parse_pps parsing PPS
06-06 22:05:26.719  4906  5038 D GStreamer+codecparsers_h264: 0:00:30.549821134 0xe900d090 gsth264parser.c:2027:gst_h264_parser_parse_pps adding picture parameter set with id: 0 to array
06-06 22:05:26.719  4906  5038 D GStreamer+h264parse: 0:00:30.549840144 0xe900d090 gsth264parse.c:456:gst_h264_parser_store_nal:<h264parse0> storing pps 0
06-06 22:05:26.719  4906  5038 D GStreamer+GST_MEMORY: 0:00:30.549859936 0xe900d090 gstmemory.c:138:gst_memory_init new memory 0xe9012178, maxsize:8 offset:0 size:5
06-06 22:05:26.719  4906  5038 D GStreamer+GST_MEMORY: 0:00:30.549883373 0xe900d090 gstmemory.c:87:_gst_memory_free free memory 0xe92f7b18
06-06 22:05:26.719  4906  5038 D GStreamer+h264parse: 0:00:30.549902227 0xe900d090 gsth264parse.c:421:gst_h264_parse_wrap_nal:<h264parse0> nal length 5
06-06 22:05:26.719  4906  5038 D GStreamer+GST_MEMORY: 0:00:30.549924155 0xe900d090 gstmemory.c:138:gst_memory_init new memory 0xe92be008, maxsize:12 offset:0 size:9
06-06 22:05:26.719  4906  5038 D GStreamer+codecparsers_h264: 0:00:30.549949519 0xe900d090 gsth264parser.c:253:gst_h264_parse_nalu_header Nal type 5, ref_idc 1
06-06 22:05:26.719  4906  5038 D GStreamer+h264parse: 0:00:30.549968946 0xe900d090 gsth264parse.c:979:gst_h264_parse_handle_frame_packetized:<h264parse0> AVC nal offset 45121
06-06 22:05:26.719  4906  5038 D GStreamer+h264parse: 0:00:30.549989363 0xe900d090 gsth264parse.c:714:gst_h264_parse_process_nal:<h264parse0> processing nal of type 5 Slice IDR, size 45094
06-06 22:05:26.719  4906  5038 D GStreamer+h264parse: 0:00:30.550011082 0xe900d090 gsth264parse.c:820:gst_h264_parse_process_nal:<h264parse0> first_mb_in_slice = 0
06-06 22:05:26.719  4906  5038 D GStreamer+h264parse: 0:00:30.550027488 0xe900d090 gsth264parse.c:823:gst_h264_parse_process_nal:<h264parse0> frame start: 1
06-06 22:05:26.719  4906  5038 D GStreamer+codecparsers_h264: 0:00:30.550046863 0xe900d090 gsth264parser.c:2089:gst_h264_parser_parse_slice_hdr parsing "Slice header", slice type 7
06-06 22:05:26.719  4906  5038 D GStreamer+codecparsers_h264: 0:00:30.550067436 0xe900d090 gsth264parser.c:711:gst_h264_slice_parse_dec_ref_pic_marking parsing "Decoded reference picture marking"
06-06 22:05:26.719  4906  5038 D GStreamer+h264parse: 0:00:30.550085196 0xe900d090 gsth264parse.c:833:gst_h264_parse_process_nal:<h264parse0> parse result 0, first MB: 0, slice type: 7
06-06 22:05:26.719  4906  5038 D GStreamer+h264parse: 0:00:30.550146863 0xe900d090 gsth264parse.c:856:gst_h264_parse_process_nal:<h264parse0> marking IDR in frame at offset 23
06-06 22:05:26.719  4906  5038 D GStreamer+h264parse: 0:00:30.550168113 0xe900d090 gsth264parse.c:421:gst_h264_parse_wrap_nal:<h264parse0> nal length 45094
06-06 22:05:26.719  4906  5038 D GStreamer+GST_MEMORY: 0:00:30.550189780 0xe900d090 gstmemory.c:138:gst_memory_init new memory 0xe936e520, maxsize:45101 offset:0 size:45098
06-06 22:05:26.719  4906  5038 D GStreamer+codecparsers_h264: 0:00:30.550228165 0xe900d090 gsth264parser.c:1407:gst_h264_parser_identify_nalu_avc Can't parse, buffer has too small size 45121, offset 45121
06-06 22:05:26.719  4906  5038 D GStreamer+GST_CAPS: 0:00:30.550253738 0xe900d090 gstpad.c:2644:gst_pad_has_current_caps:<h264parse0:src> check current pad caps video/x-h264, stream-format=(string)byte-stream, alignment=(string)au, level=(string)4, profile=(string)baseline, width=(int)1280, height=(int)1440, framerate=(fraction)151/3, pixel-aspect-ratio=(fraction)1/1, parsed=(boolean)true
06-06 22:05:26.719  4906  5038 D GStreamer+GST_CAPS: 0:00:30.550305300 0xe900d090 gstpad.c:2672:gst_pad_get_current_caps:<h264parse0:sink> get current pad caps video/x-h264, stream-format=(string)avc, alignment=(string)au, level=(string)4, profile=(string)baseline, codec_data=(buffer)01428028ffe1000a27428028e54028016b2001000528de01ae20, width=(int)1280, height=(int)1440, framerate=(fraction)151/3, pixel-aspect-ratio=(fraction)1/1
06-06 22:05:26.719  4906  5038 D GStreamer+h264parse: 0:00:30.550362748 0xe900d090 gsth264parse.c:1692:gst_h264_parse_update_src_caps:<h264parse0> sps: 0xcca87008
06-06 22:05:26.719  4906  5038 D GStreamer+GST_PERFORMANCE: 0:00:30.550384884 0xe900d090 gstcaps.c:178:_gst_caps_copy:<0xe9194340> doing copy 0xe9194340 -> 0xe952e800
06-06 22:05:26.719  4906  5038 I GStreamer+baseparse: 0:00:30.550438946 0xe900d090 gstbaseparse.c:3964:gst_base_parse_set_latency:<h264parse0> min/max latency 0:00:00.019867549, 0:00:00.019867549
06-06 22:05:26.719  4906  5038 D GStreamer+GST_CAPS: 0:00:30.550483582 0xe900d090 gstpad.c:2672:gst_pad_get_current_caps:<h264parse0:src> get current pad caps video/x-h264, stream-format=(string)byte-stream, alignment=(string)au, level=(string)4, profile=(string)baseline, width=(int)1280, height=(int)1440, framerate=(fraction)151/3, pixel-aspect-ratio=(fraction)1/1, parsed=(boolean)true
06-06 22:05:26.719  4906  5038 D GStreamer+GST_CAPS: 0:00:30.550530092 0xe900d090 gstpad.c:2672:gst_pad_get_current_caps:<h264parse0:src> get current pad caps video/x-h264, stream-format=(string)byte-stream, alignment=(string)au, level=(string)4, profile=(string)baseline, width=(int)1280, height=(int)1440, framerate=(fraction)151/3, pixel-aspect-ratio=(fraction)1/1, parsed=(boolean)true
06-06 22:05:26.720  4906  5038 D GStreamer+h264parse: 0:00:30.550576134 0xe900d090 gsth264parse.c:1934:gst_h264_parse_get_timestamp:<h264parse0> unable to compute timestamp: VUI not present
06-06 22:05:26.720  4906  5038 D GStreamer+adapter: 0:00:30.550613842 0xe900d090 gstadapter.c:296:copy_into_unchecked bsize 14, skip 0, csize 14
06-06 22:05:26.720  4906  5038 D GStreamer+GST_MEMORY: 0:00:30.551064050 0xe900d090 gstmemory.c:138:gst_memory_init new memory 0xe9277b30, maxsize:45121 offset:0 size:45121
06-06 22:05:26.720  4906  5038 D GStreamer+GST_MEMORY: 0:00:30.551096290 0xe900d090 gstmemory.c:87:_gst_memory_free free memory 0xe9538ae8
06-06 22:05:26.720  4906  5038 D GStreamer+GST_MEMORY: 0:00:30.551115613 0xe900d090 gstmemory.c:87:_gst_memory_free free memory 0xe92be008
06-06 22:05:26.720  4906  5038 D GStreamer+GST_MEMORY: 0:00:30.551133009 0xe900d090 gstmemory.c:87:_gst_memory_free free memory 0xe936e520
06-06 22:05:26.720  4906  5038 D GStreamer+GST_MEMORY: 0:00:30.551155040 0xe900d090 gstmemory.c:87:_gst_memory_free free memory 0xe9380dd0
