06-06 22:05:26.529  4906  5039 D GStreamer+GST_PADS: 0:00:30.359975300 0xe900d0f0 gstpad.c:3945:gst_pad_query:<q:video_0> sent query 0xe915d920 (caps), result 1
06-06 22:05:26.529  4906  5039 D GStreamer+GST_CAPS: 0:00:30.359997436 0xe900d0f0 gstutils.c:2879:gst_pad_query_caps:<q:video_0> query returned video/x-h264, stream-format=(string)avc, alignment=(string)au, level=(string)4, profile=(string)baseline, codec_data=(buffer)01428028ffe1000a27428028e54028016b2001000528de01ae20, width=(int)1280, height=(int)1440, framerate=(fraction)151/3, pixel-aspect-ratio=(fraction)1/1
06-06 22:05:26.529  4906  5039 D GStreamer+GST_CAPS: 0:00:30.360055821 0xe900d0f0 gstutils.c:2872:gst_pad_query_caps:<queue0:sink> get pad caps with filter (NULL)
06-06 22:05:26.529  4906  5039 D GStreamer+query: 0:00:30.360084103 0xe900d0f0 gstquery.c:674:gst_query_new_custom creating new query 0xe915d950 caps
06-06 22:05:26.529  4906  5039 D GStreamer+GST_PADS: 0:00:30.360104155 0xe900d0f0 gstpad.c:3922:gst_pad_query:<queue0:sink> doing query 0xe915d950 (caps)
06-06 22:05:26.529  4906  5039 D GStreamer+GST_CAPS: 0:00:30.360125144 0xe900d0f0 gstpad.c:3112:gst_pad_query_caps_default:<queue0:sink> query caps caps query: 0xe915d950, GstQueryCaps, filter=(GstCaps)"NULL", caps=(GstCaps)"NULL";
06-06 22:05:26.529  4906  5039 D GStreamer+GST_PADS: 0:00:30.360158061 0xe900d0f0 gstutils.c:2633:gst_pad_proxy_query_caps:<queue0:sink> proxying caps query for queue0:sink
06-06 22:05:26.529  4906  5039 D GStreamer+GST_PADS: 0:00:30.360182748 0xe900d0f0 gstpad.c:2827:gst_pad_iterate_internal_links_default:<queue0:sink> Making iterator
06-06 22:05:26.529  4906  5039 D GStreamer+GST_PADS: 0:00:30.360206186 0xe900d0f0 gstpad.c:4049:gst_pad_peer_query:<queue0:src> peer query 0xe915d950 (caps)
06-06 22:05:26.529  4906  5039 D GStreamer+GST_PADS: 0:00:30.360238425 0xe900d0f0 gstpad.c:3922:gst_pad_query:<forhwgl:sink> doing query 0xe915d950 (caps)
06-06 22:05:26.530  4906  5039 D GStreamer+GST_CAPS: 0:00:30.360265092 0xe900d0f0 gstpad.c:3112:gst_pad_query_caps_default:<forhwgl:sink> query caps caps query: 0xe915d950, GstQueryCaps, filter=(GstCaps)"NULL", caps=(GstCaps)"NULL";
06-06 22:05:26.530  4906  5039 D GStreamer+GST_PADS: 0:00:30.360741655 0xe900d0f0 gstutils.c:2633:gst_pad_proxy_query_caps:<forhwgl:sink> proxying caps query for forhwgl:sink
06-06 22:05:26.530  4906  5039 D GStreamer+GST_PADS: 0:00:30.360778738 0xe900d0f0 gstpad.c:4049:gst_pad_peer_query:<sink:proxypad0> peer query 0xe915d950 (caps)
06-06 22:05:26.530  4906  5039 D GStreamer+GST_PADS: 0:00:30.360801915 0xe900d0f0 gstpad.c:3922:gst_pad_query:<typefind:sink> doing query 0xe915d950 (caps)
06-06 22:05:26.530  4906  5039 D GStreamer+GST_CAPS: 0:00:30.360824050 0xe900d0f0 gstpad.c:3112:gst_pad_query_caps_default:<typefind:sink> query caps caps query: 0xe915d950, GstQueryCaps, filter=(GstCaps)"NULL", caps=(GstCaps)"NULL";
06-06 22:05:26.530  4906  5039 D GStreamer+GST_CAPS: 0:00:30.361315405 0xe900d0f0 gstpad.c:3135:gst_pad_query_caps_default:<typefind:sink> trying pad template caps
06-06 22:05:26.531  4906  5039 D GStreamer+GST_CAPS: 0:00:30.361336550 0xe900d0f0 gstpad.c:3165:gst_pad_query_caps_default:<typefind:sink> using caps 0xe8e15518 ANY
06-06 22:05:26.531  4906  5039 D GStreamer+GST_PADS: 0:00:30.362517748 0xe900d0f0 gstpad.c:3367:gst_pad_query_default:<typefind:sink> not forwarding 0xe915d950 (caps) query
06-06 22:05:26.531  4906  5039 D GStreamer+GST_PADS: 0:00:30.362553634 0xe900d0f0 gstpad.c:3945:gst_pad_query:<typefind:sink> sent query 0xe915d950 (caps), result 1
06-06 22:05:26.532  4906  5039 D GStreamer+default: 0:00:30.362578946 0xe900d0f0 gstutils.c:2595:query_caps_func:<sink:proxypad0> intersect with result ANY
06-06 22:05:26.532  4906  5039 D GStreamer+default: 0:00:30.362604363 0xe900d0f0 gstutils.c:2597:query_caps_func:<sink:proxypad0> intersected ANY
06-06 22:05:26.532  4906  5039 D GStreamer+GST_PADS: 0:00:30.362632175 0xe900d0f0 gstpad.c:3367:gst_pad_query_default:<forhwgl:sink> not forwarding 0xe915d950 (caps) query
06-06 22:05:26.532  4906  5039 D GStreamer+GST_PADS: 0:00:30.362656134 0xe900d0f0 gstpad.c:3945:gst_pad_query:<forhwgl:sink> sent query 0xe915d950 (caps), result 1
06-06 22:05:26.532  4906  5039 D GStreamer+default: 0:00:30.362683165 0xe900d0f0 gstutils.c:2595:query_caps_func:<queue0:src> intersect with result ANY
06-06 22:05:26.532  4906  5039 D GStreamer+default: 0:00:30.362705717 0xe900d0f0 gstutils.c:2597:query_caps_func:<queue0:src> intersected ANY
06-06 22:05:26.532  4906  5039 D GStreamer+GST_PADS: 0:00:30.362730300 0xe900d0f0 gstpad.c:3367:gst_pad_query_default:<queue0:sink> not forwarding 0xe915d950 (caps) query
06-06 22:05:26.532  4906  5039 D GStreamer+GST_PADS: 0:00:30.362753478 0xe900d0f0 gstpad.c:3945:gst_pad_query:<queue0:sink> sent query 0xe915d950 (caps), result 1
06-06 22:05:26.532  4906  5039 D GStreamer+GST_CAPS: 0:00:30.362774936 0xe900d0f0 gstutils.c:2879:gst_pad_query_caps:<queue0:sink> query returned ANY
06-06 22:05:26.532  4906  5039 D GStreamer+GST_ELEMENT_PADS: 0:00:30.362796915 0xe900d0f0 gstutils.c:1061:gst_element_get_compatible_pad found existing unlinked compatible pad queue0:sink
06-06 22:05:26.532  4906  5039 I GStreamer+GST_PADS: 0:00:30.362817540 0xe900d0f0 gstutils.c:1446:prepare_link_maybe_ghosting q and queue0 in same bin, no need for ghost pads
06-06 22:05:26.532  4906  5039 D GStreamer+GST_BUS: 0:00:30.362849571 0xe900d0f0 gstbus.c:309:gst_bus_post:<bus2> [msg 0xe9012458] posting on bus structure-change message: 0xe9012458, time 99:99:99.999999999, seq-num 66, element 'sink', GstMessageStructureChange, type=(GstStructureChangeType)GST_STRUCTURE_CHANGE_TYPE_PAD_LINK, owner=(GstElement)"\(GstQTDemux\)\ q", busy=(boolean)true;
06-06 22:05:26.532  4906  5039 D GStreamer+bin: 0:00:30.362921290 0xe900d0f0 gstbin.c:3654:gst_bin_handle_message_func:<pipeline0> [msg 0xe9012458] handling child sink message of type structure-change
06-06 22:05:26.532  4906  5039 D GStreamer+bin: 0:00:30.362947540 0xe900d0f0 gstbin.c:911:find_message:<pipeline0> no message found matching types 00001000
06-06 22:05:26.532  4906  5039 D GStreamer+bin: 0:00:30.362966290 0xe900d0f0 gstbin.c:918:find_message:<pipeline0>   structure-change
06-06 22:05:26.532  4906  5039 D GStreamer+bin: 0:00:30.362983738 0xe900d0f0 gstbin.c:958:bin_replace_message:<pipeline0> got new message 0xe9012458, structure-change from sink
06-06 22:05:26.532  4906  5039 D GStreamer+GST_BUS: 0:00:30.363003113 0xe900d0f0 gstbus.c:344:gst_bus_post:<bus2> [msg 0xe9012458] dropped
06-06 22:05:26.532  4906  5039 I GStreamer+GST_PADS: 0:00:30.363020821 0xe900d0f0 gstpad.c:2315:gst_pad_link_prepare trying to link q:video_0 and queue0:sink
06-06 22:05:26.532  4906  5039 D GStreamer+GST_CAPS: 0:00:30.363041759 0xe900d0f0 gstutils.c:2872:gst_pad_query_caps:<q:video_0> get pad caps with filter (NULL)
06-06 22:05:26.532  4906  5039 D GStreamer+query: 0:00:30.363062905 0xe900d0f0 gstquery.c:674:gst_query_new_custom creating new query 0xe915d980 caps
06-06 22:05:26.532  4906  5039 D GStreamer+GST_PADS: 0:00:30.363081082 0xe900d0f0 gstpad.c:3922:gst_pad_query:<q:video_0> doing query 0xe915d980 (caps)
06-06 22:05:26.532  4906  5039 D GStreamer+GST_CAPS: 0:00:30.363108634 0xe900d0f0 gstpad.c:3112:gst_pad_query_caps_default:<q:video_0> query caps caps query: 0xe915d980, GstQueryCaps, filter=(GstCaps)"NULL", caps=(GstCaps)"NULL";
06-06 22:05:26.532  4906  5039 D GStreamer+GST_CAPS: 0:00:30.363145561 0xe900d0f0 gstpad.c:3129:gst_pad_query_caps_default:<q:video_0> fixed pad caps: trying pad caps
06-06 22:05:26.532  4906  5039 D GStreamer+GST_CAPS: 0:00:30.363163998 0xe900d0f0 gstpad.c:3165:gst_pad_query_caps_default:<q:video_0> using caps 0xe9194340 video/x-h264, stream-format=(string)avc, alignment=(string)au, level=(string)4, profile=(string)baseline, codec_data=(buffer)01428028ffe1000a27428028e54028016b2001000528de01ae20, width=(int)1280, height=(int)1440, framerate=(fraction)151/3, pixel-aspect-ratio=(fraction)1/1
06-06 22:05:26.532  4906  5039 D GStreamer+GST_PADS: 0:00:30.363291394 0xe900d0f0 gstpad.c:3367:gst_pad_query_default:<q:video_0> not forwarding 0xe915d980 (caps) query
06-06 22:05:26.532  4906  5039 D GStreamer+GST_PADS: 0:00:30.363336498 0xe900d0f0 gstpad.c:3945:gst_pad_query:<q:video_0> sent query 0xe915d980 (caps), result 1
06-06 22:05:26.532  4906  5039 D GStreamer+GST_CAPS: 0:00:30.363359415 0xe900d0f0 gstutils.c:2879:gst_pad_query_caps:<q:video_0> query returned video/x-h264, stream-format=(string)avc, alignment=(string)au, level=(string)4, profile=(string)baseline, codec_data=(buffer)01428028ffe1000a27428028e54028016b2001000528de01ae20, width=(int)1280, height=(int)1440, framerate=(fraction)151/3, pixel-aspect-ratio=(fraction)1/1
06-06 22:05:26.532  4906  5039 D GStreamer+GST_CAPS: 0:00:30.363464207 0xe900d0f0 gstutils.c:2872:gst_pad_query_caps:<queue0:sink> get pad caps with filter (NULL)
06-06 22:05:26.532  4906  5039 D GStreamer+query: 0:00:30.363492280 0xe900d0f0 gstquery.c:674:gst_query_new_custom creating new query 0xe915d9b0 caps
06-06 22:05:26.532  4906  5039 D GStreamer+GST_PADS: 0:00:30.363517175 0xe900d0f0 gstpad.c:3922:gst_pad_query:<queue0:sink> doing query 0xe915d9b0 (caps)
06-06 22:05:26.532  4906  5039 D GStreamer+GST_CAPS: 0:00:30.363542853 0xe900d0f0 gstpad.c:3112:gst_pad_query_caps_default:<queue0:sink> query caps caps query: 0xe915d9b0, GstQueryCaps, filter=(GstCaps)"NULL", caps=(GstCaps)"NULL";
06-06 22:05:26.533  4906  5039 D GStreamer+GST_PADS: 0:00:30.363577800 0xe900d0f0 gstutils.c:2633:gst_pad_proxy_query_caps:<queue0:sink> proxying caps query for queue0:sink
06-06 22:05:26.533  4906  5039 D GStreamer+GST_PADS: 0:00:30.363605040 0xe900d0f0 gstpad.c:2827:gst_pad_iterate_internal_links_default:<queue0:sink> Making iterator
06-06 22:05:26.533  4906  5039 D GStreamer+GST_PADS: 0:00:30.363627853 0xe900d0f0 gstpad.c:4049:gst_pad_peer_query:<queue0:src> peer query 0xe915d9b0 (caps)
06-06 22:05:26.533  4906  5039 D GStreamer+GST_PADS: 0:00:30.363671550 0xe900d0f0 gstpad.c:3922:gst_pad_query:<forhwgl:sink> doing query 0xe915d9b0 (caps)
06-06 22:05:26.533  4906  5039 D GStreamer+GST_CAPS: 0:00:30.363733373 0xe900d0f0 gstpad.c:3112:gst_pad_query_caps_default:<forhwgl:sink> query caps caps query: 0xe915d9b0, GstQueryCaps, filter=(GstCaps)"NULL", caps=(GstCaps)"NULL";
06-06 22:05:26.533  4906  5039 D GStreamer+GST_PADS: 0:00:30.363772228 0xe900d0f0 gstutils.c:2633:gst_pad_proxy_query_caps:<forhwgl:sink> proxying caps query for forhwgl:sink
06-06 22:05:26.533  4906  5039 D GStreamer+GST_PADS: 0:00:30.363807696 0xe900d0f0 gstpad.c:4049:gst_pad_peer_query:<sink:proxypad0> peer query 0xe915d9b0 (caps)
06-06 22:05:26.533  4906  5039 D GStreamer+GST_PADS: 0:00:30.363852748 0xe900d0f0 gstpad.c:3922:gst_pad_query:<typefind:sink> doing query 0xe915d9b0 (caps)
06-06 22:05:26.533  4906  5039 D GStreamer+GST_CAPS: 0:00:30.363874519 0xe900d0f0 gstpad.c:3112:gst_pad_query_caps_default:<typefind:sink> query caps caps query: 0xe915d9b0, GstQueryCaps, filter=(GstCaps)"NULL", caps=(GstCaps)"NULL";
06-06 22:05:26.533  4906  5039 D GStreamer+GST_CAPS: 0:00:30.363942957 0xe900d0f0 gstpad.c:3135:gst_pad_query_caps_default:<typefind:sink> trying pad template caps
06-06 22:05:26.533  4906  5039 D GStreamer+GST_CAPS: 0:00:30.363962123 0xe900d0f0 gstpad.c:3165:gst_pad_query_caps_default:<typefind:sink> using caps 0xe8e15518 ANY
06-06 22:05:26.533  4906  5039 D GStreamer+GST_PADS: 0:00:30.363985821 0xe900d0f0 gstpad.c:3367:gst_pad_query_default:<typefind:sink> not forwarding 0xe915d9b0 (caps) query
06-06 22:05:26.533  4906  5039 D GStreamer+GST_PADS: 0:00:30.364010769 0xe900d0f0 gstpad.c:3945:gst_pad_query:<typefind:sink> sent query 0xe915d9b0 (caps), result 1
06-06 22:05:26.536  4906  5039 D GStreamer+qtdemux: 0:00:30.366791707 0xe900d0f0 qtdemux.c:10863:gst_qtdemux_guess_bitrate:<q> checking bitrate for video/x-h264, stream-format=(string)avc, alignment=(string)au, level=(string)4, profile=(string)baseline, codec_data=(buffer)01428028ffe1000a27428028e54028016b2001000528de01ae20, width=(int)1280, height=(int)1440, framerate=(fraction)151/3, pixel-aspect-ratio=(fraction)1/1
06-06 22:05:26.536  4906  5039 D GStreamer+qtdemux: 0:00:30.366941655 0xe900d0f0 qtdemux.c:10869:gst_qtdemux_guess_bitrate:<q> max-bitrate: 0
06-06 22:05:26.536  4906  5039 D GStreamer+qtdemux: 0:00:30.366970821 0xe900d0f0 qtdemux.c:10872:gst_qtdemux_guess_bitrate:<q> nominal-bitrate: 0
06-06 22:05:26.536  4906  5039 D GStreamer+qtdemux: 0:00:30.366995717 0xe900d0f0 qtdemux.c:10875:gst_qtdemux_guess_bitrate:<q> bitrate: 16613142
06-06 22:05:26.536  4906  5039 D GStreamer+qtdemux: 0:00:30.367017488 0xe900d0f0 qtdemux.c:10895:gst_qtdemux_guess_bitrate:<q> All stream bitrates are known
06-06 22:05:26.536  4906  5039 D GStreamer+qtdemux: 0:00:30.367041498 0xe900d0f0 qtdemux.c:4251:gst_qtdemux_loop_state_header:<q> switching state to STATE_MOVIE (2)
06-06 22:05:26.536  4906  5039 D GStreamer+qtdemux: 0:00:30.367078217 0xe900d0f0 qtdemux.c:4542:gst_qtdemux_stream_update_segment:<q:video_0> new segment 0 from 0:00:00.000000000 to 0:00:07.716000000, time 0:00:00.000000000
06-06 22:05:26.536  4906  5039 D GStreamer+qtdemux: 0:00:30.367118478 0xe900d0f0 qtdemux.c:4563:gst_qtdemux_stream_update_segment:<q:video_0> New segment: time segment start=0:00:00.000000000, offset=0:00:00.000000000, stop=0:00:07.716000000, rate=1.000000, applied_rate=1.000000, flags=0x00, time=0:00:00.000000000, base=0:00:00.000000000, position 0:00:00.000000000, duration 99:99:99.999999999
06-06 22:05:26.536  4906  5039 I GStreamer+GST_EVENT: 0:00:30.367183478 0xe900d0f0 gstevent.c:760:gst_event_new_segment creating segment event time segment start=0:00:00.000000000, offset=0:00:00.000000000, stop=0:00:07.716000000, rate=1.000000, applied_rate=1.000000, flags=0x00, time=0:00:00.000000000, base=0:00:00.000000000, position 0:00:00.000000000, duration 99:99:99.999999999
06-06 22:05:26.536  4906  5039 D GStreamer+GST_EVENT: 0:00:30.367246863 0xe900d0f0 gstevent.c:302:gst_event_new_custom creating new event 0xe9191598 segment 17934
06-06 22:05:26.536  4906  5039 D GStreamer+GST_PADS: 0:00:30.367280405 0xe900d0f0 gstpad.c:3853:check_sticky:<q:video_0> pushing all sticky events
06-06 22:05:26.536  4906  5039 D GStreamer+GST_EVENT: 0:00:30.367303009 0xe900d0f0 gstpad.c:5536:gst_pad_send_event_unchecked:<queue0:sink> have event type stream-start event: 0xe91914c0, time 99:99:99.999999999, seq-num 64, GstEventStreamStart, stream-id=(string)f053c058b440b43524b277045893b30df4e765b8d037f3d09e4ccd970feb850c/001, flags=(GstStreamFlags)GST_STREAM_FLAG_NONE, group-id=(uint)0;
06-06 22:05:26.536  4906  5039 D GStreamer+GST_PADS: 0:00:30.367386446 0xe900d0f0 gstpad.c:5609:gst_pad_send_event_unchecked:<queue0:sink> sent event, ret ok
06-06 22:05:26.536  4906  5038 D GStreamer+queue_dataflow: 0:00:30.367402175 0xe900d090 gstqueue.c:1500:gst_queue_loop:<queue0> queue is not empty
06-06 22:05:26.536  4906  5039 D GStreamer+GST_PADS: 0:00:30.367414207 0xe900d0f0 gstpad.c:3805:push_sticky:<q:video_0> event stream-start marked received
06-06 22:05:26.536  4906  5038 D GStreamer+GST_PADS: 0:00:30.367472019 0xe900d090 gstpad.c:3853:check_sticky:<queue0:src> pushing all sticky events
06-06 22:05:26.536  4906  5038 D GStreamer+GST_EVENT: 0:00:30.367503530 0xe900d090 gstpad.c:5536:gst_pad_send_event_unchecked:<forhwgl:sink> have event type stream-start event: 0xe91914c0, time 99:99:99.999999999, seq-num 64, GstEventStreamStart, stream-id=(string)f053c058b440b43524b277045893b30df4e765b8d037f3d09e4ccd970feb850c/001, flags=(GstStreamFlags)GST_STREAM_FLAG_NONE, group-id=(uint)0;
06-06 22:05:26.537  4906  5038 D GStreamer+GST_PADS: 0:00:30.367603061 0xe900d090 gstpad.c:3853:check_sticky:<sink:proxypad0> pushing all sticky events
06-06 22:05:26.537  4906  5038 D GStreamer+GST_EVENT: 0:00:30.367629103 0xe900d090 gstpad.c:5536:gst_pad_send_event_unchecked:<typefind:sink> have event type stream-start event: 0xe91914c0, time 99:99:99.999999999, seq-num 64, GstEventStreamStart, stream-id=(string)f053c058b440b43524b277045893b30df4e765b8d037f3d09e4ccd970feb850c/001, flags=(GstStreamFlags)GST_STREAM_FLAG_NONE, group-id=(uint)0;
06-06 22:05:26.537  4906  5038 D GStreamer+typefind: 0:00:30.367706446 0xe900d090 gsttypefindelement.c:665:gst_type_find_element_sink_event:<typefind> got stream-start event in mode 1
06-06 22:05:26.537  4906  5038 D GStreamer+GST_PADS: 0:00:30.367737436 0xe900d090 gstpad.c:3853:check_sticky:<typefind:src> pushing all sticky events
06-06 22:05:26.537  4906  5038 D GStreamer+GST_PADS: 0:00:30.367757175 0xe900d090 gstpad.c:5306:gst_pad_push_event_unchecked:<typefind:src> Dropping event stream-start because pad is not linked
06-06 22:05:26.537  4906  5038 D GStreamer+GST_PADS: 0:00:30.367778998 0xe900d090 gstpad.c:3824:push_sticky:<typefind:src> pad was not linked, mark pending
06-06 22:05:26.537  4906  5039 D GStreamer+GST_EVENT: 0:00:30.367462905 0xe900d0f0 gstpad.c:5536:gst_pad_send_event_unchecked:<queue0:sink> have event type caps event: 0xe9191508, time 99:99:99.999999999, seq-num 65, GstEventCaps, caps=(GstCaps)"video/x-h264\,\ stream-format\=\(string\)avc\,\ alignment\=\(string\)au\,\ level\=\(string\)4\,\ profile\=\(string\)baseline\,\ codec_data\=\(buffer\)01428028ffe1000a27428028e54028016b2001000528de01ae20\,\ width\=\(int\)1280\,\ height\=\(int\)1440\,\ framerate\=\(fraction\)151/3\,\ pixel-aspect-ratio\=\(fraction\)1/1";
06-06 22:05:26.537  4906  5038 D GStreamer+GST_PADS: 0:00:30.367804884 0xe900d090 gstpad.c:5609:gst_pad_send_event_unchecked:<typefind:sink> sent event, ret ok
06-06 22:05:26.537  4906  5038 D GStreamer+GST_PADS: 0:00:30.367827228 0xe900d090 gstpad.c:3805:push_sticky:<sink:proxypad0> event stream-start marked received
06-06 22:05:26.537  4906  5039 D GStreamer+GST_CAPS: 0:00:30.367808113 0xe900d0f0 gstutils.c:2955:gst_pad_query_accept_caps:<queue0:sink> accept caps of video/x-h264, stream-format=(string)avc, alignment=(string)au, level=(string)4, profile=(string)baseline, codec_data=(buffer)01428028ffe1000a27428028e54028016b2001000528de01ae20, width=(int)1280, height=(int)1440, framerate=(fraction)151/3, pixel-aspect-ratio=(fraction)1/1
06-06 22:05:26.537  4906  5038 D GStreamer+GST_PADS: 0:00:30.367853269 0xe900d090 gstpad.c:5609:gst_pad_send_event_unchecked:<forhwgl:sink> sent event, ret ok
06-06 22:05:26.537  4906  5038 D GStreamer+GST_PADS: 0:00:30.367880405 0xe900d090 gstpad.c:3805:push_sticky:<queue0:src> event stream-start marked received
06-06 22:05:26.537  4906  5039 D GStreamer+query: 0:00:30.367882488 0xe900d0f0 gstquery.c:674:gst_query_new_custom creating new query 0xe92fd430 accept-caps
06-06 22:05:26.537  4906  5038 D GStreamer+queue_dataflow: 0:00:30.367913946 0xe900d090 gstqueue.c:1488:gst_queue_loop:<queue0> queue is empty
06-06 22:05:26.537  4906  5039 D GStreamer+GST_PADS: 0:00:30.367914832 0xe900d0f0 gstpad.c:3922:gst_pad_query:<queue0:sink> doing query 0xe92fd430 (accept-caps)
06-06 22:05:26.537  4906  5039 D GStreamer+GST_PADS: 0:00:30.367945196 0xe900d0f0 gstpad.c:3059:gst_pad_query_accept_caps_default:<queue0:sink> query accept-caps accept-caps query: 0xe92fd430, GstQueryAcceptCaps, caps=(GstCaps)"video/x-h264\,\ stream-format\=\(string\)avc\,\ alignment\=\(string\)au\,\ level\=\(string\)4\,\ profile\=\(string\)baseline\,\ codec_data\=\(buffer\)01428028ffe1000a27428028e54028016b2001000528de01ae20\,\ width\=\(int\)1280\,\ height\=\(int\)1440\,\ framerate\=\(fraction\)151/3\,\ pixel-aspect-ratio\=\(fraction\)1/1", result=(boolean)false;
06-06 22:05:26.537  4906  5039 D GStreamer+GST_PADS: 0:00:30.368030092 0xe900d0f0 gstutils.c:2564:gst_pad_proxy_query_accept_caps:<queue0:sink> proxying accept caps query for queue0:sink
06-06 22:05:26.537  4906  5039 D GStreamer+GST_PADS: 0:00:30.368055300 0xe900d0f0 gstpad.c:2827:gst_pad_iterate_internal_links_default:<queue0:sink> Making iterator
06-06 22:05:26.537  4906  5039 D GStreamer+GST_PADS: 0:00:30.368079728 0xe900d0f0 gstpad.c:4049:gst_pad_peer_query:<queue0:src> peer query 0xe92fd430 (accept-caps)
06-06 22:05:26.537  4906  5039 D GStreamer+GST_PADS: 0:00:30.368102905 0xe900d0f0 gstpad.c:3922:gst_pad_query:<forhwgl:sink> doing query 0xe92fd430 (accept-caps)
06-06 22:05:26.537  4906  5039 D GStreamer+GST_PADS: 0:00:30.368125040 0xe900d0f0 gstpad.c:3059:gst_pad_query_accept_caps_default:<forhwgl:sink> query accept-caps accept-caps query: 0xe92fd430, GstQueryAcceptCaps, caps=(GstCaps)"video/x-h264\,\ stream-format\=\(string\)avc\,\ alignment\=\(string\)au\,\ level\=\(string\)4\,\ profile\=\(string\)baseline\,\ codec_data\=\(buffer\)01428028ffe1000a27428028e54028016b2001000528de01ae20\,\ width\=\(int\)1280\,\ height\=\(int\)1440\,\ framerate\=\(fraction\)151/3\,\ pixel-aspect-ratio\=\(fraction\)1/1", result=(boolean)false;
06-06 22:05:26.537  4906  5039 D GStreamer+GST_PADS: 0:00:30.368198582 0xe900d0f0 gstutils.c:2564:gst_pad_proxy_query_accept_caps:<forhwgl:sink> proxying accept caps query for forhwgl:sink
06-06 22:05:26.537  4906  5039 D GStreamer+GST_PADS: 0:00:30.368225613 0xe900d0f0 gstpad.c:4049:gst_pad_peer_query:<sink:proxypad0> peer query 0xe92fd430 (accept-caps)
06-06 22:05:26.537  4906  5039 D GStreamer+GST_PADS: 0:00:30.368249832 0xe900d0f0 gstpad.c:3922:gst_pad_query:<typefind:sink> doing query 0xe92fd430 (accept-caps)
06-06 22:05:26.537  4906  5039 D GStreamer+GST_PADS: 0:00:30.368271915 0xe900d0f0 gstpad.c:3059:gst_pad_query_accept_caps_default:<typefind:sink> query accept-caps accept-caps query: 0xe92fd430, GstQueryAcceptCaps, caps=(GstCaps)"video/x-h264\,\ stream-format\=\(string\)avc\,\ alignment\=\(string\)au\,\ level\=\(string\)4\,\ profile\=\(string\)baseline\,\ codec_data\=\(buffer\)01428028ffe1000a27428028e54028016b2001000528de01ae20\,\ width\=\(int\)1280\,\ height\=\(int\)1440\,\ framerate\=\(fraction\)151/3\,\ pixel-aspect-ratio\=\(fraction\)1/1", result=(boolean)false;
06-06 22:05:26.537  4906  5039 D GStreamer+GST_PERFORMANCE: 0:00:30.368346603 0xe900d0f0 gstpad.c:3074:gst_pad_query_accept_caps_default:<typefind:sink> fallback ACCEPT_CAPS query, consider implementing a specialized version
06-06 22:05:26.537  4906  5039 D GStreamer+GST_CAPS: 0:00:30.368370821 0xe900d0f0 gstutils.c:2872:gst_pad_query_caps:<typefind:sink> get pad caps with filter video/x-h264, stream-format=(string)avc, alignment=(string)au, level=(string)4, profile=(string)baseline, codec_data=(buffer)01428028ffe1000a27428028e54028016b2001000528de01ae20, width=(int)1280, height=(int)1440, framerate=(fraction)151/3, pixel-aspect-ratio=(fraction)1/1
06-06 22:05:26.537  4906  5039 D GStreamer+query: 0:00:30.368463946 0xe900d0f0 gstquery.c:674:gst_query_new_custom creating new query 0xe92fd460 caps
06-06 22:05:26.537  4906  5039 D GStreamer+GST_PADS: 0:00:30.368486603 0xe900d0f0 gstpad.c:3922:gst_pad_query:<typefind:sink> doing query 0xe92fd460 (caps)
06-06 22:05:26.537  4906  5039 D GStreamer+GST_CAPS: 0:00:30.368508321 0xe900d0f0 gstpad.c:3112:gst_pad_query_caps_default:<typefind:sink> query caps caps query: 0xe92fd460, GstQueryCaps, filter=(GstCaps)"video/x-h264\,\ stream-format\=\(string\)avc\,\ alignment\=\(string\)au\,\ level\=\(string\)4\,\ profile\=\(string\)baseline\,\ codec_data\=\(buffer\)01428028ffe1000a27428028e54028016b2001000528de01ae20\,\ width\=\(int\)1280\,\ height\=\(int\)1440\,\ framerate\=\(fraction\)151/3\,\ pixel-aspect-ratio\=\(fraction\)1/1", caps=(GstCaps)"NULL";
06-06 22:05:26.538  4906  5039 D GStreamer+GST_CAPS: 0:00:30.368577384 0xe900d0f0 gstpad.c:3135:gst_pad_query_caps_default:<typefind:sink> trying pad template caps
06-06 22:05:26.538  4906  5039 D GStreamer+GST_CAPS: 0:00:30.368596811 0xe900d0f0 gstpad.c:3159:gst_pad_query_caps_default:<typefind:sink> using caps 0xe8e15518 ANY with filter 0xe9194340 video/x-h264, stream-format=(string)avc, alignment=(string)au, level=(string)4, profile=(string)baseline, codec_data=(buffer)01428028ffe1000a27428028e54028016b2001000528de01ae20, width=(int)1280, height=(int)1440, framerate=(fraction)151/3, pixel-aspect-ratio=(fraction)1/1
06-06 22:05:26.538  4906  5039 D GStreamer+GST_CAPS: 0:00:30.368655717 0xe900d0f0 gstpad.c:3162:gst_pad_query_caps_default:<typefind:sink> result 0xe9194340 video/x-h264, stream-format=(string)avc, alignment=(string)au, level=(string)4, profile=(string)baseline, codec_data=(buffer)01428028ffe1000a27428028e54028016b2001000528de01ae20, width=(int)1280, height=(int)1440, framerate=(fraction)151/3, pixel-aspect-ratio=(fraction)1/1
06-06 22:05:26.538  4906  5039 D GStreamer+GST_PADS: 0:00:30.368713686 0xe900d0f0 gstpad.c:3367:gst_pad_query_default:<typefind:sink> not forwarding 0xe92fd460 (caps) query
06-06 22:05:26.538  4906  5039 D GStreamer+GST_PADS: 0:00:30.368737696 0xe900d0f0 gstpad.c:3945:gst_pad_query:<typefind:sink> sent query 0xe92fd460 (caps), result 1
06-06 22:05:26.538  4906  5039 D GStreamer+GST_CAPS: 0:00:30.368761707 0xe900d0f0 gstutils.c:2879:gst_pad_query_caps:<typefind:sink> query returned video/x-h264, stream-format=(string)avc, alignment=(string)au, level=(string)4, profile=(string)baseline, codec_data=(buffer)01428028ffe1000a27428028e54028016b2001000528de01ae20, width=(int)1280, height=(int)1440, framerate=(fraction)151/3, pixel-aspect-ratio=(fraction)1/1
06-06 22:05:26.538  4906  5039 D GStreamer+GST_PADS: 0:00:30.368818373 0xe900d0f0 gstpad.c:3089:gst_pad_query_accept_caps_default:<typefind:sink> allowed caps subset video/x-h264, stream-format=(string)avc, alignment=(string)au, level=(string)4, profile=(string)baseline, codec_data=(buffer)01428028ffe1000a27428028e54028016b2001000528de01ae20, width=(int)1280, height=(int)1440, framerate=(fraction)151/3, pixel-aspect-ratio=(fraction)1/1, caps video/x-h264, stream-format=(string)avc, alignment=(string)au, level=(string)4, profile=(string)baseline, codec_data=(buffer)01428028ffe1000a27428028e54028016b2001000528de01ae20, width=(int)1280, height=(int)1440, framerate=(fraction)151/3, pixel-aspect-ratio=(fraction)1/1
06-06 22:05:26.538  4906  5039 D GStreamer+GST_PADS: 0:00:30.368905457 0xe900d0f0 gstpad.c:3367:gst_pad_query_default:<typefind:sink> not forwarding 0xe92fd430 (accept-caps) query
06-06 22:05:26.538  4906  5039 D GStreamer+GST_PADS: 0:00:30.368929728 0xe900d0f0 gstpad.c:3945:gst_pad_query:<typefind:sink> sent query 0xe92fd430 (accept-caps), result 1
06-06 22:05:26.538  4906  5039 D GStreamer+GST_PADS: 0:00:30.368956707 0xe900d0f0 gstutils.c:2575:gst_pad_proxy_query_accept_caps:<forhwgl:sink> proxying accept caps query: 1
06-06 22:05:26.538  4906  5039 D GStreamer+GST_PADS: 0:00:30.368980405 0xe900d0f0 gstpad.c:3089:gst_pad_query_accept_caps_default:<forhwgl:sink> allowed caps subset ANY, caps video/x-h264, stream-format=(string)avc, alignment=(string)au, level=(string)4, profile=(string)baseline, codec_data=(buffer)01428028ffe1000a27428028e54028016b2001000528de01ae20, width=(int)1280, height=(int)1440, framerate=(fraction)151/3, pixel-aspect-ratio=(fraction)1/1
06-06 22:05:26.538  4906  5039 D GStreamer+GST_PADS: 0:00:30.369036811 0xe900d0f0 gstpad.c:3367:gst_pad_query_default:<forhwgl:sink> not forwarding 0xe92fd430 (accept-caps) query
06-06 22:05:26.538  4906  5039 D GStreamer+GST_PADS: 0:00:30.369060300 0xe900d0f0 gstpad.c:3945:gst_pad_query:<forhwgl:sink> sent query 0xe92fd430 (accept-caps), result 1
06-06 22:05:26.538  4906  5039 D GStreamer+GST_PADS: 0:00:30.369086290 0xe900d0f0 gstutils.c:2575:gst_pad_proxy_query_accept_caps:<queue0:sink> proxying accept caps query: 1
06-06 22:05:26.538  4906  5039 D GStreamer+GST_PADS: 0:00:30.369108842 0xe900d0f0 gstpad.c:3089:gst_pad_query_accept_caps_default:<queue0:sink> allowed caps subset ANY, caps video/x-h264, stream-format=(string)avc, alignment=(string)au, level=(string)4, profile=(string)baseline, codec_data=(buffer)01428028ffe1000a27428028e54028016b2001000528de01ae20, width=(int)1280, height=(int)1440, framerate=(fraction)151/3, pixel-aspect-ratio=(fraction)1/1
06-06 22:05:26.538  4906  5039 D GStreamer+GST_PADS: 0:00:30.369166342 0xe900d0f0 gstpad.c:3367:gst_pad_query_default:<queue0:sink> not forwarding 0xe92fd430 (accept-caps) query
06-06 22:05:26.538  4906  5039 D GStreamer+GST_PADS: 0:00:30.369189884 0xe900d0f0 gstpad.c:3945:gst_pad_query:<queue0:sink> sent query 0xe92fd430 (accept-caps), result 1
06-06 22:05:26.538  4906  5039 D GStreamer+default: 0:00:30.369213634 0xe900d0f0 gstutils.c:2960:gst_pad_query_accept_caps:<queue0:sink> query returned 1
06-06 22:05:26.538  4906  5039 D GStreamer+GST_PADS: 0:00:30.369245665 0xe900d0f0 gstpad.c:5609:gst_pad_send_event_unchecked:<queue0:sink> sent event, ret ok
06-06 22:05:26.538  4906  5039 D GStreamer+GST_PADS: 0:00:30.369273634 0xe900d0f0 gstpad.c:5093:store_sticky_event:<queue0:sink> notify caps
06-06 22:05:26.538  4906  5038 D GStreamer+queue_dataflow: 0:00:30.369258894 0xe900d090 gstqueue.c:1500:gst_queue_loop:<queue0> queue is not empty
06-06 22:05:26.538  4906  5038 D GStreamer+GST_PADS: 0:00:30.369314623 0xe900d090 gstpad.c:5093:store_sticky_event:<queue0:src> notify caps
06-06 22:05:26.538  4906  5039 D GStreamer+GST_PADS: 0:00:30.369318373 0xe900d0f0 gstpad.c:3805:push_sticky:<q:video_0> event caps marked received
06-06 22:05:26.538  4906  5038 D GStreamer+GST_PADS: 0:00:30.369342228 0xe900d090 gstpad.c:3853:check_sticky:<queue0:src> pushing all sticky events
06-06 22:05:26.538  4906  5038 D GStreamer+GST_PADS: 0:00:30.369363217 0xe900d090 gstpad.c:3785:push_sticky:<queue0:src> event stream-start was already received
06-06 22:05:26.538  4906  5038 D GStreamer+GST_EVENT: 0:00:30.369393530 0xe900d090 gstpad.c:5536:gst_pad_send_event_unchecked:<forhwgl:sink> have event type caps event: 0xe9191508, time 99:99:99.999999999, seq-num 65, GstEventCaps, caps=(GstCaps)"video/x-h264\,\ stream-format\=\(string\)avc\,\ alignment\=\(string\)au\,\ level\=\(string\)4\,\ profile\=\(string\)baseline\,\ codec_data\=\(buffer\)01428028ffe1000a27428028e54028016b2001000528de01ae20\,\ width\=\(int\)1280\,\ height\=\(int\)1440\,\ framerate\=\(fraction\)151/3\,\ pixel-aspect-ratio\=\(fraction\)1/1";
06-06 22:05:26.538  4906  5039 D GStreamer+GST_EVENT: 0:00:30.369345717 0xe900d0f0 gstpad.c:5536:gst_pad_send_event_unchecked:<queue0:sink> have event type segment event: 0xe9191598, time 99:99:99.999999999, seq-num 69, GstEventSegment, segment=(GstSegment)"GstSegment, flags=(GstSegmentFlags)GST_SEGMENT_FLAG_NONE, rate=(double)1, applied-rate=(double)1, format=(GstFormat)GST_FORMAT_TIME, base=(guint64)0, offset=(guint64)0, start=(guint64)0, stop=(guint64)7716000000, time=(guint64)0, position=(guint64)0, duration=(guint64)18446744073709551615;";
06-06 22:05:26.539  4906  5038 D GStreamer+GST_CAPS: 0:00:30.369524728 0xe900d090 gstutils.c:2955:gst_pad_query_accept_caps:<forhwgl:sink> accept caps of video/x-h264, stream-format=(string)avc, alignment=(string)au, level=(string)4, profile=(string)baseline, codec_data=(buffer)01428028ffe1000a27428028e54028016b2001000528de01ae20, width=(int)1280, height=(int)1440, framerate=(fraction)151/3, pixel-aspect-ratio=(fraction)1/1
06-06 22:05:26.539  4906  5039 D GStreamer+queue: 0:00:30.369531134 0xe900d0f0 gstqueue.c:578:apply_segment:<queue0> configured SEGMENT time segment start=0:00:00.000000000, offset=0:00:00.000000000, stop=0:00:07.716000000, rate=1.000000, applied_rate=1.000000, flags=0x00, time=0:00:00.000000000, base=0:00:00.000000000, position 0:00:00.000000000, duration 99:99:99.999999999
06-06 22:05:26.539  4906  5038 D GStreamer+query: 0:00:30.369612957 0xe900d090 gstquery.c:674:gst_query_new_custom creating new query 0xe92fd920 accept-caps
06-06 22:05:26.539  4906  5038 D GStreamer+GST_PADS: 0:00:30.369650144 0xe900d090 gstpad.c:3922:gst_pad_query:<forhwgl:sink> doing query 0xe92fd920 (accept-caps)
06-06 22:05:26.539  4906  5039 D GStreamer+queue: 0:00:30.369612488 0xe900d0f0 gstqueue.c:578:apply_segment:<queue0> configured SEGMENT time segment start=0:00:00.000000000, offset=0:00:00.000000000, stop=0:00:07.716000000, rate=1.000000, applied_rate=1.000000, flags=0x00, time=0:00:00.000000000, base=0:00:00.000000000, position 0:00:00.000000000, duration 99:99:99.999999999
06-06 22:05:26.539  4906  5039 D GStreamer+GST_PADS: 0:00:30.369678842 0xe900d0f0 gstpad.c:5609:gst_pad_send_event_unchecked:<queue0:sink> sent event, ret ok
06-06 22:05:26.539  4906  5039 D GStreamer+GST_PADS: 0:00:30.369708530 0xe900d0f0 gstpad.c:3805:push_sticky:<q:video_0> event segment marked received
06-06 22:05:26.539  4906  5038 D GStreamer+GST_PADS: 0:00:30.369673842 0xe900d090 gstpad.c:3059:gst_pad_query_accept_caps_default:<forhwgl:sink> query accept-caps accept-caps query: 0xe92fd920, GstQueryAcceptCaps, caps=(GstCaps)"video/x-h264\,\ stream-format\=\(string\)avc\,\ alignment\=\(string\)au\,\ level\=\(string\)4\,\ profile\=\(string\)baseline\,\ codec_data\=\(buffer\)01428028ffe1000a27428028e54028016b2001000528de01ae20\,\ width\=\(int\)1280\,\ height\=\(int\)1440\,\ framerate\=\(fraction\)151/3\,\ pixel-aspect-ratio\=\(fraction\)1/1", result=(boolean)false;
06-06 22:05:26.539  4906  5039 D GStreamer+qtdemux: 0:00:30.369735978 0xe900d0f0 qtdemux.c:940:gst_qtdemux_push_tags:<q> Checking pad q:video_0 for tags
06-06 22:05:26.539  4906  5038 D GStreamer+GST_PADS: 0:00:30.369767644 0xe900d090 gstutils.c:2564:gst_pad_proxy_query_accept_caps:<forhwgl:sink> proxying accept caps query for forhwgl:sink
06-06 22:05:26.539  4906  5039 D GStreamer+qtdemux: 0:00:30.369769571 0xe900d0f0 qtdemux.c:944:gst_qtdemux_push_tags:<q> Sending tags taglist, video-codec=(string)"H.264\ /\ AVC", bitrate=(uint)16613142, language-code=(string)en;
06-06 22:05:26.539  4906  5038 D GStreamer+GST_PADS: 0:00:30.369807384 0xe900d090 gstpad.c:4049:gst_pad_peer_query:<sink:proxypad0> peer query 0xe92fd920 (accept-caps)
06-06 22:05:26.539  4906  5039 D GStreamer+GST_EVENT: 0:00:30.369826655 0xe900d0f0 gstevent.c:302:gst_event_new_custom creating new event 0xe91915e0 tag 20510
06-06 22:05:26.539  4906  5038 D GStreamer+GST_PADS: 0:00:30.369834050 0xe900d090 gstpad.c:3922:gst_pad_query:<typefind:sink> doing query 0xe92fd920 (accept-caps)
06-06 22:05:26.539  4906  5039 D GStreamer+GST_PADS: 0:00:30.369861759 0xe900d0f0 gstpad.c:3853:check_sticky:<q:video_0> pushing all sticky events
06-06 22:05:26.539  4906  5039 D GStreamer+GST_PADS: 0:00:30.369894519 0xe900d0f0 gstpad.c:3785:push_sticky:<q:video_0> event stream-start was already received
06-06 22:05:26.539  4906  5039 D GStreamer+GST_PADS: 0:00:30.369917123 0xe900d0f0 gstpad.c:3785:push_sticky:<q:video_0> event caps was already received
06-06 22:05:26.539  4906  5038 D GStreamer+GST_PADS: 0:00:30.369861082 0xe900d090 gstpad.c:3059:gst_pad_query_accept_caps_default:<typefind:sink> query accept-caps accept-caps query: 0xe92fd920, GstQueryAcceptCaps, caps=(GstCaps)"video/x-h264\,\ stream-format\=\(string\)avc\,\ alignment\=\(string\)au\,\ level\=\(string\)4\,\ profile\=\(string\)baseline\,\ codec_data\=\(buffer\)01428028ffe1000a27428028e54028016b2001000528de01ae20\,\ width\=\(int\)1280\,\ height\=\(int\)1440\,\ framerate\=\(fraction\)151/3\,\ pixel-aspect-ratio\=\(fraction\)1/1", result=(boolean)false;
06-06 22:05:26.539  4906  5039 D GStreamer+GST_PADS: 0:00:30.369950978 0xe900d0f0 gstpad.c:3785:push_sticky:<q:video_0> event segment was already received
06-06 22:05:26.539  4906  5038 D GStreamer+GST_PERFORMANCE: 0:00:30.369964050 0xe900d090 gstpad.c:3074:gst_pad_query_accept_caps_default:<typefind:sink> fallback ACCEPT_CAPS query, consider implementing a specialized version
06-06 22:05:26.539  4906  5039 D GStreamer+GST_EVENT: 0:00:30.369972488 0xe900d0f0 gstpad.c:5536:gst_pad_send_event_unchecked:<queue0:sink> have event type tag event: 0xe91915e0, time 99:99:99.999999999, seq-num 70, GstTagList-stream, taglist=(taglist)"taglist\,\ video-codec\=\(string\)\"H.264\\\ /\\\ AVC\"\,\ bitrate\=\(uint\)16613142\,\ language-code\=\(string\)en\;";
06-06 22:05:26.539  4906  5038 D GStreamer+GST_CAPS: 0:00:30.369989259 0xe900d090 gstutils.c:2872:gst_pad_query_caps:<typefind:sink> get pad caps with filter video/x-h264, stream-format=(string)avc, alignment=(string)au, level=(string)4, profile=(string)baseline, codec_data=(buffer)01428028ffe1000a27428028e54028016b2001000528de01ae20, width=(int)1280, height=(int)1440, framerate=(fraction)151/3, pixel-aspect-ratio=(fraction)1/1
06-06 22:05:26.539  4906  5039 D GStreamer+GST_PADS: 0:00:30.370029519 0xe900d0f0 gstpad.c:5609:gst_pad_send_event_unchecked:<queue0:sink> sent event, ret ok
06-06 22:05:26.539  4906  5039 D GStreamer+GST_PADS: 0:00:30.370058478 0xe900d0f0 gstpad.c:3805:push_sticky:<q:video_0> event tag marked received
06-06 22:05:26.539  4906  5038 D GStreamer+query: 0:00:30.370065561 0xe900d090 gstquery.c:674:gst_query_new_custom creating new query 0xe92fd950 caps
06-06 22:05:26.539  4906  5038 D GStreamer+GST_PADS: 0:00:30.370089259 0xe900d090 gstpad.c:3922:gst_pad_query:<typefind:sink> doing query 0xe92fd950 (caps)
06-06 22:05:26.539  4906  5039 D GStreamer+qtdemux: 0:00:30.370084832 0xe900d0f0 qtdemux.c:952:gst_qtdemux_push_tags:<q> Sending global tags taglist, datetime=(datetime)2016-05-10T02:45:45Z, container-format=(string)"ISO\ MP4/M4A";
06-06 22:05:26.539  4906  5039 D GStreamer+GST_EVENT: 0:00:30.370147800 0xe900d0f0 gstevent.c:302:gst_event_new_custom creating new event 0xe9191628 tag 20510
06-06 22:05:26.539  4906  5038 D GStreamer+GST_CAPS: 0:00:30.370115144 0xe900d090 gstpad.c:3112:gst_pad_query_caps_default:<typefind:sink> query caps caps query: 0xe92fd950, GstQueryCaps, filter=(GstCaps)"video/x-h264\,\ stream-format\=\(string\)avc\,\ alignment\=\(string\)au\,\ level\=\(string\)4\,\ profile\=\(string\)baseline\,\ codec_data\=\(buffer\)01428028ffe1000a27428028e54028016b2001000528de01ae20\,\ width\=\(int\)1280\,\ height\=\(int\)1440\,\ framerate\=\(fraction\)151/3\,\ pixel-aspect-ratio\=\(fraction\)1/1", caps=(GstCaps)"NULL";
06-06 22:05:26.539  4906  5039 D GStreamer+GST_PADS: 0:00:30.370177957 0xe900d0f0 gstpad.c:3853:check_sticky:<q:video_0> pushing all sticky events
06-06 22:05:26.539  4906  5038 D GStreamer+GST_CAPS: 0:00:30.370193009 0xe900d090 gstpad.c:3135:gst_pad_query_caps_default:<typefind:sink> trying pad template caps
06-06 22:05:26.539  4906  5039 D GStreamer+GST_PADS: 0:00:30.370196655 0xe900d0f0 gstpad.c:3785:push_sticky:<q:video_0> event stream-start was already received
06-06 22:05:26.539  4906  5039 D GStreamer+GST_PADS: 0:00:30.370220092 0xe900d0f0 gstpad.c:3785:push_sticky:<q:video_0> event caps was already received
06-06 22:05:26.539  4906  5039 D GStreamer+GST_PADS: 0:00:30.370244780 0xe900d0f0 gstpad.c:3785:push_sticky:<q:video_0> event segment was already received
06-06 22:05:26.539  4906  5038 D GStreamer+GST_CAPS: 0:00:30.370217957 0xe900d090 gstpad.c:3159:gst_pad_query_caps_default:<typefind:sink> using caps 0xe8e15518 ANY with filter 0xe9194340 video/x-h264, stream-format=(string)avc, alignment=(string)au, level=(string)4, profile=(string)baseline, codec_data=(buffer)01428028ffe1000a27428028e54028016b2001000528de01ae20, width=(int)1280, height=(int)1440, framerate=(fraction)151/3, pixel-aspect-ratio=(fraction)1/1
06-06 22:05:26.539  4906  5039 D GStreamer+GST_PADS: 0:00:30.370265457 0xe900d0f0 gstpad.c:3785:push_sticky:<q:video_0> event tag was already received
06-06 22:05:26.539  4906  5038 D GStreamer+GST_CAPS: 0:00:30.370287384 0xe900d090 gstpad.c:3162:gst_pad_query_caps_default:<typefind:sink> result 0xe9194340 video/x-h264, stream-format=(string)avc, alignment=(string)au, level=(string)4, profile=(string)baseline, codec_data=(buffer)01428028ffe1000a27428028e54028016b2001000528de01ae20, width=(int)1280, height=(int)1440, framerate=(fraction)151/3, pixel-aspect-ratio=(fraction)1/1
06-06 22:05:26.539  4906  5039 D GStreamer+GST_EVENT: 0:00:30.370291446 0xe900d0f0 gstpad.c:5536:gst_pad_send_event_unchecked:<queue0:sink> have event type tag event: 0xe9191628, time 99:99:99.999999999, seq-num 71, GstTagList-global, taglist=(taglist)"taglist\,\ datetime\=\(datetime\)2016-05-10T02:45:45Z\,\ container-format\=\(string\)\"ISO\\\ MP4/M4A\"\;";
06-06 22:05:26.539  4906  5038 D GStreamer+GST_PADS: 0:00:30.370356915 0xe900d090 gstpad.c:3367:gst_pad_query_default:<typefind:sink> not forwarding 0xe92fd950 (caps) query
06-06 22:05:26.539  4906  5039 D GStreamer+GST_PADS: 0:00:30.370366342 0xe900d0f0 gstpad.c:5609:gst_pad_send_event_unchecked:<queue0:sink> sent event, ret ok
06-06 22:05:26.539  4906  5039 D GStreamer+GST_PADS: 0:00:30.370387957 0xe900d0f0 gstpad.c:3805:push_sticky:<q:video_0> event tag marked received
06-06 22:05:26.539  4906  5038 D GStreamer+GST_PADS: 0:00:30.370383790 0xe900d090 gstpad.c:3945:gst_pad_query:<typefind:sink> sent query 0xe92fd950 (caps), result 1
06-06 22:05:26.539  4906  5039 D GStreamer+qtdemux: 0:00:30.370434050 0xe900d0f0 qtdemux.c:4633:gst_qtdemux_activate_segment:<q:video_0> moving data pointer to 0:00:00.000000000, index: 0, pts 0:00:00.000000000
06-06 22:05:26.539  4906  5038 D GStreamer+GST_CAPS: 0:00:30.370412696 0xe900d090 gstutils.c:2879:gst_pad_query_caps:<typefind:sink> query returned video/x-h264, stream-format=(string)avc, alignment=(string)au, level=(string)4, profile=(string)baseline, codec_data=(buffer)01428028ffe1000a27428028e54028016b2001000528de01ae20, width=(int)1280, height=(int)1440, framerate=(fraction)151/3, pixel-aspect-ratio=(fraction)1/1
06-06 22:05:26.539  4906  5039 D GStreamer+qtdemux: 0:00:30.370479311 0xe900d0f0 qtdemux.c:1176:gst_qtdemux_find_keyframe:<q> searching for keyframe index before index 0 gave 0
06-06 22:05:26.539  4906  5039 D GStreamer+qtdemux: 0:00:30.370508998 0xe900d0f0 qtdemux.c:4686:gst_qtdemux_activate_segment:<q:video_0> moving backwards to keyframe at 0 (pts 0:00:00.000000000 dts 0:00:00.000000000 )
06-06 22:05:26.539  4906  5039 D GStreamer+qtdemux: 0:00:30.370543842 0xe900d0f0 qtdemux.c:1234:gst_qtdemux_move_stream:<q> moving to sample 0 of 387
06-06 22:05:26.540  4906  5038 D GStreamer+GST_PADS: 0:00:30.370505717 0xe900d090 gstpad.c:3089:gst_pad_query_accept_caps_default:<typefind:sink> allowed caps subset video/x-h264, stream-format=(string)avc, alignment=(string)au, level=(string)4, profile=(string)baseline, codec_data=(buffer)01428028ffe1000a27428028e54028016b2001000528de01ae20, width=(int)1280, height=(int)1440, framerate=(fraction)151/3, pixel-aspect-ratio=(fraction)1/1, caps video/x-h264, stream-format=(string)avc, alignment=(string)au, level=(string)4, profile=(string)baseline, codec_data=(buffer)01428028ffe1000a27428028e54028016b2001000528de01ae20, width=(int)1280, height=(int)1440, framerate=(fraction)151/3, pixel-aspect-ratio=(fraction)1/1
06-06 22:05:26.540  4906  5039 D GStreamer+qtdemux: 0:00:30.370579363 0xe900d0f0 qtdemux.c:5512:gst_qtdemux_loop_state_movie:<q> pushing from stream 0, empty 0 offset 48, size 45231, dts=0:00:00.000000000, pts=0:00:00.000000000, duration 0:00:00.042666666
06-06 22:05:26.540  4906  5038 D GStreamer+GST_PADS: 0:00:30.370610248 0xe900d090 gstpad.c:3367:gst_pad_query_default:<typefind:sink> not forwarding 0xe92fd920 (accept-caps) query
06-06 22:05:26.540  4906  5038 D GStreamer+GST_PADS: 0:00:30.370635561 0xe900d090 gstpad.c:3945:gst_pad_query:<typefind:sink> sent query 0xe92fd920 (accept-caps), result 1
06-06 22:05:26.540  4906  5039 D GStreamer+basesrc: 0:00:30.370640978 0xe900d0f0 gstbasesrc.c:2354:gst_base_src_update_length:<filesrc0> reading offset 48, length 45231, size 16031303, segment.stop -1, maxsize 16031303
06-06 22:05:26.540  4906  5038 D GStreamer+GST_PADS: 0:00:30.370671082 0xe900d090 gstutils.c:2575:gst_pad_proxy_query_accept_caps:<forhwgl:sink> proxying accept caps query: 1
06-06 22:05:26.540  4906  5039 D GStreamer+basesrc: 0:00:30.370677592 0xe900d0f0 gstbasesrc.c:2455:gst_base_src_get_range:<filesrc0> calling create offset 48 length 45231, time 0
06-06 22:05:26.540  4906  5039 D GStreamer+GST_MEMORY: 0:00:30.370711603 0xe900d0f0 gstmemory.c:138:gst_memory_init new memory 0xe9317428, maxsize:45234 offset:0 size:45231
06-06 22:05:26.540  4906  5038 D GStreamer+GST_PADS: 0:00:30.370700769 0xe900d090 gstpad.c:3089:gst_pad_query_accept_caps_default:<forhwgl:sink> allowed caps subset ANY, caps video/x-h264, stream-format=(string)avc, alignment=(string)au, level=(string)4, profile=(string)baseline, codec_data=(buffer)01428028ffe1000a27428028e54028016b2001000528de01ae20, width=(int)1280, height=(int)1440, framerate=(fraction)151/3, pixel-aspect-ratio=(fraction)1/1
06-06 22:05:26.540  4906  5038 D GStreamer+GST_PADS: 0:00:30.370763269 0xe900d090 gstpad.c:3367:gst_pad_query_default:<forhwgl:sink> not forwarding 0xe92fd920 (accept-caps) query
06-06 22:05:26.540  4906  5038 D GStreamer+GST_PADS: 0:00:30.370786707 0xe900d090 gstpad.c:3945:gst_pad_query:<forhwgl:sink> sent query 0xe92fd920 (accept-caps), result 1
06-06 22:05:26.540  4906  5038 D GStreamer+default: 0:00:30.370808009 0xe900d090 gstutils.c:2960:gst_pad_query_accept_caps:<forhwgl:sink> query returned 1
06-06 22:05:26.540  4906  5038 D GStreamer+GST_PADS: 0:00:30.370838582 0xe900d090 gstpad.c:5093:store_sticky_event:<sink:proxypad0> notify caps
06-06 22:05:26.540  4906  5038 D GStreamer+GST_PADS: 0:00:30.370870248 0xe900d090 gstpad.c:3853:check_sticky:<sink:proxypad0> pushing all sticky events
06-06 22:05:26.540  4906  5038 D GStreamer+GST_PADS: 0:00:30.370893165 0xe900d090 gstpad.c:3785:push_sticky:<sink:proxypad0> event stream-start was already received
06-06 22:05:26.540  4906  5038 D GStreamer+GST_EVENT: 0:00:30.370916498 0xe900d090 gstpad.c:5536:gst_pad_send_event_unchecked:<typefind:sink> have event type caps event: 0xe9191508, time 99:99:99.999999999, seq-num 65, GstEventCaps, caps=(GstCaps)"video/x-h264\,\ stream-format\=\(string\)avc\,\ alignment\=\(string\)au\,\ level\=\(string\)4\,\ profile\=\(string\)baseline\,\ codec_data\=\(buffer\)01428028ffe1000a27428028e54028016b2001000528de01ae20\,\ width\=\(int\)1280\,\ height\=\(int\)1440\,\ framerate\=\(fraction\)151/3\,\ pixel-aspect-ratio\=\(fraction\)1/1";
06-06 22:05:26.540  4906  5038 D GStreamer+GST_CAPS: 0:00:30.371021655 0xe900d090 gstutils.c:2955:gst_pad_query_accept_caps:<typefind:sink> accept caps of video/x-h264, stream-format=(string)avc, alignment=(string)au, level=(string)4, profile=(string)baseline, codec_data=(buffer)01428028ffe1000a27428028e54028016b2001000528de01ae20, width=(int)1280, height=(int)1440, framerate=(fraction)151/3, pixel-aspect-ratio=(fraction)1/1
06-06 22:05:26.540  4906  5038 D GStreamer+query: 0:00:30.371087905 0xe900d090 gstquery.c:674:gst_query_new_custom creating new query 0xe92fd980 accept-caps
06-06 22:05:26.540  4906  5038 D GStreamer+GST_PADS: 0:00:30.371111394 0xe900d090 gstpad.c:3922:gst_pad_query:<typefind:sink> doing query 0xe92fd980 (accept-caps)
06-06 22:05:26.540  4906  5038 D GStreamer+GST_PADS: 0:00:30.371132853 0xe900d090 gstpad.c:3059:gst_pad_query_accept_caps_default:<typefind:sink> query accept-caps accept-caps query: 0xe92fd980, GstQueryAcceptCaps, caps=(GstCaps)"video/x-h264\,\ stream-format\=\(string\)avc\,\ alignment\=\(string\)au\,\ level\=\(string\)4\,\ profile\=\(string\)baseline\,\ codec_data\=\(buffer\)01428028ffe1000a27428028e54028016b2001000528de01ae20\,\ width\=\(int\)1280\,\ height\=\(int\)1440\,\ framerate\=\(fraction\)151/3\,\ pixel-aspect-ratio\=\(fraction\)1/1", result=(boolean)false;
06-06 22:05:26.540  4906  5038 D GStreamer+GST_PERFORMANCE: 0:00:30.371200665 0xe900d090 gstpad.c:3074:gst_pad_query_accept_caps_default:<typefind:sink> fallback ACCEPT_CAPS query, consider implementing a specialized version
06-06 22:05:26.540  4906  5038 D GStreamer+GST_CAPS: 0:00:30.371221707 0xe900d090 gstutils.c:2872:gst_pad_query_caps:<typefind:sink> get pad caps with filter video/x-h264, stream-format=(string)avc, alignment=(string)au, level=(string)4, profile=(string)baseline, codec_data=(buffer)01428028ffe1000a27428028e54028016b2001000528de01ae20, width=(int)1280, height=(int)1440, framerate=(fraction)151/3, pixel-aspect-ratio=(fraction)1/1
06-06 22:05:26.540  4906  5038 D GStreamer+query: 0:00:30.371278946 0xe900d090 gstquery.c:674:gst_query_new_custom creating new query 0xe92fd9b0 caps
06-06 22:05:26.540  4906  5038 D GStreamer+GST_PADS: 0:00:30.371299936 0xe900d090 gstpad.c:3922:gst_pad_query:<typefind:sink> doing query 0xe92fd9b0 (caps)
06-06 22:05:26.540  4906  5039 D GStreamer+basesrc: 0:00:30.371326030 0xe900d0f0 gstbasesrc.c:2309:gst_base_src_do_sync:<filesrc0> we have no clock
06-06 22:05:26.540  4906  5039 D GStreamer+basesrc: 0:00:30.371355196 0xe900d0f0 gstbasesrc.c:2519:gst_base_src_get_range:<filesrc0> buffer ok
06-06 22:05:26.540  4906  5038 D GStreamer+GST_CAPS: 0:00:30.371322228 0xe900d090 gstpad.c:3112:gst_pad_query_caps_default:<typefind:sink> query caps caps query: 0xe92fd9b0, GstQueryCaps, filter=(GstCaps)"video/x-h264\,\ stream-format\=\(string\)avc\,\ alignment\=\(string\)au\,\ level\=\(string\)4\,\ profile\=\(string\)baseline\,\ codec_data\=\(buffer\)01428028ffe1000a27428028e54028016b2001000528de01ae20\,\ width\=\(int\)1280\,\ height\=\(int\)1440\,\ framerate\=\(fraction\)151/3\,\ pixel-aspect-ratio\=\(fraction\)1/1", caps=(GstCaps)"NULL";
06-06 22:05:26.540  4906  5038 D GStreamer+GST_CAPS: 0:00:30.371394832 0xe900d090 gstpad.c:3135:gst_pad_query_caps_default:<typefind:sink> trying pad template caps
06-06 22:05:26.540  4906  5039 D GStreamer+GST_SCHEDULING: 0:00:30.371384623 0xe900d0f0 gstpad.c:4193:gst_pad_chain_data_unchecked:<queue0:sink> calling chainfunction &gst_queue_chain with buffer buffer: 0xe92fa528, pts 0:00:00.000000000, dts 0:00:00.000000000, dur 0:00:00.042666666, size 45231, offset none, offset_end none, flags 0x40
06-06 22:05:26.540  4906  5038 D GStreamer+GST_CAPS: 0:00:30.371432488 0xe900d090 gstpad.c:3159:gst_pad_query_caps_default:<typefind:sink> using caps 0xe8e15518 ANY with filter 0xe9194340 video/x-h264, stream-format=(string)avc, alignment=(string)au, level=(string)4, profile=(string)baseline, codec_data=(buffer)01428028ffe1000a27428028e54028016b2001000528de01ae20, width=(int)1280, height=(int)1440, framerate=(fraction)151/3, pixel-aspect-ratio=(fraction)1/1
