06-06 22:05:26.774  4906  5038 D GStreamer+GST_PADS: 0:00:30.605193998 0xe900d090 gstpad.c:3805:push_sticky:<h264parse0:src> event tag marked received
06-06 22:05:26.774  4906  5038 D GStreamer+GST_PADS: 0:00:30.605216030 0xe900d090 gstpad.c:3785:push_sticky:<h264parse0:src> event tag was already received
06-06 22:05:26.774  4906  5038 D GStreamer+GST_SCHEDULING: 0:00:30.605240352 0xe900d090 gstpad.c:4193:gst_pad_chain_data_unchecked:<capsfilter0:sink> calling chainfunction &gst_base_transform_chain with buffer buffer: 0xe92fa0c8, pts 0:00:00.238666666, dts 0:00:00.238666666, dur 0:00:00.019867549, size 42660, offset 519979, offset_end none, flags 0x400
06-06 22:05:26.774  4906  5038 D GStreamer+basetransform: 0:00:30.605297436 0xe900d090 gstbasetransform.c:2033:default_submit_input_buffer:<capsfilter0> handling buffer 0xe92fa0c8 of size 42660, PTS 0:00:00.238666666 and offset 519979
06-06 22:05:26.774  4906  5038 D GStreamer+basetransform: 0:00:30.605330457 0xe900d090 gstbasetransform.c:2150:default_generate_output:<capsfilter0> calling prepare buffer
06-06 22:05:26.774  4906  5038 D GStreamer+basetransform: 0:00:30.605348998 0xe900d090 gstbasetransform.c:2157:default_generate_output:<capsfilter0> using allocated buffer in 0xe92fa0c8, out 0xe92fa0c8
06-06 22:05:26.774  4906  5038 D GStreamer+basetransform: 0:00:30.605369884 0xe900d090 gstbasetransform.c:2174:default_generate_output:<capsfilter0> doing inplace transform
06-06 22:05:26.774  4906  5038 D GStreamer+GST_SCHEDULING: 0:00:30.605394832 0xe900d090 gstpad.c:4193:gst_pad_chain_data_unchecked:<amcvideodec-omxnvidiah264decode0:sink> calling chainfunction &gst_video_decoder_chain with buffer buffer: 0xe92fa0c8, pts 0:00:00.238666666, dts 0:00:00.238666666, dur 0:00:00.019867549, size 42660, offset 519979, offset_end none, flags 0x400
06-06 22:05:26.774  4906  5038 D GStreamer+videodecoder: 0:00:30.605473321 0xe900d090 gstvideodecoder.c:3400:gst_video_decoder_decode_frame:<amcvideodec-omxnvidiah264decode0> PTS delta 0 ms
06-06 22:05:26.774  4906  5038 D GStreamer+videodecoder: 0:00:30.605500457 0xe900d090 gstvideodecoder.c:3415:gst_video_decoder_decode_frame:<amcvideodec-omxnvidiah264decode0> decoder frame list getting long: 12 frames,possible internal leaking?
06-06 22:05:26.774  4906  5038 D GStreamer+amcvideodec: 0:00:30.605524936 0xe900d090 gstamcvideodec.c:2125:gst_amc_video_dec_handle_frame:<amcvideodec-omxnvidiah264decode0> Handling frame
06-06 22:05:26.775   995  5045 D NvOsDebugPrintf: TVMR: cctx->bAbortInputBuffer = 0, cctx->bEOSAbortOutputBuffer = 0 
06-06 22:05:26.775  4906  5038 D GStreamer+amcvideodec: 0:00:30.605949467 0xe900d090 gstamcvideodec.c:2239:gst_amc_video_dec_handle_frame:<amcvideodec-omxnvidiah264decode0> Queueing buffer 1: size 42660 time 238666 flags 0x00000001
06-06 22:05:26.775  4906  5038 D GStreamer+GST_SCHEDULING: 0:00:30.606072227 0xe900d090 gstpad.c:4199:gst_pad_chain_data_unchecked:<amcvideodec-omxnvidiah264decode0:sink> called chainfunction &gst_video_decoder_chain with buffer 0xe92fa0c8, returned ok
06-06 22:05:26.775  4906  5038 D GStreamer+GST_SCHEDULING: 0:00:30.606112436 0xe900d090 gstpad.c:4199:gst_pad_chain_data_unchecked:<capsfilter0:sink> called chainfunction &gst_base_transform_chain with buffer 0xe92fa0c8, returned ok
06-06 22:05:26.775  4906  5038 D GStreamer+baseparse: 0:00:30.606146290 0xe900d090 gstbaseparse.c:3165:gst_base_parse_chain:<h264parse0> not enough data available (only 0 bytes)
06-06 22:05:26.775  4906  5038 D GStreamer+GST_SCHEDULING: 0:00:30.606168998 0xe900d090 gstpad.c:4199:gst_pad_chain_data_unchecked:<h264parse0:sink> called chainfunction &gst_base_parse_chain with buffer 0xe91f98e0, returned ok
06-06 22:05:26.775  4906  5038 D GStreamer+GST_SCHEDULING: 0:00:30.606194415 0xe900d090 gstpad.c:4199:gst_pad_chain_data_unchecked:<typefind:sink> called chainfunction &gst_type_find_element_chain with buffer 0xe91f98e0, returned ok
06-06 22:05:26.775  4906  5038 D GStreamer+GST_SCHEDULING: 0:00:30.606220977 0xe900d090 gstpad.c:4199:gst_pad_chain_data_unchecked:<forhwgl:sink> called chainfunction &gst_proxy_pad_chain_default with buffer 0xe91f98e0, returned ok
06-06 22:05:26.775  4906  5039 D GStreamer+queue_dataflow: 0:00:30.606262905 0xe900d0f0 gstqueue.c:1228:gst_queue_chain_buffer_or_list:<queue0> queue is not full
06-06 22:05:26.775  4906  5038 D GStreamer+GST_SCHEDULING: 0:00:30.606256915 0xe900d090 gstpad.c:4193:gst_pad_chain_data_unchecked:<forhwgl:sink> calling chainfunction &gst_proxy_pad_chain_default with buffer buffer: 0xe91f9980, pts 0:00:00.258333333, dts 0:00:00.258333333, dur 0:00:00.020000000, size 43097, offset none, offset_end none, flags 0x0
06-06 22:05:26.775  4906  5039 D GStreamer+GST_SCHEDULING: 0:00:30.606309207 0xe900d0f0 gstpad.c:4199:gst_pad_chain_data_unchecked:<queue0:sink> called chainfunction &gst_queue_chain with buffer 0xe9572220, returned ok
06-06 22:05:26.775  4906  5039 D GStreamer+qtdemux: 0:00:30.606345977 0xe900d0f0 qtdemux.c:8014:qtdemux_parse_samples:<q> parsing up to sample 64
06-06 22:05:26.775  4906  5038 D GStreamer+GST_SCHEDULING: 0:00:30.606318061 0xe900d090 gstpad.c:4193:gst_pad_chain_data_unchecked:<typefind:sink> calling chainfunction &gst_type_find_element_chain with buffer buffer: 0xe91f9980, pts 0:00:00.258333333, dts 0:00:00.258333333, dur 0:00:00.020000000, size 43097, offset none, offset_end none, flags 0x0
06-06 22:05:26.775  4906  5039 D GStreamer+qtdemux: 0:00:30.606377488 0xe900d0f0 qtdemux.c:8221:qtdemux_parse_samples:<q> sample 64: index 1, timestamp 0:00:01.292666666
06-06 22:05:26.775  4906  5038 D GStreamer+GST_SCHEDULING: 0:00:30.606376134 0xe900d090 gstpad.c:4193:gst_pad_chain_data_unchecked:<h264parse0:sink> calling chainfunction &gst_base_parse_chain with buffer buffer: 0xe91f9980, pts 0:00:00.258333333, dts 0:00:00.258333333, dur 0:00:00.020000000, size 43097, offset none, offset_end none, flags 0x0
06-06 22:05:26.775  4906  5039 D GStreamer+qtdemux: 0:00:30.606432384 0xe900d0f0 qtdemux.c:8276:qtdemux_parse_samples:<q> samples at 64 is keyframe
06-06 22:05:26.775  4906  5038 D GStreamer+baseparse: 0:00:30.606458425 0xe900d090 gstbaseparse.c:2996:gst_base_parse_chain:<h264parse0> chain
06-06 22:05:26.775  4906  5038 D GStreamer+GST_PERFORMANCE: 0:00:30.606484415 0xe900d090 gstminiobject.c:327:gst_mini_object_make_writable copy GstBuffer miniobject 0xe91f9980 -> 0xe9537c00
06-06 22:05:26.775  4906  5039 D GStreamer+qtdemux: 0:00:30.606471811 0xe900d0f0 qtdemux.c:5512:gst_qtdemux_loop_state_movie:<q> pushing from stream 0, empty 0 offset 2697945, size 42013, dts=0:00:01.292666666, pts=0:00:01.292666666, duration 0:00:00.020000000
06-06 22:05:26.775  4906  5038 D GStreamer+codecparsers_h264: 0:00:30.606516811 0xe900d090 gsth264parser.c:253:gst_h264_parse_nalu_header Nal type 7, ref_idc 1
06-06 22:05:26.775  4906  5039 D GStreamer+basesrc: 0:00:30.606525248 0xe900d0f0 gstbasesrc.c:2354:gst_base_src_update_length:<filesrc0> reading offset 2697945, length 42013, size 16031303, segment.stop -1, maxsize 16031303
06-06 22:05:26.775  4906  5038 D GStreamer+h264parse: 0:00:30.606536811 0xe900d090 gsth264parse.c:979:gst_h264_parse_handle_frame_packetized:<h264parse0> AVC nal offset 14
06-06 22:05:26.776  4906  5038 D GStreamer+h264parse: 0:00:30.606559259 0xe900d090 gsth264parse.c:714:gst_h264_parse_process_nal:<h264parse0> processing nal of type 7 SPS, size 10
06-06 22:05:26.776  4906  5039 D GStreamer+basesrc: 0:00:30.606559467 0xe900d0f0 gstbasesrc.c:2455:gst_base_src_get_range:<filesrc0> calling create offset 2697945 length 42013, time 0
06-06 22:05:26.776  4906  5038 D GStreamer+codecparsers_h264: 0:00:30.606593009 0xe900d090 gsth264parser.c:1758:gst_h264_parse_sps parsing SPS
06-06 22:05:26.776  4906  5039 D GStreamer+GST_MEMORY: 0:00:30.606599363 0xe900d0f0 gstmemory.c:138:gst_memory_init new memory 0xe9382860, maxsize:42016 offset:0 size:42013
06-06 22:05:26.776  4906  5038 D GStreamer+codecparsers_h264: 0:00:30.606614727 0xe900d090 gsth264parser.c:1484:gst_h264_parser_parse_sps adding sequence parameter set with id: 0 to array
06-06 22:05:26.776  4906  5038 D GStreamer+h264parse: 0:00:30.606634884 0xe900d090 gsth264parse.c:735:gst_h264_parse_process_nal:<h264parse0> triggering src caps check
06-06 22:05:26.776  4906  5038 D GStreamer+h264parse: 0:00:30.606654207 0xe900d090 gsth264parse.c:452:gst_h264_parser_store_nal:<h264parse0> storing sps 0
06-06 22:05:26.776  4906  5039 D GStreamer+basesrc: 0:00:30.606658790 0xe900d0f0 gstbasesrc.c:2309:gst_base_src_do_sync:<filesrc0> we have no clock
06-06 22:05:26.776  4906  5039 D GStreamer+basesrc: 0:00:30.606681134 0xe900d0f0 gstbasesrc.c:2519:gst_base_src_get_range:<filesrc0> buffer ok
06-06 22:05:26.776  4906  5038 D GStreamer+GST_MEMORY: 0:00:30.606677644 0xe900d090 gstmemory.c:138:gst_memory_init new memory 0xe92be128, maxsize:13 offset:0 size:10
06-06 22:05:26.776  4906  5038 D GStreamer+GST_MEMORY: 0:00:30.606709050 0xe900d090 gstmemory.c:87:_gst_memory_free free memory 0xe92be068
06-06 22:05:26.776  4906  5038 D GStreamer+h264parse: 0:00:30.606732123 0xe900d090 gsth264parse.c:421:gst_h264_parse_wrap_nal:<h264parse0> nal length 10
06-06 22:05:26.776  4906  5039 D GStreamer+GST_SCHEDULING: 0:00:30.606710613 0xe900d0f0 gstpad.c:4193:gst_pad_chain_data_unchecked:<queue0:sink> calling chainfunction &gst_queue_chain with buffer buffer: 0xe95722c0, pts 0:00:01.292666666, dts 0:00:01.292666666, dur 0:00:00.020000000, size 42013, offset none, offset_end none, flags 0x0
06-06 22:05:26.776  4906  5038 D GStreamer+GST_MEMORY: 0:00:30.606754102 0xe900d090 gstmemory.c:138:gst_memory_init new memory 0xe9539c80, maxsize:17 offset:0 size:14
06-06 22:05:26.776  4906  5039 D GStreamer+queue_dataflow: 0:00:30.606765352 0xe900d0f0 gstqueue.c:1220:gst_queue_chain_buffer_or_list:<queue0> queue is full, waiting for free space
06-06 22:05:26.776  4906  5038 D GStreamer+codecparsers_h264: 0:00:30.606778373 0xe900d090 gsth264parser.c:253:gst_h264_parse_nalu_header Nal type 8, ref_idc 1
06-06 22:05:26.776  4906  5038 D GStreamer+h264parse: 0:00:30.606800717 0xe900d090 gsth264parse.c:979:gst_h264_parse_handle_frame_packetized:<h264parse0> AVC nal offset 23
06-06 22:05:26.776  4906  5038 D GStreamer+h264parse: 0:00:30.606819467 0xe900d090 gsth264parse.c:714:gst_h264_parse_process_nal:<h264parse0> processing nal of type 8 PPS, size 5
06-06 22:05:26.776  4906  5038 D GStreamer+codecparsers_h264: 0:00:30.606839727 0xe900d090 gsth264parser.c:1894:gst_h264_parse_pps parsing PPS
06-06 22:05:26.776  4906  5038 D GStreamer+codecparsers_h264: 0:00:30.606859988 0xe900d090 gsth264parser.c:2027:gst_h264_parser_parse_pps adding picture parameter set with id: 0 to array
06-06 22:05:26.776  4906  5038 D GStreamer+h264parse: 0:00:30.606877696 0xe900d090 gsth264parse.c:456:gst_h264_parser_store_nal:<h264parse0> storing pps 0
06-06 22:05:26.776  4906  5038 D GStreamer+GST_MEMORY: 0:00:30.606896498 0xe900d090 gstmemory.c:138:gst_memory_init new memory 0xe92f7c60, maxsize:8 offset:0 size:5
06-06 22:05:26.776  4906  5038 D GStreamer+GST_MEMORY: 0:00:30.606958582 0xe900d090 gstmemory.c:87:_gst_memory_free free memory 0xe9012120
06-06 22:05:26.776  4906  5038 D GStreamer+h264parse: 0:00:30.606984467 0xe900d090 gsth264parse.c:421:gst_h264_parse_wrap_nal:<h264parse0> nal length 5
06-06 22:05:26.776  4906  5038 D GStreamer+GST_MEMORY: 0:00:30.607007540 0xe900d090 gstmemory.c:138:gst_memory_init new memory 0xe92be1e8, maxsize:12 offset:0 size:9
06-06 22:05:26.776  4906  5038 D GStreamer+codecparsers_h264: 0:00:30.607032175 0xe900d090 gsth264parser.c:253:gst_h264_parse_nalu_header Nal type 5, ref_idc 1
06-06 22:05:26.776  4906  5038 D GStreamer+h264parse: 0:00:30.607050925 0xe900d090 gsth264parse.c:979:gst_h264_parse_handle_frame_packetized:<h264parse0> AVC nal offset 43097
06-06 22:05:26.776  4906  5038 D GStreamer+h264parse: 0:00:30.607070561 0xe900d090 gsth264parse.c:714:gst_h264_parse_process_nal:<h264parse0> processing nal of type 5 Slice IDR, size 43070
06-06 22:05:26.776  4906  5038 D GStreamer+h264parse: 0:00:30.607092696 0xe900d090 gsth264parse.c:820:gst_h264_parse_process_nal:<h264parse0> first_mb_in_slice = 0
06-06 22:05:26.776  4906  5038 D GStreamer+h264parse: 0:00:30.607109259 0xe900d090 gsth264parse.c:823:gst_h264_parse_process_nal:<h264parse0> frame start: 1
06-06 22:05:26.776  4906  5038 D GStreamer+codecparsers_h264: 0:00:30.607128582 0xe900d090 gsth264parser.c:2089:gst_h264_parser_parse_slice_hdr parsing "Slice header", slice type 7
06-06 22:05:26.776  4906  5038 D GStreamer+codecparsers_h264: 0:00:30.607146498 0xe900d090 gsth264parser.c:711:gst_h264_slice_parse_dec_ref_pic_marking parsing "Decoded reference picture marking"
06-06 22:05:26.776  4906  5038 D GStreamer+h264parse: 0:00:30.607162644 0xe900d090 gsth264parse.c:833:gst_h264_parse_process_nal:<h264parse0> parse result 0, first MB: 0, slice type: 7
06-06 22:05:26.776  4906  5038 D GStreamer+h264parse: 0:00:30.607182957 0xe900d090 gsth264parse.c:856:gst_h264_parse_process_nal:<h264parse0> marking IDR in frame at offset 23
06-06 22:05:26.776  4906  5038 D GStreamer+h264parse: 0:00:30.607200092 0xe900d090 gsth264parse.c:421:gst_h264_parse_wrap_nal:<h264parse0> nal length 43070
06-06 22:05:26.776  4906  5038 D GStreamer+GST_MEMORY: 0:00:30.607222436 0xe900d090 gstmemory.c:138:gst_memory_init new memory 0xe938ccd8, maxsize:43077 offset:0 size:43074
06-06 22:05:26.776  4906  5038 D GStreamer+codecparsers_h264: 0:00:30.607262227 0xe900d090 gsth264parser.c:1407:gst_h264_parser_identify_nalu_avc Can't parse, buffer has too small size 43097, offset 43097
06-06 22:05:26.776  4906  5038 D GStreamer+GST_CAPS: 0:00:30.607287644 0xe900d090 gstpad.c:2644:gst_pad_has_current_caps:<h264parse0:src> check current pad caps video/x-h264, stream-format=(string)byte-stream, alignment=(string)au, level=(string)4, profile=(string)baseline, width=(int)1280, height=(int)1440, framerate=(fraction)151/3, pixel-aspect-ratio=(fraction)1/1, parsed=(boolean)true
06-06 22:05:26.776  4906  5038 D GStreamer+GST_CAPS: 0:00:30.607342384 0xe900d090 gstpad.c:2672:gst_pad_get_current_caps:<h264parse0:sink> get current pad caps video/x-h264, stream-format=(string)avc, alignment=(string)au, level=(string)4, profile=(string)baseline, codec_data=(buffer)01428028ffe1000a27428028e54028016b2001000528de01ae20, width=(int)1280, height=(int)1440, framerate=(fraction)151/3, pixel-aspect-ratio=(fraction)1/1
06-06 22:05:26.776  4906  5038 D GStreamer+h264parse: 0:00:30.607398790 0xe900d090 gsth264parse.c:1692:gst_h264_parse_update_src_caps:<h264parse0> sps: 0xcca87008
06-06 22:05:26.776  4906  5038 D GStreamer+GST_PERFORMANCE: 0:00:30.607437436 0xe900d090 gstcaps.c:178:_gst_caps_copy:<0xe9194340> doing copy 0xe9194340 -> 0xe952e718
06-06 22:05:26.776  4906  5038 I GStreamer+baseparse: 0:00:30.607484050 0xe900d090 gstbaseparse.c:3964:gst_base_parse_set_latency:<h264parse0> min/max latency 0:00:00.019867549, 0:00:00.019867549
06-06 22:05:26.776  4906  5038 D GStreamer+GST_CAPS: 0:00:30.607526915 0xe900d090 gstpad.c:2672:gst_pad_get_current_caps:<h264parse0:src> get current pad caps video/x-h264, stream-format=(string)byte-stream, alignment=(string)au, level=(string)4, profile=(string)baseline, width=(int)1280, height=(int)1440, framerate=(fraction)151/3, pixel-aspect-ratio=(fraction)1/1, parsed=(boolean)true
06-06 22:05:26.777  4906  5038 D GStreamer+GST_CAPS: 0:00:30.607574102 0xe900d090 gstpad.c:2672:gst_pad_get_current_caps:<h264parse0:src> get current pad caps video/x-h264, stream-format=(string)byte-stream, alignment=(string)au, level=(string)4, profile=(string)baseline, width=(int)1280, height=(int)1440, framerate=(fraction)151/3, pixel-aspect-ratio=(fraction)1/1, parsed=(boolean)true
06-06 22:05:26.777  4906  5038 D GStreamer+h264parse: 0:00:30.607620457 0xe900d090 gsth264parse.c:1934:gst_h264_parse_get_timestamp:<h264parse0> unable to compute timestamp: VUI not present
06-06 22:05:26.777  4906  5038 D GStreamer+adapter: 0:00:30.607659415 0xe900d090 gstadapter.c:296:copy_into_unchecked bsize 14, skip 0, csize 14
06-06 22:05:26.777  4906  5038 D GStreamer+GST_MEMORY: 0:00:30.607719884 0xe900d090 gstmemory.c:138:gst_memory_init new memory 0xe92779a0, maxsize:43097 offset:0 size:43097
06-06 22:05:26.777  4906  5038 D GStreamer+GST_MEMORY: 0:00:30.607748113 0xe900d090 gstmemory.c:87:_gst_memory_free free memory 0xe9539c80
06-06 22:05:26.777  4906  5038 D GStreamer+GST_MEMORY: 0:00:30.607766863 0xe900d090 gstmemory.c:87:_gst_memory_free free memory 0xe92be1e8
06-06 22:05:26.777  4906  5038 D GStreamer+GST_MEMORY: 0:00:30.607783582 0xe900d090 gstmemory.c:87:_gst_memory_free free memory 0xe938ccd8
06-06 22:05:26.777  4906  5038 D GStreamer+GST_MEMORY: 0:00:30.607804467 0xe900d090 gstmemory.c:87:_gst_memory_free free memory 0xe93a0e30
06-06 22:05:26.777  4906  5038 D GStreamer+GST_CAPS: 0:00:30.607824780 0xe900d090 gstpad.c:2644:gst_pad_has_current_caps:<h264parse0:src> check current pad caps video/x-h264, stream-format=(string)byte-stream, alignment=(string)au, level=(string)4, profile=(string)baseline, width=(int)1280, height=(int)1440, framerate=(fraction)151/3, pixel-aspect-ratio=(fraction)1/1, parsed=(boolean)true
06-06 22:05:26.777  4906  5038 D GStreamer+h264parse: 0:00:30.607867540 0xe900d090 gsth264parse.c:182:gst_h264_parse_reset_frame:<h264parse0> reset frame
06-06 22:05:26.777  4906  5038 D GStreamer+GST_SCHEDULING: 0:00:30.607888998 0xe900d090 gstpad.c:4193:gst_pad_chain_data_unchecked:<capsfilter0:sink> calling chainfunction &gst_base_transform_chain with buffer buffer: 0xe92fa028, pts 0:00:00.258333333, dts 0:00:00.258333333, dur 0:00:00.019867549, size 43097, offset 562639, offset_end none, flags 0x400
06-06 22:05:26.777  4906  5038 D GStreamer+basetransform: 0:00:30.607943582 0xe900d090 gstbasetransform.c:2033:default_submit_input_buffer:<capsfilter0> handling buffer 0xe92fa028 of size 43097, PTS 0:00:00.258333333 and offset 562639
06-06 22:05:26.777  4906  5038 D GStreamer+basetransform: 0:00:30.607975873 0xe900d090 gstbasetransform.c:2150:default_generate_output:<capsfilter0> calling prepare buffer
06-06 22:05:26.777  4906  5038 D GStreamer+basetransform: 0:00:30.607994259 0xe900d090 gstbasetransform.c:2157:default_generate_output:<capsfilter0> using allocated buffer in 0xe92fa028, out 0xe92fa028
06-06 22:05:26.777  4906  5038 D GStreamer+basetransform: 0:00:30.608013634 0xe900d090 gstbasetransform.c:2174:default_generate_output:<capsfilter0> doing inplace transform
06-06 22:05:26.777  4906  5038 D GStreamer+GST_SCHEDULING: 0:00:30.608036342 0xe900d090 gstpad.c:4193:gst_pad_chain_data_unchecked:<amcvideodec-omxnvidiah264decode0:sink> calling chainfunction &gst_video_decoder_chain with buffer buffer: 0xe92fa028, pts 0:00:00.258333333, dts 0:00:00.258333333, dur 0:00:00.019867549, size 43097, offset 562639, offset_end none, flags 0x400
06-06 22:05:26.777  4906  5038 D GStreamer+videodecoder: 0:00:30.608092071 0xe900d090 gstvideodecoder.c:3400:gst_video_decoder_decode_frame:<amcvideodec-omxnvidiah264decode0> PTS delta 0 ms
06-06 22:05:26.777  4906  5038 D GStreamer+videodecoder: 0:00:30.608115144 0xe900d090 gstvideodecoder.c:3415:gst_video_decoder_decode_frame:<amcvideodec-omxnvidiah264decode0> decoder frame list getting long: 13 frames,possible internal leaking?
06-06 22:05:26.777  4906  5038 D GStreamer+amcvideodec: 0:00:30.608136186 0xe900d090 gstamcvideodec.c:2125:gst_amc_video_dec_handle_frame:<amcvideodec-omxnvidiah264decode0> Handling frame
06-06 22:05:26.777  4906  5038 D GStreamer+amcvideodec: 0:00:30.608308009 0xe900d090 gstamcvideodec.c:2239:gst_amc_video_dec_handle_frame:<amcvideodec-omxnvidiah264decode0> Queueing buffer 2: size 43097 time 258333 flags 0x00000001
06-06 22:05:26.777  4906  5038 D GStreamer+GST_SCHEDULING: 0:00:30.608409415 0xe900d090 gstpad.c:4199:gst_pad_chain_data_unchecked:<amcvideodec-omxnvidiah264decode0:sink> called chainfunction &gst_video_decoder_chain with buffer 0xe92fa028, returned ok
06-06 22:05:26.777  4906  5038 D GStreamer+GST_SCHEDULING: 0:00:30.608458113 0xe900d090 gstpad.c:4199:gst_pad_chain_data_unchecked:<capsfilter0:sink> called chainfunction &gst_base_transform_chain with buffer 0xe92fa028, returned ok
06-06 22:05:26.777  4906  5038 D GStreamer+baseparse: 0:00:30.608487800 0xe900d090 gstbaseparse.c:3165:gst_base_parse_chain:<h264parse0> not enough data available (only 0 bytes)
06-06 22:05:26.777  4906  5038 D GStreamer+GST_SCHEDULING: 0:00:30.608509988 0xe900d090 gstpad.c:4199:gst_pad_chain_data_unchecked:<h264parse0:sink> called chainfunction &gst_base_parse_chain with buffer 0xe91f9980, returned ok
06-06 22:05:26.777  4906  5038 D GStreamer+GST_SCHEDULING: 0:00:30.608533946 0xe900d090 gstpad.c:4199:gst_pad_chain_data_unchecked:<typefind:sink> called chainfunction &gst_type_find_element_chain with buffer 0xe91f9980, returned ok
06-06 22:05:26.777  4906  5038 D GStreamer+GST_SCHEDULING: 0:00:30.608558477 0xe900d090 gstpad.c:4199:gst_pad_chain_data_unchecked:<forhwgl:sink> called chainfunction &gst_proxy_pad_chain_default with buffer 0xe91f9980, returned ok
06-06 22:05:26.778  4906  5039 D GStreamer+queue_dataflow: 0:00:30.608597852 0xe900d0f0 gstqueue.c:1228:gst_queue_chain_buffer_or_list:<queue0> queue is not full
06-06 22:05:26.778  4906  5038 D GStreamer+GST_SCHEDULING: 0:00:30.608592384 0xe900d090 gstpad.c:4193:gst_pad_chain_data_unchecked:<forhwgl:sink> calling chainfunction &gst_proxy_pad_chain_default with buffer buffer: 0xe91f9a20, pts 0:00:00.278333333, dts 0:00:00.278333333, dur 0:00:00.020000000, size 43148, offset none, offset_end none, flags 0x0
06-06 22:05:26.778  4906  5039 D GStreamer+GST_SCHEDULING: 0:00:30.608638686 0xe900d0f0 gstpad.c:4199:gst_pad_chain_data_unchecked:<queue0:sink> called chainfunction &gst_queue_chain with buffer 0xe95722c0, returned ok
06-06 22:05:26.778  4906  5039 D GStreamer+qtdemux: 0:00:30.608669311 0xe900d0f0 qtdemux.c:8014:qtdemux_parse_samples:<q> parsing up to sample 65
06-06 22:05:26.778  4906  5038 D GStreamer+GST_SCHEDULING: 0:00:30.608654571 0xe900d090 gstpad.c:4193:gst_pad_chain_data_unchecked:<typefind:sink> calling chainfunction &gst_type_find_element_chain with buffer buffer: 0xe91f9a20, pts 0:00:00.278333333, dts 0:00:00.278333333, dur 0:00:00.020000000, size 43148, offset none, offset_end none, flags 0x0
06-06 22:05:26.778  4906  5039 D GStreamer+qtdemux: 0:00:30.608695873 0xe900d0f0 qtdemux.c:8221:qtdemux_parse_samples:<q> sample 65: index 0, timestamp 0:00:01.312666666
06-06 22:05:26.778  4906  5039 D GStreamer+qtdemux: 0:00:30.608725561 0xe900d0f0 qtdemux.c:8276:qtdemux_parse_samples:<q> samples at 65 is keyframe
06-06 22:05:26.778  4906  5038 D GStreamer+GST_SCHEDULING: 0:00:30.608703321 0xe900d090 gstpad.c:4193:gst_pad_chain_data_unchecked:<h264parse0:sink> calling chainfunction &gst_base_parse_chain with buffer buffer: 0xe91f9a20, pts 0:00:00.278333333, dts 0:00:00.278333333, dur 0:00:00.020000000, size 43148, offset none, offset_end none, flags 0x0
06-06 22:05:26.778  4906  5038 D GStreamer+baseparse: 0:00:30.608751446 0xe900d090 gstbaseparse.c:2996:gst_base_parse_chain:<h264parse0> chain
06-06 22:05:26.778  4906  5038 D GStreamer+GST_PERFORMANCE: 0:00:30.608774675 0xe900d090 gstminiobject.c:327:gst_mini_object_make_writable copy GstBuffer miniobject 0xe91f9a20 -> 0xe9537840
06-06 22:05:26.778  4906  5039 D GStreamer+qtdemux: 0:00:30.608754884 0xe900d0f0 qtdemux.c:5512:gst_qtdemux_loop_state_movie:<q> pushing from stream 0, empty 0 offset 2739958, size 42505, dts=0:00:01.312666666, pts=0:00:01.312666666, duration 0:00:00.019666667
06-06 22:05:26.778  4906  5038 D GStreamer+codecparsers_h264: 0:00:30.608803425 0xe900d090 gsth264parser.c:253:gst_h264_parse_nalu_header Nal type 7, ref_idc 1
06-06 22:05:26.778  4906  5039 D GStreamer+basesrc: 0:00:30.608802071 0xe900d0f0 gstbasesrc.c:2354:gst_base_src_update_length:<filesrc0> reading offset 2739958, length 42505, size 16031303, segment.stop -1, maxsize 16031303
06-06 22:05:26.778  4906  5038 D GStreamer+h264parse: 0:00:30.608828686 0xe900d090 gsth264parse.c:979:gst_h264_parse_handle_frame_packetized:<h264parse0> AVC nal offset 14
06-06 22:05:26.778  4906  5039 D GStreamer+basesrc: 0:00:30.608838425 0xe900d0f0 gstbasesrc.c:2455:gst_base_src_get_range:<filesrc0> calling create offset 2739958 length 42505, time 0
06-06 22:05:26.778  4906  5038 D GStreamer+h264parse: 0:00:30.608849936 0xe900d090 gsth264parse.c:714:gst_h264_parse_process_nal:<h264parse0> processing nal of type 7 SPS, size 10
06-06 22:05:26.778  4906  5038 D GStreamer+codecparsers_h264: 0:00:30.608874832 0xe900d090 gsth264parser.c:1758:gst_h264_parse_sps parsing SPS
06-06 22:05:26.778  4906  5039 D GStreamer+GST_MEMORY: 0:00:30.608867852 0xe900d0f0 gstmemory.c:138:gst_memory_init new memory 0xe938ccd8, maxsize:42508 offset:0 size:42505
06-06 22:05:26.778  4906  5038 D GStreamer+codecparsers_h264: 0:00:30.608895769 0xe900d090 gsth264parser.c:1484:gst_h264_parser_parse_sps adding sequence parameter set with id: 0 to array
06-06 22:05:26.778  4906  5038 D GStreamer+h264parse: 0:00:30.608914155 0xe900d090 gsth264parse.c:735:gst_h264_parse_process_nal:<h264parse0> triggering src caps check
06-06 22:05:26.778  4906  5038 D GStreamer+h264parse: 0:00:30.608931290 0xe900d090 gsth264parse.c:452:gst_h264_parser_store_nal:<h264parse0> storing sps 0
06-06 22:05:26.778  4906  5038 D GStreamer+GST_MEMORY: 0:00:30.608950717 0xe900d090 gstmemory.c:138:gst_memory_init new memory 0xe924bb60, maxsize:13 offset:0 size:10
06-06 22:05:26.778  4906  5038 D GStreamer+GST_MEMORY: 0:00:30.608973842 0xe900d090 gstmemory.c:87:_gst_memory_free free memory 0xe92be128
06-06 22:05:26.778  4906  5038 D GStreamer+h264parse: 0:00:30.608993113 0xe900d090 gsth264parse.c:421:gst_h264_parse_wrap_nal:<h264parse0> nal length 10
06-06 22:05:26.778  4906  5038 D GStreamer+GST_MEMORY: 0:00:30.609015196 0xe900d090 gstmemory.c:138:gst_memory_init new memory 0xe9539ce8, maxsize:17 offset:0 size:14
06-06 22:05:26.778  4906  5038 D GStreamer+codecparsers_h264: 0:00:30.609048477 0xe900d090 gsth264parser.c:253:gst_h264_parse_nalu_header Nal type 8, ref_idc 1
06-06 22:05:26.778  4906  5038 D GStreamer+h264parse: 0:00:30.609069884 0xe900d090 gsth264parse.c:979:gst_h264_parse_handle_frame_packetized:<h264parse0> AVC nal offset 23
06-06 22:05:26.778  4906  5038 D GStreamer+h264parse: 0:00:30.609089467 0xe900d090 gsth264parse.c:714:gst_h264_parse_process_nal:<h264parse0> processing nal of type 8 PPS, size 5
06-06 22:05:26.778  4906  5038 D GStreamer+codecparsers_h264: 0:00:30.609112071 0xe900d090 gsth264parser.c:1894:gst_h264_parse_pps parsing PPS
06-06 22:05:26.778  4906  5038 D GStreamer+codecparsers_h264: 0:00:30.609129780 0xe900d090 gsth264parser.c:2027:gst_h264_parser_parse_pps adding picture parameter set with id: 0 to array
06-06 22:05:26.778  4906  5038 D GStreamer+h264parse: 0:00:30.609149050 0xe900d090 gsth264parse.c:456:gst_h264_parser_store_nal:<h264parse0> storing pps 0
06-06 22:05:26.778  4906  5039 D GStreamer+basesrc: 0:00:30.609153946 0xe900d0f0 gstbasesrc.c:2309:gst_base_src_do_sync:<filesrc0> we have no clock
06-06 22:05:26.778  4906  5038 D GStreamer+GST_MEMORY: 0:00:30.609168738 0xe900d090 gstmemory.c:138:gst_memory_init new memory 0xe92f7d10, maxsize:8 offset:0 size:5
06-06 22:05:26.778  4906  5039 D GStreamer+basesrc: 0:00:30.609183165 0xe900d0f0 gstbasesrc.c:2519:gst_base_src_get_range:<filesrc0> buffer ok
06-06 22:05:26.778  4906  5038 D GStreamer+GST_MEMORY: 0:00:30.609191498 0xe900d090 gstmemory.c:87:_gst_memory_free free memory 0xe92f7c60
06-06 22:05:26.778  4906  5038 D GStreamer+h264parse: 0:00:30.609209780 0xe900d090 gsth264parse.c:421:gst_h264_parse_wrap_nal:<h264parse0> nal length 5
06-06 22:05:26.778  4906  5038 D GStreamer+GST_MEMORY: 0:00:30.609237175 0xe900d090 gstmemory.c:138:gst_memory_init new memory 0xe92be188, maxsize:12 offset:0 size:9
06-06 22:05:26.778  4906  5039 D GStreamer+GST_SCHEDULING: 0:00:30.609209884 0xe900d0f0 gstpad.c:4193:gst_pad_chain_data_unchecked:<queue0:sink> calling chainfunction &gst_queue_chain with buffer buffer: 0xe9572360, pts 0:00:01.312666666, dts 0:00:01.312666666, dur 0:00:00.019666667, size 42505, offset none, offset_end none, flags 0x0
06-06 22:05:26.778  4906  5038 D GStreamer+codecparsers_h264: 0:00:30.609261186 0xe900d090 gsth264parser.c:253:gst_h264_parse_nalu_header Nal type 5, ref_idc 1
06-06 22:05:26.778  4906  5039 D GStreamer+queue_dataflow: 0:00:30.609273165 0xe900d0f0 gstqueue.c:1220:gst_queue_chain_buffer_or_list:<queue0> queue is full, waiting for free space
06-06 22:05:26.778  4906  5038 D GStreamer+h264parse: 0:00:30.609281863 0xe900d090 gsth264parse.c:979:gst_h264_parse_handle_frame_packetized:<h264parse0> AVC nal offset 43148
06-06 22:05:26.778  4906  5038 D GStreamer+h264parse: 0:00:30.609301342 0xe900d090 gsth264parse.c:714:gst_h264_parse_process_nal:<h264parse0> processing nal of type 5 Slice IDR, size 43121
06-06 22:05:26.778  4906  5038 D GStreamer+h264parse: 0:00:30.609322436 0xe900d090 gsth264parse.c:820:gst_h264_parse_process_nal:<h264parse0> first_mb_in_slice = 0
06-06 22:05:26.778  4906  5038 D GStreamer+h264parse: 0:00:30.609338946 0xe900d090 gsth264parse.c:823:gst_h264_parse_process_nal:<h264parse0> frame start: 1
06-06 22:05:26.778  4906  5038 D GStreamer+codecparsers_h264: 0:00:30.609357071 0xe900d090 gsth264parser.c:2089:gst_h264_parser_parse_slice_hdr parsing "Slice header", slice type 7
06-06 22:05:26.778  4906  5038 D GStreamer+codecparsers_h264: 0:00:30.609379832 0xe900d090 gsth264parser.c:711:gst_h264_slice_parse_dec_ref_pic_marking parsing "Decoded reference picture marking"
06-06 22:05:26.778  4906  5038 D GStreamer+h264parse: 0:00:30.609397071 0xe900d090 gsth264parse.c:833:gst_h264_parse_process_nal:<h264parse0> parse result 0, first MB: 0, slice type: 7
06-06 22:05:26.778  4906  5038 D GStreamer+h264parse: 0:00:30.609431030 0xe900d090 gsth264parse.c:856:gst_h264_parse_process_nal:<h264parse0> marking IDR in frame at offset 23
06-06 22:05:26.778  4906  5038 D GStreamer+h264parse: 0:00:30.609452644 0xe900d090 gsth264parse.c:421:gst_h264_parse_wrap_nal:<h264parse0> nal length 43121
06-06 22:05:26.778  4906  5038 D GStreamer+GST_MEMORY: 0:00:30.609471863 0xe900d090 gstmemory.c:138:gst_memory_init new memory 0xe9397338, maxsize:43128 offset:0 size:43125
06-06 22:05:26.778  4906  5038 D GStreamer+codecparsers_h264: 0:00:30.609510977 0xe900d090 gsth264parser.c:1407:gst_h264_parser_identify_nalu_avc Can't parse, buffer has too small size 43148, offset 43148
06-06 22:05:26.778  4906  5038 D GStreamer+GST_CAPS: 0:00:30.609536602 0xe900d090 gstpad.c:2644:gst_pad_has_current_caps:<h264parse0:src> check current pad caps video/x-h264, stream-format=(string)byte-stream, alignment=(string)au, level=(string)4, profile=(string)baseline, width=(int)1280, height=(int)1440, framerate=(fraction)151/3, pixel-aspect-ratio=(fraction)1/1, parsed=(boolean)true
06-06 22:05:26.779  4906  5038 D GStreamer+GST_CAPS: 0:00:30.609588582 0xe900d090 gstpad.c:2672:gst_pad_get_current_caps:<h264parse0:sink> get current pad caps video/x-h264, stream-format=(string)avc, alignment=(string)au, level=(string)4, profile=(string)baseline, codec_data=(buffer)01428028ffe1000a27428028e54028016b2001000528de01ae20, width=(int)1280, height=(int)1440, framerate=(fraction)151/3, pixel-aspect-ratio=(fraction)1/1
06-06 22:05:26.779  4906  5038 D GStreamer+h264parse: 0:00:30.609642957 0xe900d090 gsth264parse.c:1692:gst_h264_parse_update_src_caps:<h264parse0> sps: 0xcca87008
06-06 22:05:26.779  4906  5038 D GStreamer+GST_PERFORMANCE: 0:00:30.609663842 0xe900d090 gstcaps.c:178:_gst_caps_copy:<0xe9194340> doing copy 0xe9194340 -> 0xe952e5b8
06-06 22:05:26.779  4906  5038 I GStreamer+baseparse: 0:00:30.609706290 0xe900d090 gstbaseparse.c:3964:gst_base_parse_set_latency:<h264parse0> min/max latency 0:00:00.019867549, 0:00:00.019867549
06-06 22:05:26.779  4906  5038 D GStreamer+GST_CAPS: 0:00:30.609747488 0xe900d090 gstpad.c:2672:gst_pad_get_current_caps:<h264parse0:src> get current pad caps video/x-h264, stream-format=(string)byte-stream, alignment=(string)au, level=(string)4, profile=(string)baseline, width=(int)1280, height=(int)1440, framerate=(fraction)151/3, pixel-aspect-ratio=(fraction)1/1, parsed=(boolean)true
06-06 22:05:26.779  4906  5038 D GStreamer+GST_CAPS: 0:00:30.609793686 0xe900d090 gstpad.c:2672:gst_pad_get_current_caps:<h264parse0:src> get current pad caps video/x-h264, stream-format=(string)byte-stream, alignment=(string)au, level=(string)4, profile=(string)baseline, width=(int)1280, height=(int)1440, framerate=(fraction)151/3, pixel-aspect-ratio=(fraction)1/1, parsed=(boolean)true
06-06 22:05:26.779  4906  5038 D GStreamer+h264parse: 0:00:30.609838582 0xe900d090 gsth264parse.c:1934:gst_h264_parse_get_timestamp:<h264parse0> unable to compute timestamp: VUI not present
06-06 22:05:26.779  4906  5038 D GStreamer+adapter: 0:00:30.609876238 0xe900d090 gstadapter.c:296:copy_into_unchecked bsize 14, skip 0, csize 14
06-06 22:05:26.779  4906  5038 D GStreamer+GST_MEMORY: 0:00:30.609939988 0xe900d090 gstmemory.c:138:gst_memory_init new memory 0xe9277c18, maxsize:43148 offset:0 size:43148
06-06 22:05:26.779  4906  5038 D GStreamer+GST_MEMORY: 0:00:30.609967696 0xe900d090 gstmemory.c:87:_gst_memory_free free memory 0xe9539ce8
06-06 22:05:26.779  4906  5038 D GStreamer+GST_MEMORY: 0:00:30.609987540 0xe900d090 gstmemory.c:87:_gst_memory_free free memory 0xe92be188
06-06 22:05:26.779  4906  5038 D GStreamer+GST_MEMORY: 0:00:30.610005092 0xe900d090 gstmemory.c:87:_gst_memory_free free memory 0xe9397338
06-06 22:05:26.779  4906  5038 D GStreamer+GST_MEMORY: 0:00:30.610025196 0xe900d090 gstmemory.c:87:_gst_memory_free free memory 0xe93ab6e0
06-06 22:05:26.779  4906  5038 D GStreamer+GST_CAPS: 0:00:30.610049780 0xe900d090 gstpad.c:2644:gst_pad_has_current_caps:<h264parse0:src> check current pad caps video/x-h264, stream-format=(string)byte-stream, alignment=(string)au, level=(string)4, profile=(string)baseline, width=(int)1280, height=(int)1440, framerate=(fraction)151/3, pixel-aspect-ratio=(fraction)1/1, parsed=(boolean)true
06-06 22:05:26.779  4906  5038 D GStreamer+h264parse: 0:00:30.610096602 0xe900d090 gsth264parse.c:182:gst_h264_parse_reset_frame:<h264parse0> reset frame
06-06 22:05:26.779  4906  5038 D GStreamer+GST_SCHEDULING: 0:00:30.610117488 0xe900d090 gstpad.c:4193:gst_pad_chain_data_unchecked:<capsfilter0:sink> calling chainfunction &gst_base_transform_chain with buffer buffer: 0xe92fa668, pts 0:00:00.278333333, dts 0:00:00.278333333, dur 0:00:00.019867549, size 43148, offset 605736, offset_end none, flags 0x400
06-06 22:05:26.779  4906  5038 D GStreamer+basetransform: 0:00:30.610169675 0xe900d090 gstbasetransform.c:2033:default_submit_input_buffer:<capsfilter0> handling buffer 0xe92fa668 of size 43148, PTS 0:00:00.278333333 and offset 605736
06-06 22:05:26.779  4906  5038 D GStreamer+basetransform: 0:00:30.610201550 0xe900d090 gstbasetransform.c:2150:default_generate_output:<capsfilter0> calling prepare buffer
06-06 22:05:26.779  4906  5038 D GStreamer+basetransform: 0:00:30.610220040 0xe900d090 gstbasetransform.c:2157:default_generate_output:<capsfilter0> using allocated buffer in 0xe92fa668, out 0xe92fa668
06-06 22:05:26.779  4906  5038 D GStreamer+basetransform: 0:00:30.610239519 0xe900d090 gstbasetransform.c:2174:default_generate_output:<capsfilter0> doing inplace transform
06-06 22:05:26.779  4906  5038 D GStreamer+GST_SCHEDULING: 0:00:30.610259727 0xe900d090 gstpad.c:4193:gst_pad_chain_data_unchecked:<amcvideodec-omxnvidiah264decode0:sink> calling chainfunction &gst_video_decoder_chain with buffer buffer: 0xe92fa668, pts 0:00:00.278333333, dts 0:00:00.278333333, dur 0:00:00.019867549, size 43148, offset 605736, offset_end none, flags 0x400
06-06 22:05:26.779  4906  5038 D GStreamer+videodecoder: 0:00:30.610313165 0xe900d090 gstvideodecoder.c:3400:gst_video_decoder_decode_frame:<amcvideodec-omxnvidiah264decode0> PTS delta 0 ms
06-06 22:05:26.779  4906  5038 D GStreamer+videodecoder: 0:00:30.610336707 0xe900d090 gstvideodecoder.c:3415:gst_video_decoder_decode_frame:<amcvideodec-omxnvidiah264decode0> decoder frame list getting long: 14 frames,possible internal leaking?
06-06 22:05:26.779  4906  5038 D GStreamer+amcvideodec: 0:00:30.610356915 0xe900d090 gstamcvideodec.c:2125:gst_amc_video_dec_handle_frame:<amcvideodec-omxnvidiah264decode0> Handling frame
06-06 22:05:26.779  4906  5038 D GStreamer+amcvideodec: 0:00:30.610533790 0xe900d090 gstamcvideodec.c:2239:gst_amc_video_dec_handle_frame:<amcvideodec-omxnvidiah264decode0> Queueing buffer 3: size 43148 time 278333 flags 0x00000001
06-06 22:05:26.780  4906  5038 D GStreamer+GST_SCHEDULING: 0:00:30.610688477 0xe900d090 gstpad.c:4199:gst_pad_chain_data_unchecked:<amcvideodec-omxnvidiah264decode0:sink> called chainfunction &gst_video_decoder_chain with buffer 0xe92fa668, returned ok
06-06 22:05:26.780  4906  5038 D GStreamer+GST_SCHEDULING: 0:00:30.610726707 0xe900d090 gstpad.c:4199:gst_pad_chain_data_unchecked:<capsfilter0:sink> called chainfunction &gst_base_transform_chain with buffer 0xe92fa668, returned ok
06-06 22:05:26.780  4906  5038 D GStreamer+baseparse: 0:00:30.610757384 0xe900d090 gstbaseparse.c:3165:gst_base_parse_chain:<h264parse0> not enough data available (only 0 bytes)
06-06 22:05:26.780  4906  5038 D GStreamer+GST_SCHEDULING: 0:00:30.610779363 0xe900d090 gstpad.c:4199:gst_pad_chain_data_unchecked:<h264parse0:sink> called chainfunction &gst_base_parse_chain with buffer 0xe91f9a20, returned ok
06-06 22:05:26.780  4906  5038 D GStreamer+GST_SCHEDULING: 0:00:30.610802696 0xe900d090 gstpad.c:4199:gst_pad_chain_data_unchecked:<typefind:sink> called chainfunction &gst_type_find_element_chain with buffer 0xe91f9a20, returned ok
06-06 22:05:26.780  4906  5038 D GStreamer+GST_SCHEDULING: 0:00:30.610827696 0xe900d090 gstpad.c:4199:gst_pad_chain_data_unchecked:<forhwgl:sink> called chainfunction &gst_proxy_pad_chain_default with buffer 0xe91f9a20, returned ok
06-06 22:05:26.780  4906  5039 D GStreamer+queue_dataflow: 0:00:30.610867019 0xe900d0f0 gstqueue.c:1228:gst_queue_chain_buffer_or_list:<queue0> queue is not full
06-06 22:05:26.780  4906  5038 D GStreamer+GST_SCHEDULING: 0:00:30.610862280 0xe900d090 gstpad.c:4193:gst_pad_chain_data_unchecked:<forhwgl:sink> calling chainfunction &gst_proxy_pad_chain_default with buffer buffer: 0xe91f9ac0, pts 0:00:00.298333333, dts 0:00:00.298333333, dur 0:00:00.019666667, size 42820, offset none, offset_end none, flags 0x0
06-06 22:05:26.780  4906  5039 D GStreamer+GST_SCHEDULING: 0:00:30.610900873 0xe900d0f0 gstpad.c:4199:gst_pad_chain_data_unchecked:<queue0:sink> called chainfunction &gst_queue_chain with buffer 0xe9572360, returned ok
06-06 22:05:26.780  4906  5039 D GStreamer+qtdemux: 0:00:30.610932175 0xe900d0f0 qtdemux.c:8014:qtdemux_parse_samples:<q> parsing up to sample 66
06-06 22:05:26.780  4906  5038 D GStreamer+GST_SCHEDULING: 0:00:30.610916915 0xe900d090 gstpad.c:4193:gst_pad_chain_data_unchecked:<typefind:sink> calling chainfunction &gst_type_find_element_chain with buffer buffer: 0xe91f9ac0, pts 0:00:00.298333333, dts 0:00:00.298333333, dur 0:00:00.019666667, size 42820, offset none, offset_end none, flags 0x0
06-06 22:05:26.780  4906  5039 D GStreamer+qtdemux: 0:00:30.610961811 0xe900d0f0 qtdemux.c:8221:qtdemux_parse_samples:<q> sample 66: index 0, timestamp 0:00:01.332333333
06-06 22:05:26.780  4906  5039 D GStreamer+qtdemux: 0:00:30.610992227 0xe900d0f0 qtdemux.c:8276:qtdemux_parse_samples:<q> samples at 66 is keyframe
06-06 22:05:26.780  4906  5038 D GStreamer+GST_SCHEDULING: 0:00:30.610968738 0xe900d090 gstpad.c:4193:gst_pad_chain_data_unchecked:<h264parse0:sink> calling chainfunction &gst_base_parse_chain with buffer buffer: 0xe91f9ac0, pts 0:00:00.298333333, dts 0:00:00.298333333, dur 0:00:00.019666667, size 42820, offset none, offset_end none, flags 0x0
06-06 22:05:26.780  4906  5038 D GStreamer+baseparse: 0:00:30.611019467 0xe900d090 gstbaseparse.c:2996:gst_base_parse_chain:<h264parse0> chain
06-06 22:05:26.780  4906  5039 D GStreamer+qtdemux: 0:00:30.611022280 0xe900d0f0 qtdemux.c:5512:gst_qtdemux_loop_state_movie:<q> pushing from stream 0, empty 0 offset 2782463, size 42540, dts=0:00:01.332333333, pts=0:00:01.332333333, duration 0:00:00.020000000
06-06 22:05:26.780  4906  5038 D GStreamer+GST_PERFORMANCE: 0:00:30.611045092 0xe900d090 gstminiobject.c:327:gst_mini_object_make_writable copy GstBuffer miniobject 0xe91f9ac0 -> 0xe9537a20
06-06 22:05:26.780  4906  5038 D GStreamer+codecparsers_h264: 0:00:30.611073113 0xe900d090 gsth264parser.c:253:gst_h264_parse_nalu_header Nal type 7, ref_idc 1
06-06 22:05:26.780  4906  5039 D GStreamer+basesrc: 0:00:30.611070717 0xe900d0f0 gstbasesrc.c:2354:gst_base_src_update_length:<filesrc0> reading offset 2782463, length 42540, size 16031303, segment.stop -1, maxsize 16031303
06-06 22:05:26.780  4906  5038 D GStreamer+h264parse: 0:00:30.611102175 0xe900d090 gsth264parse.c:979:gst_h264_parse_handle_frame_packetized:<h264parse0> AVC nal offset 14
06-06 22:05:26.780  4906  5039 D GStreamer+basesrc: 0:00:30.611111134 0xe900d0f0 gstbasesrc.c:2455:gst_base_src_get_range:<filesrc0> calling create offset 2782463 length 42540, time 0
06-06 22:05:26.780  4906  5038 D GStreamer+h264parse: 0:00:30.611124519 0xe900d090 gsth264parse.c:714:gst_h264_parse_process_nal:<h264parse0> processing nal of type 7 SPS, size 10
06-06 22:05:26.780  4906  5039 D GStreamer+GST_MEMORY: 0:00:30.611136394 0xe900d0f0 gstmemory.c:138:gst_memory_init new memory 0xe9397338, maxsize:42543 offset:0 size:42540
06-06 22:05:26.780  4906  5038 D GStreamer+codecparsers_h264: 0:00:30.611147175 0xe900d090 gsth264parser.c:1758:gst_h264_parse_sps parsing SPS
06-06 22:05:26.780  4906  5038 D GStreamer+codecparsers_h264: 0:00:30.611166498 0xe900d090 gsth264parser.c:1484:gst_h264_parser_parse_sps adding sequence parameter set with id: 0 to array
06-06 22:05:26.780  4906  5038 D GStreamer+h264parse: 0:00:30.611187488 0xe900d090 gsth264parse.c:735:gst_h264_parse_process_nal:<h264parse0> triggering src caps check
06-06 22:05:26.780  4906  5039 D GStreamer+basesrc: 0:00:30.611188634 0xe900d0f0 gstbasesrc.c:2309:gst_base_src_do_sync:<filesrc0> we have no clock
06-06 22:05:26.780  4906  5038 D GStreamer+h264parse: 0:00:30.611206655 0xe900d090 gsth264parse.c:452:gst_h264_parser_store_nal:<h264parse0> storing sps 0
06-06 22:05:26.780  4906  5039 D GStreamer+basesrc: 0:00:30.611211863 0xe900d0f0 gstbasesrc.c:2519:gst_base_src_get_range:<filesrc0> buffer ok
06-06 22:05:26.780  4906  5038 D GStreamer+GST_MEMORY: 0:00:30.611230717 0xe900d090 gstmemory.c:138:gst_memory_init new memory 0xe92be248, maxsize:13 offset:0 size:10
06-06 22:05:26.780  4906  5038 D GStreamer+GST_MEMORY: 0:00:30.611260352 0xe900d090 gstmemory.c:87:_gst_memory_free free memory 0xe924bb60
06-06 22:05:26.780  4906  5039 D GStreamer+GST_SCHEDULING: 0:00:30.611235613 0xe900d0f0 gstpad.c:4193:gst_pad_chain_data_unchecked:<queue0:sink> calling chainfunction &gst_queue_chain with buffer buffer: 0xe9572400, pts 0:00:01.332333333, dts 0:00:01.332333333, dur 0:00:00.020000000, size 42540, offset none, offset_end none, flags 0x0
06-06 22:05:26.780  4906  5038 D GStreamer+h264parse: 0:00:30.611279050 0xe900d090 gsth264parse.c:421:gst_h264_parse_wrap_nal:<h264parse0> nal length 10
06-06 22:05:26.780  4906  5039 D GStreamer+queue_dataflow: 0:00:30.611289623 0xe900d0f0 gstqueue.c:1220:gst_queue_chain_buffer_or_list:<queue0> queue is full, waiting for free space
06-06 22:05:26.780  4906  5038 D GStreamer+GST_MEMORY: 0:00:30.611300092 0xe900d090 gstmemory.c:138:gst_memory_init new memory 0xe9539ce8, maxsize:17 offset:0 size:14
06-06 22:05:26.780  4906  5038 D GStreamer+codecparsers_h264: 0:00:30.611323530 0xe900d090 gsth264parser.c:253:gst_h264_parse_nalu_header Nal type 8, ref_idc 1
06-06 22:05:26.780  4906  5038 D GStreamer+h264parse: 0:00:30.611341707 0xe900d090 gsth264parse.c:979:gst_h264_parse_handle_frame_packetized:<h264parse0> AVC nal offset 23
06-06 22:05:26.780  4906  5038 D GStreamer+h264parse: 0:00:30.611360248 0xe900d090 gsth264parse.c:714:gst_h264_parse_process_nal:<h264parse0> processing nal of type 8 PPS, size 5
06-06 22:05:26.780  4906  5038 D GStreamer+codecparsers_h264: 0:00:30.611380352 0xe900d090 gsth264parser.c:1894:gst_h264_parse_pps parsing PPS
06-06 22:05:26.780  4906  5038 D GStreamer+codecparsers_h264: 0:00:30.611397800 0xe900d090 gsth264parser.c:2027:gst_h264_parser_parse_pps adding picture parameter set with id: 0 to array
06-06 22:05:26.780  4906  5038 D GStreamer+h264parse: 0:00:30.611414259 0xe900d090 gsth264parse.c:456:gst_h264_parser_store_nal:<h264parse0> storing pps 0
06-06 22:05:26.780  4906  5038 D GStreamer+GST_MEMORY: 0:00:30.611448530 0xe900d090 gstmemory.c:138:gst_memory_init new memory 0xe92f7c60, maxsize:8 offset:0 size:5
06-06 22:05:26.780  4906  5038 D GStreamer+GST_MEMORY: 0:00:30.611472123 0xe900d090 gstmemory.c:87:_gst_memory_free free memory 0xe92f7d10
06-06 22:05:26.780  4906  5038 D GStreamer+h264parse: 0:00:30.611490925 0xe900d090 gsth264parse.c:421:gst_h264_parse_wrap_nal:<h264parse0> nal length 5
06-06 22:05:26.780  4906  5038 D GStreamer+GST_MEMORY: 0:00:30.611509467 0xe900d090 gstmemory.c:138:gst_memory_init new memory 0xe924bb00, maxsize:12 offset:0 size:9
06-06 22:05:26.780  4906  5038 D GStreamer+codecparsers_h264: 0:00:30.611532332 0xe900d090 gsth264parser.c:253:gst_h264_parse_nalu_header Nal type 5, ref_idc 1
06-06 22:05:26.780  4906  5038 D GStreamer+h264parse: 0:00:30.611550977 0xe900d090 gsth264parse.c:979:gst_h264_parse_handle_frame_packetized:<h264parse0> AVC nal offset 42820
06-06 22:05:26.781  4906  5038 D GStreamer+h264parse: 0:00:30.611572488 0xe900d090 gsth264parse.c:714:gst_h264_parse_process_nal:<h264parse0> processing nal of type 5 Slice IDR, size 42793
06-06 22:05:26.781  4906  5038 D GStreamer+h264parse: 0:00:30.611594988 0xe900d090 gsth264parse.c:820:gst_h264_parse_process_nal:<h264parse0> first_mb_in_slice = 0
06-06 22:05:26.781  4906  5038 D GStreamer+h264parse: 0:00:30.611611863 0xe900d090 gsth264parse.c:823:gst_h264_parse_process_nal:<h264parse0> frame start: 1
06-06 22:05:26.781  4906  5038 D GStreamer+codecparsers_h264: 0:00:30.611629988 0xe900d090 gsth264parser.c:2089:gst_h264_parser_parse_slice_hdr parsing "Slice header", slice type 7
06-06 22:05:26.781  4906  5038 D GStreamer+codecparsers_h264: 0:00:30.611648477 0xe900d090 gsth264parser.c:711:gst_h264_slice_parse_dec_ref_pic_marking parsing "Decoded reference picture marking"
06-06 22:05:26.781  4906  5038 D GStreamer+h264parse: 0:00:30.611664415 0xe900d090 gsth264parse.c:833:gst_h264_parse_process_nal:<h264parse0> parse result 0, first MB: 0, slice type: 7
06-06 22:05:26.781  4906  5038 D GStreamer+h264parse: 0:00:30.611686394 0xe900d090 gsth264parse.c:856:gst_h264_parse_process_nal:<h264parse0> marking IDR in frame at offset 23
06-06 22:05:26.781  4906  5038 D GStreamer+h264parse: 0:00:30.611704780 0xe900d090 gsth264parse.c:421:gst_h264_parse_wrap_nal:<h264parse0> nal length 42793
06-06 22:05:26.781  4906  5038 D GStreamer+GST_MEMORY: 0:00:30.611723842 0xe900d090 gstmemory.c:138:gst_memory_init new memory 0xe93a19c0, maxsize:42800 offset:0 size:42797
06-06 22:05:26.781  4906  5038 D GStreamer+codecparsers_h264: 0:00:30.611769936 0xe900d090 gsth264parser.c:1407:gst_h264_parser_identify_nalu_avc Can't parse, buffer has too small size 42820, offset 42820
06-06 22:05:26.781  4906  5038 D GStreamer+GST_CAPS: 0:00:30.611794050 0xe900d090 gstpad.c:2644:gst_pad_has_current_caps:<h264parse0:src> check current pad caps video/x-h264, stream-format=(string)byte-stream, alignment=(string)au, level=(string)4, profile=(string)baseline, width=(int)1280, height=(int)1440, framerate=(fraction)151/3, pixel-aspect-ratio=(fraction)1/1, parsed=(boolean)true
06-06 22:05:26.781  4906  5038 D GStreamer+GST_CAPS: 0:00:30.611843321 0xe900d090 gstpad.c:2672:gst_pad_get_current_caps:<h264parse0:sink> get current pad caps video/x-h264, stream-format=(string)avc, alignment=(string)au, level=(string)4, profile=(string)baseline, codec_data=(buffer)01428028ffe1000a27428028e54028016b2001000528de01ae20, width=(int)1280, height=(int)1440, framerate=(fraction)151/3, pixel-aspect-ratio=(fraction)1/1
06-06 22:05:26.781  4906  5038 D GStreamer+h264parse: 0:00:30.611899988 0xe900d090 gsth264parse.c:1692:gst_h264_parse_update_src_caps:<h264parse0> sps: 0xcca87008
06-06 22:05:26.781  4906  5038 D GStreamer+GST_PERFORMANCE: 0:00:30.611919623 0xe900d090 gstcaps.c:178:_gst_caps_copy:<0xe9194340> doing copy 0xe9194340 -> 0xe952e600
06-06 22:05:26.781  4906  5038 I GStreamer+baseparse: 0:00:30.611961602 0xe900d090 gstbaseparse.c:3964:gst_base_parse_set_latency:<h264parse0> min/max latency 0:00:00.019867549, 0:00:00.019867549
06-06 22:05:26.781  4906  5038 D GStreamer+GST_CAPS: 0:00:30.612005040 0xe900d090 gstpad.c:2672:gst_pad_get_current_caps:<h264parse0:src> get current pad caps video/x-h264, stream-format=(string)byte-stream, alignment=(string)au, level=(string)4, profile=(string)baseline, width=(int)1280, height=(int)1440, framerate=(fraction)151/3, pixel-aspect-ratio=(fraction)1/1, parsed=(boolean)true
06-06 22:05:26.781  4906  5038 D GStreamer+GST_CAPS: 0:00:30.612051863 0xe900d090 gstpad.c:2672:gst_pad_get_current_caps:<h264parse0:src> get current pad caps video/x-h264, stream-format=(string)byte-stream, alignment=(string)au, level=(string)4, profile=(string)baseline, width=(int)1280, height=(int)1440, framerate=(fraction)151/3, pixel-aspect-ratio=(fraction)1/1, parsed=(boolean)true
06-06 22:05:26.781  4906  5038 D GStreamer+h264parse: 0:00:30.612097540 0xe900d090 gsth264parse.c:1934:gst_h264_parse_get_timestamp:<h264parse0> unable to compute timestamp: VUI not present
06-06 22:05:26.781  4906  5038 D GStreamer+adapter: 0:00:30.612133998 0xe900d090 gstadapter.c:296:copy_into_unchecked bsize 14, skip 0, csize 14
06-06 22:05:26.781  4906  5038 D GStreamer+GST_MEMORY: 0:00:30.612193894 0xe900d090 gstmemory.c:138:gst_memory_init new memory 0xe9277ae0, maxsize:42820 offset:0 size:42820
