06-06 22:05:26.700  4906  5038 D GStreamer+GST_CAPS: 0:00:30.531324727 0xe900d090 gstpad.c:2644:gst_pad_has_current_caps:<h264parse0:src> check current pad caps video/x-h264, stream-format=(string)byte-stream, alignment=(string)au, level=(string)4, profile=(string)baseline, width=(int)1280, height=(int)1440, framerate=(fraction)151/3, pixel-aspect-ratio=(fraction)1/1, parsed=(boolean)true
06-06 22:05:26.700  4906  5038 D GStreamer+h264parse: 0:00:30.531372436 0xe900d090 gsth264parse.c:182:gst_h264_parse_reset_frame:<h264parse0> reset frame
06-06 22:05:26.700  4906  5038 D GStreamer+GST_SCHEDULING: 0:00:30.531397384 0xe900d090 gstpad.c:4193:gst_pad_chain_data_unchecked:<capsfilter0:sink> calling chainfunction &gst_base_transform_chain with buffer buffer: 0xe9537980, pts 0:00:00.079333333, dts 0:00:00.079333333, dur 0:00:00.019867549, size 55669, offset 137999, offset_end none, flags 0x400
06-06 22:05:26.700  4906  5038 D GStreamer+basetransform: 0:00:30.531466238 0xe900d090 gstbasetransform.c:2033:default_submit_input_buffer:<capsfilter0> handling buffer 0xe9537980 of size 55669, PTS 0:00:00.079333333 and offset 137999
06-06 22:05:26.700  4906  5038 D GStreamer+basetransform: 0:00:30.531500613 0xe900d090 gstbasetransform.c:2150:default_generate_output:<capsfilter0> calling prepare buffer
06-06 22:05:26.700  4906  5038 D GStreamer+basetransform: 0:00:30.531519050 0xe900d090 gstbasetransform.c:2157:default_generate_output:<capsfilter0> using allocated buffer in 0xe9537980, out 0xe9537980
06-06 22:05:26.700  4906  5038 D GStreamer+basetransform: 0:00:30.531540509 0xe900d090 gstbasetransform.c:2174:default_generate_output:<capsfilter0> doing inplace transform
06-06 22:05:26.701  4906  5038 D GStreamer+GST_SCHEDULING: 0:00:30.531562123 0xe900d090 gstpad.c:4193:gst_pad_chain_data_unchecked:<amcvideodec-omxnvidiah264decode0:sink> calling chainfunction &gst_video_decoder_chain with buffer buffer: 0xe9537980, pts 0:00:00.079333333, dts 0:00:00.079333333, dur 0:00:00.019867549, size 55669, offset 137999, offset_end none, flags 0x400
06-06 22:05:26.701  4906  5038 D GStreamer+videodecoder: 0:00:30.531617696 0xe900d090 gstvideodecoder.c:3400:gst_video_decoder_decode_frame:<amcvideodec-omxnvidiah264decode0> PTS delta 0 ms
06-06 22:05:26.701  4906  5038 D GStreamer+amcvideodec: 0:00:30.531641498 0xe900d090 gstamcvideodec.c:2125:gst_amc_video_dec_handle_frame:<amcvideodec-omxnvidiah264decode0> Handling frame
06-06 22:05:26.701  4906  5038 D GStreamer+amcvideodec: 0:00:30.531871707 0xe900d090 gstamcvideodec.c:2239:gst_amc_video_dec_handle_frame:<amcvideodec-omxnvidiah264decode0> Queueing buffer 3: size 55669 time 79333 flags 0x00000001
06-06 22:05:26.701  4906  5038 D GStreamer+GST_SCHEDULING: 0:00:30.531985040 0xe900d090 gstpad.c:4199:gst_pad_chain_data_unchecked:<amcvideodec-omxnvidiah264decode0:sink> called chainfunction &gst_video_decoder_chain with buffer 0xe9537980, returned ok
06-06 22:05:26.701  4906  5038 D GStreamer+GST_SCHEDULING: 0:00:30.532022436 0xe900d090 gstpad.c:4199:gst_pad_chain_data_unchecked:<capsfilter0:sink> called chainfunction &gst_base_transform_chain with buffer 0xe9537980, returned ok
06-06 22:05:26.701  4906  5038 D GStreamer+baseparse: 0:00:30.532057071 0xe900d090 gstbaseparse.c:3165:gst_base_parse_chain:<h264parse0> not enough data available (only 0 bytes)
06-06 22:05:26.701  4906  5038 D GStreamer+GST_SCHEDULING: 0:00:30.532080196 0xe900d090 gstpad.c:4199:gst_pad_chain_data_unchecked:<h264parse0:sink> called chainfunction &gst_base_parse_chain with buffer 0xe92fa348, returned ok
06-06 22:05:26.701  4906  5038 D GStreamer+GST_SCHEDULING: 0:00:30.532105977 0xe900d090 gstpad.c:4199:gst_pad_chain_data_unchecked:<typefind:sink> called chainfunction &gst_type_find_element_chain with buffer 0xe92fa348, returned ok
06-06 22:05:26.701  4906  5038 D GStreamer+GST_SCHEDULING: 0:00:30.532132280 0xe900d090 gstpad.c:4199:gst_pad_chain_data_unchecked:<forhwgl:sink> called chainfunction &gst_proxy_pad_chain_default with buffer 0xe92fa348, returned ok
06-06 22:05:26.701  4906  5038 D GStreamer+GST_SCHEDULING: 0:00:30.532168894 0xe900d090 gstpad.c:4193:gst_pad_chain_data_unchecked:<forhwgl:sink> calling chainfunction &gst_proxy_pad_chain_default with buffer buffer: 0xe92fa2a8, pts 0:00:00.099333333, dts 0:00:00.099333333, dur 0:00:00.020000000, size 51701, offset none, offset_end none, flags 0x0
06-06 22:05:26.701  4906  5039 D GStreamer+queue_dataflow: 0:00:30.532222488 0xe900d0f0 gstqueue.c:1228:gst_queue_chain_buffer_or_list:<queue0> queue is not full
06-06 22:05:26.701  4906  5038 D GStreamer+GST_SCHEDULING: 0:00:30.532226655 0xe900d090 gstpad.c:4193:gst_pad_chain_data_unchecked:<typefind:sink> calling chainfunction &gst_type_find_element_chain with buffer buffer: 0xe92fa2a8, pts 0:00:00.099333333, dts 0:00:00.099333333, dur 0:00:00.020000000, size 51701, offset none, offset_end none, flags 0x0
06-06 22:05:26.701  4906  5039 D GStreamer+GST_SCHEDULING: 0:00:30.532268165 0xe900d0f0 gstpad.c:4199:gst_pad_chain_data_unchecked:<queue0:sink> called chainfunction &gst_queue_chain with buffer 0xe91fd5d8, returned ok
06-06 22:05:26.701  4906  5039 D GStreamer+qtdemux: 0:00:30.532300665 0xe900d0f0 qtdemux.c:8014:qtdemux_parse_samples:<q> parsing up to sample 56
06-06 22:05:26.701  4906  5038 D GStreamer+GST_SCHEDULING: 0:00:30.532283790 0xe900d090 gstpad.c:4193:gst_pad_chain_data_unchecked:<h264parse0:sink> calling chainfunction &gst_base_parse_chain with buffer buffer: 0xe92fa2a8, pts 0:00:00.099333333, dts 0:00:00.099333333, dur 0:00:00.020000000, size 51701, offset none, offset_end none, flags 0x0
06-06 22:05:26.701  4906  5038 D GStreamer+baseparse: 0:00:30.532331394 0xe900d090 gstbaseparse.c:2996:gst_base_parse_chain:<h264parse0> chain
06-06 22:05:26.701  4906  5039 D GStreamer+qtdemux: 0:00:30.532328582 0xe900d0f0 qtdemux.c:8221:qtdemux_parse_samples:<q> sample 56: index 0, timestamp 0:00:01.133666666
06-06 22:05:26.701  4906  5039 D GStreamer+qtdemux: 0:00:30.532360405 0xe900d0f0 qtdemux.c:8276:qtdemux_parse_samples:<q> samples at 56 is keyframe
06-06 22:05:26.701  4906  5038 D GStreamer+GST_PERFORMANCE: 0:00:30.532364623 0xe900d090 gstminiobject.c:327:gst_mini_object_make_writable copy GstBuffer miniobject 0xe92fa2a8 -> 0xe9537c00
06-06 22:05:26.701  4906  5038 D GStreamer+codecparsers_h264: 0:00:30.532395665 0xe900d090 gsth264parser.c:253:gst_h264_parse_nalu_header Nal type 7, ref_idc 1
06-06 22:05:26.701  4906  5039 D GStreamer+qtdemux: 0:00:30.532390717 0xe900d0f0 qtdemux.c:5512:gst_qtdemux_loop_state_movie:<q> pushing from stream 0, empty 0 offset 2376352, size 39805, dts=0:00:01.133666666, pts=0:00:01.133666666, duration 0:00:00.019666667
06-06 22:05:26.701  4906  5038 D GStreamer+h264parse: 0:00:30.532435717 0xe900d090 gsth264parse.c:979:gst_h264_parse_handle_frame_packetized:<h264parse0> AVC nal offset 14
06-06 22:05:26.701  4906  5038 D GStreamer+h264parse: 0:00:30.532458686 0xe900d090 gsth264parse.c:714:gst_h264_parse_process_nal:<h264parse0> processing nal of type 7 SPS, size 10
06-06 22:05:26.701  4906  5039 D GStreamer+basesrc: 0:00:30.532460300 0xe900d0f0 gstbasesrc.c:2354:gst_base_src_update_length:<filesrc0> reading offset 2376352, length 39805, size 16031303, segment.stop -1, maxsize 16031303
06-06 22:05:26.701  4906  5038 D GStreamer+codecparsers_h264: 0:00:30.532484207 0xe900d090 gsth264parser.c:1758:gst_h264_parse_sps parsing SPS
06-06 22:05:26.701  4906  5039 D GStreamer+basesrc: 0:00:30.532493946 0xe900d0f0 gstbasesrc.c:2455:gst_base_src_get_range:<filesrc0> calling create offset 2376352 length 39805, time 0
06-06 22:05:26.701  4906  5038 D GStreamer+codecparsers_h264: 0:00:30.532505196 0xe900d090 gsth264parser.c:1484:gst_h264_parser_parse_sps adding sequence parameter set with id: 0 to array
06-06 22:05:26.701  4906  5039 D GStreamer+GST_MEMORY: 0:00:30.532522800 0xe900d0f0 gstmemory.c:138:gst_memory_init new memory 0xe9328dd8, maxsize:39808 offset:0 size:39805
06-06 22:05:26.701  4906  5038 D GStreamer+h264parse: 0:00:30.532526134 0xe900d090 gsth264parse.c:735:gst_h264_parse_process_nal:<h264parse0> triggering src caps check
06-06 22:05:26.701  4906  5038 D GStreamer+h264parse: 0:00:30.532550040 0xe900d090 gsth264parse.c:452:gst_h264_parser_store_nal:<h264parse0> storing sps 0
06-06 22:05:26.702  4906  5039 D GStreamer+basesrc: 0:00:30.532573477 0xe900d0f0 gstbasesrc.c:2309:gst_base_src_do_sync:<filesrc0> we have no clock
06-06 22:05:26.702  4906  5038 D GStreamer+GST_MEMORY: 0:00:30.532570300 0xe900d090 gstmemory.c:138:gst_memory_init new memory 0xe92be008, maxsize:13 offset:0 size:10
06-06 22:05:26.702  4906  5039 D GStreamer+basesrc: 0:00:30.532599259 0xe900d0f0 gstbasesrc.c:2519:gst_base_src_get_range:<filesrc0> buffer ok
06-06 22:05:26.702  4906  5038 D GStreamer+GST_MEMORY: 0:00:30.532603165 0xe900d090 gstmemory.c:87:_gst_memory_free free memory 0xe924b8c0
06-06 22:05:26.702  4906  5038 D GStreamer+h264parse: 0:00:30.532622280 0xe900d090 gsth264parse.c:421:gst_h264_parse_wrap_nal:<h264parse0> nal length 10
06-06 22:05:26.702  4906  5038 D GStreamer+GST_MEMORY: 0:00:30.532648217 0xe900d090 gstmemory.c:138:gst_memory_init new memory 0xe95388e0, maxsize:17 offset:0 size:14
06-06 22:05:26.702  4906  5039 D GStreamer+GST_SCHEDULING: 0:00:30.532622696 0xe900d0f0 gstpad.c:4193:gst_pad_chain_data_unchecked:<queue0:sink> calling chainfunction &gst_queue_chain with buffer buffer: 0xe91fd678, pts 0:00:01.133666666, dts 0:00:01.133666666, dur 0:00:00.019666667, size 39805, offset none, offset_end none, flags 0x0
06-06 22:05:26.702  4906  5038 D GStreamer+codecparsers_h264: 0:00:30.532676446 0xe900d090 gsth264parser.c:253:gst_h264_parse_nalu_header Nal type 8, ref_idc 1
06-06 22:05:26.702  4906  5039 D GStreamer+queue_dataflow: 0:00:30.532681498 0xe900d0f0 gstqueue.c:1220:gst_queue_chain_buffer_or_list:<queue0> queue is full, waiting for free space
06-06 22:05:26.702  4906  5038 D GStreamer+h264parse: 0:00:30.532696863 0xe900d090 gsth264parse.c:979:gst_h264_parse_handle_frame_packetized:<h264parse0> AVC nal offset 23
06-06 22:05:26.702  4906  5038 D GStreamer+h264parse: 0:00:30.532716707 0xe900d090 gsth264parse.c:714:gst_h264_parse_process_nal:<h264parse0> processing nal of type 8 PPS, size 5
06-06 22:05:26.702  4906  5038 D GStreamer+codecparsers_h264: 0:00:30.532738686 0xe900d090 gsth264parser.c:1894:gst_h264_parse_pps parsing PPS
06-06 22:05:26.702  4906  5038 D GStreamer+codecparsers_h264: 0:00:30.532758321 0xe900d090 gsth264parser.c:2027:gst_h264_parser_parse_pps adding picture parameter set with id: 0 to array
06-06 22:05:26.702  4906  5038 D GStreamer+h264parse: 0:00:30.532777540 0xe900d090 gsth264parse.c:456:gst_h264_parser_store_nal:<h264parse0> storing pps 0
06-06 22:05:26.702  4906  5038 D GStreamer+GST_MEMORY: 0:00:30.532796290 0xe900d090 gstmemory.c:138:gst_memory_init new memory 0xe92f7858, maxsize:8 offset:0 size:5
06-06 22:05:26.702  4906  5038 D GStreamer+GST_MEMORY: 0:00:30.532819936 0xe900d090 gstmemory.c:87:_gst_memory_free free memory 0xe92f78b0
06-06 22:05:26.702  4906  5038 D GStreamer+h264parse: 0:00:30.532838998 0xe900d090 gsth264parse.c:421:gst_h264_parse_wrap_nal:<h264parse0> nal length 5
06-06 22:05:26.702  4906  5038 D GStreamer+GST_MEMORY: 0:00:30.532858477 0xe900d090 gstmemory.c:138:gst_memory_init new memory 0xe924ba40, maxsize:12 offset:0 size:9
06-06 22:05:26.702  4906  5038 D GStreamer+codecparsers_h264: 0:00:30.532881238 0xe900d090 gsth264parser.c:253:gst_h264_parse_nalu_header Nal type 5, ref_idc 1
06-06 22:05:26.702  4906  5038 D GStreamer+h264parse: 0:00:30.532899311 0xe900d090 gsth264parse.c:979:gst_h264_parse_handle_frame_packetized:<h264parse0> AVC nal offset 51701
06-06 22:05:26.702  4906  5038 D GStreamer+h264parse: 0:00:30.532919050 0xe900d090 gsth264parse.c:714:gst_h264_parse_process_nal:<h264parse0> processing nal of type 5 Slice IDR, size 51674
06-06 22:05:26.702  4906  5038 D GStreamer+h264parse: 0:00:30.532941707 0xe900d090 gsth264parse.c:820:gst_h264_parse_process_nal:<h264parse0> first_mb_in_slice = 0
06-06 22:05:26.702  4906  5038 D GStreamer+h264parse: 0:00:30.532959311 0xe900d090 gsth264parse.c:823:gst_h264_parse_process_nal:<h264parse0> frame start: 1
06-06 22:05:26.702  4906  5038 D GStreamer+codecparsers_h264: 0:00:30.532978477 0xe900d090 gsth264parser.c:2089:gst_h264_parser_parse_slice_hdr parsing "Slice header", slice type 7
06-06 22:05:26.702  4906  5038 D GStreamer+codecparsers_h264: 0:00:30.532997019 0xe900d090 gsth264parser.c:711:gst_h264_slice_parse_dec_ref_pic_marking parsing "Decoded reference picture marking"
06-06 22:05:26.702  4906  5038 D GStreamer+h264parse: 0:00:30.533013165 0xe900d090 gsth264parse.c:833:gst_h264_parse_process_nal:<h264parse0> parse result 0, first MB: 0, slice type: 7
06-06 22:05:26.702  4906  5038 D GStreamer+h264parse: 0:00:30.533034207 0xe900d090 gsth264parse.c:856:gst_h264_parse_process_nal:<h264parse0> marking IDR in frame at offset 23
06-06 22:05:26.702  4906  5038 D GStreamer+h264parse: 0:00:30.533053790 0xe900d090 gsth264parse.c:421:gst_h264_parse_wrap_nal:<h264parse0> nal length 51674
06-06 22:05:26.702  4906  5038 D GStreamer+GST_MEMORY: 0:00:30.533074884 0xe900d090 gstmemory.c:138:gst_memory_init new memory 0xe93329b0, maxsize:51681 offset:0 size:51678
06-06 22:05:26.702  4906  5038 D GStreamer+codecparsers_h264: 0:00:30.533114936 0xe900d090 gsth264parser.c:1407:gst_h264_parser_identify_nalu_avc Can't parse, buffer has too small size 51701, offset 51701
06-06 22:05:26.702  4906  5038 D GStreamer+GST_CAPS: 0:00:30.533141186 0xe900d090 gstpad.c:2644:gst_pad_has_current_caps:<h264parse0:src> check current pad caps video/x-h264, stream-format=(string)byte-stream, alignment=(string)au, level=(string)4, profile=(string)baseline, width=(int)1280, height=(int)1440, framerate=(fraction)151/3, pixel-aspect-ratio=(fraction)1/1, parsed=(boolean)true
06-06 22:05:26.702  4906  5038 D GStreamer+GST_CAPS: 0:00:30.533194363 0xe900d090 gstpad.c:2672:gst_pad_get_current_caps:<h264parse0:sink> get current pad caps video/x-h264, stream-format=(string)avc, alignment=(string)au, level=(string)4, profile=(string)baseline, codec_data=(buffer)01428028ffe1000a27428028e54028016b2001000528de01ae20, width=(int)1280, height=(int)1440, framerate=(fraction)151/3, pixel-aspect-ratio=(fraction)1/1
06-06 22:05:26.702  4906  5038 D GStreamer+h264parse: 0:00:30.533251082 0xe900d090 gsth264parse.c:1692:gst_h264_parse_update_src_caps:<h264parse0> sps: 0xcca87008
06-06 22:05:26.702  4906  5038 D GStreamer+GST_PERFORMANCE: 0:00:30.533273790 0xe900d090 gstcaps.c:178:_gst_caps_copy:<0xe9194340> doing copy 0xe9194340 -> 0xe952e800
06-06 22:05:26.702  4906  5038 I GStreamer+baseparse: 0:00:30.533318321 0xe900d090 gstbaseparse.c:3964:gst_base_parse_set_latency:<h264parse0> min/max latency 0:00:00.019867549, 0:00:00.019867549
06-06 22:05:26.702  4906  5038 D GStreamer+GST_CAPS: 0:00:30.533364155 0xe900d090 gstpad.c:2672:gst_pad_get_current_caps:<h264parse0:src> get current pad caps video/x-h264, stream-format=(string)byte-stream, alignment=(string)au, level=(string)4, profile=(string)baseline, width=(int)1280, height=(int)1440, framerate=(fraction)151/3, pixel-aspect-ratio=(fraction)1/1, parsed=(boolean)true
06-06 22:05:26.702  4906  5038 D GStreamer+GST_CAPS: 0:00:30.533413165 0xe900d090 gstpad.c:2672:gst_pad_get_current_caps:<h264parse0:src> get current pad caps video/x-h264, stream-format=(string)byte-stream, alignment=(string)au, level=(string)4, profile=(string)baseline, width=(int)1280, height=(int)1440, framerate=(fraction)151/3, pixel-aspect-ratio=(fraction)1/1, parsed=(boolean)true
06-06 22:05:26.702  4906  5038 D GStreamer+h264parse: 0:00:30.533476446 0xe900d090 gsth264parse.c:1934:gst_h264_parse_get_timestamp:<h264parse0> unable to compute timestamp: VUI not present
06-06 22:05:26.702  4906  5038 D GStreamer+adapter: 0:00:30.533517436 0xe900d090 gstadapter.c:296:copy_into_unchecked bsize 14, skip 0, csize 14
06-06 22:05:26.703  4906  5038 D GStreamer+GST_MEMORY: 0:00:30.533589207 0xe900d090 gstmemory.c:138:gst_memory_init new memory 0xe9277c68, maxsize:51701 offset:0 size:51701
06-06 22:05:26.703  4906  5038 D GStreamer+GST_MEMORY: 0:00:30.533619363 0xe900d090 gstmemory.c:87:_gst_memory_free free memory 0xe95388e0
06-06 22:05:26.703  4906  5038 D GStreamer+GST_MEMORY: 0:00:30.533639571 0xe900d090 gstmemory.c:87:_gst_memory_free free memory 0xe924ba40
06-06 22:05:26.703  4906  5038 D GStreamer+GST_MEMORY: 0:00:30.533657592 0xe900d090 gstmemory.c:87:_gst_memory_free free memory 0xe93329b0
06-06 22:05:26.703  4906  5038 D GStreamer+GST_MEMORY: 0:00:30.533678582 0xe900d090 gstmemory.c:87:_gst_memory_free free memory 0xe9346a18
06-06 22:05:26.703  4906  5038 D GStreamer+GST_CAPS: 0:00:30.533701290 0xe900d090 gstpad.c:2644:gst_pad_has_current_caps:<h264parse0:src> check current pad caps video/x-h264, stream-format=(string)byte-stream, alignment=(string)au, level=(string)4, profile=(string)baseline, width=(int)1280, height=(int)1440, framerate=(fraction)151/3, pixel-aspect-ratio=(fraction)1/1, parsed=(boolean)true
06-06 22:05:26.703  4906  5038 D GStreamer+h264parse: 0:00:30.533748269 0xe900d090 gsth264parse.c:182:gst_h264_parse_reset_frame:<h264parse0> reset frame
06-06 22:05:26.703  4906  5038 D GStreamer+GST_SCHEDULING: 0:00:30.533773113 0xe900d090 gstpad.c:4193:gst_pad_chain_data_unchecked:<capsfilter0:sink> calling chainfunction &gst_base_transform_chain with buffer buffer: 0xe9537d40, pts 0:00:00.099333333, dts 0:00:00.099333333, dur 0:00:00.019867549, size 51701, offset 193668, offset_end none, flags 0x400
06-06 22:05:26.703  4906  5038 D GStreamer+basetransform: 0:00:30.533828425 0xe900d090 gstbasetransform.c:2033:default_submit_input_buffer:<capsfilter0> handling buffer 0xe9537d40 of size 51701, PTS 0:00:00.099333333 and offset 193668
06-06 22:05:26.703  4906  5038 D GStreamer+basetransform: 0:00:30.533861498 0xe900d090 gstbasetransform.c:2150:default_generate_output:<capsfilter0> calling prepare buffer
06-06 22:05:26.703  4906  5038 D GStreamer+basetransform: 0:00:30.533881811 0xe900d090 gstbasetransform.c:2157:default_generate_output:<capsfilter0> using allocated buffer in 0xe9537d40, out 0xe9537d40
06-06 22:05:26.703  4906  5038 D GStreamer+basetransform: 0:00:30.533903061 0xe900d090 gstbasetransform.c:2174:default_generate_output:<capsfilter0> doing inplace transform
06-06 22:05:26.703  4906  5038 D GStreamer+GST_SCHEDULING: 0:00:30.533924155 0xe900d090 gstpad.c:4193:gst_pad_chain_data_unchecked:<amcvideodec-omxnvidiah264decode0:sink> calling chainfunction &gst_video_decoder_chain with buffer buffer: 0xe9537d40, pts 0:00:00.099333333, dts 0:00:00.099333333, dur 0:00:00.019867549, size 51701, offset 193668, offset_end none, flags 0x400
06-06 22:05:26.703  4906  5038 D GStreamer+videodecoder: 0:00:30.533979675 0xe900d090 gstvideodecoder.c:3400:gst_video_decoder_decode_frame:<amcvideodec-omxnvidiah264decode0> PTS delta 0 ms
06-06 22:05:26.703  4906  5038 D GStreamer+amcvideodec: 0:00:30.534005040 0xe900d090 gstamcvideodec.c:2125:gst_amc_video_dec_handle_frame:<amcvideodec-omxnvidiah264decode0> Handling frame
06-06 22:05:26.703  4906  5038 D GStreamer+amcvideodec: 0:00:30.534229780 0xe900d090 gstamcvideodec.c:2239:gst_amc_video_dec_handle_frame:<amcvideodec-omxnvidiah264decode0> Queueing buffer 4: size 51701 time 99333 flags 0x00000001
06-06 22:05:26.703  4906  5038 D GStreamer+GST_SCHEDULING: 0:00:30.534333321 0xe900d090 gstpad.c:4199:gst_pad_chain_data_unchecked:<amcvideodec-omxnvidiah264decode0:sink> called chainfunction &gst_video_decoder_chain with buffer 0xe9537d40, returned ok
06-06 22:05:26.703  4906  5038 D GStreamer+GST_SCHEDULING: 0:00:30.534478582 0xe900d090 gstpad.c:4199:gst_pad_chain_data_unchecked:<capsfilter0:sink> called chainfunction &gst_base_transform_chain with buffer 0xe9537d40, returned ok
06-06 22:05:26.703  4906  5038 D GStreamer+baseparse: 0:00:30.534513217 0xe900d090 gstbaseparse.c:3165:gst_base_parse_chain:<h264parse0> not enough data available (only 0 bytes)
06-06 22:05:26.703  4906  5038 D GStreamer+GST_SCHEDULING: 0:00:30.534536186 0xe900d090 gstpad.c:4199:gst_pad_chain_data_unchecked:<h264parse0:sink> called chainfunction &gst_base_parse_chain with buffer 0xe92fa2a8, returned ok
06-06 22:05:26.703  4906  5038 D GStreamer+GST_SCHEDULING: 0:00:30.534561655 0xe900d090 gstpad.c:4199:gst_pad_chain_data_unchecked:<typefind:sink> called chainfunction &gst_type_find_element_chain with buffer 0xe92fa2a8, returned ok
06-06 22:05:26.704  4906  5038 D GStreamer+GST_SCHEDULING: 0:00:30.534587280 0xe900d090 gstpad.c:4199:gst_pad_chain_data_unchecked:<forhwgl:sink> called chainfunction &gst_proxy_pad_chain_default with buffer 0xe92fa2a8, returned ok
06-06 22:05:26.704  4906  5038 D GStreamer+GST_SCHEDULING: 0:00:30.534619780 0xe900d090 gstpad.c:4193:gst_pad_chain_data_unchecked:<forhwgl:sink> calling chainfunction &gst_proxy_pad_chain_default with buffer buffer: 0xe92fa208, pts 0:00:00.119333333, dts 0:00:00.119333333, dur 0:00:00.019666667, size 51191, offset none, offset_end none, flags 0x0
06-06 22:05:26.704  4906  5039 D GStreamer+queue_dataflow: 0:00:30.534669936 0xe900d0f0 gstqueue.c:1228:gst_queue_chain_buffer_or_list:<queue0> queue is not full
06-06 22:05:26.704  4906  5038 D GStreamer+GST_SCHEDULING: 0:00:30.534676759 0xe900d090 gstpad.c:4193:gst_pad_chain_data_unchecked:<typefind:sink> calling chainfunction &gst_type_find_element_chain with buffer buffer: 0xe92fa208, pts 0:00:00.119333333, dts 0:00:00.119333333, dur 0:00:00.019666667, size 51191, offset none, offset_end none, flags 0x0
06-06 22:05:26.704  4906  5039 D GStreamer+GST_SCHEDULING: 0:00:30.534713425 0xe900d0f0 gstpad.c:4199:gst_pad_chain_data_unchecked:<queue0:sink> called chainfunction &gst_queue_chain with buffer 0xe91fd678, returned ok
06-06 22:05:26.704  4906  5039 D GStreamer+qtdemux: 0:00:30.534744780 0xe900d0f0 qtdemux.c:8014:qtdemux_parse_samples:<q> parsing up to sample 57
06-06 22:05:26.704  4906  5038 D GStreamer+GST_SCHEDULING: 0:00:30.534730717 0xe900d090 gstpad.c:4193:gst_pad_chain_data_unchecked:<h264parse0:sink> calling chainfunction &gst_base_parse_chain with buffer buffer: 0xe92fa208, pts 0:00:00.119333333, dts 0:00:00.119333333, dur 0:00:00.019666667, size 51191, offset none, offset_end none, flags 0x0
06-06 22:05:26.704  4906  5038 D GStreamer+baseparse: 0:00:30.534782071 0xe900d090 gstbaseparse.c:2996:gst_base_parse_chain:<h264parse0> chain
06-06 22:05:26.704  4906  5039 D GStreamer+qtdemux: 0:00:30.534774415 0xe900d0f0 qtdemux.c:8221:qtdemux_parse_samples:<q> sample 57: index 0, timestamp 0:00:01.153333333
06-06 22:05:26.704  4906  5039 D GStreamer+qtdemux: 0:00:30.534809519 0xe900d0f0 qtdemux.c:8276:qtdemux_parse_samples:<q> samples at 57 is keyframe
06-06 22:05:26.704  4906  5038 D GStreamer+GST_PERFORMANCE: 0:00:30.534811915 0xe900d090 gstminiobject.c:327:gst_mini_object_make_writable copy GstBuffer miniobject 0xe92fa208 -> 0xe9537840
06-06 22:05:26.704  4906  5038 D GStreamer+codecparsers_h264: 0:00:30.534842957 0xe900d090 gsth264parser.c:253:gst_h264_parse_nalu_header Nal type 7, ref_idc 1
06-06 22:05:26.704  4906  5039 D GStreamer+qtdemux: 0:00:30.534840925 0xe900d0f0 qtdemux.c:5512:gst_qtdemux_loop_state_movie:<q> pushing from stream 0, empty 0 offset 2416157, size 39097, dts=0:00:01.153333333, pts=0:00:01.153333333, duration 0:00:00.020000000
06-06 22:05:26.704  4906  5038 D GStreamer+h264parse: 0:00:30.534869988 0xe900d090 gsth264parse.c:979:gst_h264_parse_handle_frame_packetized:<h264parse0> AVC nal offset 14
06-06 22:05:26.704  4906  5038 D GStreamer+h264parse: 0:00:30.534894832 0xe900d090 gsth264parse.c:714:gst_h264_parse_process_nal:<h264parse0> processing nal of type 7 SPS, size 10
06-06 22:05:26.704  4906  5039 D GStreamer+basesrc: 0:00:30.534897748 0xe900d0f0 gstbasesrc.c:2354:gst_base_src_update_length:<filesrc0> reading offset 2416157, length 39097, size 16031303, segment.stop -1, maxsize 16031303
06-06 22:05:26.704  4906  5038 D GStreamer+codecparsers_h264: 0:00:30.534924467 0xe900d090 gsth264parser.c:1758:gst_h264_parse_sps parsing SPS
06-06 22:05:26.704  4906  5039 D GStreamer+basesrc: 0:00:30.534936030 0xe900d0f0 gstbasesrc.c:2455:gst_base_src_get_range:<filesrc0> calling create offset 2416157 length 39097, time 0
06-06 22:05:26.704  4906  5038 D GStreamer+codecparsers_h264: 0:00:30.534943373 0xe900d090 gsth264parser.c:1484:gst_h264_parser_parse_sps adding sequence parameter set with id: 0 to array
06-06 22:05:26.704  4906  5038 D GStreamer+h264parse: 0:00:30.534963269 0xe900d090 gsth264parse.c:735:gst_h264_parse_process_nal:<h264parse0> triggering src caps check
06-06 22:05:26.704  4906  5039 D GStreamer+GST_MEMORY: 0:00:30.534963530 0xe900d0f0 gstmemory.c:138:gst_memory_init new memory 0xe93329b0, maxsize:39100 offset:0 size:39097
06-06 22:05:26.704  4906  5038 D GStreamer+h264parse: 0:00:30.534986030 0xe900d090 gsth264parse.c:452:gst_h264_parser_store_nal:<h264parse0> storing sps 0
06-06 22:05:26.704  4906  5038 D GStreamer+GST_MEMORY: 0:00:30.535009623 0xe900d090 gstmemory.c:138:gst_memory_init new memory 0xe924baa0, maxsize:13 offset:0 size:10
06-06 22:05:26.704  4906  5039 D GStreamer+basesrc: 0:00:30.535018634 0xe900d0f0 gstbasesrc.c:2309:gst_base_src_do_sync:<filesrc0> we have no clock
06-06 22:05:26.704  4906  5038 D GStreamer+GST_MEMORY: 0:00:30.535036238 0xe900d090 gstmemory.c:87:_gst_memory_free free memory 0xe92be008
06-06 22:05:26.704  4906  5039 D GStreamer+basesrc: 0:00:30.535038946 0xe900d0f0 gstbasesrc.c:2519:gst_base_src_get_range:<filesrc0> buffer ok
06-06 22:05:26.704  4906  5038 D GStreamer+h264parse: 0:00:30.535055196 0xe900d090 gsth264parse.c:421:gst_h264_parse_wrap_nal:<h264parse0> nal length 10
06-06 22:05:26.704  4906  5038 D GStreamer+GST_MEMORY: 0:00:30.535076394 0xe900d090 gstmemory.c:138:gst_memory_init new memory 0xe9538948, maxsize:17 offset:0 size:14
06-06 22:05:26.704  4906  5039 D GStreamer+GST_SCHEDULING: 0:00:30.535063061 0xe900d0f0 gstpad.c:4193:gst_pad_chain_data_unchecked:<queue0:sink> calling chainfunction &gst_queue_chain with buffer buffer: 0xe91fd718, pts 0:00:01.153333333, dts 0:00:01.153333333, dur 0:00:00.020000000, size 39097, offset none, offset_end none, flags 0x0
06-06 22:05:26.704  4906  5038 D GStreamer+codecparsers_h264: 0:00:30.535107852 0xe900d090 gsth264parser.c:253:gst_h264_parse_nalu_header Nal type 8, ref_idc 1
06-06 22:05:26.704  4906  5039 D GStreamer+queue_dataflow: 0:00:30.535119415 0xe900d0f0 gstqueue.c:1220:gst_queue_chain_buffer_or_list:<queue0> queue is full, waiting for free space
06-06 22:05:26.704  4906  5038 D GStreamer+h264parse: 0:00:30.535128321 0xe900d090 gsth264parse.c:979:gst_h264_parse_handle_frame_packetized:<h264parse0> AVC nal offset 23
06-06 22:05:26.704  4906  5038 D GStreamer+h264parse: 0:00:30.535147175 0xe900d090 gsth264parse.c:714:gst_h264_parse_process_nal:<h264parse0> processing nal of type 8 PPS, size 5
06-06 22:05:26.704  4906  5038 D GStreamer+codecparsers_h264: 0:00:30.535167384 0xe900d090 gsth264parser.c:1894:gst_h264_parse_pps parsing PPS
06-06 22:05:26.704  4906  5038 D GStreamer+codecparsers_h264: 0:00:30.535184155 0xe900d090 gsth264parser.c:2027:gst_h264_parser_parse_pps adding picture parameter set with id: 0 to array
06-06 22:05:26.704  4906  5038 D GStreamer+h264parse: 0:00:30.535202644 0xe900d090 gsth264parse.c:456:gst_h264_parser_store_nal:<h264parse0> storing pps 0
06-06 22:05:26.704  4906  5038 D GStreamer+GST_MEMORY: 0:00:30.535223425 0xe900d090 gstmemory.c:138:gst_memory_init new memory 0xe92f78b0, maxsize:8 offset:0 size:5
06-06 22:05:26.704  4906  5038 D GStreamer+GST_MEMORY: 0:00:30.535247905 0xe900d090 gstmemory.c:87:_gst_memory_free free memory 0xe92f7858
06-06 22:05:26.704  4906  5038 D GStreamer+h264parse: 0:00:30.535266967 0xe900d090 gsth264parse.c:421:gst_h264_parse_wrap_nal:<h264parse0> nal length 5
06-06 22:05:26.704  4906  5038 D GStreamer+GST_MEMORY: 0:00:30.535285405 0xe900d090 gstmemory.c:138:gst_memory_init new memory 0xe924b9e0, maxsize:12 offset:0 size:9
06-06 22:05:26.704  4906  5038 D GStreamer+codecparsers_h264: 0:00:30.535306915 0xe900d090 gsth264parser.c:253:gst_h264_parse_nalu_header Nal type 5, ref_idc 1
06-06 22:05:26.704  4906  5038 D GStreamer+h264parse: 0:00:30.535325873 0xe900d090 gsth264parse.c:979:gst_h264_parse_handle_frame_packetized:<h264parse0> AVC nal offset 51191
06-06 22:05:26.704  4906  5038 D GStreamer+h264parse: 0:00:30.535345717 0xe900d090 gsth264parse.c:714:gst_h264_parse_process_nal:<h264parse0> processing nal of type 5 Slice IDR, size 51164
06-06 22:05:26.704  4906  5038 D GStreamer+h264parse: 0:00:30.535367592 0xe900d090 gsth264parse.c:820:gst_h264_parse_process_nal:<h264parse0> first_mb_in_slice = 0
06-06 22:05:26.704  4906  5038 D GStreamer+h264parse: 0:00:30.535383946 0xe900d090 gsth264parse.c:823:gst_h264_parse_process_nal:<h264parse0> frame start: 1
06-06 22:05:26.704  4906  5038 D GStreamer+codecparsers_h264: 0:00:30.535401290 0xe900d090 gsth264parser.c:2089:gst_h264_parser_parse_slice_hdr parsing "Slice header", slice type 7
06-06 22:05:26.704  4906  5038 D GStreamer+codecparsers_h264: 0:00:30.535432175 0xe900d090 gsth264parser.c:711:gst_h264_slice_parse_dec_ref_pic_marking parsing "Decoded reference picture marking"
06-06 22:05:26.704  4906  5038 D GStreamer+h264parse: 0:00:30.535452384 0xe900d090 gsth264parse.c:833:gst_h264_parse_process_nal:<h264parse0> parse result 0, first MB: 0, slice type: 7
06-06 22:05:26.704  4906  5038 D GStreamer+h264parse: 0:00:30.535474102 0xe900d090 gsth264parse.c:856:gst_h264_parse_process_nal:<h264parse0> marking IDR in frame at offset 23
06-06 22:05:26.704  4906  5038 D GStreamer+h264parse: 0:00:30.535493373 0xe900d090 gsth264parse.c:421:gst_h264_parse_wrap_nal:<h264parse0> nal length 51164
06-06 22:05:26.704  4906  5038 D GStreamer+GST_MEMORY: 0:00:30.535513686 0xe900d090 gstmemory.c:138:gst_memory_init new memory 0xe933c2c0, maxsize:51171 offset:0 size:51168
06-06 22:05:26.704  4906  5038 D GStreamer+codecparsers_h264: 0:00:30.535554311 0xe900d090 gsth264parser.c:1407:gst_h264_parser_identify_nalu_avc Can't parse, buffer has too small size 51191, offset 51191
06-06 22:05:26.705  4906  5038 D GStreamer+GST_CAPS: 0:00:30.535582436 0xe900d090 gstpad.c:2644:gst_pad_has_current_caps:<h264parse0:src> check current pad caps video/x-h264, stream-format=(string)byte-stream, alignment=(string)au, level=(string)4, profile=(string)baseline, width=(int)1280, height=(int)1440, framerate=(fraction)151/3, pixel-aspect-ratio=(fraction)1/1, parsed=(boolean)true
06-06 22:05:26.705  4906  5038 D GStreamer+GST_CAPS: 0:00:30.535635613 0xe900d090 gstpad.c:2672:gst_pad_get_current_caps:<h264parse0:sink> get current pad caps video/x-h264, stream-format=(string)avc, alignment=(string)au, level=(string)4, profile=(string)baseline, codec_data=(buffer)01428028ffe1000a27428028e54028016b2001000528de01ae20, width=(int)1280, height=(int)1440, framerate=(fraction)151/3, pixel-aspect-ratio=(fraction)1/1
06-06 22:05:26.705  4906  5038 D GStreamer+h264parse: 0:00:30.535693217 0xe900d090 gsth264parse.c:1692:gst_h264_parse_update_src_caps:<h264parse0> sps: 0xcca87008
06-06 22:05:26.705  4906  5038 D GStreamer+GST_PERFORMANCE: 0:00:30.535715977 0xe900d090 gstcaps.c:178:_gst_caps_copy:<0xe9194340> doing copy 0xe9194340 -> 0xe952e540
06-06 22:05:26.705  4906  5038 I GStreamer+baseparse: 0:00:30.535759415 0xe900d090 gstbaseparse.c:3964:gst_base_parse_set_latency:<h264parse0> min/max latency 0:00:00.019867549, 0:00:00.019867549
06-06 22:05:26.705  4906  5038 D GStreamer+GST_CAPS: 0:00:30.535804311 0xe900d090 gstpad.c:2672:gst_pad_get_current_caps:<h264parse0:src> get current pad caps video/x-h264, stream-format=(string)byte-stream, alignment=(string)au, level=(string)4, profile=(string)baseline, width=(int)1280, height=(int)1440, framerate=(fraction)151/3, pixel-aspect-ratio=(fraction)1/1, parsed=(boolean)true
06-06 22:05:26.705  4906  5038 D GStreamer+GST_CAPS: 0:00:30.535854623 0xe900d090 gstpad.c:2672:gst_pad_get_current_caps:<h264parse0:src> get current pad caps video/x-h264, stream-format=(string)byte-stream, alignment=(string)au, level=(string)4, profile=(string)baseline, width=(int)1280, height=(int)1440, framerate=(fraction)151/3, pixel-aspect-ratio=(fraction)1/1, parsed=(boolean)true
06-06 22:05:26.705  4906  5038 D GStreamer+h264parse: 0:00:30.535905352 0xe900d090 gsth264parse.c:1934:gst_h264_parse_get_timestamp:<h264parse0> unable to compute timestamp: VUI not present
06-06 22:05:26.705  4906  5038 D GStreamer+adapter: 0:00:30.535944050 0xe900d090 gstadapter.c:296:copy_into_unchecked bsize 14, skip 0, csize 14
06-06 22:05:26.705  4906  5038 D GStreamer+GST_MEMORY: 0:00:30.536012123 0xe900d090 gstmemory.c:138:gst_memory_init new memory 0xe9277cb8, maxsize:51191 offset:0 size:51191
06-06 22:05:26.705  4906  5038 D GStreamer+GST_MEMORY: 0:00:30.536042957 0xe900d090 gstmemory.c:87:_gst_memory_free free memory 0xe9538948
06-06 22:05:26.705  4906  5038 D GStreamer+GST_MEMORY: 0:00:30.536062227 0xe900d090 gstmemory.c:87:_gst_memory_free free memory 0xe924b9e0
06-06 22:05:26.705  4906  5038 D GStreamer+GST_MEMORY: 0:00:30.536079259 0xe900d090 gstmemory.c:87:_gst_memory_free free memory 0xe933c2c0
06-06 22:05:26.705  4906  5038 D GStreamer+GST_MEMORY: 0:00:30.536103061 0xe900d090 gstmemory.c:87:_gst_memory_free free memory 0xe9353468
06-06 22:05:26.705  4906  5038 D GStreamer+GST_CAPS: 0:00:30.536126446 0xe900d090 gstpad.c:2644:gst_pad_has_current_caps:<h264parse0:src> check current pad caps video/x-h264, stream-format=(string)byte-stream, alignment=(string)au, level=(string)4, profile=(string)baseline, width=(int)1280, height=(int)1440, framerate=(fraction)151/3, pixel-aspect-ratio=(fraction)1/1, parsed=(boolean)true
06-06 22:05:26.705  4906  5038 D GStreamer+h264parse: 0:00:30.536176186 0xe900d090 gsth264parse.c:182:gst_h264_parse_reset_frame:<h264parse0> reset frame
06-06 22:05:26.705  4906  5038 D GStreamer+GST_SCHEDULING: 0:00:30.536200196 0xe900d090 gstpad.c:4193:gst_pad_chain_data_unchecked:<capsfilter0:sink> calling chainfunction &gst_base_transform_chain with buffer buffer: 0xe92fa528, pts 0:00:00.119333333, dts 0:00:00.119333333, dur 0:00:00.019867549, size 51191, offset 245369, offset_end none, flags 0x400
06-06 22:05:26.705  4906  5038 D GStreamer+basetransform: 0:00:30.536256915 0xe900d090 gstbasetransform.c:2033:default_submit_input_buffer:<capsfilter0> handling buffer 0xe92fa528 of size 51191, PTS 0:00:00.119333333 and offset 245369
06-06 22:05:26.705  4906  5038 D GStreamer+basetransform: 0:00:30.536290457 0xe900d090 gstbasetransform.c:2150:default_generate_output:<capsfilter0> calling prepare buffer
06-06 22:05:26.705  4906  5038 D GStreamer+basetransform: 0:00:30.536351915 0xe900d090 gstbasetransform.c:2157:default_generate_output:<capsfilter0> using allocated buffer in 0xe92fa528, out 0xe92fa528
06-06 22:05:26.705  4906  5038 D GStreamer+basetransform: 0:00:30.536379259 0xe900d090 gstbasetransform.c:2174:default_generate_output:<capsfilter0> doing inplace transform
06-06 22:05:26.705  4906  5038 D GStreamer+GST_SCHEDULING: 0:00:30.536401550 0xe900d090 gstpad.c:4193:gst_pad_chain_data_unchecked:<amcvideodec-omxnvidiah264decode0:sink> calling chainfunction &gst_video_decoder_chain with buffer buffer: 0xe92fa528, pts 0:00:00.119333333, dts 0:00:00.119333333, dur 0:00:00.019867549, size 51191, offset 245369, offset_end none, flags 0x400
06-06 22:05:26.705  4906  5038 D GStreamer+videodecoder: 0:00:30.536471655 0xe900d090 gstvideodecoder.c:3400:gst_video_decoder_decode_frame:<amcvideodec-omxnvidiah264decode0> PTS delta 0 ms
06-06 22:05:26.705  4906  5038 D GStreamer+amcvideodec: 0:00:30.536497071 0xe900d090 gstamcvideodec.c:2125:gst_amc_video_dec_handle_frame:<amcvideodec-omxnvidiah264decode0> Handling frame
06-06 22:05:26.706  4906  5038 D GStreamer+amcvideodec: 0:00:30.536722384 0xe900d090 gstamcvideodec.c:2239:gst_amc_video_dec_handle_frame:<amcvideodec-omxnvidiah264decode0> Queueing buffer 5: size 51191 time 119333 flags 0x00000001
06-06 22:05:26.707  4906  5038 D GStreamer+GST_SCHEDULING: 0:00:30.536822696 0xe900d090 gstpad.c:4199:gst_pad_chain_data_unchecked:<amcvideodec-omxnvidiah264decode0:sink> called chainfunction &gst_video_decoder_chain with buffer 0xe92fa528, returned ok
06-06 22:05:26.707  4906  5038 D GStreamer+GST_SCHEDULING: 0:00:30.537775196 0xe900d090 gstpad.c:4199:gst_pad_chain_data_unchecked:<capsfilter0:sink> called chainfunction &gst_base_transform_chain with buffer 0xe92fa528, returned ok
06-06 22:05:26.707  4906  5038 D GStreamer+baseparse: 0:00:30.537937540 0xe900d090 gstbaseparse.c:3165:gst_base_parse_chain:<h264parse0> not enough data available (only 0 bytes)
06-06 22:05:26.707  4906  5038 D GStreamer+GST_SCHEDULING: 0:00:30.537962852 0xe900d090 gstpad.c:4199:gst_pad_chain_data_unchecked:<h264parse0:sink> called chainfunction &gst_base_parse_chain with buffer 0xe92fa208, returned ok
06-06 22:05:26.707  4906  5038 D GStreamer+GST_SCHEDULING: 0:00:30.537987800 0xe900d090 gstpad.c:4199:gst_pad_chain_data_unchecked:<typefind:sink> called chainfunction &gst_type_find_element_chain with buffer 0xe92fa208, returned ok
06-06 22:05:26.707  4906  5038 D GStreamer+GST_SCHEDULING: 0:00:30.538365040 0xe900d090 gstpad.c:4199:gst_pad_chain_data_unchecked:<forhwgl:sink> called chainfunction &gst_proxy_pad_chain_default with buffer 0xe92fa208, returned ok
06-06 22:05:26.707  4906  5038 D GStreamer+GST_SCHEDULING: 0:00:30.538407280 0xe900d090 gstpad.c:4193:gst_pad_chain_data_unchecked:<forhwgl:sink> calling chainfunction &gst_proxy_pad_chain_default with buffer buffer: 0xe92fa0c8, pts 0:00:00.139000000, dts 0:00:00.139000000, dur 0:00:00.020000000, size 42510, offset none, offset_end none, flags 0x0
06-06 22:05:26.707  4906  5039 D GStreamer+queue_dataflow: 0:00:30.538453530 0xe900d0f0 gstqueue.c:1228:gst_queue_chain_buffer_or_list:<queue0> queue is not full
06-06 22:05:26.707  4906  5039 D GStreamer+GST_SCHEDULING: 0:00:30.538498842 0xe900d0f0 gstpad.c:4199:gst_pad_chain_data_unchecked:<queue0:sink> called chainfunction &gst_queue_chain with buffer 0xe91fd718, returned ok
06-06 22:05:26.707  4906  5038 D GStreamer+GST_SCHEDULING: 0:00:30.538489467 0xe900d090 gstpad.c:4193:gst_pad_chain_data_unchecked:<typefind:sink> calling chainfunction &gst_type_find_element_chain with buffer buffer: 0xe92fa0c8, pts 0:00:00.139000000, dts 0:00:00.139000000, dur 0:00:00.020000000, size 42510, offset none, offset_end none, flags 0x0
06-06 22:05:26.707  4906  5039 D GStreamer+qtdemux: 0:00:30.538538373 0xe900d0f0 qtdemux.c:8014:qtdemux_parse_samples:<q> parsing up to sample 58
06-06 22:05:26.708  4906  5039 D GStreamer+qtdemux: 0:00:30.538564571 0xe900d0f0 qtdemux.c:8221:qtdemux_parse_samples:<q> sample 58: index 1, timestamp 0:00:01.173333333
06-06 22:05:26.708  4906  5038 D GStreamer+GST_SCHEDULING: 0:00:30.538547384 0xe900d090 gstpad.c:4193:gst_pad_chain_data_unchecked:<h264parse0:sink> calling chainfunction &gst_base_parse_chain with buffer buffer: 0xe92fa0c8, pts 0:00:00.139000000, dts 0:00:00.139000000, dur 0:00:00.020000000, size 42510, offset none, offset_end none, flags 0x0
06-06 22:05:26.708  4906  5039 D GStreamer+qtdemux: 0:00:30.538596967 0xe900d0f0 qtdemux.c:8276:qtdemux_parse_samples:<q> samples at 58 is keyframe
06-06 22:05:26.708  4906  5038 D GStreamer+baseparse: 0:00:30.538600665 0xe900d090 gstbaseparse.c:2996:gst_base_parse_chain:<h264parse0> chain
06-06 22:05:26.708  4906  5038 D GStreamer+GST_PERFORMANCE: 0:00:30.538630925 0xe900d090 gstminiobject.c:327:gst_mini_object_make_writable copy GstBuffer miniobject 0xe92fa0c8 -> 0xe9537a20
06-06 22:05:26.708  4906  5039 D GStreamer+qtdemux: 0:00:30.538630457 0xe900d0f0 qtdemux.c:5512:gst_qtdemux_loop_state_movie:<q> pushing from stream 0, empty 0 offset 2455254, size 39876, dts=0:00:01.173333333, pts=0:00:01.173333333, duration 0:00:00.020000000
06-06 22:05:26.708  4906  5038 D GStreamer+codecparsers_h264: 0:00:30.538676602 0xe900d090 gsth264parser.c:253:gst_h264_parse_nalu_header Nal type 7, ref_idc 1
06-06 22:05:26.708  4906  5039 D GStreamer+basesrc: 0:00:30.538692748 0xe900d0f0 gstbasesrc.c:2354:gst_base_src_update_length:<filesrc0> reading offset 2455254, length 39876, size 16031303, segment.stop -1, maxsize 16031303
06-06 22:05:26.708  4906  5039 D GStreamer+basesrc: 0:00:30.538724884 0xe900d0f0 gstbasesrc.c:2455:gst_base_src_get_range:<filesrc0> calling create offset 2455254 length 39876, time 0
06-06 22:05:26.708  4906  5038 D GStreamer+h264parse: 0:00:30.538729519 0xe900d090 gsth264parse.c:979:gst_h264_parse_handle_frame_packetized:<h264parse0> AVC nal offset 14
06-06 22:05:26.708  4906  5039 D GStreamer+GST_MEMORY: 0:00:30.538753894 0xe900d0f0 gstmemory.c:138:gst_memory_init new memory 0xe933c2c0, maxsize:39879 offset:0 size:39876
06-06 22:05:26.708  4906  5038 D GStreamer+h264parse: 0:00:30.538756550 0xe900d090 gsth264parse.c:714:gst_h264_parse_process_nal:<h264parse0> processing nal of type 7 SPS, size 10
06-06 22:05:26.708  4906  5038 D GStreamer+codecparsers_h264: 0:00:30.538784050 0xe900d090 gsth264parser.c:1758:gst_h264_parse_sps parsing SPS
06-06 22:05:26.708  4906  5038 D GStreamer+codecparsers_h264: 0:00:30.538805613 0xe900d090 gsth264parser.c:1484:gst_h264_parser_parse_sps adding sequence parameter set with id: 0 to array
06-06 22:05:26.708  4906  5038 D GStreamer+h264parse: 0:00:30.538826915 0xe900d090 gsth264parse.c:735:gst_h264_parse_process_nal:<h264parse0> triggering src caps check
06-06 22:05:26.708  4906  5038 D GStreamer+h264parse: 0:00:30.538846238 0xe900d090 gsth264parse.c:452:gst_h264_parser_store_nal:<h264parse0> storing sps 0
06-06 22:05:26.708  4906  5038 D GStreamer+GST_MEMORY: 0:00:30.538866550 0xe900d090 gstmemory.c:138:gst_memory_init new memory 0xe924b980, maxsize:13 offset:0 size:10
06-06 22:05:26.708  4906  5038 D GStreamer+GST_MEMORY: 0:00:30.538892123 0xe900d090 gstmemory.c:87:_gst_memory_free free memory 0xe924baa0
06-06 22:05:26.708  4906  5038 D GStreamer+h264parse: 0:00:30.538911915 0xe900d090 gsth264parse.c:421:gst_h264_parse_wrap_nal:<h264parse0> nal length 10
06-06 22:05:26.708  4906  5038 D GStreamer+GST_MEMORY: 0:00:30.538933582 0xe900d090 gstmemory.c:138:gst_memory_init new memory 0xe95389b0, maxsize:17 offset:0 size:14
06-06 22:05:26.708  4906  5038 D GStreamer+codecparsers_h264: 0:00:30.538961030 0xe900d090 gsth264parser.c:253:gst_h264_parse_nalu_header Nal type 8, ref_idc 1
06-06 22:05:26.708  4906  5038 D GStreamer+h264parse: 0:00:30.538982488 0xe900d090 gsth264parse.c:979:gst_h264_parse_handle_frame_packetized:<h264parse0> AVC nal offset 23
06-06 22:05:26.708  4906  5038 D GStreamer+h264parse: 0:00:30.539002384 0xe900d090 gsth264parse.c:714:gst_h264_parse_process_nal:<h264parse0> processing nal of type 8 PPS, size 5
06-06 22:05:26.708  4906  5038 D GStreamer+codecparsers_h264: 0:00:30.539022280 0xe900d090 gsth264parser.c:1894:gst_h264_parse_pps parsing PPS
06-06 22:05:26.708  4906  5039 D GStreamer+basesrc: 0:00:30.539019415 0xe900d0f0 gstbasesrc.c:2309:gst_base_src_do_sync:<filesrc0> we have no clock
06-06 22:05:26.708  4906  5038 D GStreamer+codecparsers_h264: 0:00:30.539042436 0xe900d090 gsth264parser.c:2027:gst_h264_parser_parse_pps adding picture parameter set with id: 0 to array
06-06 22:05:26.708  4906  5039 D GStreamer+basesrc: 0:00:30.539046290 0xe900d0f0 gstbasesrc.c:2519:gst_base_src_get_range:<filesrc0> buffer ok
06-06 22:05:26.708  4906  5038 D GStreamer+h264parse: 0:00:30.539061446 0xe900d090 gsth264parse.c:456:gst_h264_parser_store_nal:<h264parse0> storing pps 0
06-06 22:05:26.708  4906  5038 D GStreamer+GST_MEMORY: 0:00:30.539081602 0xe900d090 gstmemory.c:138:gst_memory_init new memory 0xe92f7908, maxsize:8 offset:0 size:5
06-06 22:05:26.708  4906  5039 D GStreamer+GST_SCHEDULING: 0:00:30.539071550 0xe900d0f0 gstpad.c:4193:gst_pad_chain_data_unchecked:<queue0:sink> calling chainfunction &gst_queue_chain with buffer buffer: 0xe9537e80, pts 0:00:01.173333333, dts 0:00:01.173333333, dur 0:00:00.020000000, size 39876, offset none, offset_end none, flags 0x0
06-06 22:05:26.708  4906  5038 D GStreamer+GST_MEMORY: 0:00:30.539113634 0xe900d090 gstmemory.c:87:_gst_memory_free free memory 0xe92f78b0
06-06 22:05:26.708  4906  5039 D GStreamer+queue_dataflow: 0:00:30.539128946 0xe900d0f0 gstqueue.c:1220:gst_queue_chain_buffer_or_list:<queue0> queue is full, waiting for free space
06-06 22:05:26.708  4906  5038 D GStreamer+h264parse: 0:00:30.539131342 0xe900d090 gsth264parse.c:421:gst_h264_parse_wrap_nal:<h264parse0> nal length 5
06-06 22:05:26.708  4906  5038 D GStreamer+GST_MEMORY: 0:00:30.539152696 0xe900d090 gstmemory.c:138:gst_memory_init new memory 0xe924b860, maxsize:12 offset:0 size:9
06-06 22:05:26.708  4906  5038 D GStreamer+codecparsers_h264: 0:00:30.539174884 0xe900d090 gsth264parser.c:253:gst_h264_parse_nalu_header Nal type 5, ref_idc 1
06-06 22:05:26.708  4906  5038 D GStreamer+h264parse: 0:00:30.539193477 0xe900d090 gsth264parse.c:979:gst_h264_parse_handle_frame_packetized:<h264parse0> AVC nal offset 42510
06-06 22:05:26.708  4906  5038 D GStreamer+h264parse: 0:00:30.539212696 0xe900d090 gsth264parse.c:714:gst_h264_parse_process_nal:<h264parse0> processing nal of type 5 Slice IDR, size 42483
06-06 22:05:26.708  4906  5038 D GStreamer+h264parse: 0:00:30.539233946 0xe900d090 gsth264parse.c:820:gst_h264_parse_process_nal:<h264parse0> first_mb_in_slice = 0
06-06 22:05:26.708  4906  5038 D GStreamer+h264parse: 0:00:30.539251498 0xe900d090 gsth264parse.c:823:gst_h264_parse_process_nal:<h264parse0> frame start: 1
06-06 22:05:26.708  4906  5038 D GStreamer+codecparsers_h264: 0:00:30.539270457 0xe900d090 gsth264parser.c:2089:gst_h264_parser_parse_slice_hdr parsing "Slice header", slice type 7
06-06 22:05:26.708  4906  5038 D GStreamer+codecparsers_h264: 0:00:30.539290040 0xe900d090 gsth264parser.c:711:gst_h264_slice_parse_dec_ref_pic_marking parsing "Decoded reference picture marking"
06-06 22:05:26.708  4906  5038 D GStreamer+h264parse: 0:00:30.539307175 0xe900d090 gsth264parse.c:833:gst_h264_parse_process_nal:<h264parse0> parse result 0, first MB: 0, slice type: 7
06-06 22:05:26.708  4906  5038 D GStreamer+h264parse: 0:00:30.539328269 0xe900d090 gsth264parse.c:856:gst_h264_parse_process_nal:<h264parse0> marking IDR in frame at offset 23
06-06 22:05:26.709  4906  5038 D GStreamer+h264parse: 0:00:30.539346238 0xe900d090 gsth264parse.c:421:gst_h264_parse_wrap_nal:<h264parse0> nal length 42483
06-06 22:05:26.709  4906  5038 D GStreamer+GST_MEMORY: 0:00:30.540214571 0xe900d090 gstmemory.c:138:gst_memory_init new memory 0xe9345ee0, maxsize:42490 offset:0 size:42487
06-06 22:05:26.709  4906  5038 D GStreamer+codecparsers_h264: 0:00:30.540258113 0xe900d090 gsth264parser.c:1407:gst_h264_parser_identify_nalu_avc Can't parse, buffer has too small size 42510, offset 42510
06-06 22:05:26.709  4906  5038 D GStreamer+GST_CAPS: 0:00:30.540287227 0xe900d090 gstpad.c:2644:gst_pad_has_current_caps:<h264parse0:src> check current pad caps video/x-h264, stream-format=(string)byte-stream, alignment=(string)au, level=(string)4, profile=(string)baseline, width=(int)1280, height=(int)1440, framerate=(fraction)151/3, pixel-aspect-ratio=(fraction)1/1, parsed=(boolean)true
06-06 22:05:26.709  4906  5038 D GStreamer+GST_CAPS: 0:00:30.540346498 0xe900d090 gstpad.c:2672:gst_pad_get_current_caps:<h264parse0:sink> get current pad caps video/x-h264, stream-format=(string)avc, alignment=(string)au, level=(string)4, profile=(string)baseline, codec_data=(buffer)01428028ffe1000a27428028e54028016b2001000528de01ae20, width=(int)1280, height=(int)1440, framerate=(fraction)151/3, pixel-aspect-ratio=(fraction)1/1
06-06 22:05:26.709  4906  5038 D GStreamer+h264parse: 0:00:30.540410144 0xe900d090 gsth264parse.c:1692:gst_h264_parse_update_src_caps:<h264parse0> sps: 0xcca87008
06-06 22:05:26.709  4906  5038 D GStreamer+GST_PERFORMANCE: 0:00:30.540446498 0xe900d090 gstcaps.c:178:_gst_caps_copy:<0xe9194340> doing copy 0xe9194340 -> 0xe952e878
06-06 22:05:26.709  4906  5038 I GStreamer+baseparse: 0:00:30.540494155 0xe900d090 gstbaseparse.c:3964:gst_base_parse_set_latency:<h264parse0> min/max latency 0:00:00.019867549, 0:00:00.019867549
06-06 22:05:26.709  4906  5038 D GStreamer+GST_CAPS: 0:00:30.540539207 0xe900d090 gstpad.c:2672:gst_pad_get_current_caps:<h264parse0:src> get current pad caps video/x-h264, stream-format=(string)byte-stream, alignment=(string)au, level=(string)4, profile=(string)baseline, width=(int)1280, height=(int)1440, framerate=(fraction)151/3, pixel-aspect-ratio=(fraction)1/1, parsed=(boolean)true
06-06 22:05:26.710  4906  5038 D GStreamer+GST_CAPS: 0:00:30.540589363 0xe900d090 gstpad.c:2672:gst_pad_get_current_caps:<h264parse0:src> get current pad caps video/x-h264, stream-format=(string)byte-stream, alignment=(string)au, level=(string)4, profile=(string)baseline, width=(int)1280, height=(int)1440, framerate=(fraction)151/3, pixel-aspect-ratio=(fraction)1/1, parsed=(boolean)true
06-06 22:05:26.710  4906  5038 D GStreamer+h264parse: 0:00:30.540679936 0xe900d090 gsth264parse.c:1934:gst_h264_parse_get_timestamp:<h264parse0> unable to compute timestamp: VUI not present
06-06 22:05:26.710  4906  5038 D GStreamer+adapter: 0:00:30.540703998 0xe900d090 gstadapter.c:296:copy_into_unchecked bsize 14, skip 0, csize 14
06-06 22:05:26.710  4906  5038 D GStreamer+GST_MEMORY: 0:00:30.540742384 0xe900d090 gstmemory.c:138:gst_memory_init new memory 0xe9277da8, maxsize:42510 offset:0 size:42510
06-06 22:05:26.710  4906  5038 D GStreamer+GST_MEMORY: 0:00:30.540769623 0xe900d090 gstmemory.c:87:_gst_memory_free free memory 0xe95389b0
06-06 22:05:26.710  4906  5038 D GStreamer+GST_MEMORY: 0:00:30.540787852 0xe900d090 gstmemory.c:87:_gst_memory_free free memory 0xe924b860
06-06 22:05:26.710  4906  5038 D GStreamer+GST_MEMORY: 0:00:30.540806186 0xe900d090 gstmemory.c:87:_gst_memory_free free memory 0xe9345ee0
06-06 22:05:26.710  4906  5038 D GStreamer+GST_MEMORY: 0:00:30.540827436 0xe900d090 gstmemory.c:87:_gst_memory_free free memory 0xe935fcb8
