06-06 22:05:26.618  4906  5038 D GStreamer+GST_PADS: 0:00:30.449523686 0xe900d090 gstpad.c:3805:push_sticky:<amcvideodec-omxnvidiah264decode0:src> event caps marked received
06-06 22:05:26.618  4906  5038 D GStreamer+query: 0:00:30.449550040 0xe900d090 gstquery.c:674:gst_query_new_custom creating new query 0xe9539860 allocation
06-06 22:05:26.618  4906  5038 D GStreamer+videodecoder: 0:00:30.449570509 0xe900d090 gstvideodecoder.c:3713:gst_video_decoder_negotiate_pool:<amcvideodec-omxnvidiah264decode0> do query ALLOCATION
06-06 22:05:26.619  4906  5038 D GStreamer+GST_PADS: 0:00:30.449589936 0xe900d090 gstpad.c:4049:gst_pad_peer_query:<amcvideodec-omxnvidiah264decode0:src> peer query 0xe9539860 (allocation)
06-06 22:05:26.619  4906  5038 D GStreamer+GST_PADS: 0:00:30.449611759 0xe900d090 gstpad.c:3922:gst_pad_query:<decodepad0:proxypad2> doing query 0xe9539860 (allocation)
06-06 22:05:26.619  4906  5038 D GStreamer+decodebin: 0:00:30.449634675 0xe900d090 gstdecodebin2.c:5045:gst_decode_pad_query:<forhwgl> calling autoplug-query for decodepad0 (element amcvideodec-omxnvidiah264decode0): allocation query: 0xe9539860, GstQueryAllocation, caps=(GstCaps)"video/x-raw\(memory:GLMemory\)\,\ format\=\(string\)RGBA\,\ width\=\(int\)1280\,\ height\=\(int\)1440\,\ interlace-mode\=\(string\)progressive\,\ pixel-aspect-ratio\=\(fraction\)1/1\,\ colorimetry\=\(string\)sRGB\,\ framerate\=\(fraction\)151/3", need-pool=(boolean)true;
06-06 22:05:26.619  4906  5038 D GStreamer+decodebin: 0:00:30.449702644 0xe900d090 gstdecodebin2.c:5054:gst_decode_pad_query:<forhwgl> autoplug-query returned 0
06-06 22:05:26.619  4906  5038 D GStreamer+GST_PADS: 0:00:30.449724311 0xe900d090 gstpad.c:3367:gst_pad_query_default:<decodepad0:proxypad2> forwarding 0xe9539860 (allocation) query
06-06 22:05:26.619  4906  5038 D GStreamer+GST_PADS: 0:00:30.449750405 0xe900d090 gstpad.c:4049:gst_pad_peer_query:<'':decodepad0> peer query 0xe9539860 (allocation)
06-06 22:05:26.619  4906  5038 D GStreamer+GST_PADS: 0:00:30.449772696 0xe900d090 gstpad.c:3853:check_sticky:<'':decodepad0> pushing all sticky events
06-06 22:05:26.619  4906  5038 D GStreamer+GST_PADS: 0:00:30.449791290 0xe900d090 gstpad.c:3785:push_sticky:<'':decodepad0> event stream-start was already received
06-06 22:05:26.619  4906  5038 D GStreamer+GST_PADS: 0:00:30.449811655 0xe900d090 gstpad.c:3785:push_sticky:<'':decodepad0> event caps was already received
06-06 22:05:26.619  4906  5038 I GStreamer+GST_PADS: 0:00:30.449831030 0xe900d090 gstpad.c:4105:gst_pad_peer_query:<'':decodepad0> pad has no peer
06-06 22:05:26.619  4906  5038 D GStreamer+GST_PADS: 0:00:30.449851030 0xe900d090 gstpad.c:3945:gst_pad_query:<decodepad0:proxypad2> sent query 0xe9539860 (allocation), result 0
06-06 22:05:26.619  4906  5038 D GStreamer+GST_PADS: 0:00:30.449873217 0xe900d090 gstpad.c:3990:gst_pad_query:<decodepad0:proxypad2> query failed
06-06 22:05:26.619  4906  5038 D GStreamer+GST_PADS: 0:00:30.449891759 0xe900d090 gstpad.c:4111:gst_pad_peer_query:<amcvideodec-omxnvidiah264decode0:src> query failed
06-06 22:05:26.619  4906  5038 D GStreamer+videodecoder: 0:00:30.449910092 0xe900d090 gstvideodecoder.c:3716:gst_video_decoder_negotiate_pool:<amcvideodec-omxnvidiah264decode0> didn't get downstream ALLOCATION hints
06-06 22:05:26.619  4906  5038 D GStreamer+video-info: 0:00:30.449932592 0xe900d090 video-info.c:300:gst_video_info_from_caps parsing caps video/x-raw(memory:GLMemory), format=(string)RGBA, width=(int)1280, height=(int)1440, interlace-mode=(string)progressive, pixel-aspect-ratio=(fraction)1/1, colorimetry=(string)sRGB, framerate=(fraction)151/3
06-06 22:05:26.619  4906  5038 D GStreamer+videodecoder: 0:00:30.449985613 0xe900d090 gstvideodecoder.c:3634:gst_video_decoder_decide_allocation_default:<amcvideodec-omxnvidiah264decode0> no pool, making new pool
06-06 22:05:26.619  4906  5038 D GStreamer+GST_POLL: 0:00:30.450122592 0xe900d090 gstpoll.c:557:gst_poll_new 0xe928b680: new controllable : 1
06-06 22:05:26.619  4906  5038 D GStreamer+GST_POLL: 0:00:30.450215457 0xe900d090 gstpoll.c:726:gst_poll_add_fd_unlocked 0xe928b680: fd (fd:103, idx:0)
06-06 22:05:26.619  4906  5038 D GStreamer+GST_POLL: 0:00:30.450242540 0xe900d090 gstpoll.c:893:gst_poll_fd_ctl_read_unlocked 0xe928b680: fd (fd:103, idx:0), active : 1
06-06 22:05:26.619  4906  5038 D GStreamer+bufferpool: 0:00:30.450276967 0xe900d090 gstbufferpool.c:178:gst_buffer_pool_init:<GstBufferPool@0xe95621d0> created
06-06 22:05:26.619  4906  5038 W GStreamer+structure: 0:00:30.450382957 0xe900d090 gststructure.c:1935:priv_gst_structure_append_to_gstring No value transform to serialize field 'params' of type 'GstAllocationParams'
06-06 22:05:26.619  4906  5038 D GStreamer+videodecoder: 0:00:30.450329207 0xe900d090 gstvideodecoder.c:3645:gst_video_decoder_decide_allocation_default:<amcvideodec-omxnvidiah264decode0> setting config GstBufferPoolConfig, caps=(GstCaps)"video/x-raw\(memory:GLMemory\)\,\ format\=\(string\)RGBA\,\ width\=\(int\)1280\,\ height\=\(int\)1440\,\ interlace-mode\=\(string\)progressive\,\ pixel-aspect-ratio\=\(fraction\)1/1\,\ colorimetry\=\(string\)sRGB\,\ framerate\=\(fraction\)151/3", size=(uint)7372800, min-buffers=(uint)0, max-buffers=(uint)0, allocator=(GstAllocator)"NULL", params=(GstAllocationParams)NULL; in pool <videobufferpool0>
06-06 22:05:26.619  4906  5038 D GStreamer+video-info: 0:00:30.450445092 0xe900d090 video-info.c:300:gst_video_info_from_caps parsing caps video/x-raw(memory:GLMemory), format=(string)RGBA, width=(int)1280, height=(int)1440, interlace-mode=(string)progressive, pixel-aspect-ratio=(fraction)1/1, colorimetry=(string)sRGB, framerate=(fraction)151/3
06-06 22:05:26.619  4906  5038 W GStreamer+structure: 0:00:30.450543894 0xe900d090 gststructure.c:1935:priv_gst_structure_append_to_gstring No value transform to serialize field 'params' of type 'GstAllocationParams'
06-06 22:05:26.619  4906  5038 D GStreamer+bufferpool: 0:00:30.450499519 0xe900d090 gstbufferpool.c:581:default_set_config:<videobufferpool0> config GstBufferPoolConfig, caps=(GstCaps)"video/x-raw\(memory:GLMemory\)\,\ format\=\(string\)RGBA\,\ width\=\(int\)1280\,\ height\=\(int\)1440\,\ interlace-mode\=\(string\)progressive\,\ pixel-aspect-ratio\=\(fraction\)1/1\,\ colorimetry\=\(string\)sRGB\,\ framerate\=\(fraction\)151/3", size=(uint)7372800, min-buffers=(uint)0, max-buffers=(uint)0, allocator=(GstAllocator)"NULL", params=(GstAllocationParams)NULL;
06-06 22:05:26.620  4906  5038 D GStreamer+video-info: 0:00:30.450590248 0xe900d090 video-info.c:300:gst_video_info_from_caps parsing caps video/x-raw(memory:GLMemory), format=(string)RGBA, width=(int)1280, height=(int)1440, interlace-mode=(string)progressive, pixel-aspect-ratio=(fraction)1/1, colorimetry=(string)sRGB, framerate=(fraction)151/3
06-06 22:05:26.620  4906  5038 D GStreamer+query: 0:00:30.450637905 0xe900d090 gstquery.c:674:gst_query_new_custom creating new query 0xe9539430 context
06-06 22:05:26.620  4906  5038 D GStreamer+GST_PADS: 0:00:30.450663634 0xe900d090 gstpad.c:4049:gst_pad_peer_query:<amcvideodec-omxnvidiah264decode0:src> peer query 0xe9539430 (context)
06-06 22:05:26.620  4906  5038 D GStreamer+GST_PADS: 0:00:30.450687853 0xe900d090 gstpad.c:3922:gst_pad_query:<decodepad0:proxypad2> doing query 0xe9539430 (context)
06-06 22:05:26.620  4906  5038 D GStreamer+decodebin: 0:00:30.450710300 0xe900d090 gstdecodebin2.c:5045:gst_decode_pad_query:<forhwgl> calling autoplug-query for decodepad0 (element amcvideodec-omxnvidiah264decode0): context query: 0xe9539430, GstQueryContext, context-type=(string)gst.gl.GLDisplay;
06-06 22:05:26.620  4906  5038 D GStreamer+decodebin: 0:00:30.450749363 0xe900d090 gstdecodebin2.c:5054:gst_decode_pad_query:<forhwgl> autoplug-query returned 0
06-06 22:05:26.620  4906  5038 D GStreamer+GST_PADS: 0:00:30.450770925 0xe900d090 gstpad.c:3367:gst_pad_query_default:<decodepad0:proxypad2> forwarding 0xe9539430 (context) query
06-06 22:05:26.620  4906  5038 D GStreamer+GST_PADS: 0:00:30.450795978 0xe900d090 gstpad.c:4049:gst_pad_peer_query:<'':decodepad0> peer query 0xe9539430 (context)
06-06 22:05:26.620  4906  5038 I GStreamer+GST_PADS: 0:00:30.450817592 0xe900d090 gstpad.c:4105:gst_pad_peer_query:<'':decodepad0> pad has no peer
06-06 22:05:26.620  4906  5038 D GStreamer+GST_PADS: 0:00:30.450836342 0xe900d090 gstpad.c:3945:gst_pad_query:<decodepad0:proxypad2> sent query 0xe9539430 (context), result 0
06-06 22:05:26.620  4906  5038 D GStreamer+GST_PADS: 0:00:30.450857592 0xe900d090 gstpad.c:3990:gst_pad_query:<decodepad0:proxypad2> query failed
06-06 22:05:26.620  4906  5038 D GStreamer+GST_PADS: 0:00:30.450875457 0xe900d090 gstpad.c:4111:gst_pad_peer_query:<amcvideodec-omxnvidiah264decode0:src> query failed
06-06 22:05:26.620  4906  5038 I GStreamer+GST_CONTEXT: 0:00:30.450893321 0xe900d090 gstglutils.c:528:pad_query:<amcvideodec-omxnvidiah264decode0:src> pad peer query failed
06-06 22:05:26.620  4906  5038 D GStreamer+GST_PADS: 0:00:30.450915665 0xe900d090 gstpad.c:4049:gst_pad_peer_query:<amcvideodec-omxnvidiah264decode0:sink> peer query 0xe9539430 (context)
06-06 22:05:26.620  4906  5038 D GStreamer+GST_PADS: 0:00:30.450937228 0xe900d090 gstpad.c:3922:gst_pad_query:<capsfilter0:src> doing query 0xe9539430 (context)
06-06 22:05:26.620  4906  5038 D GStreamer+GST_PADS: 0:00:30.450960040 0xe900d090 gstpad.c:4049:gst_pad_peer_query:<capsfilter0:sink> peer query 0xe9539430 (context)
06-06 22:05:26.620  4906  5038 D GStreamer+GST_PADS: 0:00:30.450980978 0xe900d090 gstpad.c:3922:gst_pad_query:<h264parse0:src> doing query 0xe9539430 (context)
06-06 22:05:26.620  4906  5038 D GStreamer+baseparse: 0:00:30.451003061 0xe900d090 gstbaseparse.c:1581:gst_base_parse_src_query:<h264parse0> context query: context query: 0xe9539430, GstQueryContext, context-type=(string)gst.gl.GLDisplay;
06-06 22:05:26.620  4906  5038 D GStreamer+GST_PADS: 0:00:30.451032540 0xe900d090 gstpad.c:3367:gst_pad_query_default:<h264parse0:src> forwarding 0xe9539430 (context) query
06-06 22:05:26.620  4906  5038 D GStreamer+GST_PADS: 0:00:30.451053946 0xe900d090 gstpad.c:2827:gst_pad_iterate_internal_links_default:<h264parse0:src> Making iterator
06-06 22:05:26.620  4906  5038 D GStreamer+GST_PADS: 0:00:30.451075248 0xe900d090 gstpad.c:4049:gst_pad_peer_query:<h264parse0:sink> peer query 0xe9539430 (context)
06-06 22:05:26.620  4906  5038 D GStreamer+GST_PADS: 0:00:30.451097280 0xe900d090 gstpad.c:3922:gst_pad_query:<typefind:src> doing query 0xe9539430 (context)
06-06 22:05:26.620  4906  5038 D GStreamer+typefind: 0:00:30.451120092 0xe900d090 gsttypefindelement.c:417:gst_type_find_handle_src_query:<typefind> Handling src query context
06-06 22:05:26.620  4906  5038 D GStreamer+GST_PADS: 0:00:30.451140092 0xe900d090 gstpad.c:3367:gst_pad_query_default:<typefind:src> forwarding 0xe9539430 (context) query
06-06 22:05:26.620  4906  5038 D GStreamer+GST_PADS: 0:00:30.451160978 0xe900d090 gstpad.c:2827:gst_pad_iterate_internal_links_default:<typefind:src> Making iterator
06-06 22:05:26.620  4906  5038 D GStreamer+GST_PADS: 0:00:30.451179936 0xe900d090 gstpad.c:4049:gst_pad_peer_query:<typefind:sink> peer query 0xe9539430 (context)
06-06 22:05:26.620  4906  5038 D GStreamer+GST_PADS: 0:00:30.451201186 0xe900d090 gstpad.c:3922:gst_pad_query:<sink:proxypad0> doing query 0xe9539430 (context)
06-06 22:05:26.620  4906  5038 D GStreamer+GST_PADS: 0:00:30.451223061 0xe900d090 gstpad.c:3367:gst_pad_query_default:<sink:proxypad0> forwarding 0xe9539430 (context) query
06-06 22:05:26.620  4906  5038 D GStreamer+GST_PADS: 0:00:30.451247332 0xe900d090 gstpad.c:4049:gst_pad_peer_query:<forhwgl:sink> peer query 0xe9539430 (context)
06-06 22:05:26.620  4906  5038 D GStreamer+GST_PADS: 0:00:30.451268478 0xe900d090 gstpad.c:3922:gst_pad_query:<queue0:src> doing query 0xe9539430 (context)
06-06 22:05:26.620  4906  5038 D GStreamer+GST_PADS: 0:00:30.451290561 0xe900d090 gstpad.c:3367:gst_pad_query_default:<queue0:src> forwarding 0xe9539430 (context) query
06-06 22:05:26.620  4906  5038 D GStreamer+GST_PADS: 0:00:30.451312696 0xe900d090 gstpad.c:2827:gst_pad_iterate_internal_links_default:<queue0:src> Making iterator
06-06 22:05:26.620  4906  5038 D GStreamer+GST_PADS: 0:00:30.451333113 0xe900d090 gstpad.c:4049:gst_pad_peer_query:<queue0:sink> peer query 0xe9539430 (context)
06-06 22:05:26.620  4906  5038 D GStreamer+GST_PADS: 0:00:30.451354884 0xe900d090 gstpad.c:3922:gst_pad_query:<q:video_0> doing query 0xe9539430 (context)
06-06 22:05:26.620  4906  5038 D GStreamer+GST_PADS: 0:00:30.451376186 0xe900d090 gstpad.c:3367:gst_pad_query_default:<q:video_0> forwarding 0xe9539430 (context) query
06-06 22:05:26.620  4906  5038 D GStreamer+GST_PADS: 0:00:30.451397800 0xe900d090 gstpad.c:2827:gst_pad_iterate_internal_links_default:<q:video_0> Making iterator
06-06 22:05:26.620  4906  5038 D GStreamer+GST_PADS: 0:00:30.451429780 0xe900d090 gstpad.c:4049:gst_pad_peer_query:<q:sink> peer query 0xe9539430 (context)
06-06 22:05:26.620  4906  5038 D GStreamer+GST_PADS: 0:00:30.451455092 0xe900d090 gstpad.c:3922:gst_pad_query:<filesrc0:src> doing query 0xe9539430 (context)
06-06 22:05:26.620  4906  5038 D GStreamer+basesrc: 0:00:30.451478269 0xe900d090 gstbasesrc.c:1295:gst_base_src_default_query:<filesrc0> query context returns 0
06-06 22:05:26.620  4906  5038 D GStreamer+GST_PADS: 0:00:30.451497957 0xe900d090 gstpad.c:3945:gst_pad_query:<filesrc0:src> sent query 0xe9539430 (context), result 0
06-06 22:05:26.620  4906  5038 D GStreamer+GST_PADS: 0:00:30.451518634 0xe900d090 gstpad.c:3990:gst_pad_query:<filesrc0:src> query failed
06-06 22:05:26.620  4906  5038 D GStreamer+GST_PADS: 0:00:30.451536394 0xe900d090 gstpad.c:4111:gst_pad_peer_query:<q:sink> query failed
06-06 22:05:26.620  4906  5038 D GStreamer+GST_PADS: 0:00:30.451556082 0xe900d090 gstpad.c:3945:gst_pad_query:<q:video_0> sent query 0xe9539430 (context), result 0
06-06 22:05:26.621  4906  5038 D GStreamer+GST_PADS: 0:00:30.451577384 0xe900d090 gstpad.c:3990:gst_pad_query:<q:video_0> query failed
06-06 22:05:26.621  4906  5038 D GStreamer+GST_PADS: 0:00:30.451593686 0xe900d090 gstpad.c:4111:gst_pad_peer_query:<queue0:sink> query failed
06-06 22:05:26.621  4906  5038 D GStreamer+GST_PADS: 0:00:30.451611967 0xe900d090 gstpad.c:3945:gst_pad_query:<queue0:src> sent query 0xe9539430 (context), result 0
06-06 22:05:26.621  4906  5038 D GStreamer+GST_PADS: 0:00:30.451632800 0xe900d090 gstpad.c:3990:gst_pad_query:<queue0:src> query failed
06-06 22:05:26.621  4906  5038 D GStreamer+GST_PADS: 0:00:30.451649936 0xe900d090 gstpad.c:4111:gst_pad_peer_query:<forhwgl:sink> query failed
06-06 22:05:26.621  4906  5038 D GStreamer+GST_PADS: 0:00:30.451668946 0xe900d090 gstpad.c:3945:gst_pad_query:<sink:proxypad0> sent query 0xe9539430 (context), result 0
06-06 22:05:26.621  4906  5038 D GStreamer+GST_PADS: 0:00:30.451690665 0xe900d090 gstpad.c:3990:gst_pad_query:<sink:proxypad0> query failed
06-06 22:05:26.621  4906  5038 D GStreamer+GST_PADS: 0:00:30.451706707 0xe900d090 gstpad.c:4111:gst_pad_peer_query:<typefind:sink> query failed
06-06 22:05:26.621  4906  5038 D GStreamer+GST_PADS: 0:00:30.451724988 0xe900d090 gstpad.c:3945:gst_pad_query:<typefind:src> sent query 0xe9539430 (context), result 0
06-06 22:05:26.621  4906  5038 D GStreamer+GST_PADS: 0:00:30.451746290 0xe900d090 gstpad.c:3990:gst_pad_query:<typefind:src> query failed
06-06 22:05:26.621  4906  5038 D GStreamer+GST_PADS: 0:00:30.451763790 0xe900d090 gstpad.c:4111:gst_pad_peer_query:<h264parse0:sink> query failed
06-06 22:05:26.621  4906  5038 D GStreamer+GST_PADS: 0:00:30.451783113 0xe900d090 gstpad.c:3945:gst_pad_query:<h264parse0:src> sent query 0xe9539430 (context), result 0
06-06 22:05:26.621  4906  5038 D GStreamer+GST_PADS: 0:00:30.451803998 0xe900d090 gstpad.c:3990:gst_pad_query:<h264parse0:src> query failed
06-06 22:05:26.621  4906  5038 D GStreamer+GST_PADS: 0:00:30.451820561 0xe900d090 gstpad.c:4111:gst_pad_peer_query:<capsfilter0:sink> query failed
06-06 22:05:26.621  4906  5038 D GStreamer+GST_PADS: 0:00:30.451836915 0xe900d090 gstpad.c:3945:gst_pad_query:<capsfilter0:src> sent query 0xe9539430 (context), result 0
06-06 22:05:26.621  4906  5038 D GStreamer+GST_PADS: 0:00:30.451856915 0xe900d090 gstpad.c:3990:gst_pad_query:<capsfilter0:src> query failed
06-06 22:05:26.621  4906  5038 D GStreamer+GST_PADS: 0:00:30.451873894 0xe900d090 gstpad.c:4111:gst_pad_peer_query:<amcvideodec-omxnvidiah264decode0:sink> query failed
06-06 22:05:26.621  4906  5038 I GStreamer+GST_CONTEXT: 0:00:30.451891603 0xe900d090 gstglutils.c:528:pad_query:<amcvideodec-omxnvidiah264decode0:sink> pad peer query failed
06-06 22:05:26.621  4906  5038 I GStreamer+GST_CONTEXT: 0:00:30.451911134 0xe900d090 gstglutils.c:590:_gst_context_query:<amcvideodec-omxnvidiah264decode0> posting need context message
06-06 22:05:26.621  4906  5038 D GStreamer+GST_BUS: 0:00:30.451933738 0xe900d090 gstbus.c:309:gst_bus_post:<bus0> [msg 0xe92f7dc0] posting on bus need-context message: 0xe92f7dc0, time 99:99:99.999999999, seq-num 131, element 'amcvideodec-omxnvidiah264decode0', GstMessageNeedContext, context-type=(string)gst.gl.GLDisplay;
06-06 22:05:26.621  4906  5038 D GStreamer+decodebin: 0:00:30.451975509 0xe900d090 gstdecodebin2.c:5492:gst_decode_bin_handle_message:<forhwgl> Forwarding msg need-context message: 0xe92f7dc0, time 99:99:99.999999999, seq-num 131, element 'amcvideodec-omxnvidiah264decode0', GstMessageNeedContext, context-type=(string)gst.gl.GLDisplay;
06-06 22:05:26.621  4906  5038 D GStreamer+bin: 0:00:30.452014050 0xe900d090 gstbin.c:3654:gst_bin_handle_message_func:<forhwgl> [msg 0xe92f7dc0] handling child amcvideodec-omxnvidiah264decode0 message of type need-context
06-06 22:05:26.621  4906  5038 D GStreamer+bin: 0:00:30.452036655 0xe900d090 gstbin.c:3991:gst_bin_handle_message_func:<forhwgl> posting message upward
06-06 22:05:26.621  4906  5038 D GStreamer+GST_BUS: 0:00:30.452053946 0xe900d090 gstbus.c:309:gst_bus_post:<bus2> [msg 0xe92f7dc0] posting on bus need-context message: 0xe92f7dc0, time 99:99:99.999999999, seq-num 131, element 'amcvideodec-omxnvidiah264decode0', GstMessageNeedContext, context-type=(string)gst.gl.GLDisplay;
06-06 22:05:26.621  4906  5038 D GStreamer+bin: 0:00:30.452092957 0xe900d090 gstbin.c:3654:gst_bin_handle_message_func:<pipeline0> [msg 0xe92f7dc0] handling child amcvideodec-omxnvidiah264decode0 message of type need-context
06-06 22:05:26.621  4906  5038 D GStreamer+GST_CONTEXT: 0:00:30.452117332 0xe900d090 gstelement.c:3153:gst_element_set_context:<amcvideodec-omxnvidiah264decode0> set context 0xe915d720 context, gst.gl.GLDisplay=(GstGLDisplay)"\(GstGLDisplayEGL\)\ gldisplayegl0";
06-06 22:05:26.621  4906  5038 D GStreamer+GST_BUS: 0:00:30.452158425 0xe900d090 gstbus.c:344:gst_bus_post:<bus2> [msg 0xe92f7dc0] dropped
06-06 22:05:26.621  4906  5038 D GStreamer+GST_BUS: 0:00:30.452180561 0xe900d090 gstbus.c:344:gst_bus_post:<bus0> [msg 0xe92f7dc0] dropped
06-06 22:05:26.621  4906  5038 D GStreamer+query: 0:00:30.452205092 0xe900d090 gstquery.c:674:gst_query_new_custom creating new query 0xe95392c0 context
06-06 22:05:26.621  4906  5038 D GStreamer+GST_PADS: 0:00:30.452228478 0xe900d090 gstpad.c:4049:gst_pad_peer_query:<amcvideodec-omxnvidiah264decode0:src> peer query 0xe95392c0 (context)
06-06 22:05:26.621  4906  5038 D GStreamer+GST_PADS: 0:00:30.452253530 0xe900d090 gstpad.c:3922:gst_pad_query:<decodepad0:proxypad2> doing query 0xe95392c0 (context)
06-06 22:05:26.621  4906  5038 D GStreamer+decodebin: 0:00:30.452278842 0xe900d090 gstdecodebin2.c:5045:gst_decode_pad_query:<forhwgl> calling autoplug-query for decodepad0 (element amcvideodec-omxnvidiah264decode0): context query: 0xe95392c0, GstQueryContext, context-type=(string)gst.gl.app_context;
06-06 22:05:26.621  4906  5038 D GStreamer+decodebin: 0:00:30.452322592 0xe900d090 gstdecodebin2.c:5054:gst_decode_pad_query:<forhwgl> autoplug-query returned 0
06-06 22:05:26.621  4906  5038 D GStreamer+GST_PADS: 0:00:30.452344259 0xe900d090 gstpad.c:3367:gst_pad_query_default:<decodepad0:proxypad2> forwarding 0xe95392c0 (context) query
06-06 22:05:26.621  4906  5038 D GStreamer+GST_PADS: 0:00:30.452369571 0xe900d090 gstpad.c:4049:gst_pad_peer_query:<'':decodepad0> peer query 0xe95392c0 (context)
06-06 22:05:26.621  4906  5038 I GStreamer+GST_PADS: 0:00:30.452390613 0xe900d090 gstpad.c:4105:gst_pad_peer_query:<'':decodepad0> pad has no peer
06-06 22:05:26.621  4906  5038 D GStreamer+GST_PADS: 0:00:30.452409311 0xe900d090 gstpad.c:3945:gst_pad_query:<decodepad0:proxypad2> sent query 0xe95392c0 (context), result 0
06-06 22:05:26.621  4906  5038 D GStreamer+GST_PADS: 0:00:30.452444675 0xe900d090 gstpad.c:3990:gst_pad_query:<decodepad0:proxypad2> query failed
06-06 22:05:26.621  4906  5038 D GStreamer+GST_PADS: 0:00:30.452461967 0xe900d090 gstpad.c:4111:gst_pad_peer_query:<amcvideodec-omxnvidiah264decode0:src> query failed
06-06 22:05:26.621  4906  5038 I GStreamer+GST_CONTEXT: 0:00:30.452478217 0xe900d090 gstglutils.c:528:pad_query:<amcvideodec-omxnvidiah264decode0:src> pad peer query failed
06-06 22:05:26.621  4906  5038 D GStreamer+GST_PADS: 0:00:30.452500873 0xe900d090 gstpad.c:4049:gst_pad_peer_query:<amcvideodec-omxnvidiah264decode0:sink> peer query 0xe95392c0 (context)
06-06 22:05:26.621  4906  5038 D GStreamer+GST_PADS: 0:00:30.452523009 0xe900d090 gstpad.c:3922:gst_pad_query:<capsfilter0:src> doing query 0xe95392c0 (context)
06-06 22:05:26.621  4906  5038 D GStreamer+GST_PADS: 0:00:30.452543842 0xe900d090 gstpad.c:4049:gst_pad_peer_query:<capsfilter0:sink> peer query 0xe95392c0 (context)
06-06 22:05:26.621  4906  5038 D GStreamer+GST_PADS: 0:00:30.452565092 0xe900d090 gstpad.c:3922:gst_pad_query:<h264parse0:src> doing query 0xe95392c0 (context)
06-06 22:05:26.622  4906  5038 D GStreamer+baseparse: 0:00:30.452587905 0xe900d090 gstbaseparse.c:1581:gst_base_parse_src_query:<h264parse0> context query: context query: 0xe95392c0, GstQueryContext, context-type=(string)gst.gl.app_context;
06-06 22:05:26.622  4906  5038 D GStreamer+GST_PADS: 0:00:30.452618061 0xe900d090 gstpad.c:3367:gst_pad_query_default:<h264parse0:src> forwarding 0xe95392c0 (context) query
06-06 22:05:26.622  4906  5038 D GStreamer+GST_PADS: 0:00:30.452639571 0xe900d090 gstpad.c:2827:gst_pad_iterate_internal_links_default:<h264parse0:src> Making iterator
06-06 22:05:26.622  4906  5038 D GStreamer+GST_PADS: 0:00:30.452658998 0xe900d090 gstpad.c:4049:gst_pad_peer_query:<h264parse0:sink> peer query 0xe95392c0 (context)
06-06 22:05:26.622  4906  5038 D GStreamer+GST_PADS: 0:00:30.452680457 0xe900d090 gstpad.c:3922:gst_pad_query:<typefind:src> doing query 0xe95392c0 (context)
06-06 22:05:26.622  4906  5038 D GStreamer+typefind: 0:00:30.452702748 0xe900d090 gsttypefindelement.c:417:gst_type_find_handle_src_query:<typefind> Handling src query context
06-06 22:05:26.622  4906  5038 D GStreamer+GST_PADS: 0:00:30.452722019 0xe900d090 gstpad.c:3367:gst_pad_query_default:<typefind:src> forwarding 0xe95392c0 (context) query
06-06 22:05:26.622  4906  5038 D GStreamer+GST_PADS: 0:00:30.452743061 0xe900d090 gstpad.c:2827:gst_pad_iterate_internal_links_default:<typefind:src> Making iterator
06-06 22:05:26.622  4906  5038 D GStreamer+GST_PADS: 0:00:30.452761394 0xe900d090 gstpad.c:4049:gst_pad_peer_query:<typefind:sink> peer query 0xe95392c0 (context)
06-06 22:05:26.622  4906  5038 D GStreamer+GST_PADS: 0:00:30.452783373 0xe900d090 gstpad.c:3922:gst_pad_query:<sink:proxypad0> doing query 0xe95392c0 (context)
06-06 22:05:26.622  4906  5038 D GStreamer+GST_PADS: 0:00:30.452805196 0xe900d090 gstpad.c:3367:gst_pad_query_default:<sink:proxypad0> forwarding 0xe95392c0 (context) query
06-06 22:05:26.622  4906  5038 D GStreamer+GST_PADS: 0:00:30.452830873 0xe900d090 gstpad.c:4049:gst_pad_peer_query:<forhwgl:sink> peer query 0xe95392c0 (context)
06-06 22:05:26.622  4906  5038 D GStreamer+GST_PADS: 0:00:30.452854207 0xe900d090 gstpad.c:3922:gst_pad_query:<queue0:src> doing query 0xe95392c0 (context)
06-06 22:05:26.622  4906  5038 D GStreamer+GST_PADS: 0:00:30.452875717 0xe900d090 gstpad.c:3367:gst_pad_query_default:<queue0:src> forwarding 0xe95392c0 (context) query
06-06 22:05:26.622  4906  5038 D GStreamer+GST_PADS: 0:00:30.452898321 0xe900d090 gstpad.c:2827:gst_pad_iterate_internal_links_default:<queue0:src> Making iterator
06-06 22:05:26.622  4906  5038 D GStreamer+GST_PADS: 0:00:30.452918582 0xe900d090 gstpad.c:4049:gst_pad_peer_query:<queue0:sink> peer query 0xe95392c0 (context)
06-06 22:05:26.622  4906  5038 D GStreamer+GST_PADS: 0:00:30.452941446 0xe900d090 gstpad.c:3922:gst_pad_query:<q:video_0> doing query 0xe95392c0 (context)
06-06 22:05:26.622  4906  5038 D GStreamer+GST_PADS: 0:00:30.452963686 0xe900d090 gstpad.c:3367:gst_pad_query_default:<q:video_0> forwarding 0xe95392c0 (context) query
06-06 22:05:26.622  4906  5038 D GStreamer+GST_PADS: 0:00:30.452984884 0xe900d090 gstpad.c:2827:gst_pad_iterate_internal_links_default:<q:video_0> Making iterator
06-06 22:05:26.622  4906  5038 D GStreamer+GST_PADS: 0:00:30.453005196 0xe900d090 gstpad.c:4049:gst_pad_peer_query:<q:sink> peer query 0xe95392c0 (context)
06-06 22:05:26.622  4906  5038 D GStreamer+GST_PADS: 0:00:30.453026550 0xe900d090 gstpad.c:3922:gst_pad_query:<filesrc0:src> doing query 0xe95392c0 (context)
06-06 22:05:26.622  4906  5038 D GStreamer+basesrc: 0:00:30.453049155 0xe900d090 gstbasesrc.c:1295:gst_base_src_default_query:<filesrc0> query context returns 0
06-06 22:05:26.622  4906  5038 D GStreamer+GST_PADS: 0:00:30.453069519 0xe900d090 gstpad.c:3945:gst_pad_query:<filesrc0:src> sent query 0xe95392c0 (context), result 0
06-06 22:05:26.622  4906  5038 D GStreamer+GST_PADS: 0:00:30.453090092 0xe900d090 gstpad.c:3990:gst_pad_query:<filesrc0:src> query failed
06-06 22:05:26.622  4906  5038 D GStreamer+GST_PADS: 0:00:30.453106550 0xe900d090 gstpad.c:4111:gst_pad_peer_query:<q:sink> query failed
06-06 22:05:26.622  4906  5038 D GStreamer+GST_PADS: 0:00:30.453125353 0xe900d090 gstpad.c:3945:gst_pad_query:<q:video_0> sent query 0xe95392c0 (context), result 0
06-06 22:05:26.622  4906  5038 D GStreamer+GST_PADS: 0:00:30.453147280 0xe900d090 gstpad.c:3990:gst_pad_query:<q:video_0> query failed
06-06 22:05:26.622  4906  5038 D GStreamer+GST_PADS: 0:00:30.453165665 0xe900d090 gstpad.c:4111:gst_pad_peer_query:<queue0:sink> query failed
06-06 22:05:26.622  4906  5038 D GStreamer+GST_PADS: 0:00:30.453185196 0xe900d090 gstpad.c:3945:gst_pad_query:<queue0:src> sent query 0xe95392c0 (context), result 0
06-06 22:05:26.622  4906  5038 D GStreamer+GST_PADS: 0:00:30.453206446 0xe900d090 gstpad.c:3990:gst_pad_query:<queue0:src> query failed
06-06 22:05:26.622  4906  5038 D GStreamer+GST_PADS: 0:00:30.453223946 0xe900d090 gstpad.c:4111:gst_pad_peer_query:<forhwgl:sink> query failed
06-06 22:05:26.622  4906  5038 D GStreamer+GST_PADS: 0:00:30.453243009 0xe900d090 gstpad.c:3945:gst_pad_query:<sink:proxypad0> sent query 0xe95392c0 (context), result 0
06-06 22:05:26.622  4906  5038 D GStreamer+GST_PADS: 0:00:30.453265457 0xe900d090 gstpad.c:3990:gst_pad_query:<sink:proxypad0> query failed
06-06 22:05:26.622  4906  5038 D GStreamer+GST_PADS: 0:00:30.453283321 0xe900d090 gstpad.c:4111:gst_pad_peer_query:<typefind:sink> query failed
06-06 22:05:26.622  4906  5038 D GStreamer+GST_PADS: 0:00:30.453302592 0xe900d090 gstpad.c:3945:gst_pad_query:<typefind:src> sent query 0xe95392c0 (context), result 0
06-06 22:05:26.622  4906  5038 D GStreamer+GST_PADS: 0:00:30.453324259 0xe900d090 gstpad.c:3990:gst_pad_query:<typefind:src> query failed
06-06 22:05:26.622  4906  5038 D GStreamer+GST_PADS: 0:00:30.453341759 0xe900d090 gstpad.c:4111:gst_pad_peer_query:<h264parse0:sink> query failed
06-06 22:05:26.622  4906  5038 D GStreamer+GST_PADS: 0:00:30.453361759 0xe900d090 gstpad.c:3945:gst_pad_query:<h264parse0:src> sent query 0xe95392c0 (context), result 0
06-06 22:05:26.622  4906  5038 D GStreamer+GST_PADS: 0:00:30.453383113 0xe900d090 gstpad.c:3990:gst_pad_query:<h264parse0:src> query failed
06-06 22:05:26.622  4906  5038 D GStreamer+GST_PADS: 0:00:30.453400457 0xe900d090 gstpad.c:4111:gst_pad_peer_query:<capsfilter0:sink> query failed
06-06 22:05:26.622  4906  5038 D GStreamer+GST_PADS: 0:00:30.453427957 0xe900d090 gstpad.c:3945:gst_pad_query:<capsfilter0:src> sent query 0xe95392c0 (context), result 0
06-06 22:05:26.622  4906  5038 D GStreamer+GST_PADS: 0:00:30.453454415 0xe900d090 gstpad.c:3990:gst_pad_query:<capsfilter0:src> query failed
06-06 22:05:26.622  4906  5038 D GStreamer+GST_PADS: 0:00:30.453476446 0xe900d090 gstpad.c:4111:gst_pad_peer_query:<amcvideodec-omxnvidiah264decode0:sink> query failed
06-06 22:05:26.622  4906  5038 I GStreamer+GST_CONTEXT: 0:00:30.453495717 0xe900d090 gstglutils.c:528:pad_query:<amcvideodec-omxnvidiah264decode0:sink> pad peer query failed
06-06 22:05:26.622  4906  5038 I GStreamer+GST_CONTEXT: 0:00:30.453515821 0xe900d090 gstglutils.c:590:_gst_context_query:<amcvideodec-omxnvidiah264decode0> posting need context message
06-06 22:05:26.622  4906  5038 D GStreamer+GST_BUS: 0:00:30.453538998 0xe900d090 gstbus.c:309:gst_bus_post:<bus0> [msg 0xe92f7e18] posting on bus need-context message: 0xe92f7e18, time 99:99:99.999999999, seq-num 132, element 'amcvideodec-omxnvidiah264decode0', GstMessageNeedContext, context-type=(string)gst.gl.app_context;
06-06 22:05:26.623  4906  5038 D GStreamer+decodebin: 0:00:30.453582853 0xe900d090 gstdecodebin2.c:5492:gst_decode_bin_handle_message:<forhwgl> Forwarding msg need-context message: 0xe92f7e18, time 99:99:99.999999999, seq-num 132, element 'amcvideodec-omxnvidiah264decode0', GstMessageNeedContext, context-type=(string)gst.gl.app_context;
06-06 22:05:26.623  4906  5038 D GStreamer+bin: 0:00:30.453619623 0xe900d090 gstbin.c:3654:gst_bin_handle_message_func:<forhwgl> [msg 0xe92f7e18] handling child amcvideodec-omxnvidiah264decode0 message of type need-context
06-06 22:05:26.623  4906  5038 D GStreamer+bin: 0:00:30.453641759 0xe900d090 gstbin.c:3991:gst_bin_handle_message_func:<forhwgl> posting message upward
06-06 22:05:26.623  4906  5038 D GStreamer+GST_BUS: 0:00:30.453658321 0xe900d090 gstbus.c:309:gst_bus_post:<bus2> [msg 0xe92f7e18] posting on bus need-context message: 0xe92f7e18, time 99:99:99.999999999, seq-num 132, element 'amcvideodec-omxnvidiah264decode0', GstMessageNeedContext, context-type=(string)gst.gl.app_context;
06-06 22:05:26.623  4906  5038 D GStreamer+bin: 0:00:30.453694884 0xe900d090 gstbin.c:3654:gst_bin_handle_message_func:<pipeline0> [msg 0xe92f7e18] handling child amcvideodec-omxnvidiah264decode0 message of type need-context
06-06 22:05:26.623  4906  5038 D GStreamer+bin: 0:00:30.453718269 0xe900d090 gstbin.c:3991:gst_bin_handle_message_func:<pipeline0> posting message upward
06-06 22:05:26.623  4906  5038 D GStreamer+GST_BUS: 0:00:30.453736707 0xe900d090 gstbus.c:309:gst_bus_post:<bus3> [msg 0xe92f7e18] posting on bus need-context message: 0xe92f7e18, time 99:99:99.999999999, seq-num 132, element 'amcvideodec-omxnvidiah264decode0', GstMessageNeedContext, context-type=(string)gst.gl.app_context;
06-06 22:05:26.623  4906  5038 D GStreamer+GST_BUS: 0:00:30.453773998 0xe900d090 gstbus.c:348:gst_bus_post:<bus3> [msg 0xe92f7e18] pushing on async queue
06-06 22:05:26.623  4906  5038 D GStreamer+GST_BUS: 0:00:30.453801759 0xe900d090 gstbus.c:351:gst_bus_post:<bus3> [msg 0xe92f7e18] pushed on async queue
06-06 22:05:26.623  4906  5038 D GStreamer+GST_BUS: 0:00:30.453821915 0xe900d090 gstbus.c:344:gst_bus_post:<bus2> [msg 0xe92f7e18] dropped
06-06 22:05:26.623  4906  5038 D GStreamer+GST_BUS: 0:00:30.453840300 0xe900d090 gstbus.c:344:gst_bus_post:<bus0> [msg 0xe92f7e18] dropped
06-06 22:05:26.623  4906  5000 D GStreamer+GST_BUS: 0:00:30.453828217 0xe9172400 gstbus.c:521:gst_bus_timed_pop_filtered:<bus3> got message 0xe92f7e18, need-context from amcvideodec-omxnvidiah264decode0, type mask is 4294967295
06-06 22:05:26.623  4906  5038 D GStreamer+query: 0:00:30.453866967 0xe900d090 gstquery.c:674:gst_query_new_custom creating new query 0xe92be550 context
06-06 22:05:26.623  4906  5038 D GStreamer+GST_PADS: 0:00:30.453889832 0xe900d090 gstpad.c:4049:gst_pad_peer_query:<amcvideodec-omxnvidiah264decode0:src> peer query 0xe92be550 (context)
06-06 22:05:26.623  4906  5000 D GStreamer+GST_BUS: 0:00:30.453876759 0xe9172400 gstbus.c:789:gst_bus_source_dispatch:<bus3> source 0xe92790b8 calling dispatch with need-context message: 0xe92f7e18, time 99:99:99.999999999, seq-num 132, element 'amcvideodec-omxnvidiah264decode0', GstMessageNeedContext, context-type=(string)gst.gl.app_context;
06-06 22:05:26.623  4906  5038 D GStreamer+GST_PADS: 0:00:30.453913894 0xe900d090 gstpad.c:3922:gst_pad_query:<decodepad0:proxypad2> doing query 0xe92be550 (context)
06-06 22:05:26.623  4906  5000 D GStreamer+GST_BUS: 0:00:30.453925509 0xe9172400 gstbus.c:794:gst_bus_source_dispatch:<bus3> source 0xe92790b8 handler returns 1
06-06 22:05:26.623  4906  5038 D GStreamer+decodebin: 0:00:30.453937332 0xe900d090 gstdecodebin2.c:5045:gst_decode_pad_query:<forhwgl> calling autoplug-query for decodepad0 (element amcvideodec-omxnvidiah264decode0): context query: 0xe92be550, GstQueryContext, context-type=(string)gst.gl.local_context;
06-06 22:05:26.623  4906  5038 D GStreamer+decodebin: 0:00:30.453977853 0xe900d090 gstdecodebin2.c:5054:gst_decode_pad_query:<forhwgl> autoplug-query returned 0
06-06 22:05:26.623  4906  5038 D GStreamer+GST_PADS: 0:00:30.453998269 0xe900d090 gstpad.c:3367:gst_pad_query_default:<decodepad0:proxypad2> forwarding 0xe92be550 (context) query
06-06 22:05:26.623  4906  5038 D GStreamer+GST_PADS: 0:00:30.454025457 0xe900d090 gstpad.c:4049:gst_pad_peer_query:<'':decodepad0> peer query 0xe92be550 (context)
06-06 22:05:26.623  4906  5038 I GStreamer+GST_PADS: 0:00:30.454046446 0xe900d090 gstpad.c:4105:gst_pad_peer_query:<'':decodepad0> pad has no peer
06-06 22:05:26.623  4906  5038 D GStreamer+GST_PADS: 0:00:30.454065040 0xe900d090 gstpad.c:3945:gst_pad_query:<decodepad0:proxypad2> sent query 0xe92be550 (context), result 0
06-06 22:05:26.623  4906  5038 D GStreamer+GST_PADS: 0:00:30.454086082 0xe900d090 gstpad.c:3990:gst_pad_query:<decodepad0:proxypad2> query failed
06-06 22:05:26.623  4906  5038 D GStreamer+GST_PADS: 0:00:30.454103321 0xe900d090 gstpad.c:4111:gst_pad_peer_query:<amcvideodec-omxnvidiah264decode0:src> query failed
06-06 22:05:26.623  4906  5038 I GStreamer+GST_CONTEXT: 0:00:30.454120300 0xe900d090 gstglutils.c:528:pad_query:<amcvideodec-omxnvidiah264decode0:src> pad peer query failed
06-06 22:05:26.623  4906  5038 D GStreamer+amcvideodec: 0:00:30.454138373 0xe900d090 gstamcvideodec.c:2496:_find_local_gl_context:<amcvideodec-omxnvidiah264decode0> found local context 0x0
06-06 22:05:26.623  4906  5038 W GStreamer+structure: 0:00:30.454207800 0xe900d090 gststructure.c:1935:priv_gst_structure_append_to_gstring No value transform to serialize field 'allocator' of type 'GArray'
06-06 22:05:26.623  4906  5038 W GStreamer+structure: 0:00:30.454232957 0xe900d090 gststructure.c:1935:priv_gst_structure_append_to_gstring No value transform to serialize field 'pool' of type 'GArray'
06-06 22:05:26.623  4906  5038 D GStreamer+videodecoder: 0:00:30.454162488 0xe900d090 gstvideodecoder.c:3723:gst_video_decoder_negotiate_pool:<amcvideodec-omxnvidiah264decode0> ALLOCATION (1) params: allocation query: 0xe9539860, GstQueryAllocation, caps=(GstCaps)"video/x-raw\(memory:GLMemory\)\,\ format\=\(string\)RGBA\,\ width\=\(int\)1280\,\ height\=\(int\)1440\,\ interlace-mode\=\(string\)progressive\,\ pixel-aspect-ratio\=\(fraction\)1/1\,\ colorimetry\=\(string\)sRGB\,\ framerate\=\(fraction\)151/3", need-pool=(boolean)true, allocator=(GArray)NULL, pool=(GArray)NULL;
06-06 22:05:26.623  4906  5038 D GStreamer+videodecoder: 0:00:30.454278478 0xe900d090 gstvideodecoder.c:3765:gst_video_decoder_negotiate_pool:<amcvideodec-omxnvidiah264decode0> activate pool <videobufferpool0>
06-06 22:05:26.623  4906  5038 I GStreamer+amcvideodec: 0:00:30.454307853 0xe900d090 gstamcvideodec.c:1974:gst_amc_video_dec_set_format:<amcvideodec-omxnvidiah264decode0> GL output: disabled
06-06 22:05:26.623  4906  5038 D GStreamer+amcvideodec: 0:00:30.454378530 0xe900d090 gstamcvideodec.c:2033:gst_amc_video_dec_set_format:<amcvideodec-omxnvidiah264decode0> Configuring codec with format: {height=1440, width=1280, mime=video/avc}
06-06 22:05:26.625   995  1941 E OMXNodeInstance: getConfig(e6:Nvidia.h264.decode, ConfigCommonOutputCrop(0x700000f)) ERROR: BadParameter(0x80001005)
06-06 22:05:26.627   995  5042 D NvOsDebugPrintf: NvMMLiteOpen : Block : BlockType = 261 
06-06 22:05:26.627   995  5042 D NvOsDebugPrintf: TVMR: NvMMLiteTVMRDecBlockOpen: 6595: NvMMLiteBlockOpen 
06-06 22:05:26.628  4906  5038 D GStreamer+GST_PADS: 0:00:30.459081134 0xe900d090 gstpad.c:5978:gst_pad_start_task:<amcvideodec-omxnvidiah264decode0:src> start task
06-06 22:05:26.628  4906  5038 D GStreamer+task: 0:00:30.459165196 0xe900d090 gsttask.c:427:gst_task_new Created task 0xe92f6610
06-06 22:05:26.628  4906  5038 I GStreamer+task: 0:00:30.459188321 0xe900d090 gsttask.c:453:gst_task_set_lock setting stream lock 0xe95306fc on task 0xe92f6610
06-06 22:05:26.628  4906  5038 I GStreamer+GST_PADS: 0:00:30.459209259 0xe900d090 gstpad.c:5987:gst_pad_start_task:<amcvideodec-omxnvidiah264decode0:src> created task 0xe92f6610
06-06 22:05:26.628  4906  5038 D GStreamer+GST_PADS: 0:00:30.459232696 0xe900d090 gstpad.c:5904:do_stream_status:<amcvideodec-omxnvidiah264decode0:src> doing stream-status 0
06-06 22:05:26.628  4906  5038 D GStreamer+GST_PADS: 0:00:30.459264415 0xe900d090 gstpad.c:5933:do_stream_status:<amcvideodec-omxnvidiah264decode0:src> posting stream-status 0
06-06 22:05:26.628  4906  5038 D GStreamer+GST_BUS: 0:00:30.459288217 0xe900d090 gstbus.c:309:gst_bus_post:<bus0> [msg 0xe92f7dc0] posting on bus stream-status message: 0xe92f7dc0, time 99:99:99.999999999, seq-num 133, element 'src', GstMessageStreamStatus, type=(GstStreamStatusType)GST_STREAM_STATUS_TYPE_CREATE, owner=(GstElement)"\(GstAmcVideoDec-OmxNvidiaH264Decode\)\ amcvideodec-omxnvidiah264decode0", object=(GstTask)"\(GstTask\)\ task3";
06-06 22:05:26.628  4906  5038 D GStreamer+decodebin: 0:00:30.459363217 0xe900d090 gstdecodebin2.c:5492:gst_decode_bin_handle_message:<forhwgl> Forwarding msg stream-status message: 0xe92f7dc0, time 99:99:99.999999999, seq-num 133, element 'src', GstMessageStreamStatus, type=(GstStreamStatusType)GST_STREAM_STATUS_TYPE_CREATE, owner=(GstElement)"\(GstAmcVideoDec-OmxNvidiaH264Decode\)\ amcvideodec-omxnvidiah264decode0", object=(GstTask)"\(GstTask\)\ task3";
06-06 22:05:26.628  4906  5038 D GStreamer+bin: 0:00:30.459435665 0xe900d090 gstbin.c:3654:gst_bin_handle_message_func:<forhwgl> [msg 0xe92f7dc0] handling child src message of type stream-status
06-06 22:05:26.628  4906  5038 D GStreamer+bin: 0:00:30.459462332 0xe900d090 gstbin.c:3991:gst_bin_handle_message_func:<forhwgl> posting message upward
06-06 22:05:26.628  4906  5038 D GStreamer+GST_BUS: 0:00:30.459480978 0xe900d090 gstbus.c:309:gst_bus_post:<bus2> [msg 0xe92f7dc0] posting on bus stream-status message: 0xe92f7dc0, time 99:99:99.999999999, seq-num 133, element 'src', GstMessageStreamStatus, type=(GstStreamStatusType)GST_STREAM_STATUS_TYPE_CREATE, owner=(GstElement)"\(GstAmcVideoDec-OmxNvidiaH264Decode\)\ amcvideodec-omxnvidiah264decode0", object=(GstTask)"\(GstTask\)\ task3";
06-06 22:05:26.628  4906  5038 D GStreamer+bin: 0:00:30.459537696 0xe900d090 gstbin.c:3654:gst_bin_handle_message_func:<pipeline0> [msg 0xe92f7dc0] handling child src message of type stream-status
06-06 22:05:26.628  4906  5038 D GStreamer+bin: 0:00:30.459560873 0xe900d090 gstbin.c:3991:gst_bin_handle_message_func:<pipeline0> posting message upward
06-06 22:05:26.629  4906  5038 D GStreamer+GST_BUS: 0:00:30.459578425 0xe900d090 gstbus.c:309:gst_bus_post:<bus3> [msg 0xe92f7dc0] posting on bus stream-status message: 0xe92f7dc0, time 99:99:99.999999999, seq-num 133, element 'src', GstMessageStreamStatus, type=(GstStreamStatusType)GST_STREAM_STATUS_TYPE_CREATE, owner=(GstElement)"\(GstAmcVideoDec-OmxNvidiaH264Decode\)\ amcvideodec-omxnvidiah264decode0", object=(GstTask)"\(GstTask\)\ task3";
06-06 22:05:26.629  4906  5038 D GStreamer+GST_BUS: 0:00:30.459630300 0xe900d090 gstbus.c:348:gst_bus_post:<bus3> [msg 0xe92f7dc0] pushing on async queue
06-06 22:05:26.629  4906  5038 D GStreamer+GST_BUS: 0:00:30.459659623 0xe900d090 gstbus.c:351:gst_bus_post:<bus3> [msg 0xe92f7dc0] pushed on async queue
06-06 22:05:26.629  4906  5038 D GStreamer+GST_BUS: 0:00:30.459679103 0xe900d090 gstbus.c:344:gst_bus_post:<bus2> [msg 0xe92f7dc0] dropped
06-06 22:05:26.629  4906  5038 D GStreamer+GST_BUS: 0:00:30.459697175 0xe900d090 gstbus.c:344:gst_bus_post:<bus0> [msg 0xe92f7dc0] dropped
06-06 22:05:26.629  4906  5000 D GStreamer+GST_BUS: 0:00:30.459692853 0xe9172400 gstbus.c:521:gst_bus_timed_pop_filtered:<bus3> got message 0xe92f7dc0, stream-status from src, type mask is 4294967295
06-06 22:05:26.629  4906  5038 D GStreamer+task: 0:00:30.459718634 0xe900d090 gsttask.c:684:gst_task_set_state:<task3> Changing task 0xe92f6610 to state 0
06-06 22:05:26.629  4906  5000 D GStreamer+GST_BUS: 0:00:30.459732488 0xe9172400 gstbus.c:789:gst_bus_source_dispatch:<bus3> source 0xe92790b8 calling dispatch with stream-status message: 0xe92f7dc0, time 99:99:99.999999999, seq-num 133, element 'src', GstMessageStreamStatus, type=(GstStreamStatusType)GST_STREAM_STATUS_TYPE_CREATE, owner=(GstElement)"\(GstAmcVideoDec-OmxNvidiaH264Decode\)\ amcvideodec-omxnvidiah264decode0", object=(GstTask)"\(GstTask\)\ task3";
06-06 22:05:26.629  4906  5038 D GStreamer+GST_PADS: 0:00:30.459794884 0xe900d090 gstpad.c:5609:gst_pad_send_event_unchecked:<amcvideodec-omxnvidiah264decode0:sink> sent event, ret ok
06-06 22:05:26.629  4906  5000 D GStreamer+GST_BUS: 0:00:30.459801811 0xe9172400 gstbus.c:794:gst_bus_source_dispatch:<bus3> source 0xe92790b8 handler returns 1
06-06 22:05:26.629  4906  5038 D GStreamer+GST_PADS: 0:00:30.459829050 0xe900d090 gstpad.c:5093:store_sticky_event:<amcvideodec-omxnvidiah264decode0:sink> notify caps
06-06 22:05:26.629  4906  5044 D GStreamer+task: 0:00:30.459816134 0xe9539350 gsttask.c:289:gst_task_func Entering task 0xe92f6610, thread 0xe9539350
06-06 22:05:26.629  4906  5044 D GStreamer+GST_PADS: 0:00:30.459856342 0xe9539350 gstpad.c:5904:do_stream_status:<amcvideodec-omxnvidiah264decode0:src> doing stream-status 1
06-06 22:05:26.629  4906  5038 D GStreamer+GST_STATES: 0:00:30.459867019 0xe900d090 gstelement.c:1972:gst_element_set_locked_state unlocking state of element amcvideodec-omxnvidiah264decode0
06-06 22:05:26.629  4906  5038 D GStreamer+GST_CAPS: 0:00:30.459894050 0xe900d090 gstpad.c:2672:gst_pad_get_current_caps:<amcvideodec-omxnvidiah264decode0:src> get current pad caps video/x-raw(memory:GLMemory), format=(string)RGBA, width=(int)1280, height=(int)1440, interlace-mode=(string)progressive, pixel-aspect-ratio=(fraction)1/1, colorimetry=(string)sRGB, framerate=(fraction)151/3
06-06 22:05:26.629  4906  5038 D GStreamer+decodebin: 0:00:30.459945144 0xe900d090 gstdecodebin2.c:2777:expose_pad:<forhwgl> pad amcvideodec-omxnvidiah264decode0:src, chain:0xe9277810
06-06 22:05:26.629  4906  5038 D GStreamer+GST_PADS: 0:00:30.459970925 0xe900d090 gstpad.c:1069:gst_pad_set_active:<'':decodepad0> pad was active in push mode
06-06 22:05:26.629  4906  5044 D GStreamer+GST_PADS: 0:00:30.459991550 0xe9539350 gstpad.c:5933:do_stream_status:<amcvideodec-omxnvidiah264decode0:src> posting stream-status 1
06-06 22:05:26.629  4906  5038 D GStreamer+decodebin: 0:00:30.460019780 0xe900d090 gstdecodebin2.c:4925:gst_decode_pad_set_blocked:<'':decodepad0> blocking pad: 1
06-06 22:05:26.629  4906  5038 D GStreamer+GST_PADS: 0:00:30.460047019 0xe900d090 gstghostpad.c:808:gst_ghost_pad_get_target:<'':decodepad0> get target amcvideodec-omxnvidiah264decode0:src
06-06 22:05:26.629  4906  5044 D GStreamer+GST_BUS: 0:00:30.460021134 0xe9539350 gstbus.c:309:gst_bus_post:<bus0> [msg 0xe92f7e70] posting on bus stream-status message: 0xe92f7e70, time 99:99:99.999999999, seq-num 134, element 'src', GstMessageStreamStatus, type=(GstStreamStatusType)GST_STREAM_STATUS_TYPE_ENTER, owner=(GstElement)"\(GstAmcVideoDec-OmxNvidiaH264Decode\)\ amcvideodec-omxnvidiah264decode0", object=(GstTask)"\(GstTask\)\ amcvideodec-omxnvidiah264decode0:src";
06-06 22:05:26.629  4906  5038 D GStreamer+GST_CAPS: 0:00:30.460079207 0xe900d090 gstpad.c:2644:gst_pad_has_current_caps:<'':decodepad0> check current pad caps video/x-raw(memory:GLMemory), format=(string)RGBA, width=(int)1280, height=(int)1440, interlace-mode=(string)progressive, pixel-aspect-ratio=(fraction)1/1, colorimetry=(string)sRGB, framerate=(fraction)151/3
06-06 22:05:26.629  4906  5038 D GStreamer+decodebin: 0:00:30.460129311 0xe900d090 gstdecodebin2.c:3968:gst_decode_chain_is_complete:<forhwgl> Chain 0xe9277810 is complete: 1
06-06 22:05:26.629  4906  5044 D GStreamer+decodebin: 0:00:30.460100196 0xe9539350 gstdecodebin2.c:5492:gst_decode_bin_handle_message:<forhwgl> Forwarding msg stream-status message: 0xe92f7e70, time 99:99:99.999999999, seq-num 134, element 'src', GstMessageStreamStatus, type=(GstStreamStatusType)GST_STREAM_STATUS_TYPE_ENTER, owner=(GstElement)"\(GstAmcVideoDec-OmxNvidiaH264Decode\)\ amcvideodec-omxnvidiah264decode0", object=(GstTask)"\(GstTask\)\ amcvideodec-omxnvidiah264decode0:src";
06-06 22:05:26.629  4906  5038 D GStreamer+decodebin: 0:00:30.460155196 0xe900d090 gstdecodebin2.c:4567:gst_decode_bin_expose:<forhwgl> Exposing currently active chains/groups
06-06 22:05:26.629  4906  5044 D GStreamer+bin: 0:00:30.460162644 0xe9539350 gstbin.c:3654:gst_bin_handle_message_func:<forhwgl> [msg 0xe92f7e70] handling child src message of type stream-status
06-06 22:05:26.629  4906  5044 D GStreamer+bin: 0:00:30.460188113 0xe9539350 gstbin.c:3991:gst_bin_handle_message_func:<forhwgl> posting message upward
06-06 22:05:26.629  4906  5038 D GStreamer+GST_CAPS: 0:00:30.460174467 0xe900d090 gstpad.c:2644:gst_pad_has_current_caps:<'':decodepad0> check current pad caps video/x-raw(memory:GLMemory), format=(string)RGBA, width=(int)1280, height=(int)1440, interlace-mode=(string)progressive, pixel-aspect-ratio=(fraction)1/1, colorimetry=(string)sRGB, framerate=(fraction)151/3
06-06 22:05:26.629  4906  5038 D GStreamer+decodebin: 0:00:30.460220457 0xe900d090 gstdecodebin2.c:4673:gst_decode_bin_expose:<forhwgl> About to expose dpad decodepad0 as src_0
06-06 22:05:26.629  4906  5044 D GStreamer+GST_BUS: 0:00:30.460209050 0xe9539350 gstbus.c:309:gst_bus_post:<bus2> [msg 0xe92f7e70] posting on bus stream-status message: 0xe92f7e70, time 99:99:99.999999999, seq-num 134, element 'src', GstMessageStreamStatus, type=(GstStreamStatusType)GST_STREAM_STATUS_TYPE_ENTER, owner=(GstElement)"\(GstAmcVideoDec-OmxNvidiaH264Decode\)\ amcvideodec-omxnvidiah264decode0", object=(GstTask)"\(GstTask\)\ amcvideodec-omxnvidiah264decode0:src";
06-06 22:05:26.629  4906  5038 D GStreamer+decodebin: 0:00:30.460258530 0xe900d090 gstdecodebin2.c:4543:debug_sticky_event:<'':src_0> sticky event stream-start (0xe91914c0)
06-06 22:05:26.629  4906  5044 D GStreamer+bin: 0:00:30.460279311 0xe9539350 gstbin.c:3654:gst_bin_handle_message_func:<pipeline0> [msg 0xe92f7e70] handling child src message of type stream-status
06-06 22:05:26.629  4906  5038 D GStreamer+decodebin: 0:00:30.460284207 0xe900d090 gstdecodebin2.c:4543:debug_sticky_event:<'':src_0> sticky event caps (0xe921cc78)
06-06 22:05:26.629  4906  5044 D GStreamer+bin: 0:00:30.460310821 0xe9539350 gstbin.c:3991:gst_bin_handle_message_func:<pipeline0> posting message upward
06-06 22:05:26.629  4906  5038 I GStreamer+GST_ELEMENT_PADS: 0:00:30.460312071 0xe900d090 gstelement.c:661:gst_element_add_pad:<forhwgl> adding pad 'src_0'
06-06 22:05:26.629  4906  5038 D GStreamer+GST_REFCOUNTING: 0:00:30.460335248 0xe900d090 gstobject.c:700:gst_object_set_parent:<'':src_0> set parent (ref and sink)
06-06 22:05:26.629  4906  5044 D GStreamer+GST_BUS: 0:00:30.460330665 0xe9539350 gstbus.c:309:gst_bus_post:<bus3> [msg 0xe92f7e70] posting on bus stream-status message: 0xe92f7e70, time 99:99:99.999999999, seq-num 134, element 'src', GstMessageStreamStatus, type=(GstStreamStatusType)GST_STREAM_STATUS_TYPE_ENTER, owner=(GstElement)"\(GstAmcVideoDec-OmxNvidiaH264Decode\)\ amcvideodec-omxnvidiah264decode0", object=(GstTask)"\(GstTask\)\ amcvideodec-omxnvidiah264decode0:src";
06-06 22:05:26.629  4906  5038 I GStreamer+GST_PIPELINE: 0:00:30.460365457 0xe900d090 ./grammar.y:518:gst_parse_found_pad trying delayed linking some pad of GstDecodeBin named forhwgl to some pad of GstQueue named queue1
06-06 22:05:26.629  4906  5044 D GStreamer+GST_BUS: 0:00:30.460400248 0xe9539350 gstbus.c:348:gst_bus_post:<bus3> [msg 0xe92f7e70] pushing on async queue
06-06 22:05:26.629  4906  5038 I GStreamer+GST_ELEMENT_PADS: 0:00:30.460400196 0xe900d090 gstutils.c:1605:gst_element_link_pads_full trying to link element forhwgl:(any) to element queue1:(any)
06-06 22:05:26.629  4906  5038 D GStreamer+GST_ELEMENT_PADS: 0:00:30.460445353 0xe900d090 gstutils.c:1712:gst_element_link_pads_full looping through allowed src and dest pads
06-06 22:05:26.629  4906  5044 D GStreamer+GST_BUS: 0:00:30.460451186 0xe9539350 gstbus.c:351:gst_bus_post:<bus3> [msg 0xe92f7e70] pushed on async queue
06-06 22:05:26.629  4906  5038 D GStreamer+GST_ELEMENT_PADS: 0:00:30.460462436 0xe900d090 gstutils.c:1715:gst_element_link_pads_full trying src pad forhwgl:sink
06-06 22:05:26.629  4906  5044 D GStreamer+GST_BUS: 0:00:30.460473686 0xe9539350 gstbus.c:344:gst_bus_post:<bus2> [msg 0xe92f7e70] dropped
06-06 22:05:26.629  4906  5038 D GStreamer+GST_ELEMENT_PADS: 0:00:30.460480769 0xe900d090 gstutils.c:1715:gst_element_link_pads_full trying src pad forhwgl:src_0
06-06 22:05:26.629  4906  5044 D GStreamer+GST_BUS: 0:00:30.460500821 0xe9539350 gstbus.c:344:gst_bus_post:<bus0> [msg 0xe92f7e70] dropped
