06-06 22:05:26.540  4906  5039 D GStreamer+GST_SCHEDULING: 0:00:30.371472123 0xe900d0f0 gstpad.c:4199:gst_pad_chain_data_unchecked:<queue0:sink> called chainfunction &gst_queue_chain with buffer 0xe92fa528, returned ok
06-06 22:05:26.540  4906  5039 D GStreamer+qtdemux: 0:00:30.371506967 0xe900d0f0 qtdemux.c:8014:qtdemux_parse_samples:<q> parsing up to sample 1
06-06 22:05:26.540  4906  5038 D GStreamer+GST_CAPS: 0:00:30.371496863 0xe900d090 gstpad.c:3162:gst_pad_query_caps_default:<typefind:sink> result 0xe9194340 video/x-h264, stream-format=(string)avc, alignment=(string)au, level=(string)4, profile=(string)baseline, codec_data=(buffer)01428028ffe1000a27428028e54028016b2001000528de01ae20, width=(int)1280, height=(int)1440, framerate=(fraction)151/3, pixel-aspect-ratio=(fraction)1/1
06-06 22:05:26.540  4906  5039 D GStreamer+qtdemux: 0:00:30.371534155 0xe900d0f0 qtdemux.c:8221:qtdemux_parse_samples:<q> sample 1: index 0, timestamp 0:00:00.042666666
06-06 22:05:26.540  4906  5038 D GStreamer+GST_PADS: 0:00:30.371559936 0xe900d090 gstpad.c:3367:gst_pad_query_default:<typefind:sink> not forwarding 0xe92fd9b0 (caps) query
06-06 22:05:26.540  4906  5039 D GStreamer+qtdemux: 0:00:30.371566394 0xe900d0f0 qtdemux.c:8276:qtdemux_parse_samples:<q> samples at 1 is keyframe
06-06 22:05:26.541  4906  5038 D GStreamer+GST_PADS: 0:00:30.371584988 0xe900d090 gstpad.c:3945:gst_pad_query:<typefind:sink> sent query 0xe92fd9b0 (caps), result 1
06-06 22:05:26.541  4906  5039 D GStreamer+qtdemux: 0:00:30.371593738 0xe900d0f0 qtdemux.c:5512:gst_qtdemux_loop_state_movie:<q> pushing from stream 0, empty 0 offset 45279, size 32685, dts=0:00:00.042666666, pts=0:00:00.042666666, duration 0:00:00.000000000
06-06 22:05:26.541  4906  5038 D GStreamer+GST_CAPS: 0:00:30.371611603 0xe900d090 gstutils.c:2879:gst_pad_query_caps:<typefind:sink> query returned video/x-h264, stream-format=(string)avc, alignment=(string)au, level=(string)4, profile=(string)baseline, codec_data=(buffer)01428028ffe1000a27428028e54028016b2001000528de01ae20, width=(int)1280, height=(int)1440, framerate=(fraction)151/3, pixel-aspect-ratio=(fraction)1/1
06-06 22:05:26.541  4906  5039 D GStreamer+basesrc: 0:00:30.371641290 0xe900d0f0 gstbasesrc.c:2354:gst_base_src_update_length:<filesrc0> reading offset 45279, length 32685, size 16031303, segment.stop -1, maxsize 16031303
06-06 22:05:26.541  4906  5039 D GStreamer+basesrc: 0:00:30.371679623 0xe900d0f0 gstbasesrc.c:2455:gst_base_src_get_range:<filesrc0> calling create offset 45279 length 32685, time 0
06-06 22:05:26.541  4906  5039 D GStreamer+GST_MEMORY: 0:00:30.371710144 0xe900d0f0 gstmemory.c:138:gst_memory_init new memory 0xe9322530, maxsize:32688 offset:0 size:32685
06-06 22:05:26.541  4906  5038 D GStreamer+GST_PADS: 0:00:30.371671707 0xe900d090 gstpad.c:3089:gst_pad_query_accept_caps_default:<typefind:sink> allowed caps subset video/x-h264, stream-format=(string)avc, alignment=(string)au, level=(string)4, profile=(string)baseline, codec_data=(buffer)01428028ffe1000a27428028e54028016b2001000528de01ae20, width=(int)1280, height=(int)1440, framerate=(fraction)151/3, pixel-aspect-ratio=(fraction)1/1, caps video/x-h264, stream-format=(string)avc, alignment=(string)au, level=(string)4, profile=(string)baseline, codec_data=(buffer)01428028ffe1000a27428028e54028016b2001000528de01ae20, width=(int)1280, height=(int)1440, framerate=(fraction)151/3, pixel-aspect-ratio=(fraction)1/1
06-06 22:05:26.541  4906  5039 D GStreamer+basesrc: 0:00:30.371759884 0xe900d0f0 gstbasesrc.c:2309:gst_base_src_do_sync:<filesrc0> we have no clock
06-06 22:05:26.541  4906  5038 D GStreamer+GST_PADS: 0:00:30.371773530 0xe900d090 gstpad.c:3367:gst_pad_query_default:<typefind:sink> not forwarding 0xe92fd980 (accept-caps) query
06-06 22:05:26.541  4906  5039 D GStreamer+basesrc: 0:00:30.371782280 0xe900d0f0 gstbasesrc.c:2519:gst_base_src_get_range:<filesrc0> buffer ok
06-06 22:05:26.541  4906  5038 D GStreamer+GST_PADS: 0:00:30.371798269 0xe900d090 gstpad.c:3945:gst_pad_query:<typefind:sink> sent query 0xe92fd980 (accept-caps), result 1
06-06 22:05:26.541  4906  5038 D GStreamer+default: 0:00:30.371823425 0xe900d090 gstutils.c:2960:gst_pad_query_accept_caps:<typefind:sink> query returned 1
06-06 22:05:26.541  4906  5039 D GStreamer+GST_SCHEDULING: 0:00:30.371804519 0xe900d0f0 gstpad.c:4193:gst_pad_chain_data_unchecked:<queue0:sink> calling chainfunction &gst_queue_chain with buffer buffer: 0xe92fa5c8, pts 0:00:00.042666666, dts 0:00:00.042666666, dur 0:00:00.000000000, size 32685, offset none, offset_end none, flags 0x0
06-06 22:05:26.541  4906  5038 D GStreamer+typefind: 0:00:30.371845665 0xe900d090 gsttypefindelement.c:665:gst_type_find_element_sink_event:<typefind> got caps event in mode 1
06-06 22:05:26.541  4906  5039 D GStreamer+GST_SCHEDULING: 0:00:30.371853373 0xe900d0f0 gstpad.c:4199:gst_pad_chain_data_unchecked:<queue0:sink> called chainfunction &gst_queue_chain with buffer 0xe92fa5c8, returned ok
06-06 22:05:26.541  4906  5039 D GStreamer+qtdemux: 0:00:30.371878790 0xe900d0f0 qtdemux.c:8014:qtdemux_parse_samples:<q> parsing up to sample 2
06-06 22:05:26.541  4906  5038 I GStreamer+GST_EVENT: 0:00:30.371870665 0xe900d090 gstevent.c:679:gst_event_new_caps creating caps event video/x-h264, stream-format=(string)avc, alignment=(string)au, level=(string)4, profile=(string)baseline, codec_data=(buffer)01428028ffe1000a27428028e54028016b2001000528de01ae20, width=(int)1280, height=(int)1440, framerate=(fraction)151/3, pixel-aspect-ratio=(fraction)1/1
06-06 22:05:26.541  4906  5039 D GStreamer+qtdemux: 0:00:30.371901655 0xe900d0f0 qtdemux.c:8221:qtdemux_parse_samples:<q> sample 2: index 0, timestamp 0:00:00.042666666
06-06 22:05:26.541  4906  5039 D GStreamer+qtdemux: 0:00:30.371938061 0xe900d0f0 qtdemux.c:8276:qtdemux_parse_samples:<q> samples at 2 is keyframe
06-06 22:05:26.541  4906  5038 D GStreamer+GST_EVENT: 0:00:30.371939675 0xe900d090 gstevent.c:302:gst_event_new_custom creating new event 0xe9305748 caps 12814
06-06 22:05:26.541  4906  5038 D GStreamer+GST_PADS: 0:00:30.371966550 0xe900d090 gstpad.c:5093:store_sticky_event:<typefind:src> notify caps
06-06 22:05:26.541  4906  5039 D GStreamer+qtdemux: 0:00:30.371967280 0xe900d0f0 qtdemux.c:5512:gst_qtdemux_loop_state_movie:<q> pushing from stream 0, empty 0 offset 77964, size 60083, dts=0:00:00.042666666, pts=0:00:00.042666666, duration 0:00:00.036666667
06-06 22:05:26.541  4906  5039 D GStreamer+basesrc: 0:00:30.372010925 0xe900d0f0 gstbasesrc.c:2354:gst_base_src_update_length:<filesrc0> reading offset 77964, length 60083, size 16031303, segment.stop -1, maxsize 16031303
06-06 22:05:26.541  4906  5038 D GStreamer+decodebin: 0:00:30.372004780 0xe900d090 gstdecodebin2.c:2860:type_found:<forhwgl> typefind found caps video/x-h264, stream-format=(string)avc, alignment=(string)au, level=(string)4, profile=(string)baseline, codec_data=(buffer)01428028ffe1000a27428028e54028016b2001000528de01ae20, width=(int)1280, height=(int)1440, framerate=(fraction)151/3, pixel-aspect-ratio=(fraction)1/1
06-06 22:05:26.541  4906  5039 D GStreamer+basesrc: 0:00:30.372044050 0xe900d0f0 gstbasesrc.c:2455:gst_base_src_get_range:<filesrc0> calling create offset 77964 length 60083, time 0
06-06 22:05:26.541  4906  5039 D GStreamer+GST_MEMORY: 0:00:30.372093061 0xe900d0f0 gstmemory.c:138:gst_memory_init new memory 0xe932a538, maxsize:60086 offset:0 size:60083
06-06 22:05:26.541  4906  5038 I GStreamer+GST_ELEMENT_PADS: 0:00:30.372064780 0xe900d090 gstelement.c:909:gst_element_get_static_pad found pad typefind:src
06-06 22:05:26.541  4906  5038 I GStreamer+GST_ELEMENT_PADS: 0:00:30.372124467 0xe900d090 gstelement.c:909:gst_element_get_static_pad found pad typefind:sink
06-06 22:05:26.541  4906  5038 D GStreamer+decodebin: 0:00:30.372147696 0xe900d090 gstdecodebin2.c:3523:gst_decode_chain_new:<forhwgl> Creating new chain 0xe9277810 with parent group 0x0
06-06 22:05:26.541  4906  5038 D GStreamer+decodebin: 0:00:30.372170665 0xe900d090 gstdecodebin2.c:1534:analyze_new_pad:<forhwgl> Pad typefind:src caps:video/x-h264, stream-format=(string)avc, alignment=(string)au, level=(string)4, profile=(string)baseline, codec_data=(buffer)01428028ffe1000a27428028e54028016b2001000528de01ae20, width=(int)1280, height=(int)1440, framerate=(fraction)151/3, pixel-aspect-ratio=(fraction)1/1
06-06 22:05:26.541  4906  5038 D GStreamer+decodebin: 0:00:30.372228530 0xe900d090 gstdecodebin2.c:5085:gst_decode_pad_new:<forhwgl> making new decodepad
06-06 22:05:26.541  4906  5038 D GStreamer+GST_PADS: 0:00:30.372307436 0xe900d090 gstpad.c:1963:gst_pad_set_iterate_internal_links_function_full:<GstProxyPad@0xe925f090> internal link iterator set to gst_proxy_pad_iterate_internal_links_default
06-06 22:05:26.541  4906  5038 D GStreamer+GST_PADS: 0:00:30.372340978 0xe900d090 gstpad.c:1708:gst_pad_set_activatemode_function_full:<GstGhostPad@0xe925f090> activatemodefunc set to gst_ghost_pad_activate_mode_default
06-06 22:05:26.541  4906  5038 D GStreamer+GST_PADS: 0:00:30.372389832 0xe900d090 gstpad.c:1816:gst_pad_set_getrange_function_full:<'':decodepad0> getrangefunc set to gst_proxy_pad_getrange_default
06-06 22:05:26.541  4906  5039 D GStreamer+basesrc: 0:00:30.372391915 0xe900d0f0 gstbasesrc.c:2309:gst_base_src_do_sync:<filesrc0> we have no clock
06-06 22:05:26.541  4906  5039 D GStreamer+basesrc: 0:00:30.372431603 0xe900d0f0 gstbasesrc.c:2519:gst_base_src_get_range:<filesrc0> buffer ok
06-06 22:05:26.541  4906  5038 D GStreamer+GST_PADS: 0:00:30.372440092 0xe900d090 gstpad.c:1963:gst_pad_set_iterate_internal_links_function_full:<GstProxyPad@0xe90b8630> internal link iterator set to gst_proxy_pad_iterate_internal_links_default
06-06 22:05:26.541  4906  5038 D GStreamer+GST_PADS: 0:00:30.372482123 0xe900d090 gstpad.c:1743:gst_pad_set_chain_function_full:<'':proxypad2> chainfunc set to gst_proxy_pad_chain_default
06-06 22:05:26.541  4906  5039 D GStreamer+GST_SCHEDULING: 0:00:30.372460196 0xe900d0f0 gstpad.c:4193:gst_pad_chain_data_unchecked:<queue0:sink> calling chainfunction &gst_queue_chain with buffer buffer: 0xe92fa3e8, pts 0:00:00.042666666, dts 0:00:00.042666666, dur 0:00:00.036666667, size 60083, offset none, offset_end none, flags 0x0
06-06 22:05:26.541  4906  5038 D GStreamer+GST_PADS: 0:00:30.372505353 0xe900d090 gstpad.c:1780:gst_pad_set_chain_list_function_full:<'':proxypad2> chainlistfunc set to gst_proxy_pad_chain_list_default
06-06 22:05:26.541  4906  5039 D GStreamer+GST_SCHEDULING: 0:00:30.372515978 0xe900d0f0 gstpad.c:4199:gst_pad_chain_data_unchecked:<queue0:sink> called chainfunction &gst_queue_chain with buffer 0xe92fa3e8, returned ok
06-06 22:05:26.541  4906  5038 D GStreamer+GST_REFCOUNTING: 0:00:30.372525613 0xe900d090 gstobject.c:700:gst_object_set_parent:<'':proxypad2> set parent (ref and sink)
06-06 22:05:26.541  4906  5039 D GStreamer+qtdemux: 0:00:30.372542592 0xe900d0f0 qtdemux.c:8014:qtdemux_parse_samples:<q> parsing up to sample 3
06-06 22:05:26.541  4906  5038 D GStreamer+GST_PADS: 0:00:30.372547957 0xe900d090 gstpad.c:1708:gst_pad_set_activatemode_function_full:<decodepad0:proxypad2> activatemodefunc set to gst_ghost_pad_internal_activate_mode_default
06-06 22:05:26.542  4906  5039 D GStreamer+qtdemux: 0:00:30.372568738 0xe900d0f0 qtdemux.c:8221:qtdemux_parse_samples:<q> sample 3: index 0, timestamp 0:00:00.079333333
06-06 22:05:26.542  4906  5039 D GStreamer+qtdemux: 0:00:30.372594936 0xe900d0f0 qtdemux.c:8276:qtdemux_parse_samples:<q> samples at 3 is keyframe
06-06 22:05:26.542  4906  5039 D GStreamer+qtdemux: 0:00:30.372619467 0xe900d0f0 qtdemux.c:5512:gst_qtdemux_loop_state_movie:<q> pushing from stream 0, empty 0 offset 138047, size 55669, dts=0:00:00.079333333, pts=0:00:00.079333333, duration 0:00:00.020000000
06-06 22:05:26.542  4906  5039 D GStreamer+basesrc: 0:00:30.372663269 0xe900d0f0 gstbasesrc.c:2354:gst_base_src_update_length:<filesrc0> reading offset 138047, length 55669, size 16031303, segment.stop -1, maxsize 16031303
06-06 22:05:26.542  4906  5039 D GStreamer+basesrc: 0:00:30.372696134 0xe900d0f0 gstbasesrc.c:2455:gst_base_src_get_range:<filesrc0> calling create offset 138047 length 55669, time 0
06-06 22:05:26.542  4906  5039 D GStreamer+GST_MEMORY: 0:00:30.372736863 0xe900d0f0 gstmemory.c:138:gst_memory_init new memory 0xe9339048, maxsize:55672 offset:0 size:55669
06-06 22:05:26.542  4906  5038 D GStreamer+GST_PADS: 0:00:30.372748582 0xe900d090 gstpad.c:1929:gst_pad_set_query_function_full:<decodepad0:proxypad2> queryfunc set to 0xd11bcd59
06-06 22:05:26.542  4906  5039 D GStreamer+basesrc: 0:00:30.372831967 0xe900d0f0 gstbasesrc.c:2309:gst_base_src_do_sync:<filesrc0> we have no clock
06-06 22:05:26.542  4906  5039 D GStreamer+basesrc: 0:00:30.372855144 0xe900d0f0 gstbasesrc.c:2519:gst_base_src_get_range:<filesrc0> buffer ok
06-06 22:05:26.542  4906  5039 D GStreamer+GST_SCHEDULING: 0:00:30.372876342 0xe900d0f0 gstpad.c:4193:gst_pad_chain_data_unchecked:<queue0:sink> calling chainfunction &gst_queue_chain with buffer buffer: 0xe92fa348, pts 0:00:00.079333333, dts 0:00:00.079333333, dur 0:00:00.020000000, size 55669, offset none, offset_end none, flags 0x0
06-06 22:05:26.542  4906  5039 D GStreamer+GST_SCHEDULING: 0:00:30.372927175 0xe900d0f0 gstpad.c:4199:gst_pad_chain_data_unchecked:<queue0:sink> called chainfunction &gst_queue_chain with buffer 0xe92fa348, returned ok
06-06 22:05:26.542  4906  5039 D GStreamer+qtdemux: 0:00:30.372952905 0xe900d0f0 qtdemux.c:8014:qtdemux_parse_samples:<q> parsing up to sample 4
06-06 22:05:26.542  4906  5038 D GStreamer+GST_PADS: 0:00:30.372973946 0xe900d090 gstpad.c:1849:gst_pad_set_event_function_full:<'':decodepad0> eventfunc for set to 0xd11b555d
06-06 22:05:26.542  4906  5039 D GStreamer+qtdemux: 0:00:30.372975613 0xe900d0f0 qtdemux.c:8221:qtdemux_parse_samples:<q> sample 4: index 1, timestamp 0:00:00.099333333
06-06 22:05:26.542  4906  5038 D GStreamer+GST_PADS: 0:00:30.372999936 0xe900d090 gstpad.c:1063:gst_pad_set_active:<'':decodepad0> activating pad from none
06-06 22:05:26.542  4906  5039 D GStreamer+qtdemux: 0:00:30.373005300 0xe900d0f0 qtdemux.c:8276:qtdemux_parse_samples:<q> samples at 4 is keyframe
06-06 22:05:26.542  4906  5038 D GStreamer+GST_PADS: 0:00:30.373021342 0xe900d090 gstpad.c:979:pre_activate:<'':decodepad0> setting pad into push mode, unset flushing
06-06 22:05:26.542  4906  5038 D GStreamer+GST_PADS: 0:00:30.373043998 0xe900d090 gstpad.c:979:pre_activate:<decodepad0:proxypad2> setting pad into push mode, unset flushing
06-06 22:05:26.542  4906  5039 D GStreamer+qtdemux: 0:00:30.373030509 0xe900d0f0 qtdemux.c:5512:gst_qtdemux_loop_state_movie:<q> pushing from stream 0, empty 0 offset 193716, size 51701, dts=0:00:00.099333333, pts=0:00:00.099333333, duration 0:00:00.020000000
06-06 22:05:26.542  4906  5038 D GStreamer+GST_PADS: 0:00:30.373067384 0xe900d090 gstpad.c:1207:activate_mode_internal:<'':decodepad0> already activated in push mode
06-06 22:05:26.542  4906  5039 D GStreamer+basesrc: 0:00:30.373076394 0xe900d0f0 gstbasesrc.c:2354:gst_base_src_update_length:<filesrc0> reading offset 193716, length 51701, size 16031303, segment.stop -1, maxsize 16031303
06-06 22:05:26.542  4906  5038 D GStreamer+GST_PADS: 0:00:30.373092488 0xe900d090 gstpad.c:1188:activate_mode_internal:<decodepad0:proxypad2> activated in push mode
06-06 22:05:26.542  4906  5039 D GStreamer+basesrc: 0:00:30.373108842 0xe900d0f0 gstbasesrc.c:2455:gst_base_src_get_range:<filesrc0> calling create offset 193716 length 51701, time 0
06-06 22:05:26.542  4906  5038 D GStreamer+GST_PADS: 0:00:30.373113061 0xe900d090 gstpad.c:1188:activate_mode_internal:<'':decodepad0> activated in push mode
06-06 22:05:26.542  4906  5039 D GStreamer+GST_MEMORY: 0:00:30.373152175 0xe900d0f0 gstmemory.c:138:gst_memory_init new memory 0xe9346a18, maxsize:51704 offset:0 size:51701
06-06 22:05:26.542  4906  5038 D GStreamer+GST_PADS: 0:00:30.373162019 0xe900d090 gstghostpad.c:840:gst_ghost_pad_set_target:<'':decodepad0> set target typefind:src
06-06 22:05:26.542  4906  5038 D GStreamer+GST_PADS: 0:00:30.373185769 0xe900d090 gstghostpad.c:862:gst_ghost_pad_set_target:<'':decodepad0> connecting internal pad to target <typefind:src>
06-06 22:05:26.542  4906  5039 D GStreamer+basesrc: 0:00:30.373236238 0xe900d0f0 gstbasesrc.c:2309:gst_base_src_do_sync:<filesrc0> we have no clock
06-06 22:05:26.542  4906  5039 D GStreamer+basesrc: 0:00:30.373260561 0xe900d0f0 gstbasesrc.c:2519:gst_base_src_get_range:<filesrc0> buffer ok
06-06 22:05:26.542  4906  5038 D GStreamer+GST_BUS: 0:00:30.373223061 0xe900d090 gstbus.c:309:gst_bus_post:<bus0> [msg 0xe92f7858] posting on bus structure-change message: 0xe92f7858, time 99:99:99.999999999, seq-num 73, element 'proxypad2', GstMessageStructureChange, type=(GstStructureChangeType)GST_STRUCTURE_CHANGE_TYPE_PAD_LINK, owner=(GstElement)"\(GstTypeFindElement\)\ typefind", busy=(boolean)true;
06-06 22:05:26.542  4906  5039 D GStreamer+GST_SCHEDULING: 0:00:30.373286394 0xe900d0f0 gstpad.c:4193:gst_pad_chain_data_unchecked:<queue0:sink> calling chainfunction &gst_queue_chain with buffer buffer: 0xe92fa2a8, pts 0:00:00.099333333, dts 0:00:00.099333333, dur 0:00:00.020000000, size 51701, offset none, offset_end none, flags 0x0
06-06 22:05:26.542  4906  5038 D GStreamer+decodebin: 0:00:30.373298165 0xe900d090 gstdecodebin2.c:5492:gst_decode_bin_handle_message:<forhwgl> Forwarding msg structure-change message: 0xe92f7858, time 99:99:99.999999999, seq-num 73, element 'proxypad2', GstMessageStructureChange, type=(GstStructureChangeType)GST_STRUCTURE_CHANGE_TYPE_PAD_LINK, owner=(GstElement)"\(GstTypeFindElement\)\ typefind", busy=(boolean)true;
06-06 22:05:26.542  4906  5039 D GStreamer+GST_SCHEDULING: 0:00:30.373345821 0xe900d0f0 gstpad.c:4199:gst_pad_chain_data_unchecked:<queue0:sink> called chainfunction &gst_queue_chain with buffer 0xe92fa2a8, returned ok
06-06 22:05:26.542  4906  5038 D GStreamer+bin: 0:00:30.373356603 0xe900d090 gstbin.c:3654:gst_bin_handle_message_func:<forhwgl> [msg 0xe92f7858] handling child proxypad2 message of type structure-change
06-06 22:05:26.542  4906  5039 D GStreamer+qtdemux: 0:00:30.373372123 0xe900d0f0 qtdemux.c:8014:qtdemux_parse_samples:<q> parsing up to sample 5
06-06 22:05:26.542  4906  5038 D GStreamer+bin: 0:00:30.373383269 0xe900d090 gstbin.c:911:find_message:<forhwgl> no message found matching types 00001000
06-06 22:05:26.542  4906  5038 D GStreamer+bin: 0:00:30.373403165 0xe900d090 gstbin.c:918:find_message:<forhwgl>   structure-change
06-06 22:05:26.542  4906  5039 D GStreamer+qtdemux: 0:00:30.373398269 0xe900d0f0 qtdemux.c:8221:qtdemux_parse_samples:<q> sample 5: index 0, timestamp 0:00:00.119333333
06-06 22:05:26.542  4906  5039 D GStreamer+qtdemux: 0:00:30.373441863 0xe900d0f0 qtdemux.c:8276:qtdemux_parse_samples:<q> samples at 5 is keyframe
06-06 22:05:26.542  4906  5038 D GStreamer+bin: 0:00:30.373439936 0xe900d090 gstbin.c:958:bin_replace_message:<forhwgl> got new message 0xe92f7858, structure-change from proxypad2
06-06 22:05:26.542  4906  5038 D GStreamer+GST_BUS: 0:00:30.373471134 0xe900d090 gstbus.c:344:gst_bus_post:<bus0> [msg 0xe92f7858] dropped
06-06 22:05:26.542  4906  5038 I GStreamer+GST_PADS: 0:00:30.373490248 0xe900d090 gstpad.c:2315:gst_pad_link_prepare trying to link typefind:src and decodepad0:proxypad2
06-06 22:05:26.542  4906  5039 D GStreamer+qtdemux: 0:00:30.373475821 0xe900d0f0 qtdemux.c:5512:gst_qtdemux_loop_state_movie:<q> pushing from stream 0, empty 0 offset 245417, size 51191, dts=0:00:00.119333333, pts=0:00:00.119333333, duration 0:00:00.019666667
06-06 22:05:26.542  4906  5038 I GStreamer+GST_PADS: 0:00:30.373518894 0xe900d090 gstpad.c:2521:gst_pad_link_full linked typefind:src and decodepad0:proxypad2, successful
06-06 22:05:26.542  4906  5039 D GStreamer+basesrc: 0:00:30.373519988 0xe900d0f0 gstbasesrc.c:2354:gst_base_src_update_length:<filesrc0> reading offset 245417, length 51191, size 16031303, segment.stop -1, maxsize 16031303
06-06 22:05:26.542  4906  5038 I GStreamer+GST_EVENT: 0:00:30.373551498 0xe900d090 gstevent.c:1382:gst_event_new_reconfigure creating reconfigure event
06-06 22:05:26.542  4906  5039 D GStreamer+basesrc: 0:00:30.373559155 0xe900d0f0 gstbasesrc.c:2455:gst_base_src_get_range:<filesrc0> calling create offset 245417 length 51191, time 0
06-06 22:05:26.542  4906  5038 D GStreamer+GST_EVENT: 0:00:30.373568113 0xe900d090 gstevent.c:302:gst_event_new_custom creating new event 0xe9305790 reconfigure 61441
06-06 22:05:26.543  4906  5039 D GStreamer+GST_MEMORY: 0:00:30.373597071 0xe900d0f0 gstmemory.c:138:gst_memory_init new memory 0xe9353468, maxsize:51194 offset:0 size:51191
06-06 22:05:26.543  4906  5038 D GStreamer+GST_EVENT: 0:00:30.373604103 0xe900d090 gstpad.c:5536:gst_pad_send_event_unchecked:<typefind:src> have event type reconfigure event: 0xe9305790, time 99:99:99.999999999, seq-num 74, (NULL)
06-06 22:05:26.543  4906  5038 D GStreamer+GST_PADS: 0:00:30.373648946 0xe900d090 gstpad.c:5609:gst_pad_send_event_unchecked:<typefind:src> sent event, ret error
06-06 22:05:26.543  4906  5038 D GStreamer+GST_BUS: 0:00:30.373675248 0xe900d090 gstbus.c:309:gst_bus_post:<bus0> [msg 0xe92f78b0] posting on bus structure-change message: 0xe92f78b0, time 99:99:99.999999999, seq-num 75, element 'proxypad2', GstMessageStructureChange, type=(GstStructureChangeType)GST_STRUCTURE_CHANGE_TYPE_PAD_LINK, owner=(GstElement)"\(GstTypeFindElement\)\ typefind", busy=(boolean)false;
06-06 22:05:26.543  4906  5038 D GStreamer+decodebin: 0:00:30.373732019 0xe900d090 gstdecodebin2.c:5492:gst_decode_bin_handle_message:<forhwgl> Forwarding msg structure-change message: 0xe92f78b0, time 99:99:99.999999999, seq-num 75, element 'proxypad2', GstMessageStructureChange, type=(GstStructureChangeType)GST_STRUCTURE_CHANGE_TYPE_PAD_LINK, owner=(GstElement)"\(GstTypeFindElement\)\ typefind", busy=(boolean)false;
06-06 22:05:26.543  4906  5038 D GStreamer+bin: 0:00:30.373787280 0xe900d090 gstbin.c:3654:gst_bin_handle_message_func:<forhwgl> [msg 0xe92f78b0] handling child proxypad2 message of type structure-change
06-06 22:05:26.543  4906  5038 D GStreamer+bin: 0:00:30.373813582 0xe900d090 gstbin.c:986:bin_remove_messages:<decodepad0:proxypad2> deleting message 0xe92f7858 of types 0x00001000
06-06 22:05:26.543  4906  5038 D GStreamer+bin: 0:00:30.373840300 0xe900d090 gstbin.c:992:bin_remove_messages:<forhwgl> not deleting message 0xe9012120 of type 0x00100000
06-06 22:05:26.543  4906  5038 D GStreamer+GST_BUS: 0:00:30.373866759 0xe900d090 gstbus.c:344:gst_bus_post:<bus0> [msg 0xe92f78b0] dropped
06-06 22:05:26.543  4906  5039 D GStreamer+basesrc: 0:00:30.373890978 0xe900d0f0 gstbasesrc.c:2309:gst_base_src_do_sync:<filesrc0> we have no clock
06-06 22:05:26.543  4906  5039 D GStreamer+basesrc: 0:00:30.373921134 0xe900d0f0 gstbasesrc.c:2519:gst_base_src_get_range:<filesrc0> buffer ok
06-06 22:05:26.543  4906  5038 D GStreamer+decodebin: 0:00:30.373889259 0xe900d090 gstdecodebin2.c:1490:copy_sticky_events:<'':decodepad0> store sticky event stream-start event: 0xe91914c0, time 99:99:99.999999999, seq-num 64, GstEventStreamStart, stream-id=(string)f053c058b440b43524b277045893b30df4e765b8d037f3d09e4ccd970feb850c/001, flags=(GstStreamFlags)GST_STREAM_FLAG_NONE, group-id=(uint)0;
06-06 22:05:26.543  4906  5039 D GStreamer+GST_SCHEDULING: 0:00:30.373947332 0xe900d0f0 gstpad.c:4193:gst_pad_chain_data_unchecked:<queue0:sink> calling chainfunction &gst_queue_chain with buffer buffer: 0xe92fa208, pts 0:00:00.119333333, dts 0:00:00.119333333, dur 0:00:00.019666667, size 51191, offset none, offset_end none, flags 0x0
06-06 22:05:26.543  4906  5039 D GStreamer+GST_SCHEDULING: 0:00:30.374005353 0xe900d0f0 gstpad.c:4199:gst_pad_chain_data_unchecked:<queue0:sink> called chainfunction &gst_queue_chain with buffer 0xe92fa208, returned ok
06-06 22:05:26.543  4906  5038 D GStreamer+decodebin: 0:00:30.373949623 0xe900d090 gstdecodebin2.c:1490:copy_sticky_events:<'':decodepad0> store sticky event caps event: 0xe9305748, time 99:99:99.999999999, seq-num 72, GstEventCaps, caps=(GstCaps)"video/x-h264\,\ stream-format\=\(string\)avc\,\ alignment\=\(string\)au\,\ level\=\(string\)4\,\ profile\=\(string\)baseline\,\ codec_data\=\(buffer\)01428028ffe1000a27428028e54028016b2001000528de01ae20\,\ width\=\(int\)1280\,\ height\=\(int\)1440\,\ framerate\=\(fraction\)151/3\,\ pixel-aspect-ratio\=\(fraction\)1/1";
06-06 22:05:26.543  4906  5039 D GStreamer+qtdemux: 0:00:30.374036498 0xe900d0f0 qtdemux.c:8014:qtdemux_parse_samples:<q> parsing up to sample 6
06-06 22:05:26.543  4906  5038 D GStreamer+GST_PADS: 0:00:30.374042280 0xe900d090 gstpad.c:5093:store_sticky_event:<'':decodepad0> notify caps
06-06 22:05:26.543  4906  5039 D GStreamer+qtdemux: 0:00:30.374062332 0xe900d0f0 qtdemux.c:8221:qtdemux_parse_samples:<q> sample 6: index 0, timestamp 0:00:00.139000000
06-06 22:05:26.543  4906  5038 D GStreamer+decodebin: 0:00:30.374076915 0xe900d090 gstdecodebin2.c:1385:gst_decode_bin_autoplug_continue:<forhwgl> autoplug-continue returns TRUE
06-06 22:05:26.543  4906  5039 D GStreamer+qtdemux: 0:00:30.374090665 0xe900d0f0 qtdemux.c:8276:qtdemux_parse_samples:<q> samples at 6 is keyframe
06-06 22:05:26.543  4906  5039 D GStreamer+qtdemux: 0:00:30.374117644 0xe900d0f0 qtdemux.c:5512:gst_qtdemux_loop_state_movie:<q> pushing from stream 0, empty 0 offset 296608, size 42510, dts=0:00:00.139000000, pts=0:00:00.139000000, duration 0:00:00.020000000
06-06 22:05:26.543  4906  5038 D GStreamer+GST_CAPS: 0:00:30.374107800 0xe900d090 gstpad.c:2672:gst_pad_get_current_caps:<typefind:src> get current pad caps video/x-h264, stream-format=(string)avc, alignment=(string)au, level=(string)4, profile=(string)baseline, codec_data=(buffer)01428028ffe1000a27428028e54028016b2001000528de01ae20, width=(int)1280, height=(int)1440, framerate=(fraction)151/3, pixel-aspect-ratio=(fraction)1/1
06-06 22:05:26.543  4906  5038 D GStreamer+decodebin: 0:00:30.374173998 0xe900d090 gstdecodebin2.c:1399:gst_decode_bin_autoplug_factories:<forhwgl> finding factories
06-06 22:05:26.543  4906  5039 D GStreamer+basesrc: 0:00:30.374163634 0xe900d0f0 gstbasesrc.c:2354:gst_base_src_update_length:<filesrc0> reading offset 296608, length 42510, size 16031303, segment.stop -1, maxsize 16031303
06-06 22:05:26.543  4906  5039 D GStreamer+basesrc: 0:00:30.374197123 0xe900d0f0 gstbasesrc.c:2455:gst_base_src_get_range:<filesrc0> calling create offset 296608 length 42510, time 0
06-06 22:05:26.543  4906  5039 D GStreamer+GST_MEMORY: 0:00:30.374232175 0xe900d0f0 gstmemory.c:138:gst_memory_init new memory 0xe935fcb8, maxsize:42513 offset:0 size:42510
06-06 22:05:26.543  4906  5039 D GStreamer+basesrc: 0:00:30.374304207 0xe900d0f0 gstbasesrc.c:2309:gst_base_src_do_sync:<filesrc0> we have no clock
06-06 22:05:26.543  4906  5039 D GStreamer+basesrc: 0:00:30.374328373 0xe900d0f0 gstbasesrc.c:2519:gst_base_src_get_range:<filesrc0> buffer ok
06-06 22:05:26.543  4906  5039 D GStreamer+GST_SCHEDULING: 0:00:30.374349103 0xe900d0f0 gstpad.c:4193:gst_pad_chain_data_unchecked:<queue0:sink> calling chainfunction &gst_queue_chain with buffer buffer: 0xe92fa0c8, pts 0:00:00.139000000, dts 0:00:00.139000000, dur 0:00:00.020000000, size 42510, offset none, offset_end none, flags 0x0
06-06 22:05:26.543  4906  5039 D GStreamer+GST_SCHEDULING: 0:00:30.374399363 0xe900d0f0 gstpad.c:4199:gst_pad_chain_data_unchecked:<queue0:sink> called chainfunction &gst_queue_chain with buffer 0xe92fa0c8, returned ok
06-06 22:05:26.543  4906  5039 D GStreamer+qtdemux: 0:00:30.374439884 0xe900d0f0 qtdemux.c:8014:qtdemux_parse_samples:<q> parsing up to sample 7
06-06 22:05:26.543  4906  5039 D GStreamer+qtdemux: 0:00:30.374463217 0xe900d0f0 qtdemux.c:8221:qtdemux_parse_samples:<q> sample 7: index 1, timestamp 0:00:00.159000000
06-06 22:05:26.543  4906  5039 D GStreamer+qtdemux: 0:00:30.374494519 0xe900d0f0 qtdemux.c:8276:qtdemux_parse_samples:<q> samples at 7 is keyframe
06-06 22:05:26.543  4906  5039 D GStreamer+qtdemux: 0:00:30.374518373 0xe900d0f0 qtdemux.c:5512:gst_qtdemux_loop_state_movie:<q> pushing from stream 0, empty 0 offset 339118, size 49125, dts=0:00:00.159000000, pts=0:00:00.159000000, duration 0:00:00.020000000
06-06 22:05:26.543  4906  5039 D GStreamer+basesrc: 0:00:30.374561134 0xe900d0f0 gstbasesrc.c:2354:gst_base_src_update_length:<filesrc0> reading offset 339118, length 49125, size 16031303, segment.stop -1, maxsize 16031303
06-06 22:05:26.544  4906  5039 D GStreamer+basesrc: 0:00:30.374590040 0xe900d0f0 gstbasesrc.c:2455:gst_base_src_get_range:<filesrc0> calling create offset 339118 length 49125, time 0
06-06 22:05:26.544  4906  5039 D GStreamer+GST_MEMORY: 0:00:30.374625092 0xe900d0f0 gstmemory.c:138:gst_memory_init new memory 0xe936a320, maxsize:49128 offset:0 size:49125
06-06 22:05:26.544  4906  5039 D GStreamer+basesrc: 0:00:30.374706446 0xe900d0f0 gstbasesrc.c:2309:gst_base_src_do_sync:<filesrc0> we have no clock
06-06 22:05:26.544  4906  5039 D GStreamer+basesrc: 0:00:30.374729675 0xe900d0f0 gstbasesrc.c:2519:gst_base_src_get_range:<filesrc0> buffer ok
06-06 22:05:26.544  4906  5039 D GStreamer+GST_SCHEDULING: 0:00:30.374751967 0xe900d0f0 gstpad.c:4193:gst_pad_chain_data_unchecked:<queue0:sink> calling chainfunction &gst_queue_chain with buffer buffer: 0xe92fa028, pts 0:00:00.159000000, dts 0:00:00.159000000, dur 0:00:00.020000000, size 49125, offset none, offset_end none, flags 0x0
06-06 22:05:26.544  4906  5039 D GStreamer+GST_SCHEDULING: 0:00:30.374802123 0xe900d0f0 gstpad.c:4199:gst_pad_chain_data_unchecked:<queue0:sink> called chainfunction &gst_queue_chain with buffer 0xe92fa028, returned ok
06-06 22:05:26.544  4906  5039 D GStreamer+qtdemux: 0:00:30.374827071 0xe900d0f0 qtdemux.c:8014:qtdemux_parse_samples:<q> parsing up to sample 8
06-06 22:05:26.544  4906  5039 D GStreamer+qtdemux: 0:00:30.374849675 0xe900d0f0 qtdemux.c:8221:qtdemux_parse_samples:<q> sample 8: index 0, timestamp 0:00:00.179000000
06-06 22:05:26.544  4906  5039 D GStreamer+qtdemux: 0:00:30.374875769 0xe900d0f0 qtdemux.c:8276:qtdemux_parse_samples:<q> samples at 8 is keyframe
06-06 22:05:26.544  4906  5039 D GStreamer+qtdemux: 0:00:30.374898738 0xe900d0f0 qtdemux.c:5512:gst_qtdemux_loop_state_movie:<q> pushing from stream 0, empty 0 offset 388243, size 43543, dts=0:00:00.179000000, pts=0:00:00.179000000, duration 0:00:00.019666666
06-06 22:05:26.544  4906  5039 D GStreamer+basesrc: 0:00:30.374940769 0xe900d0f0 gstbasesrc.c:2354:gst_base_src_update_length:<filesrc0> reading offset 388243, length 43543, size 16031303, segment.stop -1, maxsize 16031303
06-06 22:05:26.544  4906  5039 D GStreamer+basesrc: 0:00:30.374969207 0xe900d0f0 gstbasesrc.c:2455:gst_base_src_get_range:<filesrc0> calling create offset 388243 length 43543, time 0
06-06 22:05:26.544  4906  5039 D GStreamer+GST_MEMORY: 0:00:30.375001603 0xe900d0f0 gstmemory.c:138:gst_memory_init new memory 0xe9376360, maxsize:43546 offset:0 size:43543
06-06 22:05:26.544  4906  5038 D GStreamer+GST_ELEMENT_FACTORY: 0:00:30.375141759 0xe900d090 gstelementfactory.c:840:gst_element_factory_list_filter finding factories
06-06 22:05:26.544  4906  5038 D GStreamer+GST_ELEMENT_FACTORY: 0:00:30.375170144 0xe900d090 gstelementfactory.c:851:gst_element_factory_list_filter Trying mpegaudioparse
06-06 22:05:26.544  4906  5038 D GStreamer+structure: 0:00:30.375202748 0xe900d090 gststructure.c:2318:gst_structure_parse_field trying field name 'mpegversion'
06-06 22:05:26.544  4906  5038 D GStreamer+structure: 0:00:30.375224884 0xe900d090 gststructure.c:2369:gst_structure_parse_value trying type name 'int'
06-06 22:05:26.544  4906  5038 D GStreamer+GST_ELEMENT_FACTORY: 0:00:30.375248842 0xe900d090 gstelementfactory.c:851:gst_element_factory_list_filter Trying aacparse
06-06 22:05:26.544  4906  5039 D GStreamer+basesrc: 0:00:30.375264519 0xe900d0f0 gstbasesrc.c:2309:gst_base_src_do_sync:<filesrc0> we have no clock
06-06 22:05:26.544  4906  5038 D GStreamer+structure: 0:00:30.375273009 0xe900d090 gststructure.c:2318:gst_structure_parse_field trying field name 'mpegversion'
06-06 22:05:26.544  4906  5038 D GStreamer+structure: 0:00:30.375291030 0xe900d090 gststructure.c:2369:gst_structure_parse_value trying type name 'int'
06-06 22:05:26.544  4906  5039 D GStreamer+basesrc: 0:00:30.375290144 0xe900d0f0 gstbasesrc.c:2519:gst_base_src_get_range:<filesrc0> buffer ok
06-06 22:05:26.544  4906  5038 D GStreamer+GST_ELEMENT_FACTORY: 0:00:30.375318425 0xe900d090 gstelementfactory.c:851:gst_element_factory_list_filter Trying ac3parse
06-06 22:05:26.544  4906  5038 D GStreamer+GST_ELEMENT_FACTORY: 0:00:30.375351655 0xe900d090 gstelementfactory.c:851:gst_element_factory_list_filter Trying amrparse
06-06 22:05:26.544  4906  5039 D GStreamer+GST_SCHEDULING: 0:00:30.375317123 0xe900d0f0 gstpad.c:4193:gst_pad_chain_data_unchecked:<queue0:sink> calling chainfunction &gst_queue_chain with buffer buffer: 0xe92fa668, pts 0:00:00.179000000, dts 0:00:00.179000000, dur 0:00:00.019666666, size 43543, offset none, offset_end none, flags 0x0
06-06 22:05:26.544  4906  5038 D GStreamer+GST_ELEMENT_FACTORY: 0:00:30.375382905 0xe900d090 gstelementfactory.c:851:gst_element_factory_list_filter Trying dcaparse
06-06 22:05:26.544  4906  5039 D GStreamer+GST_SCHEDULING: 0:00:30.375382175 0xe900d0f0 gstpad.c:4199:gst_pad_chain_data_unchecked:<queue0:sink> called chainfunction &gst_queue_chain with buffer 0xe92fa668, returned ok
06-06 22:05:26.544  4906  5038 D GStreamer+GST_ELEMENT_FACTORY: 0:00:30.375414623 0xe900d090 gstelementfactory.c:851:gst_element_factory_list_filter Trying flacparse
06-06 22:05:26.544  4906  5039 D GStreamer+qtdemux: 0:00:30.375412905 0xe900d0f0 qtdemux.c:8014:qtdemux_parse_samples:<q> parsing up to sample 9
06-06 22:05:26.544  4906  5038 D GStreamer+GST_ELEMENT_FACTORY: 0:00:30.375448009 0xe900d090 gstelementfactory.c:851:gst_element_factory_list_filter Trying h263parse
06-06 22:05:26.544  4906  5039 D GStreamer+qtdemux: 0:00:30.375457175 0xe900d0f0 qtdemux.c:8221:qtdemux_parse_samples:<q> sample 9: index 0, timestamp 0:00:00.198666666
06-06 22:05:26.544  4906  5038 D GStreamer+structure: 0:00:30.375471811 0xe900d090 gststructure.c:2318:gst_structure_parse_field trying field name 'variant'
06-06 22:05:26.544  4906  5039 D GStreamer+qtdemux: 0:00:30.375482540 0xe900d0f0 qtdemux.c:8276:qtdemux_parse_samples:<q> samples at 9 is keyframe
06-06 22:05:26.544  4906  5038 D GStreamer+structure: 0:00:30.375490925 0xe900d090 gststructure.c:2369:gst_structure_parse_value trying type name 'string'
06-06 22:05:26.544  4906  5038 D GStreamer+GST_ELEMENT_FACTORY: 0:00:30.375510717 0xe900d090 gstelementfactory.c:851:gst_element_factory_list_filter Trying h264parse
06-06 22:05:26.544  4906  5039 D GStreamer+qtdemux: 0:00:30.375508842 0xe900d0f0 qtdemux.c:5512:gst_qtdemux_loop_state_movie:<q> pushing from stream 0, empty 0 offset 431786, size 45121, dts=0:00:00.198666666, pts=0:00:00.198666666, duration 0:00:00.020000000
06-06 22:05:26.544  4906  5038 D GStreamer+GST_ELEMENT_FACTORY: 0:00:30.375533790 0xe900d090 gstelementfactory.c:851:gst_element_factory_list_filter Trying mpeg4videoparse
06-06 22:05:26.544  4906  5038 D GStreamer+structure: 0:00:30.375555613 0xe900d090 gststructure.c:2318:gst_structure_parse_field trying field name 'mpegversion'
06-06 22:05:26.544  4906  5039 D GStreamer+basesrc: 0:00:30.375554155 0xe900d0f0 gstbasesrc.c:2354:gst_base_src_update_length:<filesrc0> reading offset 431786, length 45121, size 16031303, segment.stop -1, maxsize 16031303
06-06 22:05:26.545  4906  5038 D GStreamer+structure: 0:00:30.375580978 0xe900d090 gststructure.c:2369:gst_structure_parse_value trying type name 'int'
06-06 22:05:26.545  4906  5039 D GStreamer+basesrc: 0:00:30.375588530 0xe900d0f0 gstbasesrc.c:2455:gst_base_src_get_range:<filesrc0> calling create offset 431786 length 45121, time 0
06-06 22:05:26.545  4906  5038 D GStreamer+structure: 0:00:30.375601186 0xe900d090 gststructure.c:2318:gst_structure_parse_field trying field name 'systemstream'
06-06 22:05:26.545  4906  5038 D GStreamer+structure: 0:00:30.375631655 0xe900d090 gststructure.c:2369:gst_structure_parse_value trying type name 'boolean'
06-06 22:05:26.545  4906  5039 D GStreamer+GST_MEMORY: 0:00:30.375625509 0xe900d0f0 gstmemory.c:138:gst_memory_init new memory 0xe9380dd0, maxsize:45124 offset:0 size:45121
06-06 22:05:26.545  4906  5038 D GStreamer+structure: 0:00:30.375657332 0xe900d090 gststructure.c:2318:gst_structure_parse_field trying field name 'divxversion'
06-06 22:05:26.545  4906  5038 D GStreamer+structure: 0:00:30.375675509 0xe900d090 gststructure.c:2369:gst_structure_parse_value trying type name 'int'
06-06 22:05:26.545  4906  5038 D GStreamer+GST_ELEMENT_FACTORY: 0:00:30.375697123 0xe900d090 gstelementfactory.c:851:gst_element_factory_list_filter Trying mpegvideoparse
06-06 22:05:26.545  4906  5039 D GStreamer+basesrc: 0:00:30.375700717 0xe900d0f0 gstbasesrc.c:2309:gst_base_src_do_sync:<filesrc0> we have no clock
06-06 22:05:26.545  4906  5039 D GStreamer+basesrc: 0:00:30.375722384 0xe900d0f0 gstbasesrc.c:2519:gst_base_src_get_range:<filesrc0> buffer ok
06-06 22:05:26.545  4906  5038 D GStreamer+structure: 0:00:30.375718842 0xe900d090 gststructure.c:2318:gst_structure_parse_field trying field name 'mpegversion'
06-06 22:05:26.545  4906  5038 D GStreamer+structure: 0:00:30.375743373 0xe900d090 gststructure.c:2369:gst_structure_parse_value trying type name 'int'
06-06 22:05:26.545  4906  5038 D GStreamer+structure: 0:00:30.375767853 0xe900d090 gststructure.c:2318:gst_structure_parse_field trying field name 'systemstream'
06-06 22:05:26.545  4906  5039 D GStreamer+GST_SCHEDULING: 0:00:30.375746915 0xe900d0f0 gstpad.c:4193:gst_pad_chain_data_unchecked:<queue0:sink> calling chainfunction &gst_queue_chain with buffer buffer: 0xe92fa708, pts 0:00:00.198666666, dts 0:00:00.198666666, dur 0:00:00.020000000, size 45121, offset none, offset_end none, flags 0x0
06-06 22:05:26.545  4906  5038 D GStreamer+structure: 0:00:30.375785457 0xe900d090 gststructure.c:2369:gst_structure_parse_value trying type name 'boolean'
06-06 22:05:26.545  4906  5038 D GStreamer+GST_ELEMENT_FACTORY: 0:00:30.375805144 0xe900d090 gstelementfactory.c:851:gst_element_factory_list_filter Trying sbcparse
06-06 22:05:26.545  4906  5039 D GStreamer+GST_SCHEDULING: 0:00:30.375797957 0xe900d0f0 gstpad.c:4199:gst_pad_chain_data_unchecked:<queue0:sink> called chainfunction &gst_queue_chain with buffer 0xe92fa708, returned ok
06-06 22:05:26.545  4906  5039 D GStreamer+qtdemux: 0:00:30.375832748 0xe900d0f0 qtdemux.c:8014:qtdemux_parse_samples:<q> parsing up to sample 10
06-06 22:05:26.545  4906  5038 D GStreamer+GST_ELEMENT_FACTORY: 0:00:30.375835561 0xe900d090 gstelementfactory.c:851:gst_element_factory_list_filter Trying wavpackparse
06-06 22:05:26.545  4906  5038 D GStreamer+GST_ELEMENT_FACTORY: 0:00:30.375861030 0xe900d090 gstelementfactory.c:851:gst_element_factory_list_filter Trying avisubtitle
06-06 22:05:26.545  4906  5039 D GStreamer+qtdemux: 0:00:30.375860978 0xe900d0f0 qtdemux.c:8221:qtdemux_parse_samples:<q> sample 10: index 1, timestamp 0:00:00.218666666
06-06 22:05:26.545  4906  5038 D GStreamer+GST_ELEMENT_FACTORY: 0:00:30.375887488 0xe900d090 gstelementfactory.c:851:gst_element_factory_list_filter Trying oggaviparse
06-06 22:05:26.545  4906  5039 D GStreamer+qtdemux: 0:00:30.375894415 0xe900d0f0 qtdemux.c:8276:qtdemux_parse_samples:<q> samples at 10 is keyframe
06-06 22:05:26.545  4906  5038 D GStreamer+GST_ELEMENT_FACTORY: 0:00:30.375910405 0xe900d090 gstelementfactory.c:851:gst_element_factory_list_filter Trying pngparse
06-06 22:05:26.545  4906  5038 D GStreamer+GST_ELEMENT_FACTORY: 0:00:30.375934519 0xe900d090 gstelementfactory.c:851:gst_element_factory_list_filter Trying ssaparse
06-06 22:05:26.545  4906  5039 D GStreamer+qtdemux: 0:00:30.375917957 0xe900d0f0 qtdemux.c:5512:gst_qtdemux_loop_state_movie:<q> pushing from stream 0, empty 0 offset 476907, size 43120, dts=0:00:00.218666666, pts=0:00:00.218666666, duration 0:00:00.020000000
06-06 22:05:26.545  4906  5038 D GStreamer+GST_ELEMENT_FACTORY: 0:00:30.375961603 0xe900d090 gstelementfactory.c:851:gst_element_factory_list_filter Trying subparse
06-06 22:05:26.545  4906  5039 D GStreamer+basesrc: 0:00:30.375961238 0xe900d0f0 gstbasesrc.c:2354:gst_base_src_update_length:<filesrc0> reading offset 476907, length 43120, size 16031303, segment.stop -1, maxsize 16031303
06-06 22:05:26.545  4906  5039 D GStreamer+basesrc: 0:00:30.375994259 0xe900d0f0 gstbasesrc.c:2455:gst_base_src_get_range:<filesrc0> calling create offset 476907 length 43120, time 0
06-06 22:05:26.545  4906  5038 D GStreamer+GST_ELEMENT_FACTORY: 0:00:30.376011655 0xe900d090 gstelementfactory.c:851:gst_element_factory_list_filter Trying h265parse
06-06 22:05:26.545  4906  5039 D GStreamer+GST_MEMORY: 0:00:30.376035613 0xe900d0f0 gstmemory.c:138:gst_memory_init new memory 0xe938be68, maxsize:43123 offset:0 size:43120
06-06 22:05:26.545  4906  5038 D GStreamer+GST_ELEMENT_FACTORY: 0:00:30.376046186 0xe900d090 gstelementfactory.c:851:gst_element_factory_list_filter Trying adpcmdec
06-06 22:05:26.545  4906  5038 D GStreamer+structure: 0:00:30.376069988 0xe900d090 gststructure.c:2318:gst_structure_parse_field trying field name 'layout'
06-06 22:05:26.545  4906  5038 D GStreamer+structure: 0:00:30.376088686 0xe900d090 gststructure.c:2369:gst_structure_parse_value trying type name 'string'
06-06 22:05:26.545  4906  5038 D GStreamer+structure: 0:00:30.376112019 0xe900d090 gststructure.c:2318:gst_structure_parse_field trying field name 'block_align'
06-06 22:05:26.545  4906  5039 D GStreamer+basesrc: 0:00:30.376108686 0xe900d0f0 gstbasesrc.c:2309:gst_base_src_do_sync:<filesrc0> we have no clock
06-06 22:05:26.545  4906  5039 D GStreamer+basesrc: 0:00:30.376135821 0xe900d0f0 gstbasesrc.c:2519:gst_base_src_get_range:<filesrc0> buffer ok
06-06 22:05:26.545  4906  5038 D GStreamer+structure: 0:00:30.376133998 0xe900d090 gststructure.c:2369:gst_structure_parse_value trying type name 'int'
06-06 22:05:26.545  4906  5038 D GStreamer+structure: 0:00:30.376163321 0xe900d090 gststructure.c:2318:gst_structure_parse_field trying field name 'rate'
06-06 22:05:26.545  4906  5038 D GStreamer+structure: 0:00:30.376185144 0xe900d090 gststructure.c:2369:gst_structure_parse_value trying type name 'int'
06-06 22:05:26.545  4906  5039 D GStreamer+GST_SCHEDULING: 0:00:30.376161498 0xe900d0f0 gstpad.c:4193:gst_pad_chain_data_unchecked:<queue0:sink> calling chainfunction &gst_queue_chain with buffer buffer: 0xe91f9840, pts 0:00:00.218666666, dts 0:00:00.218666666, dur 0:00:00.020000000, size 43120, offset none, offset_end none, flags 0x0
06-06 22:05:26.545  4906  5038 D GStreamer+structure: 0:00:30.376207905 0xe900d090 gststructure.c:2318:gst_structure_parse_field trying field name 'channels'
06-06 22:05:26.545  4906  5039 D GStreamer+GST_SCHEDULING: 0:00:30.376216967 0xe900d0f0 gstpad.c:4199:gst_pad_chain_data_unchecked:<queue0:sink> called chainfunction &gst_queue_chain with buffer 0xe91f9840, returned ok
06-06 22:05:26.545  4906  5038 D GStreamer+structure: 0:00:30.376225561 0xe900d090 gststructure.c:2369:gst_structure_parse_value trying type name 'int'
06-06 22:05:26.545  4906  5039 D GStreamer+qtdemux: 0:00:30.376243217 0xe900d0f0 qtdemux.c:8014:qtdemux_parse_samples:<q> parsing up to sample 11
06-06 22:05:26.545  4906  5038 D GStreamer+GST_ELEMENT_FACTORY: 0:00:30.376250300 0xe900d090 gstelementfactory.c:851:gst_element_factory_list_filter Trying alawdec
06-06 22:05:26.545  4906  5038 D GStreamer+structure: 0:00:30.376271759 0xe900d090 gststructure.c:2318:gst_structure_parse_field trying field name 'rate'
06-06 22:05:26.545  4906  5039 D GStreamer+qtdemux: 0:00:30.376268998 0xe900d0f0 qtdemux.c:8221:qtdemux_parse_samples:<q> sample 11: index 0, timestamp 0:00:00.238666666
06-06 22:05:26.545  4906  5038 D GStreamer+structure: 0:00:30.376296967 0xe900d090 gststructure.c:2369:gst_structure_parse_value trying type name 'int'
06-06 22:05:26.545  4906  5039 D GStreamer+qtdemux: 0:00:30.376301082 0xe900d0f0 qtdemux.c:8276:qtdemux_parse_samples:<q> samples at 11 is keyframe
06-06 22:05:26.545  4906  5038 D GStreamer+structure: 0:00:30.376323790 0xe900d090 gststructure.c:2318:gst_structure_parse_field trying field name 'channels'
06-06 22:05:26.545  4906  5038 D GStreamer+structure: 0:00:30.376340561 0xe900d090 gststructure.c:2369:gst_structure_parse_value trying type name 'int'
06-06 22:05:26.545  4906  5039 D GStreamer+qtdemux: 0:00:30.376329936 0xe900d0f0 qtdemux.c:5512:gst_qtdemux_loop_state_movie:<q> pushing from stream 0, empty 0 offset 520027, size 42660, dts=0:00:00.238666666, pts=0:00:00.238666666, duration 0:00:00.019666667
06-06 22:05:26.545  4906  5038 D GStreamer+GST_ELEMENT_FACTORY: 0:00:30.376361030 0xe900d090 gstelementfactory.c:851:gst_element_factory_list_filter Trying amcauddec-omxgoogleaacdecoder
06-06 22:05:26.545  4906  5038 D GStreamer+structure: 0:00:30.376383686 0xe900d090 gststructure.c:2318:gst_structure_parse_field trying field name 'mpegversion'
06-06 22:05:26.545  4906  5039 D GStreamer+basesrc: 0:00:30.376371915 0xe900d0f0 gstbasesrc.c:2354:gst_base_src_update_length:<filesrc0> reading offset 520027, length 42660, size 16031303, segment.stop -1, maxsize 16031303
06-06 22:05:26.545  4906  5038 D GStreamer+structure: 0:00:30.376402123 0xe900d090 gststructure.c:2369:gst_structure_parse_value trying type name 'int'
06-06 22:05:26.545  4906  5039 D GStreamer+basesrc: 0:00:30.376403530 0xe900d0f0 gstbasesrc.c:2455:gst_base_src_get_range:<filesrc0> calling create offset 520027 length 42660, time 0
06-06 22:05:26.545  4906  5038 D GStreamer+structure: 0:00:30.376449675 0xe900d090 gststructure.c:2318:gst_structure_parse_field trying field name 'rate'
06-06 22:05:26.545  4906  5038 D GStreamer+structure: 0:00:30.376468373 0xe900d090 gststructure.c:2369:gst_structure_parse_value trying type name 'int'
06-06 22:05:26.545  4906  5038 D GStreamer+structure: 0:00:30.376490040 0xe900d090 gststructure.c:2318:gst_structure_parse_field trying field name 'channels'
06-06 22:05:26.545  4906  5038 D GStreamer+structure: 0:00:30.376506759 0xe900d090 gststructure.c:2369:gst_structure_parse_value trying type name 'int'
06-06 22:05:26.545  4906  5038 D GStreamer+structure: 0:00:30.376527280 0xe900d090 gststructure.c:2318:gst_structure_parse_field trying field name 'framed'
06-06 22:05:26.545  4906  5039 D GStreamer+GST_MEMORY: 0:00:30.376543009 0xe900d0f0 gstmemory.c:138:gst_memory_init new memory 0xe9396730, maxsize:42663 offset:0 size:42660
06-06 22:05:26.545  4906  5038 D GStreamer+structure: 0:00:30.376571030 0xe900d090 gststructure.c:2369:gst_structure_parse_value trying type name 'boolean'
06-06 22:05:26.546  4906  5038 D GStreamer+structure: 0:00:30.376590561 0xe900d090 gststructure.c:2318:gst_structure_parse_field trying field name 'stream-format'
06-06 22:05:26.546  4906  5038 D GStreamer+structure: 0:00:30.376609519 0xe900d090 gststructure.c:2369:gst_structure_parse_value trying type name 'string'
06-06 22:05:26.546  4906  5038 D GStreamer+GST_ELEMENT_FACTORY: 0:00:30.376631759 0xe900d090 gstelementfactory.c:851:gst_element_factory_list_filter Trying amcauddec-omxgoogleamrnbdecoder
06-06 22:05:26.546  4906  5038 D GStreamer+structure: 0:00:30.376656030 0xe900d090 gststructure.c:2318:gst_structure_parse_field trying field name 'rate'
06-06 22:05:26.546  4906  5038 D GStreamer+structure: 0:00:30.376674050 0xe900d090 gststructure.c:2369:gst_structure_parse_value trying type name 'int'
06-06 22:05:26.546  4906  5038 D GStreamer+structure: 0:00:30.376696655 0xe900d090 gststructure.c:2318:gst_structure_parse_field trying field name 'channels'
06-06 22:05:26.546  4906  5038 D GStreamer+structure: 0:00:30.376717436 0xe900d090 gststructure.c:2369:gst_structure_parse_value trying type name 'int'
06-06 22:05:26.546  4906  5038 D GStreamer+GST_ELEMENT_FACTORY: 0:00:30.376741238 0xe900d090 gstelementfactory.c:851:gst_element_factory_list_filter Trying amcauddec-omxgoogleamrwbdecoder
06-06 22:05:26.546  4906  5038 D GStreamer+structure: 0:00:30.376765248 0xe900d090 gststructure.c:2318:gst_structure_parse_field trying field name 'rate'
06-06 22:05:26.546  4906  5038 D GStreamer+structure: 0:00:30.376782540 0xe900d090 gststructure.c:2369:gst_structure_parse_value trying type name 'int'
06-06 22:05:26.546  4906  5038 D GStreamer+structure: 0:00:30.376802957 0xe900d090 gststructure.c:2318:gst_structure_parse_field trying field name 'channels'
06-06 22:05:26.546  4906  5038 D GStreamer+structure: 0:00:30.376822592 0xe900d090 gststructure.c:2369:gst_structure_parse_value trying type name 'int'
06-06 22:05:26.546  4906  5039 D GStreamer+basesrc: 0:00:30.376832853 0xe900d0f0 gstbasesrc.c:2309:gst_base_src_do_sync:<filesrc0> we have no clock
06-06 22:05:26.546  4906  5038 D GStreamer+GST_ELEMENT_FACTORY: 0:00:30.376849415 0xe900d090 gstelementfactory.c:851:gst_element_factory_list_filter Trying amcauddec-omxgooglemp3decoder
06-06 22:05:26.546  4906  5039 D GStreamer+basesrc: 0:00:30.376862228 0xe900d0f0 gstbasesrc.c:2519:gst_base_src_get_range:<filesrc0> buffer ok
06-06 22:05:26.546  4906  5038 D GStreamer+structure: 0:00:30.376873009 0xe900d090 gststructure.c:2318:gst_structure_parse_field trying field name 'mpegversion'
06-06 22:05:26.546  4906  5038 D GStreamer+structure: 0:00:30.376890144 0xe900d090 gststructure.c:2369:gst_structure_parse_value trying type name 'int'
06-06 22:05:26.546  4906  5038 D GStreamer+structure: 0:00:30.376913530 0xe900d090 gststructure.c:2318:gst_structure_parse_field trying field name 'layer'
06-06 22:05:26.546  4906  5039 D GStreamer+GST_SCHEDULING: 0:00:30.376888634 0xe900d0f0 gstpad.c:4193:gst_pad_chain_data_unchecked:<queue0:sink> calling chainfunction &gst_queue_chain with buffer buffer: 0xe91f98e0, pts 0:00:00.238666666, dts 0:00:00.238666666, dur 0:00:00.019666667, size 42660, offset none, offset_end none, flags 0x0
06-06 22:05:26.546  4906  5038 D GStreamer+structure: 0:00:30.376932644 0xe900d090 gststructure.c:2369:gst_structure_parse_value trying type name 'int'
