06-06 22:05:26.565  4906  5038 D GStreamer+structure: 0:00:30.395974675 0xe900d090 gststructure.c:2369:gst_structure_parse_value trying type name 'string'
06-06 22:05:26.565  4906  5038 D GStreamer+GST_ELEMENT_FACTORY: 0:00:30.395998321 0xe900d090 gstelementfactory.c:851:gst_element_factory_list_filter Trying rtptheoradepay
06-06 22:05:26.565  4906  5038 D GStreamer+structure: 0:00:30.396032228 0xe900d090 gststructure.c:2318:gst_structure_parse_field trying field name 'media'
06-06 22:05:26.565  4906  5038 D GStreamer+structure: 0:00:30.396054988 0xe900d090 gststructure.c:2369:gst_structure_parse_value trying type name 'string'
06-06 22:05:26.565  4906  5038 D GStreamer+structure: 0:00:30.396078478 0xe900d090 gststructure.c:2318:gst_structure_parse_field trying field name 'clock-rate'
06-06 22:05:26.565  4906  5038 D GStreamer+structure: 0:00:30.396096446 0xe900d090 gststructure.c:2369:gst_structure_parse_value trying type name 'int'
06-06 22:05:26.565  4906  5038 D GStreamer+structure: 0:00:30.396116186 0xe900d090 gststructure.c:2318:gst_structure_parse_field trying field name 'encoding-name'
06-06 22:05:26.565  4906  5038 D GStreamer+structure: 0:00:30.396134623 0xe900d090 gststructure.c:2369:gst_structure_parse_value trying type name 'string'
06-06 22:05:26.565  4906  5038 D GStreamer+GST_ELEMENT_FACTORY: 0:00:30.396156030 0xe900d090 gstelementfactory.c:851:gst_element_factory_list_filter Trying rtpvorbisdepay
06-06 22:05:26.565  4906  5038 D GStreamer+structure: 0:00:30.396179467 0xe900d090 gststructure.c:2318:gst_structure_parse_field trying field name 'media'
06-06 22:05:26.565  4906  5038 D GStreamer+structure: 0:00:30.396198321 0xe900d090 gststructure.c:2369:gst_structure_parse_value trying type name 'string'
06-06 22:05:26.565  4906  5039 D GStreamer+basesrc: 0:00:30.396205717 0xe900d0f0 gstbasesrc.c:2309:gst_base_src_do_sync:<filesrc0> we have no clock
06-06 22:05:26.565  4906  5038 D GStreamer+structure: 0:00:30.396217540 0xe900d090 gststructure.c:2318:gst_structure_parse_field trying field name 'clock-rate'
06-06 22:05:26.565  4906  5039 D GStreamer+basesrc: 0:00:30.396231238 0xe900d0f0 gstbasesrc.c:2519:gst_base_src_get_range:<filesrc0> buffer ok
06-06 22:05:26.565  4906  5038 D GStreamer+structure: 0:00:30.396233946 0xe900d090 gststructure.c:2369:gst_structure_parse_value trying type name 'int'
06-06 22:05:26.565  4906  5038 D GStreamer+structure: 0:00:30.396258165 0xe900d090 gststructure.c:2318:gst_structure_parse_field trying field name 'encoding-name'
06-06 22:05:26.565  4906  5038 D GStreamer+structure: 0:00:30.396277905 0xe900d090 gststructure.c:2369:gst_structure_parse_value trying type name 'string'
06-06 22:05:26.565  4906  5039 D GStreamer+GST_SCHEDULING: 0:00:30.396256603 0xe900d0f0 gstpad.c:4193:gst_pad_chain_data_unchecked:<queue0:sink> calling chainfunction &gst_queue_chain with buffer buffer: 0xe91fd218, pts 0:00:00.994333333, dts 0:00:00.994333333, dur 0:00:00.020000000, size 40532, offset none, offset_end none, flags 0x0
06-06 22:05:26.565  4906  5038 D GStreamer+GST_ELEMENT_FACTORY: 0:00:30.396300144 0xe900d090 gstelementfactory.c:851:gst_element_factory_list_filter Trying rtpvrawdepay
06-06 22:05:26.565  4906  5039 D GStreamer+GST_SCHEDULING: 0:00:30.396312488 0xe900d0f0 gstpad.c:4199:gst_pad_chain_data_unchecked:<queue0:sink> called chainfunction &gst_queue_chain with buffer 0xe91fd218, returned ok
06-06 22:05:26.565  4906  5038 D GStreamer+structure: 0:00:30.396321759 0xe900d090 gststructure.c:2318:gst_structure_parse_field trying field name 'media'
06-06 22:05:26.565  4906  5038 D GStreamer+structure: 0:00:30.396340248 0xe900d090 gststructure.c:2369:gst_structure_parse_value trying type name 'string'
06-06 22:05:26.565  4906  5039 D GStreamer+qtdemux: 0:00:30.396338165 0xe900d0f0 qtdemux.c:8014:qtdemux_parse_samples:<q> parsing up to sample 50
06-06 22:05:26.565  4906  5038 D GStreamer+structure: 0:00:30.396363582 0xe900d090 gststructure.c:2318:gst_structure_parse_field trying field name 'clock-rate'
06-06 22:05:26.565  4906  5039 D GStreamer+qtdemux: 0:00:30.396366342 0xe900d0f0 qtdemux.c:8221:qtdemux_parse_samples:<q> sample 50: index 0, timestamp 0:00:01.014333333
06-06 22:05:26.565  4906  5038 D GStreamer+structure: 0:00:30.396382540 0xe900d090 gststructure.c:2369:gst_structure_parse_value trying type name 'int'
06-06 22:05:26.565  4906  5039 D GStreamer+qtdemux: 0:00:30.396393009 0xe900d0f0 qtdemux.c:8276:qtdemux_parse_samples:<q> samples at 50 is keyframe
06-06 22:05:26.565  4906  5038 D GStreamer+structure: 0:00:30.396401811 0xe900d090 gststructure.c:2318:gst_structure_parse_field trying field name 'encoding-name'
06-06 22:05:26.565  4906  5038 D GStreamer+structure: 0:00:30.396432019 0xe900d090 gststructure.c:2369:gst_structure_parse_value trying type name 'string'
06-06 22:05:26.565  4906  5038 D GStreamer+structure: 0:00:30.396454884 0xe900d090 gststructure.c:2318:gst_structure_parse_field trying field name 'sampling'
06-06 22:05:26.565  4906  5039 D GStreamer+qtdemux: 0:00:30.396432436 0xe900d0f0 qtdemux.c:5512:gst_qtdemux_loop_state_movie:<q> pushing from stream 0, empty 0 offset 2136307, size 40794, dts=0:00:01.014333333, pts=0:00:01.014333333, duration 0:00:00.019666667
06-06 22:05:26.565  4906  5038 D GStreamer+structure: 0:00:30.396472175 0xe900d090 gststructure.c:2369:gst_structure_parse_value trying type name 'string'
06-06 22:05:26.565  4906  5039 D GStreamer+basesrc: 0:00:30.396480769 0xe900d0f0 gstbasesrc.c:2354:gst_base_src_update_length:<filesrc0> reading offset 2136307, length 40794, size 16031303, segment.stop -1, maxsize 16031303
06-06 22:05:26.565  4906  5038 D GStreamer+structure: 0:00:30.396502384 0xe900d090 gststructure.c:2318:gst_structure_parse_field trying field name 'depth'
06-06 22:05:26.565  4906  5038 D GStreamer+structure: 0:00:30.396520665 0xe900d090 gststructure.c:2369:gst_structure_parse_value trying type name 'string'
06-06 22:05:26.565  4906  5039 D GStreamer+basesrc: 0:00:30.396512853 0xe900d0f0 gstbasesrc.c:2455:gst_base_src_get_range:<filesrc0> calling create offset 2136307 length 40794, time 0
06-06 22:05:26.565  4906  5039 D GStreamer+GST_MEMORY: 0:00:30.396554884 0xe900d0f0 gstmemory.c:138:gst_memory_init new memory 0xe9524158, maxsize:40797 offset:0 size:40794
06-06 22:05:26.565  4906  5038 D GStreamer+GST_ELEMENT_FACTORY: 0:00:30.396570300 0xe900d090 gstelementfactory.c:851:gst_element_factory_list_filter Trying y4mdec
06-06 22:05:26.566  4906  5038 D GStreamer+structure: 0:00:30.396595040 0xe900d090 gststructure.c:2318:gst_structure_parse_field trying field name 'y4mversion'
06-06 22:05:26.566  4906  5038 D GStreamer+structure: 0:00:30.396614259 0xe900d090 gststructure.c:2369:gst_structure_parse_value trying type name 'int'
06-06 22:05:26.566  4906  5039 D GStreamer+basesrc: 0:00:30.396632019 0xe900d0f0 gstbasesrc.c:2309:gst_base_src_do_sync:<filesrc0> we have no clock
06-06 22:05:26.566  4906  5038 D GStreamer+GST_ELEMENT_FACTORY: 0:00:30.396636290 0xe900d090 gstelementfactory.c:851:gst_element_factory_list_filter Trying dvdec
06-06 22:05:26.566  4906  5039 D GStreamer+basesrc: 0:00:30.396656238 0xe900d0f0 gstbasesrc.c:2519:gst_base_src_get_range:<filesrc0> buffer ok
06-06 22:05:26.566  4906  5038 D GStreamer+structure: 0:00:30.396662696 0xe900d090 gststructure.c:2318:gst_structure_parse_field trying field name 'systemstream'
06-06 22:05:26.566  4906  5038 D GStreamer+structure: 0:00:30.396680300 0xe900d090 gststructure.c:2369:gst_structure_parse_value trying type name 'boolean'
06-06 22:05:26.566  4906  5038 D GStreamer+GST_ELEMENT_FACTORY: 0:00:30.396708373 0xe900d090 gstelementfactory.c:851:gst_element_factory_list_filter Trying openh264dec
06-06 22:05:26.566  4906  5039 D GStreamer+GST_SCHEDULING: 0:00:30.396679728 0xe900d0f0 gstpad.c:4193:gst_pad_chain_data_unchecked:<queue0:sink> calling chainfunction &gst_queue_chain with buffer buffer: 0xe91fd2b8, pts 0:00:01.014333333, dts 0:00:01.014333333, dur 0:00:00.019666667, size 40794, offset none, offset_end none, flags 0x0
06-06 22:05:26.566  4906  5038 D GStreamer+structure: 0:00:30.396734832 0xe900d090 gststructure.c:2318:gst_structure_parse_field trying field name 'stream-format'
06-06 22:05:26.566  4906  5039 D GStreamer+queue_dataflow: 0:00:30.396738165 0xe900d0f0 gstqueue.c:1220:gst_queue_chain_buffer_or_list:<queue0> queue is full, waiting for free space
06-06 22:05:26.566  4906  5038 D GStreamer+structure: 0:00:30.396754259 0xe900d090 gststructure.c:2369:gst_structure_parse_value trying type name 'string'
06-06 22:05:26.566  4906  5038 D GStreamer+structure: 0:00:30.396775821 0xe900d090 gststructure.c:2318:gst_structure_parse_field trying field name 'alignment'
06-06 22:05:26.566  4906  5038 D GStreamer+structure: 0:00:30.396792696 0xe900d090 gststructure.c:2369:gst_structure_parse_value trying type name 'string'
06-06 22:05:26.566  4906  5038 D GStreamer+structure: 0:00:30.396810196 0xe900d090 gststructure.c:2318:gst_structure_parse_field trying field name 'profile'
06-06 22:05:26.566  4906  5038 D GStreamer+structure: 0:00:30.396827853 0xe900d090 gststructure.c:2369:gst_structure_parse_value trying type name 'string'
06-06 22:05:26.566  4906  5038 D GStreamer+GST_ELEMENT_FACTORY: 0:00:30.396850457 0xe900d090 gstelementfactory.c:851:gst_element_factory_list_filter Trying rtpgstdepay
06-06 22:05:26.566  4906  5038 D GStreamer+structure: 0:00:30.396873425 0xe900d090 gststructure.c:2318:gst_structure_parse_field trying field name 'media'
06-06 22:05:26.566  4906  5038 D GStreamer+structure: 0:00:30.396890196 0xe900d090 gststructure.c:2369:gst_structure_parse_value trying type name 'string'
06-06 22:05:26.566  4906  5038 D GStreamer+structure: 0:00:30.396907228 0xe900d090 gststructure.c:2318:gst_structure_parse_field trying field name 'clock-rate'
06-06 22:05:26.566  4906  5038 D GStreamer+structure: 0:00:30.396924050 0xe900d090 gststructure.c:2369:gst_structure_parse_value trying type name 'int'
06-06 22:05:26.566  4906  5038 D GStreamer+structure: 0:00:30.396944832 0xe900d090 gststructure.c:2318:gst_structure_parse_field trying field name 'encoding-name'
06-06 22:05:26.566  4906  5038 D GStreamer+structure: 0:00:30.396963165 0xe900d090 gststructure.c:2369:gst_structure_parse_value trying type name 'string'
06-06 22:05:26.566  4906  5038 D GStreamer+GST_ELEMENT_FACTORY: 0:00:30.396982905 0xe900d090 gstelementfactory.c:851:gst_element_factory_list_filter Trying rtpvp8depay
06-06 22:05:26.566  4906  5038 D GStreamer+structure: 0:00:30.397006186 0xe900d090 gststructure.c:2318:gst_structure_parse_field trying field name 'clock-rate'
06-06 22:05:26.566  4906  5038 D GStreamer+structure: 0:00:30.397023582 0xe900d090 gststructure.c:2369:gst_structure_parse_value trying type name 'int'
06-06 22:05:26.566  4906  5038 D GStreamer+structure: 0:00:30.397042957 0xe900d090 gststructure.c:2318:gst_structure_parse_field trying field name 'media'
06-06 22:05:26.566  4906  5038 D GStreamer+structure: 0:00:30.397060613 0xe900d090 gststructure.c:2369:gst_structure_parse_value trying type name 'string'
06-06 22:05:26.566  4906  5038 D GStreamer+structure: 0:00:30.397079623 0xe900d090 gststructure.c:2318:gst_structure_parse_field trying field name 'encoding-name'
06-06 22:05:26.566  4906  5038 D GStreamer+structure: 0:00:30.397096863 0xe900d090 gststructure.c:2369:gst_structure_parse_value trying type name 'string'
06-06 22:05:26.566  4906  5038 D GStreamer+GST_ELEMENT_FACTORY: 0:00:30.397117644 0xe900d090 gstelementfactory.c:851:gst_element_factory_list_filter Trying rtpvp9depay
06-06 22:05:26.566  4906  5038 D GStreamer+structure: 0:00:30.397150821 0xe900d090 gststructure.c:2318:gst_structure_parse_field trying field name 'clock-rate'
06-06 22:05:26.566  4906  5038 D GStreamer+structure: 0:00:30.397170561 0xe900d090 gststructure.c:2369:gst_structure_parse_value trying type name 'int'
06-06 22:05:26.566  4906  5038 D GStreamer+structure: 0:00:30.397190353 0xe900d090 gststructure.c:2318:gst_structure_parse_field trying field name 'media'
06-06 22:05:26.566  4906  5038 D GStreamer+structure: 0:00:30.397207957 0xe900d090 gststructure.c:2369:gst_structure_parse_value trying type name 'string'
06-06 22:05:26.566  4906  5038 D GStreamer+structure: 0:00:30.397225613 0xe900d090 gststructure.c:2318:gst_structure_parse_field trying field name 'encoding-name'
06-06 22:05:26.566  4906  5038 D GStreamer+structure: 0:00:30.397242384 0xe900d090 gststructure.c:2369:gst_structure_parse_value trying type name 'string'
06-06 22:05:26.566  4906  5038 D GStreamer+GST_ELEMENT_FACTORY: 0:00:30.397263321 0xe900d090 gstelementfactory.c:851:gst_element_factory_list_filter Trying rtpxqtdepay
06-06 22:05:26.566  4906  5038 D GStreamer+structure: 0:00:30.397286342 0xe900d090 gststructure.c:2318:gst_structure_parse_field trying field name 'payload'
06-06 22:05:26.566  4906  5038 D GStreamer+structure: 0:00:30.397304207 0xe900d090 gststructure.c:2369:gst_structure_parse_value trying type name 'int'
06-06 22:05:26.566  4906  5038 D GStreamer+structure: 0:00:30.397324988 0xe900d090 gststructure.c:2318:gst_structure_parse_field trying field name 'media'
06-06 22:05:26.566  4906  5038 D GStreamer+structure: 0:00:30.397341759 0xe900d090 gststructure.c:2369:gst_structure_parse_value trying type name 'string'
06-06 22:05:26.566  4906  5038 D GStreamer+structure: 0:00:30.397363165 0xe900d090 gststructure.c:2318:gst_structure_parse_field trying field name 'clock-rate'
06-06 22:05:26.566  4906  5038 D GStreamer+structure: 0:00:30.397381186 0xe900d090 gststructure.c:2369:gst_structure_parse_value trying type name 'int'
06-06 22:05:26.566  4906  5038 D GStreamer+structure: 0:00:30.397402748 0xe900d090 gststructure.c:2318:gst_structure_parse_field trying field name 'encoding-name'
06-06 22:05:26.566  4906  5038 D GStreamer+structure: 0:00:30.397430248 0xe900d090 gststructure.c:2369:gst_structure_parse_value trying type name 'string'
06-06 22:05:26.566  4906  5038 D GStreamer+GST_ELEMENT_FACTORY: 0:00:30.397453321 0xe900d090 gstelementfactory.c:851:gst_element_factory_list_filter Trying sirendec
06-06 22:05:26.566  4906  5038 D GStreamer+structure: 0:00:30.397477957 0xe900d090 gststructure.c:2318:gst_structure_parse_field trying field name 'dct-length'
06-06 22:05:26.566  4906  5038 D GStreamer+structure: 0:00:30.397495613 0xe900d090 gststructure.c:2369:gst_structure_parse_value trying type name 'int'
06-06 22:05:26.566  4906  5038 D GStreamer+decodebin: 0:00:30.397521290 0xe900d090 gstdecodebin2.c:1421:gst_decode_bin_autoplug_factories:<forhwgl> autoplug-factories returns 0xe91fcb70
06-06 22:05:26.567  4906  5038 D GStreamer+decodebin: 0:00:30.397565769 0xe900d090 gstdecodebin2.c:2112:connect_pad:<forhwgl> pad typefind:src , chain:0xe9277810, 1 factories, caps video/x-h264, stream-format=(string)avc, alignment=(string)au, level=(string)4, profile=(string)baseline, codec_data=(buffer)01428028ffe1000a27428028e54028016b2001000528de01ae20, width=(int)1280, height=(int)1440, framerate=(fraction)151/3, pixel-aspect-ratio=(fraction)1/1
06-06 22:05:26.567  4906  5038 D GStreamer+GST_PADS: 0:00:30.397638946 0xe900d090 gstghostpad.c:840:gst_ghost_pad_set_target:<'':decodepad0> set target typefind:src
06-06 22:05:26.567  4906  5038 I GStreamer+GST_ELEMENT_PADS: 0:00:30.397663425 0xe900d090 gstpad.c:2071:gst_pad_unlink unlinking typefind:src(0xe901e6b8) and decodepad0:proxypad2(0xe90b8630)
06-06 22:05:26.567  4906  5038 D GStreamer+GST_BUS: 0:00:30.397699467 0xe900d090 gstbus.c:309:gst_bus_post:<bus0> [msg 0xe92f7908] posting on bus structure-change message: 0xe92f7908, time 99:99:99.999999999, seq-num 76, element 'proxypad2', GstMessageStructureChange, type=(GstStructureChangeType)GST_STRUCTURE_CHANGE_TYPE_PAD_UNLINK, owner=(GstElement)"\(GstTypeFindElement\)\ typefind", busy=(boolean)true;
06-06 22:05:26.567  4906  5038 D GStreamer+decodebin: 0:00:30.397764780 0xe900d090 gstdecodebin2.c:5492:gst_decode_bin_handle_message:<forhwgl> Forwarding msg structure-change message: 0xe92f7908, time 99:99:99.999999999, seq-num 76, element 'proxypad2', GstMessageStructureChange, type=(GstStructureChangeType)GST_STRUCTURE_CHANGE_TYPE_PAD_UNLINK, owner=(GstElement)"\(GstTypeFindElement\)\ typefind", busy=(boolean)true;
06-06 22:05:26.567  4906  5038 D GStreamer+bin: 0:00:30.397815248 0xe900d090 gstbin.c:3654:gst_bin_handle_message_func:<forhwgl> [msg 0xe92f7908] handling child proxypad2 message of type structure-change
06-06 22:05:26.567  4906  5038 D GStreamer+bin: 0:00:30.397842019 0xe900d090 gstbin.c:911:find_message:<forhwgl> no message found matching types 00001000
06-06 22:05:26.567  4906  5038 D GStreamer+bin: 0:00:30.397862696 0xe900d090 gstbin.c:918:find_message:<forhwgl>   structure-change
06-06 22:05:26.567  4906  5038 D GStreamer+bin: 0:00:30.397880821 0xe900d090 gstbin.c:958:bin_replace_message:<forhwgl> got new message 0xe92f7908, structure-change from proxypad2
06-06 22:05:26.567  4906  5038 D GStreamer+GST_BUS: 0:00:30.397901603 0xe900d090 gstbus.c:344:gst_bus_post:<bus0> [msg 0xe92f7908] dropped
06-06 22:05:26.567  4906  5038 I GStreamer+GST_ELEMENT_PADS: 0:00:30.397923946 0xe900d090 gstpad.c:2125:gst_pad_unlink unlinked typefind:src and decodepad0:proxypad2
06-06 22:05:26.567  4906  5038 D GStreamer+GST_BUS: 0:00:30.397950978 0xe900d090 gstbus.c:309:gst_bus_post:<bus0> [msg 0xe92f7960] posting on bus structure-change message: 0xe92f7960, time 99:99:99.999999999, seq-num 77, element 'proxypad2', GstMessageStructureChange, type=(GstStructureChangeType)GST_STRUCTURE_CHANGE_TYPE_PAD_UNLINK, owner=(GstElement)"\(GstTypeFindElement\)\ typefind", busy=(boolean)false;
06-06 22:05:26.567  4906  5038 D GStreamer+decodebin: 0:00:30.398000561 0xe900d090 gstdecodebin2.c:5492:gst_decode_bin_handle_message:<forhwgl> Forwarding msg structure-change message: 0xe92f7960, time 99:99:99.999999999, seq-num 77, element 'proxypad2', GstMessageStructureChange, type=(GstStructureChangeType)GST_STRUCTURE_CHANGE_TYPE_PAD_UNLINK, owner=(GstElement)"\(GstTypeFindElement\)\ typefind", busy=(boolean)false;
06-06 22:05:26.567  4906  5038 D GStreamer+bin: 0:00:30.398046446 0xe900d090 gstbin.c:3654:gst_bin_handle_message_func:<forhwgl> [msg 0xe92f7960] handling child proxypad2 message of type structure-change
06-06 22:05:26.567  4906  5038 D GStreamer+bin: 0:00:30.398069936 0xe900d090 gstbin.c:986:bin_remove_messages:<decodepad0:proxypad2> deleting message 0xe92f7908 of types 0x00001000
06-06 22:05:26.567  4906  5038 D GStreamer+bin: 0:00:30.398095613 0xe900d090 gstbin.c:992:bin_remove_messages:<forhwgl> not deleting message 0xe9012120 of type 0x00100000
06-06 22:05:26.567  4906  5038 D GStreamer+GST_BUS: 0:00:30.398118946 0xe900d090 gstbus.c:344:gst_bus_post:<bus0> [msg 0xe92f7960] dropped
06-06 22:05:26.567  4906  5038 D GStreamer+GST_PADS: 0:00:30.398138790 0xe900d090 gstghostpad.c:862:gst_ghost_pad_set_target:<'':decodepad0> connecting internal pad to target <typefind:src>
06-06 22:05:26.567  4906  5038 D GStreamer+GST_BUS: 0:00:30.398166811 0xe900d090 gstbus.c:309:gst_bus_post:<bus0> [msg 0xe92f79b8] posting on bus structure-change message: 0xe92f79b8, time 99:99:99.999999999, seq-num 78, element 'proxypad2', GstMessageStructureChange, type=(GstStructureChangeType)GST_STRUCTURE_CHANGE_TYPE_PAD_LINK, owner=(GstElement)"\(GstTypeFindElement\)\ typefind", busy=(boolean)true;
06-06 22:05:26.567  4906  5038 D GStreamer+decodebin: 0:00:30.398214780 0xe900d090 gstdecodebin2.c:5492:gst_decode_bin_handle_message:<forhwgl> Forwarding msg structure-change message: 0xe92f79b8, time 99:99:99.999999999, seq-num 78, element 'proxypad2', GstMessageStructureChange, type=(GstStructureChangeType)GST_STRUCTURE_CHANGE_TYPE_PAD_LINK, owner=(GstElement)"\(GstTypeFindElement\)\ typefind", busy=(boolean)true;
06-06 22:05:26.567  4906  5038 D GStreamer+bin: 0:00:30.398259415 0xe900d090 gstbin.c:3654:gst_bin_handle_message_func:<forhwgl> [msg 0xe92f79b8] handling child proxypad2 message of type structure-change
06-06 22:05:26.567  4906  5038 D GStreamer+bin: 0:00:30.398282592 0xe900d090 gstbin.c:911:find_message:<forhwgl> no message found matching types 00001000
06-06 22:05:26.567  4906  5038 D GStreamer+bin: 0:00:30.398302280 0xe900d090 gstbin.c:918:find_message:<forhwgl>   structure-change
06-06 22:05:26.567  4906  5038 D GStreamer+bin: 0:00:30.398321186 0xe900d090 gstbin.c:958:bin_replace_message:<forhwgl> got new message 0xe92f79b8, structure-change from proxypad2
06-06 22:05:26.567  4906  5038 D GStreamer+GST_BUS: 0:00:30.398341863 0xe900d090 gstbus.c:344:gst_bus_post:<bus0> [msg 0xe92f79b8] dropped
06-06 22:05:26.567  4906  5038 I GStreamer+GST_PADS: 0:00:30.398360978 0xe900d090 gstpad.c:2315:gst_pad_link_prepare trying to link typefind:src and decodepad0:proxypad2
06-06 22:05:26.567  4906  5038 I GStreamer+GST_PADS: 0:00:30.398385040 0xe900d090 gstpad.c:2521:gst_pad_link_full linked typefind:src and decodepad0:proxypad2, successful
06-06 22:05:26.567  4906  5038 I GStreamer+GST_EVENT: 0:00:30.398406707 0xe900d090 gstevent.c:1382:gst_event_new_reconfigure creating reconfigure event
06-06 22:05:26.567  4906  5038 D GStreamer+GST_EVENT: 0:00:30.398435144 0xe900d090 gstevent.c:302:gst_event_new_custom creating new event 0xe921c828 reconfigure 61441
06-06 22:05:26.567  4906  5038 D GStreamer+GST_EVENT: 0:00:30.398462175 0xe900d090 gstpad.c:5536:gst_pad_send_event_unchecked:<typefind:src> have event type reconfigure event: 0xe921c828, time 99:99:99.999999999, seq-num 79, (NULL)
06-06 22:05:26.567  4906  5038 D GStreamer+GST_PADS: 0:00:30.398498634 0xe900d090 gstpad.c:5609:gst_pad_send_event_unchecked:<typefind:src> sent event, ret error
06-06 22:05:26.567  4906  5038 D GStreamer+GST_BUS: 0:00:30.398524936 0xe900d090 gstbus.c:309:gst_bus_post:<bus0> [msg 0xe92f7a10] posting on bus structure-change message: 0xe92f7a10, time 99:99:99.999999999, seq-num 80, element 'proxypad2', GstMessageStructureChange, type=(GstStructureChangeType)GST_STRUCTURE_CHANGE_TYPE_PAD_LINK, owner=(GstElement)"\(GstTypeFindElement\)\ typefind", busy=(boolean)false;
06-06 22:05:26.568  4906  5038 D GStreamer+decodebin: 0:00:30.398574571 0xe900d090 gstdecodebin2.c:5492:gst_decode_bin_handle_message:<forhwgl> Forwarding msg structure-change message: 0xe92f7a10, time 99:99:99.999999999, seq-num 80, element 'proxypad2', GstMessageStructureChange, type=(GstStructureChangeType)GST_STRUCTURE_CHANGE_TYPE_PAD_LINK, owner=(GstElement)"\(GstTypeFindElement\)\ typefind", busy=(boolean)false;
06-06 22:05:26.568  4906  5038 D GStreamer+bin: 0:00:30.398618998 0xe900d090 gstbin.c:3654:gst_bin_handle_message_func:<forhwgl> [msg 0xe92f7a10] handling child proxypad2 message of type structure-change
06-06 22:05:26.568  4906  5038 D GStreamer+bin: 0:00:30.398641915 0xe900d090 gstbin.c:986:bin_remove_messages:<decodepad0:proxypad2> deleting message 0xe92f79b8 of types 0x00001000
06-06 22:05:26.568  4906  5038 D GStreamer+bin: 0:00:30.398665405 0xe900d090 gstbin.c:992:bin_remove_messages:<forhwgl> not deleting message 0xe9012120 of type 0x00100000
06-06 22:05:26.568  4906  5038 D GStreamer+GST_BUS: 0:00:30.398688894 0xe900d090 gstbus.c:344:gst_bus_post:<bus0> [msg 0xe92f7a10] dropped
06-06 22:05:26.568  4906  5038 D GStreamer+decodebin: 0:00:30.398709884 0xe900d090 gstdecodebin2.c:1490:copy_sticky_events:<'':decodepad0> store sticky event stream-start event: 0xe91914c0, time 99:99:99.999999999, seq-num 64, GstEventStreamStart, stream-id=(string)f053c058b440b43524b277045893b30df4e765b8d037f3d09e4ccd970feb850c/001, flags=(GstStreamFlags)GST_STREAM_FLAG_NONE, group-id=(uint)0;
06-06 22:05:26.568  4906  5038 D GStreamer+decodebin: 0:00:30.398759467 0xe900d090 gstdecodebin2.c:1490:copy_sticky_events:<'':decodepad0> store sticky event caps event: 0xe9305748, time 99:99:99.999999999, seq-num 72, GstEventCaps, caps=(GstCaps)"video/x-h264\,\ stream-format\=\(string\)avc\,\ alignment\=\(string\)au\,\ level\=\(string\)4\,\ profile\=\(string\)baseline\,\ codec_data\=\(buffer\)01428028ffe1000a27428028e54028016b2001000528de01ae20\,\ width\=\(int\)1280\,\ height\=\(int\)1440\,\ framerate\=\(fraction\)151/3\,\ pixel-aspect-ratio\=\(fraction\)1/1";
06-06 22:05:26.568  4906  5038 D GStreamer+decodebin: 0:00:30.398849832 0xe900d090 gstdecodebin2.c:1437:gst_decode_bin_autoplug_select:<forhwgl> default autoplug-select returns TRY
06-06 22:05:26.568  4906  5038 D GStreamer+decodebin: 0:00:30.398873061 0xe900d090 gstdecodebin2.c:2255:connect_pad:<forhwgl> autoplug select requested try
06-06 22:05:26.568  4906  5038 D GStreamer+GST_PADS: 0:00:30.398891290 0xe900d090 gstghostpad.c:842:gst_ghost_pad_set_target:<'':decodepad0> clearing target
06-06 22:05:26.568  4906  5038 I GStreamer+GST_ELEMENT_PADS: 0:00:30.398910300 0xe900d090 gstpad.c:2071:gst_pad_unlink unlinking typefind:src(0xe901e6b8) and decodepad0:proxypad2(0xe90b8630)
06-06 22:05:26.568  4906  5038 D GStreamer+GST_BUS: 0:00:30.398939103 0xe900d090 gstbus.c:309:gst_bus_post:<bus0> [msg 0xe92f7a68] posting on bus structure-change message: 0xe92f7a68, time 99:99:99.999999999, seq-num 81, element 'proxypad2', GstMessageStructureChange, type=(GstStructureChangeType)GST_STRUCTURE_CHANGE_TYPE_PAD_UNLINK, owner=(GstElement)"\(GstTypeFindElement\)\ typefind", busy=(boolean)true;
06-06 22:05:26.568  4906  5038 D GStreamer+decodebin: 0:00:30.398987905 0xe900d090 gstdecodebin2.c:5492:gst_decode_bin_handle_message:<forhwgl> Forwarding msg structure-change message: 0xe92f7a68, time 99:99:99.999999999, seq-num 81, element 'proxypad2', GstMessageStructureChange, type=(GstStructureChangeType)GST_STRUCTURE_CHANGE_TYPE_PAD_UNLINK, owner=(GstElement)"\(GstTypeFindElement\)\ typefind", busy=(boolean)true;
06-06 22:05:26.568  4906  5038 D GStreamer+bin: 0:00:30.399033686 0xe900d090 gstbin.c:3654:gst_bin_handle_message_func:<forhwgl> [msg 0xe92f7a68] handling child proxypad2 message of type structure-change
06-06 22:05:26.568  4906  5038 D GStreamer+bin: 0:00:30.399056603 0xe900d090 gstbin.c:911:find_message:<forhwgl> no message found matching types 00001000
06-06 22:05:26.568  4906  5038 D GStreamer+bin: 0:00:30.399075978 0xe900d090 gstbin.c:918:find_message:<forhwgl>   structure-change
06-06 22:05:26.568  4906  5038 D GStreamer+bin: 0:00:30.399095144 0xe900d090 gstbin.c:958:bin_replace_message:<forhwgl> got new message 0xe92f7a68, structure-change from proxypad2
06-06 22:05:26.568  4906  5038 D GStreamer+GST_BUS: 0:00:30.399116290 0xe900d090 gstbus.c:344:gst_bus_post:<bus0> [msg 0xe92f7a68] dropped
06-06 22:05:26.568  4906  5038 I GStreamer+GST_ELEMENT_PADS: 0:00:30.399136811 0xe900d090 gstpad.c:2125:gst_pad_unlink unlinked typefind:src and decodepad0:proxypad2
06-06 22:05:26.568  4906  5038 D GStreamer+GST_BUS: 0:00:30.399162644 0xe900d090 gstbus.c:309:gst_bus_post:<bus0> [msg 0xe92f7ac0] posting on bus structure-change message: 0xe92f7ac0, time 99:99:99.999999999, seq-num 82, element 'proxypad2', GstMessageStructureChange, type=(GstStructureChangeType)GST_STRUCTURE_CHANGE_TYPE_PAD_UNLINK, owner=(GstElement)"\(GstTypeFindElement\)\ typefind", busy=(boolean)false;
06-06 22:05:26.568  4906  5038 D GStreamer+decodebin: 0:00:30.399209936 0xe900d090 gstdecodebin2.c:5492:gst_decode_bin_handle_message:<forhwgl> Forwarding msg structure-change message: 0xe92f7ac0, time 99:99:99.999999999, seq-num 82, element 'proxypad2', GstMessageStructureChange, type=(GstStructureChangeType)GST_STRUCTURE_CHANGE_TYPE_PAD_UNLINK, owner=(GstElement)"\(GstTypeFindElement\)\ typefind", busy=(boolean)false;
06-06 22:05:26.568  4906  5038 D GStreamer+bin: 0:00:30.399255457 0xe900d090 gstbin.c:3654:gst_bin_handle_message_func:<forhwgl> [msg 0xe92f7ac0] handling child proxypad2 message of type structure-change
06-06 22:05:26.568  4906  5038 D GStreamer+bin: 0:00:30.399279571 0xe900d090 gstbin.c:986:bin_remove_messages:<decodepad0:proxypad2> deleting message 0xe92f7a68 of types 0x00001000
06-06 22:05:26.568  4906  5038 D GStreamer+bin: 0:00:30.399305248 0xe900d090 gstbin.c:992:bin_remove_messages:<forhwgl> not deleting message 0xe9012120 of type 0x00100000
06-06 22:05:26.568  4906  5038 D GStreamer+GST_BUS: 0:00:30.399328842 0xe900d090 gstbus.c:344:gst_bus_post:<bus0> [msg 0xe92f7ac0] dropped
06-06 22:05:26.568  4906  5038 D GStreamer+decodebin: 0:00:30.399348894 0xe900d090 gstdecodebin2.c:1479:clear_sticky_events:<'':decodepad0> clearing sticky event stream-start event: 0xe91914c0, time 99:99:99.999999999, seq-num 64, GstEventStreamStart, stream-id=(string)f053c058b440b43524b277045893b30df4e765b8d037f3d09e4ccd970feb850c/001, flags=(GstStreamFlags)GST_STREAM_FLAG_NONE, group-id=(uint)0;
06-06 22:05:26.568  4906  5038 D GStreamer+decodebin: 0:00:30.399392748 0xe900d090 gstdecodebin2.c:1479:clear_sticky_events:<'':decodepad0> clearing sticky event caps event: 0xe9305748, time 99:99:99.999999999, seq-num 72, GstEventCaps, caps=(GstCaps)"video/x-h264\,\ stream-format\=\(string\)avc\,\ alignment\=\(string\)au\,\ level\=\(string\)4\,\ profile\=\(string\)baseline\,\ codec_data\=\(buffer\)01428028ffe1000a27428028e54028016b2001000528de01ae20\,\ width\=\(int\)1280\,\ height\=\(int\)1440\,\ framerate\=\(fraction\)151/3\,\ pixel-aspect-ratio\=\(fraction\)1/1";
06-06 22:05:26.568  4906  5038 D GStreamer+GST_PLUGIN_LOADING: 0:00:30.399481603 0xe900d090 gstpluginfeature.c:106:gst_plugin_feature_load loading plugin for feature 0xe8f05da0; 'h264parse'
06-06 22:05:26.568  4906  5038 I GStreamer+GST_ELEMENT_FACTORY: 0:00:30.399503373 0xe900d090 gstelementfactory.c:364:gst_element_factory_create creating element "h264parse"
06-06 22:05:26.568  4906  5038 D GStreamer+baseparse: 0:00:30.399529623 0xe900d090 gstbaseparse.c:608:gst_base_parse_init:<GstBaseParse@0xe952f300> gst_base_parse_init
06-06 22:05:26.569  4906  5038 D GStreamer+GST_PADS: 0:00:30.399600457 0xe900d090 gstpad.c:1849:gst_pad_set_event_function_full:<'':sink> eventfunc for set to gst_base_parse_sink_event
06-06 22:05:26.569  4906  5038 D GStreamer+GST_PADS: 0:00:30.399627592 0xe900d090 gstpad.c:1929:gst_pad_set_query_function_full:<'':sink> queryfunc set to gst_base_parse_sink_query
06-06 22:05:26.569  4906  5038 D GStreamer+GST_PADS: 0:00:30.399649832 0xe900d090 gstpad.c:1743:gst_pad_set_chain_function_full:<'':sink> chainfunc set to gst_base_parse_chain
06-06 22:05:26.569  4906  5038 D GStreamer+GST_PADS: 0:00:30.399671498 0xe900d090 gstpad.c:1673:gst_pad_set_activate_function_full:<'':sink> activatefunc set to gst_base_parse_sink_activate
06-06 22:05:26.569  4906  5038 D GStreamer+GST_PADS: 0:00:30.399694363 0xe900d090 gstpad.c:1708:gst_pad_set_activatemode_function_full:<'':sink> activatemodefunc set to gst_base_parse_sink_activate_mode
06-06 22:05:26.569  4906  5038 I GStreamer+GST_ELEMENT_PADS: 0:00:30.399715821 0xe900d090 gstelement.c:661:gst_element_add_pad:<GstBaseParse@0xe952f300> adding pad 'sink'
06-06 22:05:26.569  4906  5038 D GStreamer+GST_REFCOUNTING: 0:00:30.399738217 0xe900d090 gstobject.c:700:gst_object_set_parent:<'':sink> set parent (ref and sink)
06-06 22:05:26.569  4906  5038 D GStreamer+baseparse: 0:00:30.399759988 0xe900d090 gstbaseparse.c:629:gst_base_parse_init:<GstBaseParse@0xe952f300> sinkpad created
06-06 22:05:26.569  4906  5038 D GStreamer+GST_PADS: 0:00:30.399797384 0xe900d090 gstpad.c:1849:gst_pad_set_event_function_full:<'':src> eventfunc for set to gst_base_parse_src_event
06-06 22:05:26.569  4906  5038 D GStreamer+GST_PADS: 0:00:30.399820300 0xe900d090 gstpad.c:1929:gst_pad_set_query_function_full:<'':src> queryfunc set to gst_base_parse_src_query
06-06 22:05:26.569  4906  5038 I GStreamer+GST_ELEMENT_PADS: 0:00:30.399840925 0xe900d090 gstelement.c:661:gst_element_add_pad:<GstBaseParse@0xe952f300> adding pad 'src'
06-06 22:05:26.569  4906  5038 D GStreamer+GST_REFCOUNTING: 0:00:30.399861707 0xe900d090 gstobject.c:700:gst_object_set_parent:<'':src> set parent (ref and sink)
06-06 22:05:26.569  4906  5038 D GStreamer+baseparse: 0:00:30.399881550 0xe900d090 gstbaseparse.c:641:gst_base_parse_init:<GstBaseParse@0xe952f300> src created
06-06 22:05:26.569  4906  5038 D GStreamer+baseparse: 0:00:30.399916707 0xe900d090 gstbaseparse.c:653:gst_base_parse_init:<GstBaseParse@0xe952f300> init ok
06-06 22:05:26.569  4906  5038 I GStreamer+baseparse: 0:00:30.399944571 0xe900d090 gstbaseparse.c:3921:gst_base_parse_set_pts_interpolation:<GstH264Parse@0xe952f300> PTS interpolation: no
06-06 22:05:26.569  4906  5038 D GStreamer+GST_ELEMENT_FACTORY: 0:00:30.399987748 0xe900d090 gstelementfactory.c:393:gst_element_factory_create created element "h264parse"
06-06 22:05:26.569  4906  5038 D GStreamer+GST_STATES: 0:00:30.400008321 0xe900d090 gstelement.c:1968:gst_element_set_locked_state locking state of element h264parse0
06-06 22:05:26.569  4906  5038 D GStreamer+GST_PARENTAGE: 0:00:30.400027019 0xe900d090 gstbin.c:1496:gst_bin_add adding element h264parse0 to bin forhwgl
06-06 22:05:26.569  4906  5038 D GStreamer+bin: 0:00:30.400046707 0xe900d090 gstbin.c:1176:gst_bin_add_func:<forhwgl> element :h264parse0
06-06 22:05:26.569  4906  5038 D GStreamer+GST_REFCOUNTING: 0:00:30.400066811 0xe900d090 gstobject.c:700:gst_object_set_parent:<h264parse0> set parent (ref and sink)
06-06 22:05:26.569  4906  5038 D GStreamer+GST_PARENTAGE: 0:00:30.400085769 0xe900d090 gstelement.c:3044:gst_element_set_bus_func:<h264parse0> setting bus to 0xe9009e68
06-06 22:05:26.569  4906  5038 D GStreamer+GST_CLOCK: 0:00:30.400107748 0xe900d090 gstelement.c:480:gst_element_set_base_time:<h264parse0> set base_time=0:00:00.000000000, old 0:00:00.000000000
06-06 22:05:26.569  4906  5038 D GStreamer+GST_CLOCK: 0:00:30.400136030 0xe900d090 gstelement.c:542:gst_element_set_start_time:<h264parse0> set start_time=0:00:00.000000000, old 0:00:00.000000000
06-06 22:05:26.569  4906  5038 D GStreamer+GST_CLOCK: 0:00:30.400161759 0xe900d090 gstelement.c:420:gst_element_set_clock:<h264parse0> setting clock 0x0
06-06 22:05:26.569  4906  5038 D GStreamer+bin: 0:00:30.400181967 0xe900d090 gstbin.c:1291:gst_bin_add_func:<forhwgl> added SUCCESS element
06-06 22:05:26.569  4906  5038 D GStreamer+GST_PARENTAGE: 0:00:30.400206498 0xe900d090 gstbin.c:1371:gst_bin_add_func:<forhwgl> added element "h264parse0"
06-06 22:05:26.569  4906  5038 D GStreamer+GST_BUS: 0:00:30.400247592 0xe900d090 gstbus.c:309:gst_bus_post:<bus0> [msg 0xe92f7b18] posting on bus structure-change message: 0xe92f7b18, time 99:99:99.999999999, seq-num 83, element 'sink', GstMessageStructureChange, type=(GstStructureChangeType)GST_STRUCTURE_CHANGE_TYPE_PAD_LINK, owner=(GstElement)"\(GstTypeFindElement\)\ typefind", busy=(boolean)true;
06-06 22:05:26.569  4906  5038 D GStreamer+decodebin: 0:00:30.400303217 0xe900d090 gstdecodebin2.c:5492:gst_decode_bin_handle_message:<forhwgl> Forwarding msg structure-change message: 0xe92f7b18, time 99:99:99.999999999, seq-num 83, element 'sink', GstMessageStructureChange, type=(GstStructureChangeType)GST_STRUCTURE_CHANGE_TYPE_PAD_LINK, owner=(GstElement)"\(GstTypeFindElement\)\ typefind", busy=(boolean)true;
06-06 22:05:26.569  4906  5038 D GStreamer+bin: 0:00:30.400350405 0xe900d090 gstbin.c:3654:gst_bin_handle_message_func:<forhwgl> [msg 0xe92f7b18] handling child sink message of type structure-change
06-06 22:05:26.569  4906  5038 D GStreamer+bin: 0:00:30.400373738 0xe900d090 gstbin.c:911:find_message:<forhwgl> no message found matching types 00001000
06-06 22:05:26.569  4906  5038 D GStreamer+bin: 0:00:30.400393634 0xe900d090 gstbin.c:918:find_message:<forhwgl>   structure-change
06-06 22:05:26.569  4906  5038 D GStreamer+bin: 0:00:30.400412592 0xe900d090 gstbin.c:958:bin_replace_message:<forhwgl> got new message 0xe92f7b18, structure-change from sink
06-06 22:05:26.569  4906  5038 D GStreamer+GST_BUS: 0:00:30.400445561 0xe900d090 gstbus.c:344:gst_bus_post:<bus0> [msg 0xe92f7b18] dropped
06-06 22:05:26.569  4906  5038 I GStreamer+GST_PADS: 0:00:30.400465405 0xe900d090 gstpad.c:2315:gst_pad_link_prepare trying to link typefind:src and h264parse0:sink
06-06 22:05:26.569  4906  5038 I GStreamer+GST_PADS: 0:00:30.400488113 0xe900d090 gstpad.c:2521:gst_pad_link_full linked typefind:src and h264parse0:sink, successful
06-06 22:05:26.569  4906  5038 I GStreamer+GST_EVENT: 0:00:30.400508165 0xe900d090 gstevent.c:1382:gst_event_new_reconfigure creating reconfigure event
06-06 22:05:26.569  4906  5038 D GStreamer+GST_EVENT: 0:00:30.400524519 0xe900d090 gstevent.c:302:gst_event_new_custom creating new event 0xe921c870 reconfigure 61441
06-06 22:05:26.569  4906  5038 D GStreamer+GST_EVENT: 0:00:30.400544103 0xe900d090 gstpad.c:5536:gst_pad_send_event_unchecked:<typefind:src> have event type reconfigure event: 0xe921c870, time 99:99:99.999999999, seq-num 84, (NULL)
06-06 22:05:26.570  4906  5038 D GStreamer+GST_PADS: 0:00:30.400577332 0xe900d090 gstpad.c:5609:gst_pad_send_event_unchecked:<typefind:src> sent event, ret error
06-06 22:05:26.570  4906  5038 D GStreamer+GST_BUS: 0:00:30.400602592 0xe900d090 gstbus.c:309:gst_bus_post:<bus0> [msg 0xe92f7b70] posting on bus structure-change message: 0xe92f7b70, time 99:99:99.999999999, seq-num 85, element 'sink', GstMessageStructureChange, type=(GstStructureChangeType)GST_STRUCTURE_CHANGE_TYPE_PAD_LINK, owner=(GstElement)"\(GstTypeFindElement\)\ typefind", busy=(boolean)false;
06-06 22:05:26.570  4906  5038 D GStreamer+decodebin: 0:00:30.400652123 0xe900d090 gstdecodebin2.c:5492:gst_decode_bin_handle_message:<forhwgl> Forwarding msg structure-change message: 0xe92f7b70, time 99:99:99.999999999, seq-num 85, element 'sink', GstMessageStructureChange, type=(GstStructureChangeType)GST_STRUCTURE_CHANGE_TYPE_PAD_LINK, owner=(GstElement)"\(GstTypeFindElement\)\ typefind", busy=(boolean)false;
06-06 22:05:26.570  4906  5038 D GStreamer+bin: 0:00:30.400696550 0xe900d090 gstbin.c:3654:gst_bin_handle_message_func:<forhwgl> [msg 0xe92f7b70] handling child sink message of type structure-change
06-06 22:05:26.570  4906  5038 D GStreamer+bin: 0:00:30.400719050 0xe900d090 gstbin.c:986:bin_remove_messages:<h264parse0:sink> deleting message 0xe92f7b18 of types 0x00001000
06-06 22:05:26.570  4906  5038 D GStreamer+bin: 0:00:30.400743738 0xe900d090 gstbin.c:992:bin_remove_messages:<forhwgl> not deleting message 0xe9012120 of type 0x00100000
06-06 22:05:26.570  4906  5038 D GStreamer+GST_BUS: 0:00:30.400767071 0xe900d090 gstbus.c:344:gst_bus_post:<bus0> [msg 0xe92f7b70] dropped
06-06 22:05:26.570  4906  5038 D GStreamer+GST_STATES: 0:00:30.400788425 0xe900d090 gstelement.c:2525:gst_element_set_state_func:<h264parse0> set_state to READY
06-06 22:05:26.570  4906  5038 D GStreamer+GST_STATES: 0:00:30.400808269 0xe900d090 gstelement.c:2550:gst_element_set_state_func:<h264parse0> setting target state to READY
06-06 22:05:26.570  4906  5038 D GStreamer+GST_STATES: 0:00:30.400827332 0xe900d090 gstelement.c:2563:gst_element_set_state_func:<h264parse0> current NULL, old_pending VOID_PENDING, next VOID_PENDING, old return SUCCESS
06-06 22:05:26.570  4906  5038 D GStreamer+GST_STATES: 0:00:30.400849936 0xe900d090 gstelement.c:2597:gst_element_set_state_func:<h264parse0> final: setting state from NULL to READY
06-06 22:05:26.570  4906  5038 D GStreamer+GST_STATES: 0:00:30.400874259 0xe900d090 gstelement.c:2686:gst_element_change_state:<h264parse0> element changed state SUCCESS
06-06 22:05:26.570  4906  5038 I GStreamer+GST_STATES: 0:00:30.400892384 0xe900d090 gstelement.c:2374:gst_element_continue_state:<h264parse0> completed state change to READY
06-06 22:05:26.570  4906  5038 I GStreamer+GST_STATES: 0:00:30.400911342 0xe900d090 gstelement.c:2279:_priv_gst_element_state_changed:<h264parse0> notifying about state-changed NULL to READY (VOID_PENDING pending)
06-06 22:05:26.570  4906  5038 D GStreamer+GST_BUS: 0:00:30.400937228 0xe900d090 gstbus.c:309:gst_bus_post:<bus0> [msg 0xe92f7c08] posting on bus state-changed message: 0xe92f7c08, time 99:99:99.999999999, seq-num 86, element 'h264parse0', GstMessageStateChanged, old-state=(GstState)GST_STATE_NULL, new-state=(GstState)GST_STATE_READY, pending-state=(GstState)GST_STATE_VOID_PENDING;
06-06 22:05:26.570  4906  5038 D GStreamer+decodebin: 0:00:30.400983478 0xe900d090 gstdecodebin2.c:5492:gst_decode_bin_handle_message:<forhwgl> Forwarding msg state-changed message: 0xe92f7c08, time 99:99:99.999999999, seq-num 86, element 'h264parse0', GstMessageStateChanged, old-state=(GstState)GST_STATE_NULL, new-state=(GstState)GST_STATE_READY, pending-state=(GstState)GST_STATE_VOID_PENDING;
06-06 22:05:26.570  4906  5038 D GStreamer+bin: 0:00:30.401024519 0xe900d090 gstbin.c:3654:gst_bin_handle_message_func:<forhwgl> [msg 0xe92f7c08] handling child h264parse0 message of type state-changed
06-06 22:05:26.570  4906  5038 D GStreamer+bin: 0:00:30.401047228 0xe900d090 gstbin.c:3991:gst_bin_handle_message_func:<forhwgl> posting message upward
06-06 22:05:26.570  4906  5038 D GStreamer+GST_BUS: 0:00:30.401065978 0xe900d090 gstbus.c:309:gst_bus_post:<bus2> [msg 0xe92f7c08] posting on bus state-changed message: 0xe92f7c08, time 99:99:99.999999999, seq-num 86, element 'h264parse0', GstMessageStateChanged, old-state=(GstState)GST_STATE_NULL, new-state=(GstState)GST_STATE_READY, pending-state=(GstState)GST_STATE_VOID_PENDING;
06-06 22:05:26.570  4906  5038 D GStreamer+bin: 0:00:30.401109728 0xe900d090 gstbin.c:3654:gst_bin_handle_message_func:<pipeline0> [msg 0xe92f7c08] handling child h264parse0 message of type state-changed
06-06 22:05:26.570  4906  5038 D GStreamer+bin: 0:00:30.401131915 0xe900d090 gstbin.c:3991:gst_bin_handle_message_func:<pipeline0> posting message upward
06-06 22:05:26.570  4906  5038 D GStreamer+GST_BUS: 0:00:30.401149884 0xe900d090 gstbus.c:309:gst_bus_post:<bus3> [msg 0xe92f7c08] posting on bus state-changed message: 0xe92f7c08, time 99:99:99.999999999, seq-num 86, element 'h264parse0', GstMessageStateChanged, old-state=(GstState)GST_STATE_NULL, new-state=(GstState)GST_STATE_READY, pending-state=(GstState)GST_STATE_VOID_PENDING;
06-06 22:05:26.570  4906  5038 D GStreamer+GST_BUS: 0:00:30.401191759 0xe900d090 gstbus.c:348:gst_bus_post:<bus3> [msg 0xe92f7c08] pushing on async queue
06-06 22:05:26.570  4906  5038 D GStreamer+GST_BUS: 0:00:30.401220144 0xe900d090 gstbus.c:351:gst_bus_post:<bus3> [msg 0xe92f7c08] pushed on async queue
06-06 22:05:26.570  4906  5038 D GStreamer+GST_BUS: 0:00:30.401239259 0xe900d090 gstbus.c:344:gst_bus_post:<bus2> [msg 0xe92f7c08] dropped
06-06 22:05:26.570  4906  5038 D GStreamer+GST_BUS: 0:00:30.401261030 0xe900d090 gstbus.c:344:gst_bus_post:<bus0> [msg 0xe92f7c08] dropped
06-06 22:05:26.570  4906  5000 D GStreamer+GST_BUS: 0:00:30.401248530 0xe9172400 gstbus.c:521:gst_bus_timed_pop_filtered:<bus3> got message 0xe92f7c08, state-changed from h264parse0, type mask is 4294967295
06-06 22:05:26.570  4906  5038 D GStreamer+GST_STATES: 0:00:30.401283478 0xe900d090 gstelement.c:2609:gst_element_set_state_func:<h264parse0> returned SUCCESS
06-06 22:05:26.570  4906  5000 D GStreamer+GST_BUS: 0:00:30.401288998 0xe9172400 gstbus.c:789:gst_bus_source_dispatch:<bus3> source 0xe92790b8 calling dispatch with state-changed message: 0xe92f7c08, time 99:99:99.999999999, seq-num 86, element 'h264parse0', GstMessageStateChanged, old-state=(GstState)GST_STATE_NULL, new-state=(GstState)GST_STATE_READY, pending-state=(GstState)GST_STATE_VOID_PENDING;
06-06 22:05:26.570  4906  5038 D GStreamer+GST_CAPS: 0:00:30.401304884 0xe900d090 gstutils.c:2955:gst_pad_query_accept_caps:<h264parse0:sink> accept caps of video/x-h264, stream-format=(string)avc, alignment=(string)au, level=(string)4, profile=(string)baseline, codec_data=(buffer)01428028ffe1000a27428028e54028016b2001000528de01ae20, width=(int)1280, height=(int)1440, framerate=(fraction)151/3, pixel-aspect-ratio=(fraction)1/1
06-06 22:05:26.570  4906  5000 D GStreamer+GST_BUS: 0:00:30.401370248 0xe9172400 gstbus.c:794:gst_bus_source_dispatch:<bus3> source 0xe92790b8 handler returns 1
06-06 22:05:26.570  4906  5038 D GStreamer+query: 0:00:30.401372071 0xe900d090 gstquery.c:674:gst_query_new_custom creating new query 0xe92be430 accept-caps
06-06 22:05:26.570  4906  5038 D GStreamer+GST_PADS: 0:00:30.401404675 0xe900d090 gstpad.c:3922:gst_pad_query:<h264parse0:sink> doing query 0xe92be430 (accept-caps)
06-06 22:05:26.570  4906  5038 D GStreamer+baseparse: 0:00:30.401438165 0xe900d090 gstbaseparse.c:1557:gst_base_parse_sink_query:<h264parse0> accept-caps query
06-06 22:05:26.570  4906  5038 D GStreamer+GST_PADS: 0:00:30.401458790 0xe900d090 gstpad.c:3059:gst_pad_query_accept_caps_default:<h264parse0:sink> query accept-caps accept-caps query: 0xe92be430, GstQueryAcceptCaps, caps=(GstCaps)"video/x-h264\,\ stream-format\=\(string\)avc\,\ alignment\=\(string\)au\,\ level\=\(string\)4\,\ profile\=\(string\)baseline\,\ codec_data\=\(buffer\)01428028ffe1000a27428028e54028016b2001000528de01ae20\,\ width\=\(int\)1280\,\ height\=\(int\)1440\,\ framerate\=\(fraction\)151/3\,\ pixel-aspect-ratio\=\(fraction\)1/1", result=(boolean)false;
06-06 22:05:26.570  4906  5038 D GStreamer+GST_PERFORMANCE: 0:00:30.401526134 0xe900d090 gstpad.c:3074:gst_pad_query_accept_caps_default:<h264parse0:sink> fallback ACCEPT_CAPS query, consider implementing a specialized version
06-06 22:05:26.571  4906  5038 D GStreamer+GST_PADS: 0:00:30.401545300 0xe900d090 gstpad.c:3085:gst_pad_query_accept_caps_default:<h264parse0:sink> allowed caps intersect video/x-h264, caps video/x-h264, stream-format=(string)avc, alignment=(string)au, level=(string)4, profile=(string)baseline, codec_data=(buffer)01428028ffe1000a27428028e54028016b2001000528de01ae20, width=(int)1280, height=(int)1440, framerate=(fraction)151/3, pixel-aspect-ratio=(fraction)1/1
06-06 22:05:26.571  4906  5038 D GStreamer+GST_PADS: 0:00:30.401600769 0xe900d090 gstpad.c:3367:gst_pad_query_default:<h264parse0:sink> not forwarding 0xe92be430 (accept-caps) query
06-06 22:05:26.571  4906  5038 D GStreamer+GST_PADS: 0:00:30.401625353 0xe900d090 gstpad.c:3945:gst_pad_query:<h264parse0:sink> sent query 0xe92be430 (accept-caps), result 1
06-06 22:05:26.571  4906  5038 D GStreamer+default: 0:00:30.401648894 0xe900d090 gstutils.c:2960:gst_pad_query_accept_caps:<h264parse0:sink> query returned 1
06-06 22:05:26.571  4906  5038 D GStreamer+decodebin: 0:00:30.401683061 0xe900d090 gstdecodebin2.c:2688:connect_element:<forhwgl> Attempting to connect element h264parse0 [chain:0xe9277810] further
06-06 22:05:26.571  4906  5038 D GStreamer+decodebin: 0:00:30.401705717 0xe900d090 gstdecodebin2.c:2701:connect_element:<forhwgl> got a source pad template src
06-06 22:05:26.571  4906  5038 I GStreamer+GST_ELEMENT_PADS: 0:00:30.401726550 0xe900d090 gstelement.c:909:gst_element_get_static_pad found pad h264parse0:src
06-06 22:05:26.571  4906  5038 D GStreamer+decodebin: 0:00:30.401745613 0xe900d090 gstdecodebin2.c:2712:connect_element:<forhwgl> got the pad for always template src
06-06 22:05:26.571  4906  5038 D GStreamer+GST_CAPS: 0:00:30.401766550 0xe900d090 gstpad.c:2672:gst_pad_get_current_caps:<h264parse0:src> get current pad caps (NULL)
06-06 22:05:26.571  4906  5038 D GStreamer+GST_CAPS: 0:00:30.401787644 0xe900d090 gstutils.c:2872:gst_pad_query_caps:<h264parse0:src> get pad caps with filter (NULL)
06-06 22:05:26.571  4906  5038 D GStreamer+query: 0:00:30.401810665 0xe900d090 gstquery.c:674:gst_query_new_custom creating new query 0xe92be460 caps
06-06 22:05:26.571  4906  5038 D GStreamer+GST_PADS: 0:00:30.401831186 0xe900d090 gstpad.c:3922:gst_pad_query:<h264parse0:src> doing query 0xe92be460 (caps)
06-06 22:05:26.571  4906  5038 D GStreamer+baseparse: 0:00:30.401856186 0xe900d090 gstbaseparse.c:1581:gst_base_parse_src_query:<h264parse0> caps query: caps query: 0xe92be460, GstQueryCaps, filter=(GstCaps)"NULL", caps=(GstCaps)"NULL";
06-06 22:05:26.571  4906  5038 D GStreamer+GST_CAPS: 0:00:30.401896394 0xe900d090 gstpad.c:3112:gst_pad_query_caps_default:<h264parse0:src> query caps caps query: 0xe92be460, GstQueryCaps, filter=(GstCaps)"NULL", caps=(GstCaps)"NULL";
06-06 22:05:26.571  4906  5038 D GStreamer+GST_CAPS: 0:00:30.401930613 0xe900d090 gstpad.c:3129:gst_pad_query_caps_default:<h264parse0:src> fixed pad caps: trying pad caps
06-06 22:05:26.571  4906  5038 D GStreamer+GST_CAPS: 0:00:30.401955092 0xe900d090 gstpad.c:3135:gst_pad_query_caps_default:<h264parse0:src> trying pad template caps
06-06 22:05:26.571  4906  5038 D GStreamer+GST_CAPS: 0:00:30.401973634 0xe900d090 gstpad.c:3165:gst_pad_query_caps_default:<h264parse0:src> using caps 0xe8ef3400 video/x-h264, parsed=(boolean)true, stream-format=(string){ avc, avc3, byte-stream }, alignment=(string){ au, nal }
06-06 22:05:26.571  4906  5038 D GStreamer+GST_PADS: 0:00:30.402012853 0xe900d090 gstpad.c:3367:gst_pad_query_default:<h264parse0:src> not forwarding 0xe92be460 (caps) query
06-06 22:05:26.571  4906  5038 D GStreamer+GST_PADS: 0:00:30.402037540 0xe900d090 gstpad.c:3945:gst_pad_query:<h264parse0:src> sent query 0xe92be460 (caps), result 1
06-06 22:05:26.571  4906  5038 D GStreamer+GST_CAPS: 0:00:30.402061707 0xe900d090 gstutils.c:2879:gst_pad_query_caps:<h264parse0:src> query returned video/x-h264, parsed=(boolean)true, stream-format=(string){ avc, avc3, byte-stream }, alignment=(string){ au, nal }
06-06 22:05:26.571  4906  5038 D GStreamer+decodebin: 0:00:30.402094363 0xe900d090 gstdecodebin2.c:1534:analyze_new_pad:<forhwgl> Pad h264parse0:src caps:video/x-h264, parsed=(boolean)true, stream-format=(string){ avc, avc3, byte-stream }, alignment=(string){ au, nal }
06-06 22:05:26.571  4906  5038 D GStreamer+GST_PADS: 0:00:30.402127540 0xe900d090 gstpad.c:1069:gst_pad_set_active:<'':decodepad0> pad was active in push mode
06-06 22:05:26.571  4906  5038 D GStreamer+GST_PADS: 0:00:30.402149050 0xe900d090 gstghostpad.c:840:gst_ghost_pad_set_target:<'':decodepad0> set target h264parse0:src
06-06 22:05:26.571  4906  5038 D GStreamer+GST_PADS: 0:00:30.402169832 0xe900d090 gstghostpad.c:862:gst_ghost_pad_set_target:<'':decodepad0> connecting internal pad to target <h264parse0:src>
