06-06 22:05:26.518  4906  5038 D GStreamer+GST_BUS: 0:00:30.348872800 0xe900d090 gstbus.c:309:gst_bus_post:<bus2> [msg 0xe92f7800] posting on bus stream-status message: 0xe92f7800, time 99:99:99.999999999, seq-num 57, element 'src', GstMessageStreamStatus, type=(GstStreamStatusType)GST_STREAM_STATUS_TYPE_ENTER, owner=(GstElement)"\(GstQueue\)\ queue0", object=(GstTask)"\(GstTask\)\ queue0:src";
06-06 22:05:26.518  4906  4906 D GStreamer+GST_BUS: 0:00:30.348962696 0xe8df3e00 gstbus.c:344:gst_bus_post:<bus2> [msg 0xe9012280] dropped
06-06 22:05:26.518  4906  4906 D GStreamer+GST_STATES: 0:00:30.348990353 0xe8df3e00 gstelement.c:2609:gst_element_set_state_func:<queue0> returned SUCCESS
06-06 22:05:26.518  4906  4906 I GStreamer+GST_STATES: 0:00:30.349014936 0xe8df3e00 gstbin.c:2892:gst_bin_change_state_func:<pipeline0> child 'queue0' changed state to 3(PAUSED) successfully
06-06 22:05:26.518  4906  5038 D GStreamer+bin: 0:00:30.348991134 0xe900d090 gstbin.c:3654:gst_bin_handle_message_func:<pipeline0> [msg 0xe92f7800] handling child src message of type stream-status
06-06 22:05:26.518  4906  5038 D GStreamer+bin: 0:00:30.349049519 0xe900d090 gstbin.c:3991:gst_bin_handle_message_func:<pipeline0> posting message upward
06-06 22:05:26.518  4906  4906 D GStreamer+bin: 0:00:30.349050040 0xe8df3e00 gstbin.c:2295:gst_bin_sort_iterator_next:<pipeline0> queue empty, next best: q
06-06 22:05:26.518  4906  4906 D GStreamer+bin: 0:00:30.349072957 0xe8df3e00 gstbin.c:2310:gst_bin_sort_iterator_next:<pipeline0> queue head gives q
06-06 22:05:26.518  4906  4906 D GStreamer+bin: 0:00:30.349092280 0xe8df3e00 gstbin.c:911:find_message:<pipeline0> no message found matching types 00001000
06-06 22:05:26.518  4906  4906 D GStreamer+bin: 0:00:30.349110405 0xe8df3e00 gstbin.c:918:find_message:<pipeline0>   structure-change
06-06 22:05:26.518  4906  4906 D GStreamer+bin: 0:00:30.349131134 0xe8df3e00 gstbin.c:2226:update_degree:<pipeline0> change element filesrc0, degree 1->0, linked to q
06-06 22:05:26.518  4906  4906 D GStreamer+bin: 0:00:30.349154050 0xe8df3e00 gstbin.c:2109:add_to_queue:<pipeline0> adding 'filesrc0' to queue
06-06 22:05:26.518  4906  4906 I GStreamer+GST_STATES: 0:00:30.349178113 0xe8df3e00 gstbin.c:2444:gst_bin_element_set_state:<q> current READY pending VOID_PENDING, desired next PAUSED
06-06 22:05:26.518  4906  4906 D GStreamer+bin: 0:00:30.349203894 0xe8df3e00 gstbin.c:911:find_message:<pipeline0> no message found matching types 00100000
06-06 22:05:26.518  4906  4906 D GStreamer+bin: 0:00:30.349222228 0xe8df3e00 gstbin.c:918:find_message:<pipeline0>   async-start
06-06 22:05:26.518  4906  4906 D GStreamer+bin: 0:00:30.349240613 0xe8df3e00 gstbin.c:2539:gst_bin_element_set_state:<pipeline0> setting element q to PAUSED, base_time 0:00:00.000000000
06-06 22:05:26.518  4906  5038 D GStreamer+GST_BUS: 0:00:30.349185613 0xe900d090 gstbus.c:309:gst_bus_post:<bus3> [msg 0xe92f7800] posting on bus stream-status message: 0xe92f7800, time 99:99:99.999999999, seq-num 57, element 'src', GstMessageStreamStatus, type=(GstStreamStatusType)GST_STREAM_STATUS_TYPE_ENTER, owner=(GstElement)"\(GstQueue\)\ queue0", object=(GstTask)"\(GstTask\)\ queue0:src";
06-06 22:05:26.518  4906  4906 D GStreamer+GST_STATES: 0:00:30.349270509 0xe8df3e00 gstelement.c:2525:gst_element_set_state_func:<q> set_state to PAUSED
06-06 22:05:26.518  4906  5038 D GStreamer+GST_BUS: 0:00:30.349282644 0xe900d090 gstbus.c:348:gst_bus_post:<bus3> [msg 0xe92f7800] pushing on async queue
06-06 22:05:26.518  4906  4906 D GStreamer+GST_STATES: 0:00:30.349290509 0xe8df3e00 gstelement.c:2550:gst_element_set_state_func:<q> setting target state to PAUSED
06-06 22:05:26.518  4906  5038 D GStreamer+GST_BUS: 0:00:30.349309936 0xe900d090 gstbus.c:351:gst_bus_post:<bus3> [msg 0xe92f7800] pushed on async queue
06-06 22:05:26.518  4906  5000 D GStreamer+GST_BUS: 0:00:30.349328373 0xe9172400 gstbus.c:521:gst_bus_timed_pop_filtered:<bus3> got message 0xe92f7800, stream-status from src, type mask is 4294967295
06-06 22:05:26.518  4906  5038 D GStreamer+GST_BUS: 0:00:30.349331446 0xe900d090 gstbus.c:344:gst_bus_post:<bus2> [msg 0xe92f7800] dropped
06-06 22:05:26.518  4906  5038 D GStreamer+task: 0:00:30.349381342 0xe900d090 gsttask.c:251:gst_task_configure_name:<queue0:src> Setting thread name to 'queue0:src'
06-06 22:05:26.518  4906  5000 D GStreamer+GST_BUS: 0:00:30.349358009 0xe9172400 gstbus.c:789:gst_bus_source_dispatch:<bus3> source 0xe92790b8 calling dispatch with stream-status message: 0xe92f7800, time 99:99:99.999999999, seq-num 57, element 'src', GstMessageStreamStatus, type=(GstStreamStatusType)GST_STREAM_STATUS_TYPE_ENTER, owner=(GstElement)"\(GstQueue\)\ queue0", object=(GstTask)"\(GstTask\)\ queue0:src";
06-06 22:05:26.518  4906  5038 D GStreamer+queue_dataflow: 0:00:30.349411446 0xe900d090 gstqueue.c:1488:gst_queue_loop:<queue0> queue is empty
06-06 22:05:26.518  4906  5000 D GStreamer+GST_BUS: 0:00:30.349440144 0xe9172400 gstbus.c:794:gst_bus_source_dispatch:<bus3> source 0xe92790b8 handler returns 1
06-06 22:05:26.518  4906  4906 D GStreamer+GST_STATES: 0:00:30.349485873 0xe8df3e00 gstelement.c:2563:gst_element_set_state_func:<q> current READY, old_pending VOID_PENDING, next VOID_PENDING, old return SUCCESS
06-06 22:05:26.518  4906  4906 D GStreamer+GST_STATES: 0:00:30.349511446 0xe8df3e00 gstelement.c:2597:gst_element_set_state_func:<q> final: setting state from READY to PAUSED
06-06 22:05:26.518  4906  4906 D GStreamer+GST_ELEMENT_PADS: 0:00:30.349537019 0xe8df3e00 gstelement.c:2795:gst_element_pads_activate:<q> activate pads
06-06 22:05:26.518  4906  4906 D GStreamer+GST_PADS: 0:00:30.349562280 0xe8df3e00 gstpad.c:1063:gst_pad_set_active:<q:sink> activating pad from none
06-06 22:05:26.519  4906  4906 D GStreamer+query: 0:00:30.349584623 0xe8df3e00 gstquery.c:674:gst_query_new_custom creating new query 0xe900d0c0 scheduling
06-06 22:05:26.519  4906  4906 D GStreamer+GST_PADS: 0:00:30.349608217 0xe8df3e00 gstpad.c:4049:gst_pad_peer_query:<q:sink> peer query 0xe900d0c0 (scheduling)
06-06 22:05:26.519  4906  4906 D GStreamer+GST_PADS: 0:00:30.349631915 0xe8df3e00 gstpad.c:3922:gst_pad_query:<filesrc0:src> doing query 0xe900d0c0 (scheduling)
06-06 22:05:26.519  4906  4906 I GStreamer+filesrc: 0:00:30.349659884 0xe8df3e00 gstfilesrc.c:465:gst_file_src_start:<filesrc0> opening file /storage/emulated/0/aiTennis3D/video/videov.mp4
06-06 22:05:26.519  4906  4906 D GStreamer+basesrc: 0:00:30.349894780 0xe8df3e00 gstbasesrc.c:3382:gst_base_src_start_complete:<filesrc0> starting source
06-06 22:05:26.519  4906  4906 D GStreamer+basesrc: 0:00:30.349925300 0xe8df3e00 gstbasesrc.c:3395:gst_base_src_start_complete:<filesrc0> setting size 16031303
06-06 22:05:26.519  4906  4906 D GStreamer+basesrc: 0:00:30.349951290 0xe8df3e00 gstbasesrc.c:3406:gst_base_src_start_complete:<filesrc0> format: bytes, have size: 1, size: 16031303, duration: 16031303
06-06 22:05:26.519  4906  4906 D GStreamer+basesrc: 0:00:30.349980457 0xe8df3e00 gstbasesrc.c:3409:gst_base_src_start_complete:<filesrc0> is seekable: 1
06-06 22:05:26.519  4906  4906 D GStreamer+basesrc: 0:00:30.350000509 0xe8df3e00 gstbasesrc.c:3414:gst_base_src_start_complete:<filesrc0> is random_access: 1
06-06 22:05:26.519  4906  4906 D GStreamer+basesrc: 0:00:30.350019311 0xe8df3e00 gstbasesrc.c:3577:gst_base_src_set_flushing:<filesrc0> flushing 0, live_play 0
06-06 22:05:26.519  4906  4906 D GStreamer+basesrc: 0:00:30.350043113 0xe8df3e00 gstbasesrc.c:3534:gst_base_src_stop:<filesrc0> stopping source
06-06 22:05:26.519  4906  4906 D GStreamer+basesrc: 0:00:30.350061655 0xe8df3e00 gstbasesrc.c:3577:gst_base_src_set_flushing:<filesrc0> flushing 1, live_play 0
06-06 22:05:26.519  4906  4906 D GStreamer+GST_PADS: 0:00:30.350083894 0xe8df3e00 gstpad.c:6082:gst_pad_stop_task:<filesrc0:src> stop task
06-06 22:05:26.519  4906  4906 D GStreamer+GST_PADS: 0:00:30.350102228 0xe8df3e00 gstpad.c:6104:gst_pad_stop_task:<filesrc0:src> no task
06-06 22:05:26.519  4906  4906 W GStreamer+basesrc: 0:00:30.350152905 0xe8df3e00 gstbasesrc.c:3488:gst_base_src_start_complete:<filesrc0> pad not activated yet
06-06 22:05:26.519  4906  4906 D GStreamer+basesrc: 0:00:30.350178165 0xe8df3e00 gstbasesrc.c:3523:gst_base_src_start_wait:<filesrc0> got error
06-06 22:05:26.519  4906  4906 D GStreamer+basesrc: 0:00:30.350206238 0xe8df3e00 gstbasesrc.c:1295:gst_base_src_default_query:<filesrc0> query scheduling returns 1
06-06 22:05:26.519  4906  4906 D GStreamer+GST_PADS: 0:00:30.350229050 0xe8df3e00 gstpad.c:3945:gst_pad_query:<filesrc0:src> sent query 0xe900d0c0 (scheduling), result 1
06-06 22:05:26.519  4906  4906 D GStreamer+qtdemux: 0:00:30.350265300 0xe8df3e00 qtdemux.c:6637:qtdemux_sink_activate:<q:sink> activating pull
06-06 22:05:26.519  4906  4906 D GStreamer+GST_PADS: 0:00:30.350286290 0xe8df3e00 gstpad.c:1148:activate_mode_internal:<q:sink> calling peer
06-06 22:05:26.519  4906  4906 D GStreamer+GST_PADS: 0:00:30.350303634 0xe8df3e00 gstpad.c:979:pre_activate:<filesrc0:src> setting pad into pull mode, unset flushing
06-06 22:05:26.519  4906  4906 D GStreamer+basesrc: 0:00:30.350325717 0xe8df3e00 gstbasesrc.c:3775:gst_base_src_activate_mode:<filesrc0:src> activating in mode 2
06-06 22:05:26.519  4906  4906 D GStreamer+basesrc: 0:00:30.350345665 0xe8df3e00 gstbasesrc.c:3743:gst_base_src_activate_pull:<filesrc0> Activating in pull mode
06-06 22:05:26.519  4906  4906 I GStreamer+filesrc: 0:00:30.350364311 0xe8df3e00 gstfilesrc.c:465:gst_file_src_start:<filesrc0> opening file /storage/emulated/0/aiTennis3D/video/videov.mp4
06-06 22:05:26.519  4906  4906 D GStreamer+basesrc: 0:00:30.350455561 0xe8df3e00 gstbasesrc.c:3382:gst_base_src_start_complete:<filesrc0> starting source
06-06 22:05:26.519  4906  4906 D GStreamer+basesrc: 0:00:30.350481446 0xe8df3e00 gstbasesrc.c:3395:gst_base_src_start_complete:<filesrc0> setting size 16031303
06-06 22:05:26.519  4906  4906 D GStreamer+basesrc: 0:00:30.350504780 0xe8df3e00 gstbasesrc.c:3406:gst_base_src_start_complete:<filesrc0> format: bytes, have size: 1, size: 16031303, duration: 16031303
06-06 22:05:26.519  4906  4906 D GStreamer+basesrc: 0:00:30.350531707 0xe8df3e00 gstbasesrc.c:3409:gst_base_src_start_complete:<filesrc0> is seekable: 1
06-06 22:05:26.519  4906  4906 D GStreamer+basesrc: 0:00:30.350550925 0xe8df3e00 gstbasesrc.c:3414:gst_base_src_start_complete:<filesrc0> is random_access: 1
06-06 22:05:26.519  4906  4906 D GStreamer+basesrc: 0:00:30.350569780 0xe8df3e00 gstbasesrc.c:3577:gst_base_src_set_flushing:<filesrc0> flushing 0, live_play 0
06-06 22:05:26.520  4906  4906 D GStreamer+basesrc: 0:00:30.350592905 0xe8df3e00 gstbasesrc.c:3523:gst_base_src_start_wait:<filesrc0> got ok
06-06 22:05:26.520  4906  4906 D GStreamer+GST_PADS: 0:00:30.350611082 0xe8df3e00 gstpad.c:1188:activate_mode_internal:<filesrc0:src> activated in pull mode
06-06 22:05:26.520  4906  4906 D GStreamer+GST_PADS: 0:00:30.350676759 0xe8df3e00 gstpad.c:979:pre_activate:<q:sink> setting pad into pull mode, unset flushing
06-06 22:05:26.520  4906  4906 D GStreamer+GST_PADS: 0:00:30.350701655 0xe8df3e00 gstpad.c:991:pre_activate:<q:sink> reschedule events on peer filesrc0:src
06-06 22:05:26.520  4906  4906 D GStreamer+GST_PADS: 0:00:30.350725248 0xe8df3e00 gstpad.c:5978:gst_pad_start_task:<q:sink> start task
06-06 22:05:26.520  4906  4906 D GStreamer+task: 0:00:30.350772748 0xe8df3e00 gsttask.c:427:gst_task_new Created task 0xe92f6178
06-06 22:05:26.520  4906  4906 I GStreamer+task: 0:00:30.350794988 0xe8df3e00 gsttask.c:453:gst_task_set_lock setting stream lock 0xe901e1c4 on task 0xe92f6178
06-06 22:05:26.520  4906  4906 I GStreamer+GST_PADS: 0:00:30.350816655 0xe8df3e00 gstpad.c:5987:gst_pad_start_task:<q:sink> created task 0xe92f6178
06-06 22:05:26.520  4906  4906 D GStreamer+GST_PADS: 0:00:30.350837540 0xe8df3e00 gstpad.c:5904:do_stream_status:<q:sink> doing stream-status 0
06-06 22:05:26.520  4906  4906 D GStreamer+GST_PADS: 0:00:30.350867800 0xe8df3e00 gstpad.c:5933:do_stream_status:<q:sink> posting stream-status 0
06-06 22:05:26.520  4906  4906 D GStreamer+GST_BUS: 0:00:30.350891030 0xe8df3e00 gstbus.c:309:gst_bus_post:<bus2> [msg 0xe90122d8] posting on bus stream-status message: 0xe90122d8, time 99:99:99.999999999, seq-num 60, element 'sink', GstMessageStreamStatus, type=(GstStreamStatusType)GST_STREAM_STATUS_TYPE_CREATE, owner=(GstElement)"\(GstQTDemux\)\ q", object=(GstTask)"\(GstTask\)\ task2";
06-06 22:05:26.520  4906  4906 D GStreamer+bin: 0:00:30.351088946 0xe8df3e00 gstbin.c:3654:gst_bin_handle_message_func:<pipeline0> [msg 0xe90122d8] handling child sink message of type stream-status
06-06 22:05:26.520  4906  4906 D GStreamer+bin: 0:00:30.351117019 0xe8df3e00 gstbin.c:3991:gst_bin_handle_message_func:<pipeline0> posting message upward
06-06 22:05:26.520  4906  4906 D GStreamer+GST_BUS: 0:00:30.351137228 0xe8df3e00 gstbus.c:309:gst_bus_post:<bus3> [msg 0xe90122d8] posting on bus stream-status message: 0xe90122d8, time 99:99:99.999999999, seq-num 60, element 'sink', GstMessageStreamStatus, type=(GstStreamStatusType)GST_STREAM_STATUS_TYPE_CREATE, owner=(GstElement)"\(GstQTDemux\)\ q", object=(GstTask)"\(GstTask\)\ task2";
06-06 22:05:26.520  4906  4906 D GStreamer+GST_BUS: 0:00:30.351194623 0xe8df3e00 gstbus.c:348:gst_bus_post:<bus3> [msg 0xe90122d8] pushing on async queue
06-06 22:05:26.520  4906  5000 D GStreamer+GST_BUS: 0:00:30.351250978 0xe9172400 gstbus.c:521:gst_bus_timed_pop_filtered:<bus3> got message 0xe90122d8, stream-status from sink, type mask is 4294967295
06-06 22:05:26.520  4906  5000 D GStreamer+GST_BUS: 0:00:30.351282800 0xe9172400 gstbus.c:789:gst_bus_source_dispatch:<bus3> source 0xe92790b8 calling dispatch with stream-status message: 0xe90122d8, time 99:99:99.999999999, seq-num 60, element 'sink', GstMessageStreamStatus, type=(GstStreamStatusType)GST_STREAM_STATUS_TYPE_CREATE, owner=(GstElement)"\(GstQTDemux\)\ q", object=(GstTask)"\(GstTask\)\ task2";
06-06 22:05:26.520  4906  5000 D GStreamer+GST_BUS: 0:00:30.351347957 0xe9172400 gstbus.c:794:gst_bus_source_dispatch:<bus3> source 0xe92790b8 handler returns 1
06-06 22:05:26.520  4906  4906 D GStreamer+GST_BUS: 0:00:30.351394936 0xe8df3e00 gstbus.c:351:gst_bus_post:<bus3> [msg 0xe90122d8] pushed on async queue
06-06 22:05:26.520  4906  4906 D GStreamer+GST_BUS: 0:00:30.351437905 0xe8df3e00 gstbus.c:344:gst_bus_post:<bus2> [msg 0xe90122d8] dropped
06-06 22:05:26.520  4906  4906 D GStreamer+task: 0:00:30.351462332 0xe8df3e00 gsttask.c:684:gst_task_set_state:<task2> Changing task 0xe92f6178 to state 0
06-06 22:05:26.521  4906  4906 D GStreamer+GST_PADS: 0:00:30.351574050 0xe8df3e00 gstpad.c:1188:activate_mode_internal:<q:sink> activated in pull mode
06-06 22:05:26.521  4906  4906 D GStreamer+GST_ELEMENT_PADS: 0:00:30.351610092 0xe8df3e00 gstelement.c:2814:gst_element_pads_activate:<q> pad activation successful
06-06 22:05:26.521  4906  4906 D GStreamer+GST_STATES: 0:00:30.351633321 0xe8df3e00 gstelement.c:2686:gst_element_change_state:<q> element changed state SUCCESS
06-06 22:05:26.521  4906  4906 I GStreamer+GST_STATES: 0:00:30.351652748 0xe8df3e00 gstelement.c:2374:gst_element_continue_state:<q> completed state change to PAUSED
06-06 22:05:26.521  4906  4906 I GStreamer+GST_STATES: 0:00:30.351672644 0xe8df3e00 gstelement.c:2279:_priv_gst_element_state_changed:<q> notifying about state-changed READY to PAUSED (VOID_PENDING pending)
06-06 22:05:26.521  4906  5039 D GStreamer+task: 0:00:30.351749936 0xe900d0f0 gsttask.c:289:gst_task_func Entering task 0xe92f6178, thread 0xe900d0f0
06-06 22:05:26.521  4906  5039 D GStreamer+GST_PADS: 0:00:30.351797175 0xe900d0f0 gstpad.c:5904:do_stream_status:<q:sink> doing stream-status 1
06-06 22:05:26.521  4906  4906 D GStreamer+GST_BUS: 0:00:30.351702123 0xe8df3e00 gstbus.c:309:gst_bus_post:<bus2> [msg 0xe9012330] posting on bus state-changed message: 0xe9012330, time 99:99:99.999999999, seq-num 61, element 'q', GstMessageStateChanged, old-state=(GstState)GST_STATE_READY, new-state=(GstState)GST_STATE_PAUSED, pending-state=(GstState)GST_STATE_VOID_PENDING;
06-06 22:05:26.521  4906  4906 D GStreamer+bin: 0:00:30.351838217 0xe8df3e00 gstbin.c:3654:gst_bin_handle_message_func:<pipeline0> [msg 0xe9012330] handling child q message of type state-changed
06-06 22:05:26.521  4906  5039 D GStreamer+GST_PADS: 0:00:30.351853998 0xe900d0f0 gstpad.c:5933:do_stream_status:<q:sink> posting stream-status 1
06-06 22:05:26.521  4906  4906 D GStreamer+bin: 0:00:30.351865196 0xe8df3e00 gstbin.c:3991:gst_bin_handle_message_func:<pipeline0> posting message upward
06-06 22:05:26.521  4906  4906 D GStreamer+GST_BUS: 0:00:30.351886603 0xe8df3e00 gstbus.c:309:gst_bus_post:<bus3> [msg 0xe9012330] posting on bus state-changed message: 0xe9012330, time 99:99:99.999999999, seq-num 61, element 'q', GstMessageStateChanged, old-state=(GstState)GST_STATE_READY, new-state=(GstState)GST_STATE_PAUSED, pending-state=(GstState)GST_STATE_VOID_PENDING;
06-06 22:05:26.521  4906  5039 D GStreamer+GST_BUS: 0:00:30.351876186 0xe900d0f0 gstbus.c:309:gst_bus_post:<bus2> [msg 0xe915d2d8] posting on bus stream-status message: 0xe915d2d8, time 99:99:99.999999999, seq-num 62, element 'sink', GstMessageStreamStatus, type=(GstStreamStatusType)GST_STREAM_STATUS_TYPE_ENTER, owner=(GstElement)"\(GstQTDemux\)\ q", object=(GstTask)"\(GstTask\)\ q:sink";
06-06 22:05:26.521  4906  4906 D GStreamer+GST_BUS: 0:00:30.351945092 0xe8df3e00 gstbus.c:348:gst_bus_post:<bus3> [msg 0xe9012330] pushing on async queue
06-06 22:05:26.521  4906  5039 D GStreamer+bin: 0:00:30.351954311 0xe900d0f0 gstbin.c:3654:gst_bin_handle_message_func:<pipeline0> [msg 0xe915d2d8] handling child sink message of type stream-status
06-06 22:05:26.521  4906  5039 D GStreamer+bin: 0:00:30.351978998 0xe900d0f0 gstbin.c:3991:gst_bin_handle_message_func:<pipeline0> posting message upward
06-06 22:05:26.521  4906  5000 D GStreamer+GST_BUS: 0:00:30.352007748 0xe9172400 gstbus.c:521:gst_bus_timed_pop_filtered:<bus3> got message 0xe9012330, state-changed from q, type mask is 4294967295
06-06 22:05:26.521  4906  5039 D GStreamer+GST_BUS: 0:00:30.351998478 0xe900d0f0 gstbus.c:309:gst_bus_post:<bus3> [msg 0xe915d2d8] posting on bus stream-status message: 0xe915d2d8, time 99:99:99.999999999, seq-num 62, element 'sink', GstMessageStreamStatus, type=(GstStreamStatusType)GST_STREAM_STATUS_TYPE_ENTER, owner=(GstElement)"\(GstQTDemux\)\ q", object=(GstTask)"\(GstTask\)\ q:sink";
06-06 22:05:26.521  4906  5039 D GStreamer+GST_BUS: 0:00:30.352072175 0xe900d0f0 gstbus.c:348:gst_bus_post:<bus3> [msg 0xe915d2d8] pushing on async queue
06-06 22:05:26.521  4906  5000 D GStreamer+GST_BUS: 0:00:30.352045873 0xe9172400 gstbus.c:789:gst_bus_source_dispatch:<bus3> source 0xe92790b8 calling dispatch with state-changed message: 0xe9012330, time 99:99:99.999999999, seq-num 61, element 'q', GstMessageStateChanged, old-state=(GstState)GST_STATE_READY, new-state=(GstState)GST_STATE_PAUSED, pending-state=(GstState)GST_STATE_VOID_PENDING;
06-06 22:05:26.521  4906  5039 D GStreamer+GST_BUS: 0:00:30.352099363 0xe900d0f0 gstbus.c:351:gst_bus_post:<bus3> [msg 0xe915d2d8] pushed on async queue
06-06 22:05:26.521  4906  5000 D GStreamer+GST_BUS: 0:00:30.352107436 0xe9172400 gstbus.c:794:gst_bus_source_dispatch:<bus3> source 0xe92790b8 handler returns 1
06-06 22:05:26.521  4906  5039 D GStreamer+GST_BUS: 0:00:30.352120405 0xe900d0f0 gstbus.c:344:gst_bus_post:<bus2> [msg 0xe915d2d8] dropped
06-06 22:05:26.521  4906  5039 D GStreamer+task: 0:00:30.352142123 0xe900d0f0 gsttask.c:251:gst_task_configure_name:<q:sink> Setting thread name to 'q:sink'
06-06 22:05:26.521  4906  5000 D GStreamer+GST_BUS: 0:00:30.352143998 0xe9172400 gstbus.c:521:gst_bus_timed_pop_filtered:<bus3> got message 0xe915d2d8, stream-status from sink, type mask is 4294967295
06-06 22:05:26.521  4906  5039 D GStreamer+basesrc: 0:00:30.352172384 0xe900d0f0 gstbasesrc.c:2354:gst_base_src_update_length:<filesrc0> reading offset 0, length 16, size 16031303, segment.stop -1, maxsize 16031303
06-06 22:05:26.521  4906  5039 D GStreamer+basesrc: 0:00:30.352214363 0xe900d0f0 gstbasesrc.c:2455:gst_base_src_get_range:<filesrc0> calling create offset 0 length 16, time 0
06-06 22:05:26.521  4906  5000 D GStreamer+GST_BUS: 0:00:30.352173634 0xe9172400 gstbus.c:789:gst_bus_source_dispatch:<bus3> source 0xe92790b8 calling dispatch with stream-status message: 0xe915d2d8, time 99:99:99.999999999, seq-num 62, element 'sink', GstMessageStreamStatus, type=(GstStreamStatusType)GST_STREAM_STATUS_TYPE_ENTER, owner=(GstElement)"\(GstQTDemux\)\ q", object=(GstTask)"\(GstTask\)\ q:sink";
06-06 22:05:26.521  4906  5039 D GStreamer+GST_MEMORY: 0:00:30.352245665 0xe900d0f0 gstmemory.c:138:gst_memory_init new memory 0xe92f9828, maxsize:19 offset:0 size:16
06-06 22:05:26.521  4906  5000 D GStreamer+GST_BUS: 0:00:30.352251342 0xe9172400 gstbus.c:794:gst_bus_source_dispatch:<bus3> source 0xe92790b8 handler returns 1
06-06 22:05:26.521  4906  4906 D GStreamer+GST_BUS: 0:00:30.352293894 0xe8df3e00 gstbus.c:351:gst_bus_post:<bus3> [msg 0xe9012330] pushed on async queue
06-06 22:05:26.521  4906  4906 D GStreamer+GST_BUS: 0:00:30.352321394 0xe8df3e00 gstbus.c:344:gst_bus_post:<bus2> [msg 0xe9012330] dropped
06-06 22:05:26.521  4906  4906 D GStreamer+GST_STATES: 0:00:30.352345561 0xe8df3e00 gstelement.c:2609:gst_element_set_state_func:<q> returned SUCCESS
06-06 22:05:26.521  4906  5039 D GStreamer+basesrc: 0:00:30.352345769 0xe900d0f0 gstbasesrc.c:2500:gst_base_src_get_range:<filesrc0> setting first timestamp to 0
06-06 22:05:26.521  4906  4906 I GStreamer+GST_STATES: 0:00:30.352366707 0xe8df3e00 gstbin.c:2892:gst_bin_change_state_func:<pipeline0> child 'q' changed state to 3(PAUSED) successfully
06-06 22:05:26.521  4906  5039 D GStreamer+basesrc: 0:00:30.352371915 0xe900d0f0 gstbasesrc.c:2309:gst_base_src_do_sync:<filesrc0> we have no clock
06-06 22:05:26.521  4906  5039 D GStreamer+basesrc: 0:00:30.352392748 0xe900d0f0 gstbasesrc.c:2519:gst_base_src_get_range:<filesrc0> buffer ok
06-06 22:05:26.521  4906  4906 D GStreamer+bin: 0:00:30.352394103 0xe8df3e00 gstbin.c:2310:gst_bin_sort_iterator_next:<pipeline0> queue head gives filesrc0
06-06 22:05:26.521  4906  4906 D GStreamer+bin: 0:00:30.352429415 0xe8df3e00 gstbin.c:2249:update_degree:<pipeline0> element filesrc0 not linked on any sinkpads
06-06 22:05:26.521  4906  5039 D GStreamer+qtdemux: 0:00:30.352430873 0xe900d0f0 qtdemux.c:2766:extract_initial_length_and_fourcc length 0x00000020
06-06 22:05:26.521  4906  5039 D GStreamer+qtdemux: 0:00:30.352459050 0xe900d0f0 qtdemux.c:2768:extract_initial_length_and_fourcc atom type ftyp
06-06 22:05:26.521  4906  4906 I GStreamer+GST_STATES: 0:00:30.352457436 0xe8df3e00 gstbin.c:2444:gst_bin_element_set_state:<filesrc0> current READY pending VOID_PENDING, desired next PAUSED
06-06 22:05:26.521  4906  5039 D GStreamer+GST_MEMORY: 0:00:30.352494259 0xe900d0f0 gstmemory.c:87:_gst_memory_free free memory 0xe92f9828
06-06 22:05:26.521  4906  4906 D GStreamer+bin: 0:00:30.352493373 0xe8df3e00 gstbin.c:911:find_message:<pipeline0> no message found matching types 00100000
06-06 22:05:26.521  4906  4906 D GStreamer+bin: 0:00:30.352517332 0xe8df3e00 gstbin.c:918:find_message:<pipeline0>   async-start
06-06 22:05:26.521  4906  5039 D GStreamer+basesrc: 0:00:30.352517905 0xe900d0f0 gstbasesrc.c:2354:gst_base_src_update_length:<filesrc0> reading offset 0, length 32, size 16031303, segment.stop -1, maxsize 16031303
06-06 22:05:26.521  4906  4906 D GStreamer+bin: 0:00:30.352540196 0xe8df3e00 gstbin.c:2539:gst_bin_element_set_state:<pipeline0> setting element filesrc0 to PAUSED, base_time 0:00:00.000000000
06-06 22:05:26.521  4906  5039 D GStreamer+basesrc: 0:00:30.352551550 0xe900d0f0 gstbasesrc.c:2455:gst_base_src_get_range:<filesrc0> calling create offset 0 length 32, time 0
06-06 22:05:26.521  4906  4906 D GStreamer+GST_STATES: 0:00:30.352567436 0xe8df3e00 gstelement.c:2525:gst_element_set_state_func:<filesrc0> set_state to PAUSED
06-06 22:05:26.522  4906  5039 D GStreamer+GST_MEMORY: 0:00:30.352579728 0xe900d0f0 gstmemory.c:138:gst_memory_init new memory 0xe8df5670, maxsize:35 offset:0 size:32
06-06 22:05:26.522  4906  4906 D GStreamer+GST_STATES: 0:00:30.352589363 0xe8df3e00 gstelement.c:2550:gst_element_set_state_func:<filesrc0> setting target state to PAUSED
06-06 22:05:26.522  4906  5039 D GStreamer+basesrc: 0:00:30.352609988 0xe900d0f0 gstbasesrc.c:2500:gst_base_src_get_range:<filesrc0> setting first timestamp to 0
06-06 22:05:26.522  4906  4906 D GStreamer+GST_STATES: 0:00:30.352608686 0xe8df3e00 gstelement.c:2563:gst_element_set_state_func:<filesrc0> current READY, old_pending VOID_PENDING, next VOID_PENDING, old return SUCCESS
06-06 22:05:26.522  4906  4906 D GStreamer+GST_STATES: 0:00:30.352635978 0xe8df3e00 gstelement.c:2597:gst_element_set_state_func:<filesrc0> final: setting state from READY to PAUSED
06-06 22:05:26.522  4906  4906 D GStreamer+GST_ELEMENT_PADS: 0:00:30.352665978 0xe8df3e00 gstelement.c:2795:gst_element_pads_activate:<filesrc0> activate pads
06-06 22:05:26.522  4906  5039 D GStreamer+basesrc: 0:00:30.352669728 0xe900d0f0 gstbasesrc.c:2309:gst_base_src_do_sync:<filesrc0> we have no clock
06-06 22:05:26.522  4906  5039 D GStreamer+basesrc: 0:00:30.352696811 0xe900d0f0 gstbasesrc.c:2519:gst_base_src_get_range:<filesrc0> buffer ok
06-06 22:05:26.522  4906  4906 D GStreamer+GST_PADS: 0:00:30.352707905 0xe8df3e00 gstpad.c:1069:gst_pad_set_active:<filesrc0:src> pad was active in pull mode
06-06 22:05:26.522  4906  5039 D GStreamer+qtdemux: 0:00:30.352716707 0xe900d0f0 qtdemux.c:2474:qtdemux_parse_ftyp:<q> major brand: mp42
06-06 22:05:26.522  4906  4906 D GStreamer+GST_ELEMENT_PADS: 0:00:30.352737696 0xe8df3e00 gstelement.c:2814:gst_element_pads_activate:<filesrc0> pad activation successful
06-06 22:05:26.522  4906  5039 D GStreamer+GST_MEMORY: 0:00:30.352745040 0xe900d0f0 gstmemory.c:138:gst_memory_init new memory 0xe92f9890, maxsize:19 offset:0 size:16
06-06 22:05:26.522  4906  4906 D GStreamer+GST_STATES: 0:00:30.352760613 0xe8df3e00 gstelement.c:2686:gst_element_change_state:<filesrc0> element changed state SUCCESS
06-06 22:05:26.522  4906  5039 D GStreamer+GST_MEMORY: 0:00:30.352771759 0xe900d0f0 gstmemory.c:87:_gst_memory_free free memory 0xe8df5670
06-06 22:05:26.522  4906  4906 I GStreamer+GST_STATES: 0:00:30.352778738 0xe8df3e00 gstelement.c:2374:gst_element_continue_state:<filesrc0> completed state change to PAUSED
06-06 22:05:26.522  4906  4906 I GStreamer+GST_STATES: 0:00:30.352796655 0xe8df3e00 gstelement.c:2279:_priv_gst_element_state_changed:<filesrc0> notifying about state-changed READY to PAUSED (VOID_PENDING pending)
06-06 22:05:26.522  4906  5039 D GStreamer+basesrc: 0:00:30.352797280 0xe900d0f0 gstbasesrc.c:2354:gst_base_src_update_length:<filesrc0> reading offset 32, length 16, size 16031303, segment.stop -1, maxsize 16031303
06-06 22:05:26.522  4906  5039 D GStreamer+basesrc: 0:00:30.352836082 0xe900d0f0 gstbasesrc.c:2455:gst_base_src_get_range:<filesrc0> calling create offset 32 length 16, time 0
06-06 22:05:26.522  4906  5039 D GStreamer+GST_MEMORY: 0:00:30.352862175 0xe900d0f0 gstmemory.c:138:gst_memory_init new memory 0xe92f98f8, maxsize:19 offset:0 size:16
06-06 22:05:26.522  4906  4906 D GStreamer+GST_BUS: 0:00:30.352835248 0xe8df3e00 gstbus.c:309:gst_bus_post:<bus2> [msg 0xe9012388] posting on bus state-changed message: 0xe9012388, time 99:99:99.999999999, seq-num 63, element 'filesrc0', GstMessageStateChanged, old-state=(GstState)GST_STATE_READY, new-state=(GstState)GST_STATE_PAUSED, pending-state=(GstState)GST_STATE_VOID_PENDING;
06-06 22:05:26.522  4906  5039 D GStreamer+basesrc: 0:00:30.352890717 0xe900d0f0 gstbasesrc.c:2309:gst_base_src_do_sync:<filesrc0> we have no clock
06-06 22:05:26.522  4906  4906 D GStreamer+bin: 0:00:30.352896238 0xe8df3e00 gstbin.c:3654:gst_bin_handle_message_func:<pipeline0> [msg 0xe9012388] handling child filesrc0 message of type state-changed
06-06 22:05:26.522  4906  5039 D GStreamer+basesrc: 0:00:30.352910769 0xe900d0f0 gstbasesrc.c:2519:gst_base_src_get_range:<filesrc0> buffer ok
06-06 22:05:26.522  4906  4906 D GStreamer+bin: 0:00:30.352919571 0xe8df3e00 gstbin.c:3991:gst_bin_handle_message_func:<pipeline0> posting message upward
06-06 22:05:26.522  4906  5039 D GStreamer+qtdemux: 0:00:30.352929155 0xe900d0f0 qtdemux.c:2766:extract_initial_length_and_fourcc length 0x00000008
06-06 22:05:26.522  4906  5039 D GStreamer+qtdemux: 0:00:30.352947644 0xe900d0f0 qtdemux.c:2768:extract_initial_length_and_fourcc atom type free
06-06 22:05:26.522  4906  4906 D GStreamer+GST_BUS: 0:00:30.352937592 0xe8df3e00 gstbus.c:309:gst_bus_post:<bus3> [msg 0xe9012388] posting on bus state-changed message: 0xe9012388, time 99:99:99.999999999, seq-num 63, element 'filesrc0', GstMessageStateChanged, old-state=(GstState)GST_STATE_READY, new-state=(GstState)GST_STATE_PAUSED, pending-state=(GstState)GST_STATE_VOID_PENDING;
06-06 22:05:26.522  4906  5039 D GStreamer+GST_MEMORY: 0:00:30.352975405 0xe900d0f0 gstmemory.c:87:_gst_memory_free free memory 0xe92f98f8
06-06 22:05:26.522  4906  4906 D GStreamer+GST_BUS: 0:00:30.352993478 0xe8df3e00 gstbus.c:348:gst_bus_post:<bus3> [msg 0xe9012388] pushing on async queue
06-06 22:05:26.522  4906  5039 D GStreamer+basesrc: 0:00:30.352998113 0xe900d0f0 gstbasesrc.c:2354:gst_base_src_update_length:<filesrc0> reading offset 40, length 16, size 16031303, segment.stop -1, maxsize 16031303
06-06 22:05:26.522  4906  5039 D GStreamer+basesrc: 0:00:30.353026811 0xe900d0f0 gstbasesrc.c:2455:gst_base_src_get_range:<filesrc0> calling create offset 40 length 16, time 0
06-06 22:05:26.522  4906  5039 D GStreamer+GST_MEMORY: 0:00:30.353047905 0xe900d0f0 gstmemory.c:138:gst_memory_init new memory 0xe92f9960, maxsize:19 offset:0 size:16
06-06 22:05:26.522  4906  5000 D GStreamer+GST_BUS: 0:00:30.353040196 0xe9172400 gstbus.c:521:gst_bus_timed_pop_filtered:<bus3> got message 0xe9012388, state-changed from filesrc0, type mask is 4294967295
06-06 22:05:26.522  4906  5039 D GStreamer+basesrc: 0:00:30.353078425 0xe900d0f0 gstbasesrc.c:2309:gst_base_src_do_sync:<filesrc0> we have no clock
06-06 22:05:26.522  4906  5039 D GStreamer+basesrc: 0:00:30.353098738 0xe900d0f0 gstbasesrc.c:2519:gst_base_src_get_range:<filesrc0> buffer ok
06-06 22:05:26.522  4906  5000 D GStreamer+GST_BUS: 0:00:30.353076186 0xe9172400 gstbus.c:789:gst_bus_source_dispatch:<bus3> source 0xe92790b8 calling dispatch with state-changed message: 0xe9012388, time 99:99:99.999999999, seq-num 63, element 'filesrc0', GstMessageStateChanged, old-state=(GstState)GST_STATE_READY, new-state=(GstState)GST_STATE_PAUSED, pending-state=(GstState)GST_STATE_VOID_PENDING;
06-06 22:05:26.522  4906  5039 D GStreamer+qtdemux: 0:00:30.353116967 0xe900d0f0 qtdemux.c:2766:extract_initial_length_and_fourcc length 0x00f4815a
06-06 22:05:26.522  4906  5000 D GStreamer+GST_BUS: 0:00:30.353131498 0xe9172400 gstbus.c:794:gst_bus_source_dispatch:<bus3> source 0xe92790b8 handler returns 1
06-06 22:05:26.522  4906  5039 D GStreamer+qtdemux: 0:00:30.353134780 0xe900d0f0 qtdemux.c:2768:extract_initial_length_and_fourcc atom type mdat
06-06 22:05:26.522  4906  5039 D GStreamer+GST_MEMORY: 0:00:30.353162905 0xe900d0f0 gstmemory.c:87:_gst_memory_free free memory 0xe92f9960
06-06 22:05:26.522  4906  4906 D GStreamer+GST_BUS: 0:00:30.353185561 0xe8df3e00 gstbus.c:351:gst_bus_post:<bus3> [msg 0xe9012388] pushed on async queue
06-06 22:05:26.522  4906  5039 D GStreamer+basesrc: 0:00:30.353181915 0xe900d0f0 gstbasesrc.c:2354:gst_base_src_update_length:<filesrc0> reading offset 16023938, length 16, size 16031303, segment.stop -1, maxsize 16031303
06-06 22:05:26.522  4906  4906 D GStreamer+GST_BUS: 0:00:30.353212384 0xe8df3e00 gstbus.c:344:gst_bus_post:<bus2> [msg 0xe9012388] dropped
06-06 22:05:26.522  4906  5039 D GStreamer+basesrc: 0:00:30.353214623 0xe900d0f0 gstbasesrc.c:2455:gst_base_src_get_range:<filesrc0> calling create offset 16023938 length 16, time 0
06-06 22:05:26.522  4906  4906 D GStreamer+GST_STATES: 0:00:30.353239780 0xe8df3e00 gstelement.c:2609:gst_element_set_state_func:<filesrc0> returned SUCCESS
06-06 22:05:26.522  4906  5039 D GStreamer+GST_MEMORY: 0:00:30.353248061 0xe900d0f0 gstmemory.c:138:gst_memory_init new memory 0xe92f99c8, maxsize:19 offset:0 size:16
06-06 22:05:26.522  4906  4906 I GStreamer+GST_STATES: 0:00:30.353261863 0xe8df3e00 gstbin.c:2892:gst_bin_change_state_func:<pipeline0> child 'filesrc0' changed state to 3(PAUSED) successfully
06-06 22:05:26.522  4906  4906 D GStreamer+bin: 0:00:30.353289259 0xe8df3e00 gstbin.c:2299:gst_bin_sort_iterator_next:<pipeline0> queue empty, elements exhausted
06-06 22:05:26.522  4906  4906 D GStreamer+GST_STATES: 0:00:30.353307123 0xe8df3e00 gstbin.c:2951:gst_bin_change_state_func:<pipeline0> iterator done
06-06 22:05:26.522  4906  5039 D GStreamer+basesrc: 0:00:30.353314519 0xe900d0f0 gstbasesrc.c:2309:gst_base_src_do_sync:<filesrc0> we have no clock
06-06 22:05:26.522  4906  4906 D GStreamer+GST_ELEMENT_PADS: 0:00:30.353326603 0xe8df3e00 gstelement.c:2795:gst_element_pads_activate:<pipeline0> activate pads
06-06 22:05:26.522  4906  5039 D GStreamer+basesrc: 0:00:30.353336238 0xe900d0f0 gstbasesrc.c:2519:gst_base_src_get_range:<filesrc0> buffer ok
06-06 22:05:26.522  4906  4906 D GStreamer+GST_ELEMENT_PADS: 0:00:30.353349780 0xe8df3e00 gstelement.c:2814:gst_element_pads_activate:<pipeline0> pad activation successful
06-06 22:05:26.522  4906  5039 D GStreamer+qtdemux: 0:00:30.353355821 0xe900d0f0 qtdemux.c:2766:extract_initial_length_and_fourcc length 0x00001cc5
06-06 22:05:26.522  4906  4906 D GStreamer+GST_STATES: 0:00:30.353370509 0xe8df3e00 gstbin.c:2969:gst_bin_change_state_func:<pipeline0> we have ASYNC elements SUCCESS -> ASYNC
06-06 22:05:26.522  4906  5039 D GStreamer+qtdemux: 0:00:30.353375353 0xe900d0f0 qtdemux.c:2768:extract_initial_length_and_fourcc atom type moov
06-06 22:05:26.522  4906  4906 D GStreamer+bin: 0:00:30.353391707 0xe8df3e00 gstbin.c:2341:gst_bin_sort_iterator_free:<pipeline0> free
06-06 22:05:26.522  4906  5039 D GStreamer+GST_MEMORY: 0:00:30.353398530 0xe900d0f0 gstmemory.c:87:_gst_memory_free free memory 0xe92f99c8
06-06 22:05:26.522  4906  4906 D GStreamer+bin: 0:00:30.353409988 0xe8df3e00 gstbin.c:2997:gst_bin_change_state_func:<pipeline0> check async elements
06-06 22:05:26.522  4906  5039 D GStreamer+basesrc: 0:00:30.353429936 0xe900d0f0 gstbasesrc.c:2354:gst_base_src_update_length:<filesrc0> reading offset 16023938, length 7365, size 16031303, segment.stop -1, maxsize 16031303
06-06 22:05:26.522  4906  4906 D GStreamer+bin: 0:00:30.353440873 0xe8df3e00 gstbin.c:909:find_message:<pipeline0> we found a message 0xe9012178 from forhwgl matching types 00100000
06-06 22:05:26.522  4906  4906 D GStreamer+GST_STATES: 0:00:30.353467800 0xe8df3e00 gstbin.c:3020:gst_bin_change_state_func:<pipeline0> done changing bin's state from READY to PAUSED, now in READY, ret ASYNC
06-06 22:05:26.522  4906  4906 D GStreamer+GST_STATES: 0:00:30.353491082 0xe8df3e00 gstelement.c:2668:gst_element_change_state:<pipeline0> element will change state ASYNC
06-06 22:05:26.522  4906  4906 D GStreamer+GST_STATES: 0:00:30.353509155 0xe8df3e00 gstelement.c:2609:gst_element_set_state_func:<pipeline0> returned ASYNC
06-06 22:05:26.522  4906  5039 D GStreamer+basesrc: 0:00:30.353509415 0xe900d0f0 gstbasesrc.c:2455:gst_base_src_get_range:<filesrc0> calling create offset 16023938 length 7365, time 0
06-06 22:05:26.522  4906  5039 D GStreamer+GST_MEMORY: 0:00:30.353546030 0xe900d0f0 gstmemory.c:138:gst_memory_init new memory 0xe92fb000, maxsize:7368 offset:0 size:7365
06-06 22:05:26.523  4906  5039 D GStreamer+basesrc: 0:00:30.353608738 0xe900d0f0 gstbasesrc.c:2309:gst_base_src_do_sync:<filesrc0> we have no clock
06-06 22:05:26.523  4906  5039 D GStreamer+basesrc: 0:00:30.353633686 0xe900d0f0 gstbasesrc.c:2519:gst_base_src_get_range:<filesrc0> buffer ok
06-06 22:05:26.523  4906  5039 D GStreamer+qtdemux: 0:00:30.353660561 0xe900d0f0 qtdemux.c:6735:qtdemux_parse_moov:<q> parsing 'moov' atom
06-06 22:05:26.523  4906  5039 D GStreamer+qtdemux: 0:00:30.353755873 0xe900d0f0 qtdemux.c:6930:qtdemux_parse_node:<q> parsing stsd (sample table, sample description) atom
06-06 22:05:26.523  4906  5039 I GStreamer+qtdemux: 0:00:30.354031030 0xe900d0f0 qtdemux.c:12293:qtdemux_parse_tree:<q> timescale: 1000
06-06 22:05:26.523  4906  5039 I GStreamer+qtdemux: 0:00:30.354061342 0xe900d0f0 qtdemux.c:12294:qtdemux_parse_tree:<q> duration: 7716
06-06 22:05:26.523  4906  5039 D GStreamer+qtdemux: 0:00:30.354082853 0xe900d0f0 qtdemux.c:9060:qtdemux_parse_trak:<q> parse_trak
06-06 22:05:26.523  4906  5039 W GStreamer+qtdemux: 0:00:30.354101811 0xe900d0f0 qtdemux.c:2874:qtdemux_parse_trex:<q> failed to find fragment defaults for stream 1
06-06 22:05:26.523  4906  5039 D GStreamer+qtdemux: 0:00:30.354126811 0xe900d0f0 qtdemux_lang.c:200:qtdemux_lang_map_qt_code_to_iso mapped quicktime language code 0 to ISO 639-2T code 'eng'
06-06 22:05:26.523  4906  5039 D GStreamer+qtdemux: 0:00:30.354149207 0xe900d0f0 qtdemux.c:8861:qtdemux_parse_transformation_matrix:<q> Transformation matrix from atom tkhd
06-06 22:05:26.523  4906  5039 D GStreamer+qtdemux: 0:00:30.354171759 0xe900d0f0 qtdemux.c:8864:qtdemux_parse_transformation_matrix:<q> 1.0 0.0 0.0
06-06 22:05:26.523  4906  5039 D GStreamer+qtdemux: 0:00:30.354201030 0xe900d0f0 qtdemux.c:8867:qtdemux_parse_transformation_matrix:<q> 0.0 1.0 0.0
06-06 22:05:26.524  4906  5039 D GStreamer+qtdemux: 0:00:30.354224780 0xe900d0f0 qtdemux.c:8870:qtdemux_parse_transformation_matrix:<q> 0.0 0.0 16384.0
06-06 22:05:26.524  4906  5039 D GStreamer+qtdemux: 0:00:30.354779415 0xe900d0f0 qtdemux.c:8908:qtdemux_inspect_transformation_matrix:<q> Transformation matrix rotation (null)
06-06 22:05:26.524  4906  5039 D GStreamer+qtdemux: 0:00:30.355442592 0xe900d0f0 qtdemux.c:9526:qtdemux_parse_trak:<q> found avcC codec_data in stsd
06-06 22:05:26.525  4906  5039 D GStreamer+GST_MEMORY: 0:00:30.355573582 0xe900d0f0 gstmemory.c:138:gst_memory_init new memory 0xe9300058, maxsize:29 offset:0 size:26
06-06 22:05:26.525  4906  5039 I GStreamer+qtdemux: 0:00:30.355614467 0xe900d0f0 qtdemux.c:9999:qtdemux_parse_trak:<q> type avc1 caps video/x-h264, stream-format=(string)avc, alignment=(string)au, level=(string)4, profile=(string)baseline, codec_data=(buffer)01428028ffe1000a27428028e54028016b2001000528de01ae20
06-06 22:05:26.525  4906  5039 D GStreamer+qtdemux: 0:00:30.355679728 0xe900d0f0 qtdemux.c:7841:qtdemux_stbl_init:<q> n_samples_per_chunk 1
06-06 22:05:26.525  4906  5039 D GStreamer+qtdemux: 0:00:30.355701863 0xe900d0f0 qtdemux.c:7886:qtdemux_stbl_init:<q> allocating n_samples 387 * 32 (0.01 MB)
06-06 22:05:26.525  4906  5039 D GStreamer+qtdemux: 0:00:30.355742436 0xe900d0f0 qtdemux.c:8424:qtdemux_parse_segments:<q> looking for edit list container
06-06 22:05:26.525  4906  5039 D GStreamer+qtdemux: 0:00:30.355764311 0xe900d0f0 qtdemux.c:8579:qtdemux_parse_segments:<q> created dummy segment 0:00:07.716333333
06-06 22:05:26.525  4906  5039 D GStreamer+qtdemux: 0:00:30.355788269 0xe900d0f0 qtdemux.c:8583:qtdemux_parse_segments:<q> using 1 segments
06-06 22:05:26.525  4906  5039 D GStreamer+qtdemux: 0:00:30.355883425 0xe900d0f0 qtdemux.c:10755:qtdemux_parse_trak:<q> n_streams is now 1
06-06 22:05:26.525  4906  5039 D GStreamer+GST_MEMORY: 0:00:30.355916863 0xe900d0f0 gstmemory.c:87:_gst_memory_free free memory 0xe92fb000
06-06 22:05:26.525  4906  5039 D GStreamer+basesrc: 0:00:30.355944936 0xe900d0f0 gstbasesrc.c:2354:gst_base_src_update_length:<filesrc0> reading offset 16031303, length 16, size 16031303, segment.stop -1, maxsize 16031303
06-06 22:05:26.526  4906  5039 W GStreamer+basesrc: 0:00:30.357307644 0xe900d0f0 gstbasesrc.c:2395:gst_base_src_update_length:<filesrc0> processing at or past EOS
06-06 22:05:26.526  4906  5039 D GStreamer+basesrc: 0:00:30.357354103 0xe900d0f0 gstbasesrc.c:2592:gst_base_src_get_range:<filesrc0> unexpected length 16 (offset=16031303, size=16031303)
06-06 22:05:26.526  4906  5039 I GStreamer+GST_SCHEDULING: 0:00:30.357386811 0xe900d0f0 gstpad.c:4764:gst_pad_get_range_unchecked:<filesrc0:src> getrange failed, flow: eos
06-06 22:05:26.527  4906  5039 I GStreamer+GST_SCHEDULING: 0:00:30.357868738 0xe900d0f0 gstpad.c:4979:gst_pad_pull_range:<q:sink> pullrange failed, flow: eos
06-06 22:05:26.527  4906  5039 D GStreamer+qtdemux: 0:00:30.357922800 0xe900d0f0 qtdemux.c:10926:qtdemux_prepare_streams:<q> prepare streams
06-06 22:05:26.527  4906  5039 D GStreamer+qtdemux: 0:00:30.357944728 0xe900d0f0 qtdemux.c:10933:qtdemux_prepare_streams:<q> stream 0, id 1, fourcc avc1
06-06 22:05:26.527  4906  5039 D GStreamer+qtdemux: 0:00:30.357970196 0xe900d0f0 qtdemux.c:8014:qtdemux_parse_samples:<q> parsing up to sample 0
06-06 22:05:26.527  4906  5039 D GStreamer+qtdemux: 0:00:30.357995457 0xe900d0f0 qtdemux.c:8221:qtdemux_parse_samples:<q> sample 0: index 0, timestamp 0:00:00.000000000
06-06 22:05:26.527  4906  5039 D GStreamer+qtdemux: 0:00:30.358019363 0xe900d0f0 qtdemux.c:8276:qtdemux_parse_samples:<q> samples at 0 is keyframe
06-06 22:05:26.527  4906  5039 D GStreamer+qtdemux: 0:00:30.358037957 0xe900d0f0 qtdemux.c:10985:qtdemux_expose_streams:<q> exposing streams
06-06 22:05:26.527  4906  5039 D GStreamer+qtdemux: 0:00:30.358054571 0xe900d0f0 qtdemux.c:10993:qtdemux_expose_streams:<q> stream 0, id 1, fourcc avc1
06-06 22:05:26.527  4906  5039 D GStreamer+qtdemux: 0:00:30.358152384 0xe900d0f0 qtdemux.c:7367:gst_qtdemux_configure_stream:<q> Calculating framerate, timescale 3000 gave fps_n 151 fps_d 3
06-06 22:05:26.527  4906  5039 D GStreamer+qtdemux: 0:00:30.358191394 0xe900d0f0 qtdemux.c:7387:gst_qtdemux_configure_stream:<q> video size 1280x1440, target display size 1280x1440
06-06 22:05:26.527  4906  5039 D GStreamer+qtdemux: 0:00:30.358217853 0xe900d0f0 qtdemux.c:7402:gst_qtdemux_configure_stream:<q> setting PAR to 1/1
06-06 22:05:26.527  4906  5039 D GStreamer+GST_PADS: 0:00:30.358412905 0xe900d0f0 gstpad.c:1849:gst_pad_set_event_function_full:<'':video_0> eventfunc for set to 0xd10ad841
06-06 22:05:26.528  4906  5039 D GStreamer+GST_PADS: 0:00:30.358640196 0xe900d0f0 gstpad.c:1929:gst_pad_set_query_function_full:<'':video_0> queryfunc set to 0xd10ad2b1
06-06 22:05:26.528  4906  5039 D GStreamer+GST_PADS: 0:00:30.358661863 0xe900d0f0 gstpad.c:1063:gst_pad_set_active:<'':video_0> activating pad from none
06-06 22:05:26.528  4906  5039 D GStreamer+GST_PADS: 0:00:30.358680665 0xe900d0f0 gstpad.c:979:pre_activate:<'':video_0> setting pad into push mode, unset flushing
06-06 22:05:26.528  4906  5039 D GStreamer+GST_PADS: 0:00:30.358702071 0xe900d0f0 gstpad.c:1188:activate_mode_internal:<'':video_0> activated in push mode
06-06 22:05:26.528  4906  5039 D GStreamer+qtdemux: 0:00:30.358721863 0xe900d0f0 qtdemux.c:7466:gst_qtdemux_configure_stream:<q> setting caps video/x-h264, stream-format=(string)avc, alignment=(string)au, level=(string)4, profile=(string)baseline, codec_data=(buffer)01428028ffe1000a27428028e54028016b2001000528de01ae20, width=(int)1280, height=(int)1440, framerate=(fraction)151/3, pixel-aspect-ratio=(fraction)1/1
06-06 22:05:26.528  4906  5039 I GStreamer+GST_ELEMENT_PADS: 0:00:30.358796603 0xe900d0f0 gstelement.c:909:gst_element_get_static_pad found pad q:sink
06-06 22:05:26.528  4906  5039 D GStreamer+query: 0:00:30.358818061 0xe900d0f0 gstquery.c:674:gst_query_new_custom creating new query 0xe915d8f0 uri
06-06 22:05:26.528  4906  5039 D GStreamer+GST_ELEMENT_PADS: 0:00:30.358837019 0xe900d0f0 gstelement.c:1700:gst_element_query send query on element q
06-06 22:05:26.528  4906  5039 D GStreamer+GST_ELEMENT_PADS: 0:00:30.358854050 0xe900d0f0 gstelement.c:1484:gst_element_get_random_pad getting a random pad
06-06 22:05:26.528  4906  5039 D GStreamer+GST_ELEMENT_PADS: 0:00:30.358872488 0xe900d0f0 gstelement.c:1484:gst_element_get_random_pad getting a random pad
06-06 22:05:26.528  4906  5039 D GStreamer+GST_ELEMENT_PADS: 0:00:30.358887488 0xe900d0f0 gstelement.c:1503:gst_element_get_random_pad checking pad q:sink
06-06 22:05:26.528  4906  5039 D GStreamer+GST_ELEMENT_PADS: 0:00:30.358903894 0xe900d0f0 gstelement.c:1515:gst_element_get_random_pad found pad q:sink
06-06 22:05:26.528  4906  5039 D GStreamer+GST_PADS: 0:00:30.358922696 0xe900d0f0 gstpad.c:3922:gst_pad_query:<filesrc0:src> doing query 0xe915d8f0 (uri)
06-06 22:05:26.528  4906  5039 D GStreamer+basesrc: 0:00:30.358951811 0xe900d0f0 gstbasesrc.c:1295:gst_base_src_default_query:<filesrc0> query uri returns 1
06-06 22:05:26.528  4906  5039 D GStreamer+GST_PADS: 0:00:30.358972071 0xe900d0f0 gstpad.c:3945:gst_pad_query:<filesrc0:src> sent query 0xe915d8f0 (uri), result 1
06-06 22:05:26.528  4906  5039 D GStreamer+GST_EVENT: 0:00:30.359034207 0xe900d0f0 gstevent.c:302:gst_event_new_custom creating new event 0xe91914c0 stream-start 10254
06-06 22:05:26.528  4906  5039 D GStreamer+GST_PADS: 0:00:30.359063582 0xe900d0f0 gstpad.c:3853:check_sticky:<'':video_0> pushing all sticky events
06-06 22:05:26.528  4906  5039 D GStreamer+GST_PADS: 0:00:30.359082696 0xe900d0f0 gstpad.c:5306:gst_pad_push_event_unchecked:<'':video_0> Dropping event stream-start because pad is not linked
06-06 22:05:26.528  4906  5039 D GStreamer+GST_PADS: 0:00:30.359101811 0xe900d0f0 gstpad.c:3824:push_sticky:<'':video_0> pad was not linked, mark pending
06-06 22:05:26.528  4906  5039 I GStreamer+GST_EVENT: 0:00:30.359121707 0xe900d0f0 gstevent.c:679:gst_event_new_caps creating caps event video/x-h264, stream-format=(string)avc, alignment=(string)au, level=(string)4, profile=(string)baseline, codec_data=(buffer)01428028ffe1000a27428028e54028016b2001000528de01ae20, width=(int)1280, height=(int)1440, framerate=(fraction)151/3, pixel-aspect-ratio=(fraction)1/1
06-06 22:05:26.528  4906  5039 D GStreamer+GST_EVENT: 0:00:30.359178478 0xe900d0f0 gstevent.c:302:gst_event_new_custom creating new event 0xe9191508 caps 12814
06-06 22:05:26.528  4906  5039 D GStreamer+GST_PADS: 0:00:30.359200925 0xe900d0f0 gstpad.c:5093:store_sticky_event:<'':video_0> notify caps
06-06 22:05:26.528  4906  5039 D GStreamer+GST_PADS: 0:00:30.359222644 0xe900d0f0 gstpad.c:3853:check_sticky:<'':video_0> pushing all sticky events
06-06 22:05:26.528  4906  5039 D GStreamer+GST_PADS: 0:00:30.359240717 0xe900d0f0 gstpad.c:3785:push_sticky:<'':video_0> event stream-start was already received
06-06 22:05:26.528  4906  5039 D GStreamer+GST_PADS: 0:00:30.359262019 0xe900d0f0 gstpad.c:5306:gst_pad_push_event_unchecked:<'':video_0> Dropping event caps because pad is not linked
06-06 22:05:26.528  4906  5039 D GStreamer+GST_PADS: 0:00:30.359281967 0xe900d0f0 gstpad.c:3824:push_sticky:<'':video_0> pad was not linked, mark pending
06-06 22:05:26.528  4906  5039 D GStreamer+qtdemux: 0:00:30.359305092 0xe900d0f0 qtdemux.c:7582:gst_qtdemux_add_stream:<q> adding pad video_0 0xe9160aa8 to qtdemux 0xe91be010
06-06 22:05:26.528  4906  5039 I GStreamer+GST_ELEMENT_PADS: 0:00:30.359328478 0xe900d0f0 gstelement.c:661:gst_element_add_pad:<q> adding pad 'video_0'
06-06 22:05:26.528  4906  5039 D GStreamer+GST_REFCOUNTING: 0:00:30.359347905 0xe900d0f0 gstobject.c:700:gst_object_set_parent:<'':video_0> set parent (ref and sink)
06-06 22:05:26.528  4906  5039 I GStreamer+GST_PIPELINE: 0:00:30.359371707 0xe900d0f0 ./grammar.y:518:gst_parse_found_pad trying delayed linking pad  video_0 of GstQTDemux named q to some pad of GstQueue named queue0
06-06 22:05:26.528  4906  5039 I GStreamer+GST_ELEMENT_PADS: 0:00:30.359401134 0xe900d0f0 gstutils.c:1605:gst_element_link_pads_full trying to link element q:video_0 to element queue0:(any)
06-06 22:05:26.528  4906  5039 I GStreamer+GST_ELEMENT_PADS: 0:00:30.359526290 0xe900d0f0 gstelement.c:909:gst_element_get_static_pad found pad q:video_0
06-06 22:05:26.528  4906  5039 D GStreamer+GST_ELEMENT_PADS: 0:00:30.359559103 0xe900d0f0 gstutils.c:1712:gst_element_link_pads_full looping through allowed src and dest pads
06-06 22:05:26.529  4906  5039 D GStreamer+GST_ELEMENT_PADS: 0:00:30.359574884 0xe900d0f0 gstutils.c:1715:gst_element_link_pads_full trying src pad q:video_0
06-06 22:05:26.529  4906  5039 D GStreamer+GST_ELEMENT_PADS: 0:00:30.359592957 0xe900d0f0 gstutils.c:1002:gst_element_get_compatible_pad finding pad in queue0 compatible with q:video_0
06-06 22:05:26.529  4906  5039 I GStreamer+GST_PADS: 0:00:30.359624728 0xe900d0f0 gstutils.c:932:gst_pad_check_link trying to link q:video_0 and queue0:sink
06-06 22:05:26.529  4906  5039 D GStreamer+GST_CAPS: 0:00:30.359647488 0xe900d0f0 gstutils.c:2872:gst_pad_query_caps:<q:video_0> get pad caps with filter (NULL)
06-06 22:05:26.529  4906  5039 D GStreamer+query: 0:00:30.359671342 0xe900d0f0 gstquery.c:674:gst_query_new_custom creating new query 0xe915d920 caps
06-06 22:05:26.529  4906  5039 D GStreamer+GST_PADS: 0:00:30.359690196 0xe900d0f0 gstpad.c:3922:gst_pad_query:<q:video_0> doing query 0xe915d920 (caps)
06-06 22:05:26.529  4906  5039 D GStreamer+GST_CAPS: 0:00:30.359712280 0xe900d0f0 gstpad.c:3112:gst_pad_query_caps_default:<q:video_0> query caps caps query: 0xe915d920, GstQueryCaps, filter=(GstCaps)"NULL", caps=(GstCaps)"NULL";
06-06 22:05:26.529  4906  5039 D GStreamer+GST_CAPS: 0:00:30.359760665 0xe900d0f0 gstpad.c:3129:gst_pad_query_caps_default:<q:video_0> fixed pad caps: trying pad caps
06-06 22:05:26.529  4906  5039 D GStreamer+GST_CAPS: 0:00:30.359780300 0xe900d0f0 gstpad.c:3165:gst_pad_query_caps_default:<q:video_0> using caps 0xe9194340 video/x-h264, stream-format=(string)avc, alignment=(string)au, level=(string)4, profile=(string)baseline, codec_data=(buffer)01428028ffe1000a27428028e54028016b2001000528de01ae20, width=(int)1280, height=(int)1440, framerate=(fraction)151/3, pixel-aspect-ratio=(fraction)1/1
06-06 22:05:26.529  4906  5039 D GStreamer+GST_PADS: 0:00:30.359950196 0xe900d0f0 gstpad.c:3367:gst_pad_query_default:<q:video_0> not forwarding 0xe915d920 (caps) query
