06-06 22:05:26.612  4906  5038 I GStreamer+GST_STATES: 0:00:30.442705509 0xe900d090 gstelement.c:2374:gst_element_continue_state:<amcvideodec-omxnvidiah264decode0> completed state change to READY
06-06 22:05:26.612  4906  5038 I GStreamer+GST_STATES: 0:00:30.442728530 0xe900d090 gstelement.c:2279:_priv_gst_element_state_changed:<amcvideodec-omxnvidiah264decode0> notifying about state-changed NULL to READY (VOID_PENDING pending)
06-06 22:05:26.612  4906  5038 D GStreamer+GST_BUS: 0:00:30.442760717 0xe900d090 gstbus.c:309:gst_bus_post:<bus0> [msg 0xe92f7b70] posting on bus state-changed message: 0xe92f7b70, time 99:99:99.999999999, seq-num 125, element 'amcvideodec-omxnvidiah264decode0', GstMessageStateChanged, old-state=(GstState)GST_STATE_NULL, new-state=(GstState)GST_STATE_READY, pending-state=(GstState)GST_STATE_VOID_PENDING;
06-06 22:05:26.612  4906  5038 D GStreamer+decodebin: 0:00:30.442823478 0xe900d090 gstdecodebin2.c:5492:gst_decode_bin_handle_message:<forhwgl> Forwarding msg state-changed message: 0xe92f7b70, time 99:99:99.999999999, seq-num 125, element 'amcvideodec-omxnvidiah264decode0', GstMessageStateChanged, old-state=(GstState)GST_STATE_NULL, new-state=(GstState)GST_STATE_READY, pending-state=(GstState)GST_STATE_VOID_PENDING;
06-06 22:05:26.612  4906  5038 D GStreamer+bin: 0:00:30.442869155 0xe900d090 gstbin.c:3654:gst_bin_handle_message_func:<forhwgl> [msg 0xe92f7b70] handling child amcvideodec-omxnvidiah264decode0 message of type state-changed
06-06 22:05:26.612  4906  5038 D GStreamer+bin: 0:00:30.442893217 0xe900d090 gstbin.c:3991:gst_bin_handle_message_func:<forhwgl> posting message upward
06-06 22:05:26.612  4906  5038 D GStreamer+GST_BUS: 0:00:30.442912696 0xe900d090 gstbus.c:309:gst_bus_post:<bus2> [msg 0xe92f7b70] posting on bus state-changed message: 0xe92f7b70, time 99:99:99.999999999, seq-num 125, element 'amcvideodec-omxnvidiah264decode0', GstMessageStateChanged, old-state=(GstState)GST_STATE_NULL, new-state=(GstState)GST_STATE_READY, pending-state=(GstState)GST_STATE_VOID_PENDING;
06-06 22:05:26.612  4906  5038 D GStreamer+bin: 0:00:30.442958425 0xe900d090 gstbin.c:3654:gst_bin_handle_message_func:<pipeline0> [msg 0xe92f7b70] handling child amcvideodec-omxnvidiah264decode0 message of type state-changed
06-06 22:05:26.612  4906  5038 D GStreamer+bin: 0:00:30.442979467 0xe900d090 gstbin.c:3991:gst_bin_handle_message_func:<pipeline0> posting message upward
06-06 22:05:26.612  4906  5038 D GStreamer+GST_BUS: 0:00:30.442997332 0xe900d090 gstbus.c:309:gst_bus_post:<bus3> [msg 0xe92f7b70] posting on bus state-changed message: 0xe92f7b70, time 99:99:99.999999999, seq-num 125, element 'amcvideodec-omxnvidiah264decode0', GstMessageStateChanged, old-state=(GstState)GST_STATE_NULL, new-state=(GstState)GST_STATE_READY, pending-state=(GstState)GST_STATE_VOID_PENDING;
06-06 22:05:26.612  4906  5038 D GStreamer+GST_BUS: 0:00:30.443040248 0xe900d090 gstbus.c:348:gst_bus_post:<bus3> [msg 0xe92f7b70] pushing on async queue
06-06 22:05:26.612  4906  5038 D GStreamer+GST_BUS: 0:00:30.443068634 0xe900d090 gstbus.c:351:gst_bus_post:<bus3> [msg 0xe92f7b70] pushed on async queue
06-06 22:05:26.612  4906  5038 D GStreamer+GST_BUS: 0:00:30.443087644 0xe900d090 gstbus.c:344:gst_bus_post:<bus2> [msg 0xe92f7b70] dropped
06-06 22:05:26.612  4906  5038 D GStreamer+GST_BUS: 0:00:30.443105821 0xe900d090 gstbus.c:344:gst_bus_post:<bus0> [msg 0xe92f7b70] dropped
06-06 22:05:26.612  4906  5000 D GStreamer+GST_BUS: 0:00:30.443109884 0xe9172400 gstbus.c:521:gst_bus_timed_pop_filtered:<bus3> got message 0xe92f7b70, state-changed from amcvideodec-omxnvidiah264decode0, type mask is 4294967295
06-06 22:05:26.612  4906  5038 D GStreamer+GST_STATES: 0:00:30.443125509 0xe900d090 gstelement.c:2609:gst_element_set_state_func:<amcvideodec-omxnvidiah264decode0> returned SUCCESS
06-06 22:05:26.612  4906  5000 D GStreamer+GST_BUS: 0:00:30.443150717 0xe9172400 gstbus.c:789:gst_bus_source_dispatch:<bus3> source 0xe92790b8 calling dispatch with state-changed message: 0xe92f7b70, time 99:99:99.999999999, seq-num 125, element 'amcvideodec-omxnvidiah264decode0', GstMessageStateChanged, old-state=(GstState)GST_STATE_NULL, new-state=(GstState)GST_STATE_READY, pending-state=(GstState)GST_STATE_VOID_PENDING;
06-06 22:05:26.612  4906  5038 D GStreamer+GST_CAPS: 0:00:30.443149675 0xe900d090 gstutils.c:2955:gst_pad_query_accept_caps:<amcvideodec-omxnvidiah264decode0:sink> accept caps of video/x-h264, stream-format=(string)byte-stream, alignment=(string)au, level=(string)4, profile=(string)baseline, width=(int)1280, height=(int)1440, framerate=(fraction)151/3, pixel-aspect-ratio=(fraction)1/1, parsed=(boolean)true
06-06 22:05:26.612  4906  5038 D GStreamer+query: 0:00:30.443230092 0xe900d090 gstquery.c:674:gst_query_new_custom creating new query 0xe9539720 accept-caps
06-06 22:05:26.612  4906  5000 D GStreamer+GST_BUS: 0:00:30.443235248 0xe9172400 gstbus.c:794:gst_bus_source_dispatch:<bus3> source 0xe92790b8 handler returns 1
06-06 22:05:26.612  4906  5038 D GStreamer+GST_PADS: 0:00:30.443252644 0xe900d090 gstpad.c:3922:gst_pad_query:<amcvideodec-omxnvidiah264decode0:sink> doing query 0xe9539720 (accept-caps)
06-06 22:05:26.612  4906  5038 D GStreamer+videodecoder: 0:00:30.443278113 0xe900d090 gstvideodecoder.c:1963:gst_video_decoder_sink_query:<amcvideodec-omxnvidiah264decode0> received query 40963, accept-caps
06-06 22:05:26.612  4906  5038 D GStreamer+GST_CAPS: 0:00:30.443313634 0xe900d090 gstutils.c:2872:gst_pad_query_caps:<amcvideodec-omxnvidiah264decode0:sink> get pad caps with filter video/x-h264, stream-format=(string)byte-stream, alignment=(string)au, level=(string)4, profile=(string)baseline, width=(int)1280, height=(int)1440, framerate=(fraction)151/3, pixel-aspect-ratio=(fraction)1/1, parsed=(boolean)true
06-06 22:05:26.612  4906  5038 D GStreamer+query: 0:00:30.443357019 0xe900d090 gstquery.c:674:gst_query_new_custom creating new query 0xe9539800 caps
06-06 22:05:26.612  4906  5038 D GStreamer+GST_PADS: 0:00:30.443375717 0xe900d090 gstpad.c:3922:gst_pad_query:<amcvideodec-omxnvidiah264decode0:sink> doing query 0xe9539800 (caps)
06-06 22:05:26.612  4906  5038 D GStreamer+videodecoder: 0:00:30.443396550 0xe900d090 gstvideodecoder.c:1963:gst_video_decoder_sink_query:<amcvideodec-omxnvidiah264decode0> received query 43523, caps
06-06 22:05:26.612  4906  5038 D GStreamer+GST_CAPS: 0:00:30.443465665 0xe900d090 gstutils.c:2918:gst_pad_peer_query_caps:<amcvideodec-omxnvidiah264decode0:src> get pad peer caps with filter video/x-raw(memory:GLMemory), width=(int)1280, height=(int)1440, framerate=(fraction)151/3, pixel-aspect-ratio=(fraction)1/1; video/x-raw, width=(int)1280, height=(int)1440, framerate=(fraction)151/3, pixel-aspect-ratio=(fraction)1/1
06-06 22:05:26.612  4906  5038 D GStreamer+query: 0:00:30.443519050 0xe900d090 gstquery.c:674:gst_query_new_custom creating new query 0xe9539830 caps
06-06 22:05:26.612  4906  5038 D GStreamer+GST_PADS: 0:00:30.443540717 0xe900d090 gstpad.c:4049:gst_pad_peer_query:<amcvideodec-omxnvidiah264decode0:src> peer query 0xe9539830 (caps)
06-06 22:05:26.612  4906  5038 I GStreamer+GST_PADS: 0:00:30.443562696 0xe900d090 gstpad.c:4105:gst_pad_peer_query:<amcvideodec-omxnvidiah264decode0:src> pad has no peer
06-06 22:05:26.613  4906  5038 D GStreamer+GST_PADS: 0:00:30.443776030 0xe900d090 gstpad.c:3945:gst_pad_query:<amcvideodec-omxnvidiah264decode0:sink> sent query 0xe9539800 (caps), result 1
06-06 22:05:26.613  4906  5038 D GStreamer+GST_CAPS: 0:00:30.443806342 0xe900d090 gstutils.c:2879:gst_pad_query_caps:<amcvideodec-omxnvidiah264decode0:sink> query returned video/x-h264, width=(int)1280, height=(int)1440, framerate=(fraction)151/3, pixel-aspect-ratio=(fraction)1/1, parsed=(boolean)true, stream-format=(string)byte-stream, alignment=(string)au, profile=(string)baseline, level=(string)4
06-06 22:05:26.613  4906  5038 D GStreamer+GST_PADS: 0:00:30.443855248 0xe900d090 gstpad.c:3945:gst_pad_query:<amcvideodec-omxnvidiah264decode0:sink> sent query 0xe9539720 (accept-caps), result 1
06-06 22:05:26.613  4906  5038 D GStreamer+default: 0:00:30.443881082 0xe900d090 gstutils.c:2960:gst_pad_query_accept_caps:<amcvideodec-omxnvidiah264decode0:sink> query returned 1
06-06 22:05:26.613  4906  5038 D GStreamer+decodebin: 0:00:30.443915300 0xe900d090 gstdecodebin2.c:2688:connect_element:<forhwgl> Attempting to connect element amcvideodec-omxnvidiah264decode0 [chain:0xe9277810] further
06-06 22:05:26.613  4906  5038 D GStreamer+decodebin: 0:00:30.443938217 0xe900d090 gstdecodebin2.c:2701:connect_element:<forhwgl> got a source pad template src
06-06 22:05:26.613  4906  5038 I GStreamer+GST_ELEMENT_PADS: 0:00:30.443957592 0xe900d090 gstelement.c:909:gst_element_get_static_pad found pad amcvideodec-omxnvidiah264decode0:src
06-06 22:05:26.613  4906  5038 D GStreamer+decodebin: 0:00:30.443975873 0xe900d090 gstdecodebin2.c:2712:connect_element:<forhwgl> got the pad for always template src
06-06 22:05:26.613  4906  5038 D GStreamer+GST_CAPS: 0:00:30.443996290 0xe900d090 gstpad.c:2672:gst_pad_get_current_caps:<amcvideodec-omxnvidiah264decode0:src> get current pad caps (NULL)
06-06 22:05:26.613  4906  5038 D GStreamer+GST_CAPS: 0:00:30.444018842 0xe900d090 gstutils.c:2872:gst_pad_query_caps:<amcvideodec-omxnvidiah264decode0:src> get pad caps with filter (NULL)
06-06 22:05:26.613  4906  5038 D GStreamer+query: 0:00:30.444041655 0xe900d090 gstquery.c:674:gst_query_new_custom creating new query 0xe9539780 caps
06-06 22:05:26.613  4906  5038 D GStreamer+GST_PADS: 0:00:30.444061186 0xe900d090 gstpad.c:3922:gst_pad_query:<amcvideodec-omxnvidiah264decode0:src> doing query 0xe9539780 (caps)
06-06 22:05:26.613  4906  5038 D GStreamer+videodecoder: 0:00:30.444082696 0xe900d090 gstvideodecoder.c:1812:gst_video_decoder_src_query:<amcvideodec-omxnvidiah264decode0> received query 43523, caps
06-06 22:05:26.613  4906  5038 D GStreamer+GST_CAPS: 0:00:30.444105561 0xe900d090 gstpad.c:3112:gst_pad_query_caps_default:<amcvideodec-omxnvidiah264decode0:src> query caps caps query: 0xe9539780, GstQueryCaps, filter=(GstCaps)"NULL", caps=(GstCaps)"NULL";
06-06 22:05:26.613  4906  5038 D GStreamer+GST_CAPS: 0:00:30.444138790 0xe900d090 gstpad.c:3135:gst_pad_query_caps_default:<amcvideodec-omxnvidiah264decode0:src> trying pad template caps
06-06 22:05:26.613  4906  5038 D GStreamer+GST_CAPS: 0:00:30.444157592 0xe900d090 gstpad.c:3165:gst_pad_query_caps_default:<amcvideodec-omxnvidiah264decode0:src> using caps 0xe8f5d8a0 video/x-raw(memory:GLMemory), format=(string)RGBA, texture-target=(string)external-oes; video/x-raw, format=(string)I420, width=(int)[ 1, 2147483647 ], height=(int)[ 1, 2147483647 ], framerate=(fraction)[ 0/1, 2147483647/1 ]; video/x-raw, format=(string)NV12, width=(int)[ 1, 2147483647 ], height=(int)[ 1, 2147483647 ], framerate=(fraction)[ 0/1, 2147483647/1 ]
06-06 22:05:26.613  4906  5038 D GStreamer+GST_PADS: 0:00:30.444230457 0xe900d090 gstpad.c:3367:gst_pad_query_default:<amcvideodec-omxnvidiah264decode0:src> not forwarding 0xe9539780 (caps) query
06-06 22:05:26.613  4906  5038 D GStreamer+GST_PADS: 0:00:30.444254728 0xe900d090 gstpad.c:3945:gst_pad_query:<amcvideodec-omxnvidiah264decode0:src> sent query 0xe9539780 (caps), result 1
06-06 22:05:26.613  4906  5038 D GStreamer+GST_CAPS: 0:00:30.444277696 0xe900d090 gstutils.c:2879:gst_pad_query_caps:<amcvideodec-omxnvidiah264decode0:src> query returned video/x-raw(memory:GLMemory), format=(string)RGBA, texture-target=(string)external-oes; video/x-raw, format=(string)I420, width=(int)[ 1, 2147483647 ], height=(int)[ 1, 2147483647 ], framerate=(fraction)[ 0/1, 2147483647/1 ]; video/x-raw, format=(string)NV12, width=(int)[ 1, 2147483647 ], height=(int)[ 1, 2147483647 ], framerate=(fraction)[ 0/1, 2147483647/1 ]
06-06 22:05:26.613  4906  5038 D GStreamer+decodebin: 0:00:30.444346030 0xe900d090 gstdecodebin2.c:1534:analyze_new_pad:<forhwgl> Pad amcvideodec-omxnvidiah264decode0:src caps:video/x-raw(memory:GLMemory), format=(string)RGBA, texture-target=(string)external-oes; video/x-raw, format=(string)I420, width=(int)[ 1, 2147483647 ], height=(int)[ 1, 2147483647 ], framerate=(fraction)[ 0/1, 2147483647/1 ]; video/x-raw, format=(string)NV12, width=(int)[ 1, 2147483647 ], height=(int)[ 1, 2147483647 ], framerate=(fraction)[ 0/1, 2147483647/1 ]
06-06 22:05:26.613  4906  5038 D GStreamer+GST_PADS: 0:00:30.444415196 0xe900d090 gstpad.c:1069:gst_pad_set_active:<'':decodepad0> pad was active in push mode
06-06 22:05:26.613  4906  5038 D GStreamer+GST_PADS: 0:00:30.444452853 0xe900d090 gstghostpad.c:840:gst_ghost_pad_set_target:<'':decodepad0> set target amcvideodec-omxnvidiah264decode0:src
06-06 22:05:26.613  4906  5038 D GStreamer+GST_PADS: 0:00:30.444475717 0xe900d090 gstghostpad.c:862:gst_ghost_pad_set_target:<'':decodepad0> connecting internal pad to target <amcvideodec-omxnvidiah264decode0:src>
06-06 22:05:26.613  4906  5038 D GStreamer+GST_BUS: 0:00:30.444508113 0xe900d090 gstbus.c:309:gst_bus_post:<bus0> [msg 0xe92f7c60] posting on bus structure-change message: 0xe92f7c60, time 99:99:99.999999999, seq-num 126, element 'proxypad2', GstMessageStructureChange, type=(GstStructureChangeType)GST_STRUCTURE_CHANGE_TYPE_PAD_LINK, owner=(GstElement)"\(GstAmcVideoDec-OmxNvidiaH264Decode\)\ amcvideodec-omxnvidiah264decode0", busy=(boolean)true;
06-06 22:05:26.614  4906  5038 D GStreamer+decodebin: 0:00:30.444568686 0xe900d090 gstdecodebin2.c:5492:gst_decode_bin_handle_message:<forhwgl> Forwarding msg structure-change message: 0xe92f7c60, time 99:99:99.999999999, seq-num 126, element 'proxypad2', GstMessageStructureChange, type=(GstStructureChangeType)GST_STRUCTURE_CHANGE_TYPE_PAD_LINK, owner=(GstElement)"\(GstAmcVideoDec-OmxNvidiaH264Decode\)\ amcvideodec-omxnvidiah264decode0", busy=(boolean)true;
06-06 22:05:26.614  4906  5038 D GStreamer+bin: 0:00:30.444619519 0xe900d090 gstbin.c:3654:gst_bin_handle_message_func:<forhwgl> [msg 0xe92f7c60] handling child proxypad2 message of type structure-change
06-06 22:05:26.614  4906  5038 D GStreamer+bin: 0:00:30.444644675 0xe900d090 gstbin.c:911:find_message:<forhwgl> no message found matching types 00001000
06-06 22:05:26.614  4906  5038 D GStreamer+bin: 0:00:30.444663634 0xe900d090 gstbin.c:918:find_message:<forhwgl>   structure-change
06-06 22:05:26.614  4906  5038 D GStreamer+bin: 0:00:30.444681863 0xe900d090 gstbin.c:958:bin_replace_message:<forhwgl> got new message 0xe92f7c60, structure-change from proxypad2
06-06 22:05:26.614  4906  5038 D GStreamer+GST_BUS: 0:00:30.444703425 0xe900d090 gstbus.c:344:gst_bus_post:<bus0> [msg 0xe92f7c60] dropped
06-06 22:05:26.614  4906  5038 I GStreamer+GST_PADS: 0:00:30.444723478 0xe900d090 gstpad.c:2315:gst_pad_link_prepare trying to link amcvideodec-omxnvidiah264decode0:src and decodepad0:proxypad2
06-06 22:05:26.614  4906  5038 I GStreamer+GST_PADS: 0:00:30.444748634 0xe900d090 gstpad.c:2521:gst_pad_link_full linked amcvideodec-omxnvidiah264decode0:src and decodepad0:proxypad2, successful
06-06 22:05:26.614  4906  5038 I GStreamer+GST_EVENT: 0:00:30.444770821 0xe900d090 gstevent.c:1382:gst_event_new_reconfigure creating reconfigure event
06-06 22:05:26.614  4906  5038 D GStreamer+GST_EVENT: 0:00:30.444786915 0xe900d090 gstevent.c:302:gst_event_new_custom creating new event 0xe921cc30 reconfigure 61441
06-06 22:05:26.614  4906  5038 D GStreamer+GST_EVENT: 0:00:30.444807696 0xe900d090 gstpad.c:5536:gst_pad_send_event_unchecked:<amcvideodec-omxnvidiah264decode0:src> have event type reconfigure event: 0xe921cc30, time 99:99:99.999999999, seq-num 127, (NULL)
06-06 22:05:26.614  4906  5038 I GStreamer+GST_EVENT: 0:00:30.444839988 0xe900d090 gstpad.c:5641:gst_pad_send_event_unchecked:<amcvideodec-omxnvidiah264decode0:src> Received event on flushing pad. Discarding
06-06 22:05:26.614  4906  5038 D GStreamer+GST_BUS: 0:00:30.444864728 0xe900d090 gstbus.c:309:gst_bus_post:<bus0> [msg 0xe92f7d10] posting on bus structure-change message: 0xe92f7d10, time 99:99:99.999999999, seq-num 128, element 'proxypad2', GstMessageStructureChange, type=(GstStructureChangeType)GST_STRUCTURE_CHANGE_TYPE_PAD_LINK, owner=(GstElement)"\(GstAmcVideoDec-OmxNvidiaH264Decode\)\ amcvideodec-omxnvidiah264decode0", busy=(boolean)false;
06-06 22:05:26.614  4906  5038 D GStreamer+decodebin: 0:00:30.444915665 0xe900d090 gstdecodebin2.c:5492:gst_decode_bin_handle_message:<forhwgl> Forwarding msg structure-change message: 0xe92f7d10, time 99:99:99.999999999, seq-num 128, element 'proxypad2', GstMessageStructureChange, type=(GstStructureChangeType)GST_STRUCTURE_CHANGE_TYPE_PAD_LINK, owner=(GstElement)"\(GstAmcVideoDec-OmxNvidiaH264Decode\)\ amcvideodec-omxnvidiah264decode0", busy=(boolean)false;
06-06 22:05:26.614  4906  5038 D GStreamer+bin: 0:00:30.444962644 0xe900d090 gstbin.c:3654:gst_bin_handle_message_func:<forhwgl> [msg 0xe92f7d10] handling child proxypad2 message of type structure-change
06-06 22:05:26.614  4906  5038 D GStreamer+bin: 0:00:30.444986655 0xe900d090 gstbin.c:986:bin_remove_messages:<decodepad0:proxypad2> deleting message 0xe92f7c60 of types 0x00001000
06-06 22:05:26.614  4906  5038 D GStreamer+bin: 0:00:30.445010873 0xe900d090 gstbin.c:992:bin_remove_messages:<forhwgl> not deleting message 0xe9012120 of type 0x00100000
06-06 22:05:26.614  4906  5038 D GStreamer+GST_BUS: 0:00:30.445034155 0xe900d090 gstbus.c:344:gst_bus_post:<bus0> [msg 0xe92f7d10] dropped
06-06 22:05:26.614  4906  5038 D GStreamer+GST_STATES: 0:00:30.445061186 0xe900d090 gstelement.c:2525:gst_element_set_state_func:<amcvideodec-omxnvidiah264decode0> set_state to PAUSED
06-06 22:05:26.614  4906  5038 D GStreamer+GST_STATES: 0:00:30.445083061 0xe900d090 gstelement.c:2550:gst_element_set_state_func:<amcvideodec-omxnvidiah264decode0> setting target state to PAUSED
06-06 22:05:26.614  4906  5038 D GStreamer+GST_STATES: 0:00:30.445102592 0xe900d090 gstelement.c:2563:gst_element_set_state_func:<amcvideodec-omxnvidiah264decode0> current READY, old_pending VOID_PENDING, next VOID_PENDING, old return SUCCESS
06-06 22:05:26.614  4906  5038 D GStreamer+GST_STATES: 0:00:30.445125509 0xe900d090 gstelement.c:2597:gst_element_set_state_func:<amcvideodec-omxnvidiah264decode0> final: setting state from READY to PAUSED
06-06 22:05:26.614  4906  5038 D GStreamer+amcvideodec: 0:00:30.445149259 0xe900d090 gstamcvideodec.c:590:gst_amc_video_dec_change_state:<amcvideodec-omxnvidiah264decode0> changing state: READY => PAUSED
06-06 22:05:26.614  4906  5038 D GStreamer+videodecoder: 0:00:30.445172280 0xe900d090 gstvideodecoder.c:2075:gst_video_decoder_reset:<amcvideodec-omxnvidiah264decode0> reset full 1
06-06 22:05:26.614  4906  5038 D GStreamer+GST_ELEMENT_PADS: 0:00:30.445197748 0xe900d090 gstelement.c:2795:gst_element_pads_activate:<amcvideodec-omxnvidiah264decode0> activate pads
06-06 22:05:26.614  4906  5038 D GStreamer+GST_PADS: 0:00:30.445223165 0xe900d090 gstpad.c:1063:gst_pad_set_active:<amcvideodec-omxnvidiah264decode0:src> activating pad from none
06-06 22:05:26.614  4906  5038 D GStreamer+GST_PADS: 0:00:30.445242853 0xe900d090 gstpad.c:979:pre_activate:<amcvideodec-omxnvidiah264decode0:src> setting pad into push mode, unset flushing
06-06 22:05:26.614  4906  5038 D GStreamer+GST_PADS: 0:00:30.445263790 0xe900d090 gstpad.c:1188:activate_mode_internal:<amcvideodec-omxnvidiah264decode0:src> activated in push mode
06-06 22:05:26.614  4906  5038 D GStreamer+GST_PADS: 0:00:30.445289988 0xe900d090 gstpad.c:1063:gst_pad_set_active:<amcvideodec-omxnvidiah264decode0:sink> activating pad from none
06-06 22:05:26.614  4906  5038 D GStreamer+GST_PADS: 0:00:30.445310873 0xe900d090 gstpad.c:979:pre_activate:<amcvideodec-omxnvidiah264decode0:sink> setting pad into push mode, unset flushing
06-06 22:05:26.614  4906  5038 D GStreamer+GST_PADS: 0:00:30.445331498 0xe900d090 gstpad.c:991:pre_activate:<amcvideodec-omxnvidiah264decode0:sink> reschedule events on peer capsfilter0:src
06-06 22:05:26.614  4906  5038 D GStreamer+GST_PADS: 0:00:30.445352280 0xe900d090 gstpad.c:1188:activate_mode_internal:<amcvideodec-omxnvidiah264decode0:sink> activated in push mode
06-06 22:05:26.614  4906  5038 D GStreamer+GST_ELEMENT_PADS: 0:00:30.445374155 0xe900d090 gstelement.c:2814:gst_element_pads_activate:<amcvideodec-omxnvidiah264decode0> pad activation successful
06-06 22:05:26.614  4906  5038 D GStreamer+GST_STATES: 0:00:30.445394623 0xe900d090 gstelement.c:2686:gst_element_change_state:<amcvideodec-omxnvidiah264decode0> element changed state SUCCESS
06-06 22:05:26.614  4906  5038 I GStreamer+GST_STATES: 0:00:30.445413530 0xe900d090 gstelement.c:2374:gst_element_continue_state:<amcvideodec-omxnvidiah264decode0> completed state change to PAUSED
06-06 22:05:26.614  4906  5038 I GStreamer+GST_STATES: 0:00:30.445450457 0xe900d090 gstelement.c:2279:_priv_gst_element_state_changed:<amcvideodec-omxnvidiah264decode0> notifying about state-changed READY to PAUSED (VOID_PENDING pending)
06-06 22:05:26.614  4906  5038 D GStreamer+GST_BUS: 0:00:30.445478113 0xe900d090 gstbus.c:309:gst_bus_post:<bus0> [msg 0xe92f7d68] posting on bus state-changed message: 0xe92f7d68, time 99:99:99.999999999, seq-num 129, element 'amcvideodec-omxnvidiah264decode0', GstMessageStateChanged, old-state=(GstState)GST_STATE_READY, new-state=(GstState)GST_STATE_PAUSED, pending-state=(GstState)GST_STATE_VOID_PENDING;
06-06 22:05:26.614  4906  5038 D GStreamer+decodebin: 0:00:30.445527800 0xe900d090 gstdecodebin2.c:5492:gst_decode_bin_handle_message:<forhwgl> Forwarding msg state-changed message: 0xe92f7d68, time 99:99:99.999999999, seq-num 129, element 'amcvideodec-omxnvidiah264decode0', GstMessageStateChanged, old-state=(GstState)GST_STATE_READY, new-state=(GstState)GST_STATE_PAUSED, pending-state=(GstState)GST_STATE_VOID_PENDING;
06-06 22:05:26.615  4906  5038 D GStreamer+bin: 0:00:30.445572332 0xe900d090 gstbin.c:3654:gst_bin_handle_message_func:<forhwgl> [msg 0xe92f7d68] handling child amcvideodec-omxnvidiah264decode0 message of type state-changed
06-06 22:05:26.615  4906  5038 D GStreamer+bin: 0:00:30.445594728 0xe900d090 gstbin.c:3991:gst_bin_handle_message_func:<forhwgl> posting message upward
06-06 22:05:26.615  4906  5038 D GStreamer+GST_BUS: 0:00:30.445613634 0xe900d090 gstbus.c:309:gst_bus_post:<bus2> [msg 0xe92f7d68] posting on bus state-changed message: 0xe92f7d68, time 99:99:99.999999999, seq-num 129, element 'amcvideodec-omxnvidiah264decode0', GstMessageStateChanged, old-state=(GstState)GST_STATE_READY, new-state=(GstState)GST_STATE_PAUSED, pending-state=(GstState)GST_STATE_VOID_PENDING;
06-06 22:05:26.615  4906  5038 D GStreamer+bin: 0:00:30.445657123 0xe900d090 gstbin.c:3654:gst_bin_handle_message_func:<pipeline0> [msg 0xe92f7d68] handling child amcvideodec-omxnvidiah264decode0 message of type state-changed
06-06 22:05:26.615  4906  5038 D GStreamer+bin: 0:00:30.445677853 0xe900d090 gstbin.c:3991:gst_bin_handle_message_func:<pipeline0> posting message upward
06-06 22:05:26.615  4906  5038 D GStreamer+GST_BUS: 0:00:30.445695769 0xe900d090 gstbus.c:309:gst_bus_post:<bus3> [msg 0xe92f7d68] posting on bus state-changed message: 0xe92f7d68, time 99:99:99.999999999, seq-num 129, element 'amcvideodec-omxnvidiah264decode0', GstMessageStateChanged, old-state=(GstState)GST_STATE_READY, new-state=(GstState)GST_STATE_PAUSED, pending-state=(GstState)GST_STATE_VOID_PENDING;
06-06 22:05:26.615  4906  5038 D GStreamer+GST_BUS: 0:00:30.445737748 0xe900d090 gstbus.c:348:gst_bus_post:<bus3> [msg 0xe92f7d68] pushing on async queue
06-06 22:05:26.615  4906  5038 D GStreamer+GST_BUS: 0:00:30.445764832 0xe900d090 gstbus.c:351:gst_bus_post:<bus3> [msg 0xe92f7d68] pushed on async queue
06-06 22:05:26.615  4906  5038 D GStreamer+GST_BUS: 0:00:30.445784415 0xe900d090 gstbus.c:344:gst_bus_post:<bus2> [msg 0xe92f7d68] dropped
06-06 22:05:26.615  4906  5038 D GStreamer+GST_BUS: 0:00:30.445802957 0xe900d090 gstbus.c:344:gst_bus_post:<bus0> [msg 0xe92f7d68] dropped
06-06 22:05:26.615  4906  5000 D GStreamer+GST_BUS: 0:00:30.445799675 0xe9172400 gstbus.c:521:gst_bus_timed_pop_filtered:<bus3> got message 0xe92f7d68, state-changed from amcvideodec-omxnvidiah264decode0, type mask is 4294967295
06-06 22:05:26.615  4906  5038 D GStreamer+GST_STATES: 0:00:30.445832957 0xe900d090 gstelement.c:2609:gst_element_set_state_func:<amcvideodec-omxnvidiah264decode0> returned SUCCESS
06-06 22:05:26.615  4906  5000 D GStreamer+GST_BUS: 0:00:30.445844884 0xe9172400 gstbus.c:789:gst_bus_source_dispatch:<bus3> source 0xe92790b8 calling dispatch with state-changed message: 0xe92f7d68, time 99:99:99.999999999, seq-num 129, element 'amcvideodec-omxnvidiah264decode0', GstMessageStateChanged, old-state=(GstState)GST_STATE_READY, new-state=(GstState)GST_STATE_PAUSED, pending-state=(GstState)GST_STATE_VOID_PENDING;
06-06 22:05:26.615  4906  5038 D GStreamer+GST_EVENT: 0:00:30.445856030 0xe900d090 gstpad.c:5536:gst_pad_send_event_unchecked:<amcvideodec-omxnvidiah264decode0:sink> have event type stream-start event: 0xe91914c0, time 99:99:99.999999999, seq-num 64, GstEventStreamStart, stream-id=(string)f053c058b440b43524b277045893b30df4e765b8d037f3d09e4ccd970feb850c/001, flags=(GstStreamFlags)GST_STREAM_FLAG_NONE, group-id=(uint)0;
06-06 22:05:26.615  4906  5038 D GStreamer+videodecoder: 0:00:30.445918686 0xe900d090 gstvideodecoder.c:1486:gst_video_decoder_sink_event:<amcvideodec-omxnvidiah264decode0> received event 10254, stream-start
06-06 22:05:26.615  4906  5000 D GStreamer+GST_BUS: 0:00:30.445926811 0xe9172400 gstbus.c:794:gst_bus_source_dispatch:<bus3> source 0xe92790b8 handler returns 1
06-06 22:05:26.615  4906  5038 V GStreamer+videodecoder: 0:00:30.445947436 0xe900d090 gstvideodecoder.c:1057:gst_video_decoder_drain_out:<amcvideodec-omxnvidiah264decode0> Sub-class should implement drain()
06-06 22:05:26.615  4906  5038 D GStreamer+videodecoder: 0:00:30.445968113 0xe900d090 gstvideodecoder.c:1208:gst_video_decoder_sink_event_default:<amcvideodec-omxnvidiah264decode0> received STREAM_START. Clearing taglist
06-06 22:05:26.615  4906  5038 D GStreamer+videodecoder: 0:00:30.445989155 0xe900d090 gstvideodecoder.c:980:gst_video_decoder_push_event:<amcvideodec-omxnvidiah264decode0> pushing event stream-start
06-06 22:05:26.615  4906  5038 D GStreamer+GST_PADS: 0:00:30.446010561 0xe900d090 gstpad.c:3853:check_sticky:<amcvideodec-omxnvidiah264decode0:src> pushing all sticky events
06-06 22:05:26.615  4906  5038 D GStreamer+GST_EVENT: 0:00:30.446030561 0xe900d090 gstpad.c:5536:gst_pad_send_event_unchecked:<decodepad0:proxypad2> have event type stream-start event: 0xe91914c0, time 99:99:99.999999999, seq-num 64, GstEventStreamStart, stream-id=(string)f053c058b440b43524b277045893b30df4e765b8d037f3d09e4ccd970feb850c/001, flags=(GstStreamFlags)GST_STREAM_FLAG_NONE, group-id=(uint)0;
06-06 22:05:26.615  4906  5038 D GStreamer+GST_PADS: 0:00:30.446082592 0xe900d090 gstpad.c:3853:check_sticky:<'':decodepad0> pushing all sticky events
06-06 22:05:26.615  4906  5038 D GStreamer+GST_PADS: 0:00:30.446102436 0xe900d090 gstpad.c:5306:gst_pad_push_event_unchecked:<'':decodepad0> Dropping event stream-start because pad is not linked
06-06 22:05:26.615  4906  5038 D GStreamer+GST_PADS: 0:00:30.446122957 0xe900d090 gstpad.c:3824:push_sticky:<'':decodepad0> pad was not linked, mark pending
06-06 22:05:26.615  4906  5038 D GStreamer+GST_PADS: 0:00:30.446142644 0xe900d090 gstpad.c:5609:gst_pad_send_event_unchecked:<decodepad0:proxypad2> sent event, ret ok
06-06 22:05:26.615  4906  5038 D GStreamer+GST_PADS: 0:00:30.446165248 0xe900d090 gstpad.c:3805:push_sticky:<amcvideodec-omxnvidiah264decode0:src> event stream-start marked received
06-06 22:05:26.615  4906  5038 D GStreamer+GST_PADS: 0:00:30.446187592 0xe900d090 gstpad.c:5609:gst_pad_send_event_unchecked:<amcvideodec-omxnvidiah264decode0:sink> sent event, ret ok
06-06 22:05:26.615  4906  5038 D GStreamer+GST_EVENT: 0:00:30.446208842 0xe900d090 gstpad.c:5536:gst_pad_send_event_unchecked:<amcvideodec-omxnvidiah264decode0:sink> have event type caps event: 0xe921ca68, time 99:99:99.999999999, seq-num 104, GstEventCaps, caps=(GstCaps)"video/x-h264\,\ stream-format\=\(string\)byte-stream\,\ alignment\=\(string\)au\,\ level\=\(string\)4\,\ profile\=\(string\)baseline\,\ width\=\(int\)1280\,\ height\=\(int\)1440\,\ framerate\=\(fraction\)151/3\,\ pixel-aspect-ratio\=\(fraction\)1/1\,\ parsed\=\(boolean\)true";
06-06 22:05:26.615  4906  5038 D GStreamer+GST_CAPS: 0:00:30.446275613 0xe900d090 gstutils.c:2955:gst_pad_query_accept_caps:<amcvideodec-omxnvidiah264decode0:sink> accept caps of video/x-h264, stream-format=(string)byte-stream, alignment=(string)au, level=(string)4, profile=(string)baseline, width=(int)1280, height=(int)1440, framerate=(fraction)151/3, pixel-aspect-ratio=(fraction)1/1, parsed=(boolean)true
06-06 22:05:26.615  4906  5038 D GStreamer+query: 0:00:30.446321446 0xe900d090 gstquery.c:674:gst_query_new_custom creating new query 0xe9539750 accept-caps
06-06 22:05:26.615  4906  5038 D GStreamer+GST_PADS: 0:00:30.446340925 0xe900d090 gstpad.c:3922:gst_pad_query:<amcvideodec-omxnvidiah264decode0:sink> doing query 0xe9539750 (accept-caps)
06-06 22:05:26.615  4906  5038 D GStreamer+videodecoder: 0:00:30.446363998 0xe900d090 gstvideodecoder.c:1963:gst_video_decoder_sink_query:<amcvideodec-omxnvidiah264decode0> received query 40963, accept-caps
06-06 22:05:26.615  4906  5038 D GStreamer+GST_CAPS: 0:00:30.446397644 0xe900d090 gstutils.c:2872:gst_pad_query_caps:<amcvideodec-omxnvidiah264decode0:sink> get pad caps with filter video/x-h264, stream-format=(string)byte-stream, alignment=(string)au, level=(string)4, profile=(string)baseline, width=(int)1280, height=(int)1440, framerate=(fraction)151/3, pixel-aspect-ratio=(fraction)1/1, parsed=(boolean)true
06-06 22:05:26.615  4906  5038 D GStreamer+query: 0:00:30.446464207 0xe900d090 gstquery.c:674:gst_query_new_custom creating new query 0xe95396c0 caps
06-06 22:05:26.615  4906  5038 D GStreamer+GST_PADS: 0:00:30.446484050 0xe900d090 gstpad.c:3922:gst_pad_query:<amcvideodec-omxnvidiah264decode0:sink> doing query 0xe95396c0 (caps)
06-06 22:05:26.615  4906  5038 D GStreamer+videodecoder: 0:00:30.446506030 0xe900d090 gstvideodecoder.c:1963:gst_video_decoder_sink_query:<amcvideodec-omxnvidiah264decode0> received query 43523, caps
06-06 22:05:26.616  4906  5038 D GStreamer+GST_CAPS: 0:00:30.446559207 0xe900d090 gstutils.c:2918:gst_pad_peer_query_caps:<amcvideodec-omxnvidiah264decode0:src> get pad peer caps with filter video/x-raw(memory:GLMemory), width=(int)1280, height=(int)1440, framerate=(fraction)151/3, pixel-aspect-ratio=(fraction)1/1; video/x-raw, width=(int)1280, height=(int)1440, framerate=(fraction)151/3, pixel-aspect-ratio=(fraction)1/1
06-06 22:05:26.616  4906  5038 D GStreamer+query: 0:00:30.446610769 0xe900d090 gstquery.c:674:gst_query_new_custom creating new query 0xe9539580 caps
06-06 22:05:26.616  4906  5038 D GStreamer+GST_PADS: 0:00:30.446630457 0xe900d090 gstpad.c:4049:gst_pad_peer_query:<amcvideodec-omxnvidiah264decode0:src> peer query 0xe9539580 (caps)
06-06 22:05:26.616  4906  5038 D GStreamer+GST_PADS: 0:00:30.446652696 0xe900d090 gstpad.c:3922:gst_pad_query:<decodepad0:proxypad2> doing query 0xe9539580 (caps)
06-06 22:05:26.616  4906  5038 D GStreamer+decodebin: 0:00:30.446675144 0xe900d090 gstdecodebin2.c:5045:gst_decode_pad_query:<forhwgl> calling autoplug-query for decodepad0 (element amcvideodec-omxnvidiah264decode0): caps query: 0xe9539580, GstQueryCaps, filter=(GstCaps)"video/x-raw\(memory:GLMemory\)\,\ width\=\(int\)1280\,\ height\=\(int\)1440\,\ framerate\=\(fraction\)151/3\,\ pixel-aspect-ratio\=\(fraction\)1/1\;\ video/x-raw\,\ width\=\(int\)1280\,\ height\=\(int\)1440\,\ framerate\=\(fraction\)151/3\,\ pixel-aspect-ratio\=\(fraction\)1/1", caps=(GstCaps)"NULL";
06-06 22:05:26.616  4906  5038 D GStreamer+decodebin: 0:00:30.446758998 0xe900d090 gstdecodebin2.c:5054:gst_decode_pad_query:<forhwgl> autoplug-query returned 0
06-06 22:05:26.616  4906  5038 D GStreamer+GST_CAPS: 0:00:30.446778790 0xe900d090 gstpad.c:3112:gst_pad_query_caps_default:<decodepad0:proxypad2> query caps caps query: 0xe9539580, GstQueryCaps, filter=(GstCaps)"video/x-raw\(memory:GLMemory\)\,\ width\=\(int\)1280\,\ height\=\(int\)1440\,\ framerate\=\(fraction\)151/3\,\ pixel-aspect-ratio\=\(fraction\)1/1\;\ video/x-raw\,\ width\=\(int\)1280\,\ height\=\(int\)1440\,\ framerate\=\(fraction\)151/3\,\ pixel-aspect-ratio\=\(fraction\)1/1", caps=(GstCaps)"NULL";
06-06 22:05:26.616  4906  5038 D GStreamer+GST_PADS: 0:00:30.446839363 0xe900d090 gstutils.c:2633:gst_pad_proxy_query_caps:<decodepad0:proxypad2> proxying caps query for decodepad0:proxypad2
06-06 22:05:26.616  4906  5038 D GStreamer+GST_PADS: 0:00:30.446867228 0xe900d090 gstpad.c:4049:gst_pad_peer_query:<'':decodepad0> peer query 0xe9539580 (caps)
06-06 22:05:26.616  4906  5038 I GStreamer+GST_PADS: 0:00:30.446888686 0xe900d090 gstpad.c:4105:gst_pad_peer_query:<'':decodepad0> pad has no peer
06-06 22:05:26.616  4906  5038 D GStreamer+GST_PADS: 0:00:30.446911394 0xe900d090 gstpad.c:3367:gst_pad_query_default:<decodepad0:proxypad2> not forwarding 0xe9539580 (caps) query
06-06 22:05:26.616  4906  5038 D GStreamer+GST_PADS: 0:00:30.446934415 0xe900d090 gstpad.c:3945:gst_pad_query:<decodepad0:proxypad2> sent query 0xe9539580 (caps), result 1
06-06 22:05:26.616  4906  5038 D GStreamer+GST_CAPS: 0:00:30.446957175 0xe900d090 gstutils.c:2925:gst_pad_peer_query_caps:<amcvideodec-omxnvidiah264decode0:src> peer query returned video/x-raw(memory:GLMemory), width=(int)1280, height=(int)1440, framerate=(fraction)151/3, pixel-aspect-ratio=(fraction)1/1; video/x-raw, width=(int)1280, height=(int)1440, framerate=(fraction)151/3, pixel-aspect-ratio=(fraction)1/1
06-06 22:05:26.616  4906  5038 D GStreamer+GST_PADS: 0:00:30.447190978 0xe900d090 gstpad.c:3945:gst_pad_query:<amcvideodec-omxnvidiah264decode0:sink> sent query 0xe95396c0 (caps), result 1
06-06 22:05:26.616  4906  5038 D GStreamer+GST_CAPS: 0:00:30.447222644 0xe900d090 gstutils.c:2879:gst_pad_query_caps:<amcvideodec-omxnvidiah264decode0:sink> query returned video/x-h264, width=(int)1280, height=(int)1440, framerate=(fraction)151/3, pixel-aspect-ratio=(fraction)1/1, parsed=(boolean)true, stream-format=(string)byte-stream, alignment=(string)au, profile=(string)baseline, level=(string)4
06-06 22:05:26.616  4906  5038 D GStreamer+GST_PADS: 0:00:30.447270040 0xe900d090 gstpad.c:3945:gst_pad_query:<amcvideodec-omxnvidiah264decode0:sink> sent query 0xe9539750 (accept-caps), result 1
06-06 22:05:26.616  4906  5038 D GStreamer+default: 0:00:30.447294780 0xe900d090 gstutils.c:2960:gst_pad_query_accept_caps:<amcvideodec-omxnvidiah264decode0:sink> query returned 1
06-06 22:05:26.616  4906  5038 D GStreamer+videodecoder: 0:00:30.447316082 0xe900d090 gstvideodecoder.c:1486:gst_video_decoder_sink_event:<amcvideodec-omxnvidiah264decode0> received event 12814, caps
06-06 22:05:26.616  4906  5038 D GStreamer+videodecoder: 0:00:30.447339155 0xe900d090 gstvideodecoder.c:807:gst_video_decoder_setcaps:<amcvideodec-omxnvidiah264decode0> setcaps video/x-h264, stream-format=(string)byte-stream, alignment=(string)au, level=(string)4, profile=(string)baseline, width=(int)1280, height=(int)1440, framerate=(fraction)151/3, pixel-aspect-ratio=(fraction)1/1, parsed=(boolean)true
06-06 22:05:26.616  4906  5038 D GStreamer+video-info: 0:00:30.447455405 0xe900d090 video-info.c:300:gst_video_info_from_caps parsing caps video/x-h264, stream-format=(string)byte-stream, alignment=(string)au, level=(string)4, profile=(string)baseline, width=(int)1280, height=(int)1440, framerate=(fraction)151/3, pixel-aspect-ratio=(fraction)1/1, parsed=(boolean)true
06-06 22:05:26.616  4906  5038 D GStreamer+video-info: 0:00:30.447512696 0xe900d090 video-info.c:403:gst_video_info_from_caps no colorimetry, using default
06-06 22:05:26.616  4906  5038 D GStreamer+amcvideodec: 0:00:30.447533738 0xe900d090 gstamcvideodec.c:1798:gst_amc_video_dec_set_format:<amcvideodec-omxnvidiah264decode0> Setting new caps video/x-h264, stream-format=(string)byte-stream, alignment=(string)au, level=(string)4, profile=(string)baseline, width=(int)1280, height=(int)1440, framerate=(fraction)151/3, pixel-aspect-ratio=(fraction)1/1, parsed=(boolean)true
06-06 22:05:26.617  4906  5038 D GStreamer+GST_CAPS: 0:00:30.447628478 0xe900d090 gstutils.c:2918:gst_pad_peer_query_caps:<amcvideodec-omxnvidiah264decode0:src> get pad peer caps with filter video/x-raw(memory:GLMemory), format=(string)RGBA, texture-target=(string)external-oes; video/x-raw, format=(string)I420, width=(int)[ 1, 2147483647 ], height=(int)[ 1, 2147483647 ], framerate=(fraction)[ 0/1, 2147483647/1 ]; video/x-raw, format=(string)NV12, width=(int)[ 1, 2147483647 ], height=(int)[ 1, 2147483647 ], framerate=(fraction)[ 0/1, 2147483647/1 ]
06-06 22:05:26.617  4906  5038 D GStreamer+query: 0:00:30.447712175 0xe900d090 gstquery.c:674:gst_query_new_custom creating new query 0xe9539490 caps
06-06 22:05:26.617  4906  5038 D GStreamer+GST_PADS: 0:00:30.447734623 0xe900d090 gstpad.c:4049:gst_pad_peer_query:<amcvideodec-omxnvidiah264decode0:src> peer query 0xe9539490 (caps)
06-06 22:05:26.617  4906  5038 D GStreamer+GST_PADS: 0:00:30.447759623 0xe900d090 gstpad.c:3922:gst_pad_query:<decodepad0:proxypad2> doing query 0xe9539490 (caps)
06-06 22:05:26.617  4906  5038 D GStreamer+decodebin: 0:00:30.447783269 0xe900d090 gstdecodebin2.c:5045:gst_decode_pad_query:<forhwgl> calling autoplug-query for decodepad0 (element amcvideodec-omxnvidiah264decode0): caps query: 0xe9539490, GstQueryCaps, filter=(GstCaps)"video/x-raw\(memory:GLMemory\)\,\ format\=\(string\)RGBA\,\ texture-target\=\(string\)external-oes\;\ video/x-raw\,\ format\=\(string\)I420\,\ width\=\(int\)\[\ 1\,\ 2147483647\ \]\,\ height\=\(int\)\[\ 1\,\ 2147483647\ \]\,\ framerate\=\(fraction\)\[\ 0/1\,\ 2147483647/1\ \]\;\ video/x-raw\,\ format\=\(string\)NV12\,\ width\=\(int\)\[\ 1\,\ 2147483647\ \]\,\ height\=\(int\)\[\ 1\,\ 2147483647\ \]\,\ framerate\=\(fraction\)\[\ 0/1\,\ 2147483647/1\ \]", caps=(GstCaps)"NULL";
06-06 22:05:26.617  4906  5038 D GStreamer+decodebin: 0:00:30.447884103 0xe900d090 gstdecodebin2.c:5054:gst_decode_pad_query:<forhwgl> autoplug-query returned 0
06-06 22:05:26.617  4906  5038 D GStreamer+GST_CAPS: 0:00:30.447906342 0xe900d090 gstpad.c:3112:gst_pad_query_caps_default:<decodepad0:proxypad2> query caps caps query: 0xe9539490, GstQueryCaps, filter=(GstCaps)"video/x-raw\(memory:GLMemory\)\,\ format\=\(string\)RGBA\,\ texture-target\=\(string\)external-oes\;\ video/x-raw\,\ format\=\(string\)I420\,\ width\=\(int\)\[\ 1\,\ 2147483647\ \]\,\ height\=\(int\)\[\ 1\,\ 2147483647\ \]\,\ framerate\=\(fraction\)\[\ 0/1\,\ 2147483647/1\ \]\;\ video/x-raw\,\ format\=\(string\)NV12\,\ width\=\(int\)\[\ 1\,\ 2147483647\ \]\,\ height\=\(int\)\[\ 1\,\ 2147483647\ \]\,\ framerate\=\(fraction\)\[\ 0/1\,\ 2147483647/1\ \]", caps=(GstCaps)"NULL";
06-06 22:05:26.617  4906  5038 D GStreamer+GST_PADS: 0:00:30.447992540 0xe900d090 gstutils.c:2633:gst_pad_proxy_query_caps:<decodepad0:proxypad2> proxying caps query for decodepad0:proxypad2
06-06 22:05:26.617  4906  5038 D GStreamer+GST_PADS: 0:00:30.448019623 0xe900d090 gstpad.c:4049:gst_pad_peer_query:<'':decodepad0> peer query 0xe9539490 (caps)
06-06 22:05:26.617  4906  5038 I GStreamer+GST_PADS: 0:00:30.448042228 0xe900d090 gstpad.c:4105:gst_pad_peer_query:<'':decodepad0> pad has no peer
06-06 22:05:26.617  4906  5038 D GStreamer+GST_PADS: 0:00:30.448065092 0xe900d090 gstpad.c:3367:gst_pad_query_default:<decodepad0:proxypad2> not forwarding 0xe9539490 (caps) query
06-06 22:05:26.617  4906  5038 D GStreamer+GST_PADS: 0:00:30.448090144 0xe900d090 gstpad.c:3945:gst_pad_query:<decodepad0:proxypad2> sent query 0xe9539490 (caps), result 1
06-06 22:05:26.617  4906  5038 D GStreamer+GST_CAPS: 0:00:30.448114103 0xe900d090 gstutils.c:2925:gst_pad_peer_query_caps:<amcvideodec-omxnvidiah264decode0:src> peer query returned video/x-raw(memory:GLMemory), format=(string)RGBA, texture-target=(string)external-oes; video/x-raw, format=(string)I420, width=(int)[ 1, 2147483647 ], height=(int)[ 1, 2147483647 ], framerate=(fraction)[ 0/1, 2147483647/1 ]; video/x-raw, format=(string)NV12, width=(int)[ 1, 2147483647 ], height=(int)[ 1, 2147483647 ], framerate=(fraction)[ 0/1, 2147483647/1 ]
06-06 22:05:26.617  4906  5038 D GStreamer+structure: 0:00:30.448191603 0xe900d090 gststructure.c:2318:gst_structure_parse_field trying field name 'format'
06-06 22:05:26.617  4906  5038 D GStreamer+structure: 0:00:30.448214467 0xe900d090 gststructure.c:2369:gst_structure_parse_value trying type name 'string'
06-06 22:05:26.617  4906  5038 D GStreamer+structure: 0:00:30.448235248 0xe900d090 gststructure.c:2318:gst_structure_parse_field trying field name 'width'
06-06 22:05:26.617  4906  5038 D GStreamer+structure: 0:00:30.448252228 0xe900d090 gststructure.c:2369:gst_structure_parse_value trying type name 'int'
06-06 22:05:26.617  4906  5038 D GStreamer+structure: 0:00:30.448278530 0xe900d090 gststructure.c:2318:gst_structure_parse_field trying field name 'height'
06-06 22:05:26.617  4906  5038 D GStreamer+structure: 0:00:30.448297644 0xe900d090 gststructure.c:2369:gst_structure_parse_value trying type name 'int'
06-06 22:05:26.617  4906  5038 D GStreamer+structure: 0:00:30.448320196 0xe900d090 gststructure.c:2318:gst_structure_parse_field trying field name 'framerate'
06-06 22:05:26.617  4906  5038 D GStreamer+structure: 0:00:30.448339571 0xe900d090 gststructure.c:2369:gst_structure_parse_value trying type name 'fraction'
06-06 22:05:26.617  4906  5038 D GStreamer+amcvideodec: 0:00:30.448369623 0xe900d090 gstamcvideodec.c:1905:gst_amc_video_dec_set_format:<amcvideodec-omxnvidiah264decode0> Available downstream caps: video/x-raw(memory:GLMemory), format=(string)RGBA, texture-target=(string)external-oes; video/x-raw, format=(string)I420, width=(int)[ 1, 2147483647 ], height=(int)[ 1, 2147483647 ], framerate=(fraction)[ 0/1, 2147483647/1 ]; video/x-raw, format=(string)NV12, width=(int)[ 1, 2147483647 ], height=(int)[ 1, 2147483647 ], framerate=(fraction)[ 0/1, 2147483647/1 ]
06-06 22:05:26.617  4906  5038 D GStreamer+videodecoder: 0:00:30.448466811 0xe900d090 gstvideodecoder.c:3488:gst_video_decoder_set_output_state:<amcvideodec-omxnvidiah264decode0> fmt:11, width:1280, height:1440, reference:0xe955f028
06-06 22:05:26.617  4906  5038 D GStreamer+videodecoder: 0:00:30.448497280 0xe900d090 gstvideodecoder.c:778:_new_output_state reference par 1/1 fps 151/3
06-06 22:05:26.617  4906  5038 D GStreamer+videodecoder: 0:00:30.448518269 0xe900d090 gstvideodecoder.c:793:_new_output_state reference par 1/1 fps 151/3
06-06 22:05:26.617  4906  5038 D GStreamer+GST_PADS: 0:00:30.448560092 0xe900d090 gstpad.c:1614:gst_pad_check_reconfigure:<amcvideodec-omxnvidiah264decode0:src> remove RECONFIGURE flag
06-06 22:05:26.618  4906  5038 D GStreamer+videodecoder: 0:00:30.448587019 0xe900d090 gstvideodecoder.c:3802:gst_video_decoder_negotiate_default:<amcvideodec-omxnvidiah264decode0> output_state par 1/1 fps 151/3
06-06 22:05:26.618  4906  5038 D GStreamer+videodecoder: 0:00:30.448613061 0xe900d090 gstvideodecoder.c:3809:gst_video_decoder_negotiate_default:<amcvideodec-omxnvidiah264decode0> setting caps video/x-raw(memory:GLMemory), format=(string)RGBA, width=(int)1280, height=(int)1440, interlace-mode=(string)progressive, pixel-aspect-ratio=(fraction)1/1, colorimetry=(string)sRGB, framerate=(fraction)151/3
06-06 22:05:26.618  4906  5038 D GStreamer+GST_CAPS: 0:00:30.448657228 0xe900d090 gstpad.c:2672:gst_pad_get_current_caps:<amcvideodec-omxnvidiah264decode0:src> get current pad caps (NULL)
06-06 22:05:26.618  4906  5038 D GStreamer+videodecoder: 0:00:30.448681394 0xe900d090 gstvideodecoder.c:3841:gst_video_decoder_negotiate_default:<amcvideodec-omxnvidiah264decode0> decoder src pad has currently NULL caps
06-06 22:05:26.618  4906  5038 I GStreamer+GST_EVENT: 0:00:30.448702332 0xe900d090 gstevent.c:679:gst_event_new_caps creating caps event video/x-raw(memory:GLMemory), format=(string)RGBA, width=(int)1280, height=(int)1440, interlace-mode=(string)progressive, pixel-aspect-ratio=(fraction)1/1, colorimetry=(string)sRGB, framerate=(fraction)151/3
06-06 22:05:26.618  4906  5038 D GStreamer+GST_EVENT: 0:00:30.448742436 0xe900d090 gstevent.c:302:gst_event_new_custom creating new event 0xe921cc78 caps 12814
06-06 22:05:26.618  4906  5038 D GStreamer+GST_PADS: 0:00:30.448766238 0xe900d090 gstpad.c:5093:store_sticky_event:<amcvideodec-omxnvidiah264decode0:src> notify caps
06-06 22:05:26.618  4906  5038 D GStreamer+GST_PADS: 0:00:30.448798113 0xe900d090 gstpad.c:3853:check_sticky:<amcvideodec-omxnvidiah264decode0:src> pushing all sticky events
06-06 22:05:26.618  4906  5038 D GStreamer+GST_PADS: 0:00:30.448817488 0xe900d090 gstpad.c:3785:push_sticky:<amcvideodec-omxnvidiah264decode0:src> event stream-start was already received
06-06 22:05:26.618  4906  5038 D GStreamer+GST_EVENT: 0:00:30.448841186 0xe900d090 gstpad.c:5536:gst_pad_send_event_unchecked:<decodepad0:proxypad2> have event type caps event: 0xe921cc78, time 99:99:99.999999999, seq-num 130, GstEventCaps, caps=(GstCaps)"video/x-raw\(memory:GLMemory\)\,\ format\=\(string\)RGBA\,\ width\=\(int\)1280\,\ height\=\(int\)1440\,\ interlace-mode\=\(string\)progressive\,\ pixel-aspect-ratio\=\(fraction\)1/1\,\ colorimetry\=\(string\)sRGB\,\ framerate\=\(fraction\)151/3";
06-06 22:05:26.618  4906  5038 D GStreamer+GST_CAPS: 0:00:30.448911967 0xe900d090 gstutils.c:2955:gst_pad_query_accept_caps:<decodepad0:proxypad2> accept caps of video/x-raw(memory:GLMemory), format=(string)RGBA, width=(int)1280, height=(int)1440, interlace-mode=(string)progressive, pixel-aspect-ratio=(fraction)1/1, colorimetry=(string)sRGB, framerate=(fraction)151/3
06-06 22:05:26.618  4906  5038 D GStreamer+query: 0:00:30.448955300 0xe900d090 gstquery.c:674:gst_query_new_custom creating new query 0xe95395b0 accept-caps
06-06 22:05:26.618  4906  5038 D GStreamer+GST_PADS: 0:00:30.448976550 0xe900d090 gstpad.c:3922:gst_pad_query:<decodepad0:proxypad2> doing query 0xe95395b0 (accept-caps)
06-06 22:05:26.618  4906  5038 D GStreamer+decodebin: 0:00:30.449000717 0xe900d090 gstdecodebin2.c:5045:gst_decode_pad_query:<forhwgl> calling autoplug-query for decodepad0 (element amcvideodec-omxnvidiah264decode0): accept-caps query: 0xe95395b0, GstQueryAcceptCaps, caps=(GstCaps)"video/x-raw\(memory:GLMemory\)\,\ format\=\(string\)RGBA\,\ width\=\(int\)1280\,\ height\=\(int\)1440\,\ interlace-mode\=\(string\)progressive\,\ pixel-aspect-ratio\=\(fraction\)1/1\,\ colorimetry\=\(string\)sRGB\,\ framerate\=\(fraction\)151/3", result=(boolean)false;
06-06 22:05:26.618  4906  5038 D GStreamer+decodebin: 0:00:30.449065978 0xe900d090 gstdecodebin2.c:5054:gst_decode_pad_query:<forhwgl> autoplug-query returned 0
06-06 22:05:26.618  4906  5038 D GStreamer+GST_PADS: 0:00:30.449088634 0xe900d090 gstpad.c:3059:gst_pad_query_accept_caps_default:<decodepad0:proxypad2> query accept-caps accept-caps query: 0xe95395b0, GstQueryAcceptCaps, caps=(GstCaps)"video/x-raw\(memory:GLMemory\)\,\ format\=\(string\)RGBA\,\ width\=\(int\)1280\,\ height\=\(int\)1440\,\ interlace-mode\=\(string\)progressive\,\ pixel-aspect-ratio\=\(fraction\)1/1\,\ colorimetry\=\(string\)sRGB\,\ framerate\=\(fraction\)151/3", result=(boolean)false;
06-06 22:05:26.618  4906  5038 D GStreamer+GST_PADS: 0:00:30.449140457 0xe900d090 gstutils.c:2564:gst_pad_proxy_query_accept_caps:<decodepad0:proxypad2> proxying accept caps query for decodepad0:proxypad2
06-06 22:05:26.618  4906  5038 D GStreamer+GST_PADS: 0:00:30.449166394 0xe900d090 gstpad.c:4049:gst_pad_peer_query:<'':decodepad0> peer query 0xe95395b0 (accept-caps)
06-06 22:05:26.618  4906  5038 I GStreamer+GST_PADS: 0:00:30.449189728 0xe900d090 gstpad.c:4105:gst_pad_peer_query:<'':decodepad0> pad has no peer
06-06 22:05:26.618  4906  5038 D GStreamer+GST_PADS: 0:00:30.449210769 0xe900d090 gstutils.c:2575:gst_pad_proxy_query_accept_caps:<decodepad0:proxypad2> proxying accept caps query: 1
06-06 22:05:26.618  4906  5038 D GStreamer+GST_PADS: 0:00:30.449232853 0xe900d090 gstpad.c:3089:gst_pad_query_accept_caps_default:<decodepad0:proxypad2> allowed caps subset ANY, caps video/x-raw(memory:GLMemory), format=(string)RGBA, width=(int)1280, height=(int)1440, interlace-mode=(string)progressive, pixel-aspect-ratio=(fraction)1/1, colorimetry=(string)sRGB, framerate=(fraction)151/3
06-06 22:05:26.618  4906  5038 D GStreamer+GST_PADS: 0:00:30.449275040 0xe900d090 gstpad.c:3367:gst_pad_query_default:<decodepad0:proxypad2> not forwarding 0xe95395b0 (accept-caps) query
06-06 22:05:26.618  4906  5038 D GStreamer+GST_PADS: 0:00:30.449301707 0xe900d090 gstpad.c:3945:gst_pad_query:<decodepad0:proxypad2> sent query 0xe95395b0 (accept-caps), result 1
06-06 22:05:26.618  4906  5038 D GStreamer+default: 0:00:30.449325717 0xe900d090 gstutils.c:2960:gst_pad_query_accept_caps:<decodepad0:proxypad2> query returned 1
06-06 22:05:26.618  4906  5038 D GStreamer+GST_PADS: 0:00:30.449355144 0xe900d090 gstpad.c:5093:store_sticky_event:<'':decodepad0> notify caps
06-06 22:05:26.618  4906  5038 D GStreamer+GST_PADS: 0:00:30.449377384 0xe900d090 gstpad.c:3853:check_sticky:<'':decodepad0> pushing all sticky events
06-06 22:05:26.618  4906  5038 D GStreamer+GST_PADS: 0:00:30.449397540 0xe900d090 gstpad.c:3785:push_sticky:<'':decodepad0> event stream-start was already received
06-06 22:05:26.618  4906  5038 D GStreamer+GST_PADS: 0:00:30.449432488 0xe900d090 gstpad.c:5306:gst_pad_push_event_unchecked:<'':decodepad0> Dropping event caps because pad is not linked
06-06 22:05:26.618  4906  5038 D GStreamer+GST_PADS: 0:00:30.449456603 0xe900d090 gstpad.c:3824:push_sticky:<'':decodepad0> pad was not linked, mark pending
06-06 22:05:26.618  4906  5038 D GStreamer+GST_PADS: 0:00:30.449479832 0xe900d090 gstpad.c:5609:gst_pad_send_event_unchecked:<decodepad0:proxypad2> sent event, ret ok
06-06 22:05:26.618  4906  5038 D GStreamer+GST_PADS: 0:00:30.449500353 0xe900d090 gstpad.c:5093:store_sticky_event:<decodepad0:proxypad2> notify caps
