06-06 22:05:26.689  4906  5038 D GStreamer+basetransform: 0:00:30.520526655 0xe900d090 gstbasetransform.c:994:gst_base_transform_do_bufferpool:<capsfilter0> we're passthough, delay bufferpool
06-06 22:05:26.689  4906  5038 D GStreamer+basetransform: 0:00:30.520547540 0xe900d090 gstbasetransform.c:2033:default_submit_input_buffer:<capsfilter0> handling buffer 0xe95378e0 of size 45254, PTS 0:00:00.000000000 and offset 0
06-06 22:05:26.690  4906  5038 D GStreamer+basetransform: 0:00:30.520576602 0xe900d090 gstbasetransform.c:2150:default_generate_output:<capsfilter0> calling prepare buffer
06-06 22:05:26.690  4906  5038 D GStreamer+basetransform: 0:00:30.520599311 0xe900d090 gstbasetransform.c:2157:default_generate_output:<capsfilter0> using allocated buffer in 0xe95378e0, out 0xe95378e0
06-06 22:05:26.690  4906  5038 D GStreamer+basetransform: 0:00:30.520621550 0xe900d090 gstbasetransform.c:2174:default_generate_output:<capsfilter0> doing inplace transform
06-06 22:05:26.690  4906  5038 D GStreamer+basetransform: 0:00:30.520639832 0xe900d090 gstbasetransform.c:2359:gst_base_transform_chain:<capsfilter0> we have a pending DISCONT
06-06 22:05:26.690  4906  5038 D GStreamer+GST_SCHEDULING: 0:00:30.520664363 0xe900d090 gstpad.c:4193:gst_pad_chain_data_unchecked:<amcvideodec-omxnvidiah264decode0:sink> calling chainfunction &gst_video_decoder_chain with buffer buffer: 0xe95378e0, pts 0:00:00.000000000, dts 0:00:00.000000000, dur 0:00:00.019867549, size 45254, offset 0, offset_end none, flags 0x440
06-06 22:05:26.690  4906  5038 D GStreamer+videodecoder: 0:00:30.520719259 0xe900d090 gstvideodecoder.c:3400:gst_video_decoder_decode_frame:<amcvideodec-omxnvidiah264decode0> PTS delta 0 ms
06-06 22:05:26.690  4906  5038 D GStreamer+amcvideodec: 0:00:30.520744050 0xe900d090 gstamcvideodec.c:2125:gst_amc_video_dec_handle_frame:<amcvideodec-omxnvidiah264decode0> Handling frame
06-06 22:05:26.690  4906  5038 D GStreamer+amcvideodec: 0:00:30.521450977 0xe900d090 gstamcvideodec.c:2239:gst_amc_video_dec_handle_frame:<amcvideodec-omxnvidiah264decode0> Queueing buffer 0: size 45254 time 0 flags 0x00000001
06-06 22:05:26.691  4906  5038 D GStreamer+GST_SCHEDULING: 0:00:30.521584207 0xe900d090 gstpad.c:4199:gst_pad_chain_data_unchecked:<amcvideodec-omxnvidiah264decode0:sink> called chainfunction &gst_video_decoder_chain with buffer 0xe95378e0, returned ok
06-06 22:05:26.691  4906  5038 D GStreamer+GST_SCHEDULING: 0:00:30.521625196 0xe900d090 gstpad.c:4199:gst_pad_chain_data_unchecked:<capsfilter0:sink> called chainfunction &gst_base_transform_chain with buffer 0xe95378e0, returned ok
06-06 22:05:26.691  4906  5038 D GStreamer+baseparse: 0:00:30.521661602 0xe900d090 gstbaseparse.c:3165:gst_base_parse_chain:<h264parse0> not enough data available (only 0 bytes)
06-06 22:05:26.691  4906  5038 D GStreamer+GST_SCHEDULING: 0:00:30.521688061 0xe900d090 gstpad.c:4199:gst_pad_chain_data_unchecked:<h264parse0:sink> called chainfunction &gst_base_parse_chain with buffer 0xe92fa528, returned ok
06-06 22:05:26.691  4906  5038 D GStreamer+GST_SCHEDULING: 0:00:30.521715821 0xe900d090 gstpad.c:4199:gst_pad_chain_data_unchecked:<typefind:sink> called chainfunction &gst_type_find_element_chain with buffer 0xe92fa528, returned ok
06-06 22:05:26.691  4906  5038 D GStreamer+GST_SCHEDULING: 0:00:30.521743790 0xe900d090 gstpad.c:4199:gst_pad_chain_data_unchecked:<forhwgl:sink> called chainfunction &gst_proxy_pad_chain_default with buffer 0xe92fa528, returned ok
06-06 22:05:26.691  4906  5038 D GStreamer+GST_SCHEDULING: 0:00:30.521784155 0xe900d090 gstpad.c:4193:gst_pad_chain_data_unchecked:<forhwgl:sink> calling chainfunction &gst_proxy_pad_chain_default with buffer buffer: 0xe92fa5c8, pts 0:00:00.042666666, dts 0:00:00.042666666, dur 0:00:00.000000000, size 32685, offset none, offset_end none, flags 0x0
06-06 22:05:26.691  4906  5038 D GStreamer+GST_SCHEDULING: 0:00:30.521844155 0xe900d090 gstpad.c:4193:gst_pad_chain_data_unchecked:<typefind:sink> calling chainfunction &gst_type_find_element_chain with buffer buffer: 0xe92fa5c8, pts 0:00:00.042666666, dts 0:00:00.042666666, dur 0:00:00.000000000, size 32685, offset none, offset_end none, flags 0x0
06-06 22:05:26.691  4906  5038 D GStreamer+GST_SCHEDULING: 0:00:30.521890144 0xe900d090 gstpad.c:4193:gst_pad_chain_data_unchecked:<h264parse0:sink> calling chainfunction &gst_base_parse_chain with buffer buffer: 0xe92fa5c8, pts 0:00:00.042666666, dts 0:00:00.042666666, dur 0:00:00.000000000, size 32685, offset none, offset_end none, flags 0x0
06-06 22:05:26.691  4906  5038 D GStreamer+baseparse: 0:00:30.521932436 0xe900d090 gstbaseparse.c:2996:gst_base_parse_chain:<h264parse0> chain
06-06 22:05:26.691  4906  5038 D GStreamer+GST_PERFORMANCE: 0:00:30.521956602 0xe900d090 gstminiobject.c:327:gst_mini_object_make_writable copy GstBuffer miniobject 0xe92fa5c8 -> 0xe9537840
06-06 22:05:26.691  4906  5038 D GStreamer+codecparsers_h264: 0:00:30.521983269 0xe900d090 gsth264parser.c:253:gst_h264_parse_nalu_header Nal type 7, ref_idc 1
06-06 22:05:26.691  4906  5038 D GStreamer+h264parse: 0:00:30.522002905 0xe900d090 gsth264parse.c:979:gst_h264_parse_handle_frame_packetized:<h264parse0> AVC nal offset 14
06-06 22:05:26.691  4906  5038 D GStreamer+h264parse: 0:00:30.522022905 0xe900d090 gsth264parse.c:714:gst_h264_parse_process_nal:<h264parse0> processing nal of type 7 SPS, size 10
06-06 22:05:26.691  4906  5038 D GStreamer+codecparsers_h264: 0:00:30.522044363 0xe900d090 gsth264parser.c:1758:gst_h264_parse_sps parsing SPS
06-06 22:05:26.691  4906  5038 D GStreamer+codecparsers_h264: 0:00:30.522063113 0xe900d090 gsth264parser.c:1484:gst_h264_parser_parse_sps adding sequence parameter set with id: 0 to array
06-06 22:05:26.691  4906  5038 D GStreamer+h264parse: 0:00:30.522082332 0xe900d090 gsth264parse.c:735:gst_h264_parse_process_nal:<h264parse0> triggering src caps check
06-06 22:05:26.691  4906  5038 D GStreamer+h264parse: 0:00:30.522099832 0xe900d090 gsth264parse.c:452:gst_h264_parser_store_nal:<h264parse0> storing sps 0
06-06 22:05:26.691  4906  5038 D GStreamer+GST_MEMORY: 0:00:30.522121238 0xe900d090 gstmemory.c:138:gst_memory_init new memory 0xe92be1e8, maxsize:13 offset:0 size:10
06-06 22:05:26.691  4906  5038 D GStreamer+GST_MEMORY: 0:00:30.522146863 0xe900d090 gstmemory.c:87:_gst_memory_free free memory 0xe92be188
06-06 22:05:26.691  4906  5038 D GStreamer+h264parse: 0:00:30.522165040 0xe900d090 gsth264parse.c:421:gst_h264_parse_wrap_nal:<h264parse0> nal length 10
06-06 22:05:26.691  4906  5038 D GStreamer+GST_MEMORY: 0:00:30.522183373 0xe900d090 gstmemory.c:138:gst_memory_init new memory 0xe92f9f70, maxsize:17 offset:0 size:14
06-06 22:05:26.691  4906  5038 D GStreamer+codecparsers_h264: 0:00:30.522207280 0xe900d090 gsth264parser.c:253:gst_h264_parse_nalu_header Nal type 8, ref_idc 1
06-06 22:05:26.691  4906  5038 D GStreamer+h264parse: 0:00:30.522225561 0xe900d090 gsth264parse.c:979:gst_h264_parse_handle_frame_packetized:<h264parse0> AVC nal offset 23
06-06 22:05:26.691  4906  5038 D GStreamer+h264parse: 0:00:30.522244259 0xe900d090 gsth264parse.c:714:gst_h264_parse_process_nal:<h264parse0> processing nal of type 8 PPS, size 5
06-06 22:05:26.691  4906  5038 D GStreamer+codecparsers_h264: 0:00:30.522265665 0xe900d090 gsth264parser.c:1894:gst_h264_parse_pps parsing PPS
06-06 22:05:26.691  4906  5038 D GStreamer+codecparsers_h264: 0:00:30.522283738 0xe900d090 gsth264parser.c:2027:gst_h264_parser_parse_pps adding picture parameter set with id: 0 to array
06-06 22:05:26.691  4906  5038 D GStreamer+h264parse: 0:00:30.522303373 0xe900d090 gsth264parse.c:768:gst_h264_parse_process_nal:<h264parse0> triggering src caps check
06-06 22:05:26.691  4906  5038 D GStreamer+h264parse: 0:00:30.522320509 0xe900d090 gsth264parse.c:456:gst_h264_parser_store_nal:<h264parse0> storing pps 0
06-06 22:05:26.691  4906  5038 D GStreamer+GST_MEMORY: 0:00:30.522339102 0xe900d090 gstmemory.c:138:gst_memory_init new memory 0xe92f7960, maxsize:8 offset:0 size:5
06-06 22:05:26.691  4906  5038 D GStreamer+GST_MEMORY: 0:00:30.522361290 0xe900d090 gstmemory.c:87:_gst_memory_free free memory 0xe92f7b18
06-06 22:05:26.691  4906  5038 D GStreamer+h264parse: 0:00:30.522379050 0xe900d090 gsth264parse.c:421:gst_h264_parse_wrap_nal:<h264parse0> nal length 5
06-06 22:05:26.691  4906  5038 D GStreamer+GST_MEMORY: 0:00:30.522397957 0xe900d090 gstmemory.c:138:gst_memory_init new memory 0xe924bb60, maxsize:12 offset:0 size:9
06-06 22:05:26.691  4906  5038 D GStreamer+codecparsers_h264: 0:00:30.522436186 0xe900d090 gsth264parser.c:253:gst_h264_parse_nalu_header Nal type 5, ref_idc 1
06-06 22:05:26.691   995  5045 D NvOsDebugPrintf: TVMR: cbBeginSequence: 883: BeginSequence  1280x1440, bVPR = 0
06-06 22:05:26.691  4906  5038 D GStreamer+h264parse: 0:00:30.522458113 0xe900d090 gsth264parse.c:979:gst_h264_parse_handle_frame_packetized:<h264parse0> AVC nal offset 32685
06-06 22:05:26.691  4906  5038 D GStreamer+h264parse: 0:00:30.522477332 0xe900d090 gsth264parse.c:714:gst_h264_parse_process_nal:<h264parse0> processing nal of type 5 Slice IDR, size 32658
06-06 22:05:26.691   995  5045 D NvOsDebugPrintf: TVMR: cbBeginSequence: 1229: DecodeBuffers = 5, pnvsi->eCodec = 4, codec = 0 
06-06 22:05:26.691  4906  5038 D GStreamer+h264parse: 0:00:30.522498686 0xe900d090 gsth264parse.c:820:gst_h264_parse_process_nal:<h264parse0> first_mb_in_slice = 0
06-06 22:05:26.691  4906  5038 D GStreamer+h264parse: 0:00:30.522514727 0xe900d090 gsth264parse.c:823:gst_h264_parse_process_nal:<h264parse0> frame start: 1
06-06 22:05:26.691  4906  5038 D GStreamer+codecparsers_h264: 0:00:30.522532852 0xe900d090 gsth264parser.c:2089:gst_h264_parser_parse_slice_hdr parsing "Slice header", slice type 7
06-06 22:05:26.691  4906  5038 D GStreamer+codecparsers_h264: 0:00:30.522551238 0xe900d090 gsth264parser.c:711:gst_h264_slice_parse_dec_ref_pic_marking parsing "Decoded reference picture marking"
06-06 22:05:26.691  4906  5038 D GStreamer+h264parse: 0:00:30.522568321 0xe900d090 gsth264parse.c:833:gst_h264_parse_process_nal:<h264parse0> parse result 0, first MB: 0, slice type: 7
06-06 22:05:26.692  4906  5038 D GStreamer+h264parse: 0:00:30.522588790 0xe900d090 gsth264parse.c:856:gst_h264_parse_process_nal:<h264parse0> marking IDR in frame at offset 23
06-06 22:05:26.692  4906  5038 D GStreamer+h264parse: 0:00:30.522606915 0xe900d090 gsth264parse.c:421:gst_h264_parse_wrap_nal:<h264parse0> nal length 32658
06-06 22:05:26.692  4906  5038 D GStreamer+GST_MEMORY: 0:00:30.522628269 0xe900d090 gstmemory.c:138:gst_memory_init new memory 0xe954da60, maxsize:32665 offset:0 size:32662
06-06 22:05:26.692  4906  5038 D GStreamer+codecparsers_h264: 0:00:30.522662123 0xe900d090 gsth264parser.c:1407:gst_h264_parser_identify_nalu_avc Can't parse, buffer has too small size 32685, offset 32685
06-06 22:05:26.692  4906  5038 D GStreamer+GST_CAPS: 0:00:30.522687592 0xe900d090 gstpad.c:2644:gst_pad_has_current_caps:<h264parse0:src> check current pad caps video/x-h264, stream-format=(string)byte-stream, alignment=(string)au, level=(string)4, profile=(string)baseline, width=(int)1280, height=(int)1440, framerate=(fraction)151/3, pixel-aspect-ratio=(fraction)1/1, parsed=(boolean)true
06-06 22:05:26.692  4906  5038 D GStreamer+GST_CAPS: 0:00:30.522740613 0xe900d090 gstpad.c:2672:gst_pad_get_current_caps:<h264parse0:sink> get current pad caps video/x-h264, stream-format=(string)avc, alignment=(string)au, level=(string)4, profile=(string)baseline, codec_data=(buffer)01428028ffe1000a27428028e54028016b2001000528de01ae20, width=(int)1280, height=(int)1440, framerate=(fraction)151/3, pixel-aspect-ratio=(fraction)1/1
06-06 22:05:26.692  4906  5038 D GStreamer+h264parse: 0:00:30.522852175 0xe900d090 gsth264parse.c:1692:gst_h264_parse_update_src_caps:<h264parse0> sps: 0xcca87008
06-06 22:05:26.692  4906  5038 D GStreamer+GST_PERFORMANCE: 0:00:30.522874467 0xe900d090 gstcaps.c:178:_gst_caps_copy:<0xe9194340> doing copy 0xe9194340 -> 0xe952e718
06-06 22:05:26.692  4906  5038 I GStreamer+baseparse: 0:00:30.522920248 0xe900d090 gstbaseparse.c:3964:gst_base_parse_set_latency:<h264parse0> min/max latency 0:00:00.019867549, 0:00:00.019867549
06-06 22:05:26.692  4906  5038 D GStreamer+GST_CAPS: 0:00:30.522966446 0xe900d090 gstpad.c:2672:gst_pad_get_current_caps:<h264parse0:src> get current pad caps video/x-h264, stream-format=(string)byte-stream, alignment=(string)au, level=(string)4, profile=(string)baseline, width=(int)1280, height=(int)1440, framerate=(fraction)151/3, pixel-aspect-ratio=(fraction)1/1, parsed=(boolean)true
06-06 22:05:26.692  4906  5038 D GStreamer+GST_CAPS: 0:00:30.523017957 0xe900d090 gstpad.c:2672:gst_pad_get_current_caps:<h264parse0:src> get current pad caps video/x-h264, stream-format=(string)byte-stream, alignment=(string)au, level=(string)4, profile=(string)baseline, width=(int)1280, height=(int)1440, framerate=(fraction)151/3, pixel-aspect-ratio=(fraction)1/1, parsed=(boolean)true
06-06 22:05:26.692  4906  5038 D GStreamer+h264parse: 0:00:30.523068269 0xe900d090 gsth264parse.c:1934:gst_h264_parse_get_timestamp:<h264parse0> unable to compute timestamp: VUI not present
06-06 22:05:26.692  4906  5038 D GStreamer+adapter: 0:00:30.523092540 0xe900d090 gstadapter.c:296:copy_into_unchecked bsize 14, skip 0, csize 14
06-06 22:05:26.692  4906  5038 D GStreamer+GST_MEMORY: 0:00:30.523134519 0xe900d090 gstmemory.c:138:gst_memory_init new memory 0xe9277df8, maxsize:32685 offset:0 size:32685
06-06 22:05:26.692  4906  5038 D GStreamer+GST_MEMORY: 0:00:30.523167280 0xe900d090 gstmemory.c:87:_gst_memory_free free memory 0xe92f9f70
06-06 22:05:26.692  4906  5038 D GStreamer+GST_MEMORY: 0:00:30.523191342 0xe900d090 gstmemory.c:87:_gst_memory_free free memory 0xe924bb60
06-06 22:05:26.692  4906  5038 D GStreamer+GST_MEMORY: 0:00:30.523214155 0xe900d090 gstmemory.c:87:_gst_memory_free free memory 0xe954da60
06-06 22:05:26.692  4906  5038 D GStreamer+GST_MEMORY: 0:00:30.523240561 0xe900d090 gstmemory.c:87:_gst_memory_free free memory 0xe9322530
06-06 22:05:26.692  4906  5038 D GStreamer+GST_CAPS: 0:00:30.523278686 0xe900d090 gstpad.c:2644:gst_pad_has_current_caps:<h264parse0:src> check current pad caps video/x-h264, stream-format=(string)byte-stream, alignment=(string)au, level=(string)4, profile=(string)baseline, width=(int)1280, height=(int)1440, framerate=(fraction)151/3, pixel-aspect-ratio=(fraction)1/1, parsed=(boolean)true
06-06 22:05:26.692  4906  5038 D GStreamer+h264parse: 0:00:30.523339519 0xe900d090 gsth264parse.c:182:gst_h264_parse_reset_frame:<h264parse0> reset frame
06-06 22:05:26.692  4906  5038 D GStreamer+GST_SCHEDULING: 0:00:30.523369102 0xe900d090 gstpad.c:4193:gst_pad_chain_data_unchecked:<capsfilter0:sink> calling chainfunction &gst_base_transform_chain with buffer buffer: 0xe9537b60, pts 0:00:00.042666666, dts 0:00:00.042666666, dur 0:00:00.019867549, size 32685, offset 45231, offset_end none, flags 0x400
06-06 22:05:26.692  4906  5038 D GStreamer+basetransform: 0:00:30.523454623 0xe900d090 gstbasetransform.c:2033:default_submit_input_buffer:<capsfilter0> handling buffer 0xe9537b60 of size 32685, PTS 0:00:00.042666666 and offset 45231
06-06 22:05:26.692  4906  5038 D GStreamer+basetransform: 0:00:30.523497644 0xe900d090 gstbasetransform.c:2150:default_generate_output:<capsfilter0> calling prepare buffer
06-06 22:05:26.692  4906  5038 D GStreamer+basetransform: 0:00:30.523519832 0xe900d090 gstbasetransform.c:2157:default_generate_output:<capsfilter0> using allocated buffer in 0xe9537b60, out 0xe9537b60
06-06 22:05:26.692  4906  5038 D GStreamer+basetransform: 0:00:30.523542748 0xe900d090 gstbasetransform.c:2174:default_generate_output:<capsfilter0> doing inplace transform
06-06 22:05:26.693  4906  5038 D GStreamer+GST_SCHEDULING: 0:00:30.523565405 0xe900d090 gstpad.c:4193:gst_pad_chain_data_unchecked:<amcvideodec-omxnvidiah264decode0:sink> calling chainfunction &gst_video_decoder_chain with buffer buffer: 0xe9537b60, pts 0:00:00.042666666, dts 0:00:00.042666666, dur 0:00:00.019867549, size 32685, offset 45231, offset_end none, flags 0x400
06-06 22:05:26.693  4906  5038 D GStreamer+videodecoder: 0:00:30.523630457 0xe900d090 gstvideodecoder.c:3400:gst_video_decoder_decode_frame:<amcvideodec-omxnvidiah264decode0> PTS delta 0 ms
06-06 22:05:26.693  4906  5038 D GStreamer+amcvideodec: 0:00:30.523661238 0xe900d090 gstamcvideodec.c:2125:gst_amc_video_dec_handle_frame:<amcvideodec-omxnvidiah264decode0> Handling frame
06-06 22:05:26.695   995  5045 D NvOsDebugPrintf: TVMR: cbBeginSequence: 1285: Display Resolution : (1280x1440) 
06-06 22:05:26.695   995  5045 D NvOsDebugPrintf: TVMR: cbBeginSequence: 1286: Display Aspect Ratio : (1280x1440) 
06-06 22:05:26.695   995  5045 D NvOsDebugPrintf: TVMR: cbBeginSequence: 1326: ColorFormat : 5 
06-06 22:05:26.695   995  5045 D NvOsDebugPrintf: TVMR: cbBeginSequence:1340 ColorSpace = NvColorSpace_YCbCr601
06-06 22:05:26.696  4906  5038 D GStreamer+amcvideodec: 0:00:30.526863269 0xe900d090 gstamcvideodec.c:2239:gst_amc_video_dec_handle_frame:<amcvideodec-omxnvidiah264decode0> Queueing buffer 1: size 32685 time 42666 flags 0x00000001
06-06 22:05:26.696  4906  5038 D GStreamer+GST_SCHEDULING: 0:00:30.527005405 0xe900d090 gstpad.c:4199:gst_pad_chain_data_unchecked:<amcvideodec-omxnvidiah264decode0:sink> called chainfunction &gst_video_decoder_chain with buffer 0xe9537b60, returned ok
06-06 22:05:26.696  4906  5038 D GStreamer+GST_SCHEDULING: 0:00:30.527048530 0xe900d090 gstpad.c:4199:gst_pad_chain_data_unchecked:<capsfilter0:sink> called chainfunction &gst_base_transform_chain with buffer 0xe9537b60, returned ok
06-06 22:05:26.696  4906  5038 D GStreamer+baseparse: 0:00:30.527088009 0xe900d090 gstbaseparse.c:3165:gst_base_parse_chain:<h264parse0> not enough data available (only 0 bytes)
06-06 22:05:26.696  4906  5038 D GStreamer+GST_SCHEDULING: 0:00:30.527116602 0xe900d090 gstpad.c:4199:gst_pad_chain_data_unchecked:<h264parse0:sink> called chainfunction &gst_base_parse_chain with buffer 0xe92fa5c8, returned ok
06-06 22:05:26.696  4906  5038 D GStreamer+GST_SCHEDULING: 0:00:30.527142800 0xe900d090 gstpad.c:4199:gst_pad_chain_data_unchecked:<typefind:sink> called chainfunction &gst_type_find_element_chain with buffer 0xe92fa5c8, returned ok
06-06 22:05:26.696  4906  5038 D GStreamer+GST_SCHEDULING: 0:00:30.527171915 0xe900d090 gstpad.c:4199:gst_pad_chain_data_unchecked:<forhwgl:sink> called chainfunction &gst_proxy_pad_chain_default with buffer 0xe92fa5c8, returned ok
06-06 22:05:26.696  4906  5038 D GStreamer+GST_SCHEDULING: 0:00:30.527218269 0xe900d090 gstpad.c:4193:gst_pad_chain_data_unchecked:<forhwgl:sink> calling chainfunction &gst_proxy_pad_chain_default with buffer buffer: 0xe92fa3e8, pts 0:00:00.042666666, dts 0:00:00.042666666, dur 0:00:00.036666667, size 60083, offset none, offset_end none, flags 0x0
06-06 22:05:26.696  4906  5039 D GStreamer+queue_dataflow: 0:00:30.527263269 0xe900d0f0 gstqueue.c:1228:gst_queue_chain_buffer_or_list:<queue0> queue is not full
06-06 22:05:26.696  4906  5038 D GStreamer+GST_SCHEDULING: 0:00:30.527280665 0xe900d090 gstpad.c:4193:gst_pad_chain_data_unchecked:<typefind:sink> calling chainfunction &gst_type_find_element_chain with buffer buffer: 0xe92fa3e8, pts 0:00:00.042666666, dts 0:00:00.042666666, dur 0:00:00.036666667, size 60083, offset none, offset_end none, flags 0x0
06-06 22:05:26.696  4906  5039 D GStreamer+GST_SCHEDULING: 0:00:30.527305821 0xe900d0f0 gstpad.c:4199:gst_pad_chain_data_unchecked:<queue0:sink> called chainfunction &gst_queue_chain with buffer 0xe91fd3f8, returned ok
06-06 22:05:26.696  4906  5039 D GStreamer+qtdemux: 0:00:30.527346707 0xe900d0f0 qtdemux.c:8014:qtdemux_parse_samples:<q> parsing up to sample 53
06-06 22:05:26.696  4906  5038 D GStreamer+GST_SCHEDULING: 0:00:30.527337384 0xe900d090 gstpad.c:4193:gst_pad_chain_data_unchecked:<h264parse0:sink> calling chainfunction &gst_base_parse_chain with buffer buffer: 0xe92fa3e8, pts 0:00:00.042666666, dts 0:00:00.042666666, dur 0:00:00.036666667, size 60083, offset none, offset_end none, flags 0x0
06-06 22:05:26.696  4906  5039 D GStreamer+qtdemux: 0:00:30.527377384 0xe900d0f0 qtdemux.c:8221:qtdemux_parse_samples:<q> sample 53: index 0, timestamp 0:00:01.074000000
06-06 22:05:26.696  4906  5038 D GStreamer+baseparse: 0:00:30.527390196 0xe900d090 gstbaseparse.c:2996:gst_base_parse_chain:<h264parse0> chain
06-06 22:05:26.696  4906  5039 D GStreamer+qtdemux: 0:00:30.527403946 0xe900d0f0 qtdemux.c:8276:qtdemux_parse_samples:<q> samples at 53 is keyframe
06-06 22:05:26.696  4906  5038 D GStreamer+GST_PERFORMANCE: 0:00:30.527430769 0xe900d090 gstminiobject.c:327:gst_mini_object_make_writable copy GstBuffer miniobject 0xe92fa3e8 -> 0xe9537a20
06-06 22:05:26.696  4906  5038 D GStreamer+codecparsers_h264: 0:00:30.527461811 0xe900d090 gsth264parser.c:253:gst_h264_parse_nalu_header Nal type 7, ref_idc 1
06-06 22:05:26.696  4906  5039 D GStreamer+qtdemux: 0:00:30.527448165 0xe900d0f0 qtdemux.c:5512:gst_qtdemux_loop_state_movie:<q> pushing from stream 0, empty 0 offset 2257398, size 39696, dts=0:00:01.074000000, pts=0:00:01.074000000, duration 0:00:00.019666666
06-06 22:05:26.696  4906  5038 D GStreamer+h264parse: 0:00:30.527483686 0xe900d090 gsth264parse.c:979:gst_h264_parse_handle_frame_packetized:<h264parse0> AVC nal offset 14
06-06 22:05:26.696  4906  5039 D GStreamer+basesrc: 0:00:30.527497488 0xe900d0f0 gstbasesrc.c:2354:gst_base_src_update_length:<filesrc0> reading offset 2257398, length 39696, size 16031303, segment.stop -1, maxsize 16031303
06-06 22:05:26.696  4906  5038 D GStreamer+h264parse: 0:00:30.527508061 0xe900d090 gsth264parse.c:714:gst_h264_parse_process_nal:<h264parse0> processing nal of type 7 SPS, size 10
06-06 22:05:26.696  4906  5038 D GStreamer+codecparsers_h264: 0:00:30.527538269 0xe900d090 gsth264parser.c:1758:gst_h264_parse_sps parsing SPS
06-06 22:05:26.696  4906  5039 D GStreamer+basesrc: 0:00:30.527537175 0xe900d0f0 gstbasesrc.c:2455:gst_base_src_get_range:<filesrc0> calling create offset 2257398 length 39696, time 0
06-06 22:05:26.697  4906  5039 D GStreamer+GST_MEMORY: 0:00:30.527573998 0xe900d0f0 gstmemory.c:138:gst_memory_init new memory 0xe954da60, maxsize:39699 offset:0 size:39696
06-06 22:05:26.697  4906  5038 D GStreamer+codecparsers_h264: 0:00:30.527561134 0xe900d090 gsth264parser.c:1484:gst_h264_parser_parse_sps adding sequence parameter set with id: 0 to array
06-06 22:05:26.697  4906  5038 D GStreamer+h264parse: 0:00:30.527604623 0xe900d090 gsth264parse.c:735:gst_h264_parse_process_nal:<h264parse0> triggering src caps check
06-06 22:05:26.697  4906  5038 D GStreamer+h264parse: 0:00:30.527623425 0xe900d090 gsth264parse.c:452:gst_h264_parser_store_nal:<h264parse0> storing sps 0
06-06 22:05:26.697  4906  5039 D GStreamer+basesrc: 0:00:30.527633686 0xe900d0f0 gstbasesrc.c:2309:gst_base_src_do_sync:<filesrc0> we have no clock
06-06 22:05:26.697  4906  5038 D GStreamer+GST_MEMORY: 0:00:30.527645196 0xe900d090 gstmemory.c:138:gst_memory_init new memory 0xe92be0c8, maxsize:13 offset:0 size:10
06-06 22:05:26.697  4906  5039 D GStreamer+basesrc: 0:00:30.527653894 0xe900d0f0 gstbasesrc.c:2519:gst_base_src_get_range:<filesrc0> buffer ok
06-06 22:05:26.697  4906  5038 D GStreamer+GST_MEMORY: 0:00:30.527671342 0xe900d090 gstmemory.c:87:_gst_memory_free free memory 0xe92be1e8
06-06 22:05:26.697  4906  5038 D GStreamer+h264parse: 0:00:30.527691238 0xe900d090 gsth264parse.c:421:gst_h264_parse_wrap_nal:<h264parse0> nal length 10
06-06 22:05:26.697  4906  5039 D GStreamer+GST_SCHEDULING: 0:00:30.527677800 0xe900d0f0 gstpad.c:4193:gst_pad_chain_data_unchecked:<queue0:sink> calling chainfunction &gst_queue_chain with buffer buffer: 0xe91fd498, pts 0:00:01.074000000, dts 0:00:01.074000000, dur 0:00:00.019666666, size 39696, offset none, offset_end none, flags 0x0
06-06 22:05:26.697  4906  5038 D GStreamer+GST_MEMORY: 0:00:30.527718686 0xe900d090 gstmemory.c:138:gst_memory_init new memory 0xe9538810, maxsize:17 offset:0 size:14
06-06 22:05:26.697  4906  5039 D GStreamer+GST_SCHEDULING: 0:00:30.527737488 0xe900d0f0 gstpad.c:4199:gst_pad_chain_data_unchecked:<queue0:sink> called chainfunction &gst_queue_chain with buffer 0xe91fd498, returned ok
06-06 22:05:26.697  4906  5038 D GStreamer+codecparsers_h264: 0:00:30.527746550 0xe900d090 gsth264parser.c:253:gst_h264_parse_nalu_header Nal type 8, ref_idc 1
06-06 22:05:26.697  4906  5038 D GStreamer+h264parse: 0:00:30.527772592 0xe900d090 gsth264parse.c:979:gst_h264_parse_handle_frame_packetized:<h264parse0> AVC nal offset 23
06-06 22:05:26.697  4906  5039 D GStreamer+qtdemux: 0:00:30.527774571 0xe900d0f0 qtdemux.c:8014:qtdemux_parse_samples:<q> parsing up to sample 54
06-06 22:05:26.697  4906  5038 D GStreamer+h264parse: 0:00:30.527795769 0xe900d090 gsth264parse.c:714:gst_h264_parse_process_nal:<h264parse0> processing nal of type 8 PPS, size 5
06-06 22:05:26.697  4906  5039 D GStreamer+qtdemux: 0:00:30.527800352 0xe900d0f0 qtdemux.c:8221:qtdemux_parse_samples:<q> sample 54: index 0, timestamp 0:00:01.093666666
06-06 22:05:26.697  4906  5038 D GStreamer+codecparsers_h264: 0:00:30.527819832 0xe900d090 gsth264parser.c:1894:gst_h264_parse_pps parsing PPS
06-06 22:05:26.697  4906  5039 D GStreamer+qtdemux: 0:00:30.527828477 0xe900d0f0 qtdemux.c:8276:qtdemux_parse_samples:<q> samples at 54 is keyframe
06-06 22:05:26.697  4906  5038 D GStreamer+codecparsers_h264: 0:00:30.527836759 0xe900d090 gsth264parser.c:2027:gst_h264_parser_parse_pps adding picture parameter set with id: 0 to array
06-06 22:05:26.697  4906  5038 D GStreamer+h264parse: 0:00:30.527854832 0xe900d090 gsth264parse.c:456:gst_h264_parser_store_nal:<h264parse0> storing pps 0
06-06 22:05:26.697  4906  5039 D GStreamer+qtdemux: 0:00:30.527852905 0xe900d0f0 qtdemux.c:5512:gst_qtdemux_loop_state_movie:<q> pushing from stream 0, empty 0 offset 2297094, size 39325, dts=0:00:01.093666666, pts=0:00:01.093666666, duration 0:00:00.020000000
06-06 22:05:26.697  4906  5038 D GStreamer+GST_MEMORY: 0:00:30.527882800 0xe900d090 gstmemory.c:138:gst_memory_init new memory 0xe92f7908, maxsize:8 offset:0 size:5
06-06 22:05:26.697  4906  5038 D GStreamer+GST_MEMORY: 0:00:30.527910977 0xe900d090 gstmemory.c:87:_gst_memory_free free memory 0xe92f7960
06-06 22:05:26.697  4906  5039 D GStreamer+basesrc: 0:00:30.527908634 0xe900d0f0 gstbasesrc.c:2354:gst_base_src_update_length:<filesrc0> reading offset 2297094, length 39325, size 16031303, segment.stop -1, maxsize 16031303
06-06 22:05:26.697  4906  5038 D GStreamer+h264parse: 0:00:30.527934467 0xe900d090 gsth264parse.c:421:gst_h264_parse_wrap_nal:<h264parse0> nal length 5
06-06 22:05:26.697  4906  5039 D GStreamer+basesrc: 0:00:30.527944832 0xe900d0f0 gstbasesrc.c:2455:gst_base_src_get_range:<filesrc0> calling create offset 2297094 length 39325, time 0
06-06 22:05:26.697  4906  5038 D GStreamer+GST_MEMORY: 0:00:30.527953998 0xe900d090 gstmemory.c:138:gst_memory_init new memory 0xe92be128, maxsize:12 offset:0 size:9
06-06 22:05:26.697  4906  5039 D GStreamer+GST_MEMORY: 0:00:30.527972644 0xe900d0f0 gstmemory.c:138:gst_memory_init new memory 0xe931f3e0, maxsize:39328 offset:0 size:39325
06-06 22:05:26.697  4906  5038 D GStreamer+codecparsers_h264: 0:00:30.527979936 0xe900d090 gsth264parser.c:253:gst_h264_parse_nalu_header Nal type 5, ref_idc 1
06-06 22:05:26.697  4906  5038 D GStreamer+h264parse: 0:00:30.528002175 0xe900d090 gsth264parse.c:979:gst_h264_parse_handle_frame_packetized:<h264parse0> AVC nal offset 60083
06-06 22:05:26.697  4906  5038 D GStreamer+h264parse: 0:00:30.528022800 0xe900d090 gsth264parse.c:714:gst_h264_parse_process_nal:<h264parse0> processing nal of type 5 Slice IDR, size 60056
06-06 22:05:26.697  4906  5039 D GStreamer+basesrc: 0:00:30.528027957 0xe900d0f0 gstbasesrc.c:2309:gst_base_src_do_sync:<filesrc0> we have no clock
06-06 22:05:26.697  4906  5039 D GStreamer+basesrc: 0:00:30.528053998 0xe900d0f0 gstbasesrc.c:2519:gst_base_src_get_range:<filesrc0> buffer ok
06-06 22:05:26.697  4906  5038 D GStreamer+h264parse: 0:00:30.528053373 0xe900d090 gsth264parse.c:820:gst_h264_parse_process_nal:<h264parse0> first_mb_in_slice = 0
06-06 22:05:26.697  4906  5038 D GStreamer+h264parse: 0:00:30.528073634 0xe900d090 gsth264parse.c:823:gst_h264_parse_process_nal:<h264parse0> frame start: 1
06-06 22:05:26.697  4906  5038 D GStreamer+codecparsers_h264: 0:00:30.528095248 0xe900d090 gsth264parser.c:2089:gst_h264_parser_parse_slice_hdr parsing "Slice header", slice type 7
06-06 22:05:26.697  4906  5039 D GStreamer+GST_SCHEDULING: 0:00:30.528078425 0xe900d0f0 gstpad.c:4193:gst_pad_chain_data_unchecked:<queue0:sink> calling chainfunction &gst_queue_chain with buffer buffer: 0xe91fd538, pts 0:00:01.093666666, dts 0:00:01.093666666, dur 0:00:00.020000000, size 39325, offset none, offset_end none, flags 0x0
06-06 22:05:26.697  4906  5038 D GStreamer+codecparsers_h264: 0:00:30.528115821 0xe900d090 gsth264parser.c:711:gst_h264_slice_parse_dec_ref_pic_marking parsing "Decoded reference picture marking"
06-06 22:05:26.697  4906  5039 D GStreamer+queue_dataflow: 0:00:30.528133113 0xe900d0f0 gstqueue.c:1220:gst_queue_chain_buffer_or_list:<queue0> queue is full, waiting for free space
06-06 22:05:26.697  4906  5038 D GStreamer+h264parse: 0:00:30.528133842 0xe900d090 gsth264parse.c:833:gst_h264_parse_process_nal:<h264parse0> parse result 0, first MB: 0, slice type: 7
06-06 22:05:26.697  4906  5038 D GStreamer+h264parse: 0:00:30.528160248 0xe900d090 gsth264parse.c:856:gst_h264_parse_process_nal:<h264parse0> marking IDR in frame at offset 23
06-06 22:05:26.697  4906  5038 D GStreamer+h264parse: 0:00:30.528179936 0xe900d090 gsth264parse.c:421:gst_h264_parse_wrap_nal:<h264parse0> nal length 60056
06-06 22:05:26.697  4906  5038 D GStreamer+GST_MEMORY: 0:00:30.528219102 0xe900d090 gstmemory.c:138:gst_memory_init new memory 0xe9589938, maxsize:60063 offset:0 size:60060
06-06 22:05:26.697  4906  5038 D GStreamer+codecparsers_h264: 0:00:30.528296446 0xe900d090 gsth264parser.c:1407:gst_h264_parser_identify_nalu_avc Can't parse, buffer has too small size 60083, offset 60083
06-06 22:05:26.697  4906  5038 D GStreamer+GST_CAPS: 0:00:30.528328738 0xe900d090 gstpad.c:2644:gst_pad_has_current_caps:<h264parse0:src> check current pad caps video/x-h264, stream-format=(string)byte-stream, alignment=(string)au, level=(string)4, profile=(string)baseline, width=(int)1280, height=(int)1440, framerate=(fraction)151/3, pixel-aspect-ratio=(fraction)1/1, parsed=(boolean)true
06-06 22:05:26.697  4906  5038 D GStreamer+GST_CAPS: 0:00:30.528385613 0xe900d090 gstpad.c:2672:gst_pad_get_current_caps:<h264parse0:sink> get current pad caps video/x-h264, stream-format=(string)avc, alignment=(string)au, level=(string)4, profile=(string)baseline, codec_data=(buffer)01428028ffe1000a27428028e54028016b2001000528de01ae20, width=(int)1280, height=(int)1440, framerate=(fraction)151/3, pixel-aspect-ratio=(fraction)1/1
06-06 22:05:26.697  4906  5038 D GStreamer+h264parse: 0:00:30.528463477 0xe900d090 gsth264parse.c:1692:gst_h264_parse_update_src_caps:<h264parse0> sps: 0xcca87008
06-06 22:05:26.697  4906  5038 D GStreamer+GST_PERFORMANCE: 0:00:30.528485040 0xe900d090 gstcaps.c:178:_gst_caps_copy:<0xe9194340> doing copy 0xe9194340 -> 0xe952e678
06-06 22:05:26.697  4906  5038 I GStreamer+baseparse: 0:00:30.528529623 0xe900d090 gstbaseparse.c:3964:gst_base_parse_set_latency:<h264parse0> min/max latency 0:00:00.019867549, 0:00:00.019867549
06-06 22:05:26.698  4906  5038 D GStreamer+GST_CAPS: 0:00:30.528573946 0xe900d090 gstpad.c:2672:gst_pad_get_current_caps:<h264parse0:src> get current pad caps video/x-h264, stream-format=(string)byte-stream, alignment=(string)au, level=(string)4, profile=(string)baseline, width=(int)1280, height=(int)1440, framerate=(fraction)151/3, pixel-aspect-ratio=(fraction)1/1, parsed=(boolean)true
06-06 22:05:26.698  4906  5038 D GStreamer+GST_CAPS: 0:00:30.528623946 0xe900d090 gstpad.c:2672:gst_pad_get_current_caps:<h264parse0:src> get current pad caps video/x-h264, stream-format=(string)byte-stream, alignment=(string)au, level=(string)4, profile=(string)baseline, width=(int)1280, height=(int)1440, framerate=(fraction)151/3, pixel-aspect-ratio=(fraction)1/1, parsed=(boolean)true
06-06 22:05:26.698  4906  5038 D GStreamer+h264parse: 0:00:30.528673738 0xe900d090 gsth264parse.c:1934:gst_h264_parse_get_timestamp:<h264parse0> unable to compute timestamp: VUI not present
06-06 22:05:26.698  4906  5038 D GStreamer+adapter: 0:00:30.528706342 0xe900d090 gstadapter.c:296:copy_into_unchecked bsize 14, skip 0, csize 14
06-06 22:05:26.698  4906  5038 D GStreamer+GST_MEMORY: 0:00:30.528779259 0xe900d090 gstmemory.c:138:gst_memory_init new memory 0xe9277d58, maxsize:60083 offset:0 size:60083
06-06 22:05:26.698  4906  5038 D GStreamer+GST_MEMORY: 0:00:30.528809207 0xe900d090 gstmemory.c:87:_gst_memory_free free memory 0xe9538810
06-06 22:05:26.698  4906  5038 D GStreamer+GST_MEMORY: 0:00:30.528829884 0xe900d090 gstmemory.c:87:_gst_memory_free free memory 0xe92be128
06-06 22:05:26.698  4906  5038 D GStreamer+GST_MEMORY: 0:00:30.528848530 0xe900d090 gstmemory.c:87:_gst_memory_free free memory 0xe9589938
06-06 22:05:26.698  4906  5038 D GStreamer+GST_MEMORY: 0:00:30.528871082 0xe900d090 gstmemory.c:87:_gst_memory_free free memory 0xe932a538
06-06 22:05:26.698  4906  5038 D GStreamer+GST_CAPS: 0:00:30.528892384 0xe900d090 gstpad.c:2644:gst_pad_has_current_caps:<h264parse0:src> check current pad caps video/x-h264, stream-format=(string)byte-stream, alignment=(string)au, level=(string)4, profile=(string)baseline, width=(int)1280, height=(int)1440, framerate=(fraction)151/3, pixel-aspect-ratio=(fraction)1/1, parsed=(boolean)true
06-06 22:05:26.698  4906  5038 D GStreamer+h264parse: 0:00:30.528937696 0xe900d090 gsth264parse.c:182:gst_h264_parse_reset_frame:<h264parse0> reset frame
06-06 22:05:26.698  4906  5038 D GStreamer+GST_SCHEDULING: 0:00:30.528960196 0xe900d090 gstpad.c:4193:gst_pad_chain_data_unchecked:<capsfilter0:sink> calling chainfunction &gst_base_transform_chain with buffer buffer: 0xe9537de0, pts 99:99:99.999999999, dts 0:00:00.062534215, dur 0:00:00.019867549, size 60083, offset 77916, offset_end none, flags 0x400
06-06 22:05:26.698  4906  5038 D GStreamer+basetransform: 0:00:30.529015665 0xe900d090 gstbasetransform.c:2033:default_submit_input_buffer:<capsfilter0> handling buffer 0xe9537de0 of size 60083, PTS 99:99:99.999999999 and offset 77916
06-06 22:05:26.698  4906  5038 D GStreamer+default: 0:00:30.529047280 0xe900d090 gstsegment.c:841:gst_segment_to_running_time position(18446744073709551615) > stop(7716000000)
06-06 22:05:26.698  4906  5038 D GStreamer+basetransform: 0:00:30.529080405 0xe900d090 gstbasetransform.c:2150:default_generate_output:<capsfilter0> calling prepare buffer
06-06 22:05:26.698  4906  5038 D GStreamer+basetransform: 0:00:30.529100144 0xe900d090 gstbasetransform.c:2157:default_generate_output:<capsfilter0> using allocated buffer in 0xe9537de0, out 0xe9537de0
06-06 22:05:26.698  4906  5038 D GStreamer+basetransform: 0:00:30.529120717 0xe900d090 gstbasetransform.c:2174:default_generate_output:<capsfilter0> doing inplace transform
06-06 22:05:26.698  4906  5038 D GStreamer+GST_SCHEDULING: 0:00:30.529141498 0xe900d090 gstpad.c:4193:gst_pad_chain_data_unchecked:<amcvideodec-omxnvidiah264decode0:sink> calling chainfunction &gst_video_decoder_chain with buffer buffer: 0xe9537de0, pts 99:99:99.999999999, dts 0:00:00.062534215, dur 0:00:00.019867549, size 60083, offset 77916, offset_end none, flags 0x400
06-06 22:05:26.698  4906  5038 D GStreamer+default: 0:00:30.529199102 0xe900d090 gstsegment.c:841:gst_segment_to_running_time position(18446744073709551615) > stop(7716000000)
06-06 22:05:26.698  4906  5038 D GStreamer+amcvideodec: 0:00:30.529232280 0xe900d090 gstamcvideodec.c:2125:gst_amc_video_dec_handle_frame:<amcvideodec-omxnvidiah264decode0> Handling frame
06-06 22:05:26.698  4906  5038 D GStreamer+amcvideodec: 0:00:30.529483061 0xe900d090 gstamcvideodec.c:2239:gst_amc_video_dec_handle_frame:<amcvideodec-omxnvidiah264decode0> Queueing buffer 2: size 60083 time 0 flags 0x00000001
06-06 22:05:26.699  4906  5038 D GStreamer+GST_SCHEDULING: 0:00:30.529599884 0xe900d090 gstpad.c:4199:gst_pad_chain_data_unchecked:<amcvideodec-omxnvidiah264decode0:sink> called chainfunction &gst_video_decoder_chain with buffer 0xe9537de0, returned ok
06-06 22:05:26.699  4906  5038 D GStreamer+GST_SCHEDULING: 0:00:30.529636863 0xe900d090 gstpad.c:4199:gst_pad_chain_data_unchecked:<capsfilter0:sink> called chainfunction &gst_base_transform_chain with buffer 0xe9537de0, returned ok
06-06 22:05:26.699  4906  5038 D GStreamer+baseparse: 0:00:30.529666082 0xe900d090 gstbaseparse.c:3165:gst_base_parse_chain:<h264parse0> not enough data available (only 0 bytes)
06-06 22:05:26.699  4906  5038 D GStreamer+GST_SCHEDULING: 0:00:30.529689050 0xe900d090 gstpad.c:4199:gst_pad_chain_data_unchecked:<h264parse0:sink> called chainfunction &gst_base_parse_chain with buffer 0xe92fa3e8, returned ok
06-06 22:05:26.699  4906  5038 D GStreamer+GST_SCHEDULING: 0:00:30.529713165 0xe900d090 gstpad.c:4199:gst_pad_chain_data_unchecked:<typefind:sink> called chainfunction &gst_type_find_element_chain with buffer 0xe92fa3e8, returned ok
06-06 22:05:26.699  4906  5038 D GStreamer+GST_SCHEDULING: 0:00:30.529743165 0xe900d090 gstpad.c:4199:gst_pad_chain_data_unchecked:<forhwgl:sink> called chainfunction &gst_proxy_pad_chain_default with buffer 0xe92fa3e8, returned ok
06-06 22:05:26.699  4906  5038 D GStreamer+GST_SCHEDULING: 0:00:30.529780405 0xe900d090 gstpad.c:4193:gst_pad_chain_data_unchecked:<forhwgl:sink> calling chainfunction &gst_proxy_pad_chain_default with buffer buffer: 0xe92fa348, pts 0:00:00.079333333, dts 0:00:00.079333333, dur 0:00:00.020000000, size 55669, offset none, offset_end none, flags 0x0
06-06 22:05:26.699  4906  5039 D GStreamer+queue_dataflow: 0:00:30.529830821 0xe900d0f0 gstqueue.c:1228:gst_queue_chain_buffer_or_list:<queue0> queue is not full
06-06 22:05:26.699  4906  5038 D GStreamer+GST_SCHEDULING: 0:00:30.529839988 0xe900d090 gstpad.c:4193:gst_pad_chain_data_unchecked:<typefind:sink> calling chainfunction &gst_type_find_element_chain with buffer buffer: 0xe92fa348, pts 0:00:00.079333333, dts 0:00:00.079333333, dur 0:00:00.020000000, size 55669, offset none, offset_end none, flags 0x0
06-06 22:05:26.699  4906  5039 D GStreamer+GST_SCHEDULING: 0:00:30.529871394 0xe900d0f0 gstpad.c:4199:gst_pad_chain_data_unchecked:<queue0:sink> called chainfunction &gst_queue_chain with buffer 0xe91fd538, returned ok
06-06 22:05:26.699  4906  5039 D GStreamer+qtdemux: 0:00:30.529901655 0xe900d0f0 qtdemux.c:8014:qtdemux_parse_samples:<q> parsing up to sample 55
06-06 22:05:26.699  4906  5038 D GStreamer+GST_SCHEDULING: 0:00:30.529889832 0xe900d090 gstpad.c:4193:gst_pad_chain_data_unchecked:<h264parse0:sink> calling chainfunction &gst_base_parse_chain with buffer buffer: 0xe92fa348, pts 0:00:00.079333333, dts 0:00:00.079333333, dur 0:00:00.020000000, size 55669, offset none, offset_end none, flags 0x0
06-06 22:05:26.699  4906  5039 D GStreamer+qtdemux: 0:00:30.529931550 0xe900d0f0 qtdemux.c:8221:qtdemux_parse_samples:<q> sample 55: index 1, timestamp 0:00:01.113666666
06-06 22:05:26.699  4906  5038 D GStreamer+baseparse: 0:00:30.529942905 0xe900d090 gstbaseparse.c:2996:gst_base_parse_chain:<h264parse0> chain
06-06 22:05:26.699  4906  5039 D GStreamer+qtdemux: 0:00:30.529962696 0xe900d0f0 qtdemux.c:8276:qtdemux_parse_samples:<q> samples at 55 is keyframe
06-06 22:05:26.699  4906  5038 D GStreamer+GST_PERFORMANCE: 0:00:30.529969832 0xe900d090 gstminiobject.c:327:gst_mini_object_make_writable copy GstBuffer miniobject 0xe92fa348 -> 0xe9537ca0
06-06 22:05:26.699  4906  5038 D GStreamer+codecparsers_h264: 0:00:30.529996863 0xe900d090 gsth264parser.c:253:gst_h264_parse_nalu_header Nal type 7, ref_idc 1
06-06 22:05:26.699  4906  5039 D GStreamer+qtdemux: 0:00:30.529988842 0xe900d0f0 qtdemux.c:5512:gst_qtdemux_loop_state_movie:<q> pushing from stream 0, empty 0 offset 2336419, size 39933, dts=0:00:01.113666666, pts=0:00:01.113666666, duration 0:00:00.020000000
06-06 22:05:26.699  4906  5038 D GStreamer+h264parse: 0:00:30.530021602 0xe900d090 gsth264parse.c:979:gst_h264_parse_handle_frame_packetized:<h264parse0> AVC nal offset 14
06-06 22:05:26.699  4906  5038 D GStreamer+h264parse: 0:00:30.530043165 0xe900d090 gsth264parse.c:714:gst_h264_parse_process_nal:<h264parse0> processing nal of type 7 SPS, size 10
06-06 22:05:26.699  4906  5039 D GStreamer+basesrc: 0:00:30.530037696 0xe900d0f0 gstbasesrc.c:2354:gst_base_src_update_length:<filesrc0> reading offset 2336419, length 39933, size 16031303, segment.stop -1, maxsize 16031303
06-06 22:05:26.699  4906  5038 D GStreamer+codecparsers_h264: 0:00:30.530077175 0xe900d090 gsth264parser.c:1758:gst_h264_parse_sps parsing SPS
06-06 22:05:26.699  4906  5039 D GStreamer+basesrc: 0:00:30.530082280 0xe900d0f0 gstbasesrc.c:2455:gst_base_src_get_range:<filesrc0> calling create offset 2336419 length 39933, time 0
06-06 22:05:26.699  4906  5038 D GStreamer+codecparsers_h264: 0:00:30.530100977 0xe900d090 gsth264parser.c:1484:gst_h264_parser_parse_sps adding sequence parameter set with id: 0 to array
06-06 22:05:26.699  4906  5039 D GStreamer+GST_MEMORY: 0:00:30.530110769 0xe900d0f0 gstmemory.c:138:gst_memory_init new memory 0xe9589938, maxsize:39936 offset:0 size:39933
06-06 22:05:26.699  4906  5038 D GStreamer+h264parse: 0:00:30.530126655 0xe900d090 gsth264parse.c:735:gst_h264_parse_process_nal:<h264parse0> triggering src caps check
06-06 22:05:26.699  4906  5038 D GStreamer+h264parse: 0:00:30.530145717 0xe900d090 gsth264parse.c:452:gst_h264_parser_store_nal:<h264parse0> storing sps 0
06-06 22:05:26.699  4906  5038 D GStreamer+GST_MEMORY: 0:00:30.530167227 0xe900d090 gstmemory.c:138:gst_memory_init new memory 0xe924b8c0, maxsize:13 offset:0 size:10
06-06 22:05:26.699  4906  5038 D GStreamer+GST_MEMORY: 0:00:30.530191811 0xe900d090 gstmemory.c:87:_gst_memory_free free memory 0xe92be0c8
06-06 22:05:26.699  4906  5038 D GStreamer+h264parse: 0:00:30.530211394 0xe900d090 gsth264parse.c:421:gst_h264_parse_wrap_nal:<h264parse0> nal length 10
06-06 22:05:26.699  4906  5038 D GStreamer+GST_MEMORY: 0:00:30.530234363 0xe900d090 gstmemory.c:138:gst_memory_init new memory 0xe9538878, maxsize:17 offset:0 size:14
06-06 22:05:26.699  4906  5038 D GStreamer+codecparsers_h264: 0:00:30.530263530 0xe900d090 gsth264parser.c:253:gst_h264_parse_nalu_header Nal type 8, ref_idc 1
06-06 22:05:26.699  4906  5038 D GStreamer+h264parse: 0:00:30.530285144 0xe900d090 gsth264parse.c:979:gst_h264_parse_handle_frame_packetized:<h264parse0> AVC nal offset 23
06-06 22:05:26.699  4906  5038 D GStreamer+h264parse: 0:00:30.530305977 0xe900d090 gsth264parse.c:714:gst_h264_parse_process_nal:<h264parse0> processing nal of type 8 PPS, size 5
06-06 22:05:26.699  4906  5038 D GStreamer+codecparsers_h264: 0:00:30.530330352 0xe900d090 gsth264parser.c:1894:gst_h264_parse_pps parsing PPS
06-06 22:05:26.699  4906  5038 D GStreamer+codecparsers_h264: 0:00:30.530349155 0xe900d090 gsth264parser.c:2027:gst_h264_parser_parse_pps adding picture parameter set with id: 0 to array
06-06 22:05:26.699  4906  5038 D GStreamer+h264parse: 0:00:30.530369675 0xe900d090 gsth264parse.c:456:gst_h264_parser_store_nal:<h264parse0> storing pps 0
06-06 22:05:26.699  4906  5039 D GStreamer+basesrc: 0:00:30.530371550 0xe900d0f0 gstbasesrc.c:2309:gst_base_src_do_sync:<filesrc0> we have no clock
06-06 22:05:26.699  4906  5039 D GStreamer+basesrc: 0:00:30.530403790 0xe900d0f0 gstbasesrc.c:2519:gst_base_src_get_range:<filesrc0> buffer ok
06-06 22:05:26.699  4906  5038 D GStreamer+GST_MEMORY: 0:00:30.530397175 0xe900d090 gstmemory.c:138:gst_memory_init new memory 0xe92f78b0, maxsize:8 offset:0 size:5
06-06 22:05:26.699  4906  5038 D GStreamer+GST_MEMORY: 0:00:30.530441811 0xe900d090 gstmemory.c:87:_gst_memory_free free memory 0xe92f7908
06-06 22:05:26.699  4906  5038 D GStreamer+h264parse: 0:00:30.530467800 0xe900d090 gsth264parse.c:421:gst_h264_parse_wrap_nal:<h264parse0> nal length 5
06-06 22:05:26.699  4906  5039 D GStreamer+GST_SCHEDULING: 0:00:30.530444415 0xe900d0f0 gstpad.c:4193:gst_pad_chain_data_unchecked:<queue0:sink> calling chainfunction &gst_queue_chain with buffer buffer: 0xe91fd5d8, pts 0:00:01.113666666, dts 0:00:01.113666666, dur 0:00:00.020000000, size 39933, offset none, offset_end none, flags 0x0
06-06 22:05:26.699  4906  5038 D GStreamer+GST_MEMORY: 0:00:30.530489363 0xe900d090 gstmemory.c:138:gst_memory_init new memory 0xe92be068, maxsize:12 offset:0 size:9
06-06 22:05:26.699  4906  5039 D GStreamer+queue_dataflow: 0:00:30.530503061 0xe900d0f0 gstqueue.c:1220:gst_queue_chain_buffer_or_list:<queue0> queue is full, waiting for free space
06-06 22:05:26.699  4906  5038 D GStreamer+codecparsers_h264: 0:00:30.530513582 0xe900d090 gsth264parser.c:253:gst_h264_parse_nalu_header Nal type 5, ref_idc 1
06-06 22:05:26.699  4906  5038 D GStreamer+h264parse: 0:00:30.530532957 0xe900d090 gsth264parse.c:979:gst_h264_parse_handle_frame_packetized:<h264parse0> AVC nal offset 55669
06-06 22:05:26.699  4906  5038 D GStreamer+h264parse: 0:00:30.530553321 0xe900d090 gsth264parse.c:714:gst_h264_parse_process_nal:<h264parse0> processing nal of type 5 Slice IDR, size 55642
06-06 22:05:26.700  4906  5038 D GStreamer+h264parse: 0:00:30.530575717 0xe900d090 gsth264parse.c:820:gst_h264_parse_process_nal:<h264parse0> first_mb_in_slice = 0
06-06 22:05:26.700  4906  5038 D GStreamer+h264parse: 0:00:30.530593321 0xe900d090 gsth264parse.c:823:gst_h264_parse_process_nal:<h264parse0> frame start: 1
06-06 22:05:26.700  4906  5038 D GStreamer+codecparsers_h264: 0:00:30.530613373 0xe900d090 gsth264parser.c:2089:gst_h264_parser_parse_slice_hdr parsing "Slice header", slice type 7
06-06 22:05:26.700  4906  5038 D GStreamer+codecparsers_h264: 0:00:30.530631290 0xe900d090 gsth264parser.c:711:gst_h264_slice_parse_dec_ref_pic_marking parsing "Decoded reference picture marking"
06-06 22:05:26.700  4906  5038 D GStreamer+h264parse: 0:00:30.530647280 0xe900d090 gsth264parse.c:833:gst_h264_parse_process_nal:<h264parse0> parse result 0, first MB: 0, slice type: 7
06-06 22:05:26.700  4906  5038 D GStreamer+h264parse: 0:00:30.530668790 0xe900d090 gsth264parse.c:856:gst_h264_parse_process_nal:<h264parse0> marking IDR in frame at offset 23
06-06 22:05:26.700  4906  5038 D GStreamer+h264parse: 0:00:30.530688217 0xe900d090 gsth264parse.c:421:gst_h264_parse_wrap_nal:<h264parse0> nal length 55642
06-06 22:05:26.700  4906  5038 D GStreamer+GST_MEMORY: 0:00:30.530709675 0xe900d090 gstmemory.c:138:gst_memory_init new memory 0xe9328dd8, maxsize:55649 offset:0 size:55646
06-06 22:05:26.700  4906  5038 D GStreamer+codecparsers_h264: 0:00:30.530752436 0xe900d090 gsth264parser.c:1407:gst_h264_parser_identify_nalu_avc Can't parse, buffer has too small size 55669, offset 55669
06-06 22:05:26.700  4906  5038 D GStreamer+GST_CAPS: 0:00:30.530780144 0xe900d090 gstpad.c:2644:gst_pad_has_current_caps:<h264parse0:src> check current pad caps video/x-h264, stream-format=(string)byte-stream, alignment=(string)au, level=(string)4, profile=(string)baseline, width=(int)1280, height=(int)1440, framerate=(fraction)151/3, pixel-aspect-ratio=(fraction)1/1, parsed=(boolean)true
06-06 22:05:26.700  4906  5038 D GStreamer+GST_CAPS: 0:00:30.530834311 0xe900d090 gstpad.c:2672:gst_pad_get_current_caps:<h264parse0:sink> get current pad caps video/x-h264, stream-format=(string)avc, alignment=(string)au, level=(string)4, profile=(string)baseline, codec_data=(buffer)01428028ffe1000a27428028e54028016b2001000528de01ae20, width=(int)1280, height=(int)1440, framerate=(fraction)151/3, pixel-aspect-ratio=(fraction)1/1
06-06 22:05:26.700  4906  5038 D GStreamer+h264parse: 0:00:30.530893373 0xe900d090 gsth264parse.c:1692:gst_h264_parse_update_src_caps:<h264parse0> sps: 0xcca87008
06-06 22:05:26.700  4906  5038 D GStreamer+GST_PERFORMANCE: 0:00:30.530915873 0xe900d090 gstcaps.c:178:_gst_caps_copy:<0xe9194340> doing copy 0xe9194340 -> 0xe952e6c8
06-06 22:05:26.700  4906  5038 I GStreamer+baseparse: 0:00:30.530960665 0xe900d090 gstbaseparse.c:3964:gst_base_parse_set_latency:<h264parse0> min/max latency 0:00:00.019867549, 0:00:00.019867549
06-06 22:05:26.700  4906  5038 D GStreamer+GST_CAPS: 0:00:30.531005457 0xe900d090 gstpad.c:2672:gst_pad_get_current_caps:<h264parse0:src> get current pad caps video/x-h264, stream-format=(string)byte-stream, alignment=(string)au, level=(string)4, profile=(string)baseline, width=(int)1280, height=(int)1440, framerate=(fraction)151/3, pixel-aspect-ratio=(fraction)1/1, parsed=(boolean)true
06-06 22:05:26.700  4906  5038 D GStreamer+GST_CAPS: 0:00:30.531054832 0xe900d090 gstpad.c:2672:gst_pad_get_current_caps:<h264parse0:src> get current pad caps video/x-h264, stream-format=(string)byte-stream, alignment=(string)au, level=(string)4, profile=(string)baseline, width=(int)1280, height=(int)1440, framerate=(fraction)151/3, pixel-aspect-ratio=(fraction)1/1, parsed=(boolean)true
06-06 22:05:26.700  4906  5038 D GStreamer+h264parse: 0:00:30.531103477 0xe900d090 gsth264parse.c:1934:gst_h264_parse_get_timestamp:<h264parse0> unable to compute timestamp: VUI not present
06-06 22:05:26.700  4906  5038 D GStreamer+adapter: 0:00:30.531141290 0xe900d090 gstadapter.c:296:copy_into_unchecked bsize 14, skip 0, csize 14
06-06 22:05:26.700  4906  5038 D GStreamer+GST_MEMORY: 0:00:30.531213738 0xe900d090 gstmemory.c:138:gst_memory_init new memory 0xe9277d08, maxsize:55669 offset:0 size:55669
06-06 22:05:26.700  4906  5038 D GStreamer+GST_MEMORY: 0:00:30.531243842 0xe900d090 gstmemory.c:87:_gst_memory_free free memory 0xe9538878
06-06 22:05:26.700  4906  5038 D GStreamer+GST_MEMORY: 0:00:30.531263321 0xe900d090 gstmemory.c:87:_gst_memory_free free memory 0xe92be068
06-06 22:05:26.700  4906  5038 D GStreamer+GST_MEMORY: 0:00:30.531282488 0xe900d090 gstmemory.c:87:_gst_memory_free free memory 0xe9328dd8
06-06 22:05:26.700  4906  5038 D GStreamer+GST_MEMORY: 0:00:30.531303425 0xe900d090 gstmemory.c:87:_gst_memory_free free memory 0xe9339048
