06-06 22:09:47.991  5267  5349 V GStreamer+GST_BUFFER: 0:00:34.908648737 0xe900d580 gstbuffer.c:727:gst_buffer_new new 0xe930e718
06-06 22:09:47.991  5267  5347 D GStreamer+structure: 0:00:34.908662695 0xe900d4c0 gststructure.c:2318:gst_structure_parse_field trying field name 'framerate'
06-06 22:09:47.991  5267  5349 V GStreamer+GST_BUFFER: 0:00:34.908665299 0xe900d580 gstbuffer.c:342:_memory_add buffer 0xe930e718, idx -1, mem 0xe932e958
06-06 22:09:47.991  5267  5347 D GStreamer+structure: 0:00:34.908684622 0xe900d4c0 gststructure.c:2369:gst_structure_parse_value trying type name 'fraction'
06-06 22:09:47.991  5267  5349 V GStreamer+GST_BUFFER: 0:00:34.908690820 0xe900d580 gstbuffer.c:783:gst_buffer_new_allocate new buffer 0xe930e718 of size 144 from allocator 0x0
06-06 22:09:47.991  5267  5348 D GStreamer+decodebin: 0:00:34.902333060 0xe900d520 gstdecodebin2.c:5492:gst_decode_bin_handle_message:<forhwgl> Forwarding msg structure-change message: 0xe93099d0, time 99:99:99.999999999, seq-num 113, element 'proxypad4', GstMessageStructureChange, type=(GstStructureChangeType)GST_STRUCTURE_CHANGE_TYPE_PAD_LINK, owner=(GstElement)"\(GstTypeFindElement\)\ typefind", busy=(boolean)false;
06-06 22:09:47.991  5267  5349 V GStreamer+GST_BUFFER: 0:00:34.908710039 0xe900d580 gstbuffer.c:1649:gst_buffer_map_range buffer 0xe930e718, idx 0, length -1, flags 0002
06-06 22:09:47.991  5267  5348 D GStreamer+bin: 0:00:34.908789205 0xe900d520 gstbin.c:3654:gst_bin_handle_message_func:<forhwgl> [msg 0xe93099d0] handling child proxypad4 message of type structure-change
06-06 22:09:47.991  5267  5349 V GStreamer+GST_BUFFER: 0:00:34.908808997 0xe900d580 gstbuffer.c:212:_get_merged_memory buffer 0xe930e718, idx 0, length 1
06-06 22:09:47.991  5267  5348 V GStreamer+bin: 0:00:34.908815872 0xe900d520 gstbin.c:889:message_check looking at message 0xe9309978: 1
06-06 22:09:47.991  5267  5349 V GStreamer+filesrc: 0:00:34.908836758 0xe900d580 gstfilesrc.c:360:gst_file_src_fill:<filesrc0> Reading 144 bytes at offset 0x540
06-06 22:09:47.991  5267  5348 D GStreamer+bin: 0:00:34.908839466 0xe900d520 gstbin.c:986:bin_remove_messages:<decodepad0:proxypad4> deleting message 0xe9309978 of types 0x00001000
06-06 22:09:47.992  5267  5349 D GStreamer+basesrc: 0:00:34.908874570 0xe900d580 gstbasesrc.c:2309:gst_base_src_do_sync:<filesrc0> we have no clock
06-06 22:09:47.992  5267  5348 V GStreamer+GST_MESSAGE: 0:00:34.908872851 0xe900d520 gstmessage.c:200:_gst_message_free finalize message 0xe9309978, structure-change from proxypad4
06-06 22:09:47.992  5267  5349 D GStreamer+basesrc: 0:00:34.908897643 0xe900d580 gstbasesrc.c:2519:gst_base_src_get_range:<filesrc0> buffer ok
06-06 22:09:47.992  5267  5348 V GStreamer+bin: 0:00:34.908902591 0xe900d520 gstbin.c:889:message_check looking at message 0xe9308e70: 0
06-06 22:09:47.992  5267  5348 D GStreamer+bin: 0:00:34.908920976 0xe900d520 gstbin.c:992:bin_remove_messages:<forhwgl> not deleting message 0xe9308e70 of type 0x00100000
06-06 22:09:47.992  5267  5349 V GStreamer+qtdemux: 0:00:34.908916237 0xe900d580 qtdemux.c:5277:gst_qtdemux_decorate_and_push_buffer:<q> Pushing buffer with dts 0:00:00.216000000, pts 0:00:00.216000000, duration 0:00:00.024000000 on pad audio_0
06-06 22:09:47.992  5267  5348 V GStreamer+GST_MESSAGE: 0:00:34.908948268 0xe900d520 gstmessage.c:200:_gst_message_free finalize message 0xe93099d0, structure-change from proxypad4
06-06 22:09:47.992  5267  5348 D GStreamer+GST_BUS: 0:00:34.908969778 0xe900d520 gstbus.c:344:gst_bus_post:<bus0> [msg 0xe93099d0] dropped
06-06 22:09:47.992  5267  5349 D GStreamer+GST_SCHEDULING: 0:00:34.908959674 0xe900d580 gstpad.c:4193:gst_pad_chain_data_unchecked:<queue2:sink> calling chainfunction &gst_queue_chain with buffer buffer: 0xe930e718, pts 0:00:00.216000000, dts 0:00:00.216000000, dur 0:00:00.024000000, size 144, offset none, offset_end none, flags 0x0
06-06 22:09:47.992  5267  5348 D GStreamer+decodebin: 0:00:34.908993789 0xe900d520 gstdecodebin2.c:1490:copy_sticky_events:<'':decodepad0> store sticky event stream-start event: 0xe90b40c0, time 99:99:99.999999999, seq-num 92, GstEventStreamStart, stream-id=(string)71ab440d261a1bb43c19b397eec2373651540427aed1e7b0deb4be62a10a7f25/001, flags=(GstStreamFlags)GST_STREAM_FLAG_NONE, group-id=(uint)0;
06-06 22:09:47.992  5267  5349 V GStreamer+queue_dataflow: 0:00:34.909009258 0xe900d580 gstqueue.c:1181:gst_queue_chain_buffer_or_list:<queue2> received buffer 0xe930e718 of size 144, time 0:00:00.216000000, duration 0:00:00.024000000
06-06 22:09:47.992  5267  5348 V GStreamer+GST_PADS: 0:00:34.909053372 0xe900d520 gstpad.c:5028:store_sticky_event:<'':decodepad0> Removing pending EOS events
06-06 22:09:47.992  5267  5349 V GStreamer+queue: 0:00:34.909052591 0xe900d580 gstqueue.c:633:apply_buffer:<queue2> sink position updated to 0:00:00.240000000
06-06 22:09:47.992  5267  5348 V GStreamer+GST_PADS: 0:00:34.909075820 0xe900d520 gstpad.c:5087:store_sticky_event:<'':decodepad0> stored sticky event stream-start
06-06 22:09:47.992  5267  5349 V GStreamer+queue: 0:00:34.909083112 0xe900d580 gstqueue.c:529:update_time_level:<queue2> update sink time
06-06 22:09:47.992  5267  5349 V GStreamer+queue: 0:00:34.909101601 0xe900d580 gstqueue.c:547:update_time_level:<queue2> sink +0:00:00.240000000, src +0:00:00.000000000
06-06 22:09:47.992  5267  5348 V GStreamer+GST_BUFFER: 0:00:34.909124414 0xe900d520 gstbuffer.c:1649:gst_buffer_map_range buffer 0xe930e498, idx 0, length -1, flags 0001
06-06 22:09:47.992  5267  5349 D GStreamer+GST_SCHEDULING: 0:00:34.909137383 0xe900d580 gstpad.c:4199:gst_pad_chain_data_unchecked:<queue2:sink> called chainfunction &gst_queue_chain with buffer 0xe930e718, returned ok
06-06 22:09:47.992  5267  5348 V GStreamer+GST_BUFFER: 0:00:34.909146705 0xe900d520 gstbuffer.c:212:_get_merged_memory buffer 0xe930e498, idx 0, length 1
06-06 22:09:47.992  5267  5349 V GStreamer+qtdemux: 0:00:34.909163997 0xe900d580 qtdemux.c:4949:gst_qtdemux_combine_flows:<q> flow return: ok
06-06 22:09:47.992  5267  5349 V GStreamer+qtdemux: 0:00:34.909184205 0xe900d580 qtdemux.c:4957:gst_qtdemux_combine_flows:<q> combined flow return: ok
06-06 22:09:47.992  5267  5349 V GStreamer+qtdemux: 0:00:34.909204778 0xe900d580 qtdemux.c:8003:qtdemux_parse_samples:<q> parsing samples for stream fourcc mp4a, pad audio_0
06-06 22:09:47.992  5267  5348 D GStreamer+decodebin: 0:00:34.909099310 0xe900d520 gstdecodebin2.c:1490:copy_sticky_events:<'':decodepad0> store sticky event caps event: 0xe91b6b48, time 99:99:99.999999999, seq-num 107, GstEventCaps, caps=(GstCaps)"video/x-h264\,\ stream-format\=\(string\)avc\,\ alignment\=\(string\)au\,\ level\=\(string\)4\,\ profile\=\(string\)baseline\,\ codec_data\=\(buffer\)01428028ffe1000a27428028e54028016b2001000528de01ae20\,\ width\=\(int\)1280\,\ height\=\(int\)1440\,\ framerate\=\(fraction\)151/3\,\ pixel-aspect-ratio\=\(fraction\)1/1";
06-06 22:09:47.992  5267  5349 D GStreamer+qtdemux: 0:00:34.909230091 0xe900d580 qtdemux.c:8014:qtdemux_parse_samples:<q> parsing up to sample 10
06-06 22:09:47.992  5267  5348 V GStreamer+GST_PADS: 0:00:34.909237747 0xe900d520 gstpad.c:5087:store_sticky_event:<'':decodepad0> stored sticky event caps
06-06 22:09:47.992  5267  5349 V GStreamer+qtdemux: 0:00:34.909248945 0xe900d580 qtdemux.c:8040:qtdemux_parse_samples:<q> sample 10 has size 144
06-06 22:09:47.992  5267  5348 D GStreamer+GST_PADS: 0:00:34.909258216 0xe900d520 gstpad.c:5093:store_sticky_event:<'':decodepad0> notify caps
06-06 22:09:47.992  5267  5349 V GStreamer+qtdemux: 0:00:34.909272018 0xe900d580 qtdemux.c:8164:qtdemux_parse_samples:<q> creating entry 10 with offset 1488 and size 144
06-06 22:09:47.992  5267  5348 D GStreamer+decodebin: 0:00:34.909289726 0xe900d520 gstdecodebin2.c:1385:gst_decode_bin_autoplug_continue:<forhwgl> autoplug-continue returns TRUE
06-06 22:09:47.992  5267  5349 D GStreamer+qtdemux: 0:00:34.909300768 0xe900d580 qtdemux.c:8221:qtdemux_parse_samples:<q> sample 10: index 10, timestamp 0:00:00.240000000
06-06 22:09:47.992  5267  5348 V GStreamer+GST_BUFFER: 0:00:34.909324518 0xe900d520 gstbuffer.c:1649:gst_buffer_map_range buffer 0xe930e498, idx 0, length -1, flags 0001
06-06 22:09:47.992  5267  5349 D GStreamer+qtdemux: 0:00:34.909330351 0xe900d580 qtdemux.c:8321:qtdemux_parse_samples:<q> setting all keyframes
06-06 22:09:47.992  5267  5348 V GStreamer+GST_BUFFER: 0:00:34.909350924 0xe900d520 gstbuffer.c:212:_get_merged_memory buffer 0xe930e498, idx 0, length 1
06-06 22:09:47.992  5267  5349 V GStreamer+qtdemux: 0:00:34.909354049 0xe900d580 qtdemux.c:5655:gst_qtdemux_loop:<q> loop at position 15003960, state 2
06-06 22:09:47.992  5267  5349 V GStreamer+qtdemux: 0:00:34.909381393 0xe900d580 qtdemux.c:4750:gst_qtdemux_prepare_current_sample:<q> segment active, index = 10 of 299
06-06 22:09:47.992  5267  5348 V GStreamer+decodebin: 0:00:34.909313060 0xe900d520 gstdecodebin2.c:3228:are_final_caps:<forhwgl> Checking with caps video/x-h264, stream-format=(string)avc, alignment=(string)au, level=(string)4, profile=(string)baseline, codec_data=(buffer)01428028ffe1000a27428028e54028016b2001000528de01ae20, width=(int)1280, height=(int)1440, framerate=(fraction)151/3, pixel-aspect-ratio=(fraction)1/1
06-06 22:09:47.992  5267  5349 V GStreamer+qtdemux: 0:00:34.909403060 0xe900d580 qtdemux.c:8003:qtdemux_parse_samples:<q> parsing samples for stream fourcc mp4a, pad audio_0
06-06 22:09:47.992  5267  5348 V GStreamer+decodebin: 0:00:34.909423737 0xe900d520 gstdecodebin2.c:3235:are_final_caps:<forhwgl> Caps are not final caps
06-06 22:09:47.992  5267  5349 V GStreamer+qtdemux: 0:00:34.909428633 0xe900d580 qtdemux.c:8385:qtdemux_parse_samples:<q> Tried to parse up to sample 10 but this sample has already been parsed
06-06 22:09:47.992  5267  5348 V GStreamer+GST_BUFFER: 0:00:34.909472435 0xe900d520 gstbuffer.c:1649:gst_buffer_map_range buffer 0xe930e498, idx 0, length -1, flags 0001
06-06 22:09:47.992  5267  5349 D GStreamer+qtdemux: 0:00:34.909452122 0xe900d580 qtdemux.c:5512:gst_qtdemux_loop_state_movie:<q> pushing from stream 1, empty 0 offset 1488, size 144, dts=0:00:00.240000000, pts=0:00:00.240000000, duration 0:00:00.024000000
06-06 22:09:47.992  5267  5348 V GStreamer+GST_BUFFER: 0:00:34.909495976 0xe900d520 gstbuffer.c:212:_get_merged_memory buffer 0xe930e498, idx 0, length 1
06-06 22:09:47.992  5267  5349 V GStreamer+qtdemux: 0:00:34.909500924 0xe900d580 qtdemux.c:5566:gst_qtdemux_loop_state_movie:<q> reading 144 bytes @ 1488
06-06 22:09:47.992  5267  5349 V GStreamer+GST_SCHEDULING: 0:00:34.909528164 0xe900d580 gstpad.c:4654:gst_pad_get_range_unchecked:<filesrc0:src> calling getrangefunc gst_base_src_getrange, offset 1488, size 144
06-06 22:09:47.992  5267  5348 D GStreamer+GST_CAPS: 0:00:34.909450351 0xe900d520 gstpad.c:2672:gst_pad_get_current_caps:<typefind:src> get current pad caps video/x-h264, stream-format=(string)avc, alignment=(string)au, level=(string)4, profile=(string)baseline, codec_data=(buffer)01428028ffe1000a27428028e54028016b2001000528de01ae20, width=(int)1280, height=(int)1440, framerate=(fraction)151/3, pixel-aspect-ratio=(fraction)1/1
06-06 22:09:47.992  5267  5349 D GStreamer+basesrc: 0:00:34.909554466 0xe900d580 gstbasesrc.c:2354:gst_base_src_update_length:<filesrc0> reading offset 1488, length 144, size 15003960, segment.stop -1, maxsize 15003960
06-06 22:09:47.992  5267  5348 D GStreamer+decodebin: 0:00:34.909569153 0xe900d520 gstdecodebin2.c:1399:gst_decode_bin_autoplug_factories:<forhwgl> finding factories
06-06 22:09:47.992  5267  5349 D GStreamer+basesrc: 0:00:34.909582487 0xe900d580 gstbasesrc.c:2455:gst_base_src_get_range:<filesrc0> calling create offset 1488 length 144, time 0
06-06 22:09:47.992  5267  5349 D GStreamer+GST_MEMORY: 0:00:34.909607487 0xe900d580 gstmemory.c:138:gst_memory_init new memory 0xe932ea40, maxsize:147 offset:0 size:144
06-06 22:09:47.992  5267  5349 V GStreamer+GST_BUFFER: 0:00:34.909628372 0xe900d580 gstbuffer.c:727:gst_buffer_new new 0xe932f008
06-06 22:09:47.992  5267  5349 V GStreamer+GST_BUFFER: 0:00:34.909644310 0xe900d580 gstbuffer.c:342:_memory_add buffer 0xe932f008, idx -1, mem 0xe932ea40
06-06 22:09:47.992  5267  5349 V GStreamer+GST_BUFFER: 0:00:34.909663268 0xe900d580 gstbuffer.c:783:gst_buffer_new_allocate new buffer 0xe932f008 of size 144 from allocator 0x0
06-06 22:09:47.992  5267  5349 V GStreamer+GST_BUFFER: 0:00:34.909682903 0xe900d580 gstbuffer.c:1649:gst_buffer_map_range buffer 0xe932f008, idx 0, length -1, flags 0002
06-06 22:09:47.992  5267  5349 V GStreamer+GST_BUFFER: 0:00:34.909703372 0xe900d580 gstbuffer.c:212:_get_merged_memory buffer 0xe932f008, idx 0, length 1
06-06 22:09:47.992  5267  5349 V GStreamer+filesrc: 0:00:34.909732383 0xe900d580 gstfilesrc.c:360:gst_file_src_fill:<filesrc0> Reading 144 bytes at offset 0x5d0
06-06 22:09:47.992  5267  5349 D GStreamer+basesrc: 0:00:34.909756705 0xe900d580 gstbasesrc.c:2309:gst_base_src_do_sync:<filesrc0> we have no clock
06-06 22:09:47.992  5267  5349 D GStreamer+basesrc: 0:00:34.909775299 0xe900d580 gstbasesrc.c:2519:gst_base_src_get_range:<filesrc0> buffer ok
06-06 22:09:47.992  5267  5349 V GStreamer+qtdemux: 0:00:34.909794987 0xe900d580 qtdemux.c:5277:gst_qtdemux_decorate_and_push_buffer:<q> Pushing buffer with dts 0:00:00.240000000, pts 0:00:00.240000000, duration 0:00:00.024000000 on pad audio_0
06-06 22:09:47.992  5267  5349 D GStreamer+GST_SCHEDULING: 0:00:34.909832174 0xe900d580 gstpad.c:4193:gst_pad_chain_data_unchecked:<queue2:sink> calling chainfunction &gst_queue_chain with buffer buffer: 0xe932f008, pts 0:00:00.240000000, dts 0:00:00.240000000, dur 0:00:00.024000000, size 144, offset none, offset_end none, flags 0x0
06-06 22:09:47.993  5267  5349 V GStreamer+queue_dataflow: 0:00:34.909880039 0xe900d580 gstqueue.c:1181:gst_queue_chain_buffer_or_list:<queue2> received buffer 0xe932f008 of size 144, time 0:00:00.240000000, duration 0:00:00.024000000
06-06 22:09:47.993  5267  5349 V GStreamer+queue: 0:00:34.909912383 0xe900d580 gstqueue.c:633:apply_buffer:<queue2> sink position updated to 0:00:00.264000000
06-06 22:09:47.993  5267  5349 V GStreamer+queue: 0:00:34.909937383 0xe900d580 gstqueue.c:529:update_time_level:<queue2> update sink time
06-06 22:09:47.993  5267  5349 V GStreamer+queue: 0:00:34.909954310 0xe900d580 gstqueue.c:547:update_time_level:<queue2> sink +0:00:00.264000000, src +0:00:00.000000000
06-06 22:09:47.993  5267  5349 D GStreamer+GST_SCHEDULING: 0:00:34.909982487 0xe900d580 gstpad.c:4199:gst_pad_chain_data_unchecked:<queue2:sink> called chainfunction &gst_queue_chain with buffer 0xe932f008, returned ok
06-06 22:09:47.993  5267  5349 V GStreamer+qtdemux: 0:00:34.910006653 0xe900d580 qtdemux.c:4949:gst_qtdemux_combine_flows:<q> flow return: ok
06-06 22:09:47.993  5267  5349 V GStreamer+qtdemux: 0:00:34.910025924 0xe900d580 qtdemux.c:4957:gst_qtdemux_combine_flows:<q> combined flow return: ok
06-06 22:09:47.993  5267  5349 V GStreamer+qtdemux: 0:00:34.910044987 0xe900d580 qtdemux.c:8003:qtdemux_parse_samples:<q> parsing samples for stream fourcc mp4a, pad audio_0
06-06 22:09:47.993  5267  5349 D GStreamer+qtdemux: 0:00:34.910066705 0xe900d580 qtdemux.c:8014:qtdemux_parse_samples:<q> parsing up to sample 11
06-06 22:09:47.993  5267  5349 V GStreamer+qtdemux: 0:00:34.910084153 0xe900d580 qtdemux.c:8040:qtdemux_parse_samples:<q> sample 11 has size 144
06-06 22:09:47.993  5267  5349 V GStreamer+qtdemux: 0:00:34.910103633 0xe900d580 qtdemux.c:8164:qtdemux_parse_samples:<q> creating entry 11 with offset 1632 and size 144
06-06 22:09:47.993  5267  5349 D GStreamer+qtdemux: 0:00:34.910128216 0xe900d580 qtdemux.c:8221:qtdemux_parse_samples:<q> sample 11: index 11, timestamp 0:00:00.264000000
06-06 22:09:47.993  5267  5349 D GStreamer+qtdemux: 0:00:34.910154153 0xe900d580 qtdemux.c:8321:qtdemux_parse_samples:<q> setting all keyframes
06-06 22:09:47.993  5267  5349 V GStreamer+qtdemux: 0:00:34.910173008 0xe900d580 qtdemux.c:5655:gst_qtdemux_loop:<q> loop at position 15003960, state 2
06-06 22:09:47.993  5267  5349 V GStreamer+qtdemux: 0:00:34.910195195 0xe900d580 qtdemux.c:4750:gst_qtdemux_prepare_current_sample:<q> segment active, index = 11 of 299
06-06 22:09:47.993  5267  5349 V GStreamer+qtdemux: 0:00:34.910215768 0xe900d580 qtdemux.c:8003:qtdemux_parse_samples:<q> parsing samples for stream fourcc mp4a, pad audio_0
06-06 22:09:47.993  5267  5349 V GStreamer+qtdemux: 0:00:34.910238424 0xe900d580 qtdemux.c:8385:qtdemux_parse_samples:<q> Tried to parse up to sample 11 but this sample has already been parsed
06-06 22:09:47.993  5267  5349 D GStreamer+qtdemux: 0:00:34.910259726 0xe900d580 qtdemux.c:5512:gst_qtdemux_loop_state_movie:<q> pushing from stream 1, empty 0 offset 1632, size 144, dts=0:00:00.264000000, pts=0:00:00.264000000, duration 0:00:00.024000000
06-06 22:09:47.993  5267  5349 V GStreamer+qtdemux: 0:00:34.910297122 0xe900d580 qtdemux.c:5566:gst_qtdemux_loop_state_movie:<q> reading 144 bytes @ 1632
06-06 22:09:47.993  5267  5349 V GStreamer+GST_SCHEDULING: 0:00:34.910319205 0xe900d580 gstpad.c:4654:gst_pad_get_range_unchecked:<filesrc0:src> calling getrangefunc gst_base_src_getrange, offset 1632, size 144
06-06 22:09:47.993  5267  5348 D GStreamer+GST_ELEMENT_FACTORY: 0:00:34.910337122 0xe900d520 gstelementfactory.c:840:gst_element_factory_list_filter finding factories
06-06 22:09:47.993  5267  5349 D GStreamer+basesrc: 0:00:34.910345091 0xe900d580 gstbasesrc.c:2354:gst_base_src_update_length:<filesrc0> reading offset 1632, length 144, size 15003960, segment.stop -1, maxsize 15003960
06-06 22:09:47.993  5267  5348 D GStreamer+GST_ELEMENT_FACTORY: 0:00:34.910361028 0xe900d520 gstelementfactory.c:851:gst_element_factory_list_filter Trying mpegaudioparse
06-06 22:09:47.993  5267  5349 D GStreamer+basesrc: 0:00:34.910372487 0xe900d580 gstbasesrc.c:2455:gst_base_src_get_range:<filesrc0> calling create offset 1632 length 144, time 0
06-06 22:09:47.993  5267  5348 D GStreamer+GST_ELEMENT_FACTORY: 0:00:34.910379883 0xe900d520 gstelementfactory.c:851:gst_element_factory_list_filter Trying aacparse
06-06 22:09:47.993  5267  5348 D GStreamer+GST_ELEMENT_FACTORY: 0:00:34.910398060 0xe900d520 gstelementfactory.c:851:gst_element_factory_list_filter Trying ac3parse
06-06 22:09:47.993  5267  5349 D GStreamer+GST_MEMORY: 0:00:34.910395976 0xe900d580 gstmemory.c:138:gst_memory_init new memory 0xe932eb28, maxsize:147 offset:0 size:144
06-06 22:09:47.993  5267  5348 D GStreamer+GST_ELEMENT_FACTORY: 0:00:34.910424049 0xe900d520 gstelementfactory.c:851:gst_element_factory_list_filter Trying amrparse
06-06 22:09:47.993  5267  5348 D GStreamer+GST_ELEMENT_FACTORY: 0:00:34.910441080 0xe900d520 gstelementfactory.c:851:gst_element_factory_list_filter Trying dcaparse
06-06 22:09:47.993  5267  5348 D GStreamer+GST_ELEMENT_FACTORY: 0:00:34.910458112 0xe900d520 gstelementfactory.c:851:gst_element_factory_list_filter Trying flacparse
06-06 22:09:47.993  5267  5348 D GStreamer+GST_ELEMENT_FACTORY: 0:00:34.910474778 0xe900d520 gstelementfactory.c:851:gst_element_factory_list_filter Trying h263parse
06-06 22:09:47.993  5267  5348 D GStreamer+GST_ELEMENT_FACTORY: 0:00:34.910490560 0xe900d520 gstelementfactory.c:851:gst_element_factory_list_filter Trying h264parse
06-06 22:09:47.993  5267  5349 V GStreamer+GST_BUFFER: 0:00:34.910438112 0xe900d580 gstbuffer.c:727:gst_buffer_new new 0xe932f0a8
06-06 22:09:47.993  5267  5348 D GStreamer+GST_ELEMENT_FACTORY: 0:00:34.910507330 0xe900d520 gstelementfactory.c:851:gst_element_factory_list_filter Trying mpeg4videoparse
06-06 22:09:47.993  5267  5349 V GStreamer+GST_BUFFER: 0:00:34.910509778 0xe900d580 gstbuffer.c:342:_memory_add buffer 0xe932f0a8, idx -1, mem 0xe932eb28
06-06 22:09:47.993  5267  5348 D GStreamer+GST_ELEMENT_FACTORY: 0:00:34.910529310 0xe900d520 gstelementfactory.c:851:gst_element_factory_list_filter Trying mpegvideoparse
06-06 22:09:47.993  5267  5349 V GStreamer+GST_BUFFER: 0:00:34.910533320 0xe900d580 gstbuffer.c:783:gst_buffer_new_allocate new buffer 0xe932f0a8 of size 144 from allocator 0x0
06-06 22:09:47.993  5267  5348 D GStreamer+GST_ELEMENT_FACTORY: 0:00:34.910550195 0xe900d520 gstelementfactory.c:851:gst_element_factory_list_filter Trying sbcparse
06-06 22:09:47.993  5267  5349 V GStreamer+GST_BUFFER: 0:00:34.910556705 0xe900d580 gstbuffer.c:1649:gst_buffer_map_range buffer 0xe932f0a8, idx 0, length -1, flags 0002
06-06 22:09:47.993  5267  5348 D GStreamer+GST_ELEMENT_FACTORY: 0:00:34.910571758 0xe900d520 gstelementfactory.c:851:gst_element_factory_list_filter Trying wavpackparse
06-06 22:09:47.993  5267  5349 V GStreamer+GST_BUFFER: 0:00:34.910578320 0xe900d580 gstbuffer.c:212:_get_merged_memory buffer 0xe932f0a8, idx 0, length 1
06-06 22:09:47.993  5267  5348 D GStreamer+GST_ELEMENT_FACTORY: 0:00:34.910588789 0xe900d520 gstelementfactory.c:851:gst_element_factory_list_filter Trying avisubtitle
06-06 22:09:47.993  5267  5349 V GStreamer+filesrc: 0:00:34.910596966 0xe900d580 gstfilesrc.c:360:gst_file_src_fill:<filesrc0> Reading 144 bytes at offset 0x660
06-06 22:09:47.993  5267  5348 D GStreamer+GST_ELEMENT_FACTORY: 0:00:34.910605403 0xe900d520 gstelementfactory.c:851:gst_element_factory_list_filter Trying oggaviparse
06-06 22:09:47.993  5267  5349 D GStreamer+basesrc: 0:00:34.910620768 0xe900d580 gstbasesrc.c:2309:gst_base_src_do_sync:<filesrc0> we have no clock
06-06 22:09:47.993  5267  5348 D GStreamer+GST_ELEMENT_FACTORY: 0:00:34.910622122 0xe900d520 gstelementfactory.c:851:gst_element_factory_list_filter Trying pngparse
06-06 22:09:47.993  5267  5349 D GStreamer+basesrc: 0:00:34.910641758 0xe900d580 gstbasesrc.c:2519:gst_base_src_get_range:<filesrc0> buffer ok
06-06 22:09:47.993  5267  5348 D GStreamer+GST_ELEMENT_FACTORY: 0:00:34.910644049 0xe900d520 gstelementfactory.c:851:gst_element_factory_list_filter Trying ssaparse
06-06 22:09:47.993  5267  5348 D GStreamer+GST_ELEMENT_FACTORY: 0:00:34.910663216 0xe900d520 gstelementfactory.c:851:gst_element_factory_list_filter Trying subparse
06-06 22:09:47.993  5267  5349 V GStreamer+qtdemux: 0:00:34.910661549 0xe900d580 qtdemux.c:5277:gst_qtdemux_decorate_and_push_buffer:<q> Pushing buffer with dts 0:00:00.264000000, pts 0:00:00.264000000, duration 0:00:00.024000000 on pad audio_0
06-06 22:09:47.993  5267  5348 D GStreamer+GST_ELEMENT_FACTORY: 0:00:34.910691497 0xe900d520 gstelementfactory.c:851:gst_element_factory_list_filter Trying h265parse
06-06 22:09:47.993  5267  5348 D GStreamer+GST_ELEMENT_FACTORY: 0:00:34.910708633 0xe900d520 gstelementfactory.c:851:gst_element_factory_list_filter Trying adpcmdec
06-06 22:09:47.993  5267  5348 D GStreamer+GST_ELEMENT_FACTORY: 0:00:34.910740872 0xe900d520 gstelementfactory.c:851:gst_element_factory_list_filter Trying alawdec
06-06 22:09:47.993  5267  5349 D GStreamer+GST_SCHEDULING: 0:00:34.910705508 0xe900d580 gstpad.c:4193:gst_pad_chain_data_unchecked:<queue2:sink> calling chainfunction &gst_queue_chain with buffer buffer: 0xe932f0a8, pts 0:00:00.264000000, dts 0:00:00.264000000, dur 0:00:00.024000000, size 144, offset none, offset_end none, flags 0x0
06-06 22:09:47.993  5267  5348 D GStreamer+GST_ELEMENT_FACTORY: 0:00:34.910758945 0xe900d520 gstelementfactory.c:851:gst_element_factory_list_filter Trying amcauddec-omxgoogleaacdecoder
06-06 22:09:47.993  5267  5348 D GStreamer+GST_ELEMENT_FACTORY: 0:00:34.910776028 0xe900d520 gstelementfactory.c:851:gst_element_factory_list_filter Trying amcauddec-omxgoogleamrnbdecoder
06-06 22:09:47.993  5267  5349 V GStreamer+queue_dataflow: 0:00:34.910767799 0xe900d580 gstqueue.c:1181:gst_queue_chain_buffer_or_list:<queue2> received buffer 0xe932f0a8 of size 144, time 0:00:00.264000000, duration 0:00:00.024000000
06-06 22:09:47.993  5267  5348 D GStreamer+GST_ELEMENT_FACTORY: 0:00:34.910795664 0xe900d520 gstelementfactory.c:851:gst_element_factory_list_filter Trying amcauddec-omxgoogleamrwbdecoder
06-06 22:09:47.993  5267  5349 V GStreamer+queue: 0:00:34.910801601 0xe900d580 gstqueue.c:633:apply_buffer:<queue2> sink position updated to 0:00:00.288000000
06-06 22:09:47.993  5267  5348 D GStreamer+GST_ELEMENT_FACTORY: 0:00:34.910819935 0xe900d520 gstelementfactory.c:851:gst_element_factory_list_filter Trying amcauddec-omxgooglemp3decoder
06-06 22:09:47.993  5267  5349 V GStreamer+queue: 0:00:34.910828476 0xe900d580 gstqueue.c:529:update_time_level:<queue2> update sink time
06-06 22:09:47.993  5267  5348 D GStreamer+GST_ELEMENT_FACTORY: 0:00:34.910837591 0xe900d520 gstelementfactory.c:851:gst_element_factory_list_filter Trying amcauddec-omxgoogleopusdecoder
06-06 22:09:47.993  5267  5348 D GStreamer+GST_ELEMENT_FACTORY: 0:00:34.910854726 0xe900d520 gstelementfactory.c:851:gst_element_factory_list_filter Trying amcviddec-omxnvidiah263decode
06-06 22:09:47.993  5267  5349 V GStreamer+queue: 0:00:34.910845143 0xe900d580 gstqueue.c:547:update_time_level:<queue2> sink +0:00:00.288000000, src +0:00:00.000000000
06-06 22:09:47.994  5267  5348 D GStreamer+GST_ELEMENT_FACTORY: 0:00:34.910872851 0xe900d520 gstelementfactory.c:851:gst_element_factory_list_filter Trying amcviddec-omxnvidiah264decode
06-06 22:09:47.994  5267  5349 D GStreamer+GST_SCHEDULING: 0:00:34.910874830 0xe900d580 gstpad.c:4199:gst_pad_chain_data_unchecked:<queue2:sink> called chainfunction &gst_queue_chain with buffer 0xe932f0a8, returned ok
06-06 22:09:47.994  5267  5347 D GStreamer+structure: 0:00:34.908712278 0xe900d4c0 gststructure.c:2318:gst_structure_parse_field trying field name 'parsed'
06-06 22:09:47.994  5267  5349 V GStreamer+qtdemux: 0:00:34.910902643 0xe900d580 qtdemux.c:4949:gst_qtdemux_combine_flows:<q> flow return: ok
06-06 22:09:47.994  5267  5347 D GStreamer+structure: 0:00:34.910919414 0xe900d4c0 gststructure.c:2369:gst_structure_parse_value trying type name 'boolean'
06-06 22:09:47.994  5267  5349 V GStreamer+qtdemux: 0:00:34.910925612 0xe900d580 qtdemux.c:4957:gst_qtdemux_combine_flows:<q> combined flow return: ok
06-06 22:09:47.994  5267  5347 D GStreamer+structure: 0:00:34.910940247 0xe900d4c0 gststructure.c:2318:gst_structure_parse_field trying field name 'stream-format'
06-06 22:09:47.994  5267  5349 V GStreamer+qtdemux: 0:00:34.910945924 0xe900d580 qtdemux.c:8003:qtdemux_parse_samples:<q> parsing samples for stream fourcc mp4a, pad audio_0
06-06 22:09:47.994  5267  5347 D GStreamer+structure: 0:00:34.910961966 0xe900d4c0 gststructure.c:2369:gst_structure_parse_value trying type name 'string'
06-06 22:09:47.994  5267  5349 D GStreamer+qtdemux: 0:00:34.910969518 0xe900d580 qtdemux.c:8014:qtdemux_parse_samples:<q> parsing up to sample 12
06-06 22:09:47.994  5267  5347 D GStreamer+structure: 0:00:34.910981237 0xe900d4c0 gststructure.c:2318:gst_structure_parse_field trying field name 'alignment'
06-06 22:09:47.994  5267  5349 V GStreamer+qtdemux: 0:00:34.910987383 0xe900d580 qtdemux.c:8040:qtdemux_parse_samples:<q> sample 12 has size 144
06-06 22:09:47.994  5267  5347 D GStreamer+structure: 0:00:34.910998685 0xe900d4c0 gststructure.c:2369:gst_structure_parse_value trying type name 'string'
06-06 22:09:47.994  5267  5349 V GStreamer+qtdemux: 0:00:34.911007070 0xe900d580 qtdemux.c:8164:qtdemux_parse_samples:<q> creating entry 12 with offset 1776 and size 144
06-06 22:09:47.994  5267  5347 D GStreamer+structure: 0:00:34.911016237 0xe900d4c0 gststructure.c:2318:gst_structure_parse_field trying field name 'profile'
06-06 22:09:47.994  5267  5347 D GStreamer+structure: 0:00:34.911033633 0xe900d4c0 gststructure.c:2369:gst_structure_parse_value trying type name 'string'
06-06 22:09:47.994  5267  5349 D GStreamer+qtdemux: 0:00:34.911033164 0xe900d580 qtdemux.c:8221:qtdemux_parse_samples:<q> sample 12: index 12, timestamp 0:00:00.288000000
06-06 22:09:47.994  5267  5347 D GStreamer+GST_ELEMENT_FACTORY: 0:00:34.911057226 0xe900d4c0 gstelementfactory.c:851:gst_element_factory_list_filter Trying amcviddec-omxnvidiah265decode
06-06 22:09:47.994  5267  5349 D GStreamer+qtdemux: 0:00:34.911062487 0xe900d580 qtdemux.c:8321:qtdemux_parse_samples:<q> setting all keyframes
06-06 22:09:47.994  5267  5347 D GStreamer+structure: 0:00:34.911080612 0xe900d4c0 gststructure.c:2318:gst_structure_parse_field trying field name 'width'
06-06 22:09:47.994  5267  5349 V GStreamer+qtdemux: 0:00:34.911083112 0xe900d580 qtdemux.c:5655:gst_qtdemux_loop:<q> loop at position 15003960, state 2
06-06 22:09:47.994  5267  5347 D GStreamer+structure: 0:00:34.911102955 0xe900d4c0 gststructure.c:2369:gst_structure_parse_value trying type name 'int'
06-06 22:09:47.994  5267  5349 V GStreamer+qtdemux: 0:00:34.911109466 0xe900d580 qtdemux.c:4750:gst_qtdemux_prepare_current_sample:<q> segment active, index = 12 of 299
06-06 22:09:47.994  5267  5347 D GStreamer+structure: 0:00:34.911127487 0xe900d4c0 gststructure.c:2318:gst_structure_parse_field trying field name 'height'
06-06 22:09:47.994  5267  5349 V GStreamer+qtdemux: 0:00:34.911130612 0xe900d580 qtdemux.c:8003:qtdemux_parse_samples:<q> parsing samples for stream fourcc mp4a, pad audio_0
06-06 22:09:47.994  5267  5347 D GStreamer+structure: 0:00:34.911146862 0xe900d4c0 gststructure.c:2369:gst_structure_parse_value trying type name 'int'
06-06 22:09:47.994  5267  5349 V GStreamer+qtdemux: 0:00:34.911154414 0xe900d580 qtdemux.c:8385:qtdemux_parse_samples:<q> Tried to parse up to sample 12 but this sample has already been parsed
06-06 22:09:47.994  5267  5347 D GStreamer+structure: 0:00:34.911167487 0xe900d4c0 gststructure.c:2318:gst_structure_parse_field trying field name 'framerate'
06-06 22:09:47.994  5267  5347 D GStreamer+structure: 0:00:34.911185560 0xe900d4c0 gststructure.c:2369:gst_structure_parse_value trying type name 'fraction'
06-06 22:09:47.994  5267  5349 D GStreamer+qtdemux: 0:00:34.911175560 0xe900d580 qtdemux.c:5512:gst_qtdemux_loop_state_movie:<q> pushing from stream 1, empty 0 offset 1776, size 144, dts=0:00:00.288000000, pts=0:00:00.288000000, duration 0:00:00.024000000
06-06 22:09:47.994  5267  5347 D GStreamer+structure: 0:00:34.911215716 0xe900d4c0 gststructure.c:2318:gst_structure_parse_field trying field name 'parsed'
06-06 22:09:47.994  5267  5349 V GStreamer+qtdemux: 0:00:34.911213789 0xe900d580 qtdemux.c:5566:gst_qtdemux_loop_state_movie:<q> reading 144 bytes @ 1776
06-06 22:09:47.994  5267  5347 D GStreamer+structure: 0:00:34.911239049 0xe900d4c0 gststructure.c:2369:gst_structure_parse_value trying type name 'boolean'
06-06 22:09:47.994  5267  5349 V GStreamer+GST_SCHEDULING: 0:00:34.911241705 0xe900d580 gstpad.c:4654:gst_pad_get_range_unchecked:<filesrc0:src> calling getrangefunc gst_base_src_getrange, offset 1776, size 144
06-06 22:09:47.994  5267  5347 D GStreamer+structure: 0:00:34.911263528 0xe900d4c0 gststructure.c:2318:gst_structure_parse_field trying field name 'stream-format'
06-06 22:09:47.994  5267  5349 D GStreamer+basesrc: 0:00:34.911268060 0xe900d580 gstbasesrc.c:2354:gst_base_src_update_length:<filesrc0> reading offset 1776, length 144, size 15003960, segment.stop -1, maxsize 15003960
06-06 22:09:47.994  5267  5347 D GStreamer+structure: 0:00:34.911283893 0xe900d4c0 gststructure.c:2369:gst_structure_parse_value trying type name 'string'
06-06 22:09:47.994  5267  5349 D GStreamer+basesrc: 0:00:34.911295872 0xe900d580 gstbasesrc.c:2455:gst_base_src_get_range:<filesrc0> calling create offset 1776 length 144, time 0
06-06 22:09:47.994  5267  5347 D GStreamer+structure: 0:00:34.911303580 0xe900d4c0 gststructure.c:2318:gst_structure_parse_field trying field name 'alignment'
06-06 22:09:47.994  5267  5347 D GStreamer+structure: 0:00:34.911324622 0xe900d4c0 gststructure.c:2369:gst_structure_parse_value trying type name 'string'
06-06 22:09:47.994  5267  5349 D GStreamer+GST_MEMORY: 0:00:34.911323685 0xe900d580 gstmemory.c:138:gst_memory_init new memory 0xe932ec10, maxsize:147 offset:0 size:144
06-06 22:09:47.994  5267  5347 D GStreamer+structure: 0:00:34.911346133 0xe900d4c0 gststructure.c:2318:gst_structure_parse_field trying field name 'profile'
06-06 22:09:47.994  5267  5349 V GStreamer+GST_BUFFER: 0:00:34.911350612 0xe900d580 gstbuffer.c:727:gst_buffer_new new 0xe932f148
06-06 22:09:47.994  5267  5347 D GStreamer+structure: 0:00:34.911369205 0xe900d4c0 gststructure.c:2369:gst_structure_parse_value trying type name 'string'
06-06 22:09:47.994  5267  5349 V GStreamer+GST_BUFFER: 0:00:34.911369883 0xe900d580 gstbuffer.c:342:_memory_add buffer 0xe932f148, idx -1, mem 0xe932ec10
06-06 22:09:47.994  5267  5347 D GStreamer+structure: 0:00:34.911394674 0xe900d4c0 gststructure.c:2318:gst_structure_parse_field trying field name 'width'
06-06 22:09:47.994  5267  5349 V GStreamer+GST_BUFFER: 0:00:34.911395039 0xe900d580 gstbuffer.c:783:gst_buffer_new_allocate new buffer 0xe932f148 of size 144 from allocator 0x0
06-06 22:09:47.994  5267  5347 D GStreamer+structure: 0:00:34.911418424 0xe900d4c0 gststructure.c:2369:gst_structure_parse_value trying type name 'int'
06-06 22:09:47.994  5267  5349 V GStreamer+GST_BUFFER: 0:00:34.911421028 0xe900d580 gstbuffer.c:1649:gst_buffer_map_range buffer 0xe932f148, idx 0, length -1, flags 0002
06-06 22:09:47.994  5267  5349 V GStreamer+GST_BUFFER: 0:00:34.911445976 0xe900d580 gstbuffer.c:212:_get_merged_memory buffer 0xe932f148, idx 0, length 1
06-06 22:09:47.994  5267  5347 D GStreamer+structure: 0:00:34.911447018 0xe900d4c0 gststructure.c:2318:gst_structure_parse_field trying field name 'height'
06-06 22:09:47.994  5267  5347 D GStreamer+structure: 0:00:34.911473164 0xe900d4c0 gststructure.c:2369:gst_structure_parse_value trying type name 'int'
06-06 22:09:47.994  5267  5349 V GStreamer+filesrc: 0:00:34.911472591 0xe900d580 gstfilesrc.c:360:gst_file_src_fill:<filesrc0> Reading 144 bytes at offset 0x6f0
06-06 22:09:47.994  5267  5347 D GStreamer+structure: 0:00:34.911498268 0xe900d4c0 gststructure.c:2318:gst_structure_parse_field trying field name 'framerate'
06-06 22:09:47.994  5267  5349 D GStreamer+basesrc: 0:00:34.911501393 0xe900d580 gstbasesrc.c:2309:gst_base_src_do_sync:<filesrc0> we have no clock
06-06 22:09:47.994  5267  5347 D GStreamer+structure: 0:00:34.911517539 0xe900d4c0 gststructure.c:2369:gst_structure_parse_value trying type name 'fraction'
06-06 22:09:47.994  5267  5349 D GStreamer+basesrc: 0:00:34.911521549 0xe900d580 gstbasesrc.c:2519:gst_base_src_get_range:<filesrc0> buffer ok
06-06 22:09:47.994  5267  5347 D GStreamer+structure: 0:00:34.911547018 0xe900d4c0 gststructure.c:2318:gst_structure_parse_field trying field name 'parsed'
06-06 22:09:47.994  5267  5349 V GStreamer+qtdemux: 0:00:34.911542435 0xe900d580 qtdemux.c:5277:gst_qtdemux_decorate_and_push_buffer:<q> Pushing buffer with dts 0:00:00.288000000, pts 0:00:00.288000000, duration 0:00:00.024000000 on pad audio_0
06-06 22:09:47.994  5267  5347 D GStreamer+structure: 0:00:34.911572226 0xe900d4c0 gststructure.c:2369:gst_structure_parse_value trying type name 'boolean'
06-06 22:09:47.994  5267  5347 D GStreamer+structure: 0:00:34.911590195 0xe900d4c0 gststructure.c:2318:gst_structure_parse_field trying field name 'stream-format'
06-06 22:09:47.994  5267  5347 D GStreamer+structure: 0:00:34.911612643 0xe900d4c0 gststructure.c:2369:gst_structure_parse_value trying type name 'string'
06-06 22:09:47.994  5267  5349 D GStreamer+GST_SCHEDULING: 0:00:34.911585247 0xe900d580 gstpad.c:4193:gst_pad_chain_data_unchecked:<queue2:sink> calling chainfunction &gst_queue_chain with buffer buffer: 0xe932f148, pts 0:00:00.288000000, dts 0:00:00.288000000, dur 0:00:00.024000000, size 144, offset none, offset_end none, flags 0x0
06-06 22:09:47.994  5267  5347 D GStreamer+structure: 0:00:34.911634778 0xe900d4c0 gststructure.c:2318:gst_structure_parse_field trying field name 'alignment'
06-06 22:09:47.994  5267  5349 V GStreamer+queue_dataflow: 0:00:34.911639101 0xe900d580 gstqueue.c:1181:gst_queue_chain_buffer_or_list:<queue2> received buffer 0xe932f148 of size 144, time 0:00:00.288000000, duration 0:00:00.024000000
06-06 22:09:47.994  5267  5347 D GStreamer+structure: 0:00:34.911657174 0xe900d4c0 gststructure.c:2369:gst_structure_parse_value trying type name 'string'
06-06 22:09:47.994  5267  5347 D GStreamer+structure: 0:00:34.911679362 0xe900d4c0 gststructure.c:2318:gst_structure_parse_field trying field name 'profile'
06-06 22:09:47.994  5267  5349 V GStreamer+queue: 0:00:34.911677330 0xe900d580 gstqueue.c:633:apply_buffer:<queue2> sink position updated to 0:00:00.312000000
06-06 22:09:47.994  5267  5347 D GStreamer+structure: 0:00:34.911704049 0xe900d4c0 gststructure.c:2369:gst_structure_parse_value trying type name 'string'
06-06 22:09:47.994  5267  5349 V GStreamer+queue: 0:00:34.911710247 0xe900d580 gstqueue.c:529:update_time_level:<queue2> update sink time
06-06 22:09:47.994  5267  5347 D GStreamer+GST_ELEMENT_FACTORY: 0:00:34.911734778 0xe900d4c0 gstelementfactory.c:851:gst_element_factory_list_filter Trying amcviddec-omxnvidiamp4decode
06-06 22:09:47.994  5267  5349 V GStreamer+queue: 0:00:34.911739830 0xe900d580 gstqueue.c:547:update_time_level:<queue2> sink +0:00:00.312000000, src +0:00:00.000000000
06-06 22:09:47.994  5267  5347 D GStreamer+structure: 0:00:34.911761914 0xe900d4c0 gststructure.c:2318:gst_structure_parse_field trying field name 'width'
06-06 22:09:47.994  5267  5349 D GStreamer+GST_SCHEDULING: 0:00:34.911770612 0xe900d580 gstpad.c:4199:gst_pad_chain_data_unchecked:<queue2:sink> called chainfunction &gst_queue_chain with buffer 0xe932f148, returned ok
06-06 22:09:47.994  5267  5347 D GStreamer+structure: 0:00:34.911779049 0xe900d4c0 gststructure.c:2369:gst_structure_parse_value trying type name 'int'
06-06 22:09:47.994  5267  5349 V GStreamer+qtdemux: 0:00:34.911796497 0xe900d580 qtdemux.c:4949:gst_qtdemux_combine_flows:<q> flow return: ok
06-06 22:09:47.994  5267  5347 D GStreamer+structure: 0:00:34.911804778 0xe900d4c0 gststructure.c:2318:gst_structure_parse_field trying field name 'height'
06-06 22:09:47.994  5267  5349 V GStreamer+qtdemux: 0:00:34.911819726 0xe900d580 qtdemux.c:4957:gst_qtdemux_combine_flows:<q> combined flow return: ok
06-06 22:09:47.994  5267  5347 D GStreamer+structure: 0:00:34.911824674 0xe900d4c0 gststructure.c:2369:gst_structure_parse_value trying type name 'int'
06-06 22:09:47.994  5267  5349 V GStreamer+qtdemux: 0:00:34.911838424 0xe900d580 qtdemux.c:8003:qtdemux_parse_samples:<q> parsing samples for stream fourcc mp4a, pad audio_0
06-06 22:09:47.994  5267  5349 D GStreamer+qtdemux: 0:00:34.911868372 0xe900d580 qtdemux.c:8014:qtdemux_parse_samples:<q> parsing up to sample 13
06-06 22:09:47.995  5267  5347 D GStreamer+structure: 0:00:34.911847174 0xe900d4c0 gststructure.c:2318:gst_structure_parse_field trying field name 'framerate'
06-06 22:09:47.995  5267  5349 V GStreamer+qtdemux: 0:00:34.911887174 0xe900d580 qtdemux.c:8040:qtdemux_parse_samples:<q> sample 13 has size 144
06-06 22:09:47.995  5267  5347 D GStreamer+structure: 0:00:34.911891810 0xe900d4c0 gststructure.c:2369:gst_structure_parse_value trying type name 'fraction'
06-06 22:09:47.995  5267  5349 V GStreamer+qtdemux: 0:00:34.911909987 0xe900d580 qtdemux.c:8164:qtdemux_parse_samples:<q> creating entry 13 with offset 47447 and size 144
06-06 22:09:47.995  5267  5347 D GStreamer+structure: 0:00:34.911923997 0xe900d4c0 gststructure.c:2318:gst_structure_parse_field trying field name 'mpegversion'
06-06 22:09:47.995  5267  5347 D GStreamer+structure: 0:00:34.911942747 0xe900d4c0 gststructure.c:2369:gst_structure_parse_value trying type name 'int'
06-06 22:09:47.995  5267  5349 D GStreamer+qtdemux: 0:00:34.911934518 0xe900d580 qtdemux.c:8221:qtdemux_parse_samples:<q> sample 13: index 13, timestamp 0:00:00.312000000
06-06 22:09:47.995  5267  5349 D GStreamer+qtdemux: 0:00:34.911962643 0xe900d580 qtdemux.c:8321:qtdemux_parse_samples:<q> setting all keyframes
06-06 22:09:47.995  5267  5347 D GStreamer+structure: 0:00:34.911963164 0xe900d4c0 gststructure.c:2318:gst_structure_parse_field trying field name 'systemstream'
06-06 22:09:47.995  5267  5347 D GStreamer+structure: 0:00:34.911984518 0xe900d4c0 gststructure.c:2369:gst_structure_parse_value trying type name 'boolean'
06-06 22:09:47.995  5267  5349 V GStreamer+qtdemux: 0:00:34.911985612 0xe900d580 qtdemux.c:5655:gst_qtdemux_loop:<q> loop at position 15003960, state 2
06-06 22:09:47.995  5267  5347 D GStreamer+structure: 0:00:34.912010560 0xe900d4c0 gststructure.c:2318:gst_structure_parse_field trying field name 'parsed'
06-06 22:09:47.995  5267  5349 V GStreamer+qtdemux: 0:00:34.912014778 0xe900d580 qtdemux.c:1195:gst_qtdemux_find_segment:<q:video_0> finding segment for 0:00:00.311000000
06-06 22:09:47.995  5267  5347 D GStreamer+structure: 0:00:34.912032643 0xe900d4c0 gststructure.c:2369:gst_structure_parse_value trying type name 'boolean'
06-06 22:09:47.995  5267  5349 V GStreamer+qtdemux: 0:00:34.912040247 0xe900d580 qtdemux.c:1203:gst_qtdemux_find_segment:<q:video_0> looking at segment 0:00:00.000000000-0:00:00.311000000
06-06 22:09:47.995  5267  5347 D GStreamer+structure: 0:00:34.912050924 0xe900d4c0 gststructure.c:2318:gst_structure_parse_field trying field name 'profile'
06-06 22:09:47.995  5267  5347 D GStreamer+structure: 0:00:34.912069830 0xe900d4c0 gststructure.c:2369:gst_structure_parse_value trying type name 'string'
06-06 22:09:47.995  5267  5349 V GStreamer+qtdemux: 0:00:34.912068841 0xe900d580 qtdemux.c:1203:gst_qtdemux_find_segment:<q:video_0> looking at segment 0:00:00.311000000-0:00:07.510000000
06-06 22:09:47.995  5267  5347 D GStreamer+structure: 0:00:34.912095508 0xe900d4c0 gststructure.c:2318:gst_structure_parse_field trying field name 'width'
06-06 22:09:47.995  5267  5349 V GStreamer+qtdemux: 0:00:34.912102695 0xe900d580 qtdemux.c:4602:gst_qtdemux_activate_segment:<q:video_0> activate segment 1, offset 0:00:00.311000000
06-06 22:09:47.995  5267  5347 D GStreamer+structure: 0:00:34.912112799 0xe900d4c0 gststructure.c:2369:gst_structure_parse_value trying type name 'int'
06-06 22:09:47.995  5267  5347 D GStreamer+structure: 0:00:34.912134883 0xe900d4c0 gststructure.c:2318:gst_structure_parse_field trying field name 'height'
06-06 22:09:47.995  5267  5347 D GStreamer+structure: 0:00:34.912197851 0xe900d4c0 gststructure.c:2369:gst_structure_parse_value trying type name 'int'
06-06 22:09:47.995  5267  5349 V GStreamer+qtdemux: 0:00:34.912129101 0xe900d580 qtdemux.c:4452:gst_qtdemux_stream_segment_get_boundaries:<q:video_0> seg_time 0:00:00.000000000
06-06 22:09:47.995  5267  5347 D GStreamer+structure: 0:00:34.912222903 0xe900d4c0 gststructure.c:2318:gst_structure_parse_field trying field name 'framerate'
06-06 22:09:47.995  5267  5349 D GStreamer+qtdemux: 0:00:34.912222383 0xe900d580 qtdemux.c:4542:gst_qtdemux_stream_update_segment:<q:video_0> new segment 1 from 0:00:00.000000000 to 0:00:07.199000000, time 0:00:00.311000000
06-06 22:09:47.995  5267  5347 D GStreamer+structure: 0:00:34.912247539 0xe900d4c0 gststructure.c:2369:gst_structure_parse_value trying type name 'fraction'
06-06 22:09:47.995  5267  5347 D GStreamer+structure: 0:00:34.912276028 0xe900d4c0 gststructure.c:2318:gst_structure_parse_field trying field name 'mpegversion'
06-06 22:09:47.995  5267  5347 D GStreamer+structure: 0:00:34.912296185 0xe900d4c0 gststructure.c:2369:gst_structure_parse_value trying type name 'int'
06-06 22:09:47.995  5267  5349 D GStreamer+qtdemux: 0:00:34.912264205 0xe900d580 qtdemux.c:4563:gst_qtdemux_stream_update_segment:<q:video_0> New segment: time segment start=0:00:00.000000000, offset=0:00:00.000000000, stop=0:00:07.199000000, rate=1.000000, applied_rate=1.000000, flags=0x00, time=0:00:00.311000000, base=0:00:00.311000000, position 0:00:00.000000000, duration 99:99:99.999999999
06-06 22:09:47.995  5267  5347 D GStreamer+structure: 0:00:34.912320039 0xe900d4c0 gststructure.c:2318:gst_structure_parse_field trying field name 'systemstream'
06-06 22:09:47.995  5267  5347 D GStreamer+structure: 0:00:34.912339153 0xe900d4c0 gststructure.c:2369:gst_structure_parse_value trying type name 'boolean'
06-06 22:09:47.995  5267  5347 D GStreamer+structure: 0:00:34.912365664 0xe900d4c0 gststructure.c:2318:gst_structure_parse_field trying field name 'parsed'
06-06 22:09:47.995  5267  5349 I GStreamer+GST_EVENT: 0:00:34.912328841 0xe900d580 gstevent.c:760:gst_event_new_segment creating segment event time segment start=0:00:00.000000000, offset=0:00:00.000000000, stop=0:00:07.199000000, rate=1.000000, applied_rate=1.000000, flags=0x00, time=0:00:00.311000000, base=0:00:00.311000000, position 0:00:00.000000000, duration 99:99:99.999999999
06-06 22:09:47.995  5267  5347 D GStreamer+structure: 0:00:34.912384205 0xe900d4c0 gststructure.c:2369:gst_structure_parse_value trying type name 'boolean'
06-06 22:09:47.995  5267  5349 D GStreamer+GST_EVENT: 0:00:34.912392330 0xe900d580 gstevent.c:302:gst_event_new_custom creating new event 0xe91b68c0 segment 17934
06-06 22:09:47.995  5267  5347 D GStreamer+structure: 0:00:34.912403685 0xe900d4c0 gststructure.c:2318:gst_structure_parse_field trying field name 'profile'
06-06 22:09:47.995  5267  5349 V GStreamer+GST_PADS: 0:00:34.912416133 0xe900d580 gstpad.c:5087:store_sticky_event:<q:video_0> stored sticky event segment
06-06 22:09:47.995  5267  5347 D GStreamer+structure: 0:00:34.912420872 0xe900d4c0 gststructure.c:2369:gst_structure_parse_value trying type name 'string'
06-06 22:09:47.995  5267  5349 D GStreamer+GST_PADS: 0:00:34.912437955 0xe900d580 gstpad.c:3853:check_sticky:<q:video_0> pushing all sticky events
06-06 22:09:47.995  5267  5347 D GStreamer+structure: 0:00:34.912445143 0xe900d4c0 gststructure.c:2318:gst_structure_parse_field trying field name 'width'
06-06 22:09:47.995  5267  5349 D GStreamer+GST_PADS: 0:00:34.912456758 0xe900d580 gstpad.c:3785:push_sticky:<q:video_0> event stream-start was already received
06-06 22:09:47.995  5267  5347 D GStreamer+structure: 0:00:34.912463164 0xe900d4c0 gststructure.c:2369:gst_structure_parse_value trying type name 'int'
06-06 22:09:47.995  5267  5349 D GStreamer+GST_PADS: 0:00:34.912478320 0xe900d580 gstpad.c:3785:push_sticky:<q:video_0> event caps was already received
06-06 22:09:47.995  5267  5347 D GStreamer+structure: 0:00:34.912485508 0xe900d4c0 gststructure.c:2318:gst_structure_parse_field trying field name 'height'
06-06 22:09:47.995  5267  5347 D GStreamer+structure: 0:00:34.912505403 0xe900d4c0 gststructure.c:2369:gst_structure_parse_value trying type name 'int'
06-06 22:09:47.995  5267  5349 V GStreamer+GST_PADS: 0:00:34.912503580 0xe900d580 gstpad.c:5250:gst_pad_push_event_unchecked:<q:video_0> sending event 0xe91b68c0 (segment) to peerpad <queue0:sink>
06-06 22:09:47.995  5267  5347 D GStreamer+structure: 0:00:34.912530820 0xe900d4c0 gststructure.c:2318:gst_structure_parse_field trying field name 'framerate'
06-06 22:09:47.995  5267  5347 D GStreamer+structure: 0:00:34.912551341 0xe900d4c0 gststructure.c:2369:gst_structure_parse_value trying type name 'fraction'
06-06 22:09:47.995  5267  5347 D GStreamer+structure: 0:00:34.912578737 0xe900d4c0 gststructure.c:2318:gst_structure_parse_field trying field name 'divxversion'
06-06 22:09:47.995  5267  5347 D GStreamer+structure: 0:00:34.912597018 0xe900d4c0 gststructure.c:2369:gst_structure_parse_value trying type name 'int'
06-06 22:09:47.995  5267  5347 D GStreamer+structure: 0:00:34.912620612 0xe900d4c0 gststructure.c:2318:gst_structure_parse_field trying field name 'parsed'
06-06 22:09:47.995  5267  5349 D GStreamer+GST_EVENT: 0:00:34.912533841 0xe900d580 gstpad.c:5536:gst_pad_send_event_unchecked:<queue0:sink> have event type segment event: 0xe91b68c0, time 99:99:99.999999999, seq-num 117, GstEventSegment, segment=(GstSegment)"GstSegment, flags=(GstSegmentFlags)GST_SEGMENT_FLAG_NONE, rate=(double)1, applied-rate=(double)1, format=(GstFormat)GST_FORMAT_TIME, base=(guint64)311000000, offset=(guint64)0, start=(guint64)0, stop=(guint64)7199000000, time=(guint64)311000000, position=(guint64)0, duration=(guint64)18446744073709551615;";
06-06 22:09:47.995  5267  5347 D GStreamer+structure: 0:00:34.912642539 0xe900d4c0 gststructure.c:2369:gst_structure_parse_value trying type name 'boolean'
06-06 22:09:47.995  5267  5348 D GStreamer+GST_ELEMENT_FACTORY: 0:00:34.912682174 0xe900d520 gstelementfactory.c:851:gst_element_factory_list_filter Trying amcviddec-omxnvidiah265decode
06-06 22:09:47.995  5267  5349 D GStreamer+queue: 0:00:34.912656810 0xe900d580 gstqueue.c:578:apply_segment:<queue0> configured SEGMENT time segment start=0:00:00.000000000, offset=0:00:00.000000000, stop=0:00:07.199000000, rate=1.000000, applied_rate=1.000000, flags=0x00, time=0:00:00.311000000, base=0:00:00.311000000, position 0:00:00.000000000, duration 99:99:99.999999999
06-06 22:09:47.995  5267  5348 D GStreamer+GST_ELEMENT_FACTORY: 0:00:34.912708164 0xe900d520 gstelementfactory.c:851:gst_element_factory_list_filter Trying amcviddec-omxnvidiamp4decode
06-06 22:09:47.995  5267  5349 V GStreamer+queue: 0:00:34.912727435 0xe900d580 gstqueue.c:529:update_time_level:<queue0> update sink time
06-06 22:09:47.995  5267  5348 D GStreamer+GST_ELEMENT_FACTORY: 0:00:34.912737955 0xe900d520 gstelementfactory.c:851:gst_element_factory_list_filter Trying amcviddec-omxnvidiavp8decode
06-06 22:09:47.995  5267  5349 V GStreamer+queue: 0:00:34.912746705 0xe900d580 gstqueue.c:547:update_time_level:<queue0> sink +0:00:00.311000000, src +0:00:00.000000000
06-06 22:09:47.995  5267  5348 D GStreamer+structure: 0:00:34.912765299 0xe900d520 gststructure.c:2318:gst_structure_parse_field trying field name 'width'
06-06 22:09:47.995  5267  5348 D GStreamer+structure: 0:00:34.912784310 0xe900d520 gststructure.c:2369:gst_structure_parse_value trying type name 'int'
06-06 22:09:47.995  5267  5349 D GStreamer+GST_PADS: 0:00:34.912781497 0xe900d580 gstpad.c:5609:gst_pad_send_event_unchecked:<queue0:sink> sent event, ret ok
06-06 22:09:47.995  5267  5348 D GStreamer+structure: 0:00:34.912809049 0xe900d520 gststructure.c:2318:gst_structure_parse_field trying field name 'height'
06-06 22:09:47.995  5267  5349 V GStreamer+GST_PADS: 0:00:34.912808060 0xe900d580 gstpad.c:5087:store_sticky_event:<queue0:sink> stored sticky event segment
