06-06 22:09:48.028  5267  5349 D GStreamer+GST_SCHEDULING: 0:00:34.945471393 0xe900d580 gstpad.c:4193:gst_pad_chain_data_unchecked:<queue0:sink> calling chainfunction &gst_queue_chain with buffer buffer: 0xe9397550, pts 0:00:00.318333333, dts 0:00:00.318333333, dur 0:00:00.019666667, size 41599, offset none, offset_end none, flags 0x0
06-06 22:09:48.028  5267  5347 D GStreamer+GST_BUS: 0:00:34.945439258 0xe900d4c0 gstbus.c:309:gst_bus_post:<bus2> [msg 0xe9308b18] posting on bus structure-change message: 0xe9308b18, time 99:99:99.999999999, seq-num 139, element 'sink', GstMessageStructureChange, type=(GstStructureChangeType)GST_STRUCTURE_CHANGE_TYPE_PAD_LINK, owner=(GstElement)"\(GstTypeFindElement\)\ typefind", busy=(boolean)true;
06-06 22:09:48.028  5267  5349 V GStreamer+queue_dataflow: 0:00:34.945552174 0xe900d580 gstqueue.c:1181:gst_queue_chain_buffer_or_list:<queue0> received buffer 0xe9397550 of size 41599, time 0:00:00.318333333, duration 0:00:00.019666667
06-06 22:09:48.028  5267  5347 D GStreamer+decodebin: 0:00:34.945552383 0xe900d4c0 gstdecodebin2.c:5492:gst_decode_bin_handle_message:<decodebin1> Forwarding msg structure-change message: 0xe9308b18, time 99:99:99.999999999, seq-num 139, element 'sink', GstMessageStructureChange, type=(GstStructureChangeType)GST_STRUCTURE_CHANGE_TYPE_PAD_LINK, owner=(GstElement)"\(GstTypeFindElement\)\ typefind", busy=(boolean)true;
06-06 22:09:48.028  5267  5349 V GStreamer+queue: 0:00:34.945593008 0xe900d580 gstqueue.c:633:apply_buffer:<queue0> sink position updated to 0:00:00.338000000
06-06 22:09:48.028  5267  5347 D GStreamer+bin: 0:00:34.945608476 0xe900d4c0 gstbin.c:3654:gst_bin_handle_message_func:<decodebin1> [msg 0xe9308b18] handling child sink message of type structure-change
06-06 22:09:48.028  5267  5349 V GStreamer+queue: 0:00:34.945617903 0xe900d580 gstqueue.c:529:update_time_level:<queue0> update sink time
06-06 22:09:48.028  5267  5347 V GStreamer+bin: 0:00:34.945632226 0xe900d4c0 gstbin.c:889:message_check looking at message 0xe90126d8: 0
06-06 22:09:48.028  5267  5349 V GStreamer+queue: 0:00:34.945634726 0xe900d580 gstqueue.c:547:update_time_level:<queue0> sink +0:00:00.649000000, src +0:00:00.000000000
06-06 22:09:48.028  5267  5347 D GStreamer+bin: 0:00:34.945652226 0xe900d4c0 gstbin.c:911:find_message:<decodebin1> no message found matching types 00001000
06-06 22:09:48.028  5267  5347 D GStreamer+bin: 0:00:34.945671862 0xe900d4c0 gstbin.c:918:find_message:<decodebin1>   structure-change
06-06 22:09:48.028  5267  5349 D GStreamer+GST_SCHEDULING: 0:00:34.945666653 0xe900d580 gstpad.c:4199:gst_pad_chain_data_unchecked:<queue0:sink> called chainfunction &gst_queue_chain with buffer 0xe9397550, returned ok
06-06 22:09:48.028  5267  5349 V GStreamer+qtdemux: 0:00:34.945699049 0xe900d580 qtdemux.c:4949:gst_qtdemux_combine_flows:<q> flow return: ok
06-06 22:09:48.028  5267  5347 D GStreamer+bin: 0:00:34.945698008 0xe900d4c0 gstbin.c:958:bin_replace_message:<decodebin1> got new message 0xe9308b18, structure-change from sink
06-06 22:09:48.028  5267  5349 V GStreamer+qtdemux: 0:00:34.945734935 0xe900d580 qtdemux.c:4957:gst_qtdemux_combine_flows:<q> combined flow return: ok
06-06 22:09:48.028  5267  5347 D GStreamer+GST_BUS: 0:00:34.945738945 0xe900d4c0 gstbus.c:344:gst_bus_post:<bus2> [msg 0xe9308b18] dropped
06-06 22:09:48.028  5267  5347 I GStreamer+GST_PADS: 0:00:34.945760820 0xe900d4c0 gstpad.c:2315:gst_pad_link_prepare trying to link typefind:src and mpegaudioparse0:sink
06-06 22:09:48.028  5267  5349 V GStreamer+qtdemux: 0:00:34.945758268 0xe900d580 qtdemux.c:8003:qtdemux_parse_samples:<q> parsing samples for stream fourcc avc1, pad video_0
06-06 22:09:48.028  5267  5349 D GStreamer+qtdemux: 0:00:34.945791445 0xe900d580 qtdemux.c:8014:qtdemux_parse_samples:<q> parsing up to sample 16
06-06 22:09:48.028  5267  5347 I GStreamer+GST_PADS: 0:00:34.945793164 0xe900d4c0 gstpad.c:2521:gst_pad_link_full linked typefind:src and mpegaudioparse0:sink, successful
06-06 22:09:48.028  5267  5347 I GStreamer+GST_EVENT: 0:00:34.945820091 0xe900d4c0 gstevent.c:1382:gst_event_new_reconfigure creating reconfigure event
06-06 22:09:48.028  5267  5349 V GStreamer+qtdemux: 0:00:34.945817799 0xe900d580 qtdemux.c:8040:qtdemux_parse_samples:<q> sample 16 has size 42771
06-06 22:09:48.028  5267  5347 D GStreamer+GST_EVENT: 0:00:34.945838997 0xe900d4c0 gstevent.c:302:gst_event_new_custom creating new event 0xe91b5ad0 reconfigure 61441
06-06 22:09:48.028  5267  5349 V GStreamer+qtdemux: 0:00:34.945844570 0xe900d580 qtdemux.c:8164:qtdemux_parse_samples:<q> creating entry 16 with offset 731758 and size 42771
06-06 22:09:48.029  5267  5349 V GStreamer+qtdemux: 0:00:34.945869414 0xe900d580 qtdemux.c:8208:qtdemux_parse_samples:<q> block 0, 2 timestamps, duration 60
06-06 22:09:48.029  5267  5347 D GStreamer+GST_EVENT: 0:00:34.945862330 0xe900d4c0 gstpad.c:5536:gst_pad_send_event_unchecked:<typefind:src> have event type reconfigure event: 0xe91b5ad0, time 99:99:99.999999999, seq-num 140, (NULL)
06-06 22:09:48.029  5267  5347 V GStreamer+GST_EVENT: 0:00:34.945897330 0xe900d4c0 gstevent.c:219:_gst_event_free freeing event 0xe91b5ad0 type reconfigure
06-06 22:09:48.029  5267  5349 D GStreamer+qtdemux: 0:00:34.945898008 0xe900d580 qtdemux.c:8221:qtdemux_parse_samples:<q> sample 16: index 0, timestamp 0:00:00.338000000
06-06 22:09:48.029  5267  5349 D GStreamer+qtdemux: 0:00:34.945931549 0xe900d580 qtdemux.c:8276:qtdemux_parse_samples:<q> samples at 16 is keyframe
06-06 22:09:48.029  5267  5347 D GStreamer+GST_PADS: 0:00:34.945925872 0xe900d4c0 gstpad.c:5609:gst_pad_send_event_unchecked:<typefind:src> sent event, ret error
06-06 22:09:48.029  5267  5349 V GStreamer+qtdemux: 0:00:34.945956080 0xe900d580 qtdemux.c:5655:gst_qtdemux_loop:<q> loop at position 15003960, state 2
06-06 22:09:48.029  5267  5347 V GStreamer+GST_MESSAGE: 0:00:34.945973476 0xe900d4c0 gstmessage.c:293:gst_message_new_custom source sink: creating new message 0xe9308b70 structure-change
06-06 22:09:48.029  5267  5349 V GStreamer+qtdemux: 0:00:34.945977903 0xe900d580 qtdemux.c:4750:gst_qtdemux_prepare_current_sample:<q> segment active, index = 27 of 299
06-06 22:09:48.029  5267  5349 V GStreamer+qtdemux: 0:00:34.946000195 0xe900d580 qtdemux.c:8003:qtdemux_parse_samples:<q> parsing samples for stream fourcc mp4a, pad audio_0
06-06 22:09:48.029  5267  5349 V GStreamer+qtdemux: 0:00:34.946028633 0xe900d580 qtdemux.c:8385:qtdemux_parse_samples:<q> Tried to parse up to sample 27 but this sample has already been parsed
06-06 22:09:48.029  5267  5347 D GStreamer+GST_BUS: 0:00:34.945998476 0xe900d4c0 gstbus.c:309:gst_bus_post:<bus2> [msg 0xe9308b70] posting on bus structure-change message: 0xe9308b70, time 99:99:99.999999999, seq-num 141, element 'sink', GstMessageStructureChange, type=(GstStructureChangeType)GST_STRUCTURE_CHANGE_TYPE_PAD_LINK, owner=(GstElement)"\(GstTypeFindElement\)\ typefind", busy=(boolean)false;
06-06 22:09:48.029  5267  5348 D GStreamer+GST_PERFORMANCE: 0:00:34.945522278 0xe900d520 gstminiobject.c:327:gst_mini_object_make_writable copy GstCaps miniobject 0xe8f1de00 -> 0xe933cb18
06-06 22:09:48.029  5267  5349 D GStreamer+qtdemux: 0:00:34.946050976 0xe900d580 qtdemux.c:5512:gst_qtdemux_loop_state_movie:<q> pushing from stream 1, empty 0 offset 774529, size 144, dts=0:00:00.648000000, pts=0:00:00.648000000, duration 0:00:00.024000000
06-06 22:09:48.029  5267  5348 V GStreamer+GST_ELEMENT_FACTORY: 0:00:34.946092226 0xe900d520 gstelementfactory.c:442:gst_element_factory_make gstelementfactory: make "capsfilter" "(NULL)"
06-06 22:09:48.029  5267  5349 V GStreamer+qtdemux: 0:00:34.946096601 0xe900d580 qtdemux.c:5566:gst_qtdemux_loop_state_movie:<q> reading 144 bytes @ 774529
06-06 22:09:48.029  5267  5348 V GStreamer+GST_ELEMENT_FACTORY: 0:00:34.946117174 0xe900d520 gstelementfactory.c:448:gst_element_factory_make:<capsfilter> found factory 0xe8e08920
06-06 22:09:48.029  5267  5349 V GStreamer+GST_SCHEDULING: 0:00:34.946120872 0xe900d580 gstpad.c:4654:gst_pad_get_range_unchecked:<filesrc0:src> calling getrangefunc gst_base_src_getrange, offset 774529, size 144
06-06 22:09:48.029  5267  5348 D GStreamer+GST_PLUGIN_LOADING: 0:00:34.946142435 0xe900d520 gstpluginfeature.c:106:gst_plugin_feature_load loading plugin for feature 0xe8e08920; 'capsfilter'
06-06 22:09:48.029  5267  5349 D GStreamer+basesrc: 0:00:34.946150039 0xe900d580 gstbasesrc.c:2354:gst_base_src_update_length:<filesrc0> reading offset 774529, length 144, size 15003960, segment.stop -1, maxsize 15003960
06-06 22:09:48.029  5267  5348 I GStreamer+GST_ELEMENT_FACTORY: 0:00:34.946164674 0xe900d520 gstelementfactory.c:364:gst_element_factory_create creating element "capsfilter"
06-06 22:09:48.029  5267  5349 D GStreamer+basesrc: 0:00:34.946177435 0xe900d580 gstbasesrc.c:2455:gst_base_src_get_range:<filesrc0> calling create offset 774529 length 144, time 0
06-06 22:09:48.029  5267  5348 D GStreamer+basetransform: 0:00:34.946205612 0xe900d520 gstbasetransform.c:443:gst_base_transform_init gst_base_transform_init
06-06 22:09:48.029  5267  5349 D GStreamer+GST_MEMORY: 0:00:34.946222122 0xe900d580 gstmemory.c:138:gst_memory_init new memory 0xe93a2ac0, maxsize:147 offset:0 size:144
06-06 22:09:48.029  5267  5349 V GStreamer+GST_BUFFER: 0:00:34.946244622 0xe900d580 gstbuffer.c:727:gst_buffer_new new 0xe93975f0
06-06 22:09:48.029  5267  5348 D GStreamer+GST_PADS: 0:00:34.946249674 0xe900d520 gstpad.c:1849:gst_pad_set_event_function_full:<'':sink> eventfunc for set to gst_base_transform_sink_event
06-06 22:09:48.029  5267  5349 V GStreamer+GST_BUFFER: 0:00:34.946262174 0xe900d580 gstbuffer.c:342:_memory_add buffer 0xe93975f0, idx -1, mem 0xe93a2ac0
06-06 22:09:48.029  5267  5348 D GStreamer+GST_PADS: 0:00:34.946272278 0xe900d520 gstpad.c:1743:gst_pad_set_chain_function_full:<'':sink> chainfunc set to gst_base_transform_chain
06-06 22:09:48.029  5267  5349 V GStreamer+GST_BUFFER: 0:00:34.946280351 0xe900d580 gstbuffer.c:783:gst_buffer_new_allocate new buffer 0xe93975f0 of size 144 from allocator 0x0
06-06 22:09:48.029  5267  5348 D GStreamer+GST_PADS: 0:00:34.946292122 0xe900d520 gstpad.c:1708:gst_pad_set_activatemode_function_full:<'':sink> activatemodefunc set to gst_base_transform_sink_activate_mode
06-06 22:09:48.029  5267  5349 V GStreamer+GST_BUFFER: 0:00:34.946300976 0xe900d580 gstbuffer.c:1649:gst_buffer_map_range buffer 0xe93975f0, idx 0, length -1, flags 0002
06-06 22:09:48.029  5267  5348 D GStreamer+GST_PADS: 0:00:34.946312851 0xe900d520 gstpad.c:1929:gst_pad_set_query_function_full:<'':sink> queryfunc set to gst_base_transform_query
06-06 22:09:48.029  5267  5349 V GStreamer+GST_BUFFER: 0:00:34.946320299 0xe900d580 gstbuffer.c:212:_get_merged_memory buffer 0xe93975f0, idx 0, length 1
06-06 22:09:48.029  5267  5348 I GStreamer+GST_ELEMENT_PADS: 0:00:34.946332070 0xe900d520 gstelement.c:661:gst_element_add_pad:<GstBaseTransform@0xe93f4138> adding pad 'sink'
06-06 22:09:48.029  5267  5349 V GStreamer+filesrc: 0:00:34.946339362 0xe900d580 gstfilesrc.c:360:gst_file_src_fill:<filesrc0> Reading 144 bytes at offset 0xbd181
06-06 22:09:48.029  5267  5348 D GStreamer+GST_REFCOUNTING: 0:00:34.946359153 0xe900d520 gstobject.c:700:gst_object_set_parent:<'':sink> set parent (ref and sink)
06-06 22:09:48.029  5267  5349 D GStreamer+basesrc: 0:00:34.946368633 0xe900d580 gstbasesrc.c:2309:gst_base_src_do_sync:<filesrc0> we have no clock
06-06 22:09:48.029  5267  5349 D GStreamer+basesrc: 0:00:34.946388320 0xe900d580 gstbasesrc.c:2519:gst_base_src_get_range:<filesrc0> buffer ok
06-06 22:09:48.029  5267  5348 D GStreamer+GST_PADS: 0:00:34.946406080 0xe900d520 gstpad.c:1849:gst_pad_set_event_function_full:<'':src> eventfunc for set to gst_base_transform_src_event
06-06 22:09:48.029  5267  5349 V GStreamer+qtdemux: 0:00:34.946408945 0xe900d580 qtdemux.c:5277:gst_qtdemux_decorate_and_push_buffer:<q> Pushing buffer with dts 0:00:00.648000000, pts 0:00:00.648000000, duration 0:00:00.024000000 on pad audio_0
06-06 22:09:48.029  5267  5348 D GStreamer+GST_PADS: 0:00:34.946432174 0xe900d520 gstpad.c:1816:gst_pad_set_getrange_function_full:<'':src> getrangefunc set to gst_base_transform_getrange
06-06 22:09:48.029  5267  5348 D GStreamer+GST_PADS: 0:00:34.946454362 0xe900d520 gstpad.c:1708:gst_pad_set_activatemode_function_full:<'':src> activatemodefunc set to gst_base_transform_src_activate_mode
06-06 22:09:48.029  5267  5348 D GStreamer+GST_PADS: 0:00:34.946476133 0xe900d520 gstpad.c:1929:gst_pad_set_query_function_full:<'':src> queryfunc set to gst_base_transform_query
06-06 22:09:48.029  5267  5349 D GStreamer+GST_SCHEDULING: 0:00:34.946451080 0xe900d580 gstpad.c:4193:gst_pad_chain_data_unchecked:<queue2:sink> calling chainfunction &gst_queue_chain with buffer buffer: 0xe93975f0, pts 0:00:00.648000000, dts 0:00:00.648000000, dur 0:00:00.024000000, size 144, offset none, offset_end none, flags 0x0
06-06 22:09:48.029  5267  5348 I GStreamer+GST_ELEMENT_PADS: 0:00:34.946500091 0xe900d520 gstelement.c:661:gst_element_add_pad:<GstBaseTransform@0xe93f4138> adding pad 'src'
06-06 22:09:48.029  5267  5349 V GStreamer+queue_dataflow: 0:00:34.946502799 0xe900d580 gstqueue.c:1181:gst_queue_chain_buffer_or_list:<queue2> received buffer 0xe93975f0 of size 144, time 0:00:00.648000000, duration 0:00:00.024000000
06-06 22:09:48.029  5267  5348 D GStreamer+GST_REFCOUNTING: 0:00:34.946525612 0xe900d520 gstobject.c:700:gst_object_set_parent:<'':src> set parent (ref and sink)
06-06 22:09:48.029  5267  5349 V GStreamer+queue: 0:00:34.946541445 0xe900d580 gstqueue.c:633:apply_buffer:<queue2> sink position updated to 0:00:00.672000000
06-06 22:09:48.029  5267  5348 D GStreamer+basetransform: 0:00:34.946547330 0xe900d520 gstbasetransform.c:485:gst_base_transform_init:<GstBaseTransform@0xe93f4138> setting in_place TRUE
06-06 22:09:48.029  5267  5349 V GStreamer+queue: 0:00:34.946566966 0xe900d580 gstqueue.c:529:update_time_level:<queue2> update sink time
06-06 22:09:48.029  5267  5348 D GStreamer+basetransform: 0:00:34.946568737 0xe900d520 gstbasetransform.c:2768:gst_base_transform_set_gap_aware:<GstCapsFilter@0xe93f4138> set gap aware 1
06-06 22:09:48.029  5267  5348 D GStreamer+basetransform: 0:00:34.946589153 0xe900d520 gstbasetransform.c:2799:gst_base_transform_set_prefer_passthrough:<GstCapsFilter@0xe93f4138> prefer passthrough 0
06-06 22:09:48.029  5267  5349 V GStreamer+queue: 0:00:34.946584622 0xe900d580 gstqueue.c:547:update_time_level:<queue2> sink +0:00:00.672000000, src +0:00:00.000000000
06-06 22:09:48.029  5267  5349 D GStreamer+GST_SCHEDULING: 0:00:34.946619935 0xe900d580 gstpad.c:4199:gst_pad_chain_data_unchecked:<queue2:sink> called chainfunction &gst_queue_chain with buffer 0xe93975f0, returned ok
06-06 22:09:48.029  5267  5348 D GStreamer+GST_ELEMENT_FACTORY: 0:00:34.946633476 0xe900d520 gstelementfactory.c:393:gst_element_factory_create created element "capsfilter"
06-06 22:09:48.029  5267  5349 V GStreamer+qtdemux: 0:00:34.946644935 0xe900d580 qtdemux.c:4949:gst_qtdemux_combine_flows:<q> flow return: ok
06-06 22:09:48.029  5267  5349 V GStreamer+qtdemux: 0:00:34.946665612 0xe900d580 qtdemux.c:4957:gst_qtdemux_combine_flows:<q> combined flow return: ok
06-06 22:09:48.029  5267  5349 V GStreamer+qtdemux: 0:00:34.946687799 0xe900d580 qtdemux.c:8003:qtdemux_parse_samples:<q> parsing samples for stream fourcc mp4a, pad audio_0
06-06 22:09:48.029  5267  5349 D GStreamer+qtdemux: 0:00:34.946728216 0xe900d580 qtdemux.c:8014:qtdemux_parse_samples:<q> parsing up to sample 28
06-06 22:09:48.029  5267  5349 V GStreamer+qtdemux: 0:00:34.946752539 0xe900d580 qtdemux.c:8040:qtdemux_parse_samples:<q> sample 28 has size 144
06-06 22:09:48.029  5267  5349 V GStreamer+qtdemux: 0:00:34.946778112 0xe900d580 qtdemux.c:8164:qtdemux_parse_samples:<q> creating entry 28 with offset 859088 and size 144
06-06 22:09:48.029  5267  5348 D GStreamer+capsfilter: 0:00:34.946657539 0xe900d520 gstcapsfilter.c:212:gst_capsfilter_set_property:<capsfilter0> set new caps video/x-h264, width=(int)[ 16, 4096 ], height=(int)[ 16, 4096 ], framerate=(fraction)[ 0/1, 2147483647/1 ], parsed=(boolean)true, stream-format=(string)byte-stream, alignment=(string)au, profile=(string)high; video/x-h264, width=(int)[ 16, 4096 ], height=(int)[ 16, 4096 ], framerate=(fraction)[ 0/1, 2147483647/1 ], parsed=(boolean)true, stream-format=(string)byte-stream, alignment=(string)au, profile=(string)main; video/x-h264, width=(int)[ 16, 4096 ], height=(int)[ 16, 4096 ], framerate=(fraction)[ 0/1, 2147483647/1 ], parsed=(boolean)true, stream-format=(string)byte-stream, alignment=(string)au, profile=(string)baseline; video/x-h264, width=(int)[ 16, 4096 ], height=(int)[ 16, 4096 ], framerate=(fraction)[ 0/1, 2147483647/1 ], parsed=(boolean)true, stream-format=(string)byte-stream, alignment=(string)au, profile=(string)constrained-baseline; video/x-h264, stream-format=(string)byte-stream, alignment=(str
06-06 22:09:48.029  5267  5348 I GStreamer+GST_EVENT: 0:00:34.946829622 0xe900d520 gstevent.c:1382:gst_event_new_reconfigure creating reconfigure event
06-06 22:09:48.029  5267  5349 D GStreamer+qtdemux: 0:00:34.946822278 0xe900d580 qtdemux.c:8221:qtdemux_parse_samples:<q> sample 28: index 28, timestamp 0:00:00.672000000
06-06 22:09:48.029  5267  5349 D GStreamer+qtdemux: 0:00:34.946853528 0xe900d580 qtdemux.c:8321:qtdemux_parse_samples:<q> setting all keyframes
06-06 22:09:48.029  5267  5348 D GStreamer+GST_EVENT: 0:00:34.946849310 0xe900d520 gstevent.c:302:gst_event_new_custom creating new event 0xe91b5510 reconfigure 61441
06-06 22:09:48.030  5267  5348 D GStreamer+GST_PADS: 0:00:34.946876966 0xe900d520 gstpad.c:5274:gst_pad_push_event_unchecked:<capsfilter0:sink> We're flushing
06-06 22:09:48.030  5267  5349 V GStreamer+qtdemux: 0:00:34.946877226 0xe900d580 qtdemux.c:5655:gst_qtdemux_loop:<q> loop at position 15003960, state 2
06-06 22:09:48.030  5267  5348 V GStreamer+GST_EVENT: 0:00:34.946899466 0xe900d520 gstevent.c:219:_gst_event_free freeing event 0xe91b5510 type reconfigure
06-06 22:09:48.030  5267  5349 V GStreamer+qtdemux: 0:00:34.946903737 0xe900d580 qtdemux.c:4750:gst_qtdemux_prepare_current_sample:<q> segment active, index = 16 of 361
06-06 22:09:48.030  5267  5348 D GStreamer+basetransform: 0:00:34.946923320 0xe900d520 gstbasetransform.c:2819:gst_base_transform_reconfigure_sink:<capsfilter0> Renegotiate event wasn't handled
06-06 22:09:48.030  5267  5349 V GStreamer+qtdemux: 0:00:34.946928893 0xe900d580 qtdemux.c:8003:qtdemux_parse_samples:<q> parsing samples for stream fourcc avc1, pad video_0
06-06 22:09:48.030  5267  5348 D GStreamer+GST_STATES: 0:00:34.946948945 0xe900d520 gstelement.c:2525:gst_element_set_state_func:<capsfilter0> set_state to PAUSED
06-06 22:09:48.030  5267  5349 V GStreamer+qtdemux: 0:00:34.946952851 0xe900d580 qtdemux.c:8385:qtdemux_parse_samples:<q> Tried to parse up to sample 16 but this sample has already been parsed
06-06 22:09:48.030  5267  5348 D GStreamer+GST_STATES: 0:00:34.946973216 0xe900d520 gstelement.c:2550:gst_element_set_state_func:<capsfilter0> setting target state to PAUSED
06-06 22:09:48.030  5267  5349 D GStreamer+qtdemux: 0:00:34.946977122 0xe900d580 qtdemux.c:5512:gst_qtdemux_loop_state_movie:<q> pushing from stream 0, empty 0 offset 731758, size 42771, dts=0:00:00.338000000, pts=0:00:00.338000000, duration 0:00:00.020000000
06-06 22:09:48.030  5267  5348 D GStreamer+GST_STATES: 0:00:34.946995872 0xe900d520 gstelement.c:2563:gst_element_set_state_func:<capsfilter0> current NULL, old_pending VOID_PENDING, next VOID_PENDING, old return SUCCESS
06-06 22:09:48.030  5267  5349 V GStreamer+qtdemux: 0:00:34.947018164 0xe900d580 qtdemux.c:5566:gst_qtdemux_loop_state_movie:<q> reading 42771 bytes @ 731758
06-06 22:09:48.030  5267  5348 D GStreamer+GST_STATES: 0:00:34.947020143 0xe900d520 gstelement.c:2597:gst_element_set_state_func:<capsfilter0> intermediate: setting state from NULL to READY
06-06 22:09:48.030  5267  5348 V GStreamer+GST_STATES: 0:00:34.947051601 0xe900d520 gstelement.c:2852:gst_element_change_state_func:<capsfilter0> default handler tries setting state from NULL to READY (000a)
06-06 22:09:48.030  5267  5349 V GStreamer+GST_SCHEDULING: 0:00:34.947051237 0xe900d580 gstpad.c:4654:gst_pad_get_range_unchecked:<filesrc0:src> calling getrangefunc gst_base_src_getrange, offset 731758, size 42771
06-06 22:09:48.030  5267  5348 D GStreamer+GST_STATES: 0:00:34.947080820 0xe900d520 gstelement.c:2686:gst_element_change_state:<capsfilter0> element changed state SUCCESS
06-06 22:09:48.030  5267  5349 D GStreamer+basesrc: 0:00:34.947085560 0xe900d580 gstbasesrc.c:2354:gst_base_src_update_length:<filesrc0> reading offset 731758, length 42771, size 15003960, segment.stop -1, maxsize 15003960
06-06 22:09:48.030  5267  5348 I GStreamer+GST_STATES: 0:00:34.947101185 0xe900d520 gstelement.c:2349:gst_element_continue_state:<capsfilter0> committing state from NULL to READY, pending PAUSED, next PAUSED
06-06 22:09:48.030  5267  5349 D GStreamer+basesrc: 0:00:34.947115247 0xe900d580 gstbasesrc.c:2455:gst_base_src_get_range:<filesrc0> calling create offset 731758 length 42771, time 0
06-06 22:09:48.030  5267  5348 I GStreamer+GST_STATES: 0:00:34.947122383 0xe900d520 gstelement.c:2279:_priv_gst_element_state_changed:<capsfilter0> notifying about state-changed NULL to READY (PAUSED pending)
06-06 22:09:48.030  5267  5349 D GStreamer+GST_MEMORY: 0:00:34.947151185 0xe900d580 gstmemory.c:138:gst_memory_init new memory 0xe93f6000, maxsize:42774 offset:0 size:42771
06-06 22:09:48.030  5267  5349 V GStreamer+GST_BUFFER: 0:00:34.947176185 0xe900d580 gstbuffer.c:727:gst_buffer_new new 0xe9397690
06-06 22:09:48.030  5267  5349 V GStreamer+GST_BUFFER: 0:00:34.947196862 0xe900d580 gstbuffer.c:342:_memory_add buffer 0xe9397690, idx -1, mem 0xe93f6000
06-06 22:09:48.030  5267  5347 D GStreamer+decodebin: 0:00:34.946058216 0xe900d4c0 gstdecodebin2.c:5492:gst_decode_bin_handle_message:<decodebin1> Forwarding msg structure-change message: 0xe9308b70, time 99:99:99.999999999, seq-num 141, element 'sink', GstMessageStructureChange, type=(GstStructureChangeType)GST_STRUCTURE_CHANGE_TYPE_PAD_LINK, owner=(GstElement)"\(GstTypeFindElement\)\ typefind", busy=(boolean)false;
06-06 22:09:48.030  5267  5349 V GStreamer+GST_BUFFER: 0:00:34.947219205 0xe900d580 gstbuffer.c:783:gst_buffer_new_allocate new buffer 0xe9397690 of size 42771 from allocator 0x0
06-06 22:09:48.030  5267  5347 D GStreamer+bin: 0:00:34.947227383 0xe900d4c0 gstbin.c:3654:gst_bin_handle_message_func:<decodebin1> [msg 0xe9308b70] handling child sink message of type structure-change
06-06 22:09:48.030  5267  5349 V GStreamer+GST_BUFFER: 0:00:34.947245351 0xe900d580 gstbuffer.c:1649:gst_buffer_map_range buffer 0xe9397690, idx 0, length -1, flags 0002
06-06 22:09:48.030  5267  5347 V GStreamer+bin: 0:00:34.947254153 0xe900d4c0 gstbin.c:889:message_check looking at message 0xe9308b18: 1
06-06 22:09:48.030  5267  5349 V GStreamer+GST_BUFFER: 0:00:34.947268164 0xe900d580 gstbuffer.c:212:_get_merged_memory buffer 0xe9397690, idx 0, length 1
06-06 22:09:48.030  5267  5347 D GStreamer+bin: 0:00:34.947273008 0xe900d4c0 gstbin.c:986:bin_remove_messages:<mpegaudioparse0:sink> deleting message 0xe9308b18 of types 0x00001000
06-06 22:09:48.030  5267  5349 V GStreamer+filesrc: 0:00:34.947289310 0xe900d580 gstfilesrc.c:360:gst_file_src_fill:<filesrc0> Reading 42771 bytes at offset 0xb2a6e
06-06 22:09:48.030  5267  5347 V GStreamer+GST_MESSAGE: 0:00:34.947297799 0xe900d4c0 gstmessage.c:200:_gst_message_free finalize message 0xe9308b18, structure-change from sink
06-06 22:09:48.030  5267  5347 V GStreamer+bin: 0:00:34.947320195 0xe900d4c0 gstbin.c:889:message_check looking at message 0xe90126d8: 0
06-06 22:09:48.030  5267  5347 D GStreamer+bin: 0:00:34.947339622 0xe900d4c0 gstbin.c:992:bin_remove_messages:<decodebin1> not deleting message 0xe90126d8 of type 0x00100000
06-06 22:09:48.030  5267  5349 D GStreamer+basesrc: 0:00:34.947353320 0xe900d580 gstbasesrc.c:2309:gst_base_src_do_sync:<filesrc0> we have no clock
06-06 22:09:48.030  5267  5347 V GStreamer+GST_MESSAGE: 0:00:34.947362070 0xe900d4c0 gstmessage.c:200:_gst_message_free finalize message 0xe9308b70, structure-change from sink
06-06 22:09:48.030  5267  5349 D GStreamer+basesrc: 0:00:34.947372591 0xe900d580 gstbasesrc.c:2519:gst_base_src_get_range:<filesrc0> buffer ok
06-06 22:09:48.030  5267  5347 D GStreamer+GST_BUS: 0:00:34.947383216 0xe900d4c0 gstbus.c:344:gst_bus_post:<bus2> [msg 0xe9308b70] dropped
06-06 22:09:48.030  5267  5347 D GStreamer+GST_STATES: 0:00:34.947404622 0xe900d4c0 gstelement.c:2525:gst_element_set_state_func:<mpegaudioparse0> set_state to READY
06-06 22:09:48.030  5267  5349 V GStreamer+qtdemux: 0:00:34.947392226 0xe900d580 qtdemux.c:5277:gst_qtdemux_decorate_and_push_buffer:<q> Pushing buffer with dts 0:00:00.338000000, pts 0:00:00.338000000, duration 0:00:00.020000000 on pad video_0
06-06 22:09:48.030  5267  5347 D GStreamer+GST_STATES: 0:00:34.947426705 0xe900d4c0 gstelement.c:2550:gst_element_set_state_func:<mpegaudioparse0> setting target state to READY
06-06 22:09:48.030  5267  5347 D GStreamer+GST_STATES: 0:00:34.947450039 0xe900d4c0 gstelement.c:2563:gst_element_set_state_func:<mpegaudioparse0> current NULL, old_pending VOID_PENDING, next VOID_PENDING, old return SUCCESS
06-06 22:09:48.030  5267  5349 D GStreamer+GST_SCHEDULING: 0:00:34.947429205 0xe900d580 gstpad.c:4193:gst_pad_chain_data_unchecked:<queue0:sink> calling chainfunction &gst_queue_chain with buffer buffer: 0xe9397690, pts 0:00:00.338000000, dts 0:00:00.338000000, dur 0:00:00.020000000, size 42771, offset none, offset_end none, flags 0x0
06-06 22:09:48.030  5267  5347 D GStreamer+GST_STATES: 0:00:34.947473424 0xe900d4c0 gstelement.c:2597:gst_element_set_state_func:<mpegaudioparse0> final: setting state from NULL to READY
06-06 22:09:48.030  5267  5349 V GStreamer+queue_dataflow: 0:00:34.947479153 0xe900d580 gstqueue.c:1181:gst_queue_chain_buffer_or_list:<queue0> received buffer 0xe9397690 of size 42771, time 0:00:00.338000000, duration 0:00:00.020000000
06-06 22:09:48.030  5267  5347 V GStreamer+GST_STATES: 0:00:34.947501080 0xe900d4c0 gstelement.c:2852:gst_element_change_state_func:<mpegaudioparse0> default handler tries setting state from NULL to READY (000a)
06-06 22:09:48.030  5267  5349 V GStreamer+queue: 0:00:34.947513424 0xe900d580 gstqueue.c:633:apply_buffer:<queue0> sink position updated to 0:00:00.358000000
06-06 22:09:48.030  5267  5347 D GStreamer+GST_STATES: 0:00:34.947522799 0xe900d4c0 gstelement.c:2686:gst_element_change_state:<mpegaudioparse0> element changed state SUCCESS
06-06 22:09:48.030  5267  5349 V GStreamer+queue: 0:00:34.947538580 0xe900d580 gstqueue.c:529:update_time_level:<queue0> update sink time
06-06 22:09:48.030  5267  5347 I GStreamer+GST_STATES: 0:00:34.947540143 0xe900d4c0 gstelement.c:2374:gst_element_continue_state:<mpegaudioparse0> completed state change to READY
06-06 22:09:48.030  5267  5347 I GStreamer+GST_STATES: 0:00:34.947563268 0xe900d4c0 gstelement.c:2279:_priv_gst_element_state_changed:<mpegaudioparse0> notifying about state-changed NULL to READY (VOID_PENDING pending)
06-06 22:09:48.030  5267  5349 V GStreamer+queue: 0:00:34.947557955 0xe900d580 gstqueue.c:547:update_time_level:<queue0> sink +0:00:00.669000000, src +0:00:00.000000000
06-06 22:09:48.030  5267  5347 V GStreamer+GST_MESSAGE: 0:00:34.947596549 0xe900d4c0 gstmessage.c:293:gst_message_new_custom source mpegaudioparse0: creating new message 0xe9308c08 state-changed
06-06 22:09:48.030  5267  5349 D GStreamer+GST_SCHEDULING: 0:00:34.947593320 0xe900d580 gstpad.c:4199:gst_pad_chain_data_unchecked:<queue0:sink> called chainfunction &gst_queue_chain with buffer 0xe9397690, returned ok
06-06 22:09:48.030  5267  5349 V GStreamer+qtdemux: 0:00:34.947625195 0xe900d580 qtdemux.c:4949:gst_qtdemux_combine_flows:<q> flow return: ok
06-06 22:09:48.030  5267  5349 V GStreamer+qtdemux: 0:00:34.947649570 0xe900d580 qtdemux.c:4957:gst_qtdemux_combine_flows:<q> combined flow return: ok
06-06 22:09:48.030  5267  5347 D GStreamer+GST_BUS: 0:00:34.947624778 0xe900d4c0 gstbus.c:309:gst_bus_post:<bus2> [msg 0xe9308c08] posting on bus state-changed message: 0xe9308c08, time 99:99:99.999999999, seq-num 143, element 'mpegaudioparse0', GstMessageStateChanged, old-state=(GstState)GST_STATE_NULL, new-state=(GstState)GST_STATE_READY, pending-state=(GstState)GST_STATE_VOID_PENDING;
06-06 22:09:48.030  5267  5349 V GStreamer+qtdemux: 0:00:34.947672383 0xe900d580 qtdemux.c:8003:qtdemux_parse_samples:<q> parsing samples for stream fourcc avc1, pad video_0
06-06 22:09:48.030  5267  5349 D GStreamer+qtdemux: 0:00:34.947699153 0xe900d580 qtdemux.c:8014:qtdemux_parse_samples:<q> parsing up to sample 17
06-06 22:09:48.030  5267  5347 D GStreamer+decodebin: 0:00:34.947679830 0xe900d4c0 gstdecodebin2.c:5492:gst_decode_bin_handle_message:<decodebin1> Forwarding msg state-changed message: 0xe9308c08, time 99:99:99.999999999, seq-num 143, element 'mpegaudioparse0', GstMessageStateChanged, old-state=(GstState)GST_STATE_NULL, new-state=(GstState)GST_STATE_READY, pending-state=(GstState)GST_STATE_VOID_PENDING;
06-06 22:09:48.030  5267  5349 V GStreamer+qtdemux: 0:00:34.947731914 0xe900d580 qtdemux.c:8040:qtdemux_parse_samples:<q> sample 17 has size 42746
06-06 22:09:48.030  5267  5347 D GStreamer+bin: 0:00:34.947738060 0xe900d4c0 gstbin.c:3654:gst_bin_handle_message_func:<decodebin1> [msg 0xe9308c08] handling child mpegaudioparse0 message of type state-changed
06-06 22:09:48.030  5267  5347 D GStreamer+bin: 0:00:34.947764205 0xe900d4c0 gstbin.c:3991:gst_bin_handle_message_func:<decodebin1> posting message upward
06-06 22:09:48.030  5267  5349 V GStreamer+qtdemux: 0:00:34.947756705 0xe900d580 qtdemux.c:8164:qtdemux_parse_samples:<q> creating entry 17 with offset 774673 and size 42746
06-06 22:09:48.030  5267  5349 D GStreamer+qtdemux: 0:00:34.947787695 0xe900d580 qtdemux.c:8221:qtdemux_parse_samples:<q> sample 17: index 1, timestamp 0:00:00.358000000
06-06 22:09:48.030  5267  5347 D GStreamer+GST_BUS: 0:00:34.947784935 0xe900d4c0 gstbus.c:309:gst_bus_post:<bus4> [msg 0xe9308c08] posting on bus state-changed message: 0xe9308c08, time 99:99:99.999999999, seq-num 143, element 'mpegaudioparse0', GstMessageStateChanged, old-state=(GstState)GST_STATE_NULL, new-state=(GstState)GST_STATE_READY, pending-state=(GstState)GST_STATE_VOID_PENDING;
06-06 22:09:48.030  5267  5349 D GStreamer+qtdemux: 0:00:34.947819830 0xe900d580 qtdemux.c:8276:qtdemux_parse_samples:<q> samples at 17 is keyframe
06-06 22:09:48.030  5267  5347 D GStreamer+bin: 0:00:34.947840403 0xe900d4c0 gstbin.c:3654:gst_bin_handle_message_func:<pipeline0> [msg 0xe9308c08] handling child mpegaudioparse0 message of type state-changed
06-06 22:09:48.030  5267  5349 V GStreamer+qtdemux: 0:00:34.947843060 0xe900d580 qtdemux.c:5655:gst_qtdemux_loop:<q> loop at position 15003960, state 2
06-06 22:09:48.030  5267  5347 D GStreamer+bin: 0:00:34.947868528 0xe900d4c0 gstbin.c:3991:gst_bin_handle_message_func:<pipeline0> posting message upward
06-06 22:09:48.031  5267  5349 V GStreamer+qtdemux: 0:00:34.947870924 0xe900d580 qtdemux.c:4750:gst_qtdemux_prepare_current_sample:<q> segment active, index = 17 of 361
06-06 22:09:48.031  5267  5349 V GStreamer+qtdemux: 0:00:34.947892695 0xe900d580 qtdemux.c:8003:qtdemux_parse_samples:<q> parsing samples for stream fourcc avc1, pad video_0
06-06 22:09:48.031  5267  5347 D GStreamer+GST_BUS: 0:00:34.947888216 0xe900d4c0 gstbus.c:309:gst_bus_post:<bus5> [msg 0xe9308c08] posting on bus state-changed message: 0xe9308c08, time 99:99:99.999999999, seq-num 143, element 'mpegaudioparse0', GstMessageStateChanged, old-state=(GstState)GST_STATE_NULL, new-state=(GstState)GST_STATE_READY, pending-state=(GstState)GST_STATE_VOID_PENDING;
06-06 22:09:48.031  5267  5349 V GStreamer+qtdemux: 0:00:34.947919049 0xe900d580 qtdemux.c:8385:qtdemux_parse_samples:<q> Tried to parse up to sample 17 but this sample has already been parsed
06-06 22:09:48.031  5267  5347 D GStreamer+GST_BUS: 0:00:34.947939830 0xe900d4c0 gstbus.c:348:gst_bus_post:<bus5> [msg 0xe9308c08] pushing on async queue
06-06 22:09:48.031  5267  5347 V GStreamer+GST_POLL: 0:00:34.947961080 0xe900d4c0 gstpoll.c:186:raise_wakeup 0xe925c808: raise
06-06 22:09:48.031  5267  5349 D GStreamer+qtdemux: 0:00:34.947942539 0xe900d580 qtdemux.c:5512:gst_qtdemux_loop_state_movie:<q> pushing from stream 0, empty 0 offset 774673, size 42746, dts=0:00:00.358000000, pts=0:00:00.358000000, duration 0:00:00.020000000
06-06 22:09:48.031  5267  5347 D GStreamer+GST_BUS: 0:00:34.947984310 0xe900d4c0 gstbus.c:351:gst_bus_post:<bus5> [msg 0xe9308c08] pushed on async queue
06-06 22:09:48.031  5267  5347 D GStreamer+GST_BUS: 0:00:34.948004258 0xe900d4c0 gstbus.c:344:gst_bus_post:<bus4> [msg 0xe9308c08] dropped
06-06 22:09:48.031  5267  5334 V GStreamer+GST_BUS: 0:00:34.948004205 0xe916d800 gstbus.c:513:gst_bus_timed_pop_filtered:<bus5> have 1 messages
06-06 22:09:48.031  5267  5347 D GStreamer+GST_BUS: 0:00:34.948025403 0xe900d4c0 gstbus.c:344:gst_bus_post:<bus2> [msg 0xe9308c08] dropped
06-06 22:09:48.031  5267  5334 V GStreamer+GST_POLL: 0:00:34.948029778 0xe916d800 gstpoll.c:201:release_wakeup 0xe925c808: release
06-06 22:09:48.031  5267  5347 V GStreamer+GST_STATES: 0:00:34.948050091 0xe900d4c0 gstelement.c:2702:gst_element_change_state:<mpegaudioparse0> exit state change 1
06-06 22:09:48.031  5267  5334 D GStreamer+GST_BUS: 0:00:34.948055664 0xe916d800 gstbus.c:521:gst_bus_timed_pop_filtered:<bus5> got message 0xe9308c08, state-changed from mpegaudioparse0, type mask is 4294967295
06-06 22:09:48.031  5267  5347 D GStreamer+GST_STATES: 0:00:34.948072799 0xe900d4c0 gstelement.c:2609:gst_element_set_state_func:<mpegaudioparse0> returned SUCCESS
06-06 22:09:48.031  5267  5347 D GStreamer+GST_CAPS: 0:00:34.948091185 0xe900d4c0 gstutils.c:2955:gst_pad_query_accept_caps:<mpegaudioparse0:sink> accept caps of audio/mpeg, mpegversion=(int)1, parsed=(boolean)true, rate=(int)24000, channels=(int)1
06-06 22:09:48.031  5267  5334 D GStreamer+GST_BUS: 0:00:34.948083268 0xe916d800 gstbus.c:789:gst_bus_source_dispatch:<bus5> source 0xe9302a00 calling dispatch with state-changed message: 0xe9308c08, time 99:99:99.999999999, seq-num 143, element 'mpegaudioparse0', GstMessageStateChanged, old-state=(GstState)GST_STATE_NULL, new-state=(GstState)GST_STATE_READY, pending-state=(GstState)GST_STATE_VOID_PENDING;
06-06 22:09:48.031  5267  5347 D GStreamer+query: 0:00:34.948134049 0xe900d4c0 gstquery.c:674:gst_query_new_custom creating new query 0xe924f8c0 accept-caps
06-06 22:09:48.031  5267  5334 V GStreamer+GST_MESSAGE: 0:00:34.948143372 0xe916d800 gstmessage.c:200:_gst_message_free finalize message 0xe9308c08, state-changed from mpegaudioparse0
06-06 22:09:48.031  5267  5347 D GStreamer+GST_PADS: 0:00:34.948155403 0xe900d4c0 gstpad.c:3922:gst_pad_query:<mpegaudioparse0:sink> doing query 0xe924f8c0 (accept-caps)
06-06 22:09:48.031  5267  5334 D GStreamer+GST_BUS: 0:00:34.948164935 0xe916d800 gstbus.c:794:gst_bus_source_dispatch:<bus5> source 0xe9302a00 handler returns 1
06-06 22:09:48.031  5267  5347 D GStreamer+baseparse: 0:00:34.948179153 0xe900d4c0 gstbaseparse.c:1557:gst_base_parse_sink_query:<mpegaudioparse0> accept-caps query
06-06 22:09:48.031  5267  5349 V GStreamer+qtdemux: 0:00:34.947982643 0xe900d580 qtdemux.c:5566:gst_qtdemux_loop_state_movie:<q> reading 42746 bytes @ 774673
06-06 22:09:48.031  5267  5347 D GStreamer+GST_PADS: 0:00:34.948201185 0xe900d4c0 gstpad.c:3059:gst_pad_query_accept_caps_default:<mpegaudioparse0:sink> query accept-caps accept-caps query: 0xe924f8c0, GstQueryAcceptCaps, caps=(GstCaps)"audio/mpeg\,\ mpegversion\=\(int\)1\,\ parsed\=\(boolean\)true\,\ rate\=\(int\)24000\,\ channels\=\(int\)1", result=(boolean)false;
06-06 22:09:48.031  5267  5349 V GStreamer+GST_SCHEDULING: 0:00:34.948239674 0xe900d580 gstpad.c:4654:gst_pad_get_range_unchecked:<filesrc0:src> calling getrangefunc gst_base_src_getrange, offset 774673, size 42746
06-06 22:09:48.031  5267  5347 D GStreamer+GST_PERFORMANCE: 0:00:34.948248528 0xe900d4c0 gstpad.c:3074:gst_pad_query_accept_caps_default:<mpegaudioparse0:sink> fallback ACCEPT_CAPS query, consider implementing a specialized version
06-06 22:09:48.031  5267  5349 D GStreamer+basesrc: 0:00:34.948265403 0xe900d580 gstbasesrc.c:2354:gst_base_src_update_length:<filesrc0> reading offset 774673, length 42746, size 15003960, segment.stop -1, maxsize 15003960
06-06 22:09:48.031  5267  5347 D GStreamer+GST_PADS: 0:00:34.948268268 0xe900d4c0 gstpad.c:3085:gst_pad_query_accept_caps_default:<mpegaudioparse0:sink> allowed caps intersect audio/mpeg, mpegversion=(int)1, caps audio/mpeg, mpegversion=(int)1, parsed=(boolean)true, rate=(int)24000, channels=(int)1
06-06 22:09:48.031  5267  5349 D GStreamer+basesrc: 0:00:34.948297591 0xe900d580 gstbasesrc.c:2455:gst_base_src_get_range:<filesrc0> calling create offset 774673 length 42746, time 0
06-06 22:09:48.031  5267  5347 D GStreamer+GST_PADS: 0:00:34.948311966 0xe900d4c0 gstpad.c:3367:gst_pad_query_default:<mpegaudioparse0:sink> not forwarding 0xe924f8c0 (accept-caps) query
06-06 22:09:48.031  5267  5349 D GStreamer+GST_MEMORY: 0:00:34.948332070 0xe900d580 gstmemory.c:138:gst_memory_init new memory 0xe9400770, maxsize:42749 offset:0 size:42746
06-06 22:09:48.031  5267  5349 V GStreamer+GST_BUFFER: 0:00:34.948376445 0xe900d580 gstbuffer.c:727:gst_buffer_new new 0xe9397730
06-06 22:09:48.031  5267  5347 V GStreamer+baseparse: 0:00:34.948367330 0xe900d4c0 gstbaseparse.c:1565:gst_base_parse_sink_query:<mpegaudioparse0> accept-caps query result: 1 accept-caps query: 0xe924f8c0, GstQueryAcceptCaps, caps=(GstCaps)"audio/mpeg\,\ mpegversion\=\(int\)1\,\ parsed\=\(boolean\)true\,\ rate\=\(int\)24000\,\ channels\=\(int\)1", result=(boolean)true;
06-06 22:09:48.031  5267  5349 V GStreamer+GST_BUFFER: 0:00:34.948398112 0xe900d580 gstbuffer.c:342:_memory_add buffer 0xe9397730, idx -1, mem 0xe9400770
06-06 22:09:48.031  5267  5349 V GStreamer+GST_BUFFER: 0:00:34.948426862 0xe900d580 gstbuffer.c:783:gst_buffer_new_allocate new buffer 0xe9397730 of size 42746 from allocator 0x0
06-06 22:09:48.031  5267  5347 D GStreamer+GST_PADS: 0:00:34.948426080 0xe900d4c0 gstpad.c:3945:gst_pad_query:<mpegaudioparse0:sink> sent query 0xe924f8c0 (accept-caps), result 1
06-06 22:09:48.031  5267  5347 D GStreamer+default: 0:00:34.948456549 0xe900d4c0 gstutils.c:2960:gst_pad_query_accept_caps:<mpegaudioparse0:sink> query returned 1
06-06 22:09:48.031  5267  5349 V GStreamer+GST_BUFFER: 0:00:34.948455924 0xe900d580 gstbuffer.c:1649:gst_buffer_map_range buffer 0xe9397730, idx 0, length -1, flags 0002
06-06 22:09:48.031  5267  5349 V GStreamer+GST_BUFFER: 0:00:34.948481549 0xe900d580 gstbuffer.c:212:_get_merged_memory buffer 0xe9397730, idx 0, length 1
06-06 22:09:48.031  5267  5347 V GStreamer+decodebin: 0:00:34.948483893 0xe900d4c0 gstdecodebin2.c:2379:connect_pad:<decodebin1> linked on pad typefind:src
06-06 22:09:48.031  5267  5349 V GStreamer+filesrc: 0:00:34.948506653 0xe900d580 gstfilesrc.c:360:gst_file_src_fill:<filesrc0> Reading 42746 bytes at offset 0xbd211
06-06 22:09:48.031  5267  5347 V GStreamer+decodebin: 0:00:34.948513841 0xe900d4c0 gstdecodebin2.c:2381:connect_pad:<decodebin1> locking chain 0xe924f6a0 from thread 0xe900d4c0
06-06 22:09:48.031  5267  5347 V GStreamer+decodebin: 0:00:34.948537955 0xe900d4c0 gstdecodebin2.c:2381:connect_pad:<decodebin1> locked chain 0xe924f6a0 from thread 0xe900d4c0
06-06 22:09:48.031  5267  5347 V GStreamer+decodebin: 0:00:34.948567174 0xe900d4c0 gstdecodebin2.c:2425:connect_pad:<decodebin1> unlocking chain 0xe924f6a0 from thread 0xe900d4c0
06-06 22:09:48.031  5267  5347 D GStreamer+decodebin: 0:00:34.948592278 0xe900d4c0 gstdecodebin2.c:2688:connect_element:<decodebin1> Attempting to connect element mpegaudioparse0 [chain:0xe924f6a0] further
06-06 22:09:48.031  5267  5347 D GStreamer+decodebin: 0:00:34.948613528 0xe900d4c0 gstdecodebin2.c:2701:connect_element:<decodebin1> got a source pad template src
06-06 22:09:48.031  5267  5347 I GStreamer+GST_ELEMENT_PADS: 0:00:34.948633945 0xe900d4c0 gstelement.c:909:gst_element_get_static_pad found pad mpegaudioparse0:src
06-06 22:09:48.031  5267  5347 D GStreamer+decodebin: 0:00:34.948655143 0xe900d4c0 gstdecodebin2.c:2712:connect_element:<decodebin1> got the pad for always template src
06-06 22:09:48.031  5267  5347 D GStreamer+GST_CAPS: 0:00:34.948674362 0xe900d4c0 gstpad.c:2672:gst_pad_get_current_caps:<mpegaudioparse0:src> get current pad caps (NULL)
06-06 22:09:48.031  5267  5347 D GStreamer+GST_CAPS: 0:00:34.948695508 0xe900d4c0 gstutils.c:2872:gst_pad_query_caps:<mpegaudioparse0:src> get pad caps with filter (NULL)
06-06 22:09:48.031  5267  5347 D GStreamer+query: 0:00:34.948731341 0xe900d4c0 gstquery.c:674:gst_query_new_custom creating new query 0xe924f8f0 caps
06-06 22:09:48.031  5267  5347 D GStreamer+GST_PADS: 0:00:34.948752591 0xe900d4c0 gstpad.c:3922:gst_pad_query:<mpegaudioparse0:src> doing query 0xe924f8f0 (caps)
06-06 22:09:48.031  5267  5349 D GStreamer+basesrc: 0:00:34.948784153 0xe900d580 gstbasesrc.c:2309:gst_base_src_do_sync:<filesrc0> we have no clock
06-06 22:09:48.031  5267  5347 D GStreamer+baseparse: 0:00:34.948774570 0xe900d4c0 gstbaseparse.c:1581:gst_base_parse_src_query:<mpegaudioparse0> caps query: caps query: 0xe924f8f0, GstQueryCaps, filter=(GstCaps)"NULL", caps=(GstCaps)"NULL";
06-06 22:09:48.031  5267  5349 D GStreamer+basesrc: 0:00:34.948814935 0xe900d580 gstbasesrc.c:2519:gst_base_src_get_range:<filesrc0> buffer ok
06-06 22:09:48.031  5267  5347 D GStreamer+GST_CAPS: 0:00:34.948813580 0xe900d4c0 gstpad.c:3112:gst_pad_query_caps_default:<mpegaudioparse0:src> query caps caps query: 0xe924f8f0, GstQueryCaps, filter=(GstCaps)"NULL", caps=(GstCaps)"NULL";
06-06 22:09:48.031  5267  5347 D GStreamer+GST_CAPS: 0:00:34.948847122 0xe900d4c0 gstpad.c:3129:gst_pad_query_caps_default:<mpegaudioparse0:src> fixed pad caps: trying pad caps
06-06 22:09:48.031  5267  5349 V GStreamer+qtdemux: 0:00:34.948836549 0xe900d580 qtdemux.c:5277:gst_qtdemux_decorate_and_push_buffer:<q> Pushing buffer with dts 0:00:00.358000000, pts 0:00:00.358000000, duration 0:00:00.020000000 on pad video_0
06-06 22:09:48.031  5267  5347 D GStreamer+GST_CAPS: 0:00:34.948867643 0xe900d4c0 gstpad.c:3135:gst_pad_query_caps_default:<mpegaudioparse0:src> trying pad template caps
06-06 22:09:48.032  5267  5349 D GStreamer+GST_SCHEDULING: 0:00:34.948880091 0xe900d580 gstpad.c:4193:gst_pad_chain_data_unchecked:<queue0:sink> calling chainfunction &gst_queue_chain with buffer buffer: 0xe9397730, pts 0:00:00.358000000, dts 0:00:00.358000000, dur 0:00:00.020000000, size 42746, offset none, offset_end none, flags 0x0
06-06 22:09:48.032  5267  5347 D GStreamer+GST_CAPS: 0:00:34.948884310 0xe900d4c0 gstpad.c:3165:gst_pad_query_caps_default:<mpegaudioparse0:src> using caps 0xe8e9d1b8 audio/mpeg, mpegversion=(int)1, layer=(int)[ 1, 3 ], mpegaudioversion=(int)[ 1, 3 ], rate=(int)[ 8000, 48000 ], channels=(int)[ 1, 2 ], parsed=(boolean)true
06-06 22:09:48.032  5267  5347 D GStreamer+GST_PADS: 0:00:34.948942903 0xe900d4c0 gstpad.c:3367:gst_pad_query_default:<mpegaudioparse0:src> not forwarding 0xe924f8f0 (caps) query
06-06 22:09:48.032  5267  5349 V GStreamer+queue_dataflow: 0:00:34.948943685 0xe900d580 gstqueue.c:1181:gst_queue_chain_buffer_or_list:<queue0> received buffer 0xe9397730 of size 42746, time 0:00:00.358000000, duration 0:00:00.020000000
06-06 22:09:48.032  5267  5349 V GStreamer+queue: 0:00:34.948987018 0xe900d580 gstqueue.c:633:apply_buffer:<queue0> sink position updated to 0:00:00.378000000
06-06 22:09:48.032  5267  5347 V GStreamer+baseparse: 0:00:34.948978268 0xe900d4c0 gstbaseparse.c:1589:gst_base_parse_src_query:<mpegaudioparse0> caps query result: 1 caps query: 0xe924f8f0, GstQueryCaps, filter=(GstCaps)"NULL", caps=(GstCaps)"audio/mpeg\,\ mpegversion\=\(int\)1\,\ layer\=\(int\)\[\ 1\,\ 3\ \]\,\ mpegaudioversion\=\(int\)\[\ 1\,\ 3\ \]\,\ rate\=\(int\)\[\ 8000\,\ 48000\ \]\,\ channels\=\(int\)\[\ 1\,\ 2\ \]\,\ parsed\=\(boolean\)true";
06-06 22:09:48.032  5267  5349 V GStreamer+queue: 0:00:34.949018476 0xe900d580 gstqueue.c:529:update_time_level:<queue0> update sink time
06-06 22:09:48.032  5267  5347 D GStreamer+GST_PADS: 0:00:34.949060924 0xe900d4c0 gstpad.c:3945:gst_pad_query:<mpegaudioparse0:src> sent query 0xe924f8f0 (caps), result 1
06-06 22:09:48.032  5267  5349 V GStreamer+queue: 0:00:34.949066810 0xe900d580 gstqueue.c:547:update_time_level:<queue0> sink +0:00:00.689000000, src +0:00:00.000000000
06-06 22:09:48.032  5267  5347 D GStreamer+GST_CAPS: 0:00:34.949088060 0xe900d4c0 gstutils.c:2879:gst_pad_query_caps:<mpegaudioparse0:src> query returned audio/mpeg, mpegversion=(int)1, layer=(int)[ 1, 3 ], mpegaudioversion=(int)[ 1, 3 ], rate=(int)[ 8000, 48000 ], channels=(int)[ 1, 2 ], parsed=(boolean)true
06-06 22:09:48.032  5267  5349 D GStreamer+GST_SCHEDULING: 0:00:34.949099883 0xe900d580 gstpad.c:4199:gst_pad_chain_data_unchecked:<queue0:sink> called chainfunction &gst_queue_chain with buffer 0xe9397730, returned ok
06-06 22:09:48.032  5267  5349 V GStreamer+qtdemux: 0:00:34.949134778 0xe900d580 qtdemux.c:4949:gst_qtdemux_combine_flows:<q> flow return: ok
06-06 22:09:48.032  5267  5349 V GStreamer+qtdemux: 0:00:34.949159466 0xe900d580 qtdemux.c:4957:gst_qtdemux_combine_flows:<q> combined flow return: ok
06-06 22:09:48.032  5267  5347 D GStreamer+decodebin: 0:00:34.949135768 0xe900d4c0 gstdecodebin2.c:1534:analyze_new_pad:<decodebin1> Pad mpegaudioparse0:src caps:audio/mpeg, mpegversion=(int)1, layer=(int)[ 1, 3 ], mpegaudioversion=(int)[ 1, 3 ], rate=(int)[ 8000, 48000 ], channels=(int)[ 1, 2 ], parsed=(boolean)true
06-06 22:09:48.032  5267  5349 V GStreamer+qtdemux: 0:00:34.949181601 0xe900d580 qtdemux.c:8003:qtdemux_parse_samples:<q> parsing samples for stream fourcc avc1, pad video_0
06-06 22:09:48.032  5267  5347 D GStreamer+GST_PADS: 0:00:34.949188528 0xe900d4c0 gstpad.c:1069:gst_pad_set_active:<'':decodepad1> pad was active in push mode
06-06 22:09:48.032  5267  5349 D GStreamer+qtdemux: 0:00:34.949209726 0xe900d580 qtdemux.c:8014:qtdemux_parse_samples:<q> parsing up to sample 18
06-06 22:09:48.032  5267  5347 D GStreamer+GST_PADS: 0:00:34.949214987 0xe900d4c0 gstghostpad.c:840:gst_ghost_pad_set_target:<'':decodepad1> set target mpegaudioparse0:src
06-06 22:09:48.032  5267  5349 V GStreamer+qtdemux: 0:00:34.949228268 0xe900d580 qtdemux.c:8040:qtdemux_parse_samples:<q> sample 18 has size 41669
06-06 22:09:48.032  5267  5347 D GStreamer+GST_PADS: 0:00:34.949237070 0xe900d4c0 gstghostpad.c:862:gst_ghost_pad_set_target:<'':decodepad1> connecting internal pad to target <mpegaudioparse0:src>
06-06 22:09:48.032  5267  5349 V GStreamer+qtdemux: 0:00:34.949249726 0xe900d580 qtdemux.c:8164:qtdemux_parse_samples:<q> creating entry 18 with offset 817419 and size 41669
06-06 22:09:48.032  5267  5347 V GStreamer+GST_MESSAGE: 0:00:34.949264674 0xe900d4c0 gstmessage.c:293:gst_message_new_custom source proxypad5: creating new message 0xe9308c60 structure-change
06-06 22:09:48.032  5267  5349 V GStreamer+qtdemux: 0:00:34.949275403 0xe900d580 qtdemux.c:8208:qtdemux_parse_samples:<q> block 0, 1 timestamps, duration 59
06-06 22:09:48.032  5267  5349 D GStreamer+qtdemux: 0:00:34.949299570 0xe900d580 qtdemux.c:8221:qtdemux_parse_samples:<q> sample 18: index 0, timestamp 0:00:00.378000000
06-06 22:09:48.032  5267  5347 D GStreamer+GST_BUS: 0:00:34.949288216 0xe900d4c0 gstbus.c:309:gst_bus_post:<bus2> [msg 0xe9308c60] posting on bus structure-change message: 0xe9308c60, time 99:99:99.999999999, seq-num 144, element 'proxypad5', GstMessageStructureChange, type=(GstStructureChangeType)GST_STRUCTURE_CHANGE_TYPE_PAD_LINK, owner=(GstElement)"\(GstMpegAudioParse\)\ mpegaudioparse0", busy=(boolean)true;
06-06 22:09:48.032  5267  5349 D GStreamer+qtdemux: 0:00:34.949332226 0xe900d580 qtdemux.c:8276:qtdemux_parse_samples:<q> samples at 18 is keyframe
06-06 22:09:48.032  5267  5349 V GStreamer+qtdemux: 0:00:34.949357903 0xe900d580 qtdemux.c:5655:gst_qtdemux_loop:<q> loop at position 15003960, state 2
06-06 22:09:48.032  5267  5347 D GStreamer+decodebin: 0:00:34.949353320 0xe900d4c0 gstdecodebin2.c:5492:gst_decode_bin_handle_message:<decodebin1> Forwarding msg structure-change message: 0xe9308c60, time 99:99:99.999999999, seq-num 144, element 'proxypad5', GstMessageStructureChange, type=(GstStructureChangeType)GST_STRUCTURE_CHANGE_TYPE_PAD_LINK, owner=(GstElement)"\(GstMpegAudioParse\)\ mpegaudioparse0", busy=(boolean)true;
06-06 22:09:48.032  5267  5349 V GStreamer+qtdemux: 0:00:34.949387070 0xe900d580 qtdemux.c:4750:gst_qtdemux_prepare_current_sample:<q> segment active, index = 28 of 299
06-06 22:09:48.032  5267  5347 D GStreamer+bin: 0:00:34.949409726 0xe900d4c0 gstbin.c:3654:gst_bin_handle_message_func:<decodebin1> [msg 0xe9308c60] handling child proxypad5 message of type structure-change
06-06 22:09:48.032  5267  5349 V GStreamer+qtdemux: 0:00:34.949412278 0xe900d580 qtdemux.c:8003:qtdemux_parse_samples:<q> parsing samples for stream fourcc mp4a, pad audio_0
06-06 22:09:48.032  5267  5347 V GStreamer+bin: 0:00:34.949442643 0xe900d4c0 gstbin.c:889:message_check looking at message 0xe90126d8: 0
06-06 22:09:48.032  5267  5349 V GStreamer+qtdemux: 0:00:34.949442695 0xe900d580 qtdemux.c:8385:qtdemux_parse_samples:<q> Tried to parse up to sample 28 but this sample has already been parsed
06-06 22:09:48.032  5267  5347 D GStreamer+bin: 0:00:34.949466393 0xe900d4c0 gstbin.c:911:find_message:<decodebin1> no message found matching types 00001000
06-06 22:09:48.032  5267  5347 D GStreamer+bin: 0:00:34.949486601 0xe900d4c0 gstbin.c:918:find_message:<decodebin1>   structure-change
06-06 22:09:48.032  5267  5349 D GStreamer+qtdemux: 0:00:34.949469570 0xe900d580 qtdemux.c:5512:gst_qtdemux_loop_state_movie:<q> pushing from stream 1, empty 0 offset 859088, size 144, dts=0:00:00.672000000, pts=0:00:00.672000000, duration 0:00:00.024000000
