06-06 22:09:47.898  5267  5267 D GStreamer+GST_PADS: 0:00:34.815642851 0xe8df4400 gstpad.c:1063:gst_pad_set_active:<glcolorbalance0:src> activating pad from none
06-06 22:09:47.898  5267  5267 D GStreamer+GST_PADS: 0:00:34.815662956 0xe8df4400 gstpad.c:979:pre_activate:<glcolorbalance0:src> setting pad into push mode, unset flushing
06-06 22:09:47.898  5267  5267 D GStreamer+GST_PADS: 0:00:34.815683737 0xe8df4400 gstpad.c:1188:activate_mode_internal:<glcolorbalance0:src> activated in push mode
06-06 22:09:47.898  5267  5267 D GStreamer+GST_PADS: 0:00:34.815707903 0xe8df4400 gstpad.c:1063:gst_pad_set_active:<glcolorbalance0:sink> activating pad from none
06-06 22:09:47.898  5267  5267 D GStreamer+GST_PADS: 0:00:34.815750039 0xe8df4400 gstpad.c:979:pre_activate:<glcolorbalance0:sink> setting pad into push mode, unset flushing
06-06 22:09:47.898  5267  5267 D GStreamer+GST_PADS: 0:00:34.815771914 0xe8df4400 gstpad.c:991:pre_activate:<glcolorbalance0:sink> reschedule events on peer glcolorconvertelement0:src
06-06 22:09:47.898  5267  5267 D GStreamer+GST_CAPS: 0:00:34.815795612 0xe8df4400 gstpad.c:2672:gst_pad_get_current_caps:<glcolorbalance0:sink> get current pad caps (NULL)
06-06 22:09:47.898  5267  5267 D GStreamer+GST_CAPS: 0:00:34.815817903 0xe8df4400 gstpad.c:2672:gst_pad_get_current_caps:<glcolorbalance0:src> get current pad caps (NULL)
06-06 22:09:47.898  5267  5267 D GStreamer+basetransform: 0:00:34.815838737 0xe8df4400 gstbasetransform.c:2449:gst_base_transform_activate:<glcolorbalance0> have_same_caps 1
06-06 22:09:47.898  5267  5267 D GStreamer+GST_PADS: 0:00:34.815858997 0xe8df4400 gstpad.c:1188:activate_mode_internal:<glcolorbalance0:sink> activated in push mode
06-06 22:09:47.899  5267  5267 D GStreamer+GST_ELEMENT_PADS: 0:00:34.815881862 0xe8df4400 gstelement.c:2814:gst_element_pads_activate:<glcolorbalance0> pad activation successful
06-06 22:09:47.899  5267  5267 D GStreamer+GST_STATES: 0:00:34.815902435 0xe8df4400 gstelement.c:2686:gst_element_change_state:<glcolorbalance0> element changed state SUCCESS
06-06 22:09:47.899  5267  5267 I GStreamer+GST_STATES: 0:00:34.815921028 0xe8df4400 gstelement.c:2374:gst_element_continue_state:<glcolorbalance0> completed state change to PAUSED
06-06 22:09:47.899  5267  5267 I GStreamer+GST_STATES: 0:00:34.815940403 0xe8df4400 gstelement.c:2279:_priv_gst_element_state_changed:<glcolorbalance0> notifying about state-changed READY to PAUSED (VOID_PENDING pending)
06-06 22:09:47.899  5267  5267 V GStreamer+GST_MESSAGE: 0:00:34.815966393 0xe8df4400 gstmessage.c:293:gst_message_new_custom source glcolorbalance0: creating new message 0xe9012418 state-changed
06-06 22:09:47.899  5267  5267 D GStreamer+GST_BUS: 0:00:34.815988893 0xe8df4400 gstbus.c:309:gst_bus_post:<bus1> [msg 0xe9012418] posting on bus state-changed message: 0xe9012418, time 99:99:99.999999999, seq-num 64, element 'glcolorbalance0', GstMessageStateChanged, old-state=(GstState)GST_STATE_READY, new-state=(GstState)GST_STATE_PAUSED, pending-state=(GstState)GST_STATE_VOID_PENDING;
06-06 22:09:47.899  5267  5267 D GStreamer+bin: 0:00:34.816044101 0xe8df4400 gstbin.c:3654:gst_bin_handle_message_func:<glimagesinkbin0> [msg 0xe9012418] handling child glcolorbalance0 message of type state-changed
06-06 22:09:47.899  5267  5267 D GStreamer+bin: 0:00:34.816068008 0xe8df4400 gstbin.c:3991:gst_bin_handle_message_func:<glimagesinkbin0> posting message upward
06-06 22:09:47.899  5267  5267 D GStreamer+GST_BUS: 0:00:34.816087174 0xe8df4400 gstbus.c:309:gst_bus_post:<bus4> [msg 0xe9012418] posting on bus state-changed message: 0xe9012418, time 99:99:99.999999999, seq-num 64, element 'glcolorbalance0', GstMessageStateChanged, old-state=(GstState)GST_STATE_READY, new-state=(GstState)GST_STATE_PAUSED, pending-state=(GstState)GST_STATE_VOID_PENDING;
06-06 22:09:47.899  5267  5267 D GStreamer+bin: 0:00:34.816132539 0xe8df4400 gstbin.c:3654:gst_bin_handle_message_func:<pipeline0> [msg 0xe9012418] handling child glcolorbalance0 message of type state-changed
06-06 22:09:47.899  5267  5267 D GStreamer+bin: 0:00:34.816153268 0xe8df4400 gstbin.c:3991:gst_bin_handle_message_func:<pipeline0> posting message upward
06-06 22:09:47.899  5267  5267 D GStreamer+GST_BUS: 0:00:34.816170195 0xe8df4400 gstbus.c:309:gst_bus_post:<bus5> [msg 0xe9012418] posting on bus state-changed message: 0xe9012418, time 99:99:99.999999999, seq-num 64, element 'glcolorbalance0', GstMessageStateChanged, old-state=(GstState)GST_STATE_READY, new-state=(GstState)GST_STATE_PAUSED, pending-state=(GstState)GST_STATE_VOID_PENDING;
06-06 22:09:47.899  5267  5267 D GStreamer+GST_BUS: 0:00:34.816215664 0xe8df4400 gstbus.c:348:gst_bus_post:<bus5> [msg 0xe9012418] pushing on async queue
06-06 22:09:47.899  5267  5267 V GStreamer+GST_POLL: 0:00:34.816237122 0xe8df4400 gstpoll.c:186:raise_wakeup 0xe925c808: raise
06-06 22:09:47.899  5267  5267 D GStreamer+GST_BUS: 0:00:34.816263945 0xe8df4400 gstbus.c:351:gst_bus_post:<bus5> [msg 0xe9012418] pushed on async queue
06-06 22:09:47.899  5267  5267 D GStreamer+GST_BUS: 0:00:34.816283424 0xe8df4400 gstbus.c:344:gst_bus_post:<bus4> [msg 0xe9012418] dropped
06-06 22:09:47.899  5267  5334 V GStreamer+GST_BUS: 0:00:34.816292903 0xe916d800 gstbus.c:513:gst_bus_timed_pop_filtered:<bus5> have 1 messages
06-06 22:09:47.899  5267  5267 D GStreamer+GST_BUS: 0:00:34.816306497 0xe8df4400 gstbus.c:344:gst_bus_post:<bus1> [msg 0xe9012418] dropped
06-06 22:09:47.899  5267  5334 V GStreamer+GST_POLL: 0:00:34.816332174 0xe916d800 gstpoll.c:201:release_wakeup 0xe925c808: release
06-06 22:09:47.899  5267  5267 V GStreamer+GST_STATES: 0:00:34.816329310 0xe8df4400 gstelement.c:2702:gst_element_change_state:<glcolorbalance0> exit state change 1
06-06 22:09:47.899  5267  5267 D GStreamer+GST_STATES: 0:00:34.816359987 0xe8df4400 gstelement.c:2609:gst_element_set_state_func:<glcolorbalance0> returned SUCCESS
06-06 22:09:47.899  5267  5334 D GStreamer+GST_BUS: 0:00:34.816365299 0xe916d800 gstbus.c:521:gst_bus_timed_pop_filtered:<bus5> got message 0xe9012418, state-changed from glcolorbalance0, type mask is 4294967295
06-06 22:09:47.899  5267  5267 I GStreamer+GST_STATES: 0:00:34.816381341 0xe8df4400 gstbin.c:2892:gst_bin_change_state_func:<glimagesinkbin0> child 'glcolorbalance0' changed state to 3(PAUSED) successfully
06-06 22:09:47.899  5267  5267 D GStreamer+bin: 0:00:34.816405820 0xe8df4400 gstbin.c:2310:gst_bin_sort_iterator_next:<glimagesinkbin0> queue head gives glcolorconvertelement0
06-06 22:09:47.899  5267  5267 V GStreamer+bin: 0:00:34.816430664 0xe8df4400 gstbin.c:889:message_check looking at message 0xe8ffb330: 0
06-06 22:09:47.899  5267  5334 D GStreamer+GST_BUS: 0:00:34.816395195 0xe916d800 gstbus.c:789:gst_bus_source_dispatch:<bus5> source 0xe9302a00 calling dispatch with state-changed message: 0xe9012418, time 99:99:99.999999999, seq-num 64, element 'glcolorbalance0', GstMessageStateChanged, old-state=(GstState)GST_STATE_READY, new-state=(GstState)GST_STATE_PAUSED, pending-state=(GstState)GST_STATE_VOID_PENDING;
06-06 22:09:47.899  5267  5267 D GStreamer+bin: 0:00:34.816452851 0xe8df4400 gstbin.c:911:find_message:<glimagesinkbin0> no message found matching types 00001000
06-06 22:09:47.899  5267  5334 V GStreamer+GST_MESSAGE: 0:00:34.816466497 0xe916d800 gstmessage.c:200:_gst_message_free finalize message 0xe9012418, state-changed from glcolorbalance0
06-06 22:09:47.899  5267  5267 D GStreamer+bin: 0:00:34.816473841 0xe8df4400 gstbin.c:918:find_message:<glimagesinkbin0>   structure-change
06-06 22:09:47.899  5267  5334 D GStreamer+GST_BUS: 0:00:34.816498997 0xe916d800 gstbus.c:794:gst_bus_source_dispatch:<bus5> source 0xe9302a00 handler returns 1
06-06 22:09:47.899  5267  5267 D GStreamer+bin: 0:00:34.816499362 0xe8df4400 gstbin.c:2226:update_degree:<glimagesinkbin0> change element gluploadelement0, degree 1->0, linked to glcolorconvertelement0
06-06 22:09:47.899  5267  5267 D GStreamer+bin: 0:00:34.816538841 0xe8df4400 gstbin.c:2109:add_to_queue:<glimagesinkbin0> adding 'gluploadelement0' to queue
06-06 22:09:47.899  5267  5267 I GStreamer+GST_STATES: 0:00:34.816560872 0xe8df4400 gstbin.c:2444:gst_bin_element_set_state:<glcolorconvertelement0> current READY pending VOID_PENDING, desired next PAUSED
06-06 22:09:47.899  5267  5267 V GStreamer+bin: 0:00:34.816583633 0xe8df4400 gstbin.c:889:message_check looking at message 0xe8ffb330: 0
06-06 22:09:47.899  5267  5267 D GStreamer+bin: 0:00:34.816600091 0xe8df4400 gstbin.c:911:find_message:<glimagesinkbin0> no message found matching types 00100000
06-06 22:09:47.899  5267  5267 D GStreamer+bin: 0:00:34.816617747 0xe8df4400 gstbin.c:918:find_message:<glimagesinkbin0>   async-start
06-06 22:09:47.899  5267  5267 D GStreamer+bin: 0:00:34.816634987 0xe8df4400 gstbin.c:2539:gst_bin_element_set_state:<glimagesinkbin0> setting element glcolorconvertelement0 to PAUSED, base_time 0:00:00.000000000
06-06 22:09:47.899  5267  5267 D GStreamer+GST_STATES: 0:00:34.816659987 0xe8df4400 gstelement.c:2525:gst_element_set_state_func:<glcolorconvertelement0> set_state to PAUSED
06-06 22:09:47.899  5267  5267 D GStreamer+GST_STATES: 0:00:34.816679258 0xe8df4400 gstelement.c:2550:gst_element_set_state_func:<glcolorconvertelement0> setting target state to PAUSED
06-06 22:09:47.899  5267  5267 D GStreamer+GST_STATES: 0:00:34.816698268 0xe8df4400 gstelement.c:2563:gst_element_set_state_func:<glcolorconvertelement0> current READY, old_pending VOID_PENDING, next VOID_PENDING, old return SUCCESS
06-06 22:09:47.899  5267  5267 D GStreamer+GST_STATES: 0:00:34.816733528 0xe8df4400 gstelement.c:2597:gst_element_set_state_func:<glcolorconvertelement0> final: setting state from READY to PAUSED
06-06 22:09:47.899  5267  5267 D GStreamer+glbasefilter: 0:00:34.816757956 0xe8df4400 gstglbasefilter.c:479:gst_gl_base_filter_change_state:<glcolorconvertelement0> changing state: READY => PAUSED
06-06 22:09:47.899  5267  5267 V GStreamer+GST_STATES: 0:00:34.816778737 0xe8df4400 gstelement.c:2852:gst_element_change_state_func:<glcolorconvertelement0> default handler tries setting state from READY to PAUSED (0013)
06-06 22:09:47.899  5267  5267 D GStreamer+GST_ELEMENT_PADS: 0:00:34.816799570 0xe8df4400 gstelement.c:2795:gst_element_pads_activate:<glcolorconvertelement0> activate pads
06-06 22:09:47.899  5267  5267 D GStreamer+GST_PADS: 0:00:34.816822278 0xe8df4400 gstpad.c:1063:gst_pad_set_active:<glcolorconvertelement0:src> activating pad from none
06-06 22:09:47.899  5267  5267 D GStreamer+GST_PADS: 0:00:34.816842018 0xe8df4400 gstpad.c:979:pre_activate:<glcolorconvertelement0:src> setting pad into push mode, unset flushing
06-06 22:09:47.899  5267  5267 D GStreamer+GST_PADS: 0:00:34.816861706 0xe8df4400 gstpad.c:1188:activate_mode_internal:<glcolorconvertelement0:src> activated in push mode
06-06 22:09:47.900  5267  5267 D GStreamer+GST_PADS: 0:00:34.816885195 0xe8df4400 gstpad.c:1063:gst_pad_set_active:<glcolorconvertelement0:sink> activating pad from none
06-06 22:09:47.900  5267  5267 D GStreamer+GST_PADS: 0:00:34.816903476 0xe8df4400 gstpad.c:979:pre_activate:<glcolorconvertelement0:sink> setting pad into push mode, unset flushing
06-06 22:09:47.900  5267  5267 D GStreamer+GST_PADS: 0:00:34.816922747 0xe8df4400 gstpad.c:991:pre_activate:<glcolorconvertelement0:sink> reschedule events on peer gluploadelement0:src
06-06 22:09:47.900  5267  5267 D GStreamer+GST_CAPS: 0:00:34.816944101 0xe8df4400 gstpad.c:2672:gst_pad_get_current_caps:<glcolorconvertelement0:sink> get current pad caps (NULL)
06-06 22:09:47.900  5267  5267 D GStreamer+GST_CAPS: 0:00:34.816964883 0xe8df4400 gstpad.c:2672:gst_pad_get_current_caps:<glcolorconvertelement0:src> get current pad caps (NULL)
06-06 22:09:47.900  5267  5267 D GStreamer+basetransform: 0:00:34.816984570 0xe8df4400 gstbasetransform.c:2449:gst_base_transform_activate:<glcolorconvertelement0> have_same_caps 0
06-06 22:09:47.900  5267  5267 D GStreamer+GST_PADS: 0:00:34.817003945 0xe8df4400 gstpad.c:1188:activate_mode_internal:<glcolorconvertelement0:sink> activated in push mode
06-06 22:09:47.900  5267  5267 D GStreamer+GST_ELEMENT_PADS: 0:00:34.817025091 0xe8df4400 gstelement.c:2814:gst_element_pads_activate:<glcolorconvertelement0> pad activation successful
06-06 22:09:47.900  5267  5267 D GStreamer+GST_STATES: 0:00:34.817044883 0xe8df4400 gstelement.c:2686:gst_element_change_state:<glcolorconvertelement0> element changed state SUCCESS
06-06 22:09:47.900  5267  5267 I GStreamer+GST_STATES: 0:00:34.817062539 0xe8df4400 gstelement.c:2374:gst_element_continue_state:<glcolorconvertelement0> completed state change to PAUSED
06-06 22:09:47.900  5267  5267 I GStreamer+GST_STATES: 0:00:34.817081133 0xe8df4400 gstelement.c:2279:_priv_gst_element_state_changed:<glcolorconvertelement0> notifying about state-changed READY to PAUSED (VOID_PENDING pending)
06-06 22:09:47.900  5267  5267 V GStreamer+GST_MESSAGE: 0:00:34.817105091 0xe8df4400 gstmessage.c:293:gst_message_new_custom source glcolorconvertelement0: creating new message 0xe9012470 state-changed
06-06 22:09:47.900  5267  5267 D GStreamer+GST_BUS: 0:00:34.817126445 0xe8df4400 gstbus.c:309:gst_bus_post:<bus1> [msg 0xe9012470] posting on bus state-changed message: 0xe9012470, time 99:99:99.999999999, seq-num 65, element 'glcolorconvertelement0', GstMessageStateChanged, old-state=(GstState)GST_STATE_READY, new-state=(GstState)GST_STATE_PAUSED, pending-state=(GstState)GST_STATE_VOID_PENDING;
06-06 22:09:47.900  5267  5267 D GStreamer+bin: 0:00:34.817172851 0xe8df4400 gstbin.c:3654:gst_bin_handle_message_func:<glimagesinkbin0> [msg 0xe9012470] handling child glcolorconvertelement0 message of type state-changed
06-06 22:09:47.900  5267  5267 D GStreamer+bin: 0:00:34.817195612 0xe8df4400 gstbin.c:3991:gst_bin_handle_message_func:<glimagesinkbin0> posting message upward
06-06 22:09:47.900  5267  5267 D GStreamer+GST_BUS: 0:00:34.817213997 0xe8df4400 gstbus.c:309:gst_bus_post:<bus4> [msg 0xe9012470] posting on bus state-changed message: 0xe9012470, time 99:99:99.999999999, seq-num 65, element 'glcolorconvertelement0', GstMessageStateChanged, old-state=(GstState)GST_STATE_READY, new-state=(GstState)GST_STATE_PAUSED, pending-state=(GstState)GST_STATE_VOID_PENDING;
06-06 22:09:47.900  5267  5267 D GStreamer+bin: 0:00:34.817257903 0xe8df4400 gstbin.c:3654:gst_bin_handle_message_func:<pipeline0> [msg 0xe9012470] handling child glcolorconvertelement0 message of type state-changed
06-06 22:09:47.900  5267  5267 D GStreamer+bin: 0:00:34.817279570 0xe8df4400 gstbin.c:3991:gst_bin_handle_message_func:<pipeline0> posting message upward
06-06 22:09:47.900  5267  5267 D GStreamer+GST_BUS: 0:00:34.817296966 0xe8df4400 gstbus.c:309:gst_bus_post:<bus5> [msg 0xe9012470] posting on bus state-changed message: 0xe9012470, time 99:99:99.999999999, seq-num 65, element 'glcolorconvertelement0', GstMessageStateChanged, old-state=(GstState)GST_STATE_READY, new-state=(GstState)GST_STATE_PAUSED, pending-state=(GstState)GST_STATE_VOID_PENDING;
06-06 22:09:47.900  5267  5267 D GStreamer+GST_BUS: 0:00:34.817339831 0xe8df4400 gstbus.c:348:gst_bus_post:<bus5> [msg 0xe9012470] pushing on async queue
06-06 22:09:47.900  5267  5267 V GStreamer+GST_POLL: 0:00:34.817358581 0xe8df4400 gstpoll.c:186:raise_wakeup 0xe925c808: raise
06-06 22:09:47.900  5267  5267 D GStreamer+GST_BUS: 0:00:34.817380091 0xe8df4400 gstbus.c:351:gst_bus_post:<bus5> [msg 0xe9012470] pushed on async queue
06-06 22:09:47.900  5267  5334 V GStreamer+GST_BUS: 0:00:34.817393112 0xe916d800 gstbus.c:513:gst_bus_timed_pop_filtered:<bus5> have 1 messages
06-06 22:09:47.900  5267  5267 D GStreamer+GST_BUS: 0:00:34.817399622 0xe8df4400 gstbus.c:344:gst_bus_post:<bus4> [msg 0xe9012470] dropped
06-06 22:09:47.900  5267  5334 V GStreamer+GST_POLL: 0:00:34.817421497 0xe916d800 gstpoll.c:201:release_wakeup 0xe925c808: release
06-06 22:09:47.900  5267  5267 D GStreamer+GST_BUS: 0:00:34.817422435 0xe8df4400 gstbus.c:344:gst_bus_post:<bus1> [msg 0xe9012470] dropped
06-06 22:09:47.900  5267  5267 V GStreamer+GST_STATES: 0:00:34.817443789 0xe8df4400 gstelement.c:2702:gst_element_change_state:<glcolorconvertelement0> exit state change 1
06-06 22:09:47.900  5267  5334 D GStreamer+GST_BUS: 0:00:34.817444778 0xe916d800 gstbus.c:521:gst_bus_timed_pop_filtered:<bus5> got message 0xe9012470, state-changed from glcolorconvertelement0, type mask is 4294967295
06-06 22:09:47.900  5267  5267 D GStreamer+GST_STATES: 0:00:34.817471028 0xe8df4400 gstelement.c:2609:gst_element_set_state_func:<glcolorconvertelement0> returned SUCCESS
06-06 22:09:47.900  5267  5267 I GStreamer+GST_STATES: 0:00:34.817490403 0xe8df4400 gstbin.c:2892:gst_bin_change_state_func:<glimagesinkbin0> child 'glcolorconvertelement0' changed state to 3(PAUSED) successfully
06-06 22:09:47.900  5267  5334 D GStreamer+GST_BUS: 0:00:34.817478164 0xe916d800 gstbus.c:789:gst_bus_source_dispatch:<bus5> source 0xe9302a00 calling dispatch with state-changed message: 0xe9012470, time 99:99:99.999999999, seq-num 65, element 'glcolorconvertelement0', GstMessageStateChanged, old-state=(GstState)GST_STATE_READY, new-state=(GstState)GST_STATE_PAUSED, pending-state=(GstState)GST_STATE_VOID_PENDING;
06-06 22:09:47.900  5267  5267 D GStreamer+bin: 0:00:34.817517070 0xe8df4400 gstbin.c:2310:gst_bin_sort_iterator_next:<glimagesinkbin0> queue head gives gluploadelement0
06-06 22:09:47.900  5267  5267 V GStreamer+bin: 0:00:34.817536497 0xe8df4400 gstbin.c:889:message_check looking at message 0xe8ffb330: 0
06-06 22:09:47.900  5267  5334 V GStreamer+GST_MESSAGE: 0:00:34.817536862 0xe916d800 gstmessage.c:200:_gst_message_free finalize message 0xe9012470, state-changed from glcolorconvertelement0
06-06 22:09:47.900  5267  5267 D GStreamer+bin: 0:00:34.817559570 0xe8df4400 gstbin.c:911:find_message:<glimagesinkbin0> no message found matching types 00001000
06-06 22:09:47.900  5267  5334 D GStreamer+GST_BUS: 0:00:34.817567643 0xe916d800 gstbus.c:794:gst_bus_source_dispatch:<bus5> source 0xe9302a00 handler returns 1
06-06 22:09:47.900  5267  5267 D GStreamer+bin: 0:00:34.817579518 0xe8df4400 gstbin.c:918:find_message:<glimagesinkbin0>   structure-change
06-06 22:09:47.900  5267  5267 D GStreamer+bin: 0:00:34.817599049 0xe8df4400 gstbin.c:2249:update_degree:<glimagesinkbin0> element gluploadelement0 not linked on any sinkpads
06-06 22:09:47.900  5267  5267 I GStreamer+GST_STATES: 0:00:34.817619518 0xe8df4400 gstbin.c:2444:gst_bin_element_set_state:<gluploadelement0> current READY pending VOID_PENDING, desired next PAUSED
06-06 22:09:47.900  5267  5267 V GStreamer+bin: 0:00:34.817641237 0xe8df4400 gstbin.c:889:message_check looking at message 0xe8ffb330: 0
06-06 22:09:47.900  5267  5267 D GStreamer+bin: 0:00:34.817658789 0xe8df4400 gstbin.c:911:find_message:<glimagesinkbin0> no message found matching types 00100000
06-06 22:09:47.900  5267  5267 D GStreamer+bin: 0:00:34.817677331 0xe8df4400 gstbin.c:918:find_message:<glimagesinkbin0>   async-start
06-06 22:09:47.900  5267  5267 D GStreamer+bin: 0:00:34.817695716 0xe8df4400 gstbin.c:2539:gst_bin_element_set_state:<glimagesinkbin0> setting element gluploadelement0 to PAUSED, base_time 0:00:00.000000000
06-06 22:09:47.900  5267  5267 D GStreamer+GST_STATES: 0:00:34.817728528 0xe8df4400 gstelement.c:2525:gst_element_set_state_func:<gluploadelement0> set_state to PAUSED
06-06 22:09:47.900  5267  5267 D GStreamer+GST_STATES: 0:00:34.817748216 0xe8df4400 gstelement.c:2550:gst_element_set_state_func:<gluploadelement0> setting target state to PAUSED
06-06 22:09:47.900  5267  5267 D GStreamer+GST_STATES: 0:00:34.817766653 0xe8df4400 gstelement.c:2563:gst_element_set_state_func:<gluploadelement0> current READY, old_pending VOID_PENDING, next VOID_PENDING, old return SUCCESS
06-06 22:09:47.900  5267  5267 D GStreamer+GST_STATES: 0:00:34.817787956 0xe8df4400 gstelement.c:2597:gst_element_set_state_func:<gluploadelement0> final: setting state from READY to PAUSED
06-06 22:09:47.901  5267  5267 D GStreamer+glbasefilter: 0:00:34.817809258 0xe8df4400 gstglbasefilter.c:479:gst_gl_base_filter_change_state:<gluploadelement0> changing state: READY => PAUSED
06-06 22:09:47.901  5267  5267 V GStreamer+GST_STATES: 0:00:34.818065664 0xe8df4400 gstelement.c:2852:gst_element_change_state_func:<gluploadelement0> default handler tries setting state from READY to PAUSED (0013)
06-06 22:09:47.901  5267  5267 D GStreamer+GST_ELEMENT_PADS: 0:00:34.818098372 0xe8df4400 gstelement.c:2795:gst_element_pads_activate:<gluploadelement0> activate pads
06-06 22:09:47.901  5267  5267 D GStreamer+GST_PADS: 0:00:34.818309466 0xe8df4400 gstpad.c:1063:gst_pad_set_active:<gluploadelement0:src> activating pad from none
06-06 22:09:47.901  5267  5267 D GStreamer+GST_PADS: 0:00:34.818569570 0xe8df4400 gstpad.c:979:pre_activate:<gluploadelement0:src> setting pad into push mode, unset flushing
06-06 22:09:47.901  5267  5267 D GStreamer+GST_PADS: 0:00:34.818658581 0xe8df4400 gstpad.c:1188:activate_mode_internal:<gluploadelement0:src> activated in push mode
06-06 22:09:47.901  5267  5267 D GStreamer+GST_PADS: 0:00:34.818689622 0xe8df4400 gstpad.c:1063:gst_pad_set_active:<gluploadelement0:sink> activating pad from none
06-06 22:09:47.901  5267  5267 D GStreamer+GST_PADS: 0:00:34.818709049 0xe8df4400 gstpad.c:979:pre_activate:<gluploadelement0:sink> setting pad into push mode, unset flushing
06-06 22:09:47.901  5267  5267 D GStreamer+GST_PADS: 0:00:34.818752383 0xe8df4400 gstpad.c:991:pre_activate:<gluploadelement0:sink> reschedule events on peer sink:proxypad1
06-06 22:09:47.901  5267  5267 D GStreamer+GST_CAPS: 0:00:34.818776133 0xe8df4400 gstpad.c:2672:gst_pad_get_current_caps:<gluploadelement0:sink> get current pad caps (NULL)
06-06 22:09:47.901  5267  5267 D GStreamer+GST_CAPS: 0:00:34.818797278 0xe8df4400 gstpad.c:2672:gst_pad_get_current_caps:<gluploadelement0:src> get current pad caps (NULL)
06-06 22:09:47.901  5267  5267 D GStreamer+basetransform: 0:00:34.818817018 0xe8df4400 gstbasetransform.c:2449:gst_base_transform_activate:<gluploadelement0> have_same_caps 0
06-06 22:09:47.901  5267  5267 D GStreamer+GST_PADS: 0:00:34.818836549 0xe8df4400 gstpad.c:1188:activate_mode_internal:<gluploadelement0:sink> activated in push mode
06-06 22:09:47.901  5267  5267 D GStreamer+GST_ELEMENT_PADS: 0:00:34.818857643 0xe8df4400 gstelement.c:2814:gst_element_pads_activate:<gluploadelement0> pad activation successful
06-06 22:09:47.902  5267  5267 D GStreamer+GST_STATES: 0:00:34.818879049 0xe8df4400 gstelement.c:2686:gst_element_change_state:<gluploadelement0> element changed state SUCCESS
06-06 22:09:47.902  5267  5267 I GStreamer+GST_STATES: 0:00:34.818896966 0xe8df4400 gstelement.c:2374:gst_element_continue_state:<gluploadelement0> completed state change to PAUSED
06-06 22:09:47.902  5267  5267 I GStreamer+GST_STATES: 0:00:34.818915664 0xe8df4400 gstelement.c:2279:_priv_gst_element_state_changed:<gluploadelement0> notifying about state-changed READY to PAUSED (VOID_PENDING pending)
06-06 22:09:47.902  5267  5267 V GStreamer+GST_MESSAGE: 0:00:34.818940924 0xe8df4400 gstmessage.c:293:gst_message_new_custom source gluploadelement0: creating new message 0xe90124c8 state-changed
06-06 22:09:47.902  5267  5267 D GStreamer+GST_BUS: 0:00:34.818963268 0xe8df4400 gstbus.c:309:gst_bus_post:<bus1> [msg 0xe90124c8] posting on bus state-changed message: 0xe90124c8, time 99:99:99.999999999, seq-num 66, element 'gluploadelement0', GstMessageStateChanged, old-state=(GstState)GST_STATE_READY, new-state=(GstState)GST_STATE_PAUSED, pending-state=(GstState)GST_STATE_VOID_PENDING;
06-06 22:09:47.902  5267  5267 D GStreamer+bin: 0:00:34.819017122 0xe8df4400 gstbin.c:3654:gst_bin_handle_message_func:<glimagesinkbin0> [msg 0xe90124c8] handling child gluploadelement0 message of type state-changed
06-06 22:09:47.902  5267  5267 D GStreamer+bin: 0:00:34.819040872 0xe8df4400 gstbin.c:3991:gst_bin_handle_message_func:<glimagesinkbin0> posting message upward
06-06 22:09:47.902  5267  5267 D GStreamer+GST_BUS: 0:00:34.819059258 0xe8df4400 gstbus.c:309:gst_bus_post:<bus4> [msg 0xe90124c8] posting on bus state-changed message: 0xe90124c8, time 99:99:99.999999999, seq-num 66, element 'gluploadelement0', GstMessageStateChanged, old-state=(GstState)GST_STATE_READY, new-state=(GstState)GST_STATE_PAUSED, pending-state=(GstState)GST_STATE_VOID_PENDING;
06-06 22:09:47.902  5267  5267 D GStreamer+bin: 0:00:34.819103581 0xe8df4400 gstbin.c:3654:gst_bin_handle_message_func:<pipeline0> [msg 0xe90124c8] handling child gluploadelement0 message of type state-changed
06-06 22:09:47.902  5267  5267 D GStreamer+bin: 0:00:34.819125039 0xe8df4400 gstbin.c:3991:gst_bin_handle_message_func:<pipeline0> posting message upward
06-06 22:09:47.902  5267  5267 D GStreamer+GST_BUS: 0:00:34.819143216 0xe8df4400 gstbus.c:309:gst_bus_post:<bus5> [msg 0xe90124c8] posting on bus state-changed message: 0xe90124c8, time 99:99:99.999999999, seq-num 66, element 'gluploadelement0', GstMessageStateChanged, old-state=(GstState)GST_STATE_READY, new-state=(GstState)GST_STATE_PAUSED, pending-state=(GstState)GST_STATE_VOID_PENDING;
06-06 22:09:47.902  5267  5267 D GStreamer+GST_BUS: 0:00:34.819184883 0xe8df4400 gstbus.c:348:gst_bus_post:<bus5> [msg 0xe90124c8] pushing on async queue
06-06 22:09:47.902  5267  5267 V GStreamer+GST_POLL: 0:00:34.819203528 0xe8df4400 gstpoll.c:186:raise_wakeup 0xe925c808: raise
06-06 22:09:47.902  5267  5267 D GStreamer+GST_BUS: 0:00:34.819225403 0xe8df4400 gstbus.c:351:gst_bus_post:<bus5> [msg 0xe90124c8] pushed on async queue
06-06 22:09:47.902  5267  5267 D GStreamer+GST_BUS: 0:00:34.819244883 0xe8df4400 gstbus.c:344:gst_bus_post:<bus4> [msg 0xe90124c8] dropped
06-06 22:09:47.902  5267  5334 V GStreamer+GST_BUS: 0:00:34.819240924 0xe916d800 gstbus.c:513:gst_bus_timed_pop_filtered:<bus5> have 1 messages
06-06 22:09:47.902  5267  5334 V GStreamer+GST_POLL: 0:00:34.819272695 0xe916d800 gstpoll.c:201:release_wakeup 0xe925c808: release
06-06 22:09:47.902  5267  5267 D GStreamer+GST_BUS: 0:00:34.819270351 0xe8df4400 gstbus.c:344:gst_bus_post:<bus1> [msg 0xe90124c8] dropped
06-06 22:09:47.902  5267  5267 V GStreamer+GST_STATES: 0:00:34.819296028 0xe8df4400 gstelement.c:2702:gst_element_change_state:<gluploadelement0> exit state change 1
06-06 22:09:47.902  5267  5334 D GStreamer+GST_BUS: 0:00:34.819299101 0xe916d800 gstbus.c:521:gst_bus_timed_pop_filtered:<bus5> got message 0xe90124c8, state-changed from gluploadelement0, type mask is 4294967295
06-06 22:09:47.902  5267  5267 D GStreamer+GST_STATES: 0:00:34.819319206 0xe8df4400 gstelement.c:2609:gst_element_set_state_func:<gluploadelement0> returned SUCCESS
06-06 22:09:47.902  5267  5267 I GStreamer+GST_STATES: 0:00:34.819338164 0xe8df4400 gstbin.c:2892:gst_bin_change_state_func:<glimagesinkbin0> child 'gluploadelement0' changed state to 3(PAUSED) successfully
06-06 22:09:47.902  5267  5334 D GStreamer+GST_BUS: 0:00:34.819327695 0xe916d800 gstbus.c:789:gst_bus_source_dispatch:<bus5> source 0xe9302a00 calling dispatch with state-changed message: 0xe90124c8, time 99:99:99.999999999, seq-num 66, element 'gluploadelement0', GstMessageStateChanged, old-state=(GstState)GST_STATE_READY, new-state=(GstState)GST_STATE_PAUSED, pending-state=(GstState)GST_STATE_VOID_PENDING;
06-06 22:09:47.902  5267  5267 D GStreamer+bin: 0:00:34.819367695 0xe8df4400 gstbin.c:2299:gst_bin_sort_iterator_next:<glimagesinkbin0> queue empty, elements exhausted
06-06 22:09:47.902  5267  5267 D GStreamer+GST_STATES: 0:00:34.819385560 0xe8df4400 gstbin.c:2951:gst_bin_change_state_func:<glimagesinkbin0> iterator done
06-06 22:09:47.902  5267  5334 V GStreamer+GST_MESSAGE: 0:00:34.819385768 0xe916d800 gstmessage.c:200:_gst_message_free finalize message 0xe90124c8, state-changed from gluploadelement0
06-06 22:09:47.902  5267  5267 V GStreamer+GST_STATES: 0:00:34.819405976 0xe8df4400 gstelement.c:2852:gst_element_change_state_func:<glimagesinkbin0> default handler tries setting state from READY to PAUSED (0013)
06-06 22:09:47.902  5267  5334 D GStreamer+GST_BUS: 0:00:34.819414101 0xe916d800 gstbus.c:794:gst_bus_source_dispatch:<bus5> source 0xe9302a00 handler returns 1
06-06 22:09:47.902  5267  5267 D GStreamer+GST_ELEMENT_PADS: 0:00:34.819432174 0xe8df4400 gstelement.c:2795:gst_element_pads_activate:<glimagesinkbin0> activate pads
06-06 22:09:47.902  5267  5267 D GStreamer+GST_PADS: 0:00:34.819456497 0xe8df4400 gstpad.c:1063:gst_pad_set_active:<glimagesinkbin0:sink> activating pad from none
06-06 22:09:47.902  5267  5267 D GStreamer+GST_PADS: 0:00:34.819474883 0xe8df4400 gstpad.c:979:pre_activate:<glimagesinkbin0:sink> setting pad into push mode, unset flushing
06-06 22:09:47.902  5267  5267 D GStreamer+GST_PADS: 0:00:34.819495351 0xe8df4400 gstpad.c:991:pre_activate:<glimagesinkbin0:sink> reschedule events on peer forhalffps:src
06-06 22:09:47.902  5267  5267 V GStreamer+GST_PADS: 0:00:34.819516341 0xe8df4400 gstghostpad.c:378:gst_ghost_pad_activate_push_default:<glimagesinkbin0:sink> activate push on glimagesinkbin0:sink, proxy internal
06-06 22:09:47.902  5267  5267 D GStreamer+GST_PADS: 0:00:34.819538945 0xe8df4400 gstpad.c:979:pre_activate:<sink:proxypad1> setting pad into push mode, unset flushing
06-06 22:09:47.902  5267  5267 V GStreamer+GST_PADS: 0:00:34.819559101 0xe8df4400 gstghostpad.c:284:gst_ghost_pad_internal_activate_push_default:<sink:proxypad1> activate push on sink:proxypad1, we're ok
06-06 22:09:47.902  5267  5267 D GStreamer+GST_PADS: 0:00:34.819581601 0xe8df4400 gstpad.c:1207:activate_mode_internal:<glimagesinkbin0:sink> already activated in push mode
06-06 22:09:47.902  5267  5267 D GStreamer+GST_PADS: 0:00:34.819602278 0xe8df4400 gstpad.c:1188:activate_mode_internal:<sink:proxypad1> activated in push mode
06-06 22:09:47.902  5267  5267 D GStreamer+GST_PADS: 0:00:34.819622174 0xe8df4400 gstpad.c:1188:activate_mode_internal:<glimagesinkbin0:sink> activated in push mode
06-06 22:09:47.902  5267  5267 D GStreamer+GST_ELEMENT_PADS: 0:00:34.819642903 0xe8df4400 gstelement.c:2814:gst_element_pads_activate:<glimagesinkbin0> pad activation successful
06-06 22:09:47.902  5267  5267 D GStreamer+GST_STATES: 0:00:34.819662851 0xe8df4400 gstbin.c:2969:gst_bin_change_state_func:<glimagesinkbin0> we have ASYNC elements SUCCESS -> ASYNC
06-06 22:09:47.902  5267  5267 D GStreamer+bin: 0:00:34.819681758 0xe8df4400 gstbin.c:2341:gst_bin_sort_iterator_free:<glimagesinkbin0> free
06-06 22:09:47.902  5267  5267 D GStreamer+bin: 0:00:34.819701653 0xe8df4400 gstbin.c:2997:gst_bin_change_state_func:<glimagesinkbin0> check async elements
06-06 22:09:47.902  5267  5267 V GStreamer+bin: 0:00:34.819728685 0xe8df4400 gstbin.c:889:message_check looking at message 0xe8ffb330: 1
06-06 22:09:47.902  5267  5267 D GStreamer+bin: 0:00:34.819747747 0xe8df4400 gstbin.c:909:find_message:<glimagesinkbin0> we found a message 0xe8ffb330 from sink matching types 00100000
06-06 22:09:47.902  5267  5267 D GStreamer+GST_STATES: 0:00:34.819769362 0xe8df4400 gstbin.c:3020:gst_bin_change_state_func:<glimagesinkbin0> done changing bin's state from READY to PAUSED, now in READY, ret ASYNC
06-06 22:09:47.902  5267  5267 D GStreamer+GST_STATES: 0:00:34.819791862 0xe8df4400 gstelement.c:2668:gst_element_change_state:<glimagesinkbin0> element will change state ASYNC
06-06 22:09:47.902  5267  5267 V GStreamer+GST_STATES: 0:00:34.819809362 0xe8df4400 gstelement.c:2708:gst_element_change_state:<glimagesinkbin0> exit async state change 2
06-06 22:09:47.902  5267  5267 D GStreamer+GST_STATES: 0:00:34.819828008 0xe8df4400 gstelement.c:2609:gst_element_set_state_func:<glimagesinkbin0> returned ASYNC
06-06 22:09:47.902  5267  5267 I GStreamer+GST_STATES: 0:00:34.819846549 0xe8df4400 gstbin.c:2898:gst_bin_change_state_func:<pipeline0> child 'glimagesinkbin0' is changing state asynchronously to PAUSED
06-06 22:09:47.902  5267  5267 D GStreamer+bin: 0:00:34.819869622 0xe8df4400 gstbin.c:2310:gst_bin_sort_iterator_next:<pipeline0> queue head gives queue3
06-06 22:09:47.903  5267  5267 V GStreamer+bin: 0:00:34.819887903 0xe8df4400 gstbin.c:889:message_check looking at message 0xe8ffb388: 0
06-06 22:09:47.903  5267  5267 V GStreamer+bin: 0:00:34.819905664 0xe8df4400 gstbin.c:889:message_check looking at message 0xe8ffb2d8: 0
06-06 22:09:47.903  5267  5267 D GStreamer+bin: 0:00:34.819923112 0xe8df4400 gstbin.c:911:find_message:<pipeline0> no message found matching types 00001000
06-06 22:09:47.903  5267  5267 D GStreamer+bin: 0:00:34.819941601 0xe8df4400 gstbin.c:918:find_message:<pipeline0>   structure-change
06-06 22:09:47.903  5267  5267 D GStreamer+bin: 0:00:34.819960091 0xe8df4400 gstbin.c:2249:update_degree:<pipeline0> element queue3 not linked on any sinkpads
06-06 22:09:47.903  5267  5267 I GStreamer+GST_STATES: 0:00:34.819978997 0xe8df4400 gstbin.c:2444:gst_bin_element_set_state:<queue3> current READY pending VOID_PENDING, desired next PAUSED
06-06 22:09:47.903  5267  5267 V GStreamer+bin: 0:00:34.819999310 0xe8df4400 gstbin.c:889:message_check looking at message 0xe8ffb388: 0
06-06 22:09:47.903  5267  5267 V GStreamer+bin: 0:00:34.820015664 0xe8df4400 gstbin.c:889:message_check looking at message 0xe8ffb2d8: 0
06-06 22:09:47.903  5267  5267 D GStreamer+bin: 0:00:34.820031653 0xe8df4400 gstbin.c:911:find_message:<pipeline0> no message found matching types 00100000
06-06 22:09:47.903  5267  5267 D GStreamer+bin: 0:00:34.820048893 0xe8df4400 gstbin.c:918:find_message:<pipeline0>   async-start
06-06 22:09:47.903  5267  5267 D GStreamer+bin: 0:00:34.820064883 0xe8df4400 gstbin.c:2539:gst_bin_element_set_state:<pipeline0> setting element queue3 to PAUSED, base_time 0:00:00.000000000
06-06 22:09:47.903  5267  5267 D GStreamer+GST_STATES: 0:00:34.820087487 0xe8df4400 gstelement.c:2525:gst_element_set_state_func:<queue3> set_state to PAUSED
06-06 22:09:47.903  5267  5267 D GStreamer+GST_STATES: 0:00:34.820105456 0xe8df4400 gstelement.c:2550:gst_element_set_state_func:<queue3> setting target state to PAUSED
06-06 22:09:47.903  5267  5267 D GStreamer+GST_STATES: 0:00:34.820123320 0xe8df4400 gstelement.c:2563:gst_element_set_state_func:<queue3> current READY, old_pending VOID_PENDING, next VOID_PENDING, old return SUCCESS
06-06 22:09:47.903  5267  5267 D GStreamer+GST_STATES: 0:00:34.820144883 0xe8df4400 gstelement.c:2597:gst_element_set_state_func:<queue3> final: setting state from READY to PAUSED
06-06 22:09:47.903  5267  5267 V GStreamer+GST_STATES: 0:00:34.820166706 0xe8df4400 gstelement.c:2852:gst_element_change_state_func:<queue3> default handler tries setting state from READY to PAUSED (0013)
06-06 22:09:47.903  5267  5267 D GStreamer+GST_ELEMENT_PADS: 0:00:34.820187539 0xe8df4400 gstelement.c:2795:gst_element_pads_activate:<queue3> activate pads
06-06 22:09:47.903  5267  5267 D GStreamer+GST_PADS: 0:00:34.820208424 0xe8df4400 gstpad.c:1063:gst_pad_set_active:<queue3:src> activating pad from none
06-06 22:09:47.903  5267  5267 D GStreamer+GST_PADS: 0:00:34.820226653 0xe8df4400 gstpad.c:979:pre_activate:<queue3:src> setting pad into push mode, unset flushing
06-06 22:09:47.903  5267  5267 D GStreamer+GST_PADS: 0:00:34.820247695 0xe8df4400 gstpad.c:5978:gst_pad_start_task:<queue3:src> start task
06-06 22:09:47.903  5267  5267 D GStreamer+task: 0:00:34.820293945 0xe8df4400 gsttask.c:427:gst_task_new Created task 0xe9304028
06-06 22:09:47.903  5267  5267 I GStreamer+task: 0:00:34.820314362 0xe8df4400 gsttask.c:453:gst_task_set_lock setting stream lock 0xe9296d94 on task 0xe9304028
06-06 22:09:47.903  5267  5267 I GStreamer+GST_PADS: 0:00:34.820333164 0xe8df4400 gstpad.c:5987:gst_pad_start_task:<queue3:src> created task 0xe9304028
06-06 22:09:47.903  5267  5267 D GStreamer+GST_PADS: 0:00:34.820353164 0xe8df4400 gstpad.c:5904:do_stream_status:<queue3:src> doing stream-status 0
06-06 22:09:47.903  5267  5267 V GStreamer+GST_MESSAGE: 0:00:34.820377487 0xe8df4400 gstmessage.c:293:gst_message_new_custom source src: creating new message 0xe9012520 stream-status
06-06 22:09:47.903  5267  5267 D GStreamer+GST_PADS: 0:00:34.820399831 0xe8df4400 gstpad.c:5933:do_stream_status:<queue3:src> posting stream-status 0
06-06 22:09:47.903  5267  5267 D GStreamer+GST_BUS: 0:00:34.820419935 0xe8df4400 gstbus.c:309:gst_bus_post:<bus4> [msg 0xe9012520] posting on bus stream-status message: 0xe9012520, time 99:99:99.999999999, seq-num 67, element 'src', GstMessageStreamStatus, type=(GstStreamStatusType)GST_STREAM_STATUS_TYPE_CREATE, owner=(GstElement)"\(GstQueue\)\ queue3", object=(GstTask)"\(GstTask\)\ task0";
06-06 22:09:47.903  5267  5267 D GStreamer+bin: 0:00:34.820480612 0xe8df4400 gstbin.c:3654:gst_bin_handle_message_func:<pipeline0> [msg 0xe9012520] handling child src message of type stream-status
06-06 22:09:47.903  5267  5267 D GStreamer+bin: 0:00:34.820502435 0xe8df4400 gstbin.c:3991:gst_bin_handle_message_func:<pipeline0> posting message upward
06-06 22:09:47.903  5267  5267 D GStreamer+GST_BUS: 0:00:34.820520351 0xe8df4400 gstbus.c:309:gst_bus_post:<bus5> [msg 0xe9012520] posting on bus stream-status message: 0xe9012520, time 99:99:99.999999999, seq-num 67, element 'src', GstMessageStreamStatus, type=(GstStreamStatusType)GST_STREAM_STATUS_TYPE_CREATE, owner=(GstElement)"\(GstQueue\)\ queue3", object=(GstTask)"\(GstTask\)\ task0";
06-06 22:09:47.903  5267  5267 D GStreamer+GST_BUS: 0:00:34.820570091 0xe8df4400 gstbus.c:348:gst_bus_post:<bus5> [msg 0xe9012520] pushing on async queue
06-06 22:09:47.903  5267  5267 V GStreamer+GST_POLL: 0:00:34.820588789 0xe8df4400 gstpoll.c:186:raise_wakeup 0xe925c808: raise
06-06 22:09:47.903  5267  5267 D GStreamer+GST_BUS: 0:00:34.820609570 0xe8df4400 gstbus.c:351:gst_bus_post:<bus5> [msg 0xe9012520] pushed on async queue
06-06 22:09:47.903  5267  5334 V GStreamer+GST_BUS: 0:00:34.820622278 0xe916d800 gstbus.c:513:gst_bus_timed_pop_filtered:<bus5> have 1 messages
06-06 22:09:47.903  5267  5267 D GStreamer+GST_BUS: 0:00:34.820628945 0xe8df4400 gstbus.c:344:gst_bus_post:<bus4> [msg 0xe9012520] dropped
06-06 22:09:47.903  5267  5334 V GStreamer+GST_POLL: 0:00:34.820646497 0xe916d800 gstpoll.c:201:release_wakeup 0xe925c808: release
06-06 22:09:47.903  5267  5267 D GStreamer+task: 0:00:34.820648060 0xe8df4400 gsttask.c:684:gst_task_set_state:<task0> Changing task 0xe9304028 to state 0
06-06 22:09:47.903  5267  5334 D GStreamer+GST_BUS: 0:00:34.820669049 0xe916d800 gstbus.c:521:gst_bus_timed_pop_filtered:<bus5> got message 0xe9012520, stream-status from src, type mask is 4294967295
06-06 22:09:47.903  5267  5334 D GStreamer+GST_BUS: 0:00:34.820696185 0xe916d800 gstbus.c:789:gst_bus_source_dispatch:<bus5> source 0xe9302a00 calling dispatch with stream-status message: 0xe9012520, time 99:99:99.999999999, seq-num 67, element 'src', GstMessageStreamStatus, type=(GstStreamStatusType)GST_STREAM_STATUS_TYPE_CREATE, owner=(GstElement)"\(GstQueue\)\ queue3", object=(GstTask)"\(GstTask\)\ task0";
06-06 22:09:47.903  5267  5267 D GStreamer+GST_PADS: 0:00:34.820742487 0xe8df4400 gstpad.c:1188:activate_mode_internal:<queue3:src> activated in push mode
06-06 22:09:47.903  5267  5334 V GStreamer+GST_MESSAGE: 0:00:34.820773633 0xe916d800 gstmessage.c:200:_gst_message_free finalize message 0xe9012520, stream-status from src
06-06 22:09:47.903  5267  5267 D GStreamer+GST_PADS: 0:00:34.820777435 0xe8df4400 gstpad.c:1063:gst_pad_set_active:<queue3:sink> activating pad from none
06-06 22:09:47.903  5267  5345 D GStreamer+task: 0:00:34.820767747 0xe900d430 gsttask.c:289:gst_task_func Entering task 0xe9304028, thread 0xe900d430
06-06 22:09:47.903  5267  5334 D GStreamer+GST_BUS: 0:00:34.820809570 0xe916d800 gstbus.c:794:gst_bus_source_dispatch:<bus5> source 0xe9302a00 handler returns 1
06-06 22:09:47.903  5267  5267 D GStreamer+GST_PADS: 0:00:34.820821862 0xe8df4400 gstpad.c:979:pre_activate:<queue3:sink> setting pad into push mode, unset flushing
06-06 22:09:47.903  5267  5345 D GStreamer+GST_PADS: 0:00:34.820821133 0xe900d430 gstpad.c:5904:do_stream_status:<queue3:src> doing stream-status 1
06-06 22:09:47.903  5267  5267 D GStreamer+GST_PADS: 0:00:34.820848789 0xe8df4400 gstpad.c:1188:activate_mode_internal:<queue3:sink> activated in push mode
06-06 22:09:47.904  5267  5267 D GStreamer+GST_ELEMENT_PADS: 0:00:34.820877643 0xe8df4400 gstelement.c:2814:gst_element_pads_activate:<queue3> pad activation successful
06-06 22:09:47.904  5267  5345 V GStreamer+GST_MESSAGE: 0:00:34.820876028 0xe900d430 gstmessage.c:293:gst_message_new_custom source src: creating new message 0xe92be6d8 stream-status
06-06 22:09:47.904  5267  5267 D GStreamer+GST_STATES: 0:00:34.820906133 0xe8df4400 gstelement.c:2686:gst_element_change_state:<queue3> element changed state SUCCESS
06-06 22:09:47.904  5267  5345 D GStreamer+GST_PADS: 0:00:34.820913112 0xe900d430 gstpad.c:5933:do_stream_status:<queue3:src> posting stream-status 1
06-06 22:09:47.904  5267  5267 I GStreamer+GST_STATES: 0:00:34.820925768 0xe8df4400 gstelement.c:2374:gst_element_continue_state:<queue3> completed state change to PAUSED
06-06 22:09:47.904  5267  5267 I GStreamer+GST_STATES: 0:00:34.820946028 0xe8df4400 gstelement.c:2279:_priv_gst_element_state_changed:<queue3> notifying about state-changed READY to PAUSED (VOID_PENDING pending)
06-06 22:09:47.904  5267  5267 V GStreamer+GST_MESSAGE: 0:00:34.820970612 0xe8df4400 gstmessage.c:293:gst_message_new_custom source queue3: creating new message 0xe9012578 state-changed
06-06 22:09:47.904  5267  5267 D GStreamer+GST_BUS: 0:00:34.820990976 0xe8df4400 gstbus.c:309:gst_bus_post:<bus4> [msg 0xe9012578] posting on bus state-changed message: 0xe9012578, time 99:99:99.999999999, seq-num 69, element 'queue3', GstMessageStateChanged, old-state=(GstState)GST_STATE_READY, new-state=(GstState)GST_STATE_PAUSED, pending-state=(GstState)GST_STATE_VOID_PENDING;
06-06 22:09:47.904  5267  5267 D GStreamer+bin: 0:00:34.821034726 0xe8df4400 gstbin.c:3654:gst_bin_handle_message_func:<pipeline0> [msg 0xe9012578] handling child queue3 message of type state-changed
06-06 22:09:47.904  5267  5267 D GStreamer+bin: 0:00:34.821056289 0xe8df4400 gstbin.c:3991:gst_bin_handle_message_func:<pipeline0> posting message upward
06-06 22:09:47.904  5267  5267 D GStreamer+GST_BUS: 0:00:34.821073476 0xe8df4400 gstbus.c:309:gst_bus_post:<bus5> [msg 0xe9012578] posting on bus state-changed message: 0xe9012578, time 99:99:99.999999999, seq-num 69, element 'queue3', GstMessageStateChanged, old-state=(GstState)GST_STATE_READY, new-state=(GstState)GST_STATE_PAUSED, pending-state=(GstState)GST_STATE_VOID_PENDING;
06-06 22:09:47.904  5267  5267 D GStreamer+GST_BUS: 0:00:34.821115872 0xe8df4400 gstbus.c:348:gst_bus_post:<bus5> [msg 0xe9012578] pushing on async queue
06-06 22:09:47.904  5267  5267 V GStreamer+GST_POLL: 0:00:34.821135612 0xe8df4400 gstpoll.c:186:raise_wakeup 0xe925c808: raise
06-06 22:09:47.904  5267  5345 D GStreamer+GST_BUS: 0:00:34.821101341 0xe900d430 gstbus.c:309:gst_bus_post:<bus4> [msg 0xe92be6d8] posting on bus stream-status message: 0xe92be6d8, time 99:99:99.999999999, seq-num 68, element 'src', GstMessageStreamStatus, type=(GstStreamStatusType)GST_STREAM_STATUS_TYPE_ENTER, owner=(GstElement)"\(GstQueue\)\ queue3", object=(GstTask)"\(GstTask\)\ queue3:src";
06-06 22:09:47.904  5267  5267 D GStreamer+GST_BUS: 0:00:34.821157747 0xe8df4400 gstbus.c:351:gst_bus_post:<bus5> [msg 0xe9012578] pushed on async queue
06-06 22:09:47.904  5267  5334 V GStreamer+GST_BUS: 0:00:34.821170820 0xe916d800 gstbus.c:513:gst_bus_timed_pop_filtered:<bus5> have 1 messages
06-06 22:09:47.904  5267  5267 D GStreamer+GST_BUS: 0:00:34.821178216 0xe8df4400 gstbus.c:344:gst_bus_post:<bus4> [msg 0xe9012578] dropped
06-06 22:09:47.904  5267  5345 D GStreamer+bin: 0:00:34.821177435 0xe900d430 gstbin.c:3654:gst_bin_handle_message_func:<pipeline0> [msg 0xe92be6d8] handling child src message of type stream-status
06-06 22:09:47.904  5267  5334 V GStreamer+GST_POLL: 0:00:34.821198841 0xe916d800 gstpoll.c:201:release_wakeup 0xe925c808: release
06-06 22:09:47.904  5267  5267 V GStreamer+GST_STATES: 0:00:34.821209362 0xe8df4400 gstelement.c:2702:gst_element_change_state:<queue3> exit state change 1
06-06 22:09:47.904  5267  5345 D GStreamer+bin: 0:00:34.821217695 0xe900d430 gstbin.c:3991:gst_bin_handle_message_func:<pipeline0> posting message upward
06-06 22:09:47.904  5267  5267 D GStreamer+GST_STATES: 0:00:34.821228476 0xe8df4400 gstelement.c:2609:gst_element_set_state_func:<queue3> returned SUCCESS
06-06 22:09:47.904  5267  5334 D GStreamer+GST_BUS: 0:00:34.821222643 0xe916d800 gstbus.c:521:gst_bus_timed_pop_filtered:<bus5> got message 0xe9012578, state-changed from queue3, type mask is 4294967295
06-06 22:09:47.904  5267  5267 I GStreamer+GST_STATES: 0:00:34.821255091 0xe8df4400 gstbin.c:2892:gst_bin_change_state_func:<pipeline0> child 'queue3' changed state to 3(PAUSED) successfully
06-06 22:09:47.904  5267  5267 D GStreamer+bin: 0:00:34.821285612 0xe8df4400 gstbin.c:2310:gst_bin_sort_iterator_next:<pipeline0> queue head gives forhalffps
06-06 22:09:47.904  5267  5334 D GStreamer+GST_BUS: 0:00:34.821258633 0xe916d800 gstbus.c:789:gst_bus_source_dispatch:<bus5> source 0xe9302a00 calling dispatch with state-changed message: 0xe9012578, time 99:99:99.999999999, seq-num 69, element 'queue3', GstMessageStateChanged, old-state=(GstState)GST_STATE_READY, new-state=(GstState)GST_STATE_PAUSED, pending-state=(GstState)GST_STATE_VOID_PENDING;
06-06 22:09:47.904  5267  5267 V GStreamer+bin: 0:00:34.821304726 0xe8df4400 gstbin.c:889:message_check looking at message 0xe8ffb388: 0
06-06 22:09:47.904  5267  5334 V GStreamer+GST_MESSAGE: 0:00:34.821318008 0xe916d800 gstmessage.c:200:_gst_message_free finalize message 0xe9012578, state-changed from queue3
06-06 22:09:47.904  5267  5267 V GStreamer+bin: 0:00:34.821321341 0xe8df4400 gstbin.c:889:message_check looking at message 0xe8ffb2d8: 0
06-06 22:09:47.904  5267  5267 D GStreamer+bin: 0:00:34.821343997 0xe8df4400 gstbin.c:911:find_message:<pipeline0> no message found matching types 00001000
06-06 22:09:47.904  5267  5334 D GStreamer+GST_BUS: 0:00:34.821345299 0xe916d800 gstbus.c:794:gst_bus_source_dispatch:<bus5> source 0xe9302a00 handler returns 1
06-06 22:09:47.904  5267  5267 D GStreamer+bin: 0:00:34.821367383 0xe8df4400 gstbin.c:918:find_message:<pipeline0>   structure-change
06-06 22:09:47.904  5267  5267 D GStreamer+bin: 0:00:34.821388164 0xe8df4400 gstbin.c:2226:update_degree:<pipeline0> change element queue1, degree 1->0, linked to forhalffps
06-06 22:09:47.904  5267  5267 D GStreamer+bin: 0:00:34.821408789 0xe8df4400 gstbin.c:2109:add_to_queue:<pipeline0> adding 'queue1' to queue
06-06 22:09:47.904  5267  5267 I GStreamer+GST_STATES: 0:00:34.821428424 0xe8df4400 gstbin.c:2444:gst_bin_element_set_state:<forhalffps> current READY pending VOID_PENDING, desired next PAUSED
06-06 22:09:47.904  5267  5267 V GStreamer+bin: 0:00:34.821448841 0xe8df4400 gstbin.c:889:message_check looking at message 0xe8ffb388: 0
06-06 22:09:47.904  5267  5267 V GStreamer+bin: 0:00:34.821466133 0xe8df4400 gstbin.c:889:message_check looking at message 0xe8ffb2d8: 0
06-06 22:09:47.904  5267  5345 D GStreamer+GST_BUS: 0:00:34.821239153 0xe900d430 gstbus.c:309:gst_bus_post:<bus5> [msg 0xe92be6d8] posting on bus stream-status message: 0xe92be6d8, time 99:99:99.999999999, seq-num 68, element 'src', GstMessageStreamStatus, type=(GstStreamStatusType)GST_STREAM_STATUS_TYPE_ENTER, owner=(GstElement)"\(GstQueue\)\ queue3", object=(GstTask)"\(GstTask\)\ queue3:src";
06-06 22:09:47.904  5267  5267 D GStreamer+bin: 0:00:34.821485976 0xe8df4400 gstbin.c:911:find_message:<pipeline0> no message found matching types 00100000
06-06 22:09:47.904  5267  5267 D GStreamer+bin: 0:00:34.821507747 0xe8df4400 gstbin.c:918:find_message:<pipeline0>   async-start
06-06 22:09:47.904  5267  5345 D GStreamer+GST_BUS: 0:00:34.821507070 0xe900d430 gstbus.c:348:gst_bus_post:<bus5> [msg 0xe92be6d8] pushing on async queue
06-06 22:09:47.904  5267  5345 V GStreamer+GST_POLL: 0:00:34.821531810 0xe900d430 gstpoll.c:186:raise_wakeup 0xe925c808: raise
06-06 22:09:47.904  5267  5267 D GStreamer+bin: 0:00:34.821527851 0xe8df4400 gstbin.c:2539:gst_bin_element_set_state:<pipeline0> setting element forhalffps to PAUSED, base_time 0:00:00.000000000
06-06 22:09:47.904  5267  5267 D GStreamer+GST_STATES: 0:00:34.821555664 0xe8df4400 gstelement.c:2525:gst_element_set_state_func:<forhalffps> set_state to PAUSED
06-06 22:09:47.904  5267  5345 D GStreamer+GST_BUS: 0:00:34.821558112 0xe900d430 gstbus.c:351:gst_bus_post:<bus5> [msg 0xe92be6d8] pushed on async queue
06-06 22:09:47.904  5267  5334 V GStreamer+GST_BUS: 0:00:34.821569570 0xe916d800 gstbus.c:513:gst_bus_timed_pop_filtered:<bus5> have 1 messages
06-06 22:09:47.904  5267  5267 D GStreamer+GST_STATES: 0:00:34.821578372 0xe8df4400 gstelement.c:2550:gst_element_set_state_func:<forhalffps> setting target state to PAUSED
06-06 22:09:47.904  5267  5345 D GStreamer+GST_BUS: 0:00:34.821585039 0xe900d430 gstbus.c:344:gst_bus_post:<bus4> [msg 0xe92be6d8] dropped
06-06 22:09:47.904  5267  5334 V GStreamer+GST_POLL: 0:00:34.821593268 0xe916d800 gstpoll.c:201:release_wakeup 0xe925c808: release
06-06 22:09:47.904  5267  5267 D GStreamer+GST_STATES: 0:00:34.821599206 0xe8df4400 gstelement.c:2563:gst_element_set_state_func:<forhalffps> current READY, old_pending VOID_PENDING, next VOID_PENDING, old return SUCCESS
06-06 22:09:47.904  5267  5345 D GStreamer+task: 0:00:34.821611497 0xe900d430 gsttask.c:251:gst_task_configure_name:<queue3:src> Setting thread name to 'queue3:src'
06-06 22:09:47.904  5267  5334 D GStreamer+GST_BUS: 0:00:34.821615351 0xe916d800 gstbus.c:521:gst_bus_timed_pop_filtered:<bus5> got message 0xe92be6d8, stream-status from src, type mask is 4294967295
06-06 22:09:47.904  5267  5345 D GStreamer+queue_dataflow: 0:00:34.821641966 0xe900d430 gstqueue.c:1488:gst_queue_loop:<queue3> queue is empty
06-06 22:09:47.904  5267  5267 D GStreamer+GST_STATES: 0:00:34.821625612 0xe8df4400 gstelement.c:2597:gst_element_set_state_func:<forhalffps> final: setting state from READY to PAUSED
