06-06 22:09:48.020  5267  5334 V GStreamer+GST_BUS: 0:00:34.937651185 0xe916d800 gstbus.c:513:gst_bus_timed_pop_filtered:<bus5> have 1 messages
06-06 22:09:48.020  5267  5334 V GStreamer+GST_POLL: 0:00:34.937676549 0xe916d800 gstpoll.c:201:release_wakeup 0xe925c808: release
06-06 22:09:48.020  5267  5348 D GStreamer+GST_BUS: 0:00:34.937672226 0xe900d520 gstbus.c:344:gst_bus_post:<bus0> [msg 0xe930a908] dropped
06-06 22:09:48.020  5267  5348 V GStreamer+GST_STATES: 0:00:34.937700976 0xe900d520 gstelement.c:2702:gst_element_change_state:<h264parse0> exit state change 1
06-06 22:09:48.020  5267  5334 D GStreamer+GST_BUS: 0:00:34.937704466 0xe916d800 gstbus.c:521:gst_bus_timed_pop_filtered:<bus5> got message 0xe930a908, state-changed from h264parse0, type mask is 4294967295
06-06 22:09:48.020  5267  5348 D GStreamer+GST_STATES: 0:00:34.937737383 0xe900d520 gstelement.c:2609:gst_element_set_state_func:<h264parse0> returned SUCCESS
06-06 22:09:48.020  5267  5348 V GStreamer+GST_BUFFER: 0:00:34.937780924 0xe900d520 gstbuffer.c:1649:gst_buffer_map_range buffer 0xe930e498, idx 0, length -1, flags 0001
06-06 22:09:48.020  5267  5334 D GStreamer+GST_BUS: 0:00:34.937761497 0xe916d800 gstbus.c:789:gst_bus_source_dispatch:<bus5> source 0xe9302a00 calling dispatch with state-changed message: 0xe930a908, time 99:99:99.999999999, seq-num 133, element 'h264parse0', GstMessageStateChanged, old-state=(GstState)GST_STATE_NULL, new-state=(GstState)GST_STATE_READY, pending-state=(GstState)GST_STATE_VOID_PENDING;
06-06 22:09:48.020  5267  5348 V GStreamer+GST_BUFFER: 0:00:34.937808372 0xe900d520 gstbuffer.c:212:_get_merged_memory buffer 0xe930e498, idx 0, length 1
06-06 22:09:48.020  5267  5334 V GStreamer+GST_MESSAGE: 0:00:34.937828737 0xe916d800 gstmessage.c:200:_gst_message_free finalize message 0xe930a908, state-changed from h264parse0
06-06 22:09:48.020  5267  5348 D GStreamer+GST_CAPS: 0:00:34.937762799 0xe900d520 gstutils.c:2955:gst_pad_query_accept_caps:<h264parse0:sink> accept caps of video/x-h264, stream-format=(string)avc, alignment=(string)au, level=(string)4, profile=(string)baseline, codec_data=(buffer)01428028ffe1000a27428028e54028016b2001000528de01ae20, width=(int)1280, height=(int)1440, framerate=(fraction)151/3, pixel-aspect-ratio=(fraction)1/1
06-06 22:09:48.020  5267  5334 D GStreamer+GST_BUS: 0:00:34.937852487 0xe916d800 gstbus.c:794:gst_bus_source_dispatch:<bus5> source 0xe9302a00 handler returns 1
06-06 22:09:48.021  5267  5348 D GStreamer+query: 0:00:34.937888372 0xe900d520 gstquery.c:674:gst_query_new_custom creating new query 0xe91b8430 accept-caps
06-06 22:09:48.021  5267  5348 D GStreamer+GST_PADS: 0:00:34.937908320 0xe900d520 gstpad.c:3922:gst_pad_query:<h264parse0:sink> doing query 0xe91b8430 (accept-caps)
06-06 22:09:48.021  5267  5349 D GStreamer+qtdemux: 0:00:34.937920143 0xe900d580 qtdemux.c:8221:qtdemux_parse_samples:<q> sample 12: index 0, timestamp 0:00:00.258666666
06-06 22:09:48.021  5267  5348 D GStreamer+baseparse: 0:00:34.937932487 0xe900d520 gstbaseparse.c:1557:gst_base_parse_sink_query:<h264parse0> accept-caps query
06-06 22:09:48.021  5267  5349 D GStreamer+qtdemux: 0:00:34.937952174 0xe900d580 qtdemux.c:8276:qtdemux_parse_samples:<q> samples at 12 is keyframe
06-06 22:09:48.021  5267  5348 V GStreamer+GST_BUFFER: 0:00:34.937973893 0xe900d520 gstbuffer.c:1649:gst_buffer_map_range buffer 0xe930e498, idx 0, length -1, flags 0001
06-06 22:09:48.021  5267  5349 V GStreamer+qtdemux: 0:00:34.937986080 0xe900d580 qtdemux.c:5655:gst_qtdemux_loop:<q> loop at position 15003960, state 2
06-06 22:09:48.021  5267  5348 V GStreamer+GST_BUFFER: 0:00:34.937996185 0xe900d520 gstbuffer.c:212:_get_merged_memory buffer 0xe930e498, idx 0, length 1
06-06 22:09:48.021  5267  5349 V GStreamer+qtdemux: 0:00:34.938009987 0xe900d580 qtdemux.c:4750:gst_qtdemux_prepare_current_sample:<q> segment active, index = 23 of 299
06-06 22:09:48.021  5267  5349 V GStreamer+qtdemux: 0:00:34.938033112 0xe900d580 qtdemux.c:8003:qtdemux_parse_samples:<q> parsing samples for stream fourcc mp4a, pad audio_0
06-06 22:09:48.021  5267  5348 D GStreamer+GST_PADS: 0:00:34.937953685 0xe900d520 gstpad.c:3059:gst_pad_query_accept_caps_default:<h264parse0:sink> query accept-caps accept-caps query: 0xe91b8430, GstQueryAcceptCaps, caps=(GstCaps)"video/x-h264\,\ stream-format\=\(string\)avc\,\ alignment\=\(string\)au\,\ level\=\(string\)4\,\ profile\=\(string\)baseline\,\ codec_data\=\(buffer\)01428028ffe1000a27428028e54028016b2001000528de01ae20\,\ width\=\(int\)1280\,\ height\=\(int\)1440\,\ framerate\=\(fraction\)151/3\,\ pixel-aspect-ratio\=\(fraction\)1/1", result=(boolean)false;
06-06 22:09:48.021  5267  5349 V GStreamer+qtdemux: 0:00:34.938062903 0xe900d580 qtdemux.c:8385:qtdemux_parse_samples:<q> Tried to parse up to sample 23 but this sample has already been parsed
06-06 22:09:48.021  5267  5348 D GStreamer+GST_PERFORMANCE: 0:00:34.938082903 0xe900d520 gstpad.c:3074:gst_pad_query_accept_caps_default:<h264parse0:sink> fallback ACCEPT_CAPS query, consider implementing a specialized version
06-06 22:09:48.021  5267  5349 D GStreamer+qtdemux: 0:00:34.938089049 0xe900d580 qtdemux.c:5512:gst_qtdemux_loop_state_movie:<q> pushing from stream 1, empty 0 offset 604076, size 144, dts=0:00:00.552000000, pts=0:00:00.552000000, duration 0:00:00.024000000
06-06 22:09:48.021  5267  5348 V GStreamer+GST_BUFFER: 0:00:34.938123060 0xe900d520 gstbuffer.c:1649:gst_buffer_map_range buffer 0xe930e498, idx 0, length -1, flags 0001
06-06 22:09:48.021  5267  5349 V GStreamer+qtdemux: 0:00:34.938129518 0xe900d580 qtdemux.c:5566:gst_qtdemux_loop_state_movie:<q> reading 144 bytes @ 604076
06-06 22:09:48.021  5267  5348 V GStreamer+GST_BUFFER: 0:00:34.938149101 0xe900d520 gstbuffer.c:212:_get_merged_memory buffer 0xe930e498, idx 0, length 1
06-06 22:09:48.021  5267  5349 V GStreamer+GST_SCHEDULING: 0:00:34.938155403 0xe900d580 gstpad.c:4654:gst_pad_get_range_unchecked:<filesrc0:src> calling getrangefunc gst_base_src_getrange, offset 604076, size 144
06-06 22:09:48.021  5267  5349 D GStreamer+basesrc: 0:00:34.938182174 0xe900d580 gstbasesrc.c:2354:gst_base_src_update_length:<filesrc0> reading offset 604076, length 144, size 15003960, segment.stop -1, maxsize 15003960
06-06 22:09:48.021  5267  5348 D GStreamer+GST_PADS: 0:00:34.938107591 0xe900d520 gstpad.c:3085:gst_pad_query_accept_caps_default:<h264parse0:sink> allowed caps intersect video/x-h264, caps video/x-h264, stream-format=(string)avc, alignment=(string)au, level=(string)4, profile=(string)baseline, codec_data=(buffer)01428028ffe1000a27428028e54028016b2001000528de01ae20, width=(int)1280, height=(int)1440, framerate=(fraction)151/3, pixel-aspect-ratio=(fraction)1/1
06-06 22:09:48.021  5267  5349 D GStreamer+basesrc: 0:00:34.938212226 0xe900d580 gstbasesrc.c:2455:gst_base_src_get_range:<filesrc0> calling create offset 604076 length 144, time 0
06-06 22:09:48.021  5267  5348 D GStreamer+GST_PADS: 0:00:34.938218685 0xe900d520 gstpad.c:3367:gst_pad_query_default:<h264parse0:sink> not forwarding 0xe91b8430 (accept-caps) query
06-06 22:09:48.021  5267  5349 D GStreamer+GST_MEMORY: 0:00:34.938240924 0xe900d580 gstmemory.c:138:gst_memory_init new memory 0xe933def0, maxsize:147 offset:0 size:144
06-06 22:09:48.021  5267  5348 V GStreamer+GST_BUFFER: 0:00:34.938265976 0xe900d520 gstbuffer.c:1649:gst_buffer_map_range buffer 0xe930e498, idx 0, length -1, flags 0001
06-06 22:09:48.021  5267  5349 V GStreamer+GST_BUFFER: 0:00:34.938271966 0xe900d580 gstbuffer.c:727:gst_buffer_new new 0xe93970f0
06-06 22:09:48.021  5267  5348 V GStreamer+GST_BUFFER: 0:00:34.938289049 0xe900d520 gstbuffer.c:212:_get_merged_memory buffer 0xe930e498, idx 0, length 1
06-06 22:09:48.021  5267  5349 V GStreamer+GST_BUFFER: 0:00:34.938291133 0xe900d580 gstbuffer.c:342:_memory_add buffer 0xe93970f0, idx -1, mem 0xe933def0
06-06 22:09:48.021  5267  5349 V GStreamer+GST_BUFFER: 0:00:34.938320299 0xe900d580 gstbuffer.c:783:gst_buffer_new_allocate new buffer 0xe93970f0 of size 144 from allocator 0x0
06-06 22:09:48.021  5267  5349 V GStreamer+GST_BUFFER: 0:00:34.938341133 0xe900d580 gstbuffer.c:1649:gst_buffer_map_range buffer 0xe93970f0, idx 0, length -1, flags 0002
06-06 22:09:48.021  5267  5348 V GStreamer+baseparse: 0:00:34.938244466 0xe900d520 gstbaseparse.c:1565:gst_base_parse_sink_query:<h264parse0> accept-caps query result: 1 accept-caps query: 0xe91b8430, GstQueryAcceptCaps, caps=(GstCaps)"video/x-h264\,\ stream-format\=\(string\)avc\,\ alignment\=\(string\)au\,\ level\=\(string\)4\,\ profile\=\(string\)baseline\,\ codec_data\=\(buffer\)01428028ffe1000a27428028e54028016b2001000528de01ae20\,\ width\=\(int\)1280\,\ height\=\(int\)1440\,\ framerate\=\(fraction\)151/3\,\ pixel-aspect-ratio\=\(fraction\)1/1", result=(boolean)true;
06-06 22:09:48.021  5267  5349 V GStreamer+GST_BUFFER: 0:00:34.938367122 0xe900d580 gstbuffer.c:212:_get_merged_memory buffer 0xe93970f0, idx 0, length 1
06-06 22:09:48.021  5267  5348 D GStreamer+GST_PADS: 0:00:34.938378268 0xe900d520 gstpad.c:3945:gst_pad_query:<h264parse0:sink> sent query 0xe91b8430 (accept-caps), result 1
06-06 22:09:48.021  5267  5349 V GStreamer+filesrc: 0:00:34.938390143 0xe900d580 gstfilesrc.c:360:gst_file_src_fill:<filesrc0> Reading 144 bytes at offset 0x937ac
06-06 22:09:48.021  5267  5348 D GStreamer+default: 0:00:34.938401914 0xe900d520 gstutils.c:2960:gst_pad_query_accept_caps:<h264parse0:sink> query returned 1
06-06 22:09:48.021  5267  5349 D GStreamer+basesrc: 0:00:34.938416653 0xe900d580 gstbasesrc.c:2309:gst_base_src_do_sync:<filesrc0> we have no clock
06-06 22:09:48.021  5267  5348 V GStreamer+decodebin: 0:00:34.938424310 0xe900d520 gstdecodebin2.c:2379:connect_pad:<forhwgl> linked on pad typefind:src
06-06 22:09:48.021  5267  5349 D GStreamer+basesrc: 0:00:34.938437278 0xe900d580 gstbasesrc.c:2519:gst_base_src_get_range:<filesrc0> buffer ok
06-06 22:09:48.021  5267  5348 V GStreamer+decodebin: 0:00:34.938444883 0xe900d520 gstdecodebin2.c:2381:connect_pad:<forhwgl> locking chain 0xe924f018 from thread 0xe900d520
06-06 22:09:48.021  5267  5348 V GStreamer+decodebin: 0:00:34.938466705 0xe900d520 gstdecodebin2.c:2381:connect_pad:<forhwgl> locked chain 0xe924f018 from thread 0xe900d520
06-06 22:09:48.021  5267  5349 V GStreamer+qtdemux: 0:00:34.938455872 0xe900d580 qtdemux.c:5277:gst_qtdemux_decorate_and_push_buffer:<q> Pushing buffer with dts 0:00:00.552000000, pts 0:00:00.552000000, duration 0:00:00.024000000 on pad audio_0
06-06 22:09:48.021  5267  5348 V GStreamer+decodebin: 0:00:34.938495612 0xe900d520 gstdecodebin2.c:2425:connect_pad:<forhwgl> unlocking chain 0xe924f018 from thread 0xe900d520
06-06 22:09:48.021  5267  5349 D GStreamer+GST_SCHEDULING: 0:00:34.938497643 0xe900d580 gstpad.c:4193:gst_pad_chain_data_unchecked:<queue2:sink> calling chainfunction &gst_queue_chain with buffer buffer: 0xe93970f0, pts 0:00:00.552000000, dts 0:00:00.552000000, dur 0:00:00.024000000, size 144, offset none, offset_end none, flags 0x0
06-06 22:09:48.021  5267  5348 D GStreamer+decodebin: 0:00:34.938526914 0xe900d520 gstdecodebin2.c:2688:connect_element:<forhwgl> Attempting to connect element h264parse0 [chain:0xe924f018] further
06-06 22:09:48.021  5267  5348 D GStreamer+decodebin: 0:00:34.938558997 0xe900d520 gstdecodebin2.c:2701:connect_element:<forhwgl> got a source pad template src
06-06 22:09:48.021  5267  5349 V GStreamer+queue_dataflow: 0:00:34.938555716 0xe900d580 gstqueue.c:1181:gst_queue_chain_buffer_or_list:<queue2> received buffer 0xe93970f0 of size 144, time 0:00:00.552000000, duration 0:00:00.024000000
06-06 22:09:48.021  5267  5348 I GStreamer+GST_ELEMENT_PADS: 0:00:34.938587591 0xe900d520 gstelement.c:909:gst_element_get_static_pad found pad h264parse0:src
06-06 22:09:48.021  5267  5349 V GStreamer+queue: 0:00:34.938598424 0xe900d580 gstqueue.c:633:apply_buffer:<queue2> sink position updated to 0:00:00.576000000
06-06 22:09:48.021  5267  5348 D GStreamer+decodebin: 0:00:34.938606549 0xe900d520 gstdecodebin2.c:2712:connect_element:<forhwgl> got the pad for always template src
06-06 22:09:48.021  5267  5349 V GStreamer+queue: 0:00:34.938623320 0xe900d580 gstqueue.c:529:update_time_level:<queue2> update sink time
06-06 22:09:48.021  5267  5348 D GStreamer+GST_CAPS: 0:00:34.938628893 0xe900d520 gstpad.c:2672:gst_pad_get_current_caps:<h264parse0:src> get current pad caps (NULL)
06-06 22:09:48.021  5267  5349 V GStreamer+queue: 0:00:34.938640455 0xe900d580 gstqueue.c:547:update_time_level:<queue2> sink +0:00:00.576000000, src +0:00:00.000000000
06-06 22:09:48.021  5267  5348 D GStreamer+GST_CAPS: 0:00:34.938649987 0xe900d520 gstutils.c:2872:gst_pad_query_caps:<h264parse0:src> get pad caps with filter (NULL)
06-06 22:09:48.021  5267  5348 D GStreamer+query: 0:00:34.938675768 0xe900d520 gstquery.c:674:gst_query_new_custom creating new query 0xe91b8460 caps
06-06 22:09:48.021  5267  5349 D GStreamer+GST_SCHEDULING: 0:00:34.938671341 0xe900d580 gstpad.c:4199:gst_pad_chain_data_unchecked:<queue2:sink> called chainfunction &gst_queue_chain with buffer 0xe93970f0, returned ok
06-06 22:09:48.021  5267  5348 D GStreamer+GST_PADS: 0:00:34.938701966 0xe900d520 gstpad.c:3922:gst_pad_query:<h264parse0:src> doing query 0xe91b8460 (caps)
06-06 22:09:48.021  5267  5349 V GStreamer+qtdemux: 0:00:34.938705143 0xe900d580 qtdemux.c:4949:gst_qtdemux_combine_flows:<q> flow return: ok
06-06 22:09:48.021  5267  5349 V GStreamer+qtdemux: 0:00:34.938740768 0xe900d580 qtdemux.c:4957:gst_qtdemux_combine_flows:<q> combined flow return: ok
06-06 22:09:48.021  5267  5348 D GStreamer+baseparse: 0:00:34.938739778 0xe900d520 gstbaseparse.c:1581:gst_base_parse_src_query:<h264parse0> caps query: caps query: 0xe91b8460, GstQueryCaps, filter=(GstCaps)"NULL", caps=(GstCaps)"NULL";
06-06 22:09:48.021  5267  5349 V GStreamer+qtdemux: 0:00:34.938768789 0xe900d580 qtdemux.c:8003:qtdemux_parse_samples:<q> parsing samples for stream fourcc mp4a, pad audio_0
06-06 22:09:48.021  5267  5348 D GStreamer+GST_CAPS: 0:00:34.938780403 0xe900d520 gstpad.c:3112:gst_pad_query_caps_default:<h264parse0:src> query caps caps query: 0xe91b8460, GstQueryCaps, filter=(GstCaps)"NULL", caps=(GstCaps)"NULL";
06-06 22:09:48.021  5267  5349 D GStreamer+qtdemux: 0:00:34.938792070 0xe900d580 qtdemux.c:8014:qtdemux_parse_samples:<q> parsing up to sample 24
06-06 22:09:48.021  5267  5348 D GStreamer+GST_CAPS: 0:00:34.938816341 0xe900d520 gstpad.c:3129:gst_pad_query_caps_default:<h264parse0:src> fixed pad caps: trying pad caps
06-06 22:09:48.021  5267  5349 V GStreamer+qtdemux: 0:00:34.938817435 0xe900d580 qtdemux.c:8040:qtdemux_parse_samples:<q> sample 24 has size 144
06-06 22:09:48.021  5267  5348 D GStreamer+GST_CAPS: 0:00:34.938841341 0xe900d520 gstpad.c:3135:gst_pad_query_caps_default:<h264parse0:src> trying pad template caps
06-06 22:09:48.021  5267  5349 V GStreamer+qtdemux: 0:00:34.938843580 0xe900d580 qtdemux.c:8164:qtdemux_parse_samples:<q> creating entry 24 with offset 647017 and size 144
06-06 22:09:48.022  5267  5348 D GStreamer+GST_CAPS: 0:00:34.938859883 0xe900d520 gstpad.c:3165:gst_pad_query_caps_default:<h264parse0:src> using caps 0xe8f1de00 video/x-h264, parsed=(boolean)true, stream-format=(string){ avc, avc3, byte-stream }, alignment=(string){ au, nal }
06-06 22:09:48.022  5267  5349 D GStreamer+qtdemux: 0:00:34.938874101 0xe900d580 qtdemux.c:8221:qtdemux_parse_samples:<q> sample 24: index 24, timestamp 0:00:00.576000000
06-06 22:09:48.022  5267  5349 D GStreamer+qtdemux: 0:00:34.938908372 0xe900d580 qtdemux.c:8321:qtdemux_parse_samples:<q> setting all keyframes
06-06 22:09:48.022  5267  5348 D GStreamer+GST_PADS: 0:00:34.938904883 0xe900d520 gstpad.c:3367:gst_pad_query_default:<h264parse0:src> not forwarding 0xe91b8460 (caps) query
06-06 22:09:48.022  5267  5349 V GStreamer+qtdemux: 0:00:34.938931705 0xe900d580 qtdemux.c:5655:gst_qtdemux_loop:<q> loop at position 15003960, state 2
06-06 22:09:48.022  5267  5348 V GStreamer+baseparse: 0:00:34.938933268 0xe900d520 gstbaseparse.c:1589:gst_base_parse_src_query:<h264parse0> caps query result: 1 caps query: 0xe91b8460, GstQueryCaps, filter=(GstCaps)"NULL", caps=(GstCaps)"video/x-h264\,\ parsed\=\(boolean\)true\,\ stream-format\=\(string\)\{\ avc\,\ avc3\,\ byte-stream\ \}\,\ alignment\=\(string\)\{\ au\,\ nal\ \}";
06-06 22:09:48.022  5267  5349 V GStreamer+qtdemux: 0:00:34.938962955 0xe900d580 qtdemux.c:4750:gst_qtdemux_prepare_current_sample:<q> segment active, index = 12 of 361
06-06 22:09:48.022  5267  5348 D GStreamer+GST_PADS: 0:00:34.938987278 0xe900d520 gstpad.c:3945:gst_pad_query:<h264parse0:src> sent query 0xe91b8460 (caps), result 1
06-06 22:09:48.022  5267  5349 V GStreamer+qtdemux: 0:00:34.938988997 0xe900d580 qtdemux.c:8003:qtdemux_parse_samples:<q> parsing samples for stream fourcc avc1, pad video_0
06-06 22:09:48.022  5267  5349 V GStreamer+qtdemux: 0:00:34.939020039 0xe900d580 qtdemux.c:8385:qtdemux_parse_samples:<q> Tried to parse up to sample 12 but this sample has already been parsed
06-06 22:09:48.022  5267  5348 D GStreamer+GST_CAPS: 0:00:34.939019674 0xe900d520 gstutils.c:2879:gst_pad_query_caps:<h264parse0:src> query returned video/x-h264, parsed=(boolean)true, stream-format=(string){ avc, avc3, byte-stream }, alignment=(string){ au, nal }
06-06 22:09:48.022  5267  5348 D GStreamer+decodebin: 0:00:34.939058060 0xe900d520 gstdecodebin2.c:1534:analyze_new_pad:<forhwgl> Pad h264parse0:src caps:video/x-h264, parsed=(boolean)true, stream-format=(string){ avc, avc3, byte-stream }, alignment=(string){ au, nal }
06-06 22:09:48.022  5267  5349 D GStreamer+qtdemux: 0:00:34.939049414 0xe900d580 qtdemux.c:5512:gst_qtdemux_loop_state_movie:<q> pushing from stream 0, empty 0 offset 560778, size 43298, dts=0:00:00.258666666, pts=0:00:00.258666666, duration 0:00:00.019666667
06-06 22:09:48.022  5267  5349 V GStreamer+qtdemux: 0:00:34.939093476 0xe900d580 qtdemux.c:5566:gst_qtdemux_loop_state_movie:<q> reading 43298 bytes @ 560778
06-06 22:09:48.022  5267  5348 D GStreamer+GST_PADS: 0:00:34.939094935 0xe900d520 gstpad.c:1069:gst_pad_set_active:<'':decodepad0> pad was active in push mode
06-06 22:09:48.022  5267  5348 D GStreamer+GST_PADS: 0:00:34.939121810 0xe900d520 gstghostpad.c:840:gst_ghost_pad_set_target:<'':decodepad0> set target h264parse0:src
06-06 22:09:48.022  5267  5349 V GStreamer+GST_SCHEDULING: 0:00:34.939121289 0xe900d580 gstpad.c:4654:gst_pad_get_range_unchecked:<filesrc0:src> calling getrangefunc gst_base_src_getrange, offset 560778, size 43298
06-06 22:09:48.022  5267  5348 D GStreamer+GST_PADS: 0:00:34.939152435 0xe900d520 gstghostpad.c:862:gst_ghost_pad_set_target:<'':decodepad0> connecting internal pad to target <h264parse0:src>
06-06 22:09:48.022  5267  5349 D GStreamer+basesrc: 0:00:34.939152851 0xe900d580 gstbasesrc.c:2354:gst_base_src_update_length:<filesrc0> reading offset 560778, length 43298, size 15003960, segment.stop -1, maxsize 15003960
06-06 22:09:48.022  5267  5348 V GStreamer+GST_MESSAGE: 0:00:34.939191080 0xe900d520 gstmessage.c:293:gst_message_new_custom source proxypad4: creating new message 0xe930a960 structure-change
06-06 22:09:48.022  5267  5349 D GStreamer+basesrc: 0:00:34.939189622 0xe900d580 gstbasesrc.c:2455:gst_base_src_get_range:<filesrc0> calling create offset 560778 length 43298, time 0
06-06 22:09:48.022  5267  5349 D GStreamer+GST_MEMORY: 0:00:34.939236289 0xe900d580 gstmemory.c:138:gst_memory_init new memory 0xe93c6700, maxsize:43301 offset:0 size:43298
06-06 22:09:48.022  5267  5349 V GStreamer+GST_BUFFER: 0:00:34.939267330 0xe900d580 gstbuffer.c:727:gst_buffer_new new 0xe9397190
06-06 22:09:48.022  5267  5348 D GStreamer+GST_BUS: 0:00:34.939220820 0xe900d520 gstbus.c:309:gst_bus_post:<bus0> [msg 0xe930a960] posting on bus structure-change message: 0xe930a960, time 99:99:99.999999999, seq-num 134, element 'proxypad4', GstMessageStructureChange, type=(GstStructureChangeType)GST_STRUCTURE_CHANGE_TYPE_PAD_LINK, owner=(GstElement)"\(GstH264Parse\)\ h264parse0", busy=(boolean)true;
06-06 22:09:48.022  5267  5349 V GStreamer+GST_BUFFER: 0:00:34.939290820 0xe900d580 gstbuffer.c:342:_memory_add buffer 0xe9397190, idx -1, mem 0xe93c6700
06-06 22:09:48.022  5267  5349 V GStreamer+GST_BUFFER: 0:00:34.939315091 0xe900d580 gstbuffer.c:783:gst_buffer_new_allocate new buffer 0xe9397190 of size 43298 from allocator 0x0
06-06 22:09:48.022  5267  5349 V GStreamer+GST_BUFFER: 0:00:34.939340612 0xe900d580 gstbuffer.c:1649:gst_buffer_map_range buffer 0xe9397190, idx 0, length -1, flags 0002
06-06 22:09:48.022  5267  5348 D GStreamer+decodebin: 0:00:34.939316966 0xe900d520 gstdecodebin2.c:5492:gst_decode_bin_handle_message:<forhwgl> Forwarding msg structure-change message: 0xe930a960, time 99:99:99.999999999, seq-num 134, element 'proxypad4', GstMessageStructureChange, type=(GstStructureChangeType)GST_STRUCTURE_CHANGE_TYPE_PAD_LINK, owner=(GstElement)"\(GstH264Parse\)\ h264parse0", busy=(boolean)true;
06-06 22:09:48.022  5267  5349 V GStreamer+GST_BUFFER: 0:00:34.939363997 0xe900d580 gstbuffer.c:212:_get_merged_memory buffer 0xe9397190, idx 0, length 1
06-06 22:09:48.022  5267  5348 D GStreamer+bin: 0:00:34.939374101 0xe900d520 gstbin.c:3654:gst_bin_handle_message_func:<forhwgl> [msg 0xe930a960] handling child proxypad4 message of type structure-change
06-06 22:09:48.022  5267  5349 V GStreamer+filesrc: 0:00:34.939381914 0xe900d580 gstfilesrc.c:360:gst_file_src_fill:<filesrc0> Reading 43298 bytes at offset 0x88e8a
06-06 22:09:48.022  5267  5348 V GStreamer+bin: 0:00:34.939402487 0xe900d520 gstbin.c:889:message_check looking at message 0xe9308e70: 0
06-06 22:09:48.022  5267  5348 D GStreamer+bin: 0:00:34.939424101 0xe900d520 gstbin.c:911:find_message:<forhwgl> no message found matching types 00001000
06-06 22:09:48.022  5267  5348 D GStreamer+bin: 0:00:34.939444570 0xe900d520 gstbin.c:918:find_message:<forhwgl>   structure-change
06-06 22:09:48.022  5267  5349 D GStreamer+basesrc: 0:00:34.939452383 0xe900d580 gstbasesrc.c:2309:gst_base_src_do_sync:<filesrc0> we have no clock
06-06 22:09:48.022  5267  5348 D GStreamer+bin: 0:00:34.939463528 0xe900d520 gstbin.c:958:bin_replace_message:<forhwgl> got new message 0xe930a960, structure-change from proxypad4
06-06 22:09:48.022  5267  5349 D GStreamer+basesrc: 0:00:34.939472903 0xe900d580 gstbasesrc.c:2519:gst_base_src_get_range:<filesrc0> buffer ok
06-06 22:09:48.022  5267  5348 D GStreamer+GST_BUS: 0:00:34.939486497 0xe900d520 gstbus.c:344:gst_bus_post:<bus0> [msg 0xe930a960] dropped
06-06 22:09:48.022  5267  5349 V GStreamer+qtdemux: 0:00:34.939492122 0xe900d580 qtdemux.c:5277:gst_qtdemux_decorate_and_push_buffer:<q> Pushing buffer with dts 0:00:00.258666666, pts 0:00:00.258666666, duration 0:00:00.019666667 on pad video_0
06-06 22:09:48.022  5267  5348 I GStreamer+GST_PADS: 0:00:34.939509205 0xe900d520 gstpad.c:2315:gst_pad_link_prepare trying to link h264parse0:src and decodepad0:proxypad4
06-06 22:09:48.022  5267  5348 I GStreamer+GST_PADS: 0:00:34.939535872 0xe900d520 gstpad.c:2521:gst_pad_link_full linked h264parse0:src and decodepad0:proxypad4, successful
06-06 22:09:48.022  5267  5348 I GStreamer+GST_EVENT: 0:00:34.939568580 0xe900d520 gstevent.c:1382:gst_event_new_reconfigure creating reconfigure event
06-06 22:09:48.022  5267  5349 D GStreamer+GST_SCHEDULING: 0:00:34.939535247 0xe900d580 gstpad.c:4193:gst_pad_chain_data_unchecked:<queue0:sink> calling chainfunction &gst_queue_chain with buffer buffer: 0xe9397190, pts 0:00:00.258666666, dts 0:00:00.258666666, dur 0:00:00.019666667, size 43298, offset none, offset_end none, flags 0x0
06-06 22:09:48.022  5267  5348 D GStreamer+GST_EVENT: 0:00:34.939587799 0xe900d520 gstevent.c:302:gst_event_new_custom creating new event 0xe91b54c8 reconfigure 61441
06-06 22:09:48.022  5267  5349 V GStreamer+queue_dataflow: 0:00:34.939594570 0xe900d580 gstqueue.c:1181:gst_queue_chain_buffer_or_list:<queue0> received buffer 0xe9397190 of size 43298, time 0:00:00.258666666, duration 0:00:00.019666667
06-06 22:09:48.022  5267  5348 D GStreamer+GST_EVENT: 0:00:34.939611133 0xe900d520 gstpad.c:5536:gst_pad_send_event_unchecked:<h264parse0:src> have event type reconfigure event: 0xe91b54c8, time 99:99:99.999999999, seq-num 135, (NULL)
06-06 22:09:48.022  5267  5349 V GStreamer+queue: 0:00:34.939627383 0xe900d580 gstqueue.c:633:apply_buffer:<queue0> sink position updated to 0:00:00.278333333
06-06 22:09:48.022  5267  5348 I GStreamer+GST_EVENT: 0:00:34.939649726 0xe900d520 gstpad.c:5641:gst_pad_send_event_unchecked:<h264parse0:src> Received event on flushing pad. Discarding
06-06 22:09:48.022  5267  5349 V GStreamer+queue: 0:00:34.939657799 0xe900d580 gstqueue.c:529:update_time_level:<queue0> update sink time
06-06 22:09:48.022  5267  5348 V GStreamer+GST_EVENT: 0:00:34.939667539 0xe900d520 gstevent.c:219:_gst_event_free freeing event 0xe91b54c8 type reconfigure
06-06 22:09:48.022  5267  5349 V GStreamer+queue: 0:00:34.939675976 0xe900d580 gstqueue.c:547:update_time_level:<queue0> sink +0:00:00.589333333, src +0:00:00.000000000
06-06 22:09:48.022  5267  5348 V GStreamer+GST_MESSAGE: 0:00:34.939691758 0xe900d520 gstmessage.c:293:gst_message_new_custom source proxypad4: creating new message 0xe930a9b8 structure-change
06-06 22:09:48.022  5267  5349 D GStreamer+GST_SCHEDULING: 0:00:34.939704362 0xe900d580 gstpad.c:4199:gst_pad_chain_data_unchecked:<queue0:sink> called chainfunction &gst_queue_chain with buffer 0xe9397190, returned ok
06-06 22:09:48.022  5267  5349 V GStreamer+qtdemux: 0:00:34.939742018 0xe900d580 qtdemux.c:4949:gst_qtdemux_combine_flows:<q> flow return: ok
06-06 22:09:48.022  5267  5348 D GStreamer+GST_BUS: 0:00:34.939723789 0xe900d520 gstbus.c:309:gst_bus_post:<bus0> [msg 0xe930a9b8] posting on bus structure-change message: 0xe930a9b8, time 99:99:99.999999999, seq-num 136, element 'proxypad4', GstMessageStructureChange, type=(GstStructureChangeType)GST_STRUCTURE_CHANGE_TYPE_PAD_LINK, owner=(GstElement)"\(GstH264Parse\)\ h264parse0", busy=(boolean)false;
06-06 22:09:48.022  5267  5349 V GStreamer+qtdemux: 0:00:34.939772174 0xe900d580 qtdemux.c:4957:gst_qtdemux_combine_flows:<q> combined flow return: ok
06-06 22:09:48.022  5267  5349 V GStreamer+qtdemux: 0:00:34.939790716 0xe900d580 qtdemux.c:8003:qtdemux_parse_samples:<q> parsing samples for stream fourcc avc1, pad video_0
06-06 22:09:48.022  5267  5348 D GStreamer+decodebin: 0:00:34.939784466 0xe900d520 gstdecodebin2.c:5492:gst_decode_bin_handle_message:<forhwgl> Forwarding msg structure-change message: 0xe930a9b8, time 99:99:99.999999999, seq-num 136, element 'proxypad4', GstMessageStructureChange, type=(GstStructureChangeType)GST_STRUCTURE_CHANGE_TYPE_PAD_LINK, owner=(GstElement)"\(GstH264Parse\)\ h264parse0", busy=(boolean)false;
06-06 22:09:48.022  5267  5349 D GStreamer+qtdemux: 0:00:34.939814466 0xe900d580 qtdemux.c:8014:qtdemux_parse_samples:<q> parsing up to sample 13
06-06 22:09:48.022  5267  5349 V GStreamer+qtdemux: 0:00:34.939844466 0xe900d580 qtdemux.c:8040:qtdemux_parse_samples:<q> sample 13 has size 42797
06-06 22:09:48.022  5267  5348 D GStreamer+bin: 0:00:34.939842643 0xe900d520 gstbin.c:3654:gst_bin_handle_message_func:<forhwgl> [msg 0xe930a9b8] handling child proxypad4 message of type structure-change
06-06 22:09:48.023  5267  5348 V GStreamer+bin: 0:00:34.939873372 0xe900d520 gstbin.c:889:message_check looking at message 0xe930a960: 1
06-06 22:09:48.023  5267  5349 V GStreamer+qtdemux: 0:00:34.939870612 0xe900d580 qtdemux.c:8164:qtdemux_parse_samples:<q> creating entry 13 with offset 604220 and size 42797
06-06 22:09:48.023  5267  5348 D GStreamer+bin: 0:00:34.939895195 0xe900d520 gstbin.c:986:bin_remove_messages:<decodepad0:proxypad4> deleting message 0xe930a960 of types 0x00001000
06-06 22:09:48.023  5267  5349 V GStreamer+qtdemux: 0:00:34.939901028 0xe900d580 qtdemux.c:8208:qtdemux_parse_samples:<q> block 0, 2 timestamps, duration 60
06-06 22:09:48.023  5267  5348 V GStreamer+GST_MESSAGE: 0:00:34.939922383 0xe900d520 gstmessage.c:200:_gst_message_free finalize message 0xe930a960, structure-change from proxypad4
06-06 22:09:48.023  5267  5349 D GStreamer+qtdemux: 0:00:34.939929049 0xe900d580 qtdemux.c:8221:qtdemux_parse_samples:<q> sample 13: index 0, timestamp 0:00:00.278333333
06-06 22:09:48.023  5267  5348 V GStreamer+bin: 0:00:34.939947278 0xe900d520 gstbin.c:889:message_check looking at message 0xe9308e70: 0
06-06 22:09:48.023  5267  5349 D GStreamer+qtdemux: 0:00:34.939953789 0xe900d580 qtdemux.c:8276:qtdemux_parse_samples:<q> samples at 13 is keyframe
06-06 22:09:48.023  5267  5348 D GStreamer+bin: 0:00:34.939967278 0xe900d520 gstbin.c:992:bin_remove_messages:<forhwgl> not deleting message 0xe9308e70 of type 0x00100000
06-06 22:09:48.023  5267  5349 V GStreamer+qtdemux: 0:00:34.939975976 0xe900d580 qtdemux.c:5655:gst_qtdemux_loop:<q> loop at position 15003960, state 2
06-06 22:09:48.023  5267  5348 V GStreamer+GST_MESSAGE: 0:00:34.939990039 0xe900d520 gstmessage.c:200:_gst_message_free finalize message 0xe930a9b8, structure-change from proxypad4
06-06 22:09:48.023  5267  5349 V GStreamer+qtdemux: 0:00:34.939999101 0xe900d580 qtdemux.c:4750:gst_qtdemux_prepare_current_sample:<q> segment active, index = 24 of 299
06-06 22:09:48.023  5267  5348 D GStreamer+GST_BUS: 0:00:34.940012695 0xe900d520 gstbus.c:344:gst_bus_post:<bus0> [msg 0xe930a9b8] dropped
06-06 22:09:48.023  5267  5349 V GStreamer+qtdemux: 0:00:34.940019205 0xe900d580 qtdemux.c:8003:qtdemux_parse_samples:<q> parsing samples for stream fourcc mp4a, pad audio_0
06-06 22:09:48.023  5267  5349 V GStreamer+qtdemux: 0:00:34.940042799 0xe900d580 qtdemux.c:8385:qtdemux_parse_samples:<q> Tried to parse up to sample 24 but this sample has already been parsed
06-06 22:09:48.023  5267  5348 V GStreamer+decodebin: 0:00:34.940036028 0xe900d520 gstdecodebin2.c:3228:are_final_caps:<forhwgl> Checking with caps video/x-h264, parsed=(boolean)true, stream-format=(string){ avc, avc3, byte-stream }, alignment=(string){ au, nal }
06-06 22:09:48.023  5267  5348 V GStreamer+decodebin: 0:00:34.940072174 0xe900d520 gstdecodebin2.c:3235:are_final_caps:<forhwgl> Caps are not final caps
06-06 22:09:48.023  5267  5349 D GStreamer+qtdemux: 0:00:34.940069830 0xe900d580 qtdemux.c:5512:gst_qtdemux_loop_state_movie:<q> pushing from stream 1, empty 0 offset 647017, size 144, dts=0:00:00.576000000, pts=0:00:00.576000000, duration 0:00:00.024000000
06-06 22:09:48.023  5267  5348 D GStreamer+decodebin: 0:00:34.940107487 0xe900d520 gstdecodebin2.c:1399:gst_decode_bin_autoplug_factories:<forhwgl> finding factories
06-06 22:09:48.023  5267  5349 V GStreamer+qtdemux: 0:00:34.940112747 0xe900d580 qtdemux.c:5566:gst_qtdemux_loop_state_movie:<q> reading 144 bytes @ 647017
06-06 22:09:48.023  5267  5348 D GStreamer+GST_ELEMENT_FACTORY: 0:00:34.940129258 0xe900d520 gstelementfactory.c:840:gst_element_factory_list_filter finding factories
06-06 22:09:48.023  5267  5349 V GStreamer+GST_SCHEDULING: 0:00:34.940136237 0xe900d580 gstpad.c:4654:gst_pad_get_range_unchecked:<filesrc0:src> calling getrangefunc gst_base_src_getrange, offset 647017, size 144
06-06 22:09:48.023  5267  5348 D GStreamer+GST_ELEMENT_FACTORY: 0:00:34.940145560 0xe900d520 gstelementfactory.c:851:gst_element_factory_list_filter Trying mpegaudioparse
06-06 22:09:48.023  5267  5348 D GStreamer+GST_ELEMENT_FACTORY: 0:00:34.940165664 0xe900d520 gstelementfactory.c:851:gst_element_factory_list_filter Trying aacparse
06-06 22:09:48.023  5267  5349 D GStreamer+basesrc: 0:00:34.940160820 0xe900d580 gstbasesrc.c:2354:gst_base_src_update_length:<filesrc0> reading offset 647017, length 144, size 15003960, segment.stop -1, maxsize 15003960
06-06 22:09:48.023  5267  5348 D GStreamer+GST_ELEMENT_FACTORY: 0:00:34.940189466 0xe900d520 gstelementfactory.c:851:gst_element_factory_list_filter Trying ac3parse
06-06 22:09:48.023  5267  5349 D GStreamer+basesrc: 0:00:34.940192226 0xe900d580 gstbasesrc.c:2455:gst_base_src_get_range:<filesrc0> calling create offset 647017 length 144, time 0
06-06 22:09:48.023  5267  5348 D GStreamer+GST_ELEMENT_FACTORY: 0:00:34.940213216 0xe900d520 gstelementfactory.c:851:gst_element_factory_list_filter Trying amrparse
06-06 22:09:48.023  5267  5349 D GStreamer+GST_MEMORY: 0:00:34.940219310 0xe900d580 gstmemory.c:138:gst_memory_init new memory 0xe93a2808, maxsize:147 offset:0 size:144
06-06 22:09:48.023  5267  5348 D GStreamer+GST_ELEMENT_FACTORY: 0:00:34.940231810 0xe900d520 gstelementfactory.c:851:gst_element_factory_list_filter Trying dcaparse
06-06 22:09:48.023  5267  5349 V GStreamer+GST_BUFFER: 0:00:34.940239830 0xe900d580 gstbuffer.c:727:gst_buffer_new new 0xe9397230
06-06 22:09:48.023  5267  5348 D GStreamer+GST_ELEMENT_FACTORY: 0:00:34.940249153 0xe900d520 gstelementfactory.c:851:gst_element_factory_list_filter Trying flacparse
06-06 22:09:48.023  5267  5349 V GStreamer+GST_BUFFER: 0:00:34.940255560 0xe900d580 gstbuffer.c:342:_memory_add buffer 0xe9397230, idx -1, mem 0xe93a2808
06-06 22:09:48.023  5267  5348 D GStreamer+GST_ELEMENT_FACTORY: 0:00:34.940266341 0xe900d520 gstelementfactory.c:851:gst_element_factory_list_filter Trying h263parse
06-06 22:09:48.023  5267  5349 V GStreamer+GST_BUFFER: 0:00:34.940273112 0xe900d580 gstbuffer.c:783:gst_buffer_new_allocate new buffer 0xe9397230 of size 144 from allocator 0x0
06-06 22:09:48.023  5267  5348 D GStreamer+GST_ELEMENT_FACTORY: 0:00:34.940283945 0xe900d520 gstelementfactory.c:851:gst_element_factory_list_filter Trying h264parse
06-06 22:09:48.023  5267  5349 V GStreamer+GST_BUFFER: 0:00:34.940292278 0xe900d580 gstbuffer.c:1649:gst_buffer_map_range buffer 0xe9397230, idx 0, length -1, flags 0002
06-06 22:09:48.023  5267  5348 D GStreamer+GST_ELEMENT_FACTORY: 0:00:34.940302591 0xe900d520 gstelementfactory.c:851:gst_element_factory_list_filter Trying mpeg4videoparse
06-06 22:09:48.023  5267  5349 V GStreamer+GST_BUFFER: 0:00:34.940313841 0xe900d580 gstbuffer.c:212:_get_merged_memory buffer 0xe9397230, idx 0, length 1
06-06 22:09:48.023  5267  5348 D GStreamer+GST_ELEMENT_FACTORY: 0:00:34.940321185 0xe900d520 gstelementfactory.c:851:gst_element_factory_list_filter Trying mpegvideoparse
06-06 22:09:48.023  5267  5349 V GStreamer+filesrc: 0:00:34.940338580 0xe900d580 gstfilesrc.c:360:gst_file_src_fill:<filesrc0> Reading 144 bytes at offset 0x9df69
06-06 22:09:48.023  5267  5348 D GStreamer+GST_ELEMENT_FACTORY: 0:00:34.940341497 0xe900d520 gstelementfactory.c:851:gst_element_factory_list_filter Trying sbcparse
06-06 22:09:48.023  5267  5348 D GStreamer+GST_ELEMENT_FACTORY: 0:00:34.940360403 0xe900d520 gstelementfactory.c:851:gst_element_factory_list_filter Trying wavpackparse
06-06 22:09:48.023  5267  5349 D GStreamer+basesrc: 0:00:34.940361966 0xe900d580 gstbasesrc.c:2309:gst_base_src_do_sync:<filesrc0> we have no clock
06-06 22:09:48.023  5267  5348 D GStreamer+GST_ELEMENT_FACTORY: 0:00:34.940378945 0xe900d520 gstelementfactory.c:851:gst_element_factory_list_filter Trying avisubtitle
06-06 22:09:48.023  5267  5349 D GStreamer+basesrc: 0:00:34.940381758 0xe900d580 gstbasesrc.c:2519:gst_base_src_get_range:<filesrc0> buffer ok
06-06 22:09:48.023  5267  5348 D GStreamer+GST_ELEMENT_FACTORY: 0:00:34.940398893 0xe900d520 gstelementfactory.c:851:gst_element_factory_list_filter Trying oggaviparse
06-06 22:09:48.023  5267  5348 D GStreamer+GST_ELEMENT_FACTORY: 0:00:34.940418476 0xe900d520 gstelementfactory.c:851:gst_element_factory_list_filter Trying pngparse
06-06 22:09:48.023  5267  5349 V GStreamer+qtdemux: 0:00:34.940401758 0xe900d580 qtdemux.c:5277:gst_qtdemux_decorate_and_push_buffer:<q> Pushing buffer with dts 0:00:00.576000000, pts 0:00:00.576000000, duration 0:00:00.024000000 on pad audio_0
06-06 22:09:48.023  5267  5348 D GStreamer+GST_ELEMENT_FACTORY: 0:00:34.940437330 0xe900d520 gstelementfactory.c:851:gst_element_factory_list_filter Trying ssaparse
06-06 22:09:48.023  5267  5348 D GStreamer+GST_ELEMENT_FACTORY: 0:00:34.940459622 0xe900d520 gstelementfactory.c:851:gst_element_factory_list_filter Trying subparse
06-06 22:09:48.023  5267  5349 D GStreamer+GST_SCHEDULING: 0:00:34.940440351 0xe900d580 gstpad.c:4193:gst_pad_chain_data_unchecked:<queue2:sink> calling chainfunction &gst_queue_chain with buffer buffer: 0xe9397230, pts 0:00:00.576000000, dts 0:00:00.576000000, dur 0:00:00.024000000, size 144, offset none, offset_end none, flags 0x0
06-06 22:09:48.023  5267  5348 D GStreamer+GST_ELEMENT_FACTORY: 0:00:34.940478945 0xe900d520 gstelementfactory.c:851:gst_element_factory_list_filter Trying h265parse
06-06 22:09:48.023  5267  5348 D GStreamer+GST_ELEMENT_FACTORY: 0:00:34.940497330 0xe900d520 gstelementfactory.c:851:gst_element_factory_list_filter Trying adpcmdec
06-06 22:09:48.023  5267  5349 V GStreamer+queue_dataflow: 0:00:34.940488372 0xe900d580 gstqueue.c:1181:gst_queue_chain_buffer_or_list:<queue2> received buffer 0xe9397230 of size 144, time 0:00:00.576000000, duration 0:00:00.024000000
06-06 22:09:48.023  5267  5348 D GStreamer+GST_ELEMENT_FACTORY: 0:00:34.940517330 0xe900d520 gstelementfactory.c:851:gst_element_factory_list_filter Trying alawdec
06-06 22:09:48.023  5267  5349 V GStreamer+queue: 0:00:34.940521549 0xe900d580 gstqueue.c:633:apply_buffer:<queue2> sink position updated to 0:00:00.600000000
06-06 22:09:48.023  5267  5348 D GStreamer+GST_ELEMENT_FACTORY: 0:00:34.940540299 0xe900d520 gstelementfactory.c:851:gst_element_factory_list_filter Trying amcauddec-omxgoogleaacdecoder
06-06 22:09:48.023  5267  5349 V GStreamer+queue: 0:00:34.940547799 0xe900d580 gstqueue.c:529:update_time_level:<queue2> update sink time
06-06 22:09:48.023  5267  5348 D GStreamer+GST_ELEMENT_FACTORY: 0:00:34.940559258 0xe900d520 gstelementfactory.c:851:gst_element_factory_list_filter Trying amcauddec-omxgoogleamrnbdecoder
06-06 22:09:48.023  5267  5349 V GStreamer+queue: 0:00:34.940564414 0xe900d580 gstqueue.c:547:update_time_level:<queue2> sink +0:00:00.600000000, src +0:00:00.000000000
06-06 22:09:48.023  5267  5348 D GStreamer+GST_ELEMENT_FACTORY: 0:00:34.940576289 0xe900d520 gstelementfactory.c:851:gst_element_factory_list_filter Trying amcauddec-omxgoogleamrwbdecoder
06-06 22:09:48.023  5267  5348 D GStreamer+GST_ELEMENT_FACTORY: 0:00:34.940595508 0xe900d520 gstelementfactory.c:851:gst_element_factory_list_filter Trying amcauddec-omxgooglemp3decoder
06-06 22:09:48.023  5267  5349 D GStreamer+GST_SCHEDULING: 0:00:34.940592539 0xe900d580 gstpad.c:4199:gst_pad_chain_data_unchecked:<queue2:sink> called chainfunction &gst_queue_chain with buffer 0xe9397230, returned ok
06-06 22:09:48.023  5267  5348 D GStreamer+GST_ELEMENT_FACTORY: 0:00:34.940621914 0xe900d520 gstelementfactory.c:851:gst_element_factory_list_filter Trying amcauddec-omxgoogleopusdecoder
06-06 22:09:48.023  5267  5349 V GStreamer+qtdemux: 0:00:34.940622955 0xe900d580 qtdemux.c:4949:gst_qtdemux_combine_flows:<q> flow return: ok
06-06 22:09:48.023  5267  5348 D GStreamer+GST_ELEMENT_FACTORY: 0:00:34.940641810 0xe900d520 gstelementfactory.c:851:gst_element_factory_list_filter Trying amcviddec-omxnvidiah263decode
06-06 22:09:48.023  5267  5349 V GStreamer+qtdemux: 0:00:34.940643997 0xe900d580 qtdemux.c:4957:gst_qtdemux_combine_flows:<q> combined flow return: ok
06-06 22:09:48.023  5267  5348 D GStreamer+GST_ELEMENT_FACTORY: 0:00:34.940662226 0xe900d520 gstelementfactory.c:851:gst_element_factory_list_filter Trying amcviddec-omxnvidiah264decode
06-06 22:09:48.023  5267  5349 V GStreamer+qtdemux: 0:00:34.940664622 0xe900d580 qtdemux.c:8003:qtdemux_parse_samples:<q> parsing samples for stream fourcc mp4a, pad audio_0
06-06 22:09:48.023  5267  5348 D GStreamer+GST_ELEMENT_FACTORY: 0:00:34.940696028 0xe900d520 gstelementfactory.c:851:gst_element_factory_list_filter Trying amcviddec-omxnvidiah265decode
06-06 22:09:48.023  5267  5349 D GStreamer+qtdemux: 0:00:34.940694205 0xe900d580 qtdemux.c:8014:qtdemux_parse_samples:<q> parsing up to sample 25
06-06 22:09:48.023  5267  5348 D GStreamer+GST_ELEMENT_FACTORY: 0:00:34.940730091 0xe900d520 gstelementfactory.c:851:gst_element_factory_list_filter Trying amcviddec-omxnvidiamp4decode
06-06 22:09:48.023  5267  5348 D GStreamer+GST_ELEMENT_FACTORY: 0:00:34.940752070 0xe900d520 gstelementfactory.c:851:gst_element_factory_list_filter Trying amcviddec-omxnvidiavp8decode
06-06 22:09:48.023  5267  5349 V GStreamer+qtdemux: 0:00:34.940745768 0xe900d580 qtdemux.c:8040:qtdemux_parse_samples:<q> sample 25 has size 144
06-06 22:09:48.023  5267  5348 D GStreamer+GST_ELEMENT_FACTORY: 0:00:34.940774830 0xe900d520 gstelementfactory.c:851:gst_element_factory_list_filter Trying amcviddec-omxnvidiavp9decode
06-06 22:09:48.023  5267  5349 V GStreamer+qtdemux: 0:00:34.940774258 0xe900d580 qtdemux.c:8164:qtdemux_parse_samples:<q> creating entry 25 with offset 689871 and size 144
06-06 22:09:48.023  5267  5348 D GStreamer+GST_ELEMENT_FACTORY: 0:00:34.940798268 0xe900d520 gstelementfactory.c:851:gst_element_factory_list_filter Trying apedemux
06-06 22:09:48.023  5267  5349 D GStreamer+qtdemux: 0:00:34.940805612 0xe900d580 qtdemux.c:8221:qtdemux_parse_samples:<q> sample 25: index 25, timestamp 0:00:00.600000000
06-06 22:09:48.023  5267  5348 D GStreamer+GST_ELEMENT_FACTORY: 0:00:34.940815664 0xe900d520 gstelementfactory.c:851:gst_element_factory_list_filter Trying avidemux
06-06 22:09:48.023  5267  5349 D GStreamer+qtdemux: 0:00:34.940834414 0xe900d580 qtdemux.c:8321:qtdemux_parse_samples:<q> setting all keyframes
06-06 22:09:48.023  5267  5348 D GStreamer+GST_ELEMENT_FACTORY: 0:00:34.940836445 0xe900d520 gstelementfactory.c:851:gst_element_factory_list_filter Trying dashdemux
06-06 22:09:48.023  5267  5348 D GStreamer+GST_ELEMENT_FACTORY: 0:00:34.940856497 0xe900d520 gstelementfactory.c:851:gst_element_factory_list_filter Trying dvdemux
06-06 22:09:48.023  5267  5349 V GStreamer+qtdemux: 0:00:34.940856497 0xe900d580 qtdemux.c:5655:gst_qtdemux_loop:<q> loop at position 15003960, state 2
06-06 22:09:48.024  5267  5348 D GStreamer+GST_ELEMENT_FACTORY: 0:00:34.940880195 0xe900d520 gstelementfactory.c:851:gst_element_factory_list_filter Trying flacdec
06-06 22:09:48.024  5267  5349 V GStreamer+qtdemux: 0:00:34.940883476 0xe900d580 qtdemux.c:4750:gst_qtdemux_prepare_current_sample:<q> segment active, index = 13 of 361
06-06 22:09:48.024  5267  5348 D GStreamer+GST_ELEMENT_FACTORY: 0:00:34.940899414 0xe900d520 gstelementfactory.c:851:gst_element_factory_list_filter Trying flvdemux
06-06 22:09:48.024  5267  5349 V GStreamer+qtdemux: 0:00:34.940903008 0xe900d580 qtdemux.c:8003:qtdemux_parse_samples:<q> parsing samples for stream fourcc avc1, pad video_0
06-06 22:09:48.024  5267  5348 D GStreamer+GST_ELEMENT_FACTORY: 0:00:34.940917278 0xe900d520 gstelementfactory.c:851:gst_element_factory_list_filter Trying flxdec
06-06 22:09:48.024  5267  5349 V GStreamer+qtdemux: 0:00:34.940926341 0xe900d580 qtdemux.c:8385:qtdemux_parse_samples:<q> Tried to parse up to sample 13 but this sample has already been parsed
06-06 22:09:48.024  5267  5348 D GStreamer+GST_ELEMENT_FACTORY: 0:00:34.940933841 0xe900d520 gstelementfactory.c:851:gst_element_factory_list_filter Trying hlsdemux
06-06 22:09:48.024  5267  5348 D GStreamer+GST_ELEMENT_FACTORY: 0:00:34.940951028 0xe900d520 gstelementfactory.c:851:gst_element_factory_list_filter Trying icydemux
06-06 22:09:48.024  5267  5349 D GStreamer+qtdemux: 0:00:34.940947591 0xe900d580 qtdemux.c:5512:gst_qtdemux_loop_state_movie:<q> pushing from stream 0, empty 0 offset 604220, size 42797, dts=0:00:00.278333333, pts=0:00:00.278333333, duration 0:00:00.020000000
06-06 22:09:48.024  5267  5348 D GStreamer+GST_ELEMENT_FACTORY: 0:00:34.940977643 0xe900d520 gstelementfactory.c:851:gst_element_factory_list_filter Trying id3demux
06-06 22:09:48.024  5267  5348 D GStreamer+GST_ELEMENT_FACTORY: 0:00:34.940997643 0xe900d520 gstelementfactory.c:851:gst_element_factory_list_filter Trying jpegdec
06-06 22:09:48.024  5267  5349 V GStreamer+qtdemux: 0:00:34.940993164 0xe900d580 qtdemux.c:5566:gst_qtdemux_loop_state_movie:<q> reading 42797 bytes @ 604220
06-06 22:09:48.024  5267  5348 D GStreamer+GST_ELEMENT_FACTORY: 0:00:34.941018789 0xe900d520 gstelementfactory.c:851:gst_element_factory_list_filter Trying katedec
06-06 22:09:48.024  5267  5349 V GStreamer+GST_SCHEDULING: 0:00:34.941021080 0xe900d580 gstpad.c:4654:gst_pad_get_range_unchecked:<filesrc0:src> calling getrangefunc gst_base_src_getrange, offset 604220, size 42797
06-06 22:09:48.024  5267  5348 D GStreamer+GST_ELEMENT_FACTORY: 0:00:34.941036862 0xe900d520 gstelementfactory.c:851:gst_element_factory_list_filter Trying matroskademux
06-06 22:09:48.024  5267  5349 D GStreamer+basesrc: 0:00:34.941045299 0xe900d580 gstbasesrc.c:2354:gst_base_src_update_length:<filesrc0> reading offset 604220, length 42797, size 15003960, segment.stop -1, maxsize 15003960
06-06 22:09:48.024  5267  5348 D GStreamer+GST_ELEMENT_FACTORY: 0:00:34.941055664 0xe900d520 gstelementfactory.c:851:gst_element_factory_list_filter Trying midiparse
06-06 22:09:48.024  5267  5348 D GStreamer+GST_ELEMENT_FACTORY: 0:00:34.941078789 0xe900d520 gstelementfactory.c:851:gst_element_factory_list_filter Trying mssdemux
06-06 22:09:48.024  5267  5349 D GStreamer+basesrc: 0:00:34.941077330 0xe900d580 gstbasesrc.c:2455:gst_base_src_get_range:<filesrc0> calling create offset 604220 length 42797, time 0
06-06 22:09:48.024  5267  5349 D GStreamer+GST_MEMORY: 0:00:34.941122226 0xe900d580 gstmemory.c:138:gst_memory_init new memory 0xe93d1080, maxsize:42800 offset:0 size:42797
06-06 22:09:48.024  5267  5349 V GStreamer+GST_BUFFER: 0:00:34.941161497 0xe900d580 gstbuffer.c:727:gst_buffer_new new 0xe93972d0
06-06 22:09:48.024  5267  5347 D GStreamer+decodebin: 0:00:34.936742122 0xe900d4c0 gstdecodebin2.c:5492:gst_decode_bin_handle_message:<decodebin1> Forwarding msg structure-change message: 0xe9308a10, time 99:99:99.999999999, seq-num 130, element 'proxypad5', GstMessageStructureChange, type=(GstStructureChangeType)GST_STRUCTURE_CHANGE_TYPE_PAD_LINK, owner=(GstElement)"\(GstTypeFindElement\)\ typefind", busy=(boolean)false;
06-06 22:09:48.024  5267  5349 V GStreamer+GST_BUFFER: 0:00:34.941185664 0xe900d580 gstbuffer.c:342:_memory_add buffer 0xe93972d0, idx -1, mem 0xe93d1080
06-06 22:09:48.024  5267  5347 D GStreamer+bin: 0:00:34.941215976 0xe900d4c0 gstbin.c:3654:gst_bin_handle_message_func:<decodebin1> [msg 0xe9308a10] handling child proxypad5 message of type structure-change
06-06 22:09:48.024  5267  5349 V GStreamer+GST_BUFFER: 0:00:34.941220924 0xe900d580 gstbuffer.c:783:gst_buffer_new_allocate new buffer 0xe93972d0 of size 42797 from allocator 0x0
06-06 22:09:48.024  5267  5347 V GStreamer+bin: 0:00:34.941246810 0xe900d4c0 gstbin.c:889:message_check looking at message 0xe93089b8: 1
06-06 22:09:48.024  5267  5349 V GStreamer+GST_BUFFER: 0:00:34.941251133 0xe900d580 gstbuffer.c:1649:gst_buffer_map_range buffer 0xe93972d0, idx 0, length -1, flags 0002
06-06 22:09:48.024  5267  5347 D GStreamer+bin: 0:00:34.941266497 0xe900d4c0 gstbin.c:986:bin_remove_messages:<decodepad1:proxypad5> deleting message 0xe93089b8 of types 0x00001000
06-06 22:09:48.024  5267  5349 V GStreamer+GST_BUFFER: 0:00:34.941274987 0xe900d580 gstbuffer.c:212:_get_merged_memory buffer 0xe93972d0, idx 0, length 1
06-06 22:09:48.024  5267  5347 V GStreamer+GST_MESSAGE: 0:00:34.941291237 0xe900d4c0 gstmessage.c:200:_gst_message_free finalize message 0xe93089b8, structure-change from proxypad5
06-06 22:09:48.024  5267  5349 V GStreamer+filesrc: 0:00:34.941294622 0xe900d580 gstfilesrc.c:360:gst_file_src_fill:<filesrc0> Reading 42797 bytes at offset 0x9383c
06-06 22:09:48.024  5267  5347 V GStreamer+bin: 0:00:34.941320768 0xe900d4c0 gstbin.c:889:message_check looking at message 0xe90126d8: 0
06-06 22:09:48.024  5267  5347 D GStreamer+bin: 0:00:34.941338580 0xe900d4c0 gstbin.c:992:bin_remove_messages:<decodebin1> not deleting message 0xe90126d8 of type 0x00100000
06-06 22:09:48.024  5267  5347 V GStreamer+GST_MESSAGE: 0:00:34.941358893 0xe900d4c0 gstmessage.c:200:_gst_message_free finalize message 0xe9308a10, structure-change from proxypad5
06-06 22:09:48.024  5267  5349 D GStreamer+basesrc: 0:00:34.941365664 0xe900d580 gstbasesrc.c:2309:gst_base_src_do_sync:<filesrc0> we have no clock
06-06 22:09:48.024  5267  5347 D GStreamer+GST_BUS: 0:00:34.941380560 0xe900d4c0 gstbus.c:344:gst_bus_post:<bus2> [msg 0xe9308a10] dropped
06-06 22:09:48.024  5267  5349 D GStreamer+basesrc: 0:00:34.941385091 0xe900d580 gstbasesrc.c:2519:gst_base_src_get_range:<filesrc0> buffer ok
06-06 22:09:48.024  5267  5349 V GStreamer+qtdemux: 0:00:34.941407695 0xe900d580 qtdemux.c:5277:gst_qtdemux_decorate_and_push_buffer:<q> Pushing buffer with dts 0:00:00.278333333, pts 0:00:00.278333333, duration 0:00:00.020000000 on pad video_0
06-06 22:09:48.024  5267  5347 D GStreamer+decodebin: 0:00:34.941406341 0xe900d4c0 gstdecodebin2.c:1490:copy_sticky_events:<'':decodepad1> store sticky event stream-start event: 0xe90b4198, time 99:99:99.999999999, seq-num 97, GstEventStreamStart, stream-id=(string)71ab440d261a1bb43c19b397eec2373651540427aed1e7b0deb4be62a10a7f25/002, flags=(GstStreamFlags)GST_STREAM_FLAG_NONE, group-id=(uint)0;
06-06 22:09:48.024  5267  5347 V GStreamer+GST_PADS: 0:00:34.941462487 0xe900d4c0 gstpad.c:5028:store_sticky_event:<'':decodepad1> Removing pending EOS events
06-06 22:09:48.024  5267  5349 D GStreamer+GST_SCHEDULING: 0:00:34.941454153 0xe900d580 gstpad.c:4193:gst_pad_chain_data_unchecked:<queue0:sink> calling chainfunction &gst_queue_chain with buffer buffer: 0xe93972d0, pts 0:00:00.278333333, dts 0:00:00.278333333, dur 0:00:00.020000000, size 42797, offset none, offset_end none, flags 0x0
06-06 22:09:48.024  5267  5347 D GStreamer+decodebin: 0:00:34.941483528 0xe900d4c0 gstdecodebin2.c:1490:copy_sticky_events:<'':decodepad1> store sticky event caps event: 0xe91b59f8, time 99:99:99.999999999, seq-num 110, GstEventCaps, caps=(GstCaps)"audio/mpeg\,\ mpegversion\=\(int\)1\,\ parsed\=\(boolean\)true\,\ rate\=\(int\)24000\,\ channels\=\(int\)1";
