06-06 22:09:47.983  5267  5347 D GStreamer+GST_CAPS: 0:00:34.900042226 0xe900d4c0 gstpad.c:3135:gst_pad_query_caps_default:<typefind:sink> trying pad template caps
06-06 22:09:47.983  5267  5349 D GStreamer+basesrc: 0:00:34.900057799 0xe900d580 gstbasesrc.c:2354:gst_base_src_update_length:<filesrc0> reading offset 48, length 144, size 15003960, segment.stop -1, maxsize 15003960
06-06 22:09:47.983  5267  5347 D GStreamer+GST_CAPS: 0:00:34.900061289 0xe900d4c0 gstpad.c:3159:gst_pad_query_caps_default:<typefind:sink> using caps 0xe8e15918 ANY with filter 0xe9255590 audio/mpeg, mpegversion=(int)1, parsed=(boolean)true, rate=(int)24000, channels=(int)1
06-06 22:09:47.983  5267  5349 D GStreamer+basesrc: 0:00:34.900094362 0xe900d580 gstbasesrc.c:2455:gst_base_src_get_range:<filesrc0> calling create offset 48 length 144, time 0
06-06 22:09:47.983  5267  5347 D GStreamer+GST_CAPS: 0:00:34.900105247 0xe900d4c0 gstpad.c:3162:gst_pad_query_caps_default:<typefind:sink> result 0xe9255590 audio/mpeg, mpegversion=(int)1, parsed=(boolean)true, rate=(int)24000, channels=(int)1
06-06 22:09:47.983  5267  5349 D GStreamer+GST_MEMORY: 0:00:34.900123476 0xe900d580 gstmemory.c:138:gst_memory_init new memory 0xe930f050, maxsize:147 offset:0 size:144
06-06 22:09:47.983  5267  5347 D GStreamer+GST_PADS: 0:00:34.900140664 0xe900d4c0 gstpad.c:3367:gst_pad_query_default:<typefind:sink> not forwarding 0xe91b5c90 (caps) query
06-06 22:09:47.983  5267  5349 V GStreamer+GST_BUFFER: 0:00:34.900148320 0xe900d580 gstbuffer.c:727:gst_buffer_new new 0xe930e3f8
06-06 22:09:47.983  5267  5347 D GStreamer+GST_PADS: 0:00:34.900165351 0xe900d4c0 gstpad.c:3945:gst_pad_query:<typefind:sink> sent query 0xe91b5c90 (caps), result 1
06-06 22:09:47.983  5267  5349 V GStreamer+GST_BUFFER: 0:00:34.900167903 0xe900d580 gstbuffer.c:342:_memory_add buffer 0xe930e3f8, idx -1, mem 0xe930f050
06-06 22:09:47.983  5267  5347 D GStreamer+GST_CAPS: 0:00:34.900232903 0xe900d4c0 gstutils.c:2879:gst_pad_query_caps:<typefind:sink> query returned audio/mpeg, mpegversion=(int)1, parsed=(boolean)true, rate=(int)24000, channels=(int)1
06-06 22:09:47.983  5267  5349 V GStreamer+GST_BUFFER: 0:00:34.900258320 0xe900d580 gstbuffer.c:783:gst_buffer_new_allocate new buffer 0xe930e3f8 of size 144 from allocator 0x0
06-06 22:09:47.983  5267  5349 V GStreamer+GST_BUFFER: 0:00:34.900285247 0xe900d580 gstbuffer.c:1649:gst_buffer_map_range buffer 0xe930e3f8, idx 0, length -1, flags 0002
06-06 22:09:47.983  5267  5347 D GStreamer+GST_PADS: 0:00:34.900270299 0xe900d4c0 gstpad.c:3089:gst_pad_query_accept_caps_default:<typefind:sink> allowed caps subset audio/mpeg, mpegversion=(int)1, parsed=(boolean)true, rate=(int)24000, channels=(int)1, caps audio/mpeg, mpegversion=(int)1, parsed=(boolean)true, rate=(int)24000, channels=(int)1
06-06 22:09:47.983  5267  5349 V GStreamer+GST_BUFFER: 0:00:34.900311133 0xe900d580 gstbuffer.c:212:_get_merged_memory buffer 0xe930e3f8, idx 0, length 1
06-06 22:09:47.983  5267  5347 D GStreamer+GST_PADS: 0:00:34.900320455 0xe900d4c0 gstpad.c:3367:gst_pad_query_default:<typefind:sink> not forwarding 0xe91b5c60 (accept-caps) query
06-06 22:09:47.983  5267  5349 V GStreamer+filesrc: 0:00:34.900336497 0xe900d580 gstfilesrc.c:360:gst_file_src_fill:<filesrc0> Reading 144 bytes at offset 0x30
06-06 22:09:47.983  5267  5347 D GStreamer+GST_PADS: 0:00:34.900345143 0xe900d4c0 gstpad.c:3945:gst_pad_query:<typefind:sink> sent query 0xe91b5c60 (accept-caps), result 1
06-06 22:09:47.983  5267  5349 D GStreamer+basesrc: 0:00:34.900367955 0xe900d580 gstbasesrc.c:2309:gst_base_src_do_sync:<filesrc0> we have no clock
06-06 22:09:47.983  5267  5347 D GStreamer+default: 0:00:34.900369049 0xe900d4c0 gstutils.c:2960:gst_pad_query_accept_caps:<typefind:sink> query returned 1
06-06 22:09:47.983  5267  5349 D GStreamer+basesrc: 0:00:34.900392487 0xe900d580 gstbasesrc.c:2519:gst_base_src_get_range:<filesrc0> buffer ok
06-06 22:09:47.983  5267  5347 D GStreamer+typefind: 0:00:34.900395403 0xe900d4c0 gsttypefindelement.c:665:gst_type_find_element_sink_event:<typefind> got caps event in mode 1
06-06 22:09:47.983  5267  5349 V GStreamer+qtdemux: 0:00:34.900412070 0xe900d580 qtdemux.c:5258:gst_qtdemux_decorate_and_push_buffer:<q> marking discont buffer
06-06 22:09:47.983  5267  5347 I GStreamer+GST_EVENT: 0:00:34.900418372 0xe900d4c0 gstevent.c:679:gst_event_new_caps creating caps event audio/mpeg, mpegversion=(int)1, parsed=(boolean)true, rate=(int)24000, channels=(int)1
06-06 22:09:47.983  5267  5349 V GStreamer+qtdemux: 0:00:34.900435195 0xe900d580 qtdemux.c:5277:gst_qtdemux_decorate_and_push_buffer:<q> Pushing buffer with dts 0:00:00.000000000, pts 0:00:00.000000000, duration 0:00:00.024000000 on pad audio_0
06-06 22:09:47.983  5267  5347 D GStreamer+GST_EVENT: 0:00:34.900454674 0xe900d4c0 gstevent.c:302:gst_event_new_custom creating new event 0xe91b59f8 caps 12814
06-06 22:09:47.983  5267  5347 V GStreamer+GST_PADS: 0:00:34.900477955 0xe900d4c0 gstpad.c:5087:store_sticky_event:<typefind:src> stored sticky event caps
06-06 22:09:47.983  5267  5347 D GStreamer+GST_PADS: 0:00:34.900502070 0xe900d4c0 gstpad.c:5093:store_sticky_event:<typefind:src> notify caps
06-06 22:09:47.983  5267  5349 D GStreamer+GST_SCHEDULING: 0:00:34.900472903 0xe900d580 gstpad.c:4193:gst_pad_chain_data_unchecked:<queue2:sink> calling chainfunction &gst_queue_chain with buffer buffer: 0xe930e3f8, pts 0:00:00.000000000, dts 0:00:00.000000000, dur 0:00:00.024000000, size 144, offset none, offset_end none, flags 0x40
06-06 22:09:47.983  5267  5349 V GStreamer+queue_dataflow: 0:00:34.900529258 0xe900d580 gstqueue.c:1181:gst_queue_chain_buffer_or_list:<queue2> received buffer 0xe930e3f8 of size 144, time 0:00:00.000000000, duration 0:00:00.024000000
06-06 22:09:47.983  5267  5348 D GStreamer+GST_PADS: 0:00:34.900553424 0xe900d520 gstpad.c:1963:gst_pad_set_iterate_internal_links_function_full:<GstProxyPad@0xe932c0b8> internal link iterator set to gst_proxy_pad_iterate_internal_links_default
06-06 22:09:47.983  5267  5349 V GStreamer+queue: 0:00:34.900563580 0xe900d580 gstqueue.c:633:apply_buffer:<queue2> sink position updated to 0:00:00.024000000
06-06 22:09:47.983  5267  5348 D GStreamer+GST_PADS: 0:00:34.900581237 0xe900d520 gstpad.c:1708:gst_pad_set_activatemode_function_full:<GstGhostPad@0xe932c0b8> activatemodefunc set to gst_ghost_pad_activate_mode_default
06-06 22:09:47.983  5267  5349 V GStreamer+queue: 0:00:34.900588164 0xe900d580 gstqueue.c:529:update_time_level:<queue2> update sink time
06-06 22:09:47.983  5267  5349 V GStreamer+queue: 0:00:34.900607695 0xe900d580 gstqueue.c:547:update_time_level:<queue2> sink +0:00:00.024000000, src +0:00:00.000000000
06-06 22:09:47.983  5267  5348 D GStreamer+GST_PADS: 0:00:34.900633789 0xe900d520 gstpad.c:1816:gst_pad_set_getrange_function_full:<'':decodepad0> getrangefunc set to gst_proxy_pad_getrange_default
06-06 22:09:47.983  5267  5349 D GStreamer+GST_SCHEDULING: 0:00:34.900638528 0xe900d580 gstpad.c:4199:gst_pad_chain_data_unchecked:<queue2:sink> called chainfunction &gst_queue_chain with buffer 0xe930e3f8, returned ok
06-06 22:09:47.983  5267  5349 V GStreamer+qtdemux: 0:00:34.900664674 0xe900d580 qtdemux.c:4949:gst_qtdemux_combine_flows:<q> flow return: ok
06-06 22:09:47.983  5267  5348 D GStreamer+GST_PADS: 0:00:34.900670976 0xe900d520 gstpad.c:1963:gst_pad_set_iterate_internal_links_function_full:<GstProxyPad@0xe9253bb0> internal link iterator set to gst_proxy_pad_iterate_internal_links_default
06-06 22:09:47.983  5267  5349 V GStreamer+qtdemux: 0:00:34.900687070 0xe900d580 qtdemux.c:4957:gst_qtdemux_combine_flows:<q> combined flow return: ok
06-06 22:09:47.983  5267  5349 V GStreamer+qtdemux: 0:00:34.900710091 0xe900d580 qtdemux.c:8003:qtdemux_parse_samples:<q> parsing samples for stream fourcc mp4a, pad audio_0
06-06 22:09:47.983  5267  5348 D GStreamer+GST_PADS: 0:00:34.900712591 0xe900d520 gstpad.c:1743:gst_pad_set_chain_function_full:<'':proxypad4> chainfunc set to gst_proxy_pad_chain_default
06-06 22:09:47.983  5267  5349 D GStreamer+qtdemux: 0:00:34.900745768 0xe900d580 qtdemux.c:8014:qtdemux_parse_samples:<q> parsing up to sample 1
06-06 22:09:47.983  5267  5348 D GStreamer+GST_PADS: 0:00:34.900751289 0xe900d520 gstpad.c:1780:gst_pad_set_chain_list_function_full:<'':proxypad4> chainlistfunc set to gst_proxy_pad_chain_list_default
06-06 22:09:47.983  5267  5349 V GStreamer+qtdemux: 0:00:34.900767591 0xe900d580 qtdemux.c:8040:qtdemux_parse_samples:<q> sample 1 has size 144
06-06 22:09:47.983  5267  5348 D GStreamer+GST_REFCOUNTING: 0:00:34.900773320 0xe900d520 gstobject.c:700:gst_object_set_parent:<'':proxypad4> set parent (ref and sink)
06-06 22:09:47.983  5267  5349 V GStreamer+qtdemux: 0:00:34.900792278 0xe900d580 qtdemux.c:8164:qtdemux_parse_samples:<q> creating entry 1 with offset 192 and size 144
06-06 22:09:47.983  5267  5348 D GStreamer+GST_PADS: 0:00:34.900795664 0xe900d520 gstpad.c:1708:gst_pad_set_activatemode_function_full:<decodepad0:proxypad4> activatemodefunc set to gst_ghost_pad_internal_activate_mode_default
06-06 22:09:47.983  5267  5349 D GStreamer+qtdemux: 0:00:34.900822903 0xe900d580 qtdemux.c:8221:qtdemux_parse_samples:<q> sample 1: index 1, timestamp 0:00:00.024000000
06-06 22:09:47.983  5267  5349 D GStreamer+qtdemux: 0:00:34.900848060 0xe900d580 qtdemux.c:8321:qtdemux_parse_samples:<q> setting all keyframes
06-06 22:09:47.984  5267  5349 V GStreamer+qtdemux: 0:00:34.900867903 0xe900d580 qtdemux.c:5655:gst_qtdemux_loop:<q> loop at position 15003960, state 2
06-06 22:09:47.984  5267  5349 V GStreamer+qtdemux: 0:00:34.900891393 0xe900d580 qtdemux.c:4750:gst_qtdemux_prepare_current_sample:<q> segment active, index = 1 of 299
06-06 22:09:47.984  5267  5349 V GStreamer+qtdemux: 0:00:34.900913633 0xe900d580 qtdemux.c:8003:qtdemux_parse_samples:<q> parsing samples for stream fourcc mp4a, pad audio_0
06-06 22:09:47.984  5267  5349 V GStreamer+qtdemux: 0:00:34.900938164 0xe900d580 qtdemux.c:8385:qtdemux_parse_samples:<q> Tried to parse up to sample 1 but this sample has already been parsed
06-06 22:09:47.984  5267  5349 D GStreamer+qtdemux: 0:00:34.900961237 0xe900d580 qtdemux.c:5512:gst_qtdemux_loop_state_movie:<q> pushing from stream 1, empty 0 offset 192, size 144, dts=0:00:00.024000000, pts=0:00:00.024000000, duration 0:00:00.024000000
06-06 22:09:47.984  5267  5348 D GStreamer+GST_PADS: 0:00:34.900985560 0xe900d520 gstpad.c:1929:gst_pad_set_query_function_full:<decodepad0:proxypad4> queryfunc set to 0xd11bcd59
06-06 22:09:47.984  5267  5349 V GStreamer+qtdemux: 0:00:34.901001028 0xe900d580 qtdemux.c:5566:gst_qtdemux_loop_state_movie:<q> reading 144 bytes @ 192
06-06 22:09:47.984  5267  5349 V GStreamer+GST_SCHEDULING: 0:00:34.901023841 0xe900d580 gstpad.c:4654:gst_pad_get_range_unchecked:<filesrc0:src> calling getrangefunc gst_base_src_getrange, offset 192, size 144
06-06 22:09:47.984  5267  5349 D GStreamer+basesrc: 0:00:34.901049205 0xe900d580 gstbasesrc.c:2354:gst_base_src_update_length:<filesrc0> reading offset 192, length 144, size 15003960, segment.stop -1, maxsize 15003960
06-06 22:09:47.984  5267  5349 D GStreamer+basesrc: 0:00:34.901077070 0xe900d580 gstbasesrc.c:2455:gst_base_src_get_range:<filesrc0> calling create offset 192 length 144, time 0
06-06 22:09:47.984  5267  5349 D GStreamer+GST_MEMORY: 0:00:34.901099987 0xe900d580 gstmemory.c:138:gst_memory_init new memory 0xe930f138, maxsize:147 offset:0 size:144
06-06 22:09:47.984  5267  5349 V GStreamer+GST_BUFFER: 0:00:34.901122591 0xe900d580 gstbuffer.c:727:gst_buffer_new new 0xe930e358
06-06 22:09:47.984  5267  5349 V GStreamer+GST_BUFFER: 0:00:34.901140247 0xe900d580 gstbuffer.c:342:_memory_add buffer 0xe930e358, idx -1, mem 0xe930f138
06-06 22:09:47.984  5267  5349 V GStreamer+GST_BUFFER: 0:00:34.901159414 0xe900d580 gstbuffer.c:783:gst_buffer_new_allocate new buffer 0xe930e358 of size 144 from allocator 0x0
06-06 22:09:47.984  5267  5348 D GStreamer+GST_PADS: 0:00:34.901162955 0xe900d520 gstpad.c:1849:gst_pad_set_event_function_full:<'':decodepad0> eventfunc for set to 0xd11b555d
06-06 22:09:47.984  5267  5349 V GStreamer+GST_BUFFER: 0:00:34.901183476 0xe900d580 gstbuffer.c:1649:gst_buffer_map_range buffer 0xe930e358, idx 0, length -1, flags 0002
06-06 22:09:47.984  5267  5348 D GStreamer+GST_PADS: 0:00:34.901188528 0xe900d520 gstpad.c:1063:gst_pad_set_active:<'':decodepad0> activating pad from none
06-06 22:09:47.984  5267  5349 V GStreamer+GST_BUFFER: 0:00:34.901209414 0xe900d580 gstbuffer.c:212:_get_merged_memory buffer 0xe930e358, idx 0, length 1
06-06 22:09:47.984  5267  5348 D GStreamer+GST_PADS: 0:00:34.901210820 0xe900d520 gstpad.c:979:pre_activate:<'':decodepad0> setting pad into push mode, unset flushing
06-06 22:09:47.984  5267  5349 V GStreamer+filesrc: 0:00:34.901238320 0xe900d580 gstfilesrc.c:360:gst_file_src_fill:<filesrc0> Reading 144 bytes at offset 0xc0
06-06 22:09:47.984  5267  5348 V GStreamer+GST_PADS: 0:00:34.901239466 0xe900d520 gstghostpad.c:378:gst_ghost_pad_activate_push_default:<'':decodepad0> activate push on '':decodepad0, proxy internal
06-06 22:09:47.984  5267  5349 D GStreamer+basesrc: 0:00:34.901269205 0xe900d580 gstbasesrc.c:2309:gst_base_src_do_sync:<filesrc0> we have no clock
06-06 22:09:47.984  5267  5348 D GStreamer+GST_PADS: 0:00:34.901268476 0xe900d520 gstpad.c:979:pre_activate:<decodepad0:proxypad4> setting pad into push mode, unset flushing
06-06 22:09:47.984  5267  5349 D GStreamer+basesrc: 0:00:34.901290508 0xe900d580 gstbasesrc.c:2519:gst_base_src_get_range:<filesrc0> buffer ok
06-06 22:09:47.984  5267  5348 V GStreamer+GST_PADS: 0:00:34.901291914 0xe900d520 gstghostpad.c:284:gst_ghost_pad_internal_activate_push_default:<decodepad0:proxypad4> activate push on decodepad0:proxypad4, we're ok
06-06 22:09:47.984  5267  5348 D GStreamer+GST_PADS: 0:00:34.901317070 0xe900d520 gstpad.c:1207:activate_mode_internal:<'':decodepad0> already activated in push mode
06-06 22:09:47.984  5267  5349 V GStreamer+qtdemux: 0:00:34.901312903 0xe900d580 qtdemux.c:5277:gst_qtdemux_decorate_and_push_buffer:<q> Pushing buffer with dts 0:00:00.024000000, pts 0:00:00.024000000, duration 0:00:00.024000000 on pad audio_0
06-06 22:09:47.984  5267  5348 D GStreamer+GST_PADS: 0:00:34.901346758 0xe900d520 gstpad.c:1188:activate_mode_internal:<decodepad0:proxypad4> activated in push mode
06-06 22:09:47.984  5267  5348 D GStreamer+GST_PADS: 0:00:34.901370508 0xe900d520 gstpad.c:1188:activate_mode_internal:<'':decodepad0> activated in push mode
06-06 22:09:47.984  5267  5349 D GStreamer+GST_SCHEDULING: 0:00:34.901358841 0xe900d580 gstpad.c:4193:gst_pad_chain_data_unchecked:<queue2:sink> calling chainfunction &gst_queue_chain with buffer buffer: 0xe930e358, pts 0:00:00.024000000, dts 0:00:00.024000000, dur 0:00:00.024000000, size 144, offset none, offset_end none, flags 0x0
06-06 22:09:47.984  5267  5348 D GStreamer+GST_PADS: 0:00:34.901397695 0xe900d520 gstghostpad.c:840:gst_ghost_pad_set_target:<'':decodepad0> set target typefind:src
06-06 22:09:47.984  5267  5349 V GStreamer+queue_dataflow: 0:00:34.901409935 0xe900d580 gstqueue.c:1181:gst_queue_chain_buffer_or_list:<queue2> received buffer 0xe930e358 of size 144, time 0:00:00.024000000, duration 0:00:00.024000000
06-06 22:09:47.984  5267  5348 D GStreamer+GST_PADS: 0:00:34.901418008 0xe900d520 gstghostpad.c:862:gst_ghost_pad_set_target:<'':decodepad0> connecting internal pad to target <typefind:src>
06-06 22:09:47.984  5267  5349 V GStreamer+queue: 0:00:34.901445768 0xe900d580 gstqueue.c:633:apply_buffer:<queue2> sink position updated to 0:00:00.048000000
06-06 22:09:47.984  5267  5348 V GStreamer+GST_MESSAGE: 0:00:34.901458216 0xe900d520 gstmessage.c:293:gst_message_new_custom source proxypad4: creating new message 0xe9309978 structure-change
06-06 22:09:47.984  5267  5349 V GStreamer+queue: 0:00:34.901475768 0xe900d580 gstqueue.c:529:update_time_level:<queue2> update sink time
06-06 22:09:47.984  5267  5349 V GStreamer+queue: 0:00:34.901494883 0xe900d580 gstqueue.c:547:update_time_level:<queue2> sink +0:00:00.048000000, src +0:00:00.000000000
06-06 22:09:47.984  5267  5348 D GStreamer+GST_BUS: 0:00:34.901483893 0xe900d520 gstbus.c:309:gst_bus_post:<bus0> [msg 0xe9309978] posting on bus structure-change message: 0xe9309978, time 99:99:99.999999999, seq-num 111, element 'proxypad4', GstMessageStructureChange, type=(GstStructureChangeType)GST_STRUCTURE_CHANGE_TYPE_PAD_LINK, owner=(GstElement)"\(GstTypeFindElement\)\ typefind", busy=(boolean)true;
06-06 22:09:47.984  5267  5349 D GStreamer+GST_SCHEDULING: 0:00:34.901528528 0xe900d580 gstpad.c:4199:gst_pad_chain_data_unchecked:<queue2:sink> called chainfunction &gst_queue_chain with buffer 0xe930e358, returned ok
06-06 22:09:47.984  5267  5349 V GStreamer+qtdemux: 0:00:34.901556080 0xe900d580 qtdemux.c:4949:gst_qtdemux_combine_flows:<q> flow return: ok
06-06 22:09:47.984  5267  5349 V GStreamer+qtdemux: 0:00:34.901576080 0xe900d580 qtdemux.c:4957:gst_qtdemux_combine_flows:<q> combined flow return: ok
06-06 22:09:47.984  5267  5348 D GStreamer+decodebin: 0:00:34.901551445 0xe900d520 gstdecodebin2.c:5492:gst_decode_bin_handle_message:<forhwgl> Forwarding msg structure-change message: 0xe9309978, time 99:99:99.999999999, seq-num 111, element 'proxypad4', GstMessageStructureChange, type=(GstStructureChangeType)GST_STRUCTURE_CHANGE_TYPE_PAD_LINK, owner=(GstElement)"\(GstTypeFindElement\)\ typefind", busy=(boolean)true;
06-06 22:09:47.984  5267  5349 V GStreamer+qtdemux: 0:00:34.901599570 0xe900d580 qtdemux.c:8003:qtdemux_parse_samples:<q> parsing samples for stream fourcc mp4a, pad audio_0
06-06 22:09:47.984  5267  5348 D GStreamer+bin: 0:00:34.901606185 0xe900d520 gstbin.c:3654:gst_bin_handle_message_func:<forhwgl> [msg 0xe9309978] handling child proxypad4 message of type structure-change
06-06 22:09:47.984  5267  5349 D GStreamer+qtdemux: 0:00:34.901625768 0xe900d580 qtdemux.c:8014:qtdemux_parse_samples:<q> parsing up to sample 2
06-06 22:09:47.984  5267  5348 V GStreamer+bin: 0:00:34.901633893 0xe900d520 gstbin.c:889:message_check looking at message 0xe9308e70: 0
06-06 22:09:47.984  5267  5349 V GStreamer+qtdemux: 0:00:34.901645872 0xe900d580 qtdemux.c:8040:qtdemux_parse_samples:<q> sample 2 has size 144
06-06 22:09:47.984  5267  5348 D GStreamer+bin: 0:00:34.901652018 0xe900d520 gstbin.c:911:find_message:<forhwgl> no message found matching types 00001000
06-06 22:09:47.984  5267  5348 D GStreamer+bin: 0:00:34.901675039 0xe900d520 gstbin.c:918:find_message:<forhwgl>   structure-change
06-06 22:09:47.984  5267  5349 V GStreamer+qtdemux: 0:00:34.901670091 0xe900d580 qtdemux.c:8164:qtdemux_parse_samples:<q> creating entry 2 with offset 336 and size 144
06-06 22:09:47.984  5267  5348 D GStreamer+bin: 0:00:34.901698633 0xe900d520 gstbin.c:958:bin_replace_message:<forhwgl> got new message 0xe9309978, structure-change from proxypad4
06-06 22:09:47.984  5267  5349 D GStreamer+qtdemux: 0:00:34.901701237 0xe900d580 qtdemux.c:8221:qtdemux_parse_samples:<q> sample 2: index 2, timestamp 0:00:00.048000000
06-06 22:09:47.984  5267  5348 D GStreamer+GST_BUS: 0:00:34.901739101 0xe900d520 gstbus.c:344:gst_bus_post:<bus0> [msg 0xe9309978] dropped
06-06 22:09:47.984  5267  5349 D GStreamer+qtdemux: 0:00:34.901747643 0xe900d580 qtdemux.c:8321:qtdemux_parse_samples:<q> setting all keyframes
06-06 22:09:47.984  5267  5348 I GStreamer+GST_PADS: 0:00:34.901760924 0xe900d520 gstpad.c:2315:gst_pad_link_prepare trying to link typefind:src and decodepad0:proxypad4
06-06 22:09:47.984  5267  5349 V GStreamer+qtdemux: 0:00:34.901769049 0xe900d580 qtdemux.c:5655:gst_qtdemux_loop:<q> loop at position 15003960, state 2
06-06 22:09:47.984  5267  5348 I GStreamer+GST_PADS: 0:00:34.901790612 0xe900d520 gstpad.c:2521:gst_pad_link_full linked typefind:src and decodepad0:proxypad4, successful
06-06 22:09:47.984  5267  5349 V GStreamer+qtdemux: 0:00:34.901793737 0xe900d580 qtdemux.c:4750:gst_qtdemux_prepare_current_sample:<q> segment active, index = 2 of 299
06-06 22:09:47.984  5267  5348 I GStreamer+GST_EVENT: 0:00:34.901822487 0xe900d520 gstevent.c:1382:gst_event_new_reconfigure creating reconfigure event
06-06 22:09:47.984  5267  5349 V GStreamer+qtdemux: 0:00:34.901825195 0xe900d580 qtdemux.c:8003:qtdemux_parse_samples:<q> parsing samples for stream fourcc mp4a, pad audio_0
06-06 22:09:47.984  5267  5348 D GStreamer+GST_EVENT: 0:00:34.901841289 0xe900d520 gstevent.c:302:gst_event_new_custom creating new event 0xe91b6b90 reconfigure 61441
06-06 22:09:47.984  5267  5349 V GStreamer+qtdemux: 0:00:34.901849518 0xe900d580 qtdemux.c:8385:qtdemux_parse_samples:<q> Tried to parse up to sample 2 but this sample has already been parsed
06-06 22:09:47.985  5267  5348 D GStreamer+GST_EVENT: 0:00:34.901861445 0xe900d520 gstpad.c:5536:gst_pad_send_event_unchecked:<typefind:src> have event type reconfigure event: 0xe91b6b90, time 99:99:99.999999999, seq-num 112, (NULL)
06-06 22:09:47.985  5267  5349 D GStreamer+qtdemux: 0:00:34.901870143 0xe900d580 qtdemux.c:5512:gst_qtdemux_loop_state_movie:<q> pushing from stream 1, empty 0 offset 336, size 144, dts=0:00:00.048000000, pts=0:00:00.048000000, duration 0:00:00.024000000
06-06 22:09:47.985  5267  5347 V GStreamer+GST_PROPERTIES: 0:00:34.901967278 0xe900d4c0 gstobject.c:473:gst_object_dispatch_properties_changed:<typefind> deep notification from src (caps)
06-06 22:09:47.985  5267  5349 V GStreamer+qtdemux: 0:00:34.901990351 0xe900d580 qtdemux.c:5566:gst_qtdemux_loop_state_movie:<q> reading 144 bytes @ 336
06-06 22:09:47.985  5267  5347 V GStreamer+GST_PROPERTIES: 0:00:34.901995351 0xe900d4c0 gstobject.c:473:gst_object_dispatch_properties_changed:<decodebin1> deep notification from src (caps)
06-06 22:09:47.985  5267  5349 V GStreamer+GST_SCHEDULING: 0:00:34.902021914 0xe900d580 gstpad.c:4654:gst_pad_get_range_unchecked:<filesrc0:src> calling getrangefunc gst_base_src_getrange, offset 336, size 144
06-06 22:09:47.985  5267  5347 V GStreamer+GST_PROPERTIES: 0:00:34.902024414 0xe900d4c0 gstobject.c:473:gst_object_dispatch_properties_changed:<pipeline0> deep notification from src (caps)
06-06 22:09:47.985  5267  5349 D GStreamer+basesrc: 0:00:34.902054205 0xe900d580 gstbasesrc.c:2354:gst_base_src_update_length:<filesrc0> reading offset 336, length 144, size 15003960, segment.stop -1, maxsize 15003960
06-06 22:09:47.985  5267  5347 D GStreamer+decodebin: 0:00:34.902061289 0xe900d4c0 gstdecodebin2.c:2860:type_found:<decodebin1> typefind found caps audio/mpeg, mpegversion=(int)1, parsed=(boolean)true, rate=(int)24000, channels=(int)1
06-06 22:09:47.985  5267  5349 D GStreamer+basesrc: 0:00:34.902087174 0xe900d580 gstbasesrc.c:2455:gst_base_src_get_range:<filesrc0> calling create offset 336 length 144, time 0
06-06 22:09:47.985  5267  5347 I GStreamer+GST_ELEMENT_PADS: 0:00:34.902101966 0xe900d4c0 gstelement.c:909:gst_element_get_static_pad found pad typefind:src
06-06 22:09:47.985  5267  5349 D GStreamer+GST_MEMORY: 0:00:34.902112018 0xe900d580 gstmemory.c:138:gst_memory_init new memory 0xe930f220, maxsize:147 offset:0 size:144
06-06 22:09:47.985  5267  5347 I GStreamer+GST_ELEMENT_PADS: 0:00:34.902120299 0xe900d4c0 gstelement.c:909:gst_element_get_static_pad found pad typefind:sink
06-06 22:09:47.985  5267  5349 V GStreamer+GST_BUFFER: 0:00:34.902134622 0xe900d580 gstbuffer.c:727:gst_buffer_new new 0xe930e2b8
06-06 22:09:47.985  5267  5347 D GStreamer+decodebin: 0:00:34.902144310 0xe900d4c0 gstdecodebin2.c:3523:gst_decode_chain_new:<decodebin1> Creating new chain 0xe924f6a0 with parent group 0x0
06-06 22:09:47.985  5267  5349 V GStreamer+GST_BUFFER: 0:00:34.902157070 0xe900d580 gstbuffer.c:342:_memory_add buffer 0xe930e2b8, idx -1, mem 0xe930f220
06-06 22:09:47.985  5267  5348 V GStreamer+GST_EVENT: 0:00:34.901925924 0xe900d520 gstevent.c:219:_gst_event_free freeing event 0xe91b6b90 type reconfigure
06-06 22:09:47.985  5267  5349 V GStreamer+GST_BUFFER: 0:00:34.902176810 0xe900d580 gstbuffer.c:783:gst_buffer_new_allocate new buffer 0xe930e2b8 of size 144 from allocator 0x0
06-06 22:09:47.985  5267  5348 D GStreamer+GST_PADS: 0:00:34.902209362 0xe900d520 gstpad.c:5609:gst_pad_send_event_unchecked:<typefind:src> sent event, ret error
06-06 22:09:47.985  5267  5349 V GStreamer+GST_BUFFER: 0:00:34.902218841 0xe900d580 gstbuffer.c:1649:gst_buffer_map_range buffer 0xe930e2b8, idx 0, length -1, flags 0002
06-06 22:09:47.985  5267  5348 V GStreamer+GST_MESSAGE: 0:00:34.902237747 0xe900d520 gstmessage.c:293:gst_message_new_custom source proxypad4: creating new message 0xe93099d0 structure-change
06-06 22:09:47.985  5267  5349 V GStreamer+GST_BUFFER: 0:00:34.902239830 0xe900d580 gstbuffer.c:212:_get_merged_memory buffer 0xe930e2b8, idx 0, length 1
06-06 22:09:47.985  5267  5349 V GStreamer+filesrc: 0:00:34.902269258 0xe900d580 gstfilesrc.c:360:gst_file_src_fill:<filesrc0> Reading 144 bytes at offset 0x150
06-06 22:09:47.985  5267  5349 D GStreamer+basesrc: 0:00:34.902298580 0xe900d580 gstbasesrc.c:2309:gst_base_src_do_sync:<filesrc0> we have no clock
06-06 22:09:47.985  5267  5348 D GStreamer+GST_BUS: 0:00:34.902268633 0xe900d520 gstbus.c:309:gst_bus_post:<bus0> [msg 0xe93099d0] posting on bus structure-change message: 0xe93099d0, time 99:99:99.999999999, seq-num 113, element 'proxypad4', GstMessageStructureChange, type=(GstStructureChangeType)GST_STRUCTURE_CHANGE_TYPE_PAD_LINK, owner=(GstElement)"\(GstTypeFindElement\)\ typefind", busy=(boolean)false;
06-06 22:09:47.985  5267  5349 D GStreamer+basesrc: 0:00:34.902320872 0xe900d580 gstbasesrc.c:2519:gst_base_src_get_range:<filesrc0> buffer ok
06-06 22:09:47.985  5267  5349 V GStreamer+qtdemux: 0:00:34.902339726 0xe900d580 qtdemux.c:5277:gst_qtdemux_decorate_and_push_buffer:<q> Pushing buffer with dts 0:00:00.048000000, pts 0:00:00.048000000, duration 0:00:00.024000000 on pad audio_0
06-06 22:09:47.985  5267  5349 D GStreamer+GST_SCHEDULING: 0:00:34.902377330 0xe900d580 gstpad.c:4193:gst_pad_chain_data_unchecked:<queue2:sink> calling chainfunction &gst_queue_chain with buffer buffer: 0xe930e2b8, pts 0:00:00.048000000, dts 0:00:00.048000000, dur 0:00:00.024000000, size 144, offset none, offset_end none, flags 0x0
06-06 22:09:47.985  5267  5347 D GStreamer+decodebin: 0:00:34.902167278 0xe900d4c0 gstdecodebin2.c:1534:analyze_new_pad:<decodebin1> Pad typefind:src caps:audio/mpeg, mpegversion=(int)1, parsed=(boolean)true, rate=(int)24000, channels=(int)1
06-06 22:09:47.985  5267  5347 D GStreamer+decodebin: 0:00:34.902435455 0xe900d4c0 gstdecodebin2.c:5085:gst_decode_pad_new:<decodebin1> making new decodepad
06-06 22:09:47.985  5267  5349 V GStreamer+queue_dataflow: 0:00:34.902433580 0xe900d580 gstqueue.c:1181:gst_queue_chain_buffer_or_list:<queue2> received buffer 0xe930e2b8 of size 144, time 0:00:00.048000000, duration 0:00:00.024000000
06-06 22:09:47.985  5267  5349 V GStreamer+queue: 0:00:34.902473685 0xe900d580 gstqueue.c:633:apply_buffer:<queue2> sink position updated to 0:00:00.072000000
06-06 22:09:47.985  5267  5349 V GStreamer+queue: 0:00:34.902505976 0xe900d580 gstqueue.c:529:update_time_level:<queue2> update sink time
06-06 22:09:47.985  5267  5347 D GStreamer+GST_PADS: 0:00:34.902505664 0xe900d4c0 gstpad.c:1963:gst_pad_set_iterate_internal_links_function_full:<GstProxyPad@0xe932c6d8> internal link iterator set to gst_proxy_pad_iterate_internal_links_default
06-06 22:09:47.985  5267  5349 V GStreamer+queue: 0:00:34.902527226 0xe900d580 gstqueue.c:547:update_time_level:<queue2> sink +0:00:00.072000000, src +0:00:00.000000000
06-06 22:09:47.985  5267  5349 D GStreamer+GST_SCHEDULING: 0:00:34.902569258 0xe900d580 gstpad.c:4199:gst_pad_chain_data_unchecked:<queue2:sink> called chainfunction &gst_queue_chain with buffer 0xe930e2b8, returned ok
06-06 22:09:47.985  5267  5349 V GStreamer+qtdemux: 0:00:34.902599101 0xe900d580 qtdemux.c:4949:gst_qtdemux_combine_flows:<q> flow return: ok
06-06 22:09:47.985  5267  5349 V GStreamer+qtdemux: 0:00:34.902619570 0xe900d580 qtdemux.c:4957:gst_qtdemux_combine_flows:<q> combined flow return: ok
06-06 22:09:47.985  5267  5347 D GStreamer+GST_PADS: 0:00:34.902631185 0xe900d4c0 gstpad.c:1708:gst_pad_set_activatemode_function_full:<GstGhostPad@0xe932c6d8> activatemodefunc set to gst_ghost_pad_activate_mode_default
06-06 22:09:47.985  5267  5349 V GStreamer+qtdemux: 0:00:34.902638737 0xe900d580 qtdemux.c:8003:qtdemux_parse_samples:<q> parsing samples for stream fourcc mp4a, pad audio_0
06-06 22:09:47.985  5267  5349 D GStreamer+qtdemux: 0:00:34.902669205 0xe900d580 qtdemux.c:8014:qtdemux_parse_samples:<q> parsing up to sample 3
06-06 22:09:47.985  5267  5349 V GStreamer+qtdemux: 0:00:34.902691445 0xe900d580 qtdemux.c:8040:qtdemux_parse_samples:<q> sample 3 has size 144
06-06 22:09:47.985  5267  5347 D GStreamer+GST_PADS: 0:00:34.902694778 0xe900d4c0 gstpad.c:1816:gst_pad_set_getrange_function_full:<'':decodepad1> getrangefunc set to gst_proxy_pad_getrange_default
06-06 22:09:47.985  5267  5349 V GStreamer+qtdemux: 0:00:34.902728164 0xe900d580 qtdemux.c:8164:qtdemux_parse_samples:<q> creating entry 3 with offset 480 and size 144
06-06 22:09:47.985  5267  5347 D GStreamer+GST_PADS: 0:00:34.902741549 0xe900d4c0 gstpad.c:1963:gst_pad_set_iterate_internal_links_function_full:<GstProxyPad@0xe932d1a0> internal link iterator set to gst_proxy_pad_iterate_internal_links_default
06-06 22:09:47.985  5267  5349 D GStreamer+qtdemux: 0:00:34.902757174 0xe900d580 qtdemux.c:8221:qtdemux_parse_samples:<q> sample 3: index 3, timestamp 0:00:00.072000000
06-06 22:09:47.985  5267  5349 D GStreamer+qtdemux: 0:00:34.902787591 0xe900d580 qtdemux.c:8321:qtdemux_parse_samples:<q> setting all keyframes
06-06 22:09:47.985  5267  5347 D GStreamer+GST_PADS: 0:00:34.902785403 0xe900d4c0 gstpad.c:1743:gst_pad_set_chain_function_full:<'':proxypad5> chainfunc set to gst_proxy_pad_chain_default
06-06 22:09:47.985  5267  5347 D GStreamer+GST_PADS: 0:00:34.902811289 0xe900d4c0 gstpad.c:1780:gst_pad_set_chain_list_function_full:<'':proxypad5> chainlistfunc set to gst_proxy_pad_chain_list_default
06-06 22:09:47.985  5267  5349 V GStreamer+qtdemux: 0:00:34.902810976 0xe900d580 qtdemux.c:5655:gst_qtdemux_loop:<q> loop at position 15003960, state 2
06-06 22:09:47.985  5267  5347 D GStreamer+GST_REFCOUNTING: 0:00:34.902839258 0xe900d4c0 gstobject.c:700:gst_object_set_parent:<'':proxypad5> set parent (ref and sink)
06-06 22:09:47.985  5267  5349 V GStreamer+qtdemux: 0:00:34.902840664 0xe900d580 qtdemux.c:4750:gst_qtdemux_prepare_current_sample:<q> segment active, index = 3 of 299
06-06 22:09:47.986  5267  5347 D GStreamer+GST_PADS: 0:00:34.902865820 0xe900d4c0 gstpad.c:1708:gst_pad_set_activatemode_function_full:<decodepad1:proxypad5> activatemodefunc set to gst_ghost_pad_internal_activate_mode_default
06-06 22:09:47.986  5267  5349 V GStreamer+qtdemux: 0:00:34.902867747 0xe900d580 qtdemux.c:8003:qtdemux_parse_samples:<q> parsing samples for stream fourcc mp4a, pad audio_0
06-06 22:09:47.986  5267  5347 D GStreamer+GST_PADS: 0:00:34.902895299 0xe900d4c0 gstpad.c:1929:gst_pad_set_query_function_full:<decodepad1:proxypad5> queryfunc set to 0xd11bcd59
06-06 22:09:47.986  5267  5349 V GStreamer+qtdemux: 0:00:34.902897487 0xe900d580 qtdemux.c:8385:qtdemux_parse_samples:<q> Tried to parse up to sample 3 but this sample has already been parsed
06-06 22:09:47.986  5267  5347 D GStreamer+GST_PADS: 0:00:34.902922903 0xe900d4c0 gstpad.c:1849:gst_pad_set_event_function_full:<'':decodepad1> eventfunc for set to 0xd11b555d
06-06 22:09:47.986  5267  5349 D GStreamer+qtdemux: 0:00:34.902924778 0xe900d580 qtdemux.c:5512:gst_qtdemux_loop_state_movie:<q> pushing from stream 1, empty 0 offset 480, size 144, dts=0:00:00.072000000, pts=0:00:00.072000000, duration 0:00:00.024000000
06-06 22:09:47.986  5267  5347 D GStreamer+GST_PADS: 0:00:34.902952695 0xe900d4c0 gstpad.c:1063:gst_pad_set_active:<'':decodepad1> activating pad from none
06-06 22:09:47.986  5267  5349 V GStreamer+qtdemux: 0:00:34.902971601 0xe900d580 qtdemux.c:5566:gst_qtdemux_loop_state_movie:<q> reading 144 bytes @ 480
06-06 22:09:47.986  5267  5347 D GStreamer+GST_PADS: 0:00:34.902974258 0xe900d4c0 gstpad.c:979:pre_activate:<'':decodepad1> setting pad into push mode, unset flushing
06-06 22:09:47.986  5267  5347 V GStreamer+GST_PADS: 0:00:34.902997799 0xe900d4c0 gstghostpad.c:378:gst_ghost_pad_activate_push_default:<'':decodepad1> activate push on '':decodepad1, proxy internal
06-06 22:09:47.986  5267  5349 V GStreamer+GST_SCHEDULING: 0:00:34.902996914 0xe900d580 gstpad.c:4654:gst_pad_get_range_unchecked:<filesrc0:src> calling getrangefunc gst_base_src_getrange, offset 480, size 144
06-06 22:09:47.986  5267  5347 D GStreamer+GST_PADS: 0:00:34.903029622 0xe900d4c0 gstpad.c:979:pre_activate:<decodepad1:proxypad5> setting pad into push mode, unset flushing
06-06 22:09:47.986  5267  5349 D GStreamer+basesrc: 0:00:34.903031028 0xe900d580 gstbasesrc.c:2354:gst_base_src_update_length:<filesrc0> reading offset 480, length 144, size 15003960, segment.stop -1, maxsize 15003960
06-06 22:09:47.986  5267  5347 V GStreamer+GST_PADS: 0:00:34.903060820 0xe900d4c0 gstghostpad.c:284:gst_ghost_pad_internal_activate_push_default:<decodepad1:proxypad5> activate push on decodepad1:proxypad5, we're ok
06-06 22:09:47.986  5267  5349 D GStreamer+basesrc: 0:00:34.903068789 0xe900d580 gstbasesrc.c:2455:gst_base_src_get_range:<filesrc0> calling create offset 480 length 144, time 0
06-06 22:09:47.986  5267  5347 D GStreamer+GST_PADS: 0:00:34.903086028 0xe900d4c0 gstpad.c:1207:activate_mode_internal:<'':decodepad1> already activated in push mode
06-06 22:09:47.986  5267  5349 D GStreamer+GST_MEMORY: 0:00:34.903093008 0xe900d580 gstmemory.c:138:gst_memory_init new memory 0xe930f308, maxsize:147 offset:0 size:144
06-06 22:09:47.986  5267  5347 D GStreamer+GST_PADS: 0:00:34.903109674 0xe900d4c0 gstpad.c:1188:activate_mode_internal:<decodepad1:proxypad5> activated in push mode
06-06 22:09:47.986  5267  5349 V GStreamer+GST_BUFFER: 0:00:34.903119935 0xe900d580 gstbuffer.c:727:gst_buffer_new new 0xe930e218
06-06 22:09:47.986  5267  5347 D GStreamer+GST_PADS: 0:00:34.903133320 0xe900d4c0 gstpad.c:1188:activate_mode_internal:<'':decodepad1> activated in push mode
06-06 22:09:47.986  5267  5349 V GStreamer+GST_BUFFER: 0:00:34.903136966 0xe900d580 gstbuffer.c:342:_memory_add buffer 0xe930e218, idx -1, mem 0xe930f308
06-06 22:09:47.986  5267  5347 D GStreamer+GST_PADS: 0:00:34.903162695 0xe900d4c0 gstghostpad.c:840:gst_ghost_pad_set_target:<'':decodepad1> set target typefind:src
06-06 22:09:47.986  5267  5349 V GStreamer+GST_BUFFER: 0:00:34.903164518 0xe900d580 gstbuffer.c:783:gst_buffer_new_allocate new buffer 0xe930e218 of size 144 from allocator 0x0
06-06 22:09:47.986  5267  5349 V GStreamer+GST_BUFFER: 0:00:34.903190039 0xe900d580 gstbuffer.c:1649:gst_buffer_map_range buffer 0xe930e218, idx 0, length -1, flags 0002
06-06 22:09:47.986  5267  5347 D GStreamer+GST_PADS: 0:00:34.903189258 0xe900d4c0 gstghostpad.c:862:gst_ghost_pad_set_target:<'':decodepad1> connecting internal pad to target <typefind:src>
06-06 22:09:47.986  5267  5349 V GStreamer+GST_BUFFER: 0:00:34.903212851 0xe900d580 gstbuffer.c:212:_get_merged_memory buffer 0xe930e218, idx 0, length 1
06-06 22:09:47.986  5267  5347 V GStreamer+GST_MESSAGE: 0:00:34.903224726 0xe900d4c0 gstmessage.c:293:gst_message_new_custom source proxypad5: creating new message 0xe9308858 structure-change
06-06 22:09:47.986  5267  5349 V GStreamer+filesrc: 0:00:34.903235716 0xe900d580 gstfilesrc.c:360:gst_file_src_fill:<filesrc0> Reading 144 bytes at offset 0x1e0
06-06 22:09:47.986  5267  5349 D GStreamer+basesrc: 0:00:34.903263268 0xe900d580 gstbasesrc.c:2309:gst_base_src_do_sync:<filesrc0> we have no clock
06-06 22:09:47.986  5267  5349 D GStreamer+basesrc: 0:00:34.903286914 0xe900d580 gstbasesrc.c:2519:gst_base_src_get_range:<filesrc0> buffer ok
06-06 22:09:47.986  5267  5347 D GStreamer+GST_BUS: 0:00:34.903247799 0xe900d4c0 gstbus.c:309:gst_bus_post:<bus2> [msg 0xe9308858] posting on bus structure-change message: 0xe9308858, time 99:99:99.999999999, seq-num 114, element 'proxypad5', GstMessageStructureChange, type=(GstStructureChangeType)GST_STRUCTURE_CHANGE_TYPE_PAD_LINK, owner=(GstElement)"\(GstTypeFindElement\)\ typefind", busy=(boolean)true;
06-06 22:09:47.986  5267  5349 V GStreamer+qtdemux: 0:00:34.903311080 0xe900d580 qtdemux.c:5277:gst_qtdemux_decorate_and_push_buffer:<q> Pushing buffer with dts 0:00:00.072000000, pts 0:00:00.072000000, duration 0:00:00.024000000 on pad audio_0
06-06 22:09:47.986  5267  5347 D GStreamer+decodebin: 0:00:34.903315403 0xe900d4c0 gstdecodebin2.c:5492:gst_decode_bin_handle_message:<decodebin1> Forwarding msg structure-change message: 0xe9308858, time 99:99:99.999999999, seq-num 114, element 'proxypad5', GstMessageStructureChange, type=(GstStructureChangeType)GST_STRUCTURE_CHANGE_TYPE_PAD_LINK, owner=(GstElement)"\(GstTypeFindElement\)\ typefind", busy=(boolean)true;
06-06 22:09:47.986  5267  5347 D GStreamer+bin: 0:00:34.903380664 0xe900d4c0 gstbin.c:3654:gst_bin_handle_message_func:<decodebin1> [msg 0xe9308858] handling child proxypad5 message of type structure-change
06-06 22:09:47.986  5267  5349 D GStreamer+GST_SCHEDULING: 0:00:34.903362174 0xe900d580 gstpad.c:4193:gst_pad_chain_data_unchecked:<queue2:sink> calling chainfunction &gst_queue_chain with buffer buffer: 0xe930e218, pts 0:00:00.072000000, dts 0:00:00.072000000, dur 0:00:00.024000000, size 144, offset none, offset_end none, flags 0x0
06-06 22:09:47.986  5267  5347 V GStreamer+bin: 0:00:34.903407539 0xe900d4c0 gstbin.c:889:message_check looking at message 0xe90126d8: 0
06-06 22:09:47.986  5267  5347 D GStreamer+bin: 0:00:34.903427278 0xe900d4c0 gstbin.c:911:find_message:<decodebin1> no message found matching types 00001000
06-06 22:09:47.986  5267  5349 V GStreamer+queue_dataflow: 0:00:34.903415403 0xe900d580 gstqueue.c:1181:gst_queue_chain_buffer_or_list:<queue2> received buffer 0xe930e218 of size 144, time 0:00:00.072000000, duration 0:00:00.024000000
06-06 22:09:47.986  5267  5347 D GStreamer+bin: 0:00:34.903450976 0xe900d4c0 gstbin.c:918:find_message:<decodebin1>   structure-change
06-06 22:09:47.986  5267  5349 V GStreamer+queue: 0:00:34.903451653 0xe900d580 gstqueue.c:633:apply_buffer:<queue2> sink position updated to 0:00:00.096000000
06-06 22:09:47.986  5267  5349 V GStreamer+queue: 0:00:34.903482747 0xe900d580 gstqueue.c:529:update_time_level:<queue2> update sink time
06-06 22:09:47.986  5267  5347 D GStreamer+bin: 0:00:34.903478945 0xe900d4c0 gstbin.c:958:bin_replace_message:<decodebin1> got new message 0xe9308858, structure-change from proxypad5
06-06 22:09:47.986  5267  5347 D GStreamer+GST_BUS: 0:00:34.903507643 0xe900d4c0 gstbus.c:344:gst_bus_post:<bus2> [msg 0xe9308858] dropped
06-06 22:09:47.986  5267  5349 V GStreamer+queue: 0:00:34.903506862 0xe900d580 gstqueue.c:547:update_time_level:<queue2> sink +0:00:00.096000000, src +0:00:00.000000000
06-06 22:09:47.986  5267  5347 I GStreamer+GST_PADS: 0:00:34.903533945 0xe900d4c0 gstpad.c:2315:gst_pad_link_prepare trying to link typefind:src and decodepad1:proxypad5
06-06 22:09:47.986  5267  5349 D GStreamer+GST_SCHEDULING: 0:00:34.903542330 0xe900d580 gstpad.c:4199:gst_pad_chain_data_unchecked:<queue2:sink> called chainfunction &gst_queue_chain with buffer 0xe930e218, returned ok
06-06 22:09:47.986  5267  5347 I GStreamer+GST_PADS: 0:00:34.903557747 0xe900d4c0 gstpad.c:2521:gst_pad_link_full linked typefind:src and decodepad1:proxypad5, successful
06-06 22:09:47.986  5267  5349 V GStreamer+qtdemux: 0:00:34.903569049 0xe900d580 qtdemux.c:4949:gst_qtdemux_combine_flows:<q> flow return: ok
06-06 22:09:47.986  5267  5347 I GStreamer+GST_EVENT: 0:00:34.903579935 0xe900d4c0 gstevent.c:1382:gst_event_new_reconfigure creating reconfigure event
06-06 22:09:47.986  5267  5347 D GStreamer+GST_EVENT: 0:00:34.903595455 0xe900d4c0 gstevent.c:302:gst_event_new_custom creating new event 0xe91b5a40 reconfigure 61441
06-06 22:09:47.986  5267  5347 D GStreamer+GST_EVENT: 0:00:34.903615143 0xe900d4c0 gstpad.c:5536:gst_pad_send_event_unchecked:<typefind:src> have event type reconfigure event: 0xe91b5a40, time 99:99:99.999999999, seq-num 115, (NULL)
06-06 22:09:47.986  5267  5347 V GStreamer+GST_EVENT: 0:00:34.903647487 0xe900d4c0 gstevent.c:219:_gst_event_free freeing event 0xe91b5a40 type reconfigure
06-06 22:09:47.986  5267  5349 V GStreamer+qtdemux: 0:00:34.903587695 0xe900d580 qtdemux.c:4957:gst_qtdemux_combine_flows:<q> combined flow return: ok
06-06 22:09:47.986  5267  5347 D GStreamer+GST_PADS: 0:00:34.903665508 0xe900d4c0 gstpad.c:5609:gst_pad_send_event_unchecked:<typefind:src> sent event, ret error
06-06 22:09:47.986  5267  5349 V GStreamer+qtdemux: 0:00:34.903676133 0xe900d580 qtdemux.c:8003:qtdemux_parse_samples:<q> parsing samples for stream fourcc mp4a, pad audio_0
06-06 22:09:47.986  5267  5347 V GStreamer+GST_MESSAGE: 0:00:34.903691445 0xe900d4c0 gstmessage.c:293:gst_message_new_custom source proxypad5: creating new message 0xe93088b0 structure-change
06-06 22:09:47.986  5267  5349 D GStreamer+qtdemux: 0:00:34.903703633 0xe900d580 qtdemux.c:8014:qtdemux_parse_samples:<q> parsing up to sample 4
06-06 22:09:47.986  5267  5349 V GStreamer+qtdemux: 0:00:34.903731445 0xe900d580 qtdemux.c:8040:qtdemux_parse_samples:<q> sample 4 has size 144
06-06 22:09:47.986  5267  5349 V GStreamer+qtdemux: 0:00:34.903752435 0xe900d580 qtdemux.c:8164:qtdemux_parse_samples:<q> creating entry 4 with offset 624 and size 144
06-06 22:09:47.986  5267  5347 D GStreamer+GST_BUS: 0:00:34.903712226 0xe900d4c0 gstbus.c:309:gst_bus_post:<bus2> [msg 0xe93088b0] posting on bus structure-change message: 0xe93088b0, time 99:99:99.999999999, seq-num 116, element 'proxypad5', GstMessageStructureChange, type=(GstStructureChangeType)GST_STRUCTURE_CHANGE_TYPE_PAD_LINK, owner=(GstElement)"\(GstTypeFindElement\)\ typefind", busy=(boolean)false;
06-06 22:09:47.986  5267  5349 D GStreamer+qtdemux: 0:00:34.903779830 0xe900d580 qtdemux.c:8221:qtdemux_parse_samples:<q> sample 4: index 4, timestamp 0:00:00.096000000
06-06 22:09:47.986  5267  5349 D GStreamer+qtdemux: 0:00:34.903808633 0xe900d580 qtdemux.c:8321:qtdemux_parse_samples:<q> setting all keyframes
06-06 22:09:47.986  5267  5347 D GStreamer+decodebin: 0:00:34.903783945 0xe900d4c0 gstdecodebin2.c:5492:gst_decode_bin_handle_message:<decodebin1> Forwarding msg structure-change message: 0xe93088b0, time 99:99:99.999999999, seq-num 116, element 'proxypad5', GstMessageStructureChange, type=(GstStructureChangeType)GST_STRUCTURE_CHANGE_TYPE_PAD_LINK, owner=(GstElement)"\(GstTypeFindElement\)\ typefind", busy=(boolean)false;
06-06 22:09:47.986  5267  5349 V GStreamer+qtdemux: 0:00:34.903831653 0xe900d580 qtdemux.c:5655:gst_qtdemux_loop:<q> loop at position 15003960, state 2
06-06 22:09:47.986  5267  5347 D GStreamer+bin: 0:00:34.903840351 0xe900d4c0 gstbin.c:3654:gst_bin_handle_message_func:<decodebin1> [msg 0xe93088b0] handling child proxypad5 message of type structure-change
06-06 22:09:47.986  5267  5349 V GStreamer+qtdemux: 0:00:34.903855872 0xe900d580 qtdemux.c:4750:gst_qtdemux_prepare_current_sample:<q> segment active, index = 4 of 299
06-06 22:09:47.986  5267  5347 V GStreamer+bin: 0:00:34.903866185 0xe900d4c0 gstbin.c:889:message_check looking at message 0xe9308858: 1
06-06 22:09:47.987  5267  5349 V GStreamer+qtdemux: 0:00:34.903877851 0xe900d580 qtdemux.c:8003:qtdemux_parse_samples:<q> parsing samples for stream fourcc mp4a, pad audio_0
06-06 22:09:47.987  5267  5347 D GStreamer+bin: 0:00:34.903885247 0xe900d4c0 gstbin.c:986:bin_remove_messages:<decodepad1:proxypad5> deleting message 0xe9308858 of types 0x00001000
06-06 22:09:47.987  5267  5349 V GStreamer+qtdemux: 0:00:34.903904778 0xe900d580 qtdemux.c:8385:qtdemux_parse_samples:<q> Tried to parse up to sample 4 but this sample has already been parsed
06-06 22:09:47.987  5267  5347 V GStreamer+GST_MESSAGE: 0:00:34.903909883 0xe900d4c0 gstmessage.c:200:_gst_message_free finalize message 0xe9308858, structure-change from proxypad5
06-06 22:09:47.987  5267  5347 V GStreamer+bin: 0:00:34.903934205 0xe900d4c0 gstbin.c:889:message_check looking at message 0xe90126d8: 0
06-06 22:09:47.987  5267  5349 D GStreamer+qtdemux: 0:00:34.903925612 0xe900d580 qtdemux.c:5512:gst_qtdemux_loop_state_movie:<q> pushing from stream 1, empty 0 offset 624, size 144, dts=0:00:00.096000000, pts=0:00:00.096000000, duration 0:00:00.024000000
06-06 22:09:47.987  5267  5347 D GStreamer+bin: 0:00:34.903958893 0xe900d4c0 gstbin.c:992:bin_remove_messages:<decodebin1> not deleting message 0xe90126d8 of type 0x00100000
06-06 22:09:47.987  5267  5349 V GStreamer+qtdemux: 0:00:34.903968945 0xe900d580 qtdemux.c:5566:gst_qtdemux_loop_state_movie:<q> reading 144 bytes @ 624
06-06 22:09:47.987  5267  5347 V GStreamer+GST_MESSAGE: 0:00:34.903979362 0xe900d4c0 gstmessage.c:200:_gst_message_free finalize message 0xe93088b0, structure-change from proxypad5
06-06 22:09:47.987  5267  5349 V GStreamer+GST_SCHEDULING: 0:00:34.903992018 0xe900d580 gstpad.c:4654:gst_pad_get_range_unchecked:<filesrc0:src> calling getrangefunc gst_base_src_getrange, offset 624, size 144
06-06 22:09:47.987  5267  5347 D GStreamer+GST_BUS: 0:00:34.904000039 0xe900d4c0 gstbus.c:344:gst_bus_post:<bus2> [msg 0xe93088b0] dropped
06-06 22:09:47.987  5267  5349 D GStreamer+basesrc: 0:00:34.904020976 0xe900d580 gstbasesrc.c:2354:gst_base_src_update_length:<filesrc0> reading offset 624, length 144, size 15003960, segment.stop -1, maxsize 15003960
06-06 22:09:47.987  5267  5347 D GStreamer+decodebin: 0:00:34.904025820 0xe900d4c0 gstdecodebin2.c:1490:copy_sticky_events:<'':decodepad1> store sticky event stream-start event: 0xe90b4198, time 99:99:99.999999999, seq-num 97, GstEventStreamStart, stream-id=(string)71ab440d261a1bb43c19b397eec2373651540427aed1e7b0deb4be62a10a7f25/002, flags=(GstStreamFlags)GST_STREAM_FLAG_NONE, group-id=(uint)0;
06-06 22:09:47.987  5267  5349 D GStreamer+basesrc: 0:00:34.904055612 0xe900d580 gstbasesrc.c:2455:gst_base_src_get_range:<filesrc0> calling create offset 624 length 144, time 0
06-06 22:09:47.987  5267  5347 V GStreamer+GST_PADS: 0:00:34.904086758 0xe900d4c0 gstpad.c:5028:store_sticky_event:<'':decodepad1> Removing pending EOS events
06-06 22:09:47.987  5267  5349 D GStreamer+GST_MEMORY: 0:00:34.904088372 0xe900d580 gstmemory.c:138:gst_memory_init new memory 0xe930f3f0, maxsize:147 offset:0 size:144
06-06 22:09:47.987  5267  5349 V GStreamer+GST_BUFFER: 0:00:34.904115820 0xe900d580 gstbuffer.c:727:gst_buffer_new new 0xe930e0d8
06-06 22:09:47.987  5267  5347 V GStreamer+GST_PADS: 0:00:34.904115247 0xe900d4c0 gstpad.c:5087:store_sticky_event:<'':decodepad1> stored sticky event stream-start
06-06 22:09:47.987  5267  5349 V GStreamer+GST_BUFFER: 0:00:34.904133789 0xe900d580 gstbuffer.c:342:_memory_add buffer 0xe930e0d8, idx -1, mem 0xe930f3f0
06-06 22:09:47.987  5267  5349 V GStreamer+GST_BUFFER: 0:00:34.904156393 0xe900d580 gstbuffer.c:783:gst_buffer_new_allocate new buffer 0xe930e0d8 of size 144 from allocator 0x0
06-06 22:09:47.987  5267  5347 D GStreamer+decodebin: 0:00:34.904138737 0xe900d4c0 gstdecodebin2.c:1490:copy_sticky_events:<'':decodepad1> store sticky event caps event: 0xe91b59f8, time 99:99:99.999999999, seq-num 110, GstEventCaps, caps=(GstCaps)"audio/mpeg\,\ mpegversion\=\(int\)1\,\ parsed\=\(boolean\)true\,\ rate\=\(int\)24000\,\ channels\=\(int\)1";
06-06 22:09:47.987  5267  5349 V GStreamer+GST_BUFFER: 0:00:34.904182955 0xe900d580 gstbuffer.c:1649:gst_buffer_map_range buffer 0xe930e0d8, idx 0, length -1, flags 0002
06-06 22:09:47.987  5267  5347 V GStreamer+GST_PADS: 0:00:34.904203372 0xe900d4c0 gstpad.c:5087:store_sticky_event:<'':decodepad1> stored sticky event caps
06-06 22:09:47.987  5267  5349 V GStreamer+GST_BUFFER: 0:00:34.904206810 0xe900d580 gstbuffer.c:212:_get_merged_memory buffer 0xe930e0d8, idx 0, length 1
06-06 22:09:47.987  5267  5347 D GStreamer+GST_PADS: 0:00:34.904229935 0xe900d4c0 gstpad.c:5093:store_sticky_event:<'':decodepad1> notify caps
06-06 22:09:47.987  5267  5349 V GStreamer+filesrc: 0:00:34.904233008 0xe900d580 gstfilesrc.c:360:gst_file_src_fill:<filesrc0> Reading 144 bytes at offset 0x270
06-06 22:09:47.987  5267  5349 D GStreamer+basesrc: 0:00:34.904257851 0xe900d580 gstbasesrc.c:2309:gst_base_src_do_sync:<filesrc0> we have no clock
06-06 22:09:47.987  5267  5347 D GStreamer+decodebin: 0:00:34.904258528 0xe900d4c0 gstdecodebin2.c:1385:gst_decode_bin_autoplug_continue:<decodebin1> autoplug-continue returns TRUE
06-06 22:09:47.987  5267  5349 D GStreamer+basesrc: 0:00:34.904280976 0xe900d580 gstbasesrc.c:2519:gst_base_src_get_range:<filesrc0> buffer ok
06-06 22:09:47.987  5267  5347 V GStreamer+decodebin: 0:00:34.904284414 0xe900d4c0 gstdecodebin2.c:3228:are_final_caps:<decodebin1> Checking with caps audio/mpeg, mpegversion=(int)1, parsed=(boolean)true, rate=(int)24000, channels=(int)1
06-06 22:09:47.987  5267  5349 V GStreamer+qtdemux: 0:00:34.904301289 0xe900d580 qtdemux.c:5277:gst_qtdemux_decorate_and_push_buffer:<q> Pushing buffer with dts 0:00:00.096000000, pts 0:00:00.096000000, duration 0:00:00.024000000 on pad audio_0
06-06 22:09:47.987  5267  5347 V GStreamer+decodebin: 0:00:34.904319258 0xe900d4c0 gstdecodebin2.c:3235:are_final_caps:<decodebin1> Caps are not final caps
06-06 22:09:47.987  5267  5347 D GStreamer+GST_CAPS: 0:00:34.904344778 0xe900d4c0 gstpad.c:2672:gst_pad_get_current_caps:<typefind:src> get current pad caps audio/mpeg, mpegversion=(int)1, parsed=(boolean)true, rate=(int)24000, channels=(int)1
06-06 22:09:47.987  5267  5349 D GStreamer+GST_SCHEDULING: 0:00:34.904341601 0xe900d580 gstpad.c:4193:gst_pad_chain_data_unchecked:<queue2:sink> calling chainfunction &gst_queue_chain with buffer buffer: 0xe930e0d8, pts 0:00:00.096000000, dts 0:00:00.096000000, dur 0:00:00.024000000, size 144, offset none, offset_end none, flags 0x0
06-06 22:09:47.987  5267  5347 D GStreamer+decodebin: 0:00:34.904389935 0xe900d4c0 gstdecodebin2.c:1399:gst_decode_bin_autoplug_factories:<decodebin1> finding factories
