06-06 22:09:48.044  5267  5348 D GStreamer+GST_PADS: 0:00:34.961605872 0xe900d520 gstpad.c:3922:gst_pad_query:<queue0:src> doing query 0xe91b87b0 (scheduling)
06-06 22:09:48.044  5267  5349 V GStreamer+qtdemux: 0:00:34.961621028 0xe900d580 qtdemux.c:8040:qtdemux_parse_samples:<q> sample 34 has size 144
06-06 22:09:48.044  5267  5348 D GStreamer+GST_PADS: 0:00:34.961633528 0xe900d520 gstpad.c:3945:gst_pad_query:<queue0:src> sent query 0xe91b87b0 (scheduling), result 1
06-06 22:09:48.044  5267  5349 V GStreamer+qtdemux: 0:00:34.961642018 0xe900d580 qtdemux.c:8164:qtdemux_parse_samples:<q> creating entry 34 with offset 1156386 and size 144
06-06 22:09:48.044  5267  5348 D GStreamer+GST_PADS: 0:00:34.961662070 0xe900d520 gstpad.c:3945:gst_pad_query:<sink:proxypad0> sent query 0xe91b87b0 (scheduling), result 1
06-06 22:09:48.044  5267  5349 D GStreamer+qtdemux: 0:00:34.961669310 0xe900d580 qtdemux.c:8221:qtdemux_parse_samples:<q> sample 34: index 34, timestamp 0:00:00.816000000
06-06 22:09:48.044  5267  5348 D GStreamer+GST_PADS: 0:00:34.961688216 0xe900d520 gstpad.c:3945:gst_pad_query:<typefind:src> sent query 0xe91b87b0 (scheduling), result 1
06-06 22:09:48.044  5267  5349 D GStreamer+qtdemux: 0:00:34.961697643 0xe900d580 qtdemux.c:8321:qtdemux_parse_samples:<q> setting all keyframes
06-06 22:09:48.044  5267  5348 D GStreamer+baseparse: 0:00:34.961727643 0xe900d520 gstbaseparse.c:3633:gst_base_parse_sink_activate:<h264parse0> trying to activate in push mode
06-06 22:09:48.044  5267  5349 V GStreamer+qtdemux: 0:00:34.961727643 0xe900d580 qtdemux.c:5655:gst_qtdemux_loop:<q> loop at position 15003960, state 2
06-06 22:09:48.044  5267  5349 V GStreamer+qtdemux: 0:00:34.961756028 0xe900d580 qtdemux.c:4750:gst_qtdemux_prepare_current_sample:<q> segment active, index = 24 of 361
06-06 22:09:48.044  5267  5348 D GStreamer+GST_PADS: 0:00:34.961756549 0xe900d520 gstpad.c:979:pre_activate:<h264parse0:sink> setting pad into push mode, unset flushing
06-06 22:09:48.044  5267  5348 D GStreamer+GST_PADS: 0:00:34.961783893 0xe900d520 gstpad.c:991:pre_activate:<h264parse0:sink> reschedule events on peer typefind:src
06-06 22:09:48.044  5267  5349 V GStreamer+qtdemux: 0:00:34.961782695 0xe900d580 qtdemux.c:8003:qtdemux_parse_samples:<q> parsing samples for stream fourcc avc1, pad video_0
06-06 22:09:48.044  5267  5349 V GStreamer+qtdemux: 0:00:34.961812383 0xe900d580 qtdemux.c:8385:qtdemux_parse_samples:<q> Tried to parse up to sample 24 but this sample has already been parsed
06-06 22:09:48.044  5267  5348 D GStreamer+baseparse: 0:00:34.961813633 0xe900d520 gstbaseparse.c:3680:gst_base_parse_sink_activate_mode:<h264parse0> sink activate in push mode
06-06 22:09:48.044  5267  5348 D GStreamer+baseparse: 0:00:34.961841080 0xe900d520 gstbaseparse.c:3644:gst_base_parse_activate:<h264parse0> activate 1
06-06 22:09:48.044  5267  5349 D GStreamer+qtdemux: 0:00:34.961836653 0xe900d580 qtdemux.c:5512:gst_qtdemux_loop_state_movie:<q> pushing from stream 0, empty 0 offset 1072624, size 41675, dts=0:00:00.497000000, pts=0:00:00.497000000, duration 0:00:00.020000000
06-06 22:09:48.044  5267  5348 D GStreamer+h264parse: 0:00:34.961867955 0xe900d520 gsth264parse.c:260:gst_h264_parse_start:<h264parse0> start
06-06 22:09:48.045  5267  5348 D GStreamer+h264parse: 0:00:34.961887747 0xe900d520 gsth264parse.c:182:gst_h264_parse_reset_frame:<h264parse0> reset frame
06-06 22:09:48.045  5267  5349 V GStreamer+qtdemux: 0:00:34.961882435 0xe900d580 qtdemux.c:5566:gst_qtdemux_loop_state_movie:<q> reading 41675 bytes @ 1072624
06-06 22:09:48.045  5267  5349 V GStreamer+GST_SCHEDULING: 0:00:34.961909830 0xe900d580 gstpad.c:4654:gst_pad_get_range_unchecked:<filesrc0:src> calling getrangefunc gst_base_src_getrange, offset 1072624, size 41675
06-06 22:09:48.045  5267  5349 D GStreamer+basesrc: 0:00:34.961971133 0xe900d580 gstbasesrc.c:2354:gst_base_src_update_length:<filesrc0> reading offset 1072624, length 41675, size 15003960, segment.stop -1, maxsize 15003960
06-06 22:09:48.045  5267  5349 D GStreamer+basesrc: 0:00:34.962002487 0xe900d580 gstbasesrc.c:2455:gst_base_src_get_range:<filesrc0> calling create offset 1072624 length 41675, time 0
06-06 22:09:48.045  5267  5349 D GStreamer+GST_MEMORY: 0:00:34.962048320 0xe900d580 gstmemory.c:138:gst_memory_init new memory 0xe944bbd8, maxsize:41678 offset:0 size:41675
06-06 22:09:48.045  5267  5349 V GStreamer+GST_BUFFER: 0:00:34.962096914 0xe900d580 gstbuffer.c:727:gst_buffer_new new 0xe9456050
06-06 22:09:48.045  5267  5349 V GStreamer+GST_BUFFER: 0:00:34.962117955 0xe900d580 gstbuffer.c:342:_memory_add buffer 0xe9456050, idx -1, mem 0xe944bbd8
06-06 22:09:48.045  5267  5349 V GStreamer+GST_BUFFER: 0:00:34.962138008 0xe900d580 gstbuffer.c:783:gst_buffer_new_allocate new buffer 0xe9456050 of size 41675 from allocator 0x0
06-06 22:09:48.045  5267  5348 V GStreamer+GST_DEBUG: 0:00:34.962135455 0xe900d520 gstinfo.c:1476:gst_debug_reset_threshold category codecparsers_h264 matches pattern 0xe8df41b8 - gets set to level 6
06-06 22:09:48.045  5267  5349 V GStreamer+GST_BUFFER: 0:00:34.962169726 0xe900d580 gstbuffer.c:1649:gst_buffer_map_range buffer 0xe9456050, idx 0, length -1, flags 0002
06-06 22:09:48.045  5267  5349 V GStreamer+GST_BUFFER: 0:00:34.962190612 0xe900d580 gstbuffer.c:212:_get_merged_memory buffer 0xe9456050, idx 0, length 1
06-06 22:09:48.045  5267  5349 V GStreamer+filesrc: 0:00:34.962209883 0xe900d580 gstfilesrc.c:360:gst_file_src_fill:<filesrc0> Reading 41675 bytes at offset 0x105df0
06-06 22:09:48.045  5267  5348 V GStreamer+baseparse: 0:00:34.962226393 0xe900d520 gstbaseparse.c:3797:gst_base_parse_set_min_frame_size:<h264parse0> set frame_min_size: 6
06-06 22:09:48.045  5267  5348 D GStreamer+baseparse: 0:00:34.962250195 0xe900d520 gstbaseparse.c:3666:gst_base_parse_activate:<h264parse0> activate return: 1
06-06 22:09:48.045  5267  5348 D GStreamer+baseparse: 0:00:34.962270299 0xe900d520 gstbaseparse.c:3703:gst_base_parse_sink_activate_mode:<h264parse0> sink activate return: 1
06-06 22:09:48.045  5267  5349 D GStreamer+basesrc: 0:00:34.962277383 0xe900d580 gstbasesrc.c:2309:gst_base_src_do_sync:<filesrc0> we have no clock
06-06 22:09:48.045  5267  5348 D GStreamer+GST_PADS: 0:00:34.962288737 0xe900d520 gstpad.c:1188:a