06-06 22:09:48.011  5267  5349 D GStreamer+GST_SCHEDULING: 0:00:34.928650195 0xe900d580 gstpad.c:4199:gst_pad_chain_data_unchecked:<queue0:sink> called chainfunction &gst_queue_chain with buffer 0xe9355328, returned ok
06-06 22:09:48.011  5267  5347 D GStreamer+structure: 0:00:34.928664310 0xe900d4c0 gststructure.c:2318:gst_structure_parse_field trying field name 'media'
06-06 22:09:48.011  5267  5349 V GStreamer+qtdemux: 0:00:34.928674883 0xe900d580 qtdemux.c:4949:gst_qtdemux_combine_flows:<q> flow return: ok
06-06 22:09:48.011  5267  5347 D GStreamer+structure: 0:00:34.928682435 0xe900d4c0 gststructure.c:2369:gst_structure_parse_value trying type name 'string'
06-06 22:09:48.011  5267  5349 V GStreamer+qtdemux: 0:00:34.928697383 0xe900d580 qtdemux.c:4957:gst_qtdemux_combine_flows:<q> combined flow return: ok
06-06 22:09:48.011  5267  5347 D GStreamer+structure: 0:00:34.928704258 0xe900d4c0 gststructure.c:2318:gst_structure_parse_field trying field name 'clock-rate'
06-06 22:09:48.011  5267  5347 D GStreamer+structure: 0:00:34.928734205 0xe900d4c0 gststructure.c:2369:gst_structure_parse_value trying type name 'int'
06-06 22:09:48.011  5267  5349 V GStreamer+qtdemux: 0:00:34.928728216 0xe900d580 qtdemux.c:8003:qtdemux_parse_samples:<q> parsing samples for stream fourcc avc1, pad video_0
06-06 22:09:48.011  5267  5347 D GStreamer+structure: 0:00:34.928759518 0xe900d4c0 gststructure.c:2318:gst_structure_parse_field trying field name 'encoding-name'
06-06 22:09:48.011  5267  5349 D GStreamer+qtdemux: 0:00:34.928757383 0xe900d580 qtdemux.c:8014:qtdemux_parse_samples:<q> parsing up to sample 8
06-06 22:09:48.011  5267  5347 D GStreamer+structure: 0:00:34.928781914 0xe900d4c0 gststructure.c:2369:gst_structure_parse_value trying type name 'string'
06-06 22:09:48.011  5267  5349 V GStreamer+qtdemux: 0:00:34.928782487 0xe900d580 qtdemux.c:8040:qtdemux_parse_samples:<q> sample 8 has size 43458
06-06 22:09:48.011  5267  5347 D GStreamer+GST_ELEMENT_FACTORY: 0:00:34.928809987 0xe900d4c0 gstelementfactory.c:851:gst_element_factory_list_filter Trying rtpvrawdepay
06-06 22:09:48.011  5267  5349 V GStreamer+qtdemux: 0:00:34.928810508 0xe900d580 qtdemux.c:8164:qtdemux_parse_samples:<q> creating entry 8 with offset 387035 and size 43458
06-06 22:09:48.011  5267  5347 D GStreamer+structure: 0:00:34.928836445 0xe900d4c0 gststructure.c:2318:gst_structure_parse_field trying field name 'media'
06-06 22:09:48.011  5267  5349 D GStreamer+qtdemux: 0:00:34.928840716 0xe900d580 qtdemux.c:8221:qtdemux_parse_samples:<q> sample 8: index 1, timestamp 0:00:00.179000000
06-06 22:09:48.011  5267  5347 D GStreamer+structure: 0:00:34.928858893 0xe900d4c0 gststructure.c:2369:gst_structure_parse_value trying type name 'string'
06-06 22:09:48.012  5267  5349 D GStreamer+qtdemux: 0:00:34.928869622 0xe900d580 qtdemux.c:8276:qtdemux_parse_samples:<q> samples at 8 is keyframe
06-06 22:09:48.012  5267  5347 D GStreamer+structure: 0:00:34.928877383 0xe900d4c0 gststructure.c:2318:gst_structure_parse_field trying field name 'clock-rate'
06-06 22:09:48.012  5267  5349 V GStreamer+qtdemux: 0:00:34.928891497 0xe900d580 qtdemux.c:5655:gst_qtdemux_loop:<q> loop at position 15003960, state 2
06-06 22:09:48.012  5267  5347 D GStreamer+structure: 0:00:34.928893997 0xe900d4c0 gststructure.c:2369:gst_structure_parse_value trying type name 'int'
06-06 22:09:48.012  5267  5349 V GStreamer+qtdemux: 0:00:34.928916653 0xe900d580 qtdemux.c:4750:gst_qtdemux_prepare_current_sample:<q> segment active, index = 20 of 299
06-06 22:09:48.012  5267  5347 D GStreamer+structure: 0:00:34.928941601 0xe900d4c0 gststructure.c:2318:gst_structure_parse_field trying field name 'encoding-name'
06-06 22:09:48.012  5267  5349 V GStreamer+qtdemux: 0:00:34.928938476 0xe900d580 qtdemux.c:8003:qtdemux_parse_samples:<q> parsing samples for stream fourcc mp4a, pad audio_0
06-06 22:09:48.012  5267  5347 D GStreamer+structure: 0:00:34.928964258 0xe900d4c0 gststructure.c:2369:gst_structure_parse_value trying type name 'string'
06-06 22:09:48.012  5267  5349 V GStreamer+qtdemux: 0:00:34.928964466 0xe900d580 qtdemux.c:8385:qtdemux_parse_samples:<q> Tried to parse up to sample 20 but this sample has already been parsed
06-06 22:09:48.012  5267  5347 D GStreamer+structure: 0:00:34.928987383 0xe900d4c0 gststructure.c:2318:gst_structure_parse_field trying field name 'sampling'
06-06 22:09:48.012  5267  5347 D GStreamer+structure: 0:00:34.929005976 0xe900d4c0 gststructure.c:2369:gst_structure_parse_value trying type name 'string'
06-06 22:09:48.012  5267  5349 D GStreamer+qtdemux: 0:00:34.928990351 0xe900d580 qtdemux.c:5512:gst_qtdemux_loop_state_movie:<q> pushing from stream 1, empty 0 offset 430493, size 144, dts=0:00:00.480000000, pts=0:00:00.480000000, duration 0:00:00.024000000
06-06 22:09:48.012  5267  5347 D GStreamer+structure: 0:00:34.929032955 0xe900d4c0 gststructure.c:2318:gst_structure_parse_field trying field name 'depth'
06-06 22:09:48.012  5267  5349 V GStreamer+qtdemux: 0:00:34.929030195 0xe900d580 qtdemux.c:5566:gst_qtdemux_loop_state_movie:<q> reading 144 bytes @ 430493
06-06 22:09:48.012  5267  5347 D GStreamer+structure: 0:00:34.929055195 0xe900d4c0 gststructure.c:2369:gst_structure_parse_value trying type name 'string'
06-06 22:09:48.012  5267  5349 V GStreamer+GST_SCHEDULING: 0:00:34.929056705 0xe900d580 gstpad.c:4654:gst_pad_get_range_unchecked:<filesrc0:src> calling getrangefunc gst_base_src_getrange, offset 430493, size 144
06-06 22:09:48.012  5267  5347 D GStreamer+GST_ELEMENT_FACTORY: 0:00:34.929082122 0xe900d4c0 gstelementfactory.c:851:gst_element_factory_list_filter Trying y4mdec
06-06 22:09:48.012  5267  5349 D GStreamer+basesrc: 0:00:34.929083685 0xe900d580 gstbasesrc.c:2354:gst_base_src_update_length:<filesrc0> reading offset 430493, length 144, size 15003960, segment.stop -1, maxsize 15003960
06-06 22:09:48.012  5267  5347 D GStreamer+structure: 0:00:34.929108372 0xe900d4c0 gststructure.c:2318:gst_structure_parse_field trying field name 'y4mversion'
06-06 22:09:48.012  5267  5349 D GStreamer+basesrc: 0:00:34.929118008 0xe900d580 gstbasesrc.c:2455:gst_base_src_get_range:<filesrc0> calling create offset 430493 length 144, time 0
06-06 22:09:48.012  5267  5347 D GStreamer+structure: 0:00:34.929124830 0xe900d4c0 gststructure.c:2369:gst_structure_parse_value trying type name 'int'
06-06 22:09:48.012  5267  5349 D GStreamer+GST_MEMORY: 0:00:34.929146914 0xe900d580 gstmemory.c:138:gst_memory_init new memory 0xe933dc38, maxsize:147 offset:0 size:144
06-06 22:09:48.012  5267  5347 D GStreamer+GST_ELEMENT_FACTORY: 0:00:34.929150091 0xe900d4c0 gstelementfactory.c:851:gst_element_factory_list_filter Trying dvdec
06-06 22:09:48.012  5267  5349 V GStreamer+GST_BUFFER: 0:00:34.929188476 0xe900d580 gstbuffer.c:727:gst_buffer_new new 0xe93553c8
06-06 22:09:48.012  5267  5347 D GStreamer+structure: 0:00:34.929181445 0xe900d4c0 gststructure.c:2318:gst_structure_parse_field trying field name 'systemstream'
06-06 22:09:48.012  5267  5347 D GStreamer+structure: 0:00:34.929212695 0xe900d4c0 gststructure.c:2369:gst_structure_parse_value trying type name 'boolean'
06-06 22:09:48.012  5267  5349 V GStreamer+GST_BUFFER: 0:00:34.929211758 0xe900d580 gstbuffer.c:342:_memory_add buffer 0xe93553c8, idx -1, mem 0xe933dc38
06-06 22:09:48.012  5267  5349 V GStreamer+GST_BUFFER: 0:00:34.929238112 0xe900d580 gstbuffer.c:783:gst_buffer_new_allocate new buffer 0xe93553c8 of size 144 from allocator 0x0
06-06 22:09:48.012  5267  5347 D GStreamer+GST_ELEMENT_FACTORY: 0:00:34.929243633 0xe900d4c0 gstelementfactory.c:851:gst_element_factory_list_filter Trying openh264dec
06-06 22:09:48.012  5267  5347 D GStreamer+structure: 0:00:34.929269622 0xe900d4c0 gststructure.c:2318:gst_structure_parse_field trying field name 'stream-format'
06-06 22:09:48.012  5267  5347 D GStreamer+structure: 0:00:34.929287643 0xe900d4c0 gststructure.c:2369:gst_structure_parse_value trying type name 'string'
06-06 22:09:48.012  5267  5347 D GStreamer+structure: 0:00:34.929305976 0xe900d4c0 gststructure.c:2318:gst_structure_parse_field trying field name 'alignment'
06-06 22:09:48.012  5267  5349 V GStreamer+GST_BUFFER: 0:00:34.929258476 0xe900d580 gstbuffer.c:1649:gst_buffer_map_range buffer 0xe93553c8, idx 0, length -1, flags 0002
06-06 22:09:48.012  5267  5347 D GStreamer+structure: 0:00:34.929322591 0xe900d4c0 gststructure.c:2369:gst_structure_parse_value trying type name 'string'
06-06 22:09:48.012  5267  5347 D GStreamer+structure: 0:00:34.929340820 0xe900d4c0 gststructure.c:2318:gst_structure_parse_field trying field name 'profile'
06-06 22:09:48.012  5267  5349 V GStreamer+GST_BUFFER: 0:00:34.929347955 0xe900d580 gstbuffer.c:212:_get_merged_memory buffer 0xe93553c8, idx 0, length 1
06-06 22:09:48.012  5267  5347 D GStreamer+structure: 0:00:34.929357383 0xe900d4c0 gststructure.c:2369:gst_structure_parse_value trying type name 'string'
06-06 22:09:48.012  5267  5349 V GStreamer+filesrc: 0:00:34.929369987 0xe900d580 gstfilesrc.c:360:gst_file_src_fill:<filesrc0> Reading 144 bytes at offset 0x6919d
06-06 22:09:48.012  5267  5347 D GStreamer+GST_ELEMENT_FACTORY: 0:00:34.929380455 0xe900d4c0 gstelementfactory.c:851:gst_element_factory_list_filter Trying rtpgstdepay
06-06 22:09:48.012  5267  5349 D GStreamer+basesrc: 0:00:34.929404362 0xe900d580 gstbasesrc.c:2309:gst_base_src_do_sync:<filesrc0> we have no clock
06-06 22:09:48.012  5267  5347 D GStreamer+structure: 0:00:34.929405195 0xe900d4c0 gststructure.c:2318:gst_structure_parse_field trying field name 'media'
06-06 22:09:48.012  5267  5349 D GStreamer+basesrc: 0:00:34.929423997 0xe900d580 gstbasesrc.c:2519:gst_base_src_get_range:<filesrc0> buffer ok
06-06 22:09:48.012  5267  5347 D GStreamer+structure: 0:00:34.929424726 0xe900d4c0 gststructure.c:2369:gst_structure_parse_value trying type name 'string'
06-06 22:09:48.012  5267  5347 D GStreamer+structure: 0:00:34.929446966 0xe900d4c0 gststructure.c:2318:gst_structure_parse_field trying field name 'clock-rate'
06-06 22:09:48.012  5267  5349 V GStreamer+qtdemux: 0:00:34.929445195 0xe900d580 qtdemux.c:5277:gst_qtdemux_decorate_and_push_buffer:<q> Pushing buffer with dts 0:00:00.480000000, pts 0:00:00.480000000, duration 0:00:00.024000000 on pad audio_0
06-06 22:09:48.012  5267  5347 D GStreamer+structure: 0:00:34.929468424 0xe900d4c0 gststructure.c:2369:gst_structure_parse_value trying type name 'int'
06-06 22:09:48.012  5267  5347 D GStreamer+structure: 0:00:34.929493789 0xe900d4c0 gststructure.c:2318:gst_structure_parse_field trying field name 'encoding-name'
06-06 22:09:48.012  5267  5347 D GStreamer+structure: 0:00:34.929516497 0xe900d4c0 gststructure.c:2369:gst_structure_parse_value trying type name 'string'
06-06 22:09:48.012  5267  5349 D GStreamer+GST_SCHEDULING: 0:00:34.929490560 0xe900d580 gstpad.c:4193:gst_pad_chain_data_unchecked:<queue2:sink> calling chainfunction &gst_queue_chain with buffer buffer: 0xe93553c8, pts 0:00:00.480000000, dts 0:00:00.480000000, dur 0:00:00.024000000, size 144, offset none, offset_end none, flags 0x0
06-06 22:09:48.012  5267  5347 D GStreamer+GST_ELEMENT_FACTORY: 0:00:34.929535664 0xe900d4c0 gstelementfactory.c:851:gst_element_factory_list_filter Trying rtpvp8depay
06-06 22:09:48.012  5267  5349 V GStreamer+queue_dataflow: 0:00:34.929543008 0xe900d580 gstqueue.c:1181:gst_queue_chain_buffer_or_list:<queue2> received buffer 0xe93553c8 of size 144, time 0:00:00.480000000, duration 0:00:00.024000000
06-06 22:09:48.012  5267  5347 D GStreamer+structure: 0:00:34.929558372 0xe900d4c0 gststructure.c:2318:gst_structure_parse_field trying field name 'clock-rate'
06-06 22:09:48.012  5267  5347 D GStreamer+structure: 0:00:34.929578268 0xe900d4c0 gststructure.c:2369:gst_structure_parse_value trying type name 'int'
06-06 22:09:48.012  5267  5349 V GStreamer+queue: 0:00:34.929576862 0xe900d580 gstqueue.c:633:apply_buffer:<queue2> sink position updated to 0:00:00.504000000
06-06 22:09:48.012  5267  5347 D GStreamer+structure: 0:00:34.929605195 0xe900d4c0 gststructure.c:2318:gst_structure_parse_field trying field name 'media'
06-06 22:09:48.012  5267  5349 V GStreamer+queue: 0:00:34.929607122 0xe900d580 gstqueue.c:529:update_time_level:<queue2> update sink time
06-06 22:09:48.012  5267  5347 D GStreamer+structure: 0:00:34.929624570 0xe900d4c0 gststructure.c:2369:gst_structure_parse_value trying type name 'string'
06-06 22:09:48.012  5267  5349 V GStreamer+queue: 0:00:34.929626028 0xe900d580 gstqueue.c:547:update_time_level:<queue2> sink +0:00:00.504000000, src +0:00:00.000000000
06-06 22:09:48.012  5267  5347 D GStreamer+structure: 0:00:34.929645351 0xe900d4c0 gststructure.c:2318:gst_structure_parse_field trying field name 'encoding-name'
06-06 22:09:48.012  5267  5347 D GStreamer+structure: 0:00:34.929661966 0xe900d4c0 gststructure.c:2369:gst_structure_parse_value trying type name 'string'
06-06 22:09:48.012  5267  5349 D GStreamer+GST_SCHEDULING: 0:00:34.929656914 0xe900d580 gstpad.c:4199:gst_pad_chain_data_unchecked:<queue2:sink> called chainfunction &gst_queue_chain with buffer 0xe93553c8, returned ok
06-06 22:09:48.012  5267  5347 D GStreamer+GST_ELEMENT_FACTORY: 0:00:34.929690299 0xe900d4c0 gstelementfactory.c:851:gst_element_factory_list_filter Trying rtpvp9depay
06-06 22:09:48.012  5267  5349 V GStreamer+qtdemux: 0:00:34.929689205 0xe900d580 qtdemux.c:4949:gst_qtdemux_combine_flows:<q> flow return: ok
06-06 22:09:48.012  5267  5349 V GStreamer+qtdemux: 0:00:34.929723997 0xe900d580 qtdemux.c:4957:gst_qtdemux_combine_flows:<q> combined flow return: ok
06-06 22:09:48.012  5267  5347 D GStreamer+structure: 0:00:34.929726028 0xe900d4c0 gststructure.c:2318:gst_structure_parse_field trying field name 'clock-rate'
06-06 22:09:48.012  5267  5347 D GStreamer+structure: 0:00:34.929748997 0xe900d4c0 gststructure.c:2369:gst_structure_parse_value trying type name 'int'
06-06 22:09:48.012  5267  5349 V GStreamer+qtdemux: 0:00:34.929748372 0xe900d580 qtdemux.c:8003:qtdemux_parse_samples:<q> parsing samples for stream fourcc mp4a, pad audio_0
06-06 22:09:48.012  5267  5347 D GStreamer+structure: 0:00:34.929771237 0xe900d4c0 gststructure.c:2318:gst_structure_parse_field trying field name 'media'
06-06 22:09:48.012  5267  5349 D GStreamer+qtdemux: 0:00:34.929774935 0xe900d580 qtdemux.c:8014:qtdemux_parse_samples:<q> parsing up to sample 21
06-06 22:09:48.012  5267  5347 D GStreamer+structure: 0:00:34.929793476 0xe900d4c0 gststructure.c:2369:gst_structure_parse_value trying type name 'string'
06-06 22:09:48.012  5267  5349 V GStreamer+qtdemux: 0:00:34.929795716 0xe900d580 qtdemux.c:8040:qtdemux_parse_samples:<q> sample 21 has size 144
06-06 22:09:48.012  5267  5347 D GStreamer+structure: 0:00:34.929811914 0xe900d4c0 gststructure.c:2318:gst_structure_parse_field trying field name 'encoding-name'
06-06 22:09:48.012  5267  5349 V GStreamer+qtdemux: 0:00:34.929816549 0xe900d580 qtdemux.c:8164:qtdemux_parse_samples:<q> creating entry 21 with offset 473883 and size 144
06-06 22:09:48.012  5267  5347 D GStreamer+structure: 0:00:34.929828164 0xe900d4c0 gststructure.c:2369:gst_structure_parse_value trying type name 'string'
06-06 22:09:48.012  5267  5347 D GStreamer+GST_ELEMENT_FACTORY: 0:00:34.929852070 0xe900d4c0 gstelementfactory.c:851:gst_element_factory_list_filter Trying rtpxqtdepay
06-06 22:09:48.012  5267  5349 D GStreamer+qtdemux: 0:00:34.929843112 0xe900d580 qtdemux.c:8221:qtdemux_parse_samples:<q> sample 21: index 21, timestamp 0:00:00.504000000
06-06 22:09:48.013  5267  5349 D GStreamer+qtdemux: 0:00:34.929875455 0xe900d580 qtdemux.c:8321:qtdemux_parse_samples:<q> setting all keyframes
06-06 22:09:48.013  5267  5347 D GStreamer+structure: 0:00:34.929876133 0xe900d4c0 gststructure.c:2318:gst_structure_parse_field trying field name 'payload'
06-06 22:09:48.013  5267  5347 D GStreamer+structure: 0:00:34.929896497 0xe900d4c0 gststructure.c:2369:gst_structure_parse_value trying type name 'int'
06-06 22:09:48.013  5267  5349 V GStreamer+qtdemux: 0:00:34.929896966 0xe900d580 qtdemux.c:5655:gst_qtdemux_loop:<q> loop at position 15003960, state 2
06-06 22:09:48.013  5267  5347 D GStreamer+structure: 0:00:34.929918789 0xe900d4c0 gststructure.c:2318:gst_structure_parse_field trying field name 'media'
06-06 22:09:48.013  5267  5349 V GStreamer+qtdemux: 0:00:34.929920664 0xe900d580 qtdemux.c:4750:gst_qtdemux_prepare_current_sample:<q> segment active, index = 8 of 361
06-06 22:09:48.013  5267  5347 D GStreamer+structure: 0:00:34.929940247 0xe900d4c0 gststructure.c:2369:gst_structure_parse_value trying type name 'string'
06-06 22:09:48.013  5267  5349 V GStreamer+qtdemux: 0:00:34.929943528 0xe900d580 qtdemux.c:8003:qtdemux_parse_samples:<q> parsing samples for stream fourcc avc1, pad video_0
06-06 22:09:48.013  5267  5347 D GStreamer+structure: 0:00:34.929960455 0xe900d4c0 gststructure.c:2318:gst_structure_parse_field trying field name 'clock-rate'
06-06 22:09:48.013  5267  5349 V GStreamer+qtdemux: 0:00:34.929965924 0xe900d580 qtdemux.c:8385:qtdemux_parse_samples:<q> Tried to parse up to sample 8 but this sample has already been parsed
06-06 22:09:48.013  5267  5347 D GStreamer+structure: 0:00:34.929976601 0xe900d4c0 gststructure.c:2369:gst_structure_parse_value trying type name 'int'
06-06 22:09:48.013  5267  5347 D GStreamer+structure: 0:00:34.929998945 0xe900d4c0 gststructure.c:2318:gst_structure_parse_field trying field name 'encoding-name'
06-06 22:09:48.013  5267  5349 D GStreamer+qtdemux: 0:00:34.929985716 0xe900d580 qtdemux.c:5512:gst_qtdemux_loop_state_movie:<q> pushing from stream 0, empty 0 offset 387035, size 43458, dts=0:00:00.179000000, pts=0:00:00.179000000, duration 0:00:00.020000000
06-06 22:09:48.013  5267  5347 D GStreamer+structure: 0:00:34.930016028 0xe900d4c0 gststructure.c:2369:gst_structure_parse_value trying type name 'string'
06-06 22:09:48.013  5267  5349 V GStreamer+qtdemux: 0:00:34.930027278 0xe900d580 qtdemux.c:5566:gst_qtdemux_loop_state_movie:<q> reading 43458 bytes @ 387035
06-06 22:09:48.013  5267  5347 D GStreamer+GST_ELEMENT_FACTORY: 0:00:34.930038737 0xe900d4c0 gstelementfactory.c:851:gst_element_factory_list_filter Trying sirendec
06-06 22:09:48.013  5267  5347 D GStreamer+structure: 0:00:34.930062330 0xe900d4c0 gststructure.c:2318:gst_structure_parse_field trying field name 'dct-length'
06-06 22:09:48.013  5267  5349 V GStreamer+GST_SCHEDULING: 0:00:34.930055091 0xe900d580 gstpad.c:4654:gst_pad_get_range_unchecked:<filesrc0:src> calling getrangefunc gst_base_src_getrange, offset 387035, size 43458
06-06 22:09:48.013  5267  5347 D GStreamer+structure: 0:00:34.930085612 0xe900d4c0 gststructure.c:2369:gst_structure_parse_value trying type name 'int'
06-06 22:09:48.013  5267  5349 D GStreamer+basesrc: 0:00:34.930087643 0xe900d580 gstbasesrc.c:2354:gst_base_src_update_length:<filesrc0> reading offset 387035, length 43458, size 15003960, segment.stop -1, maxsize 15003960
06-06 22:09:48.013  5267  5347 D GStreamer+decodebin: 0:00:34.930114883 0xe900d4c0 gstdecodebin2.c:1421:gst_decode_bin_autoplug_factories:<decodebin1> autoplug-factories returns 0xe937ee90
06-06 22:09:48.013  5267  5349 D GStreamer+basesrc: 0:00:34.930120247 0xe900d580 gstbasesrc.c:2455:gst_base_src_get_range:<filesrc0> calling create offset 387035 length 43458, time 0
06-06 22:09:48.013  5267  5349 D GStreamer+GST_MEMORY: 0:00:34.930161185 0xe900d580 gstmemory.c:138:gst_memory_init new memory 0xe9397800, maxsize:43461 offset:0 size:43458
06-06 22:09:48.013  5267  5348 D GStreamer+GST_ELEMENT_FACTORY: 0:00:34.930155091 0xe900d520 gstelementfactory.c:851:gst_element_factory_list_filter Trying rtptheoradepay
06-06 22:09:48.013  5267  5349 V GStreamer+GST_BUFFER: 0:00:34.930192435 0xe900d580 gstbuffer.c:727:gst_buffer_new new 0xe9355468
06-06 22:09:48.013  5267  5348 D GStreamer+GST_ELEMENT_FACTORY: 0:00:34.930193789 0xe900d520 gstelementfactory.c:851:gst_element_factory_list_filter Trying rtpvorbisdepay
06-06 22:09:48.013  5267  5348 D GStreamer+GST_ELEMENT_FACTORY: 0:00:34.930217747 0xe900d520 gstelementfactory.c:851:gst_element_factory_list_filter Trying rtpvrawdepay
06-06 22:09:48.013  5267  5349 V GStreamer+GST_BUFFER: 0:00:34.930217122 0xe900d580 gstbuffer.c:342:_memory_add buffer 0xe9355468, idx -1, mem 0xe9397800
06-06 22:09:48.013  5267  5348 D GStreamer+GST_ELEMENT_FACTORY: 0:00:34.930242278 0xe900d520 gstelementfactory.c:851:gst_element_factory_list_filter Trying y4mdec
06-06 22:09:48.013  5267  5349 V GStreamer+GST_BUFFER: 0:00:34.930242591 0xe900d580 gstbuffer.c:783:gst_buffer_new_allocate new buffer 0xe9355468 of size 43458 from allocator 0x0
06-06 22:09:48.013  5267  5348 D GStreamer+GST_ELEMENT_FACTORY: 0:00:34.930270091 0xe900d520 gstelementfactory.c:851:gst_element_factory_list_filter Trying dvdec
06-06 22:09:48.013  5267  5349 V GStreamer+GST_BUFFER: 0:00:34.930272070 0xe900d580 gstbuffer.c:1649:gst_buffer_map_range buffer 0xe9355468, idx 0, length -1, flags 0002
06-06 22:09:48.013  5267  5348 D GStreamer+GST_ELEMENT_FACTORY: 0:00:34.930289049 0xe900d520 gstelementfactory.c:851:gst_element_factory_list_filter Trying openh264dec
06-06 22:09:48.013  5267  5349 V GStreamer+GST_BUFFER: 0:00:34.930295351 0xe900d580 gstbuffer.c:212:_get_merged_memory buffer 0xe9355468, idx 0, length 1
06-06 22:09:48.013  5267  5348 D GStreamer+GST_ELEMENT_FACTORY: 0:00:34.930306862 0xe900d520 gstelementfactory.c:851:gst_element_factory_list_filter Trying rtpgstdepay
06-06 22:09:48.013  5267  5349 V GStreamer+filesrc: 0:00:34.930313580 0xe900d580 gstfilesrc.c:360:gst_file_src_fill:<filesrc0> Reading 43458 bytes at offset 0x5e7db
06-06 22:09:48.013  5267  5348 D GStreamer+GST_ELEMENT_FACTORY: 0:00:34.930323320 0xe900d520 gstelementfactory.c:851:gst_element_factory_list_filter Trying rtpvp8depay
06-06 22:09:48.013  5267  5348 D GStreamer+GST_ELEMENT_FACTORY: 0:00:34.930339153 0xe900d520 gstelementfactory.c:851:gst_element_factory_list_filter Trying rtpvp9depay
06-06 22:09:48.013  5267  5348 D GStreamer+GST_ELEMENT_FACTORY: 0:00:34.930354830 0xe900d520 gstelementfactory.c:851:gst_element_factory_list_filter Trying rtpxqtdepay
06-06 22:09:48.013  5267  5348 D GStreamer+GST_ELEMENT_FACTORY: 0:00:34.930371862 0xe900d520 gstelementfactory.c:851:gst_element_factory_list_filter Trying sirendec
06-06 22:09:48.013  5267  5348 D GStreamer+decodebin: 0:00:34.930393164 0xe900d520 gstdecodebin2.c:1421:gst_decode_bin_autoplug_factories:<forhwgl> autoplug-factories returns 0xe9389d50
06-06 22:09:48.013  5267  5348 V GStreamer+decodebin: 0:00:34.930430716 0xe900d520 gstdecodebin2.c:1817:analyze_new_pad:<typefind:src> Let's continue discovery on this pad
06-06 22:09:48.013  5267  5348 V GStreamer+GST_BUFFER: 0:00:34.930471237 0xe900d520 gstbuffer.c:1649:gst_buffer_map_range buffer 0xe930e498, idx 0, length -1, flags 0001
06-06 22:09:48.013  5267  5348 V GStreamer+GST_BUFFER: 0:00:34.930494726 0xe900d520 gstbuffer.c:212:_get_merged_memory buffer 0xe930e498, idx 0, length 1
06-06 22:09:48.013  5267  5348 D GStreamer+decodebin: 0:00:34.930452851 0xe900d520 gstdecodebin2.c:2112:connect_pad:<forhwgl> pad typefind:src , chain:0xe924f018, 1 factories, caps video/x-h264, stream-format=(string)avc, alignment=(string)au, level=(string)4, profile=(string)baseline, codec_data=(buffer)01428028ffe1000a27428028e54028016b2001000528de01ae20, width=(int)1280, height=(int)1440, framerate=(fraction)151/3, pixel-aspect-ratio=(fraction)1/1
06-06 22:09:48.013  5267  5348 D GStreamer+GST_PADS: 0:00:34.930568685 0xe900d520 gstghostpad.c:840:gst_ghost_pad_set_target:<'':decodepad0> set target typefind:src
06-06 22:09:48.013  5267  5348 I GStreamer+GST_ELEMENT_PADS: 0:00:34.930594570 0xe900d520 gstpad.c:2071:gst_pad_unlink unlinking typefind:src(0xe90b76b8) and decodepad0:proxypad4(0xe9253bb0)
06-06 22:09:48.013  5267  5349 D GStreamer+basesrc: 0:00:34.930606966 0xe900d580 gstbasesrc.c:2309:gst_base_src_do_sync:<filesrc0> we have no clock
06-06 22:09:48.013  5267  5348 V GStreamer+GST_MESSAGE: 0:00:34.930626653 0xe900d520 gstmessage.c:293:gst_message_new_custom source proxypad4: creating new message 0xe9309a28 structure-change
06-06 22:09:48.013  5267  5349 D GStreamer+basesrc: 0:00:34.930634987 0xe900d580 gstbasesrc.c:2519:gst_base_src_get_range:<filesrc0> buffer ok
06-06 22:09:48.013  5267  5349 V GStreamer+qtdemux: 0:00:34.930660924 0xe900d580 qtdemux.c:5277:gst_qtdemux_decorate_and_push_buffer:<q> Pushing buffer with dts 0:00:00.179000000, pts 0:00:00.179000000, duration 0:00:00.020000000 on pad video_0
06-06 22:09:48.013  5267  5348 D GStreamer+GST_BUS: 0:00:34.930658476 0xe900d520 gstbus.c:309:gst_bus_post:<bus0> [msg 0xe9309a28] posting on bus structure-change message: 0xe9309a28, time 99:99:99.999999999, seq-num 118, element 'proxypad4', GstMessageStructureChange, type=(GstStructureChangeType)GST_STRUCTURE_CHANGE_TYPE_PAD_UNLINK, owner=(GstElement)"\(GstTypeFindElement\)\ typefind", busy=(boolean)true;
06-06 22:09:48.013  5267  5349 D GStreamer+GST_SCHEDULING: 0:00:34.930707330 0xe900d580 gstpad.c:4193:gst_pad_chain_data_unchecked:<queue0:sink> calling chainfunction &gst_queue_chain with buffer buffer: 0xe9355468, pts 0:00:00.179000000, dts 0:00:00.179000000, dur 0:00:00.020000000, size 43458, offset none, offset_end none, flags 0x0
06-06 22:09:48.013  5267  5349 V GStreamer+queue_dataflow: 0:00:34.930783633 0xe900d580 gstqueue.c:1181:gst_queue_chain_buffer_or_list:<queue0> received buffer 0xe9355468 of size 43458, time 0:00:00.179000000, duration 0:00:00.020000000
06-06 22:09:48.013  5267  5348 D GStreamer+decodebin: 0:00:34.930749622 0xe900d520 gstdecodebin2.c:5492:gst_decode_bin_handle_message:<forhwgl> Forwarding msg structure-change message: 0xe9309a28, time 99:99:99.999999999, seq-num 118, element 'proxypad4', GstMessageStructureChange, type=(GstStructureChangeType)GST_STRUCTURE_CHANGE_TYPE_PAD_UNLINK, owner=(GstElement)"\(GstTypeFindElement\)\ typefind", busy=(boolean)true;
06-06 22:09:48.013  5267  5349 V GStreamer+queue: 0:00:34.930821966 0xe900d580 gstqueue.c:633:apply_buffer:<queue0> sink position updated to 0:00:00.199000000
06-06 22:09:48.013  5267  5348 D GStreamer+bin: 0:00:34.930830299 0xe900d520 gstbin.c:3654:gst_bin_handle_message_func:<forhwgl> [msg 0xe9309a28] handling child proxypad4 message of type structure-change
06-06 22:09:48.013  5267  5349 V GStreamer+queue: 0:00:34.930852018 0xe900d580 gstqueue.c:529:update_time_level:<queue0> update sink time
06-06 22:09:48.013  5267  5348 V GStreamer+bin: 0:00:34.930858008 0xe900d520 gstbin.c:889:message_check looking at message 0xe9308e70: 0
06-06 22:09:48.014  5267  5348 D GStreamer+bin: 0:00:34.930876705 0xe900d520 gstbin.c:911:find_message:<forhwgl> no message found matching types 00001000
06-06 22:09:48.014  5267  5349 V GStreamer+queue: 0:00:34.930871028 0xe900d580 gstqueue.c:547:update_time_level:<queue0> sink +0:00:00.510000000, src +0:00:00.000000000
06-06 22:09:48.014  5267  5348 D GStreamer+bin: 0:00:34.930902383 0xe900d520 gstbin.c:918:find_message:<forhwgl>   structure-change
06-06 22:09:48.014  5267  5349 D GStreamer+GST_SCHEDULING: 0:00:34.930905716 0xe900d580 gstpad.c:4199:gst_pad_chain_data_unchecked:<queue0:sink> called chainfunction &gst_queue_chain with buffer 0xe9355468, returned ok
06-06 22:09:48.014  5267  5348 D GStreamer+bin: 0:00:34.930922643 0xe900d520 gstbin.c:958:bin_replace_message:<forhwgl> got new message 0xe9309a28, structure-change from proxypad4
06-06 22:09:48.014  5267  5349 V GStreamer+qtdemux: 0:00:34.930932122 0xe900d580 qtdemux.c:4949:gst_qtdemux_combine_flows:<q> flow return: ok
06-06 22:09:48.014  5267  5348 D GStreamer+GST_BUS: 0:00:34.930947643 0xe900d520 gstbus.c:344:gst_bus_post:<bus0> [msg 0xe9309a28] dropped
06-06 22:09:48.014  5267  5349 V GStreamer+qtdemux: 0:00:34.930952226 0xe900d580 qtdemux.c:4957:gst_qtdemux_combine_flows:<q> combined flow return: ok
06-06 22:09:48.014  5267  5348 I GStreamer+GST_ELEMENT_PADS: 0:00:34.930969778 0xe900d520 gstpad.c:2125:gst_pad_unlink unlinked typefind:src and decodepad0:proxypad4
06-06 22:09:48.014  5267  5348 V GStreamer+GST_MESSAGE: 0:00:34.931001185 0xe900d520 gstmessage.c:293:gst_message_new_custom source proxypad4: creating new message 0xe9309a80 structure-change
06-06 22:09:48.014  5267  5348 D GStreamer+GST_BUS: 0:00:34.931023424 0xe900d520 gstbus.c:309:gst_bus_post:<bus0> [msg 0xe9309a80] posting on bus structure-change message: 0xe9309a80, time 99:99:99.999999999, seq-num 119, element 'proxypad4', GstMessageStructureChange, type=(GstStructureChangeType)GST_STRUCTURE_CHANGE_TYPE_PAD_UNLINK, owner=(GstElement)"\(GstTypeFindElement\)\ typefind", busy=(boolean)false;
06-06 22:09:48.014  5267  5349 V GStreamer+qtdemux: 0:00:34.930972122 0xe900d580 qtdemux.c:8003:qtdemux_parse_samples:<q> parsing samples for stream fourcc avc1, pad video_0
06-06 22:09:48.014  5267  5349 D GStreamer+qtdemux: 0:00:34.931077122 0xe900d580 qtdemux.c:8014:qtdemux_parse_samples:<q> parsing up to sample 9
06-06 22:09:48.014  5267  5349 V GStreamer+qtdemux: 0:00:34.931104310 0xe900d580 qtdemux.c:8040:qtdemux_parse_samples:<q> sample 9 has size 43246
06-06 22:09:48.014  5267  5348 D GStreamer+decodebin: 0:00:34.931073997 0xe900d520 gstdecodebin2.c:5492:gst_decode_bin_handle_message:<forhwgl> Forwarding msg structure-change message: 0xe9309a80, time 99:99:99.999999999, seq-num 119, element 'proxypad4', GstMessageStructureChange, type=(GstStructureChangeType)GST_STRUCTURE_CHANGE_TYPE_PAD_UNLINK, owner=(GstElement)"\(GstTypeFindElement\)\ typefind", busy=(boolean)false;
06-06 22:09:48.014  5267  5349 V GStreamer+qtdemux: 0:00:34.931127018 0xe900d580 qtdemux.c:8164:qtdemux_parse_samples:<q> creating entry 9 with offset 430637 and size 43246
06-06 22:09:48.014  5267  5348 D GStreamer+bin: 0:00:34.931131133 0xe900d520 gstbin.c:3654:gst_bin_handle_message_func:<forhwgl> [msg 0xe9309a80] handling child proxypad4 message of type structure-change
06-06 22:09:48.014  5267  5349 V GStreamer+qtdemux: 0:00:34.931154466 0xe900d580 qtdemux.c:8208:qtdemux_parse_samples:<q> block 0, 1 timestamps, duration 59
06-06 22:09:48.014  5267  5348 V GStreamer+bin: 0:00:34.931158737 0xe900d520 gstbin.c:889:message_check looking at message 0xe9309a28: 1
06-06 22:09:48.014  5267  5348 D GStreamer+bin: 0:00:34.931183789 0xe900d520 gstbin.c:986:bin_remove_messages:<decodepad0:proxypad4> deleting message 0xe9309a28 of types 0x00001000
06-06 22:09:48.014  5267  5349 D GStreamer+qtdemux: 0:00:34.931186133 0xe900d580 qtdemux.c:8221:qtdemux_parse_samples:<q> sample 9: index 0, timestamp 0:00:00.199000000
06-06 22:09:48.014  5267  5348 V GStreamer+GST_MESSAGE: 0:00:34.931215768 0xe900d520 gstmessage.c:200:_gst_message_free finalize message 0xe9309a28, structure-change from proxypad4
06-06 22:09:48.014  5267  5349 D GStreamer+qtdemux: 0:00:34.931219362 0xe900d580 qtdemux.c:8276:qtdemux_parse_samples:<q> samples at 9 is keyframe
06-06 22:09:48.014  5267  5348 V GStreamer+bin: 0:00:34.931243268 0xe900d520 gstbin.c:889:message_check looking at message 0xe9308e70: 0
06-06 22:09:48.014  5267  5349 V GStreamer+qtdemux: 0:00:34.931246497 0xe900d580 qtdemux.c:5655:gst_qtdemux_loop:<q> loop at position 15003960, state 2
06-06 22:09:48.014  5267  5348 D GStreamer+bin: 0:00:34.931262435 0xe900d520 gstbin.c:992:bin_remove_messages:<forhwgl> not deleting message 0xe9308e70 of type 0x00100000
06-06 22:09:48.014  5267  5349 V GStreamer+qtdemux: 0:00:34.931271966 0xe900d580 qtdemux.c:4750:gst_qtdemux_prepare_current_sample:<q> segment active, index = 21 of 299
06-06 22:09:48.014  5267  5348 V GStreamer+GST_MESSAGE: 0:00:34.931282435 0xe900d520 gstmessage.c:200:_gst_message_free finalize message 0xe9309a80, structure-change from proxypad4
06-06 22:09:48.014  5267  5349 V GStreamer+qtdemux: 0:00:34.931292435 0xe900d580 qtdemux.c:8003:qtdemux_parse_samples:<q> parsing samples for stream fourcc mp4a, pad audio_0
06-06 22:09:48.014  5267  5348 D GStreamer+GST_BUS: 0:00:34.931302643 0xe900d520 gstbus.c:344:gst_bus_post:<bus0> [msg 0xe9309a80] dropped
06-06 22:09:48.014  5267  5349 V GStreamer+qtdemux: 0:00:34.931316185 0xe900d580 qtdemux.c:8385:qtdemux_parse_samples:<q> Tried to parse up to sample 21 but this sample has already been parsed
06-06 22:09:48.014  5267  5348 D GStreamer+GST_PADS: 0:00:34.931323268 0xe900d520 gstghostpad.c:862:gst_ghost_pad_set_target:<'':decodepad0> connecting internal pad to target <typefind:src>
06-06 22:09:48.014  5267  5348 V GStreamer+GST_MESSAGE: 0:00:34.931354674 0xe900d520 gstmessage.c:293:gst_message_new_custom source proxypad4: creating new message 0xe9309ad8 structure-change
06-06 22:09:48.014  5267  5349 D GStreamer+qtdemux: 0:00:34.931339622 0xe900d580 qtdemux.c:5512:gst_qtdemux_loop_state_movie:<q> pushing from stream 1, empty 0 offset 473883, size 144, dts=0:00:00.504000000, pts=0:00:00.504000000, duration 0:00:00.024000000
06-06 22:09:48.014  5267  5349 V GStreamer+qtdemux: 0:00:34.931381028 0xe900d580 qtdemux.c:5566:gst_qtdemux_loop_state_movie:<q> reading 144 bytes @ 473883
06-06 22:09:48.014  5267  5348 D GStreamer+GST_BUS: 0:00:34.931378216 0xe900d520 gstbus.c:309:gst_bus_post:<bus0> [msg 0xe9309ad8] posting on bus structure-change message: 0xe9309ad8, time 99:99:99.999999999, seq-num 120, element 'proxypad4', GstMessageStructureChange, type=(GstStructureChangeType)GST_STRUCTURE_CHANGE_TYPE_PAD_LINK, owner=(GstElement)"\(GstTypeFindElement\)\ typefind", busy=(boolean)true;
06-06 22:09:48.014  5267  5349 V GStreamer+GST_SCHEDULING: 0:00:34.931410039 0xe900d580 gstpad.c:4654:gst_pad_get_range_unchecked:<filesrc0:src> calling getrangefunc gst_base_src_getrange, offset 473883, size 144
06-06 22:09:48.014  5267  5349 D GStreamer+basesrc: 0:00:34.931442487 0xe900d580 gstbasesrc.c:2354:gst_base_src_update_length:<filesrc0> reading offset 473883, length 144, size 15003960, segment.stop -1, maxsize 15003960
06-06 22:09:48.014  5267  5348 D GStreamer+decodebin: 0:00:34.931440924 0xe900d520 gstdecodebin2.c:5492:gst_decode_bin_handle_message:<forhwgl> Forwarding msg structure-change message: 0xe9309ad8, time 99:99:99.999999999, seq-num 120, element 'proxypad4', GstMessageStructureChange, type=(GstStructureChangeType)GST_STRUCTURE_CHANGE_TYPE_PAD_LINK, owner=(GstElement)"\(GstTypeFindElement\)\ typefind", busy=(boolean)true;
06-06 22:09:48.014  5267  5349 D GStreamer+basesrc: 0:00:34.931473580 0xe900d580 gstbasesrc.c:2455:gst_base_src_get_range:<filesrc0> calling create offset 473883 length 144, time 0
06-06 22:09:48.014  5267  5349 D GStreamer+GST_MEMORY: 0:00:34.931519101 0xe900d580 gstmemory.c:138:gst_memory_init new memory 0xe933dd20, maxsize:147 offset:0 size:144
06-06 22:09:48.014  5267  5348 D GStreamer+bin: 0:00:34.931499153 0xe900d520 gstbin.c:3654:gst_bin_handle_message_func:<forhwgl> [msg 0xe9309ad8] handling child proxypad4 message of type structure-change
06-06 22:09:48.014  5267  5349 V GStreamer+GST_BUFFER: 0:00:34.931547851 0xe900d580 gstbuffer.c:727:gst_buffer_new new 0xe9355508
06-06 22:09:48.014  5267  5348 V GStreamer+bin: 0:00:34.931551966 0xe900d520 gstbin.c:889:message_check looking at message 0xe9308e70: 0
06-06 22:09:48.014  5267  5349 V GStreamer+GST_BUFFER: 0:00:34.931566653 0xe900d580 gstbuffer.c:342:_memory_add buffer 0xe9355508, idx -1, mem 0xe933dd20
06-06 22:09:48.014  5267  5348 D GStreamer+bin: 0:00:34.931570195 0xe900d520 gstbin.c:911:find_message:<forhwgl> no message found matching types 00001000
06-06 22:09:48.014  5267  5349 V GStreamer+GST_BUFFER: 0:00:34.931587955 0xe900d580 gstbuffer.c:783:gst_buffer_new_allocate new buffer 0xe9355508 of size 144 from allocator 0x0
06-06 22:09:48.014  5267  5348 D GStreamer+bin: 0:00:34.931594205 0xe900d520 gstbin.c:918:find_message:<forhwgl>   structure-change
06-06 22:09:48.014  5267  5348 D GStreamer+bin: 0:00:34.931615091 0xe900d520 gstbin.c:958:bin_replace_message:<forhwgl> got new message 0xe9309ad8, structure-change from proxypad4
06-06 22:09:48.014  5267  5349 V GStreamer+GST_BUFFER: 0:00:34.931612643 0xe900d580 gstbuffer.c:1649:gst_buffer_map_range buffer 0xe9355508, idx 0, length -1, flags 0002
06-06 22:09:48.014  5267  5349 V GStreamer+GST_BUFFER: 0:00:34.931641341 0xe900d580 gstbuffer.c:212:_get_merged_memory buffer 0xe9355508, idx 0, length 1
06-06 22:09:48.014  5267  5348 D GStreamer+GST_BUS: 0:00:34.931641445 0xe900d520 gstbus.c:344:gst_bus_post:<bus0> [msg 0xe9309ad8] dropped
06-06 22:09:48.014  5267  5349 V GStreamer+filesrc: 0:00:34.931668841 0xe900d580 gstfilesrc.c:360:gst_file_src_fill:<filesrc0> Reading 144 bytes at offset 0x73b1b
06-06 22:09:48.014  5267  5348 I GStreamer+GST_PADS: 0:00:34.931669414 0xe900d520 gstpad.c:2315:gst_pad_link_prepare trying to link typefind:src and decodepad0:proxypad4
06-06 22:09:48.014  5267  5349 D GStreamer+basesrc: 0:00:34.931699153 0xe900d580 gstbasesrc.c:2309:gst_base_src_do_sync:<filesrc0> we have no clock
06-06 22:09:48.014  5267  5348 I GStreamer+GST_PADS: 0:00:34.931699049 0xe900d520 gstpad.c:2521:gst_pad_link_full linked typefind:src and decodepad0:proxypad4, successful
06-06 22:09:48.014  5267  5349 D GStreamer+basesrc: 0:00:34.931733060 0xe900d580 gstbasesrc.c:2519:gst_base_src_get_range:<filesrc0> buffer ok
06-06 22:09:48.014  5267  5348 I GStreamer+GST_EVENT: 0:00:34.931734101 0xe900d520 gstevent.c:1382:gst_event_new_reconfigure creating reconfigure event
06-06 22:09:48.014  5267  5348 D GStreamer+GST_EVENT: 0:00:34.931763789 0xe900d520 gstevent.c:302:gst_event_new_custom creating new event 0xe91b5438 reconfigure 61441
06-06 22:09:48.014  5267  5349 V GStreamer+qtdemux: 0:00:34.931753008 0xe900d580 qtdemux.c:5277:gst_qtdemux_decorate_and_push_buffer:<q> Pushing buffer with dts 0:00:00.504000000, pts 0:00:00.504000000, duration 0:00:00.024000000 on pad audio_0
06-06 22:09:48.014  5267  5348 D GStreamer+GST_EVENT: 0:00:34.931787122 0xe900d520 gstpad.c:5536:gst_pad_send_event_unchecked:<typefind:src> have event type reconfigure event: 0xe91b5438, time 99:99:99.999999999, seq-num 121, (NULL)
06-06 22:09:48.014  5267  5349 D GStreamer+GST_SCHEDULING: 0:00:34.931792747 0xe900d580 gstpad.c:4193:gst_pad_chain_data_unchecked:<queue2:sink> calling chainfunction &gst_queue_chain with buffer buffer: 0xe9355508, pts 0:00:00.504000000, dts 0:00:00.504000000, dur 0:00:00.024000000, size 144, offset none, offset_end none, flags 0x0
06-06 22:09:48.014  5267  5348 V GStreamer+GST_EVENT: 0:00:34.931827955 0xe900d520 gstevent.c:219:_gst_event_free freeing event 0xe91b5438 type reconfigure
06-06 22:09:48.014  5267  5348 D GStreamer+GST_PADS: 0:00:34.931849778 0xe900d520 gstpad.c:5609:gst_pad_send_event_unchecked:<typefind:src> sent event, ret error
06-06 22:09:48.014  5267  5349 V GStreamer+queue_dataflow: 0:00:34.931844049 0xe900d580 gstqueue.c:1181:gst_queue_chain_buffer_or_list:<queue2> received buffer 0xe9355508 of size 144, time 0:00:00.504000000, duration 0:00:00.024000000
06-06 22:09:48.015  5267  5348 V GStreamer+GST_MESSAGE: 0:00:34.931880924 0xe900d520 gstmessage.c:293:gst_message_new_custom source proxypad4: creating new message 0xe9309b30 structure-change
06-06 22:09:48.015  5267  5349 V GStreamer+queue: 0:00:34.931884778 0xe900d580 gstqueue.c:633:apply_buffer:<queue2> sink position updated to 0:00:00.528000000
06-06 22:09:48.015  5267  5349 V GStreamer+queue: 0:00:34.931914987 0xe900d580 gstqueue.c:529:update_time_level:<queue2> update sink time
06-06 22:09:48.015  5267  5348 D GStreamer+GST_BUS: 0:00:34.931906497 0xe900d520 gstbus.c:309:gst_bus_post:<bus0> [msg 0xe9309b30] posting on bus structure-change message: 0xe9309b30, time 99:99:99.999999999, seq-num 122, element 'proxypad4', GstMessageStructureChange, type=(GstStructureChangeType)GST_STRUCTURE_CHANGE_TYPE_PAD_LINK, owner=(GstElement)"\(GstTypeFindElement\)\ typefind", busy=(boolean)false;
06-06 22:09:48.015  5267  5349 V GStreamer+queue: 0:00:34.931934622 0xe900d580 gstqueue.c:547:update_time_level:<queue2> sink +0:00:00.528000000, src +0:00:00.000000000
06-06 22:09:48.015  5267  5349 D GStreamer+GST_SCHEDULING: 0:00:34.931974726 0xe900d580 gstpad.c:4199:gst_pad_chain_data_unchecked:<queue2:sink> called chainfunction &gst_queue_chain with buffer 0xe9355508, returned ok
06-06 22:09:48.015  5267  5348 D GStreamer+decodebin: 0:00:34.931969205 0xe900d520 gstdecodebin2.c:5492:gst_decode_bin_handle_message:<forhwgl> Forwarding msg structure-change message: 0xe9309b30, time 99:99:99.999999999, seq-num 122, element 'proxypad4', GstMessageStructureChange, type=(GstStructureChangeType)GST_STRUCTURE_CHANGE_TYPE_PAD_LINK, owner=(GstElement)"\(GstTypeFindElement\)\ typefind", busy=(boolean)false;
06-06 22:09:48.015  5267  5349 V GStreamer+qtdemux: 0:00:34.932006028 0xe900d580 qtdemux.c:4949:gst_qtdemux_combine_flows:<q> flow return: ok
06-06 22:09:48.015  5267  5349 V GStreamer+qtdemux: 0:00:34.932027799 0xe900d580 qtdemux.c:4957:gst_qtdemux_combine_flows:<q> combined flow return: ok
06-06 22:09:48.015  5267  5348 D GStreamer+bin: 0:00:34.932026549 0xe900d520 gstbin.c:3654:gst_bin_handle_message_func:<forhwgl> [msg 0xe9309b30] handling child proxypad4 message of type structure-change
06-06 22:09:48.015  5267  5348 V GStreamer+bin: 0:00:34.932059049 0xe900d520 gstbin.c:889:message_check looking at message 0xe9309ad8: 1
06-06 22:09:48.015  5267  5349 V GStreamer+qtdemux: 0:00:34.932056914 0xe900d580 qtdemux.c:8003:qtdemux_parse_samples:<q> parsing samples for stream fourcc mp4a, pad audio_0
06-06 22:09:48.015  5267  5349 D GStreamer+qtdemux: 0:00:34.932085195 0xe900d580 qtdemux.c:8014:qtdemux_parse_samples:<q> parsing up to sample 22
06-06 22:09:48.015  5267  5348 D GStreamer+bin: 0:00:34.932084101 0xe900d520 gstbin.c:986:bin_remove_messages:<decodepad0:proxypad4> deleting message 0xe9309ad8 of types 0x00001000
06-06 22:09:48.015  5267  5349 V GStreamer+qtdemux: 0:00:34.932111289 0xe900d580 qtdemux.c:8040:qtdemux_parse_samples:<q> sample 22 has size 144
06-06 22:09:48.015  5267  5348 V GStreamer+GST_MESSAGE: 0:00:34.932113580 0xe900d520 gstmessage.c:200:_gst_message_free finalize message 0xe9309ad8, structure-change from proxypad4
06-06 22:09:48.015  5267  5349 V GStreamer+qtdemux: 0:00:34.932139466 0xe900d580 qtdemux.c:8164:qtdemux_parse_samples:<q> creating entry 22 with offset 517250 and size 144
06-06 22:09:48.015  5267  5348 V GStreamer+bin: 0:00:34.932145664 0xe900d520 gstbin.c:889:message_check looking at message 0xe9308e70: 0
06-06 22:09:48.015  5267  5348 D GStreamer+bin: 0:00:34.932168320 0xe900d520 gstbin.c:992:bin_remove_messages:<forhwgl> not deleting message 0xe9308e70 of type 0x00100000
06-06 22:09:48.015  5267  5349 D GStreamer+qtdemux: 0:00:34.932170664 0xe900d580 qtdemux.c:8221:qtdemux_parse_samples:<q> sample 22: index 22, timestamp 0:00:00.528000000
06-06 22:09:48.015  5267  5348 V GStreamer+GST_MESSAGE: 0:00:34.932194414 0xe900d520 gstmessage.c:200:_gst_message_free finalize message 0xe9309b30, structure-change from proxypad4
06-06 22:09:48.015  5267  5349 D GStreamer+qtdemux: 0:00:34.932201393 0xe900d580 qtdemux.c:8321:qtdemux_parse_samples:<q> setting all keyframes
06-06 22:09:48.015  5267  5348 D GStreamer+GST_BUS: 0:00:34.932218945 0xe900d520 gstbus.c:344:gst_bus_post:<bus0> [msg 0xe9309b30] dropped
06-06 22:09:48.015  5267  5349 V GStreamer+qtdemux: 0:00:34.932221810 0xe900d580 qtdemux.c:5655:gst_qtdemux_loop:<q> loop at position 15003960, state 2
06-06 22:09:48.015  5267  5349 V GStreamer+qtdemux: 0:00:34.932248164 0xe900d580 qtdemux.c:4750:gst_qtdemux_prepare_current_sample:<q> segment active, index = 9 of 361
06-06 22:09:48.015  5267  5348 D GStreamer+decodebin: 0:00:34.932242435 0xe900d520 gstdecodebin2.c:1490:copy_sticky_events:<'':decodepad0> store sticky event stream-start event: 0xe90b40c0, time 99:99:99.999999999, seq-num 92, GstEventStreamStart, stream-id=(string)71ab440d261a1bb43c19b397eec2373651540427aed1e7b0deb4be62a10a7f25/001, flags=(GstStreamFlags)GST_STREAM_FLAG_NONE, group-id=(uint)0;
06-06 22:09:48.015  5267  5349 V GStreamer+qtdemux: 0:00:34.932270664 0xe900d580 qtdemux.c:8003:qtdemux_parse_samples:<q> parsing samples for stream fourcc avc1, pad video_0
06-06 22:09:48.015  5267  5348 V GStreamer+GST_PADS: 0:00:34.932294883 0xe900d520 gstpad.c:5028:store_sticky_event:<'':decodepad0> Removing pending EOS events
06-06 22:09:48.015  5267  5349 V GStreamer+qtdemux: 0:00:34.932298841 0xe900d580 qtdemux.c:8385:qtdemux_parse_samples:<q> Tried to parse up to sample 9 but this sample has already been parsed
06-06 22:09:48.015  5267  5348 V GStreamer+GST_BUFFER: 0:00:34.932338164 0xe900d520 gstbuffer.c:1649:gst_buffer_map_range buffer 0xe930e498, idx 0, length -1, flags 0001
06-06 22:09:48.015  5267  5349 D GStreamer+qtdemux: 0:00:34.932321080 0xe900d580 qtdemux.c:5512:gst_qtdemux_loop_state_movie:<q> pushing from stream 0, empty 0 offset 430637, size 43246, dts=0:00:00.199000000, pts=0:00:00.199000000, duration 0:00:00.019666666
06-06 22:09:48.015  5267  5348 V GStreamer+GST_BUFFER: 0:00:34.932362122 0xe900d520 gstbuffer.c:212:_get_merged_memory buffer 0xe930e498, idx 0, length 1
06-06 22:09:48.015  5267  5349 V GStreamer+qtdemux: 0:00:34.932369414 0xe900d580 qtdemux.c:5566:gst_qtdemux_loop_state_movie:<q> reading 43246 bytes @ 430637
06-06 22:09:48.015  5267  5349 V GStreamer+GST_SCHEDULING: 0:00:34.932393685 0xe900d580 gstpad.c:4654:gst_pad_get_range_unchecked:<filesrc0:src> calling getrangefunc gst_base_src_getrange, offset 430637, size 43246
06-06 22:09:48.015  5267  5349 D GStreamer+basesrc: 0:00:34.932420351 0xe900d580 gstbasesrc.c:2354:gst_base_src_update_length:<filesrc0> reading offset 430637, length 43246, size 15003960, segment.stop -1, maxsize 15003960
06-06 22:09:48.015  5267  5348 D GStreamer+decodebin: 0:00:34.932318633 0xe900d520 gstdecodebin2.c:1490:copy_sticky_events:<'':decodepad0> store sticky event caps event: 0xe91b6b48, time 99:99:99.999999999, seq-num 107, GstEventCaps, caps=(GstCaps)"video/x-h264\,\ stream-format\=\(string\)avc\,\ alignment\=\(string\)au\,\ level\=\(string\)4\,\ profile\=\(string\)baseline\,\ codec_data\=\(buffer\)01428028ffe1000a27428028e54028016b2001000528de01ae20\,\ width\=\(int\)1280\,\ height\=\(int\)1440\,\ framerate\=\(fraction\)151/3\,\ pixel-aspect-ratio\=\(fraction\)1/1";
06-06 22:09:48.015  5267  5349 D GStreamer+basesrc: 0:00:34.932453528 0xe900d580 gstbasesrc.c:2455:gst_base_src_get_range:<filesrc0> calling create offset 430637 length 43246, time 0
06-06 22:09:48.015  5267  5348 V GStreamer+decodebin: 0:00:34.932462695 0xe900d520 gstdecodebin2.c:2158:connect_pad:<typefind> trying factory <h264parse>
06-06 22:09:48.015  5267  5349 D GStreamer+GST_MEMORY: 0:00:34.932490664 0xe900d580 gstmemory.c:138:gst_memory_init new memory 0xe93a3000, maxsize:43249 offset:0 size:43246
06-06 22:09:48.015  5267  5347 V GStreamer+decodebin: 0:00:34.932503841 0xe900d4c0 gstdecodebin2.c:1817:analyze_new_pad:<typefind:src> Let's continue discovery on this pad
06-06 22:09:48.015  5267  5349 V GStreamer+GST_BUFFER: 0:00:34.932515560 0xe900d580 gstbuffer.c:727:gst_buffer_new new 0xe93555a8
06-06 22:09:48.015  5267  5349 V GStreamer+GST_BUFFER: 0:00:34.932532851 0xe900d580 gstbuffer.c:342:_memory_add buffer 0xe93555a8, idx -1, mem 0xe93a3000
06-06 22:09:48.015  5267  5347 D GStreamer+decodebin: 0:00:34.932525403 0xe900d4c0 gstdecodebin2.c:2112:connect_pad:<decodebin1> pad typefind:src , chain:0xe924f6a0, 1 factories, caps audio/mpeg, mpegversion=(int)1, parsed=(boolean)true, rate=(int)24000, channels=(int)1
06-06 22:09:48.015  5267  5349 V GStreamer+GST_BUFFER: 0:00:34.932554830 0xe900d580 gstbuffer.c:783:gst_buffer_new_allocate new buffer 0xe93555a8 of size 43246 from allocator 0x0
06-06 22:09:48.015  5267  5347 D GStreamer+GST_PADS: 0:00:34.932569466 0xe900d4c0 gstghostpad.c:840:gst_ghost_pad_set_target:<'':decodepad1> set target typefind:src
06-06 22:09:48.015  5267  5349 V GStreamer+GST_BUFFER: 0:00:34.932576133 0xe900d580 gstbuffer.c:1649:gst_buffer_map_range buffer 0xe93555a8, idx 0, length -1, flags 0002
06-06 22:09:48.015  5267  5349 V GStreamer+GST_BUFFER: 0:00:34.932598216 0xe900d580 gstbuffer.c:212:_get_merged_memory buffer 0xe93555a8, idx 0, length 1
06-06 22:09:48.015  5267  5347 I GStreamer+GST_ELEMENT_PADS: 0:00:34.932593737 0xe900d4c0 gstpad.c:2071:gst_pad_unlink unlinking typefind:src(0xe9296aa8) and decodepad1:proxypad5(0xe932d1a0)
06-06 22:09:48.015  5267  5349 V GStreamer+filesrc: 0:00:34.932626653 0xe900d580 gstfilesrc.c:360:gst_file_src_fill:<filesrc0> Reading 43246 bytes at offset 0x6922d
06-06 22:09:48.015  5267  5347 V GStreamer+GST_MESSAGE: 0:00:34.932635247 0xe900d4c0 gstmessage.c:293:gst_message_new_custom source proxypad5: creating new message 0xe9308908 structure-change
06-06 22:09:48.015  5267  5347 D GStreamer+GST_BUS: 0:00:34.932658841 0xe900d4c0 gstbus.c:309:gst_bus_post:<bus2> [msg 0xe9308908] posting on bus structure-change message: 0xe9308908, time 99:99:99.999999999, seq-num 123, element 'proxypad5', GstMessageStructureChange, type=(GstStructureChangeType)GST_STRUCTURE_CHANGE_TYPE_PAD_UNLINK, owner=(GstElement)"\(GstTypeFindElement\)\ typefind", busy=(boolean)true;
06-06 22:09:48.015  5267  5349 D GStreamer+basesrc: 0:00:34.932707070 0xe900d580 gstbasesrc.c:2309:gst_base_src_do_sync:<filesrc0> we have no clock
06-06 22:09:48.015  5267  5347 D GStreamer+decodebin: 0:00:34.932711237 0xe900d4c0 gstdecodebin2.c:5492:gst_decode_bin_handle_message:<decodebin1> Forwarding msg structure-change message: 0xe9308908, time 99:99:99.999999999, seq-num 123, element 'proxypad5', GstMessageStructureChange, type=(GstStructureChangeType)GST_STRUCTURE_CHANGE_TYPE_PAD_UNLINK, owner=(GstElement)"\(GstTypeFindElement\)\ typefind", busy=(boolean)true;
06-06 22:09:48.015  5267  5349 D GStreamer+basesrc: 0:00:34.932796028 0xe900d580 gstbasesrc.c:2519:gst_base_src_get_range:<filesrc0> buffer ok
06-06 22:09:48.015  5267  5347 D GStreamer+bin: 0:00:34.932797122 0xe900d4c0 gstbin.c:3654:gst_bin_handle_message_func:<decodebin1> [msg 0xe9308908] handling child proxypad5 message of type structure-change
06-06 22:09:48.015  5267  5347 V GStreamer+bin: 0:00:34.932821341 0xe900d4c0 gstbin.c:889:message_check looking at message 0xe90126d8: 0
