06-06 22:09:47.987  5267  5349 V GStreamer+queue_dataflow: 0:00:34.904392383 0xe900d580 gstqueue.c:1181:gst_queue_chain_buffer_or_list:<queue2> received buffer 0xe930e0d8 of size 144, time 0:00:00.096000000, duration 0:00:00.024000000
06-06 22:09:47.987  5267  5349 V GStreamer+queue: 0:00:34.904428841 0xe900d580 gstqueue.c:633:apply_buffer:<queue2> sink position updated to 0:00:00.120000000
06-06 22:09:47.987  5267  5349 V GStreamer+queue: 0:00:34.904454466 0xe900d580 gstqueue.c:529:update_time_level:<queue2> update sink time
06-06 22:09:47.987  5267  5349 V GStreamer+queue: 0:00:34.904472799 0xe900d580 gstqueue.c:547:update_time_level:<queue2> sink +0:00:00.120000000, src +0:00:00.000000000
06-06 22:09:47.987  5267  5349 D GStreamer+GST_SCHEDULING: 0:00:34.904502851 0xe900d580 gstpad.c:4199:gst_pad_chain_data_unchecked:<queue2:sink> called chainfunction &gst_queue_chain with buffer 0xe930e0d8, returned ok
06-06 22:09:47.987  5267  5349 V GStreamer+qtdemux: 0:00:34.904526393 0xe900d580 qtdemux.c:4949:gst_qtdemux_combine_flows:<q> flow return: ok
06-06 22:09:47.987  5267  5349 V GStreamer+qtdemux: 0:00:34.904545716 0xe900d580 qtdemux.c:4957:gst_qtdemux_combine_flows:<q> combined flow return: ok
06-06 22:09:47.987  5267  5349 V GStreamer+qtdemux: 0:00:34.904564674 0xe900d580 qtdemux.c:8003:qtdemux_parse_samples:<q> parsing samples for stream fourcc mp4a, pad audio_0
06-06 22:09:47.987  5267  5349 D GStreamer+qtdemux: 0:00:34.904588008 0xe900d580 qtdemux.c:8014:qtdemux_parse_samples:<q> parsing up to sample 5
06-06 22:09:47.987  5267  5349 V GStreamer+qtdemux: 0:00:34.904607018 0xe900d580 qtdemux.c:8040:qtdemux_parse_samples:<q> sample 5 has size 144
06-06 22:09:47.987  5267  5349 V GStreamer+qtdemux: 0:00:34.904626497 0xe900d580 qtdemux.c:8164:qtdemux_parse_samples:<q> creating entry 5 with offset 768 and size 144
06-06 22:09:47.987  5267  5349 D GStreamer+qtdemux: 0:00:34.904651393 0xe900d580 qtdemux.c:8221:qtdemux_parse_samples:<q> sample 5: index 5, timestamp 0:00:00.120000000
06-06 22:09:47.987  5267  5349 D GStreamer+qtdemux: 0:00:34.904677383 0xe900d580 qtdemux.c:8321:qtdemux_parse_samples:<q> setting all keyframes
06-06 22:09:47.987  5267  5349 V GStreamer+qtdemux: 0:00:34.904697591 0xe900d580 qtdemux.c:5655:gst_qtdemux_loop:<q> loop at position 15003960, state 2
06-06 22:09:47.987  5267  5349 V GStreamer+qtdemux: 0:00:34.904731393 0xe900d580 qtdemux.c:4750:gst_qtdemux_prepare_current_sample:<q> segment active, index = 5 of 299
06-06 22:09:47.987  5267  5349 V GStreamer+qtdemux: 0:00:34.904755195 0xe900d580 qtdemux.c:8003:qtdemux_parse_samples:<q> parsing samples for stream fourcc mp4a, pad audio_0
06-06 22:09:47.987  5267  5349 V GStreamer+qtdemux: 0:00:34.904780143 0xe900d580 qtdemux.c:8385:qtdemux_parse_samples:<q> Tried to parse up to sample 5 but this sample has already been parsed
06-06 22:09:47.987  5267  5349 D GStreamer+qtdemux: 0:00:34.904801445 0xe900d580 qtdemux.c:5512:gst_qtdemux_loop_state_movie:<q> pushing from stream 1, empty 0 offset 768, size 144, dts=0:00:00.120000000, pts=0:00:00.120000000, duration 0:00:00.024000000
06-06 22:09:47.987  5267  5349 V GStreamer+qtdemux: 0:00:34.904840247 0xe900d580 qtdemux.c:5566:gst_qtdemux_loop_state_movie:<q> reading 144 bytes @ 768
06-06 22:09:47.987  5267  5349 V GStreamer+GST_SCHEDULING: 0:00:34.904861705 0xe900d580 gstpad.c:4654:gst_pad_get_range_unchecked:<filesrc0:src> calling getrangefunc gst_base_src_getrange, offset 768, size 144
06-06 22:09:47.988  5267  5349 D GStreamer+basesrc: 0:00:34.904886862 0xe900d580 gstbasesrc.c:2354:gst_base_src_update_length:<filesrc0> reading offset 768, length 144, size 15003960, segment.stop -1, maxsize 15003960
06-06 22:09:47.988  5267  5349 D GStreamer+basesrc: 0:00:34.904914570 0xe900d580 gstbasesrc.c:2455:gst_base_src_get_range:<filesrc0> calling create offset 768 length 144, time 0
06-06 22:09:47.988  5267  5349 D GStreamer+GST_MEMORY: 0:00:34.904938268 0xe900d580 gstmemory.c:138:gst_memory_init new memory 0xe930f4d8, maxsize:147 offset:0 size:144
06-06 22:09:47.988  5267  5349 V GStreamer+GST_BUFFER: 0:00:34.904959570 0xe900d580 gstbuffer.c:727:gst_buffer_new new 0xe930e038
06-06 22:09:47.988  5267  5349 V GStreamer+GST_BUFFER: 0:00:34.904975455 0xe900d580 gstbuffer.c:342:_memory_add buffer 0xe930e038, idx -1, mem 0xe930f4d8
06-06 22:09:47.988  5267  5349 V GStreamer+GST_BUFFER: 0:00:34.904994674 0xe900d580 gstbuffer.c:783:gst_buffer_new_allocate new buffer 0xe930e038 of size 144 from allocator 0x0
06-06 22:09:47.988  5267  5349 V GStreamer+GST_BUFFER: 0:00:34.905015143 0xe900d580 gstbuffer.c:1649:gst_buffer_map_range buffer 0xe930e038, idx 0, length -1, flags 0002
06-06 22:09:47.988  5267  5349 V GStreamer+GST_BUFFER: 0:00:34.905035612 0xe900d580 gstbuffer.c:212:_get_merged_memory buffer 0xe930e038, idx 0, length 1
06-06 22:09:47.988  5267  5349 V GStreamer+filesrc: 0:00:34.905056080 0xe900d580 gstfilesrc.c:360:gst_file_src_fill:<filesrc0> Reading 144 bytes at offset 0x300
06-06 22:09:47.988  5267  5349 D GStreamer+basesrc: 0:00:34.905079935 0xe900d580 gstbasesrc.c:2309:gst_base_src_do_sync:<filesrc0> we have no clock
06-06 22:09:47.988  5267  5349 D GStreamer+basesrc: 0:00:34.905098268 0xe900d580 gstbasesrc.c:2519:gst_base_src_get_range:<filesrc0> buffer ok
06-06 22:09:47.988  5267  5349 V GStreamer+qtdemux: 0:00:34.905118424 0xe900d580 qtdemux.c:5277:gst_qtdemux_decorate_and_push_buffer:<q> Pushing buffer with dts 0:00:00.120000000, pts 0:00:00.120000000, duration 0:00:00.024000000 on pad audio_0
06-06 22:09:47.988  5267  5349 D GStreamer+GST_SCHEDULING: 0:00:34.905156289 0xe900d580 gstpad.c:4193:gst_pad_chain_data_unchecked:<queue2:sink> calling chainfunction &gst_queue_chain with buffer buffer: 0xe930e038, pts 0:00:00.120000000, dts 0:00:00.120000000, dur 0:00:00.024000000, size 144, offset none, offset_end none, flags 0x0
06-06 22:09:47.988  5267  5349 V GStreamer+queue_dataflow: 0:00:34.905202903 0xe900d580 gstqueue.c:1181:gst_queue_chain_buffer_or_list:<queue2> received buffer 0xe930e038 of size 144, time 0:00:00.120000000, duration 0:00:00.024000000
06-06 22:09:47.988  5267  5349 V GStreamer+queue: 0:00:34.905235560 0xe900d580 gstqueue.c:633:apply_buffer:<queue2> sink position updated to 0:00:00.144000000
06-06 22:09:47.988  5267  5349 V GStreamer+queue: 0:00:34.905261133 0xe900d580 gstqueue.c:529:update_time_level:<queue2> update sink time
06-06 22:09:47.988  5267  5347 D GStreamer+GST_ELEMENT_FACTORY: 0:00:34.905288060 0xe900d4c0 gstelementfactory.c:840:gst_element_factory_list_filter finding factories
06-06 22:09:47.988  5267  5347 D GStreamer+GST_ELEMENT_FACTORY: 0:00:34.905309883 0xe900d4c0 gstelementfactory.c:851:gst_element_factory_list_filter Trying mpegaudioparse
06-06 22:09:47.988  5267  5347 D GStreamer+structure: 0:00:34.905339987 0xe900d4c0 gststructure.c:2318:gst_structure_parse_field trying field name 'mpegversion'
06-06 22:09:47.988  5267  5349 V GStreamer+queue: 0:00:34.905279101 0xe900d580 gstqueue.c:547:update_time_level:<queue2> sink +0:00:00.144000000, src +0:00:00.000000000
06-06 22:09:47.988  5267  5347 D GStreamer+structure: 0:00:34.905360768 0xe900d4c0 gststructure.c:2369:gst_structure_parse_value trying type name 'int'
06-06 22:09:47.988  5267  5349 D GStreamer+GST_SCHEDULING: 0:00:34.905382747 0xe900d580 gstpad.c:4199:gst_pad_chain_data_unchecked:<queue2:sink> called chainfunction &gst_queue_chain with buffer 0xe930e038, returned ok
06-06 22:09:47.988  5267  5347 D GStreamer+GST_ELEMENT_FACTORY: 0:00:34.905387435 0xe900d4c0 gstelementfactory.c:851:gst_element_factory_list_filter Trying aacparse
06-06 22:09:47.988  5267  5349 V GStreamer+qtdemux: 0:00:34.905415508 0xe900d580 qtdemux.c:4949:gst_qtdemux_combine_flows:<q> flow return: ok
06-06 22:09:47.988  5267  5347 D GStreamer+structure: 0:00:34.905418528 0xe900d4c0 gststructure.c:2318:gst_structure_parse_field trying field name 'mpegversion'
06-06 22:09:47.988  5267  5349 V GStreamer+qtdemux: 0:00:34.905438216 0xe900d580 qtdemux.c:4957:gst_qtdemux_combine_flows:<q> combined flow return: ok
06-06 22:09:47.988  5267  5347 D GStreamer+structure: 0:00:34.905439101 0xe900d4c0 gststructure.c:2369:gst_structure_parse_value trying type name 'int'
06-06 22:09:47.988  5267  5349 V GStreamer+qtdemux: 0:00:34.905463216 0xe900d580 qtdemux.c:8003:qtdemux_parse_samples:<q> parsing samples for stream fourcc mp4a, pad audio_0
06-06 22:09:47.988  5267  5347 D GStreamer+GST_ELEMENT_FACTORY: 0:00:34.905473008 0xe900d4c0 gstelementfactory.c:851:gst_element_factory_list_filter Trying ac3parse
06-06 22:09:47.988  5267  5349 D GStreamer+qtdemux: 0:00:34.905491966 0xe900d580 qtdemux.c:8014:qtdemux_parse_samples:<q> parsing up to sample 6
06-06 22:09:47.988  5267  5347 D GStreamer+GST_ELEMENT_FACTORY: 0:00:34.905504362 0xe900d4c0 gstelementfactory.c:851:gst_element_factory_list_filter Trying amrparse
06-06 22:09:47.988  5267  5349 V GStreamer+qtdemux: 0:00:34.905512070 0xe900d580 qtdemux.c:8040:qtdemux_parse_samples:<q> sample 6 has size 144
06-06 22:09:47.988  5267  5347 D GStreamer+GST_ELEMENT_FACTORY: 0:00:34.905528268 0xe900d4c0 gstelementfactory.c:851:gst_element_factory_list_filter Trying dcaparse
06-06 22:09:47.988  5267  5349 V GStreamer+qtdemux: 0:00:34.905532643 0xe900d580 qtdemux.c:8164:qtdemux_parse_samples:<q> creating entry 6 with offset 912 and size 144
06-06 22:09:47.988  5267  5347 D GStreamer+GST_ELEMENT_FACTORY: 0:00:34.905553268 0xe900d4c0 gstelementfactory.c:851:gst_element_factory_list_filter Trying flacparse
06-06 22:09:47.988  5267  5349 D GStreamer+qtdemux: 0:00:34.905557591 0xe900d580 qtdemux.c:8221:qtdemux_parse_samples:<q> sample 6: index 6, timestamp 0:00:00.144000000
06-06 22:09:47.988  5267  5347 D GStreamer+GST_ELEMENT_FACTORY: 0:00:34.905575716 0xe900d4c0 gstelementfactory.c:851:gst_element_factory_list_filter Trying h263parse
06-06 22:09:47.988  5267  5349 D GStreamer+qtdemux: 0:00:34.905582122 0xe900d580 qtdemux.c:8321:qtdemux_parse_samples:<q> setting all keyframes
06-06 22:09:47.988  5267  5347 D GStreamer+structure: 0:00:34.905599049 0xe900d4c0 gststructure.c:2318:gst_structure_parse_field trying field name 'variant'
06-06 22:09:47.988  5267  5349 V GStreamer+qtdemux: 0:00:34.905601237 0xe900d580 qtdemux.c:5655:gst_qtdemux_loop:<q> loop at position 15003960, state 2
06-06 22:09:47.988  5267  5347 D GStreamer+structure: 0:00:34.905619101 0xe900d4c0 gststructure.c:2369:gst_structure_parse_value trying type name 'string'
06-06 22:09:47.988  5267  5349 V GStreamer+qtdemux: 0:00:34.905626445 0xe900d580 qtdemux.c:4750:gst_qtdemux_prepare_current_sample:<q> segment active, index = 6 of 299
06-06 22:09:47.988  5267  5347 D GStreamer+GST_ELEMENT_FACTORY: 0:00:34.905640872 0xe900d4c0 gstelementfactory.c:851:gst_element_factory_list_filter Trying h264parse
06-06 22:09:47.988  5267  5349 V GStreamer+qtdemux: 0:00:34.905646289 0xe900d580 qtdemux.c:8003:qtdemux_parse_samples:<q> parsing samples for stream fourcc mp4a, pad audio_0
06-06 22:09:47.988  5267  5347 D GStreamer+GST_ELEMENT_FACTORY: 0:00:34.905661653 0xe900d4c0 gstelementfactory.c:851:gst_element_factory_list_filter Trying mpeg4videoparse
06-06 22:09:47.988  5267  5349 V GStreamer+qtdemux: 0:00:34.905668789 0xe900d580 qtdemux.c:8385:qtdemux_parse_samples:<q> Tried to parse up to sample 6 but this sample has already been parsed
06-06 22:09:47.988  5267  5347 D GStreamer+structure: 0:00:34.905681914 0xe900d4c0 gststructure.c:2318:gst_structure_parse_field trying field name 'mpegversion'
06-06 22:09:47.988  5267  5347 D GStreamer+structure: 0:00:34.905702747 0xe900d4c0 gststructure.c:2369:gst_structure_parse_value trying type name 'int'
06-06 22:09:47.988  5267  5349 D GStreamer+qtdemux: 0:00:34.905690455 0xe900d580 qtdemux.c:5512:gst_qtdemux_loop_state_movie:<q> pushing from stream 1, empty 0 offset 912, size 144, dts=0:00:00.144000000, pts=0:00:00.144000000, duration 0:00:00.024000000
06-06 22:09:47.988  5267  5347 D GStreamer+structure: 0:00:34.905735091 0xe900d4c0 gststructure.c:2318:gst_structure_parse_field trying field name 'systemstream'
06-06 22:09:47.988  5267  5349 V GStreamer+qtdemux: 0:00:34.905740820 0xe900d580 qtdemux.c:5566:gst_qtdemux_loop_state_movie:<q> reading 144 bytes @ 912
06-06 22:09:47.988  5267  5347 D GStreamer+structure: 0:00:34.905757851 0xe900d4c0 gststructure.c:2369:gst_structure_parse_value trying type name 'boolean'
06-06 22:09:47.988  5267  5349 V GStreamer+GST_SCHEDULING: 0:00:34.905768528 0xe900d580 gstpad.c:4654:gst_pad_get_range_unchecked:<filesrc0:src> calling getrangefunc gst_base_src_getrange, offset 912, size 144
06-06 22:09:47.988  5267  5347 D GStreamer+structure: 0:00:34.905783424 0xe900d4c0 gststructure.c:2318:gst_structure_parse_field trying field name 'divxversion'
06-06 22:09:47.988  5267  5347 D GStreamer+structure: 0:00:34.905801705 0xe900d4c0 gststructure.c:2369:gst_structure_parse_value trying type name 'int'
06-06 22:09:47.988  5267  5349 D GStreamer+basesrc: 0:00:34.905797903 0xe900d580 gstbasesrc.c:2354:gst_base_src_update_length:<filesrc0> reading offset 912, length 144, size 15003960, segment.stop -1, maxsize 15003960
06-06 22:09:47.988  5267  5347 D GStreamer+GST_ELEMENT_FACTORY: 0:00:34.905832174 0xe900d4c0 gstelementfactory.c:851:gst_element_factory_list_filter Trying mpegvideoparse
06-06 22:09:47.988  5267  5349 D GStreamer+basesrc: 0:00:34.905836497 0xe900d580 gstbasesrc.c:2455:gst_base_src_get_range:<filesrc0> calling create offset 912 length 144, time 0
06-06 22:09:47.988  5267  5347 D GStreamer+structure: 0:00:34.905857955 0xe900d4c0 gststructure.c:2318:gst_structure_parse_field trying field name 'mpegversion'
06-06 22:09:47.988  5267  5349 D GStreamer+GST_MEMORY: 0:00:34.905861289 0xe900d580 gstmemory.c:138:gst_memory_init new memory 0xe930f5c0, maxsize:147 offset:0 size:144
06-06 22:09:47.989  5267  5347 D GStreamer+structure: 0:00:34.905876341 0xe900d4c0 gststructure.c:2369:gst_structure_parse_value trying type name 'int'
06-06 22:09:47.989  5267  5349 V GStreamer+GST_BUFFER: 0:00:34.905884101 0xe900d580 gstbuffer.c:727:gst_buffer_new new 0xe930e5d8
06-06 22:09:47.989  5267  5347 D GStreamer+structure: 0:00:34.905897122 0xe900d4c0 gststructure.c:2318:gst_structure_parse_field trying field name 'systemstream'
06-06 22:09:47.989  5267  5349 V GStreamer+GST_BUFFER: 0:00:34.905900247 0xe900d580 gstbuffer.c:342:_memory_add buffer 0xe930e5d8, idx -1, mem 0xe930f5c0
06-06 22:09:47.989  5267  5347 D GStreamer+structure: 0:00:34.905919153 0xe900d4c0 gststructure.c:2369:gst_structure_parse_value trying type name 'boolean'
06-06 22:09:47.989  5267  5349 V GStreamer+GST_BUFFER: 0:00:34.905921549 0xe900d580 gstbuffer.c:783:gst_buffer_new_allocate new buffer 0xe930e5d8 of size 144 from allocator 0x0
06-06 22:09:47.989  5267  5347 D GStreamer+GST_ELEMENT_FACTORY: 0:00:34.905945768 0xe900d4c0 gstelementfactory.c:851:gst_element_factory_list_filter Trying sbcparse
06-06 22:09:47.989  5267  5349 V GStreamer+GST_BUFFER: 0:00:34.905947591 0xe900d580 gstbuffer.c:1649:gst_buffer_map_range buffer 0xe930e5d8, idx 0, length -1, flags 0002
06-06 22:09:47.989  5267  5347 D GStreamer+GST_ELEMENT_FACTORY: 0:00:34.905971393 0xe900d4c0 gstelementfactory.c:851:gst_element_factory_list_filter Trying wavpackparse
06-06 22:09:47.989  5267  5349 V GStreamer+GST_BUFFER: 0:00:34.905973633 0xe900d580 gstbuffer.c:212:_get_merged_memory buffer 0xe930e5d8, idx 0, length 1
06-06 22:09:47.989  5267  5347 D GStreamer+GST_ELEMENT_FACTORY: 0:00:34.905999726 0xe900d4c0 gstelementfactory.c:851:gst_element_factory_list_filter Trying avisubtitle
06-06 22:09:47.989  5267  5349 V GStreamer+filesrc: 0:00:34.905998476 0xe900d580 gstfilesrc.c:360:gst_file_src_fill:<filesrc0> Reading 144 bytes at offset 0x390
06-06 22:09:47.989  5267  5347 D GStreamer+GST_ELEMENT_FACTORY: 0:00:34.906028841 0xe900d4c0 gstelementfactory.c:851:gst_element_factory_list_filter Trying oggaviparse
06-06 22:09:47.989  5267  5349 D GStreamer+basesrc: 0:00:34.906030247 0xe900d580 gstbasesrc.c:2309:gst_base_src_do_sync:<filesrc0> we have no clock
06-06 22:09:47.989  5267  5349 D GStreamer+basesrc: 0:00:34.906052695 0xe900d580 gstbasesrc.c:2519:gst_base_src_get_range:<filesrc0> buffer ok
06-06 22:09:47.989  5267  5347 D GStreamer+GST_ELEMENT_FACTORY: 0:00:34.906054674 0xe900d4c0 gstelementfactory.c:851:gst_element_factory_list_filter Trying pngparse
06-06 22:09:47.989  5267  5347 D GStreamer+GST_ELEMENT_FACTORY: 0:00:34.906077799 0xe900d4c0 gstelementfactory.c:851:gst_element_factory_list_filter Trying ssaparse
06-06 22:09:47.989  5267  5349 V GStreamer+qtdemux: 0:00:34.906074101 0xe900d580 qtdemux.c:5277:gst_qtdemux_decorate_and_push_buffer:<q> Pushing buffer with dts 0:00:00.144000000, pts 0:00:00.144000000, duration 0:00:00.024000000 on pad audio_0
06-06 22:09:47.989  5267  5347 D GStreamer+GST_ELEMENT_FACTORY: 0:00:34.906108737 0xe900d4c0 gstelementfactory.c:851:gst_element_factory_list_filter Trying subparse
06-06 22:09:47.989  5267  5349 D GStreamer+GST_SCHEDULING: 0:00:34.906118216 0xe900d580 gstpad.c:4193:gst_pad_chain_data_unchecked:<queue2:sink> calling chainfunction &gst_queue_chain with buffer buffer: 0xe930e5d8, pts 0:00:00.144000000, dts 0:00:00.144000000, dur 0:00:00.024000000, size 144, offset none, offset_end none, flags 0x0
06-06 22:09:47.989  5267  5347 D GStreamer+GST_ELEMENT_FACTORY: 0:00:34.906152591 0xe900d4c0 gstelementfactory.c:851:gst_element_factory_list_filter Trying h265parse
06-06 22:09:47.989  5267  5347 D GStreamer+GST_ELEMENT_FACTORY: 0:00:34.906182695 0xe900d4c0 gstelementfactory.c:851:gst_element_factory_list_filter Trying adpcmdec
06-06 22:09:47.989  5267  5349 V GStreamer+queue_dataflow: 0:00:34.906176862 0xe900d580 gstqueue.c:1181:gst_queue_chain_buffer_or_list:<queue2> received buffer 0xe930e5d8 of size 144, time 0:00:00.144000000, duration 0:00:00.024000000
06-06 22:09:47.989  5267  5347 D GStreamer+structure: 0:00:34.906212226 0xe900d4c0 gststructure.c:2318:gst_structure_parse_field trying field name 'layout'
06-06 22:09:47.989  5267  5349 V GStreamer+queue: 0:00:34.906219935 0xe900d580 gstqueue.c:633:apply_buffer:<queue2> sink position updated to 0:00:00.168000000
06-06 22:09:47.989  5267  5347 D GStreamer+structure: 0:00:34.906232643 0xe900d4c0 gststructure.c:2369:gst_structure_parse_value trying type name 'string'
06-06 22:09:47.989  5267  5349 V GStreamer+queue: 0:00:34.906244518 0xe900d580 gstqueue.c:529:update_time_level:<queue2> update sink time
06-06 22:09:47.989  5267  5347 D GStreamer+structure: 0:00:34.906255039 0xe900d4c0 gststructure.c:2318:gst_structure_parse_field trying field name 'block_align'
06-06 22:09:47.989  5267  5347 D GStreamer+structure: 0:00:34.906274362 0xe900d4c0 gststructure.c:2369:gst_structure_parse_value trying type name 'int'
06-06 22:09:47.989  5267  5349 V GStreamer+queue: 0:00:34.906264153 0xe900d580 gstqueue.c:547:update_time_level:<queue2> sink +0:00:00.168000000, src +0:00:00.000000000
06-06 22:09:47.989  5267  5347 D GStreamer+structure: 0:00:34.906297330 0xe900d4c0 gststructure.c:2318:gst_structure_parse_field trying field name 'rate'
06-06 22:09:47.989  5267  5349 D GStreamer+GST_SCHEDULING: 0:00:34.906295768 0xe900d580 gstpad.c:4199:gst_pad_chain_data_unchecked:<queue2:sink> called chainfunction &gst_queue_chain with buffer 0xe930e5d8, returned ok
06-06 22:09:47.989  5267  5347 D GStreamer+structure: 0:00:34.906323060 0xe900d4c0 gststructure.c:2369:gst_structure_parse_value trying type name 'int'
06-06 22:09:47.989  5267  5349 V GStreamer+qtdemux: 0:00:34.906328164 0xe900d580 qtdemux.c:4949:gst_qtdemux_combine_flows:<q> flow return: ok
06-06 22:09:47.989  5267  5349 V GStreamer+qtdemux: 0:00:34.906350039 0xe900d580 qtdemux.c:4957:gst_qtdemux_combine_flows:<q> combined flow return: ok
06-06 22:09:47.989  5267  5347 D GStreamer+structure: 0:00:34.906352226 0xe900d4c0 gststructure.c:2318:gst_structure_parse_field trying field name 'channels'
06-06 22:09:47.989  5267  5347 D GStreamer+structure: 0:00:34.906375664 0xe900d4c0 gststructure.c:2369:gst_structure_parse_value trying type name 'int'
06-06 22:09:47.989  5267  5349 V GStreamer+qtdemux: 0:00:34.906374830 0xe900d580 qtdemux.c:8003:qtdemux_parse_samples:<q> parsing samples for stream fourcc mp4a, pad audio_0
06-06 22:09:47.989  5267  5347 D GStreamer+GST_ELEMENT_FACTORY: 0:00:34.906398945 0xe900d4c0 gstelementfactory.c:851:gst_element_factory_list_filter Trying alawdec
06-06 22:09:47.989  5267  5349 D GStreamer+qtdemux: 0:00:34.906404830 0xe900d580 qtdemux.c:8014:qtdemux_parse_samples:<q> parsing up to sample 7
06-06 22:09:47.989  5267  5347 D GStreamer+structure: 0:00:34.906422747 0xe900d4c0 gststructure.c:2318:gst_structure_parse_field trying field name 'rate'
06-06 22:09:47.989  5267  5349 V GStreamer+qtdemux: 0:00:34.906425247 0xe900d580 qtdemux.c:8040:qtdemux_parse_samples:<q> sample 7 has size 144
06-06 22:09:47.989  5267  5347 D GStreamer+structure: 0:00:34.906441549 0xe900d4c0 gststructure.c:2369:gst_structure_parse_value trying type name 'int'
06-06 22:09:47.989  5267  5349 V GStreamer+qtdemux: 0:00:34.906447851 0xe900d580 qtdemux.c:8164:qtdemux_parse_samples:<q> creating entry 7 with offset 1056 and size 144
06-06 22:09:47.989  5267  5347 D GStreamer+structure: 0:00:34.906466028 0xe900d4c0 gststructure.c:2318:gst_structure_parse_field trying field name 'channels'
06-06 22:09:47.989  5267  5349 D GStreamer+qtdemux: 0:00:34.906474570 0xe900d580 qtdemux.c:8221:qtdemux_parse_samples:<q> sample 7: index 7, timestamp 0:00:00.168000000
06-06 22:09:47.989  5267  5347 D GStreamer+structure: 0:00:34.906485716 0xe900d4c0 gststructure.c:2369:gst_structure_parse_value trying type name 'int'
06-06 22:09:47.989  5267  5349 D GStreamer+qtdemux: 0:00:34.906499883 0xe900d580 qtdemux.c:8321:qtdemux_parse_samples:<q> setting all keyframes
06-06 22:09:47.989  5267  5347 D GStreamer+GST_ELEMENT_FACTORY: 0:00:34.906508893 0xe900d4c0 gstelementfactory.c:851:gst_element_factory_list_filter Trying amcauddec-omxgoogleaacdecoder
06-06 22:09:47.989  5267  5349 V GStreamer+qtdemux: 0:00:34.906518580 0xe900d580 qtdemux.c:5655:gst_qtdemux_loop:<q> loop at position 15003960, state 2
06-06 22:09:47.989  5267  5347 D GStreamer+structure: 0:00:34.906529726 0xe900d4c0 gststructure.c:2318:gst_structure_parse_field trying field name 'mpegversion'
06-06 22:09:47.989  5267  5349 V GStreamer+qtdemux: 0:00:34.906540976 0xe900d580 qtdemux.c:4750:gst_qtdemux_prepare_current_sample:<q> segment active, index = 7 of 299
06-06 22:09:47.989  5267  5347 D GStreamer+structure: 0:00:34.906547643 0xe900d4c0 gststructure.c:2369:gst_structure_parse_value trying type name 'int'
06-06 22:09:47.989  5267  5347 D GStreamer+structure: 0:00:34.906571601 0xe900d4c0 gststructure.c:2318:gst_structure_parse_field trying field name 'rate'
06-06 22:09:47.989  5267  5349 V GStreamer+qtdemux: 0:00:34.906567070 0xe900d580 qtdemux.c:8003:qtdemux_parse_samples:<q> parsing samples for stream fourcc mp4a, pad audio_0
06-06 22:09:47.989  5267  5347 D GStreamer+structure: 0:00:34.906595560 0xe900d4c0 gststructure.c:2369:gst_structure_parse_value trying type name 'int'
06-06 22:09:47.989  5267  5349 V GStreamer+qtdemux: 0:00:34.906597278 0xe900d580 qtdemux.c:8385:qtdemux_parse_samples:<q> Tried to parse up to sample 7 but this sample has already been parsed
06-06 22:09:47.989  5267  5347 D GStreamer+structure: 0:00:34.906620351 0xe900d4c0 gststructure.c:2318:gst_structure_parse_field trying field name 'channels'
06-06 22:09:47.989  5267  5347 D GStreamer+structure: 0:00:34.906642539 0xe900d4c0 gststructure.c:2369:gst_structure_parse_value trying type name 'int'
06-06 22:09:47.989  5267  5349 D GStreamer+qtdemux: 0:00:34.906620820 0xe900d580 qtdemux.c:5512:gst_qtdemux_loop_state_movie:<q> pushing from stream 1, empty 0 offset 1056, size 144, dts=0:00:00.168000000, pts=0:00:00.168000000, duration 0:00:00.024000000
06-06 22:09:47.989  5267  5349 V GStreamer+qtdemux: 0:00:34.906662955 0xe900d580 qtdemux.c:5566:gst_qtdemux_loop_state_movie:<q> reading 144 bytes @ 1056
06-06 22:09:47.989  5267  5347 D GStreamer+structure: 0:00:34.906666393 0xe900d4c0 gststructure.c:2318:gst_structure_parse_field trying field name 'framed'
06-06 22:09:47.989  5267  5347 D GStreamer+structure: 0:00:34.906693060 0xe900d4c0 gststructure.c:2369:gst_structure_parse_value trying type name 'boolean'
06-06 22:09:47.989  5267  5349 V GStreamer+GST_SCHEDULING: 0:00:34.906692747 0xe900d580 gstpad.c:4654:gst_pad_get_range_unchecked:<filesrc0:src> calling getrangefunc gst_base_src_getrange, offset 1056, size 144
06-06 22:09:47.989  5267  5349 D GStreamer+basesrc: 0:00:34.906732643 0xe900d580 gstbasesrc.c:2354:gst_base_src_update_length:<filesrc0> reading offset 1056, length 144, size 15003960, segment.stop -1, maxsize 15003960
06-06 22:09:47.989  5267  5347 D GStreamer+structure: 0:00:34.906765247 0xe900d4c0 gststructure.c:2318:gst_structure_parse_field trying field name 'stream-format'
06-06 22:09:47.989  5267  5349 D GStreamer+basesrc: 0:00:34.906761653 0xe900d580 gstbasesrc.c:2455:gst_base_src_get_range:<filesrc0> calling create offset 1056 length 144, time 0
06-06 22:09:47.989  5267  5347 D GStreamer+structure: 0:00:34.906790664 0xe900d4c0 gststructure.c:2369:gst_structure_parse_value trying type name 'string'
06-06 22:09:47.989  5267  5349 D GStreamer+GST_MEMORY: 0:00:34.906793476 0xe900d580 gstmemory.c:138:gst_memory_init new memory 0xe930f6a8, maxsize:147 offset:0 size:144
06-06 22:09:47.989  5267  5349 V GStreamer+GST_BUFFER: 0:00:34.906821914 0xe900d580 gstbuffer.c:727:gst_buffer_new new 0xe930e538
06-06 22:09:47.989  5267  5347 D GStreamer+GST_ELEMENT_FACTORY: 0:00:34.906821028 0xe900d4c0 gstelementfactory.c:851:gst_element_factory_list_filter Trying amcauddec-omxgoogleamrnbdecoder
06-06 22:09:47.989  5267  5349 V GStreamer+GST_BUFFER: 0:00:34.906840508 0xe900d580 gstbuffer.c:342:_memory_add buffer 0xe930e538, idx -1, mem 0xe930f6a8
06-06 22:09:47.989  5267  5347 D GStreamer+structure: 0:00:34.906848008 0xe900d4c0 gststructure.c:2318:gst_structure_parse_field trying field name 'rate'
06-06 22:09:47.989  5267  5349 V GStreamer+GST_BUFFER: 0:00:34.906860299 0xe900d580 gstbuffer.c:783:gst_buffer_new_allocate new buffer 0xe930e538 of size 144 from allocator 0x0
06-06 22:09:47.989  5267  5347 D GStreamer+structure: 0:00:34.906866028 0xe900d4c0 gststructure.c:2369:gst_structure_parse_value trying type name 'int'
06-06 22:09:47.990  5267  5349 V GStreamer+GST_BUFFER: 0:00:34.906880195 0xe900d580 gstbuffer.c:1649:gst_buffer_map_range buffer 0xe930e538, idx 0, length -1, flags 0002
06-06 22:09:47.990  5267  5347 D GStreamer+structure: 0:00:34.906891966 0xe900d4c0 gststructure.c:2318:gst_structure_parse_field trying field name 'channels'
06-06 22:09:47.990  5267  5349 V GStreamer+GST_BUFFER: 0:00:34.906902435 0xe900d580 gstbuffer.c:212:_get_merged_memory buffer 0xe930e538, idx 0, length 1
06-06 22:09:47.990  5267  5347 D GStreamer+structure: 0:00:34.906909726 0xe900d4c0 gststructure.c:2369:gst_structure_parse_value trying type name 'int'
06-06 22:09:47.990  5267  5349 V GStreamer+filesrc: 0:00:34.906922278 0xe900d580 gstfilesrc.c:360:gst_file_src_fill:<filesrc0> Reading 144 bytes at offset 0x420
06-06 22:09:47.990  5267  5347 D GStreamer+GST_ELEMENT_FACTORY: 0:00:34.906933633 0xe900d4c0 gstelementfactory.c:851:gst_element_factory_list_filter Trying amcauddec-omxgoogleamrwbdecoder
06-06 22:09:47.990  5267  5349 D GStreamer+basesrc: 0:00:34.906947955 0xe900d580 gstbasesrc.c:2309:gst_base_src_do_sync:<filesrc0> we have no clock
06-06 22:09:47.990  5267  5347 D GStreamer+structure: 0:00:34.906954987 0xe900d4c0 gststructure.c:2318:gst_structure_parse_field trying field name 'rate'
06-06 22:09:47.990  5267  5349 D GStreamer+basesrc: 0:00:34.906965508 0xe900d580 gstbasesrc.c:2519:gst_base_src_get_range:<filesrc0> buffer ok
06-06 22:09:47.990  5267  5347 D GStreamer+structure: 0:00:34.906971497 0xe900d4c0 gststructure.c:2369:gst_structure_parse_value trying type name 'int'
06-06 22:09:47.990  5267  5347 D GStreamer+structure: 0:00:34.906992226 0xe900d4c0 gststructure.c:2318:gst_structure_parse_field trying field name 'channels'
06-06 22:09:47.990  5267  5347 D GStreamer+structure: 0:00:34.907010508 0xe900d4c0 gststructure.c:2369:gst_structure_parse_value trying type name 'int'
06-06 22:09:47.990  5267  5349 V GStreamer+qtdemux: 0:00:34.906983008 0xe900d580 qtdemux.c:5277:gst_qtdemux_decorate_and_push_buffer:<q> Pushing buffer with dts 0:00:00.168000000, pts 0:00:00.168000000, duration 0:00:00.024000000 on pad audio_0
06-06 22:09:47.990  5267  5347 D GStreamer+GST_ELEMENT_FACTORY: 0:00:34.907066549 0xe900d4c0 gstelementfactory.c:851:gst_element_factory_list_filter Trying amcauddec-omxgooglemp3decoder
06-06 22:09:47.990  5267  5347 D GStreamer+structure: 0:00:34.907093320 0xe900d4c0 gststructure.c:2318:gst_structure_parse_field trying field name 'mpegversion'
06-06 22:09:47.990  5267  5347 D GStreamer+structure: 0:00:34.907115820 0xe900d4c0 gststructure.c:2369:gst_structure_parse_value trying type name 'int'
06-06 22:09:47.990  5267  5349 D GStreamer+GST_SCHEDULING: 0:00:34.907091862 0xe900d580 gstpad.c:4193:gst_pad_chain_data_unchecked:<queue2:sink> calling chainfunction &gst_queue_chain with buffer buffer: 0xe930e538, pts 0:00:00.168000000, dts 0:00:00.168000000, dur 0:00:00.024000000, size 144, offset none, offset_end none, flags 0x0
06-06 22:09:47.990  5267  5347 D GStreamer+structure: 0:00:34.907138789 0xe900d4c0 gststructure.c:2318:gst_structure_parse_field trying field name 'layer'
06-06 22:09:47.990  5267  5349 V GStreamer+queue_dataflow: 0:00:34.907142174 0xe900d580 gstqueue.c:1181:gst_queue_chain_buffer_or_list:<queue2> received buffer 0xe930e538 of size 144, time 0:00:00.168000000, duration 0:00:00.024000000
06-06 22:09:47.990  5267  5347 D GStreamer+structure: 0:00:34.907161341 0xe900d4c0 gststructure.c:2369:gst_structure_parse_value trying type name 'int'
06-06 22:09:47.990  5267  5347 D GStreamer+structure: 0:00:34.907183841 0xe900d4c0 gststructure.c:2318:gst_structure_parse_field trying field name 'rate'
06-06 22:09:47.990  5267  5349 V GStreamer+queue: 0:00:34.907178580 0xe900d580 gstqueue.c:633:apply_buffer:<queue2> sink position updated to 0:00:00.192000000
06-06 22:09:47.990  5267  5347 D GStreamer+structure: 0:00:34.907203268 0xe900d4c0 gststructure.c:2369:gst_structure_parse_value trying type name 'int'
06-06 22:09:47.990  5267  5349 V GStreamer+queue: 0:00:34.907206601 0xe900d580 gstqueue.c:529:update_time_level:<queue2> update sink time
06-06 22:09:47.990  5267  5347 D GStreamer+structure: 0:00:34.907229049 0xe900d4c0 gststructure.c:2318:gst_structure_parse_field trying field name 'channels'
06-06 22:09:47.990  5267  5349 V GStreamer+queue: 0:00:34.907226653 0xe900d580 gstqueue.c:547:update_time_level:<queue2> sink +0:00:00.192000000, src +0:00:00.000000000
06-06 22:09:47.990  5267  5347 D GStreamer+structure: 0:00:34.907257122 0xe900d4c0 gststructure.c:2369:gst_structure_parse_value trying type name 'int'
06-06 22:09:47.990  5267  5349 D GStreamer+GST_SCHEDULING: 0:00:34.907265560 0xe900d580 gstpad.c:4199:gst_pad_chain_data_unchecked:<queue2:sink> called chainfunction &gst_queue_chain with buffer 0xe930e538, returned ok
06-06 22:09:47.990  5267  5347 D GStreamer+structure: 0:00:34.907279518 0xe900d4c0 gststructure.c:2318:gst_structure_parse_field trying field name 'parsed'
06-06 22:09:47.990  5267  5349 V GStreamer+qtdemux: 0:00:34.907291133 0xe900d580 qtdemux.c:4949:gst_qtdemux_combine_flows:<q> flow return: ok
06-06 22:09:47.990  5267  5347 D GStreamer+structure: 0:00:34.907298424 0xe900d4c0 gststructure.c:2369:gst_structure_parse_value trying type name 'boolean'
06-06 22:09:47.990  5267  5349 V GStreamer+qtdemux: 0:00:34.907310664 0xe900d580 qtdemux.c:4957:gst_qtdemux_combine_flows:<q> combined flow return: ok
06-06 22:09:47.990  5267  5347 D GStreamer+GST_ELEMENT_FACTORY: 0:00:34.907318789 0xe900d4c0 gstelementfactory.c:851:gst_element_factory_list_filter Trying amcauddec-omxgoogleopusdecoder
06-06 22:09:47.990  5267  5349 V GStreamer+qtdemux: 0:00:34.907331705 0xe900d580 qtdemux.c:8003:qtdemux_parse_samples:<q> parsing samples for stream fourcc mp4a, pad audio_0
06-06 22:09:47.990  5267  5347 D GStreamer+GST_ELEMENT_FACTORY: 0:00:34.907339935 0xe900d4c0 gstelementfactory.c:851:gst_element_factory_list_filter Trying amcviddec-omxnvidiah263decode
06-06 22:09:47.990  5267  5349 D GStreamer+qtdemux: 0:00:34.907357799 0xe900d580 qtdemux.c:8014:qtdemux_parse_samples:<q> parsing up to sample 8
06-06 22:09:47.990  5267  5347 D GStreamer+structure: 0:00:34.907364935 0xe900d4c0 gststructure.c:2318:gst_structure_parse_field trying field name 'width'
06-06 22:09:47.990  5267  5347 D GStreamer+structure: 0:00:34.907384205 0xe900d4c0 gststructure.c:2369:gst_structure_parse_value trying type name 'int'
06-06 22:09:47.990  5267  5349 V GStreamer+qtdemux: 0:00:34.907381341 0xe900d580 qtdemux.c:8040:qtdemux_parse_samples:<q> sample 8 has size 144
06-06 22:09:47.990  5267  5347 D GStreamer+structure: 0:00:34.907409778 0xe900d4c0 gststructure.c:2318:gst_structure_parse_field trying field name 'height'
06-06 22:09:47.990  5267  5349 V GStreamer+qtdemux: 0:00:34.907407695 0xe900d580 qtdemux.c:8164:qtdemux_parse_samples:<q> creating entry 8 with offset 1200 and size 144
06-06 22:09:47.990  5267  5347 D GStreamer+structure: 0:00:34.907431133 0xe900d4c0 gststructure.c:2369:gst_structure_parse_value trying type name 'int'
06-06 22:09:47.990  5267  5349 D GStreamer+qtdemux: 0:00:34.907438580 0xe900d580 qtdemux.c:8221:qtdemux_parse_samples:<q> sample 8: index 8, timestamp 0:00:00.192000000
06-06 22:09:47.990  5267  5347 D GStreamer+structure: 0:00:34.907455455 0xe900d4c0 gststructure.c:2318:gst_structure_parse_field trying field name 'framerate'
06-06 22:09:47.990  5267  5349 D GStreamer+qtdemux: 0:00:34.907463580 0xe900d580 qtdemux.c:8321:qtdemux_parse_samples:<q> setting all keyframes
06-06 22:09:47.990  5267  5347 D GStreamer+structure: 0:00:34.907473893 0xe900d4c0 gststructure.c:2369:gst_structure_parse_value trying type name 'fraction'
06-06 22:09:47.990  5267  5349 V GStreamer+qtdemux: 0:00:34.907482174 0xe900d580 qtdemux.c:5655:gst_qtdemux_loop:<q> loop at position 15003960, state 2
06-06 22:09:47.990  5267  5347 D GStreamer+structure: 0:00:34.907503008 0xe900d4c0 gststructure.c:2318:gst_structure_parse_field trying field name 'parsed'
06-06 22:09:47.990  5267  5349 V GStreamer+qtdemux: 0:00:34.907503997 0xe900d580 qtdemux.c:4750:gst_qtdemux_prepare_current_sample:<q> segment active, index = 8 of 299
06-06 22:09:47.990  5267  5347 D GStreamer+structure: 0:00:34.907525299 0xe900d4c0 gststructure.c:2369:gst_structure_parse_value trying type name 'boolean'
06-06 22:09:47.990  5267  5349 V GStreamer+qtdemux: 0:00:34.907525820 0xe900d580 qtdemux.c:8003:qtdemux_parse_samples:<q> parsing samples for stream fourcc mp4a, pad audio_0
06-06 22:09:47.990  5267  5347 D GStreamer+structure: 0:00:34.907543424 0xe900d4c0 gststructure.c:2318:gst_structure_parse_field trying field name 'variant'
06-06 22:09:47.990  5267  5349 V GStreamer+qtdemux: 0:00:34.907549883 0xe900d580 qtdemux.c:8385:qtdemux_parse_samples:<q> Tried to parse up to sample 8 but this sample has already been parsed
06-06 22:09:47.990  5267  5347 D GStreamer+structure: 0:00:34.907561341 0xe900d4c0 gststructure.c:2369:gst_structure_parse_value trying type name 'string'
06-06 22:09:47.990  5267  5347 D GStreamer+structure: 0:00:34.907582487 0xe900d4c0 gststructure.c:2318:gst_structure_parse_field trying field name 'profile'
06-06 22:09:47.990  5267  5349 D GStreamer+qtdemux: 0:00:34.907570351 0xe900d580 qtdemux.c:5512:gst_qtdemux_loop_state_movie:<q> pushing from stream 1, empty 0 offset 1200, size 144, dts=0:00:00.192000000, pts=0:00:00.192000000, duration 0:00:00.024000000
06-06 22:09:47.990  5267  5347 D GStreamer+structure: 0:00:34.907602122 0xe900d4c0 gststructure.c:2369:gst_structure_parse_value trying type name 'uint'
06-06 22:09:47.990  5267  5349 V GStreamer+qtdemux: 0:00:34.907613268 0xe900d580 qtdemux.c:5566:gst_qtdemux_loop_state_movie:<q> reading 144 bytes @ 1200
06-06 22:09:47.990  5267  5347 D GStreamer+GST_ELEMENT_FACTORY: 0:00:34.907626289 0xe900d4c0 gstelementfactory.c:851:gst_element_factory_list_filter Trying amcviddec-omxnvidiah264decode
06-06 22:09:47.990  5267  5349 V GStreamer+GST_SCHEDULING: 0:00:34.907639153 0xe900d580 gstpad.c:4654:gst_pad_get_range_unchecked:<filesrc0:src> calling getrangefunc gst_base_src_getrange, offset 1200, size 144
06-06 22:09:47.990  5267  5347 D GStreamer+structure: 0:00:34.907650768 0xe900d4c0 gststructure.c:2318:gst_structure_parse_field trying field name 'width'
06-06 22:09:47.990  5267  5347 D GStreamer+structure: 0:00:34.907668893 0xe900d4c0 gststructure.c:2369:gst_structure_parse_value trying type name 'int'
06-06 22:09:47.990  5267  5349 D GStreamer+basesrc: 0:00:34.907665820 0xe900d580 gstbasesrc.c:2354:gst_base_src_update_length:<filesrc0> reading offset 1200, length 144, size 15003960, segment.stop -1, maxsize 15003960
06-06 22:09:47.990  5267  5347 D GStreamer+structure: 0:00:34.907697226 0xe900d4c0 gststructure.c:2318:gst_structure_parse_field trying field name 'height'
06-06 22:09:47.990  5267  5349 D GStreamer+basesrc: 0:00:34.907702903 0xe900d580 gstbasesrc.c:2455:gst_base_src_get_range:<filesrc0> calling create offset 1200 length 144, time 0
06-06 22:09:47.990  5267  5347 D GStreamer+structure: 0:00:34.907731185 0xe900d4c0 gststructure.c:2369:gst_structure_parse_value trying type name 'int'
06-06 22:09:47.990  5267  5349 D GStreamer+GST_MEMORY: 0:00:34.907739205 0xe900d580 gstmemory.c:138:gst_memory_init new memory 0xe932e870, maxsize:147 offset:0 size:144
06-06 22:09:47.990  5267  5347 D GStreamer+structure: 0:00:34.907754049 0xe900d4c0 gststructure.c:2318:gst_structure_parse_field trying field name 'framerate'
06-06 22:09:47.990  5267  5349 V GStreamer+GST_BUFFER: 0:00:34.907764258 0xe900d580 gstbuffer.c:727:gst_buffer_new new 0xe930e678
06-06 22:09:47.990  5267  5347 D GStreamer+structure: 0:00:34.907771237 0xe900d4c0 gststructure.c:2369:gst_structure_parse_value trying type name 'fraction'
06-06 22:09:47.990  5267  5349 V GStreamer+GST_BUFFER: 0:00:34.907782330 0xe900d580 gstbuffer.c:342:_memory_add buffer 0xe930e678, idx -1, mem 0xe932e870
06-06 22:09:47.990  5267  5347 D GStreamer+structure: 0:00:34.907797383 0xe900d4c0 gststructure.c:2318:gst_structure_parse_field trying field name 'parsed'
06-06 22:09:47.990  5267  5349 V GStreamer+GST_BUFFER: 0:00:34.907805195 0xe900d580 gstbuffer.c:783:gst_buffer_new_allocate new buffer 0xe930e678 of size 144 from allocator 0x0
06-06 22:09:47.990  5267  5347 D GStreamer+structure: 0:00:34.907814310 0xe900d4c0 gststructure.c:2369:gst_structure_parse_value trying type name 'boolean'
06-06 22:09:47.990  5267  5349 V GStreamer+GST_BUFFER: 0:00:34.907824310 0xe900d580 gstbuffer.c:1649:gst_buffer_map_range buffer 0xe930e678, idx 0, length -1, flags 0002
06-06 22:09:47.990  5267  5347 D GStreamer+structure: 0:00:34.907832903 0xe900d4c0 gststructure.c:2318:gst_structure_parse_field trying field name 'stream-format'
06-06 22:09:47.990  5267  5349 V GStreamer+GST_BUFFER: 0:00:34.907844101 0xe900d580 gstbuffer.c:212:_get_merged_memory buffer 0xe930e678, idx 0, length 1
06-06 22:09:47.990  5267  5347 D GStreamer+structure: 0:00:34.907849935 0xe900d4c0 gststructure.c:2369:gst_structure_parse_value trying type name 'string'
06-06 22:09:47.990  5267  5349 V GStreamer+filesrc: 0:00:34.907862591 0xe900d580 gstfilesrc.c:360:gst_file_src_fill:<filesrc0> Reading 144 bytes at offset 0x4b0
06-06 22:09:47.991  5267  5347 D GStreamer+structure: 0:00:34.907870143 0xe900d4c0 gststructure.c:2318:gst_structure_parse_field trying field name 'alignment'
06-06 22:09:47.991  5267  5347 D GStreamer+structure: 0:00:34.907889935 0xe900d4c0 gststructure.c:2369:gst_structure_parse_value trying type name 'string'
06-06 22:09:47.991  5267  5349 D GStreamer+basesrc: 0:00:34.907889883 0xe900d580 gstbasesrc.c:2309:gst_base_src_do_sync:<filesrc0> we have no clock
06-06 22:09:47.991  5267  5349 D GStreamer+basesrc: 0:00:34.907910872 0xe900d580 gstbasesrc.c:2519:gst_base_src_get_range:<filesrc0> buffer ok
06-06 22:09:47.991  5267  5347 D GStreamer+structure: 0:00:34.907911133 0xe900d4c0 gststructure.c:2318:gst_structure_parse_field trying field name 'profile'
06-06 22:09:47.991  5267  5347 D GStreamer+structure: 0:00:34.907934987 0xe900d4c0 gststructure.c:2369:gst_structure_parse_value trying type name 'string'
06-06 22:09:47.991  5267  5349 V GStreamer+qtdemux: 0:00:34.907936497 0xe900d580 qtdemux.c:5277:gst_qtdemux_decorate_and_push_buffer:<q> Pushing buffer with dts 0:00:00.192000000, pts 0:00:00.192000000, duration 0:00:00.024000000 on pad audio_0
06-06 22:09:47.991  5267  5347 D GStreamer+structure: 0:00:34.907959414 0xe900d4c0 gststructure.c:2318:gst_structure_parse_field trying field name 'width'
06-06 22:09:47.991  5267  5347 D GStreamer+structure: 0:00:34.907978945 0xe900d4c0 gststructure.c:2369:gst_structure_parse_value trying type name 'int'
06-06 22:09:47.991  5267  5347 D GStreamer+structure: 0:00:34.908005195 0xe900d4c0 gststructure.c:2318:gst_structure_parse_field trying field name 'height'
06-06 22:09:47.991  5267  5349 D GStreamer+GST_SCHEDULING: 0:00:34.907979049 0xe900d580 gstpad.c:4193:gst_pad_chain_data_unchecked:<queue2:sink> calling chainfunction &gst_queue_chain with buffer buffer: 0xe930e678, pts 0:00:00.192000000, dts 0:00:00.192000000, dur 0:00:00.024000000, size 144, offset none, offset_end none, flags 0x0
06-06 22:09:47.991  5267  5347 D GStreamer+structure: 0:00:34.908025247 0xe900d4c0 gststructure.c:2369:gst_structure_parse_value trying type name 'int'
06-06 22:09:47.991  5267  5349 V GStreamer+queue_dataflow: 0:00:34.908031810 0xe900d580 gstqueue.c:1181:gst_queue_chain_buffer_or_list:<queue2> received buffer 0xe930e678 of size 144, time 0:00:00.192000000, duration 0:00:00.024000000
06-06 22:09:47.991  5267  5347 D GStreamer+structure: 0:00:34.908048476 0xe900d4c0 gststructure.c:2318:gst_structure_parse_field trying field name 'framerate'
06-06 22:09:47.991  5267  5347 D GStreamer+structure: 0:00:34.908067747 0xe900d4c0 gststructure.c:2369:gst_structure_parse_value trying type name 'fraction'
06-06 22:09:47.991  5267  5349 V GStreamer+queue: 0:00:34.908066914 0xe900d580 gstqueue.c:633:apply_buffer:<queue2> sink position updated to 0:00:00.216000000
06-06 22:09:47.991  5267  5349 V GStreamer+queue: 0:00:34.908095195 0xe900d580 gstqueue.c:529:update_time_level:<queue2> update sink time
06-06 22:09:47.991  5267  5347 D GStreamer+structure: 0:00:34.908098685 0xe900d4c0 gststructure.c:2318:gst_structure_parse_field trying field name 'parsed'
06-06 22:09:47.991  5267  5347 D GStreamer+structure: 0:00:34.908119205 0xe900d4c0 gststructure.c:2369:gst_structure_parse_value trying type name 'boolean'
06-06 22:09:47.991  5267  5349 V GStreamer+queue: 0:00:34.908116133 0xe900d580 gstqueue.c:547:update_time_level:<queue2> sink +0:00:00.216000000, src +0:00:00.000000000
06-06 22:09:47.991  5267  5347 D GStreamer+structure: 0:00:34.908145455 0xe900d4c0 gststructure.c:2318:gst_structure_parse_field trying field name 'stream-format'
06-06 22:09:47.991  5267  5349 D GStreamer+GST_SCHEDULING: 0:00:34.908152591 0xe900d580 gstpad.c:4199:gst_pad_chain_data_unchecked:<queue2:sink> called chainfunction &gst_queue_chain with buffer 0xe930e678, returned ok
06-06 22:09:47.991  5267  5347 D GStreamer+structure: 0:00:34.908165091 0xe900d4c0 gststructure.c:2369:gst_structure_parse_value trying type name 'string'
06-06 22:09:47.991  5267  5349 V GStreamer+qtdemux: 0:00:34.908176341 0xe900d580 qtdemux.c:4949:gst_qtdemux_combine_flows:<q> flow return: ok
06-06 22:09:47.991  5267  5347 D GStreamer+structure: 0:00:34.908184466 0xe900d4c0 gststructure.c:2318:gst_structure_parse_field trying field name 'alignment'
06-06 22:09:47.991  5267  5349 V GStreamer+qtdemux: 0:00:34.908199674 0xe900d580 qtdemux.c:4957:gst_qtdemux_combine_flows:<q> combined flow return: ok
06-06 22:09:47.991  5267  5347 D GStreamer+structure: 0:00:34.908203737 0xe900d4c0 gststructure.c:2369:gst_structure_parse_value trying type name 'string'
06-06 22:09:47.991  5267  5347 D GStreamer+structure: 0:00:34.908225768 0xe900d4c0 gststructure.c:2318:gst_structure_parse_field trying field name 'profile'
06-06 22:09:47.991  5267  5349 V GStreamer+qtdemux: 0:00:34.908223633 0xe900d580 qtdemux.c:8003:qtdemux_parse_samples:<q> parsing samples for stream fourcc mp4a, pad audio_0
06-06 22:09:47.991  5267  5347 D GStreamer+structure: 0:00:34.908250820 0xe900d4c0 gststructure.c:2369:gst_structure_parse_value trying type name 'string'
06-06 22:09:47.991  5267  5349 D GStreamer+qtdemux: 0:00:34.908254205 0xe900d580 qtdemux.c:8014:qtdemux_parse_samples:<q> parsing up to sample 9
06-06 22:09:47.991  5267  5347 D GStreamer+structure: 0:00:34.908275039 0xe900d4c0 gststructure.c:2318:gst_structure_parse_field trying field name 'width'
06-06 22:09:47.991  5267  5349 V GStreamer+qtdemux: 0:00:34.908276914 0xe900d580 qtdemux.c:8040:qtdemux_parse_samples:<q> sample 9 has size 144
06-06 22:09:47.991  5267  5347 D GStreamer+structure: 0:00:34.908299726 0xe900d4c0 gststructure.c:2369:gst_structure_parse_value trying type name 'int'
06-06 22:09:47.991  5267  5349 V GStreamer+qtdemux: 0:00:34.908303164 0xe900d580 qtdemux.c:8164:qtdemux_parse_samples:<q> creating entry 9 with offset 1344 and size 144
06-06 22:09:47.991  5267  5347 D GStreamer+structure: 0:00:34.908320455 0xe900d4c0 gststructure.c:2318:gst_structure_parse_field trying field name 'height'
06-06 22:09:47.991  5267  5349 D GStreamer+qtdemux: 0:00:34.908328528 0xe900d580 qtdemux.c:8221:qtdemux_parse_samples:<q> sample 9: index 9, timestamp 0:00:00.216000000
06-06 22:09:47.991  5267  5347 D GStreamer+structure: 0:00:34.908339830 0xe900d4c0 gststructure.c:2369:gst_structure_parse_value trying type name 'int'
06-06 22:09:47.991  5267  5349 D GStreamer+qtdemux: 0:00:34.908356445 0xe900d580 qtdemux.c:8321:qtdemux_parse_samples:<q> setting all keyframes
06-06 22:09:47.991  5267  5347 D GStreamer+structure: 0:00:34.908363893 0xe900d4c0 gststructure.c:2318:gst_structure_parse_field trying field name 'framerate'
06-06 22:09:47.991  5267  5347 D GStreamer+structure: 0:00:34.908381549 0xe900d4c0 gststructure.c:2369:gst_structure_parse_value trying type name 'fraction'
06-06 22:09:47.991  5267  5349 V GStreamer+qtdemux: 0:00:34.908377278 0xe900d580 qtdemux.c:5655:gst_qtdemux_loop:<q> loop at position 15003960, state 2
06-06 22:09:47.991  5267  5349 V GStreamer+qtdemux: 0:00:34.908404935 0xe900d580 qtdemux.c:4750:gst_qtdemux_prepare_current_sample:<q> segment active, index = 9 of 299
06-06 22:09:47.991  5267  5347 D GStreamer+structure: 0:00:34.908412747 0xe900d4c0 gststructure.c:2318:gst_structure_parse_field trying field name 'parsed'
06-06 22:09:47.991  5267  5347 D GStreamer+structure: 0:00:34.908432174 0xe900d4c0 gststructure.c:2369:gst_structure_parse_value trying type name 'boolean'
06-06 22:09:47.991  5267  5349 V GStreamer+qtdemux: 0:00:34.908427955 0xe900d580 qtdemux.c:8003:qtdemux_parse_samples:<q> parsing samples for stream fourcc mp4a, pad audio_0
06-06 22:09:47.991  5267  5347 D GStreamer+structure: 0:00:34.908454622 0xe900d4c0 gststructure.c:2318:gst_structure_parse_field trying field name 'stream-format'
06-06 22:09:47.991  5267  5349 V GStreamer+qtdemux: 0:00:34.908454049 0xe900d580 qtdemux.c:8385:qtdemux_parse_samples:<q> Tried to parse up to sample 9 but this sample has already been parsed
06-06 22:09:47.991  5267  5347 D GStreamer+structure: 0:00:34.908477851 0xe900d4c0 gststructure.c:2369:gst_structure_parse_value trying type name 'string'
06-06 22:09:47.991  5267  5347 D GStreamer+structure: 0:00:34.908498320 0xe900d4c0 gststructure.c:2318:gst_structure_parse_field trying field name 'alignment'
06-06 22:09:47.991  5267  5349 D GStreamer+qtdemux: 0:00:34.908480664 0xe900d580 qtdemux.c:5512:gst_qtdemux_loop_state_movie:<q> pushing from stream 1, empty 0 offset 1344, size 144, dts=0:00:00.216000000, pts=0:00:00.216000000, duration 0:00:00.024000000
06-06 22:09:47.991  5267  5347 D GStreamer+structure: 0:00:34.908516601 0xe900d4c0 gststructure.c:2369:gst_structure_parse_value trying type name 'string'
06-06 22:09:47.991  5267  5349 V GStreamer+qtdemux: 0:00:34.908519570 0xe900d580 qtdemux.c:5566:gst_qtdemux_loop_state_movie:<q> reading 144 bytes @ 1344
06-06 22:09:47.991  5267  5347 D GStreamer+structure: 0:00:34.908535039 0xe900d4c0 gststructure.c:2318:gst_structure_parse_field trying field name 'profile'
06-06 22:09:47.991  5267  5349 V GStreamer+GST_SCHEDULING: 0:00:34.908542851 0xe900d580 gstpad.c:4654:gst_pad_get_range_unchecked:<filesrc0:src> calling getrangefunc gst_base_src_getrange, offset 1344, size 144
06-06 22:09:47.991  5267  5347 D GStreamer+structure: 0:00:34.908553008 0xe900d4c0 gststructure.c:2369:gst_structure_parse_value trying type name 'string'
06-06 22:09:47.991  5267  5347 D GStreamer+structure: 0:00:34.908574987 0xe900d4c0 gststructure.c:2318:gst_structure_parse_field trying field name 'width'
06-06 22:09:47.991  5267  5349 D GStreamer+basesrc: 0:00:34.908568580 0xe900d580 gstbasesrc.c:2354:gst_base_src_update_length:<filesrc0> reading offset 1344, length 144, size 15003960, segment.stop -1, maxsize 15003960
06-06 22:09:47.991  5267  5347 D GStreamer+structure: 0:00:34.908596758 0xe900d4c0 gststructure.c:2369:gst_structure_parse_value trying type name 'int'
06-06 22:09:47.991  5267  5349 D GStreamer+basesrc: 0:00:34.908601341 0xe900d580 gstbasesrc.c:2455:gst_base_src_get_range:<filesrc0> calling create offset 1344 length 144, time 0
06-06 22:09:47.991  5267  5347 D GStreamer+structure: 0:00:34.908621028 0xe900d4c0 gststructure.c:2318:gst_structure_parse_field trying field name 'height'
06-06 22:09:47.991  5267  5349 D GStreamer+GST_MEMORY: 0:00:34.908625716 0xe900d580 gstmemory.c:138:gst_memory_init new memory 0xe932e958, maxsize:147 offset:0 size:144
06-06 22:09:47.991  5267  5347 D GStreamer+structure: 0:00:34.908641862 0xe900d4c0 gststructure.c:2369:gst_structure_parse_value trying type name 'int'
