06-06 22:09:47.904  5267  5267 V GStreamer+GST_STATES: 0:00:34.821671237 0xe8df4400 gstelement.c:2852:gst_element_change_state_func:<forhalffps> default handler tries setting state from READY to PAUSED (0013)
06-06 22:09:47.904  5267  5345 V GStreamer+queue_dataflow: 0:00:34.821667956 0xe900d430 gstqueue.c:1497:gst_queue_loop:<queue3> (queue3:src) wait for ADD: 0 of 0-200 buffers, 0 of 0-10485760 bytes, 0 of 0-1000000000 ns, 0 items
06-06 22:09:47.904  5267  5267 D GStreamer+GST_ELEMENT_PADS: 0:00:34.821703268 0xe8df4400 gstelement.c:2795:gst_element_pads_activate:<forhalffps> activate pads
06-06 22:09:47.904  5267  5334 D GStreamer+GST_BUS: 0:00:34.821661237 0xe916d800 gstbus.c:789:gst_bus_source_dispatch:<bus5> source 0xe9302a00 calling dispatch with stream-status message: 0xe92be6d8, time 99:99:99.999999999, seq-num 68, element 'src', GstMessageStreamStatus, type=(GstStreamStatusType)GST_STREAM_STATUS_TYPE_ENTER, owner=(GstElement)"\(GstQueue\)\ queue3", object=(GstTask)"\(GstTask\)\ queue3:src";
06-06 22:09:47.904  5267  5267 D GStreamer+GST_PADS: 0:00:34.821760664 0xe8df4400 gstpad.c:1063:gst_pad_set_active:<forhalffps:src> activating pad from none
06-06 22:09:47.904  5267  5334 V GStreamer+GST_MESSAGE: 0:00:34.821771393 0xe916d800 gstmessage.c:200:_gst_message_free finalize message 0xe92be6d8, stream-status from src
06-06 22:09:47.904  5267  5267 D GStreamer+GST_PADS: 0:00:34.821782591 0xe8df4400 gstpad.c:979:pre_activate:<forhalffps:src> setting pad into push mode, unset flushing
06-06 22:09:47.904  5267  5334 D GStreamer+GST_BUS: 0:00:34.821795299 0xe916d800 gstbus.c:794:gst_bus_source_dispatch:<bus5> source 0xe9302a00 handler returns 1
06-06 22:09:47.904  5267  5267 D GStreamer+GST_PADS: 0:00:34.821802903 0xe8df4400 gstpad.c:1188:activate_mode_internal:<forhalffps:src> activated in push mode
06-06 22:09:47.904  5267  5267 D GStreamer+GST_PADS: 0:00:34.821828893 0xe8df4400 gstpad.c:1063:gst_pad_set_active:<forhalffps:sink> activating pad from none
06-06 22:09:47.904  5267  5267 D GStreamer+GST_PADS: 0:00:34.821847174 0xe8df4400 gstpad.c:979:pre_activate:<forhalffps:sink> setting pad into push mode, unset flushing
06-06 22:09:47.904  5267  5267 D GStreamer+GST_PADS: 0:00:34.821866237 0xe8df4400 gstpad.c:991:pre_activate:<forhalffps:sink> reschedule events on peer queue1:src
06-06 22:09:47.905  5267  5267 D GStreamer+GST_CAPS: 0:00:34.821886966 0xe8df4400 gstpad.c:2672:gst_pad_get_current_caps:<forhalffps:sink> get current pad caps (NULL)
06-06 22:09:47.905  5267  5267 D GStreamer+GST_CAPS: 0:00:34.821906497 0xe8df4400 gstpad.c:2672:gst_pad_get_current_caps:<forhalffps:src> get current pad caps (NULL)
06-06 22:09:47.905  5267  5267 D GStreamer+basetransform: 0:00:34.821926497 0xe8df4400 gstbasetransform.c:2449:gst_base_transform_activate:<forhalffps> have_same_caps 0
06-06 22:09:47.905  5267  5267 D GStreamer+GST_PADS: 0:00:34.821944883 0xe8df4400 gstpad.c:1188:activate_mode_internal:<forhalffps:sink> activated in push mode
06-06 22:09:47.905  5267  5267 D GStreamer+GST_ELEMENT_PADS: 0:00:34.821966341 0xe8df4400 gstelement.c:2814:gst_element_pads_activate:<forhalffps> pad activation successful
06-06 22:09:47.905  5267  5267 D GStreamer+GST_STATES: 0:00:34.821986185 0xe8df4400 gstelement.c:2686:gst_element_change_state:<forhalffps> element changed state SUCCESS
06-06 22:09:47.905  5267  5267 I GStreamer+GST_STATES: 0:00:34.822002643 0xe8df4400 gstelement.c:2374:gst_element_continue_state:<forhalffps> completed state change to PAUSED
06-06 22:09:47.905  5267  5267 I GStreamer+GST_STATES: 0:00:34.822020195 0xe8df4400 gstelement.c:2279:_priv_gst_element_state_changed:<forhalffps> notifying about state-changed READY to PAUSED (VOID_PENDING pending)
06-06 22:09:47.905  5267  5267 V GStreamer+GST_MESSAGE: 0:00:34.822044049 0xe8df4400 gstmessage.c:293:gst_message_new_custom source forhalffps: creating new message 0xe90125d0 state-changed
06-06 22:09:47.905  5267  5267 D GStreamer+GST_BUS: 0:00:34.822063945 0xe8df4400 gstbus.c:309:gst_bus_post:<bus4> [msg 0xe90125d0] posting on bus state-changed message: 0xe90125d0, time 99:99:99.999999999, seq-num 70, element 'forhalffps', GstMessageStateChanged, old-state=(GstState)GST_STATE_READY, new-state=(GstState)GST_STATE_PAUSED, pending-state=(GstState)GST_STATE_VOID_PENDING;
06-06 22:09:47.905  5267  5267 D GStreamer+bin: 0:00:34.822110508 0xe8df4400 gstbin.c:3654:gst_bin_handle_message_func:<pipeline0> [msg 0xe90125d0] handling child forhalffps message of type state-changed
06-06 22:09:47.905  5267  5267 D GStreamer+bin: 0:00:34.822133268 0xe8df4400 gstbin.c:3991:gst_bin_handle_message_func:<pipeline0> posting message upward
06-06 22:09:47.905  5267  5267 D GStreamer+GST_BUS: 0:00:34.822151081 0xe8df4400 gstbus.c:309:gst_bus_post:<bus5> [msg 0xe90125d0] posting on bus state-changed message: 0xe90125d0, time 99:99:99.999999999, seq-num 70, element 'forhalffps', GstMessageStateChanged, old-state=(GstState)GST_STATE_READY, new-state=(GstState)GST_STATE_PAUSED, pending-state=(GstState)GST_STATE_VOID_PENDING;
06-06 22:09:47.905  5267  5267 D GStreamer+GST_BUS: 0:00:34.822193841 0xe8df4400 gstbus.c:348:gst_bus_post:<bus5> [msg 0xe90125d0] pushing on async queue
06-06 22:09:47.905  5267  5267 V GStreamer+GST_POLL: 0:00:34.822213320 0xe8df4400 gstpoll.c:186:raise_wakeup 0xe925c808: raise
06-06 22:09:47.905  5267  5267 D GStreamer+GST_BUS: 0:00:34.822235247 0xe8df4400 gstbus.c:351:gst_bus_post:<bus5> [msg 0xe90125d0] pushed on async queue
06-06 22:09:47.905  5267  5334 V GStreamer+GST_BUS: 0:00:34.822249831 0xe916d800 gstbus.c:513:gst_bus_timed_pop_filtered:<bus5> have 1 messages
06-06 22:09:47.905  5267  5267 D GStreamer+GST_BUS: 0:00:34.822254310 0xe8df4400 gstbus.c:344:gst_bus_post:<bus4> [msg 0xe90125d0] dropped
06-06 22:09:47.905  5267  5334 V GStreamer+GST_POLL: 0:00:34.822278841 0xe916d800 gstpoll.c:201:release_wakeup 0xe925c808: release
06-06 22:09:47.905  5267  5267 V GStreamer+GST_STATES: 0:00:34.822278633 0xe8df4400 gstelement.c:2702:gst_element_change_state:<forhalffps> exit state change 1
06-06 22:09:47.905  5267  5267 D GStreamer+GST_STATES: 0:00:34.822307070 0xe8df4400 gstelement.c:2609:gst_element_set_state_func:<forhalffps> returned SUCCESS
06-06 22:09:47.905  5267  5334 D GStreamer+GST_BUS: 0:00:34.822310143 0xe916d800 gstbus.c:521:gst_bus_timed_pop_filtered:<bus5> got message 0xe90125d0, state-changed from forhalffps, type mask is 4294967295
06-06 22:09:47.905  5267  5267 I GStreamer+GST_STATES: 0:00:34.822326289 0xe8df4400 gstbin.c:2892:gst_bin_change_state_func:<pipeline0> child 'forhalffps' changed state to 3(PAUSED) successfully
06-06 22:09:47.905  5267  5267 D GStreamer+bin: 0:00:34.822349674 0xe8df4400 gstbin.c:2310:gst_bin_sort_iterator_next:<pipeline0> queue head gives queue1
06-06 22:09:47.905  5267  5334 D GStreamer+GST_BUS: 0:00:34.822340560 0xe916d800 gstbus.c:789:gst_bus_source_dispatch:<bus5> source 0xe9302a00 calling dispatch with state-changed message: 0xe90125d0, time 99:99:99.999999999, seq-num 70, element 'forhalffps', GstMessageStateChanged, old-state=(GstState)GST_STATE_READY, new-state=(GstState)GST_STATE_PAUSED, pending-state=(GstState)GST_STATE_VOID_PENDING;
06-06 22:09:47.905  5267  5267 V GStreamer+bin: 0:00:34.822373476 0xe8df4400 gstbin.c:889:message_check looking at message 0xe8ffb388: 0
06-06 22:09:47.905  5267  5267 V GStreamer+bin: 0:00:34.822396289 0xe8df4400 gstbin.c:889:message_check looking at message 0xe8ffb2d8: 0
06-06 22:09:47.905  5267  5334 V GStreamer+GST_MESSAGE: 0:00:34.822400612 0xe916d800 gstmessage.c:200:_gst_message_free finalize message 0xe90125d0, state-changed from forhalffps
06-06 22:09:47.905  5267  5267 D GStreamer+bin: 0:00:34.822412903 0xe8df4400 gstbin.c:911:find_message:<pipeline0> no message found matching types 00001000
06-06 22:09:47.905  5267  5334 D GStreamer+GST_BUS: 0:00:34.822423268 0xe916d800 gstbus.c:794:gst_bus_source_dispatch:<bus5> source 0xe9302a00 handler returns 1
06-06 22:09:47.905  5267  5267 D GStreamer+bin: 0:00:34.822431966 0xe8df4400 gstbin.c:918:find_message:<pipeline0>   structure-change
06-06 22:09:47.905  5267  5267 D GStreamer+bin: 0:00:34.822451289 0xe8df4400 gstbin.c:2249:update_degree:<pipeline0> element queue1 not linked on any sinkpads
06-06 22:09:47.905  5267  5267 I GStreamer+GST_STATES: 0:00:34.822471445 0xe8df4400 gstbin.c:2444:gst_bin_element_set_state:<queue1> current READY pending VOID_PENDING, desired next PAUSED
06-06 22:09:47.905  5267  5267 V GStreamer+bin: 0:00:34.822493685 0xe8df4400 gstbin.c:889:message_check looking at message 0xe8ffb388: 0
06-06 22:09:47.905  5267  5267 V GStreamer+bin: 0:00:34.822511601 0xe8df4400 gstbin.c:889:message_check looking at message 0xe8ffb2d8: 0
06-06 22:09:47.905  5267  5267 D GStreamer+bin: 0:00:34.822528633 0xe8df4400 gstbin.c:911:find_message:<pipeline0> no message found matching types 00100000
06-06 22:09:47.905  5267  5267 D GStreamer+bin: 0:00:34.822547799 0xe8df4400 gstbin.c:918:find_message:<pipeline0>   async-start
06-06 22:09:47.905  5267  5267 D GStreamer+bin: 0:00:34.822565195 0xe8df4400 gstbin.c:2539:gst_bin_element_set_state:<pipeline0> setting element queue1 to PAUSED, base_time 0:00:00.000000000
06-06 22:09:47.905  5267  5267 D GStreamer+GST_STATES: 0:00:34.822589570 0xe8df4400 gstelement.c:2525:gst_element_set_state_func:<queue1> set_state to PAUSED
06-06 22:09:47.905  5267  5267 D GStreamer+GST_STATES: 0:00:34.822608164 0xe8df4400 gstelement.c:2550:gst_element_set_state_func:<queue1> setting target state to PAUSED
06-06 22:09:47.905  5267  5267 D GStreamer+GST_STATES: 0:00:34.822626289 0xe8df4400 gstelement.c:2563:gst_element_set_state_func:<queue1> current READY, old_pending VOID_PENDING, next VOID_PENDING, old return SUCCESS
06-06 22:09:47.905  5267  5267 D GStreamer+GST_STATES: 0:00:34.822648581 0xe8df4400 gstelement.c:2597:gst_element_set_state_func:<queue1> final: setting state from READY to PAUSED
06-06 22:09:47.905  5267  5267 V GStreamer+GST_STATES: 0:00:34.822670716 0xe8df4400 gstelement.c:2852:gst_element_change_state_func:<queue1> default handler tries setting state from READY to PAUSED (0013)
06-06 22:09:47.905  5267  5267 D GStreamer+GST_ELEMENT_PADS: 0:00:34.822691966 0xe8df4400 gstelement.c:2795:gst_element_pads_activate:<queue1> activate pads
06-06 22:09:47.905  5267  5267 D GStreamer+GST_PADS: 0:00:34.822723789 0xe8df4400 gstpad.c:1063:gst_pad_set_active:<queue1:src> activating pad from none
06-06 22:09:47.905  5267  5267 D GStreamer+GST_PADS: 0:00:34.822745872 0xe8df4400 gstpad.c:979:pre_activate:<queue1:src> setting pad into push mode, unset flushing
06-06 22:09:47.905  5267  5267 D GStreamer+GST_PADS: 0:00:34.822767070 0xe8df4400 gstpad.c:5978:gst_pad_start_task:<queue1:src> start task
06-06 22:09:47.905  5267  5267 D GStreamer+task: 0:00:34.822803633 0xe8df4400 gsttask.c:427:gst_task_new Created task 0xe93040d0
06-06 22:09:47.905  5267  5267 I GStreamer+task: 0:00:34.822821549 0xe8df4400 gsttask.c:453:gst_task_set_lock setting stream lock 0xe90b79a4 on task 0xe93040d0
06-06 22:09:47.905  5267  5267 I GStreamer+GST_PADS: 0:00:34.822841653 0xe8df4400 gstpad.c:5987:gst_pad_start_task:<queue1:src> created task 0xe93040d0
06-06 22:09:47.905  5267  5267 D GStreamer+GST_PADS: 0:00:34.822861601 0xe8df4400 gstpad.c:5904:do_stream_status:<queue1:src> doing stream-status 0
06-06 22:09:47.906  5267  5267 V GStreamer+GST_MESSAGE: 0:00:34.822884726 0xe8df4400 gstmessage.c:293:gst_message_new_custom source src: creating new message 0xe9012628 stream-status
06-06 22:09:47.906  5267  5267 D GStreamer+GST_PADS: 0:00:34.822907174 0xe8df4400 gstpad.c:5933:do_stream_status:<queue1:src> posting stream-status 0
06-06 22:09:47.906  5267  5267 D GStreamer+GST_BUS: 0:00:34.822927383 0xe8df4400 gstbus.c:309:gst_bus_post:<bus4> [msg 0xe9012628] posting on bus stream-status message: 0xe9012628, time 99:99:99.999999999, seq-num 71, element 'src', GstMessageStreamStatus, type=(GstStreamStatusType)GST_STREAM_STATUS_TYPE_CREATE, owner=(GstElement)"\(GstQueue\)\ queue1", object=(GstTask)"\(GstTask\)\ task1";
06-06 22:09:47.906  5267  5267 D GStreamer+bin: 0:00:34.822983268 0xe8df4400 gstbin.c:3654:gst_bin_handle_message_func:<pipeline0> [msg 0xe9012628] handling child src message of type stream-status
06-06 22:09:47.906  5267  5267 D GStreamer+bin: 0:00:34.823005872 0xe8df4400 gstbin.c:3991:gst_bin_handle_message_func:<pipeline0> posting message upward
06-06 22:09:47.906  5267  5267 D GStreamer+GST_BUS: 0:00:34.823024414 0xe8df4400 gstbus.c:309:gst_bus_post:<bus5> [msg 0xe9012628] posting on bus stream-status message: 0xe9012628, time 99:99:99.999999999, seq-num 71, element 'src', GstMessageStreamStatus, type=(GstStreamStatusType)GST_STREAM_STATUS_TYPE_CREATE, owner=(GstElement)"\(GstQueue\)\ queue1", object=(GstTask)"\(GstTask\)\ task1";
06-06 22:09:47.906  5267  5267 D GStreamer+GST_BUS: 0:00:34.823075508 0xe8df4400 gstbus.c:348:gst_bus_post:<bus5> [msg 0xe9012628] pushing on async queue
06-06 22:09:47.906  5267  5267 V GStreamer+GST_POLL: 0:00:34.823095195 0xe8df4400 gstpoll.c:186:raise_wakeup 0xe925c808: raise
06-06 22:09:47.906  5267  5267 D GStreamer+GST_BUS: 0:00:34.823115091 0xe8df4400 gstbus.c:351:gst_bus_post:<bus5> [msg 0xe9012628] pushed on async queue
06-06 22:09:47.906  5267  5334 V GStreamer+GST_BUS: 0:00:34.823127435 0xe916d800 gstbus.c:513:gst_bus_timed_pop_filtered:<bus5> have 1 messages
06-06 22:09:47.906  5267  5267 D GStreamer+GST_BUS: 0:00:34.823135716 0xe8df4400 gstbus.c:344:gst_bus_post:<bus4> [msg 0xe9012628] dropped
06-06 22:09:47.906  5267  5334 V GStreamer+GST_POLL: 0:00:34.823152070 0xe916d800 gstpoll.c:201:release_wakeup 0xe925c808: release
06-06 22:09:47.906  5267  5267 D GStreamer+task: 0:00:34.823156133 0xe8df4400 gsttask.c:684:gst_task_set_state:<task1> Changing task 0xe93040d0 to state 0
06-06 22:09:47.906  5267  5334 D GStreamer+GST_BUS: 0:00:34.823172331 0xe916d800 gstbus.c:521:gst_bus_timed_pop_filtered:<bus5> got message 0xe9012628, stream-status from src, type mask is 4294967295
06-06 22:09:47.906  5267  5267 D GStreamer+GST_PADS: 0:00:34.823219831 0xe8df4400 gstpad.c:1188:activate_mode_internal:<queue1:src> activated in push mode
06-06 22:09:47.906  5267  5334 D GStreamer+GST_BUS: 0:00:34.823200039 0xe916d800 gstbus.c:789:gst_bus_source_dispatch:<bus5> source 0xe9302a00 calling dispatch with stream-status message: 0xe9012628, time 99:99:99.999999999, seq-num 71, element 'src', GstMessageStreamStatus, type=(GstStreamStatusType)GST_STREAM_STATUS_TYPE_CREATE, owner=(GstElement)"\(GstQueue\)\ queue1", object=(GstTask)"\(GstTask\)\ task1";
06-06 22:09:47.906  5267  5346 D GStreamer+task: 0:00:34.823243372 0xe900d460 gsttask.c:289:gst_task_func Entering task 0xe93040d0, thread 0xe900d460
06-06 22:09:47.906  5267  5267 D GStreamer+GST_PADS: 0:00:34.823256706 0xe8df4400 gstpad.c:1063:gst_pad_set_active:<queue1:sink> activating pad from none
06-06 22:09:47.906  5267  5334 V GStreamer+GST_MESSAGE: 0:00:34.823266289 0xe916d800 gstmessage.c:200:_gst_message_free finalize message 0xe9012628, stream-status from src
06-06 22:09:47.906  5267  5267 D GStreamer+GST_PADS: 0:00:34.823282747 0xe8df4400 gstpad.c:979:pre_activate:<queue1:sink> setting pad into push mode, unset flushing
06-06 22:09:47.906  5267  5334 D GStreamer+GST_BUS: 0:00:34.823296185 0xe916d800 gstbus.c:794:gst_bus_source_dispatch:<bus5> source 0xe9302a00 handler returns 1
06-06 22:09:47.906  5267  5267 D GStreamer+GST_PADS: 0:00:34.823310664 0xe8df4400 gstpad.c:1188:activate_mode_internal:<queue1:sink> activated in push mode
06-06 22:09:47.906  5267  5267 D GStreamer+GST_ELEMENT_PADS: 0:00:34.823333633 0xe8df4400 gstelement.c:2814:gst_element_pads_activate:<queue1> pad activation successful
06-06 22:09:47.906  5267  5267 D GStreamer+GST_STATES: 0:00:34.823352903 0xe8df4400 gstelement.c:2686:gst_element_change_state:<queue1> element changed state SUCCESS
06-06 22:09:47.906  5267  5346 D GStreamer+GST_PADS: 0:00:34.823278112 0xe900d460 gstpad.c:5904:do_stream_status:<queue1:src> doing stream-status 1
06-06 22:09:47.906  5267  5267 I GStreamer+GST_STATES: 0:00:34.823371341 0xe8df4400 gstelement.c:2374:gst_element_continue_state:<queue1> completed state change to PAUSED
06-06 22:09:47.906  5267  5267 I GStreamer+GST_STATES: 0:00:34.823391393 0xe8df4400 gstelement.c:2279:_priv_gst_element_state_changed:<queue1> notifying about state-changed READY to PAUSED (VOID_PENDING pending)
06-06 22:09:47.906  5267  5346 V GStreamer+GST_MESSAGE: 0:00:34.823417643 0xe900d460 gstmessage.c:293:gst_message_new_custom source src: creating new message 0xe9303160 stream-status
06-06 22:09:47.906  5267  5267 V GStreamer+GST_MESSAGE: 0:00:34.823423581 0xe8df4400 gstmessage.c:293:gst_message_new_custom source queue1: creating new message 0xe9012680 state-changed
06-06 22:09:47.906  5267  5346 D GStreamer+GST_PADS: 0:00:34.823454935 0xe900d460 gstpad.c:5933:do_stream_status:<queue1:src> posting stream-status 1
06-06 22:09:47.906  5267  5267 D GStreamer+GST_BUS: 0:00:34.823454414 0xe8df4400 gstbus.c:309:gst_bus_post:<bus4> [msg 0xe9012680] posting on bus state-changed message: 0xe9012680, time 99:99:99.999999999, seq-num 73, element 'queue1', GstMessageStateChanged, old-state=(GstState)GST_STATE_READY, new-state=(GstState)GST_STATE_PAUSED, pending-state=(GstState)GST_STATE_VOID_PENDING;
06-06 22:09:47.906  5267  5267 D GStreamer+bin: 0:00:34.823520508 0xe8df4400 gstbin.c:3654:gst_bin_handle_message_func:<pipeline0> [msg 0xe9012680] handling child queue1 message of type state-changed
06-06 22:09:47.906  5267  5346 D GStreamer+GST_BUS: 0:00:34.823482799 0xe900d460 gstbus.c:309:gst_bus_post:<bus4> [msg 0xe9303160] posting on bus stream-status message: 0xe9303160, time 99:99:99.999999999, seq-num 72, element 'src', GstMessageStreamStatus, type=(GstStreamStatusType)GST_STREAM_STATUS_TYPE_ENTER, owner=(GstElement)"\(GstQueue\)\ queue1", object=(GstTask)"\(GstTask\)\ queue1:src";
06-06 22:09:47.906  5267  5267 D GStreamer+bin: 0:00:34.823550143 0xe8df4400 gstbin.c:3991:gst_bin_handle_message_func:<pipeline0> posting message upward
06-06 22:09:47.906  5267  5346 D GStreamer+bin: 0:00:34.823572018 0xe900d460 gstbin.c:3654:gst_bin_handle_message_func:<pipeline0> [msg 0xe9303160] handling child src message of type stream-status
06-06 22:09:47.906  5267  5267 D GStreamer+GST_BUS: 0:00:34.823572539 0xe8df4400 gstbus.c:309:gst_bus_post:<bus5> [msg 0xe9012680] posting on bus state-changed message: 0xe9012680, time 99:99:99.999999999, seq-num 73, element 'queue1', GstMessageStateChanged, old-state=(GstState)GST_STATE_READY, new-state=(GstState)GST_STATE_PAUSED, pending-state=(GstState)GST_STATE_VOID_PENDING;
06-06 22:09:47.906  5267  5267 D GStreamer+GST_BUS: 0:00:34.823623685 0xe8df4400 gstbus.c:348:gst_bus_post:<bus5> [msg 0xe9012680] pushing on async queue
06-06 22:09:47.906  5267  5267 V GStreamer+GST_POLL: 0:00:34.823642747 0xe8df4400 gstpoll.c:186:raise_wakeup 0xe925c808: raise
06-06 22:09:47.906  5267  5267 D GStreamer+GST_BUS: 0:00:34.823662591 0xe8df4400 gstbus.c:351:gst_bus_post:<bus5> [msg 0xe9012680] pushed on async queue
06-06 22:09:47.906  5267  5334 V GStreamer+GST_BUS: 0:00:34.823673737 0xe916d800 gstbus.c:513:gst_bus_timed_pop_filtered:<bus5> have 1 messages
06-06 22:09:47.906  5267  5267 D GStreamer+GST_BUS: 0:00:34.823682539 0xe8df4400 gstbus.c:344:gst_bus_post:<bus4> [msg 0xe9012680] dropped
06-06 22:09:47.906  5267  5334 V GStreamer+GST_POLL: 0:00:34.823698737 0xe916d800 gstpoll.c:201:release_wakeup 0xe925c808: release
06-06 22:09:47.906  5267  5267 V GStreamer+GST_STATES: 0:00:34.823704831 0xe8df4400 gstelement.c:2702:gst_element_change_state:<queue1> exit state change 1
06-06 22:09:47.906  5267  5267 D GStreamer+GST_STATES: 0:00:34.823732539 0xe8df4400 gstelement.c:2609:gst_element_set_state_func:<queue1> returned SUCCESS
06-06 22:09:47.906  5267  5334 D GStreamer+GST_BUS: 0:00:34.823730924 0xe916d800 gstbus.c:521:gst_bus_timed_pop_filtered:<bus5> got message 0xe9012680, state-changed from queue1, type mask is 4294967295
06-06 22:09:47.906  5267  5267 I GStreamer+GST_STATES: 0:00:34.823755247 0xe8df4400 gstbin.c:2892:gst_bin_change_state_func:<pipeline0> child 'queue1' changed state to 3(PAUSED) successfully
06-06 22:09:47.906  5267  5267 D GStreamer+bin: 0:00:34.823783893 0xe8df4400 gstbin.c:2295:gst_bin_sort_iterator_next:<pipeline0> queue empty, next best: decodebin1
06-06 22:09:47.906  5267  5334 D GStreamer+GST_BUS: 0:00:34.823763008 0xe916d800 gstbus.c:789:gst_bus_source_dispatch:<bus5> source 0xe9302a00 calling dispatch with state-changed message: 0xe9012680, time 99:99:99.999999999, seq-num 73, element 'queue1', GstMessageStateChanged, old-state=(GstState)GST_STATE_READY, new-state=(GstState)GST_STATE_PAUSED, pending-state=(GstState)GST_STATE_VOID_PENDING;
06-06 22:09:47.906  5267  5267 D GStreamer+bin: 0:00:34.823808581 0xe8df4400 gstbin.c:2310:gst_bin_sort_iterator_next:<pipeline0> queue head gives decodebin1
06-06 22:09:47.906  5267  5334 V GStreamer+GST_MESSAGE: 0:00:34.823820091 0xe916d800 gstmessage.c:200:_gst_message_free finalize message 0xe9012680, state-changed from queue1
06-06 22:09:47.906  5267  5267 V GStreamer+bin: 0:00:34.823829831 0xe8df4400 gstbin.c:889:message_check looking at message 0xe8ffb388: 0
06-06 22:09:47.906  5267  5267 V GStreamer+bin: 0:00:34.823847539 0xe8df4400 gstbin.c:889:message_check looking at message 0xe8ffb2d8: 0
06-06 22:09:47.906  5267  5334 D GStreamer+GST_BUS: 0:00:34.823842747 0xe916d800 gstbus.c:794:gst_bus_source_dispatch:<bus5> source 0xe9302a00 handler returns 1
06-06 22:09:47.906  5267  5267 D GStreamer+bin: 0:00:34.823867799 0xe8df4400 gstbin.c:911:find_message:<pipeline0> no message found matching types 00001000
06-06 22:09:47.907  5267  5267 D GStreamer+bin: 0:00:34.823885299 0xe8df4400 gstbin.c:918:find_message:<pipeline0>   structure-change
06-06 22:09:47.907  5267  5267 D GStreamer+bin: 0:00:34.823904570 0xe8df4400 gstbin.c:2226:update_degree:<pipeline0> change element queue2, degree 1->0, linked to decodebin1
06-06 22:09:47.907  5267  5267 D GStreamer+bin: 0:00:34.823927643 0xe8df4400 gstbin.c:2109:add_to_queue:<pipeline0> adding 'queue2' to queue
06-06 22:09:47.907  5267  5346 D GStreamer+bin: 0:00:34.823933320 0xe900d460 gstbin.c:3991:gst_bin_handle_message_func:<pipeline0> posting message upward
06-06 22:09:47.907  5267  5267 I GStreamer+GST_STATES: 0:00:34.823950716 0xe8df4400 gstbin.c:2444:gst_bin_element_set_state:<decodebin1> current READY pending VOID_PENDING, desired next PAUSED
06-06 22:09:47.907  5267  5267 V GStreamer+bin: 0:00:34.823976706 0xe8df4400 gstbin.c:889:message_check looking at message 0xe8ffb388: 0
06-06 22:09:47.907  5267  5267 V GStreamer+bin: 0:00:34.823997539 0xe8df4400 gstbin.c:889:message_check looking at message 0xe8ffb2d8: 0
06-06 22:09:47.907  5267  5346 D GStreamer+GST_BUS: 0:00:34.823959049 0xe900d460 gstbus.c:309:gst_bus_post:<bus5> [msg 0xe9303160] posting on bus stream-status message: 0xe9303160, time 99:99:99.999999999, seq-num 72, element 'src', GstMessageStreamStatus, type=(GstStreamStatusType)GST_STREAM_STATUS_TYPE_ENTER, owner=(GstElement)"\(GstQueue\)\ queue1", object=(GstTask)"\(GstTask\)\ queue1:src";
06-06 22:09:47.907  5267  5267 D GStreamer+bin: 0:00:34.824017747 0xe8df4400 gstbin.c:911:find_message:<pipeline0> no message found matching types 00100000
06-06 22:09:47.907  5267  5346 D GStreamer+GST_BUS: 0:00:34.824027174 0xe900d460 gstbus.c:348:gst_bus_post:<bus5> [msg 0xe9303160] pushing on async queue
06-06 22:09:47.907  5267  5267 D GStreamer+bin: 0:00:34.824036185 0xe8df4400 gstbin.c:918:find_message:<pipeline0>   async-start
06-06 22:09:47.907  5267  5346 V GStreamer+GST_POLL: 0:00:34.824048216 0xe900d460 gstpoll.c:186:raise_wakeup 0xe925c808: raise
06-06 22:09:47.907  5267  5267 D GStreamer+bin: 0:00:34.824053737 0xe8df4400 gstbin.c:2539:gst_bin_element_set_state:<pipeline0> setting element decodebin1 to PAUSED, base_time 0:00:00.000000000
06-06 22:09:47.907  5267  5346 D GStreamer+GST_BUS: 0:00:34.824072799 0xe900d460 gstbus.c:351:gst_bus_post:<bus5> [msg 0xe9303160] pushed on async queue
06-06 22:09:47.907  5267  5267 D GStreamer+GST_STATES: 0:00:34.824079883 0xe8df4400 gstelement.c:2525:gst_element_set_state_func:<decodebin1> set_state to PAUSED
06-06 22:09:47.907  5267  5334 V GStreamer+GST_BUS: 0:00:34.824083997 0xe916d800 gstbus.c:513:gst_bus_timed_pop_filtered:<bus5> have 1 messages
06-06 22:09:47.907  5267  5346 D GStreamer+GST_BUS: 0:00:34.824097695 0xe900d460 gstbus.c:344:gst_bus_post:<bus4> [msg 0xe9303160] dropped
06-06 22:09:47.907  5267  5267 D GStreamer+GST_STATES: 0:00:34.824101810 0xe8df4400 gstelement.c:2550:gst_element_set_state_func:<decodebin1> setting target state to PAUSED
06-06 22:09:47.907  5267  5334 V GStreamer+GST_POLL: 0:00:34.824109883 0xe916d800 gstpoll.c:201:release_wakeup 0xe925c808: release
06-06 22:09:47.907  5267  5346 D GStreamer+task: 0:00:34.824124570 0xe900d460 gsttask.c:251:gst_task_configure_name:<queue1:src> Setting thread name to 'queue1:src'
06-06 22:09:47.907  5267  5267 D GStreamer+GST_STATES: 0:00:34.824130403 0xe8df4400 gstelement.c:2563:gst_element_set_state_func:<decodebin1> current READY, old_pending VOID_PENDING, next VOID_PENDING, old return SUCCESS
06-06 22:09:47.907  5267  5346 D GStreamer+queue_dataflow: 0:00:34.824155924 0xe900d460 gstqueue.c:1488:gst_queue_loop:<queue1> queue is empty
06-06 22:09:47.907  5267  5334 D GStreamer+GST_BUS: 0:00:34.824137122 0xe916d800 gstbus.c:521:gst_bus_timed_pop_filtered:<bus5> got message 0xe9303160, stream-status from src, type mask is 4294967295
06-06 22:09:47.907  5267  5267 D GStreamer+GST_STATES: 0:00:34.824166237 0xe8df4400 gstelement.c:2597:gst_element_set_state_func:<decodebin1> final: setting state from READY to PAUSED
06-06 22:09:47.907  5267  5267 V GStreamer+decodebin: 0:00:34.824192018 0xe8df4400 gstdecodebin2.c:5296:gst_decode_bin_change_state:<decodebin1> expose locking from thread 0xe8df4400
06-06 22:09:47.907  5267  5346 V GStreamer+queue_dataflow: 0:00:34.824178841 0xe900d460 gstqueue.c:1497:gst_queue_loop:<queue1> (queue1:src) wait for ADD: 0 of 0-200 buffers, 0 of 0-10485760 bytes, 0 of 0-1000000000 ns, 0 items
06-06 22:09:47.907  5267  5334 D GStreamer+GST_BUS: 0:00:34.824177591 0xe916d800 gstbus.c:789:gst_bus_source_dispatch:<bus5> source 0xe9302a00 calling dispatch with stream-status message: 0xe9303160, time 99:99:99.999999999, seq-num 72, element 'src', GstMessageStreamStatus, type=(GstStreamStatusType)GST_STREAM_STATUS_TYPE_ENTER, owner=(GstElement)"\(GstQueue\)\ queue1", object=(GstTask)"\(GstTask\)\ queue1:src";
06-06 22:09:47.907  5267  5267 V GStreamer+decodebin: 0:00:34.824239987 0xe8df4400 gstdecodebin2.c:5296:gst_decode_bin_change_state:<decodebin1> expose locked from thread 0xe8df4400
06-06 22:09:47.907  5267  5267 V GStreamer+decodebin: 0:00:34.824264362 0xe8df4400 gstdecodebin2.c:5301:gst_decode_bin_change_state:<decodebin1> expose unlocking from thread 0xe8df4400
06-06 22:09:47.907  5267  5334 V GStreamer+GST_MESSAGE: 0:00:34.824264831 0xe916d800 gstmessage.c:200:_gst_message_free finalize message 0xe9303160, stream-status from src
06-06 22:09:47.907  5267  5267 V GStreamer+decodebin: 0:00:34.824287435 0xe8df4400 gstdecodebin2.c:5302:gst_decode_bin_change_state:<decodebin1> dynlocking from thread 0xe8df4400
06-06 22:09:47.907  5267  5334 D GStreamer+GST_BUS: 0:00:34.824295456 0xe916d800 gstbus.c:794:gst_bus_source_dispatch:<bus5> source 0xe9302a00 handler returns 1
06-06 22:09:47.907  5267  5267 V GStreamer+decodebin: 0:00:34.824307591 0xe8df4400 gstdecodebin2.c:5302:gst_decode_bin_change_state:<decodebin1> dynlocked from thread 0xe8df4400
06-06 22:09:47.907  5267  5267 V GStreamer+decodebin: 0:00:34.824325664 0xe8df4400 gstdecodebin2.c:5303:gst_decode_bin_change_state:<decodebin1> clearing shutdown flag
06-06 22:09:47.907  5267  5267 V GStreamer+decodebin: 0:00:34.824342174 0xe8df4400 gstdecodebin2.c:5305:gst_decode_bin_change_state:<decodebin1> dynunlocking from thread 0xe8df4400
06-06 22:09:47.907  5267  5267 V GStreamer+GST_MESSAGE: 0:00:34.824359987 0xe8df4400 gstmessage.c:293:gst_message_new_custom source decodebin1: creating new message 0xe90126d8 async-start
06-06 22:09:47.907  5267  5267 D GStreamer+bin: 0:00:34.824380247 0xe8df4400 gstbin.c:3654:gst_bin_handle_message_func:<decodebin1> [msg 0xe90126d8] handling child decodebin1 message of type async-start
06-06 22:09:47.907  5267  5267 D GStreamer+bin: 0:00:34.824400768 0xe8df4400 gstbin.c:3844:gst_bin_handle_message_func:<decodebin1> ASYNC_START message 0xe90126d8, decodebin1
06-06 22:09:47.907  5267  5267 D GStreamer+bin: 0:00:34.824419518 0xe8df4400 gstbin.c:911:find_message:<decodebin1> no message found matching types 00100000
06-06 22:09:47.907  5267  5267 D GStreamer+bin: 0:00:34.824436549 0xe8df4400 gstbin.c:918:find_message:<decodebin1>   async-start
06-06 22:09:47.907  5267  5267 D GStreamer+bin: 0:00:34.824453633 0xe8df4400 gstbin.c:958:bin_replace_message:<decodebin1> got new message 0xe90126d8, async-start from decodebin1
06-06 22:09:47.907  5267  5267 V GStreamer+GST_MESSAGE: 0:00:34.824473528 0xe8df4400 gstmessage.c:293:gst_message_new_custom source decodebin1: creating new message 0xe9012730 async-start
06-06 22:09:47.907  5267  5267 D GStreamer+GST_STATES: 0:00:34.824492018 0xe8df4400 gstbin.c:3304:bin_handle_async_start:<decodebin1> state change busy
06-06 22:09:47.907  5267  5267 D GStreamer+bin: 0:00:34.824508164 0xe8df4400 gstbin.c:3290:bin_handle_async_start:<decodebin1> posting ASYNC_START to parent
06-06 22:09:47.907  5267  5267 D GStreamer+GST_BUS: 0:00:34.824524987 0xe8df4400 gstbus.c:309:gst_bus_post:<bus4> [msg 0xe9012730] posting on bus async-start message: 0xe9012730, time 99:99:99.999999999, seq-num 75, element 'decodebin1', (NULL)
06-06 22:09:47.907  5267  5267 D GStreamer+bin: 0:00:34.824559258 0xe8df4400 gstbin.c:3654:gst_bin_handle_message_func:<pipeline0> [msg 0xe9012730] handling child decodebin1 message of type async-start
06-06 22:09:47.907  5267  5267 D GStreamer+bin: 0:00:34.824581393 0xe8df4400 gstbin.c:3844:gst_bin_handle_message_func:<pipeline0> ASYNC_START message 0xe9012730, decodebin1
06-06 22:09:47.907  5267  5267 V GStreamer+bin: 0:00:34.824601497 0xe8df4400 gstbin.c:889:message_check looking at message 0xe8ffb388: 0
06-06 22:09:47.907  5267  5267 V GStreamer+bin: 0:00:34.824619258 0xe8df4400 gstbin.c:889:message_check looking at message 0xe8ffb2d8: 0
06-06 22:09:47.907  5267  5267 D GStreamer+bin: 0:00:34.824636549 0xe8df4400 gstbin.c:911:find_message:<pipeline0> no message found matching types 00100000
06-06 22:09:47.907  5267  5267 D GStreamer+bin: 0:00:34.824654362 0xe8df4400 gstbin.c:918:find_message:<pipeline0>   async-start
06-06 22:09:47.907  5267  5267 D GStreamer+bin: 0:00:34.824672174 0xe8df4400 gstbin.c:958:bin_replace_message:<pipeline0> got new message 0xe9012730, async-start from decodebin1
06-06 22:09:47.907  5267  5267 D GStreamer+GST_STATES: 0:00:34.824692435 0xe8df4400 gstbin.c:3304:bin_handle_async_start:<pipeline0> state change busy
06-06 22:09:47.907  5267  5267 D GStreamer+GST_BUS: 0:00:34.824709622 0xe8df4400 gstbus.c:344:gst_bus_post:<bus4> [msg 0xe9012730] dropped
06-06 22:09:47.907  5267  5267 D GStreamer+GST_STATES: 0:00:34.824760351 0xe8df4400 gstbin.c:2792:gst_bin_change_state_func:<decodebin1> changing state of children from READY to PAUSED
06-06 22:09:47.907  5267  5267 D GStreamer+bin: 0:00:34.824782799 0xe8df4400 gstbin.c:2816:gst_bin_change_state_func:<decodebin1> clearing EOS elements
06-06 22:09:47.907  5267  5267 V GStreamer+bin: 0:00:34.824800143 0xe8df4400 gstbin.c:889:message_check looking at message 0xe90126d8: 0
06-06 22:09:47.907  5267  5267 D GStreamer+bin: 0:00:34.824817799 0xe8df4400 gstbin.c:992:bin_remove_messages:<decodebin1> not deleting message 0xe90126d8 of type 0x00100000
06-06 22:09:47.907  5267  5267 V GStreamer+bin: 0:00:34.824837956 0xe8df4400 gstbin.c:889:message_check looking at message 0xe90126d8: 0
06-06 22:09:47.907  5267  5267 D GStreamer+bin: 0:00:34.824855612 0xe8df4400 gstbin.c:992:bin_remove_messages:<decodebin1> not deleting message 0xe90126d8 of type 0x00100000
06-06 22:09:47.908  5267  5267 D GStreamer+bin: 0:00:34.824876445 0xe8df4400 gstbin.c:2637:gst_bin_src_pads_activate:<decodebin1> activate pads
06-06 22:09:47.908  5267  5267 D GStreamer+bin: 0:00:34.824897122 0xe8df4400 gstbin.c:2645:gst_bin_src_pads_activate:<decodebin1> pad activation successful
06-06 22:09:47.908  5267  5267 D GStreamer+bin: 0:00:34.824919049 0xe8df4400 gstbin.c:2323:gst_bin_sort_iterator_resync:<decodebin1> resync
06-06 22:09:47.908  5267  5267 V GStreamer+bin: 0:00:34.824937851 0xe8df4400 gstbin.c:889:message_check looking at message 0xe90126d8: 0
06-06 22:09:47.908  5267  5267 D GStreamer+bin: 0:00:34.824955299 0xe8df4400 gstbin.c:911:find_message:<decodebin1> no message found matching types 00001000
06-06 22:09:47.908  5267  5267 D GStreamer+bin: 0:00:34.824974258 0xe8df4400 gstbin.c:918:find_message:<decodebin1>   structure-change
06-06 22:09:47.908  5267  5267 D GStreamer+bin: 0:00:34.824995247 0xe8df4400 gstbin.c:2249:update_degree:<decodebin1> element typefind not linked on any sinkpads
06-06 22:09:47.908  5267  5267 D GStreamer+bin: 0:00:34.825017018 0xe8df4400 gstbin.c:2295:gst_bin_sort_iterator_next:<decodebin1> queue empty, next best: typefind
06-06 22:09:47.908  5267  5267 D GStreamer+bin: 0:00:34.825036497 0xe8df4400 gstbin.c:2310:gst_bin_sort_iterator_next:<decodebin1> queue head gives typefind
06-06 22:09:47.908  5267  5267 V GStreamer+bin: 0:00:34.825055195 0xe8df4400 gstbin.c:889:message_check looking at message 0xe90126d8: 0
06-06 22:09:47.908  5267  5267 D GStreamer+bin: 0:00:34.825072747 0xe8df4400 gstbin.c:911:find_message:<decodebin1> no message found matching types 00001000
06-06 22:09:47.908  5267  5267 D GStreamer+bin: 0:00:34.825090976 0xe8df4400 gstbin.c:918:find_message:<decodebin1>   structure-change
06-06 22:09:47.908  5267  5267 D GStreamer+bin: 0:00:34.825110091 0xe8df4400 gstbin.c:2249:update_degree:<decodebin1> element typefind not linked on any sinkpads
06-06 22:09:47.908  5267  5267 I GStreamer+GST_STATES: 0:00:34.825129466 0xe8df4400 gstbin.c:2444:gst_bin_element_set_state:<typefind> current READY pending VOID_PENDING, desired next PAUSED
06-06 22:09:47.908  5267  5267 V GStreamer+bin: 0:00:34.825150508 0xe8df4400 gstbin.c:889:message_check looking at message 0xe90126d8: 0
06-06 22:09:47.908  5267  5267 D GStreamer+bin: 0:00:34.825168216 0xe8df4400 gstbin.c:911:find_message:<decodebin1> no message found matching types 00100000
06-06 22:09:47.908  5267  5267 D GStreamer+bin: 0:00:34.825186653 0xe8df4400 gstbin.c:918:find_message:<decodebin1>   async-start
06-06 22:09:47.908  5267  5267 D GStreamer+bin: 0:00:34.825204622 0xe8df4400 gstbin.c:2539:gst_bin_element_set_state:<decodebin1> setting element typefind to PAUSED, base_time 0:00:00.000000000
06-06 22:09:47.908  5267  5267 D GStreamer+GST_STATES: 0:00:34.825229830 0xe8df4400 gstelement.c:2525:gst_element_set_state_func:<typefind> set_state to PAUSED
06-06 22:09:47.908  5267  5267 D GStreamer+GST_STATES: 0:00:34.825248216 0xe8df4400 gstelement.c:2550:gst_element_set_state_func:<typefind> setting target state to PAUSED
06-06 22:09:47.908  5267  5267 D GStreamer+GST_STATES: 0:00:34.825266341 0xe8df4400 gstelement.c:2563:gst_element_set_state_func:<typefind> current READY, old_pending VOID_PENDING, next VOID_PENDING, old return SUCCESS
06-06 22:09:47.908  5267  5267 D GStreamer+GST_STATES: 0:00:34.825288945 0xe8df4400 gstelement.c:2597:gst_element_set_state_func:<typefind> final: setting state from READY to PAUSED
06-06 22:09:47.908  5267  5267 V GStreamer+GST_STATES: 0:00:34.825312070 0xe8df4400 gstelement.c:2852:gst_element_change_state_func:<typefind> default handler tries setting state from READY to PAUSED (0013)
06-06 22:09:47.908  5267  5267 D GStreamer+GST_ELEMENT_PADS: 0:00:34.825333060 0xe8df4400 gstelement.c:2795:gst_element_pads_activate:<typefind> activate pads
06-06 22:09:47.908  5267  5267 D GStreamer+GST_PADS: 0:00:34.825354778 0xe8df4400 gstpad.c:1063:gst_pad_set_active:<typefind:src> activating pad from none
06-06 22:09:47.908  5267  5267 D GStreamer+GST_PADS: 0:00:34.825373737 0xe8df4400 gstpad.c:979:pre_activate:<typefind:src> setting pad into push mode, unset flushing
06-06 22:09:47.908  5267  5267 D GStreamer+GST_PADS: 0:00:34.825395091 0xe8df4400 gstpad.c:1188:activate_mode_internal:<typefind:src> activated in push mode
06-06 22:09:47.908  5267  5267 D GStreamer+GST_PADS: 0:00:34.825418945 0xe8df4400 gstpad.c:1063:gst_pad_set_active:<typefind:sink> activating pad from none
06-06 22:09:47.908  5267  5267 D GStreamer+query: 0:00:34.825441810 0xe8df4400 gstquery.c:674:gst_query_new_custom creating new query 0xe900d490 scheduling
06-06 22:09:47.908  5267  5267 D GStreamer+GST_PADS: 0:00:34.825462747 0xe8df4400 gstpad.c:4049:gst_pad_peer_query:<typefind:sink> peer query 0xe900d490 (scheduling)
06-06 22:09:47.908  5267  5267 D GStreamer+GST_PADS: 0:00:34.825484622 0xe8df4400 gstpad.c:3922:gst_pad_query:<sink:proxypad2> doing query 0xe900d490 (scheduling)
06-06 22:09:47.908  5267  5267 D GStreamer+GST_PADS: 0:00:34.825506810 0xe8df4400 gstpad.c:3367:gst_pad_query_default:<sink:proxypad2> forwarding 0xe900d490 (scheduling) query
06-06 22:09:47.908  5267  5267 V GStreamer+GST_PADS: 0:00:34.825531237 0xe8df4400 gstpad.c:2937:gst_pad_forward:<sink:proxypad2> calling forward function on pad decodebin1:sink
06-06 22:09:47.908  5267  5267 V GStreamer+GST_PADS: 0:00:34.825551445 0xe8df4400 gstpad.c:3307:query_forward_func:<decodebin1:sink> query peer 0xe900d490 (scheduling) of decodebin1:sink
06-06 22:09:47.908  5267  5267 D GStreamer+GST_PADS: 0:00:34.825573841 0xe8df4400 gstpad.c:4049:gst_pad_peer_query:<decodebin1:sink> peer query 0xe900d490 (scheduling)
06-06 22:09:47.908  5267  5267 D GStreamer+GST_PADS: 0:00:34.825594726 0xe8df4400 gstpad.c:3922:gst_pad_query:<queue2:src> doing query 0xe900d490 (scheduling)
06-06 22:09:47.908  5267  5267 D GStreamer+GST_PADS: 0:00:34.825630299 0xe8df4400 gstpad.c:3945:gst_pad_query:<queue2:src> sent query 0xe900d490 (scheduling), result 1
06-06 22:09:47.908  5267  5267 D GStreamer+GST_PADS: 0:00:34.825657018 0xe8df4400 gstpad.c:3945:gst_pad_query:<sink:proxypad2> sent query 0xe900d490 (scheduling), result 1
06-06 22:09:47.908  5267  5267 D GStreamer+GST_PADS: 0:00:34.825684883 0xe8df4400 gstpad.c:979:pre_activate:<typefind:sink> setting pad into push mode, unset flushing
06-06 22:09:47.908  5267  5267 D GStreamer+GST_PADS: 0:00:34.825705716 0xe8df4400 gstpad.c:991:pre_activate:<typefind:sink> reschedule events on peer sink:proxypad2
06-06 22:09:47.908  5267  5267 D GStreamer+typefind: 0:00:34.825737330 0xe8df4400 gsttypefindelement.c:577:start_typefinding:<typefind> starting typefinding
06-06 22:09:47.908  5267  5267 D GStreamer+GST_PADS: 0:00:34.825756601 0xe8df4400 gstpad.c:1188:activate_mode_internal:<typefind:sink> activated in push mode
06-06 22:09:47.908  5267  5267 D GStreamer+GST_ELEMENT_PADS: 0:00:34.825778372 0xe8df4400 gstelement.c:2814:gst_element_pads_activate:<typefind> pad activation successful
06-06 22:09:47.908  5267  5267 D GStreamer+GST_STATES: 0:00:34.825798164 0xe8df4400 gstelement.c:2686:gst_element_change_state:<typefind> element changed state SUCCESS
06-06 22:09:47.908  5267  5267 I GStreamer+GST_STATES: 0:00:34.825815143 0xe8df4400 gstelement.c:2374:gst_element_continue_state:<typefind> completed state change to PAUSED
06-06 22:09:47.908  5267  5267 I GStreamer+GST_STATES: 0:00:34.825833424 0xe8df4400 gstelement.c:2279:_priv_gst_element_state_changed:<typefind> notifying about state-changed READY to PAUSED (VOID_PENDING pending)
06-06 22:09:47.908  5267  5267 V GStreamer+GST_MESSAGE: 0:00:34.825856601 0xe8df4400 gstmessage.c:293:gst_message_new_custom source typefind: creating new message 0xe9012788 state-changed
06-06 22:09:47.909  5267  5267 D GStreamer+GST_BUS: 0:00:34.825878580 0xe8df4400 gstbus.c:309:gst_bus_post:<bus2> [msg 0xe9012788] posting on bus state-changed message: 0xe9012788, time 99:99:99.999999999, seq-num 76, element 'typefind', GstMessageStateChanged, old-state=(GstState)GST_STATE_READY, new-state=(GstState)GST_STATE_PAUSED, pending-state=(GstState)GST_STATE_VOID_PENDING;
06-06 22:09:47.909  5267  5267 D GStreamer+decodebin: 0:00:34.825926080 0xe8df4400 gstdecodebin2.c:5492:gst_decode_bin_handle_message:<decodebin1> Forwarding msg state-changed message: 0xe9012788, time 99:99:99.999999999, seq-num 76, element 'typefind', GstMessageStateChanged, old-state=(GstState)GST_STATE_READY, new-state=(GstState)GST_STATE_PAUSED, pending-state=(GstState)GST_STATE_VOID_PENDING;
06-06 22:09:47.909  5267  5267 D GStreamer+bin: 0:00:34.825969622 0xe8df4400 gstbin.c:3654:gst_bin_handle_message_func:<decodebin1> [msg 0xe9012788] handling child typefind message of type state-changed
06-06 22:09:47.909  5267  5267 D GStreamer+bin: 0:00:34.825992174 0xe8df4400 gstbin.c:3991:gst_bin_handle_message_func:<decodebin1> posting message upward
06-06 22:09:47.909  5267  5267 D GStreamer+GST_BUS: 0:00:34.826010768 0xe8df4400 gstbus.c:309:gst_bus_post:<bus4> [msg 0xe9012788] posting on bus state-changed message: 0xe9012788, time 99:99:99.999999999, seq-num 76, element 'typefind', GstMessageStateChanged, old-state=(GstState)GST_STATE_READY, new-state=(GstState)GST_STATE_PAUSED, pending-state=(GstState)GST_STATE_VOID_PENDING;
06-06 22:09:47.909  5267  5267 D GStreamer+bin: 0:00:34.826054414 0xe8df4400 gstbin.c:3654:gst_bin_handle_message_func:<pipeline0> [msg 0xe9012788] handling child typefind message of type state-changed
06-06 22:09:47.909  5267  5267 D GStreamer+bin: 0:00:34.826076497 0xe8df4400 gstbin.c:3991:gst_bin_handle_message_func:<pipeline0> posting message upward
06-06 22:09:47.909  5267  5267 D GStreamer+GST_BUS: 0:00:34.826094414 0xe8df4400 gstbus.c:309:gst_bus_post:<bus5> [msg 0xe9012788] posting on bus state-changed message: 0xe9012788, time 99:99:99.999999999, seq-num 76, element 'typefind', GstMessageStateChanged, old-state=(GstState)GST_STATE_READY, new-state=(GstState)GST_STATE_PAUSED, pending-state=(GstState)GST_STATE_VOID_PENDING;
06-06 22:09:47.909  5267  5267 D GStreamer+GST_BUS: 0:00:34.826135976 0xe8df4400 gstbus.c:348:gst_bus_post:<bus5> [msg 0xe9012788] pushing on async queue
06-06 22:09:47.909  5267  5267 V GStreamer+GST_POLL: 0:00:34.826155247 0xe8df4400 gstpoll.c:186:raise_wakeup 0xe925c808: raise
06-06 22:09:47.909  5267  5267 D GStreamer+GST_BUS: 0:00:34.826176289 0xe8df4400 gstbus.c:351:gst_bus_post:<bus5> [msg 0xe9012788] pushed on async queue
06-06 22:09:47.909  5267  5334 V GStreamer+GST_BUS: 0:00:34.826188945 0xe916d800 gstbus.c:513:gst_bus_timed_pop_filtered:<bus5> have 1 messages
06-06 22:09:47.909  5267  5267 D GStreamer+GST_BUS: 0:00:34.826197435 0xe8df4400 gstbus.c:344:gst_bus_post:<bus4> [msg 0xe9012788] dropped
06-06 22:09:47.909  5267  5334 V GStreamer+GST_POLL: 0:00:34.826215872 0xe916d800 gstpoll.c:201:release_wakeup 0xe925c808: release
06-06 22:09:47.909  5267  5267 D GStreamer+GST_BUS: 0:00:34.826218424 0xe8df4400 gstbus.c:344:gst_bus_post:<bus2> [msg 0xe9012788] dropped
06-06 22:09:47.909  5267  5267 V GStreamer+GST_STATES: 0:00:34.826242591 0xe8df4400 gstelement.c:2702:gst_element_change_state:<typefind> exit state change 1
06-06 22:09:47.909  5267  5334 D GStreamer+GST_BUS: 0:00:34.826241028 0xe916d800 gstbus.c:521:gst_bus_timed_pop_filtered:<bus5> got message 0xe9012788, state-changed from typefind, type mask is 4294967295
06-06 22:09:47.909  5267  5267 D GStreamer+GST_STATES: 0:00:34.826267955 0xe8df4400 gstelement.c:2609:gst_element_set_state_func:<typefind> returned SUCCESS
06-06 22:09:47.909  5267  5267 I GStreamer+GST_STATES: 0:00:34.826291445 0xe8df4400 gstbin.c:2892:gst_bin_change_state_func:<decodebin1> child 'typefind' changed state to 3(PAUSED) successfully
06-06 22:09:47.909  5267  5334 D GStreamer+GST_BUS: 0:00:34.826276601 0xe916d800 gstbus.c:789:gst_bus_source_dispatch:<bus5> source 0xe9302a00 calling dispatch with state-changed message: 0xe9012788, time 99:99:99.999999999, seq-num 76, element 'typefind', GstMessageStateChanged, old-state=(GstState)GST_STATE_READY, new-state=(GstState)GST_STATE_PAUSED, pending-state=(GstState)GST_STATE_VOID_PENDING;
06-06 22:09:47.909  5267  5267 D GStreamer+bin: 0:00:34.826318216 0xe8df4400 gstbin.c:2299:gst_bin_sort_iterator_next:<decodebin1> queue empty, elements exhausted
06-06 22:09:47.909  5267  5334 V GStreamer+GST_MESSAGE: 0:00:34.826329674 0xe916d800 gstmessage.c:200:_gst_message_free finalize message 0xe9012788, state-changed from typefind
06-06 22:09:47.909  5267  5267 D GStreamer+GST_STATES: 0:00:34.826337643 0xe8df4400 gstbin.c:2951:gst_bin_change_state_func:<decodebin1> iterator done
06-06 22:09:47.909  5267  5334 D GStreamer+GST_BUS: 0:00:34.826357643 0xe916d800 gstbus.c:794:gst_bus_source_dispatch:<bus5> source 0xe9302a00 handler returns 1
06-06 22:09:47.909  5267  5267 V GStreamer+GST_STATES: 0:00:34.826358320 0xe8df4400 gstelement.c:2852:gst_element_change_state_func:<decodebin1> default handler tries setting state from READY to PAUSED (0013)
06-06 22:09:47.909  5267  5267 D GStreamer+GST_ELEMENT_PADS: 0:00:34.826389049 0xe8df4400 gstelement.c:2795:gst_element_pads_activate:<decodebin1> activate pads
06-06 22:09:47.909  5267  5267 D GStreamer+GST_PADS: 0:00:34.826410820 0xe8df4400 gstpad.c:1069:gst_pad_set_active:<decodebin1:sink> pad was active in push mode
06-06 22:09:47.909  5267  5267 D GStreamer+GST_ELEMENT_PADS: 0:00:34.826431966 0xe8df4400 gstelement.c:2814:gst_element_pads_activate:<decodebin1> pad activation successful
06-06 22:09:47.909  5267  5267 D GStreamer+bin: 0:00:34.826451966 0xe8df4400 gstbin.c:2341:gst_bin_sort_iterator_free:<decodebin1> free
06-06 22:09:47.909  5267  5267 D GStreamer+bin: 0:00:34.826471341 0xe8df4400 gstbin.c:2986:gst_bin_change_state_func:<decodebin1> no async elements
06-06 22:09:47.909  5267  5267 D GStreamer+GST_STATES: 0:00:34.826489622 0xe8df4400 gstbin.c:3020:gst_bin_change_state_func:<decodebin1> done changing bin's state from READY to PAUSED, now in READY, ret SUCCESS
06-06 22:09:47.909  5267  5267 D GStreamer+GST_STATES: 0:00:34.826513008 0xe8df4400 gstelement.c:2668:gst_element_change_state:<decodebin1> element will change state ASYNC
06-06 22:09:47.909  5267  5267 V GStreamer+GST_STATES: 0:00:34.826530664 0xe8df4400 gstelement.c:2708:gst_element_change_state:<decodebin1> exit async state change 2
06-06 22:09:47.909  5267  5267 D GStreamer+GST_STATES: 0:00:34.826549049 0xe8df4400 gstelement.c:2609:gst_element_set_state_func:<decodebin1> returned ASYNC
06-06 22:09:47.909  5267  5267 I GStreamer+GST_STATES: 0:00:34.826567643 0xe8df4400 gstbin.c:2898:gst_bin_change_state_func:<pipeline0> child 'decodebin1' is changing state asynchronously to PAUSED
06-06 22:09:47.909  5267  5267 D GStreamer+bin: 0:00:34.826589362 0xe8df4400 gstbin.c:2310:gst_bin_sort_iterator_next:<pipeline0> queue head gives queue2
06-06 22:09:47.909  5267  5267 V GStreamer+bin: 0:00:34.826609310 0xe8df4400 gstbin.c:889:message_check looking at message 0xe9012730: 0
06-06 22:09:47.909  5267  5267 V GStreamer+bin: 0:00:34.826625976 0xe8df4400 gstbin.c:889:message_check looking at message 0xe8ffb388: 0
06-06 22:09:47.909  5267  5267 V GStreamer+bin: 0:00:34.826641810 0xe8df4400 gstbin.c:889:message_check looking at message 0xe8ffb2d8: 0
06-06 22:09:47.909  5267  5267 D GStreamer+bin: 0:00:34.826657747 0xe8df4400 gstbin.c:911:find_message:<pipeline0> no message found matching types 00001000
06-06 22:09:47.909  5267  5267 D GStreamer+bin: 0:00:34.826674778 0xe8df4400 gstbin.c:918:find_message:<pipeline0>   structure-change
06-06 22:09:47.909  5267  5267 D GStreamer+bin: 0:00:34.826692591 0xe8df4400 gstbin.c:2249:update_degree:<pipeline0> element queue2 not linked on any sinkpads
06-06 22:09:47.909  5267  5267 I GStreamer+GST_STATES: 0:00:34.826711133 0xe8df4400 gstbin.c:2444:gst_bin_element_set_state:<queue2> current READY pending VOID_PENDING, desired next PAUSED
06-06 22:09:47.909  5267  5267 V GStreamer+bin: 0:00:34.826742747 0xe8df4400 gstbin.c:889:message_check looking at message 0xe9012730: 0
06-06 22:09:47.909  5267  5267 V GStreamer+bin: 0:00:34.826760560 0xe8df4400 gstbin.c:889:message_check looking at message 0xe8ffb388: 0
06-06 22:09:47.909  5267  5267 V GStreamer+bin: 0:00:34.826778112 0xe8df4400 gstbin.c:889:message_check looking at message 0xe8ffb2d8: 0
06-06 22:09:47.909  5267  5267 D GStreamer+bin: 0:00:34.826795560 0xe8df4400 gstbin.c:911:find_message:<pipeline0> no message found matching types 00100000
06-06 22:09:47.909  5267  5267 D GStreamer+bin: 0:00:34.826814101 0xe8df4400 gstbin.c:918:find_message:<pipeline0>   async-start
06-06 22:09:47.909  5267  5267 D GStreamer+bin: 0:00:34.826832018 0xe8df4400 gstbin.c:2539:gst_bin_element_set_state:<pipeline0> setting element queue2 to PAUSED, base_time 0:00:00.000000000
06-06 22:09:47.909  5267  5267 D GStreamer+GST_STATES: 0:00:34.826856289 0xe8df4400 gstelement.c:2525:gst_element_set_state_func:<queue2> set_state to PAUSED
06-06 22:09:47.910  5267  5267 D GStreamer+GST_STATES: 0:00:34.826874987 0xe8df4400 gstelement.c:2550:gst_element_set_state_func:<queue2> setting target state to PAUSED
06-06 22:09:47.910  5267  5267 D GStreamer+GST_STATES: 0:00:34.826893320 0xe8df4400 gstelement.c:2563:gst_element_set_state_func:<queue2> current READY, old_pending VOID_PENDING, next VOID_PENDING, old return SUCCESS
06-06 22:09:47.910  5267  5267 D GStreamer+GST_STATES: 0:00:34.826915455 0xe8df4400 gstelement.c:2597:gst_element_set_state_func:<queue2> final: setting state from READY to PAUSED
06-06 22:09:47.910  5267  5267 V GStreamer+GST_STATES: 0:00:34.826937018 0xe8df4400 gstelement.c:2852:gst_element_change_state_func:<queue2> default handler tries setting state from READY to PAUSED (0013)
06-06 22:09:47.910  5267  5267 D GStreamer+GST_ELEMENT_PADS: 0:00:34.826958060 0xe8df4400 gstelement.c:2795:gst_element_pads_activate:<queue2> activate pads
