06-06 22:09:47.973  5267  5349 V GStreamer+GST_BUFFER: 0:00:34.890656445 0xe900d580 gstbuffer.c:212:_get_merged_memory buffer 0xe930e498, idx 0, length 1
06-06 22:09:47.973  5267  5349 D GStreamer+GST_PADS: 0:00:34.890623268 0xe900d580 gstpad.c:3059:gst_pad_query_accept_caps_default:<queue0:sink> query accept-caps accept-caps query: 0xe920e580, GstQueryAcceptCaps, caps=(GstCaps)"video/x-h264\,\ stream-format\=\(string\)avc\,\ alignment\=\(string\)au\,\ level\=\(string\)4\,\ profile\=\(string\)baseline\,\ codec_data\=\(buffer\)01428028ffe1000a27428028e54028016b2001000528de01ae20\,\ width\=\(int\)1280\,\ height\=\(int\)1440\,\ framerate\=\(fraction\)151/3\,\ pixel-aspect-ratio\=\(fraction\)1/1", result=(boolean)false;
06-06 22:09:47.973  5267  5349 D GStreamer+GST_PADS: 0:00:34.890742435 0xe900d580 gstutils.c:2564:gst_pad_proxy_query_accept_caps:<queue0:sink> proxying accept caps query for queue0:sink
06-06 22:09:47.973  5267  5349 D GStreamer+GST_PADS: 0:00:34.890766810 0xe900d580 gstpad.c:2827:gst_pad_iterate_internal_links_default:<queue0:sink> Making iterator
06-06 22:09:47.973  5267  5349 V GStreamer+GST_PADS: 0:00:34.890787487 0xe900d580 gstpad.c:2937:gst_pad_forward:<queue0:sink> calling forward function on pad queue0:src
06-06 22:09:47.973  5267  5349 D GStreamer+GST_PADS: 0:00:34.890808945 0xe900d580 gstpad.c:4049:gst_pad_peer_query:<queue0:src> peer query 0xe920e580 (accept-caps)
06-06 22:09:47.973  5267  5349 D GStreamer+GST_PADS: 0:00:34.890830976 0xe900d580 gstpad.c:3922:gst_pad_query:<forhwgl:sink> doing query 0xe920e580 (accept-caps)
06-06 22:09:47.973  5267  5349 V GStreamer+GST_BUFFER: 0:00:34.890864987 0xe900d580 gstbuffer.c:1649:gst_buffer_map_range buffer 0xe930e498, idx 0, length -1, flags 0001
06-06 22:09:47.974  5267  5349 V GStreamer+GST_BUFFER: 0:00:34.890885872 0xe900d580 gstbuffer.c:212:_get_merged_memory buffer 0xe930e498, idx 0, length 1
06-06 22:09:47.974  5267  5349 D GStreamer+GST_PADS: 0:00:34.890852903 0xe900d580 gstpad.c:3059:gst_pad_query_accept_caps_default:<forhwgl:sink> query accept-caps accept-caps query: 0xe920e580, GstQueryAcceptCaps, caps=(GstCaps)"video/x-h264\,\ stream-format\=\(string\)avc\,\ alignment\=\(string\)au\,\ level\=\(string\)4\,\ profile\=\(string\)baseline\,\ codec_data\=\(buffer\)01428028ffe1000a27428028e54028016b2001000528de01ae20\,\ width\=\(int\)1280\,\ height\=\(int\)1440\,\ framerate\=\(fraction\)151/3\,\ pixel-aspect-ratio\=\(fraction\)1/1", result=(boolean)false;
06-06 22:09:47.974  5267  5349 D GStreamer+GST_PADS: 0:00:34.890959674 0xe900d580 gstutils.c:2564:gst_pad_proxy_query_accept_caps:<forhwgl:sink> proxying accept caps query for forhwgl:sink
06-06 22:09:47.974  5267  5349 V GStreamer+GST_PADS: 0:00:34.890983008 0xe900d580 gstpad.c:2937:gst_pad_forward:<forhwgl:sink> calling forward function on pad sink:proxypad0
06-06 22:09:47.974  5267  5349 D GStreamer+GST_PADS: 0:00:34.891004518 0xe900d580 gstpad.c:4049:gst_pad_peer_query:<sink:proxypad0> peer query 0xe920e580 (accept-caps)
06-06 22:09:47.974  5267  5349 D GStreamer+GST_PADS: 0:00:34.891026341 0xe900d580 gstpad.c:3922:gst_pad_query:<typefind:sink> doing query 0xe920e580 (accept-caps)
06-06 22:09:47.974  5267  5349 V GStreamer+GST_BUFFER: 0:00:34.891059466 0xe900d580 gstbuffer.c:1649:gst_buffer_map_range buffer 0xe930e498, idx 0, length -1, flags 0001
06-06 22:09:47.974  5267  5349 V GStreamer+GST_BUFFER: 0:00:34.891080195 0xe900d580 gstbuffer.c:212:_get_merged_memory buffer 0xe930e498, idx 0, length 1
06-06 22:09:47.974  5267  5349 D GStreamer+GST_PADS: 0:00:34.891047695 0xe900d580 gstpad.c:3059:gst_pad_query_accept_caps_default:<typefind:sink> query accept-caps accept-caps query: 0xe920e580, GstQueryAcceptCaps, caps=(GstCaps)"video/x-h264\,\ stream-format\=\(string\)avc\,\ alignment\=\(string\)au\,\ level\=\(string\)4\,\ profile\=\(string\)baseline\,\ codec_data\=\(buffer\)01428028ffe1000a27428028e54028016b2001000528de01ae20\,\ width\=\(int\)1280\,\ height\=\(int\)1440\,\ framerate\=\(fraction\)151/3\,\ pixel-aspect-ratio\=\(fraction\)1/1", result=(boolean)false;
06-06 22:09:47.974  5267  5349 D GStreamer+GST_PERFORMANCE: 0:00:34.891152226 0xe900d580 gstpad.c:3074:gst_pad_query_accept_caps_default:<typefind:sink> fallback ACCEPT_CAPS query, consider implementing a specialized version
06-06 22:09:47.974  5267  5349 V GStreamer+GST_BUFFER: 0:00:34.891182695 0xe900d580 gstbuffer.c:1649:gst_buffer_map_range buffer 0xe930e498, idx 0, length -1, flags 0001
06-06 22:09:47.974  5267  5349 V GStreamer+GST_BUFFER: 0:00:34.891202226 0xe900d580 gstbuffer.c:212:_get_merged_memory buffer 0xe930e498, idx 0, length 1
06-06 22:09:47.974  5267  5349 D GStreamer+GST_CAPS: 0:00:34.891171914 0xe900d580 gstutils.c:2872:gst_pad_query_caps:<typefind:sink> get pad caps with filter video/x-h264, stream-format=(string)avc, alignment=(string)au, level=(string)4, profile=(string)baseline, codec_data=(buffer)01428028ffe1000a27428028e54028016b2001000528de01ae20, width=(int)1280, height=(int)1440, framerate=(fraction)151/3, pixel-aspect-ratio=(fraction)1/1
06-06 22:09:47.974  5267  5349 D GStreamer+query: 0:00:34.891263320 0xe900d580 gstquery.c:674:gst_query_new_custom creating new query 0xe920e5b0 caps
06-06 22:09:47.974  5267  5349 D GStreamer+GST_PADS: 0:00:34.891282487 0xe900d580 gstpad.c:3922:gst_pad_query:<typefind:sink> doing query 0xe920e5b0 (caps)
06-06 22:09:47.974  5267  5349 V GStreamer+GST_BUFFER: 0:00:34.891314310 0xe900d580 gstbuffer.c:1649:gst_buffer_map_range buffer 0xe930e498, idx 0, length -1, flags 0001
06-06 22:09:47.974  5267  5349 V GStreamer+GST_BUFFER: 0:00:34.891335716 0xe900d580 gstbuffer.c:212:_get_merged_memory buffer 0xe930e498, idx 0, length 1
06-06 22:09:47.974  5267  5349 D GStreamer+GST_CAPS: 0:00:34.891302747 0xe900d580 gstpad.c:3112:gst_pad_query_caps_default:<typefind:sink> query caps caps query: 0xe920e5b0, GstQueryCaps, filter=(GstCaps)"video/x-h264\,\ stream-format\=\(string\)avc\,\ alignment\=\(string\)au\,\ level\=\(string\)4\,\ profile\=\(string\)baseline\,\ codec_data\=\(buffer\)01428028ffe1000a27428028e54028016b2001000528de01ae20\,\ width\=\(int\)1280\,\ height\=\(int\)1440\,\ framerate\=\(fraction\)151/3\,\ pixel-aspect-ratio\=\(fraction\)1/1", caps=(GstCaps)"NULL";
06-06 22:09:47.974  5267  5349 D GStreamer+GST_CAPS: 0:00:34.891409205 0xe900d580 gstpad.c:3135:gst_pad_query_caps_default:<typefind:sink> trying pad template caps
06-06 22:09:47.974  5267  5349 V GStreamer+GST_BUFFER: 0:00:34.891440195 0xe900d580 gstbuffer.c:1649:gst_buffer_map_range buffer 0xe930e498, idx 0, length -1, flags 0001
06-06 22:09:47.974  5267  5349 V GStreamer+GST_BUFFER: 0:00:34.891461080 0xe900d580 gstbuffer.c:212:_get_merged_memory buffer 0xe930e498, idx 0, length 1
06-06 22:09:47.974  5267  5349 D GStreamer+GST_CAPS: 0:00:34.891427851 0xe900d580 gstpad.c:3159:gst_pad_query_caps_default:<typefind:sink> using caps 0xe8e15918 ANY with filter 0xe9255540 video/x-h264, stream-format=(string)avc, alignment=(string)au, level=(string)4, profile=(string)baseline, codec_data=(buffer)01428028ffe1000a27428028e54028016b2001000528de01ae20, width=(int)1280, height=(int)1440, framerate=(fraction)151/3, pixel-aspect-ratio=(fraction)1/1
06-06 22:09:47.974  5267  5349 V GStreamer+GST_BUFFER: 0:00:34.891535143 0xe900d580 gstbuffer.c:1649:gst_buffer_map_range buffer 0xe930e498, idx 0, length -1, flags 0001
06-06 22:09:47.974  5267  5349 V GStreamer+GST_BUFFER: 0:00:34.891556028 0xe900d580 gstbuffer.c:212:_get_merged_memory buffer 0xe930e498, idx 0, length 1
06-06 22:09:47.974  5267  5349 D GStreamer+GST_CAPS: 0:00:34.891523737 0xe900d580 gstpad.c:3162:gst_pad_query_caps_default:<typefind:sink> result 0xe9255540 video/x-h264, stream-format=(string)avc, alignment=(string)au, level=(string)4, profile=(string)baseline, codec_data=(buffer)01428028ffe1000a27428028e54028016b2001000528de01ae20, width=(int)1280, height=(int)1440, framerate=(fraction)151/3, pixel-aspect-ratio=(fraction)1/1
06-06 22:09:47.974  5267  5349 D GStreamer+GST_PADS: 0:00:34.891617278 0xe900d580 gstpad.c:3367:gst_pad_query_default:<typefind:sink> not forwarding 0xe920e5b0 (caps) query
06-06 22:09:47.974  5267  5349 D GStreamer+GST_PADS: 0:00:34.891639987 0xe900d580 gstpad.c:3945:gst_pad_query:<typefind:sink> sent query 0xe920e5b0 (caps), result 1
06-06 22:09:47.974  5267  5349 V GStreamer+GST_BUFFER: 0:00:34.891671966 0xe900d580 gstbuffer.c:1649:gst_buffer_map_range buffer 0xe930e498, idx 0, length -1, flags 0001
06-06 22:09:47.974  5267  5349 V GStreamer+GST_BUFFER: 0:00:34.891692383 0xe900d580 gstbuffer.c:212:_get_merged_memory buffer 0xe930e498, idx 0, length 1
06-06 22:09:47.974  5267  5349 D GStreamer+GST_CAPS: 0:00:34.891661289 0xe900d580 gstutils.c:2879:gst_pad_query_caps:<typefind:sink> query returned video/x-h264, stream-format=(string)avc, alignment=(string)au, level=(string)4, profile=(string)baseline, codec_data=(buffer)01428028ffe1000a27428028e54028016b2001000528de01ae20, width=(int)1280, height=(int)1440, framerate=(fraction)151/3, pixel-aspect-ratio=(fraction)1/1
06-06 22:09:47.974  5267  5349 V GStreamer+GST_BUFFER: 0:00:34.891775299 0xe900d580 gstbuffer.c:1649:gst_buffer_map_range buffer 0xe930e498, idx 0, length -1, flags 0001
06-06 22:09:47.974  5267  5349 V GStreamer+GST_BUFFER: 0:00:34.891796289 0xe900d580 gstbuffer.c:212:_get_merged_memory buffer 0xe930e498, idx 0, length 1
06-06 22:09:47.974  5267  5349 V GStreamer+GST_BUFFER: 0:00:34.891844153 0xe900d580 gstbuffer.c:1649:gst_buffer_map_range buffer 0xe930e498, idx 0, length -1, flags 0001
06-06 22:09:47.974  5267  5349 V GStreamer+GST_BUFFER: 0:00:34.891865924 0xe900d580 gstbuffer.c:212:_get_merged_memory buffer 0xe930e498, idx 0, length 1
06-06 22:09:47.975  5267  5349 D GStreamer+GST_PADS: 0:00:34.891763841 0xe900d580 gstpad.c:3089:gst_pad_query_accept_caps_default:<typefind:sink> allowed caps subset video/x-h264, stream-format=(string)avc, alignment=(string)au, level=(string)4, profile=(string)baseline, codec_data=(buffer)01428028ffe1000a27428028e54028016b2001000528de01ae20, width=(int)1280, height=(int)1440, framerate=(fraction)151/3, pixel-aspect-ratio=(fraction)1/1, caps video/x-h264, stream-format=(string)avc, alignment=(string)au, level=(string)4, profile=(string)baseline, codec_data=(buffer)01428028ffe1000a27428028e54028016b2001000528de01ae20, width=(int)1280, height=(int)1440, framerate=(fraction)151/3, pixel-aspect-ratio=(fraction)1/1
06-06 22:09:47.975  5267  5349 D GStreamer+GST_PADS: 0:00:34.891930143 0xe900d580 gstpad.c:3367:gst_pad_query_default:<typefind:sink> not forwarding 0xe920e580 (accept-caps) query
06-06 22:09:47.975  5267  5349 D GStreamer+GST_PADS: 0:00:34.891953164 0xe900d580 gstpad.c:3945:gst_pad_query:<typefind:sink> sent query 0xe920e580 (accept-caps), result 1
06-06 22:09:47.975  5267  5349 D GStreamer+GST_PADS: 0:00:34.891978528 0xe900d580 gstutils.c:2575:gst_pad_proxy_query_accept_caps:<forhwgl:sink> proxying accept caps query: 1
06-06 22:09:47.975  5267  5349 V GStreamer+GST_BUFFER: 0:00:34.892011341 0xe900d580 gstbuffer.c:1649:gst_buffer_map_range buffer 0xe930e498, idx 0, length -1, flags 0001
06-06 22:09:47.975  5267  5349 V GStreamer+GST_BUFFER: 0:00:34.892032018 0xe900d580 gstbuffer.c:212:_get_merged_memory buffer 0xe930e498, idx 0, length 1
06-06 22:09:47.975  5267  5349 D GStreamer+GST_PADS: 0:00:34.891999778 0xe900d580 gstpad.c:3089:gst_pad_query_accept_caps_default:<forhwgl:sink> allowed caps subset ANY, caps video/x-h264, stream-format=(string)avc, alignment=(string)au, level=(string)4, profile=(string)baseline, codec_data=(buffer)01428028ffe1000a27428028e54028016b2001000528de01ae20, width=(int)1280, height=(int)1440, framerate=(fraction)151/3, pixel-aspect-ratio=(fraction)1/1
06-06 22:09:47.975  5267  5349 D GStreamer+GST_PADS: 0:00:34.892093997 0xe900d580 gstpad.c:3367:gst_pad_query_default:<forhwgl:sink> not forwarding 0xe920e580 (accept-caps) query
06-06 22:09:47.975  5267  5349 D GStreamer+GST_PADS: 0:00:34.892116862 0xe900d580 gstpad.c:3945:gst_pad_query:<forhwgl:sink> sent query 0xe920e580 (accept-caps), result 1
06-06 22:09:47.975  5267  5349 D GStreamer+GST_PADS: 0:00:34.892141080 0xe900d580 gstutils.c:2575:gst_pad_proxy_query_accept_caps:<queue0:sink> proxying accept caps query: 1
06-06 22:09:47.975  5267  5349 V GStreamer+GST_BUFFER: 0:00:34.892173112 0xe900d580 gstbuffer.c:1649:gst_buffer_map_range buffer 0xe930e498, idx 0, length -1, flags 0001
06-06 22:09:47.975  5267  5349 V GStreamer+GST_BUFFER: 0:00:34.892194258 0xe900d580 gstbuffer.c:212:_get_merged_memory buffer 0xe930e498, idx 0, length 1
06-06 22:09:47.975  5267  5349 D GStreamer+GST_PADS: 0:00:34.892161445 0xe900d580 gstpad.c:3089:gst_pad_query_accept_caps_default:<queue0:sink> allowed caps subset ANY, caps video/x-h264, stream-format=(string)avc, alignment=(string)au, level=(string)4, profile=(string)baseline, codec_data=(buffer)01428028ffe1000a27428028e54028016b2001000528de01ae20, width=(int)1280, height=(int)1440, framerate=(fraction)151/3, pixel-aspect-ratio=(fraction)1/1
06-06 22:09:47.975  5267  5349 D GStreamer+GST_PADS: 0:00:34.892254362 0xe900d580 gstpad.c:3367:gst_pad_query_default:<queue0:sink> not forwarding 0xe920e580 (accept-caps) query
06-06 22:09:47.975  5267  5349 D GStreamer+GST_PADS: 0:00:34.892277226 0xe900d580 gstpad.c:3945:gst_pad_query:<queue0:sink> sent query 0xe920e580 (accept-caps), result 1
06-06 22:09:47.975  5267  5349 D GStreamer+default: 0:00:34.892299883 0xe900d580 gstutils.c:2960:gst_pad_query_accept_caps:<queue0:sink> query returned 1
06-06 22:09:47.975  5267  5349 V GStreamer+queue_dataflow: 0:00:34.892320924 0xe900d580 gstqueue.c:824:gst_queue_locked_enqueue_event:<queue0> (queue0:sink) signal ADD: 0 of 0-200 buffers, 0 of 0-10485760 bytes, 0 of 0-1000000000 ns, 1 items
06-06 22:09:47.975  5267  5348 V GStreamer+queue_dataflow: 0:00:34.892368372 0xe900d520 gstqueue.c:1497:gst_queue_loop:<queue0> (queue0:src) received ADD: 0 of 0-200 buffers, 0 of 0-10485760 bytes, 0 of 0-1000000000 ns, 1 items
06-06 22:09:47.975  5267  5348 D GStreamer+queue_dataflow: 0:00:34.892404205 0xe900d520 gstqueue.c:1500:gst_queue_loop:<queue0> queue is not empty
06-06 22:09:47.975  5267  5348 V GStreamer+queue_dataflow: 0:00:34.892424101 0xe900d520 gstqueue.c:872:gst_queue_locked_dequeue:<queue0> retrieved event 0xe90b4108 from queue
06-06 22:09:47.975  5267  5348 V GStreamer+GST_PADS: 0:00:34.892443841 0xe900d520 gstpad.c:5087:store_sticky_event:<queue0:src> stored sticky event caps
06-06 22:09:47.975  5267  5348 D GStreamer+GST_PADS: 0:00:34.892463841 0xe900d520 gstpad.c:5093:store_sticky_event:<queue0:src> notify caps
06-06 22:09:47.975  5267  5348 V GStreamer+GST_PROPERTIES: 0:00:34.892484987 0xe900d520 gstobject.c:473:gst_object_dispatch_properties_changed:<queue0> deep notification from src (caps)
06-06 22:09:47.975  5267  5348 V GStreamer+GST_PROPERTIES: 0:00:34.892509518 0xe900d520 gstobject.c:473:gst_object_dispatch_properties_changed:<pipeline0> deep notification from src (caps)
06-06 22:09:47.975  5267  5348 D GStreamer+GST_PADS: 0:00:34.892532435 0xe900d520 gstpad.c:3853:check_sticky:<queue0:src> pushing all sticky events
06-06 22:09:47.975  5267  5348 D GStreamer+GST_PADS: 0:00:34.892550247 0xe900d520 gstpad.c:3785:push_sticky:<queue0:src> event stream-start was already received
06-06 22:09:47.975  5267  5348 V GStreamer+GST_PADS: 0:00:34.892570768 0xe900d520 gstpad.c:5250:gst_pad_push_event_unchecked:<queue0:src> sending event 0xe90b4108 (caps) to peerpad <forhwgl:sink>
06-06 22:09:47.975  5267  5348 V GStreamer+GST_BUFFER: 0:00:34.892610872 0xe900d520 gstbuffer.c:1649:gst_buffer_map_range buffer 0xe930e498, idx 0, length -1, flags 0001
06-06 22:09:47.975  5267  5348 V GStreamer+GST_BUFFER: 0:00:34.892632330 0xe900d520 gstbuffer.c:212:_get_merged_memory buffer 0xe930e498, idx 0, length 1
06-06 22:09:47.975  5267  5348 D GStreamer+GST_EVENT: 0:00:34.892597174 0xe900d520 gstpad.c:5536:gst_pad_send_event_unchecked:<forhwgl:sink> have event type caps event: 0xe90b4108, time 99:99:99.999999999, seq-num 93, GstEventCaps, caps=(GstCaps)"video/x-h264\,\ stream-format\=\(string\)avc\,\ alignment\=\(string\)au\,\ level\=\(string\)4\,\ profile\=\(string\)baseline\,\ codec_data\=\(buffer\)01428028ffe1000a27428028e54028016b2001000528de01ae20\,\ width\=\(int\)1280\,\ height\=\(int\)1440\,\ framerate\=\(fraction\)151/3\,\ pixel-aspect-ratio\=\(fraction\)1/1";
06-06 22:09:47.975  5267  5348 V GStreamer+GST_BUFFER: 0:00:34.892735195 0xe900d520 gstbuffer.c:1649:gst_buffer_map_range buffer 0xe930e498, idx 0, length -1, flags 0001
06-06 22:09:47.975  5267  5348 V GStreamer+GST_BUFFER: 0:00:34.892757070 0xe900d520 gstbuffer.c:212:_get_merged_memory buffer 0xe930e498, idx 0, length 1
06-06 22:09:47.975  5267  5348 D GStreamer+GST_CAPS: 0:00:34.892723060 0xe900d520 gstutils.c:2955:gst_pad_query_accept_caps:<forhwgl:sink> accept caps of video/x-h264, stream-format=(string)avc, alignment=(string)au, level=(string)4, profile=(string)baseline, codec_data=(buffer)01428028ffe1000a27428028e54028016b2001000528de01ae20, width=(int)1280, height=(int)1440, framerate=(fraction)151/3, pixel-aspect-ratio=(fraction)1/1
06-06 22:09:47.975  5267  5348 D GStreamer+query: 0:00:34.892824830 0xe900d520 gstquery.c:674:gst_query_new_custom creating new query 0xe9259f20 accept-caps
06-06 22:09:47.975  5267  5348 D GStreamer+GST_PADS: 0:00:34.892845143 0xe900d520 gstpad.c:3922:gst_pad_query:<forhwgl:sink> doing query 0xe9259f20 (accept-caps)
06-06 22:09:47.976  5267  5348 V GStreamer+GST_BUFFER: 0:00:34.892878476 0xe900d520 gstbuffer.c:1649:gst_buffer_map_range buffer 0xe930e498, idx 0, length -1, flags 0001
06-06 22:09:47.976  5267  5348 V GStreamer+GST_BUFFER: 0:00:34.892899101 0xe900d520 gstbuffer.c:212:_get_merged_memory buffer 0xe930e498, idx 0, length 1
06-06 22:09:47.976  5267  5348 D GStreamer+GST_PADS: 0:00:34.892866549 0xe900d520 gstpad.c:3059:gst_pad_query_accept_caps_default:<forhwgl:sink> query accept-caps accept-caps query: 0xe9259f20, GstQueryAcceptCaps, caps=(GstCaps)"video/x-h264\,\ stream-format\=\(string\)avc\,\ alignment\=\(string\)au\,\ level\=\(string\)4\,\ profile\=\(string\)baseline\,\ codec_data\=\(buffer\)01428028ffe1000a27428028e54028016b2001000528de01ae20\,\ width\=\(int\)1280\,\ height\=\(int\)1440\,\ framerate\=\(fraction\)151/3\,\ pixel-aspect-ratio\=\(fraction\)1/1", result=(boolean)false;
06-06 22:09:47.976  5267  5348 D GStreamer+GST_PADS: 0:00:34.892973112 0xe900d520 gstutils.c:2564:gst_pad_proxy_query_accept_caps:<forhwgl:sink> proxying accept caps query for forhwgl:sink
06-06 22:09:47.976  5267  5348 V GStreamer+GST_PADS: 0:00:34.892997330 0xe900d520 gstpad.c:2937:gst_pad_forward:<forhwgl:sink> calling forward function on pad sink:proxypad0
06-06 22:09:47.976  5267  5348 D GStreamer+GST_PADS: 0:00:34.893018424 0xe900d520 gstpad.c:4049:gst_pad_peer_query:<sink:proxypad0> peer query 0xe9259f20 (accept-caps)
06-06 22:09:47.976  5267  5348 D GStreamer+GST_PADS: 0:00:34.893040091 0xe900d520 gstpad.c:3922:gst_pad_query:<typefind:sink> doing query 0xe9259f20 (accept-caps)
06-06 22:09:47.976  5267  5348 V GStreamer+GST_BUFFER: 0:00:34.893074101 0xe900d520 gstbuffer.c:1649:gst_buffer_map_range buffer 0xe930e498, idx 0, length -1, flags 0001
06-06 22:09:47.976  5267  5348 V GStreamer+GST_BUFFER: 0:00:34.893095560 0xe900d520 gstbuffer.c:212:_get_merged_memory buffer 0xe930e498, idx 0, length 1
06-06 22:09:47.976  5267  5348 D GStreamer+GST_PADS: 0:00:34.893061914 0xe900d520 gstpad.c:3059:gst_pad_query_accept_caps_default:<typefind:sink> query accept-caps accept-caps query: 0xe9259f20, GstQueryAcceptCaps, caps=(GstCaps)"video/x-h264\,\ stream-format\=\(string\)avc\,\ alignment\=\(string\)au\,\ level\=\(string\)4\,\ profile\=\(string\)baseline\,\ codec_data\=\(buffer\)01428028ffe1000a27428028e54028016b2001000528de01ae20\,\ width\=\(int\)1280\,\ height\=\(int\)1440\,\ framerate\=\(fraction\)151/3\,\ pixel-aspect-ratio\=\(fraction\)1/1", result=(boolean)false;
06-06 22:09:47.976  5267  5348 D GStreamer+GST_PERFORMANCE: 0:00:34.893169362 0xe900d520 gstpad.c:3074:gst_pad_query_accept_caps_default:<typefind:sink> fallback ACCEPT_CAPS query, consider implementing a specialized version
06-06 22:09:47.976  5267  5348 V GStreamer+GST_BUFFER: 0:00:34.893199935 0xe900d520 gstbuffer.c:1649:gst_buffer_map_range buffer 0xe930e498, idx 0, length -1, flags 0001
06-06 22:09:47.976  5267  5348 V GStreamer+GST_BUFFER: 0:00:34.893219518 0xe900d520 gstbuffer.c:212:_get_merged_memory buffer 0xe930e498, idx 0, length 1
06-06 22:09:47.976  5267  5348 D GStreamer+GST_CAPS: 0:00:34.893188945 0xe900d520 gstutils.c:2872:gst_pad_query_caps:<typefind:sink> get pad caps with filter video/x-h264, stream-format=(string)avc, alignment=(string)au, level=(string)4, profile=(string)baseline, codec_data=(buffer)01428028ffe1000a27428028e54028016b2001000528de01ae20, width=(int)1280, height=(int)1440, framerate=(fraction)151/3, pixel-aspect-ratio=(fraction)1/1
06-06 22:09:47.976  5267  5348 D GStreamer+query: 0:00:34.893281862 0xe900d520 gstquery.c:674:gst_query_new_custom creating new query 0xe9259f50 caps
06-06 22:09:47.976  5267  5348 D GStreamer+GST_PADS: 0:00:34.893299726 0xe900d520 gstpad.c:3922:gst_pad_query:<typefind:sink> doing query 0xe9259f50 (caps)
06-06 22:09:47.976  5267  5348 V GStreamer+GST_BUFFER: 0:00:34.893331914 0xe900d520 gstbuffer.c:1649:gst_buffer_map_range buffer 0xe930e498, idx 0, length -1, flags 0001
06-06 22:09:47.976  5267  5348 V GStreamer+GST_BUFFER: 0:00:34.893352435 0xe900d520 gstbuffer.c:212:_get_merged_memory buffer 0xe930e498, idx 0, length 1
06-06 22:09:47.976  5267  5348 D GStreamer+GST_CAPS: 0:00:34.893320195 0xe900d520 gstpad.c:3112:gst_pad_query_caps_default:<typefind:sink> query caps caps query: 0xe9259f50, GstQueryCaps, filter=(GstCaps)"video/x-h264\,\ stream-format\=\(string\)avc\,\ alignment\=\(string\)au\,\ level\=\(string\)4\,\ profile\=\(string\)baseline\,\ codec_data\=\(buffer\)01428028ffe1000a27428028e54028016b2001000528de01ae20\,\ width\=\(int\)1280\,\ height\=\(int\)1440\,\ framerate\=\(fraction\)151/3\,\ pixel-aspect-ratio\=\(fraction\)1/1", caps=(GstCaps)"NULL";
06-06 22:09:47.976  5267  5348 D GStreamer+GST_CAPS: 0:00:34.893426445 0xe900d520 gstpad.c:3135:gst_pad_query_caps_default:<typefind:sink> trying pad template caps
06-06 22:09:47.976  5267  5348 V GStreamer+GST_BUFFER: 0:00:34.893457643 0xe900d520 gstbuffer.c:1649:gst_buffer_map_range buffer 0xe930e498, idx 0, length -1, flags 0001
06-06 22:09:47.976  5267  5348 V GStreamer+GST_BUFFER: 0:00:34.893477799 0xe900d520 gstbuffer.c:212:_get_merged_memory buffer 0xe930e498, idx 0, length 1
06-06 22:09:47.976  5267  5348 D GStreamer+GST_CAPS: 0:00:34.893445143 0xe900d520 gstpad.c:3159:gst_pad_query_caps_default:<typefind:sink> using caps 0xe8e15918 ANY with filter 0xe9255540 video/x-h264, stream-format=(string)avc, alignment=(string)au, level=(string)4, profile=(string)baseline, codec_data=(buffer)01428028ffe1000a27428028e54028016b2001000528de01ae20, width=(int)1280, height=(int)1440, framerate=(fraction)151/3, pixel-aspect-ratio=(fraction)1/1
06-06 22:09:47.976  5267  5348 V GStreamer+GST_BUFFER: 0:00:34.893552174 0xe900d520 gstbuffer.c:1649:gst_buffer_map_range buffer 0xe930e498, idx 0, length -1, flags 0001
06-06 22:09:47.976  5267  5348 V GStreamer+GST_BUFFER: 0:00:34.893573060 0xe900d520 gstbuffer.c:212:_get_merged_memory buffer 0xe930e498, idx 0, length 1
06-06 22:09:47.976  5267  5348 D GStreamer+GST_CAPS: 0:00:34.893540768 0xe900d520 gstpad.c:3162:gst_pad_query_caps_default:<typefind:sink> result 0xe9255540 video/x-h264, stream-format=(string)avc, alignment=(string)au, level=(string)4, profile=(string)baseline, codec_data=(buffer)01428028ffe1000a27428028e54028016b2001000528de01ae20, width=(int)1280, height=(int)1440, framerate=(fraction)151/3, pixel-aspect-ratio=(fraction)1/1
06-06 22:09:47.976  5267  5348 D GStreamer+GST_PADS: 0:00:34.893633841 0xe900d520 gstpad.c:3367:gst_pad_query_default:<typefind:sink> not forwarding 0xe9259f50 (caps) query
06-06 22:09:47.976  5267  5348 D GStreamer+GST_PADS: 0:00:34.893657122 0xe900d520 gstpad.c:3945:gst_pad_query:<typefind:sink> sent query 0xe9259f50 (caps), result 1
06-06 22:09:47.976  5267  5348 V GStreamer+GST_BUFFER: 0:00:34.893689935 0xe900d520 gstbuffer.c:1649:gst_buffer_map_range buffer 0xe930e498, idx 0, length -1, flags 0001
06-06 22:09:47.976  5267  5348 V GStreamer+GST_BUFFER: 0:00:34.893710143 0xe900d520 gstbuffer.c:212:_get_merged_memory buffer 0xe930e498, idx 0, length 1
06-06 22:09:47.976  5267  5348 D GStreamer+GST_CAPS: 0:00:34.893679205 0xe900d520 gstutils.c:2879:gst_pad_query_caps:<typefind:sink> query returned video/x-h264, stream-format=(string)avc, alignment=(string)au, level=(string)4, profile=(string)baseline, codec_data=(buffer)01428028ffe1000a27428028e54028016b2001000528de01ae20, width=(int)1280, height=(int)1440, framerate=(fraction)151/3, pixel-aspect-ratio=(fraction)1/1
06-06 22:09:47.976  5267  5349 D GStreamer+GST_PADS: 0:00:34.893766914 0xe900d580 gstpad.c:5609:gst_pad_send_event_unchecked:<queue0:sink> sent event, ret ok
06-06 22:09:47.976  5267  5349 V GStreamer+GST_PADS: 0:00:34.893801705 0xe900d580 gstpad.c:5087:store_sticky_event:<queue0:sink> stored sticky event caps
06-06 22:09:47.976  5267  5348 V GStreamer+GST_BUFFER: 0:00:34.893802383 0xe900d520 gstbuffer.c:1649:gst_buffer_map_range buffer 0xe930e498, idx 0, length -1, flags 0001
06-06 22:09:47.976  5267  5349 D GStreamer+GST_PADS: 0:00:34.893829362 0xe900d580 gstpad.c:5093:store_sticky_event:<queue0:sink> notify caps
06-06 22:09:47.976  5267  5348 V GStreamer+GST_BUFFER: 0:00:34.893833424 0xe900d520 gstbuffer.c:212:_get_merged_memory buffer 0xe930e498, idx 0, length 1
06-06 22:09:47.976  5267  5349 V GStreamer+GST_PROPERTIES: 0:00:34.893851133 0xe900d580 gstobject.c:473:gst_object_dispatch_properties_changed:<queue0> deep notification from sink (caps)
06-06 22:09:47.977  5267  5349 V GStreamer+GST_PROPERTIES: 0:00:34.893877278 0xe900d580 gstobject.c:473:gst_object_dispatch_properties_changed:<pipeline0> deep notification from sink (caps)
06-06 22:09:47.977  5267  5348 V GStreamer+GST_BUFFER: 0:00:34.893892018 0xe900d520 gstbuffer.c:1649:gst_buffer_map_range buffer 0xe930e498, idx 0, length -1, flags 0001
06-06 22:09:47.977  5267  5348 V GStreamer+GST_BUFFER: 0:00:34.893913164 0xe900d520 gstbuffer.c:212:_get_merged_memory buffer 0xe930e498, idx 0, length 1
06-06 22:09:47.977  5267  5349 V GStreamer+GST_PADS: 0:00:34.893906601 0xe900d580 gstpad.c:5258:gst_pad_push_event_unchecked:<q:video_0> sent event 0xe90b4108 (caps) to peerpad <queue0:sink>, ret ok
06-06 22:09:47.977  5267  5349 D GStreamer+GST_PADS: 0:00:34.893947591 0xe900d580 gstpad.c:3805:push_sticky:<q:video_0> event caps marked received
06-06 22:09:47.977  5267  5348 D GStreamer+GST_PADS: 0:00:34.893787903 0xe900d520 gstpad.c:3089:gst_pad_query_accept_caps_default:<typefind:sink> allowed caps subset video/x-h264, stream-format=(string)avc, alignment=(string)au, level=(string)4, profile=(string)baseline, codec_data=(buffer)01428028ffe1000a27428028e54028016b2001000528de01ae20, width=(int)1280, height=(int)1440, framerate=(fraction)151/3, pixel-aspect-ratio=(fraction)1/1, caps video/x-h264, stream-format=(string)avc, alignment=(string)au, level=(string)4, profile=(string)baseline, codec_data=(buffer)01428028ffe1000a27428028e54028016b2001000528de01ae20, width=(int)1280, height=(int)1440, framerate=(fraction)151/3, pixel-aspect-ratio=(fraction)1/1
06-06 22:09:47.977  5267  5349 V GStreamer+GST_PADS: 0:00:34.894132226 0xe900d580 gstpad.c:5250:gst_pad_push_event_unchecked:<q:video_0> sending event 0xe90b4270 (segment) to peerpad <queue0:sink>
06-06 22:09:47.977  5267  5348 D GStreamer+GST_PADS: 0:00:34.894165143 0xe900d520 gstpad.c:3367:gst_pad_query_default:<typefind:sink> not forwarding 0xe9259f20 (accept-caps) query
06-06 22:09:47.977  5267  5348 D GStreamer+GST_PADS: 0:00:34.894193320 0xe900d520 gstpad.c:3945:gst_pad_query:<typefind:sink> sent query 0xe9259f20 (accept-caps), result 1
06-06 22:09:47.977  5267  5348 D GStreamer+GST_PADS: 0:00:34.894224778 0xe900d520 gstutils.c:2575:gst_pad_proxy_query_accept_caps:<forhwgl:sink> proxying accept caps query: 1
06-06 22:09:47.977  5267  5349 D GStreamer+GST_EVENT: 0:00:34.894163476 0xe900d580 gstpad.c:5536:gst_pad_send_event_unchecked:<queue0:sink> have event type segment event: 0xe90b4270, time 99:99:99.999999999, seq-num 102, GstEventSegment, segment=(GstSegment)"GstSegment, flags=(GstSegmentFlags)GST_SEGMENT_FLAG_NONE, rate=(double)1, applied-rate=(double)1, format=(GstFormat)GST_FORMAT_TIME, base=(guint64)0, offset=(guint64)0, start=(guint64)0, stop=(guint64)311000000, time=(guint64)0, position=(guint64)0, duration=(guint64)18446744073709551615;";
06-06 22:09:47.977  5267  5348 V GStreamer+GST_BUFFER: 0:00:34.894270924 0xe900d520 gstbuffer.c:1649:gst_buffer_map_range buffer 0xe930e498, idx 0, length -1, flags 0001
06-06 22:09:47.977  5267  5348 V GStreamer+GST_BUFFER: 0:00:34.894298112 0xe900d520 gstbuffer.c:212:_get_merged_memory buffer 0xe930e498, idx 0, length 1
06-06 22:09:47.977  5267  5349 D GStreamer+queue: 0:00:34.894296185 0xe900d580 gstqueue.c:578:apply_segment:<queue0> configured SEGMENT time segment start=0:00:00.000000000, offset=0:00:00.000000000, stop=0:00:00.311000000, rate=1.000000, applied_rate=1.000000, flags=0x00, time=0:00:00.000000000, base=0:00:00.000000000, position 0:00:00.000000000, duration 99:99:99.999999999
06-06 22:09:47.977  5267  5348 D GStreamer+GST_PADS: 0:00:34.894249570 0xe900d520 gstpad.c:3089:gst_pad_query_accept_caps_default:<forhwgl:sink> allowed caps subset ANY, caps video/x-h264, stream-format=(string)avc, alignment=(string)au, level=(string)4, profile=(string)baseline, codec_data=(buffer)01428028ffe1000a27428028e54028016b2001000528de01ae20, width=(int)1280, height=(int)1440, framerate=(fraction)151/3, pixel-aspect-ratio=(fraction)1/1
06-06 22:09:47.977  5267  5349 V GStreamer+queue: 0:00:34.894361393 0xe900d580 gstqueue.c:529:update_time_level:<queue0> update sink time
06-06 22:09:47.977  5267  5348 D GStreamer+GST_PADS: 0:00:34.894371133 0xe900d520 gstpad.c:3367:gst_pad_query_default:<forhwgl:sink> not forwarding 0xe9259f20 (accept-caps) query
06-06 22:09:47.977  5267  5349 V GStreamer+queue: 0:00:34.894379414 0xe900d580 gstqueue.c:538:update_time_level:<queue0> update src time
06-06 22:09:47.977  5267  5348 D GStreamer+GST_PADS: 0:00:34.894395403 0xe900d520 gstpad.c:3945:gst_pad_query:<forhwgl:sink> sent query 0xe9259f20 (accept-caps), result 1
06-06 22:09:47.977  5267  5349 V GStreamer+queue: 0:00:34.894398320 0xe900d580 gstqueue.c:547:update_time_level:<queue0> sink +0:00:00.000000000, src +0:00:00.000000000
06-06 22:09:47.977  5267  5348 D GStreamer+default: 0:00:34.894424778 0xe900d520 gstutils.c:2960:gst_pad_query_accept_caps:<forhwgl:sink> query returned 1
06-06 22:09:47.977  5267  5349 V GStreamer+queue_dataflow: 0:00:34.894433268 0xe900d580 gstqueue.c:805:gst_queue_locked_enqueue_event:<queue0> Apply segment on srcpad
06-06 22:09:47.977  5267  5348 V GStreamer+GST_BUFFER: 0:00:34.894466862 0xe900d520 gstbuffer.c:1649:gst_buffer_map_range buffer 0xe930e498, idx 0, length -1, flags 0001
06-06 22:09:47.977  5267  5349 D GStreamer+queue: 0:00:34.894451237 0xe900d580 gstqueue.c:578:apply_segment:<queue0> configured SEGMENT time segment start=0:00:00.000000000, offset=0:00:00.000000000, stop=0:00:00.311000000, rate=1.000000, applied_rate=1.000000, flags=0x00, time=0:00:00.000000000, base=0:00:00.000000000, position 0:00:00.000000000, duration 99:99:99.999999999
06-06 22:09:47.977  5267  5348 V GStreamer+GST_BUFFER: 0:00:34.894494570 0xe900d520 gstbuffer.c:212:_get_merged_memory buffer 0xe930e498, idx 0, length 1
06-06 22:09:47.977  5267  5349 V GStreamer+queue: 0:00:34.894514466 0xe900d580 gstqueue.c:538:update_time_level:<queue0> update src time
06-06 22:09:47.977  5267  5349 V GStreamer+queue: 0:00:34.894532278 0xe900d580 gstqueue.c:547:update_time_level:<queue0> sink +0:00:00.000000000, src +0:00:00.000000000
06-06 22:09:47.977  5267  5348 V GStreamer+GST_PADS: 0:00:34.894447539 0xe900d520 gstpad.c:3017:gst_pad_event_default:<forhwgl:sink> default event handler for event caps event: 0xe90b4108, time 99:99:99.999999999, seq-num 93, GstEventCaps, caps=(GstCaps)"video/x-h264\,\ stream-format\=\(string\)avc\,\ alignment\=\(string\)au\,\ level\=\(string\)4\,\ profile\=\(string\)baseline\,\ codec_data\=\(buffer\)01428028ffe1000a27428028e54028016b2001000528de01ae20\,\ width\=\(int\)1280\,\ height\=\(int\)1440\,\ framerate\=\(fraction\)151/3\,\ pixel-aspect-ratio\=\(fraction\)1/1";
06-06 22:09:47.977  5267  5349 D GStreamer+GST_PADS: 0:00:34.894568372 0xe900d580 gstpad.c:5609:gst_pad_send_event_unchecked:<queue0:sink> sent event, ret ok
06-06 22:09:47.977  5267  5349 V GStreamer+GST_PADS: 0:00:34.894595716 0xe900d580 gstpad.c:5087:store_sticky_event:<queue0:sink> stored sticky event segment
06-06 22:09:47.977  5267  5348 V GStreamer+GST_PADS: 0:00:34.894598008 0xe900d520 gstpad.c:2937:gst_pad_forward:<forhwgl:sink> calling forward function on pad sink:proxypad0
06-06 22:09:47.977  5267  5349 V GStreamer+GST_PADS: 0:00:34.894617747 0xe900d580 gstpad.c:5258:gst_pad_push_event_unchecked:<q:video_0> sent event 0xe90b4270 (segment) to peerpad <queue0:sink>, ret ok
06-06 22:09:47.977  5267  5348 V GStreamer+GST_PADS: 0:00:34.894623008 0xe900d520 gstpad.c:2982:event_forward_func:<sink:proxypad0> Reffing and pushing event 0xe90b4108 (caps) to sink:proxypad0
06-06 22:09:47.977  5267  5349 D GStreamer+GST_PADS: 0:00:34.894653268 0xe900d580 gstpad.c:3805:push_sticky:<q:video_0> event segment marked received
06-06 22:09:47.977  5267  5348 V GStreamer+GST_PADS: 0:00:34.894657747 0xe900d520 gstpad.c:5087:store_sticky_event:<sink:proxypad0> stored sticky event caps
06-06 22:09:47.977  5267  5348 D GStreamer+GST_PADS: 0:00:34.894683633 0xe900d520 gstpad.c:5093:store_sticky_event:<sink:proxypad0> notify caps
06-06 22:09:47.977  5267  5349 D GStreamer+qtdemux: 0:00:34.894679414 0xe900d580 qtdemux.c:940:gst_qtdemux_push_tags:<q> Checking pad q:video_0 for tags
06-06 22:09:47.977  5267  5348 V GStreamer+GST_PROPERTIES: 0:00:34.894711653 0xe900d520 gstobject.c:473:gst_object_dispatch_properties_changed:<forhwgl:sink> deep notification from proxypad0 (caps)
06-06 22:09:47.977  5267  5349 D GStreamer+qtdemux: 0:00:34.894707851 0xe900d580 qtdemux.c:944:gst_qtdemux_push_tags:<q> Sending tags taglist, video-codec=(string)"H.264\ /\ AVC", bitrate=(uint)16613441, language-code=(string)en;
06-06 22:09:47.977  5267  5348 V GStreamer+GST_PROPERTIES: 0:00:34.894753320 0xe900d520 gstobject.c:473:gst_object_dispatch_properties_changed:<forhwgl> deep notification from proxypad0 (caps)
06-06 22:09:47.977  5267  5349 D GStreamer+GST_EVENT: 0:00:34.894762018 0xe900d580 gstevent.c:302:gst_event_new_custom creating new event 0xe90b42b8 tag 20510
06-06 22:09:47.977  5267  5348 V GStreamer+GST_PROPERTIES: 0:00:34.894780351 0xe900d520 gstobject.c:473:gst_object_dispatch_properties_changed:<pipeline0> deep notification from proxypad0 (caps)
06-06 22:09:47.977  5267  5349 V GStreamer+GST_PADS: 0:00:34.894786341 0xe900d580 gstpad.c:5087:store_sticky_event:<q:video_0> stored sticky event tag
06-06 22:09:47.977  5267  5349 D GStreamer+GST_PADS: 0:00:34.894806028 0xe900d580 gstpad.c:3853:check_sticky:<q:video_0> pushing all sticky events
06-06 22:09:47.977  5267  5348 D GStreamer+GST_PADS: 0:00:34.894803528 0xe900d520 gstpad.c:3853:check_sticky:<sink:proxypad0> pushing all sticky events
06-06 22:09:47.977  5267  5349 D GStreamer+GST_PADS: 0:00:34.894828737 0xe900d580 gstpad.c:3785:push_sticky:<q:video_0> event stream-start was already received
06-06 22:09:47.977  5267  5349 D GStreamer+GST_PADS: 0:00:34.894847643 0xe900d580 gstpad.c:3785:push_sticky:<q:video_0> event caps was already received
06-06 22:09:47.977  5267  5348 D GStreamer+GST_PADS: 0:00:34.894849049 0xe900d520 gstpad.c:3785:push_sticky:<sink:proxypad0> event stream-start was already received
06-06 22:09:47.978  5267  5349 D GStreamer+GST_PADS: 0:00:34.894870716 0xe900d580 gstpad.c:3785:push_sticky:<q:video_0> event segment was already received
06-06 22:09:47.978  5267  5348 V GStreamer+GST_PADS: 0:00:34.894875351 0xe900d520 gstpad.c:5250:gst_pad_push_event_unchecked:<sink:proxypad0> sending event 0xe90b4108 (caps) to peerpad <typefind:sink>
06-06 22:09:47.978  5267  5349 V GStreamer+GST_PADS: 0:00:34.894893685 0xe900d580 gstpad.c:5250:gst_pad_push_event_unchecked:<q:video_0> sending event 0xe90b42b8 (tag) to peerpad <queue0:sink>
06-06 22:09:47.978  5267  5348 V GStreamer+GST_BUFFER: 0:00:34.894920976 0xe900d520 gstbuffer.c:1649:gst_buffer_map_range buffer 0xe930e498, idx 0, length -1, flags 0001
06-06 22:09:47.978  5267  5348 V GStreamer+GST_BUFFER: 0:00:34.894950560 0xe900d520 gstbuffer.c:212:_get_merged_memory buffer 0xe930e498, idx 0, length 1
06-06 22:09:47.978  5267  5349 D GStreamer+GST_EVENT: 0:00:34.894918997 0xe900d580 gstpad.c:5536:gst_pad_send_event_unchecked:<queue0:sink> have event type tag event: 0xe90b42b8, time 99:99:99.999999999, seq-num 103, GstTagList-stream, taglist=(taglist)"taglist\,\ video-codec\=\(string\)\"H.264\\\ /\\\ AVC\"\,\ bitrate\=\(uint\)16613441\,\ language-code\=\(string\)en\;";
06-06 22:09:47.978  5267  5349 D GStreamer+GST_PADS: 0:00:34.894981028 0xe900d580 gstpad.c:5609:gst_pad_send_event_unchecked:<queue0:sink> sent event, ret ok
06-06 22:09:47.978  5267  5348 D GStreamer+GST_EVENT: 0:00:34.894906758 0xe900d520 gstpad.c:5536:gst_pad_send_event_unchecked:<typefind:sink> have event type caps event: 0xe90b4108, time 99:99:99.999999999, seq-num 93, GstEventCaps, caps=(GstCaps)"video/x-h264\,\ stream-format\=\(string\)avc\,\ alignment\=\(string\)au\,\ level\=\(string\)4\,\ profile\=\(string\)baseline\,\ codec_data\=\(buffer\)01428028ffe1000a27428028e54028016b2001000528de01ae20\,\ width\=\(int\)1280\,\ height\=\(int\)1440\,\ framerate\=\(fraction\)151/3\,\ pixel-aspect-ratio\=\(fraction\)1/1";
06-06 22:09:47.978  5267  5348 V GStreamer+GST_BUFFER: 0:00:34.895056758 0xe900d520 gstbuffer.c:1649:gst_buffer_map_range buffer 0xe930e498, idx 0, length -1, flags 0001
06-06 22:09:47.978  5267  5348 V GStreamer+GST_BUFFER: 0:00:34.895078164 0xe900d520 gstbuffer.c:212:_get_merged_memory buffer 0xe930e498, idx 0, length 1
06-06 22:09:47.978  5267  5349 V GStreamer+GST_PADS: 0:00:34.895050924 0xe900d580 gstpad.c:5087:store_sticky_event:<queue0:sink> stored sticky event tag
06-06 22:09:47.978  5267  5349 V GStreamer+GST_PADS: 0:00:34.895099935 0xe900d580 gstpad.c:5258:gst_pad_push_event_unchecked:<q:video_0> sent event 0xe90b42b8 (tag) to peerpad <queue0:sink>, ret ok
06-06 22:09:47.978  5267  5348 D GStreamer+GST_CAPS: 0:00:34.895041497 0xe900d520 gstutils.c:2955:gst_pad_query_accept_caps:<typefind:sink> accept caps of video/x-h264, stream-format=(string)avc, alignment=(string)au, level=(string)4, profile=(string)baseline, codec_data=(buffer)01428028ffe1000a27428028e54028016b2001000528de01ae20, width=(int)1280, height=(int)1440, framerate=(fraction)151/3, pixel-aspect-ratio=(fraction)1/1
06-06 22:09:47.978  5267  5349 D GStreamer+GST_PADS: 0:00:34.895128476 0xe900d580 gstpad.c:3805:push_sticky:<q:video_0> event tag marked received
06-06 22:09:47.978  5267  5348 D GStreamer+query: 0:00:34.895142278 0xe900d520 gstquery.c:674:gst_query_new_custom creating new query 0xe9259f80 accept-caps
06-06 22:09:47.978  5267  5348 D GStreamer+GST_PADS: 0:00:34.895165351 0xe900d520 gstpad.c:3922:gst_pad_query:<typefind:sink> doing query 0xe9259f80 (accept-caps)
06-06 22:09:47.978  5267  5349 D GStreamer+qtdemux: 0:00:34.895148997 0xe900d580 qtdemux.c:952:gst_qtdemux_push_tags:<q> Sending global tags taglist, datetime=(datetime)2016-05-10T02:46:01Z, container-format=(string)"ISO\ MP4/M4A";
06-06 22:09:47.978  5267  5348 V GStreamer+GST_BUFFER: 0:00:34.895205508 0xe900d520 gstbuffer.c:1649:gst_buffer_map_range buffer 0xe930e498, idx 0, length -1, flags 0001
06-06 22:09:47.978  5267  5349 D GStreamer+GST_EVENT: 0:00:34.895206758 0xe900d580 gstevent.c:302:gst_event_new_custom creating new event 0xe90b4300 tag 20510
06-06 22:09:47.978  5267  5348 V GStreamer+GST_BUFFER: 0:00:34.895235664 0xe900d520 gstbuffer.c:212:_get_merged_memory buffer 0xe930e498, idx 0, length 1
06-06 22:09:47.978  5267  5349 V GStreamer+GST_PADS: 0:00:34.895238633 0xe900d580 gstpad.c:5087:store_sticky_event:<q:video_0> stored sticky event tag
06-06 22:09:47.978  5267  5349 D GStreamer+GST_PADS: 0:00:34.895261966 0xe900d580 gstpad.c:3853:check_sticky:<q:video_0> pushing all sticky events
06-06 22:09:47.978  5267  5349 D GStreamer+GST_PADS: 0:00:34.895279205 0xe900d580 gstpad.c:3785:push_sticky:<q:video_0> event stream-start was already received
06-06 22:09:47.978  5267  5348 D GStreamer+GST_PADS: 0:00:34.895191601 0xe900d520 gstpad.c:3059:gst_pad_query_accept_caps_default:<typefind:sink> query accept-caps accept-caps query: 0xe9259f80, GstQueryAcceptCaps, caps=(GstCaps)"video/x-h264\,\ stream-format\=\(string\)avc\,\ alignment\=\(string\)au\,\ level\=\(string\)4\,\ profile\=\(string\)baseline\,\ codec_data\=\(buffer\)01428028ffe1000a27428028e54028016b2001000528de01ae20\,\ width\=\(int\)1280\,\ height\=\(int\)1440\,\ framerate\=\(fraction\)151/3\,\ pixel-aspect-ratio\=\(fraction\)1/1", result=(boolean)false;
06-06 22:09:47.978  5267  5349 D GStreamer+GST_PADS: 0:00:34.895302591 0xe900d580 gstpad.c:3785:push_sticky:<q:video_0> event caps was already received
06-06 22:09:47.978  5267  5348 D GStreamer+GST_PERFORMANCE: 0:00:34.895324518 0xe900d520 gstpad.c:3074:gst_pad_query_accept_caps_default:<typefind:sink> fallback ACCEPT_CAPS query, consider implementing a specialized version
06-06 22:09:47.978  5267  5349 D GStreamer+GST_PADS: 0:00:34.895327435 0xe900d580 gstpad.c:3785:push_sticky:<q:video_0> event segment was already received
06-06 22:09:47.978  5267  5349 D GStreamer+GST_PADS: 0:00:34.895347435 0xe900d580 gstpad.c:3785:push_sticky:<q:video_0> event tag was already received
06-06 22:09:47.978  5267  5348 V GStreamer+GST_BUFFER: 0:00:34.895365143 0xe900d520 gstbuffer.c:1649:gst_buffer_map_range buffer 0xe930e498, idx 0, length -1, flags 0001
06-06 22:09:47.978  5267  5349 V GStreamer+GST_PADS: 0:00:34.895376289 0xe900d580 gstpad.c:5250:gst_pad_push_event_unchecked:<q:video_0> sending event 0xe90b4300 (tag) to peerpad <queue0:sink>
06-06 22:09:47.978  5267  5348 V GStreamer+GST_BUFFER: 0:00:34.895386289 0xe900d520 gstbuffer.c:212:_get_merged_memory buffer 0xe930e498, idx 0, length 1
06-06 22:09:47.978  5267  5348 D GStreamer+GST_CAPS: 0:00:34.895346758 0xe900d520 gstutils.c:2872:gst_pad_query_caps:<typefind:sink> get pad caps with filter video/x-h264, stream-format=(string)avc, alignment=(string)au, level=(string)4, profile=(string)baseline, codec_data=(buffer)01428028ffe1000a27428028e54028016b2001000528de01ae20, width=(int)1280, height=(int)1440, framerate=(fraction)151/3, pixel-aspect-ratio=(fraction)1/1
06-06 22:09:47.978  5267  5349 D GStreamer+GST_EVENT: 0:00:34.895404622 0xe900d580 gstpad.c:5536:gst_pad_send_event_unchecked:<queue0:sink> have event type tag event: 0xe90b4300, time 99:99:99.999999999, seq-num 104, GstTagList-global, taglist=(taglist)"taglist\,\ datetime\=\(datetime\)2016-05-10T02:46:01Z\,\ container-format\=\(string\)\"ISO\\\ MP4/M4A\"\;";
06-06 22:09:47.978  5267  5348 D GStreamer+query: 0:00:34.895459778 0xe900d520 gstquery.c:674:gst_query_new_custom creating new query 0xe9259fb0 caps
06-06 22:09:47.978  5267  5349 D GStreamer+GST_PADS: 0:00:34.895467278 0xe900d580 gstpad.c:5609:gst_pad_send_event_unchecked:<queue0:sink> sent event, ret ok
06-06 22:09:47.978  5267  5348 D GStreamer+GST_PADS: 0:00:34.895481705 0xe900d520 gstpad.c:3922:gst_pad_query:<typefind:sink> doing query 0xe9259fb0 (caps)
06-06 22:09:47.978  5267  5349 V GStreamer+GST_PADS: 0:00:34.895488841 0xe900d580 gstpad.c:5087:store_sticky_event:<queue0:sink> stored sticky event tag
06-06 22:09:47.978  5267  5349 V GStreamer+GST_PADS: 0:00:34.895510403 0xe900d580 gstpad.c:5258:gst_pad_push_event_unchecked:<q:video_0> sent event 0xe90b4300 (tag) to peerpad <queue0:sink>, ret ok
06-06 22:09:47.978  5267  5348 V GStreamer+GST_BUFFER: 0:00:34.895523685 0xe900d520 gstbuffer.c:1649:gst_buffer_map_range buffer 0xe930e498, idx 0, length -1, flags 0001
06-06 22:09:47.978  5267  5349 D GStreamer+GST_PADS: 0:00:34.895550039 0xe900d580 gstpad.c:3805:push_sticky:<q:video_0> event tag marked received
06-06 22:09:47.978  5267  5348 V GStreamer+GST_BUFFER: 0:00:34.895551758 0xe900d520 gstbuffer.c:212:_get_merged_memory buffer 0xe930e498, idx 0, length 1
06-06 22:09:47.978  5267  5349 D GStreamer+qtdemux: 0:00:34.895578008 0xe900d580 qtdemux.c:4644:gst_qtdemux_activate_segment:<q:video_0> No need to look for keyframe, this is an empty segment
06-06 22:09:47.978  5267  5349 V GStreamer+qtdemux: 0:00:34.895600351 0xe900d580 qtdemux.c:4735:gst_qtdemux_prepare_current_sample:<q> Empty segment activated, prepare empty sample
06-06 22:09:47.978  5267  5348 D GStreamer+GST_CAPS: 0:00:34.895506549 0xe900d520 gstpad.c:3112:gst_pad_query_caps_default:<typefind:sink> query caps caps query: 0xe9259fb0, GstQueryCaps, filter=(GstCaps)"video/x-h264\,\ stream-format\=\(string\)avc\,\ alignment\=\(string\)au\,\ level\=\(string\)4\,\ profile\=\(string\)baseline\,\ codec_data\=\(buffer\)01428028ffe1000a27428028e54028016b2001000528de01ae20\,\ width\=\(int\)1280\,\ height\=\(int\)1440\,\ framerate\=\(fraction\)151/3\,\ pixel-aspect-ratio\=\(fraction\)1/1", caps=(GstCaps)"NULL";
06-06 22:09:47.978  5267  5348 D GStreamer+GST_CAPS: 0:00:34.895640195 0xe900d520 gstpad.c:3135:gst_pad_query_caps_default:<typefind:sink> trying pad template caps
06-06 22:09:47.978  5267  5349 D GStreamer+qtdemux: 0:00:34.895625612 0xe900d580 qtdemux.c:5512:gst_qtdemux_loop_state_movie:<q> pushing from stream 0, empty 1 offset 0, size 0, dts=0:00:00.000000000, pts=0:00:00.000000000, duration 0:00:00.311000000
06-06 22:09:47.978  5267  5349 D GStreamer+GST_EVENT: 0:00:34.895673789 0xe900d580 gstevent.c:302:gst_event_new_custom creating new event 0xe90b4348 gap 40966
06-06 22:09:47.978  5267  5348 V GStreamer+GST_BUFFER: 0:00:34.895684674 0xe900d520 gstbuffer.c:1649:gst_buffer_map_range buffer 0xe930e498, idx 0, length -1, flags 0001
06-06 22:09:47.978  5267  5349 V GStreamer+GST_PADS: 0:00:34.895704101 0xe900d580 gstpad.c:5250:gst_pad_push_event_unchecked:<q:video_0> sending event 0xe90b4348 (gap) to peerpad <queue0:sink>
06-06 22:09:47.978  5267  5348 V GStreamer+GST_BUFFER: 0:00:34.895708268 0xe900d520 gstbuffer.c:212:_get_merged_memory buffer 0xe930e498, idx 0, length 1
06-06 22:09:47.978  5267  5349 D GStreamer+GST_EVENT: 0:00:34.895747122 0xe900d580 gstpad.c:5536:gst_pad_send_event_unchecked:<queue0:sink> have event type gap event: 0xe90b4348, time 99:99:99.999999999, seq-num 105, GstEventGap, timestamp=(guint64)0, duration=(guint64)311000000;
06-06 22:09:47.978  5267  5348 D GStreamer+GST_CAPS: 0:00:34.895662018 0xe900d520 gstpad.c:3159:gst_pad_query_caps_default:<typefind:sink> using caps 0xe8e15918 ANY with filter 0xe9255540 video/x-h264, stream-format=(string)avc, alignment=(string)au, level=(string)4, profile=(string)baseline, codec_data=(buffer)01428028ffe1000a27428028e54028016b2001000528de01ae20, width=(int)1280, height=(int)1440, framerate=(fraction)151/3, pixel-aspect-ratio=(fraction)1/1
06-06 22:09:47.978  5267  5349 V GStreamer+queue: 0:00:34.895799674 0xe900d580 gstqueue.c:529:update_time_level:<queue0> update sink time
06-06 22:09:47.978  5267  5348 V GStreamer+GST_BUFFER: 0:00:34.895815872 0xe900d520 gstbuffer.c:1649:gst_buffer_map_range buffer 0xe930e498, idx 0, length -1, flags 0001
06-06 22:09:47.978  5267  5349 V GStreamer+queue: 0:00:34.895824778 0xe900d580 gstqueue.c:547:update_time_level:<queue0> sink +0:00:00.311000000, src +0:00:00.000000000
06-06 22:09:47.978  5267  5348 V GStreamer+GST_BUFFER: 0:00:34.895838893 0xe900d520 gstbuffer.c:212:_get_merged_memory buffer 0xe930e498, idx 0, length 1
06-06 22:09:47.978  5267  5349 D GStreamer+GST_PADS: 0:00:34.895855664 0xe900d580 gstpad.c:5609:gst_pad_send_event_unchecked:<queue0:sink> sent event, ret ok
06-06 22:09:47.979  5267  5349 V GStreamer+GST_PADS: 0:00:34.895875195 0xe900d580 gstpad.c:5258:gst_pad_push_event_unchecked:<q:video_0> sent event 0xe90b4348 (gap) to peerpad <queue0:sink>, ret ok
06-06 22:09:47.979  5267  5348 D GStreamer+GST_CAPS: 0:00:34.895799935 0xe900d520 gstpad.c:3162:gst_pad_query_caps_default:<typefind:sink> result 0xe9255540 video/x-h264, stream-format=(string)avc, alignment=(string)au, level=(string)4, profile=(string)baseline, codec_data=(buffer)01428028ffe1000a27428028e54028016b2001000528de01ae20, width=(int)1280, height=(int)1440, framerate=(fraction)151/3, pixel-aspect-ratio=(fraction)1/1
06-06 22:09:47.979  5267  5349 D GStreamer+qtdemux: 0:00:34.895908737 0xe900d580 qtdemux.c:4810:gst_qtdemux_advance_sample:<q> Empty segment, no samples to advance
06-06 22:09:47.979  5267  5348 D GStreamer+GST_PADS: 0:00:34.895910508 0xe900d520 gstpad.c:3367:gst_pad_query_default:<typefind:sink> not forwarding 0xe9259fb0 (caps) query
06-06 22:09:47.979  5267  5349 D GStreamer+qtdemux: 0:00:34.895926705 0xe900d580 qtdemux.c:4859:gst_qtdemux_advance_sample:<q> segment 0 ended 
06-06 22:09:47.979  5267  5348 D GStreamer+GST_PADS: 0:00:34.895935664 0xe900d520 gstpad.c:3945:gst_pad_query:<typefind:sink> sent query 0xe9259fb0 (caps), result 1
06-06 22:09:47.979  5267  5349 V GStreamer+qtdemux: 0:00:34.895949466 0xe900d580 qtdemux.c:5655:gst_qtdemux_loop:<q> loop at position 15003960, state 2
06-06 22:09:47.979  5267  5348 V GStreamer+GST_BUFFER: 0:00:34.895971862 0xe900d520 gstbuffer.c:1649:gst_buffer_map_range buffer 0xe930e498, idx 0, length -1, flags 0001
06-06 22:09:47.979  5267  5349 V GStreamer+qtdemux: 0:00:34.895976914 0xe900d580 qtdemux.c:1195:gst_qtdemux_find_segment:<q:audio_0> finding segment for 0:00:00.000000000
06-06 22:09:47.979  5267  5348 V GStreamer+GST_BUFFER: 0:00:34.895995820 0xe900d520 gstbuffer.c:212:_get_merged_memory buffer 0xe930e498, idx 0, length 1
