06-06 22:09:47.910  5267  5267 D GStreamer+GST_PADS: 0:00:34.826979466 0xe8df4400 gstpad.c:1063:gst_pad_set_active:<queue2:src> activating pad from none
06-06 22:09:47.910  5267  5267 D GStreamer+GST_PADS: 0:00:34.826997799 0xe8df4400 gstpad.c:979:pre_activate:<queue2:src> setting pad into push mode, unset flushing
06-06 22:09:47.910  5267  5267 D GStreamer+GST_PADS: 0:00:34.827018580 0xe8df4400 gstpad.c:5978:gst_pad_start_task:<queue2:src> start task
06-06 22:09:47.910  5267  5267 D GStreamer+task: 0:00:34.827055820 0xe8df4400 gsttask.c:427:gst_task_new Created task 0xe9304178
06-06 22:09:47.910  5267  5267 I GStreamer+task: 0:00:34.827074622 0xe8df4400 gsttask.c:453:gst_task_set_lock setting stream lock 0xe9296854 on task 0xe9304178
06-06 22:09:47.910  5267  5267 I GStreamer+GST_PADS: 0:00:34.827093164 0xe8df4400 gstpad.c:5987:gst_pad_start_task:<queue2:src> created task 0xe9304178
06-06 22:09:47.910  5267  5267 D GStreamer+GST_PADS: 0:00:34.827112591 0xe8df4400 gstpad.c:5904:do_stream_status:<queue2:src> doing stream-status 0
06-06 22:09:47.910  5267  5267 V GStreamer+GST_MESSAGE: 0:00:34.827135820 0xe8df4400 gstmessage.c:293:gst_message_new_custom source src: creating new message 0xe9012800 stream-status
06-06 22:09:47.910  5267  5267 D GStreamer+GST_PADS: 0:00:34.827158216 0xe8df4400 gstpad.c:5933:do_stream_status:<queue2:src> posting stream-status 0
06-06 22:09:47.910  5267  5267 D GStreamer+GST_BUS: 0:00:34.827178633 0xe8df4400 gstbus.c:309:gst_bus_post:<bus4> [msg 0xe9012800] posting on bus stream-status message: 0xe9012800, time 99:99:99.999999999, seq-num 77, element 'src', GstMessageStreamStatus, type=(GstStreamStatusType)GST_STREAM_STATUS_TYPE_CREATE, owner=(GstElement)"\(GstQueue\)\ queue2", object=(GstTask)"\(GstTask\)\ task2";
06-06 22:09:47.910  5267  5267 D GStreamer+bin: 0:00:34.827234883 0xe8df4400 gstbin.c:3654:gst_bin_handle_message_func:<pipeline0> [msg 0xe9012800] handling child src message of type stream-status
06-06 22:09:47.910  5267  5267 D GStreamer+bin: 0:00:34.827255508 0xe8df4400 gstbin.c:3991:gst_bin_handle_message_func:<pipeline0> posting message upward
06-06 22:09:47.910  5267  5267 D GStreamer+GST_BUS: 0:00:34.827271758 0xe8df4400 gstbus.c:309:gst_bus_post:<bus5> [msg 0xe9012800] posting on bus stream-status message: 0xe9012800, time 99:99:99.999999999, seq-num 77, element 'src', GstMessageStreamStatus, type=(GstStreamStatusType)GST_STREAM_STATUS_TYPE_CREATE, owner=(GstElement)"\(GstQueue\)\ queue2", object=(GstTask)"\(GstTask\)\ task2";
06-06 22:09:47.910  5267  5267 D GStreamer+GST_BUS: 0:00:34.827321862 0xe8df4400 gstbus.c:348:gst_bus_post:<bus5> [msg 0xe9012800] pushing on async queue
06-06 22:09:47.910  5267  5267 V GStreamer+GST_POLL: 0:00:34.827340403 0xe8df4400 gstpoll.c:186:raise_wakeup 0xe925c808: raise
06-06 22:09:47.910  5267  5267 D GStreamer+GST_BUS: 0:00:34.827362174 0xe8df4400 gstbus.c:351:gst_bus_post:<bus5> [msg 0xe9012800] pushed on async queue
06-06 22:09:47.910  5267  5334 V GStreamer+GST_BUS: 0:00:34.827374153 0xe916d800 gstbus.c:513:gst_bus_timed_pop_filtered:<bus5> have 1 messages
06-06 22:09:47.910  5267  5267 D GStreamer+GST_BUS: 0:00:34.827381341 0xe8df4400 gstbus.c:344:gst_bus_post:<bus4> [msg 0xe9012800] dropped
06-06 22:09:47.910  5267  5334 V GStreamer+GST_POLL: 0:00:34.827402278 0xe916d800 gstpoll.c:201:release_wakeup 0xe925c808: release
06-06 22:09:47.910  5267  5267 D GStreamer+task: 0:00:34.827404778 0xe8df4400 gsttask.c:684:gst_task_set_state:<task2> Changing task 0xe9304178 to state 0
06-06 22:09:47.910  5267  5334 D GStreamer+GST_BUS: 0:00:34.827427122 0xe916d800 gstbus.c:521:gst_bus_timed_pop_filtered:<bus5> got message 0xe9012800, stream-status from src, type mask is 4294967295
06-06 22:09:47.910  5267  5267 D GStreamer+GST_PADS: 0:00:34.827465403 0xe8df4400 gstpad.c:1188:activate_mode_internal:<queue2:src> activated in push mode
06-06 22:09:47.910  5267  5267 D GStreamer+GST_PADS: 0:00:34.827499414 0xe8df4400 gstpad.c:1063:gst_pad_set_active:<queue2:sink> activating pad from none
06-06 22:09:47.910  5267  5347 D GStreamer+task: 0:00:34.827489049 0xe900d4c0 gsttask.c:289:gst_task_func Entering task 0xe9304178, thread 0xe900d4c0
06-06 22:09:47.910  5267  5334 D GStreamer+GST_BUS: 0:00:34.827454570 0xe916d800 gstbus.c:789:gst_bus_source_dispatch:<bus5> source 0xe9302a00 calling dispatch with stream-status message: 0xe9012800, time 99:99:99.999999999, seq-num 77, element 'src', GstMessageStreamStatus, type=(GstStreamStatusType)GST_STREAM_STATUS_TYPE_CREATE, owner=(GstElement)"\(GstQueue\)\ queue2", object=(GstTask)"\(GstTask\)\ task2";
06-06 22:09:47.910  5267  5267 D GStreamer+GST_PADS: 0:00:34.827532070 0xe8df4400 gstpad.c:979:pre_activate:<queue2:sink> setting pad into push mode, unset flushing
06-06 22:09:47.910  5267  5347 D GStreamer+GST_PADS: 0:00:34.827538841 0xe900d4c0 gstpad.c:5904:do_stream_status:<queue2:src> doing stream-status 1
06-06 22:09:47.910  5267  5334 V GStreamer+GST_MESSAGE: 0:00:34.827540820 0xe916d800 gstmessage.c:200:_gst_message_free finalize message 0xe9012800, stream-status from src
06-06 22:09:47.910  5267  5267 D GStreamer+GST_PADS: 0:00:34.827557383 0xe8df4400 gstpad.c:1188:activate_mode_internal:<queue2:sink> activated in push mode
06-06 22:09:47.910  5267  5347 V GStreamer+GST_MESSAGE: 0:00:34.827605924 0xe900d4c0 gstmessage.c:293:gst_message_new_custom source src: creating new message 0xe9308800 stream-status
06-06 22:09:47.910  5267  5334 D GStreamer+GST_BUS: 0:00:34.827573737 0xe916d800 gstbus.c:794:gst_bus_source_dispatch:<bus5> source 0xe9302a00 handler returns 1
06-06 22:09:47.910  5267  5267 D GStreamer+GST_ELEMENT_PADS: 0:00:34.827581133 0xe8df4400 gstelement.c:2814:gst_element_pads_activate:<queue2> pad activation successful
06-06 22:09:47.910  5267  5267 D GStreamer+GST_STATES: 0:00:34.827638789 0xe8df4400 gstelement.c:2686:gst_element_change_state:<queue2> element changed state SUCCESS
06-06 22:09:47.910  5267  5347 D GStreamer+GST_PADS: 0:00:34.827639622 0xe900d4c0 gstpad.c:5933:do_stream_status:<queue2:src> posting stream-status 1
06-06 22:09:47.910  5267  5267 I GStreamer+GST_STATES: 0:00:34.827656653 0xe8df4400 gstelement.c:2374:gst_element_continue_state:<queue2> completed state change to PAUSED
06-06 22:09:47.910  5267  5267 I GStreamer+GST_STATES: 0:00:34.827678841 0xe8df4400 gstelement.c:2279:_priv_gst_element_state_changed:<queue2> notifying about state-changed READY to PAUSED (VOID_PENDING pending)
06-06 22:09:47.910  5267  5267 V GStreamer+GST_MESSAGE: 0:00:34.827703580 0xe8df4400 gstmessage.c:293:gst_message_new_custom source queue2: creating new message 0xe8ffb228 state-changed
06-06 22:09:47.910  5267  5267 D GStreamer+GST_BUS: 0:00:34.827738580 0xe8df4400 gstbus.c:309:gst_bus_post:<bus4> [msg 0xe8ffb228] posting on bus state-changed message: 0xe8ffb228, time 99:99:99.999999999, seq-num 79, element 'queue2', GstMessageStateChanged, old-state=(GstState)GST_STATE_READY, new-state=(GstState)GST_STATE_PAUSED, pending-state=(GstState)GST_STATE_VOID_PENDING;
06-06 22:09:47.910  5267  5267 D GStreamer+bin: 0:00:34.827785768 0xe8df4400 gstbin.c:3654:gst_bin_handle_message_func:<pipeline0> [msg 0xe8ffb228] handling child queue2 message of type state-changed
06-06 22:09:47.910  5267  5267 D GStreamer+bin: 0:00:34.827806966 0xe8df4400 gstbin.c:3991:gst_bin_handle_message_func:<pipeline0> posting message upward
06-06 22:09:47.910  5267  5267 D GStreamer+GST_BUS: 0:00:34.827825247 0xe8df4400 gstbus.c:309:gst_bus_post:<bus5> [msg 0xe8ffb228] posting on bus state-changed message: 0xe8ffb228, time 99:99:99.999999999, seq-num 79, element 'queue2', GstMessageStateChanged, old-state=(GstState)GST_STATE_READY, new-state=(GstState)GST_STATE_PAUSED, pending-state=(GstState)GST_STATE_VOID_PENDING;
06-06 22:09:47.911  5267  5267 D GStreamer+GST_BUS: 0:00:34.827878737 0xe8df4400 gstbus.c:348:gst_bus_post:<bus5> [msg 0xe8ffb228] pushing on async queue
06-06 22:09:47.911  5267  5347 D GStreamer+GST_BUS: 0:00:34.827828112 0xe900d4c0 gstbus.c:309:gst_bus_post:<bus4> [msg 0xe9308800] posting on bus stream-status message: 0xe9308800, time 99:99:99.999999999, seq-num 78, element 'src', GstMessageStreamStatus, type=(GstStreamStatusType)GST_STREAM_STATUS_TYPE_ENTER, owner=(GstElement)"\(GstQueue\)\ queue2", object=(GstTask)"\(GstTask\)\ queue2:src";
06-06 22:09:47.911  5267  5267 V GStreamer+GST_POLL: 0:00:34.827906966 0xe8df4400 gstpoll.c:186:raise_wakeup 0xe925c808: raise
06-06 22:09:47.911  5267  5347 D GStreamer+bin: 0:00:34.827911341 0xe900d4c0 gstbin.c:3654:gst_bin_handle_message_func:<pipeline0> [msg 0xe9308800] handling child src message of type stream-status
06-06 22:09:47.911  5267  5267 D GStreamer+GST_BUS: 0:00:34.827929570 0xe8df4400 gstbus.c:351:gst_bus_post:<bus5> [msg 0xe8ffb228] pushed on async queue
06-06 22:09:47.911  5267  5347 D GStreamer+bin: 0:00:34.827935455 0xe900d4c0 gstbin.c:3991:gst_bin_handle_message_func:<pipeline0> posting message upward
06-06 22:09:47.911  5267  5334 V GStreamer+GST_BUS: 0:00:34.827939726 0xe916d800 gstbus.c:513:gst_bus_timed_pop_filtered:<bus5> have 1 messages
06-06 22:09:47.911  5267  5267 D GStreamer+GST_BUS: 0:00:34.827954153 0xe8df4400 gstbus.c:344:gst_bus_post:<bus4> [msg 0xe8ffb228] dropped
06-06 22:09:47.911  5267  5334 V GStreamer+GST_POLL: 0:00:34.827970612 0xe916d800 gstpoll.c:201:release_wakeup 0xe925c808: release
06-06 22:09:47.911  5267  5347 D GStreamer+GST_BUS: 0:00:34.827959622 0xe900d4c0 gstbus.c:309:gst_bus_post:<bus5> [msg 0xe9308800] posting on bus stream-status message: 0xe9308800, time 99:99:99.999999999, seq-num 78, element 'src', GstMessageStreamStatus, type=(GstStreamStatusType)GST_STREAM_STATUS_TYPE_ENTER, owner=(GstElement)"\(GstQueue\)\ queue2", object=(GstTask)"\(GstTask\)\ queue2:src";
06-06 22:09:47.911  5267  5267 V GStreamer+GST_STATES: 0:00:34.827998320 0xe8df4400 gstelement.c:2702:gst_element_change_state:<queue2> exit state change 1
06-06 22:09:47.911  5267  5334 D GStreamer+GST_BUS: 0:00:34.827998164 0xe916d800 gstbus.c:521:gst_bus_timed_pop_filtered:<bus5> got message 0xe8ffb228, state-changed from queue2, type mask is 4294967295
06-06 22:09:47.911  5267  5347 D GStreamer+GST_BUS: 0:00:34.828041237 0xe900d4c0 gstbus.c:348:gst_bus_post:<bus5> [msg 0xe9308800] pushing on async queue
06-06 22:09:47.911  5267  5267 D GStreamer+GST_STATES: 0:00:34.828043685 0xe8df4400 gstelement.c:2609:gst_element_set_state_func:<queue2> returned SUCCESS
06-06 22:09:47.911  5267  5347 V GStreamer+GST_POLL: 0:00:34.828066080 0xe900d4c0 gstpoll.c:186:raise_wakeup 0xe925c808: raise
06-06 22:09:47.911  5267  5267 I GStreamer+GST_STATES: 0:00:34.828068476 0xe8df4400 gstbin.c:2892:gst_bin_change_state_func:<pipeline0> child 'queue2' changed state to 3(PAUSED) successfully
06-06 22:09:47.911  5267  5334 D GStreamer+GST_BUS: 0:00:34.828052122 0xe916d800 gstbus.c:789:gst_bus_source_dispatch:<bus5> source 0xe9302a00 calling dispatch with state-changed message: 0xe8ffb228, time 99:99:99.999999999, seq-num 79, element 'queue2', GstMessageStateChanged, old-state=(GstState)GST_STATE_READY, new-state=(GstState)GST_STATE_PAUSED, pending-state=(GstState)GST_STATE_VOID_PENDING;
06-06 22:09:47.911  5267  5347 D GStreamer+GST_BUS: 0:00:34.828092539 0xe900d4c0 gstbus.c:351:gst_bus_post:<bus5> [msg 0xe9308800] pushed on async queue
06-06 22:09:47.911  5267  5267 D GStreamer+bin: 0:00:34.828102539 0xe8df4400 gstbin.c:2295:gst_bin_sort_iterator_next:<pipeline0> queue empty, next best: forhwgl
06-06 22:09:47.911  5267  5334 V GStreamer+GST_MESSAGE: 0:00:34.828115768 0xe916d800 gstmessage.c:200:_gst_message_free finalize message 0xe8ffb228, state-changed from queue2
06-06 22:09:47.911  5267  5347 D GStreamer+GST_BUS: 0:00:34.828114830 0xe900d4c0 gstbus.c:344:gst_bus_post:<bus4> [msg 0xe9308800] dropped
06-06 22:09:47.911  5267  5267 D GStreamer+bin: 0:00:34.828126341 0xe8df4400 gstbin.c:2310:gst_bin_sort_iterator_next:<pipeline0> queue head gives forhwgl
06-06 22:09:47.911  5267  5347 D GStreamer+task: 0:00:34.828145508 0xe900d4c0 gsttask.c:251:gst_task_configure_name:<queue2:src> Setting thread name to 'queue2:src'
06-06 22:09:47.911  5267  5334 D GStreamer+GST_BUS: 0:00:34.828145872 0xe916d800 gstbus.c:794:gst_bus_source_dispatch:<bus5> source 0xe9302a00 handler returns 1
06-06 22:09:47.911  5267  5267 V GStreamer+bin: 0:00:34.828151185 0xe8df4400 gstbin.c:889:message_check looking at message 0xe9012730: 0
06-06 22:09:47.911  5267  5347 D GStreamer+queue_dataflow: 0:00:34.828172695 0xe900d4c0 gstqueue.c:1488:gst_queue_loop:<queue2> queue is empty
06-06 22:09:47.911  5267  5267 V GStreamer+bin: 0:00:34.828181133 0xe8df4400 gstbin.c:889:message_check looking at message 0xe8ffb388: 0
06-06 22:09:47.911  5267  5334 V GStreamer+GST_BUS: 0:00:34.828189049 0xe916d800 gstbus.c:513:gst_bus_timed_pop_filtered:<bus5> have 1 messages
06-06 22:09:47.911  5267  5267 V GStreamer+bin: 0:00:34.828199778 0xe8df4400 gstbin.c:889:message_check looking at message 0xe8ffb2d8: 0
06-06 22:09:47.911  5267  5334 V GStreamer+GST_POLL: 0:00:34.828213737 0xe916d800 gstpoll.c:201:release_wakeup 0xe925c808: release
06-06 22:09:47.911  5267  5347 V GStreamer+queue_dataflow: 0:00:34.828194883 0xe900d4c0 gstqueue.c:1497:gst_queue_loop:<queue2> (queue2:src) wait for ADD: 0 of 0-200 buffers, 0 of 0-10485760 bytes, 0 of 0-1000000000 ns, 0 items
06-06 22:09:47.911  5267  5267 D GStreamer+bin: 0:00:34.828224935 0xe8df4400 gstbin.c:911:find_message:<pipeline0> no message found matching types 00001000
06-06 22:09:47.911  5267  5334 D GStreamer+GST_BUS: 0:00:34.828238320 0xe916d800 gstbus.c:521:gst_bus_timed_pop_filtered:<bus5> got message 0xe9308800, stream-status from src, type mask is 4294967295
06-06 22:09:47.911  5267  5267 D GStreamer+bin: 0:00:34.828248112 0xe8df4400 gstbin.c:918:find_message:<pipeline0>   structure-change
06-06 22:09:47.911  5267  5267 D GStreamer+bin: 0:00:34.828271653 0xe8df4400 gstbin.c:2226:update_degree:<pipeline0> change element queue0, degree 1->0, linked to forhwgl
06-06 22:09:47.911  5267  5267 D GStreamer+bin: 0:00:34.828295924 0xe8df4400 gstbin.c:2109:add_to_queue:<pipeline0> adding 'queue0' to queue
06-06 22:09:47.911  5267  5334 D GStreamer+GST_BUS: 0:00:34.828267799 0xe916d800 gstbus.c:789:gst_bus_source_dispatch:<bus5> source 0xe9302a00 calling dispatch with stream-status message: 0xe9308800, time 99:99:99.999999999, seq-num 78, element 'src', GstMessageStreamStatus, type=(GstStreamStatusType)GST_STREAM_STATUS_TYPE_ENTER, owner=(GstElement)"\(GstQueue\)\ queue2", object=(GstTask)"\(GstTask\)\ queue2:src";
06-06 22:09:47.911  5267  5267 I GStreamer+GST_STATES: 0:00:34.828319778 0xe8df4400 gstbin.c:2444:gst_bin_element_set_state:<forhwgl> current READY pending VOID_PENDING, desired next PAUSED
06-06 22:09:47.911  5267  5334 V GStreamer+GST_MESSAGE: 0:00:34.828328789 0xe916d800 gstmessage.c:200:_gst_message_free finalize message 0xe9308800, stream-status from src
06-06 22:09:47.911  5267  5267 V GStreamer+bin: 0:00:34.828341914 0xe8df4400 gstbin.c:889:message_check looking at message 0xe9012730: 0
06-06 22:09:47.911  5267  5334 D GStreamer+GST_BUS: 0:00:34.828351862 0xe916d800 gstbus.c:794:gst_bus_source_dispatch:<bus5> source 0xe9302a00 handler returns 1
06-06 22:09:47.911  5267  5267 V GStreamer+bin: 0:00:34.828361289 0xe8df4400 gstbin.c:889:message_check looking at message 0xe8ffb388: 0
06-06 22:09:47.911  5267  5267 V GStreamer+bin: 0:00:34.828378841 0xe8df4400 gstbin.c:889:message_check looking at message 0xe8ffb2d8: 0
06-06 22:09:47.911  5267  5267 D GStreamer+bin: 0:00:34.828395508 0xe8df4400 gstbin.c:911:find_message:<pipeline0> no message found matching types 00100000
06-06 22:09:47.911  5267  5267 D GStreamer+bin: 0:00:34.828412435 0xe8df4400 gstbin.c:918:find_message:<pipeline0>   async-start
06-06 22:09:47.911  5267  5267 D GStreamer+bin: 0:00:34.828429153 0xe8df4400 gstbin.c:2539:gst_bin_element_set_state:<pipeline0> setting element forhwgl to PAUSED, base_time 0:00:00.000000000
06-06 22:09:47.911  5267  5267 D GStreamer+GST_STATES: 0:00:34.828453112 0xe8df4400 gstelement.c:2525:gst_element_set_state_func:<forhwgl> set_state to PAUSED
06-06 22:09:47.911  5267  5267 D GStreamer+GST_STATES: 0:00:34.828470976 0xe8df4400 gstelement.c:2550:gst_element_set_state_func:<forhwgl> setting target state to PAUSED
06-06 22:09:47.911  5267  5267 D GStreamer+GST_STATES: 0:00:34.828487851 0xe8df4400 gstelement.c:2563:gst_element_set_state_func:<forhwgl> current READY, old_pending VOID_PENDING, next VOID_PENDING, old return SUCCESS
06-06 22:09:47.911  5267  5267 D GStreamer+GST_STATES: 0:00:34.828508841 0xe8df4400 gstelement.c:2597:gst_element_set_state_func:<forhwgl> final: setting state from READY to PAUSED
06-06 22:09:47.911  5267  5267 V GStreamer+decodebin: 0:00:34.828530664 0xe8df4400 gstdecodebin2.c:5296:gst_decode_bin_change_state:<forhwgl> expose locking from thread 0xe8df4400
06-06 22:09:47.911  5267  5267 V GStreamer+decodebin: 0:00:34.828549153 0xe8df4400 gstdecodebin2.c:5296:gst_decode_bin_change_state:<forhwgl> expose locked from thread 0xe8df4400
06-06 22:09:47.911  5267  5267 V GStreamer+decodebin: 0:00:34.828566237 0xe8df4400 gstdecodebin2.c:5301:gst_decode_bin_change_state:<forhwgl> expose unlocking from thread 0xe8df4400
06-06 22:09:47.911  5267  5267 V GStreamer+decodebin: 0:00:34.828584049 0xe8df4400 gstdecodebin2.c:5302:gst_decode_bin_change_state:<forhwgl> dynlocking from thread 0xe8df4400
06-06 22:09:47.911  5267  5267 V GStreamer+decodebin: 0:00:34.828601393 0xe8df4400 gstdecodebin2.c:5302:gst_decode_bin_change_state:<forhwgl> dynlocked from thread 0xe8df4400
06-06 22:09:47.911  5267  5267 V GStreamer+decodebin: 0:00:34.828617799 0xe8df4400 gstdecodebin2.c:5303:gst_decode_bin_change_state:<forhwgl> clearing shutdown flag
06-06 22:09:47.911  5267  5267 V GStreamer+decodebin: 0:00:34.828633789 0xe8df4400 gstdecodebin2.c:5305:gst_decode_bin_change_state:<forhwgl> dynunlocking from thread 0xe8df4400
06-06 22:09:47.911  5267  5267 V GStreamer+GST_MESSAGE: 0:00:34.828653528 0xe8df4400 gstmessage.c:293:gst_message_new_custom source forhwgl: creating new message 0xe9308e70 async-start
06-06 22:09:47.911  5267  5267 D GStreamer+bin: 0:00:34.828672955 0xe8df4400 gstbin.c:3654:gst_bin_handle_message_func:<forhwgl> [msg 0xe9308e70] handling child forhwgl message of type async-start
06-06 22:09:47.911  5267  5267 D GStreamer+bin: 0:00:34.828694830 0xe8df4400 gstbin.c:3844:gst_bin_handle_message_func:<forhwgl> ASYNC_START message 0xe9308e70, forhwgl
06-06 22:09:47.911  5267  5267 D GStreamer+bin: 0:00:34.828724101 0xe8df4400 gstbin.c:911:find_message:<forhwgl> no message found matching types 00100000
06-06 22:09:47.911  5267  5267 D GStreamer+bin: 0:00:34.828746341 0xe8df4400 gstbin.c:918:find_message:<forhwgl>   async-start
06-06 22:09:47.911  5267  5267 D GStreamer+bin: 0:00:34.828765403 0xe8df4400 gstbin.c:958:bin_replace_message:<forhwgl> got new message 0xe9308e70, async-start from forhwgl
06-06 22:09:47.911  5267  5267 V GStreamer+GST_MESSAGE: 0:00:34.828787487 0xe8df4400 gstmessage.c:293:gst_message_new_custom source forhwgl: creating new message 0xe9308ec8 async-start
06-06 22:09:47.911  5267  5267 D GStreamer+GST_STATES: 0:00:34.828807643 0xe8df4400 gstbin.c:3304:bin_handle_async_start:<forhwgl> state change busy
06-06 22:09:47.911  5267  5267 D GStreamer+bin: 0:00:34.828825195 0xe8df4400 gstbin.c:3290:bin_handle_async_start:<forhwgl> posting ASYNC_START to parent
06-06 22:09:47.911  5267  5267 D GStreamer+GST_BUS: 0:00:34.828843008 0xe8df4400 gstbus.c:309:gst_bus_post:<bus4> [msg 0xe9308ec8] posting on bus async-start message: 0xe9308ec8, time 99:99:99.999999999, seq-num 81, element 'forhwgl', (NULL)
06-06 22:09:47.912  5267  5267 D GStreamer+bin: 0:00:34.828876341 0xe8df4400 gstbin.c:3654:gst_bin_handle_message_func:<pipeline0> [msg 0xe9308ec8] handling child forhwgl message of type async-start
06-06 22:09:47.912  5267  5267 D GStreamer+bin: 0:00:34.828898112 0xe8df4400 gstbin.c:3844:gst_bin_handle_message_func:<pipeline0> ASYNC_START message 0xe9308ec8, forhwgl
06-06 22:09:47.912  5267  5267 V GStreamer+bin: 0:00:34.828916341 0xe8df4400 gstbin.c:889:message_check looking at message 0xe9012730: 0
06-06 22:09:47.912  5267  5267 V GStreamer+bin: 0:00:34.828932591 0xe8df4400 gstbin.c:889:message_check looking at message 0xe8ffb388: 0
06-06 22:09:47.912  5267  5267 V GStreamer+bin: 0:00:34.828948633 0xe8df4400 gstbin.c:889:message_check looking at message 0xe8ffb2d8: 0
06-06 22:09:47.912  5267  5267 D GStreamer+bin: 0:00:34.828964310 0xe8df4400 gstbin.c:911:find_message:<pipeline0> no message found matching types 00100000
06-06 22:09:47.912  5267  5267 D GStreamer+bin: 0:00:34.828981549 0xe8df4400 gstbin.c:918:find_message:<pipeline0>   async-start
06-06 22:09:47.912  5267  5267 D GStreamer+bin: 0:00:34.828998216 0xe8df4400 gstbin.c:958:bin_replace_message:<pipeline0> got new message 0xe9308ec8, async-start from forhwgl
06-06 22:09:47.912  5267  5267 D GStreamer+GST_STATES: 0:00:34.829018268 0xe8df4400 gstbin.c:3304:bin_handle_async_start:<pipeline0> state change busy
06-06 22:09:47.912  5267  5267 D GStreamer+GST_BUS: 0:00:34.829035924 0xe8df4400 gstbus.c:344:gst_bus_post:<bus4> [msg 0xe9308ec8] dropped
06-06 22:09:47.912  5267  5267 D GStreamer+GST_STATES: 0:00:34.829063320 0xe8df4400 gstbin.c:2792:gst_bin_change_state_func:<forhwgl> changing state of children from READY to PAUSED
06-06 22:09:47.912  5267  5267 D GStreamer+bin: 0:00:34.829084466 0xe8df4400 gstbin.c:2816:gst_bin_change_state_func:<forhwgl> clearing EOS elements
06-06 22:09:47.912  5267  5267 V GStreamer+bin: 0:00:34.829101705 0xe8df4400 gstbin.c:889:message_check looking at message 0xe9308e70: 0
06-06 22:09:47.912  5267  5267 D GStreamer+bin: 0:00:34.829119518 0xe8df4400 gstbin.c:992:bin_remove_messages:<forhwgl> not deleting message 0xe9308e70 of type 0x00100000
06-06 22:09:47.912  5267  5267 V GStreamer+bin: 0:00:34.829139674 0xe8df4400 gstbin.c:889:message_check looking at message 0xe9308e70: 0
06-06 22:09:47.912  5267  5267 D GStreamer+bin: 0:00:34.829157122 0xe8df4400 gstbin.c:992:bin_remove_messages:<forhwgl> not deleting message 0xe9308e70 of type 0x00100000
06-06 22:09:47.912  5267  5267 D GStreamer+bin: 0:00:34.829177226 0xe8df4400 gstbin.c:2637:gst_bin_src_pads_activate:<forhwgl> activate pads
06-06 22:09:47.912  5267  5267 D GStreamer+bin: 0:00:34.829198320 0xe8df4400 gstbin.c:2645:gst_bin_src_pads_activate:<forhwgl> pad activation successful
06-06 22:09:47.912  5267  5267 D GStreamer+bin: 0:00:34.829218997 0xe8df4400 gstbin.c:2323:gst_bin_sort_iterator_resync:<forhwgl> resync
06-06 22:09:47.912  5267  5267 V GStreamer+bin: 0:00:34.829237330 0xe8df4400 gstbin.c:889:message_check looking at message 0xe9308e70: 0
06-06 22:09:47.912  5267  5267 D GStreamer+bin: 0:00:34.829255143 0xe8df4400 gstbin.c:911:find_message:<forhwgl> no message found matching types 00001000
06-06 22:09:47.912  5267  5267 D GStreamer+bin: 0:00:34.829273476 0xe8df4400 gstbin.c:918:find_message:<forhwgl>   structure-change
06-06 22:09:47.912  5267  5267 D GStreamer+bin: 0:00:34.829293737 0xe8df4400 gstbin.c:2249:update_degree:<forhwgl> element typefind not linked on any sinkpads
06-06 22:09:47.912  5267  5267 D GStreamer+bin: 0:00:34.829314518 0xe8df4400 gstbin.c:2295:gst_bin_sort_iterator_next:<forhwgl> queue empty, next best: typefind
06-06 22:09:47.912  5267  5267 D GStreamer+bin: 0:00:34.829333737 0xe8df4400 gstbin.c:2310:gst_bin_sort_iterator_next:<forhwgl> queue head gives typefind
06-06 22:09:47.912  5267  5267 V GStreamer+bin: 0:00:34.829351758 0xe8df4400 gstbin.c:889:message_check looking at message 0xe9308e70: 0
06-06 22:09:47.912  5267  5267 D GStreamer+bin: 0:00:34.829368945 0xe8df4400 gstbin.c:911:find_message:<forhwgl> no message found matching types 00001000
06-06 22:09:47.912  5267  5267 D GStreamer+bin: 0:00:34.829387122 0xe8df4400 gstbin.c:918:find_message:<forhwgl>   structure-change
06-06 22:09:47.912  5267  5267 D GStreamer+bin: 0:00:34.829406289 0xe8df4400 gstbin.c:2249:update_degree:<forhwgl> element typefind not linked on any sinkpads
06-06 22:09:47.912  5267  5267 I GStreamer+GST_STATES: 0:00:34.829425924 0xe8df4400 gstbin.c:2444:gst_bin_element_set_state:<typefind> current READY pending VOID_PENDING, desired next PAUSED
06-06 22:09:47.912  5267  5267 V GStreamer+bin: 0:00:34.829447799 0xe8df4400 gstbin.c:889:message_check looking at message 0xe9308e70: 0
06-06 22:09:47.912  5267  5267 D GStreamer+bin: 0:00:34.829465664 0xe8df4400 gstbin.c:911:find_message:<forhwgl> no message found matching types 00100000
06-06 22:09:47.912  5267  5267 D GStreamer+bin: 0:00:34.829484310 0xe8df4400 gstbin.c:918:find_message:<forhwgl>   async-start
06-06 22:09:47.912  5267  5267 D GStreamer+bin: 0:00:34.829502383 0xe8df4400 gstbin.c:2539:gst_bin_element_set_state:<forhwgl> setting element typefind to PAUSED, base_time 0:00:00.000000000
06-06 22:09:47.912  5267  5267 D GStreamer+GST_STATES: 0:00:34.829526028 0xe8df4400 gstelement.c:2525:gst_element_set_state_func:<typefind> set_state to PAUSED
06-06 22:09:47.912  5267  5267 D GStreamer+GST_STATES: 0:00:34.829544362 0xe8df4400 gstelement.c:2550:gst_element_set_state_func:<typefind> setting target state to PAUSED
06-06 22:09:47.912  5267  5267 D GStreamer+GST_STATES: 0:00:34.829562435 0xe8df4400 gstelement.c:2563:gst_element_set_state_func:<typefind> current READY, old_pending VOID_PENDING, next VOID_PENDING, old return SUCCESS
06-06 22:09:47.912  5267  5267 D GStreamer+GST_STATES: 0:00:34.829584414 0xe8df4400 gstelement.c:2597:gst_element_set_state_func:<typefind> final: setting state from READY to PAUSED
06-06 22:09:47.912  5267  5267 V GStreamer+GST_STATES: 0:00:34.829606810 0xe8df4400 gstelement.c:2852:gst_element_change_state_func:<typefind> default handler tries setting state from READY to PAUSED (0013)
06-06 22:09:47.912  5267  5267 D GStreamer+GST_ELEMENT_PADS: 0:00:34.829628580 0xe8df4400 gstelement.c:2795:gst_element_pads_activate:<typefind> activate pads
06-06 22:09:47.912  5267  5267 D GStreamer+GST_PADS: 0:00:34.829650612 0xe8df4400 gstpad.c:1063:gst_pad_set_active:<typefind:src> activating pad from none
06-06 22:09:47.912  5267  5267 D GStreamer+GST_PADS: 0:00:34.829669883 0xe8df4400 gstpad.c:979:pre_activate:<typefind:src> setting pad into push mode, unset flushing
06-06 22:09:47.912  5267  5267 D GStreamer+GST_PADS: 0:00:34.829690039 0xe8df4400 gstpad.c:1188:activate_mode_internal:<typefind:src> activated in push mode
06-06 22:09:47.912  5267  5267 D GStreamer+GST_PADS: 0:00:34.829722174 0xe8df4400 gstpad.c:1063:gst_pad_set_active:<typefind:sink> activating pad from none
06-06 22:09:47.912  5267  5267 D GStreamer+query: 0:00:34.829745508 0xe8df4400 gstquery.c:674:gst_query_new_custom creating new query 0xe900d4f0 scheduling
06-06 22:09:47.912  5267  5267 D GStreamer+GST_PADS: 0:00:34.829765924 0xe8df4400 gstpad.c:4049:gst_pad_peer_query:<typefind:sink> peer query 0xe900d4f0 (scheduling)
06-06 22:09:47.912  5267  5267 D GStreamer+GST_PADS: 0:00:34.829788476 0xe8df4400 gstpad.c:3922:gst_pad_query:<sink:proxypad0> doing query 0xe900d4f0 (scheduling)
06-06 22:09:47.912  5267  5267 D GStreamer+GST_PADS: 0:00:34.829810664 0xe8df4400 gstpad.c:3367:gst_pad_query_default:<sink:proxypad0> forwarding 0xe900d4f0 (scheduling) query
06-06 22:09:47.912  5267  5267 V GStreamer+GST_PADS: 0:00:34.829836237 0xe8df4400 gstpad.c:2937:gst_pad_forward:<sink:proxypad0> calling forward function on pad forhwgl:sink
06-06 22:09:47.912  5267  5267 V GStreamer+GST_PADS: 0:00:34.829858424 0xe8df4400 gstpad.c:3307:query_forward_func:<forhwgl:sink> query peer 0xe900d4f0 (scheduling) of forhwgl:sink
06-06 22:09:47.913  5267  5267 D GStreamer+GST_PADS: 0:00:34.829882278 0xe8df4400 gstpad.c:4049:gst_pad_peer_query:<forhwgl:sink> peer query 0xe900d4f0 (scheduling)
06-06 22:09:47.913  5267  5267 D GStreamer+GST_PADS: 0:00:34.829903164 0xe8df4400 gstpad.c:3922:gst_pad_query:<queue0:src> doing query 0xe900d4f0 (scheduling)
06-06 22:09:47.913  5267  5267 D GStreamer+GST_PADS: 0:00:34.829927226 0xe8df4400 gstpad.c:3945:gst_pad_query:<queue0:src> sent query 0xe900d4f0 (scheduling), result 1
06-06 22:09:47.913  5267  5267 D GStreamer+GST_PADS: 0:00:34.829951133 0xe8df4400 gstpad.c:3945:gst_pad_query:<sink:proxypad0> sent query 0xe900d4f0 (scheduling), result 1
06-06 22:09:47.913  5267  5267 D GStreamer+GST_PADS: 0:00:34.829977435 0xe8df4400 gstpad.c:979:pre_activate:<typefind:sink> setting pad into push mode, unset flushing
06-06 22:09:47.913  5267  5267 D GStreamer+GST_PADS: 0:00:34.829998112 0xe8df4400 gstpad.c:991:pre_activate:<typefind:sink> reschedule events on peer sink:proxypad0
06-06 22:09:47.913  5267  5267 D GStreamer+typefind: 0:00:34.830019466 0xe8df4400 gsttypefindelement.c:577:start_typefinding:<typefind> starting typefinding
06-06 22:09:47.913  5267  5267 D GStreamer+GST_PADS: 0:00:34.830037018 0xe8df4400 gstpad.c:1188:activate_mode_internal:<typefind:sink> activated in push mode
06-06 22:09:47.913  5267  5267 D GStreamer+GST_ELEMENT_PADS: 0:00:34.830059153 0xe8df4400 gstelement.c:2814:gst_element_pads_activate:<typefind> pad activation successful
06-06 22:09:47.913  5267  5267 D GStreamer+GST_STATES: 0:00:34.830078476 0xe8df4400 gstelement.c:2686:gst_element_change_state:<typefind> element changed state SUCCESS
06-06 22:09:47.913  5267  5267 I GStreamer+GST_STATES: 0:00:34.830095664 0xe8df4400 gstelement.c:2374:gst_element_continue_state:<typefind> completed state change to PAUSED
06-06 22:09:47.913  5267  5267 I GStreamer+GST_STATES: 0:00:34.830113945 0xe8df4400 gstelement.c:2279:_priv_gst_element_state_changed:<typefind> notifying about state-changed READY to PAUSED (VOID_PENDING pending)
06-06 22:09:47.913  5267  5267 V GStreamer+GST_MESSAGE: 0:00:34.830136862 0xe8df4400 gstmessage.c:293:gst_message_new_custom source typefind: creating new message 0xe9308f20 state-changed
06-06 22:09:47.913  5267  5267 D GStreamer+GST_BUS: 0:00:34.830158528 0xe8df4400 gstbus.c:309:gst_bus_post:<bus0> [msg 0xe9308f20] posting on bus state-changed message: 0xe9308f20, time 99:99:99.999999999, seq-num 82, element 'typefind', GstMessageStateChanged, old-state=(GstState)GST_STATE_READY, new-state=(GstState)GST_STATE_PAUSED, pending-state=(GstState)GST_STATE_VOID_PENDING;
06-06 22:09:47.913  5267  5267 D GStreamer+decodebin: 0:00:34.830205612 0xe8df4400 gstdecodebin2.c:5492:gst_decode_bin_handle_message:<forhwgl> Forwarding msg state-changed message: 0xe9308f20, time 99:99:99.999999999, seq-num 82, element 'typefind', GstMessageStateChanged, old-state=(GstState)GST_STATE_READY, new-state=(GstState)GST_STATE_PAUSED, pending-state=(GstState)GST_STATE_VOID_PENDING;
06-06 22:09:47.913  5267  5267 D GStreamer+bin: 0:00:34.830247383 0xe8df4400 gstbin.c:3654:gst_bin_handle_message_func:<forhwgl> [msg 0xe9308f20] handling child typefind message of type state-changed
06-06 22:09:47.913  5267  5267 D GStreamer+bin: 0:00:34.830268997 0xe8df4400 gstbin.c:3991:gst_bin_handle_message_func:<forhwgl> posting message upward
06-06 22:09:47.913  5267  5267 D GStreamer+GST_BUS: 0:00:34.830286810 0xe8df4400 gstbus.c:309:gst_bus_post:<bus4> [msg 0xe9308f20] posting on bus state-changed message: 0xe9308f20, time 99:99:99.999999999, seq-num 82, element 'typefind', GstMessageStateChanged, old-state=(GstState)GST_STATE_READY, new-state=(GstState)GST_STATE_PAUSED, pending-state=(GstState)GST_STATE_VOID_PENDING;
06-06 22:09:47.913  5267  5267 D GStreamer+bin: 0:00:34.830329101 0xe8df4400 gstbin.c:3654:gst_bin_handle_message_func:<pipeline0> [msg 0xe9308f20] handling child typefind message of type state-changed
06-06 22:09:47.913  5267  5267 D GStreamer+bin: 0:00:34.830350508 0xe8df4400 gstbin.c:3991:gst_bin_handle_message_func:<pipeline0> posting message upward
06-06 22:09:47.913  5267  5267 D GStreamer+GST_BUS: 0:00:34.830367903 0xe8df4400 gstbus.c:309:gst_bus_post:<bus5> [msg 0xe9308f20] posting on bus state-changed message: 0xe9308f20, time 99:99:99.999999999, seq-num 82, element 'typefind', GstMessageStateChanged, old-state=(GstState)GST_STATE_READY, new-state=(GstState)GST_STATE_PAUSED, pending-state=(GstState)GST_STATE_VOID_PENDING;
06-06 22:09:47.913  5267  5267 D GStreamer+GST_BUS: 0:00:34.830408841 0xe8df4400 gstbus.c:348:gst_bus_post:<bus5> [msg 0xe9308f20] pushing on async queue
06-06 22:09:47.913  5267  5267 V GStreamer+GST_POLL: 0:00:34.830427643 0xe8df4400 gstpoll.c:186:raise_wakeup 0xe925c808: raise
06-06 22:09:47.913  5267  5267 D GStreamer+GST_BUS: 0:00:34.830448893 0xe8df4400 gstbus.c:351:gst_bus_post:<bus5> [msg 0xe9308f20] pushed on async queue
06-06 22:09:47.913  5267  5334 V GStreamer+GST_BUS: 0:00:34.830461497 0xe916d800 gstbus.c:513:gst_bus_timed_pop_filtered:<bus5> have 1 messages
06-06 22:09:47.913  5267  5267 D GStreamer+GST_BUS: 0:00:34.830468320 0xe8df4400 gstbus.c:344:gst_bus_post:<bus4> [msg 0xe9308f20] dropped
06-06 22:09:47.913  5267  5334 V GStreamer+GST_POLL: 0:00:34.830485143 0xe916d800 gstpoll.c:201:release_wakeup 0xe925c808: release
06-06 22:09:47.913  5267  5267 D GStreamer+GST_BUS: 0:00:34.830489883 0xe8df4400 gstbus.c:344:gst_bus_post:<bus0> [msg 0xe9308f20] dropped
06-06 22:09:47.913  5267  5267 V GStreamer+GST_STATES: 0:00:34.830509570 0xe8df4400 gstelement.c:2702:gst_element_change_state:<typefind> exit state change 1
06-06 22:09:47.913  5267  5334 D GStreamer+GST_BUS: 0:00:34.830511133 0xe916d800 gstbus.c:521:gst_bus_timed_pop_filtered:<bus5> got message 0xe9308f20, state-changed from typefind, type mask is 4294967295
06-06 22:09:47.913  5267  5267 D GStreamer+GST_STATES: 0:00:34.830530403 0xe8df4400 gstelement.c:2609:gst_element_set_state_func:<typefind> returned SUCCESS
06-06 22:09:47.913  5267  5267 I GStreamer+GST_STATES: 0:00:34.830548476 0xe8df4400 gstbin.c:2892:gst_bin_change_state_func:<forhwgl> child 'typefind' changed state to 3(PAUSED) successfully
06-06 22:09:47.913  5267  5334 D GStreamer+GST_BUS: 0:00:34.830539674 0xe916d800 gstbus.c:789:gst_bus_source_dispatch:<bus5> source 0xe9302a00 calling dispatch with state-changed message: 0xe9308f20, time 99:99:99.999999999, seq-num 82, element 'typefind', GstMessageStateChanged, old-state=(GstState)GST_STATE_READY, new-state=(GstState)GST_STATE_PAUSED, pending-state=(GstState)GST_STATE_VOID_PENDING;
06-06 22:09:47.913  5267  5267 D GStreamer+bin: 0:00:34.830576966 0xe8df4400 gstbin.c:2299:gst_bin_sort_iterator_next:<forhwgl> queue empty, elements exhausted
06-06 22:09:47.913  5267  5267 D GStreamer+GST_STATES: 0:00:34.830594883 0xe8df4400 gstbin.c:2951:gst_bin_change_state_func:<forhwgl> iterator done
06-06 22:09:47.913  5267  5334 V GStreamer+GST_MESSAGE: 0:00:34.830597070 0xe916d800 gstmessage.c:200:_gst_message_free finalize message 0xe9308f20, state-changed from typefind
06-06 22:09:47.913  5267  5267 V GStreamer+GST_STATES: 0:00:34.830614101 0xe8df4400 gstelement.c:2852:gst_element_change_state_func:<forhwgl> default handler tries setting state from READY to PAUSED (0013)
06-06 22:09:47.913  5267  5334 D GStreamer+GST_BUS: 0:00:34.830623164 0xe916d800 gstbus.c:794:gst_bus_source_dispatch:<bus5> source 0xe9302a00 handler returns 1
06-06 22:09:47.913  5267  5267 D GStreamer+GST_ELEMENT_PADS: 0:00:34.830638268 0xe8df4400 gstelement.c:2795:gst_element_pads_activate:<forhwgl> activate pads
06-06 22:09:47.913  5267  5267 D GStreamer+GST_PADS: 0:00:34.830660299 0xe8df4400 gstpad.c:1069:gst_pad_set_active:<forhwgl:sink> pad was active in push mode
06-06 22:09:47.913  5267  5267 D GStreamer+GST_ELEMENT_PADS: 0:00:34.830680247 0xe8df4400 gstelement.c:2814:gst_element_pads_activate:<forhwgl> pad activation successful
06-06 22:09:47.913  5267  5267 D GStreamer+bin: 0:00:34.830698893 0xe8df4400 gstbin.c:2341:gst_bin_sort_iterator_free:<forhwgl> free
06-06 22:09:47.913  5267  5267 D GStreamer+bin: 0:00:34.830724570 0xe8df4400 gstbin.c:2986:gst_bin_change_state_func:<forhwgl> no async elements
06-06 22:09:47.913  5267  5267 D GStreamer+GST_STATES: 0:00:34.830742174 0xe8df4400 gstbin.c:3020:gst_bin_change_state_func:<forhwgl> done changing bin's state from READY to PAUSED, now in READY, ret SUCCESS
06-06 22:09:47.913  5267  5267 D GStreamer+GST_STATES: 0:00:34.830765820 0xe8df4400 gstelement.c:2668:gst_element_change_state:<forhwgl> element will change state ASYNC
06-06 22:09:47.913  5267  5267 V GStreamer+GST_STATES: 0:00:34.830783112 0xe8df4400 gstelement.c:2708:gst_element_change_state:<forhwgl> exit async state change 2
06-06 22:09:47.913  5267  5267 D GStreamer+GST_STATES: 0:00:34.830801810 0xe8df4400 gstelement.c:2609:gst_element_set_state_func:<forhwgl> returned ASYNC
06-06 22:09:47.913  5267  5267 I GStreamer+GST_STATES: 0:00:34.830819778 0xe8df4400 gstbin.c:2898:gst_bin_change_state_func:<pipeline0> child 'forhwgl' is changing state asynchronously to PAUSED
06-06 22:09:47.913  5267  5267 D GStreamer+bin: 0:00:34.830841758 0xe8df4400 gstbin.c:2310:gst_bin_sort_iterator_next:<pipeline0> queue head gives queue0
06-06 22:09:47.913  5267  5267 V GStreamer+bin: 0:00:34.830860924 0xe8df4400 gstbin.c:889:message_check looking at message 0xe9308ec8: 0
06-06 22:09:47.914  5267  5267 V GStreamer+bin: 0:00:34.830878789 0xe8df4400 gstbin.c:889:message_check looking at message 0xe9012730: 0
06-06 22:09:47.914  5267  5267 V GStreamer+bin: 0:00:34.830896289 0xe8df4400 gstbin.c:889:message_check looking at message 0xe8ffb388: 0
06-06 22:09:47.914  5267  5267 V GStreamer+bin: 0:00:34.830913320 0xe8df4400 gstbin.c:889:message_check looking at message 0xe8ffb2d8: 0
06-06 22:09:47.914  5267  5267 D GStreamer+bin: 0:00:34.830930508 0xe8df4400 gstbin.c:911:find_message:<pipeline0> no message found matching types 00001000
06-06 22:09:47.914  5267  5267 D GStreamer+bin: 0:00:34.830948893 0xe8df4400 gstbin.c:918:find_message:<pipeline0>   structure-change
06-06 22:09:47.914  5267  5267 D GStreamer+bin: 0:00:34.830967799 0xe8df4400 gstbin.c:2249:update_degree:<pipeline0> element queue0 not linked on any sinkpads
06-06 22:09:47.914  5267  5267 I GStreamer+GST_STATES: 0:00:34.830987799 0xe8df4400 gstbin.c:2444:gst_bin_element_set_state:<queue0> current READY pending VOID_PENDING, desired next PAUSED
06-06 22:09:47.914  5267  5267 V GStreamer+bin: 0:00:34.831009362 0xe8df4400 gstbin.c:889:message_check looking at message 0xe9308ec8: 0
06-06 22:09:47.914  5267  5267 V GStreamer+bin: 0:00:34.831026966 0xe8df4400 gstbin.c:889:message_check looking at message 0xe9012730: 0
06-06 22:09:47.914  5267  5267 V GStreamer+bin: 0:00:34.831044258 0xe8df4400 gstbin.c:889:message_check looking at message 0xe8ffb388: 0
06-06 22:09:47.914  5267  5267 V GStreamer+bin: 0:00:34.831061393 0xe8df4400 gstbin.c:889:message_check looking at message 0xe8ffb2d8: 0
06-06 22:09:47.914  5267  5267 D GStreamer+bin: 0:00:34.831078580 0xe8df4400 gstbin.c:911:find_message:<pipeline0> no message found matching types 00100000
06-06 22:09:47.914  5267  5267 D GStreamer+bin: 0:00:34.831096497 0xe8df4400 gstbin.c:918:find_message:<pipeline0>   async-start
06-06 22:09:47.914  5267  5267 D GStreamer+bin: 0:00:34.831114362 0xe8df4400 gstbin.c:2539:gst_bin_element_set_state:<pipeline0> setting element queue0 to PAUSED, base_time 0:00:00.000000000
06-06 22:09:47.914  5267  5267 D GStreamer+GST_STATES: 0:00:34.831138633 0xe8df4400 gstelement.c:2525:gst_element_set_state_func:<queue0> set_state to PAUSED
06-06 22:09:47.914  5267  5267 D GStreamer+GST_STATES: 0:00:34.831157070 0xe8df4400 gstelement.c:2550:gst_element_set_state_func:<queue0> setting target state to PAUSED
06-06 22:09:47.914  5267  5267 D GStreamer+GST_STATES: 0:00:34.831175351 0xe8df4400 gstelement.c:2563:gst_element_set_state_func:<queue0> current READY, old_pending VOID_PENDING, next VOID_PENDING, old return SUCCESS
06-06 22:09:47.914  5267  5267 D GStreamer+GST_STATES: 0:00:34.831197383 0xe8df4400 gstelement.c:2597:gst_element_set_state_func:<queue0> final: setting state from READY to PAUSED
06-06 22:09:47.914  5267  5267 V GStreamer+GST_STATES: 0:00:34.831219310 0xe8df4400 gstelement.c:2852:gst_element_change_state_func:<queue0> default handler tries setting state from READY to PAUSED (0013)
06-06 22:09:47.914  5267  5267 D GStreamer+GST_ELEMENT_PADS: 0:00:34.831240820 0xe8df4400 gstelement.c:2795:gst_element_pads_activate:<queue0> activate pads
06-06 22:09:47.914  5267  5267 D GStreamer+GST_PADS: 0:00:34.831262435 0xe8df4400 gstpad.c:1063:gst_pad_set_active:<queue0:src> activating pad from none
06-06 22:09:47.914  5267  5267 D GStreamer+GST_PADS: 0:00:34.831280976 0xe8df4400 gstpad.c:979:pre_activate:<queue0:src> setting pad into push mode, unset flushing
06-06 22:09:47.914  5267  5267 D GStreamer+GST_PADS: 0:00:34.831301237 0xe8df4400 gstpad.c:5978:gst_pad_start_task:<queue0:src> start task
06-06 22:09:47.914  5267  5267 D GStreamer+task: 0:00:34.831335924 0xe8df4400 gsttask.c:427:gst_task_new Created task 0xe9304220
06-06 22:09:47.914  5267  5267 I GStreamer+task: 0:00:34.831354258 0xe8df4400 gsttask.c:453:gst_task_set_lock setting stream lock 0xe90b7464 on task 0xe9304220
06-06 22:09:47.914  5267  5267 I GStreamer+GST_PADS: 0:00:34.831373216 0xe8df4400 gstpad.c:5987:gst_pad_start_task:<queue0:src> created task 0xe9304220
06-06 22:09:47.914  5267  5267 D GStreamer+GST_PADS: 0:00:34.831393112 0xe8df4400 gstpad.c:5904:do_stream_status:<queue0:src> doing stream-status 0
06-06 22:09:47.914  5267  5267 V GStreamer+GST_MESSAGE: 0:00:34.831415768 0xe8df4400 gstmessage.c:293:gst_message_new_custom source src: creating new message 0xe9308f78 stream-status
06-06 22:09:47.914  5267  5267 D GStreamer+GST_PADS: 0:00:34.831438060 0xe8df4400 gstpad.c:5933:do_stream_status:<queue0:src> posting stream-status 0
06-06 22:09:47.914  5267  5267 D GStreamer+GST_BUS: 0:00:34.831458216 0xe8df4400 gstbus.c:309:gst_bus_post:<bus4> [msg 0xe9308f78] posting on bus stream-status message: 0xe9308f78, time 99:99:99.999999999, seq-num 83, element 'src', GstMessageStreamStatus, type=(GstStreamStatusType)GST_STREAM_STATUS_TYPE_CREATE, owner=(GstElement)"\(GstQueue\)\ queue0", object=(GstTask)"\(GstTask\)\ task3";
06-06 22:09:47.914  5267  5267 D GStreamer+bin: 0:00:34.831513685 0xe8df4400 gstbin.c:3654:gst_bin_handle_message_func:<pipeline0> [msg 0xe9308f78] handling child src message of type stream-status
06-06 22:09:47.914  5267  5267 D GStreamer+bin: 0:00:34.831536080 0xe8df4400 gstbin.c:3991:gst_bin_handle_message_func:<pipeline0> posting message upward
06-06 22:09:47.914  5267  5267 D GStreamer+GST_BUS: 0:00:34.831553789 0xe8df4400 gstbus.c:309:gst_bus_post:<bus5> [msg 0xe9308f78] posting on bus stream-status message: 0xe9308f78, time 99:99:99.999999999, seq-num 83, element 'src', GstMessageStreamStatus, type=(GstStreamStatusType)GST_STREAM_STATUS_TYPE_CREATE, owner=(GstElement)"\(GstQueue\)\ queue0", object=(GstTask)"\(GstTask\)\ task3";
06-06 22:09:47.914  5267  5267 D GStreamer+GST_BUS: 0:00:34.831605560 0xe8df4400 gstbus.c:348:gst_bus_post:<bus5> [msg 0xe9308f78] pushing on async queue
06-06 22:09:47.914  5267  5267 V GStreamer+GST_POLL: 0:00:34.831624883 0xe8df4400 gstpoll.c:186:raise_wakeup 0xe925c808: raise
06-06 22:09:47.914  5267  5267 D GStreamer+GST_BUS: 0:00:34.831645716 0xe8df4400 gstbus.c:351:gst_bus_post:<bus5> [msg 0xe9308f78] pushed on async queue
06-06 22:09:47.914  5267  5334 V GStreamer+GST_BUS: 0:00:34.831656862 0xe916d800 gstbus.c:513:gst_bus_timed_pop_filtered:<bus5> have 1 messages
06-06 22:09:47.914  5267  5267 D GStreamer+GST_BUS: 0:00:34.831667903 0xe8df4400 gstbus.c:344:gst_bus_post:<bus4> [msg 0xe9308f78] dropped
06-06 22:09:47.914  5267  5334 V GStreamer+GST_POLL: 0:00:34.831683164 0xe916d800 gstpoll.c:201:release_wakeup 0xe925c808: release
06-06 22:09:47.914  5267  5267 D GStreamer+task: 0:00:34.831687799 0xe8df4400 gsttask.c:684:gst_task_set_state:<task3> Changing task 0xe9304220 to state 0
06-06 22:09:47.914  5267  5334 D GStreamer+GST_BUS: 0:00:34.831709205 0xe916d800 gstbus.c:521:gst_bus_timed_pop_filtered:<bus5> got message 0xe9308f78, stream-status from src, type mask is 4294967295
06-06 22:09:47.914  5267  5267 D GStreamer+GST_PADS: 0:00:34.831755820 0xe8df4400 gstpad.c:1188:activate_mode_internal:<queue0:src> activated in push mode
06-06 22:09:47.914  5267  5334 D GStreamer+GST_BUS: 0:00:34.831747122 0xe916d800 gstbus.c:789:gst_bus_source_dispatch:<bus5> source 0xe9302a00 calling dispatch with stream-status message: 0xe9308f78, time 99:99:99.999999999, seq-num 83, element 'src', GstMessageStreamStatus, type=(GstStreamStatusType)GST_STREAM_STATUS_TYPE_CREATE, owner=(GstElement)"\(GstQueue\)\ queue0", object=(GstTask)"\(GstTask\)\ task3";
06-06 22:09:47.914  5267  5267 D GStreamer+GST_PADS: 0:00:34.831791653 0xe8df4400 gstpad.c:1063:gst_pad_set_active:<queue0:sink> activating pad from none
06-06 22:09:47.914  5267  5348 D GStreamer+task: 0:00:34.831795299 0xe900d520 gsttask.c:289:gst_task_func Entering task 0xe9304220, thread 0xe900d520
06-06 22:09:47.914  5267  5334 V GStreamer+GST_MESSAGE: 0:00:34.831809883 0xe916d800 gstmessage.c:200:_gst_message_free finalize message 0xe9308f78, stream-status from src
06-06 22:09:47.914  5267  5267 D GStreamer+GST_PADS: 0:00:34.831812799 0xe8df4400 gstpad.c:979:pre_activate:<queue0:sink> setting pad into push mode, unset flushing
06-06 22:09:47.914  5267  5348 D GStreamer+GST_PADS: 0:00:34.831827487 0xe900d520 gstpad.c:5904:do_stream_status:<queue0:src> doing stream-status 1
06-06 22:09:47.914  5267  5334 D GStreamer+GST_BUS: 0:00:34.831839362 0xe916d800 gstbus.c:794:gst_bus_source_dispatch:<bus5> source 0xe9302a00 handler returns 1
06-06 22:09:47.914  5267  5267 D GStreamer+GST_PADS: 0:00:34.831840612 0xe8df4400 gstpad.c:1188:activate_mode_internal:<queue0:sink> activated in push mode
06-06 22:09:47.915  5267  5267 D GStreamer+GST_ELEMENT_PADS: 0:00:34.831872747 0xe8df4400 gstelement.c:2814:gst_element_pads_activate:<queue0> pad activation successful
06-06 22:09:47.915  5267  5348 V GStreamer+GST_MESSAGE: 0:00:34.831874674 0xe900d520 gstmessage.c:293:gst_message_new_custom source src: creating new message 0xe9309920 stream-status
06-06 22:09:47.915  5267  5267 D GStreamer+GST_STATES: 0:00:34.831899362 0xe8df4400 gstelement.c:2686:gst_element_change_state:<queue0> element changed state SUCCESS
06-06 22:09:47.915  5267  5348 D GStreamer+GST_PADS: 0:00:34.831905455 0xe900d520 gstpad.c:5933:do_stream_status:<queue0:src> posting stream-status 1
06-06 22:09:47.915  5267  5267 I GStreamer+GST_STATES: 0:00:34.831918008 0xe8df4400 gstelement.c:2374:gst_element_continue_state:<queue0> completed state change to PAUSED
06-06 22:09:47.915  5267  5267 I GStreamer+GST_STATES: 0:00:34.831938268 0xe8df4400 gstelement.c:2279:_priv_gst_element_state_changed:<queue0> notifying about state-changed READY to PAUSED (VOID_PENDING pending)
06-06 22:09:47.915  5267  5267 V GStreamer+GST_MESSAGE: 0:00:34.831973528 0xe8df4400 gstmessage.c:293:gst_message_new_custom source queue0: creating new message 0xe9309410 state-changed
06-06 22:09:47.915  5267  5267 D GStreamer+GST_BUS: 0:00:34.831994883 0xe8df4400 gstbus.c:309:gst_bus_post:<bus4> [msg 0xe9309410] posting on bus state-changed message: 0xe9309410, time 99:99:99.999999999, seq-num 85, element 'queue0', GstMessageStateChanged, old-state=(GstState)GST_STATE_READY, new-state=(GstState)GST_STATE_PAUSED, pending-state=(GstState)GST_STATE_VOID_PENDING;
06-06 22:09:47.915  5267  5267 D GStreamer+bin: 0:00:34.832040039 0xe8df4400 gstbin.c:3654:gst_bin_handle_message_func:<pipeline0> [msg 0xe9309410] handling child queue0 message of type state-changed
06-06 22:09:47.915  5267  5267 D GStreamer+bin: 0:00:34.832061080 0xe8df4400 gstbin.c:3991:gst_bin_handle_message_func:<pipeline0> posting message upward
06-06 22:09:47.915  5267  5267 D GStreamer+GST_BUS: 0:00:34.832079153 0xe8df4400 gstbus.c:309:gst_bus_post:<bus5> [msg 0xe9309410] posting on bus state-changed message: 0xe9309410, time 99:99:99.999999999, seq-num 85, element 'queue0', GstMessageStateChanged, old-state=(GstState)GST_STATE_READY, new-state=(GstState)GST_STATE_PAUSED, pending-state=(GstState)GST_STATE_VOID_PENDING;
06-06 22:09:47.915  5267  5348 D GStreamer+GST_BUS: 0:00:34.832073841 0xe900d520 gstbus.c:309:gst_bus_post:<bus4> [msg 0xe9309920] posting on bus stream-status message: 0xe9309920, time 99:99:99.999999999, seq-num 84, element 'src', GstMessageStreamStatus, type=(GstStreamStatusType)GST_STREAM_STATUS_TYPE_ENTER, owner=(GstElement)"\(GstQueue\)\ queue0", object=(GstTask)"\(GstTask\)\ queue0:src";
06-06 22:09:47.915  5267  5267 D GStreamer+GST_BUS: 0:00:34.832135508 0xe8df4400 gstbus.c:348:gst_bus_post:<bus5> [msg 0xe9309410] pushing on async queue
06-06 22:09:47.915  5267  5267 V GStreamer+GST_POLL: 0:00:34.832160195 0xe8df4400 gstpoll.c:186:raise_wakeup 0xe925c808: raise
06-06 22:09:47.915  5267  5348 D GStreamer+bin: 0:00:34.832160508 0xe900d520 gstbin.c:3654:gst_bin_handle_message_func:<pipeline0> [msg 0xe9309920] handling child src message of type stream-status
06-06 22:09:47.915  5267  5267 D GStreamer+GST_BUS: 0:00:34.832183164 0xe8df4400 gstbus.c:351:gst_bus_post:<bus5> [msg 0xe9309410] pushed on async queue
06-06 22:09:47.915  5267  5348 D GStreamer+bin: 0:00:34.832186549 0xe900d520 gstbin.c:3991:gst_bin_handle_message_func:<pipeline0> posting message upward
06-06 22:09:47.915  5267  5334 V GStreamer+GST_BUS: 0:00:34.832194518 0xe916d800 gstbus.c:513:gst_bus_timed_pop_filtered:<bus5> have 1 messages
06-06 22:09:47.915  5267  5267 D GStreamer+GST_BUS: 0:00:34.832207539 0xe8df4400 gstbus.c:344:gst_bus_post:<bus4> [msg 0xe9309410] dropped
06-06 22:09:47.915  5267  5334 V GStreamer+GST_POLL: 0:00:34.832218164 0xe916d800 gstpoll.c:201:release_wakeup 0xe925c808: release
06-06 22:09:47.915  5267  5267 V GStreamer+GST_STATES: 0:00:34.832231601 0xe8df4400 gstelement.c:2702:gst_element_change_state:<queue0> exit state change 1
06-06 22:09:47.915  5267  5334 D GStreamer+GST_BUS: 0:00:34.832244362 0xe916d800 gstbus.c:521:gst_bus_timed_pop_filtered:<bus5> got message 0xe9309410, state-changed from queue0, type mask is 4294967295
06-06 22:09:47.915  5267  5267 D GStreamer+GST_STATES: 0:00:34.832257695 0xe8df4400 gstelement.c:2609:gst_element_set_state_func:<queue0> returned SUCCESS
