06-06 22:09:48.024  5267  5349 V GStreamer+queue_dataflow: 0:00:34.941507643 0xe900d580 gstqueue.c:1181:gst_queue_chain_buffer_or_list:<queue0> received buffer 0xe93972d0 of size 42797, time 0:00:00.278333333, duration 0:00:00.020000000
06-06 22:09:48.024  5267  5347 V GStreamer+decodebin: 0:00:34.941547330 0xe900d4c0 gstdecodebin2.c:2158:connect_pad:<typefind> trying factory <mpegaudioparse>
06-06 22:09:48.024  5267  5349 V GStreamer+queue: 0:00:34.941546341 0xe900d580 gstqueue.c:633:apply_buffer:<queue0> sink position updated to 0:00:00.298333333
06-06 22:09:48.024  5267  5349 V GStreamer+queue: 0:00:34.941574883 0xe900d580 gstqueue.c:529:update_time_level:<queue0> update sink time
06-06 22:09:48.024  5267  5347 V GStreamer+decodebin: 0:00:34.941577747 0xe900d4c0 gstdecodebin2.c:2219:connect_pad:<decodebin1> locking chain 0xe924f6a0 from thread 0xe900d4c0
06-06 22:09:48.024  5267  5347 V GStreamer+decodebin: 0:00:34.941601237 0xe900d4c0 gstdecodebin2.c:2219:connect_pad:<decodebin1> locked chain 0xe924f6a0 from thread 0xe900d4c0
06-06 22:09:48.024  5267  5349 V GStreamer+queue: 0:00:34.941591497 0xe900d580 gstqueue.c:547:update_time_level:<queue0> sink +0:00:00.609333333, src +0:00:00.000000000
06-06 22:09:48.024  5267  5347 V GStreamer+decodebin: 0:00:34.941625924 0xe900d4c0 gstdecodebin2.c:2238:connect_pad:<decodebin1> unlocking chain 0xe924f6a0 from thread 0xe900d4c0
06-06 22:09:48.024  5267  5349 D GStreamer+GST_SCHEDULING: 0:00:34.941626549 0xe900d580 gstpad.c:4199:gst_pad_chain_data_unchecked:<queue0:sink> called chainfunction &gst_queue_chain with buffer 0xe93972d0, returned ok
06-06 22:09:48.024  5267  5349 V GStreamer+qtdemux: 0:00:34.941655820 0xe900d580 qtdemux.c:4949:gst_qtdemux_combine_flows:<q> flow return: ok
06-06 22:09:48.024  5267  5347 D GStreamer+decodebin: 0:00:34.941658997 0xe900d4c0 gstdecodebin2.c:1437:gst_decode_bin_autoplug_select:<decodebin1> default autoplug-select returns TRY
06-06 22:09:48.024  5267  5349 V GStreamer+qtdemux: 0:00:34.941675403 0xe900d580 qtdemux.c:4957:gst_qtdemux_combine_flows:<q> combined flow return: ok
06-06 22:09:48.024  5267  5347 D GStreamer+decodebin: 0:00:34.941682487 0xe900d4c0 gstdecodebin2.c:2255:connect_pad:<decodebin1> autoplug select requested try
06-06 22:09:48.024  5267  5349 V GStreamer+qtdemux: 0:00:34.941694518 0xe900d580 qtdemux.c:8003:qtdemux_parse_samples:<q> parsing samples for stream fourcc avc1, pad video_0
06-06 22:09:48.024  5267  5347 D GStreamer+GST_PADS: 0:00:34.941702018 0xe900d4c0 gstghostpad.c:842:gst_ghost_pad_set_target:<'':decodepad1> clearing target
06-06 22:09:48.024  5267  5349 D GStreamer+qtdemux: 0:00:34.941741653 0xe900d580 qtdemux.c:8014:qtdemux_parse_samples:<q> parsing up to sample 14
06-06 22:09:48.024  5267  5347 I GStreamer+GST_ELEMENT_PADS: 0:00:34.941736914 0xe900d4c0 gstpad.c:2071:gst_pad_unlink unlinking typefind:src(0xe9296aa8) and decodepad1:proxypad5(0xe932d1a0)
06-06 22:09:48.024  5267  5349 V GStreamer+qtdemux: 0:00:34.941770924 0xe900d580 qtdemux.c:8040:qtdemux_parse_samples:<q> sample 14 has size 42710
06-06 22:09:48.024  5267  5347 V GStreamer+GST_MESSAGE: 0:00:34.941778060 0xe900d4c0 gstmessage.c:293:gst_message_new_custom source proxypad5: creating new message 0xe9308a68 structure-change
06-06 22:09:48.024  5267  5349 V GStreamer+qtdemux: 0:00:34.941792747 0xe900d580 qtdemux.c:8164:qtdemux_parse_samples:<q> creating entry 14 with offset 647161 and size 42710
06-06 22:09:48.024  5267  5349 D GStreamer+qtdemux: 0:00:34.941817747 0xe900d580 qtdemux.c:8221:qtdemux_parse_samples:<q> sample 14: index 1, timestamp 0:00:00.298333333
06-06 22:09:48.024  5267  5347 D GStreamer+GST_BUS: 0:00:34.941801914 0xe900d4c0 gstbus.c:309:gst_bus_post:<bus2> [msg 0xe9308a68] posting on bus structure-change message: 0xe9308a68, time 99:99:99.999999999, seq-num 137, element 'proxypad5', GstMessageStructureChange, type=(GstStructureChangeType)GST_STRUCTURE_CHANGE_TYPE_PAD_UNLINK, owner=(GstElement)"\(GstTypeFindElement\)\ typefind", busy=(boolean)true;
06-06 22:09:48.024  5267  5349 D GStreamer+qtdemux: 0:00:34.941853789 0xe900d580 qtdemux.c:8276:qtdemux_parse_samples:<q> samples at 14 is keyframe
06-06 22:09:48.025  5267  5349 V GStreamer+qtdemux: 0:00:34.941878841 0xe900d580 qtdemux.c:5655:gst_qtdemux_loop:<q> loop at position 15003960, state 2
06-06 22:09:48.025  5267  5347 D GStreamer+decodebin: 0:00:34.941863685 0xe900d4c0 gstdecodebin2.c:5492:gst_decode_bin_handle_message:<decodebin1> Forwarding msg structure-change message: 0xe9308a68, time 99:99:99.999999999, seq-num 137, element 'proxypad5', GstMessageStructureChange, type=(GstStructureChangeType)GST_STRUCTURE_CHANGE_TYPE_PAD_UNLINK, owner=(GstElement)"\(GstTypeFindElement\)\ typefind", busy=(boolean)true;
06-06 22:09:48.025  5267  5349 V GStreamer+qtdemux: 0:00:34.941905664 0xe900d580 qtdemux.c:4750:gst_qtdemux_prepare_current_sample:<q> segment active, index = 25 of 299
06-06 22:09:48.025  5267  5347 D GStreamer+bin: 0:00:34.941917799 0xe900d4c0 gstbin.c:3654:gst_bin_handle_message_func:<decodebin1> [msg 0xe9308a68] handling child proxypad5 message of type structure-change
06-06 22:09:48.025  5267  5349 V GStreamer+qtdemux: 0:00:34.941925768 0xe900d580 qtdemux.c:8003:qtdemux_parse_samples:<q> parsing samples for stream fourcc mp4a, pad audio_0
06-06 22:09:48.025  5267  5347 V GStreamer+bin: 0:00:34.941946653 0xe900d4c0 gstbin.c:889:message_check looking at message 0xe90126d8: 0
06-06 22:09:48.025  5267  5349 V GStreamer+qtdemux: 0:00:34.941952226 0xe900d580 qtdemux.c:8385:qtdemux_parse_samples:<q> Tried to parse up to sample 25 but this sample has already been parsed
06-06 22:09:48.025  5267  5347 D GStreamer+bin: 0:00:34.941971289 0xe900d4c0 gstbin.c:911:find_message:<decodebin1> no message found matching types 00001000
06-06 22:09:48.025  5267  5347 D GStreamer+bin: 0:00:34.941989987 0xe900d4c0 gstbin.c:918:find_message:<decodebin1>   structure-change
06-06 22:09:48.025  5267  5349 D GStreamer+qtdemux: 0:00:34.941978476 0xe900d580 qtdemux.c:5512:gst_qtdemux_loop_state_movie:<q> pushing from stream 1, empty 0 offset 689871, size 144, dts=0:00:00.600000000, pts=0:00:00.600000000, duration 0:00:00.024000000
06-06 22:09:48.025  5267  5347 D GStreamer+bin: 0:00:34.942011080 0xe900d4c0 gstbin.c:958:bin_replace_message:<decodebin1> got new message 0xe9308a68, structure-change from proxypad5
06-06 22:09:48.025  5267  5349 V GStreamer+qtdemux: 0:00:34.942017955 0xe900d580 qtdemux.c:5566:gst_qtdemux_loop_state_movie:<q> reading 144 bytes @ 689871
06-06 22:09:48.025  5267  5347 D GStreamer+GST_BUS: 0:00:34.942035924 0xe900d4c0 gstbus.c:344:gst_bus_post:<bus2> [msg 0xe9308a68] dropped
06-06 22:09:48.025  5267  5349 V GStreamer+GST_SCHEDULING: 0:00:34.942043945 0xe900d580 gstpad.c:4654:gst_pad_get_range_unchecked:<filesrc0:src> calling getrangefunc gst_base_src_getrange, offset 689871, size 144
06-06 22:09:48.025  5267  5347 I GStreamer+GST_ELEMENT_PADS: 0:00:34.942060768 0xe900d4c0 gstpad.c:2125:gst_pad_unlink unlinked typefind:src and decodepad1:proxypad5
06-06 22:09:48.025  5267  5349 D GStreamer+basesrc: 0:00:34.942068008 0xe900d580 gstbasesrc.c:2354:gst_base_src_update_length:<filesrc0> reading offset 689871, length 144, size 15003960, segment.stop -1, maxsize 15003960
06-06 22:09:48.025  5267  5347 V GStreamer+GST_MESSAGE: 0:00:34.942089153 0xe900d4c0 gstmessage.c:293:gst_message_new_custom source proxypad5: creating new message 0xe9308ac0 structure-change
06-06 22:09:48.025  5267  5349 D GStreamer+basesrc: 0:00:34.942100091 0xe900d580 gstbasesrc.c:2455:gst_base_src_get_range:<filesrc0> calling create offset 689871 length 144, time 0
06-06 22:09:48.025  5267  5349 D GStreamer+GST_MEMORY: 0:00:34.942122851 0xe900d580 gstmemory.c:138:gst_memory_init new memory 0xe93a28f0, maxsize:147 offset:0 size:144
06-06 22:09:48.025  5267  5347 D GStreamer+GST_BUS: 0:00:34.942109830 0xe900d4c0 gstbus.c:309:gst_bus_post:<bus2> [msg 0xe9308ac0] posting on bus structure-change message: 0xe9308ac0, time 99:99:99.999999999, seq-num 138, element 'proxypad5', GstMessageStructureChange, type=(GstStructureChangeType)GST_STRUCTURE_CHANGE_TYPE_PAD_UNLINK, owner=(GstElement)"\(GstTypeFindElement\)\ typefind", busy=(boolean)false;
06-06 22:09:48.025  5267  5349 V GStreamer+GST_BUFFER: 0:00:34.942150664 0xe900d580 gstbuffer.c:727:gst_buffer_new new 0xe9397370
06-06 22:09:48.025  5267  5349 V GStreamer+GST_BUFFER: 0:00:34.942173789 0xe900d580 gstbuffer.c:342:_memory_add buffer 0xe9397370, idx -1, mem 0xe93a28f0
06-06 22:09:48.025  5267  5349 V GStreamer+GST_BUFFER: 0:00:34.942197018 0xe900d580 gstbuffer.c:783:gst_buffer_new_allocate new buffer 0xe9397370 of size 144 from allocator 0x0
06-06 22:09:48.025  5267  5347 D GStreamer+decodebin: 0:00:34.942172955 0xe900d4c0 gstdecodebin2.c:5492:gst_decode_bin_handle_message:<decodebin1> Forwarding msg structure-change message: 0xe9308ac0, time 99:99:99.999999999, seq-num 138, element 'proxypad5', GstMessageStructureChange, type=(GstStructureChangeType)GST_STRUCTURE_CHANGE_TYPE_PAD_UNLINK, owner=(GstElement)"\(GstTypeFindElement\)\ typefind", busy=(boolean)false;
06-06 22:09:48.025  5267  5349 V GStreamer+GST_BUFFER: 0:00:34.942222643 0xe900d580 gstbuffer.c:1649:gst_buffer_map_range buffer 0xe9397370, idx 0, length -1, flags 0002
06-06 22:09:48.025  5267  5347 D GStreamer+bin: 0:00:34.942230455 0xe900d4c0 gstbin.c:3654:gst_bin_handle_message_func:<decodebin1> [msg 0xe9308ac0] handling child proxypad5 message of type structure-change
06-06 22:09:48.025  5267  5349 V GStreamer+GST_BUFFER: 0:00:34.942242226 0xe900d580 gstbuffer.c:212:_get_merged_memory buffer 0xe9397370, idx 0, length 1
06-06 22:09:48.025  5267  5347 V GStreamer+bin: 0:00:34.942253893 0xe900d4c0 gstbin.c:889:message_check looking at message 0xe9308a68: 1
06-06 22:09:48.025  5267  5349 V GStreamer+filesrc: 0:00:34.942260455 0xe900d580 gstfilesrc.c:360:gst_file_src_fill:<filesrc0> Reading 144 bytes at offset 0xa86cf
06-06 22:09:48.025  5267  5347 D GStreamer+bin: 0:00:34.942272591 0xe900d4c0 gstbin.c:986:bin_remove_messages:<decodepad1:proxypad5> deleting message 0xe9308a68 of types 0x00001000
06-06 22:09:48.025  5267  5349 D GStreamer+basesrc: 0:00:34.942283528 0xe900d580 gstbasesrc.c:2309:gst_base_src_do_sync:<filesrc0> we have no clock
06-06 22:09:48.025  5267  5347 V GStreamer+GST_MESSAGE: 0:00:34.942295872 0xe900d4c0 gstmessage.c:200:_gst_message_free finalize message 0xe9308a68, structure-change from proxypad5
06-06 22:09:48.025  5267  5349 D GStreamer+basesrc: 0:00:34.942302174 0xe900d580 gstbasesrc.c:2519:gst_base_src_get_range:<filesrc0> buffer ok
06-06 22:09:48.025  5267  5347 V GStreamer+bin: 0:00:34.942321393 0xe900d4c0 gstbin.c:889:message_check looking at message 0xe90126d8: 0
06-06 22:09:48.025  5267  5347 D GStreamer+bin: 0:00:34.942342903 0xe900d4c0 gstbin.c:992:bin_remove_messages:<decodebin1> not deleting message 0xe90126d8 of type 0x00100000
06-06 22:09:48.025  5267  5349 V GStreamer+qtdemux: 0:00:34.942323216 0xe900d580 qtdemux.c:5277:gst_qtdemux_decorate_and_push_buffer:<q> Pushing buffer with dts 0:00:00.600000000, pts 0:00:00.600000000, duration 0:00:00.024000000 on pad audio_0
06-06 22:09:48.025  5267  5347 V GStreamer+GST_MESSAGE: 0:00:34.942364518 0xe900d4c0 gstmessage.c:200:_gst_message_free finalize message 0xe9308ac0, structure-change from proxypad5
06-06 22:09:48.025  5267  5347 D GStreamer+GST_BUS: 0:00:34.942390716 0xe900d4c0 gstbus.c:344:gst_bus_post:<bus2> [msg 0xe9308ac0] dropped
06-06 22:09:48.025  5267  5349 D GStreamer+GST_SCHEDULING: 0:00:34.942366914 0xe900d580 gstpad.c:4193:gst_pad_chain_data_unchecked:<queue2:sink> calling chainfunction &gst_queue_chain with buffer buffer: 0xe9397370, pts 0:00:00.600000000, dts 0:00:00.600000000, dur 0:00:00.024000000, size 144, offset none, offset_end none, flags 0x0
06-06 22:09:48.025  5267  5349 V GStreamer+queue_dataflow: 0:00:34.942420091 0xe900d580 gstqueue.c:1181:gst_queue_chain_buffer_or_list:<queue2> received buffer 0xe9397370 of size 144, time 0:00:00.600000000, duration 0:00:00.024000000
06-06 22:09:48.025  5267  5347 D GStreamer+decodebin: 0:00:34.942413112 0xe900d4c0 gstdecodebin2.c:1479:clear_sticky_events:<'':decodepad1> clearing sticky event stream-start event: 0xe90b4198, time 99:99:99.999999999, seq-num 97, GstEventStreamStart, stream-id=(string)71ab440d261a1bb43c19b397eec2373651540427aed1e7b0deb4be62a10a7f25/002, flags=(GstStreamFlags)GST_STREAM_FLAG_NONE, group-id=(uint)0;
06-06 22:09:48.025  5267  5349 V GStreamer+queue: 0:00:34.942456393 0xe900d580 gstqueue.c:633:apply_buffer:<queue2> sink position updated to 0:00:00.624000000
06-06 22:09:48.025  5267  5349 V GStreamer+queue: 0:00:34.942486705 0xe900d580 gstqueue.c:529:update_time_level:<queue2> update sink time
06-06 22:09:48.025  5267  5347 D GStreamer+decodebin: 0:00:34.942465247 0xe900d4c0 gstdecodebin2.c:1479:clear_sticky_events:<'':decodepad1> clearing sticky event caps event: 0xe91b59f8, time 99:99:99.999999999, seq-num 110, GstEventCaps, caps=(GstCaps)"audio/mpeg\,\ mpegversion\=\(int\)1\,\ parsed\=\(boolean\)true\,\ rate\=\(int\)24000\,\ channels\=\(int\)1";
06-06 22:09:48.025  5267  5349 V GStreamer+queue: 0:00:34.942508216 0xe900d580 gstqueue.c:547:update_time_level:<queue2> sink +0:00:00.624000000, src +0:00:00.000000000
06-06 22:09:48.025  5267  5347 D GStreamer+GST_PLUGIN_LOADING: 0:00:34.942524466 0xe900d4c0 gstpluginfeature.c:106:gst_plugin_feature_load loading plugin for feature 0xe8e8cf50; 'mpegaudioparse'
06-06 22:09:48.025  5267  5349 D GStreamer+GST_SCHEDULING: 0:00:34.942536028 0xe900d580 gstpad.c:4199:gst_pad_chain_data_unchecked:<queue2:sink> called chainfunction &gst_queue_chain with buffer 0xe9397370, returned ok
06-06 22:09:48.025  5267  5347 I GStreamer+GST_ELEMENT_FACTORY: 0:00:34.942544049 0xe900d4c0 gstelementfactory.c:364:gst_element_factory_create creating element "mpegaudioparse"
06-06 22:09:48.025  5267  5349 V GStreamer+qtdemux: 0:00:34.942558216 0xe900d580 qtdemux.c:4949:gst_qtdemux_combine_flows:<q> flow return: ok
06-06 22:09:48.025  5267  5347 D GStreamer+baseparse: 0:00:34.942569362 0xe900d4c0 gstbaseparse.c:608:gst_base_parse_init:<GstBaseParse@0xe93dba18> gst_base_parse_init
06-06 22:09:48.025  5267  5349 V GStreamer+qtdemux: 0:00:34.942577643 0xe900d580 qtdemux.c:4957:gst_qtdemux_combine_flows:<q> combined flow return: ok
06-06 22:09:48.025  5267  5349 V GStreamer+qtdemux: 0:00:34.942595351 0xe900d580 qtdemux.c:8003:qtdemux_parse_samples:<q> parsing samples for stream fourcc mp4a, pad audio_0
06-06 22:09:48.025  5267  5349 D GStreamer+qtdemux: 0:00:34.942620924 0xe900d580 qtdemux.c:8014:qtdemux_parse_samples:<q> parsing up to sample 26
06-06 22:09:48.025  5267  5347 D GStreamer+GST_PADS: 0:00:34.942621393 0xe900d4c0 gstpad.c:1849:gst_pad_set_event_function_full:<'':sink> eventfunc for set to gst_base_parse_sink_event
06-06 22:09:48.025  5267  5349 V GStreamer+qtdemux: 0:00:34.942640039 0xe900d580 qtdemux.c:8040:qtdemux_parse_samples:<q> sample 26 has size 144
06-06 22:09:48.025  5267  5347 D GStreamer+GST_PADS: 0:00:34.942647122 0xe900d4c0 gstpad.c:1929:gst_pad_set_query_function_full:<'':sink> queryfunc set to gst_base_parse_sink_query
06-06 22:09:48.025  5267  5349 V GStreamer+qtdemux: 0:00:34.942660455 0xe900d580 qtdemux.c:8164:qtdemux_parse_samples:<q> creating entry 26 with offset 731614 and size 144
06-06 22:09:48.025  5267  5347 D GStreamer+GST_PADS: 0:00:34.942668580 0xe900d4c0 gstpad.c:1743:gst_pad_set_chain_function_full:<'':sink> chainfunc set to gst_base_parse_chain
06-06 22:09:48.025  5267  5347 D GStreamer+GST_PADS: 0:00:34.942691549 0xe900d4c0 gstpad.c:1673:gst_pad_set_activate_function_full:<'':sink> activatefunc set to gst_base_parse_sink_activate
06-06 22:09:48.025  5267  5349 D GStreamer+qtdemux: 0:00:34.942686133 0xe900d580 qtdemux.c:8221:qtdemux_parse_samples:<q> sample 26: index 26, timestamp 0:00:00.624000000
06-06 22:09:48.025  5267  5349 D GStreamer+qtdemux: 0:00:34.942722070 0xe900d580 qtdemux.c:8321:qtdemux_parse_samples:<q> setting all keyframes
06-06 22:09:48.025  5267  5347 D GStreamer+GST_PADS: 0:00:34.942724570 0xe900d4c0 gstpad.c:1708:gst_pad_set_activatemode_function_full:<'':sink> activatemodefunc set to gst_base_parse_sink_activate_mode
06-06 22:09:48.025  5267  5347 I GStreamer+GST_ELEMENT_PADS: 0:00:34.942749049 0xe900d4c0 gstelement.c:661:gst_element_add_pad:<GstBaseParse@0xe93dba18> adding pad 'sink'
06-06 22:09:48.025  5267  5349 V GStreamer+qtdemux: 0:00:34.942745664 0xe900d580 qtdemux.c:5655:gst_qtdemux_loop:<q> loop at position 15003960, state 2
06-06 22:09:48.025  5267  5347 D GStreamer+GST_REFCOUNTING: 0:00:34.942771966 0xe900d4c0 gstobject.c:700:gst_object_set_parent:<'':sink> set parent (ref and sink)
06-06 22:09:48.025  5267  5349 V GStreamer+qtdemux: 0:00:34.942773528 0xe900d580 qtdemux.c:4750:gst_qtdemux_prepare_current_sample:<q> segment active, index = 14 of 361
06-06 22:09:48.025  5267  5347 D GStreamer+baseparse: 0:00:34.942793997 0xe900d4c0 gstbaseparse.c:629:gst_base_parse_init:<GstBaseParse@0xe93dba18> sinkpad created
06-06 22:09:48.025  5267  5349 V GStreamer+qtdemux: 0:00:34.942796601 0xe900d580 qtdemux.c:8003:qtdemux_parse_samples:<q> parsing samples for stream fourcc avc1, pad video_0
06-06 22:09:48.025  5267  5349 V GStreamer+qtdemux: 0:00:34.942823216 0xe900d580 qtdemux.c:8385:qtdemux_parse_samples:<q> Tried to parse up to sample 14 but this sample has already been parsed
06-06 22:09:48.025  5267  5347 D GStreamer+GST_PADS: 0:00:34.942842903 0xe900d4c0 gstpad.c:1849:gst_pad_set_event_function_full:<'':src> eventfunc for set to gst_base_parse_src_event
06-06 22:09:48.025  5267  5347 D GStreamer+GST_PADS: 0:00:34.942866653 0xe900d4c0 gstpad.c:1929:gst_pad_set_query_function_full:<'':src> queryfunc set to gst_base_parse_src_query
06-06 22:09:48.026  5267  5349 D GStreamer+qtdemux: 0:00:34.942849778 0xe900d580 qtdemux.c:5512:gst_qtdemux_loop_state_movie:<q> pushing from stream 0, empty 0 offset 647161, size 42710, dts=0:00:00.298333333, pts=0:00:00.298333333, duration 0:00:00.020000000
06-06 22:09:48.026  5267  5347 I GStreamer+GST_ELEMENT_PADS: 0:00:34.942886705 0xe900d4c0 gstelement.c:661:gst_element_add_pad:<GstBaseParse@0xe93dba18> adding pad 'src'
06-06 22:09:48.026  5267  5349 V GStreamer+qtdemux: 0:00:34.942891653 0xe900d580 qtdemux.c:5566:gst_qtdemux_loop_state_movie:<q> reading 42710 bytes @ 647161
06-06 22:09:48.026  5267  5347 D GStreamer+GST_REFCOUNTING: 0:00:34.942913633 0xe900d4c0 gstobject.c:700:gst_object_set_parent:<'':src> set parent (ref and sink)
06-06 22:09:48.026  5267  5349 V GStreamer+GST_SCHEDULING: 0:00:34.942919935 0xe900d580 gstpad.c:4654:gst_pad_get_range_unchecked:<filesrc0:src> calling getrangefunc gst_base_src_getrange, offset 647161, size 42710
06-06 22:09:48.026  5267  5347 D GStreamer+baseparse: 0:00:34.942935299 0xe900d4c0 gstbaseparse.c:641:gst_base_parse_init:<GstBaseParse@0xe93dba18> src created
06-06 22:09:48.026  5267  5349 D GStreamer+basesrc: 0:00:34.942943476 0xe900d580 gstbasesrc.c:2354:gst_base_src_update_length:<filesrc0> reading offset 647161, length 42710, size 15003960, segment.stop -1, maxsize 15003960
06-06 22:09:48.026  5267  5347 D GStreamer+baseparse: 0:00:34.942986237 0xe900d4c0 gstbaseparse.c:653:gst_base_parse_init:<GstBaseParse@0xe93dba18> init ok
06-06 22:09:48.026  5267  5349 D GStreamer+basesrc: 0:00:34.942988476 0xe900d580 gstbasesrc.c:2455:gst_base_src_get_range:<filesrc0> calling create offset 647161 length 42710, time 0
06-06 22:09:48.026  5267  5348 D GStreamer+GST_ELEMENT_FACTORY: 0:00:34.941104883 0xe900d520 gstelementfactory.c:851:gst_element_factory_list_filter Trying mulawdec
06-06 22:09:48.026  5267  5349 D GStreamer+GST_MEMORY: 0:00:34.943027591 0xe900d580 gstmemory.c:138:gst_memory_init new memory 0xe93de008, maxsize:42713 offset:0 size:42710
06-06 22:09:48.026  5267  5348 D GStreamer+GST_ELEMENT_FACTORY: 0:00:34.943051393 0xe900d520 gstelementfactory.c:851:gst_element_factory_list_filter Trying multipartdemux
06-06 22:09:48.026  5267  5349 V GStreamer+GST_BUFFER: 0:00:34.943054310 0xe900d580 gstbuffer.c:727:gst_buffer_new new 0xe9397410
06-06 22:09:48.026  5267  5348 D GStreamer+GST_ELEMENT_FACTORY: 0:00:34.943072539 0xe900d520 gstelementfactory.c:851:gst_element_factory_list_filter Trying mxfdemux
06-06 22:09:48.026  5267  5349 V GStreamer+GST_BUFFER: 0:00:34.943072851 0xe900d580 gstbuffer.c:342:_memory_add buffer 0xe9397410, idx -1, mem 0xe93de008
06-06 22:09:48.026  5267  5348 D GStreamer+GST_ELEMENT_FACTORY: 0:00:34.943097747 0xe900d520 gstelementfactory.c:851:gst_element_factory_list_filter Trying oggdemux
06-06 22:09:48.026  5267  5349 V GStreamer+GST_BUFFER: 0:00:34.943096966 0xe900d580 gstbuffer.c:783:gst_buffer_new_allocate new buffer 0xe9397410 of size 42710 from allocator 0x0
06-06 22:09:48.026  5267  5348 D GStreamer+GST_ELEMENT_FACTORY: 0:00:34.943124258 0xe900d520 gstelementfactory.c:851:gst_element_factory_list_filter Trying ogmaudioparse
06-06 22:09:48.026  5267  5349 V GStreamer+GST_BUFFER: 0:00:34.943125351 0xe900d580 gstbuffer.c:1649:gst_buffer_map_range buffer 0xe9397410, idx 0, length -1, flags 0002
06-06 22:09:48.026  5267  5348 D GStreamer+GST_ELEMENT_FACTORY: 0:00:34.943148320 0xe900d520 gstelementfactory.c:851:gst_element_factory_list_filter Trying ogmtextparse
06-06 22:09:48.026  5267  5349 V GStreamer+GST_BUFFER: 0:00:34.943151653 0xe900d580 gstbuffer.c:212:_get_merged_memory buffer 0xe9397410, idx 0, length 1
06-06 22:09:48.026  5267  5348 D GStreamer+GST_ELEMENT_FACTORY: 0:00:34.943170820 0xe900d520 gstelementfactory.c:851:gst_element_factory_list_filter Trying ogmvideoparse
06-06 22:09:48.026  5267  5349 V GStreamer+filesrc: 0:00:34.943173216 0xe900d580 gstfilesrc.c:360:gst_file_src_fill:<filesrc0> Reading 42710 bytes at offset 0x9dff9
06-06 22:09:48.026  5267  5348 D GStreamer+GST_ELEMENT_FACTORY: 0:00:34.943193476 0xe900d520 gstelementfactory.c:851:gst_element_factory_list_filter Trying openjpegdec
06-06 22:09:48.026  5267  5348 D GStreamer+GST_ELEMENT_FACTORY: 0:00:34.943212174 0xe900d520 gstelementfactory.c:851:gst_element_factory_list_filter Trying opusdec
06-06 22:09:48.026  5267  5348 D GStreamer+GST_ELEMENT_FACTORY: 0:00:34.943228997 0xe900d520 gstelementfactory.c:851:gst_element_factory_list_filter Trying pngdec
06-06 22:09:48.026  5267  5348 D GStreamer+GST_ELEMENT_FACTORY: 0:00:34.943245820 0xe900d520 gstelementfactory.c:851:gst_element_factory_list_filter Trying pnmdec
06-06 22:09:48.026  5267  5348 D GStreamer+GST_ELEMENT_FACTORY: 0:00:34.943263945 0xe900d520 gstelementfactory.c:851:gst_element_factory_list_filter Trying qtdemux
06-06 22:09:48.026  5267  5348 D GStreamer+GST_ELEMENT_FACTORY: 0:00:34.943282695 0xe900d520 gstelementfactory.c:851:gst_element_factory_list_filter Trying rsvgdec
06-06 22:09:48.026  5267  5348 D GStreamer+GST_ELEMENT_FACTORY: 0:00:34.943302539 0xe900d520 gstelementfactory.c:851:gst_element_factory_list_filter Trying rtpopusdepay
06-06 22:09:48.026  5267  5348 D GStreamer+GST_ELEMENT_FACTORY: 0:00:34.943320716 0xe900d520 gstelementfactory.c:851:gst_element_factory_list_filter Trying schrodec
06-06 22:09:48.026  5267  5348 D GStreamer+GST_ELEMENT_FACTORY: 0:00:34.943338737 0xe900d520 gstelementfactory.c:851:gst_element_factory_list_filter Trying speexdec
06-06 22:09:48.026  5267  5348 D GStreamer+GST_ELEMENT_FACTORY: 0:00:34.943356653 0xe900d520 gstelementfactory.c:851:gst_element_factory_list_filter Trying theoradec
06-06 22:09:48.026  5267  5348 D GStreamer+GST_ELEMENT_FACTORY: 0:00:34.943374362 0xe900d520 gstelementfactory.c:851:gst_element_factory_list_filter Trying vorbisdec
06-06 22:09:48.026  5267  5348 D GStreamer+GST_ELEMENT_FACTORY: 0:00:34.943392383 0xe900d520 gstelementfactory.c:851:gst_element_factory_list_filter Trying vp8dec
06-06 22:09:48.026  5267  5348 D GStreamer+GST_ELEMENT_FACTORY: 0:00:34.943411810 0xe900d520 gstelementfactory.c:851:gst_element_factory_list_filter Trying vp9dec
06-06 22:09:48.026  5267  5348 D GStreamer+GST_ELEMENT_FACTORY: 0:00:34.943429153 0xe900d520 gstelementfactory.c:851:gst_element_factory_list_filter Trying wavpackdec
06-06 22:09:48.026  5267  5348 D GStreamer+GST_ELEMENT_FACTORY: 0:00:34.943446445 0xe900d520 gstelementfactory.c:851:gst_element_factory_list_filter Trying wavparse
06-06 22:09:48.026  5267  5349 D GStreamer+basesrc: 0:00:34.943450351 0xe900d580 gstbasesrc.c:2309:gst_base_src_do_sync:<filesrc0> we have no clock
06-06 22:09:48.026  5267  5348 D GStreamer+GST_ELEMENT_FACTORY: 0:00:34.943463008 0xe900d520 gstelementfactory.c:851:gst_element_factory_list_filter Trying amcviddec-omxgoogleh263decoder
06-06 22:09:48.026  5267  5349 D GStreamer+basesrc: 0:00:34.943474674 0xe900d580 gstbasesrc.c:2519:gst_base_src_get_range:<filesrc0> buffer ok
06-06 22:09:48.026  5267  5348 D GStreamer+GST_ELEMENT_FACTORY: 0:00:34.943480612 0xe900d520 gstelementfactory.c:851:gst_element_factory_list_filter Trying amcviddec-omxgoogleh264decoder
06-06 22:09:48.026  5267  5348 D GStreamer+GST_ELEMENT_FACTORY: 0:00:34.943503216 0xe900d520 gstelementfactory.c:851:gst_element_factory_list_filter Trying amcviddec-omxgooglehevcdecoder
06-06 22:09:48.026  5267  5349 V GStreamer+qtdemux: 0:00:34.943496445 0xe900d580 qtdemux.c:5277:gst_qtdemux_decorate_and_push_buffer:<q> Pushing buffer with dts 0:00:00.298333333, pts 0:00:00.298333333, duration 0:00:00.020000000 on pad video_0
06-06 22:09:48.026  5267  5348 D GStreamer+GST_ELEMENT_FACTORY: 0:00:34.943526601 0xe900d520 gstelementfactory.c:851:gst_element_factory_list_filter Trying amcviddec-omxgooglempeg4decoder
06-06 22:09:48.026  5267  5348 D GStreamer+GST_ELEMENT_FACTORY: 0:00:34.943545560 0xe900d520 gstelementfactory.c:851:gst_element_factory_list_filter Trying amcviddec-omxgooglevp8decoder
06-06 22:09:48.026  5267  5348 D GStreamer+GST_ELEMENT_FACTORY: 0:00:34.943568164 0xe900d520 gstelementfactory.c:851:gst_element_factory_list_filter Trying amcviddec-omxgooglevp9decoder
06-06 22:09:48.026  5267  5349 D GStreamer+GST_SCHEDULING: 0:00:34.943540612 0xe900d580 gstpad.c:4193:gst_pad_chain_data_unchecked:<queue0:sink> calling chainfunction &gst_queue_chain with buffer buffer: 0xe9397410, pts 0:00:00.298333333, dts 0:00:00.298333333, dur 0:00:00.020000000, size 42710, offset none, offset_end none, flags 0x0
06-06 22:09:48.026  5267  5348 D GStreamer+GST_ELEMENT_FACTORY: 0:00:34.943585872 0xe900d520 gstelementfactory.c:851:gst_element_factory_list_filter Trying auparse
06-06 22:09:48.026  5267  5348 D GStreamer+GST_ELEMENT_FACTORY: 0:00:34.943606289 0xe900d520 gstelementfactory.c:851:gst_element_factory_list_filter Trying ivorbisdec
06-06 22:09:48.026  5267  5349 V GStreamer+queue_dataflow: 0:00:34.943593997 0xe900d580 gstqueue.c:1181:gst_queue_chain_buffer_or_list:<queue0> received buffer 0xe9397410 of size 42710, time 0:00:00.298333333, duration 0:00:00.020000000
06-06 22:09:48.026  5267  5348 D GStreamer+GST_ELEMENT_FACTORY: 0:00:34.943627278 0xe900d520 gstelementfactory.c:851:gst_element_factory_list_filter Trying rtpL16depay
06-06 22:09:48.026  5267  5349 V GStreamer+queue: 0:00:34.943629935 0xe900d580 gstqueue.c:633:apply_buffer:<queue0> sink position updated to 0:00:00.318333333
06-06 22:09:48.026  5267  5348 D GStreamer+GST_ELEMENT_FACTORY: 0:00:34.943646758 0xe900d520 gstelementfactory.c:851:gst_element_factory_list_filter Trying rtpL24depay
06-06 22:09:48.026  5267  5349 V GStreamer+queue: 0:00:34.943654049 0xe900d580 gstqueue.c:529:update_time_level:<queue0> update sink time
06-06 22:09:48.026  5267  5348 D GStreamer+GST_ELEMENT_FACTORY: 0:00:34.943664205 0xe900d520 gstelementfactory.c:851:gst_element_factory_list_filter Trying rtpac3depay
06-06 22:09:48.026  5267  5348 D GStreamer+GST_ELEMENT_FACTORY: 0:00:34.943681341 0xe900d520 gstelementfactory.c:851:gst_element_factory_list_filter Trying rtpamrdepay
06-06 22:09:48.026  5267  5349 V GStreamer+queue: 0:00:34.943670872 0xe900d580 gstqueue.c:547:update_time_level:<queue0> sink +0:00:00.629333333, src +0:00:00.000000000
06-06 22:09:48.026  5267  5348 D GStreamer+GST_ELEMENT_FACTORY: 0:00:34.943698476 0xe900d520 gstelementfactory.c:851:gst_element_factory_list_filter Trying rtpbvdepay
06-06 22:09:48.026  5267  5349 D GStreamer+GST_SCHEDULING: 0:00:34.943699570 0xe900d580 gstpad.c:4199:gst_pad_chain_data_unchecked:<queue0:sink> called chainfunction &gst_queue_chain with buffer 0xe9397410, returned ok
06-06 22:09:48.026  5267  5348 D GStreamer+GST_ELEMENT_FACTORY: 0:00:34.943734466 0xe900d520 gstelementfactory.c:851:gst_element_factory_list_filter Trying rtpceltdepay
06-06 22:09:48.026  5267  5348 D GStreamer+GST_ELEMENT_FACTORY: 0:00:34.943755976 0xe900d520 gstelementfactory.c:851:gst_element_factory_list_filter Trying rtpdvdepay
06-06 22:09:48.026  5267  5349 V GStreamer+qtdemux: 0:00:34.943757018 0xe900d580 qtdemux.c:4949:gst_qtdemux_combine_flows:<q> flow return: ok
06-06 22:09:48.026  5267  5348 D GStreamer+GST_ELEMENT_FACTORY: 0:00:34.943779778 0xe900d520 gstelementfactory.c:851:gst_element_factory_list_filter Trying rtpg722depay
06-06 22:09:48.026  5267  5349 V GStreamer+qtdemux: 0:00:34.943782591 0xe900d580 qtdemux.c:4957:gst_qtdemux_combine_flows:<q> combined flow return: ok
06-06 22:09:48.026  5267  5348 D GStreamer+GST_ELEMENT_FACTORY: 0:00:34.943804466 0xe900d520 gstelementfactory.c:851:gst_element_factory_list_filter Trying rtpg723depay
06-06 22:09:48.026  5267  5349 V GStreamer+qtdemux: 0:00:34.943805872 0xe900d580 qtdemux.c:8003:qtdemux_parse_samples:<q> parsing samples for stream fourcc avc1, pad video_0
06-06 22:09:48.026  5267  5348 D GStreamer+GST_ELEMENT_FACTORY: 0:00:34.943827591 0xe900d520 gstelementfactory.c:851:gst_element_factory_list_filter Trying rtpg726depay
06-06 22:09:48.026  5267  5349 D GStreamer+qtdemux: 0:00:34.943832851 0xe900d580 qtdemux.c:8014:qtdemux_parse_samples:<q> parsing up to sample 15
06-06 22:09:48.026  5267  5348 D GStreamer+GST_ELEMENT_FACTORY: 0:00:34.943845039 0xe900d520 gstelementfactory.c:851:gst_element_factory_list_filter Trying rtpg729depay
06-06 22:09:48.026  5267  5349 V GStreamer+qtdemux: 0:00:34.943851862 0xe900d580 qtdemux.c:8040:qtdemux_parse_samples:<q> sample 15 has size 41599
06-06 22:09:48.026  5267  5348 D GStreamer+GST_ELEMENT_FACTORY: 0:00:34.943863893 0xe900d520 gstelementfactory.c:851:gst_element_factory_list_filter Trying rtpgsmdepay
06-06 22:09:48.027  5267  5349 V GStreamer+qtdemux: 0:00:34.943872226 0xe900d580 qtdemux.c:8164:qtdemux_parse_samples:<q> creating entry 15 with offset 690015 and size 41599
06-06 22:09:48.027  5267  5348 D GStreamer+GST_ELEMENT_FACTORY: 0:00:34.943882122 0xe900d520 gstelementfactory.c:851:gst_element_factory_list_filter Trying rtph261depay
06-06 22:09:48.027  5267  5349 V GStreamer+qtdemux: 0:00:34.943897278 0xe900d580 qtdemux.c:8208:qtdemux_parse_samples:<q> block 0, 1 timestamps, duration 59
06-06 22:09:48.027  5267  5348 D GStreamer+GST_ELEMENT_FACTORY: 0:00:34.943902487 0xe900d520 gstelementfactory.c:851:gst_element_factory_list_filter Trying rtph263depay
06-06 22:09:48.027  5267  5348 D GStreamer+GST_ELEMENT_FACTORY: 0:00:34.943924570 0xe900d520 gstelementfactory.c:851:gst_element_factory_list_filter Trying rtph263pdepay
06-06 22:09:48.027  5267  5349 D GStreamer+qtdemux: 0:00:34.943923685 0xe900d580 qtdemux.c:8221:qtdemux_parse_samples:<q> sample 15: index 0, timestamp 0:00:00.318333333
06-06 22:09:48.027  5267  5348 D GStreamer+GST_ELEMENT_FACTORY: 0:00:34.943954414 0xe900d520 gstelementfactory.c:851:gst_element_factory_list_filter Trying rtph264depay
06-06 22:09:48.027  5267  5349 D GStreamer+qtdemux: 0:00:34.943959101 0xe900d580 qtdemux.c:8276:qtdemux_parse_samples:<q> samples at 15 is keyframe
06-06 22:09:48.027  5267  5348 D GStreamer+GST_ELEMENT_FACTORY: 0:00:34.943975976 0xe900d520 gstelementfactory.c:851:gst_element_factory_list_filter Trying rtph265depay
06-06 22:09:48.027  5267  5349 V GStreamer+qtdemux: 0:00:34.943982226 0xe900d580 qtdemux.c:5655:gst_qtdemux_loop:<q> loop at position 15003960, state 2
06-06 22:09:48.027  5267  5348 D GStreamer+GST_ELEMENT_FACTORY: 0:00:34.943993841 0xe900d520 gstelementfactory.c:851:gst_element_factory_list_filter Trying rtpilbcdepay
06-06 22:09:48.027  5267  5349 V GStreamer+qtdemux: 0:00:34.944005508 0xe900d580 qtdemux.c:4750:gst_qtdemux_prepare_current_sample:<q> segment active, index = 26 of 299
06-06 22:09:48.027  5267  5348 D GStreamer+GST_ELEMENT_FACTORY: 0:00:34.944010976 0xe900d520 gstelementfactory.c:851:gst_element_factory_list_filter Trying rtpj2kdepay
06-06 22:09:48.027  5267  5348 D GStreamer+GST_ELEMENT_FACTORY: 0:00:34.944030664 0xe900d520 gstelementfactory.c:851:gst_element_factory_list_filter Trying rtpjpegdepay
06-06 22:09:48.027  5267  5349 V GStreamer+qtdemux: 0:00:34.944029310 0xe900d580 qtdemux.c:8003:qtdemux_parse_samples:<q> parsing samples for stream fourcc mp4a, pad audio_0
06-06 22:09:48.027  5267  5348 D GStreamer+GST_ELEMENT_FACTORY: 0:00:34.944060247 0xe900d520 gstelementfactory.c:851:gst_element_factory_list_filter Trying rtpklvdepay
06-06 22:09:48.027  5267  5349 V GStreamer+qtdemux: 0:00:34.944061289 0xe900d580 qtdemux.c:8385:qtdemux_parse_samples:<q> Tried to parse up to sample 26 but this sample has already been parsed
06-06 22:09:48.027  5267  5348 D GStreamer+GST_ELEMENT_FACTORY: 0:00:34.944080560 0xe900d520 gstelementfactory.c:851:gst_element_factory_list_filter Trying rtpmp1sdepay
06-06 22:09:48.027  5267  5348 D GStreamer+GST_ELEMENT_FACTORY: 0:00:34.944099101 0xe900d520 gstelementfactory.c:851:gst_element_factory_list_filter Trying rtpmp2tdepay
06-06 22:09:48.027  5267  5349 D GStreamer+qtdemux: 0:00:34.944085403 0xe900d580 qtdemux.c:5512:gst_qtdemux_loop_state_movie:<q> pushing from stream 1, empty 0 offset 731614, size 144, dts=0:00:00.624000000, pts=0:00:00.624000000, duration 0:00:00.024000000
06-06 22:09:48.027  5267  5348 D GStreamer+GST_ELEMENT_FACTORY: 0:00:34.944121758 0xe900d520 gstelementfactory.c:851:gst_element_factory_list_filter Trying rtpmp4adepay
06-06 22:09:48.027  5267  5349 V GStreamer+qtdemux: 0:00:34.944124258 0xe900d580 qtdemux.c:5566:gst_qtdemux_loop_state_movie:<q> reading 144 bytes @ 731614
06-06 22:09:48.027  5267  5348 D GStreamer+GST_ELEMENT_FACTORY: 0:00:34.944148580 0xe900d520 gstelementfactory.c:851:gst_element_factory_list_filter Trying rtpmp4gdepay
06-06 22:09:48.027  5267  5349 V GStreamer+GST_SCHEDULING: 0:00:34.944153424 0xe900d580 gstpad.c:4654:gst_pad_get_range_unchecked:<filesrc0:src> calling getrangefunc gst_base_src_getrange, offset 731614, size 144
06-06 22:09:48.027  5267  5348 D GStreamer+GST_ELEMENT_FACTORY: 0:00:34.944169101 0xe900d520 gstelementfactory.c:851:gst_element_factory_list_filter Trying rtpmp4vdepay
06-06 22:09:48.027  5267  5348 D GStreamer+GST_ELEMENT_FACTORY: 0:00:34.944189153 0xe900d520 gstelementfactory.c:851:gst_element_factory_list_filter Trying rtpmpadepay
06-06 22:09:48.027  5267  5349 D GStreamer+basesrc: 0:00:34.944179258 0xe900d580 gstbasesrc.c:2354:gst_base_src_update_length:<filesrc0> reading offset 731614, length 144, size 15003960, segment.stop -1, maxsize 15003960
06-06 22:09:48.027  5267  5348 D GStreamer+GST_ELEMENT_FACTORY: 0:00:34.944211080 0xe900d520 gstelementfactory.c:851:gst_element_factory_list_filter Trying rtpmparobustdepay
06-06 22:09:48.027  5267  5349 D GStreamer+basesrc: 0:00:34.944212799 0xe900d580 gstbasesrc.c:2455:gst_base_src_get_range:<filesrc0> calling create offset 731614 length 144, time 0
06-06 22:09:48.027  5267  5348 D GStreamer+GST_ELEMENT_FACTORY: 0:00:34.944233633 0xe900d520 gstelementfactory.c:851:gst_element_factory_list_filter Trying rtpmpvdepay
06-06 22:09:48.027  5267  5349 D GStreamer+GST_MEMORY: 0:00:34.944240143 0xe900d580 gstmemory.c:138:gst_memory_init new memory 0xe93a29d8, maxsize:147 offset:0 size:144
06-06 22:09:48.027  5267  5348 D GStreamer+GST_ELEMENT_FACTORY: 0:00:34.944252435 0xe900d520 gstelementfactory.c:851:gst_element_factory_list_filter Trying rtppcmadepay
06-06 22:09:48.027  5267  5349 V GStreamer+GST_BUFFER: 0:00:34.944263268 0xe900d580 gstbuffer.c:727:gst_buffer_new new 0xe93974b0
06-06 22:09:48.027  5267  5348 D GStreamer+GST_ELEMENT_FACTORY: 0:00:34.944271028 0xe900d520 gstelementfactory.c:851:gst_element_factory_list_filter Trying rtppcmudepay
06-06 22:09:48.027  5267  5349 V GStreamer+GST_BUFFER: 0:00:34.944281914 0xe900d580 gstbuffer.c:342:_memory_add buffer 0xe93974b0, idx -1, mem 0xe93a29d8
06-06 22:09:48.027  5267  5348 D GStreamer+GST_ELEMENT_FACTORY: 0:00:34.944288112 0xe900d520 gstelementfactory.c:851:gst_element_factory_list_filter Trying rtpqcelpdepay
06-06 22:09:48.027  5267  5349 V GStreamer+GST_BUFFER: 0:00:34.944299674 0xe900d580 gstbuffer.c:783:gst_buffer_new_allocate new buffer 0xe93974b0 of size 144 from allocator 0x0
06-06 22:09:48.027  5267  5348 D GStreamer+GST_ELEMENT_FACTORY: 0:00:34.944308737 0xe900d520 gstelementfactory.c:851:gst_element_factory_list_filter Trying rtpqdm2depay
06-06 22:09:48.027  5267  5348 D GStreamer+GST_ELEMENT_FACTORY: 0:00:34.944326914 0xe900d520 gstelementfactory.c:851:gst_element_factory_list_filter Trying rtpsbcdepay
06-06 22:09:48.027  5267  5349 V GStreamer+GST_BUFFER: 0:00:34.944322174 0xe900d580 gstbuffer.c:1649:gst_buffer_map_range buffer 0xe93974b0, idx 0, length -1, flags 0002
06-06 22:09:48.027  5267  5348 D GStreamer+GST_ELEMENT_FACTORY: 0:00:34.944348945 0xe900d520 gstelementfactory.c:851:gst_element_factory_list_filter Trying rtpsirendepay
06-06 22:09:48.027  5267  5349 V GStreamer+GST_BUFFER: 0:00:34.944351237 0xe900d580 gstbuffer.c:212:_get_merged_memory buffer 0xe93974b0, idx 0, length 1
06-06 22:09:48.027  5267  5348 D GStreamer+GST_ELEMENT_FACTORY: 0:00:34.944368528 0xe900d520 gstelementfactory.c:851:gst_element_factory_list_filter Trying rtpspeexdepay
06-06 22:09:48.027  5267  5349 V GStreamer+filesrc: 0:00:34.944371862 0xe900d580 gstfilesrc.c:360:gst_file_src_fill:<filesrc0> Reading 144 bytes at offset 0xb29de
06-06 22:09:48.027  5267  5348 D GStreamer+GST_ELEMENT_FACTORY: 0:00:34.944392070 0xe900d520 gstelementfactory.c:851:gst_element_factory_list_filter Trying rtpsv3vdepay
06-06 22:09:48.027  5267  5349 D GStreamer+basesrc: 0:00:34.944400768 0xe900d580 gstbasesrc.c:2309:gst_base_src_do_sync:<filesrc0> we have no clock
06-06 22:09:48.027  5267  5348 D GStreamer+GST_ELEMENT_FACTORY: 0:00:34.944411601 0xe900d520 gstelementfactory.c:851:gst_element_factory_list_filter Trying rtptheoradepay
06-06 22:09:48.027  5267  5349 D GStreamer+basesrc: 0:00:34.944418060 0xe900d580 gstbasesrc.c:2519:gst_base_src_get_range:<filesrc0> buffer ok
06-06 22:09:48.027  5267  5348 D GStreamer+GST_ELEMENT_FACTORY: 0:00:34.944429101 0xe900d520 gstelementfactory.c:851:gst_element_factory_list_filter Trying rtpvorbisdepay
06-06 22:09:48.027  5267  5348 D GStreamer+GST_ELEMENT_FACTORY: 0:00:34.944445976 0xe900d520 gstelementfactory.c:851:gst_element_factory_list_filter Trying rtpvrawdepay
06-06 22:09:48.027  5267  5349 V GStreamer+qtdemux: 0:00:34.944435716 0xe900d580 qtdemux.c:5277:gst_qtdemux_decorate_and_push_buffer:<q> Pushing buffer with dts 0:00:00.624000000, pts 0:00:00.624000000, duration 0:00:00.024000000 on pad audio_0
06-06 22:09:48.027  5267  5348 D GStreamer+GST_ELEMENT_FACTORY: 0:00:34.944465299 0xe900d520 gstelementfactory.c:851:gst_element_factory_list_filter Trying y4mdec
06-06 22:09:48.027  5267  5348 D GStreamer+GST_ELEMENT_FACTORY: 0:00:34.944483737 0xe900d520 gstelementfactory.c:851:gst_element_factory_list_filter Trying dvdec
06-06 22:09:48.027  5267  5349 D GStreamer+GST_SCHEDULING: 0:00:34.944472591 0xe900d580 gstpad.c:4193:gst_pad_chain_data_unchecked:<queue2:sink> calling chainfunction &gst_queue_chain with buffer buffer: 0xe93974b0, pts 0:00:00.624000000, dts 0:00:00.624000000, dur 0:00:00.024000000, size 144, offset none, offset_end none, flags 0x0
06-06 22:09:48.027  5267  5348 D GStreamer+GST_ELEMENT_FACTORY: 0:00:34.944506601 0xe900d520 gstelementfactory.c:851:gst_element_factory_list_filter Trying openh264dec
06-06 22:09:48.027  5267  5348 D GStreamer+GST_ELEMENT_FACTORY: 0:00:34.944532435 0xe900d520 gstelementfactory.c:851:gst_element_factory_list_filter Trying rtpgstdepay
06-06 22:09:48.027  5267  5349 V GStreamer+queue_dataflow: 0:00:34.944528268 0xe900d580 gstqueue.c:1181:gst_queue_chain_buffer_or_list:<queue2> received buffer 0xe93974b0 of size 144, time 0:00:00.624000000, duration 0:00:00.024000000
06-06 22:09:48.027  5267  5348 D GStreamer+GST_ELEMENT_FACTORY: 0:00:34.944560508 0xe900d520 gstelementfactory.c:851:gst_element_factory_list_filter Trying rtpvp8depay
06-06 22:09:48.027  5267  5349 V GStreamer+queue: 0:00:34.944569518 0xe900d580 gstqueue.c:633:apply_buffer:<queue2> sink position updated to 0:00:00.648000000
06-06 22:09:48.027  5267  5348 D GStreamer+GST_ELEMENT_FACTORY: 0:00:34.944578216 0xe900d520 gstelementfactory.c:851:gst_element_factory_list_filter Trying rtpvp9depay
06-06 22:09:48.027  5267  5349 V GStreamer+queue: 0:00:34.944596341 0xe900d580 gstqueue.c:529:update_time_level:<queue2> update sink time
06-06 22:09:48.027  5267  5348 D GStreamer+GST_ELEMENT_FACTORY: 0:00:34.944598112 0xe900d520 gstelementfactory.c:851:gst_element_factory_list_filter Trying rtpxqtdepay
06-06 22:09:48.027  5267  5348 D GStreamer+GST_ELEMENT_FACTORY: 0:00:34.944619518 0xe900d520 gstelementfactory.c:851:gst_element_factory_list_filter Trying sirendec
06-06 22:09:48.027  5267  5349 V GStreamer+queue: 0:00:34.944615247 0xe900d580 gstqueue.c:547:update_time_level:<queue2> sink +0:00:00.648000000, src +0:00:00.000000000
06-06 22:09:48.027  5267  5348 D GStreamer+decodebin: 0:00:34.944649987 0xe900d520 gstdecodebin2.c:1421:gst_decode_bin_autoplug_factories:<forhwgl> autoplug-factories returns 0xe938a090
06-06 22:09:48.027  5267  5349 D GStreamer+GST_SCHEDULING: 0:00:34.944650091 0xe900d580 gstpad.c:4199:gst_pad_chain_data_unchecked:<queue2:sink> called chainfunction &gst_queue_chain with buffer 0xe93974b0, returned ok
06-06 22:09:48.027  5267  5349 V GStreamer+qtdemux: 0:00:34.944681497 0xe900d580 qtdemux.c:4949:gst_qtdemux_combine_flows:<q> flow return: ok
06-06 22:09:48.027  5267  5348 D GStreamer+decodebin: 0:00:34.944697435 0xe900d520 gstdecodebin2.c:1755:analyze_new_pad Trying factory h264parse
06-06 22:09:48.027  5267  5349 V GStreamer+qtdemux: 0:00:34.944704153 0xe900d580 qtdemux.c:4957:gst_qtdemux_combine_flows:<q> combined flow return: ok
06-06 22:09:48.027  5267  5348 D GStreamer+decodebin: 0:00:34.944728580 0xe900d520 gstdecodebin2.c:1760:analyze_new_pad Skipping factory
06-06 22:09:48.027  5267  5349 V GStreamer+qtdemux: 0:00:34.944734570 0xe900d580 qtdemux.c:8003:qtdemux_parse_samples:<q> parsing samples for stream fourcc mp4a, pad audio_0
06-06 22:09:48.027  5267  5348 D GStreamer+decodebin: 0:00:34.944744726 0xe900d520 gstdecodebin2.c:1755:analyze_new_pad Trying factory amcviddec-omxnvidiah264decode
06-06 22:09:48.027  5267  5349 D GStreamer+qtdemux: 0:00:34.944757226 0xe900d580 qtdemux.c:8014:qtdemux_parse_samples:<q> parsing up to sample 27
06-06 22:09:48.027  5267  5349 V GStreamer+qtdemux: 0:00:34.944776497 0xe900d580 qtdemux.c:8040:qtdemux_parse_samples:<q> sample 27 has size 144
06-06 22:09:48.027  5267  5349 V GStreamer+qtdemux: 0:00:34.944803737 0xe900d580 qtdemux.c:8164:qtdemux_parse_samples:<q> creating entry 27 with offset 774529 and size 144
06-06 22:09:48.027  5267  5348 D GStreamer+decodebin: 0:00:34.944833424 0xe900d520 gstdecodebin2.c:1755:analyze_new_pad Trying factory amcviddec-omxgoogleh264decoder
06-06 22:09:48.027  5267  5349 D GStreamer+qtdemux: 0:00:34.944831445 0xe900d580 qtdemux.c:8221:qtdemux_parse_samples:<q> sample 27: index 27, timestamp 0:00:00.648000000
06-06 22:09:48.027  5267  5349 D GStreamer+qtdemux: 0:00:34.944865403 0xe900d580 qtdemux.c:8321:qtdemux_parse_samples:<q> setting all keyframes
06-06 22:09:48.028  5267  5349 V GStreamer+qtdemux: 0:00:34.944885351 0xe900d580 qtdemux.c:5655:gst_qtdemux_loop:<q> loop at position 15003960, state 2
06-06 22:09:48.028  5267  5349 V GStreamer+qtdemux: 0:00:34.944912539 0xe900d580 qtdemux.c:4750:gst_qtdemux_prepare_current_sample:<q> segment active, index = 15 of 361
06-06 22:09:48.028  5267  5348 D GStreamer+decodebin: 0:00:34.944930351 0xe900d520 gstdecodebin2.c:1755:analyze_new_pad Trying factory openh264dec
06-06 22:09:48.028  5267  5349 V GStreamer+qtdemux: 0:00:34.944937435 0xe900d580 qtdemux.c:8003:qtdemux_parse_samples:<q> parsing samples for stream fourcc avc1, pad video_0
06-06 22:09:48.028  5267  5349 V GStreamer+qtdemux: 0:00:34.944958893 0xe900d580 qtdemux.c:8385:qtdemux_parse_samples:<q> Tried to parse up to sample 15 but this sample has already been parsed
06-06 22:09:48.028  5267  5348 D GStreamer+GST_PERFORMANCE: 0:00:34.944967018 0xe900d520 gstcaps.c:178:_gst_caps_copy:<0xe8f1de00> doing copy 0xe8f1de00 -> 0xe933cb18
06-06 22:09:48.028  5267  5349 D GStreamer+qtdemux: 0:00:34.944986028 0xe900d580 qtdemux.c:5512:gst_qtdemux_loop_state_movie:<q> pushing from stream 0, empty 0 offset 690015, size 41599, dts=0:00:00.318333333, pts=0:00:00.318333333, duration 0:00:00.019666667
06-06 22:09:48.028  5267  5347 D GStreamer+GST_ELEMENT_FACTORY: 0:00:34.945037070 0xe900d4c0 gstelementfactory.c:393:gst_element_factory_create created element "mpegaudioparse"
06-06 22:09:48.028  5267  5349 V GStreamer+qtdemux: 0:00:34.945044622 0xe900d580 qtdemux.c:5566:gst_qtdemux_loop_state_movie:<q> reading 41599 bytes @ 690015
06-06 22:09:48.028  5267  5347 D GStreamer+GST_STATES: 0:00:34.945060508 0xe900d4c0 gstelement.c:1968:gst_element_set_locked_state locking state of element mpegaudioparse0
06-06 22:09:48.028  5267  5349 V GStreamer+GST_SCHEDULING: 0:00:34.945070351 0xe900d580 gstpad.c:4654:gst_pad_get_range_unchecked:<filesrc0:src> calling getrangefunc gst_base_src_getrange, offset 690015, size 41599
06-06 22:09:48.028  5267  5347 D GStreamer+GST_PARENTAGE: 0:00:34.945081862 0xe900d4c0 gstbin.c:1496:gst_bin_add adding element mpegaudioparse0 to bin decodebin1
06-06 22:09:48.028  5267  5347 D GStreamer+bin: 0:00:34.945100508 0xe900d4c0 gstbin.c:1176:gst_bin_add_func:<decodebin1> element :mpegaudioparse0
06-06 22:09:48.028  5267  5349 D GStreamer+basesrc: 0:00:34.945095872 0xe900d580 gstbasesrc.c:2354:gst_base_src_update_length:<filesrc0> reading offset 690015, length 41599, size 15003960, segment.stop -1, maxsize 15003960
06-06 22:09:48.028  5267  5347 D GStreamer+GST_REFCOUNTING: 0:00:34.945129049 0xe900d4c0 gstobject.c:700:gst_object_set_parent:<mpegaudioparse0> set parent (ref and sink)
06-06 22:09:48.028  5267  5349 D GStreamer+basesrc: 0:00:34.945130247 0xe900d580 gstbasesrc.c:2455:gst_base_src_get_range:<filesrc0> calling create offset 690015 length 41599, time 0
06-06 22:09:48.028  5267  5349 D GStreamer+GST_MEMORY: 0:00:34.945168685 0xe900d580 gstmemory.c:138:gst_memory_init new memory 0xe93e8738, maxsize:41602 offset:0 size:41599
06-06 22:09:48.028  5267  5347 D GStreamer+GST_PARENTAGE: 0:00:34.945158112 0xe900d4c0 gstelement.c:3044:gst_element_set_bus_func:<mpegaudioparse0> setting bus to 0xe91d4838
06-06 22:09:48.028  5267  5349 V GStreamer+GST_BUFFER: 0:00:34.945195716 0xe900d580 gstbuffer.c:727:gst_buffer_new new 0xe9397550
06-06 22:09:48.028  5267  5347 D GStreamer+GST_CLOCK: 0:00:34.945198112 0xe900d4c0 gstelement.c:480:gst_element_set_base_time:<mpegaudioparse0> set base_time=0:00:00.000000000, old 0:00:00.000000000
06-06 22:09:48.028  5267  5349 V GStreamer+GST_BUFFER: 0:00:34.945215976 0xe900d580 gstbuffer.c:342:_memory_add buffer 0xe9397550, idx -1, mem 0xe93e8738
06-06 22:09:48.028  5267  5347 D GStreamer+GST_CLOCK: 0:00:34.945226393 0xe900d4c0 gstelement.c:542:gst_element_set_start_time:<mpegaudioparse0> set start_time=0:00:00.000000000, old 0:00:00.000000000
06-06 22:09:48.028  5267  5349 V GStreamer+GST_BUFFER: 0:00:34.945234622 0xe900d580 gstbuffer.c:783:gst_buffer_new_allocate new buffer 0xe9397550 of size 41599 from allocator 0x0
06-06 22:09:48.028  5267  5347 D GStreamer+GST_CLOCK: 0:00:34.945257435 0xe900d4c0 gstelement.c:420:gst_element_set_clock:<mpegaudioparse0> setting clock 0x0
06-06 22:09:48.028  5267  5349 V GStreamer+GST_BUFFER: 0:00:34.945261289 0xe900d580 gstbuffer.c:1649:gst_buffer_map_range buffer 0xe9397550, idx 0, length -1, flags 0002
06-06 22:09:48.028  5267  5347 D GStreamer+bin: 0:00:34.945282174 0xe900d4c0 gstbin.c:1291:gst_bin_add_func:<decodebin1> added SUCCESS element
06-06 22:09:48.028  5267  5349 V GStreamer+GST_BUFFER: 0:00:34.945286289 0xe900d580 gstbuffer.c:212:_get_merged_memory buffer 0xe9397550, idx 0, length 1
06-06 22:09:48.028  5267  5347 D GStreamer+GST_PARENTAGE: 0:00:34.945311341 0xe900d4c0 gstbin.c:1371:gst_bin_add_func:<decodebin1> added element "mpegaudioparse0"
06-06 22:09:48.028  5267  5349 V GStreamer+filesrc: 0:00:34.945309101 0xe900d580 gstfilesrc.c:360:gst_file_src_fill:<filesrc0> Reading 41599 bytes at offset 0xa875f
06-06 22:09:48.028  5267  5347 V GStreamer+bin: 0:00:34.945349726 0xe900d4c0 gstbin.c:1424:gst_bin_deep_element_added_func:<pipeline0> emitting deep-element-added for element <decodebin1> which has just been added to <mpegaudioparse0>
06-06 22:09:48.028  5267  5347 V GStreamer+bin: 0:00:34.945381810 0xe900d4c0 gstbin.c:1418:gst_bin_deep_element_added_func:<pipeline0> no parent, reached top-level
06-06 22:09:48.028  5267  5349 D GStreamer+basesrc: 0:00:34.945379518 0xe900d580 gstbasesrc.c:2309:gst_base_src_do_sync:<filesrc0> we have no clock
06-06 22:09:48.028  5267  5349 D GStreamer+basesrc: 0:00:34.945402330 0xe900d580 gstbasesrc.c:2519:gst_base_src_get_range:<filesrc0> buffer ok
06-06 22:09:48.028  5267  5347 V GStreamer+GST_MESSAGE: 0:00:34.945414466 0xe900d4c0 gstmessage.c:293:gst_message_new_custom source sink: creating new message 0xe9308b18 structure-change
06-06 22:09:48.028  5267  5349 V GStreamer+qtdemux: 0:00:34.945422903 0xe900d580 qtdemux.c:5277:gst_qtdemux_decorate_and_push_buffer:<q> Pushing buffer with dts 0:00:00.318333333, pts 0:00:00.318333333, duration 0:00:00.019666667 on pad video_0
