06-06 22:09:48.036  5267  5347 V GStreamer+GST_SCHEDULING: 0:00:34.953431758 0xe900d4c0 gstpad.c:3609:do_probe_callbacks:<mpegaudioparse0:src> do probes cookie 2
06-06 22:09:48.036  5267  5349 D GStreamer+qtdemux: 0:00:34.953429830 0xe900d580 qtdemux.c:8221:qtdemux_parse_samples:<q> sample 20: index 1, timestamp 0:00:00.417666666
06-06 22:09:48.036  5267  5349 D GStreamer+qtdemux: 0:00:34.953461080 0xe900d580 qtdemux.c:8276:qtdemux_parse_samples:<q> samples at 20 is keyframe
06-06 22:09:48.036  5267  5349 V GStreamer+qtdemux: 0:00:34.953483476 0xe900d580 qtdemux.c:5655:gst_qtdemux_loop:<q> loop at position 15003960, state 2
06-06 22:09:48.036  5267  5349 V GStreamer+qtdemux: 0:00:34.953505091 0xe900d580 qtdemux.c:4750:gst_qtdemux_prepare_current_sample:<q> segment active, index = 30 of 299
06-06 22:09:48.036  5267  5348 D GStreamer+bin: 0:00:34.951701133 0xe900d520 gstbin.c:3654:gst_bin_handle_message_func:<forhwgl> [msg 0xe930aac0] handling child proxypad4 message of type structure-change
06-06 22:09:48.036  5267  5349 V GStreamer+qtdemux: 0:00:34.953525091 0xe900d580 qtdemux.c:8003:qtdemux_parse_samples:<q> parsing samples for stream fourcc mp4a, pad audio_0
06-06 22:09:48.036  5267  5348 V GStreamer+bin: 0:00:34.953547278 0xe900d520 gstbin.c:889:message_check looking at message 0xe9308e70: 0
06-06 22:09:48.036  5267  5349 V GStreamer+qtdemux: 0:00:34.953552799 0xe900d580 qtdemux.c:8385:qtdemux_parse_samples:<q> Tried to parse up to sample 30 but this sample has already been parsed
06-06 22:09:48.036  5267  5348 D GStreamer+bin: 0:00:34.953578008 0xe900d520 gstbin.c:911:find_message:<forhwgl> no message found matching types 00001000
06-06 22:09:48.036  5267  5348 D GStreamer+bin: 0:00:34.953600768 0xe900d520 gstbin.c:918:find_message:<forhwgl>   structure-change
06-06 22:09:48.036  5267  5349 D GStreamer+qtdemux: 0:00:34.953582903 0xe900d580 qtdemux.c:5512:gst_qtdemux_loop_state_movie:<q> pushing from stream 1, empty 0 offset 945238, size 144, dts=0:00:00.720000000, pts=0:00:00.720000000, duration 0:00:00.024000000
06-06 22:09:48.036  5267  5348 D GStreamer+bin: 0:00:34.953621810 0xe900d520 gstbin.c:958:bin_replace_message:<forhwgl> got new message 0xe930aac0, structure-change from proxypad4
06-06 22:09:48.036  5267  5349 V GStreamer+qtdemux: 0:00:34.953625143 0xe900d580 qtdemux.c:5566:gst_qtdemux_loop_state_movie:<q> reading 144 bytes @ 945238
06-06 22:09:48.036  5267  5348 D GStreamer+GST_BUS: 0:00:34.953648424 0xe900d520 gstbus.c:344:gst_bus_post:<bus0> [msg 0xe930aac0] dropped
06-06 22:09:48.036  5267  5349 V GStreamer+GST_SCHEDULING: 0:00:34.953654570 0xe900d580 gstpad.c:4654:gst_pad_get_range_unchecked:<filesrc0:src> calling getrangefunc gst_base_src_getrange, offset 945238, size 144
06-06 22:09:48.036  5267  5349 D GStreamer+basesrc: 0:00:34.953681862 0xe900d580 gstbasesrc.c:2354:gst_base_src_update_length:<filesrc0> reading offset 945238, length 144, size 15003960, segment.stop -1, maxsize 15003960
06-06 22:09:48.036  5267  5349 D GStreamer+basesrc: 0:00:34.953729674 0xe900d580 gstbasesrc.c:2455:gst_base_src_get_range:<filesrc0> calling create offset 945238 length 144, time 0
06-06 22:09:48.036  5267  5349 D GStreamer+GST_MEMORY: 0:00:34.953757122 0xe900d580 gstmemory.c:138:gst_memory_init new memory 0xe93a2d78, maxsize:147 offset:0 size:144
06-06 22:09:48.036  5267  5349 V GStreamer+GST_BUFFER: 0:00:34.953782226 0xe900d580 gstbuffer.c:727:gst_buffer_new new 0xe93dc2a8
06-06 22:09:48.036  5267  5347 V GStreamer+GST_SCHEDULING: 0:00:34.953456549 0xe900d4c0 gstpad.c:3448:probe_hook_marshal:<mpegaudioparse0:src> hook 1, cookie 2 with flags 0x00003040 matches
06-06 22:09:48.036  5267  5349 V GStreamer+GST_BUFFER: 0:00:34.953802903 0xe900d580 gstbuffer.c:342:_memory_add buffer 0xe93dc2a8, idx -1, mem 0xe93a2d78
06-06 22:09:48.036  5267  5347 D GStreamer+GST_PADS: 0:00:34.953811914 0xe900d4c0 gstpad.c:3493:probe_hook_marshal:<mpegaudioparse0:src> probe returned OK
06-06 22:09:48.036  5267  5349 V GStreamer+GST_BUFFER: 0:00:34.953825195 0xe900d580 gstbuffer.c:783:gst_buffer_new_allocate new buffer 0xe93dc2a8 of size 144 from allocator 0x0
06-06 22:09:48.036  5267  5347 V GStreamer+GST_PADS: 0:00:34.953833633 0xe900d4c0 gstpad.c:5250:gst_pad_push_event_unchecked:<mpegaudioparse0:src> sending event 0xe90b4198 (stream-start) to peerpad <decodepad1:proxypad5>
06-06 22:09:48.036  5267  5349 V GStreamer+GST_BUFFER: 0:00:34.953846601 0xe900d580 gstbuffer.c:1649:gst_buffer_map_range buffer 0xe93dc2a8, idx 0, length -1, flags 0002
06-06 22:09:48.037  5267  5349 V GStreamer+GST_BUFFER: 0:00:34.953870299 0xe900d580 gstbuffer.c:212:_get_merged_memory buffer 0xe93dc2a8, idx 0, length 1
06-06 22:09:48.037  5267  5347 D GStreamer+GST_EVENT: 0:00:34.953862851 0xe900d4c0 gstpad.c:5536:gst_pad_send_event_unchecked:<decodepad1:proxypad5> have event type stream-start event: 0xe90b4198, time 99:99:99.999999999, seq-num 97, GstEventStreamStart, stream-id=(string)71ab440d261a1bb43c19b397eec2373651540427aed1e7b0deb4be62a10a7f25/002, flags=(GstStreamFlags)GST_STREAM_FLAG_NONE, group-id=(uint)0;
06-06 22:09:48.037  5267  5349 V GStreamer+filesrc: 0:00:34.953894518 0xe900d580 gstfilesrc.c:360:gst_file_src_fill:<filesrc0> Reading 144 bytes at offset 0xe6c56
06-06 22:09:48.037  5267  5347 V GStreamer+GST_PADS: 0:00:34.953922174 0xe900d4c0 gstpad.c:5544:gst_pad_send_event_unchecked:<decodepad1:proxypad5> Removing pending EOS events
06-06 22:09:48.037  5267  5349 D GStreamer+basesrc: 0:00:34.953928580 0xe900d580 gstbasesrc.c:2309:gst_base_src_do_sync:<filesrc0> we have no clock
06-06 22:09:48.037  5267  5349 D GStreamer+basesrc: 0:00:34.953949310 0xe900d580 gstbasesrc.c:2519:gst_base_src_get_range:<filesrc0> buffer ok
06-06 22:09:48.037  5267  5347 V GStreamer+GST_PADS: 0:00:34.953947174 0xe900d4c0 gstpad.c:3017:gst_pad_event_default:<decodepad1:proxypad5> default event handler for event stream-start event: 0xe90b4198, time 99:99:99.999999999, seq-num 97, GstEventStreamStart, stream-id=(string)71ab440d261a1bb43c19b397eec2373651540427aed1e7b0deb4be62a10a7f25/002, flags=(GstStreamFlags)GST_STREAM_FLAG_NONE, group-id=(uint)0;
06-06 22:09:48.037  5267  5349 V GStreamer+qtdemux: 0:00:34.953972070 0xe900d580 qtdemux.c:5277:gst_qtdemux_decorate_and_push_buffer:<q> Pushing buffer with dts 0:00:00.720000000, pts 0:00:00.720000000, duration 0:00:00.024000000 on pad audio_0
06-06 22:09:48.037  5267  5347 V GStreamer+GST_PADS: 0:00:34.954001705 0xe900d4c0 gstpad.c:2937:gst_pad_forward:<decodepad1:proxypad5> calling forward function on pad '':decodepad1
06-06 22:09:48.037  5267  5347 V GStreamer+GST_PADS: 0:00:34.954023737 0xe900d4c0 gstpad.c:2982:event_forward_func:<'':decodepad1> Reffing and pushing event 0xe90b4198 (stream-start) to '':decodepad1
06-06 22:09:48.037  5267  5349 D GStreamer+GST_SCHEDULING: 0:00:34.954017487 0xe900d580 gstpad.c:4193:gst_pad_chain_data_unchecked:<queue2:sink> calling chainfunction &gst_queue_chain with buffer buffer: 0xe93dc2a8, pts 0:00:00.720000000, dts 0:00:00.720000000, dur 0:00:00.024000000, size 144, offset none, offset_end none, flags 0x0
06-06 22:09:48.037  5267  5347 V GStreamer+GST_PADS: 0:00:34.954057018 0xe900d4c0 gstpad.c:5028:store_sticky_event:<'':decodepad1> Removing pending EOS events
06-06 22:09:48.037  5267  5347 V GStreamer+GST_PADS: 0:00:34.954077539 0xe900d4c0 gstpad.c:5087:store_sticky_event:<'':decodepad1> stored sticky event stream-start
06-06 22:09:48.037  5267  5349 V GStreamer+queue_dataflow: 0:00:34.954069310 0xe900d580 gstqueue.c:1181:gst_queue_chain_buffer_or_list:<queue2> received buffer 0xe93dc2a8 of size 144, time 0:00:00.720000000, duration 0:00:00.024000000
06-06 22:09:48.037  5267  5347 D GStreamer+GST_PADS: 0:00:34.954097903 0xe900d4c0 gstpad.c:3853:check_sticky:<'':decodepad1> pushing all sticky events
06-06 22:09:48.037  5267  5349 V GStreamer+queue: 0:00:34.954106080 0xe900d580 gstqueue.c:633:apply_buffer:<queue2> sink position updated to 0:00:00.744000000
06-06 22:09:48.037  5267  5347 D GStreamer+GST_PADS: 0:00:34.954118685 0xe900d4c0 gstpad.c:5306:gst_pad_push_event_unchecked:<'':decodepad1> Dropping event stream-start because pad is not linked
06-06 22:09:48.037  5267  5349 V GStreamer+queue: 0:00:34.954130716 0xe900d580 gstqueue.c:529:update_time_level:<queue2> update sink time
06-06 22:09:48.037  5267  5347 D GStreamer+GST_PADS: 0:00:34.954138841 0xe900d4c0 gstpad.c:3824:push_sticky:<'':decodepad1> pad was not linked, mark pending
06-06 22:09:48.037  5267  5349 V GStreamer+queue: 0:00:34.954148685 0xe900d580 gstqueue.c:547:update_time_level:<queue2> sink +0:00:00.744000000, src +0:00:00.000000000
06-06 22:09:48.037  5267  5347 D GStreamer+GST_PADS: 0:00:34.954159362 0xe900d4c0 gstpad.c:5609:gst_pad_send_event_unchecked:<decodepad1:proxypad5> sent event, ret ok
06-06 22:09:48.037  5267  5347 V GStreamer+GST_PADS: 0:00:34.954182799 0xe900d4c0 gstpad.c:5028:store_sticky_event:<decodepad1:proxypad5> Removing pending EOS events
06-06 22:09:48.037  5267  5349 D GStreamer+GST_SCHEDULING: 0:00:34.954183268 0xe900d580 gstpad.c:4199:gst_pad_chain_data_unchecked:<queue2:sink> called chainfunction &gst_queue_chain with buffer 0xe93dc2a8, returned ok
06-06 22:09:48.037  5267  5347 V GStreamer+GST_PADS: 0:00:34.954200351 0xe900d4c0 gstpad.c:5087:store_sticky_event:<decodepad1:proxypad5> stored sticky event stream-start
06-06 22:09:48.037  5267  5349 V GStreamer+qtdemux: 0:00:34.954208060 0xe900d580 qtdemux.c:4949:gst_qtdemux_combine_flows:<q> flow return: ok
06-06 22:09:48.037  5267  5349 V GStreamer+qtdemux: 0:00:34.954227799 0xe900d580 qtdemux.c:4957:gst_qtdemux_combine_flows:<q> combined flow return: ok
06-06 22:09:48.037  5267  5347 V GStreamer+GST_PADS: 0:00:34.954221810 0xe900d4c0 gstpad.c:5258:gst_pad_push_event_unchecked:<mpegaudioparse0:src> sent event 0xe90b4198 (stream-start) to peerpad <decodepad1:proxypad5>, ret ok
06-06 22:09:48.037  5267  5347 V GStreamer+GST_SCHEDULING: 0:00:34.954255872 0xe900d4c0 gstpad.c:3609:do_probe_callbacks:<mpegaudioparse0:src> do probes cookie 3
06-06 22:09:48.037  5267  5349 V GStreamer+qtdemux: 0:00:34.954253893 0xe900d580 qtdemux.c:8003:qtdemux_parse_samples:<q> parsing samples for stream fourcc mp4a, pad audio_0
06-06 22:09:48.037  5267  5349 D GStreamer+qtdemux: 0:00:34.954285091 0xe900d580 qtdemux.c:8014:qtdemux_parse_samples:<q> parsing up to sample 31
06-06 22:09:48.037  5267  5347 V GStreamer+GST_SCHEDULING: 0:00:34.954284674 0xe900d4c0 gstpad.c:3505:probe_hook_marshal:<mpegaudioparse0:src> hook 1, cookie 3 with flags 0x00003040 does not match 00001001
06-06 22:09:48.037  5267  5349 V GStreamer+qtdemux: 0:00:34.954308008 0xe900d580 qtdemux.c:8040:qtdemux_parse_samples:<q> sample 31 has size 144
06-06 22:09:48.037  5267  5347 D GStreamer+GST_PADS: 0:00:34.954314883 0xe900d4c0 gstpad.c:3805:push_sticky:<mpegaudioparse0:src> event stream-start marked received
06-06 22:09:48.037  5267  5349 V GStreamer+qtdemux: 0:00:34.954327695 0xe900d580 qtdemux.c:8164:qtdemux_parse_samples:<q> creating entry 31 with offset 988430 and size 144
06-06 22:09:48.037  5267  5347 D GStreamer+baseparse: 0:00:34.954336705 0xe900d4c0 gstbaseparse.c:1486:gst_base_parse_sink_event_default:<mpegaudioparse0> event handled
06-06 22:09:48.037  5267  5347 D GStreamer+GST_PADS: 0:00:34.954354258 0xe900d4c0 gstpad.c:5609:gst_pad_send_event_unchecked:<mpegaudioparse0:sink> sent event, ret ok
06-06 22:09:48.037  5267  5349 D GStreamer+qtdemux: 0:00:34.954353841 0xe900d580 qtdemux.c:8221:qtdemux_parse_samples:<q> sample 31: index 31, timestamp 0:00:00.744000000
06-06 22:09:48.037  5267  5347 V GStreamer+GST_PADS: 0:00:34.954379310 0xe900d4c0 gstpad.c:5028:store_sticky_event:<mpegaudioparse0:sink> Removing pending EOS events
06-06 22:09:48.037  5267  5349 D GStreamer+qtdemux: 0:00:34.954384987 0xe900d580 qtdemux.c:8321:qtdemux_parse_samples:<q> setting all keyframes
06-06 22:09:48.037  5267  5347 V GStreamer+GST_PADS: 0:00:34.954397070 0xe900d4c0 gstpad.c:5087:store_sticky_event:<mpegaudioparse0:sink> stored sticky event stream-start
06-06 22:09:48.037  5267  5349 V GStreamer+qtdemux: 0:00:34.954404987 0xe900d580 qtdemux.c:5655:gst_qtdemux_loop:<q> loop at position 15003960, state 2
06-06 22:09:48.037  5267  5349 V GStreamer+qtdemux: 0:00:34.954425924 0xe900d580 qtdemux.c:4750:gst_qtdemux_prepare_current_sample:<q> segment active, index = 20 of 361
06-06 22:09:48.037  5267  5347 D GStreamer+GST_EVENT: 0:00:34.954417018 0xe900d4c0 gstpad.c:5536:gst_pad_send_event_unchecked:<mpegaudioparse0:sink> have event type caps event: 0xe91b59f8, time 99:99:99.999999999, seq-num 110, GstEventCaps, caps=(GstCaps)"audio/mpeg\,\ mpegversion\=\(int\)1\,\ parsed\=\(boolean\)true\,\ rate\=\(int\)24000\,\ channels\=\(int\)1";
06-06 22:09:48.037  5267  5349 V GStreamer+qtdemux: 0:00:34.954449414 0xe900d580 qtdemux.c:8003:qtdemux_parse_samples:<q> parsing samples for stream fourcc avc1, pad video_0
06-06 22:09:48.037  5267  5349 V GStreamer+qtdemux: 0:00:34.954480664 0xe900d580 qtdemux.c:8385:qtdemux_parse_samples:<q> Tried to parse up to sample 20 but this sample has already been parsed
06-06 22:09:48.037  5267  5347 D GStreamer+GST_CAPS: 0:00:34.954480560 0xe900d4c0 gstutils.c:2955:gst_pad_query_accept_caps:<mpegaudioparse0:sink> accept caps of audio/mpeg, mpegversion=(int)1, parsed=(boolean)true, rate=(int)24000, channels=(int)1
06-06 22:09:48.037  5267  5347 D GStreamer+query: 0:00:34.954519830 0xe900d4c0 gstquery.c:674:gst_query_new_custom creating new query 0xe924f950 accept-caps
06-06 22:09:48.037  5267  5349 D GStreamer+qtdemux: 0:00:34.954505560 0xe900d580 qtdemux.c:5512:gst_qtdemux_loop_state_movie:<q> pushing from stream 0, empty 0 offset 902166, size 43072, dts=0:00:00.417666666, pts=0:00:00.417666666, duration 0:00:00.020000000
06-06 22:09:48.037  5267  5347 D GStreamer+GST_PADS: 0:00:34.954542643 0xe900d4c0 gstpad.c:3922:gst_pad_query:<mpegaudioparse0:sink> doing query 0xe924f950 (accept-caps)
06-06 22:09:48.037  5267  5349 V GStreamer+qtdemux: 0:00:34.954548633 0xe900d580 qtdemux.c:5566:gst_qtdemux_loop_state_movie:<q> reading 43072 bytes @ 902166
06-06 22:09:48.037  5267  5347 D GStreamer+baseparse: 0:00:34.954567018 0xe900d4c0 gstbaseparse.c:1557:gst_base_parse_sink_query:<mpegaudioparse0> accept-caps query
06-06 22:09:48.037  5267  5349 V GStreamer+GST_SCHEDULING: 0:00:34.954574674 0xe900d580 gstpad.c:4654:gst_pad_get_range_unchecked:<filesrc0:src> calling getrangefunc gst_base_src_getrange, offset 902166, size 43072
06-06 22:09:48.037  5267  5347 D GStreamer+GST_PADS: 0:00:34.954586705 0xe900d4c0 gstpad.c:3059:gst_pad_query_accept_caps_default:<mpegaudioparse0:sink> query accept-caps accept-caps query: 0xe924f950, GstQueryAcceptCaps, caps=(GstCaps)"audio/mpeg\,\ mpegversion\=\(int\)1\,\ parsed\=\(boolean\)true\,\ rate\=\(int\)24000\,\ channels\=\(int\)1", result=(boolean)false;
06-06 22:09:48.037  5267  5349 D GStreamer+basesrc: 0:00:34.954600351 0xe900d580 gstbasesrc.c:2354:gst_base_src_update_length:<filesrc0> reading offset 902166, length 43072, size 15003960, segment.stop -1, maxsize 15003960
06-06 22:09:48.037  5267  5347 D GStreamer+GST_PERFORMANCE: 0:00:34.954637487 0xe900d4c0 gstpad.c:3074:gst_pad_query_accept_caps_default:<mpegaudioparse0:sink> fallback ACCEPT_CAPS query, consider implementing a specialized version
06-06 22:09:48.037  5267  5349 D GStreamer+basesrc: 0:00:34.954638893 0xe900d580 gstbasesrc.c:2455:gst_base_src_get_range:<filesrc0> calling create offset 902166 length 43072, time 0
06-06 22:09:48.037  5267  5349 D GStreamer+GST_MEMORY: 0:00:34.954687122 0xe900d580 gstmemory.c:138:gst_memory_init new memory 0xe94210a0, maxsize:43075 offset:0 size:43072
06-06 22:09:48.037  5267  5347 D GStreamer+GST_PADS: 0:00:34.954664362 0xe900d4c0 gstpad.c:3085:gst_pad_query_accept_caps_default:<mpegaudioparse0:sink> allowed caps intersect audio/mpeg, mpegversion=(int)1, caps audio/mpeg, mpegversion=(int)1, parsed=(boolean)true, rate=(int)24000, channels=(int)1
06-06 22:09:48.037  5267  5349 V GStreamer+GST_BUFFER: 0:00:34.954728112 0xe900d580 gstbuffer.c:727:gst_buffer_new new 0xe93dc348
06-06 22:09:48.037  5267  5349 V GStreamer+GST_BUFFER: 0:00:34.954749935 0xe900d580 gstbuffer.c:342:_memory_add buffer 0xe93dc348, idx -1, mem 0xe94210a0
06-06 22:09:48.037  5267  5347 D GStreamer+GST_PADS: 0:00:34.954750976 0xe900d4c0 gstpad.c:3367:gst_pad_query_default:<mpegaudioparse0:sink> not forwarding 0xe924f950 (accept-caps) query
06-06 22:09:48.037  5267  5349 V GStreamer+GST_BUFFER: 0:00:34.954775716 0xe900d580 gstbuffer.c:783:gst_buffer_new_allocate new buffer 0xe93dc348 of size 43072 from allocator 0x0
06-06 22:09:48.037  5267  5349 V GStreamer+GST_BUFFER: 0:00:34.954800976 0xe900d580 gstbuffer.c:1649:gst_buffer_map_range buffer 0xe93dc348, idx 0, length -1, flags 0002
06-06 22:09:48.037  5267  5347 V GStreamer+baseparse: 0:00:34.954780716 0xe900d4c0 gstbaseparse.c:1565:gst_base_parse_sink_query:<mpegaudioparse0> accept-caps query result: 1 accept-caps query: 0xe924f950, GstQueryAcceptCaps, caps=(GstCaps)"audio/mpeg\,\ mpegversion\=\(int\)1\,\ parsed\=\(boolean\)true\,\ rate\=\(int\)24000\,\ channels\=\(int\)1", result=(boolean)true;
06-06 22:09:48.037  5267  5349 V GStreamer+GST_BUFFER: 0:00:34.954825612 0xe900d580 gstbuffer.c:212:_get_merged_memory buffer 0xe93dc348, idx 0, length 1
06-06 22:09:48.037  5267  5347 D GStreamer+GST_PADS: 0:00:34.954835039 0xe900d4c0 gstpad.c:3945:gst_pad_query:<mpegaudioparse0:sink> sent query 0xe924f950 (accept-caps), result 1
06-06 22:09:48.037  5267  5349 V GStreamer+filesrc: 0:00:34.954848268 0xe900d580 gstfilesrc.c:360:gst_file_src_fill:<filesrc0> Reading 43072 bytes at offset 0xdc416
06-06 22:09:48.037  5267  5347 D GStreamer+default: 0:00:34.954858008 0xe900d4c0 gstutils.c:2960:gst_pad_query_accept_caps:<mpegaudioparse0:sink> query returned 1
06-06 22:09:48.038  5267  5347 D GStreamer+baseparse: 0:00:34.954879101 0xe900d4c0 gstbaseparse.c:1175:gst_base_parse_sink_event_default:<mpegaudioparse0> handling event 12814, caps
06-06 22:09:48.038  5267  5347 D GStreamer+baseparse: 0:00:34.954901549 0xe900d4c0 gstbaseparse.c:1183:gst_base_parse_sink_event_default:<mpegaudioparse0> caps: audio/mpeg, mpegversion=(int)1, parsed=(boolean)true, rate=(int)24000, channels=(int)1
06-06 22:09:48.038  5267  5347 D GStreamer+baseparse: 0:00:34.954932330 0xe900d4c0 gstbaseparse.c:1486:gst_base_parse_sink_event_default:<mpegaudioparse0> event handled
06-06 22:09:48.038  5267  5347 D GStreamer+GST_PADS: 0:00:34.954950612 0xe900d4c0 gstpad.c:5609:gst_pad_send_event_unchecked:<mpegaudioparse0:sink> sent event, ret ok
06-06 22:09:48.038  5267  5347 V GStreamer+GST_PADS: 0:00:34.954971080 0xe900d4c0 gstpad.c:5087:store_sticky_event:<mpegaudioparse0:sink> stored sticky event caps
06-06 22:09:48.038  5267  5347 D GStreamer+GST_PADS: 0:00:34.954990455 0xe900d4c0 gstpad.c:5093:store_sticky_event:<mpegaudioparse0:sink> notify caps
06-06 22:09:48.038  5267  5347 V GStreamer+GST_PROPERTIES: 0:00:34.955012383 0xe900d4c0 gstobject.c:473:gst_object_dispatch_properties_changed:<mpegaudioparse0> deep notification from sink (caps)
06-06 22:09:48.038  5267  5347 V GStreamer+GST_PROPERTIES: 0:00:34.955037799 0xe900d4c0 gstobject.c:473:gst_object_dispatch_properties_changed:<decodebin1> deep notification from sink (caps)
06-06 22:09:48.038  5267  5347 V GStreamer+GST_PROPERTIES: 0:00:34.955062435 0xe900d4c0 gstobject.c:473:gst_object_dispatch_properties_changed:<pipeline0> deep notification from sink (caps)
06-06 22:09:48.038  5267  5347 D GStreamer+GST_STATES: 0:00:34.955088164 0xe900d4c0 gstelement.c:1972:gst_element_set_locked_state unlocking state of element mpegaudioparse0
06-06 22:09:48.038  5267  5349 D GStreamer+basesrc: 0:00:34.955112122 0xe900d580 gstbasesrc.c:2309:gst_base_src_do_sync:<filesrc0> we have no clock
06-06 22:09:48.038  5267  5347 I GStreamer+typefind: 0:00:34.955114674 0xe900d4c0 gsttypefindelement.c:180:gst_type_find_element_have_type:<typefind> found caps audio/mpeg, mpegversion=(int)1, parsed=(boolean)true, rate=(int)24000, channels=(int)1, probability=100
06-06 22:09:48.038  5267  5349 D GStreamer+basesrc: 0:00:34.955142383 0xe900d580 gstbasesrc.c:2519:gst_base_src_get_range:<filesrc0> buffer ok
06-06 22:09:48.038  5267  5347 D GStreamer+GST_PADS: 0:00:34.955154101 0xe900d4c0 gstpad.c:3853:check_sticky:<typefind:src> pushing all sticky events
06-06 22:09:48.038  5267  5347 V GStreamer+GST_PADS: 0:00:34.955173476 0xe900d4c0 gstpad.c:5250:gst_pad_push_event_unchecked:<typefind:src> sending event 0xe90b4198 (stream-start) to peerpad <mpegaudioparse0:sink>
06-06 22:09:48.038  5267  5349 V GStreamer+qtdemux: 0:00:34.955162174 0xe900d580 qtdemux.c:5277:gst_qtdemux_decorate_and_push_buffer:<q> Pushing buffer with dts 0:00:00.417666666, pts 0:00:00.417666666, duration 0:00:00.020000000 on pad video_0
06-06 22:09:48.038  5267  5347 D GStreamer+GST_EVENT: 0:00:34.955204049 0xe900d4c0 gstpad.c:5536:gst_pad_send_event_unchecked:<mpegaudioparse0:sink> have event type stream-start event: 0xe90b4198, time 99:99:99.999999999, seq-num 97, GstEventStreamStart, stream-id=(string)71ab440d261a1bb43c19b397eec2373651540427aed1e7b0deb4be62a10a7f25/002, flags=(GstStreamFlags)GST_STREAM_FLAG_NONE, group-id=(uint)0;
06-06 22:09:48.038  5267  5349 D GStreamer+GST_SCHEDULING: 0:00:34.955206601 0xe900d580 gstpad.c:4193:gst_pad_chain_data_unchecked:<queue0:sink> calling chainfunction &gst_queue_chain with buffer buffer: 0xe93dc348, pts 0:00:00.417666666, dts 0:00:00.417666666, dur 0:00:00.020000000, size 43072, offset none, offset_end none, flags 0x0
06-06 22:09:48.038  5267  5347 V GStreamer+GST_PADS: 0:00:34.955275351 0xe900d4c0 gstpad.c:5544:gst_pad_send_event_unchecked:<mpegaudioparse0:sink> Removing pending EOS events
06-06 22:09:48.038  5267  5349 V GStreamer+queue_dataflow: 0:00:34.955282955 0xe900d580 gstqueue.c:1181:gst_queue_chain_buffer_or_list:<queue0> received buffer 0xe93dc348 of size 43072, time 0:00:00.417666666, duration 0:00:00.020000000
06-06 22:09:48.038  5267  5347 D GStreamer+baseparse: 0:00:34.955296028 0xe900d4c0 gstbaseparse.c:1175:gst_base_parse_sink_event_default:<mpegaudioparse0> handling event 10254, stream-start
06-06 22:09:48.038  5267  5347 V GStreamer+GST_PADS: 0:00:34.955318372 0xe900d4c0 gstpad.c:5028:store_sticky_event:<mpegaudioparse0:src> Removing pending EOS events
06-06 22:09:48.038  5267  5349 V GStreamer+queue: 0:00:34.955316758 0xe900d580 gstqueue.c:633:apply_buffer:<queue0> sink position updated to 0:00:00.437666666
06-06 22:09:48.038  5267  5347 D GStreamer+baseparse: 0:00:34.955345716 0xe900d4c0 gstbaseparse.c:1486:gst_base_parse_sink_event_default:<mpegaudioparse0> event handled
06-06 22:09:48.038  5267  5349 V GStreamer+queue: 0:00:34.955351341 0xe900d580 gstqueue.c:529:update_time_level:<queue0> update sink time
06-06 22:09:48.038  5267  5347 D GStreamer+GST_PADS: 0:00:34.955368476 0xe900d4c0 gstpad.c:5609:gst_pad_send_event_unchecked:<mpegaudioparse0:sink> sent event, ret ok
06-06 22:09:48.038  5267  5349 V GStreamer+queue: 0:00:34.955373268 0xe900d580 gstqueue.c:547:update_time_level:<queue0> sink +0:00:00.748666666, src +0:00:00.000000000
06-06 22:09:48.038  5267  5347 V GStreamer+GST_PADS: 0:00:34.955391862 0xe900d4c0 gstpad.c:5028:store_sticky_event:<mpegaudioparse0:sink> Removing pending EOS events
06-06 22:09:48.038  5267  5349 D GStreamer+GST_SCHEDULING: 0:00:34.955405768 0xe900d580 gstpad.c:4199:gst_pad_chain_data_unchecked:<queue0:sink> called chainfunction &gst_queue_chain with buffer 0xe93dc348, returned ok
06-06 22:09:48.038  5267  5347 V GStreamer+GST_PADS: 0:00:34.955409778 0xe900d4c0 gstpad.c:5258:gst_pad_push_event_unchecked:<typefind:src> sent event 0xe90b4198 (stream-start) to peerpad <mpegaudioparse0:sink>, ret ok
06-06 22:09:48.038  5267  5349 V GStreamer+qtdemux: 0:00:34.955430612 0xe900d580 qtdemux.c:4949:gst_qtdemux_combine_flows:<q> flow return: ok
06-06 22:09:48.038  5267  5347 D GStreamer+GST_PADS: 0:00:34.955438997 0xe900d4c0 gstpad.c:3805:push_sticky:<typefind:src> event stream-start marked received
06-06 22:09:48.038  5267  5349 V GStreamer+qtdemux: 0:00:34.955448841 0xe900d580 qtdemux.c:4957:gst_qtdemux_combine_flows:<q> combined flow return: ok
06-06 22:09:48.038  5267  5347 V GStreamer+GST_PADS: 0:00:34.955458164 0xe900d4c0 gstpad.c:5250:gst_pad_push_event_unchecked:<typefind:src> sending event 0xe91b59f8 (caps) to peerpad <mpegaudioparse0:sink>
06-06 22:09:48.038  5267  5349 V GStreamer+qtdemux: 0:00:34.955468320 0xe900d580 qtdemux.c:8003:qtdemux_parse_samples:<q> parsing samples for stream fourcc avc1, pad video_0
06-06 22:09:48.038  5267  5349 D GStreamer+qtdemux: 0:00:34.955493372 0xe900d580 qtdemux.c:8014:qtdemux_parse_samples:<q> parsing up to sample 21
06-06 22:09:48.038  5267  5349 V GStreamer+qtdemux: 0:00:34.955515247 0xe900d580 qtdemux.c:8040:qtdemux_parse_samples:<q> sample 21 has size 43048
06-06 22:09:48.038  5267  5347 D GStreamer+GST_EVENT: 0:00:34.955484518 0xe900d4c0 gstpad.c:5536:gst_pad_send_event_unchecked:<mpegaudioparse0:sink> have event type caps event: 0xe91b59f8, time 99:99:99.999999999, seq-num 110, GstEventCaps, caps=(GstCaps)"audio/mpeg\,\ mpegversion\=\(int\)1\,\ parsed\=\(boolean\)true\,\ rate\=\(int\)24000\,\ channels\=\(int\)1";
06-06 22:09:48.038  5267  5349 V GStreamer+qtdemux: 0:00:34.955543372 0xe900d580 qtdemux.c:8164:qtdemux_parse_samples:<q> creating entry 21 with offset 945382 and size 43048
06-06 22:09:48.038  5267  5347 D GStreamer+GST_CAPS: 0:00:34.955548216 0xe900d4c0 gstutils.c:2955:gst_pad_query_accept_caps:<mpegaudioparse0:sink> accept caps of audio/mpeg, mpegversion=(int)1, parsed=(boolean)true, rate=(int)24000, channels=(int)1
06-06 22:09:48.038  5267  5349 D GStreamer+qtdemux: 0:00:34.955579310 0xe900d580 qtdemux.c:8221:qtdemux_parse_samples:<q> sample 21: index 2, timestamp 0:00:00.437666666
06-06 22:09:48.038  5267  5347 D GStreamer+query: 0:00:34.955585768 0xe900d4c0 gstquery.c:674:gst_query_new_custom creating new query 0xe924f980 accept-caps
06-06 22:09:48.038  5267  5349 D GStreamer+qtdemux: 0:00:34.955611133 0xe900d580 qtdemux.c:8276:qtdemux_parse_samples:<q> samples at 21 is keyframe
06-06 22:09:48.038  5267  5347 D GStreamer+GST_PADS: 0:00:34.955611497 0xe900d4c0 gstpad.c:3922:gst_pad_query:<mpegaudioparse0:sink> doing query 0xe924f980 (accept-caps)
06-06 22:09:48.038  5267  5347 D GStreamer+baseparse: 0:00:34.955638945 0xe900d4c0 gstbaseparse.c:1557:gst_base_parse_sink_query:<mpegaudioparse0> accept-caps query
06-06 22:09:48.038  5267  5349 V GStreamer+qtdemux: 0:00:34.955638580 0xe900d580 qtdemux.c:5655:gst_qtdemux_loop:<q> loop at position 15003960, state 2
06-06 22:09:48.038  5267  5349 V GStreamer+qtdemux: 0:00:34.955667278 0xe900d580 qtdemux.c:4750:gst_qtdemux_prepare_current_sample:<q> segment active, index = 31 of 299
06-06 22:09:48.038  5267  5347 D GStreamer+GST_PADS: 0:00:34.955666289 0xe900d4c0 gstpad.c:3059:gst_pad_query_accept_caps_default:<mpegaudioparse0:sink> query accept-caps accept-caps query: 0xe924f980, GstQueryAcceptCaps, caps=(GstCaps)"audio/mpeg\,\ mpegversion\=\(int\)1\,\ parsed\=\(boolean\)true\,\ rate\=\(int\)24000\,\ channels\=\(int\)1", result=(boolean)false;
06-06 22:09:48.038  5267  5349 V GStreamer+qtdemux: 0:00:34.955692591 0xe900d580 qtdemux.c:8003:qtdemux_parse_samples:<q> parsing samples for stream fourcc mp4a, pad audio_0
06-06 22:09:48.038  5267  5347 D GStreamer+GST_PERFORMANCE: 0:00:34.955732070 0xe900d4c0 gstpad.c:3074:gst_pad_query_accept_caps_default:<mpegaudioparse0:sink> fallback ACCEPT_CAPS query, consider implementing a specialized version
06-06 22:09:48.038  5267  5349 V GStreamer+qtdemux: 0:00:34.955734935 0xe900d580 qtdemux.c:8385:qtdemux_parse_samples:<q> Tried to parse up to sample 31 but this sample has already been parsed
06-06 22:09:48.038  5267  5347 D GStreamer+GST_PADS: 0:00:34.955757122 0xe900d4c0 gstpad.c:3085:gst_pad_query_accept_caps_default:<mpegaudioparse0:sink> allowed caps intersect audio/mpeg, mpegversion=(int)1, caps audio/mpeg, mpegversion=(int)1, parsed=(boolean)true, rate=(int)24000, channels=(int)1
06-06 22:09:48.038  5267  5349 D GStreamer+qtdemux: 0:00:34.955759987 0xe900d580 qtdemux.c:5512:gst_qtdemux_loop_state_movie:<q> pushing from stream 1, empty 0 offset 988430, size 144, dts=0:00:00.744000000, pts=0:00:00.744000000, duration 0:00:00.024000000
06-06 22:09:48.038  5267  5349 V GStreamer+qtdemux: 0:00:34.955804205 0xe900d580 qtdemux.c:5566:gst_qtdemux_loop_state_movie:<q> reading 144 bytes @ 988430
06-06 22:09:48.038  5267  5347 D GStreamer+GST_PADS: 0:00:34.955803060 0xe900d4c0 gstpad.c:3367:gst_pad_query_default:<mpegaudioparse0:sink> not forwarding 0xe924f980 (accept-caps) query
06-06 22:09:48.038  5267  5349 V GStreamer+GST_SCHEDULING: 0:00:34.955837226 0xe900d580 gstpad.c:4654:gst_pad_get_range_unchecked:<filesrc0:src> calling getrangefunc gst_base_src_getrange, offset 988430, size 144
06-06 22:09:48.038  5267  5347 V GStreamer+baseparse: 0:00:34.955835091 0xe900d4c0 gstbaseparse.c:1565:gst_base_parse_sink_query:<mpegaudioparse0> accept-caps query result: 1 accept-caps query: 0xe924f980, GstQueryAcceptCaps, caps=(GstCaps)"audio/mpeg\,\ mpegversion\=\(int\)1\,\ parsed\=\(boolean\)true\,\ rate\=\(int\)24000\,\ channels\=\(int\)1", result=(boolean)true;
06-06 22:09:48.039  5267  5349 D GStreamer+basesrc: 0:00:34.955866862 0xe900d580 gstbasesrc.c:2354:gst_base_src_update_length:<filesrc0> reading offset 988430, length 144, size 15003960, segment.stop -1, maxsize 15003960
06-06 22:09:48.039  5267  5347 D GStreamer+GST_PADS: 0:00:34.955883945 0xe900d4c0 gstpad.c:3945:gst_pad_query:<mpegaudioparse0:sink> sent query 0xe924f980 (accept-caps), result 1
06-06 22:09:48.039  5267  5349 D GStreamer+basesrc: 0:00:34.955896497 0xe900d580 gstbasesrc.c:2455:gst_base_src_get_range:<filesrc0> calling create offset 988430 length 144, time 0
06-06 22:09:48.039  5267  5347 D GStreamer+default: 0:00:34.955909414 0xe900d4c0 gstutils.c:2960:gst_pad_query_accept_caps:<mpegaudioparse0:sink> query returned 1
06-06 22:09:48.039  5267  5349 D GStreamer+GST_MEMORY: 0:00:34.955923737 0xe900d580 gstmemory.c:138:gst_memory_init new memory 0xe93a2e60, maxsize:147 offset:0 size:144
06-06 22:09:48.039  5267  5347 D GStreamer+baseparse: 0:00:34.955933737 0xe900d4c0 gstbaseparse.c:1175:gst_base_parse_sink_event_default:<mpegaudioparse0> handling event 12814, caps
06-06 22:09:48.039  5267  5349 V GStreamer+GST_BUFFER: 0:00:34.955950976 0xe900d580 gstbuffer.c:727:gst_buffer_new new 0xe93dc3e8
06-06 22:09:48.039  5267  5347 D GStreamer+baseparse: 0:00:34.955956445 0xe900d4c0 gstbaseparse.c:1183:gst_base_parse_sink_event_default:<mpegaudioparse0> caps: audio/mpeg, mpegversion=(int)1, parsed=(boolean)true, rate=(int)24000, channels=(int)1
06-06 22:09:48.039  5267  5349 V GStreamer+GST_BUFFER: 0:00:34.955968320 0xe900d580 gstbuffer.c:342:_memory_add buffer 0xe93dc3e8, idx -1, mem 0xe93a2e60
06-06 22:09:48.039  5267  5347 D GStreamer+baseparse: 0:00:34.955989570 0xe900d4c0 gstbaseparse.c:1486:gst_base_parse_sink_event_default:<mpegaudioparse0> event handled
06-06 22:09:48.039  5267  5349 V GStreamer+GST_BUFFER: 0:00:34.955993268 0xe900d580 gstbuffer.c:783:gst_buffer_new_allocate new buffer 0xe93dc3e8 of size 144 from allocator 0x0
06-06 22:09:48.039  5267  5347 D GStreamer+GST_PADS: 0:00:34.956009570 0xe900d4c0 gstpad.c:5609:gst_pad_send_event_unchecked:<mpegaudioparse0:sink> sent event, ret ok
06-06 22:09:48.039  5267  5349 V GStreamer+GST_BUFFER: 0:00:34.956015768 0xe900d580 gstbuffer.c:1649:gst_buffer_map_range buffer 0xe93dc3e8, idx 0, length -1, flags 0002
06-06 22:09:48.039  5267  5349 V GStreamer+GST_BUFFER: 0:00:34.956036237 0xe900d580 gstbuffer.c:212:_get_merged_memory buffer 0xe93dc3e8, idx 0, length 1
06-06 22:09:48.039  5267  5347 V GStreamer+GST_PADS: 0:00:34.956028997 0xe900d4c0 gstpad.c:5258:gst_pad_push_event_unchecked:<typefind:src> sent event 0xe91b59f8 (caps) to peerpad <mpegaudioparse0:sink>, ret ok
06-06 22:09:48.039  5267  5347 D GStreamer+GST_PADS: 0:00:34.956063841 0xe900d4c0 gstpad.c:3805:push_sticky:<typefind:src> event caps marked received
06-06 22:09:48.039  5267  5349 V GStreamer+filesrc: 0:00:34.956063476 0xe900d580 gstfilesrc.c:360:gst_file_src_fill:<filesrc0> Reading 144 bytes at offset 0xf150e
06-06 22:09:48.039  5267  5349 D GStreamer+basesrc: 0:00:34.956095768 0xe900d580 gstbasesrc.c:2309:gst_base_src_do_sync:<filesrc0> we have no clock
06-06 22:09:48.039  5267  5347 D GStreamer+typefind: 0:00:34.956093685 0xe900d4c0 gsttypefindelement.c:788:gst_type_find_element_setcaps:<typefind> Skipping typefinding, using caps from upstream: audio/mpeg, mpegversion=(int)1, parsed=(boolean)true, rate=(int)24000, channels=(int)1
06-06 22:09:48.039  5267  5349 D GStreamer+basesrc: 0:00:34.956115768 0xe900d580 gstbasesrc.c:2519:gst_base_src_get_range:<filesrc0> buffer ok
06-06 22:09:48.039  5267  5347 D GStreamer+GST_STATES: 0:00:34.956125455 0xe900d4c0 gstelement.c:2064:gst_element_get_state_func:<typefind> getting state, timeout 0:00:00.000000000
06-06 22:09:48.039  5267  5347 D GStreamer+GST_STATES: 0:00:34.956153685 0xe900d4c0 gstelement.c:2069:gst_element_get_state_func:<typefind> RETURN is SUCCESS
06-06 22:09:48.039  5267  5349 V GStreamer+qtdemux: 0:00:34.956136080 0xe900d580 qtdemux.c:5277:gst_qtdemux_decorate_and_push_buffer:<q> Pushing buffer with dts 0:00:00.744000000, pts 0:00:00.744000000, duration 0:00:00.024000000 on pad audio_0
06-06 22:09:48.039  5267  5347 D GStreamer+GST_STATES: 0:00:34.956174987 0xe900d4c0 gstelement.c:2139:gst_element_get_state_func:<typefind> state current: PAUSED, pending: VOID_PENDING, result: SUCCESS
06-06 22:09:48.039  5267  5347 D GStreamer+typefind: 0:00:34.956206133 0xe900d4c0 gsttypefindelement.c:602:stop_typefinding:<typefind> stopping typefinding and pushing cached events and buffers
06-06 22:09:48.039  5267  5349 D GStreamer+GST_SCHEDULING: 0:00:34.956177747 0xe900d580 gstpad.c:4193:gst_pad_chain_data_unchecked:<queue2:sink> calling chainfunction &gst_queue_chain with buffer buffer: 0xe93dc3e8, pts 0:00:00.744000000, dts 0:00:00.744000000, dur 0:00:00.024000000, size 144, offset none, offset_end none, flags 0x0
06-06 22:09:48.039  5267  5347 D GStreamer+typefind: 0:00:34.956227695 0xe900d4c0 gsttypefindelement.c:651:stop_typefinding:<typefind> we have no data to typefind
06-06 22:09:48.039  5267  5349 V GStreamer+queue_dataflow: 0:00:34.956234674 0xe900d580 gstqueue.c:1181:gst_queue_chain_buffer_or_list:<queue2> received buffer 0xe93dc3e8 of size 144, time 0:00:00.744000000, duration 0:00:00.024000000
06-06 22:09:48.039  5267  5347 D GStreamer+GST_PADS: 0:00:34.956249153 0xe900d4c0 gstpad.c:5609:gst_pad_send_event_unchecked:<typefind:sink> sent event, ret ok
06-06 22:09:48.039  5267  5347 V GStreamer+GST_PADS: 0:00:34.956273789 0xe900d4c0 gstpad.c:5087:store_sticky_event:<typefind:sink> stored sticky event caps
06-06 22:09:48.039  5267  5349 V GStreamer+queue: 0:00:34.956267955 0xe900d580 gstqueue.c:633:apply_buffer:<queue2> sink position updated to 0:00:00.768000000
06-06 22:09:48.039  5267  5347 D GStreamer+GST_PADS: 0:00:34.956295924 0xe900d4c0 gstpad.c:5093:store_sticky_event:<typefind:sink> notify caps
06-06 22:09:48.039  5267  5349 V GStreamer+queue: 0:00:34.956296966 0xe900d580 gstqueue.c:529:update_time_level:<queue2> update sink time
06-06 22:09:48.039  5267  5347 V GStreamer+GST_PROPERTIES: 0:00:34.956319466 0xe900d4c0 gstobject.c:473:gst_object_dispatch_properties_changed:<typefind> deep notification from sink (caps)
06-06 22:09:48.039  5267  5349 V GStreamer+queue: 0:00:34.956318008 0xe900d580 gstqueue.c:547:update_time_level:<queue2> sink +0:00:00.768000000, src +0:00:00.000000000
06-06 22:09:48.039  5267  5347 V GStreamer+GST_PROPERTIES: 0:00:34.956353112 0xe900d4c0 gstobject.c:473:gst_object_dispatch_properties_changed:<decodebin1> deep notification from sink (caps)
06-06 22:09:48.039  5267  5349 D GStreamer+GST_SCHEDULING: 0:00:34.956356028 0xe900d580 gstpad.c:4199:gst_pad_chain_data_unchecked:<queue2:sink> called chainfunction &gst_queue_chain with buffer 0xe93dc3e8, returned ok
06-06 22:09:48.039  5267  5347 V GStreamer+GST_PROPERTIES: 0:00:34.956381341 0xe900d4c0 gstobject.c:473:gst_object_dispatch_properties_changed:<pipeline0> deep notification from sink (caps)
06-06 22:09:48.039  5267  5349 V GStreamer+qtdemux: 0:00:34.956384622 0xe900d580 qtdemux.c:4949:gst_qtdemux_combine_flows:<q> flow return: ok
06-06 22:09:48.039  5267  5349 V GStreamer+qtdemux: 0:00:34.956407591 0xe900d580 qtdemux.c:4957:gst_qtdemux_combine_flows:<q> combined flow return: ok
06-06 22:09:48.039  5267  5347 V GStreamer+GST_PADS: 0:00:34.956407539 0xe900d4c0 gstpad.c:5258:gst_pad_push_event_unchecked:<sink:proxypad2> sent event 0xe90b41e0 (caps) to peerpad <typefind:sink>, ret ok
06-06 22:09:48.039  5267  5349 V GStreamer+qtdemux: 0:00:34.956429778 0xe900d580 qtdemux.c:8003:qtdemux_parse_samples:<q> parsing samples for stream fourcc mp4a, pad audio_0
06-06 22:09:48.039  5267  5347 D GStreamer+GST_PADS: 0:00:34.956440351 0xe900d4c0 gstpad.c:3805:push_sticky:<sink:proxypad2> event caps marked received
06-06 22:09:48.039  5267  5349 D GStreamer+qtdemux: 0:00:34.956453528 0xe900d580 qtdemux.c:8014:qtdemux_parse_samples:<q> parsing up to sample 32
06-06 22:09:48.039  5267  5347 D GStreamer+GST_PADS: 0:00:34.956466185 0xe900d4c0 gstpad.c:5609:gst_pad_send_event_unchecked:<decodebin1:sink> sent event, ret ok
06-06 22:09:48.039  5267  5349 V GStreamer+qtdemux: 0:00:34.956475872 0xe900d580 qtdemux.c:8040:qtdemux_parse_samples:<q> sample 32 has size 144
06-06 22:09:48.039  5267  5347 V GStreamer+GST_PADS: 0:00:34.956486810 0xe900d4c0 gstpad.c:5087:store_sticky_event:<decodebin1:sink> stored sticky event caps
06-06 22:09:48.039  5267  5349 V GStreamer+qtdemux: 0:00:34.956498164 0xe900d580 qtdemux.c:8164:qtdemux_parse_samples:<q> creating entry 32 with offset 1072480 and size 144
06-06 22:09:48.039  5267  5347 D GStreamer+GST_PADS: 0:00:34.956505299 0xe900d4c0 gstpad.c:5093:store_sticky_event:<decodebin1:sink> notify caps
06-06 22:09:48.039  5267  5347 V GStreamer+GST_PROPERTIES: 0:00:34.956525820 0xe900d4c0 gstobject.c:473:gst_object_dispatch_properties_changed:<decodebin1> deep notification from sink (caps)
06-06 22:09:48.039  5267  5349 D GStreamer+qtdemux: 0:00:34.956523320 0xe900d580 qtdemux.c:8221:qtdemux_parse_samples:<q> sample 32: index 32, timestamp 0:00:00.768000000
06-06 22:09:48.039  5267  5349 D GStreamer+qtdemux: 0:00:34.956562174 0xe900d580 qtdemux.c:8321:qtdemux_parse_samples:<q> setting all keyframes
06-06 22:09:48.039  5267  5347 V GStreamer+GST_PROPERTIES: 0:00:34.956561966 0xe900d4c0 gstobject.c:473:gst_object_dispatch_properties_changed:<pipeline0> deep notification from sink (caps)
06-06 22:09:48.039  5267  5349 V GStreamer+qtdemux: 0:00:34.956588060 0xe900d580 qtdemux.c:5655:gst_qtdemux_loop:<q> loop at position 15003960, state 2
06-06 22:09:48.039  5267  5347 V GStreamer+GST_PADS: 0:00:34.956591393 0xe900d4c0 gstpad.c:5258:gst_pad_push_event_unchecked:<queue2:src> sent event 0xe90b41e0 (caps) to peerpad <decodebin1:sink>, ret ok
06-06 22:09:48.039  5267  5349 V GStreamer+qtdemux: 0:00:34.956614205 0xe900d580 qtdemux.c:4750:gst_qtdemux_prepare_current_sample:<q> segment active, index = 21 of 361
06-06 22:09:48.039  5267  5347 D GStreamer+GST_PADS: 0:00:34.956624622 0xe900d4c0 gstpad.c:3805:push_sticky:<queue2:src> event caps marked received
06-06 22:09:48.039  5267  5349 V GStreamer+qtdemux: 0:00:34.956635508 0xe900d580 qtdemux.c:8003:qtdemux_parse_samples:<q> parsing samples for stream fourcc avc1, pad video_0
06-06 22:09:48.039  5267  5347 V GStreamer+queue_dataflow: 0:00:34.956646549 0xe900d4c0 gstqueue.c:872:gst_queue_locked_dequeue:<queue2> retrieved event 0xe90b4390 from queue
06-06 22:09:48.039  5267  5349 V GStreamer+qtdemux: 0:00:34.956656810 0xe900d580 qtdemux.c:8385:qtdemux_parse_samples:<q> Tried to parse up to sample 21 but this sample has already been parsed
06-06 22:09:48.039  5267  5347 V GStreamer+GST_PADS: 0:00:34.956667487 0xe900d4c0 gstpad.c:5087:store_sticky_event:<queue2:src> stored sticky event segment
06-06 22:09:48.039  5267  5347 D GStreamer+GST_PADS: 0:00:34.956690612 0xe900d4c0 gstpad.c:3853:check_sticky:<queue2:src> pushing all sticky events
06-06 22:09:48.039  5267  5349 D GStreamer+qtdemux: 0:00:34.956677539 0xe900d580 qtdemux.c:5512:gst_qtdemux_loop_state_movie:<q> pushing from stream 0, empty 0 offset 945382, size 43048, dts=0:00:00.437666666, pts=0:00:00.437666666, duration 0:00:00.020000000
06-06 22:09:48.039  5267  5347 D GStreamer+GST_PADS: 0:00:34.956711653 0xe900d4c0 gstpad.c:3785:push_sticky:<queue2:src> event stream-start was already received
06-06 22:09:48.039  5267  5349 V GStreamer+qtdemux: 0:00:34.956729570 0xe900d580 qtdemux.c:5566:gst_qtdemux_loop_state_movie:<q> reading 43048 bytes @ 945382
06-06 22:09:48.039  5267  5347 D GStreamer+GST_PADS: 0:00:34.956743372 0xe900d4c0 gstpad.c:3785:push_sticky:<queue2:src> event caps was already received
06-06 22:09:48.039  5267  5349 V GStreamer+GST_SCHEDULING: 0:00:34.956753997 0xe900d580 gstpad.c:4654:gst_pad_get_range_unchecked:<filesrc0:src> calling getrangefunc gst_base_src_getrange, offset 945382, size 43048
06-06 22:09:48.039  5267  5347 V GStreamer+GST_PADS: 0:00:34.956764570 0xe900d4c0 gstpad.c:5250:gst_pad_push_event_unchecked:<queue2:src> sending event 0xe90b4390 (segment) to peerpad <decodebin1:sink>
06-06 22:09:48.039  5267  5349 D GStreamer+basesrc: 0:00:34.956780664 0xe900d580 gstbasesrc.c:2354:gst_base_src_update_length:<filesrc0> reading offset 945382, length 43048, size 15003960, segment.stop -1, maxsize 15003960
06-06 22:09:48.039  5267  5349 D GStreamer+basesrc: 0:00:34.956815091 0xe900d580 gstbasesrc.c:2455:gst_base_src_get_range:<filesrc0> calling create offset 945382 length 43048, time 0
06-06 22:09:48.039  5267  5349 D GStreamer+GST_MEMORY: 0:00:34.956850872 0xe900d580 gstmemory.c:138:gst_memory_init new memory 0xe942bb40, maxsize:43051 offset:0 size:43048
06-06 22:09:48.040  5267  5349 V GStreamer+GST_BUFFER: 0:00:34.956879935 0xe900d580 gstbuffer.c:727:gst_buffer_new new 0xe93dc488
06-06 22:09:48.040  5267  5349 V GStreamer+GST_BUFFER: 0:00:34.956900195 0xe900d580 gstbuffer.c:342:_memory_add buffer 0xe93dc488, idx -1, mem 0xe942bb40
06-06 22:09:48.040  5267  5347 D GStreamer+GST_EVENT: 0:00:34.956790091 0xe900d4c0 gstpad.c:5536:gst_pad_send_event_unchecked:<decodebin1:sink> have event type segment event: 0xe90b4390, time 99:99:99.999999999, seq-num 106, GstEventSegment, segment=(GstSegment)"GstSegment, flags=(GstSegmentFlags)GST_SEGMENT_FLAG_NONE, rate=(double)1, applied-rate=(double)1, format=(GstFormat)GST_FORMAT_TIME, base=(guint64)0, offset=(guint64)0, start=(guint64)0, stop=(guint64)7176000000, time=(guint64)0, position=(guint64)0, duration=(guint64)18446744073709551615;";
06-06 22:09:48.040  5267  5349 V GStreamer+GST_BUFFER: 0:00:34.956923580 0xe900d580 gstbuffer.c:783:gst_buffer_new_allocate new buffer 0xe93dc488 of size 43048 from allocator 0x0
06-06 22:09:48.040  5267  5349 V GStreamer+GST_BUFFER: 0:00:34.956948216 0xe900d580 gstbuffer.c:1649:gst_buffer_map_range buffer 0xe93dc488, idx 0, length -1, flags 0002
06-06 22:09:48.040  5267  5349 V GStreamer+GST_BUFFER: 0:00:34.956974518 0xe900d580 gstbuffer.c:212:_get_merged_memory buffer 0xe93dc488, idx 0, length 1
06-06 22:09:48.040  5267  5349 V GStreamer+filesrc: 0:00:34.956994362 0xe900d580 gstfilesrc.c:360:gst_file_src_fill:<filesrc0> Reading 43048 bytes at offset 0xe6ce6
06-06 22:09:48.040  5267  5347 V GStreamer+GST_PADS: 0:00:34.956930976 0xe900d4c0 gstpad.c:3017:gst_pad_event_default:<decodebin1:sink> default event handler for event segment event: 0xe90b4390, time 99:99:99.999999999, seq-num 106, GstEventSegment, segment=(GstSegment)"GstSegment, flags=(GstSegmentFlags)GST_SEGMENT_FLAG_NONE, rate=(double)1, applied-rate=(double)1, format=(GstFormat)GST_FORMAT_TIME, base=(guint64)0, offset=(guint64)0, start=(guint64)0, stop=(guint64)7176000000, time=(guint64)0, position=(guint64)0, duration=(guint64)18446744073709551615;";
06-06 22:09:48.040  5267  5347 V GStreamer+GST_PADS: 0:00:34.957042903 0xe900d4c0 gstpad.c:2937:gst_pad_forward:<decodebin1:sink> calling forward function on pad sink:proxypad2
06-06 22:09:48.040  5267  5349 D GStreamer+basesrc: 0:00:34.957066237 0xe900d580 gstbasesrc.c:2309:gst_base_src_do_sync:<filesrc0> we have no clock
06-06 22:09:48.040  5267  5347 V GStreamer+GST_PADS: 0:00:34.957067591 0xe900d4c0 gstpad.c:2982:event_forward_func:<sink:proxypad2> Reffing and pushing event 0xe90b4390 (segment) to sink:proxypad2
06-06 22:09:48.040  5267  5349 D GStreamer+basesrc: 0:00:34.957088424 0xe900d580 gstbasesrc.c:2519:gst_base_src_get_range:<filesrc0> buffer ok
06-06 22:09:48.040  5267  5347 V GStreamer+GST_PADS: 0:00:34.957095664 0xe900d4c0 gstpad.c:5087:store_sticky_event:<sink:proxypad2> stored sticky event segment
06-06 22:09:48.040  5267  5347 D GStreamer+GST_PADS: 0:00:34.957115560 0xe900d4c0 gstpad.c:3853:check_sticky:<sink:proxypad2> pushing all sticky events
06-06 22:09:48.040  5267  5349 V GStreamer+qtdemux: 0:00:34.957109518 0xe900d580 qtdemux.c:5277:gst_qtdemux_decorate_and_push_buffer:<q> Pushing buffer with dts 0:00:00.437666666, pts 0:00:00.437666666, duration 0:00:00.020000000 on pad video_0
06-06 22:09:48.040  5267  5347 D GStreamer+GST_PADS: 0:00:34.957140299 0xe900d4c0 gstpad.c:3785:push_sticky:<sink:proxypad2> event stream-start was already received
06-06 22:09:48.040  5267  5347 D GStreamer+GST_PADS: 0:00:34.957159987 0xe900d4c0 gstpad.c:3785:push_sticky:<sink:proxypad2> event caps was already received
06-06 22:09:48.040  5267  5349 D GStreamer+GST_SCHEDULING: 0:00:34.957151810 0xe900d580 gstpad.c:4193:gst_pad_chain_data_unchecked:<queue0:sink> calling chainfunction &gst_queue_chain with buffer buffer: 0xe93dc488, pts 0:00:00.437666666, dts 0:00:00.437666666, dur 0:00:00.020000000, size 43048, offset none, offset_end none, flags 0x0
06-06 22:09:48.040  5267  5347 V GStreamer+GST_PADS: 0:00:34.957182591 0xe900d4c0 gstpad.c:5250:gst_pad_push_event_unchecked:<sink:proxypad2> sending event 0xe90b4390 (segment) to peerpad <typefind:sink>
06-06 22:09:48.040  5267  5349 V GStreamer+queue_dataflow: 0:00:34.957201393 0xe900d580 gstqueue.c:1181:gst_queue_chain_buffer_or_list:<queue0> received buffer 0xe93dc488 of size 43048, time 0:00:00.437666666, duration 0:00:00.020000000
06-06 22:09:48.040  5267  5349 V GStreamer+queue: 0:00:34.957237643 0xe900d580 gstqueue.c:633:apply_buffer:<queue0> sink position updated to 0:00:00.457666666
06-06 22:09:48.040  5267  5349 V GStreamer+queue: 0:00:34.957268424 0xe900d580 gstqueue.c:529:update_time_level:<queue0> update sink time
06-06 22:09:48.040  5267  5347 D GStreamer+GST_EVENT: 0:00:34.957210508 0xe900d4c0 gstpad.c:5536:gst_pad_send_event_unchecked:<typefind:sink> have event type segment event: 0xe90b4390, time 99:99:99.999999999, seq-num 106, GstEventSegment, segment=(GstSegment)"GstSegment, flags=(GstSegmentFlags)GST_SEGMENT_FLAG_NONE, rate=(double)1, applied-rate=(double)1, format=(GstFormat)GST_FORMAT_TIME, base=(guint64)0, offset=(guint64)0, start=(guint64)0, stop=(guint64)7176000000, time=(guint64)0, position=(guint64)0, duration=(guint64)18446744073709551615;";
06-06 22:09:48.040  5267  5349 V GStreamer+queue: 0:00:34.957292383 0xe900d580 gstqueue.c:547:update_time_level:<queue0> sink +0:00:00.768666666, src +0:00:00.000000000
06-06 22:09:48.040  5267  5347 D GStreamer+typefind: 0:00:34.957321810 0xe900d4c0 gsttypefindelement.c:665:gst_type_find_element_sink_event:<typefind> got segment event in mode 0
06-06 22:09:48.040  5267  5349 D GStreamer+GST_SCHEDULING: 0:00:34.957329570 0xe900d580 gstpad.c:4199:gst_pad_chain_data_unchecked:<queue0:sink> called chainfunction &gst_queue_chain with buffer 0xe93dc488, returned ok
06-06 22:09:48.040  5267  5347 V GStreamer+GST_PADS: 0:00:34.957349362 0xe900d4c0 gstpad.c:5087:store_sticky_event:<typefind:src> stored sticky event segment
06-06 22:09:48.040  5267  5349 V GStreamer+qtdemux: 0:00:34.957354830 0xe900d580 qtdemux.c:4949:gst_qtdemux_combine_flows:<q> flow return: ok
06-06 22:09:48.040  5267  5347 D GStreamer+GST_PADS: 0:00:34.957372643 0xe900d4c0 gstpad.c:3853:check_sticky:<typefind:src> pushing all sticky events
06-06 22:09:48.040  5267  5349 V GStreamer+qtdemux: 0:00:34.957377122 0xe900d580 qtdemux.c:4957:gst_qtdemux_combine_flows:<q> combined flow return: ok
06-06 22:09:48.040  5267  5347 D GStreamer+GST_PADS: 0:00:34.957394518 0xe900d4c0 gstpad.c:3785:push_sticky:<typefind:src> event stream-start was already received
06-06 22:09:48.040  5267  5349 V GStreamer+qtdemux: 0:00:34.957397799 0xe900d580 qtdemux.c:8003:qtdemux_parse_samples:<q> parsing samples for stream fourcc avc1, pad video_0
06-06 22:09:48.040  5267  5347 D GStreamer+GST_PADS: 0:00:34.957421237 0xe900d4c0 gstpad.c:3785:push_sticky:<typefind:src> event caps was already received
06-06 22:09:48.040  5267  5349 D GStreamer+qtdemux: 0:00:34.957426080 0xe900d580 qtdemux.c:8014:qtdemux_parse_samples:<q> parsing up to sample 22
06-06 22:09:48.040  5267  5349 V GStreamer+qtdemux: 0:00:34.957447226 0xe900d580 qtdemux.c:8040:qtdemux_parse_samples:<q> sample 22 has size 41843
06-06 22:09:48.040  5267  5347 V GStreamer+GST_PADS: 0:00:34.957444518 0xe900d4c0 gstpad.c:5250:gst_pad_push_event_unchecked:<typefind:src> sending event 0xe90b4390 (segment) to peerpad <mpegaudioparse0:sink>
06-06 22:09:48.040  5267  5349 V GStreamer+qtdemux: 0:00:34.957473841 0xe900d580 qtdemux.c:8164:qtdemux_parse_samples:<q> creating entry 22 with offset 988574 and size 41843
06-06 22:09:48.040  5267  5349 V GStreamer+qtdemux: 0:00:34.957504830 0xe900d580 qtdemux.c:8208:qtdemux_parse_samples:<q> block 0, 2 timestamps, duration 59
06-06 22:09:48.040  5267  5349 D GStreamer+qtdemux: 0:00:34.957532903 0xe900d580 qtdemux.c:8221:qtdemux_parse_samples:<q> sample 22: index 0, timestamp 0:00:00.457666666
06-06 22:09:48.040  5267  5349 D GStreamer+qtdemux: 0:00:34.957559049 0xe900d580 qtdemux.c:8276:qtdemux_parse_samples:<q> samples at 22 is keyframe
