06-06 22:09:48.040  5267  5347 D GStreamer+GST_EVENT: 0:00:34.957479101 0xe900d4c0 gstpad.c:5536:gst_pad_send_event_unchecked:<mpegaudioparse0:sink> have event type segment event: 0xe90b4390, time 99:99:99.999999999, seq-num 106, GstEventSegment, segment=(GstSegment)"GstSegment, flags=(GstSegmentFlags)GST_SEGMENT_FLAG_NONE, rate=(double)1, applied-rate=(double)1, format=(GstFormat)GST_FORMAT_TIME, base=(guint64)0, offset=(guint64)0, start=(guint64)0, stop=(guint64)7176000000, time=(guint64)0, position=(guint64)0, duration=(guint64)18446744073709551615;";
06-06 22:09:48.040  5267  5349 V GStreamer+qtdemux: 0:00:34.957586653 0xe900d580 qtdemux.c:5655:gst_qtdemux_loop:<q> loop at position 15003960, state 2
06-06 22:09:48.040  5267  5347 D GStreamer+baseparse: 0:00:34.957586966 0xe900d4c0 gstbaseparse.c:1175:gst_base_parse_sink_event_default:<mpegaudioparse0> handling event 17934, segment
06-06 22:09:48.040  5267  5349 V GStreamer+qtdemux: 0:00:34.957614049 0xe900d580 qtdemux.c:4750:gst_qtdemux_prepare_current_sample:<q> segment active, index = 32 of 299
06-06 22:09:48.040  5267  5349 V GStreamer+qtdemux: 0:00:34.957657591 0xe900d580 qtdemux.c:8003:qtdemux_parse_samples:<q> parsing samples for stream fourcc mp4a, pad audio_0
06-06 22:09:48.040  5267  5348 I GStreamer+GST_ELEMENT_PADS: 0:00:34.953677226 0xe900d520 gstpad.c:2125:gst_pad_unlink unlinked h264parse0:src and decodepad0:proxypad4
06-06 22:09:48.040  5267  5349 V GStreamer+qtdemux: 0:00:34.957688737 0xe900d580 qtdemux.c:8385:qtdemux_parse_samples:<q> Tried to parse up to sample 32 but this sample has already been parsed
06-06 22:09:48.040  5267  5348 V GStreamer+GST_MESSAGE: 0:00:34.957698580 0xe900d520 gstmessage.c:293:gst_message_new_custom source proxypad4: creating new message 0xe930ab18 structure-change
06-06 22:09:48.040  5267  5349 D GStreamer+qtdemux: 0:00:34.957711810 0xe900d580 qtdemux.c:5512:gst_qtdemux_loop_state_movie:<q> pushing from stream 1, empty 0 offset 1072480, size 144, dts=0:00:00.768000000, pts=0:00:00.768000000, duration 0:00:00.024000000
06-06 22:09:48.040  5267  5348 D GStreamer+GST_BUS: 0:00:34.957736028 0xe900d520 gstbus.c:309:gst_bus_post:<bus0> [msg 0xe930ab18] posting on bus structure-change message: 0xe930ab18, time 99:99:99.999999999, seq-num 151, element 'proxypad4', GstMessageStructureChange, type=(GstStructureChangeType)GST_STRUCTURE_CHANGE_TYPE_PAD_UNLINK, owner=(GstElement)"\(GstH264Parse\)\ h264parse0", busy=(boolean)false;
06-06 22:09:48.040  5267  5349 V GStreamer+qtdemux: 0:00:34.957770247 0xe900d580 qtdemux.c:5566:gst_qtdemux_loop_state_movie:<q> reading 144 bytes @ 1072480
06-06 22:09:48.040  5267  5349 V GStreamer+GST_SCHEDULING: 0:00:34.957798737 0xe900d580 gstpad.c:4654:gst_pad_get_range_unchecked:<filesrc0:src> calling getrangefunc gst_base_src_getrange, offset 1072480, size 144
06-06 22:09:48.040  5267  5348 D GStreamer+decodebin: 0:00:34.957797487 0xe900d520 gstdecodebin2.c:5492:gst_decode_bin_handle_message:<forhwgl> Forwarding msg structure-change message: 0xe930ab18, time 99:99:99.999999999, seq-num 151, element 'proxypad4', GstMessageStructureChange, type=(GstStructureChangeType)GST_STRUCTURE_CHANGE_TYPE_PAD_UNLINK, owner=(GstElement)"\(GstH264Parse\)\ h264parse0", busy=(boolean)false;
06-06 22:09:48.040  5267  5349 D GStreamer+basesrc: 0:00:34.957827383 0xe900d580 gstbasesrc.c:2354:gst_base_src_update_length:<filesrc0> reading offset 1072480, length 144, size 15003960, segment.stop -1, maxsize 15003960
06-06 22:09:48.040  5267  5348 D GStreamer+bin: 0:00:34.957854726 0xe900d520 gstbin.c:3654:gst_bin_handle_message_func:<forhwgl> [msg 0xe930ab18] handling child proxypad4 message of type structure-change
06-06 22:09:48.040  5267  5349 D GStreamer+basesrc: 0:00:34.957864830 0xe900d580 gstbasesrc.c:2455:gst_base_src_get_range:<filesrc0> calling create offset 1072480 length 144, time 0
06-06 22:09:48.041  5267  5348 V GStreamer+bin: 0:00:34.957880768 0xe900d520 gstbin.c:889:message_check looking at message 0xe930aac0: 1
06-06 22:09:48.041  5267  5349 D GStreamer+GST_MEMORY: 0:00:34.957887539 0xe900d580 gstmemory.c:138:gst_memory_init new memory 0xe940b088, maxsize:147 offset:0 size:144
06-06 22:09:48.041  5267  5348 D GStreamer+bin: 0:00:34.957902591 0xe900d520 gstbin.c:986:bin_remove_messages:<decodepad0:proxypad4> deleting message 0xe930aac0 of types 0x00001000
06-06 22:09:48.041  5267  5349 V GStreamer+GST_BUFFER: 0:00:34.957908372 0xe900d580 gstbuffer.c:727:gst_buffer_new new 0xe93dc528
06-06 22:09:48.041  5267  5348 V GStreamer+GST_MESSAGE: 0:00:34.957931653 0xe900d520 gstmessage.c:200:_gst_message_free finalize message 0xe930aac0, structure-change from proxypad4
06-06 22:09:48.041  5267  5349 V GStreamer+GST_BUFFER: 0:00:34.957931185 0xe900d580 gstbuffer.c:342:_memory_add buffer 0xe93dc528, idx -1, mem 0xe940b088
06-06 22:09:48.041  5267  5348 V GStreamer+bin: 0:00:34.957958216 0xe900d520 gstbin.c:889:message_check looking at message 0xe9308e70: 0
06-06 22:09:48.041  5267  5349 V GStreamer+GST_BUFFER: 0:00:34.957956758 0xe900d580 gstbuffer.c:783:gst_buffer_new_allocate new buffer 0xe93dc528 of size 144 from allocator 0x0
06-06 22:09:48.041  5267  5348 D GStreamer+bin: 0:00:34.957981445 0xe900d520 gstbin.c:992:bin_remove_messages:<forhwgl> not deleting message 0xe9308e70 of type 0x00100000
06-06 22:09:48.041  5267  5349 V GStreamer+GST_BUFFER: 0:00:34.957985195 0xe900d580 gstbuffer.c:1649:gst_buffer_map_range buffer 0xe93dc528, idx 0, length -1, flags 0002
06-06 22:09:48.041  5267  5348 V GStreamer+GST_MESSAGE: 0:00:34.958009570 0xe900d520 gstmessage.c:200:_gst_message_free finalize message 0xe930ab18, structure-change from proxypad4
06-06 22:09:48.041  5267  5349 V GStreamer+GST_BUFFER: 0:00:34.958012018 0xe900d580 gstbuffer.c:212:_get_merged_memory buffer 0xe93dc528, idx 0, length 1
06-06 22:09:48.041  5267  5348 D GStreamer+GST_BUS: 0:00:34.958036862 0xe900d520 gstbus.c:344:gst_bus_post:<bus0> [msg 0xe930ab18] dropped
06-06 22:09:48.041  5267  5349 V GStreamer+filesrc: 0:00:34.958035560 0xe900d580 gstfilesrc.c:360:gst_file_src_fill:<filesrc0> Reading 144 bytes at offset 0x105d60
06-06 22:09:48.041  5267  5349 D GStreamer+basesrc: 0:00:34.958067070 0xe900d580 gstbasesrc.c:2309:gst_base_src_do_sync:<filesrc0> we have no clock
06-06 22:09:48.041  5267  5348 I GStreamer+GST_ELEMENT_PADS: 0:00:34.958066653 0xe900d520 gstelement.c:909:gst_element_get_static_pad found pad capsfilter0:sink
06-06 22:09:48.041  5267  5349 D GStreamer+basesrc: 0:00:34.958088424 0xe900d580 gstbasesrc.c:2519:gst_base_src_get_range:<filesrc0> buffer ok
06-06 22:09:48.041  5267  5348 V GStreamer+GST_MESSAGE: 0:00:34.958096810 0xe900d520 gstmessage.c:293:gst_message_new_custom source sink: creating new message 0xe930ab18 structure-change
06-06 22:09:48.041  5267  5349 V GStreamer+qtdemux: 0:00:34.958111028 0xe900d580 qtdemux.c:5277:gst_qtdemux_decorate_and_push_buffer:<q> Pushing buffer with dts 0:00:00.768000000, pts 0:00:00.768000000, duration 0:00:00.024000000 on pad audio_0
06-06 22:09:48.041  5267  5348 D GStreamer+GST_BUS: 0:00:34.958119049 0xe900d520 gstbus.c:309:gst_bus_post:<bus0> [msg 0xe930ab18] posting on bus structure-change message: 0xe930ab18, time 99:99:99.999999999, seq-num 152, element 'sink', GstMessageStructureChange, type=(GstStructureChangeType)GST_STRUCTURE_CHANGE_TYPE_PAD_LINK, owner=(GstElement)"\(GstH264Parse\)\ h264parse0", busy=(boolean)true;
06-06 22:09:48.041  5267  5349 D GStreamer+GST_SCHEDULING: 0:00:34.958155351 0xe900d580 gstpad.c:4193:gst_pad_chain_data_unchecked:<queue2:sink> calling chainfunction &gst_queue_chain with buffer buffer: 0xe93dc528, pts 0:00:00.768000000, dts 0:00:00.768000000, dur 0:00:00.024000000, size 144, offset none, offset_end none, flags 0x0
06-06 22:09:48.041  5267  5348 D GStreamer+decodebin: 0:00:34.958180716 0xe900d520 gstdecodebin2.c:5492:gst_decode_bin_handle_message:<forhwgl> Forwarding msg structure-change message: 0xe930ab18, time 99:99:99.999999999, seq-num 152, element 'sink', GstMessageStructureChange, type=(GstStructureChangeType)GST_STRUCTURE_CHANGE_TYPE_PAD_LINK, owner=(GstElement)"\(GstH264Parse\)\ h264parse0", busy=(boolean)true;
06-06 22:09:48.041  5267  5349 V GStreamer+queue_dataflow: 0:00:34.958208633 0xe900d580 gstqueue.c:1181:gst_queue_chain_buffer_or_list:<queue2> received buffer 0xe93dc528 of size 144, time 0:00:00.768000000, duration 0:00:00.024000000
06-06 22:09:48.041  5267  5348 D GStreamer+bin: 0:00:34.958234362 0xe900d520 gstbin.c:3654:gst_bin_handle_message_func:<forhwgl> [msg 0xe930ab18] handling child sink message of type structure-change
06-06 22:09:48.041  5267  5349 V GStreamer+queue: 0:00:34.958247018 0xe900d580 gstqueue.c:633:apply_buffer:<queue2> sink position updated to 0:00:00.792000000
06-06 22:09:48.041  5267  5348 V GStreamer+bin: 0:00:34.958258320 0xe900d520 gstbin.c:889:message_check looking at message 0xe9308e70: 0
06-06 22:09:48.041  5267  5349 V GStreamer+queue: 0:00:34.958270976 0xe900d580 gstqueue.c:529:update_time_level:<queue2> update sink time
06-06 22:09:48.041  5267  5348 D GStreamer+bin: 0:00:34.958276393 0xe900d520 gstbin.c:911:find_message:<forhwgl> no message found matching types 00001000
06-06 22:09:48.041  5267  5348 D GStreamer+bin: 0:00:34.958296810 0xe900d520 gstbin.c:918:find_message:<forhwgl>   structure-change
06-06 22:09:48.041  5267  5349 V GStreamer+queue: 0:00:34.958290247 0xe900d580 gstqueue.c:547:update_time_level:<queue2> sink +0:00:00.792000000, src +0:00:00.000000000
06-06 22:09:48.041  5267  5348 D GStreamer+bin: 0:00:34.958316758 0xe900d520 gstbin.c:958:bin_replace_message:<forhwgl> got new message 0xe930ab18, structure-change from sink
06-06 22:09:48.041  5267  5349 D GStreamer+GST_SCHEDULING: 0:00:34.958324258 0xe900d580 gstpad.c:4199:gst_pad_chain_data_unchecked:<queue2:sink> called chainfunction &gst_queue_chain with buffer 0xe93dc528, returned ok
06-06 22:09:48.041  5267  5348 D GStreamer+GST_BUS: 0:00:34.958340768 0xe900d520 gstbus.c:344:gst_bus_post:<bus0> [msg 0xe930ab18] dropped
06-06 22:09:48.041  5267  5349 V GStreamer+qtdemux: 0:00:34.958349726 0xe900d580 qtdemux.c:4949:gst_qtdemux_combine_flows:<q> flow return: ok
06-06 22:09:48.041  5267  5348 I GStreamer+GST_PADS: 0:00:34.958360455 0xe900d520 gstpad.c:2315:gst_pad_link_prepare trying to link h264parse0:src and capsfilter0:sink
06-06 22:09:48.041  5267  5349 V GStreamer+qtdemux: 0:00:34.958368580 0xe900d580 qtdemux.c:4957:gst_qtdemux_combine_flows:<q> combined flow return: ok
06-06 22:09:48.041  5267  5348 I GStreamer+GST_PADS: 0:00:34.958385560 0xe900d520 gstpad.c:2521:gst_pad_link_full linked h264parse0:src and capsfilter0:sink, successful
06-06 22:09:48.041  5267  5349 V GStreamer+qtdemux: 0:00:34.958387539 0xe900d580 qtdemux.c:8003:qtdemux_parse_samples:<q> parsing samples for stream fourcc mp4a, pad audio_0
06-06 22:09:48.041  5267  5348 I GStreamer+GST_EVENT: 0:00:34.958414362 0xe900d520 gstevent.c:1382:gst_event_new_reconfigure creating reconfigure event
06-06 22:09:48.041  5267  5349 D GStreamer+qtdemux: 0:00:34.958416445 0xe900d580 qtdemux.c:8014:qtdemux_parse_samples:<q> parsing up to sample 33
06-06 22:09:48.041  5267  5348 D GStreamer+GST_EVENT: 0:00:34.958431914 0xe900d520 gstevent.c:302:gst_event_new_custom creating new event 0xe91b5558 reconfigure 61441
06-06 22:09:48.041  5267  5349 V GStreamer+qtdemux: 0:00:34.958436705 0xe900d580 qtdemux.c:8040:qtdemux_parse_samples:<q> sample 33 has size 144
06-06 22:09:48.041  5267  5349 V GStreamer+qtdemux: 0:00:34.958461445 0xe900d580 qtdemux.c:8164:qtdemux_parse_samples:<q> creating entry 33 with offset 1114299 and size 144
06-06 22:09:48.041  5267  5348 D GStreamer+GST_EVENT: 0:00:34.958460612 0xe900d520 gstpad.c:5536:gst_pad_send_event_unchecked:<h264parse0:src> have event type reconfigure event: 0xe91b5558, time 99:99:99.999999999, seq-num 153, (NULL)
06-06 22:09:48.041  5267  5348 I GStreamer+GST_EVENT: 0:00:34.958500872 0xe900d520 gstpad.c:5641:gst_pad_send_event_unchecked:<h264parse0:src> Received event on flushing pad. Discarding
06-06 22:09:48.041  5267  5349 D GStreamer+qtdemux: 0:00:34.958493216 0xe900d580 qtdemux.c:8221:qtdemux_parse_samples:<q> sample 33: index 33, timestamp 0:00:00.792000000
06-06 22:09:48.041  5267  5348 V GStreamer+GST_EVENT: 0:00:34.958520872 0xe900d520 gstevent.c:219:_gst_event_free freeing event 0xe91b5558 type reconfigure
06-06 22:09:48.041  5267  5349 D GStreamer+qtdemux: 0:00:34.958522903 0xe900d580 qtdemux.c:8321:qtdemux_parse_samples:<q> setting all keyframes
06-06 22:09:48.041  5267  5349 V GStreamer+qtdemux: 0:00:34.958546341 0xe900d580 qtdemux.c:5655:gst_qtdemux_loop:<q> loop at position 15003960, state 2
06-06 22:09:48.041  5267  5348 V GStreamer+GST_MESSAGE: 0:00:34.958547591 0xe900d520 gstmessage.c:293:gst_message_new_custom source sink: creating new message 0xe930aac0 structure-change
06-06 22:09:48.041  5267  5349 V GStreamer+qtdemux: 0:00:34.958577747 0xe900d580 qtdemux.c:4750:gst_qtdemux_prepare_current_sample:<q> segment active, index = 22 of 361
06-06 22:09:48.041  5267  5349 V GStreamer+qtdemux: 0:00:34.958601862 0xe900d580 qtdemux.c:8003:qtdemux_parse_samples:<q> parsing samples for stream fourcc avc1, pad video_0
06-06 22:09:48.041  5267  5348 D GStreamer+GST_BUS: 0:00:34.958578372 0xe900d520 gstbus.c:309:gst_bus_post:<bus0> [msg 0xe930aac0] posting on bus structure-change message: 0xe930aac0, time 99:99:99.999999999, seq-num 154, element 'sink', GstMessageStructureChange, type=(GstStructureChangeType)GST_STRUCTURE_CHANGE_TYPE_PAD_LINK, owner=(GstElement)"\(GstH264Parse\)\ h264parse0", busy=(boolean)false;
06-06 22:09:48.041  5267  5349 V GStreamer+qtdemux: 0:00:34.958625351 0xe900d580 qtdemux.c:8385:qtdemux_parse_samples:<q> Tried to parse up to sample 22 but this sample has already been parsed
06-06 22:09:48.041  5267  5348 D GStreamer+decodebin: 0:00:34.958633580 0xe900d520 gstdecodebin2.c:5492:gst_decode_bin_handle_message:<forhwgl> Forwarding msg structure-change message: 0xe930aac0, time 99:99:99.999999999, seq-num 154, element 'sink', GstMessageStructureChange, type=(GstStructureChangeType)GST_STRUCTURE_CHANGE_TYPE_PAD_LINK, owner=(GstElement)"\(GstH264Parse\)\ h264parse0", busy=(boolean)false;
06-06 22:09:48.041  5267  5349 D GStreamer+qtdemux: 0:00:34.958645091 0xe900d580 qtdemux.c:5512:gst_qtdemux_loop_state_movie:<q> pushing from stream 0, empty 0 offset 988574, size 41843, dts=0:00:00.457666666, pts=0:00:00.457666666, duration 0:00:00.019666667
06-06 22:09:48.041  5267  5348 D GStreamer+bin: 0:00:34.958692903 0xe900d520 gstbin.c:3654:gst_bin_handle_message_func:<forhwgl> [msg 0xe930aac0] handling child sink message of type structure-change
06-06 22:09:48.041  5267  5349 V GStreamer+qtdemux: 0:00:34.958696705 0xe900d580 qtdemux.c:5566:gst_qtdemux_loop_state_movie:<q> reading 41843 bytes @ 988574
06-06 22:09:48.041  5267  5348 V GStreamer+bin: 0:00:34.958734674 0xe900d520 gstbin.c:889:message_check looking at message 0xe930ab18: 1
06-06 22:09:48.041  5267  5349 V GStreamer+GST_SCHEDULING: 0:00:34.958737226 0xe900d580 gstpad.c:4654:gst_pad_get_range_unchecked:<filesrc0:src> calling getrangefunc gst_base_src_getrange, offset 988574, size 41843
06-06 22:09:48.041  5267  5348 D GStreamer+bin: 0:00:34.958755403 0xe900d520 gstbin.c:986:bin_remove_messages:<capsfilter0:sink> deleting message 0xe930ab18 of types 0x00001000
06-06 22:09:48.041  5267  5349 D GStreamer+basesrc: 0:00:34.958766237 0xe900d580 gstbasesrc.c:2354:gst_base_src_update_length:<filesrc0> reading offset 988574, length 41843, size 15003960, segment.stop -1, maxsize 15003960
06-06 22:09:48.041  5267  5348 V GStreamer+GST_MESSAGE: 0:00:34.958776966 0xe900d520 gstmessage.c:200:_gst_message_free finalize message 0xe930ab18, structure-change from sink
06-06 22:09:48.041  5267  5348 V GStreamer+bin: 0:00:34.958803841 0xe900d520 gstbin.c:889:message_check looking at message 0xe9308e70: 0
06-06 22:09:48.041  5267  5349 D GStreamer+basesrc: 0:00:34.958799049 0xe900d580 gstbasesrc.c:2455:gst_base_src_get_range:<filesrc0> calling create offset 988574 length 41843, time 0
06-06 22:09:48.041  5267  5349 D GStreamer+GST_MEMORY: 0:00:34.958840560 0xe900d580 gstmemory.c:138:gst_memory_init new memory 0xe94370f0, maxsize:41846 offset:0 size:41843
06-06 22:09:48.041  5267  5348 D GStreamer+bin: 0:00:34.958825455 0xe900d520 gstbin.c:992:bin_remove_messages:<forhwgl> not deleting message 0xe9308e70 of type 0x00100000
06-06 22:09:48.042  5267  5349 V GStreamer+GST_BUFFER: 0:00:34.958872435 0xe900d580 gstbuffer.c:727:gst_buffer_new new 0xe93dc5c8
06-06 22:09:48.042  5267  5348 V GStreamer+GST_MESSAGE: 0:00:34.958875403 0xe900d520 gstmessage.c:200:_gst_message_free finalize message 0xe930aac0, structure-change from sink
06-06 22:09:48.042  5267  5349 V GStreamer+GST_BUFFER: 0:00:34.958896810 0xe900d580 gstbuffer.c:342:_memory_add buffer 0xe93dc5c8, idx -1, mem 0xe94370f0
06-06 22:09:48.042  5267  5348 D GStreamer+GST_BUS: 0:00:34.958902903 0xe900d520 gstbus.c:344:gst_bus_post:<bus0> [msg 0xe930aac0] dropped
06-06 22:09:48.042  5267  5349 V GStreamer+GST_BUFFER: 0:00:34.958920091 0xe900d580 gstbuffer.c:783:gst_buffer_new_allocate new buffer 0xe93dc5c8 of size 41843 from allocator 0x0
06-06 22:09:48.042  5267  5348 I GStreamer+GST_ELEMENT_PADS: 0:00:34.958924987 0xe900d520 gstelement.c:909:gst_element_get_static_pad found pad capsfilter0:src
06-06 22:09:48.042  5267  5349 V GStreamer+GST_BUFFER: 0:00:34.958941758 0xe900d580 gstbuffer.c:1649:gst_buffer_map_range buffer 0xe93dc5c8, idx 0, length -1, flags 0002
06-06 22:09:48.042  5267  5348 D GStreamer+GST_PADS: 0:00:34.958946289 0xe900d520 gstghostpad.c:840:gst_ghost_pad_set_target:<'':decodepad0> set target capsfilter0:src
06-06 22:09:48.042  5267  5349 V GStreamer+GST_BUFFER: 0:00:34.958965039 0xe900d580 gstbuffer.c:212:_get_merged_memory buffer 0xe93dc5c8, idx 0, length 1
06-06 22:09:48.042  5267  5348 D GStreamer+GST_PADS: 0:00:34.958971966 0xe900d520 gstghostpad.c:862:gst_ghost_pad_set_target:<'':decodepad0> connecting internal pad to target <capsfilter0:src>
06-06 22:09:48.042  5267  5349 V GStreamer+filesrc: 0:00:34.958984153 0xe900d580 gstfilesrc.c:360:gst_file_src_fill:<filesrc0> Reading 41843 bytes at offset 0xf159e
06-06 22:09:48.042  5267  5348 V GStreamer+GST_MESSAGE: 0:00:34.959000716 0xe900d520 gstmessage.c:293:gst_message_new_custom source proxypad4: creating new message 0xe930aa68 structure-change
06-06 22:09:48.042  5267  5349 D GStreamer+basesrc: 0:00:34.959047122 0xe900d580 gstbasesrc.c:2309:gst_base_src_do_sync:<filesrc0> we have no clock
06-06 22:09:48.042  5267  5348 D GStreamer+GST_BUS: 0:00:34.959022018 0xe900d520 gstbus.c:309:gst_bus_post:<bus0> [msg 0xe930aa68] posting on bus structure-change message: 0xe930aa68, time 99:99:99.999999999, seq-num 155, element 'proxypad4', GstMessageStructureChange, type=(GstStructureChangeType)GST_STRUCTURE_CHANGE_TYPE_PAD_LINK, owner=(GstElement)"\(GstCapsFilter\)\ capsfilter0", busy=(boolean)true;
06-06 22:09:48.042  5267  5349 D GStreamer+basesrc: 0:00:34.959070664 0xe900d580 gstbasesrc.c:2519:gst_base_src_get_range:<filesrc0> buffer ok
06-06 22:09:48.042  5267  5347 D GStreamer+baseparse: 0:00:34.957620247 0xe900d4c0 gstbaseparse.c:1207:gst_base_parse_sink_event_default:<mpegaudioparse0> segment time segment start=0:00:00.000000000, offset=0:00:00.000000000, stop=0:00:07.176000000, rate=1.000000, applied_rate=1.000000, flags=0x00, time=0:00:00.000000000, base=0:00:00.000000000, position 0:00:00.000000000, duration 99:99:99.999999999
06-06 22:09:48.042  5267  5349 V GStreamer+qtdemux: 0:00:34.959089258 0xe900d580 qtdemux.c:5277:gst_qtdemux_decorate_and_push_buffer:<q> Pushing buffer with dts 0:00:00.457666666, pts 0:00:00.457666666, duration 0:00:00.019666667 on pad video_0
06-06 22:09:48.042  5267  5347 D GStreamer+baseparse: 0:00:34.959145403 0xe900d4c0 gstbaseparse.c:1297:gst_base_parse_sink_event_default:<mpegaudioparse0> draining current segment
06-06 22:09:48.042  5267  5347 D GStreamer+baseparse: 0:00:34.959163424 0xe900d4c0 gstbaseparse.c:2687:gst_base_parse_drain:<mpegaudioparse0> draining
06-06 22:09:48.042  5267  5347 D GStreamer+baseparse: 0:00:34.959184518 0xe900d4c0 gstbaseparse.c:1486:gst_base_parse_sink_event_default:<mpegaudioparse0> event handled
06-06 22:09:48.042  5267  5349 D GStreamer+GST_SCHEDULING: 0:00:34.959154883 0xe900d580 gstpad.c:4193:gst_pad_chain_data_unchecked:<queue0:sink> calling chainfunction &gst_queue_chain with buffer buffer: 0xe93dc5c8, pts 0:00:00.457666666, dts 0:00:00.457666666, dur 0:00:00.019666667, size 41843, offset none, offset_end none, flags 0x0
06-06 22:09:48.042  5267  5347 D GStreamer+GST_PADS: 0:00:34.959208476 0xe900d4c0 gstpad.c:5609:gst_pad_send_event_unchecked:<mpegaudioparse0:sink> sent event, ret ok
06-06 22:09:48.042  5267  5349 V GStreamer+queue_dataflow: 0:00:34.959209362 0xe900d580 gstqueue.c:1181:gst_queue_chain_buffer_or_list:<queue0> received buffer 0xe93dc5c8 of size 41843, time 0:00:00.457666666, duration 0:00:00.019666667
06-06 22:09:48.042  5267  5347 V GStreamer+GST_PADS: 0:00:34.959240039 0xe900d4c0 gstpad.c:5087:store_sticky_event:<mpegaudioparse0:sink> stored sticky event segment
06-06 22:09:48.042  5267  5349 V GStreamer+queue: 0:00:34.959249883 0xe900d580 gstqueue.c:633:apply_buffer:<queue0> sink position updated to 0:00:00.477333333
06-06 22:09:48.042  5267  5347 V GStreamer+GST_PADS: 0:00:34.959262539 0xe900d4c0 gstpad.c:5258:gst_pad_push_event_unchecked:<typefind:src> sent event 0xe90b4390 (segment) to peerpad <mpegaudioparse0:sink>, ret ok
06-06 22:09:48.042  5267  5349 V GStreamer+queue: 0:00:34.959274726 0xe900d580 gstqueue.c:529:update_time_level:<queue0> update sink time
06-06 22:09:48.042  5267  5347 D GStreamer+GST_PADS: 0:00:34.959291966 0xe900d4c0 gstpad.c:3805:push_sticky:<typefind:src> event segment marked received
06-06 22:09:48.042  5267  5349 V GStreamer+queue: 0:00:34.959294987 0xe900d580 gstqueue.c:547:update_time_level:<queue0> sink +0:00:00.788333333, src +0:00:00.000000000
06-06 22:09:48.042  5267  5347 D GStreamer+GST_PADS: 0:00:34.959314622 0xe900d4c0 gstpad.c:5609:gst_pad_send_event_unchecked:<typefind:sink> sent event, ret ok
06-06 22:09:48.042  5267  5349 D GStreamer+GST_SCHEDULING: 0:00:34.959328893 0xe900d580 gstpad.c:4199:gst_pad_chain_data_unchecked:<queue0:sink> called chainfunction &gst_queue_chain with buffer 0xe93dc5c8, returned ok
06-06 22:09:48.042  5267  5347 V GStreamer+GST_PADS: 0:00:34.959333893 0xe900d4c0 gstpad.c:5087:store_sticky_event:<typefind:sink> stored sticky event segment
06-06 22:09:48.042  5267  5349 V GStreamer+qtdemux: 0:00:34.959358320 0xe900d580 qtdemux.c:4949:gst_qtdemux_combine_flows:<q> flow return: ok
06-06 22:09:48.042  5267  5347 V GStreamer+GST_PADS: 0:00:34.959358112 0xe900d4c0 gstpad.c:5258:gst_pad_push_event_unchecked:<sink:proxypad2> sent event 0xe90b4390 (segment) to peerpad <typefind:sink>, ret ok
06-06 22:09:48.042  5267  5349 V GStreamer+qtdemux: 0:00:34.959383685 0xe900d580 qtdemux.c:4957:gst_qtdemux_combine_flows:<q> combined flow return: ok
06-06 22:09:48.042  5267  5347 D GStreamer+GST_PADS: 0:00:34.959392539 0xe900d4c0 gstpad.c:3805:push_sticky:<sink:proxypad2> event segment marked received
06-06 22:09:48.042  5267  5349 V GStreamer+qtdemux: 0:00:34.959403320 0xe900d580 qtdemux.c:8003:qtdemux_parse_samples:<q> parsing samples for stream fourcc avc1, pad video_0
06-06 22:09:48.042  5267  5347 D GStreamer+GST_PADS: 0:00:34.959414830 0xe900d4c0 gstpad.c:5609:gst_pad_send_event_unchecked:<decodebin1:sink> sent event, ret ok
06-06 22:09:48.042  5267  5349 D GStreamer+qtdemux: 0:00:34.959425560 0xe900d580 qtdemux.c:8014:qtdemux_parse_samples:<q> parsing up to sample 23
06-06 22:09:48.042  5267  5347 V GStreamer+GST_PADS: 0:00:34.959433997 0xe900d4c0 gstpad.c:5087:store_sticky_event:<decodebin1:sink> stored sticky event segment
06-06 22:09:48.042  5267  5349 V GStreamer+qtdemux: 0:00:34.959442903 0xe900d580 qtdemux.c:8040:qtdemux_parse_samples:<q> sample 23 has size 42063
06-06 22:09:48.042  5267  5347 V GStreamer+GST_PADS: 0:00:34.959452903 0xe900d4c0 gstpad.c:5258:gst_pad_push_event_unchecked:<queue2:src> sent event 0xe90b4390 (segment) to peerpad <decodebin1:sink>, ret ok
06-06 22:09:48.042  5267  5349 V GStreamer+qtdemux: 0:00:34.959463737 0xe900d580 qtdemux.c:8164:qtdemux_parse_samples:<q> creating entry 23 with offset 1030417 and size 42063
06-06 22:09:48.042  5267  5347 D GStreamer+GST_PADS: 0:00:34.959483216 0xe900d4c0 gstpad.c:3805:push_sticky:<queue2:src> event segment marked received
06-06 22:09:48.042  5267  5349 D GStreamer+qtdemux: 0:00:34.959491289 0xe900d580 qtdemux.c:8221:qtdemux_parse_samples:<q> sample 23: index 1, timestamp 0:00:00.477333333
06-06 22:09:48.042  5267  5347 V GStreamer+queue_dataflow: 0:00:34.959505716 0xe900d4c0 gstqueue.c:872:gst_queue_locked_dequeue:<queue2> retrieved event 0xe91b6830 from queue
06-06 22:09:48.042  5267  5349 D GStreamer+qtdemux: 0:00:34.959516549 0xe900d580 qtdemux.c:8276:qtdemux_parse_samples:<q> samples at 23 is keyframe
06-06 22:09:48.042  5267  5347 V GStreamer+GST_PADS: 0:00:34.959526445 0xe900d4c0 gstpad.c:5087:store_sticky_event:<queue2:src> stored sticky event tag
06-06 22:09:48.042  5267  5349 V GStreamer+qtdemux: 0:00:34.959537851 0xe900d580 qtdemux.c:5655:gst_qtdemux_loop:<q> loop at position 15003960, state 2
06-06 22:09:48.042  5267  5347 D GStreamer+GST_PADS: 0:00:34.959547018 0xe900d4c0 gstpad.c:3853:check_sticky:<queue2:src> pushing all sticky events
06-06 22:09:48.042  5267  5349 V GStreamer+qtdemux: 0:00:34.959561133 0xe900d580 qtdemux.c:4750:gst_qtdemux_prepare_current_sample:<q> segment active, index = 23 of 361
06-06 22:09:48.042  5267  5347 D GStreamer+GST_PADS: 0:00:34.959565768 0xe900d4c0 gstpad.c:3785:push_sticky:<queue2:src> event stream-start was already received
06-06 22:09:48.042  5267  5347 D GStreamer+GST_PADS: 0:00:34.959589570 0xe900d4c0 gstpad.c:3785:push_sticky:<queue2:src> event caps was already received
06-06 22:09:48.042  5267  5349 V GStreamer+qtdemux: 0:00:34.959586810 0xe900d580 qtdemux.c:8003:qtdemux_parse_samples:<q> parsing samples for stream fourcc avc1, pad video_0
06-06 22:09:48.042  5267  5347 D GStreamer+GST_PADS: 0:00:34.959616133 0xe900d4c0 gstpad.c:3785:push_sticky:<queue2:src> event segment was already received
06-06 22:09:48.042  5267  5349 V GStreamer+qtdemux: 0:00:34.959620143 0xe900d580 qtdemux.c:8385:qtdemux_parse_samples:<q> Tried to parse up to sample 23 but this sample has already been parsed
06-06 22:09:48.042  5267  5347 V GStreamer+GST_PADS: 0:00:34.959640508 0xe900d4c0 gstpad.c:5250:gst_pad_push_event_unchecked:<queue2:src> sending event 0xe91b6830 (tag) to peerpad <decodebin1:sink>
06-06 22:09:48.042  5267  5349 D GStreamer+qtdemux: 0:00:34.959645039 0xe900d580 qtdemux.c:5512:gst_qtdemux_loop_state_movie:<q> pushing from stream 0, empty 0 offset 1030417, size 42063, dts=0:00:00.477333333, pts=0:00:00.477333333, duration 0:00:00.019666667
06-06 22:09:48.042  5267  5349 V GStreamer+qtdemux: 0:00:34.959702018 0xe900d580 qtdemux.c:5566:gst_qtdemux_loop_state_movie:<q> reading 42063 bytes @ 1030417
06-06 22:09:48.042  5267  5347 D GStreamer+GST_EVENT: 0:00:34.959679987 0xe900d4c0 gstpad.c:5536:gst_pad_send_event_unchecked:<decodebin1:sink> have event type tag event: 0xe91b6830, time 99:99:99.999999999, seq-num 108, GstTagList-stream, taglist=(taglist)"taglist\,\ audio-codec\=\(string\)\"MPEG-1\\\ audio\"\,\ maximum-bitrate\=\(uint\)48000\,\ bitrate\=\(uint\)48000\,\ language-code\=\(string\)en\;";
06-06 22:09:48.042  5267  5349 V GStreamer+GST_SCHEDULING: 0:00:34.959747018 0xe900d580 gstpad.c:4654:gst_pad_get_range_unchecked:<filesrc0:src> calling getrangefunc gst_base_src_getrange, offset 1030417, size 42063
06-06 22:09:48.042  5267  5349 D GStreamer+basesrc: 0:00:34.959774153 0xe900d580 gstbasesrc.c:2354:gst_base_src_update_length:<filesrc0> reading offset 1030417, length 42063, size 15003960, segment.stop -1, maxsize 15003960
06-06 22:09:48.042  5267  5347 V GStreamer+GST_PADS: 0:00:34.959758685 0xe900d4c0 gstpad.c:3017:gst_pad_event_default:<decodebin1:sink> default event handler for event tag event: 0xe91b6830, time 99:99:99.999999999, seq-num 108, GstTagList-stream, taglist=(taglist)"taglist\,\ audio-codec\=\(string\)\"MPEG-1\\\ audio\"\,\ maximum-bitrate\=\(uint\)48000\,\ bitrate\=\(uint\)48000\,\ language-code\=\(string\)en\;";
06-06 22:09:48.042  5267  5349 D GStreamer+basesrc: 0:00:34.959809049 0xe900d580 gstbasesrc.c:2455:gst_base_src_get_range:<filesrc0> calling create offset 1030417 length 42063, time 0
06-06 22:09:48.042  5267  5347 V GStreamer+GST_PADS: 0:00:34.959817695 0xe900d4c0 gstpad.c:2937:gst_pad_forward:<decodebin1:sink> calling forward function on pad sink:proxypad2
06-06 22:09:48.042  5267  5349 D GStreamer+GST_MEMORY: 0:00:34.959845143 0xe900d580 gstmemory.c:138:gst_memory_init new memory 0xe9441730, maxsize:42066 offset:0 size:42063
06-06 22:09:48.042  5267  5348 D GStreamer+decodebin: 0:00:34.959076914 0xe900d520 gstdecodebin2.c:5492:gst_decode_bin_handle_message:<forhwgl> Forwarding msg structure-change message: 0xe930aa68, time 99:99:99.999999999, seq-num 155, element 'proxypad4', GstMessageStructureChange, type=(GstStructureChangeType)GST_STRUCTURE_CHANGE_TYPE_PAD_LINK, owner=(GstElement)"\(GstCapsFilter\)\ capsfilter0", busy=(boolean)true;
06-06 22:09:48.043  5267  5349 V GStreamer+GST_BUFFER: 0:00:34.959875612 0xe900d580 gstbuffer.c:727:gst_buffer_new new 0xe93dc668
06-06 22:09:48.043  5267  5348 D GStreamer+bin: 0:00:34.959881237 0xe900d520 gstbin.c:3654:gst_bin_handle_message_func:<forhwgl> [msg 0xe930aa68] handling child proxypad4 message of type structure-change
06-06 22:09:48.043  5267  5349 V GStreamer+GST_BUFFER: 0:00:34.959893476 0xe900d580 gstbuffer.c:342:_memory_add buffer 0xe93dc668, idx -1, mem 0xe9441730
06-06 22:09:48.043  5267  5348 V GStreamer+bin: 0:00:34.959903060 0xe900d520 gstbin.c:889:message_check looking at message 0xe9308e70: 0
06-06 22:09:48.043  5267  5349 V GStreamer+GST_BUFFER: 0:00:34.959912643 0xe900d580 gstbuffer.c:783:gst_buffer_new_allocate new buffer 0xe93dc668 of size 42063 from allocator 0x0
06-06 22:09:48.043  5267  5348 D GStreamer+bin: 0:00:34.959920195 0xe900d520 gstbin.c:911:find_message:<forhwgl> no message found matching types 00001000
06-06 22:09:48.043  5267  5349 V GStreamer+GST_BUFFER: 0:00:34.959931445 0xe900d580 gstbuffer.c:1649:gst_buffer_map_range buffer 0xe93dc668, idx 0, length -1, flags 0002
06-06 22:09:48.043  5267  5348 D GStreamer+bin: 0:00:34.959938268 0xe900d520 gstbin.c:918:find_message:<forhwgl>   structure-change
06-06 22:09:48.043  5267  5349 V GStreamer+GST_BUFFER: 0:00:34.959952591 0xe900d580 gstbuffer.c:212:_get_merged_memory buffer 0xe93dc668, idx 0, length 1
06-06 22:09:48.043  5267  5348 D GStreamer+bin: 0:00:34.959960195 0xe900d520 gstbin.c:958:bin_replace_message:<forhwgl> got new message 0xe930aa68, structure-change from proxypad4
06-06 22:09:48.043  5267  5349 V GStreamer+filesrc: 0:00:34.959970924 0xe900d580 gstfilesrc.c:360:gst_file_src_fill:<filesrc0> Reading 42063 bytes at offset 0xfb911
06-06 22:09:48.043  5267  5348 D GStreamer+GST_BUS: 0:00:34.959980976 0xe900d520 gstbus.c:344:gst_bus_post:<bus0> [msg 0xe930aa68] dropped
06-06 22:09:48.043  5267  5348 I GStreamer+GST_PADS: 0:00:34.959999778 0xe900d520 gstpad.c:2315:gst_pad_link_prepare trying to link capsfilter0:src and decodepad0:proxypad4
06-06 22:09:48.043  5267  5348 I GStreamer+GST_PADS: 0:00:34.960021914 0xe900d520 gstpad.c:2521:gst_pad_link_full linked capsfilter0:src and decodepad0:proxypad4, successful
06-06 22:09:48.043  5267  5348 I GStreamer+GST_EVENT: 0:00:34.960043580 0xe900d520 gstevent.c:1382:gst_event_new_reconfigure creating reconfigure event
06-06 22:09:48.043  5267  5348 D GStreamer+GST_EVENT: 0:00:34.960059205 0xe900d520 gstevent.c:302:gst_event_new_custom creating new event 0xe91b55a0 reconfigure 61441
06-06 22:09:48.043  5267  5348 D GStreamer+GST_EVENT: 0:00:34.960078580 0xe900d520 gstpad.c:5536:gst_pad_send_event_unchecked:<capsfilter0:src> have event type reconfigure event: 0xe91b55a0, time 99:99:99.999999999, seq-num 156, (NULL)
06-06 22:09:48.043  5267  5348 D GStreamer+basetransform: 0:00:34.960112018 0xe900d520 gstbasetransform.c:1989:gst_base_transform_src_eventfunc:<capsfilter0> handling event 0xe91b55a0 reconfigure event: 0xe91b55a0, time 99:99:99.999999999, seq-num 156, (NULL)
06-06 22:09:48.043  5267  5348 V GStreamer+GST_PADS: 0:00:34.960145091 0xe900d520 gstpad.c:5250:gst_pad_push_event_unchecked:<capsfilter0:sink> sending event 0xe91b55a0 (reconfigure) to peerpad <h264parse0:src>
06-06 22:09:48.043  5267  5348 D GStreamer+GST_EVENT: 0:00:34.960170195 0xe900d520 gstpad.c:5536:gst_pad_send_event_unchecked:<h264parse0:src> have event type reconfigure event: 0xe91b55a0, time 99:99:99.999999999, seq-num 156, (NULL)
06-06 22:09:48.043  5267  5348 I GStreamer+GST_EVENT: 0:00:34.960199987 0xe900d520 gstpad.c:5641:gst_pad_send_event_unchecked:<h264parse0:src> Received event on flushing pad. Discarding
06-06 22:09:48.043  5267  5348 V GStreamer+GST_EVENT: 0:00:34.960217695 0xe900d520 gstevent.c:219:_gst_event_free freeing event 0xe91b55a0 type reconfigure
06-06 22:09:48.043  5267  5348 V GStreamer+GST_PADS: 0:00:34.960237070 0xe900d520 gstpad.c:5258:gst_pad_push_event_unchecked:<capsfilter0:sink> sent event 0xe91b55a0 (reconfigure) to peerpad <h264parse0:src>, ret flushing
06-06 22:09:48.043  5267  5349 D GStreamer+basesrc: 0:00:34.960241393 0xe900d580 gstbasesrc.c:2309:gst_base_src_do_sync:<filesrc0> we have no clock
06-06 22:09:48.043  5267  5349 D GStreamer+basesrc: 0:00:34.960269101 0xe900d580 gstbasesrc.c:2519:gst_base_src_get_range:<filesrc0> buffer ok
06-06 22:09:48.043  5267  5348 D GStreamer+GST_PADS: 0:00:34.960266705 0xe900d520 gstpad.c:5609:gst_pad_send_event_unchecked:<capsfilter0:src> sent event, ret error
06-06 22:09:48.043  5267  5348 V GStreamer+GST_MESSAGE: 0:00:34.960296810 0xe900d520 gstmessage.c:293:gst_message_new_custom source proxypad4: creating new message 0xe930aa10 structure-change
06-06 22:09:48.043  5267  5349 V GStreamer+qtdemux: 0:00:34.960291028 0xe900d580 qtdemux.c:5277:gst_qtdemux_decorate_and_push_buffer:<q> Pushing buffer with dts 0:00:00.477333333, pts 0:00:00.477333333, duration 0:00:00.019666667 on pad video_0
06-06 22:09:48.043  5267  5348 D GStreamer+GST_BUS: 0:00:34.960321862 0xe900d520 gstbus.c:309:gst_bus_post:<bus0> [msg 0xe930aa10] posting on bus structure-change message: 0xe930aa10, time 99:99:99.999999999, seq-num 157, element 'proxypad4', GstMessageStructureChange, type=(GstStructureChangeType)GST_STRUCTURE_CHANGE_TYPE_PAD_LINK, owner=(GstElement)"\(GstCapsFilter\)\ capsfilter0", busy=(boolean)false;
06-06 22:09:48.043  5267  5349 D GStreamer+GST_SCHEDULING: 0:00:34.960332487 0xe900d580 gstpad.c:4193:gst_pad_chain_data_unchecked:<queue0:sink> calling chainfunction &gst_queue_chain with buffer buffer: 0xe93dc668, pts 0:00:00.477333333, dts 0:00:00.477333333, dur 0:00:00.019666667, size 42063, offset none, offset_end none, flags 0x0
06-06 22:09:48.043  5267  5349 V GStreamer+queue_dataflow: 0:00:34.960386289 0xe900d580 gstqueue.c:1181:gst_queue_chain_buffer_or_list:<queue0> received buffer 0xe93dc668 of size 42063, time 0:00:00.477333333, duration 0:00:00.019666667
06-06 22:09:48.043  5267  5348 D GStreamer+decodebin: 0:00:34.960380039 0xe900d520 gstdecodebin2.c:5492:gst_decode_bin_handle_message:<forhwgl> Forwarding msg structure-change message: 0xe930aa10, time 99:99:99.999999999, seq-num 157, element 'proxypad4', GstMessageStructureChange, type=(GstStructureChangeType)GST_STRUCTURE_CHANGE_TYPE_PAD_LINK, owner=(GstElement)"\(GstCapsFilter\)\ capsfilter0", busy=(boolean)false;
06-06 22:09:48.043  5267  5349 V GStreamer+queue: 0:00:34.960425195 0xe900d580 gstqueue.c:633:apply_buffer:<queue0> sink position updated to 0:00:00.497000000
06-06 22:09:48.043  5267  5348 D GStreamer+bin: 0:00:34.960433841 0xe900d520 gstbin.c:3654:gst_bin_handle_message_func:<forhwgl> [msg 0xe930aa10] handling child proxypad4 message of type structure-change
06-06 22:09:48.043  5267  5349 V GStreamer+queue: 0:00:34.960450039 0xe900d580 gstqueue.c:529:update_time_level:<queue0> update sink time
06-06 22:09:48.043  5267  5348 V GStreamer+bin: 0:00:34.960456862 0xe900d520 gstbin.c:889:message_check looking at message 0xe930aa68: 1
06-06 22:09:48.043  5267  5349 V GStreamer+queue: 0:00:34.960467122 0xe900d580 gstqueue.c:547:update_time_level:<queue0> sink +0:00:00.808000000, src +0:00:00.000000000
06-06 22:09:48.043  5267  5348 D GStreamer+bin: 0:00:34.960475351 0xe900d520 gstbin.c:986:bin_remove_messages:<decodepad0:proxypad4> deleting message 0xe930aa68 of types 0x00001000
06-06 22:09:48.043  5267  5348 V GStreamer+GST_MESSAGE: 0:00:34.960503112 0xe900d520 gstmessage.c:200:_gst_message_free finalize message 0xe930aa68, structure-change from proxypad4
06-06 22:09:48.043  5267  5349 D GStreamer+GST_SCHEDULING: 0:00:34.960501237 0xe900d580 gstpad.c:4199:gst_pad_chain_data_unchecked:<queue0:sink> called chainfunction &gst_queue_chain with buffer 0xe93dc668, returned ok
06-06 22:09:48.043  5267  5348 V GStreamer+bin: 0:00:34.960534101 0xe900d520 gstbin.c:889:message_check looking at message 0xe9308e70: 0
06-06 22:09:48.043  5267  5349 V GStreamer+qtdemux: 0:00:34.960535403 0xe900d580 qtdemux.c:4949:gst_qtdemux_combine_flows:<q> flow return: ok
06-06 22:09:48.043  5267  5349 V GStreamer+qtdemux: 0:00:34.960560247 0xe900d580 qtdemux.c:4957:gst_qtdemux_combine_flows:<q> combined flow return: ok
06-06 22:09:48.043  5267  5348 D GStreamer+bin: 0:00:34.960558789 0xe900d520 gstbin.c:992:bin_remove_messages:<forhwgl> not deleting message 0xe9308e70 of type 0x00100000
06-06 22:09:48.043  5267  5349 V GStreamer+qtdemux: 0:00:34.960584414 0xe900d580 qtdemux.c:8003:qtdemux_parse_samples:<q> parsing samples for stream fourcc avc1, pad video_0
06-06 22:09:48.043  5267  5348 V GStreamer+GST_MESSAGE: 0:00:34.960586758 0xe900d520 gstmessage.c:200:_gst_message_free finalize message 0xe930aa10, structure-change from proxypad4
06-06 22:09:48.043  5267  5349 D GStreamer+qtdemux: 0:00:34.960617122 0xe900d580 qtdemux.c:8014:qtdemux_parse_samples:<q> parsing up to sample 24
06-06 22:09:48.043  5267  5348 D GStreamer+GST_BUS: 0:00:34.960619674 0xe900d520 gstbus.c:344:gst_bus_post:<bus0> [msg 0xe930aa10] dropped
06-06 22:09:48.043  5267  5349 V GStreamer+qtdemux: 0:00:34.960638268 0xe900d580 qtdemux.c:8040:qtdemux_parse_samples:<q> sample 24 has size 41675
06-06 22:09:48.043  5267  5348 D GStreamer+GST_CAPS: 0:00:34.960643060 0xe900d520 gstpad.c:2672:gst_pad_get_current_caps:<capsfilter0:src> get current pad caps (NULL)
06-06 22:09:48.043  5267  5348 D GStreamer+decodebin: 0:00:34.960667487 0xe900d520 gstdecodebin2.c:1809:analyze_new_pad:<forhwgl> No final caps set yet, delaying autoplugging
06-06 22:09:48.043  5267  5349 V GStreamer+qtdemux: 0:00:34.960662330 0xe900d580 qtdemux.c:8164:qtdemux_parse_samples:<q> creating entry 24 with offset 1072624 and size 41675
06-06 22:09:48.043  5267  5349 V GStreamer+qtdemux: 0:00:34.960690612 0xe900d580 qtdemux.c:8208:qtdemux_parse_samples:<q> block 0, 2 timestamps, duration 60
06-06 22:09:48.043  5267  5348 V GStreamer+decodebin: 0:00:34.960692591 0xe900d520 gstdecodebin2.c:1915:analyze_new_pad:<forhwgl> locking chain 0xe924f018 from thread 0xe900d520
06-06 22:09:48.043  5267  5348 V GStreamer+decodebin: 0:00:34.960733737 0xe900d520 gstdecodebin2.c:1915:analyze_new_pad:<forhwgl> locked chain 0xe924f018 from thread 0xe900d520
06-06 22:09:48.043  5267  5349 D GStreamer+qtdemux: 0:00:34.960733528 0xe900d580 qtdemux.c:8221:qtdemux_parse_samples:<q> sample 24: index 0, timestamp 0:00:00.497000000
06-06 22:09:48.043  5267  5348 V GStreamer+decodebin: 0:00:34.960765768 0xe900d520 gstdecodebin2.c:1917:analyze_new_pad:<forhwgl> Chain 0xe924f018 has now 0 dynamic pads
06-06 22:09:48.043  5267  5349 D GStreamer+qtdemux: 0:00:34.960768320 0xe900d580 qtdemux.c:8276:qtdemux_parse_samples:<q> samples at 24 is keyframe
06-06 22:09:48.043  5267  5348 V GStreamer+GST_SCHEDULING: 0:00:34.960792591 0xe900d520 gstpad.c:1381:gst_pad_add_probe:<capsfilter0:src> adding probe for mask 0x00000040
06-06 22:09:48.043  5267  5349 V GStreamer+qtdemux: 0:00:34.960795091 0xe900d580 qtdemux.c:5655:gst_qtdemux_loop:<q> loop at position 15003960, state 2
06-06 22:09:48.043  5267  5348 V GStreamer+GST_SCHEDULING: 0:00:34.960817435 0xe900d520 gstpad.c:1407:gst_pad_add_probe:<capsfilter0:src> got probe id 1
06-06 22:09:48.043  5267  5349 V GStreamer+qtdemux: 0:00:34.960820039 0xe900d580 qtdemux.c:4750:gst_qtdemux_prepare_current_sample:<q> segment active, index = 33 of 299
06-06 22:09:48.043  5267  5349 V GStreamer+qtdemux: 0:00:34.960843789 0xe900d580 qtdemux.c:8003:qtdemux_parse_samples:<q> parsing samples for stream fourcc mp4a, pad audio_0
06-06 22:09:48.043  5267  5348 V GStreamer+decodebin: 0:00:34.960848737 0xe900d520 gstdecodebin2.c:1927:analyze_new_pad:<forhwgl> unlocking chain 0xe924f018 from thread 0xe900d520
06-06 22:09:48.043  5267  5349 V GStreamer+qtdemux: 0:00:34.960866862 0xe900d580 qtdemux.c:8385:qtdemux_parse_samples:<q> Tried to parse up to sample 33 but this sample has already been parsed
06-06 22:09:48.044  5267  5348 D GStreamer+GST_STATES: 0:00:34.960875247 0xe900d520 gstelement.c:2525:gst_element_set_state_func:<h264parse0> set_state to PAUSED
06-06 22:09:48.044  5267  5348 D GStreamer+GST_STATES: 0:00:34.960895508 0xe900d520 gstelement.c:2550:gst_element_set_state_func:<h264parse0> setting target state to PAUSED
06-06 22:09:48.044  5267  5349 D GStreamer+qtdemux: 0:00:34.960890560 0xe900d580 qtdemux.c:5512:gst_qtdemux_loop_state_movie:<q> pushing from stream 1, empty 0 offset 1114299, size 144, dts=0:00:00.792000000, pts=0:00:00.792000000, duration 0:00:00.024000000
06-06 22:09:48.044  5267  5348 D GStreamer+GST_STATES: 0:00:34.960923164 0xe900d520 gstelement.c:2563:gst_element_set_state_func:<h264parse0> current READY, old_pending VOID_PENDING, next VOID_PENDING, old return SUCCESS
06-06 22:09:48.044  5267  5349 V GStreamer+qtdemux: 0:00:34.960939987 0xe900d580 qtdemux.c:5566:gst_qtdemux_loop_state_movie:<q> reading 144 bytes @ 1114299
06-06 22:09:48.044  5267  5348 D GStreamer+GST_STATES: 0:00:34.960948997 0xe900d520 gstelement.c:2597:gst_element_set_state_func:<h264parse0> final: setting state from READY to PAUSED
06-06 22:09:48.044  5267  5348 D GStreamer+baseparse: 0:00:34.960976028 0xe900d520 gstbaseparse.c:4801:gst_base_parse_change_state:<h264parse0> no index provided creating our own
06-06 22:09:48.044  5267  5349 V GStreamer+GST_SCHEDULING: 0:00:34.960967226 0xe900d580 gstpad.c:4654:gst_pad_get_range_unchecked:<filesrc0:src> calling getrangefunc gst_base_src_getrange, offset 1114299, size 144
06-06 22:09:48.044  5267  5348 D GStreamer+default: 0:00:34.961004570 0xe900d520 gstindex.c:280:gst_index_group_new created new index group 0
06-06 22:09:48.044  5267  5349 D GStreamer+basesrc: 0:00:34.960998164 0xe900d580 gstbasesrc.c:2354:gst_base_src_update_length:<filesrc0> reading offset 1114299, length 144, size 15003960, segment.stop -1, maxsize 15003960
06-06 22:09:48.044  5267  5348 D GStreamer+default: 0:00:34.961036080 0xe900d520 gstindex.c:193:gst_index_init created new index
06-06 22:09:48.044  5267  5349 D GStreamer+basesrc: 0:00:34.961031133 0xe900d580 gstbasesrc.c:2455:gst_base_src_get_range:<filesrc0> calling create offset 1114299 length 144, time 0
06-06 22:09:48.044  5267  5348 D GStreamer+default: 0:00:34.961056966 0xe900d520 gstmemindex.c:128:gst_mem_index_init created new mem index
06-06 22:09:48.044  5267  5349 D GStreamer+GST_MEMORY: 0:00:34.961059622 0xe900d580 gstmemory.c:138:gst_memory_init new memory 0xe940b170, maxsize:147 offset:0 size:144
06-06 22:09:48.044  5267  5349 V GStreamer+GST_BUFFER: 0:00:34.961080508 0xe900d580 gstbuffer.c:727:gst_buffer_new new 0xe93dc708
06-06 22:09:48.044  5267  5349 V GStreamer+GST_BUFFER: 0:00:34.961097070 0xe900d580 gstbuffer.c:342:_memory_add buffer 0xe93dc708, idx -1, mem 0xe940b170
06-06 22:09:48.044  5267  5348 V GStreamer+default: 0:00:34.961112330 0xe900d520 gstmemindex.c:270:gst_mem_index_add_entry:<memindex1> added this entry
06-06 22:09:48.044  5267  5349 V GStreamer+GST_BUFFER: 0:00:34.961122383 0xe900d580 gstbuffer.c:783:gst_buffer_new_allocate new buffer 0xe93dc708 of size 144 from allocator 0x0
06-06 22:09:48.044  5267  5348 V GStreamer+GST_STATES: 0:00:34.961133528 0xe900d520 gstelement.c:2852:gst_element_change_state_func:<h264parse0> default handler tries setting state from READY to PAUSED (0013)
06-06 22:09:48.044  5267  5349 V GStreamer+GST_BUFFER: 0:00:34.961143008 0xe900d580 gstbuffer.c:1649:gst_buffer_map_range buffer 0xe93dc708, idx 0, length -1, flags 0002
06-06 22:09:48.044  5267  5348 D GStreamer+GST_ELEMENT_PADS: 0:00:34.961156549 0xe900d520 gstelement.c:2795:gst_element_pads_activate:<h264parse0> activate pads
06-06 22:09:48.044  5267  5349 V GStreamer+GST_BUFFER: 0:00:34.961163112 0xe900d580 gstbuffer.c:212:_get_merged_memory buffer 0xe93dc708, idx 0, length 1
06-06 22:09:48.044  5267  5348 D GStreamer+GST_PADS: 0:00:34.961181862 0xe900d520 gstpad.c:1063:gst_pad_set_active:<h264parse0:src> activating pad from none
06-06 22:09:48.044  5267  5349 V GStreamer+filesrc: 0:00:34.961183320 0xe900d580 gstfilesrc.c:360:gst_file_src_fill:<filesrc0> Reading 144 bytes at offset 0x1100bb
06-06 22:09:48.044  5267  5348 D GStreamer+GST_PADS: 0:00:34.961206966 0xe900d520 gstpad.c:979:pre_activate:<h264parse0:src> setting pad into push mode, unset flushing
06-06 22:09:48.044  5267  5349 D GStreamer+basesrc: 0:00:34.961210195 0xe900d580 gstbasesrc.c:2309:gst_base_src_do_sync:<filesrc0> we have no clock
06-06 22:09:48.044  5267  5349 D GStreamer+basesrc: 0:00:34.961230143 0xe900d580 gstbasesrc.c:2519:gst_base_src_get_range:<filesrc0> buffer ok
06-06 22:09:48.044  5267  5348 D GStreamer+GST_PADS: 0:00:34.961229830 0xe900d520 gstpad.c:1188:activate_mode_internal:<h264parse0:src> activated in push mode
06-06 22:09:48.044  5267  5348 D GStreamer+GST_PADS: 0:00:34.961259987 0xe900d520 gstpad.c:1063:gst_pad_set_active:<h264parse0:sink> activating pad from none
06-06 22:09:48.044  5267  5349 V GStreamer+qtdemux: 0:00:34.961255664 0xe900d580 qtdemux.c:5277:gst_qtdemux_decorate_and_push_buffer:<q> Pushing buffer with dts 0:00:00.792000000, pts 0:00:00.792000000, duration 0:00:00.024000000 on pad audio_0
06-06 22:09:48.044  5267  5348 D GStreamer+baseparse: 0:00:34.961285560 0xe900d520 gstbaseparse.c:3604:gst_base_parse_sink_activate:<h264parse0> sink activate
06-06 22:09:48.044  5267  5348 D GStreamer+query: 0:00:34.961307539 0xe900d520 gstquery.c:674:gst_query_new_custom creating new query 0xe91b87b0 scheduling
06-06 22:09:48.044  5267  5349 D GStreamer+GST_SCHEDULING: 0:00:34.961297278 0xe900d580 gstpad.c:4193:gst_pad_chain_data_unchecked:<queue2:sink> calling chainfunction &gst_queue_chain with buffer buffer: 0xe93dc708, pts 0:00:00.792000000, dts 0:00:00.792000000, dur 0:00:00.024000000, size 144, offset none, offset_end none, flags 0x0
06-06 22:09:48.044  5267  5348 D GStreamer+GST_PADS: 0:00:34.961352799 0xe900d520 gstpad.c:4049:gst_pad_peer_query:<h264parse0:sink> peer query 0xe91b87b0 (scheduling)
06-06 22:09:48.044  5267  5349 V GStreamer+queue_dataflow: 0:00:34.961365195 0xe900d580 gstqueue.c:1181:gst_queue_chain_buffer_or_list:<queue2> received buffer 0xe93dc708 of size 144, time 0:00:00.792000000, duration 0:00:00.024000000
06-06 22:09:48.044  5267  5348 D GStreamer+GST_PADS: 0:00:34.961378580 0xe900d520 gstpad.c:3922:gst_pad_query:<typefind:src> doing query 0xe91b87b0 (scheduling)
06-06 22:09:48.044  5267  5348 D GStreamer+typefind: 0:00:34.961406445 0xe900d520 gsttypefindelement.c:417:gst_type_find_handle_src_query:<typefind> Handling src query scheduling
06-06 22:09:48.044  5267  5349 V GStreamer+queue: 0:00:34.961400716 0xe900d580 gstqueue.c:633:apply_buffer:<queue2> sink position updated to 0:00:00.816000000
06-06 22:09:48.044  5267  5349 V GStreamer+queue: 0:00:34.961433737 0xe900d580 gstqueue.c:529:update_time_level:<queue2> update sink time
06-06 22:09:48.044  5267  5348 D GStreamer+GST_PADS: 0:00:34.961432643 0xe900d520 gstpad.c:4049:gst_pad_peer_query:<typefind:sink> peer query 0xe91b87b0 (scheduling)
06-06 22:09:48.044  5267  5348 D GStreamer+GST_PADS: 0:00:34.961459935 0xe900d520 gstpad.c:3922:gst_pad_query:<sink:proxypad0> doing query 0xe91b87b0 (scheduling)
06-06 22:09:48.044  5267  5349 V GStreamer+queue: 0:00:34.961456289 0xe900d580 gstqueue.c:547:update_time_level:<queue2> sink +0:00:00.816000000, src +0:00:00.000000000
06-06 22:09:48.044  5267  5348 D GStreamer+GST_PADS: 0:00:34.961489674 0xe900d520 gstpad.c:3367:gst_pad_query_default:<sink:proxypad0> forwarding 0xe91b87b0 (scheduling) query
06-06 22:09:48.044  5267  5349 D GStreamer+GST_SCHEDULING: 0:00:34.961491133 0xe900d580 gstpad.c:4199:gst_pad_chain_data_unchecked:<queue2:sink> called chainfunction &gst_queue_chain with buffer 0xe93dc708, returned ok
06-06 22:09:48.044  5267  5349 V GStreamer+qtdemux: 0:00:34.961525508 0xe900d580 qtdemux.c:4949:gst_qtdemux_combine_flows:<q> flow return: ok
06-06 22:09:48.044  5267  5348 V GStreamer+GST_PADS: 0:00:34.961524674 0xe900d520 gstpad.c:2937:gst_pad_forward:<sink:proxypad0> calling forward function on pad forhwgl:sink
06-06 22:09:48.044  5267  5349 V GStreamer+qtdemux: 0:00:34.961548789 0xe900d580 qtdemux.c:4957:gst_qtdemux_combine_flows:<q> combined flow return: ok
06-06 22:09:48.044  5267  5348 V GStreamer+GST_PADS: 0:00:34.961553424 0xe900d520 gstpad.c:3307:query_forward_func:<forhwgl:sink> query peer 0xe91b87b0 (scheduling) of forhwgl:sink
06-06 22:09:48.044  5267  5349 V GStreamer+qtdemux: 0:00:34.961572070 0xe900d580 qtdemux.c:8003:qtdemux_parse_samples:<q> parsing samples for stream fourcc mp4a, pad audio_0
06-06 22:09:48.044  5267  5348 D GStreamer+GST_PADS: 0:00:34.961581341 0xe900d520 gstpad.c:4049:gst_pad_peer_query:<forhwgl:sink> peer query 0xe91b87b0 (scheduling)
06-06 22:09:48.044  5267  5349 D GStreamer+qtdemux: 0:00:34.961598424 0xe900d580 qtdemux.c:8014:qtdemux_parse_samples:<q> parsing up to sample 34
