06-06 22:09:48.003  5267  5349 D GStreamer+basesrc: 0:00:34.920841289 0xe900d580 gstbasesrc.c:2354:gst_base_src_update_length:<filesrc0> reading offset 140433, length 55746, size 15003960, segment.stop -1, maxsize 15003960
06-06 22:09:48.004  5267  5347 D GStreamer+structure: 0:00:34.920872278 0xe900d4c0 gststructure.c:2369:gst_structure_parse_value trying type name 'string'
06-06 22:09:48.004  5267  5349 D GStreamer+basesrc: 0:00:34.920873685 0xe900d580 gstbasesrc.c:2455:gst_base_src_get_range:<filesrc0> calling create offset 140433 length 55746, time 0
06-06 22:09:48.004  5267  5347 D GStreamer+structure: 0:00:34.920894622 0xe900d4c0 gststructure.c:2318:gst_structure_parse_field trying field name 'clock-rate'
06-06 22:09:48.004  5267  5348 D GStreamer+GST_ELEMENT_FACTORY: 0:00:34.920788112 0xe900d520 gstelementfactory.c:851:gst_element_factory_list_filter Trying rtpg722depay
06-06 22:09:48.004  5267  5349 D GStreamer+GST_MEMORY: 0:00:34.920916601 0xe900d580 gstmemory.c:138:gst_memory_init new memory 0xe9355800, maxsize:55749 offset:0 size:55746
06-06 22:09:48.004  5267  5347 D GStreamer+structure: 0:00:34.920945872 0xe900d4c0 gststructure.c:2369:gst_structure_parse_value trying type name 'int'
06-06 22:09:48.004  5267  5349 V GStreamer+GST_BUFFER: 0:00:34.920946810 0xe900d580 gstbuffer.c:727:gst_buffer_new new 0xe932f648
06-06 22:09:48.004  5267  5349 V GStreamer+GST_BUFFER: 0:00:34.920970455 0xe900d580 gstbuffer.c:342:_memory_add buffer 0xe932f648, idx -1, mem 0xe9355800
06-06 22:09:48.004  5267  5347 D GStreamer+structure: 0:00:34.920975768 0xe900d4c0 gststructure.c:2318:gst_structure_parse_field trying field name 'encoding-name'
06-06 22:09:48.004  5267  5347 D GStreamer+structure: 0:00:34.920995924 0xe900d4c0 gststructure.c:2369:gst_structure_parse_value trying type name 'string'
06-06 22:09:48.004  5267  5349 V GStreamer+GST_BUFFER: 0:00:34.920995039 0xe900d580 gstbuffer.c:783:gst_buffer_new_allocate new buffer 0xe932f648 of size 55746 from allocator 0x0
06-06 22:09:48.004  5267  5347 D GStreamer+structure: 0:00:34.921021549 0xe900d4c0 gststructure.c:2318:gst_structure_parse_field trying field name 'media'
06-06 22:09:48.004  5267  5349 V GStreamer+GST_BUFFER: 0:00:34.921021028 0xe900d580 gstbuffer.c:1649:gst_buffer_map_range buffer 0xe932f648, idx 0, length -1, flags 0002
06-06 22:09:48.004  5267  5347 D GStreamer+structure: 0:00:34.921045976 0xe900d4c0 gststructure.c:2369:gst_structure_parse_value trying type name 'string'
06-06 22:09:48.004  5267  5349 V GStreamer+GST_BUFFER: 0:00:34.921050195 0xe900d580 gstbuffer.c:212:_get_merged_memory buffer 0xe932f648, idx 0, length 1
06-06 22:09:48.004  5267  5347 D GStreamer+structure: 0:00:34.921065872 0xe900d4c0 gststructure.c:2318:gst_structure_parse_field trying field name 'payload'
06-06 22:09:48.004  5267  5349 V GStreamer+filesrc: 0:00:34.921070351 0xe900d580 gstfilesrc.c:360:gst_file_src_fill:<filesrc0> Reading 55746 bytes at offset 0x22491
06-06 22:09:48.004  5267  5347 D GStreamer+structure: 0:00:34.921087278 0xe900d4c0 gststructure.c:2369:gst_structure_parse_value trying type name 'int'
06-06 22:09:48.004  5267  5347 D GStreamer+structure: 0:00:34.921106914 0xe900d4c0 gststructure.c:2318:gst_structure_parse_field trying field name 'clock-rate'
06-06 22:09:48.004  5267  5347 D GStreamer+structure: 0:00:34.921123372 0xe900d4c0 gststructure.c:2369:gst_structure_parse_value trying type name 'int'
06-06 22:09:48.004  5267  5349 D GStreamer+basesrc: 0:00:34.921145872 0xe900d580 gstbasesrc.c:2309:gst_base_src_do_sync:<filesrc0> we have no clock
06-06 22:09:48.004  5267  5347 D GStreamer+GST_ELEMENT_FACTORY: 0:00:34.921148997 0xe900d4c0 gstelementfactory.c:851:gst_element_factory_list_filter Trying rtpg723depay
06-06 22:09:48.004  5267  5349 D GStreamer+basesrc: 0:00:34.921169935 0xe900d580 gstbasesrc.c:2519:gst_base_src_get_range:<filesrc0> buffer ok
06-06 22:09:48.004  5267  5347 D GStreamer+structure: 0:00:34.921174362 0xe900d4c0 gststructure.c:2318:gst_structure_parse_field trying field name 'media'
06-06 22:09:48.004  5267  5347 D GStreamer+structure: 0:00:34.921192487 0xe900d4c0 gststructure.c:2369:gst_structure_parse_value trying type name 'string'
06-06 22:09:48.004  5267  5349 V GStreamer+qtdemux: 0:00:34.921190664 0xe900d580 qtdemux.c:5277:gst_qtdemux_decorate_and_push_buffer:<q> Pushing buffer with dts 0:00:00.079666666, pts 0:00:00.079666666, duration 0:00:00.019666667 on pad video_0
06-06 22:09:48.004  5267  5347 D GStreamer+structure: 0:00:34.921220560 0xe900d4c0 gststructure.c:2318:gst_structure_parse_field trying field name 'clock-rate'
06-06 22:09:48.004  5267  5347 D GStreamer+structure: 0:00:34.921237226 0xe900d4c0 gststructure.c:2369:gst_structure_parse_value trying type name 'int'
06-06 22:09:48.004  5267  5347 D GStreamer+structure: 0:00:34.921260560 0xe900d4c0 gststructure.c:2318:gst_structure_parse_field trying field name 'encoding-name'
06-06 22:09:48.004  5267  5349 D GStreamer+GST_SCHEDULING: 0:00:34.921233633 0xe900d580 gstpad.c:4193:gst_pad_chain_data_unchecked:<queue0:sink> calling chainfunction &gst_queue_chain with buffer buffer: 0xe932f648, pts 0:00:00.079666666, dts 0:00:00.079666666, dur 0:00:00.019666667, size 55746, offset none, offset_end none, flags 0x0
06-06 22:09:48.004  5267  5347 D GStreamer+structure: 0:00:34.921281705 0xe900d4c0 gststructure.c:2369:gst_structure_parse_value trying type name 'string'
06-06 22:09:48.004  5267  5349 V GStreamer+queue_dataflow: 0:00:34.921287851 0xe900d580 gstqueue.c:1181:gst_queue_chain_buffer_or_list:<queue0> received buffer 0xe932f648 of size 55746, time 0:00:00.079666666, duration 0:00:00.019666667
06-06 22:09:48.004  5267  5347 D GStreamer+structure: 0:00:34.921303528 0xe900d4c0 gststructure.c:2318:gst_structure_parse_field trying field name 'media'
06-06 22:09:48.004  5267  5347 D GStreamer+structure: 0:00:34.921323633 0xe900d4c0 gststructure.c:2369:gst_structure_parse_value trying type name 'string'
06-06 22:09:48.004  5267  5349 V GStreamer+queue: 0:00:34.921321080 0xe900d580 gstqueue.c:633:apply_buffer:<queue0> sink position updated to 0:00:00.099333333
06-06 22:09:48.004  5267  5347 D GStreamer+structure: 0:00:34.921350820 0xe900d4c0 gststructure.c:2318:gst_structure_parse_field trying field name 'payload'
06-06 22:09:48.004  5267  5349 V GStreamer+queue: 0:00:34.921353685 0xe900d580 gstqueue.c:529:update_time_level:<queue0> update sink time
06-06 22:09:48.004  5267  5347 D GStreamer+structure: 0:00:34.921371341 0xe900d4c0 gststructure.c:2369:gst_structure_parse_value trying type name 'int'
06-06 22:09:48.004  5267  5349 V GStreamer+queue: 0:00:34.921375351 0xe900d580 gstqueue.c:547:update_time_level:<queue0> sink +0:00:00.410333333, src +0:00:00.000000000
06-06 22:09:48.004  5267  5347 D GStreamer+structure: 0:00:34.921395039 0xe900d4c0 gststructure.c:2318:gst_structure_parse_field trying field name 'clock-rate'
06-06 22:09:48.004  5267  5349 D GStreamer+GST_SCHEDULING: 0:00:34.921405872 0xe900d580 gstpad.c:4199:gst_pad_chain_data_unchecked:<queue0:sink> called chainfunction &gst_queue_chain with buffer 0xe932f648, returned ok
06-06 22:09:48.004  5267  5347 D GStreamer+structure: 0:00:34.921413528 0xe900d4c0 gststructure.c:2369:gst_structure_parse_value trying type name 'int'
06-06 22:09:48.004  5267  5349 V GStreamer+qtdemux: 0:00:34.921436445 0xe900d580 qtdemux.c:4949:gst_qtdemux_combine_flows:<q> flow return: ok
06-06 22:09:48.004  5267  5347 D GStreamer+GST_ELEMENT_FACTORY: 0:00:34.921439414 0xe900d4c0 gstelementfactory.c:851:gst_element_factory_list_filter Trying rtpg726depay
06-06 22:09:48.004  5267  5349 V GStreamer+qtdemux: 0:00:34.921458580 0xe900d580 qtdemux.c:4957:gst_qtdemux_combine_flows:<q> combined flow return: ok
06-06 22:09:48.004  5267  5347 D GStreamer+structure: 0:00:34.921463112 0xe900d4c0 gststructure.c:2318:gst_structure_parse_field trying field name 'media'
06-06 22:09:48.004  5267  5349 V GStreamer+qtdemux: 0:00:34.921477591 0xe900d580 qtdemux.c:8003:qtdemux_parse_samples:<q> parsing samples for stream fourcc avc1, pad video_0
06-06 22:09:48.004  5267  5347 D GStreamer+structure: 0:00:34.921482174 0xe900d4c0 gststructure.c:2369:gst_structure_parse_value trying type name 'string'
06-06 22:09:48.004  5267  5349 D GStreamer+qtdemux: 0:00:34.921503528 0xe900d580 qtdemux.c:8014:qtdemux_parse_samples:<q> parsing up to sample 4
06-06 22:09:48.004  5267  5347 D GStreamer+structure: 0:00:34.921507695 0xe900d4c0 gststructure.c:2318:gst_structure_parse_field trying field name 'encoding-name'
06-06 22:09:48.004  5267  5347 D GStreamer+structure: 0:00:34.921528789 0xe900d4c0 gststructure.c:2369:gst_structure_parse_value trying type name 'string'
06-06 22:09:48.004  5267  5349 V GStreamer+qtdemux: 0:00:34.921528372 0xe900d580 qtdemux.c:8040:qtdemux_parse_samples:<q> sample 4 has size 51816
06-06 22:09:48.004  5267  5347 D GStreamer+structure: 0:00:34.921557383 0xe900d4c0 gststructure.c:2318:gst_structure_parse_field trying field name 'clock-rate'
06-06 22:09:48.004  5267  5349 V GStreamer+qtdemux: 0:00:34.921553112 0xe900d580 qtdemux.c:8164:qtdemux_parse_samples:<q> creating entry 4 with offset 196323 and size 51816
06-06 22:09:48.004  5267  5347 D GStreamer+structure: 0:00:34.921580091 0xe900d4c0 gststructure.c:2369:gst_structure_parse_value trying type name 'int'
06-06 22:09:48.004  5267  5349 V GStreamer+qtdemux: 0:00:34.921582799 0xe900d580 qtdemux.c:8208:qtdemux_parse_samples:<q> block 0, 2 timestamps, duration 60
06-06 22:09:48.004  5267  5347 D GStreamer+GST_ELEMENT_FACTORY: 0:00:34.921606185 0xe900d4c0 gstelementfactory.c:851:gst_element_factory_list_filter Trying rtpg729depay
06-06 22:09:48.004  5267  5349 D GStreamer+qtdemux: 0:00:34.921609883 0xe900d580 qtdemux.c:8221:qtdemux_parse_samples:<q> sample 4: index 0, timestamp 0:00:00.099333333
06-06 22:09:48.004  5267  5347 D GStreamer+structure: 0:00:34.921629258 0xe900d4c0 gststructure.c:2318:gst_structure_parse_field trying field name 'media'
06-06 22:09:48.004  5267  5349 D GStreamer+qtdemux: 0:00:34.921636028 0xe900d580 qtdemux.c:8276:qtdemux_parse_samples:<q> samples at 4 is keyframe
06-06 22:09:48.004  5267  5347 D GStreamer+structure: 0:00:34.921648216 0xe900d4c0 gststructure.c:2369:gst_structure_parse_value trying type name 'string'
06-06 22:09:48.004  5267  5349 V GStreamer+qtdemux: 0:00:34.921657695 0xe900d580 qtdemux.c:5655:gst_qtdemux_loop:<q> loop at position 15003960, state 2
06-06 22:09:48.004  5267  5347 D GStreamer+structure: 0:00:34.921666028 0xe900d4c0 gststructure.c:2318:gst_structure_parse_field trying field name 'clock-rate'
06-06 22:09:48.004  5267  5347 D GStreamer+structure: 0:00:34.921684830 0xe900d4c0 gststructure.c:2369:gst_structure_parse_value trying type name 'int'
06-06 22:09:48.004  5267  5349 V GStreamer+qtdemux: 0:00:34.921680976 0xe900d580 qtdemux.c:4750:gst_qtdemux_prepare_current_sample:<q> segment active, index = 17 of 299
06-06 22:09:48.004  5267  5347 D GStreamer+structure: 0:00:34.921708216 0xe900d4c0 gststructure.c:2318:gst_structure_parse_field trying field name 'encoding-name'
06-06 22:09:48.004  5267  5349 V GStreamer+qtdemux: 0:00:34.921707226 0xe900d580 qtdemux.c:8003:qtdemux_parse_samples:<q> parsing samples for stream fourcc mp4a, pad audio_0
06-06 22:09:48.004  5267  5347 D GStreamer+structure: 0:00:34.921743060 0xe900d4c0 gststructure.c:2369:gst_structure_parse_value trying type name 'string'
06-06 22:09:48.004  5267  5349 V GStreamer+qtdemux: 0:00:34.921750143 0xe900d580 qtdemux.c:8385:qtdemux_parse_samples:<q> Tried to parse up to sample 17 but this sample has already been parsed
06-06 22:09:48.004  5267  5347 D GStreamer+structure: 0:00:34.921771810 0xe900d4c0 gststructure.c:2318:gst_structure_parse_field trying field name 'media'
06-06 22:09:48.004  5267  5347 D GStreamer+structure: 0:00:34.921792851 0xe900d4c0 gststructure.c:2369:gst_structure_parse_value trying type name 'string'
06-06 22:09:48.004  5267  5349 D GStreamer+qtdemux: 0:00:34.921774726 0xe900d580 qtdemux.c:5512:gst_qtdemux_loop_state_movie:<q> pushing from stream 1, empty 0 offset 248139, size 144, dts=0:00:00.408000000, pts=0:00:00.408000000, duration 0:00:00.024000000
06-06 22:09:48.004  5267  5347 D GStreamer+structure: 0:00:34.921811185 0xe900d4c0 gststructure.c:2318:gst_structure_parse_field trying field name 'payload'
06-06 22:09:48.004  5267  5349 V GStreamer+qtdemux: 0:00:34.921815716 0xe900d580 qtdemux.c:5566:gst_qtdemux_loop_state_movie:<q> reading 144 bytes @ 248139
06-06 22:09:48.004  5267  5347 D GStreamer+structure: 0:00:34.921827330 0xe900d4c0 gststructure.c:2369:gst_structure_parse_value trying type name 'int'
06-06 22:09:48.004  5267  5347 D GStreamer+structure: 0:00:34.921849414 0xe900d4c0 gststructure.c:2318:gst_structure_parse_field trying field name 'clock-rate'
06-06 22:09:48.004  5267  5349 V GStreamer+GST_SCHEDULING: 0:00:34.921840664 0xe900d580 gstpad.c:4654:gst_pad_get_range_unchecked:<filesrc0:src> calling getrangefunc gst_base_src_getrange, offset 248139, size 144
06-06 22:09:48.005  5267  5347 D GStreamer+structure: 0:00:34.921871601 0xe900d4c0 gststructure.c:2369:gst_structure_parse_value trying type name 'int'
06-06 22:09:48.005  5267  5349 D GStreamer+basesrc: 0:00:34.921873789 0xe900d580 gstbasesrc.c:2354:gst_base_src_update_length:<filesrc0> reading offset 248139, length 144, size 15003960, segment.stop -1, maxsize 15003960
06-06 22:09:48.005  5267  5347 D GStreamer+GST_ELEMENT_FACTORY: 0:00:34.921896705 0xe900d4c0 gstelementfactory.c:851:gst_element_factory_list_filter Trying rtpgsmdepay
06-06 22:09:48.005  5267  5349 D GStreamer+basesrc: 0:00:34.921905664 0xe900d580 gstbasesrc.c:2455:gst_base_src_get_range:<filesrc0> calling create offset 248139 length 144, time 0
06-06 22:09:48.005  5267  5347 D GStreamer+structure: 0:00:34.921917695 0xe900d4c0 gststructure.c:2318:gst_structure_parse_field trying field name 'media'
06-06 22:09:48.005  5267  5349 D GStreamer+GST_MEMORY: 0:00:34.921930091 0xe900d580 gstmemory.c:138:gst_memory_init new memory 0xe933d980, maxsize:147 offset:0 size:144
06-06 22:09:48.005  5267  5347 D GStreamer+structure: 0:00:34.921935508 0xe900d4c0 gststructure.c:2369:gst_structure_parse_value trying type name 'string'
06-06 22:09:48.005  5267  5349 V GStreamer+GST_BUFFER: 0:00:34.921956549 0xe900d580 gstbuffer.c:727:gst_buffer_new new 0xe932f6e8
06-06 22:09:48.005  5267  5347 D GStreamer+structure: 0:00:34.921958268 0xe900d4c0 gststructure.c:2318:gst_structure_parse_field trying field name 'clock-rate'
06-06 22:09:48.005  5267  5347 D GStreamer+structure: 0:00:34.921980976 0xe900d4c0 gststructure.c:2369:gst_structure_parse_value trying type name 'int'
06-06 22:09:48.005  5267  5349 V GStreamer+GST_BUFFER: 0:00:34.921980560 0xe900d580 gstbuffer.c:342:_memory_add buffer 0xe932f6e8, idx -1, mem 0xe933d980
06-06 22:09:48.005  5267  5347 D GStreamer+structure: 0:00:34.922005455 0xe900d4c0 gststructure.c:2318:gst_structure_parse_field trying field name 'encoding-name'
06-06 22:09:48.005  5267  5349 V GStreamer+GST_BUFFER: 0:00:34.922006341 0xe900d580 gstbuffer.c:783:gst_buffer_new_allocate new buffer 0xe932f6e8 of size 144 from allocator 0x0
06-06 22:09:48.005  5267  5347 D GStreamer+structure: 0:00:34.922025976 0xe900d4c0 gststructure.c:2369:gst_structure_parse_value trying type name 'string'
06-06 22:09:48.005  5267  5349 V GStreamer+GST_BUFFER: 0:00:34.922030299 0xe900d580 gstbuffer.c:1649:gst_buffer_map_range buffer 0xe932f6e8, idx 0, length -1, flags 0002
06-06 22:09:48.005  5267  5347 D GStreamer+structure: 0:00:34.922045716 0xe900d4c0 gststructure.c:2318:gst_structure_parse_field trying field name 'media'
06-06 22:09:48.005  5267  5349 V GStreamer+GST_BUFFER: 0:00:34.922050560 0xe900d580 gstbuffer.c:212:_get_merged_memory buffer 0xe932f6e8, idx 0, length 1
06-06 22:09:48.005  5267  5347 D GStreamer+structure: 0:00:34.922064674 0xe900d4c0 gststructure.c:2369:gst_structure_parse_value trying type name 'string'
06-06 22:09:48.005  5267  5349 V GStreamer+filesrc: 0:00:34.922072174 0xe900d580 gstfilesrc.c:360:gst_file_src_fill:<filesrc0> Reading 144 bytes at offset 0x3c94b
06-06 22:09:48.005  5267  5347 D GStreamer+structure: 0:00:34.922086914 0xe900d4c0 gststructure.c:2318:gst_structure_parse_field trying field name 'payload'
06-06 22:09:48.005  5267  5349 D GStreamer+basesrc: 0:00:34.922096289 0xe900d580 gstbasesrc.c:2309:gst_base_src_do_sync:<filesrc0> we have no clock
06-06 22:09:48.005  5267  5347 D GStreamer+structure: 0:00:34.922104414 0xe900d4c0 gststructure.c:2369:gst_structure_parse_value trying type name 'int'
06-06 22:09:48.005  5267  5349 D GStreamer+basesrc: 0:00:34.922114414 0xe900d580 gstbasesrc.c:2519:gst_base_src_get_range:<filesrc0> buffer ok
06-06 22:09:48.005  5267  5347 D GStreamer+structure: 0:00:34.922122799 0xe900d4c0 gststructure.c:2318:gst_structure_parse_field trying field name 'clock-rate'
06-06 22:09:48.005  5267  5347 D GStreamer+structure: 0:00:34.922138893 0xe900d4c0 gststructure.c:2369:gst_structure_parse_value trying type name 'int'
06-06 22:09:48.005  5267  5349 V GStreamer+qtdemux: 0:00:34.922132435 0xe900d580 qtdemux.c:5277:gst_qtdemux_decorate_and_push_buffer:<q> Pushing buffer with dts 0:00:00.408000000, pts 0:00:00.408000000, duration 0:00:00.024000000 on pad audio_0
06-06 22:09:48.005  5267  5347 D GStreamer+GST_ELEMENT_FACTORY: 0:00:34.922165247 0xe900d4c0 gstelementfactory.c:851:gst_element_factory_list_filter Trying rtph261depay
06-06 22:09:48.005  5267  5347 D GStreamer+structure: 0:00:34.922187695 0xe900d4c0 gststructure.c:2318:gst_structure_parse_field trying field name 'media'
06-06 22:09:48.005  5267  5349 D GStreamer+GST_SCHEDULING: 0:00:34.922176080 0xe900d580 gstpad.c:4193:gst_pad_chain_data_unchecked:<queue2:sink> calling chainfunction &gst_queue_chain with buffer buffer: 0xe932f6e8, pts 0:00:00.408000000, dts 0:00:00.408000000, dur 0:00:00.024000000, size 144, offset none, offset_end none, flags 0x0
06-06 22:09:48.005  5267  5347 D GStreamer+structure: 0:00:34.922231341 0xe900d4c0 gststructure.c:2369:gst_structure_parse_value trying type name 'string'
06-06 22:09:48.005  5267  5347 D GStreamer+structure: 0:00:34.922253268 0xe900d4c0 gststructure.c:2318:gst_structure_parse_field trying field name 'payload'
06-06 22:09:48.005  5267  5349 V GStreamer+queue_dataflow: 0:00:34.922241289 0xe900d580 gstqueue.c:1181:gst_queue_chain_buffer_or_list:<queue2> received buffer 0xe932f6e8 of size 144, time 0:00:00.408000000, duration 0:00:00.024000000
06-06 22:09:48.005  5267  5347 D GStreamer+structure: 0:00:34.922272539 0xe900d4c0 gststructure.c:2369:gst_structure_parse_value trying type name 'int'
06-06 22:09:48.005  5267  5349 V GStreamer+queue: 0:00:34.922279310 0xe900d580 gstqueue.c:633:apply_buffer:<queue2> sink position updated to 0:00:00.432000000
06-06 22:09:48.005  5267  5347 D GStreamer+structure: 0:00:34.922294518 0xe900d4c0 gststructure.c:2318:gst_structure_parse_field trying field name 'clock-rate'
06-06 22:09:48.005  5267  5349 V GStreamer+queue: 0:00:34.922304935 0xe900d580 gstqueue.c:529:update_time_level:<queue2> update sink time
06-06 22:09:48.005  5267  5347 D GStreamer+structure: 0:00:34.922311028 0xe900d4c0 gststructure.c:2369:gst_structure_parse_value trying type name 'int'
06-06 22:09:48.005  5267  5347 D GStreamer+structure: 0:00:34.922332955 0xe900d4c0 gststructure.c:2318:gst_structure_parse_field trying field name 'encoding-name'
06-06 22:09:48.005  5267  5349 V GStreamer+queue: 0:00:34.922322018 0xe900d580 gstqueue.c:547:update_time_level:<queue2> sink +0:00:00.432000000, src +0:00:00.000000000
06-06 22:09:48.005  5267  5347 D GStreamer+structure: 0:00:34.922350091 0xe900d4c0 gststructure.c:2369:gst_structure_parse_value trying type name 'string'
06-06 22:09:48.005  5267  5349 D GStreamer+GST_SCHEDULING: 0:00:34.922356028 0xe900d580 gstpad.c:4199:gst_pad_chain_data_unchecked:<queue2:sink> called chainfunction &gst_queue_chain with buffer 0xe932f6e8, returned ok
06-06 22:09:48.005  5267  5347 D GStreamer+structure: 0:00:34.922369883 0xe900d4c0 gststructure.c:2318:gst_structure_parse_field trying field name 'media'
06-06 22:09:48.005  5267  5349 V GStreamer+qtdemux: 0:00:34.922379153 0xe900d580 qtdemux.c:4949:gst_qtdemux_combine_flows:<q> flow return: ok
06-06 22:09:48.005  5267  5347 D GStreamer+structure: 0:00:34.922386653 0xe900d4c0 gststructure.c:2369:gst_structure_parse_value trying type name 'string'
06-06 22:09:48.005  5267  5349 V GStreamer+qtdemux: 0:00:34.922397539 0xe900d580 qtdemux.c:4957:gst_qtdemux_combine_flows:<q> combined flow return: ok
06-06 22:09:48.005  5267  5347 D GStreamer+structure: 0:00:34.922405560 0xe900d4c0 gststructure.c:2318:gst_structure_parse_field trying field name 'payload'
06-06 22:09:48.005  5267  5347 D GStreamer+structure: 0:00:34.922422955 0xe900d4c0 gststructure.c:2369:gst_structure_parse_value trying type name 'int'
06-06 22:09:48.005  5267  5347 D GStreamer+structure: 0:00:34.922444258 0xe900d4c0 gststructure.c:2318:gst_structure_parse_field trying field name 'clock-rate'
06-06 22:09:48.005  5267  5349 V GStreamer+qtdemux: 0:00:34.922420403 0xe900d580 qtdemux.c:8003:qtdemux_parse_samples:<q> parsing samples for stream fourcc mp4a, pad audio_0
06-06 22:09:48.005  5267  5347 D GStreamer+structure: 0:00:34.922460664 0xe900d4c0 gststructure.c:2369:gst_structure_parse_value trying type name 'int'
06-06 22:09:48.005  5267  5347 D GStreamer+structure: 0:00:34.922479570 0xe900d4c0 gststructure.c:2318:gst_structure_parse_field trying field name 'encoding-name'
06-06 22:09:48.005  5267  5347 D GStreamer+structure: 0:00:34.922496549 0xe900d4c0 gststructure.c:2369:gst_structure_parse_value trying type name 'string'
06-06 22:09:48.005  5267  5349 D GStreamer+qtdemux: 0:00:34.922502591 0xe900d580 qtdemux.c:8014:qtdemux_parse_samples:<q> parsing up to sample 18
06-06 22:09:48.005  5267  5347 D GStreamer+GST_ELEMENT_FACTORY: 0:00:34.922532903 0xe900d4c0 gstelementfactory.c:851:gst_element_factory_list_filter Trying rtph263depay
06-06 22:09:48.005  5267  5349 V GStreamer+qtdemux: 0:00:34.922540091 0xe900d580 qtdemux.c:8040:qtdemux_parse_samples:<q> sample 18 has size 144
06-06 22:09:48.005  5267  5347 D GStreamer+structure: 0:00:34.922562747 0xe900d4c0 gststructure.c:2318:gst_structure_parse_field trying field name 'media'
06-06 22:09:48.005  5267  5349 V GStreamer+qtdemux: 0:00:34.922561705 0xe900d580 qtdemux.c:8164:qtdemux_parse_samples:<q> creating entry 18 with offset 342319 and size 144
06-06 22:09:48.005  5267  5347 D GStreamer+structure: 0:00:34.922585820 0xe900d4c0 gststructure.c:2369:gst_structure_parse_value trying type name 'string'
06-06 22:09:48.005  5267  5349 D GStreamer+qtdemux: 0:00:34.922590820 0xe900d580 qtdemux.c:8221:qtdemux_parse_samples:<q> sample 18: index 18, timestamp 0:00:00.432000000
06-06 22:09:48.005  5267  5347 D GStreamer+structure: 0:00:34.922604258 0xe900d4c0 gststructure.c:2318:gst_structure_parse_field trying field name 'payload'
06-06 22:09:48.005  5267  5349 D GStreamer+qtdemux: 0:00:34.922616237 0xe900d580 qtdemux.c:8321:qtdemux_parse_samples:<q> setting all keyframes
06-06 22:09:48.005  5267  5347 D GStreamer+structure: 0:00:34.922623841 0xe900d4c0 gststructure.c:2369:gst_structure_parse_value trying type name 'int'
06-06 22:09:48.005  5267  5347 D GStreamer+structure: 0:00:34.922643372 0xe900d4c0 gststructure.c:2318:gst_structure_parse_field trying field name 'clock-rate'
06-06 22:09:48.005  5267  5349 V GStreamer+qtdemux: 0:00:34.922638112 0xe900d580 qtdemux.c:5655:gst_qtdemux_loop:<q> loop at position 15003960, state 2
06-06 22:09:48.005  5267  5347 D GStreamer+structure: 0:00:34.922661862 0xe900d4c0 gststructure.c:2369:gst_structure_parse_value trying type name 'int'
06-06 22:09:48.005  5267  5349 V GStreamer+qtdemux: 0:00:34.922663320 0xe900d580 qtdemux.c:4750:gst_qtdemux_prepare_current_sample:<q> segment active, index = 4 of 361
06-06 22:09:48.005  5267  5347 D GStreamer+structure: 0:00:34.922685039 0xe900d4c0 gststructure.c:2318:gst_structure_parse_field trying field name 'media'
06-06 22:09:48.005  5267  5349 V GStreamer+qtdemux: 0:00:34.922684778 0xe900d580 qtdemux.c:8003:qtdemux_parse_samples:<q> parsing samples for stream fourcc avc1, pad video_0
06-06 22:09:48.005  5267  5347 D GStreamer+structure: 0:00:34.922704362 0xe900d4c0 gststructure.c:2369:gst_structure_parse_value trying type name 'string'
06-06 22:09:48.005  5267  5349 V GStreamer+qtdemux: 0:00:34.922710091 0xe900d580 qtdemux.c:8385:qtdemux_parse_samples:<q> Tried to parse up to sample 4 but this sample has already been parsed
06-06 22:09:48.005  5267  5347 D GStreamer+structure: 0:00:34.922733945 0xe900d4c0 gststructure.c:2318:gst_structure_parse_field trying field name 'clock-rate'
06-06 22:09:48.005  5267  5347 D GStreamer+structure: 0:00:34.922756133 0xe900d4c0 gststructure.c:2369:gst_structure_parse_value trying type name 'int'
06-06 22:09:48.005  5267  5349 D GStreamer+qtdemux: 0:00:34.922741653 0xe900d580 qtdemux.c:5512:gst_qtdemux_loop_state_movie:<q> pushing from stream 0, empty 0 offset 196323, size 51816, dts=0:00:00.099333333, pts=0:00:00.099333333, duration 0:00:00.020000000
06-06 22:09:48.005  5267  5347 D GStreamer+structure: 0:00:34.922777799 0xe900d4c0 gststructure.c:2318:gst_structure_parse_field trying field name 'encoding-name'
06-06 22:09:48.005  5267  5349 V GStreamer+qtdemux: 0:00:34.922783268 0xe900d580 qtdemux.c:5566:gst_qtdemux_loop_state_movie:<q> reading 51816 bytes @ 196323
06-06 22:09:48.005  5267  5347 D GStreamer+structure: 0:00:34.922797174 0xe900d4c0 gststructure.c:2369:gst_structure_parse_value trying type name 'string'
06-06 22:09:48.005  5267  5349 V GStreamer+GST_SCHEDULING: 0:00:34.922807330 0xe900d580 gstpad.c:4654:gst_pad_get_range_unchecked:<filesrc0:src> calling getrangefunc gst_base_src_getrange, offset 196323, size 51816
06-06 22:09:48.005  5267  5347 D GStreamer+GST_ELEMENT_FACTORY: 0:00:34.922819570 0xe900d4c0 gstelementfactory.c:851:gst_element_factory_list_filter Trying rtph263pdepay
06-06 22:09:48.005  5267  5347 D GStreamer+structure: 0:00:34.922841497 0xe900d4c0 gststructure.c:2318:gst_structure_parse_field trying field name 'media'
06-06 22:09:48.005  5267  5349 D GStreamer+basesrc: 0:00:34.922834466 0xe900d580 gstbasesrc.c:2354:gst_base_src_update_length:<filesrc0> reading offset 196323, length 51816, size 15003960, segment.stop -1, maxsize 15003960
06-06 22:09:48.005  5267  5347 D GStreamer+structure: 0:00:34.922864674 0xe900d4c0 gststructure.c:2369:gst_structure_parse_value trying type name 'string'
06-06 22:09:48.006  5267  5349 D GStreamer+basesrc: 0:00:34.922867487 0xe900d580 gstbasesrc.c:2455:gst_base_src_get_range:<filesrc0> calling create offset 196323 length 51816, time 0
06-06 22:09:48.006  5267  5347 D GStreamer+structure: 0:00:34.922888633 0xe900d4c0 gststructure.c:2318:gst_structure_parse_field trying field name 'clock-rate'
06-06 22:09:48.006  5267  5349 D GStreamer+GST_MEMORY: 0:00:34.922905403 0xe900d580 gstmemory.c:138:gst_memory_init new memory 0xe9364350, maxsize:51819 offset:0 size:51816
06-06 22:09:48.006  5267  5347 D GStreamer+structure: 0:00:34.922929674 0xe900d4c0 gststructure.c:2369:gst_structure_parse_value trying type name 'int'
06-06 22:09:48.006  5267  5349 V GStreamer+GST_BUFFER: 0:00:34.922934518 0xe900d580 gstbuffer.c:727:gst_buffer_new new 0xe9355008
06-06 22:09:48.006  5267  5347 D GStreamer+structure: 0:00:34.922957330 0xe900d4c0 gststructure.c:2318:gst_structure_parse_field trying field name 'encoding-name'
06-06 22:09:48.006  5267  5349 V GStreamer+GST_BUFFER: 0:00:34.922955351 0xe900d580 gstbuffer.c:342:_memory_add buffer 0xe9355008, idx -1, mem 0xe9364350
06-06 22:09:48.006  5267  5347 D GStreamer+structure: 0:00:34.922978945 0xe900d4c0 gststructure.c:2369:gst_structure_parse_value trying type name 'string'
06-06 22:09:48.006  5267  5349 V GStreamer+GST_BUFFER: 0:00:34.922979153 0xe900d580 gstbuffer.c:783:gst_buffer_new_allocate new buffer 0xe9355008 of size 51816 from allocator 0x0
06-06 22:09:48.006  5267  5347 D GStreamer+structure: 0:00:34.923005143 0xe900d4c0 gststructure.c:2318:gst_structure_parse_field trying field name 'media'
06-06 22:09:48.006  5267  5349 V GStreamer+GST_BUFFER: 0:00:34.923006445 0xe900d580 gstbuffer.c:1649:gst_buffer_map_range buffer 0xe9355008, idx 0, length -1, flags 0002
06-06 22:09:48.006  5267  5347 D GStreamer+structure: 0:00:34.923031393 0xe900d4c0 gststructure.c:2369:gst_structure_parse_value trying type name 'string'
06-06 22:09:48.006  5267  5349 V GStreamer+GST_BUFFER: 0:00:34.923034883 0xe900d580 gstbuffer.c:212:_get_merged_memory buffer 0xe9355008, idx 0, length 1
06-06 22:09:48.006  5267  5347 D GStreamer+structure: 0:00:34.923053737 0xe900d4c0 gststructure.c:2318:gst_structure_parse_field trying field name 'clock-rate'
06-06 22:09:48.006  5267  5349 V GStreamer+filesrc: 0:00:34.923057018 0xe900d580 gstfilesrc.c:360:gst_file_src_fill:<filesrc0> Reading 51816 bytes at offset 0x2fee3
06-06 22:09:48.006  5267  5347 D GStreamer+structure: 0:00:34.923077383 0xe900d4c0 gststructure.c:2369:gst_structure_parse_value trying type name 'int'
06-06 22:09:48.006  5267  5347 D GStreamer+structure: 0:00:34.923100560 0xe900d4c0 gststructure.c:2318:gst_structure_parse_field trying field name 'encoding-name'
06-06 22:09:48.006  5267  5347 D GStreamer+structure: 0:00:34.923118633 0xe900d4c0 gststructure.c:2369:gst_structure_parse_value trying type name 'string'
06-06 22:09:48.006  5267  5349 D GStreamer+basesrc: 0:00:34.923129883 0xe900d580 gstbasesrc.c:2309:gst_base_src_do_sync:<filesrc0> we have no clock
06-06 22:09:48.006  5267  5347 D GStreamer+GST_ELEMENT_FACTORY: 0:00:34.923145091 0xe900d4c0 gstelementfactory.c:851:gst_element_factory_list_filter Trying rtph264depay
06-06 22:09:48.006  5267  5349 D GStreamer+basesrc: 0:00:34.923152330 0xe900d580 gstbasesrc.c:2519:gst_base_src_get_range:<filesrc0> buffer ok
06-06 22:09:48.006  5267  5347 D GStreamer+structure: 0:00:34.923169726 0xe900d4c0 gststructure.c:2318:gst_structure_parse_field trying field name 'media'
06-06 22:09:48.006  5267  5347 D GStreamer+structure: 0:00:34.923190560 0xe900d4c0 gststructure.c:2369:gst_structure_parse_value trying type name 'string'
06-06 22:09:48.006  5267  5349 V GStreamer+qtdemux: 0:00:34.923171914 0xe900d580 qtdemux.c:5277:gst_qtdemux_decorate_and_push_buffer:<q> Pushing buffer with dts 0:00:00.099333333, pts 0:00:00.099333333, duration 0:00:00.020000000 on pad video_0
06-06 22:09:48.006  5267  5347 D GStreamer+structure: 0:00:34.923209778 0xe900d4c0 gststructure.c:2318:gst_structure_parse_field trying field name 'clock-rate'
06-06 22:09:48.006  5267  5347 D GStreamer+structure: 0:00:34.923227643 0xe900d4c0 gststructure.c:2369:gst_structure_parse_value trying type name 'int'
06-06 22:09:48.006  5267  5347 D GStreamer+structure: 0:00:34.923253893 0xe900d4c0 gststructure.c:2318:gst_structure_parse_field trying field name 'encoding-name'
06-06 22:09:48.006  5267  5349 D GStreamer+GST_SCHEDULING: 0:00:34.923220924 0xe900d580 gstpad.c:4193:gst_pad_chain_data_unchecked:<queue0:sink> calling chainfunction &gst_queue_chain with buffer buffer: 0xe9355008, pts 0:00:00.099333333, dts 0:00:00.099333333, dur 0:00:00.020000000, size 51816, offset none, offset_end none, flags 0x0
06-06 22:09:48.006  5267  5347 D GStreamer+structure: 0:00:34.923274414 0xe900d4c0 gststructure.c:2369:gst_structure_parse_value trying type name 'string'
06-06 22:09:48.006  5267  5349 V GStreamer+queue_dataflow: 0:00:34.923278789 0xe900d580 gstqueue.c:1181:gst_queue_chain_buffer_or_list:<queue0> received buffer 0xe9355008 of size 51816, time 0:00:00.099333333, duration 0:00:00.020000000
06-06 22:09:48.006  5267  5347 D GStreamer+GST_ELEMENT_FACTORY: 0:00:34.923293320 0xe900d4c0 gstelementfactory.c:851:gst_element_factory_list_filter Trying rtph265depay
06-06 22:09:48.006  5267  5347 D GStreamer+structure: 0:00:34.923315924 0xe900d4c0 gststructure.c:2318:gst_structure_parse_field trying field name 'media'
06-06 22:09:48.006  5267  5349 V GStreamer+queue: 0:00:34.923311758 0xe900d580 gstqueue.c:633:apply_buffer:<queue0> sink position updated to 0:00:00.119333333
06-06 22:09:48.006  5267  5349 V GStreamer+queue: 0:00:34.923340143 0xe900d580 gstqueue.c:529:update_time_level:<queue0> update sink time
06-06 22:09:48.006  5267  5347 D GStreamer+structure: 0:00:34.923340091 0xe900d4c0 gststructure.c:2369:gst_structure_parse_value trying type name 'string'
06-06 22:09:48.006  5267  5347 D GStreamer+structure: 0:00:34.923361237 0xe900d4c0 gststructure.c:2318:gst_structure_parse_field trying field name 'clock-rate'
06-06 22:09:48.006  5267  5349 V GStreamer+queue: 0:00:34.923359883 0xe900d580 gstqueue.c:547:update_time_level:<queue0> sink +0:00:00.430333333, src +0:00:00.000000000
06-06 22:09:48.006  5267  5347 D GStreamer+structure: 0:00:34.923388112 0xe900d4c0 gststructure.c:2369:gst_structure_parse_value trying type name 'int'
06-06 22:09:48.006  5267  5349 D GStreamer+GST_SCHEDULING: 0:00:34.923397903 0xe900d580 gstpad.c:4199:gst_pad_chain_data_unchecked:<queue0:sink> called chainfunction &gst_queue_chain with buffer 0xe9355008, returned ok
06-06 22:09:48.006  5267  5347 D GStreamer+structure: 0:00:34.923411758 0xe900d4c0 gststructure.c:2318:gst_structure_parse_field trying field name 'encoding-name'
06-06 22:09:48.006  5267  5349 V GStreamer+qtdemux: 0:00:34.923424310 0xe900d580 qtdemux.c:4949:gst_qtdemux_combine_flows:<q> flow return: ok
06-06 22:09:48.006  5267  5347 D GStreamer+structure: 0:00:34.923428841 0xe900d4c0 gststructure.c:2369:gst_structure_parse_value trying type name 'string'
06-06 22:09:48.006  5267  5349 V GStreamer+qtdemux: 0:00:34.923447643 0xe900d580 qtdemux.c:4957:gst_qtdemux_combine_flows:<q> combined flow return: ok
06-06 22:09:48.006  5267  5347 D GStreamer+GST_ELEMENT_FACTORY: 0:00:34.923451393 0xe900d4c0 gstelementfactory.c:851:gst_element_factory_list_filter Trying rtpilbcdepay
06-06 22:09:48.006  5267  5347 D GStreamer+structure: 0:00:34.923478997 0xe900d4c0 gststructure.c:2318:gst_structure_parse_field trying field name 'media'
06-06 22:09:48.006  5267  5349 V GStreamer+qtdemux: 0:00:34.923475143 0xe900d580 qtdemux.c:8003:qtdemux_parse_samples:<q> parsing samples for stream fourcc avc1, pad video_0
06-06 22:09:48.006  5267  5347 D GStreamer+structure: 0:00:34.923502643 0xe900d4c0 gststructure.c:2369:gst_structure_parse_value trying type name 'string'
06-06 22:09:48.006  5267  5349 D GStreamer+qtdemux: 0:00:34.923504570 0xe900d580 qtdemux.c:8014:qtdemux_parse_samples:<q> parsing up to sample 5
06-06 22:09:48.006  5267  5347 D GStreamer+structure: 0:00:34.923520976 0xe900d4c0 gststructure.c:2318:gst_structure_parse_field trying field name 'clock-rate'
06-06 22:09:48.006  5267  5349 V GStreamer+qtdemux: 0:00:34.923524935 0xe900d580 qtdemux.c:8040:qtdemux_parse_samples:<q> sample 5 has size 51092
06-06 22:09:48.006  5267  5347 D GStreamer+structure: 0:00:34.923539414 0xe900d4c0 gststructure.c:2369:gst_structure_parse_value trying type name 'int'
06-06 22:09:48.006  5267  5349 V GStreamer+qtdemux: 0:00:34.923547799 0xe900d580 qtdemux.c:8164:qtdemux_parse_samples:<q> creating entry 5 with offset 248283 and size 51092
06-06 22:09:48.006  5267  5347 D GStreamer+structure: 0:00:34.923558528 0xe900d4c0 gststructure.c:2318:gst_structure_parse_field trying field name 'encoding-name'
06-06 22:09:48.006  5267  5347 D GStreamer+structure: 0:00:34.923575351 0xe900d4c0 gststructure.c:2369:gst_structure_parse_value trying type name 'string'
06-06 22:09:48.006  5267  5349 D GStreamer+qtdemux: 0:00:34.923573424 0xe900d580 qtdemux.c:8221:qtdemux_parse_samples:<q> sample 5: index 1, timestamp 0:00:00.119333333
06-06 22:09:48.006  5267  5347 D GStreamer+GST_ELEMENT_FACTORY: 0:00:34.923599466 0xe900d4c0 gstelementfactory.c:851:gst_element_factory_list_filter Trying rtpj2kdepay
06-06 22:09:48.006  5267  5349 D GStreamer+qtdemux: 0:00:34.923603060 0xe900d580 qtdemux.c:8276:qtdemux_parse_samples:<q> samples at 5 is keyframe
06-06 22:09:48.006  5267  5347 D GStreamer+structure: 0:00:34.923628372 0xe900d4c0 gststructure.c:2318:gst_structure_parse_field trying field name 'media'
06-06 22:09:48.006  5267  5349 V GStreamer+qtdemux: 0:00:34.923626705 0xe900d580 qtdemux.c:5655:gst_qtdemux_loop:<q> loop at position 15003960, state 2
06-06 22:09:48.006  5267  5347 D GStreamer+structure: 0:00:34.923648945 0xe900d4c0 gststructure.c:2369:gst_structure_parse_value trying type name 'string'
06-06 22:09:48.006  5267  5349 V GStreamer+qtdemux: 0:00:34.923654466 0xe900d580 qtdemux.c:4750:gst_qtdemux_prepare_current_sample:<q> segment active, index = 5 of 361
06-06 22:09:48.006  5267  5347 D GStreamer+structure: 0:00:34.923670195 0xe900d4c0 gststructure.c:2318:gst_structure_parse_field trying field name 'clock-rate'
06-06 22:09:48.006  5267  5349 V GStreamer+qtdemux: 0:00:34.923676705 0xe900d580 qtdemux.c:8003:qtdemux_parse_samples:<q> parsing samples for stream fourcc avc1, pad video_0
06-06 22:09:48.006  5267  5347 D GStreamer+structure: 0:00:34.923688789 0xe900d4c0 gststructure.c:2369:gst_structure_parse_value trying type name 'int'
06-06 22:09:48.006  5267  5349 V GStreamer+qtdemux: 0:00:34.923698945 0xe900d580 qtdemux.c:8385:qtdemux_parse_samples:<q> Tried to parse up to sample 5 but this sample has already been parsed
06-06 22:09:48.006  5267  5347 D GStreamer+structure: 0:00:34.923710560 0xe900d4c0 gststructure.c:2318:gst_structure_parse_field trying field name 'encoding-name'
06-06 22:09:48.006  5267  5347 D GStreamer+structure: 0:00:34.923741237 0xe900d4c0 gststructure.c:2369:gst_structure_parse_value trying type name 'string'
06-06 22:09:48.006  5267  5349 D GStreamer+qtdemux: 0:00:34.923732487 0xe900d580 qtdemux.c:5512:gst_qtdemux_loop_state_movie:<q> pushing from stream 0, empty 0 offset 248283, size 51092, dts=0:00:00.119333333, pts=0:00:00.119333333, duration 0:00:00.020000000
06-06 22:09:48.006  5267  5347 D GStreamer+GST_ELEMENT_FACTORY: 0:00:34.923792278 0xe900d4c0 gstelementfactory.c:851:gst_element_factory_list_filter Trying rtpjpegdepay
06-06 22:09:48.006  5267  5349 V GStreamer+qtdemux: 0:00:34.923789570 0xe900d580 qtdemux.c:5566:gst_qtdemux_loop_state_movie:<q> reading 51092 bytes @ 248283
06-06 22:09:48.006  5267  5347 D GStreamer+structure: 0:00:34.923823476 0xe900d4c0 gststructure.c:2318:gst_structure_parse_field trying field name 'media'
06-06 22:09:48.006  5267  5349 V GStreamer+GST_SCHEDULING: 0:00:34.923822695 0xe900d580 gstpad.c:4654:gst_pad_get_range_unchecked:<filesrc0:src> calling getrangefunc gst_base_src_getrange, offset 248283, size 51092
06-06 22:09:48.006  5267  5347 D GStreamer+structure: 0:00:34.923842435 0xe900d4c0 gststructure.c:2369:gst_structure_parse_value trying type name 'string'
06-06 22:09:48.006  5267  5349 D GStreamer+basesrc: 0:00:34.923850820 0xe900d580 gstbasesrc.c:2354:gst_base_src_update_length:<filesrc0> reading offset 248283, length 51092, size 15003960, segment.stop -1, maxsize 15003960
06-06 22:09:48.006  5267  5347 D GStreamer+structure: 0:00:34.923862018 0xe900d4c0 gststructure.c:2318:gst_structure_parse_field trying field name 'clock-rate'
06-06 22:09:48.007  5267  5347 D GStreamer+structure: 0:00:34.923881185 0xe900d4c0 gststructure.c:2369:gst_structure_parse_value trying type name 'int'
06-06 22:09:48.007  5267  5349 D GStreamer+basesrc: 0:00:34.923880768 0xe900d580 gstbasesrc.c:2455:gst_base_src_get_range:<filesrc0> calling create offset 248283 length 51092, time 0
06-06 22:09:48.007  5267  5347 D GStreamer+structure: 0:00:34.923906028 0xe900d4c0 gststructure.c:2318:gst_structure_parse_field trying field name 'encoding-name'
06-06 22:09:48.007  5267  5349 D GStreamer+GST_MEMORY: 0:00:34.923917643 0xe900d580 gstmemory.c:138:gst_memory_init new memory 0xe9371938, maxsize:51095 offset:0 size:51092
06-06 22:09:48.007  5267  5347 D GStreamer+structure: 0:00:34.923946810 0xe900d4c0 gststructure.c:2369:gst_structure_parse_value trying type name 'string'
06-06 22:09:48.007  5267  5349 V GStreamer+GST_BUFFER: 0:00:34.923951497 0xe900d580 gstbuffer.c:727:gst_buffer_new new 0xe93550a8
06-06 22:09:48.007  5267  5347 D GStreamer+structure: 0:00:34.923969153 0xe900d4c0 gststructure.c:2318:gst_structure_parse_field trying field name 'media'
06-06 22:09:48.007  5267  5349 V GStreamer+GST_BUFFER: 0:00:34.923969830 0xe900d580 gstbuffer.c:342:_memory_add buffer 0xe93550a8, idx -1, mem 0xe9371938
06-06 22:09:48.007  5267  5347 D GStreamer+structure: 0:00:34.923992383 0xe900d4c0 gststructure.c:2369:gst_structure_parse_value trying type name 'string'
06-06 22:09:48.007  5267  5349 V GStreamer+GST_BUFFER: 0:00:34.923994258 0xe900d580 gstbuffer.c:783:gst_buffer_new_allocate new buffer 0xe93550a8 of size 51092 from allocator 0x0
06-06 22:09:48.007  5267  5347 D GStreamer+structure: 0:00:34.924013008 0xe900d4c0 gststructure.c:2318:gst_structure_parse_field trying field name 'payload'
06-06 22:09:48.007  5267  5349 V GStreamer+GST_BUFFER: 0:00:34.924018685 0xe900d580 gstbuffer.c:1649:gst_buffer_map_range buffer 0xe93550a8, idx 0, length -1, flags 0002
06-06 22:09:48.007  5267  5347 D GStreamer+structure: 0:00:34.924029987 0xe900d4c0 gststructure.c:2369:gst_structure_parse_value trying type name 'int'
06-06 22:09:48.007  5267  5349 V GStreamer+GST_BUFFER: 0:00:34.924038320 0xe900d580 gstbuffer.c:212:_get_merged_memory buffer 0xe93550a8, idx 0, length 1
06-06 22:09:48.007  5267  5347 D GStreamer+structure: 0:00:34.924048997 0xe900d4c0 gststructure.c:2318:gst_structure_parse_field trying field name 'clock-rate'
06-06 22:09:48.007  5267  5349 V GStreamer+filesrc: 0:00:34.924058268 0xe900d580 gstfilesrc.c:360:gst_file_src_fill:<filesrc0> Reading 51092 bytes at offset 0x3c9db
06-06 22:09:48.007  5267  5347 D GStreamer+structure: 0:00:34.924065612 0xe900d4c0 gststructure.c:2369:gst_structure_parse_value trying type name 'int'
06-06 22:09:48.007  5267  5347 D GStreamer+GST_ELEMENT_FACTORY: 0:00:34.924088112 0xe900d4c0 gstelementfactory.c:851:gst_element_factory_list_filter Trying rtpklvdepay
06-06 22:09:48.007  5267  5347 D GStreamer+structure: 0:00:34.924109830 0xe900d4c0 gststructure.c:2318:gst_structure_parse_field trying field name 'media'
06-06 22:09:48.007  5267  5347 D GStreamer+structure: 0:00:34.924127747 0xe900d4c0 gststructure.c:2369:gst_structure_parse_value trying type name 'string'
06-06 22:09:48.007  5267  5347 D GStreamer+structure: 0:00:34.924145872 0xe900d4c0 gststructure.c:2318:gst_structure_parse_field trying field name 'clock-rate'
06-06 22:09:48.007  5267  5347 D GStreamer+structure: 0:00:34.924161862 0xe900d4c0 gststructure.c:2369:gst_structure_parse_value trying type name 'int'
06-06 22:09:48.007  5267  5347 D GStreamer+structure: 0:00:34.924182383 0xe900d4c0 gststructure.c:2318:gst_structure_parse_field trying field name 'encoding-name'
06-06 22:09:48.007  5267  5347 D GStreamer+structure: 0:00:34.924200768 0xe900d4c0 gststructure.c:2369:gst_structure_parse_value trying type name 'string'
06-06 22:09:48.007  5267  5347 D GStreamer+GST_ELEMENT_FACTORY: 0:00:34.924220091 0xe900d4c0 gstelementfactory.c:851:gst_element_factory_list_filter Trying rtpmp1sdepay
06-06 22:09:48.007  5267  5347 D GStreamer+structure: 0:00:34.924241862 0xe900d4c0 gststructure.c:2318:gst_structure_parse_field trying field name 'media'
06-06 22:09:48.007  5267  5347 D GStreamer+structure: 0:00:34.924259570 0xe900d4c0 gststructure.c:2369:gst_structure_parse_value trying type name 'string'
06-06 22:09:48.007  5267  5347 D GStreamer+structure: 0:00:34.924277539 0xe900d4c0 gststructure.c:2318:gst_structure_parse_field trying field name 'clock-rate'
06-06 22:09:48.007  5267  5347 D GStreamer+structure: 0:00:34.924295247 0xe900d4c0 gststructure.c:2369:gst_structure_parse_value trying type name 'int'
06-06 22:09:48.007  5267  5347 D GStreamer+structure: 0:00:34.924316810 0xe900d4c0 gststructure.c:2318:gst_structure_parse_field trying field name 'encoding-name'
06-06 22:09:48.007  5267  5347 D GStreamer+structure: 0:00:34.924333945 0xe900d4c0 gststructure.c:2369:gst_structure_parse_value trying type name 'string'
06-06 22:09:48.007  5267  5347 D GStreamer+structure: 0:00:34.924354258 0xe900d4c0 gststructure.c:2318:gst_structure_parse_field trying field name 'media'
06-06 22:09:48.007  5267  5347 D GStreamer+structure: 0:00:34.924373268 0xe900d4c0 gststructure.c:2369:gst_structure_parse_value trying type name 'string'
06-06 22:09:48.007  5267  5349 D GStreamer+basesrc: 0:00:34.924369414 0xe900d580 gstbasesrc.c:2309:gst_base_src_do_sync:<filesrc0> we have no clock
06-06 22:09:48.007  5267  5347 D GStreamer+structure: 0:00:34.924397955 0xe900d4c0 gststructure.c:2318:gst_structure_parse_field trying field name 'clock-rate'
06-06 22:09:48.007  5267  5349 D GStreamer+basesrc: 0:00:34.924400299 0xe900d580 gstbasesrc.c:2519:gst_base_src_get_range:<filesrc0> buffer ok
06-06 22:09:48.007  5267  5347 D GStreamer+structure: 0:00:34.924418164 0xe900d4c0 gststructure.c:2369:gst_structure_parse_value trying type name 'int'
06-06 22:09:48.007  5267  5347 D GStreamer+structure: 0:00:34.924439258 0xe900d4c0 gststructure.c:2318:gst_structure_parse_field trying field name 'encoding-name'
06-06 22:09:48.007  5267  5349 V GStreamer+qtdemux: 0:00:34.924424101 0xe900d580 qtdemux.c:5277:gst_qtdemux_decorate_and_push_buffer:<q> Pushing buffer with dts 0:00:00.119333333, pts 0:00:00.119333333, duration 0:00:00.020000000 on pad video_0
06-06 22:09:48.007  5267  5347 D GStreamer+structure: 0:00:34.924456601 0xe900d4c0 gststructure.c:2369:gst_structure_parse_value trying type name 'string'
06-06 22:09:48.007  5267  5347 D GStreamer+GST_ELEMENT_FACTORY: 0:00:34.924478372 0xe900d4c0 gstelementfactory.c:851:gst_element_factory_list_filter Trying rtpmp2tdepay
06-06 22:09:48.007  5267  5349 D GStreamer+GST_SCHEDULING: 0:00:34.924465403 0xe900d580 gstpad.c:4193:gst_pad_chain_data_unchecked:<queue0:sink> calling chainfunction &gst_queue_chain with buffer buffer: 0xe93550a8, pts 0:00:00.119333333, dts 0:00:00.119333333, dur 0:00:00.020000000, size 51092, offset none, offset_end none, flags 0x0
06-06 22:09:48.007  5267  5347 D GStreamer+structure: 0:00:34.924504987 0xe900d4c0 gststructure.c:2318:gst_structure_parse_field trying field name 'media'
06-06 22:09:48.007  5267  5347 D GStreamer+structure: 0:00:34.924523737 0xe900d4c0 gststructure.c:2369:gst_structure_parse_value trying type name 'string'
06-06 22:09:48.007  5267  5349 V GStreamer+queue_dataflow: 0:00:34.924521185 0xe900d580 gstqueue.c:1181:gst_queue_chain_buffer_or_list:<queue0> received buffer 0xe93550a8 of size 51092, time 0:00:00.119333333, duration 0:00:00.020000000
06-06 22:09:48.007  5267  5347 D GStreamer+structure: 0:00:34.924557955 0xe900d4c0 gststructure.c:2318:gst_structure_parse_field trying field name 'clock-rate'
06-06 22:09:48.007  5267  5349 V GStreamer+queue: 0:00:34.924561185 0xe900d580 gstqueue.c:633:apply_buffer:<queue0> sink position updated to 0:00:00.139333333
06-06 22:09:48.007  5267  5347 D GStreamer+structure: 0:00:34.924577747 0xe900d4c0 gststructure.c:2369:gst_structure_parse_value trying type name 'int'
06-06 22:09:48.007  5267  5349 V GStreamer+queue: 0:00:34.924592070 0xe900d580 gstqueue.c:529:update_time_level:<queue0> update sink time
06-06 22:09:48.007  5267  5347 D GStreamer+structure: 0:00:34.924600351 0xe900d4c0 gststructure.c:2318:gst_structure_parse_field trying field name 'encoding-name'
06-06 22:09:48.007  5267  5347 D GStreamer+structure: 0:00:34.924619310 0xe900d4c0 gststructure.c:2369:gst_structure_parse_value trying type name 'string'
06-06 22:09:48.007  5267  5349 V GStreamer+queue: 0:00:34.924610299 0xe900d580 gstqueue.c:547:update_time_level:<queue0> sink +0:00:00.450333333, src +0:00:00.000000000
06-06 22:09:48.007  5267  5347 D GStreamer+structure: 0:00:34.924645508 0xe900d4c0 gststructure.c:2318:gst_structure_parse_field trying field name 'media'
06-06 22:09:48.007  5267  5349 D GStreamer+GST_SCHEDULING: 0:00:34.924644935 0xe900d580 gstpad.c:4199:gst_pad_chain_data_unchecked:<queue0:sink> called chainfunction &gst_queue_chain with buffer 0xe93550a8, returned ok
06-06 22:09:48.007  5267  5347 D GStreamer+structure: 0:00:34.924667070 0xe900d4c0 gststructure.c:2369:gst_structure_parse_value trying type name 'string'
06-06 22:09:48.007  5267  5349 V GStreamer+qtdemux: 0:00:34.924672955 0xe900d580 qtdemux.c:4949:gst_qtdemux_combine_flows:<q> flow return: ok
06-06 22:09:48.007  5267  5347 D GStreamer+structure: 0:00:34.924685455 0xe900d4c0 gststructure.c:2318:gst_structure_parse_field trying field name 'payload'
06-06 22:09:48.007  5267  5349 V GStreamer+qtdemux: 0:00:34.924691028 0xe900d580 qtdemux.c:4957:gst_qtdemux_combine_flows:<q> combined flow return: ok
06-06 22:09:48.007  5267  5347 D GStreamer+structure: 0:00:34.924701549 0xe900d4c0 gststructure.c:2369:gst_structure_parse_value trying type name 'int'
06-06 22:09:48.007  5267  5349 V GStreamer+qtdemux: 0:00:34.924709153 0xe900d580 qtdemux.c:8003:qtdemux_parse_samples:<q> parsing samples for stream fourcc avc1, pad video_0
06-06 22:09:48.007  5267  5347 D GStreamer+structure: 0:00:34.924733737 0xe900d4c0 gststructure.c:2318:gst_structure_parse_field trying field name 'clock-rate'
06-06 22:09:48.007  5267  5349 D GStreamer+qtdemux: 0:00:34.924747799 0xe900d580 qtdemux.c:8014:qtdemux_parse_samples:<q> parsing up to sample 6
06-06 22:09:48.007  5267  5347 D GStreamer+structure: 0:00:34.924752487 0xe900d4c0 gststructure.c:2369:gst_structure_parse_value trying type name 'int'
06-06 22:09:48.007  5267  5349 V GStreamer+qtdemux: 0:00:34.924766185 0xe900d580 qtdemux.c:8040:qtdemux_parse_samples:<q> sample 6 has size 42944
06-06 22:09:48.007  5267  5347 D GStreamer+GST_ELEMENT_FACTORY: 0:00:34.924778528 0xe900d4c0 gstelementfactory.c:851:gst_element_factory_list_filter Trying rtpmp4adepay
06-06 22:09:48.007  5267  5349 V GStreamer+qtdemux: 0:00:34.924788580 0xe900d580 qtdemux.c:8164:qtdemux_parse_samples:<q> creating entry 6 with offset 299375 and size 42944
06-06 22:09:48.007  5267  5347 D GStreamer+structure: 0:00:34.924800872 0xe900d4c0 gststructure.c:2318:gst_structure_parse_field trying field name 'media'
