06-06 22:09:47.915  5267  5348 D GStreamer+GST_BUS: 0:00:34.832208789 0xe900d520 gstbus.c:309:gst_bus_post:<bus5> [msg 0xe9309920] posting on bus stream-status message: 0xe9309920, time 99:99:99.999999999, seq-num 84, element 'src', GstMessageStreamStatus, type=(GstStreamStatusType)GST_STREAM_STATUS_TYPE_ENTER, owner=(GstElement)"\(GstQueue\)\ queue0", object=(GstTask)"\(GstTask\)\ queue0:src";
06-06 22:09:47.915  5267  5334 D GStreamer+GST_BUS: 0:00:34.832280560 0xe916d800 gstbus.c:789:gst_bus_source_dispatch:<bus5> source 0xe9302a00 calling dispatch with state-changed message: 0xe9309410, time 99:99:99.999999999, seq-num 85, element 'queue0', GstMessageStateChanged, old-state=(GstState)GST_STATE_READY, new-state=(GstState)GST_STATE_PAUSED, pending-state=(GstState)GST_STATE_VOID_PENDING;
06-06 22:09:47.915  5267  5334 V GStreamer+GST_MESSAGE: 0:00:34.832336601 0xe916d800 gstmessage.c:200:_gst_message_free finalize message 0xe9309410, state-changed from queue0
06-06 22:09:47.915  5267  5334 D GStreamer+GST_BUS: 0:00:34.832357435 0xe916d800 gstbus.c:794:gst_bus_source_dispatch:<bus5> source 0xe9302a00 handler returns 1
06-06 22:09:47.915  5267  5348 D GStreamer+GST_BUS: 0:00:34.832561653 0xe900d520 gstbus.c:348:gst_bus_post:<bus5> [msg 0xe9309920] pushing on async queue
06-06 22:09:47.915  5267  5267 I GStreamer+GST_STATES: 0:00:34.832284049 0xe8df4400 gstbin.c:2892:gst_bin_change_state_func:<pipeline0> child 'queue0' changed state to 3(PAUSED) successfully
06-06 22:09:47.915  5267  5348 V GStreamer+GST_POLL: 0:00:34.832601601 0xe900d520 gstpoll.c:186:raise_wakeup 0xe925c808: raise
06-06 22:09:47.915  5267  5267 D GStreamer+bin: 0:00:34.832601810 0xe8df4400 gstbin.c:2295:gst_bin_sort_iterator_next:<pipeline0> queue empty, next best: q
06-06 22:09:47.915  5267  5267 D GStreamer+bin: 0:00:34.832629726 0xe8df4400 gstbin.c:2310:gst_bin_sort_iterator_next:<pipeline0> queue head gives q
06-06 22:09:47.915  5267  5348 D GStreamer+GST_BUS: 0:00:34.832631393 0xe900d520 gstbus.c:351:gst_bus_post:<bus5> [msg 0xe9309920] pushed on async queue
06-06 22:09:47.915  5267  5334 V GStreamer+GST_BUS: 0:00:34.832643685 0xe916d800 gstbus.c:513:gst_bus_timed_pop_filtered:<bus5> have 1 messages
06-06 22:09:47.915  5267  5267 V GStreamer+bin: 0:00:34.832650976 0xe8df4400 gstbin.c:889:message_check looking at message 0xe9308ec8: 0
06-06 22:09:47.915  5267  5348 D GStreamer+GST_BUS: 0:00:34.832656497 0xe900d520 gstbus.c:344:gst_bus_post:<bus4> [msg 0xe9309920] dropped
06-06 22:09:47.915  5267  5334 V GStreamer+GST_POLL: 0:00:34.832672643 0xe916d800 gstpoll.c:201:release_wakeup 0xe925c808: release
06-06 22:09:47.915  5267  5267 V GStreamer+bin: 0:00:34.832677330 0xe8df4400 gstbin.c:889:message_check looking at message 0xe9012730: 0
06-06 22:09:47.915  5267  5348 D GStreamer+task: 0:00:34.832686185 0xe900d520 gsttask.c:251:gst_task_configure_name:<queue0:src> Setting thread name to 'queue0:src'
06-06 22:09:47.915  5267  5267 V GStreamer+bin: 0:00:34.832696914 0xe8df4400 gstbin.c:889:message_check looking at message 0xe8ffb388: 0
06-06 22:09:47.915  5267  5334 D GStreamer+GST_BUS: 0:00:34.832696133 0xe916d800 gstbus.c:521:gst_bus_timed_pop_filtered:<bus5> got message 0xe9309920, stream-status from src, type mask is 4294967295
06-06 22:09:47.915  5267  5348 D GStreamer+queue_dataflow: 0:00:34.832731237 0xe900d520 gstqueue.c:1488:gst_queue_loop:<queue0> queue is empty
06-06 22:09:47.915  5267  5267 V GStreamer+bin: 0:00:34.832736966 0xe8df4400 gstbin.c:889:message_check looking at message 0xe8ffb2d8: 0
06-06 22:09:47.915  5267  5267 D GStreamer+bin: 0:00:34.832758060 0xe8df4400 gstbin.c:911:find_message:<pipeline0> no message found matching types 00001000
06-06 22:09:47.915  5267  5348 V GStreamer+queue_dataflow: 0:00:34.832755768 0xe900d520 gstqueue.c:1497:gst_queue_loop:<queue0> (queue0:src) wait for ADD: 0 of 0-200 buffers, 0 of 0-10485760 bytes, 0 of 0-1000000000 ns, 0 items
06-06 22:09:47.915  5267  5267 D GStreamer+bin: 0:00:34.832793164 0xe8df4400 gstbin.c:918:find_message:<pipeline0>   structure-change
06-06 22:09:47.915  5267  5334 D GStreamer+GST_BUS: 0:00:34.832746601 0xe916d800 gstbus.c:789:gst_bus_source_dispatch:<bus5> source 0xe9302a00 calling dispatch with stream-status message: 0xe9309920, time 99:99:99.999999999, seq-num 84, element 'src', GstMessageStreamStatus, type=(GstStreamStatusType)GST_STREAM_STATUS_TYPE_ENTER, owner=(GstElement)"\(GstQueue\)\ queue0", object=(GstTask)"\(GstTask\)\ queue0:src";
06-06 22:09:47.915  5267  5267 D GStreamer+bin: 0:00:34.832821549 0xe8df4400 gstbin.c:2226:update_degree:<pipeline0> change element filesrc0, degree 1->0, linked to q
06-06 22:09:47.915  5267  5334 V GStreamer+GST_MESSAGE: 0:00:34.832836549 0xe916d800 gstmessage.c:200:_gst_message_free finalize message 0xe9309920, stream-status from src
06-06 22:09:47.915  5267  5267 D GStreamer+bin: 0:00:34.832843789 0xe8df4400 gstbin.c:2109:add_to_queue:<pipeline0> adding 'filesrc0' to queue
06-06 22:09:47.915  5267  5334 D GStreamer+GST_BUS: 0:00:34.832860560 0xe916d800 gstbus.c:794:gst_bus_source_dispatch:<bus5> source 0xe9302a00 handler returns 1
06-06 22:09:47.916  5267  5267 I GStreamer+GST_STATES: 0:00:34.832867278 0xe8df4400 gstbin.c:2444:gst_bin_element_set_state:<q> current READY pending VOID_PENDING, desired next PAUSED
06-06 22:09:47.916  5267  5267 V GStreamer+bin: 0:00:34.832895716 0xe8df4400 gstbin.c:889:message_check looking at message 0xe9308ec8: 0
06-06 22:09:47.916  5267  5267 V GStreamer+bin: 0:00:34.832912591 0xe8df4400 gstbin.c:889:message_check looking at message 0xe9012730: 0
06-06 22:09:47.916  5267  5267 V GStreamer+bin: 0:00:34.832929518 0xe8df4400 gstbin.c:889:message_check looking at message 0xe8ffb388: 0
06-06 22:09:47.916  5267  5267 V GStreamer+bin: 0:00:34.832945299 0xe8df4400 gstbin.c:889:message_check looking at message 0xe8ffb2d8: 0
06-06 22:09:47.916  5267  5267 D GStreamer+bin: 0:00:34.832961601 0xe8df4400 gstbin.c:911:find_message:<pipeline0> no message found matching types 00100000
06-06 22:09:47.916  5267  5267 D GStreamer+bin: 0:00:34.832978997 0xe8df4400 gstbin.c:918:find_message:<pipeline0>   async-start
06-06 22:09:47.916  5267  5267 D GStreamer+bin: 0:00:34.832995560 0xe8df4400 gstbin.c:2539:gst_bin_element_set_state:<pipeline0> setting element q to PAUSED, base_time 0:00:00.000000000
06-06 22:09:47.916  5267  5267 D GStreamer+GST_STATES: 0:00:34.833018893 0xe8df4400 gstelement.c:2525:gst_element_set_state_func:<q> set_state to PAUSED
06-06 22:09:47.916  5267  5267 D GStreamer+GST_STATES: 0:00:34.833036758 0xe8df4400 gstelement.c:2550:gst_element_set_state_func:<q> setting target state to PAUSED
06-06 22:09:47.916  5267  5267 D GStreamer+GST_STATES: 0:00:34.833054310 0xe8df4400 gstelement.c:2563:gst_element_set_state_func:<q> current READY, old_pending VOID_PENDING, next VOID_PENDING, old return SUCCESS
06-06 22:09:47.916  5267  5267 D GStreamer+GST_STATES: 0:00:34.833077487 0xe8df4400 gstelement.c:2597:gst_element_set_state_func:<q> final: setting state from READY to PAUSED
06-06 22:09:47.916  5267  5267 V GStreamer+GST_STATES: 0:00:34.833101758 0xe8df4400 gstelement.c:2852:gst_element_change_state_func:<q> default handler tries setting state from READY to PAUSED (0013)
06-06 22:09:47.916  5267  5267 D GStreamer+GST_ELEMENT_PADS: 0:00:34.833124674 0xe8df4400 gstelement.c:2795:gst_element_pads_activate:<q> activate pads
06-06 22:09:47.916  5267  5267 D GStreamer+GST_PADS: 0:00:34.833148893 0xe8df4400 gstpad.c:1063:gst_pad_set_active:<q:sink> activating pad from none
06-06 22:09:47.916  5267  5267 D GStreamer+query: 0:00:34.833173320 0xe8df4400 gstquery.c:674:gst_query_new_custom creating new query 0xe900d550 scheduling
06-06 22:09:47.916  5267  5267 D GStreamer+GST_PADS: 0:00:34.833194935 0xe8df4400 gstpad.c:4049:gst_pad_peer_query:<q:sink> peer query 0xe900d550 (scheduling)
06-06 22:09:47.916  5267  5267 D GStreamer+GST_PADS: 0:00:34.833217018 0xe8df4400 gstpad.c:3922:gst_pad_query:<filesrc0:src> doing query 0xe900d550 (scheduling)
06-06 22:09:47.916  5267  5267 V GStreamer+basesrc: 0:00:34.833240976 0xe8df4400 gstbasesrc.c:2648:gst_base_src_is_random_access:<filesrc0> doing start/stop to check get_range support
06-06 22:09:47.916  5267  5267 I GStreamer+filesrc: 0:00:34.833261862 0xe8df4400 gstfilesrc.c:465:gst_file_src_start:<filesrc0> opening file /storage/emulated/0/aiTennis3D/videoaudio/videov.mp4
06-06 22:09:47.916  5267  5267 D GStreamer+basesrc: 0:00:34.833494362 0xe8df4400 gstbasesrc.c:3382:gst_base_src_start_complete:<filesrc0> starting source
06-06 22:09:47.916  5267  5267 D GStreamer+basesrc: 0:00:34.833523528 0xe8df4400 gstbasesrc.c:3395:gst_base_src_start_complete:<filesrc0> setting size 15003960
06-06 22:09:47.916  5267  5267 D GStreamer+basesrc: 0:00:34.833547330 0xe8df4400 gstbasesrc.c:3406:gst_base_src_start_complete:<filesrc0> format: bytes, have size: 1, size: 15003960, duration: 15003960
06-06 22:09:47.916  5267  5267 D GStreamer+basesrc: 0:00:34.833575612 0xe8df4400 gstbasesrc.c:3409:gst_base_src_start_complete:<filesrc0> is seekable: 1
06-06 22:09:47.916  5267  5267 D GStreamer+basesrc: 0:00:34.833594414 0xe8df4400 gstbasesrc.c:3414:gst_base_src_start_complete:<filesrc0> is random_access: 1
06-06 22:09:47.916  5267  5267 D GStreamer+basesrc: 0:00:34.833613424 0xe8df4400 gstbasesrc.c:3577:gst_base_src_set_flushing:<filesrc0> flushing 0, live_play 0
06-06 22:09:47.916  5267  5267 D GStreamer+basesrc: 0:00:34.833636966 0xe8df4400 gstbasesrc.c:3534:gst_base_src_stop:<filesrc0> stopping source
06-06 22:09:47.916  5267  5267 D GStreamer+basesrc: 0:00:34.833654258 0xe8df4400 gstbasesrc.c:3577:gst_base_src_set_flushing:<filesrc0> flushing 1, live_play 0
06-06 22:09:47.916  5267  5267 D GStreamer+GST_PADS: 0:00:34.833675351 0xe8df4400 gstpad.c:6082:gst_pad_stop_task:<filesrc0:src> stop task
06-06 22:09:47.916  5267  5267 D GStreamer+GST_PADS: 0:00:34.833694310 0xe8df4400 gstpad.c:6104:gst_pad_stop_task:<filesrc0:src> no task
06-06 22:09:47.916  5267  5267 W GStreamer+basesrc: 0:00:34.833749205 0xe8df4400 gstbasesrc.c:3488:gst_base_src_start_complete:<filesrc0> pad not activated yet
06-06 22:09:47.916  5267  5267 D GStreamer+basesrc: 0:00:34.833772851 0xe8df4400 gstbasesrc.c:3523:gst_base_src_start_wait:<filesrc0> got error
06-06 22:09:47.916  5267  5267 D GStreamer+basesrc: 0:00:34.833800560 0xe8df4400 gstbasesrc.c:1295:gst_base_src_default_query:<filesrc0> query scheduling returns 1
06-06 22:09:47.916  5267  5267 D GStreamer+GST_PADS: 0:00:34.833823372 0xe8df4400 gstpad.c:3945:gst_pad_query:<filesrc0:src> sent query 0xe900d550 (scheduling), result 1
06-06 22:09:47.916  5267  5267 D GStreamer+qtdemux: 0:00:34.833850716 0xe8df4400 qtdemux.c:6637:qtdemux_sink_activate:<q:sink> activating pull
06-06 22:09:47.917  5267  5267 D GStreamer+GST_PADS: 0:00:34.833872435 0xe8df4400 gstpad.c:1148:activate_mode_internal:<q:sink> calling peer
06-06 22:09:47.917  5267  5267 D GStreamer+GST_PADS: 0:00:34.833890872 0xe8df4400 gstpad.c:979:pre_activate:<filesrc0:src> setting pad into pull mode, unset flushing
06-06 22:09:47.917  5267  5267 D GStreamer+basesrc: 0:00:34.833911237 0xe8df4400 gstbasesrc.c:3775:gst_base_src_activate_mode:<filesrc0:src> activating in mode 2
06-06 22:09:47.917  5267  5267 D GStreamer+basesrc: 0:00:34.833930924 0xe8df4400 gstbasesrc.c:3743:gst_base_src_activate_pull:<filesrc0> Activating in pull mode
06-06 22:09:47.917  5267  5267 I GStreamer+filesrc: 0:00:34.833949205 0xe8df4400 gstfilesrc.c:465:gst_file_src_start:<filesrc0> opening file /storage/emulated/0/aiTennis3D/videoaudio/videov.mp4
06-06 22:09:47.917  5267  5267 D GStreamer+basesrc: 0:00:34.834008945 0xe8df4400 gstbasesrc.c:3382:gst_base_src_start_complete:<filesrc0> starting source
06-06 22:09:47.917  5267  5267 D GStreamer+basesrc: 0:00:34.834030820 0xe8df4400 gstbasesrc.c:3395:gst_base_src_start_complete:<filesrc0> setting size 15003960
06-06 22:09:47.917  5267  5267 D GStreamer+basesrc: 0:00:34.834052539 0xe8df4400 gstbasesrc.c:3406:gst_base_src_start_complete:<filesrc0> format: bytes, have size: 1, size: 15003960, duration: 15003960
06-06 22:09:47.917  5267  5267 D GStreamer+basesrc: 0:00:34.834078164 0xe8df4400 gstbasesrc.c:3409:gst_base_src_start_complete:<filesrc0> is seekable: 1
06-06 22:09:47.917  5267  5267 D GStreamer+basesrc: 0:00:34.834095091 0xe8df4400 gstbasesrc.c:3414:gst_base_src_start_complete:<filesrc0> is random_access: 1
06-06 22:09:47.917  5267  5267 D GStreamer+basesrc: 0:00:34.834111914 0xe8df4400 gstbasesrc.c:3577:gst_base_src_set_flushing:<filesrc0> flushing 0, live_play 0
06-06 22:09:47.917  5267  5267 D GStreamer+basesrc: 0:00:34.834133268 0xe8df4400 gstbasesrc.c:3523:gst_base_src_start_wait:<filesrc0> got ok
06-06 22:09:47.917  5267  5267 D GStreamer+GST_PADS: 0:00:34.834150716 0xe8df4400 gstpad.c:1188:activate_mode_internal:<filesrc0:src> activated in pull mode
06-06 22:09:47.917  5267  5267 D GStreamer+GST_PADS: 0:00:34.834171080 0xe8df4400 gstpad.c:979:pre_activate:<q:sink> setting pad into pull mode, unset flushing
06-06 22:09:47.917  5267  5267 D GStreamer+GST_PADS: 0:00:34.834190820 0xe8df4400 gstpad.c:991:pre_activate:<q:sink> reschedule events on peer filesrc0:src
06-06 22:09:47.917  5267  5267 D GStreamer+GST_PADS: 0:00:34.834212383 0xe8df4400 gstpad.c:5978:gst_pad_start_task:<q:sink> start task
06-06 22:09:47.917  5267  5267 D GStreamer+task: 0:00:34.834250924 0xe8df4400 gsttask.c:427:gst_task_new Created task 0xe93042c8
06-06 22:09:47.917  5267  5267 I GStreamer+task: 0:00:34.834269258 0xe8df4400 gsttask.c:453:gst_task_set_lock setting stream lock 0xe90b71c4 on task 0xe93042c8
06-06 22:09:47.917  5267  5267 I GStreamer+GST_PADS: 0:00:34.834288216 0xe8df4400 gstpad.c:5987:gst_pad_start_task:<q:sink> created task 0xe93042c8
06-06 22:09:47.917  5267  5267 D GStreamer+GST_PADS: 0:00:34.834307851 0xe8df4400 gstpad.c:5904:do_stream_status:<q:sink> doing stream-status 0
06-06 22:09:47.917  5267  5267 V GStreamer+GST_MESSAGE: 0:00:34.834331549 0xe8df4400 gstmessage.c:293:gst_message_new_custom source sink: creating new message 0xe9309468 stream-status
06-06 22:09:47.917  5267  5267 D GStreamer+GST_PADS: 0:00:34.834354674 0xe8df4400 gstpad.c:5933:do_stream_status:<q:sink> posting stream-status 0
06-06 22:09:47.917  5267  5267 D GStreamer+GST_BUS: 0:00:34.834375247 0xe8df4400 gstbus.c:309:gst_bus_post:<bus4> [msg 0xe9309468] posting on bus stream-status message: 0xe9309468, time 99:99:99.999999999, seq-num 88, element 'sink', GstMessageStreamStatus, type=(GstStreamStatusType)GST_STREAM_STATUS_TYPE_CREATE, owner=(GstElement)"\(GstQTDemux\)\ q", object=(GstTask)"\(GstTask\)\ task4";
06-06 22:09:47.917  5267  5267 D GStreamer+bin: 0:00:34.834435143 0xe8df4400 gstbin.c:3654:gst_bin_handle_message_func:<pipeline0> [msg 0xe9309468] handling child sink message of type stream-status
06-06 22:09:47.917  5267  5267 D GStreamer+bin: 0:00:34.834459049 0xe8df4400 gstbin.c:3991:gst_bin_handle_message_func:<pipeline0> posting message upward
06-06 22:09:47.917  5267  5267 D GStreamer+GST_BUS: 0:00:34.834477330 0xe8df4400 gstbus.c:309:gst_bus_post:<bus5> [msg 0xe9309468] posting on bus stream-status message: 0xe9309468, time 99:99:99.999999999, seq-num 88, element 'sink', GstMessageStreamStatus, type=(GstStreamStatusType)GST_STREAM_STATUS_TYPE_CREATE, owner=(GstElement)"\(GstQTDemux\)\ q", object=(GstTask)"\(GstTask\)\ task4";
06-06 22:09:47.917  5267  5267 D GStreamer+GST_BUS: 0:00:34.834531080 0xe8df4400 gstbus.c:348:gst_bus_post:<bus5> [msg 0xe9309468] pushing on async queue
06-06 22:09:47.917  5267  5267 V GStreamer+GST_POLL: 0:00:34.834550872 0xe8df4400 gstpoll.c:186:raise_wakeup 0xe925c808: raise
06-06 22:09:47.917  5267  5267 D GStreamer+GST_BUS: 0:00:34.834572799 0xe8df4400 gstbus.c:351:gst_bus_post:<bus5> [msg 0xe9309468] pushed on async queue
06-06 22:09:47.917  5267  5334 V GStreamer+GST_BUS: 0:00:34.834586758 0xe916d800 gstbus.c:513:gst_bus_timed_pop_filtered:<bus5> have 1 messages
06-06 22:09:47.917  5267  5267 D GStreamer+GST_BUS: 0:00:34.834592851 0xe8df4400 gstbus.c:344:gst_bus_post:<bus4> [msg 0xe9309468] dropped
06-06 22:09:47.917  5267  5334 V GStreamer+GST_POLL: 0:00:34.834613060 0xe916d800 gstpoll.c:201:release_wakeup 0xe925c808: release
06-06 22:09:47.917  5267  5267 D GStreamer+task: 0:00:34.834614466 0xe8df4400 gsttask.c:684:gst_task_set_state:<task4> Changing task 0xe93042c8 to state 0
06-06 22:09:47.917  5267  5334 D GStreamer+GST_BUS: 0:00:34.834641185 0xe916d800 gstbus.c:521:gst_bus_timed_pop_filtered:<bus5> got message 0xe9309468, stream-status from sink, type mask is 4294967295
06-06 22:09:47.917  5267  5267 D GStreamer+GST_PADS: 0:00:34.834688685 0xe8df4400 gstpad.c:1188:activate_mode_internal:<q:sink> activated in pull mode
06-06 22:09:47.917  5267  5334 D GStreamer+GST_BUS: 0:00:34.834669205 0xe916d800 gstbus.c:789:gst_bus_source_dispatch:<bus5> source 0xe9302a00 calling dispatch with stream-status message: 0xe9309468, time 99:99:99.999999999, seq-num 88, element 'sink', GstMessageStreamStatus, type=(GstStreamStatusType)GST_STREAM_STATUS_TYPE_CREATE, owner=(GstElement)"\(GstQTDemux\)\ q", object=(GstTask)"\(GstTask\)\ task4";
06-06 22:09:47.917  5267  5349 D GStreamer+task: 0:00:34.834707591 0xe900d580 gsttask.c:289:gst_task_func Entering task 0xe93042c8, thread 0xe900d580
06-06 22:09:47.917  5267  5267 D GStreamer+GST_ELEMENT_PADS: 0:00:34.834731393 0xe8df4400 gstelement.c:2814:gst_element_pads_activate:<q> pad activation successful
06-06 22:09:47.917  5267  5334 V GStreamer+GST_MESSAGE: 0:00:34.834741862 0xe916d800 gstmessage.c:200:_gst_message_free finalize message 0xe9309468, stream-status from sink
06-06 22:09:47.917  5267  5267 D GStreamer+GST_STATES: 0:00:34.834760039 0xe8df4400 gstelement.c:2686:gst_element_change_state:<q> element changed state SUCCESS
06-06 22:09:47.917  5267  5349 D GStreamer+GST_PADS: 0:00:34.834756914 0xe900d580 gstpad.c:5904:do_stream_status:<q:sink> doing stream-status 1
06-06 22:09:47.917  5267  5334 D GStreamer+GST_BUS: 0:00:34.834768164 0xe916d800 gstbus.c:794:gst_bus_source_dispatch:<bus5> source 0xe9302a00 handler returns 1
06-06 22:09:47.917  5267  5267 I GStreamer+GST_STATES: 0:00:34.834782070 0xe8df4400 gstelement.c:2374:gst_element_continue_state:<q> completed state change to PAUSED
06-06 22:09:47.917  5267  5267 I GStreamer+GST_STATES: 0:00:34.834803060 0xe8df4400 gstelement.c:2279:_priv_gst_element_state_changed:<q> notifying about state-changed READY to PAUSED (VOID_PENDING pending)
06-06 22:09:47.917  5267  5267 V GStreamer+GST_MESSAGE: 0:00:34.834828685 0xe8df4400 gstmessage.c:293:gst_message_new_custom source q: creating new message 0xe93094c0 state-changed
06-06 22:09:47.918  5267  5267 D GStreamer+GST_BUS: 0:00:34.834848580 0xe8df4400 gstbus.c:309:gst_bus_post:<bus4> [msg 0xe93094c0] posting on bus state-changed message: 0xe93094c0, time 99:99:99.999999999, seq-num 89, element 'q', GstMessageStateChanged, old-state=(GstState)GST_STATE_READY, new-state=(GstState)GST_STATE_PAUSED, pending-state=(GstState)GST_STATE_VOID_PENDING;
06-06 22:09:47.918  5267  5349 V GStreamer+GST_MESSAGE: 0:00:34.834985351 0xe900d580 gstmessage.c:293:gst_message_new_custom source sink: creating new message 0xe930ab70 stream-status
06-06 22:09:47.918  5267  5349 D GStreamer+GST_PADS: 0:00:34.835017643 0xe900d580 gstpad.c:5933:do_stream_status:<q:sink> posting stream-status 1
06-06 22:09:47.918  5267  5349 D GStreamer+GST_BUS: 0:00:34.835039726 0xe900d580 gstbus.c:309:gst_bus_post:<bus4> [msg 0xe930ab70] posting on bus stream-status message: 0xe930ab70, time 99:99:99.999999999, seq-num 90, element 'sink', GstMessageStreamStatus, type=(GstStreamStatusType)GST_STREAM_STATUS_TYPE_ENTER, owner=(GstElement)"\(GstQTDemux\)\ q", object=(GstTask)"\(GstTask\)\ q:sink";
06-06 22:09:47.918  5267  5349 D GStreamer+bin: 0:00:34.835106601 0xe900d580 gstbin.c:3654:gst_bin_handle_message_func:<pipeline0> [msg 0xe930ab70] handling child sink message of type stream-status
06-06 22:09:47.918  5267  5267 D GStreamer+bin: 0:00:34.835104101 0xe8df4400 gstbin.c:3654:gst_bin_handle_message_func:<pipeline0> [msg 0xe93094c0] handling child q message of type state-changed
06-06 22:09:47.918  5267  5349 D GStreamer+bin: 0:00:34.835138945 0xe900d580 gstbin.c:3991:gst_bin_handle_message_func:<pipeline0> posting message upward
06-06 22:09:47.918  5267  5349 D GStreamer+GST_BUS: 0:00:34.835157903 0xe900d580 gstbus.c:309:gst_bus_post:<bus5> [msg 0xe930ab70] posting on bus stream-status message: 0xe930ab70, time 99:99:99.999999999, seq-num 90, element 'sink', GstMessageStreamStatus, type=(GstStreamStatusType)GST_STREAM_STATUS_TYPE_ENTER, owner=(GstElement)"\(GstQTDemux\)\ q", object=(GstTask)"\(GstTask\)\ q:sink";
06-06 22:09:47.918  5267  5267 D GStreamer+bin: 0:00:34.835146289 0xe8df4400 gstbin.c:3991:gst_bin_handle_message_func:<pipeline0> posting message upward
06-06 22:09:47.918  5267  5349 D GStreamer+GST_BUS: 0:00:34.835217643 0xe900d580 gstbus.c:348:gst_bus_post:<bus5> [msg 0xe930ab70] pushing on async queue
06-06 22:09:47.918  5267  5349 V GStreamer+GST_POLL: 0:00:34.835239049 0xe900d580 gstpoll.c:186:raise_wakeup 0xe925c808: raise
06-06 22:09:47.918  5267  5267 D GStreamer+GST_BUS: 0:00:34.835223633 0xe8df4400 gstbus.c:309:gst_bus_post:<bus5> [msg 0xe93094c0] posting on bus state-changed message: 0xe93094c0, time 99:99:99.999999999, seq-num 89, element 'q', GstMessageStateChanged, old-state=(GstState)GST_STATE_READY, new-state=(GstState)GST_STATE_PAUSED, pending-state=(GstState)GST_STATE_VOID_PENDING;
06-06 22:09:47.918  5267  5349 D GStreamer+GST_BUS: 0:00:34.835264310 0xe900d580 gstbus.c:351:gst_bus_post:<bus5> [msg 0xe930ab70] pushed on async queue
06-06 22:09:47.918  5267  5334 V GStreamer+GST_BUS: 0:00:34.835278268 0xe916d800 gstbus.c:513:gst_bus_timed_pop_filtered:<bus5> have 1 messages
06-06 22:09:47.918  5267  5349 D GStreamer+GST_BUS: 0:00:34.835290976 0xe900d580 gstbus.c:344:gst_bus_post:<bus4> [msg 0xe930ab70] dropped
06-06 22:09:47.918  5267  5267 D GStreamer+GST_BUS: 0:00:34.835278060 0xe8df4400 gstbus.c:348:gst_bus_post:<bus5> [msg 0xe93094c0] pushing on async queue
06-06 22:09:47.918  5267  5334 V GStreamer+GST_POLL: 0:00:34.835305924 0xe916d800 gstpoll.c:201:release_wakeup 0xe925c808: release
06-06 22:09:47.918  5267  5349 D GStreamer+task: 0:00:34.835315143 0xe900d580 gsttask.c:251:gst_task_configure_name:<q:sink> Setting thread name to 'q:sink'
06-06 22:09:47.918  5267  5267 V GStreamer+GST_POLL: 0:00:34.835317435 0xe8df4400 gstpoll.c:186:raise_wakeup 0xe925c808: raise
06-06 22:09:47.918  5267  5334 D GStreamer+GST_BUS: 0:00:34.835327851 0xe916d800 gstbus.c:521:gst_bus_timed_pop_filtered:<bus5> got message 0xe930ab70, stream-status from sink, type mask is 4294967295
06-06 22:09:47.918  5267  5349 V GStreamer+qtdemux: 0:00:34.835341445 0xe900d580 qtdemux.c:5655:gst_qtdemux_loop:<q> loop at position 0, state 0
06-06 22:09:47.918  5267  5267 D GStreamer+GST_BUS: 0:00:34.835343737 0xe8df4400 gstbus.c:351:gst_bus_post:<bus5> [msg 0xe93094c0] pushed on async queue
06-06 22:09:47.918  5267  5267 D GStreamer+GST_BUS: 0:00:34.835370612 0xe8df4400 gstbus.c:344:gst_bus_post:<bus4> [msg 0xe93094c0] dropped
06-06 22:09:47.918  5267  5349 V GStreamer+GST_SCHEDULING: 0:00:34.835370820 0xe900d580 gstpad.c:4654:gst_pad_get_range_unchecked:<filesrc0:src> calling getrangefunc gst_base_src_getrange, offset 0, size 16
06-06 22:09:47.918  5267  5267 V GStreamer+GST_STATES: 0:00:34.835417487 0xe8df4400 gstelement.c:2702:gst_element_change_state:<q> exit state change 1
06-06 22:09:47.918  5267  5334 D GStreamer+GST_BUS: 0:00:34.835356185 0xe916d800 gstbus.c:789:gst_bus_source_dispatch:<bus5> source 0xe9302a00 calling dispatch with stream-status message: 0xe930ab70, time 99:99:99.999999999, seq-num 90, element 'sink', GstMessageStreamStatus, type=(GstStreamStatusType)GST_STREAM_STATUS_TYPE_ENTER, owner=(GstElement)"\(GstQTDemux\)\ q", object=(GstTask)"\(GstTask\)\ q:sink";
06-06 22:09:47.918  5267  5349 D GStreamer+basesrc: 0:00:34.835420716 0xe900d580 gstbasesrc.c:2354:gst_base_src_update_length:<filesrc0> reading offset 0, length 16, size 15003960, segment.stop -1, maxsize 15003960
06-06 22:09:47.918  5267  5267 D GStreamer+GST_STATES: 0:00:34.835450768 0xe8df4400 gstelement.c:2609:gst_element_set_state_func:<q> returned SUCCESS
06-06 22:09:47.918  5267  5334 V GStreamer+GST_MESSAGE: 0:00:34.835457487 0xe916d800 gstmessage.c:200:_gst_message_free finalize message 0xe930ab70, stream-status from sink
06-06 22:09:47.918  5267  5349 D GStreamer+basesrc: 0:00:34.835466758 0xe900d580 gstbasesrc.c:2455:gst_base_src_get_range:<filesrc0> calling create offset 0 length 16, time 0
06-06 22:09:47.918  5267  5267 I GStreamer+GST_STATES: 0:00:34.835471133 0xe8df4400 gstbin.c:2892:gst_bin_change_state_func:<pipeline0> child 'q' changed state to 3(PAUSED) successfully
06-06 22:09:47.918  5267  5334 D GStreamer+GST_BUS: 0:00:34.835488580 0xe916d800 gstbus.c:794:gst_bus_source_dispatch:<bus5> source 0xe9302a00 handler returns 1
06-06 22:09:47.918  5267  5349 D GStreamer+GST_MEMORY: 0:00:34.835519466 0xe900d580 gstmemory.c:138:gst_memory_init new memory 0xe930d408, maxsize:19 offset:0 size:16
06-06 22:09:47.918  5267  5267 D GStreamer+bin: 0:00:34.835528789 0xe8df4400 gstbin.c:2310:gst_bin_sort_iterator_next:<pipeline0> queue head gives filesrc0
06-06 22:09:47.918  5267  5349 V GStreamer+GST_BUFFER: 0:00:34.835554153 0xe900d580 gstbuffer.c:727:gst_buffer_new new 0xe930e038
06-06 22:09:47.918  5267  5267 D GStreamer+bin: 0:00:34.835554258 0xe8df4400 gstbin.c:2249:update_degree:<pipeline0> element filesrc0 not linked on any sinkpads
06-06 22:09:47.918  5267  5334 V GStreamer+GST_BUS: 0:00:34.835543112 0xe916d800 gstbus.c:513:gst_bus_timed_pop_filtered:<bus5> have 1 messages
06-06 22:09:47.918  5267  5349 V GStreamer+GST_BUFFER: 0:00:34.835581758 0xe900d580 gstbuffer.c:342:_memory_add buffer 0xe930e038, idx -1, mem 0xe930d408
06-06 22:09:47.918  5267  5334 V GStreamer+GST_POLL: 0:00:34.835583060 0xe916d800 gstpoll.c:201:release_wakeup 0xe925c808: release
06-06 22:09:47.918  5267  5267 I GStreamer+GST_STATES: 0:00:34.835583633 0xe8df4400 gstbin.c:2444:gst_bin_element_set_state:<filesrc0> current READY pending VOID_PENDING, desired next PAUSED
06-06 22:09:47.918  5267  5267 V GStreamer+bin: 0:00:34.835627903 0xe8df4400 gstbin.c:889:message_check looking at message 0xe9308ec8: 0
06-06 22:09:47.918  5267  5334 D GStreamer+GST_BUS: 0:00:34.835629622 0xe916d800 gstbus.c:521:gst_bus_timed_pop_filtered:<bus5> got message 0xe93094c0, state-changed from q, type mask is 4294967295
06-06 22:09:47.918  5267  5267 V GStreamer+bin: 0:00:34.835656966 0xe8df4400 gstbin.c:889:message_check looking at message 0xe9012730: 0
06-06 22:09:47.918  5267  5267 V GStreamer+bin: 0:00:34.835675351 0xe8df4400 gstbin.c:889:message_check looking at message 0xe8ffb388: 0
06-06 22:09:47.918  5267  5267 V GStreamer+bin: 0:00:34.835699466 0xe8df4400 gstbin.c:889:message_check looking at message 0xe8ffb2d8: 0
06-06 22:09:47.918  5267  5334 D GStreamer+GST_BUS: 0:00:34.835673268 0xe916d800 gstbus.c:789:gst_bus_source_dispatch:<bus5> source 0xe9302a00 calling dispatch with state-changed message: 0xe93094c0, time 99:99:99.999999999, seq-num 89, element 'q', GstMessageStateChanged, old-state=(GstState)GST_STATE_READY, new-state=(GstState)GST_STATE_PAUSED, pending-state=(GstState)GST_STATE_VOID_PENDING;
06-06 22:09:47.918  5267  5267 D GStreamer+bin: 0:00:34.835731393 0xe8df4400 gstbin.c:911:find_message:<pipeline0> no message found matching types 00100000
06-06 22:09:47.918  5267  5334 V GStreamer+GST_MESSAGE: 0:00:34.835743737 0xe916d800 gstmessage.c:200:_gst_message_free finalize message 0xe93094c0, state-changed from q
06-06 22:09:47.918  5267  5267 D GStreamer+bin: 0:00:34.835752695 0xe8df4400 gstbin.c:918:find_message:<pipeline0>   async-start
06-06 22:09:47.918  5267  5334 D GStreamer+GST_BUS: 0:00:34.835768268 0xe916d800 gstbus.c:794:gst_bus_source_dispatch:<bus5> source 0xe9302a00 handler returns 1
06-06 22:09:47.918  5267  5267 D GStreamer+bin: 0:00:34.835770351 0xe8df4400 gstbin.c:2539:gst_bin_element_set_state:<pipeline0> setting element filesrc0 to PAUSED, base_time 0:00:00.000000000
06-06 22:09:47.918  5267  5267 D GStreamer+GST_STATES: 0:00:34.835801497 0xe8df4400 gstelement.c:2525:gst_element_set_state_func:<filesrc0> set_state to PAUSED
06-06 22:09:47.918  5267  5267 D GStreamer+GST_STATES: 0:00:34.835818893 0xe8df4400 gstelement.c:2550:gst_element_set_state_func:<filesrc0> setting target state to PAUSED
06-06 22:09:47.918  5267  5267 D GStreamer+GST_STATES: 0:00:34.835836341 0xe8df4400 gstelement.c:2563:gst_element_set_state_func:<filesrc0> current READY, old_pending VOID_PENDING, next VOID_PENDING, old return SUCCESS
06-06 22:09:47.918  5267  5267 D GStreamer+GST_STATES: 0:00:34.835856810 0xe8df4400 gstelement.c:2597:gst_element_set_state_func:<filesrc0> final: setting state from READY to PAUSED
06-06 22:09:47.919  5267  5267 V GStreamer+GST_STATES: 0:00:34.835879205 0xe8df4400 gstelement.c:2852:gst_element_change_state_func:<filesrc0> default handler tries setting state from READY to PAUSED (0013)
06-06 22:09:47.919  5267  5267 D GStreamer+GST_ELEMENT_PADS: 0:00:34.835899778 0xe8df4400 gstelement.c:2795:gst_element_pads_activate:<filesrc0> activate pads
06-06 22:09:47.919  5267  5267 D GStreamer+GST_PADS: 0:00:34.835921080 0xe8df4400 gstpad.c:1069:gst_pad_set_active:<filesrc0:src> pad was active in pull mode
06-06 22:09:47.919  5267  5267 D GStreamer+GST_ELEMENT_PADS: 0:00:34.835942747 0xe8df4400 gstelement.c:2814:gst_element_pads_activate:<filesrc0> pad activation successful
06-06 22:09:47.919  5267  5267 D GStreamer+GST_STATES: 0:00:34.835960612 0xe8df4400 gstelement.c:2686:gst_element_change_state:<filesrc0> element changed state SUCCESS
06-06 22:09:47.919  5267  5267 I GStreamer+GST_STATES: 0:00:34.835976289 0xe8df4400 gstelement.c:2374:gst_element_continue_state:<filesrc0> completed state change to PAUSED
06-06 22:09:47.919  5267  5267 I GStreamer+GST_STATES: 0:00:34.835992695 0xe8df4400 gstelement.c:2279:_priv_gst_element_state_changed:<filesrc0> notifying about state-changed READY to PAUSED (VOID_PENDING pending)
06-06 22:09:47.919  5267  5267 V GStreamer+GST_MESSAGE: 0:00:34.836016445 0xe8df4400 gstmessage.c:293:gst_message_new_custom source filesrc0: creating new message 0xe9309518 state-changed
06-06 22:09:47.919  5267  5267 D GStreamer+GST_BUS: 0:00:34.836036653 0xe8df4400 gstbus.c:309:gst_bus_post:<bus4> [msg 0xe9309518] posting on bus state-changed message: 0xe9309518, time 99:99:99.999999999, seq-num 91, element 'filesrc0', GstMessageStateChanged, old-state=(GstState)GST_STATE_READY, new-state=(GstState)GST_STATE_PAUSED, pending-state=(GstState)GST_STATE_VOID_PENDING;
06-06 22:09:47.919  5267  5267 D GStreamer+bin: 0:00:34.836083268 0xe8df4400 gstbin.c:3654:gst_bin_handle_message_func:<pipeline0> [msg 0xe9309518] handling child filesrc0 message of type state-changed
06-06 22:09:47.919  5267  5267 D GStreamer+bin: 0:00:34.836103633 0xe8df4400 gstbin.c:3991:gst_bin_handle_message_func:<pipeline0> posting message upward
06-06 22:09:47.919  5267  5267 D GStreamer+GST_BUS: 0:00:34.836119830 0xe8df4400 gstbus.c:309:gst_bus_post:<bus5> [msg 0xe9309518] posting on bus state-changed message: 0xe9309518, time 99:99:99.999999999, seq-num 91, element 'filesrc0', GstMessageStateChanged, old-state=(GstState)GST_STATE_READY, new-state=(GstState)GST_STATE_PAUSED, pending-state=(GstState)GST_STATE_VOID_PENDING;
06-06 22:09:47.919  5267  5267 D GStreamer+GST_BUS: 0:00:34.836159570 0xe8df4400 gstbus.c:348:gst_bus_post:<bus5> [msg 0xe9309518] pushing on async queue
06-06 22:09:47.919  5267  5267 V GStreamer+GST_POLL: 0:00:34.836177018 0xe8df4400 gstpoll.c:186:raise_wakeup 0xe925c808: raise
06-06 22:09:47.919  5267  5267 D GStreamer+GST_BUS: 0:00:34.836198528 0xe8df4400 gstbus.c:351:gst_bus_post:<bus5> [msg 0xe9309518] pushed on async queue
06-06 22:09:47.919  5267  5334 V GStreamer+GST_BUS: 0:00:34.836209258 0xe916d800 gstbus.c:513:gst_bus_timed_pop_filtered:<bus5> have 1 messages
06-06 22:09:47.919  5267  5267 D GStreamer+GST_BUS: 0:00:34.836218633 0xe8df4400 gstbus.c:344:gst_bus_post:<bus4> [msg 0xe9309518] dropped
06-06 22:09:47.919  5267  5334 V GStreamer+GST_POLL: 0:00:34.836230976 0xe916d800 gstpoll.c:201:release_wakeup 0xe925c808: release
06-06 22:09:47.919  5267  5267 V GStreamer+GST_STATES: 0:00:34.836237799 0xe8df4400 gstelement.c:2702:gst_element_change_state:<filesrc0> exit state change 1
06-06 22:09:47.919  5267  5267 D GStreamer+GST_STATES: 0:00:34.836257955 0xe8df4400 gstelement.c:2609:gst_element_set_state_func:<filesrc0> returned SUCCESS
06-06 22:09:47.919  5267  5334 D GStreamer+GST_BUS: 0:00:34.836250716 0xe916d800 gstbus.c:521:gst_bus_timed_pop_filtered:<bus5> got message 0xe9309518, state-changed from filesrc0, type mask is 4294967295
06-06 22:09:47.919  5267  5267 I GStreamer+GST_STATES: 0:00:34.836276810 0xe8df4400 gstbin.c:2892:gst_bin_change_state_func:<pipeline0> child 'filesrc0' changed state to 3(PAUSED) successfully
06-06 22:09:47.919  5267  5349 V GStreamer+GST_BUFFER: 0:00:34.835620091 0xe900d580 gstbuffer.c:783:gst_buffer_new_allocate new buffer 0xe930e038 of size 16 from allocator 0x0
06-06 22:09:47.919  5267  5267 D GStreamer+bin: 0:00:34.836307435 0xe8df4400 gstbin.c:2299:gst_bin_sort_iterator_next:<pipeline0> queue empty, elements exhausted
06-06 22:09:47.919  5267  5334 D GStreamer+GST_BUS: 0:00:34.836277799 0xe916d800 gstbus.c:789:gst_bus_source_dispatch:<bus5> source 0xe9302a00 calling dispatch with state-changed message: 0xe9309518, time 99:99:99.999999999, seq-num 91, element 'filesrc0', GstMessageStateChanged, old-state=(GstState)GST_STATE_READY, new-state=(GstState)GST_STATE_PAUSED, pending-state=(GstState)GST_STATE_VOID_PENDING;
06-06 22:09:47.919  5267  5267 D GStreamer+GST_STATES: 0:00:34.836327435 0xe8df4400 gstbin.c:2951:gst_bin_change_state_func:<pipeline0> iterator done
06-06 22:09:47.919  5267  5349 V GStreamer+GST_BUFFER: 0:00:34.836323633 0xe900d580 gstbuffer.c:1649:gst_buffer_map_range buffer 0xe930e038, idx 0, length -1, flags 0002
06-06 22:09:47.919  5267  5334 V GStreamer+GST_MESSAGE: 0:00:34.836337591 0xe916d800 gstmessage.c:200:_gst_message_free finalize message 0xe9309518, state-changed from filesrc0
06-06 22:09:47.919  5267  5267 V GStreamer+GST_STATES: 0:00:34.836349778 0xe8df4400 gstelement.c:2852:gst_element_change_state_func:<pipeline0> default handler tries setting state from READY to PAUSED (0013)
06-06 22:09:47.919  5267  5349 V GStreamer+GST_BUFFER: 0:00:34.836353476 0xe900d580 gstbuffer.c:212:_get_merged_memory buffer 0xe930e038, idx 0, length 1
06-06 22:09:47.919  5267  5334 D GStreamer+GST_BUS: 0:00:34.836364101 0xe916d800 gstbus.c:794:gst_bus_source_dispatch:<bus5> source 0xe9302a00 handler returns 1
06-06 22:09:47.919  5267  5267 D GStreamer+GST_ELEMENT_PADS: 0:00:34.836379362 0xe8df4400 gstelement.c:2795:gst_element_pads_activate:<pipeline0> activate pads
06-06 22:09:47.919  5267  5349 V GStreamer+filesrc: 0:00:34.836385195 0xe900d580 gstfilesrc.c:360:gst_file_src_fill:<filesrc0> Reading 16 bytes at offset 0x0
06-06 22:09:47.919  5267  5267 D GStreamer+GST_ELEMENT_PADS: 0:00:34.836401028 0xe8df4400 gstelement.c:2814:gst_element_pads_activate:<pipeline0> pad activation successful
06-06 22:09:47.919  5267  5267 D GStreamer+GST_STATES: 0:00:34.836419570 0xe8df4400 gstbin.c:2969:gst_bin_change_state_func:<pipeline0> we have ASYNC elements SUCCESS -> ASYNC
06-06 22:09:47.919  5267  5267 D GStreamer+bin: 0:00:34.836438320 0xe8df4400 gstbin.c:2341:gst_bin_sort_iterator_free:<pipeline0> free
06-06 22:09:47.919  5267  5267 D GStreamer+bin: 0:00:34.836457955 0xe8df4400 gstbin.c:2997:gst_bin_change_state_func:<pipeline0> check async elements
06-06 22:09:47.919  5267  5267 V GStreamer+bin: 0:00:34.836475091 0xe8df4400 gstbin.c:889:message_check looking at message 0xe9308ec8: 1
06-06 22:09:47.919  5267  5349 D GStreamer+basesrc: 0:00:34.836478268 0xe900d580 gstbasesrc.c:2500:gst_base_src_get_range:<filesrc0> setting first timestamp to 0
06-06 22:09:47.919  5267  5267 D GStreamer+bin: 0:00:34.836494778 0xe8df4400 gstbin.c:909:find_message:<pipeline0> we found a message 0xe9308ec8 from forhwgl matching types 00100000
06-06 22:09:47.919  5267  5349 D GStreamer+basesrc: 0:00:34.836504518 0xe900d580 gstbasesrc.c:2309:gst_base_src_do_sync:<filesrc0> we have no clock
06-06 22:09:47.919  5267  5267 D GStreamer+GST_STATES: 0:00:34.836515091 0xe8df4400 gstbin.c:3020:gst_bin_change_state_func:<pipeline0> done changing bin's state from READY to PAUSED, now in READY, ret ASYNC
06-06 22:09:47.919  5267  5349 D GStreamer+basesrc: 0:00:34.836523372 0xe900d580 gstbasesrc.c:2519:gst_base_src_get_range:<filesrc0> buffer ok
06-06 22:09:47.919  5267  5267 D GStreamer+GST_STATES: 0:00:34.836540455 0xe8df4400 gstelement.c:2668:gst_element_change_state:<pipeline0> element will change state ASYNC
06-06 22:09:47.919  5267  5349 V GStreamer+GST_BUFFER: 0:00:34.836542643 0xe900d580 gstbuffer.c:1649:gst_buffer_map_range buffer 0xe930e038, idx 0, length -1, flags 0001
06-06 22:09:47.919  5267  5267 V GStreamer+GST_STATES: 0:00:34.836556393 0xe8df4400 gstelement.c:2708:gst_element_change_state:<pipeline0> exit async state change 2
06-06 22:09:47.919  5267  5349 V GStreamer+GST_BUFFER: 0:00:34.836564049 0xe900d580 gstbuffer.c:212:_get_merged_memory buffer 0xe930e038, idx 0, length 1
06-06 22:09:47.919  5267  5267 D GStreamer+GST_STATES: 0:00:34.836574258 0xe8df4400 gstelement.c:2609:gst_element_set_state_func:<pipeline0> returned ASYNC
06-06 22:09:47.919  5267  5349 D GStreamer+qtdemux: 0:00:34.836583685 0xe900d580 qtdemux.c:2766:extract_initial_length_and_fourcc length 0x00000020
06-06 22:09:47.919  5267  5349 D GStreamer+qtdemux: 0:00:34.836600820 0xe900d580 qtdemux.c:2768:extract_initial_length_and_fourcc atom type ftyp
06-06 22:09:47.919  5267  5349 V GStreamer+GST_BUFFER: 0:00:34.836621497 0xe900d580 gstbuffer.c:653:_gst_buffer_free finalize 0xe930e038
06-06 22:09:47.919  5267  5349 D GStreamer+GST_MEMORY: 0:00:34.836638580 0xe900d580 gstmemory.c:87:_gst_memory_free free memory 0xe930d408
06-06 22:09:47.919  5267  5349 V GStreamer+GST_SCHEDULING: 0:00:34.836658893 0xe900d580 gstpad.c:4654:gst_pad_get_range_unchecked:<filesrc0:src> calling getrangefunc gst_base_src_getrange, offset 0, size 32
06-06 22:09:47.919  5267  5349 D GStreamer+basesrc: 0:00:34.836683060 0xe900d580 gstbasesrc.c:2354:gst_base_src_update_length:<filesrc0> reading offset 0, length 32, size 15003960, segment.stop -1, maxsize 15003960
06-06 22:09:47.919  5267  5349 D GStreamer+basesrc: 0:00:34.836711758 0xe900d580 gstbasesrc.c:2455:gst_base_src_get_range:<filesrc0> calling create offset 0 length 32, time 0
06-06 22:09:47.919  5267  5349 D GStreamer+GST_MEMORY: 0:00:34.836770508 0xe900d580 gstmemory.c:138:gst_memory_init new memory 0xe8df5a70, maxsize:35 offset:0 size:32
06-06 22:09:47.919  5267  5349 V GStreamer+GST_BUFFER: 0:00:34.836794362 0xe900d580 gstbuffer.c:727:gst_buffer_new new 0xe930e0d8
06-06 22:09:47.919  5267  5349 V GStreamer+GST_BUFFER: 0:00:34.836810351 0xe900d580 gstbuffer.c:342:_memory_add buffer 0xe930e0d8, idx -1, mem 0xe8df5a70
06-06 22:09:47.919  5267  5349 V GStreamer+GST_BUFFER: 0:00:34.836828580 0xe900d580 gstbuffer.c:783:gst_buffer_new_allocate new buffer 0xe930e0d8 of size 32 from allocator 0x0
06-06 22:09:47.919  5267  5349 V GStreamer+GST_BUFFER: 0:00:34.836849622 0xe900d580 gstbuffer.c:1649:gst_buffer_map_range buffer 0xe930e0d8, idx 0, length -1, flags 0002
06-06 22:09:47.920  5267  5349 V GStreamer+GST_BUFFER: 0:00:34.836871185 0xe900d580 gstbuffer.c:212:_get_merged_memory buffer 0xe930e0d8, idx 0, length 1
06-06 22:09:47.920  5267  5349 V GStreamer+filesrc: 0:00:34.836892122 0xe900d580 gstfilesrc.c:360:gst_file_src_fill:<filesrc0> Reading 32 bytes at offset 0x0
06-06 22:09:47.920  5267  5349 D GStreamer+basesrc: 0:00:34.836918633 0xe900d580 gstbasesrc.c:2500:gst_base_src_get_range:<filesrc0> setting first timestamp to 0
06-06 22:09:47.920  5267  5349 D GStreamer+basesrc: 0:00:34.836936966 0xe900d580 gstbasesrc.c:2309:gst_base_src_do_sync:<filesrc0> we have no clock
06-06 22:09:47.920  5267  5349 D GStreamer+basesrc: 0:00:34.836953789 0xe900d580 gstbasesrc.c:2519:gst_base_src_get_range:<filesrc0> buffer ok
06-06 22:09:47.920  5267  5349 V GStreamer+GST_BUFFER: 0:00:34.836971341 0xe900d580 gstbuffer.c:1649:gst_buffer_map_range buffer 0xe930e0d8, idx 0, length -1, flags 0001
06-06 22:09:47.920  5267  5349 V GStreamer+GST_BUFFER: 0:00:34.836993164 0xe900d580 gstbuffer.c:212:_get_merged_memory buffer 0xe930e0d8, idx 0, length 1
06-06 22:09:47.920  5267  5349 D GStreamer+qtdemux: 0:00:34.837012799 0xe900d580 qtdemux.c:2474:qtdemux_parse_ftyp:<q> major brand: mp42
06-06 22:09:47.920  5267  5349 D GStreamer+GST_MEMORY: 0:00:34.837035560 0xe900d580 gstmemory.c:138:gst_memory_init new memory 0xe930d470, maxsize:19 offset:0 size:16
06-06 22:09:47.920  5267  5349 V GStreamer+GST_BUFFER: 0:00:34.837056549 0xe900d580 gstbuffer.c:727:gst_buffer_new new 0xe930e178
06-06 22:09:47.920  5267  5349 V GStreamer+GST_BUFFER: 0:00:34.837072070 0xe900d580 gstbuffer.c:342:_memory_add buffer 0xe930e178, idx -1, mem 0xe930d470
06-06 22:09:47.920  5267  5349 V GStreamer+GST_BUFFER: 0:00:34.837090351 0xe900d580 gstbuffer.c:783:gst_buffer_new_allocate new buffer 0xe930e178 of size 16 from allocator 0x0
06-06 22:09:47.920  5267  5349 V GStreamer+GST_BUFFER: 0:00:34.837109049 0xe900d580 gstbuffer.c:1754:gst_buffer_fill buffer 0xe930e178, offset 0, size 16
06-06 22:09:47.920  5267  5349 V GStreamer+GST_BUFFER: 0:00:34.837128997 0xe900d580 gstbuffer.c:653:_gst_buffer_free finalize 0xe930e0d8
06-06 22:09:47.920  5267  5349 D GStreamer+GST_MEMORY: 0:00:34.837145091 0xe900d580 gstmemory.c:87:_gst_memory_free free memory 0xe8df5a70
06-06 22:09:47.920  5267  5349 V GStreamer+qtdemux: 0:00:34.837163945 0xe900d580 qtdemux.c:5655:gst_qtdemux_loop:<q> loop at position 32, state 0
06-06 22:09:47.920  5267  5349 V GStreamer+GST_SCHEDULING: 0:00:34.837186393 0xe900d580 gstpad.c:4654:gst_pad_get_range_unchecked:<filesrc0:src> calling getrangefunc gst_base_src_getrange, offset 32, size 16
06-06 22:09:47.920  5267  5349 D GStreamer+basesrc: 0:00:34.837213164 0xe900d580 gstbasesrc.c:2354:gst_base_src_update_length:<filesrc0> reading offset 32, length 16, size 15003960, segment.stop -1, maxsize 15003960
06-06 22:09:47.920  5267  5349 D GStreamer+basesrc: 0:00:34.837240299 0xe900d580 gstbasesrc.c:2455:gst_base_src_get_range:<filesrc0> calling create offset 32 length 16, time 0
06-06 22:09:47.920  5267  5349 D GStreamer+GST_MEMORY: 0:00:34.837261705 0xe900d580 gstmemory.c:138:gst_memory_init new memory 0xe930d4d8, maxsize:19 offset:0 size:16
06-06 22:09:47.920  5267  5349 V GStreamer+GST_BUFFER: 0:00:34.837282330 0xe900d580 gstbuffer.c:727:gst_buffer_new new 0xe930e218
06-06 22:09:47.920  5267  5349 V GStreamer+GST_BUFFER: 0:00:34.837298268 0xe900d580 gstbuffer.c:342:_memory_add buffer 0xe930e218, idx -1, mem 0xe930d4d8
06-06 22:09:47.920  5267  5349 V GStreamer+GST_BUFFER: 0:00:34.837315560 0xe900d580 gstbuffer.c:783:gst_buffer_new_allocate new buffer 0xe930e218 of size 16 from allocator 0x0
06-06 22:09:47.920  5267  5349 V GStreamer+GST_BUFFER: 0:00:34.837334414 0xe900d580 gstbuffer.c:1649:gst_buffer_map_range buffer 0xe930e218, idx 0, length -1, flags 0002
06-06 22:09:47.920  5267  5349 V GStreamer+GST_BUFFER: 0:00:34.837354830 0xe900d580 gstbuffer.c:212:_get_merged_memory buffer 0xe930e218, idx 0, length 1
06-06 22:09:47.920  5267  5349 V GStreamer+filesrc: 0:00:34.837374310 0xe900d580 gstfilesrc.c:360:gst_file_src_fill:<filesrc0> Reading 16 bytes at offset 0x20
06-06 22:09:47.920  5267  5349 D GStreamer+basesrc: 0:00:34.837399101 0xe900d580 gstbasesrc.c:2309:gst_base_src_do_sync:<filesrc0> we have no clock
06-06 22:09:47.920  5267  5349 D GStreamer+basesrc: 0:00:34.837417591 0xe900d580 gstbasesrc.c:2519:gst_base_src_get_range:<filesrc0> buffer ok
06-06 22:09:47.920  5267  5349 V GStreamer+GST_BUFFER: 0:00:34.837435716 0xe900d580 gstbuffer.c:1649:gst_buffer_map_range buffer 0xe930e218, idx 0, length -1, flags 0001
06-06 22:09:47.920  5267  5349 V GStreamer+GST_BUFFER: 0:00:34.837457487 0xe900d580 gstbuffer.c:212:_get_merged_memory buffer 0xe930e218, idx 0, length 1
06-06 22:09:47.920  5267  5349 D GStreamer+qtdemux: 0:00:34.837476653 0xe900d580 qtdemux.c:2766:extract_initial_length_and_fourcc length 0x00000008
06-06 22:09:47.920  5267  5349 D GStreamer+qtdemux: 0:00:34.837500508 0xe900d580 qtdemux.c:2768:extract_initial_length_and_fourcc atom type free
06-06 22:09:47.920  5267  5349 V GStreamer+GST_BUFFER: 0:00:34.837522174 0xe900d580 gstbuffer.c:653:_gst_buffer_free finalize 0xe930e218
06-06 22:09:47.920  5267  5349 D GStreamer+GST_MEMORY: 0:00:34.837538841 0xe900d580 gstmemory.c:87:_gst_memory_free free memory 0xe930d4d8
06-06 22:09:47.920  5267  5349 V GStreamer+qtdemux: 0:00:34.837555299 0xe900d580 qtdemux.c:4111:gst_qtdemux_loop_state_header:<q> skipping atom 'free' at 32
06-06 22:09:47.920  5267  5349 V GStreamer+qtdemux: 0:00:34.837580195 0xe900d580 qtdemux.c:5655:gst_qtdemux_loop:<q> loop at position 40, state 0
06-06 22:09:47.920  5267  5349 V GStreamer+GST_SCHEDULING: 0:00:34.837601341 0xe900d580 gstpad.c:4654:gst_pad_get_range_unchecked:<filesrc0:src> calling getrangefunc gst_base_src_getrange, offset 40, size 16
06-06 22:09:47.920  5267  5349 D GStreamer+basesrc: 0:00:34.837625612 0xe900d580 gstbasesrc.c:2354:gst_base_src_update_length:<filesrc0> reading offset 40, length 16, size 15003960, segment.stop -1, maxsize 15003960
06-06 22:09:47.920  5267  5349 D GStreamer+basesrc: 0:00:34.837652435 0xe900d580 gstbasesrc.c:2455:gst_base_src_get_range:<filesrc0> calling create offset 40 length 16, time 0
06-06 22:09:47.920  5267  5349 D GStreamer+GST_MEMORY: 0:00:34.837673424 0xe900d580 gstmemory.c:138:gst_memory_init new memory 0xe930d540, maxsize:19 offset:0 size:16
06-06 22:09:47.920  5267  5349 V GStreamer+GST_BUFFER: 0:00:34.837693424 0xe900d580 gstbuffer.c:727:gst_buffer_new new 0xe930e2b8
06-06 22:09:47.920  5267  5349 V GStreamer+GST_BUFFER: 0:00:34.837733164 0xe900d580 gstbuffer.c:342:_memory_add buffer 0xe930e2b8, idx -1, mem 0xe930d540
06-06 22:09:47.920  5267  5349 V GStreamer+GST_BUFFER: 0:00:34.837756653 0xe900d580 gstbuffer.c:783:gst_buffer_new_allocate new buffer 0xe930e2b8 of size 16 from allocator 0x0
06-06 22:09:47.920  5267  5349 V GStreamer+GST_BUFFER: 0:00:34.837777122 0xe900d580 gstbuffer.c:1649:gst_buffer_map_range buffer 0xe930e2b8, idx 0, length -1, flags 0002
06-06 22:09:47.920  5267  5349 V GStreamer+GST_BUFFER: 0:00:34.837797122 0xe900d580 gstbuffer.c:212:_get_merged_memory buffer 0xe930e2b8, idx 0, length 1
06-06 22:09:47.920  5267  5349 V GStreamer+filesrc: 0:00:34.837814935 0xe900d580 gstfilesrc.c:360:gst_file_src_fill:<filesrc0> Reading 16 bytes at offset 0x28
06-06 22:09:47.920  5267  5349 D GStreamer+basesrc: 0:00:34.837838580 0xe900d580 gstbasesrc.c:2309:gst_base_src_do_sync:<filesrc0> we have no clock
06-06 22:09:47.920  5267  5349 D GStreamer+basesrc: 0:00:34.837855351 0xe900d580 gstbasesrc.c:2519:gst_base_src_get_range:<filesrc0> buffer ok
06-06 22:09:47.921  5267  5349 V GStreamer+GST_BUFFER: 0:00:34.837871445 0xe900d580 gstbuffer.c:1649:gst_buffer_map_range buffer 0xe930e2b8, idx 0, length -1, flags 0001
06-06 22:09:47.921  5267  5349 V GStreamer+GST_BUFFER: 0:00:34.837892018 0xe900d580 gstbuffer.c:212:_get_merged_memory buffer 0xe930e2b8, idx 0, length 1
06-06 22:09:47.921  5267  5349 D GStreamer+qtdemux: 0:00:34.837909726 0xe900d580 qtdemux.c:2766:extract_initial_length_and_fourcc length 0x00e4c804
06-06 22:09:47.921  5267  5349 D GStreamer+qtdemux: 0:00:34.837925976 0xe900d580 qtdemux.c:2768:extract_initial_length_and_fourcc atom type mdat
06-06 22:09:47.921  5267  5349 V GStreamer+GST_BUFFER: 0:00:34.837944570 0xe900d580 gstbuffer.c:653:_gst_buffer_free finalize 0xe930e2b8
06-06 22:09:47.921  5267  5349 D GStreamer+GST_MEMORY: 0:00:34.837960299 0xe900d580 gstmemory.c:87:_gst_memory_free free memory 0xe930d540
06-06 22:09:47.921  5267  5349 V GStreamer+qtdemux: 0:00:34.837976497 0xe900d580 qtdemux.c:4111:gst_qtdemux_loop_state_header:<q> skipping atom 'mdat' at 40
06-06 22:09:47.921  5267  5349 V GStreamer+qtdemux: 0:00:34.838000143 0xe900d580 qtdemux.c:5655:gst_qtdemux_loop:<q> loop at position 14993452, state 0
06-06 22:09:47.921  5267  5349 V GStreamer+GST_SCHEDULING: 0:00:34.838023424 0xe900d580 gstpad.c:4654:gst_pad_get_range_unchecked:<filesrc0:src> calling getrangefunc gst_base_src_getrange, offset 14993452, size 16
06-06 22:09:47.921  5267  5349 D GStreamer+basesrc: 0:00:34.838049205 0xe900d580 gstbasesrc.c:2354:gst_base_src_update_length:<filesrc0> reading offset 14993452, length 16, size 15003960, segment.stop -1, maxsize 15003960
06-06 22:09:47.921  5267  5349 D GStreamer+basesrc: 0:00:34.838077070 0xe900d580 gstbasesrc.c:2455:gst_base_src_get_range:<filesrc0> calling create offset 14993452 length 16, time 0
06-06 22:09:47.921  5267  5349 D GStreamer+GST_MEMORY: 0:00:34.838099101 0xe900d580 gstmemory.c:138:gst_memory_init new memory 0xe930d5a8, maxsize:19 offset:0 size:16
06-06 22:09:47.921  5267  5349 V GStreamer+GST_BUFFER: 0:00:34.838118633 0xe900d580 gstbuffer.c:727:gst_buffer_new new 0xe930e358
06-06 22:09:47.921  5267  5349 V GStreamer+GST_BUFFER: 0:00:34.838134778 0xe900d580 gstbuffer.c:342:_memory_add buffer 0xe930e358, idx -1, mem 0xe930d5a8
06-06 22:09:47.921  5267  5349 V GStreamer+GST_BUFFER: 0:00:34.838152278 0xe900d580 gstbuffer.c:783:gst_buffer_new_allocate new buffer 0xe930e358 of size 16 from allocator 0x0
06-06 22:09:47.921  5267  5349 V GStreamer+GST_BUFFER: 0:00:34.838171028 0xe900d580 gstbuffer.c:1649:gst_buffer_map_range buffer 0xe930e358, idx 0, length -1, flags 0002
06-06 22:09:47.921  5267  5349 V GStreamer+GST_BUFFER: 0:00:34.838189987 0xe900d580 gstbuffer.c:212:_get_merged_memory buffer 0xe930e358, idx 0, length 1
