06-06 22:09:47.995  5267  5348 D GStreamer+structure: 0:00:34.912829049 0xe900d520 gststructure.c:2369:gst_structure_parse_value trying type name 'int'
06-06 22:09:47.995  5267  5349 V GStreamer+GST_PADS: 0:00:34.912834570 0xe900d580 gstpad.c:5258:gst_pad_push_event_unchecked:<q:video_0> sent event 0xe91b68c0 (segment) to peerpad <queue0:sink>, ret ok
06-06 22:09:47.995  5267  5348 D GStreamer+structure: 0:00:34.912853216 0xe900d520 gststructure.c:2318:gst_structure_parse_field trying field name 'framerate'
06-06 22:09:47.995  5267  5349 D GStreamer+GST_PADS: 0:00:34.912862851 0xe900d580 gstpad.c:3805:push_sticky:<q:video_0> event segment marked received
06-06 22:09:47.995  5267  5348 D GStreamer+structure: 0:00:34.912870299 0xe900d520 gststructure.c:2369:gst_structure_parse_value trying type name 'fraction'
06-06 22:09:47.996  5267  5349 D GStreamer+GST_PADS: 0:00:34.912881862 0xe900d580 gstpad.c:3785:push_sticky:<q:video_0> event tag was already received
06-06 22:09:47.996  5267  5348 D GStreamer+GST_ELEMENT_FACTORY: 0:00:34.912898997 0xe900d520 gstelementfactory.c:851:gst_element_factory_list_filter Trying amcviddec-omxnvidiavp9decode
06-06 22:09:47.996  5267  5349 D GStreamer+GST_PADS: 0:00:34.912904570 0xe900d580 gstpad.c:3785:push_sticky:<q:video_0> event tag was already received
06-06 22:09:47.996  5267  5348 D GStreamer+GST_ELEMENT_FACTORY: 0:00:34.912918580 0xe900d520 gstelementfactory.c:851:gst_element_factory_list_filter Trying apedemux
06-06 22:09:47.996  5267  5349 D GStreamer+qtdemux: 0:00:34.912924362 0xe900d580 qtdemux.c:940:gst_qtdemux_push_tags:<q> Checking pad q:video_0 for tags
06-06 22:09:47.996  5267  5348 D GStreamer+GST_ELEMENT_FACTORY: 0:00:34.912941393 0xe900d520 gstelementfactory.c:851:gst_element_factory_list_filter Trying avidemux
06-06 22:09:47.996  5267  5349 D GStreamer+qtdemux: 0:00:34.912948737 0xe900d580 qtdemux.c:4633:gst_qtdemux_activate_segment:<q:video_0> moving data pointer to 0:00:00.000000000, index: 0, pts 0:00:00.000000000
06-06 22:09:47.996  5267  5348 D GStreamer+GST_ELEMENT_FACTORY: 0:00:34.912963893 0xe900d520 gstelementfactory.c:851:gst_element_factory_list_filter Trying dashdemux
06-06 22:09:47.996  5267  5349 D GStreamer+qtdemux: 0:00:34.912976393 0xe900d580 qtdemux.c:1176:gst_qtdemux_find_keyframe:<q> searching for keyframe index before index 0 gave 0
06-06 22:09:47.996  5267  5348 D GStreamer+GST_ELEMENT_FACTORY: 0:00:34.912986601 0xe900d520 gstelementfactory.c:851:gst_element_factory_list_filter Trying dvdemux
06-06 22:09:47.996  5267  5348 D GStreamer+structure: 0:00:34.913008893 0xe900d520 gststructure.c:2318:gst_structure_parse_field trying field name 'systemstream'
06-06 22:09:47.996  5267  5349 D GStreamer+qtdemux: 0:00:34.913004830 0xe900d580 qtdemux.c:4686:gst_qtdemux_activate_segment:<q:video_0> moving backwards to keyframe at 0 (pts 0:00:00.000000000 dts 0:00:00.000000000 )
06-06 22:09:47.996  5267  5348 D GStreamer+structure: 0:00:34.913033580 0xe900d520 gststructure.c:2369:gst_structure_parse_value trying type name 'boolean'
06-06 22:09:47.996  5267  5349 D GStreamer+qtdemux: 0:00:34.913039935 0xe900d580 qtdemux.c:1234:gst_qtdemux_move_stream:<q> moving to sample 0 of 361
06-06 22:09:47.996  5267  5348 D GStreamer+GST_ELEMENT_FACTORY: 0:00:34.913052643 0xe900d520 gstelementfactory.c:851:gst_element_factory_list_filter Trying flacdec
06-06 22:09:47.996  5267  5349 V GStreamer+qtdemux: 0:00:34.913059466 0xe900d580 qtdemux.c:4750:gst_qtdemux_prepare_current_sample:<q> segment active, index = 0 of 361
06-06 22:09:47.996  5267  5348 D GStreamer+structure: 0:00:34.913073841 0xe900d520 gststructure.c:2318:gst_structure_parse_field trying field name 'framed'
06-06 22:09:47.996  5267  5349 V GStreamer+qtdemux: 0:00:34.913079049 0xe900d580 qtdemux.c:8003:qtdemux_parse_samples:<q> parsing samples for stream fourcc avc1, pad video_0
06-06 22:09:47.996  5267  5348 D GStreamer+structure: 0:00:34.913091445 0xe900d520 gststructure.c:2369:gst_structure_parse_value trying type name 'boolean'
06-06 22:09:47.996  5267  5349 V GStreamer+qtdemux: 0:00:34.913101810 0xe900d580 qtdemux.c:8385:qtdemux_parse_samples:<q> Tried to parse up to sample 0 but this sample has already been parsed
06-06 22:09:47.996  5267  5348 D GStreamer+structure: 0:00:34.913109778 0xe900d520 gststructure.c:2318:gst_structure_parse_field trying field name 'rate'
06-06 22:09:47.996  5267  5348 D GStreamer+structure: 0:00:34.913127330 0xe900d520 gststructure.c:2369:gst_structure_parse_value trying type name 'int'
06-06 22:09:47.996  5267  5349 D GStreamer+qtdemux: 0:00:34.913127955 0xe900d580 qtdemux.c:5512:gst_qtdemux_loop_state_movie:<q> pushing from stream 0, empty 0 offset 1920, size 45527, dts=0:00:00.000000000, pts=0:00:00.000000000, duration 0:00:00.043333333
06-06 22:09:47.996  5267  5348 D GStreamer+structure: 0:00:34.913149935 0xe900d520 gststructure.c:2318:gst_structure_parse_field trying field name 'channels'
06-06 22:09:47.996  5267  5348 D GStreamer+structure: 0:00:34.913169778 0xe900d520 gststructure.c:2369:gst_structure_parse_value trying type name 'int'
06-06 22:09:47.996  5267  5349 V GStreamer+qtdemux: 0:00:34.913169205 0xe900d580 qtdemux.c:5566:gst_qtdemux_loop_state_movie:<q> reading 45527 bytes @ 1920
06-06 22:09:47.996  5267  5348 D GStreamer+GST_ELEMENT_FACTORY: 0:00:34.913194830 0xe900d520 gstelementfactory.c:851:gst_element_factory_list_filter Trying flvdemux
06-06 22:09:47.996  5267  5349 V GStreamer+GST_SCHEDULING: 0:00:34.913198268 0xe900d580 gstpad.c:4654:gst_pad_get_range_unchecked:<filesrc0:src> calling getrangefunc gst_base_src_getrange, offset 1920, size 45527
06-06 22:09:47.996  5267  5348 D GStreamer+GST_ELEMENT_FACTORY: 0:00:34.913221237 0xe900d520 gstelementfactory.c:851:gst_element_factory_list_filter Trying flxdec
06-06 22:09:47.996  5267  5349 D GStreamer+basesrc: 0:00:34.913225560 0xe900d580 gstbasesrc.c:2354:gst_base_src_update_length:<filesrc0> reading offset 1920, length 45527, size 15003960, segment.stop -1, maxsize 15003960
06-06 22:09:47.996  5267  5348 D GStreamer+GST_ELEMENT_FACTORY: 0:00:34.913245039 0xe900d520 gstelementfactory.c:851:gst_element_factory_list_filter Trying hlsdemux
06-06 22:09:47.996  5267  5349 D GStreamer+basesrc: 0:00:34.913254726 0xe900d580 gstbasesrc.c:2455:gst_base_src_get_range:<filesrc0> calling create offset 1920 length 45527, time 0
06-06 22:09:47.996  5267  5348 D GStreamer+GST_ELEMENT_FACTORY: 0:00:34.913267799 0xe900d520 gstelementfactory.c:851:gst_element_factory_list_filter Trying icydemux
06-06 22:09:47.996  5267  5349 D GStreamer+GST_MEMORY: 0:00:34.913278008 0xe900d580 gstmemory.c:138:gst_memory_init new memory 0xe9330738, maxsize:45530 offset:0 size:45527
06-06 22:09:47.996  5267  5348 D GStreamer+structure: 0:00:34.913289101 0xe900d520 gststructure.c:2318:gst_structure_parse_field trying field name 'metadata-interval'
06-06 22:09:47.996  5267  5349 V GStreamer+GST_BUFFER: 0:00:34.913300820 0xe900d580 gstbuffer.c:727:gst_buffer_new new 0xe932f1e8
06-06 22:09:47.996  5267  5348 D GStreamer+structure: 0:00:34.913308789 0xe900d520 gststructure.c:2369:gst_structure_parse_value trying type name 'int'
06-06 22:09:47.996  5267  5349 V GStreamer+GST_BUFFER: 0:00:34.913318476 0xe900d580 gstbuffer.c:342:_memory_add buffer 0xe932f1e8, idx -1, mem 0xe9330738
06-06 22:09:47.996  5267  5348 D GStreamer+GST_ELEMENT_FACTORY: 0:00:34.913330403 0xe900d520 gstelementfactory.c:851:gst_element_factory_list_filter Trying id3demux
06-06 22:09:47.996  5267  5349 V GStreamer+GST_BUFFER: 0:00:34.913337383 0xe900d580 gstbuffer.c:783:gst_buffer_new_allocate new buffer 0xe932f1e8 of size 45527 from allocator 0x0
06-06 22:09:47.996  5267  5348 D GStreamer+GST_ELEMENT_FACTORY: 0:00:34.913352799 0xe900d520 gstelementfactory.c:851:gst_element_factory_list_filter Trying jpegdec
06-06 22:09:47.996  5267  5349 V GStreamer+GST_BUFFER: 0:00:34.913357330 0xe900d580 gstbuffer.c:1649:gst_buffer_map_range buffer 0xe932f1e8, idx 0, length -1, flags 0002
06-06 22:09:47.996  5267  5348 D GStreamer+GST_ELEMENT_FACTORY: 0:00:34.913380508 0xe900d520 gstelementfactory.c:851:gst_element_factory_list_filter Trying katedec
06-06 22:09:47.996  5267  5349 V GStreamer+GST_BUFFER: 0:00:34.913379205 0xe900d580 gstbuffer.c:212:_get_merged_memory buffer 0xe932f1e8, idx 0, length 1
06-06 22:09:47.996  5267  5348 D GStreamer+GST_ELEMENT_FACTORY: 0:00:34.913406601 0xe900d520 gstelementfactory.c:851:gst_element_factory_list_filter Trying matroskademux
06-06 22:09:47.996  5267  5349 V GStreamer+filesrc: 0:00:34.913403997 0xe900d580 gstfilesrc.c:360:gst_file_src_fill:<filesrc0> Reading 45527 bytes at offset 0x780
06-06 22:09:47.996  5267  5348 D GStreamer+GST_ELEMENT_FACTORY: 0:00:34.913438112 0xe900d520 gstelementfactory.c:851:gst_element_factory_list_filter Trying midiparse
06-06 22:09:47.996  5267  5348 D GStreamer+GST_ELEMENT_FACTORY: 0:00:34.913461237 0xe900d520 gstelementfactory.c:851:gst_element_factory_list_filter Trying mssdemux
06-06 22:09:47.996  5267  5348 D GStreamer+GST_ELEMENT_FACTORY: 0:00:34.913555664 0xe900d520 gstelementfactory.c:851:gst_element_factory_list_filter Trying mulawdec
06-06 22:09:47.996  5267  5348 D GStreamer+structure: 0:00:34.913579622 0xe900d520 gststructure.c:2318:gst_structure_parse_field trying field name 'rate'
06-06 22:09:47.996  5267  5348 D GStreamer+structure: 0:00:34.913598685 0xe900d520 gststructure.c:2369:gst_structure_parse_value trying type name 'int'
06-06 22:09:47.996  5267  5348 D GStreamer+structure: 0:00:34.913621653 0xe900d520 gststructure.c:2318:gst_structure_parse_field trying field name 'channels'
06-06 22:09:47.996  5267  5348 D GStreamer+structure: 0:00:34.913641445 0xe900d520 gststructure.c:2369:gst_structure_parse_value trying type name 'int'
06-06 22:09:47.996  5267  5348 D GStreamer+GST_ELEMENT_FACTORY: 0:00:34.913663424 0xe900d520 gstelementfactory.c:851:gst_element_factory_list_filter Trying multipartdemux
06-06 22:09:47.996  5267  5348 D GStreamer+GST_ELEMENT_FACTORY: 0:00:34.913685664 0xe900d520 gstelementfactory.c:851:gst_element_factory_list_filter Trying mxfdemux
06-06 22:09:47.996  5267  5348 D GStreamer+GST_ELEMENT_FACTORY: 0:00:34.913708789 0xe900d520 gstelementfactory.c:851:gst_element_factory_list_filter Trying oggdemux
06-06 22:09:47.996  5267  5348 D GStreamer+GST_ELEMENT_FACTORY: 0:00:34.913772903 0xe900d520 gstelementfactory.c:851:gst_element_factory_list_filter Trying ogmaudioparse
06-06 22:09:47.996  5267  5348 D GStreamer+GST_ELEMENT_FACTORY: 0:00:34.913801445 0xe900d520 gstelementfactory.c:851:gst_element_factory_list_filter Trying ogmtextparse
06-06 22:09:47.996  5267  5348 D GStreamer+GST_ELEMENT_FACTORY: 0:00:34.913822747 0xe900d520 gstelementfactory.c:851:gst_element_factory_list_filter Trying ogmvideoparse
06-06 22:09:47.996  5267  5348 D GStreamer+GST_ELEMENT_FACTORY: 0:00:34.913844778 0xe900d520 gstelementfactory.c:851:gst_element_factory_list_filter Trying openjpegdec
06-06 22:09:47.996  5267  5348 D GStreamer+structure: 0:00:34.913866705 0xe900d520 gststructure.c:2318:gst_structure_parse_field trying field name 'colorspace'
06-06 22:09:47.997  5267  5348 D GStreamer+structure: 0:00:34.913885247 0xe900d520 gststructure.c:2369:gst_structure_parse_value trying type name 'string'
06-06 22:09:47.997  5267  5348 D GStreamer+structure: 0:00:34.913909362 0xe900d520 gststructure.c:2318:gst_structure_parse_field trying field name 'colorspace'
06-06 22:09:47.997  5267  5348 D GStreamer+structure: 0:00:34.913928112 0xe900d520 gststructure.c:2369:gst_structure_parse_value trying type name 'string'
06-06 22:09:47.997  5267  5349 D GStreamer+basesrc: 0:00:34.913925351 0xe900d580 gstbasesrc.c:2309:gst_base_src_do_sync:<filesrc0> we have no clock
06-06 22:09:47.997  5267  5348 D GStreamer+GST_ELEMENT_FACTORY: 0:00:34.913954518 0xe900d520 gstelementfactory.c:851:gst_element_factory_list_filter Trying opusdec
06-06 22:09:47.997  5267  5349 D GStreamer+basesrc: 0:00:34.913956185 0xe900d580 gstbasesrc.c:2519:gst_base_src_get_range:<filesrc0> buffer ok
06-06 22:09:47.997  5267  5348 D GStreamer+structure: 0:00:34.913983685 0xe900d520 gststructure.c:2318:gst_structure_parse_field trying field name 'channel-mapping-family'
06-06 22:09:47.997  5267  5349 V GStreamer+qtdemux: 0:00:34.913984830 0xe900d580 qtdemux.c:5258:gst_qtdemux_decorate_and_push_buffer:<q> marking discont buffer
06-06 22:09:47.997  5267  5348 D GStreamer+structure: 0:00:34.914005664 0xe900d520 gststructure.c:2369:gst_structure_parse_value trying type name 'int'
06-06 22:09:47.997  5267  5349 V GStreamer+qtdemux: 0:00:34.914007018 0xe900d580 qtdemux.c:5277:gst_qtdemux_decorate_and_push_buffer:<q> Pushing buffer with dts 0:00:00.000000000, pts 0:00:00.000000000, duration 0:00:00.043333333 on pad video_0
06-06 22:09:47.997  5267  5348 D GStreamer+structure: 0:00:34.914028997 0xe900d520 gststructure.c:2318:gst_structure_parse_field trying field name 'channel-mapping-family'
06-06 22:09:47.997  5267  5348 D GStreamer+structure: 0:00:34.914047330 0xe900d520 gststructure.c:2369:gst_structure_parse_value trying type name 'int'
06-06 22:09:47.997  5267  5348 D GStreamer+structure: 0:00:34.914072278 0xe900d520 gststructure.c:2318:gst_structure_parse_field trying field name 'channels'
06-06 22:09:47.997  5267  5349 D GStreamer+GST_SCHEDULING: 0:00:34.914049310 0xe900d580 gstpad.c:4193:gst_pad_chain_data_unchecked:<queue0:sink> calling chainfunction &gst_queue_chain with buffer buffer: 0xe932f1e8, pts 0:00:00.000000000, dts 0:00:00.000000000, dur 0:00:00.043333333, size 45527, offset none, offset_end none, flags 0x40
06-06 22:09:47.997  5267  5348 D GStreamer+structure: 0:00:34.914093789 0xe900d520 gststructure.c:2369:gst_structure_parse_value trying type name 'int'
06-06 22:09:47.997  5267  5349 V GStreamer+queue_dataflow: 0:00:34.914101289 0xe900d580 gstqueue.c:1181:gst_queue_chain_buffer_or_list:<queue0> received buffer 0xe932f1e8 of size 45527, time 0:00:00.000000000, duration 0:00:00.043333333
06-06 22:09:47.997  5267  5348 D GStreamer+structure: 0:00:34.914117018 0xe900d520 gststructure.c:2318:gst_structure_parse_field trying field name 'stream-count'
06-06 22:09:47.997  5267  5348 D GStreamer+structure: 0:00:34.914138685 0xe900d520 gststructure.c:2369:gst_structure_parse_value trying type name 'int'
06-06 22:09:47.997  5267  5349 V GStreamer+queue: 0:00:34.914140091 0xe900d580 gstqueue.c:633:apply_buffer:<queue0> sink position updated to 0:00:00.043333333
06-06 22:09:47.997  5267  5348 D GStreamer+structure: 0:00:34.914166758 0xe900d520 gststructure.c:2318:gst_structure_parse_field trying field name 'coupled-count'
06-06 22:09:47.997  5267  5349 V GStreamer+queue: 0:00:34.914168841 0xe900d580 gstqueue.c:529:update_time_level:<queue0> update sink time
06-06 22:09:47.997  5267  5348 D GStreamer+structure: 0:00:34.914185768 0xe900d520 gststructure.c:2369:gst_structure_parse_value trying type name 'int'
06-06 22:09:47.997  5267  5349 V GStreamer+queue: 0:00:34.914187487 0xe900d580 gstqueue.c:547:update_time_level:<queue0> sink +0:00:00.354333333, src +0:00:00.000000000
06-06 22:09:47.997  5267  5348 D GStreamer+GST_ELEMENT_FACTORY: 0:00:34.914207278 0xe900d520 gstelementfactory.c:851:gst_element_factory_list_filter Trying pngdec
06-06 22:09:47.997  5267  5349 D GStreamer+GST_SCHEDULING: 0:00:34.914219205 0xe900d580 gstpad.c:4199:gst_pad_chain_data_unchecked:<queue0:sink> called chainfunction &gst_queue_chain with buffer 0xe932f1e8, returned ok
06-06 22:09:47.997  5267  5348 D GStreamer+GST_ELEMENT_FACTORY: 0:00:34.914229935 0xe900d520 gstelementfactory.c:851:gst_element_factory_list_filter Trying pnmdec
06-06 22:09:47.997  5267  5349 V GStreamer+qtdemux: 0:00:34.914246758 0xe900d580 qtdemux.c:4949:gst_qtdemux_combine_flows:<q> flow return: ok
06-06 22:09:47.997  5267  5348 D GStreamer+GST_ELEMENT_FACTORY: 0:00:34.914257487 0xe900d520 gstelementfactory.c:851:gst_element_factory_list_filter Trying qtdemux
06-06 22:09:47.997  5267  5349 V GStreamer+qtdemux: 0:00:34.914269153 0xe900d580 qtdemux.c:4957:gst_qtdemux_combine_flows:<q> combined flow return: ok
06-06 22:09:47.997  5267  5348 D GStreamer+GST_ELEMENT_FACTORY: 0:00:34.914283424 0xe900d520 gstelementfactory.c:851:gst_element_factory_list_filter Trying rsvgdec
06-06 22:09:47.997  5267  5349 V GStreamer+qtdemux: 0:00:34.914289778 0xe900d580 qtdemux.c:8003:qtdemux_parse_samples:<q> parsing samples for stream fourcc avc1, pad video_0
06-06 22:09:47.997  5267  5348 D GStreamer+GST_ELEMENT_FACTORY: 0:00:34.914306914 0xe900d520 gstelementfactory.c:851:gst_element_factory_list_filter Trying rtpopusdepay
06-06 22:09:47.997  5267  5349 D GStreamer+qtdemux: 0:00:34.914312174 0xe900d580 qtdemux.c:8014:qtdemux_parse_samples:<q> parsing up to sample 1
06-06 22:09:47.997  5267  5348 D GStreamer+structure: 0:00:34.914328008 0xe900d520 gststructure.c:2318:gst_structure_parse_field trying field name 'media'
06-06 22:09:47.997  5267  5349 V GStreamer+qtdemux: 0:00:34.914330768 0xe900d580 qtdemux.c:8040:qtdemux_parse_samples:<q> sample 1 has size 32400
06-06 22:09:47.997  5267  5348 D GStreamer+structure: 0:00:34.914349362 0xe900d520 gststructure.c:2369:gst_structure_parse_value trying type name 'string'
06-06 22:09:47.997  5267  5349 V GStreamer+qtdemux: 0:00:34.914355664 0xe900d580 qtdemux.c:8164:qtdemux_parse_samples:<q> creating entry 1 with offset 47591 and size 32400
06-06 22:09:47.997  5267  5348 D GStreamer+structure: 0:00:34.914370976 0xe900d520 gststructure.c:2318:gst_structure_parse_field trying field name 'payload'
06-06 22:09:47.997  5267  5349 V GStreamer+qtdemux: 0:00:34.914380247 0xe900d580 qtdemux.c:8208:qtdemux_parse_samples:<q> block 0, 1 timestamps, duration 0
06-06 22:09:47.997  5267  5348 D GStreamer+structure: 0:00:34.914387747 0xe900d520 gststructure.c:2369:gst_structure_parse_value trying type name 'int'
06-06 22:09:47.997  5267  5348 D GStreamer+structure: 0:00:34.914411341 0xe900d520 gststructure.c:2318:gst_structure_parse_field trying field name 'clock-rate'
06-06 22:09:47.997  5267  5349 D GStreamer+qtdemux: 0:00:34.914407018 0xe900d580 qtdemux.c:8221:qtdemux_parse_samples:<q> sample 1: index 0, timestamp 0:00:00.043333333
06-06 22:09:47.997  5267  5348 D GStreamer+structure: 0:00:34.914437903 0xe900d520 gststructure.c:2369:gst_structure_parse_value trying type name 'int'
06-06 22:09:47.997  5267  5349 D GStreamer+qtdemux: 0:00:34.914442643 0xe900d580 qtdemux.c:8276:qtdemux_parse_samples:<q> samples at 1 is keyframe
06-06 22:09:47.997  5267  5348 D GStreamer+structure: 0:00:34.914457747 0xe900d520 gststructure.c:2318:gst_structure_parse_field trying field name 'encoding-name'
06-06 22:09:47.997  5267  5349 V GStreamer+qtdemux: 0:00:34.914464310 0xe900d580 qtdemux.c:5655:gst_qtdemux_loop:<q> loop at position 15003960, state 2
06-06 22:09:47.997  5267  5348 D GStreamer+structure: 0:00:34.914477278 0xe900d520 gststructure.c:2369:gst_structure_parse_value trying type name 'string'
06-06 22:09:47.997  5267  5349 V GStreamer+qtdemux: 0:00:34.914487122 0xe900d580 qtdemux.c:4750:gst_qtdemux_prepare_current_sample:<q> segment active, index = 13 of 299
06-06 22:09:47.997  5267  5348 D GStreamer+GST_ELEMENT_FACTORY: 0:00:34.914499674 0xe900d520 gstelementfactory.c:851:gst_element_factory_list_filter Trying schrodec
06-06 22:09:47.997  5267  5349 V GStreamer+qtdemux: 0:00:34.914508424 0xe900d580 qtdemux.c:8003:qtdemux_parse_samples:<q> parsing samples for stream fourcc mp4a, pad audio_0
06-06 22:09:47.997  5267  5348 D GStreamer+GST_ELEMENT_FACTORY: 0:00:34.914521185 0xe900d520 gstelementfactory.c:851:gst_element_factory_list_filter Trying speexdec
06-06 22:09:47.997  5267  5349 V GStreamer+qtdemux: 0:00:34.914532226 0xe900d580 qtdemux.c:8385:qtdemux_parse_samples:<q> Tried to parse up to sample 13 but this sample has already been parsed
06-06 22:09:47.997  5267  5348 D GStreamer+GST_ELEMENT_FACTORY: 0:00:34.914542747 0xe900d520 gstelementfactory.c:851:gst_element_factory_list_filter Trying theoradec
06-06 22:09:47.997  5267  5348 D GStreamer+GST_ELEMENT_FACTORY: 0:00:34.914568424 0xe900d520 gstelementfactory.c:851:gst_element_factory_list_filter Trying vorbisdec
06-06 22:09:47.997  5267  5349 D GStreamer+qtdemux: 0:00:34.914553893 0xe900d580 qtdemux.c:5512:gst_qtdemux_loop_state_movie:<q> pushing from stream 1, empty 0 offset 47447, size 144, dts=0:00:00.312000000, pts=0:00:00.312000000, duration 0:00:00.024000000
06-06 22:09:47.997  5267  5348 D GStreamer+GST_ELEMENT_FACTORY: 0:00:34.914592070 0xe900d520 gstelementfactory.c:851:gst_element_factory_list_filter Trying vp8dec
06-06 22:09:47.997  5267  5349 V GStreamer+qtdemux: 0:00:34.914593841 0xe900d580 qtdemux.c:5566:gst_qtdemux_loop_state_movie:<q> reading 144 bytes @ 47447
06-06 22:09:47.997  5267  5348 D GStreamer+GST_ELEMENT_FACTORY: 0:00:34.914618320 0xe900d520 gstelementfactory.c:851:gst_element_factory_list_filter Trying vp9dec
06-06 22:09:47.997  5267  5349 V GStreamer+GST_SCHEDULING: 0:00:34.914621601 0xe900d580 gstpad.c:4654:gst_pad_get_range_unchecked:<filesrc0:src> calling getrangefunc gst_base_src_getrange, offset 47447, size 144
06-06 22:09:47.997  5267  5348 D GStreamer+GST_ELEMENT_FACTORY: 0:00:34.914641289 0xe900d520 gstelementfactory.c:851:gst_element_factory_list_filter Trying wavpackdec
06-06 22:09:47.997  5267  5349 D GStreamer+basesrc: 0:00:34.914647122 0xe900d580 gstbasesrc.c:2354:gst_base_src_update_length:<filesrc0> reading offset 47447, length 144, size 15003960, segment.stop -1, maxsize 15003960
06-06 22:09:47.997  5267  5348 D GStreamer+structure: 0:00:34.914665091 0xe900d520 gststructure.c:2318:gst_structure_parse_field trying field name 'depth'
06-06 22:09:47.997  5267  5348 D GStreamer+structure: 0:00:34.914682539 0xe900d520 gststructure.c:2369:gst_structure_parse_value trying type name 'int'
06-06 22:09:47.997  5267  5349 D GStreamer+basesrc: 0:00:34.914677435 0xe900d580 gstbasesrc.c:2455:gst_base_src_get_range:<filesrc0> calling create offset 47447 length 144, time 0
06-06 22:09:47.997  5267  5348 D GStreamer+structure: 0:00:34.914711237 0xe900d520 gststructure.c:2318:gst_structure_parse_field trying field name 'channels'
06-06 22:09:47.997  5267  5349 D GStreamer+GST_MEMORY: 0:00:34.914708737 0xe900d580 gstmemory.c:138:gst_memory_init new memory 0xe932ecf8, maxsize:147 offset:0 size:144
06-06 22:09:47.997  5267  5348 D GStreamer+structure: 0:00:34.914751133 0xe900d520 gststructure.c:2369:gst_structure_parse_value trying type name 'int'
06-06 22:09:47.997  5267  5349 V GStreamer+GST_BUFFER: 0:00:34.914752435 0xe900d580 gstbuffer.c:727:gst_buffer_new new 0xe932f288
06-06 22:09:47.997  5267  5349 V GStreamer+GST_BUFFER: 0:00:34.914773372 0xe900d580 gstbuffer.c:342:_memory_add buffer 0xe932f288, idx -1, mem 0xe932ecf8
06-06 22:09:47.997  5267  5348 D GStreamer+structure: 0:00:34.914776914 0xe900d520 gststructure.c:2318:gst_structure_parse_field trying field name 'rate'
06-06 22:09:47.997  5267  5348 D GStreamer+structure: 0:00:34.914800091 0xe900d520 gststructure.c:2369:gst_structure_parse_value trying type name 'int'
06-06 22:09:47.997  5267  5349 V GStreamer+GST_BUFFER: 0:00:34.914799362 0xe900d580 gstbuffer.c:783:gst_buffer_new_allocate new buffer 0xe932f288 of size 144 from allocator 0x0
06-06 22:09:47.997  5267  5348 D GStreamer+structure: 0:00:34.914830091 0xe900d520 gststructure.c:2318:gst_structure_parse_field trying field name 'framed'
06-06 22:09:47.997  5267  5349 V GStreamer+GST_BUFFER: 0:00:34.914826758 0xe900d580 gstbuffer.c:1649:gst_buffer_map_range buffer 0xe932f288, idx 0, length -1, flags 0002
06-06 22:09:47.997  5267  5348 D GStreamer+structure: 0:00:34.914852851 0xe900d520 gststructure.c:2369:gst_structure_parse_value trying type name 'boolean'
06-06 22:09:47.997  5267  5349 V GStreamer+GST_BUFFER: 0:00:34.914855299 0xe900d580 gstbuffer.c:212:_get_merged_memory buffer 0xe932f288, idx 0, length 1
06-06 22:09:47.998  5267  5348 D GStreamer+GST_ELEMENT_FACTORY: 0:00:34.914876080 0xe900d520 gstelementfactory.c:851:gst_element_factory_list_filter Trying wavparse
06-06 22:09:47.998  5267  5349 V GStreamer+filesrc: 0:00:34.914878424 0xe900d580 gstfilesrc.c:360:gst_file_src_fill:<filesrc0> Reading 144 bytes at offset 0xb957
06-06 22:09:47.998  5267  5348 D GStreamer+GST_ELEMENT_FACTORY: 0:00:34.914901445 0xe900d520 gstelementfactory.c:851:gst_element_factory_list_filter Trying amcviddec-omxgoogleh263decoder
06-06 22:09:47.998  5267  5349 D GStreamer+basesrc: 0:00:34.914906914 0xe900d580 gstbasesrc.c:2309:gst_base_src_do_sync:<filesrc0> we have no clock
06-06 22:09:47.998  5267  5349 D GStreamer+basesrc: 0:00:34.914925091 0xe900d580 gstbasesrc.c:2519:gst_base_src_get_range:<filesrc0> buffer ok
06-06 22:09:47.998  5267  5348 D GStreamer+structure: 0:00:34.914929987 0xe900d520 gststructure.c:2318:gst_structure_parse_field trying field name 'width'
06-06 22:09:47.998  5267  5348 D GStreamer+structure: 0:00:34.914950976 0xe900d520 gststructure.c:2369:gst_structure_parse_value trying type name 'int'
06-06 22:09:47.998  5267  5349 V GStreamer+qtdemux: 0:00:34.914946289 0xe900d580 qtdemux.c:5277:gst_qtdemux_decorate_and_push_buffer:<q> Pushing buffer with dts 0:00:00.312000000, pts 0:00:00.312000000, duration 0:00:00.024000000 on pad audio_0
06-06 22:09:47.998  5267  5348 D GStreamer+structure: 0:00:34.914978737 0xe900d520 gststructure.c:2318:gst_structure_parse_field trying field name 'height'
06-06 22:09:47.998  5267  5348 D GStreamer+structure: 0:00:34.914996080 0xe900d520 gststructure.c:2369:gst_structure_parse_value trying type name 'int'
06-06 22:09:47.998  5267  5348 D GStreamer+structure: 0:00:34.915021705 0xe900d520 gststructure.c:2318:gst_structure_parse_field trying field name 'framerate'
06-06 22:09:47.998  5267  5349 D GStreamer+GST_SCHEDULING: 0:00:34.914993476 0xe900d580 gstpad.c:4193:gst_pad_chain_data_unchecked:<queue2:sink> calling chainfunction &gst_queue_chain with buffer buffer: 0xe932f288, pts 0:00:00.312000000, dts 0:00:00.312000000, dur 0:00:00.024000000, size 144, offset none, offset_end none, flags 0x0
06-06 22:09:47.998  5267  5348 D GStreamer+structure: 0:00:34.915041862 0xe900d520 gststructure.c:2369:gst_structure_parse_value trying type name 'fraction'
06-06 22:09:47.998  5267  5349 V GStreamer+queue_dataflow: 0:00:34.915047435 0xe900d580 gstqueue.c:1181:gst_queue_chain_buffer_or_list:<queue2> received buffer 0xe932f288 of size 144, time 0:00:00.312000000, duration 0:00:00.024000000
06-06 22:09:47.998  5267  5348 D GStreamer+structure: 0:00:34.915071341 0xe900d520 gststructure.c:2318:gst_structure_parse_field trying field name 'parsed'
06-06 22:09:47.998  5267  5349 V GStreamer+queue: 0:00:34.915078372 0xe900d580 gstqueue.c:633:apply_buffer:<queue2> sink position updated to 0:00:00.336000000
06-06 22:09:47.998  5267  5348 D GStreamer+structure: 0:00:34.915088633 0xe900d520 gststructure.c:2369:gst_structure_parse_value trying type name 'boolean'
06-06 22:09:47.998  5267  5349 V GStreamer+queue: 0:00:34.915102226 0xe900d580 gstqueue.c:529:update_time_level:<queue2> update sink time
06-06 22:09:47.998  5267  5348 D GStreamer+structure: 0:00:34.915107539 0xe900d520 gststructure.c:2318:gst_structure_parse_field trying field name 'variant'
06-06 22:09:47.998  5267  5348 D GStreamer+structure: 0:00:34.915126758 0xe900d520 gststructure.c:2369:gst_structure_parse_value trying type name 'string'
06-06 22:09:47.998  5267  5349 V GStreamer+queue: 0:00:34.915124778 0xe900d580 gstqueue.c:547:update_time_level:<queue2> sink +0:00:00.336000000, src +0:00:00.000000000
06-06 22:09:47.998  5267  5348 D GStreamer+structure: 0:00:34.915150455 0xe900d520 gststructure.c:2318:gst_structure_parse_field trying field name 'profile'
06-06 22:09:47.998  5267  5349 D GStreamer+GST_SCHEDULING: 0:00:34.915158737 0xe900d580 gstpad.c:4199:gst_pad_chain_data_unchecked:<queue2:sink> called chainfunction &gst_queue_chain with buffer 0xe932f288, returned ok
06-06 22:09:47.998  5267  5348 D GStreamer+structure: 0:00:34.915169101 0xe900d520 gststructure.c:2369:gst_structure_parse_value trying type name 'uint'
06-06 22:09:47.998  5267  5349 V GStreamer+qtdemux: 0:00:34.915181810 0xe900d580 qtdemux.c:4949:gst_qtdemux_combine_flows:<q> flow return: ok
06-06 22:09:47.998  5267  5348 D GStreamer+structure: 0:00:34.915190195 0xe900d520 gststructure.c:2318:gst_structure_parse_field trying field name 'width'
06-06 22:09:47.998  5267  5349 V GStreamer+qtdemux: 0:00:34.915200351 0xe900d580 qtdemux.c:4957:gst_qtdemux_combine_flows:<q> combined flow return: ok
06-06 22:09:47.998  5267  5348 D GStreamer+structure: 0:00:34.915207226 0xe900d520 gststructure.c:2369:gst_structure_parse_value trying type name 'int'
06-06 22:09:47.998  5267  5349 V GStreamer+qtdemux: 0:00:34.915220299 0xe900d580 qtdemux.c:8003:qtdemux_parse_samples:<q> parsing samples for stream fourcc mp4a, pad audio_0
06-06 22:09:47.998  5267  5348 D GStreamer+structure: 0:00:34.915229049 0xe900d520 gststructure.c:2318:gst_structure_parse_field trying field name 'height'
06-06 22:09:47.998  5267  5348 D GStreamer+structure: 0:00:34.915246653 0xe900d520 gststructure.c:2369:gst_structure_parse_value trying type name 'int'
06-06 22:09:47.998  5267  5349 D GStreamer+qtdemux: 0:00:34.915244258 0xe900d580 qtdemux.c:8014:qtdemux_parse_samples:<q> parsing up to sample 14
06-06 22:09:47.998  5267  5348 D GStreamer+structure: 0:00:34.915269258 0xe900d520 gststructure.c:2318:gst_structure_parse_field trying field name 'framerate'
06-06 22:09:47.998  5267  5349 V GStreamer+qtdemux: 0:00:34.915266289 0xe900d580 qtdemux.c:8040:qtdemux_parse_samples:<q> sample 14 has size 144
06-06 22:09:47.998  5267  5348 D GStreamer+structure: 0:00:34.915291080 0xe900d520 gststructure.c:2369:gst_structure_parse_value trying type name 'fraction'
06-06 22:09:47.998  5267  5349 V GStreamer+qtdemux: 0:00:34.915293580 0xe900d580 qtdemux.c:8164:qtdemux_parse_samples:<q> creating entry 14 with offset 79991 and size 144
06-06 22:09:47.998  5267  5348 D GStreamer+structure: 0:00:34.915319518 0xe900d520 gststructure.c:2318:gst_structure_parse_field trying field name 'parsed'
06-06 22:09:47.998  5267  5349 D GStreamer+qtdemux: 0:00:34.915320508 0xe900d580 qtdemux.c:8221:qtdemux_parse_samples:<q> sample 14: index 14, timestamp 0:00:00.336000000
06-06 22:09:47.998  5267  5348 D GStreamer+structure: 0:00:34.915338320 0xe900d520 gststructure.c:2369:gst_structure_parse_value trying type name 'boolean'
06-06 22:09:47.998  5267  5349 D GStreamer+qtdemux: 0:00:34.915347539 0xe900d580 qtdemux.c:8321:qtdemux_parse_samples:<q> setting all keyframes
06-06 22:09:47.998  5267  5348 D GStreamer+structure: 0:00:34.915356028 0xe900d520 gststructure.c:2318:gst_structure_parse_field trying field name 'variant'
06-06 22:09:47.998  5267  5349 V GStreamer+qtdemux: 0:00:34.915365924 0xe900d580 qtdemux.c:5655:gst_qtdemux_loop:<q> loop at position 15003960, state 2
06-06 22:09:47.998  5267  5348 D GStreamer+structure: 0:00:34.915373580 0xe900d520 gststructure.c:2369:gst_structure_parse_value trying type name 'string'
06-06 22:09:47.998  5267  5348 D GStreamer+structure: 0:00:34.915396705 0xe900d520 gststructure.c:2318:gst_structure_parse_field trying field name 'profile'
06-06 22:09:47.998  5267  5349 V GStreamer+qtdemux: 0:00:34.915392278 0xe900d580 qtdemux.c:4750:gst_qtdemux_prepare_current_sample:<q> segment active, index = 14 of 299
06-06 22:09:47.998  5267  5348 D GStreamer+structure: 0:00:34.915421653 0xe900d520 gststructure.c:2369:gst_structure_parse_value trying type name 'uint'
06-06 22:09:47.998  5267  5349 V GStreamer+qtdemux: 0:00:34.915422903 0xe900d580 qtdemux.c:8003:qtdemux_parse_samples:<q> parsing samples for stream fourcc mp4a, pad audio_0
06-06 22:09:47.998  5267  5348 D GStreamer+GST_ELEMENT_FACTORY: 0:00:34.915449674 0xe900d520 gstelementfactory.c:851:gst_element_factory_list_filter Trying amcviddec-omxgoogleh264decoder
06-06 22:09:47.998  5267  5349 V GStreamer+qtdemux: 0:00:34.915452070 0xe900d580 qtdemux.c:8385:qtdemux_parse_samples:<q> Tried to parse up to sample 14 but this sample has already been parsed
06-06 22:09:47.998  5267  5348 D GStreamer+structure: 0:00:34.915489935 0xe900d520 gststructure.c:2318:gst_structure_parse_field trying field name 'width'
06-06 22:09:47.998  5267  5348 D GStreamer+structure: 0:00:34.915511601 0xe900d520 gststructure.c:2369:gst_structure_parse_value trying type name 'int'
06-06 22:09:47.998  5267  5349 D GStreamer+qtdemux: 0:00:34.915479414 0xe900d580 qtdemux.c:5512:gst_qtdemux_loop_state_movie:<q> pushing from stream 1, empty 0 offset 79991, size 144, dts=0:00:00.336000000, pts=0:00:00.336000000, duration 0:00:00.024000000
06-06 22:09:47.998  5267  5348 D GStreamer+structure: 0:00:34.915533997 0xe900d520 gststructure.c:2318:gst_structure_parse_field trying field name 'height'
06-06 22:09:47.998  5267  5349 V GStreamer+qtdemux: 0:00:34.915537487 0xe900d580 qtdemux.c:5566:gst_qtdemux_loop_state_movie:<q> reading 144 bytes @ 79991
06-06 22:09:47.998  5267  5348 D GStreamer+structure: 0:00:34.915553476 0xe900d520 gststructure.c:2369:gst_structure_parse_value trying type name 'int'
06-06 22:09:47.998  5267  5349 V GStreamer+GST_SCHEDULING: 0:00:34.915562018 0xe900d580 gstpad.c:4654:gst_pad_get_range_unchecked:<filesrc0:src> calling getrangefunc gst_base_src_getrange, offset 79991, size 144
06-06 22:09:47.998  5267  5348 D GStreamer+structure: 0:00:34.915577435 0xe900d520 gststructure.c:2318:gst_structure_parse_field trying field name 'framerate'
06-06 22:09:47.998  5267  5348 D GStreamer+structure: 0:00:34.915594830 0xe900d520 gststructure.c:2369:gst_structure_parse_value trying type name 'fraction'
06-06 22:09:47.998  5267  5349 D GStreamer+basesrc: 0:00:34.915588112 0xe900d580 gstbasesrc.c:2354:gst_base_src_update_length:<filesrc0> reading offset 79991, length 144, size 15003960, segment.stop -1, maxsize 15003960
06-06 22:09:47.998  5267  5348 D GStreamer+structure: 0:00:34.915623528 0xe900d520 gststructure.c:2318:gst_structure_parse_field trying field name 'parsed'
06-06 22:09:47.998  5267  5348 D GStreamer+structure: 0:00:34.915640403 0xe900d520 gststructure.c:2369:gst_structure_parse_value trying type name 'boolean'
06-06 22:09:47.998  5267  5349 D GStreamer+basesrc: 0:00:34.915619987 0xe900d580 gstbasesrc.c:2455:gst_base_src_get_range:<filesrc0> calling create offset 79991 length 144, time 0
06-06 22:09:47.998  5267  5348 D GStreamer+structure: 0:00:34.915704362 0xe900d520 gststructure.c:2318:gst_structure_parse_field trying field name 'stream-format'
06-06 22:09:47.998  5267  5348 D GStreamer+structure: 0:00:34.915732695 0xe900d520 gststructure.c:2369:gst_structure_parse_value trying type name 'string'
06-06 22:09:47.998  5267  5349 D GStreamer+GST_MEMORY: 0:00:34.915729466 0xe900d580 gstmemory.c:138:gst_memory_init new memory 0xe932ede0, maxsize:147 offset:0 size:144
06-06 22:09:47.998  5267  5349 V GStreamer+GST_BUFFER: 0:00:34.915763216 0xe900d580 gstbuffer.c:727:gst_buffer_new new 0xe932f328
06-06 22:09:47.998  5267  5348 D GStreamer+structure: 0:00:34.915761028 0xe900d520 gststructure.c:2318:gst_structure_parse_field trying field name 'alignment'
06-06 22:09:47.998  5267  5348 D GStreamer+structure: 0:00:34.915787643 0xe900d520 gststructure.c:2369:gst_structure_parse_value trying type name 'string'
06-06 22:09:47.998  5267  5349 V GStreamer+GST_BUFFER: 0:00:34.915787018 0xe900d580 gstbuffer.c:342:_memory_add buffer 0xe932f328, idx -1, mem 0xe932ede0
06-06 22:09:47.998  5267  5348 D GStreamer+structure: 0:00:34.915814883 0xe900d520 gststructure.c:2318:gst_structure_parse_field trying field name 'profile'
06-06 22:09:47.998  5267  5349 V GStreamer+GST_BUFFER: 0:00:34.915813633 0xe900d580 gstbuffer.c:783:gst_buffer_new_allocate new buffer 0xe932f328 of size 144 from allocator 0x0
06-06 22:09:47.998  5267  5348 D GStreamer+structure: 0:00:34.915836758 0xe900d520 gststructure.c:2369:gst_structure_parse_value trying type name 'string'
06-06 22:09:47.998  5267  5349 V GStreamer+GST_BUFFER: 0:00:34.915840299 0xe900d580 gstbuffer.c:1649:gst_buffer_map_range buffer 0xe932f328, idx 0, length -1, flags 0002
06-06 22:09:47.998  5267  5348 D GStreamer+structure: 0:00:34.915856758 0xe900d520 gststructure.c:2318:gst_structure_parse_field trying field name 'width'
06-06 22:09:47.998  5267  5349 V GStreamer+GST_BUFFER: 0:00:34.915862955 0xe900d580 gstbuffer.c:212:_get_merged_memory buffer 0xe932f328, idx 0, length 1
06-06 22:09:47.999  5267  5348 D GStreamer+structure: 0:00:34.915876080 0xe900d520 gststructure.c:2369:gst_structure_parse_value trying type name 'int'
06-06 22:09:47.999  5267  5349 V GStreamer+filesrc: 0:00:34.915884049 0xe900d580 gstfilesrc.c:360:gst_file_src_fill:<filesrc0> Reading 144 bytes at offset 0x13877
06-06 22:09:47.999  5267  5348 D GStreamer+structure: 0:00:34.915897278 0xe900d520 gststructure.c:2318:gst_structure_parse_field trying field name 'height'
06-06 22:09:47.999  5267  5349 D GStreamer+basesrc: 0:00:34.915911653 0xe900d580 gstbasesrc.c:2309:gst_base_src_do_sync:<filesrc0> we have no clock
06-06 22:09:47.999  5267  5348 D GStreamer+structure: 0:00:34.915913997 0xe900d520 gststructure.c:2369:gst_structure_parse_value trying type name 'int'
06-06 22:09:47.999  5267  5349 D GStreamer+basesrc: 0:00:34.915933372 0xe900d580 gstbasesrc.c:2519:gst_base_src_get_range:<filesrc0> buffer ok
06-06 22:09:47.999  5267  5348 D GStreamer+structure: 0:00:34.915940351 0xe900d520 gststructure.c:2318:gst_structure_parse_field trying field name 'framerate'
06-06 22:09:47.999  5267  5348 D GStreamer+structure: 0:00:34.915957903 0xe900d520 gststructure.c:2369:gst_structure_parse_value trying type name 'fraction'
06-06 22:09:47.999  5267  5349 V GStreamer+qtdemux: 0:00:34.915953945 0xe900d580 qtdemux.c:5277:gst_qtdemux_decorate_and_push_buffer:<q> Pushing buffer with dts 0:00:00.336000000, pts 0:00:00.336000000, duration 0:00:00.024000000 on pad audio_0
06-06 22:09:47.999  5267  5348 D GStreamer+structure: 0:00:34.915990924 0xe900d520 gststructure.c:2318:gst_structure_parse_field trying field name 'parsed'
06-06 22:09:47.999  5267  5348 D GStreamer+structure: 0:00:34.916008320 0xe900d520 gststructure.c:2369:gst_structure_parse_value trying type name 'boolean'
06-06 22:09:47.999  5267  5349 D GStreamer+GST_SCHEDULING: 0:00:34.915998580 0xe900d580 gstpad.c:4193:gst_pad_chain_data_unchecked:<queue2:sink> calling chainfunction &gst_queue_chain with buffer buffer: 0xe932f328, pts 0:00:00.336000000, dts 0:00:00.336000000, dur 0:00:00.024000000, size 144, offset none, offset_end none, flags 0x0
06-06 22:09:47.999  5267  5348 D GStreamer+structure: 0:00:34.916032695 0xe900d520 gststructure.c:2318:gst_structure_parse_field trying field name 'stream-format'
06-06 22:09:47.999  5267  5348 D GStreamer+structure: 0:00:34.916050560 0xe900d520 gststructure.c:2369:gst_structure_parse_value trying type name 'string'
06-06 22:09:47.999  5267  5349 V GStreamer+queue_dataflow: 0:00:34.916047799 0xe900d580 gstqueue.c:1181:gst_queue_chain_buffer_or_list:<queue2> received buffer 0xe932f328 of size 144, time 0:00:00.336000000, duration 0:00:00.024000000
06-06 22:09:47.999  5267  5348 D GStreamer+structure: 0:00:34.916076393 0xe900d520 gststructure.c:2318:gst_structure_parse_field trying field name 'alignment'
06-06 22:09:47.999  5267  5348 D GStreamer+structure: 0:00:34.916094674 0xe900d520 gststructure.c:2369:gst_structure_parse_value trying type name 'string'
06-06 22:09:47.999  5267  5349 V GStreamer+queue: 0:00:34.916086341 0xe900d580 gstqueue.c:633:apply_buffer:<queue2> sink position updated to 0:00:00.360000000
06-06 22:09:47.999  5267  5348 D GStreamer+structure: 0:00:34.916115612 0xe900d520 gststructure.c:2318:gst_structure_parse_field trying field name 'profile'
06-06 22:09:47.999  5267  5349 V GStreamer+queue: 0:00:34.916116133 0xe900d580 gstqueue.c:529:update_time_level:<queue2> update sink time
06-06 22:09:47.999  5267  5348 D GStreamer+structure: 0:00:34.916137747 0xe900d520 gststructure.c:2369:gst_structure_parse_value trying type name 'string'
06-06 22:09:47.999  5267  5349 V GStreamer+queue: 0:00:34.916138633 0xe900d580 gstqueue.c:547:update_time_level:<queue2> sink +0:00:00.360000000, src +0:00:00.000000000
06-06 22:09:47.999  5267  5348 D GStreamer+structure: 0:00:34.916158789 0xe900d520 gststructure.c:2318:gst_structure_parse_field trying field name 'width'
06-06 22:09:47.999  5267  5349 D GStreamer+GST_SCHEDULING: 0:00:34.916168893 0xe900d580 gstpad.c:4199:gst_pad_chain_data_unchecked:<queue2:sink> called chainfunction &gst_queue_chain with buffer 0xe932f328, returned ok
06-06 22:09:47.999  5267  5348 D GStreamer+structure: 0:00:34.916177383 0xe900d520 gststructure.c:2369:gst_structure_parse_value trying type name 'int'
06-06 22:09:47.999  5267  5349 V GStreamer+qtdemux: 0:00:34.916193633 0xe900d580 qtdemux.c:4949:gst_qtdemux_combine_flows:<q> flow return: ok
06-06 22:09:47.999  5267  5348 D GStreamer+structure: 0:00:34.916200091 0xe900d520 gststructure.c:2318:gst_structure_parse_field trying field name 'height'
06-06 22:09:47.999  5267  5348 D GStreamer+structure: 0:00:34.916217435 0xe900d520 gststructure.c:2369:gst_structure_parse_value trying type name 'int'
06-06 22:09:47.999  5267  5349 V GStreamer+qtdemux: 0:00:34.916216393 0xe900d580 qtdemux.c:4957:gst_qtdemux_combine_flows:<q> combined flow return: ok
06-06 22:09:47.999  5267  5348 D GStreamer+structure: 0:00:34.916240612 0xe900d520 gststructure.c:2318:gst_structure_parse_field trying field name 'framerate'
06-06 22:09:47.999  5267  5349 V GStreamer+qtdemux: 0:00:34.916238060 0xe900d580 qtdemux.c:8003:qtdemux_parse_samples:<q> parsing samples for stream fourcc mp4a, pad audio_0
06-06 22:09:47.999  5267  5348 D GStreamer+structure: 0:00:34.916263737 0xe900d520 gststructure.c:2369:gst_structure_parse_value trying type name 'fraction'
06-06 22:09:47.999  5267  5349 D GStreamer+qtdemux: 0:00:34.916270664 0xe900d580 qtdemux.c:8014:qtdemux_parse_samples:<q> parsing up to sample 15
06-06 22:09:47.999  5267  5348 D GStreamer+structure: 0:00:34.916292174 0xe900d520 gststructure.c:2318:gst_structure_parse_field trying field name 'parsed'
06-06 22:09:47.999  5267  5349 V GStreamer+qtdemux: 0:00:34.916289153 0xe900d580 qtdemux.c:8040:qtdemux_parse_samples:<q> sample 15 has size 144
06-06 22:09:47.999  5267  5348 D GStreamer+structure: 0:00:34.916316810 0xe900d520 gststructure.c:2369:gst_structure_parse_value trying type name 'boolean'
06-06 22:09:47.999  5267  5349 V GStreamer+qtdemux: 0:00:34.916321289 0xe900d580 qtdemux.c:8164:qtdemux_parse_samples:<q> creating entry 15 with offset 140289 and size 144
06-06 22:09:47.999  5267  5348 D GStreamer+structure: 0:00:34.916338216 0xe900d520 gststructure.c:2318:gst_structure_parse_field trying field name 'stream-format'
06-06 22:09:47.999  5267  5348 D GStreamer+structure: 0:00:34.916356653 0xe900d520 gststructure.c:2369:gst_structure_parse_value trying type name 'string'
06-06 22:09:47.999  5267  5349 D GStreamer+qtdemux: 0:00:34.916348268 0xe900d580 qtdemux.c:8221:qtdemux_parse_samples:<q> sample 15: index 15, timestamp 0:00:00.360000000
06-06 22:09:47.999  5267  5348 D GStreamer+structure: 0:00:34.916379622 0xe900d520 gststructure.c:2318:gst_structure_parse_field trying field name 'alignment'
06-06 22:09:47.999  5267  5349 D GStreamer+qtdemux: 0:00:34.916380299 0xe900d580 qtdemux.c:8321:qtdemux_parse_samples:<q> setting all keyframes
06-06 22:09:47.999  5267  5348 D GStreamer+structure: 0:00:34.916400976 0xe900d520 gststructure.c:2369:gst_structure_parse_value trying type name 'string'
06-06 22:09:47.999  5267  5349 V GStreamer+qtdemux: 0:00:34.916403476 0xe900d580 qtdemux.c:5655:gst_qtdemux_loop:<q> loop at position 15003960, state 2
06-06 22:09:47.999  5267  5348 D GStreamer+structure: 0:00:34.916422747 0xe900d520 gststructure.c:2318:gst_structure_parse_field trying field name 'profile'
06-06 22:09:47.999  5267  5349 V GStreamer+qtdemux: 0:00:34.916430351 0xe900d580 qtdemux.c:4750:gst_qtdemux_prepare_current_sample:<q> segment active, index = 1 of 361
06-06 22:09:47.999  5267  5348 D GStreamer+structure: 0:00:34.916439414 0xe900d520 gststructure.c:2369:gst_structure_parse_value trying type name 'string'
06-06 22:09:47.999  5267  5349 V GStreamer+qtdemux: 0:00:34.916452330 0xe900d580 qtdemux.c:8003:qtdemux_parse_samples:<q> parsing samples for stream fourcc avc1, pad video_0
06-06 22:09:47.999  5267  5348 D GStreamer+structure: 0:00:34.916459258 0xe900d520 gststructure.c:2318:gst_structure_parse_field trying field name 'width'
06-06 22:09:47.999  5267  5348 D GStreamer+structure: 0:00:34.916482330 0xe900d520 gststructure.c:2369:gst_structure_parse_value trying type name 'int'
06-06 22:09:47.999  5267  5349 V GStreamer+qtdemux: 0:00:34.916481549 0xe900d580 qtdemux.c:8385:qtdemux_parse_samples:<q> Tried to parse up to sample 1 but this sample has already been parsed
06-06 22:09:47.999  5267  5348 D GStreamer+structure: 0:00:34.916503528 0xe900d520 gststructure.c:2318:gst_structure_parse_field trying field name 'height'
06-06 22:09:47.999  5267  5348 D GStreamer+structure: 0:00:34.916523008 0xe900d520 gststructure.c:2369:gst_structure_parse_value trying type name 'int'
06-06 22:09:47.999  5267  5349 D GStreamer+qtdemux: 0:00:34.916505143 0xe900d580 qtdemux.c:5512:gst_qtdemux_loop_state_movie:<q> pushing from stream 0, empty 0 offset 47591, size 32400, dts=0:00:00.043333333, pts=0:00:00.043333333, duration 0:00:00.000000000
06-06 22:09:47.999  5267  5348 D GStreamer+structure: 0:00:34.916545455 0xe900d520 gststructure.c:2318:gst_structure_parse_field trying field name 'framerate'
06-06 22:09:47.999  5267  5349 V GStreamer+qtdemux: 0:00:34.916545664 0xe900d580 qtdemux.c:5566:gst_qtdemux_loop_state_movie:<q> reading 32400 bytes @ 47591
06-06 22:09:47.999  5267  5348 D GStreamer+structure: 0:00:34.916568633 0xe900d520 gststructure.c:2369:gst_structure_parse_value trying type name 'fraction'
06-06 22:09:47.999  5267  5349 V GStreamer+GST_SCHEDULING: 0:00:34.916574726 0xe900d580 gstpad.c:4654:gst_pad_get_range_unchecked:<filesrc0:src> calling getrangefunc gst_base_src_getrange, offset 47591, size 32400
06-06 22:09:47.999  5267  5348 D GStreamer+structure: 0:00:34.916595716 0xe900d520 gststructure.c:2318:gst_structure_parse_field trying field name 'parsed'
06-06 22:09:47.999  5267  5348 D GStreamer+structure: 0:00:34.916614466 0xe900d520 gststructure.c:2369:gst_structure_parse_value trying type name 'boolean'
06-06 22:09:47.999  5267  5349 D GStreamer+basesrc: 0:00:34.916603789 0xe900d580 gstbasesrc.c:2354:gst_base_src_update_length:<filesrc0> reading offset 47591, length 32400, size 15003960, segment.stop -1, maxsize 15003960
06-06 22:09:47.999  5267  5348 D GStreamer+structure: 0:00:34.916633580 0xe900d520 gststructure.c:2318:gst_structure_parse_field trying field name 'stream-format'
06-06 22:09:47.999  5267  5349 D GStreamer+basesrc: 0:00:34.916634570 0xe900d580 gstbasesrc.c:2455:gst_base_src_get_range:<filesrc0> calling create offset 47591 length 32400, time 0
06-06 22:09:47.999  5267  5348 D GStreamer+structure: 0:00:34.916654570 0xe900d520 gststructure.c:2369:gst_structure_parse_value trying type name 'string'
06-06 22:09:47.999  5267  5349 D GStreamer+GST_MEMORY: 0:00:34.916675455 0xe900d580 gstmemory.c:138:gst_memory_init new memory 0xe933e000, maxsize:32403 offset:0 size:32400
06-06 22:09:47.999  5267  5349 V GStreamer+GST_BUFFER: 0:00:34.916704726 0xe900d580 gstbuffer.c:727:gst_buffer_new new 0xe932f3c8
06-06 22:09:47.999  5267  5348 D GStreamer+structure: 0:00:34.916706237 0xe900d520 gststructure.c:2318:gst_structure_parse_field trying field name 'alignment'
06-06 22:09:47.999  5267  5348 D GStreamer+structure: 0:00:34.916737174 0xe900d520 gststructure.c:2369:gst_structure_parse_value trying type name 'string'
06-06 22:09:47.999  5267  5349 V GStreamer+GST_BUFFER: 0:00:34.916732851 0xe900d580 gstbuffer.c:342:_memory_add buffer 0xe932f3c8, idx -1, mem 0xe933e000
06-06 22:09:47.999  5267  5349 V GStreamer+GST_BUFFER: 0:00:34.916762174 0xe900d580 gstbuffer.c:783:gst_buffer_new_allocate new buffer 0xe932f3c8 of size 32400 from allocator 0x0
06-06 22:09:47.999  5267  5348 D GStreamer+structure: 0:00:34.916763528 0xe900d520 gststructure.c:2318:gst_structure_parse_field trying field name 'profile'
06-06 22:09:47.999  5267  5348 D GStreamer+structure: 0:00:34.916787383 0xe900d520 gststructure.c:2369:gst_structure_parse_value trying type name 'string'
06-06 22:09:47.999  5267  5349 V GStreamer+GST_BUFFER: 0:00:34.916787851 0xe900d580 gstbuffer.c:1649:gst_buffer_map_range buffer 0xe932f3c8, idx 0, length -1, flags 0002
06-06 22:09:47.999  5267  5349 V GStreamer+GST_BUFFER: 0:00:34.916811966 0xe900d580 gstbuffer.c:212:_get_merged_memory buffer 0xe932f3c8, idx 0, length 1
06-06 22:09:47.999  5267  5348 D GStreamer+GST_ELEMENT_FACTORY: 0:00:34.916818841 0xe900d520 gstelementfactory.c:851:gst_element_factory_list_filter Trying amcviddec-omxgooglehevcdecoder
06-06 22:09:47.999  5267  5349 V GStreamer+filesrc: 0:00:34.916831758 0xe900d580 gstfilesrc.c:360:gst_file_src_fill:<filesrc0> Reading 32400 bytes at offset 0xb9e7
06-06 22:09:47.999  5267  5348 D GStreamer+structure: 0:00:34.916842383 0xe900d520 gststructure.c:2318:gst_structure_parse_field trying field name 'width'
06-06 22:09:47.999  5267  5348 D GStreamer+structure: 0:00:34.916860039 0xe900d520 gststructure.c:2369:gst_structure_parse_value trying type name 'int'
06-06 22:09:48.000  5267  5348 D GStreamer+structure: 0:00:34.916881237 0xe900d520 gststructure.c:2318:gst_structure_parse_field trying field name 'height'
06-06 22:09:48.000  5267  5349 D GStreamer+basesrc: 0:00:34.916883320 0xe900d580 gstbasesrc.c:2309:gst_base_src_do_sync:<filesrc0> we have no clock
06-06 22:09:48.000  5267  5348 D GStreamer+structure: 0:00:34.916902278 0xe900d520 gststructure.c:2369:gst_structure_parse_value trying type name 'int'
06-06 22:09:48.000  5267  5349 D GStreamer+basesrc: 0:00:34.916906966 0xe900d580 gstbasesrc.c:2519:gst_base_src_get_range:<filesrc0> buffer ok
06-06 22:09:48.000  5267  5348 D GStreamer+structure: 0:00:34.916922851 0xe900d520 gststructure.c:2318:gst_structure_parse_field trying field name 'framerate'
