06-06 22:09:48.000  5267  5348 D GStreamer+structure: 0:00:34.916941341 0xe900d520 gststructure.c:2369:gst_structure_parse_value trying type name 'fraction'
06-06 22:09:48.000  5267  5349 V GStreamer+qtdemux: 0:00:34.916926133 0xe900d580 qtdemux.c:5277:gst_qtdemux_decorate_and_push_buffer:<q> Pushing buffer with dts 0:00:00.043333333, pts 0:00:00.043333333, duration 0:00:00.000000000 on pad video_0
06-06 22:09:48.000  5267  5348 D GStreamer+structure: 0:00:34.916967851 0xe900d520 gststructure.c:2318:gst_structure_parse_field trying field name 'parsed'
06-06 22:09:48.000  5267  5348 D GStreamer+structure: 0:00:34.916988997 0xe900d520 gststructure.c:2369:gst_structure_parse_value trying type name 'boolean'
06-06 22:09:48.000  5267  5349 D GStreamer+GST_SCHEDULING: 0:00:34.916963112 0xe900d580 gstpad.c:4193:gst_pad_chain_data_unchecked:<queue0:sink> calling chainfunction &gst_queue_chain with buffer buffer: 0xe932f3c8, pts 0:00:00.043333333, dts 0:00:00.043333333, dur 0:00:00.000000000, size 32400, offset none, offset_end none, flags 0x0
06-06 22:09:48.000  5267  5348 D GStreamer+structure: 0:00:34.917010247 0xe900d520 gststructure.c:2318:gst_structure_parse_field trying field name 'stream-format'
06-06 22:09:48.000  5267  5348 D GStreamer+structure: 0:00:34.917027330 0xe900d520 gststructure.c:2369:gst_structure_parse_value trying type name 'string'
06-06 22:09:48.000  5267  5349 V GStreamer+queue_dataflow: 0:00:34.917018841 0xe900d580 gstqueue.c:1181:gst_queue_chain_buffer_or_list:<queue0> received buffer 0xe932f3c8 of size 32400, time 0:00:00.043333333, duration 0:00:00.000000000
06-06 22:09:48.000  5267  5348 D GStreamer+structure: 0:00:34.917049414 0xe900d520 gststructure.c:2318:gst_structure_parse_field trying field name 'alignment'
06-06 22:09:48.000  5267  5349 V GStreamer+queue: 0:00:34.917051966 0xe900d580 gstqueue.c:633:apply_buffer:<queue0> sink position updated to 0:00:00.043333333
06-06 22:09:48.000  5267  5348 D GStreamer+structure: 0:00:34.917069883 0xe900d520 gststructure.c:2369:gst_structure_parse_value trying type name 'string'
06-06 22:09:48.000  5267  5349 V GStreamer+queue: 0:00:34.917078789 0xe900d580 gstqueue.c:529:update_time_level:<queue0> update sink time
06-06 22:09:48.000  5267  5348 D GStreamer+structure: 0:00:34.917087539 0xe900d520 gststructure.c:2318:gst_structure_parse_field trying field name 'profile'
06-06 22:09:48.000  5267  5348 D GStreamer+structure: 0:00:34.917105768 0xe900d520 gststructure.c:2369:gst_structure_parse_value trying type name 'string'
06-06 22:09:48.000  5267  5349 V GStreamer+queue: 0:00:34.917096653 0xe900d580 gstqueue.c:547:update_time_level:<queue0> sink +0:00:00.354333333, src +0:00:00.000000000
06-06 22:09:48.000  5267  5348 D GStreamer+GST_ELEMENT_FACTORY: 0:00:34.917125143 0xe900d520 gstelementfactory.c:851:gst_element_factory_list_filter Trying amcviddec-omxgooglempeg4decoder
06-06 22:09:48.000  5267  5349 D GStreamer+GST_SCHEDULING: 0:00:34.917126914 0xe900d580 gstpad.c:4199:gst_pad_chain_data_unchecked:<queue0:sink> called chainfunction &gst_queue_chain with buffer 0xe932f3c8, returned ok
06-06 22:09:48.000  5267  5348 D GStreamer+structure: 0:00:34.917157383 0xe900d520 gststructure.c:2318:gst_structure_parse_field trying field name 'width'
06-06 22:09:48.000  5267  5349 V GStreamer+qtdemux: 0:00:34.917155508 0xe900d580 qtdemux.c:4949:gst_qtdemux_combine_flows:<q> flow return: ok
06-06 22:09:48.000  5267  5348 D GStreamer+structure: 0:00:34.917176601 0xe900d520 gststructure.c:2369:gst_structure_parse_value trying type name 'int'
06-06 22:09:48.000  5267  5349 V GStreamer+qtdemux: 0:00:34.917178372 0xe900d580 qtdemux.c:4957:gst_qtdemux_combine_flows:<q> combined flow return: ok
06-06 22:09:48.000  5267  5348 D GStreamer+structure: 0:00:34.917199101 0xe900d520 gststructure.c:2318:gst_structure_parse_field trying field name 'height'
06-06 22:09:48.000  5267  5349 V GStreamer+qtdemux: 0:00:34.917199362 0xe900d580 qtdemux.c:8003:qtdemux_parse_samples:<q> parsing samples for stream fourcc avc1, pad video_0
06-06 22:09:48.000  5267  5348 D GStreamer+structure: 0:00:34.917223112 0xe900d520 gststructure.c:2369:gst_structure_parse_value trying type name 'int'
06-06 22:09:48.000  5267  5349 D GStreamer+qtdemux: 0:00:34.917227799 0xe900d580 qtdemux.c:8014:qtdemux_parse_samples:<q> parsing up to sample 2
06-06 22:09:48.000  5267  5348 D GStreamer+structure: 0:00:34.917243528 0xe900d520 gststructure.c:2318:gst_structure_parse_field trying field name 'framerate'
06-06 22:09:48.000  5267  5349 V GStreamer+qtdemux: 0:00:34.917247487 0xe900d580 qtdemux.c:8040:qtdemux_parse_samples:<q> sample 2 has size 60154
06-06 22:09:48.000  5267  5348 D GStreamer+structure: 0:00:34.917265664 0xe900d520 gststructure.c:2369:gst_structure_parse_value trying type name 'fraction'
06-06 22:09:48.000  5267  5349 V GStreamer+qtdemux: 0:00:34.917271966 0xe900d580 qtdemux.c:8164:qtdemux_parse_samples:<q> creating entry 2 with offset 80135 and size 60154
06-06 22:09:48.000  5267  5348 D GStreamer+structure: 0:00:34.917293008 0xe900d520 gststructure.c:2318:gst_structure_parse_field trying field name 'mpegversion'
06-06 22:09:48.000  5267  5349 V GStreamer+qtdemux: 0:00:34.917296289 0xe900d580 qtdemux.c:8208:qtdemux_parse_samples:<q> block 0, 1 timestamps, duration 109
06-06 22:09:48.000  5267  5348 D GStreamer+structure: 0:00:34.917313580 0xe900d520 gststructure.c:2369:gst_structure_parse_value trying type name 'int'
06-06 22:09:48.000  5267  5348 D GStreamer+structure: 0:00:34.917332330 0xe900d520 gststructure.c:2318:gst_structure_parse_field trying field name 'systemstream'
06-06 22:09:48.000  5267  5348 D GStreamer+structure: 0:00:34.917348893 0xe900d520 gststructure.c:2369:gst_structure_parse_value trying type name 'boolean'
06-06 22:09:48.000  5267  5348 D GStreamer+structure: 0:00:34.917366862 0xe900d520 gststructure.c:2318:gst_structure_parse_field trying field name 'parsed'
06-06 22:09:48.000  5267  5348 D GStreamer+structure: 0:00:34.917384726 0xe900d520 gststructure.c:2369:gst_structure_parse_value trying type name 'boolean'
06-06 22:09:48.000  5267  5349 D GStreamer+qtdemux: 0:00:34.917322955 0xe900d580 qtdemux.c:8221:qtdemux_parse_samples:<q> sample 2: index 0, timestamp 0:00:00.043333333
06-06 22:09:48.000  5267  5348 D GStreamer+structure: 0:00:34.917402435 0xe900d520 gststructure.c:2318:gst_structure_parse_field trying field name 'profile'
06-06 22:09:48.000  5267  5349 D GStreamer+qtdemux: 0:00:34.917414362 0xe900d580 qtdemux.c:8276:qtdemux_parse_samples:<q> samples at 2 is keyframe
06-06 22:09:48.000  5267  5348 D GStreamer+structure: 0:00:34.917419205 0xe900d520 gststructure.c:2369:gst_structure_parse_value trying type name 'string'
06-06 22:09:48.000  5267  5348 D GStreamer+structure: 0:00:34.917442955 0xe900d520 gststructure.c:2318:gst_structure_parse_field trying field name 'width'
06-06 22:09:48.000  5267  5349 V GStreamer+qtdemux: 0:00:34.917439674 0xe900d580 qtdemux.c:5655:gst_qtdemux_loop:<q> loop at position 15003960, state 2
06-06 22:09:48.000  5267  5348 D GStreamer+structure: 0:00:34.917465247 0xe900d520 gststructure.c:2369:gst_structure_parse_value trying type name 'int'
06-06 22:09:48.000  5267  5349 V GStreamer+qtdemux: 0:00:34.917466185 0xe900d580 qtdemux.c:4750:gst_qtdemux_prepare_current_sample:<q> segment active, index = 2 of 361
06-06 22:09:48.000  5267  5348 D GStreamer+structure: 0:00:34.917489883 0xe900d520 gststructure.c:2318:gst_structure_parse_field trying field name 'height'
06-06 22:09:48.000  5267  5349 V GStreamer+qtdemux: 0:00:34.917489778 0xe900d580 qtdemux.c:8003:qtdemux_parse_samples:<q> parsing samples for stream fourcc avc1, pad video_0
06-06 22:09:48.000  5267  5348 D GStreamer+structure: 0:00:34.917512747 0xe900d520 gststructure.c:2369:gst_structure_parse_value trying type name 'int'
06-06 22:09:48.000  5267  5349 V GStreamer+qtdemux: 0:00:34.917517591 0xe900d580 qtdemux.c:8385:qtdemux_parse_samples:<q> Tried to parse up to sample 2 but this sample has already been parsed
06-06 22:09:48.000  5267  5348 D GStreamer+structure: 0:00:34.917537903 0xe900d520 gststructure.c:2318:gst_structure_parse_field trying field name 'framerate'
06-06 22:09:48.000  5267  5348 D GStreamer+structure: 0:00:34.917558060 0xe900d520 gststructure.c:2369:gst_structure_parse_value trying type name 'fraction'
06-06 22:09:48.000  5267  5349 D GStreamer+qtdemux: 0:00:34.917541393 0xe900d580 qtdemux.c:5512:gst_qtdemux_loop_state_movie:<q> pushing from stream 0, empty 0 offset 80135, size 60154, dts=0:00:00.043333333, pts=0:00:00.043333333, duration 0:00:00.036333333
06-06 22:09:48.000  5267  5348 D GStreamer+structure: 0:00:34.917586966 0xe900d520 gststructure.c:2318:gst_structure_parse_field trying field name 'divxversion'
06-06 22:09:48.000  5267  5349 V GStreamer+qtdemux: 0:00:34.917582330 0xe900d580 qtdemux.c:5566:gst_qtdemux_loop_state_movie:<q> reading 60154 bytes @ 80135
06-06 22:09:48.000  5267  5348 D GStreamer+structure: 0:00:34.917607174 0xe900d520 gststructure.c:2369:gst_structure_parse_value trying type name 'int'
06-06 22:09:48.000  5267  5349 V GStreamer+GST_SCHEDULING: 0:00:34.917610195 0xe900d580 gstpad.c:4654:gst_pad_get_range_unchecked:<filesrc0:src> calling getrangefunc gst_base_src_getrange, offset 80135, size 60154
06-06 22:09:48.000  5267  5348 D GStreamer+structure: 0:00:34.917629518 0xe900d520 gststructure.c:2318:gst_structure_parse_field trying field name 'parsed'
06-06 22:09:48.000  5267  5349 D GStreamer+basesrc: 0:00:34.917634674 0xe900d580 gstbasesrc.c:2354:gst_base_src_update_length:<filesrc0> reading offset 80135, length 60154, size 15003960, segment.stop -1, maxsize 15003960
06-06 22:09:48.000  5267  5348 D GStreamer+structure: 0:00:34.917646549 0xe900d520 gststructure.c:2369:gst_structure_parse_value trying type name 'boolean'
06-06 22:09:48.000  5267  5348 D GStreamer+GST_ELEMENT_FACTORY: 0:00:34.917671080 0xe900d520 gstelementfactory.c:851:gst_element_factory_list_filter Trying amcviddec-omxgooglevp8decoder
06-06 22:09:48.000  5267  5349 D GStreamer+basesrc: 0:00:34.917663372 0xe900d580 gstbasesrc.c:2455:gst_base_src_get_range:<filesrc0> calling create offset 80135 length 60154, time 0
06-06 22:09:48.000  5267  5348 D GStreamer+structure: 0:00:34.917725091 0xe900d520 gststructure.c:2318:gst_structure_parse_field trying field name 'width'
06-06 22:09:48.000  5267  5349 D GStreamer+GST_MEMORY: 0:00:34.917704778 0xe900d580 gstmemory.c:138:gst_memory_init new memory 0xe9345ee8, maxsize:60157 offset:0 size:60154
06-06 22:09:48.000  5267  5348 D GStreamer+structure: 0:00:34.917748164 0xe900d520 gststructure.c:2369:gst_structure_parse_value trying type name 'int'
06-06 22:09:48.000  5267  5349 V GStreamer+GST_BUFFER: 0:00:34.917748893 0xe900d580 gstbuffer.c:727:gst_buffer_new new 0xe932f468
06-06 22:09:48.000  5267  5349 V GStreamer+GST_BUFFER: 0:00:34.917770664 0xe900d580 gstbuffer.c:342:_memory_add buffer 0xe932f468, idx -1, mem 0xe9345ee8
06-06 22:09:48.000  5267  5348 D GStreamer+structure: 0:00:34.917773268 0xe900d520 gststructure.c:2318:gst_structure_parse_field trying field name 'height'
06-06 22:09:48.000  5267  5348 D GStreamer+structure: 0:00:34.917793580 0xe900d520 gststructure.c:2369:gst_structure_parse_value trying type name 'int'
06-06 22:09:48.000  5267  5349 V GStreamer+GST_BUFFER: 0:00:34.917792851 0xe900d580 gstbuffer.c:783:gst_buffer_new_allocate new buffer 0xe932f468 of size 60154 from allocator 0x0
06-06 22:09:48.000  5267  5348 D GStreamer+structure: 0:00:34.917820455 0xe900d520 gststructure.c:2318:gst_structure_parse_field trying field name 'framerate'
06-06 22:09:48.000  5267  5349 V GStreamer+GST_BUFFER: 0:00:34.917820508 0xe900d580 gstbuffer.c:1649:gst_buffer_map_range buffer 0xe932f468, idx 0, length -1, flags 0002
06-06 22:09:48.000  5267  5348 D GStreamer+structure: 0:00:34.917841601 0xe900d520 gststructure.c:2369:gst_structure_parse_value trying type name 'fraction'
06-06 22:09:48.000  5267  5349 V GStreamer+GST_BUFFER: 0:00:34.917847122 0xe900d580 gstbuffer.c:212:_get_merged_memory buffer 0xe932f468, idx 0, length 1
06-06 22:09:48.001  5267  5349 V GStreamer+filesrc: 0:00:34.917866289 0xe900d580 gstfilesrc.c:360:gst_file_src_fill:<filesrc0> Reading 60154 bytes at offset 0x13907
06-06 22:09:48.001  5267  5348 D GStreamer+GST_ELEMENT_FACTORY: 0:00:34.917870195 0xe900d520 gstelementfactory.c:851:gst_element_factory_list_filter Trying amcviddec-omxgooglevp9decoder
06-06 22:09:48.001  5267  5348 D GStreamer+GST_ELEMENT_FACTORY: 0:00:34.917897591 0xe900d520 gstelementfactory.c:851:gst_element_factory_list_filter Trying auparse
06-06 22:09:48.001  5267  5348 D GStreamer+GST_ELEMENT_FACTORY: 0:00:34.917918528 0xe900d520 gstelementfactory.c:851:gst_element_factory_list_filter Trying ivorbisdec
06-06 22:09:48.001  5267  5348 D GStreamer+GST_ELEMENT_FACTORY: 0:00:34.917941341 0xe900d520 gstelementfactory.c:851:gst_element_factory_list_filter Trying rtpL16depay
06-06 22:09:48.001  5267  5348 D GStreamer+structure: 0:00:34.917963528 0xe900d520 gststructure.c:2318:gst_structure_parse_field trying field name 'media'
06-06 22:09:48.001  5267  5348 D GStreamer+structure: 0:00:34.917981653 0xe900d520 gststructure.c:2369:gst_structure_parse_value trying type name 'string'
06-06 22:09:48.001  5267  5348 D GStreamer+structure: 0:00:34.918000455 0xe900d520 gststructure.c:2318:gst_structure_parse_field trying field name 'clock-rate'
06-06 22:09:48.001  5267  5348 D GStreamer+structure: 0:00:34.918019049 0xe900d520 gststructure.c:2369:gst_structure_parse_value trying type name 'int'
06-06 22:09:48.001  5267  5348 D GStreamer+structure: 0:00:34.918041758 0xe900d520 gststructure.c:2318:gst_structure_parse_field trying field name 'encoding-name'
06-06 22:09:48.001  5267  5348 D GStreamer+structure: 0:00:34.918060403 0xe900d520 gststructure.c:2369:gst_structure_parse_value trying type name 'string'
06-06 22:09:48.001  5267  5348 D GStreamer+structure: 0:00:34.918080455 0xe900d520 gststructure.c:2318:gst_structure_parse_field trying field name 'media'
06-06 22:09:48.001  5267  5348 D GStreamer+structure: 0:00:34.918098789 0xe900d520 gststructure.c:2369:gst_structure_parse_value trying type name 'string'
06-06 22:09:48.001  5267  5348 D GStreamer+structure: 0:00:34.918116653 0xe900d520 gststructure.c:2318:gst_structure_parse_field trying field name 'payload'
06-06 22:09:48.001  5267  5348 D GStreamer+structure: 0:00:34.918134414 0xe900d520 gststructure.c:2369:gst_structure_parse_value trying type name 'int'
06-06 22:09:48.001  5267  5349 D GStreamer+basesrc: 0:00:34.918142487 0xe900d580 gstbasesrc.c:2309:gst_base_src_do_sync:<filesrc0> we have no clock
06-06 22:09:48.001  5267  5348 D GStreamer+structure: 0:00:34.918156393 0xe900d520 gststructure.c:2318:gst_structure_parse_field trying field name 'clock-rate'
06-06 22:09:48.001  5267  5349 D GStreamer+basesrc: 0:00:34.918168008 0xe900d580 gstbasesrc.c:2519:gst_base_src_get_range:<filesrc0> buffer ok
06-06 22:09:48.001  5267  5348 D GStreamer+structure: 0:00:34.918175247 0xe900d520 gststructure.c:2369:gst_structure_parse_value trying type name 'int'
06-06 22:09:48.001  5267  5348 D GStreamer+GST_ELEMENT_FACTORY: 0:00:34.918198528 0xe900d520 gstelementfactory.c:851:gst_element_factory_list_filter Trying rtpL24depay
06-06 22:09:48.001  5267  5349 V GStreamer+qtdemux: 0:00:34.918188164 0xe900d580 qtdemux.c:5277:gst_qtdemux_decorate_and_push_buffer:<q> Pushing buffer with dts 0:00:00.043333333, pts 0:00:00.043333333, duration 0:00:00.036333333 on pad video_0
06-06 22:09:48.001  5267  5348 D GStreamer+structure: 0:00:34.918220872 0xe900d520 gststructure.c:2318:gst_structure_parse_field trying field name 'media'
06-06 22:09:48.001  5267  5348 D GStreamer+structure: 0:00:34.918238841 0xe900d520 gststructure.c:2369:gst_structure_parse_value trying type name 'string'
06-06 22:09:48.001  5267  5349 D GStreamer+GST_SCHEDULING: 0:00:34.918230247 0xe900d580 gstpad.c:4193:gst_pad_chain_data_unchecked:<queue0:sink> calling chainfunction &gst_queue_chain with buffer buffer: 0xe932f468, pts 0:00:00.043333333, dts 0:00:00.043333333, dur 0:00:00.036333333, size 60154, offset none, offset_end none, flags 0x0
06-06 22:09:48.001  5267  5348 D GStreamer+structure: 0:00:34.918283268 0xe900d520 gststructure.c:2318:gst_structure_parse_field trying field name 'clock-rate'
06-06 22:09:48.001  5267  5348 D GStreamer+structure: 0:00:34.918301862 0xe900d520 gststructure.c:2369:gst_structure_parse_value trying type name 'int'
06-06 22:09:48.001  5267  5349 V GStreamer+queue_dataflow: 0:00:34.918291705 0xe900d580 gstqueue.c:1181:gst_queue_chain_buffer_or_list:<queue0> received buffer 0xe932f468 of size 60154, time 0:00:00.043333333, duration 0:00:00.036333333
06-06 22:09:48.001  5267  5348 D GStreamer+structure: 0:00:34.918325612 0xe900d520 gststructure.c:2318:gst_structure_parse_field trying field name 'encoding-name'
06-06 22:09:48.001  5267  5349 V GStreamer+queue: 0:00:34.918327955 0xe900d580 gstqueue.c:633:apply_buffer:<queue0> sink position updated to 0:00:00.079666666
06-06 22:09:48.001  5267  5348 D GStreamer+structure: 0:00:34.918346393 0xe900d520 gststructure.c:2369:gst_structure_parse_value trying type name 'string'
06-06 22:09:48.001  5267  5349 V GStreamer+queue: 0:00:34.918356497 0xe900d580 gstqueue.c:529:update_time_level:<queue0> update sink time
06-06 22:09:48.001  5267  5348 D GStreamer+GST_ELEMENT_FACTORY: 0:00:34.918367122 0xe900d520 gstelementfactory.c:851:gst_element_factory_list_filter Trying rtpac3depay
06-06 22:09:48.001  5267  5349 V GStreamer+queue: 0:00:34.918375403 0xe900d580 gstqueue.c:547:update_time_level:<queue0> sink +0:00:00.390666666, src +0:00:00.000000000
06-06 22:09:48.001  5267  5348 D GStreamer+structure: 0:00:34.918388737 0xe900d520 gststructure.c:2318:gst_structure_parse_field trying field name 'media'
06-06 22:09:48.001  5267  5348 D GStreamer+structure: 0:00:34.918407799 0xe900d520 gststructure.c:2369:gst_structure_parse_value trying type name 'string'
06-06 22:09:48.001  5267  5349 D GStreamer+GST_SCHEDULING: 0:00:34.918407487 0xe900d580 gstpad.c:4199:gst_pad_chain_data_unchecked:<queue0:sink> called chainfunction &gst_queue_chain with buffer 0xe932f468, returned ok
06-06 22:09:48.001  5267  5348 D GStreamer+structure: 0:00:34.918432330 0xe900d520 gststructure.c:2318:gst_structure_parse_field trying field name 'clock-rate'
06-06 22:09:48.001  5267  5349 V GStreamer+qtdemux: 0:00:34.918438997 0xe900d580 qtdemux.c:4949:gst_qtdemux_combine_flows:<q> flow return: ok
06-06 22:09:48.001  5267  5348 D GStreamer+structure: 0:00:34.918449674 0xe900d520 gststructure.c:2369:gst_structure_parse_value trying type name 'int'
06-06 22:09:48.001  5267  5349 V GStreamer+qtdemux: 0:00:34.918457747 0xe900d580 qtdemux.c:4957:gst_qtdemux_combine_flows:<q> combined flow return: ok
06-06 22:09:48.001  5267  5348 D GStreamer+structure: 0:00:34.918473008 0xe900d520 gststructure.c:2318:gst_structure_parse_field trying field name 'encoding-name'
06-06 22:09:48.001  5267  5349 V GStreamer+qtdemux: 0:00:34.918476653 0xe900d580 qtdemux.c:8003:qtdemux_parse_samples:<q> parsing samples for stream fourcc avc1, pad video_0
06-06 22:09:48.001  5267  5348 D GStreamer+structure: 0:00:34.918498216 0xe900d520 gststructure.c:2369:gst_structure_parse_value trying type name 'string'
06-06 22:09:48.001  5267  5349 D GStreamer+qtdemux: 0:00:34.918503060 0xe900d580 qtdemux.c:8014:qtdemux_parse_samples:<q> parsing up to sample 3
06-06 22:09:48.001  5267  5348 D GStreamer+GST_ELEMENT_FACTORY: 0:00:34.918518893 0xe900d520 gstelementfactory.c:851:gst_element_factory_list_filter Trying rtpamrdepay
06-06 22:09:48.001  5267  5349 V GStreamer+qtdemux: 0:00:34.918523112 0xe900d580 qtdemux.c:8040:qtdemux_parse_samples:<q> sample 3 has size 55746
06-06 22:09:48.001  5267  5348 D GStreamer+structure: 0:00:34.918543893 0xe900d520 gststructure.c:2318:gst_structure_parse_field trying field name 'media'
06-06 22:09:48.001  5267  5349 V GStreamer+qtdemux: 0:00:34.918544726 0xe900d580 qtdemux.c:8164:qtdemux_parse_samples:<q> creating entry 3 with offset 140433 and size 55746
06-06 22:09:48.001  5267  5348 D GStreamer+structure: 0:00:34.918567747 0xe900d520 gststructure.c:2369:gst_structure_parse_value trying type name 'string'
06-06 22:09:48.001  5267  5349 V GStreamer+qtdemux: 0:00:34.918575195 0xe900d580 qtdemux.c:8208:qtdemux_parse_samples:<q> block 0, 1 timestamps, duration 59
06-06 22:09:48.001  5267  5348 D GStreamer+structure: 0:00:34.918587435 0xe900d520 gststructure.c:2318:gst_structure_parse_field trying field name 'clock-rate'
06-06 22:09:48.001  5267  5348 D GStreamer+structure: 0:00:34.918605091 0xe900d520 gststructure.c:2369:gst_structure_parse_value trying type name 'int'
06-06 22:09:48.001  5267  5349 D GStreamer+qtdemux: 0:00:34.918598945 0xe900d580 qtdemux.c:8221:qtdemux_parse_samples:<q> sample 3: index 0, timestamp 0:00:00.079666666
06-06 22:09:48.001  5267  5348 D GStreamer+structure: 0:00:34.918629466 0xe900d520 gststructure.c:2318:gst_structure_parse_field trying field name 'encoding-name'
06-06 22:09:48.001  5267  5349 D GStreamer+qtdemux: 0:00:34.918629622 0xe900d580 qtdemux.c:8276:qtdemux_parse_samples:<q> samples at 3 is keyframe
06-06 22:09:48.001  5267  5348 D GStreamer+structure: 0:00:34.918651758 0xe900d520 gststructure.c:2369:gst_structure_parse_value trying type name 'string'
06-06 22:09:48.001  5267  5349 V GStreamer+qtdemux: 0:00:34.918656237 0xe900d580 qtdemux.c:5655:gst_qtdemux_loop:<q> loop at position 15003960, state 2
06-06 22:09:48.001  5267  5348 D GStreamer+structure: 0:00:34.918672018 0xe900d520 gststructure.c:2318:gst_structure_parse_field trying field name 'octet-align'
06-06 22:09:48.001  5267  5349 V GStreamer+qtdemux: 0:00:34.918678893 0xe900d580 qtdemux.c:4750:gst_qtdemux_prepare_current_sample:<q> segment active, index = 15 of 299
06-06 22:09:48.001  5267  5348 D GStreamer+structure: 0:00:34.918689414 0xe900d520 gststructure.c:2369:gst_structure_parse_value trying type name 'string'
06-06 22:09:48.001  5267  5349 V GStreamer+qtdemux: 0:00:34.918698945 0xe900d580 qtdemux.c:8003:qtdemux_parse_samples:<q> parsing samples for stream fourcc mp4a, pad audio_0
06-06 22:09:48.001  5267  5348 D GStreamer+structure: 0:00:34.918712018 0xe900d520 gststructure.c:2318:gst_structure_parse_field trying field name 'media'
06-06 22:09:48.001  5267  5349 V GStreamer+qtdemux: 0:00:34.918736341 0xe900d580 qtdemux.c:8385:qtdemux_parse_samples:<q> Tried to parse up to sample 15 but this sample has already been parsed
06-06 22:09:48.001  5267  5348 D GStreamer+structure: 0:00:34.918743580 0xe900d520 gststructure.c:2369:gst_structure_parse_value trying type name 'string'
06-06 22:09:48.001  5267  5348 D GStreamer+structure: 0:00:34.918764466 0xe900d520 gststructure.c:2318:gst_structure_parse_field trying field name 'clock-rate'
06-06 22:09:48.001  5267  5348 D GStreamer+structure: 0:00:34.918788580 0xe900d520 gststructure.c:2369:gst_structure_parse_value trying type name 'int'
06-06 22:09:48.001  5267  5349 D GStreamer+qtdemux: 0:00:34.918762122 0xe900d580 qtdemux.c:5512:gst_qtdemux_loop_state_movie:<q> pushing from stream 1, empty 0 offset 140289, size 144, dts=0:00:00.360000000, pts=0:00:00.360000000, duration 0:00:00.024000000
06-06 22:09:48.001  5267  5348 D GStreamer+structure: 0:00:34.918808060 0xe900d520 gststructure.c:2318:gst_structure_parse_field trying field name 'encoding-name'
06-06 22:09:48.001  5267  5349 V GStreamer+qtdemux: 0:00:34.918809726 0xe900d580 qtdemux.c:5566:gst_qtdemux_loop_state_movie:<q> reading 144 bytes @ 140289
06-06 22:09:48.001  5267  5348 D GStreamer+structure: 0:00:34.918827851 0xe900d520 gststructure.c:2369:gst_structure_parse_value trying type name 'string'
06-06 22:09:48.001  5267  5349 V GStreamer+GST_SCHEDULING: 0:00:34.918834726 0xe900d580 gstpad.c:4654:gst_pad_get_range_unchecked:<filesrc0:src> calling getrangefunc gst_base_src_getrange, offset 140289, size 144
06-06 22:09:48.001  5267  5348 D GStreamer+structure: 0:00:34.918849153 0xe900d520 gststructure.c:2318:gst_structure_parse_field trying field name 'octet-align'
06-06 22:09:48.002  5267  5348 D GStreamer+structure: 0:00:34.918866237 0xe900d520 gststructure.c:2369:gst_structure_parse_value trying type name 'string'
06-06 22:09:48.002  5267  5349 D GStreamer+basesrc: 0:00:34.918862226 0xe900d580 gstbasesrc.c:2354:gst_base_src_update_length:<filesrc0> reading offset 140289, length 144, size 15003960, segment.stop -1, maxsize 15003960
06-06 22:09:48.002  5267  5348 D GStreamer+GST_ELEMENT_FACTORY: 0:00:34.918893633 0xe900d520 gstelementfactory.c:851:gst_element_factory_list_filter Trying rtpbvdepay
06-06 22:09:48.002  5267  5349 D GStreamer+basesrc: 0:00:34.918899830 0xe900d580 gstbasesrc.c:2455:gst_base_src_get_range:<filesrc0> calling create offset 140289 length 144, time 0
06-06 22:09:48.002  5267  5348 D GStreamer+structure: 0:00:34.918916914 0xe900d520 gststructure.c:2318:gst_structure_parse_field trying field name 'media'
06-06 22:09:48.002  5267  5349 D GStreamer+GST_MEMORY: 0:00:34.918925508 0xe900d580 gstmemory.c:138:gst_memory_init new memory 0xe932eec8, maxsize:147 offset:0 size:144
06-06 22:09:48.002  5267  5348 D GStreamer+structure: 0:00:34.918934258 0xe900d520 gststructure.c:2369:gst_structure_parse_value trying type name 'string'
06-06 22:09:48.002  5267  5349 V GStreamer+GST_BUFFER: 0:00:34.918949726 0xe900d580 gstbuffer.c:727:gst_buffer_new new 0xe932f508
06-06 22:09:48.002  5267  5348 D GStreamer+structure: 0:00:34.918954153 0xe900d520 gststructure.c:2318:gst_structure_parse_field trying field name 'clock-rate'
06-06 22:09:48.002  5267  5348 D GStreamer+structure: 0:00:34.918975091 0xe900d520 gststructure.c:2369:gst_structure_parse_value trying type name 'int'
06-06 22:09:48.002  5267  5349 V GStreamer+GST_BUFFER: 0:00:34.918972591 0xe900d580 gstbuffer.c:342:_memory_add buffer 0xe932f508, idx -1, mem 0xe932eec8
06-06 22:09:48.002  5267  5348 D GStreamer+structure: 0:00:34.919001914 0xe900d520 gststructure.c:2318:gst_structure_parse_field trying field name 'encoding-name'
06-06 22:09:48.002  5267  5349 V GStreamer+GST_BUFFER: 0:00:34.918999726 0xe900d580 gstbuffer.c:783:gst_buffer_new_allocate new buffer 0xe932f508 of size 144 from allocator 0x0
06-06 22:09:48.002  5267  5348 D GStreamer+structure: 0:00:34.919022435 0xe900d520 gststructure.c:2369:gst_structure_parse_value trying type name 'string'
06-06 22:09:48.002  5267  5348 D GStreamer+structure: 0:00:34.919045247 0xe900d520 gststructure.c:2318:gst_structure_parse_field trying field name 'media'
06-06 22:09:48.002  5267  5349 V GStreamer+GST_BUFFER: 0:00:34.919025039 0xe900d580 gstbuffer.c:1649:gst_buffer_map_range buffer 0xe932f508, idx 0, length -1, flags 0002
06-06 22:09:48.002  5267  5348 D GStreamer+structure: 0:00:34.919108997 0xe900d520 gststructure.c:2369:gst_structure_parse_value trying type name 'string'
06-06 22:09:48.002  5267  5349 V GStreamer+GST_BUFFER: 0:00:34.919120560 0xe900d580 gstbuffer.c:212:_get_merged_memory buffer 0xe932f508, idx 0, length 1
06-06 22:09:48.002  5267  5348 D GStreamer+structure: 0:00:34.919128060 0xe900d520 gststructure.c:2318:gst_structure_parse_field trying field name 'clock-rate'
06-06 22:09:48.002  5267  5348 D GStreamer+structure: 0:00:34.919147226 0xe900d520 gststructure.c:2369:gst_structure_parse_value trying type name 'int'
06-06 22:09:48.002  5267  5349 V GStreamer+filesrc: 0:00:34.919145195 0xe900d580 gstfilesrc.c:360:gst_file_src_fill:<filesrc0> Reading 144 bytes at offset 0x22401
06-06 22:09:48.002  5267  5348 D GStreamer+structure: 0:00:34.919167695 0xe900d520 gststructure.c:2318:gst_structure_parse_field trying field name 'encoding-name'
06-06 22:09:48.002  5267  5349 D GStreamer+basesrc: 0:00:34.919173320 0xe900d580 gstbasesrc.c:2309:gst_base_src_do_sync:<filesrc0> we have no clock
06-06 22:09:48.002  5267  5348 D GStreamer+structure: 0:00:34.919186289 0xe900d520 gststructure.c:2369:gst_structure_parse_value trying type name 'string'
06-06 22:09:48.002  5267  5349 D GStreamer+basesrc: 0:00:34.919193060 0xe900d580 gstbasesrc.c:2519:gst_base_src_get_range:<filesrc0> buffer ok
06-06 22:09:48.002  5267  5348 D GStreamer+GST_ELEMENT_FACTORY: 0:00:34.919207018 0xe900d520 gstelementfactory.c:851:gst_element_factory_list_filter Trying rtpceltdepay
06-06 22:09:48.002  5267  5349 V GStreamer+qtdemux: 0:00:34.919212799 0xe900d580 qtdemux.c:5277:gst_qtdemux_decorate_and_push_buffer:<q> Pushing buffer with dts 0:00:00.360000000, pts 0:00:00.360000000, duration 0:00:00.024000000 on pad audio_0
06-06 22:09:48.002  5267  5348 D GStreamer+structure: 0:00:34.919231653 0xe900d520 gststructure.c:2318:gst_structure_parse_field trying field name 'media'
06-06 22:09:48.002  5267  5348 D GStreamer+structure: 0:00:34.919251862 0xe900d520 gststructure.c:2369:gst_structure_parse_value trying type name 'string'
06-06 22:09:48.002  5267  5348 D GStreamer+structure: 0:00:34.919274414 0xe900d520 gststructure.c:2318:gst_structure_parse_field trying field name 'clock-rate'
06-06 22:09:48.002  5267  5349 D GStreamer+GST_SCHEDULING: 0:00:34.919252799 0xe900d580 gstpad.c:4193:gst_pad_chain_data_unchecked:<queue2:sink> calling chainfunction &gst_queue_chain with buffer buffer: 0xe932f508, pts 0:00:00.360000000, dts 0:00:00.360000000, dur 0:00:00.024000000, size 144, offset none, offset_end none, flags 0x0
06-06 22:09:48.002  5267  5348 D GStreamer+structure: 0:00:34.919292330 0xe900d520 gststructure.c:2369:gst_structure_parse_value trying type name 'int'
06-06 22:09:48.002  5267  5348 D GStreamer+structure: 0:00:34.919315247 0xe900d520 gststructure.c:2318:gst_structure_parse_field trying field name 'encoding-name'
06-06 22:09:48.002  5267  5349 V GStreamer+queue_dataflow: 0:00:34.919302903 0xe900d580 gstqueue.c:1181:gst_queue_chain_buffer_or_list:<queue2> received buffer 0xe932f508 of size 144, time 0:00:00.360000000, duration 0:00:00.024000000
06-06 22:09:48.002  5267  5348 D GStreamer+structure: 0:00:34.919335143 0xe900d520 gststructure.c:2369:gst_structure_parse_value trying type name 'string'
06-06 22:09:48.002  5267  5349 V GStreamer+queue: 0:00:34.919336758 0xe900d580 gstqueue.c:633:apply_buffer:<queue2> sink position updated to 0:00:00.384000000
06-06 22:09:48.002  5267  5348 D GStreamer+GST_ELEMENT_FACTORY: 0:00:34.919356601 0xe900d520 gstelementfactory.c:851:gst_element_factory_list_filter Trying rtpdvdepay
06-06 22:09:48.002  5267  5349 V GStreamer+queue: 0:00:34.919363528 0xe900d580 gstqueue.c:529:update_time_level:<queue2> update sink time
06-06 22:09:48.002  5267  5349 V GStreamer+queue: 0:00:34.919381705 0xe900d580 gstqueue.c:547:update_time_level:<queue2> sink +0:00:00.384000000, src +0:00:00.000000000
06-06 22:09:48.002  5267  5349 D GStreamer+GST_SCHEDULING: 0:00:34.919411237 0xe900d580 gstpad.c:4199:gst_pad_chain_data_unchecked:<queue2:sink> called chainfunction &gst_queue_chain with buffer 0xe932f508, returned ok
06-06 22:09:48.002  5267  5349 V GStreamer+qtdemux: 0:00:34.919435247 0xe900d580 qtdemux.c:4949:gst_qtdemux_combine_flows:<q> flow return: ok
06-06 22:09:48.002  5267  5347 D GStreamer+GST_ELEMENT_FACTORY: 0:00:34.915649049 0xe900d4c0 gstelementfactory.c:851:gst_element_factory_list_filter Trying amcviddec-omxnvidiavp8decode
06-06 22:09:48.002  5267  5349 V GStreamer+qtdemux: 0:00:34.919454778 0xe900d580 qtdemux.c:4957:gst_qtdemux_combine_flows:<q> combined flow return: ok
06-06 22:09:48.002  5267  5347 D GStreamer+GST_ELEMENT_FACTORY: 0:00:34.919474101 0xe900d4c0 gstelementfactory.c:851:gst_element_factory_list_filter Trying amcviddec-omxnvidiavp9decode
06-06 22:09:48.002  5267  5349 V GStreamer+qtdemux: 0:00:34.919476966 0xe900d580 qtdemux.c:8003:qtdemux_parse_samples:<q> parsing samples for stream fourcc mp4a, pad audio_0
06-06 22:09:48.002  5267  5347 D GStreamer+GST_ELEMENT_FACTORY: 0:00:34.919494830 0xe900d4c0 gstelementfactory.c:851:gst_element_factory_list_filter Trying apedemux
06-06 22:09:48.002  5267  5349 D GStreamer+qtdemux: 0:00:34.919505299 0xe900d580 qtdemux.c:8014:qtdemux_parse_samples:<q> parsing up to sample 16
06-06 22:09:48.002  5267  5347 D GStreamer+GST_ELEMENT_FACTORY: 0:00:34.919512435 0xe900d4c0 gstelementfactory.c:851:gst_element_factory_list_filter Trying avidemux
06-06 22:09:48.002  5267  5349 V GStreamer+qtdemux: 0:00:34.919524101 0xe900d580 qtdemux.c:8040:qtdemux_parse_samples:<q> sample 16 has size 144
06-06 22:09:48.002  5267  5347 D GStreamer+GST_ELEMENT_FACTORY: 0:00:34.919529414 0xe900d4c0 gstelementfactory.c:851:gst_element_factory_list_filter Trying dashdemux
06-06 22:09:48.002  5267  5347 D GStreamer+GST_ELEMENT_FACTORY: 0:00:34.919551237 0xe900d4c0 gstelementfactory.c:851:gst_element_factory_list_filter Trying dvdemux
06-06 22:09:48.002  5267  5349 V GStreamer+qtdemux: 0:00:34.919546810 0xe900d580 qtdemux.c:8164:qtdemux_parse_samples:<q> creating entry 16 with offset 196179 and size 144
06-06 22:09:48.002  5267  5347 D GStreamer+GST_ELEMENT_FACTORY: 0:00:34.919573997 0xe900d4c0 gstelementfactory.c:851:gst_element_factory_list_filter Trying flacdec
06-06 22:09:48.002  5267  5349 D GStreamer+qtdemux: 0:00:34.919578633 0xe900d580 qtdemux.c:8221:qtdemux_parse_samples:<q> sample 16: index 16, timestamp 0:00:00.384000000
06-06 22:09:48.002  5267  5347 D GStreamer+GST_ELEMENT_FACTORY: 0:00:34.919591497 0xe900d4c0 gstelementfactory.c:851:gst_element_factory_list_filter Trying flvdemux
06-06 22:09:48.002  5267  5349 D GStreamer+qtdemux: 0:00:34.919605299 0xe900d580 qtdemux.c:8321:qtdemux_parse_samples:<q> setting all keyframes
06-06 22:09:48.002  5267  5347 D GStreamer+GST_ELEMENT_FACTORY: 0:00:34.919610508 0xe900d4c0 gstelementfactory.c:851:gst_element_factory_list_filter Trying flxdec
06-06 22:09:48.002  5267  5347 D GStreamer+GST_ELEMENT_FACTORY: 0:00:34.919630351 0xe900d4c0 gstelementfactory.c:851:gst_element_factory_list_filter Trying hlsdemux
06-06 22:09:48.002  5267  5349 V GStreamer+qtdemux: 0:00:34.919628008 0xe900d580 qtdemux.c:5655:gst_qtdemux_loop:<q> loop at position 15003960, state 2
06-06 22:09:48.002  5267  5349 V GStreamer+qtdemux: 0:00:34.919657539 0xe900d580 qtdemux.c:4750:gst_qtdemux_prepare_current_sample:<q> segment active, index = 16 of 299
06-06 22:09:48.002  5267  5347 D GStreamer+GST_ELEMENT_FACTORY: 0:00:34.919674101 0xe900d4c0 gstelementfactory.c:851:gst_element_factory_list_filter Trying icydemux
06-06 22:09:48.002  5267  5349 V GStreamer+qtdemux: 0:00:34.919677591 0xe900d580 qtdemux.c:8003:qtdemux_parse_samples:<q> parsing samples for stream fourcc mp4a, pad audio_0
06-06 22:09:48.002  5267  5347 D GStreamer+GST_ELEMENT_FACTORY: 0:00:34.919697695 0xe900d4c0 gstelementfactory.c:851:gst_element_factory_list_filter Trying id3demux
06-06 22:09:48.002  5267  5349 V GStreamer+qtdemux: 0:00:34.919704414 0xe900d580 qtdemux.c:8385:qtdemux_parse_samples:<q> Tried to parse up to sample 16 but this sample has already been parsed
06-06 22:09:48.002  5267  5347 D GStreamer+GST_ELEMENT_FACTORY: 0:00:34.919727018 0xe900d4c0 gstelementfactory.c:851:gst_element_factory_list_filter Trying jpegdec
06-06 22:09:48.002  5267  5347 D GStreamer+GST_ELEMENT_FACTORY: 0:00:34.919745716 0xe900d4c0 gstelementfactory.c:851:gst_element_factory_list_filter Trying katedec
06-06 22:09:48.002  5267  5349 D GStreamer+qtdemux: 0:00:34.919736549 0xe900d580 qtdemux.c:5512:gst_qtdemux_loop_state_movie:<q> pushing from stream 1, empty 0 offset 196179, size 144, dts=0:00:00.384000000, pts=0:00:00.384000000, duration 0:00:00.024000000
06-06 22:09:48.002  5267  5347 D GStreamer+GST_ELEMENT_FACTORY: 0:00:34.919766966 0xe900d4c0 gstelementfactory.c:851:gst_element_factory_list_filter Trying matroskademux
06-06 22:09:48.002  5267  5349 V GStreamer+qtdemux: 0:00:34.919779049 0xe900d580 qtdemux.c:5566:gst_qtdemux_loop_state_movie:<q> reading 144 bytes @ 196179
06-06 22:09:48.002  5267  5347 D GStreamer+GST_ELEMENT_FACTORY: 0:00:34.919785455 0xe900d4c0 gstelementfactory.c:851:gst_element_factory_list_filter Trying midiparse
06-06 22:09:48.002  5267  5347 D GStreamer+GST_ELEMENT_FACTORY: 0:00:34.919804883 0xe900d4c0 gstelementfactory.c:851:gst_element_factory_list_filter Trying mssdemux
06-06 22:09:48.002  5267  5349 V GStreamer+GST_SCHEDULING: 0:00:34.919805560 0xe900d580 gstpad.c:4654:gst_pad_get_range_unchecked:<filesrc0:src> calling getrangefunc gst_base_src_getrange, offset 196179, size 144
06-06 22:09:48.002  5267  5347 D GStreamer+GST_ELEMENT_FACTORY: 0:00:34.919827851 0xe900d4c0 gstelementfactory.c:851:gst_element_factory_list_filter Trying mulawdec
06-06 22:09:48.002  5267  5347 D GStreamer+GST_ELEMENT_FACTORY: 0:00:34.919844570 0xe900d4c0 gstelementfactory.c:851:gst_element_factory_list_filter Trying multipartdemux
06-06 22:09:48.002  5267  5349 D GStreamer+basesrc: 0:00:34.919835299 0xe900d580 gstbasesrc.c:2354:gst_base_src_update_length:<filesrc0> reading offset 196179, length 144, size 15003960, segment.stop -1, maxsize 15003960
06-06 22:09:48.002  5267  5347 D GStreamer+GST_ELEMENT_FACTORY: 0:00:34.919861705 0xe900d4c0 gstelementfactory.c:851:gst_element_factory_list_filter Trying mxfdemux
06-06 22:09:48.003  5267  5349 D GStreamer+basesrc: 0:00:34.919866862 0xe900d580 gstbasesrc.c:2455:gst_base_src_get_range:<filesrc0> calling create offset 196179 length 144, time 0
06-06 22:09:48.003  5267  5347 D GStreamer+GST_ELEMENT_FACTORY: 0:00:34.919883216 0xe900d4c0 gstelementfactory.c:851:gst_element_factory_list_filter Trying oggdemux
06-06 22:09:48.003  5267  5349 D GStreamer+GST_MEMORY: 0:00:34.919894205 0xe900d580 gstmemory.c:138:gst_memory_init new memory 0xe933d898, maxsize:147 offset:0 size:144
06-06 22:09:48.003  5267  5347 D GStreamer+GST_ELEMENT_FACTORY: 0:00:34.919901601 0xe900d4c0 gstelementfactory.c:851:gst_element_factory_list_filter Trying ogmaudioparse
06-06 22:09:48.003  5267  5349 V GStreamer+GST_BUFFER: 0:00:34.919918789 0xe900d580 gstbuffer.c:727:gst_buffer_new new 0xe932f5a8
06-06 22:09:48.003  5267  5347 D GStreamer+GST_ELEMENT_FACTORY: 0:00:34.919920664 0xe900d4c0 gstelementfactory.c:851:gst_element_factory_list_filter Trying ogmtextparse
06-06 22:09:48.003  5267  5349 V GStreamer+GST_BUFFER: 0:00:34.919940508 0xe900d580 gstbuffer.c:342:_memory_add buffer 0xe932f5a8, idx -1, mem 0xe933d898
06-06 22:09:48.003  5267  5347 D GStreamer+GST_ELEMENT_FACTORY: 0:00:34.919943008 0xe900d4c0 gstelementfactory.c:851:gst_element_factory_list_filter Trying ogmvideoparse
06-06 22:09:48.003  5267  5347 D GStreamer+GST_ELEMENT_FACTORY: 0:00:34.919970560 0xe900d4c0 gstelementfactory.c:851:gst_element_factory_list_filter Trying openjpegdec
06-06 22:09:48.003  5267  5349 V GStreamer+GST_BUFFER: 0:00:34.919968841 0xe900d580 gstbuffer.c:783:gst_buffer_new_allocate new buffer 0xe932f5a8 of size 144 from allocator 0x0
06-06 22:09:48.003  5267  5347 D GStreamer+GST_ELEMENT_FACTORY: 0:00:34.919995091 0xe900d4c0 gstelementfactory.c:851:gst_element_factory_list_filter Trying opusdec
06-06 22:09:48.003  5267  5349 V GStreamer+GST_BUFFER: 0:00:34.919996862 0xe900d580 gstbuffer.c:1649:gst_buffer_map_range buffer 0xe932f5a8, idx 0, length -1, flags 0002
06-06 22:09:48.003  5267  5347 D GStreamer+GST_ELEMENT_FACTORY: 0:00:34.920017539 0xe900d4c0 gstelementfactory.c:851:gst_element_factory_list_filter Trying pngdec
06-06 22:09:48.003  5267  5349 V GStreamer+GST_BUFFER: 0:00:34.920022955 0xe900d580 gstbuffer.c:212:_get_merged_memory buffer 0xe932f5a8, idx 0, length 1
06-06 22:09:48.003  5267  5347 D GStreamer+GST_ELEMENT_FACTORY: 0:00:34.920037487 0xe900d4c0 gstelementfactory.c:851:gst_element_factory_list_filter Trying pnmdec
06-06 22:09:48.003  5267  5349 V GStreamer+filesrc: 0:00:34.920042851 0xe900d580 gstfilesrc.c:360:gst_file_src_fill:<filesrc0> Reading 144 bytes at offset 0x2fe53
06-06 22:09:48.003  5267  5347 D GStreamer+GST_ELEMENT_FACTORY: 0:00:34.920054935 0xe900d4c0 gstelementfactory.c:851:gst_element_factory_list_filter Trying qtdemux
06-06 22:09:48.003  5267  5349 D GStreamer+basesrc: 0:00:34.920067799 0xe900d580 gstbasesrc.c:2309:gst_base_src_do_sync:<filesrc0> we have no clock
06-06 22:09:48.003  5267  5347 D GStreamer+GST_ELEMENT_FACTORY: 0:00:34.920072383 0xe900d4c0 gstelementfactory.c:851:gst_element_factory_list_filter Trying rsvgdec
06-06 22:09:48.003  5267  5349 D GStreamer+basesrc: 0:00:34.920087122 0xe900d580 gstbasesrc.c:2519:gst_base_src_get_range:<filesrc0> buffer ok
06-06 22:09:48.003  5267  5347 D GStreamer+GST_ELEMENT_FACTORY: 0:00:34.920091445 0xe900d4c0 gstelementfactory.c:851:gst_element_factory_list_filter Trying rtpopusdepay
06-06 22:09:48.003  5267  5347 D GStreamer+GST_ELEMENT_FACTORY: 0:00:34.920109362 0xe900d4c0 gstelementfactory.c:851:gst_element_factory_list_filter Trying schrodec
06-06 22:09:48.003  5267  5349 V GStreamer+qtdemux: 0:00:34.920106185 0xe900d580 qtdemux.c:5277:gst_qtdemux_decorate_and_push_buffer:<q> Pushing buffer with dts 0:00:00.384000000, pts 0:00:00.384000000, duration 0:00:00.024000000 on pad audio_0
06-06 22:09:48.003  5267  5347 D GStreamer+GST_ELEMENT_FACTORY: 0:00:34.920132591 0xe900d4c0 gstelementfactory.c:851:gst_element_factory_list_filter Trying speexdec
06-06 22:09:48.003  5267  5347 D GStreamer+GST_ELEMENT_FACTORY: 0:00:34.920151914 0xe900d4c0 gstelementfactory.c:851:gst_element_factory_list_filter Trying theoradec
06-06 22:09:48.003  5267  5347 D GStreamer+GST_ELEMENT_FACTORY: 0:00:34.920173893 0xe900d4c0 gstelementfactory.c:851:gst_element_factory_list_filter Trying vorbisdec
06-06 22:09:48.003  5267  5349 D GStreamer+GST_SCHEDULING: 0:00:34.920150664 0xe900d580 gstpad.c:4193:gst_pad_chain_data_unchecked:<queue2:sink> calling chainfunction &gst_queue_chain with buffer buffer: 0xe932f5a8, pts 0:00:00.384000000, dts 0:00:00.384000000, dur 0:00:00.024000000, size 144, offset none, offset_end none, flags 0x0
06-06 22:09:48.003  5267  5347 D GStreamer+GST_ELEMENT_FACTORY: 0:00:34.920192122 0xe900d4c0 gstelementfactory.c:851:gst_element_factory_list_filter Trying vp8dec
06-06 22:09:48.003  5267  5347 D GStreamer+GST_ELEMENT_FACTORY: 0:00:34.920209153 0xe900d4c0 gstelementfactory.c:851:gst_element_factory_list_filter Trying vp9dec
06-06 22:09:48.003  5267  5349 V GStreamer+queue_dataflow: 0:00:34.920203737 0xe900d580 gstqueue.c:1181:gst_queue_chain_buffer_or_list:<queue2> received buffer 0xe932f5a8 of size 144, time 0:00:00.384000000, duration 0:00:00.024000000
06-06 22:09:48.003  5267  5347 D GStreamer+GST_ELEMENT_FACTORY: 0:00:34.920234414 0xe900d4c0 gstelementfactory.c:851:gst_element_factory_list_filter Trying wavpackdec
06-06 22:09:48.003  5267  5349 V GStreamer+queue: 0:00:34.920242695 0xe900d580 gstqueue.c:633:apply_buffer:<queue2> sink position updated to 0:00:00.408000000
06-06 22:09:48.003  5267  5347 D GStreamer+GST_ELEMENT_FACTORY: 0:00:34.920251080 0xe900d4c0 gstelementfactory.c:851:gst_element_factory_list_filter Trying wavparse
06-06 22:09:48.003  5267  5349 V GStreamer+queue: 0:00:34.920266914 0xe900d580 gstqueue.c:529:update_time_level:<queue2> update sink time
06-06 22:09:48.003  5267  5347 D GStreamer+GST_ELEMENT_FACTORY: 0:00:34.920267955 0xe900d4c0 gstelementfactory.c:851:gst_element_factory_list_filter Trying amcviddec-omxgoogleh263decoder
06-06 22:09:48.003  5267  5347 D GStreamer+GST_ELEMENT_FACTORY: 0:00:34.920289570 0xe900d4c0 gstelementfactory.c:851:gst_element_factory_list_filter Trying amcviddec-omxgoogleh264decoder
06-06 22:09:48.003  5267  5349 V GStreamer+queue: 0:00:34.920289205 0xe900d580 gstqueue.c:547:update_time_level:<queue2> sink +0:00:00.408000000, src +0:00:00.000000000
06-06 22:09:48.003  5267  5347 D GStreamer+GST_ELEMENT_FACTORY: 0:00:34.920318476 0xe900d4c0 gstelementfactory.c:851:gst_element_factory_list_filter Trying amcviddec-omxgooglehevcdecoder
06-06 22:09:48.003  5267  5349 D GStreamer+GST_SCHEDULING: 0:00:34.920327330 0xe900d580 gstpad.c:4199:gst_pad_chain_data_unchecked:<queue2:sink> called chainfunction &gst_queue_chain with buffer 0xe932f5a8, returned ok
06-06 22:09:48.003  5267  5347 D GStreamer+GST_ELEMENT_FACTORY: 0:00:34.920337330 0xe900d4c0 gstelementfactory.c:851:gst_element_factory_list_filter Trying amcviddec-omxgooglempeg4decoder
06-06 22:09:48.003  5267  5349 V GStreamer+qtdemux: 0:00:34.920352226 0xe900d580 qtdemux.c:4949:gst_qtdemux_combine_flows:<q> flow return: ok
06-06 22:09:48.003  5267  5347 D GStreamer+GST_ELEMENT_FACTORY: 0:00:34.920356810 0xe900d4c0 gstelementfactory.c:851:gst_element_factory_list_filter Trying amcviddec-omxgooglevp8decoder
06-06 22:09:48.003  5267  5349 V GStreamer+qtdemux: 0:00:34.920375508 0xe900d580 qtdemux.c:4957:gst_qtdemux_combine_flows:<q> combined flow return: ok
06-06 22:09:48.003  5267  5347 D GStreamer+GST_ELEMENT_FACTORY: 0:00:34.920377539 0xe900d4c0 gstelementfactory.c:851:gst_element_factory_list_filter Trying amcviddec-omxgooglevp9decoder
06-06 22:09:48.003  5267  5347 D GStreamer+GST_ELEMENT_FACTORY: 0:00:34.920401237 0xe900d4c0 gstelementfactory.c:851:gst_element_factory_list_filter Trying auparse
06-06 22:09:48.003  5267  5349 V GStreamer+qtdemux: 0:00:34.920400247 0xe900d580 qtdemux.c:8003:qtdemux_parse_samples:<q> parsing samples for stream fourcc mp4a, pad audio_0
06-06 22:09:48.003  5267  5347 D GStreamer+GST_ELEMENT_FACTORY: 0:00:34.920428164 0xe900d4c0 gstelementfactory.c:851:gst_element_factory_list_filter Trying ivorbisdec
06-06 22:09:48.003  5267  5349 D GStreamer+qtdemux: 0:00:34.920429205 0xe900d580 qtdemux.c:8014:qtdemux_parse_samples:<q> parsing up to sample 17
06-06 22:09:48.003  5267  5347 D GStreamer+GST_ELEMENT_FACTORY: 0:00:34.920450716 0xe900d4c0 gstelementfactory.c:851:gst_element_factory_list_filter Trying rtpL16depay
06-06 22:09:48.003  5267  5349 V GStreamer+qtdemux: 0:00:34.920452383 0xe900d580 qtdemux.c:8040:qtdemux_parse_samples:<q> sample 17 has size 144
06-06 22:09:48.003  5267  5347 D GStreamer+GST_ELEMENT_FACTORY: 0:00:34.920470508 0xe900d4c0 gstelementfactory.c:851:gst_element_factory_list_filter Trying rtpL24depay
06-06 22:09:48.003  5267  5349 V GStreamer+qtdemux: 0:00:34.920477695 0xe900d580 qtdemux.c:8164:qtdemux_parse_samples:<q> creating entry 17 with offset 248139 and size 144
06-06 22:09:48.003  5267  5347 D GStreamer+GST_ELEMENT_FACTORY: 0:00:34.920490508 0xe900d4c0 gstelementfactory.c:851:gst_element_factory_list_filter Trying rtpac3depay
06-06 22:09:48.003  5267  5347 D GStreamer+GST_ELEMENT_FACTORY: 0:00:34.920509570 0xe900d4c0 gstelementfactory.c:851:gst_element_factory_list_filter Trying rtpamrdepay
06-06 22:09:48.003  5267  5349 D GStreamer+qtdemux: 0:00:34.920503060 0xe900d580 qtdemux.c:8221:qtdemux_parse_samples:<q> sample 17: index 17, timestamp 0:00:00.408000000
06-06 22:09:48.003  5267  5349 D GStreamer+qtdemux: 0:00:34.920534674 0xe900d580 qtdemux.c:8321:qtdemux_parse_samples:<q> setting all keyframes
06-06 22:09:48.003  5267  5347 D GStreamer+GST_ELEMENT_FACTORY: 0:00:34.920532643 0xe900d4c0 gstelementfactory.c:851:gst_element_factory_list_filter Trying rtpbvdepay
06-06 22:09:48.003  5267  5347 D GStreamer+GST_ELEMENT_FACTORY: 0:00:34.920554622 0xe900d4c0 gstelementfactory.c:851:gst_element_factory_list_filter Trying rtpceltdepay
06-06 22:09:48.003  5267  5349 V GStreamer+qtdemux: 0:00:34.920555351 0xe900d580 qtdemux.c:5655:gst_qtdemux_loop:<q> loop at position 15003960, state 2
06-06 22:09:48.003  5267  5347 D GStreamer+GST_ELEMENT_FACTORY: 0:00:34.920575351 0xe900d4c0 gstelementfactory.c:851:gst_element_factory_list_filter Trying rtpdvdepay
06-06 22:09:48.003  5267  5349 V GStreamer+qtdemux: 0:00:34.920581810 0xe900d580 qtdemux.c:4750:gst_qtdemux_prepare_current_sample:<q> segment active, index = 3 of 361
06-06 22:09:48.003  5267  5348 D GStreamer+structure: 0:00:34.919377070 0xe900d520 gststructure.c:2318:gst_structure_parse_field trying field name 'media'
06-06 22:09:48.003  5267  5349 V GStreamer+qtdemux: 0:00:34.920601445 0xe900d580 qtdemux.c:8003:qtdemux_parse_samples:<q> parsing samples for stream fourcc avc1, pad video_0
06-06 22:09:48.003  5267  5348 D GStreamer+structure: 0:00:34.920612122 0xe900d520 gststructure.c:2369:gst_structure_parse_value trying type name 'string'
06-06 22:09:48.003  5267  5349 V GStreamer+qtdemux: 0:00:34.920626080 0xe900d580 qtdemux.c:8385:qtdemux_parse_samples:<q> Tried to parse up to sample 3 but this sample has already been parsed
06-06 22:09:48.003  5267  5348 D GStreamer+structure: 0:00:34.920638320 0xe900d520 gststructure.c:2318:gst_structure_parse_field trying field name 'encoding-name'
06-06 22:09:48.003  5267  5348 D GStreamer+structure: 0:00:34.920656653 0xe900d520 gststructure.c:2369:gst_structure_parse_value trying type name 'string'
06-06 22:09:48.003  5267  5349 D GStreamer+qtdemux: 0:00:34.920652591 0xe900d580 qtdemux.c:5512:gst_qtdemux_loop_state_movie:<q> pushing from stream 0, empty 0 offset 140433, size 55746, dts=0:00:00.079666666, pts=0:00:00.079666666, duration 0:00:00.019666667
06-06 22:09:48.003  5267  5348 D GStreamer+structure: 0:00:34.920681497 0xe900d520 gststructure.c:2318:gst_structure_parse_field trying field name 'clock-rate'
06-06 22:09:48.003  5267  5348 D GStreamer+structure: 0:00:34.920701758 0xe900d520 gststructure.c:2369:gst_structure_parse_value trying type name 'int'
06-06 22:09:48.003  5267  5349 V GStreamer+qtdemux: 0:00:34.920701237 0xe900d580 qtdemux.c:5566:gst_qtdemux_loop_state_movie:<q> reading 55746 bytes @ 140433
06-06 22:09:48.003  5267  5348 D GStreamer+structure: 0:00:34.920736653 0xe900d520 gststructure.c:2318:gst_structure_parse_field trying field name 'encode'
06-06 22:09:48.003  5267  5348 D GStreamer+structure: 0:00:34.920754518 0xe900d520 gststructure.c:2369:gst_structure_parse_value trying type name 'string'
06-06 22:09:48.003  5267  5349 V GStreamer+GST_SCHEDULING: 0:00:34.920754049 0xe900d580 gstpad.c:4654:gst_pad_get_range_unchecked:<filesrc0:src> calling getrangefunc gst_base_src_getrange, offset 140433, size 55746
06-06 22:09:48.003  5267  5347 D GStreamer+GST_ELEMENT_FACTORY: 0:00:34.920795768 0xe900d4c0 gstelementfactory.c:851:gst_element_factory_list_filter Trying rtpg722depay
06-06 22:09:48.003  5267  5347 D GStreamer+structure: 0:00:34.920851080 0xe900d4c0 gststructure.c:2318:gst_structure_parse_field trying field name 'media'
