06-06 22:09:47.979  5267  5349 V GStreamer+qtdemux: 0:00:34.896002070 0xe900d580 qtdemux.c:1203:gst_qtdemux_find_segment:<q:audio_0> looking at segment 0:00:00.000000000-0:00:07.176000000
06-06 22:09:47.979  5267  5349 V GStreamer+qtdemux: 0:00:34.896032643 0xe900d580 qtdemux.c:4602:gst_qtdemux_activate_segment:<q:audio_0> activate segment 0, offset 0:00:00.000000000
06-06 22:09:47.979  5267  5348 D GStreamer+GST_CAPS: 0:00:34.895958164 0xe900d520 gstutils.c:2879:gst_pad_query_caps:<typefind:sink> query returned video/x-h264, stream-format=(string)avc, alignment=(string)au, level=(string)4, profile=(string)baseline, codec_data=(buffer)01428028ffe1000a27428028e54028016b2001000528de01ae20, width=(int)1280, height=(int)1440, framerate=(fraction)151/3, pixel-aspect-ratio=(fraction)1/1
06-06 22:09:47.979  5267  5349 V GStreamer+qtdemux: 0:00:34.896061758 0xe900d580 qtdemux.c:4452:gst_qtdemux_stream_segment_get_boundaries:<q:audio_0> seg_time 0:00:00.000000000
06-06 22:09:47.979  5267  5348 V GStreamer+GST_BUFFER: 0:00:34.896084883 0xe900d520 gstbuffer.c:1649:gst_buffer_map_range buffer 0xe930e498, idx 0, length -1, flags 0001
06-06 22:09:47.979  5267  5348 V GStreamer+GST_BUFFER: 0:00:34.896105924 0xe900d520 gstbuffer.c:212:_get_merged_memory buffer 0xe930e498, idx 0, length 1
06-06 22:09:47.979  5267  5349 D GStreamer+qtdemux: 0:00:34.896096393 0xe900d580 qtdemux.c:4542:gst_qtdemux_stream_update_segment:<q:audio_0> new segment 0 from 0:00:00.000000000 to 0:00:07.176000000, time 0:00:00.000000000
06-06 22:09:47.979  5267  5348 V GStreamer+GST_BUFFER: 0:00:34.896160716 0xe900d520 gstbuffer.c:1649:gst_buffer_map_range buffer 0xe930e498, idx 0, length -1, flags 0001
06-06 22:09:47.979  5267  5349 D GStreamer+qtdemux: 0:00:34.896131028 0xe900d580 qtdemux.c:4563:gst_qtdemux_stream_update_segment:<q:audio_0> New segment: time segment start=0:00:00.000000000, offset=0:00:00.000000000, stop=0:00:07.176000000, rate=1.000000, applied_rate=1.000000, flags=0x00, time=0:00:00.000000000, base=0:00:00.000000000, position 0:00:00.000000000, duration 99:99:99.999999999
06-06 22:09:47.979  5267  5348 V GStreamer+GST_BUFFER: 0:00:34.896182122 0xe900d520 gstbuffer.c:212:_get_merged_memory buffer 0xe930e498, idx 0, length 1
06-06 22:09:47.979  5267  5349 I GStreamer+GST_EVENT: 0:00:34.896188320 0xe900d580 gstevent.c:760:gst_event_new_segment creating segment event time segment start=0:00:00.000000000, offset=0:00:00.000000000, stop=0:00:07.176000000, rate=1.000000, applied_rate=1.000000, flags=0x00, time=0:00:00.000000000, base=0:00:00.000000000, position 0:00:00.000000000, duration 99:99:99.999999999
06-06 22:09:47.979  5267  5348 D GStreamer+GST_PADS: 0:00:34.896064674 0xe900d520 gstpad.c:3089:gst_pad_query_accept_caps_default:<typefind:sink> allowed caps subset video/x-h264, stream-format=(string)avc, alignment=(string)au, level=(string)4, profile=(string)baseline, codec_data=(buffer)01428028ffe1000a27428028e54028016b2001000528de01ae20, width=(int)1280, height=(int)1440, framerate=(fraction)151/3, pixel-aspect-ratio=(fraction)1/1, caps video/x-h264, stream-format=(string)avc, alignment=(string)au, level=(string)4, profile=(string)baseline, codec_data=(buffer)01428028ffe1000a27428028e54028016b2001000528de01ae20, width=(int)1280, height=(int)1440, framerate=(fraction)151/3, pixel-aspect-ratio=(fraction)1/1
06-06 22:09:47.979  5267  5349 D GStreamer+GST_EVENT: 0:00:34.896248633 0xe900d580 gstevent.c:302:gst_event_new_custom creating new event 0xe90b4390 segment 17934
06-06 22:09:47.979  5267  5348 D GStreamer+GST_PADS: 0:00:34.896255768 0xe900d520 gstpad.c:3367:gst_pad_query_default:<typefind:sink> not forwarding 0xe9259f80 (accept-caps) query
06-06 22:09:47.979  5267  5349 V GStreamer+GST_PADS: 0:00:34.896274674 0xe900d580 gstpad.c:5087:store_sticky_event:<q:audio_0> stored sticky event segment
06-06 22:09:47.979  5267  5348 D GStreamer+GST_PADS: 0:00:34.896279935 0xe900d520 gstpad.c:3945:gst_pad_query:<typefind:sink> sent query 0xe9259f80 (accept-caps), result 1
06-06 22:09:47.979  5267  5349 D GStreamer+GST_PADS: 0:00:34.896295976 0xe900d580 gstpad.c:3853:check_sticky:<q:audio_0> pushing all sticky events
06-06 22:09:47.979  5267  5348 D GStreamer+default: 0:00:34.896303945 0xe900d520 gstutils.c:2960:gst_pad_query_accept_caps:<typefind:sink> query returned 1
06-06 22:09:47.979  5267  5349 V GStreamer+GST_PADS: 0:00:34.896313945 0xe900d580 gstpad.c:5250:gst_pad_push_event_unchecked:<q:audio_0> sending event 0xe90b4198 (stream-start) to peerpad <queue2:sink>
06-06 22:09:47.979  5267  5348 D GStreamer+typefind: 0:00:34.896326549 0xe900d520 gsttypefindelement.c:665:gst_type_find_element_sink_event:<typefind> got caps event in mode 1
06-06 22:09:47.979  5267  5348 V GStreamer+GST_BUFFER: 0:00:34.896364153 0xe900d520 gstbuffer.c:1649:gst_buffer_map_range buffer 0xe930e498, idx 0, length -1, flags 0001
06-06 22:09:47.979  5267  5349 D GStreamer+GST_EVENT: 0:00:34.896343320 0xe900d580 gstpad.c:5536:gst_pad_send_event_unchecked:<queue2:sink> have event type stream-start event: 0xe90b4198, time 99:99:99.999999999, seq-num 97, GstEventStreamStart, stream-id=(string)71ab440d261a1bb43c19b397eec2373651540427aed1e7b0deb4be62a10a7f25/002, flags=(GstStreamFlags)GST_STREAM_FLAG_NONE, group-id=(uint)0;
06-06 22:09:47.979  5267  5348 V GStreamer+GST_BUFFER: 0:00:34.896390299 0xe900d520 gstbuffer.c:212:_get_merged_memory buffer 0xe930e498, idx 0, length 1
06-06 22:09:47.979  5267  5349 V GStreamer+GST_PADS: 0:00:34.896399362 0xe900d580 gstpad.c:5544:gst_pad_send_event_unchecked:<queue2:sink> Removing pending EOS events
06-06 22:09:47.979  5267  5348 I GStreamer+GST_EVENT: 0:00:34.896352435 0xe900d520 gstevent.c:679:gst_event_new_caps creating caps event video/x-h264, stream-format=(string)avc, alignment=(string)au, level=(string)4, profile=(string)baseline, codec_data=(buffer)01428028ffe1000a27428028e54028016b2001000528de01ae20, width=(int)1280, height=(int)1440, framerate=(fraction)151/3, pixel-aspect-ratio=(fraction)1/1
06-06 22:09:47.979  5267  5349 V GStreamer+queue_dataflow: 0:00:34.896419518 0xe900d580 gstqueue.c:824:gst_queue_locked_enqueue_event:<queue2> (queue2:sink) signal ADD: 0 of 0-200 buffers, 0 of 0-10485760 bytes, 0 of 0-1000000000 ns, 1 items
06-06 22:09:47.979  5267  5349 D GStreamer+GST_PADS: 0:00:34.896460664 0xe900d580 gstpad.c:5609:gst_pad_send_event_unchecked:<queue2:sink> sent event, ret ok
06-06 22:09:47.979  5267  5347 V GStreamer+queue_dataflow: 0:00:34.896467643 0xe900d4c0 gstqueue.c:1497:gst_queue_loop:<queue2> (queue2:src) received ADD: 0 of 0-200 buffers, 0 of 0-10485760 bytes, 0 of 0-1000000000 ns, 1 items
06-06 22:09:47.979  5267  5349 V GStreamer+GST_PADS: 0:00:34.896514310 0xe900d580 gstpad.c:5028:store_sticky_event:<queue2:sink> Removing pending EOS events
06-06 22:09:47.979  5267  5347 D GStreamer+queue_dataflow: 0:00:34.896532695 0xe900d4c0 gstqueue.c:1500:gst_queue_loop:<queue2> queue is not empty
06-06 22:09:47.979  5267  5349 V GStreamer+GST_PADS: 0:00:34.896534466 0xe900d580 gstpad.c:5087:store_sticky_event:<queue2:sink> stored sticky event stream-start
06-06 22:09:47.979  5267  5347 V GStreamer+queue_dataflow: 0:00:34.896561393 0xe900d4c0 gstqueue.c:872:gst_queue_locked_dequeue:<queue2> retrieved event 0xe90b4198 from queue
06-06 22:09:47.979  5267  5349 V GStreamer+GST_PADS: 0:00:34.896559987 0xe900d580 gstpad.c:5258:gst_pad_push_event_unchecked:<q:audio_0> sent event 0xe90b4198 (stream-start) to peerpad <queue2:sink>, ret ok
06-06 22:09:47.979  5267  5347 V GStreamer+GST_PADS: 0:00:34.896587747 0xe900d4c0 gstpad.c:5028:store_sticky_event:<queue2:src> Removing pending EOS events
06-06 22:09:47.979  5267  5349 D GStreamer+GST_PADS: 0:00:34.896592070 0xe900d580 gstpad.c:3805:push_sticky:<q:audio_0> event stream-start marked received
06-06 22:09:47.979  5267  5347 V GStreamer+GST_PADS: 0:00:34.896610091 0xe900d4c0 gstpad.c:5087:store_sticky_event:<queue2:src> stored sticky event stream-start
06-06 22:09:47.979  5267  5349 V GStreamer+GST_PADS: 0:00:34.896614153 0xe900d580 gstpad.c:5250:gst_pad_push_event_unchecked:<q:audio_0> sending event 0xe90b41e0 (caps) to peerpad <queue2:sink>
06-06 22:09:47.979  5267  5347 D GStreamer+GST_PADS: 0:00:34.896634883 0xe900d4c0 gstpad.c:3853:check_sticky:<queue2:src> pushing all sticky events
06-06 22:09:47.979  5267  5347 V GStreamer+GST_PADS: 0:00:34.896653216 0xe900d4c0 gstpad.c:5250:gst_pad_push_event_unchecked:<queue2:src> sending event 0xe90b4198 (stream-start) to peerpad <decodebin1:sink>
06-06 22:09:47.979  5267  5349 D GStreamer+GST_EVENT: 0:00:34.896642487 0xe900d580 gstpad.c:5536:gst_pad_send_event_unchecked:<queue2:sink> have event type caps event: 0xe90b41e0, time 99:99:99.999999999, seq-num 98, GstEventCaps, caps=(GstCaps)"audio/mpeg\,\ mpegversion\=\(int\)1\,\ parsed\=\(boolean\)true\,\ rate\=\(int\)24000\,\ channels\=\(int\)1";
06-06 22:09:47.979  5267  5347 D GStreamer+GST_EVENT: 0:00:34.896685039 0xe900d4c0 gstpad.c:5536:gst_pad_send_event_unchecked:<decodebin1:sink> have event type stream-start event: 0xe90b4198, time 99:99:99.999999999, seq-num 97, GstEventStreamStart, stream-id=(string)71ab440d261a1bb43c19b397eec2373651540427aed1e7b0deb4be62a10a7f25/002, flags=(GstStreamFlags)GST_STREAM_FLAG_NONE, group-id=(uint)0;
06-06 22:09:47.979  5267  5347 V GStreamer+GST_PADS: 0:00:34.896749726 0xe900d4c0 gstpad.c:5544:gst_pad_send_event_unchecked:<decodebin1:sink> Removing pending EOS events
06-06 22:09:47.979  5267  5349 D GStreamer+GST_CAPS: 0:00:34.896700195 0xe900d580 gstutils.c:2955:gst_pad_query_accept_caps:<queue2:sink> accept caps of audio/mpeg, mpegversion=(int)1, parsed=(boolean)true, rate=(int)24000, channels=(int)1
06-06 22:09:47.979  5267  5347 V GStreamer+GST_PADS: 0:00:34.896774101 0xe900d4c0 gstpad.c:3017:gst_pad_event_default:<decodebin1:sink> default event handler for event stream-start event: 0xe90b4198, time 99:99:99.999999999, seq-num 97, GstEventStreamStart, stream-id=(string)71ab440d261a1bb43c19b397eec2373651540427aed1e7b0deb4be62a10a7f25/002, flags=(GstStreamFlags)GST_STREAM_FLAG_NONE, group-id=(uint)0;
06-06 22:09:47.979  5267  5349 D GStreamer+query: 0:00:34.896818737 0xe900d580 gstquery.c:674:gst_query_new_custom creating new query 0xe9259c00 accept-caps
06-06 22:09:47.979  5267  5347 V GStreamer+GST_PADS: 0:00:34.896830143 0xe900d4c0 gstpad.c:2937:gst_pad_forward:<decodebin1:sink> calling forward function on pad sink:proxypad2
06-06 22:09:47.979  5267  5349 D GStreamer+GST_PADS: 0:00:34.896843893 0xe900d580 gstpad.c:3922:gst_pad_query:<queue2:sink> doing query 0xe9259c00 (accept-caps)
06-06 22:09:47.979  5267  5347 V GStreamer+GST_PADS: 0:00:34.896852330 0xe900d4c0 gstpad.c:2982:event_forward_func:<sink:proxypad2> Reffing and pushing event 0xe90b4198 (stream-start) to sink:proxypad2
06-06 22:09:47.980  5267  5347 V GStreamer+GST_PADS: 0:00:34.896878633 0xe900d4c0 gstpad.c:5028:store_sticky_event:<sink:proxypad2> Removing pending EOS events
06-06 22:09:47.980  5267  5349 D GStreamer+GST_PADS: 0:00:34.896868737 0xe900d580 gstpad.c:3059:gst_pad_query_accept_caps_default:<queue2:sink> query accept-caps accept-caps query: 0xe9259c00, GstQueryAcceptCaps, caps=(GstCaps)"audio/mpeg\,\ mpegversion\=\(int\)1\,\ parsed\=\(boolean\)true\,\ rate\=\(int\)24000\,\ channels\=\(int\)1", result=(boolean)false;
06-06 22:09:47.980  5267  5347 V GStreamer+GST_PADS: 0:00:34.896899414 0xe900d4c0 gstpad.c:5087:store_sticky_event:<sink:proxypad2> stored sticky event stream-start
06-06 22:09:47.980  5267  5349 D GStreamer+GST_PADS: 0:00:34.896914987 0xe900d580 gstutils.c:2564:gst_pad_proxy_query_accept_caps:<queue2:sink> proxying accept caps query for queue2:sink
06-06 22:09:47.980  5267  5347 D GStreamer+GST_PADS: 0:00:34.896920195 0xe900d4c0 gstpad.c:3853:check_sticky:<sink:proxypad2> pushing all sticky events
06-06 22:09:47.980  5267  5349 D GStreamer+GST_PADS: 0:00:34.896942799 0xe900d580 gstpad.c:2827:gst_pad_iterate_internal_links_default:<queue2:sink> Making iterator
06-06 22:09:47.980  5267  5347 V GStreamer+GST_PADS: 0:00:34.896943997 0xe900d4c0 gstpad.c:5250:gst_pad_push_event_unchecked:<sink:proxypad2> sending event 0xe90b4198 (stream-start) to peerpad <typefind:sink>
06-06 22:09:47.980  5267  5349 V GStreamer+GST_PADS: 0:00:34.896966289 0xe900d580 gstpad.c:2937:gst_pad_forward:<queue2:sink> calling forward function on pad queue2:src
06-06 22:09:47.980  5267  5349 D GStreamer+GST_PADS: 0:00:34.896991080 0xe900d580 gstpad.c:4049:gst_pad_peer_query:<queue2:src> peer query 0xe9259c00 (accept-caps)
06-06 22:09:47.980  5267  5347 D GStreamer+GST_EVENT: 0:00:34.896972435 0xe900d4c0 gstpad.c:5536:gst_pad_send_event_unchecked:<typefind:sink> have event type stream-start event: 0xe90b4198, time 99:99:99.999999999, seq-num 97, GstEventStreamStart, stream-id=(string)71ab440d261a1bb43c19b397eec2373651540427aed1e7b0deb4be62a10a7f25/002, flags=(GstStreamFlags)GST_STREAM_FLAG_NONE, group-id=(uint)0;
06-06 22:09:47.980  5267  5349 D GStreamer+GST_PADS: 0:00:34.897015664 0xe900d580 gstpad.c:3922:gst_pad_query:<decodebin1:sink> doing query 0xe9259c00 (accept-caps)
06-06 22:09:47.980  5267  5347 V GStreamer+GST_PADS: 0:00:34.897033424 0xe900d4c0 gstpad.c:5544:gst_pad_send_event_unchecked:<typefind:sink> Removing pending EOS events
06-06 22:09:47.980  5267  5347 D GStreamer+typefind: 0:00:34.897053580 0xe900d4c0 gsttypefindelement.c:665:gst_type_find_element_sink_event:<typefind> got stream-start event in mode 1
06-06 22:09:47.980  5267  5349 D GStreamer+GST_PADS: 0:00:34.897039466 0xe900d580 gstpad.c:3059:gst_pad_query_accept_caps_default:<decodebin1:sink> query accept-caps accept-caps query: 0xe9259c00, GstQueryAcceptCaps, caps=(GstCaps)"audio/mpeg\,\ mpegversion\=\(int\)1\,\ parsed\=\(boolean\)true\,\ rate\=\(int\)24000\,\ channels\=\(int\)1", result=(boolean)false;
06-06 22:09:47.980  5267  5347 V GStreamer+GST_PADS: 0:00:34.897080351 0xe900d4c0 gstpad.c:5028:store_sticky_event:<typefind:src> Removing pending EOS events
06-06 22:09:47.980  5267  5349 D GStreamer+GST_PADS: 0:00:34.897087539 0xe900d580 gstutils.c:2564:gst_pad_proxy_query_accept_caps:<decodebin1:sink> proxying accept caps query for decodebin1:sink
06-06 22:09:47.980  5267  5347 V GStreamer+GST_PADS: 0:00:34.897098268 0xe900d4c0 gstpad.c:5087:store_sticky_event:<typefind:src> stored sticky event stream-start
06-06 22:09:47.980  5267  5347 D GStreamer+GST_PADS: 0:00:34.897116810 0xe900d4c0 gstpad.c:3853:check_sticky:<typefind:src> pushing all sticky events
06-06 22:09:47.980  5267  5349 V GStreamer+GST_PADS: 0:00:34.897113424 0xe900d580 gstpad.c:2937:gst_pad_forward:<decodebin1:sink> calling forward function on pad sink:proxypad2
06-06 22:09:47.980  5267  5347 D GStreamer+GST_PADS: 0:00:34.897138424 0xe900d4c0 gstpad.c:5306:gst_pad_push_event_unchecked:<typefind:src> Dropping event stream-start because pad is not linked
06-06 22:09:47.980  5267  5349 D GStreamer+GST_PADS: 0:00:34.897139935 0xe900d580 gstpad.c:4049:gst_pad_peer_query:<sink:proxypad2> peer query 0xe9259c00 (accept-caps)
06-06 22:09:47.980  5267  5347 D GStreamer+GST_PADS: 0:00:34.897166705 0xe900d4c0 gstpad.c:3824:push_sticky:<typefind:src> pad was not linked, mark pending
06-06 22:09:47.980  5267  5349 D GStreamer+GST_PADS: 0:00:34.897168841 0xe900d580 gstpad.c:3922:gst_pad_query:<typefind:sink> doing query 0xe9259c00 (accept-caps)
06-06 22:09:47.980  5267  5347 D GStreamer+GST_PADS: 0:00:34.897190612 0xe900d4c0 gstpad.c:5609:gst_pad_send_event_unchecked:<typefind:sink> sent event, ret ok
06-06 22:09:47.980  5267  5347 V GStreamer+GST_PADS: 0:00:34.897216028 0xe900d4c0 gstpad.c:5028:store_sticky_event:<typefind:sink> Removing pending EOS events
06-06 22:09:47.980  5267  5349 D GStreamer+GST_PADS: 0:00:34.897194883 0xe900d580 gstpad.c:3059:gst_pad_query_accept_caps_default:<typefind:sink> query accept-caps accept-caps query: 0xe9259c00, GstQueryAcceptCaps, caps=(GstCaps)"audio/mpeg\,\ mpegversion\=\(int\)1\,\ parsed\=\(boolean\)true\,\ rate\=\(int\)24000\,\ channels\=\(int\)1", result=(boolean)false;
06-06 22:09:47.980  5267  5347 V GStreamer+GST_PADS: 0:00:34.897236705 0xe900d4c0 gstpad.c:5087:store_sticky_event:<typefind:sink> stored sticky event stream-start
06-06 22:09:47.980  5267  5349 D GStreamer+GST_PERFORMANCE: 0:00:34.897245039 0xe900d580 gstpad.c:3074:gst_pad_query_accept_caps_default:<typefind:sink> fallback ACCEPT_CAPS query, consider implementing a specialized version
06-06 22:09:47.980  5267  5347 V GStreamer+GST_PADS: 0:00:34.897258528 0xe900d4c0 gstpad.c:5258:gst_pad_push_event_unchecked:<sink:proxypad2> sent event 0xe90b4198 (stream-start) to peerpad <typefind:sink>, ret ok
06-06 22:09:47.980  5267  5349 D GStreamer+GST_CAPS: 0:00:34.897264778 0xe900d580 gstutils.c:2872:gst_pad_query_caps:<typefind:sink> get pad caps with filter audio/mpeg, mpegversion=(int)1, parsed=(boolean)true, rate=(int)24000, channels=(int)1
06-06 22:09:47.980  5267  5347 D GStreamer+GST_PADS: 0:00:34.897294726 0xe900d4c0 gstpad.c:3805:push_sticky:<sink:proxypad2> event stream-start marked received
06-06 22:09:47.980  5267  5349 D GStreamer+query: 0:00:34.897306185 0xe900d580 gstquery.c:674:gst_query_new_custom creating new query 0xe9259c30 caps
06-06 22:09:47.980  5267  5347 D GStreamer+GST_PADS: 0:00:34.897316653 0xe900d4c0 gstpad.c:5609:gst_pad_send_event_unchecked:<decodebin1:sink> sent event, ret ok
06-06 22:09:47.980  5267  5349 D GStreamer+GST_PADS: 0:00:34.897326028 0xe900d580 gstpad.c:3922:gst_pad_query:<typefind:sink> doing query 0xe9259c30 (caps)
06-06 22:09:47.980  5267  5347 V GStreamer+GST_PADS: 0:00:34.897338268 0xe900d4c0 gstpad.c:5028:store_sticky_event:<decodebin1:sink> Removing pending EOS events
06-06 22:09:47.980  5267  5347 V GStreamer+GST_PADS: 0:00:34.897356549 0xe900d4c0 gstpad.c:5087:store_sticky_event:<decodebin1:sink> stored sticky event stream-start
06-06 22:09:47.980  5267  5349 D GStreamer+GST_CAPS: 0:00:34.897347955 0xe900d580 gstpad.c:3112:gst_pad_query_caps_default:<typefind:sink> query caps caps query: 0xe9259c30, GstQueryCaps, filter=(GstCaps)"audio/mpeg\,\ mpegversion\=\(int\)1\,\ parsed\=\(boolean\)true\,\ rate\=\(int\)24000\,\ channels\=\(int\)1", caps=(GstCaps)"NULL";
06-06 22:09:47.980  5267  5347 V GStreamer+GST_PADS: 0:00:34.897380299 0xe900d4c0 gstpad.c:5258:gst_pad_push_event_unchecked:<queue2:src> sent event 0xe90b4198 (stream-start) to peerpad <decodebin1:sink>, ret ok
06-06 22:09:47.980  5267  5349 D GStreamer+GST_CAPS: 0:00:34.897397851 0xe900d580 gstpad.c:3135:gst_pad_query_caps_default:<typefind:sink> trying pad template caps
06-06 22:09:47.980  5267  5347 D GStreamer+GST_PADS: 0:00:34.897410768 0xe900d4c0 gstpad.c:3805:push_sticky:<queue2:src> event stream-start marked received
06-06 22:09:47.980  5267  5349 D GStreamer+GST_CAPS: 0:00:34.897415924 0xe900d580 gstpad.c:3159:gst_pad_query_caps_default:<typefind:sink> using caps 0xe8e15918 ANY with filter 0xe9255590 audio/mpeg, mpegversion=(int)1, parsed=(boolean)true, rate=(int)24000, channels=(int)1
06-06 22:09:47.980  5267  5347 D GStreamer+queue_dataflow: 0:00:34.897434674 0xe900d4c0 gstqueue.c:1488:gst_queue_loop:<queue2> queue is empty
06-06 22:09:47.980  5267  5349 D GStreamer+GST_CAPS: 0:00:34.897460091 0xe900d580 gstpad.c:3162:gst_pad_query_caps_default:<typefind:sink> result 0xe9255590 audio/mpeg, mpegversion=(int)1, parsed=(boolean)true, rate=(int)24000, channels=(int)1
06-06 22:09:47.980  5267  5347 V GStreamer+queue_dataflow: 0:00:34.897461862 0xe900d4c0 gstqueue.c:1497:gst_queue_loop:<queue2> (queue2:src) wait for ADD: 0 of 0-200 buffers, 0 of 0-10485760 bytes, 0 of 0-1000000000 ns, 0 items
06-06 22:09:47.980  5267  5349 D GStreamer+GST_PADS: 0:00:34.897504518 0xe900d580 gstpad.c:3367:gst_pad_query_default:<typefind:sink> not forwarding 0xe9259c30 (caps) query
06-06 22:09:47.980  5267  5348 D GStreamer+GST_EVENT: 0:00:34.896476549 0xe900d520 gstevent.c:302:gst_event_new_custom creating new event 0xe91b6b48 caps 12814
06-06 22:09:47.980  5267  5348 V GStreamer+GST_PADS: 0:00:34.897533685 0xe900d520 gstpad.c:5087:store_sticky_event:<typefind:src> stored sticky event caps
06-06 22:09:47.980  5267  5349 D GStreamer+GST_PADS: 0:00:34.897532018 0xe900d580 gstpad.c:3945:gst_pad_query:<typefind:sink> sent query 0xe9259c30 (caps), result 1
06-06 22:09:47.980  5267  5348 D GStreamer+GST_PADS: 0:00:34.897561133 0xe900d520 gstpad.c:5093:store_sticky_event:<typefind:src> notify caps
06-06 22:09:47.980  5267  5349 D GStreamer+GST_CAPS: 0:00:34.897562278 0xe900d580 gstutils.c:2879:gst_pad_query_caps:<typefind:sink> query returned audio/mpeg, mpegversion=(int)1, parsed=(boolean)true, rate=(int)24000, channels=(int)1
06-06 22:09:47.980  5267  5348 V GStreamer+GST_PROPERTIES: 0:00:34.897589778 0xe900d520 gstobject.c:473:gst_object_dispatch_properties_changed:<typefind> deep notification from src (caps)
06-06 22:09:47.980  5267  5348 V GStreamer+GST_PROPERTIES: 0:00:34.897616445 0xe900d520 gstobject.c:473:gst_object_dispatch_properties_changed:<forhwgl> deep notification from src (caps)
06-06 22:09:47.980  5267  5349 D GStreamer+GST_PADS: 0:00:34.897600403 0xe900d580 gstpad.c:3089:gst_pad_query_accept_caps_default:<typefind:sink> allowed caps subset audio/mpeg, mpegversion=(int)1, parsed=(boolean)true, rate=(int)24000, channels=(int)1, caps audio/mpeg, mpegversion=(int)1, parsed=(boolean)true, rate=(int)24000, channels=(int)1
06-06 22:09:47.980  5267  5348 V GStreamer+GST_PROPERTIES: 0:00:34.897639414 0xe900d520 gstobject.c:473:gst_object_dispatch_properties_changed:<pipeline0> deep notification from src (caps)
06-06 22:09:47.980  5267  5349 D GStreamer+GST_PADS: 0:00:34.897648060 0xe900d580 gstpad.c:3367:gst_pad_query_default:<typefind:sink> not forwarding 0xe9259c00 (accept-caps) query
06-06 22:09:47.980  5267  5349 D GStreamer+GST_PADS: 0:00:34.897671028 0xe900d580 gstpad.c:3945:gst_pad_query:<typefind:sink> sent query 0xe9259c00 (accept-caps), result 1
06-06 22:09:47.980  5267  5348 V GStreamer+GST_BUFFER: 0:00:34.897689726 0xe900d520 gstbuffer.c:1649:gst_buffer_map_range buffer 0xe930e498, idx 0, length -1, flags 0001
06-06 22:09:47.980  5267  5348 V GStreamer+GST_BUFFER: 0:00:34.897711601 0xe900d520 gstbuffer.c:212:_get_merged_memory buffer 0xe930e498, idx 0, length 1
06-06 22:09:47.980  5267  5349 D GStreamer+GST_PADS: 0:00:34.897707330 0xe900d580 gstutils.c:2575:gst_pad_proxy_query_accept_caps:<decodebin1:sink> proxying accept caps query: 1
06-06 22:09:47.980  5267  5349 D GStreamer+GST_PADS: 0:00:34.897745976 0xe900d580 gstpad.c:3089:gst_pad_query_accept_caps_default:<decodebin1:sink> allowed caps subset ANY, caps audio/mpeg, mpegversion=(int)1, parsed=(boolean)true, rate=(int)24000, channels=(int)1
06-06 22:09:47.980  5267  5348 D GStreamer+decodebin: 0:00:34.897670560 0xe900d520 gstdecodebin2.c:2860:type_found:<forhwgl> typefind found caps video/x-h264, stream-format=(string)avc, alignment=(string)au, level=(string)4, profile=(string)baseline, codec_data=(buffer)01428028ffe1000a27428028e54028016b2001000528de01ae20, width=(int)1280, height=(int)1440, framerate=(fraction)151/3, pixel-aspect-ratio=(fraction)1/1
06-06 22:09:47.980  5267  5349 D GStreamer+GST_PADS: 0:00:34.897782695 0xe900d580 gstpad.c:3367:gst_pad_query_default:<decodebin1:sink> not forwarding 0xe9259c00 (accept-caps) query
06-06 22:09:47.980  5267  5348 I GStreamer+GST_ELEMENT_PADS: 0:00:34.897793268 0xe900d520 gstelement.c:909:gst_element_get_static_pad found pad typefind:src
06-06 22:09:47.980  5267  5349 D GStreamer+GST_PADS: 0:00:34.897807018 0xe900d580 gstpad.c:3945:gst_pad_query:<decodebin1:sink> sent query 0xe9259c00 (accept-caps), result 1
06-06 22:09:47.980  5267  5348 I GStreamer+GST_ELEMENT_PADS: 0:00:34.897814570 0xe900d520 gstelement.c:909:gst_element_get_static_pad found pad typefind:sink
06-06 22:09:47.980  5267  5349 D GStreamer+GST_PADS: 0:00:34.897836341 0xe900d580 gstutils.c:2575:gst_pad_proxy_query_accept_caps:<queue2:sink> proxying accept caps query: 1
06-06 22:09:47.980  5267  5348 D GStreamer+decodebin: 0:00:34.897842799 0xe900d520 gstdecodebin2.c:3523:gst_decode_chain_new:<forhwgl> Creating new chain 0xe924f018 with parent group 0x0
06-06 22:09:47.981  5267  5349 D GStreamer+GST_PADS: 0:00:34.897863893 0xe900d580 gstpad.c:3089:gst_pad_query_accept_caps_default:<queue2:sink> allowed caps subset ANY, caps audio/mpeg, mpegversion=(int)1, parsed=(boolean)true, rate=(int)24000, channels=(int)1
06-06 22:09:47.981  5267  5348 V GStreamer+GST_BUFFER: 0:00:34.897886185 0xe900d520 gstbuffer.c:1649:gst_buffer_map_range buffer 0xe930e498, idx 0, length -1, flags 0001
06-06 22:09:47.981  5267  5348 V GStreamer+GST_BUFFER: 0:00:34.897910039 0xe900d520 gstbuffer.c:212:_get_merged_memory buffer 0xe930e498, idx 0, length 1
06-06 22:09:47.981  5267  5349 D GStreamer+GST_PADS: 0:00:34.897907018 0xe900d580 gstpad.c:3367:gst_pad_query_default:<queue2:sink> not forwarding 0xe9259c00 (accept-caps) query
06-06 22:09:47.981  5267  5349 D GStreamer+GST_PADS: 0:00:34.897939362 0xe900d580 gstpad.c:3945:gst_pad_query:<queue2:sink> sent query 0xe9259c00 (accept-caps), result 1
06-06 22:09:47.981  5267  5348 D GStreamer+decodebin: 0:00:34.897868580 0xe900d520 gstdecodebin2.c:1534:analyze_new_pad:<forhwgl> Pad typefind:src caps:video/x-h264, stream-format=(string)avc, alignment=(string)au, level=(string)4, profile=(string)baseline, codec_data=(buffer)01428028ffe1000a27428028e54028016b2001000528de01ae20, width=(int)1280, height=(int)1440, framerate=(fraction)151/3, pixel-aspect-ratio=(fraction)1/1
06-06 22:09:47.981  5267  5349 D GStreamer+default: 0:00:34.897960560 0xe900d580 gstutils.c:2960:gst_pad_query_accept_caps:<queue2:sink> query returned 1
06-06 22:09:47.981  5267  5348 D GStreamer+decodebin: 0:00:34.897989362 0xe900d520 gstdecodebin2.c:5085:gst_decode_pad_new:<forhwgl> making new decodepad
06-06 22:09:47.981  5267  5349 V GStreamer+queue_dataflow: 0:00:34.897990143 0xe900d580 gstqueue.c:824:gst_queue_locked_enqueue_event:<queue2> (queue2:sink) signal ADD: 0 of 0-200 buffers, 0 of 0-10485760 bytes, 0 of 0-1000000000 ns, 1 items
06-06 22:09:47.981  5267  5349 D GStreamer+GST_PADS: 0:00:34.898032070 0xe900d580 gstpad.c:5609:gst_pad_send_event_unchecked:<queue2:sink> sent event, ret ok
06-06 22:09:47.981  5267  5347 V GStreamer+queue_dataflow: 0:00:34.898036862 0xe900d4c0 gstqueue.c:1497:gst_queue_loop:<queue2> (queue2:src) received ADD: 0 of 0-200 buffers, 0 of 0-10485760 bytes, 0 of 0-1000000000 ns, 1 items
06-06 22:09:47.981  5267  5349 V GStreamer+GST_PADS: 0:00:34.898058528 0xe900d580 gstpad.c:5087:store_sticky_event:<queue2:sink> stored sticky event caps
06-06 22:09:47.981  5267  5347 D GStreamer+queue_dataflow: 0:00:34.898077383 0xe900d4c0 gstqueue.c:1500:gst_queue_loop:<queue2> queue is not empty
06-06 22:09:47.981  5267  5349 D GStreamer+GST_PADS: 0:00:34.898079310 0xe900d580 gstpad.c:5093:store_sticky_event:<queue2:sink> notify caps
06-06 22:09:47.981  5267  5347 V GStreamer+queue_dataflow: 0:00:34.898102070 0xe900d4c0 gstqueue.c:872:gst_queue_locked_dequeue:<queue2> retrieved event 0xe90b41e0 from queue
06-06 22:09:47.981  5267  5347 V GStreamer+GST_PADS: 0:00:34.898125143 0xe900d4c0 gstpad.c:5087:store_sticky_event:<queue2:src> stored sticky event caps
06-06 22:09:47.981  5267  5347 D GStreamer+GST_PADS: 0:00:34.898146080 0xe900d4c0 gstpad.c:5093:store_sticky_event:<queue2:src> notify caps
06-06 22:09:47.981  5267  5349 V GStreamer+GST_PROPERTIES: 0:00:34.898185508 0xe900d580 gstobject.c:473:gst_object_dispatch_properties_changed:<queue2> deep notification from sink (caps)
06-06 22:09:47.981  5267  5347 V GStreamer+GST_PROPERTIES: 0:00:34.898190560 0xe900d4c0 gstobject.c:473:gst_object_dispatch_properties_changed:<queue2> deep notification from src (caps)
06-06 22:09:47.981  5267  5349 V GStreamer+GST_PROPERTIES: 0:00:34.898220091 0xe900d580 gstobject.c:473:gst_object_dispatch_properties_changed:<pipeline0> deep notification from sink (caps)
06-06 22:09:47.981  5267  5347 V GStreamer+GST_PROPERTIES: 0:00:34.898221862 0xe900d4c0 gstobject.c:473:gst_object_dispatch_properties_changed:<pipeline0> deep notification from src (caps)
06-06 22:09:47.981  5267  5347 D GStreamer+GST_PADS: 0:00:34.898252851 0xe900d4c0 gstpad.c:3853:check_sticky:<queue2:src> pushing all sticky events
06-06 22:09:47.981  5267  5349 V GStreamer+GST_PADS: 0:00:34.898251914 0xe900d580 gstpad.c:5258:gst_pad_push_event_unchecked:<q:audio_0> sent event 0xe90b41e0 (caps) to peerpad <queue2:sink>, ret ok
06-06 22:09:47.981  5267  5347 D GStreamer+GST_PADS: 0:00:34.898277174 0xe900d4c0 gstpad.c:3785:push_sticky:<queue2:src> event stream-start was already received
06-06 22:09:47.981  5267  5349 D GStreamer+GST_PADS: 0:00:34.898286862 0xe900d580 gstpad.c:3805:push_sticky:<q:audio_0> event caps marked received
06-06 22:09:47.981  5267  5347 V GStreamer+GST_PADS: 0:00:34.898299622 0xe900d4c0 gstpad.c:5250:gst_pad_push_event_unchecked:<queue2:src> sending event 0xe90b41e0 (caps) to peerpad <decodebin1:sink>
06-06 22:09:47.981  5267  5349 V GStreamer+GST_PADS: 0:00:34.898308112 0xe900d580 gstpad.c:5250:gst_pad_push_event_unchecked:<q:audio_0> sending event 0xe90b4390 (segment) to peerpad <queue2:sink>
06-06 22:09:47.981  5267  5347 D GStreamer+GST_EVENT: 0:00:34.898336028 0xe900d4c0 gstpad.c:5536:gst_pad_send_event_unchecked:<decodebin1:sink> have event type caps event: 0xe90b41e0, time 99:99:99.999999999, seq-num 98, GstEventCaps, caps=(GstCaps)"audio/mpeg\,\ mpegversion\=\(int\)1\,\ parsed\=\(boolean\)true\,\ rate\=\(int\)24000\,\ channels\=\(int\)1";
06-06 22:09:47.981  5267  5347 D GStreamer+GST_CAPS: 0:00:34.898395612 0xe900d4c0 gstutils.c:2955:gst_pad_query_accept_caps:<decodebin1:sink> accept caps of audio/mpeg, mpegversion=(int)1, parsed=(boolean)true, rate=(int)24000, channels=(int)1
06-06 22:09:47.981  5267  5349 D GStreamer+GST_EVENT: 0:00:34.898340560 0xe900d580 gstpad.c:5536:gst_pad_send_event_unchecked:<queue2:sink> have event type segment event: 0xe90b4390, time 99:99:99.999999999, seq-num 106, GstEventSegment, segment=(GstSegment)"GstSegment, flags=(GstSegmentFlags)GST_SEGMENT_FLAG_NONE, rate=(double)1, applied-rate=(double)1, format=(GstFormat)GST_FORMAT_TIME, base=(guint64)0, offset=(guint64)0, start=(guint64)0, stop=(guint64)7176000000, time=(guint64)0, position=(guint64)0, duration=(guint64)18446744073709551615;";
06-06 22:09:47.981  5267  5347 D GStreamer+query: 0:00:34.898446133 0xe900d4c0 gstquery.c:674:gst_query_new_custom creating new query 0xe91b5c00 accept-caps
06-06 22:09:47.981  5267  5347 D GStreamer+GST_PADS: 0:00:34.898468737 0xe900d4c0 gstpad.c:3922:gst_pad_query:<decodebin1:sink> doing query 0xe91b5c00 (accept-caps)
06-06 22:09:47.981  5267  5347 D GStreamer+GST_PADS: 0:00:34.898490143 0xe900d4c0 gstpad.c:3059:gst_pad_query_accept_caps_default:<decodebin1:sink> query accept-caps accept-caps query: 0xe91b5c00, GstQueryAcceptCaps, caps=(GstCaps)"audio/mpeg\,\ mpegversion\=\(int\)1\,\ parsed\=\(boolean\)true\,\ rate\=\(int\)24000\,\ channels\=\(int\)1", result=(boolean)false;
06-06 22:09:47.981  5267  5347 D GStreamer+GST_PADS: 0:00:34.898534830 0xe900d4c0 gstutils.c:2564:gst_pad_proxy_query_accept_caps:<decodebin1:sink> proxying accept caps query for decodebin1:sink
06-06 22:09:47.981  5267  5347 V GStreamer+GST_PADS: 0:00:34.898558528 0xe900d4c0 gstpad.c:2937:gst_pad_forward:<decodebin1:sink> calling forward function on pad sink:proxypad2
06-06 22:09:47.981  5267  5349 D GStreamer+queue: 0:00:34.898465612 0xe900d580 gstqueue.c:578:apply_segment:<queue2> configured SEGMENT time segment start=0:00:00.000000000, offset=0:00:00.000000000, stop=0:00:07.176000000, rate=1.000000, applied_rate=1.000000, flags=0x00, time=0:00:00.000000000, base=0:00:00.000000000, position 0:00:00.000000000, duration 99:99:99.999999999
06-06 22:09:47.981  5267  5347 D GStreamer+GST_PADS: 0:00:34.898582174 0xe900d4c0 gstpad.c:4049:gst_pad_peer_query:<sink:proxypad2> peer query 0xe91b5c00 (accept-caps)
06-06 22:09:47.981  5267  5349 V GStreamer+queue: 0:00:34.898589987 0xe900d580 gstqueue.c:529:update_time_level:<queue2> update sink time
06-06 22:09:47.981  5267  5349 V GStreamer+queue: 0:00:34.898610455 0xe900d580 gstqueue.c:538:update_time_level:<queue2> update src time
06-06 22:09:47.981  5267  5347 D GStreamer+GST_PADS: 0:00:34.898606289 0xe900d4c0 gstpad.c:3922:gst_pad_query:<typefind:sink> doing query 0xe91b5c00 (accept-caps)
06-06 22:09:47.981  5267  5349 V GStreamer+queue: 0:00:34.898629830 0xe900d580 gstqueue.c:547:update_time_level:<queue2> sink +0:00:00.000000000, src +0:00:00.000000000
06-06 22:09:47.981  5267  5347 D GStreamer+GST_PADS: 0:00:34.898633841 0xe900d4c0 gstpad.c:3059:gst_pad_query_accept_caps_default:<typefind:sink> query accept-caps accept-caps query: 0xe91b5c00, GstQueryAcceptCaps, caps=(GstCaps)"audio/mpeg\,\ mpegversion\=\(int\)1\,\ parsed\=\(boolean\)true\,\ rate\=\(int\)24000\,\ channels\=\(int\)1", result=(boolean)false;
06-06 22:09:47.981  5267  5349 V GStreamer+queue_dataflow: 0:00:34.898670664 0xe900d580 gstqueue.c:805:gst_queue_locked_enqueue_event:<queue2> Apply segment on srcpad
06-06 22:09:47.981  5267  5347 D GStreamer+GST_PERFORMANCE: 0:00:34.898692955 0xe900d4c0 gstpad.c:3074:gst_pad_query_accept_caps_default:<typefind:sink> fallback ACCEPT_CAPS query, consider implementing a specialized version
06-06 22:09:47.981  5267  5349 D GStreamer+queue: 0:00:34.898693737 0xe900d580 gstqueue.c:578:apply_segment:<queue2> configured SEGMENT time segment start=0:00:00.000000000, offset=0:00:00.000000000, stop=0:00:07.176000000, rate=1.000000, applied_rate=1.000000, flags=0x00, time=0:00:00.000000000, base=0:00:00.000000000, position 0:00:00.000000000, duration 99:99:99.999999999
06-06 22:09:47.981  5267  5347 D GStreamer+GST_CAPS: 0:00:34.898730403 0xe900d4c0 gstutils.c:2872:gst_pad_query_caps:<typefind:sink> get pad caps with filter audio/mpeg, mpegversion=(int)1, parsed=(boolean)true, rate=(int)24000, channels=(int)1
06-06 22:09:47.981  5267  5349 V GStreamer+queue: 0:00:34.898775247 0xe900d580 gstqueue.c:538:update_time_level:<queue2> update src time
06-06 22:09:47.981  5267  5347 D GStreamer+query: 0:00:34.898776810 0xe900d4c0 gstquery.c:674:gst_query_new_custom creating new query 0xe91b5c30 caps
06-06 22:09:47.981  5267  5347 D GStreamer+GST_PADS: 0:00:34.898801758 0xe900d4c0 gstpad.c:3922:gst_pad_query:<typefind:sink> doing query 0xe91b5c30 (caps)
06-06 22:09:47.981  5267  5349 V GStreamer+queue: 0:00:34.898798945 0xe900d580 gstqueue.c:547:update_time_level:<queue2> sink +0:00:00.000000000, src +0:00:00.000000000
06-06 22:09:47.981  5267  5349 D GStreamer+GST_PADS: 0:00:34.898836653 0xe900d580 gstpad.c:5609:gst_pad_send_event_unchecked:<queue2:sink> sent event, ret ok
06-06 22:09:47.981  5267  5349 V GStreamer+GST_PADS: 0:00:34.898859883 0xe900d580 gstpad.c:5087:store_sticky_event:<queue2:sink> stored sticky event segment
06-06 22:09:47.981  5267  5347 D GStreamer+GST_CAPS: 0:00:34.898833633 0xe900d4c0 gstpad.c:3112:gst_pad_query_caps_default:<typefind:sink> query caps caps query: 0xe91b5c30, GstQueryCaps, filter=(GstCaps)"audio/mpeg\,\ mpegversion\=\(int\)1\,\ parsed\=\(boolean\)true\,\ rate\=\(int\)24000\,\ channels\=\(int\)1", caps=(GstCaps)"NULL";
06-06 22:09:47.982  5267  5347 D GStreamer+GST_CAPS: 0:00:34.898888945 0xe900d4c0 gstpad.c:3135:gst_pad_query_caps_default:<typefind:sink> trying pad template caps
06-06 22:09:47.982  5267  5349 V GStreamer+GST_PADS: 0:00:34.898886445 0xe900d580 gstpad.c:5258:gst_pad_push_event_unchecked:<q:audio_0> sent event 0xe90b4390 (segment) to peerpad <queue2:sink>, ret ok
06-06 22:09:47.982  5267  5349 D GStreamer+GST_PADS: 0:00:34.898917955 0xe900d580 gstpad.c:3805:push_sticky:<q:audio_0> event segment marked received
06-06 22:09:47.982  5267  5347 D GStreamer+GST_CAPS: 0:00:34.898913633 0xe900d4c0 gstpad.c:3159:gst_pad_query_caps_default:<typefind:sink> using caps 0xe8e15918 ANY with filter 0xe9255590 audio/mpeg, mpegversion=(int)1, parsed=(boolean)true, rate=(int)24000, channels=(int)1
06-06 22:09:47.982  5267  5349 D GStreamer+qtdemux: 0:00:34.898943528 0xe900d580 qtdemux.c:940:gst_qtdemux_push_tags:<q> Checking pad q:audio_0 for tags
06-06 22:09:47.982  5267  5347 D GStreamer+GST_CAPS: 0:00:34.898954622 0xe900d4c0 gstpad.c:3162:gst_pad_query_caps_default:<typefind:sink> result 0xe9255590 audio/mpeg, mpegversion=(int)1, parsed=(boolean)true, rate=(int)24000, channels=(int)1
06-06 22:09:47.982  5267  5349 D GStreamer+qtdemux: 0:00:34.898964987 0xe900d580 qtdemux.c:944:gst_qtdemux_push_tags:<q> Sending tags taglist, audio-codec=(string)"MPEG-1\ audio", maximum-bitrate=(uint)48000, bitrate=(uint)48000, language-code=(string)en;
06-06 22:09:47.982  5267  5347 D GStreamer+GST_PADS: 0:00:34.898994414 0xe900d4c0 gstpad.c:3367:gst_pad_query_default:<typefind:sink> not forwarding 0xe91b5c30 (caps) query
06-06 22:09:47.982  5267  5349 D GStreamer+GST_EVENT: 0:00:34.899007903 0xe900d580 gstevent.c:302:gst_event_new_custom creating new event 0xe91b6830 tag 20510
06-06 22:09:47.982  5267  5347 D GStreamer+GST_PADS: 0:00:34.899019570 0xe900d4c0 gstpad.c:3945:gst_pad_query:<typefind:sink> sent query 0xe91b5c30 (caps), result 1
06-06 22:09:47.982  5267  5349 V GStreamer+GST_PADS: 0:00:34.899030403 0xe900d580 gstpad.c:5087:store_sticky_event:<q:audio_0> stored sticky event tag
06-06 22:09:47.982  5267  5349 D GStreamer+GST_PADS: 0:00:34.899049101 0xe900d580 gstpad.c:3853:check_sticky:<q:audio_0> pushing all sticky events
06-06 22:09:47.982  5267  5347 D GStreamer+GST_CAPS: 0:00:34.899044101 0xe900d4c0 gstutils.c:2879:gst_pad_query_caps:<typefind:sink> query returned audio/mpeg, mpegversion=(int)1, parsed=(boolean)true, rate=(int)24000, channels=(int)1
06-06 22:09:47.982  5267  5349 D GStreamer+GST_PADS: 0:00:34.899067955 0xe900d580 gstpad.c:3785:push_sticky:<q:audio_0> event stream-start was already received
06-06 22:09:47.982  5267  5349 D GStreamer+GST_PADS: 0:00:34.899087122 0xe900d580 gstpad.c:3785:push_sticky:<q:audio_0> event caps was already received
06-06 22:09:47.982  5267  5347 D GStreamer+GST_PADS: 0:00:34.899077070 0xe900d4c0 gstpad.c:3089:gst_pad_query_accept_caps_default:<typefind:sink> allowed caps subset audio/mpeg, mpegversion=(int)1, parsed=(boolean)true, rate=(int)24000, channels=(int)1, caps audio/mpeg, mpegversion=(int)1, parsed=(boolean)true, rate=(int)24000, channels=(int)1
06-06 22:09:47.982  5267  5349 D GStreamer+GST_PADS: 0:00:34.899111497 0xe900d580 gstpad.c:3785:push_sticky:<q:audio_0> event segment was already received
06-06 22:09:47.982  5267  5347 D GStreamer+GST_PADS: 0:00:34.899121810 0xe900d4c0 gstpad.c:3367:gst_pad_query_default:<typefind:sink> not forwarding 0xe91b5c00 (accept-caps) query
06-06 22:09:47.982  5267  5349 V GStreamer+GST_PADS: 0:00:34.899131705 0xe900d580 gstpad.c:5250:gst_pad_push_event_unchecked:<q:audio_0> sending event 0xe91b6830 (tag) to peerpad <queue2:sink>
06-06 22:09:47.982  5267  5347 D GStreamer+GST_PADS: 0:00:34.899148528 0xe900d4c0 gstpad.c:3945:gst_pad_query:<typefind:sink> sent query 0xe91b5c00 (accept-caps), result 1
06-06 22:09:47.982  5267  5347 D GStreamer+GST_PADS: 0:00:34.899175612 0xe900d4c0 gstutils.c:2575:gst_pad_proxy_query_accept_caps:<decodebin1:sink> proxying accept caps query: 1
06-06 22:09:47.982  5267  5349 D GStreamer+GST_EVENT: 0:00:34.899157330 0xe900d580 gstpad.c:5536:gst_pad_send_event_unchecked:<queue2:sink> have event type tag event: 0xe91b6830, time 99:99:99.999999999, seq-num 108, GstTagList-stream, taglist=(taglist)"taglist\,\ audio-codec\=\(string\)\"MPEG-1\\\ audio\"\,\ maximum-bitrate\=\(uint\)48000\,\ bitrate\=\(uint\)48000\,\ language-code\=\(string\)en\;";
06-06 22:09:47.982  5267  5349 D GStreamer+GST_PADS: 0:00:34.899214205 0xe900d580 gstpad.c:5609:gst_pad_send_event_unchecked:<queue2:sink> sent event, ret ok
06-06 22:09:47.982  5267  5347 D GStreamer+GST_PADS: 0:00:34.899201133 0xe900d4c0 gstpad.c:3089:gst_pad_query_accept_caps_default:<decodebin1:sink> allowed caps subset ANY, caps audio/mpeg, mpegversion=(int)1, parsed=(boolean)true, rate=(int)24000, channels=(int)1
06-06 22:09:47.982  5267  5349 V GStreamer+GST_PADS: 0:00:34.899239935 0xe900d580 gstpad.c:5087:store_sticky_event:<queue2:sink> stored sticky event tag
06-06 22:09:47.982  5267  5347 D GStreamer+GST_PADS: 0:00:34.899241341 0xe900d4c0 gstpad.c:3367:gst_pad_query_default:<decodebin1:sink> not forwarding 0xe91b5c00 (accept-caps) query
06-06 22:09:47.982  5267  5349 V GStreamer+GST_PADS: 0:00:34.899263112 0xe900d580 gstpad.c:5258:gst_pad_push_event_unchecked:<q:audio_0> sent event 0xe91b6830 (tag) to peerpad <queue2:sink>, ret ok
06-06 22:09:47.982  5267  5347 D GStreamer+GST_PADS: 0:00:34.899268060 0xe900d4c0 gstpad.c:3945:gst_pad_query:<decodebin1:sink> sent query 0xe91b5c00 (accept-caps), result 1
06-06 22:09:47.982  5267  5349 D GStreamer+GST_PADS: 0:00:34.899299830 0xe900d580 gstpad.c:3805:push_sticky:<q:audio_0> event tag marked received
06-06 22:09:47.982  5267  5347 D GStreamer+default: 0:00:34.899300820 0xe900d4c0 gstutils.c:2960:gst_pad_query_accept_caps:<decodebin1:sink> query returned 1
06-06 22:09:47.982  5267  5349 D GStreamer+qtdemux: 0:00:34.899322955 0xe900d580 qtdemux.c:952:gst_qtdemux_push_tags:<q> Sending global tags taglist, datetime=(datetime)2016-05-10T02:46:01Z, container-format=(string)"ISO\ MP4/M4A";
06-06 22:09:47.982  5267  5347 V GStreamer+GST_PADS: 0:00:34.899325872 0xe900d4c0 gstpad.c:3017:gst_pad_event_default:<decodebin1:sink> default event handler for event caps event: 0xe90b41e0, time 99:99:99.999999999, seq-num 98, GstEventCaps, caps=(GstCaps)"audio/mpeg\,\ mpegversion\=\(int\)1\,\ parsed\=\(boolean\)true\,\ rate\=\(int\)24000\,\ channels\=\(int\)1";
06-06 22:09:47.982  5267  5349 D GStreamer+GST_EVENT: 0:00:34.899375143 0xe900d580 gstevent.c:302:gst_event_new_custom creating new event 0xe91b6878 tag 20510
06-06 22:09:47.982  5267  5347 V GStreamer+GST_PADS: 0:00:34.899389414 0xe900d4c0 gstpad.c:2937:gst_pad_forward:<decodebin1:sink> calling forward function on pad sink:proxypad2
06-06 22:09:47.982  5267  5349 V GStreamer+GST_PADS: 0:00:34.899397122 0xe900d580 gstpad.c:5087:store_sticky_event:<q:audio_0> stored sticky event tag
06-06 22:09:47.982  5267  5349 D GStreamer+GST_PADS: 0:00:34.899423164 0xe900d580 gstpad.c:3853:check_sticky:<q:audio_0> pushing all sticky events
06-06 22:09:47.982  5267  5347 V GStreamer+GST_PADS: 0:00:34.899416185 0xe900d4c0 gstpad.c:2982:event_forward_func:<sink:proxypad2> Reffing and pushing event 0xe90b41e0 (caps) to sink:proxypad2
06-06 22:09:47.982  5267  5349 D GStreamer+GST_PADS: 0:00:34.899444935 0xe900d580 gstpad.c:3785:push_sticky:<q:audio_0> event stream-start was already received
06-06 22:09:47.982  5267  5347 V GStreamer+GST_PADS: 0:00:34.899446810 0xe900d4c0 gstpad.c:5087:store_sticky_event:<sink:proxypad2> stored sticky event caps
06-06 22:09:47.982  5267  5347 D GStreamer+GST_PADS: 0:00:34.899471914 0xe900d4c0 gstpad.c:5093:store_sticky_event:<sink:proxypad2> notify caps
06-06 22:09:47.982  5267  5349 D GStreamer+GST_PADS: 0:00:34.899471497 0xe900d580 gstpad.c:3785:push_sticky:<q:audio_0> event caps was already received
06-06 22:09:47.982  5267  5349 D GStreamer+GST_PADS: 0:00:34.899496237 0xe900d580 gstpad.c:3785:push_sticky:<q:audio_0> event segment was already received
06-06 22:09:47.982  5267  5347 V GStreamer+GST_PROPERTIES: 0:00:34.899499258 0xe900d4c0 gstobject.c:473:gst_object_dispatch_properties_changed:<decodebin1:sink> deep notification from proxypad2 (caps)
06-06 22:09:47.982  5267  5349 D GStreamer+GST_PADS: 0:00:34.899519726 0xe900d580 gstpad.c:3785:push_sticky:<q:audio_0> event tag was already received
06-06 22:09:47.982  5267  5347 V GStreamer+GST_PROPERTIES: 0:00:34.899526028 0xe900d4c0 gstobject.c:473:gst_object_dispatch_properties_changed:<decodebin1> deep notification from proxypad2 (caps)
06-06 22:09:47.982  5267  5349 V GStreamer+GST_PADS: 0:00:34.899539049 0xe900d580 gstpad.c:5250:gst_pad_push_event_unchecked:<q:audio_0> sending event 0xe91b6878 (tag) to peerpad <queue2:sink>
06-06 22:09:47.982  5267  5347 V GStreamer+GST_PROPERTIES: 0:00:34.899548008 0xe900d4c0 gstobject.c:473:gst_object_dispatch_properties_changed:<pipeline0> deep notification from proxypad2 (caps)
06-06 22:09:47.982  5267  5347 D GStreamer+GST_PADS: 0:00:34.899573580 0xe900d4c0 gstpad.c:3853:check_sticky:<sink:proxypad2> pushing all sticky events
06-06 22:09:47.982  5267  5347 D GStreamer+GST_PADS: 0:00:34.899595091 0xe900d4c0 gstpad.c:3785:push_sticky:<sink:proxypad2> event stream-start was already received
06-06 22:09:47.982  5267  5349 D GStreamer+GST_EVENT: 0:00:34.899566914 0xe900d580 gstpad.c:5536:gst_pad_send_event_unchecked:<queue2:sink> have event type tag event: 0xe91b6878, time 99:99:99.999999999, seq-num 109, GstTagList-global, taglist=(taglist)"taglist\,\ datetime\=\(datetime\)2016-05-10T02:46:01Z\,\ container-format\=\(string\)\"ISO\\\ MP4/M4A\"\;";
06-06 22:09:47.982  5267  5347 V GStreamer+GST_PADS: 0:00:34.899618633 0xe900d4c0 gstpad.c:5250:gst_pad_push_event_unchecked:<sink:proxypad2> sending event 0xe90b41e0 (caps) to peerpad <typefind:sink>
06-06 22:09:47.982  5267  5349 D GStreamer+GST_PADS: 0:00:34.899628685 0xe900d580 gstpad.c:5609:gst_pad_send_event_unchecked:<queue2:sink> sent event, ret ok
06-06 22:09:47.982  5267  5349 V GStreamer+GST_PADS: 0:00:34.899649414 0xe900d580 gstpad.c:5087:store_sticky_event:<queue2:sink> stored sticky event tag
06-06 22:09:47.982  5267  5347 D GStreamer+GST_EVENT: 0:00:34.899645768 0xe900d4c0 gstpad.c:5536:gst_pad_send_event_unchecked:<typefind:sink> have event type caps event: 0xe90b41e0, time 99:99:99.999999999, seq-num 98, GstEventCaps, caps=(GstCaps)"audio/mpeg\,\ mpegversion\=\(int\)1\,\ parsed\=\(boolean\)true\,\ rate\=\(int\)24000\,\ channels\=\(int\)1";
06-06 22:09:47.982  5267  5349 V GStreamer+GST_PADS: 0:00:34.899674674 0xe900d580 gstpad.c:5258:gst_pad_push_event_unchecked:<q:audio_0> sent event 0xe91b6878 (tag) to peerpad <queue2:sink>, ret ok
06-06 22:09:47.982  5267  5349 D GStreamer+GST_PADS: 0:00:34.899711185 0xe900d580 gstpad.c:3805:push_sticky:<q:audio_0> event tag marked received
06-06 22:09:47.982  5267  5347 D GStreamer+GST_CAPS: 0:00:34.899710247 0xe900d4c0 gstutils.c:2955:gst_pad_query_accept_caps:<typefind:sink> accept caps of audio/mpeg, mpegversion=(int)1, parsed=(boolean)true, rate=(int)24000, channels=(int)1
06-06 22:09:47.982  5267  5349 D GStreamer+qtdemux: 0:00:34.899751497 0xe900d580 qtdemux.c:4633:gst_qtdemux_activate_segment:<q:audio_0> moving data pointer to 0:00:00.000000000, index: 0, pts 0:00:00.000000000
06-06 22:09:47.982  5267  5347 D GStreamer+query: 0:00:34.899763685 0xe900d4c0 gstquery.c:674:gst_query_new_custom creating new query 0xe91b5c60 accept-caps
06-06 22:09:47.982  5267  5349 D GStreamer+qtdemux: 0:00:34.899787539 0xe900d580 qtdemux.c:1176:gst_qtdemux_find_keyframe:<q> searching for keyframe index before index 0 gave 0
06-06 22:09:47.982  5267  5347 D GStreamer+GST_PADS: 0:00:34.899788268 0xe900d4c0 gstpad.c:3922:gst_pad_query:<typefind:sink> doing query 0xe91b5c60 (accept-caps)
06-06 22:09:47.982  5267  5349 D GStreamer+qtdemux: 0:00:34.899815403 0xe900d580 qtdemux.c:4686:gst_qtdemux_activate_segment:<q:audio_0> moving backwards to keyframe at 0 (pts 0:00:00.000000000 dts 0:00:00.000000000 )
06-06 22:09:47.982  5267  5347 D GStreamer+GST_PADS: 0:00:34.899814518 0xe900d4c0 gstpad.c:3059:gst_pad_query_accept_caps_default:<typefind:sink> query accept-caps accept-caps query: 0xe91b5c60, GstQueryAcceptCaps, caps=(GstCaps)"audio/mpeg\,\ mpegversion\=\(int\)1\,\ parsed\=\(boolean\)true\,\ rate\=\(int\)24000\,\ channels\=\(int\)1", result=(boolean)false;
06-06 22:09:47.982  5267  5349 D GStreamer+qtdemux: 0:00:34.899849622 0xe900d580 qtdemux.c:1234:gst_qtdemux_move_stream:<q> moving to sample 0 of 299
06-06 22:09:47.983  5267  5347 D GStreamer+GST_PERFORMANCE: 0:00:34.899869935 0xe900d4c0 gstpad.c:3074:gst_pad_query_accept_caps_default:<typefind:sink> fallback ACCEPT_CAPS query, consider implementing a specialized version
06-06 22:09:47.983  5267  5349 V GStreamer+qtdemux: 0:00:34.899874674 0xe900d580 qtdemux.c:4750:gst_qtdemux_prepare_current_sample:<q> segment active, index = 0 of 299
06-06 22:09:47.983  5267  5349 V GStreamer+qtdemux: 0:00:34.899899518 0xe900d580 qtdemux.c:8003:qtdemux_parse_samples:<q> parsing samples for stream fourcc mp4a, pad audio_0
06-06 22:09:47.983  5267  5347 D GStreamer+GST_CAPS: 0:00:34.899896133 0xe900d4c0 gstutils.c:2872:gst_pad_query_caps:<typefind:sink> get pad caps with filter audio/mpeg, mpegversion=(int)1, parsed=(boolean)true, rate=(int)24000, channels=(int)1
06-06 22:09:47.983  5267  5349 V GStreamer+qtdemux: 0:00:34.899931393 0xe900d580 qtdemux.c:8385:qtdemux_parse_samples:<q> Tried to parse up to sample 0 but this sample has already been parsed
06-06 22:09:47.983  5267  5347 D GStreamer+query: 0:00:34.899937539 0xe900d4c0 gstquery.c:674:gst_query_new_custom creating new query 0xe91b5c90 caps
06-06 22:09:47.983  5267  5347 D GStreamer+GST_PADS: 0:00:34.899958008 0xe900d4c0 gstpad.c:3922:gst_pad_query:<typefind:sink> doing query 0xe91b5c90 (caps)
06-06 22:09:47.983  5267  5349 D GStreamer+qtdemux: 0:00:34.899956080 0xe900d580 qtdemux.c:5512:gst_qtdemux_loop_state_movie:<q> pushing from stream 1, empty 0 offset 48, size 144, dts=0:00:00.000000000, pts=0:00:00.000000000, duration 0:00:00.024000000
06-06 22:09:47.983  5267  5349 V GStreamer+qtdemux: 0:00:34.900001341 0xe900d580 qtdemux.c:5566:gst_qtdemux_loop_state_movie:<q> reading 144 bytes @ 48
06-06 22:09:47.983  5267  5347 D GStreamer+GST_CAPS: 0:00:34.899991497 0xe900d4c0 gstpad.c:3112:gst_pad_query_caps_default:<typefind:sink> query caps caps query: 0xe91b5c90, GstQueryCaps, filter=(GstCaps)"audio/mpeg\,\ mpegversion\=\(int\)1\,\ parsed\=\(boolean\)true\,\ rate\=\(int\)24000\,\ channels\=\(int\)1", caps=(GstCaps)"NULL";
06-06 22:09:47.983  5267  5349 V GStreamer+GST_SCHEDULING: 0:00:34.900030508 0xe900d580 gstpad.c:4654:gst_pad_get_range_unchecked:<filesrc0:src> calling getrangefunc gst_base_src_getrange, offset 48, size 144
