06-06 22:09:48.032  5267  5347 D GStreamer+bin: 0:00:34.949505560 0xe900d4c0 gstbin.c:958:bin_replace_message:<decodebin1> got new message 0xe9308c60, structure-change from proxypad5
06-06 22:09:48.032  5267  5349 V GStreamer+qtdemux: 0:00:34.949512018 0xe900d580 qtdemux.c:5566:gst_qtdemux_loop_state_movie:<q> reading 144 bytes @ 859088
06-06 22:09:48.032  5267  5347 D GStreamer+GST_BUS: 0:00:34.949531080 0xe900d4c0 gstbus.c:344:gst_bus_post:<bus2> [msg 0xe9308c60] dropped
06-06 22:09:48.032  5267  5349 V GStreamer+GST_SCHEDULING: 0:00:34.949541601 0xe900d580 gstpad.c:4654:gst_pad_get_range_unchecked:<filesrc0:src> calling getrangefunc gst_base_src_getrange, offset 859088, size 144
06-06 22:09:48.032  5267  5347 I GStreamer+GST_PADS: 0:00:34.949552226 0xe900d4c0 gstpad.c:2315:gst_pad_link_prepare trying to link mpegaudioparse0:src and decodepad1:proxypad5
06-06 22:09:48.032  5267  5349 D GStreamer+basesrc: 0:00:34.949566133 0xe900d580 gstbasesrc.c:2354:gst_base_src_update_length:<filesrc0> reading offset 859088, length 144, size 15003960, segment.stop -1, maxsize 15003960
06-06 22:09:48.032  5267  5347 I GStreamer+GST_PADS: 0:00:34.949574830 0xe900d4c0 gstpad.c:2521:gst_pad_link_full linked mpegaudioparse0:src and decodepad1:proxypad5, successful
06-06 22:09:48.032  5267  5347 I GStreamer+GST_EVENT: 0:00:34.949598841 0xe900d4c0 gstevent.c:1382:gst_event_new_reconfigure creating reconfigure event
06-06 22:09:48.032  5267  5349 D GStreamer+basesrc: 0:00:34.949598528 0xe900d580 gstbasesrc.c:2455:gst_base_src_get_range:<filesrc0> calling create offset 859088 length 144, time 0
06-06 22:09:48.032  5267  5347 D GStreamer+GST_EVENT: 0:00:34.949615976 0xe900d4c0 gstevent.c:302:gst_event_new_custom creating new event 0xe91b5b18 reconfigure 61441
06-06 22:09:48.032  5267  5349 D GStreamer+GST_MEMORY: 0:00:34.949626497 0xe900d580 gstmemory.c:138:gst_memory_init new memory 0xe93a2ba8, maxsize:147 offset:0 size:144
06-06 22:09:48.032  5267  5349 V GStreamer+GST_BUFFER: 0:00:34.949650403 0xe900d580 gstbuffer.c:727:gst_buffer_new new 0xe93dc028
06-06 22:09:48.032  5267  5347 D GStreamer+GST_EVENT: 0:00:34.949636549 0xe900d4c0 gstpad.c:5536:gst_pad_send_event_unchecked:<mpegaudioparse0:src> have event type reconfigure event: 0xe91b5b18, time 99:99:99.999999999, seq-num 145, (NULL)
06-06 22:09:48.032  5267  5349 V GStreamer+GST_BUFFER: 0:00:34.949673372 0xe900d580 gstbuffer.c:342:_memory_add buffer 0xe93dc028, idx -1, mem 0xe93a2ba8
06-06 22:09:48.032  5267  5347 I GStreamer+GST_EVENT: 0:00:34.949676341 0xe900d4c0 gstpad.c:5641:gst_pad_send_event_unchecked:<mpegaudioparse0:src> Received event on flushing pad. Discarding
06-06 22:09:48.032  5267  5347 V GStreamer+GST_EVENT: 0:00:34.949697539 0xe900d4c0 gstevent.c:219:_gst_event_free freeing event 0xe91b5b18 type reconfigure
06-06 22:09:48.032  5267  5349 V GStreamer+GST_BUFFER: 0:00:34.949695976 0xe900d580 gstbuffer.c:783:gst_buffer_new_allocate new buffer 0xe93dc028 of size 144 from allocator 0x0
06-06 22:09:48.032  5267  5349 V GStreamer+GST_BUFFER: 0:00:34.949734414 0xe900d580 gstbuffer.c:1649:gst_buffer_map_range buffer 0xe93dc028, idx 0, length -1, flags 0002
06-06 22:09:48.032  5267  5347 V GStreamer+GST_MESSAGE: 0:00:34.949735872 0xe900d4c0 gstmessage.c:293:gst_message_new_custom source proxypad5: creating new message 0xe9308cb8 structure-change
06-06 22:09:48.032  5267  5349 V GStreamer+GST_BUFFER: 0:00:34.949768372 0xe900d580 gstbuffer.c:212:_get_merged_memory buffer 0xe93dc028, idx 0, length 1
06-06 22:09:48.032  5267  5349 V GStreamer+filesrc: 0:00:34.949798789 0xe900d580 gstfilesrc.c:360:gst_file_src_fill:<filesrc0> Reading 144 bytes at offset 0xd1bd0
06-06 22:09:48.032  5267  5347 D GStreamer+GST_BUS: 0:00:34.949770351 0xe900d4c0 gstbus.c:309:gst_bus_post:<bus2> [msg 0xe9308cb8] posting on bus structure-change message: 0xe9308cb8, time 99:99:99.999999999, seq-num 146, element 'proxypad5', GstMessageStructureChange, type=(GstStructureChangeType)GST_STRUCTURE_CHANGE_TYPE_PAD_LINK, owner=(GstElement)"\(GstMpegAudioParse\)\ mpegaudioparse0", busy=(boolean)false;
06-06 22:09:48.032  5267  5349 D GStreamer+basesrc: 0:00:34.949827799 0xe900d580 gstbasesrc.c:2309:gst_base_src_do_sync:<filesrc0> we have no clock
06-06 22:09:48.032  5267  5349 D GStreamer+basesrc: 0:00:34.949846237 0xe900d580 gstbasesrc.c:2519:gst_base_src_get_range:<filesrc0> buffer ok
06-06 22:09:48.032  5267  5347 D GStreamer+decodebin: 0:00:34.949835143 0xe900d4c0 gstdecodebin2.c:5492:gst_decode_bin_handle_message:<decodebin1> Forwarding msg structure-change message: 0xe9308cb8, time 99:99:99.999999999, seq-num 146, element 'proxypad5', GstMessageStructureChange, type=(GstStructureChangeType)GST_STRUCTURE_CHANGE_TYPE_PAD_LINK, owner=(GstElement)"\(GstMpegAudioParse\)\ mpegaudioparse0", busy=(boolean)false;
06-06 22:09:48.033  5267  5349 V GStreamer+qtdemux: 0:00:34.949869830 0xe900d580 qtdemux.c:5277:gst_qtdemux_decorate_and_push_buffer:<q> Pushing buffer with dts 0:00:00.672000000, pts 0:00:00.672000000, duration 0:00:00.024000000 on pad audio_0
06-06 22:09:48.033  5267  5347 D GStreamer+bin: 0:00:34.949887278 0xe900d4c0 gstbin.c:3654:gst_bin_handle_message_func:<decodebin1> [msg 0xe9308cb8] handling child proxypad5 message of type structure-change
06-06 22:09:48.033  5267  5347 V GStreamer+bin: 0:00:34.949915403 0xe900d4c0 gstbin.c:889:message_check looking at message 0xe9308c60: 1
06-06 22:09:48.033  5267  5347 D GStreamer+bin: 0:00:34.949939622 0xe900d4c0 gstbin.c:986:bin_remove_messages:<decodepad1:proxypad5> deleting message 0xe9308c60 of types 0x00001000
06-06 22:09:48.033  5267  5349 D GStreamer+GST_SCHEDULING: 0:00:34.949914153 0xe900d580 gstpad.c:4193:gst_pad_chain_data_unchecked:<queue2:sink> calling chainfunction &gst_queue_chain with buffer buffer: 0xe93dc028, pts 0:00:00.672000000, dts 0:00:00.672000000, dur 0:00:00.024000000, size 144, offset none, offset_end none, flags 0x0
06-06 22:09:48.033  5267  5347 V GStreamer+GST_MESSAGE: 0:00:34.949965143 0xe900d4c0 gstmessage.c:200:_gst_message_free finalize message 0xe9308c60, structure-change from proxypad5
06-06 22:09:48.033  5267  5349 V GStreamer+queue_dataflow: 0:00:34.949970039 0xe900d580 gstqueue.c:1181:gst_queue_chain_buffer_or_list:<queue2> received buffer 0xe93dc028 of size 144, time 0:00:00.672000000, duration 0:00:00.024000000
06-06 22:09:48.033  5267  5347 V GStreamer+bin: 0:00:34.949989883 0xe900d4c0 gstbin.c:889:message_check looking at message 0xe90126d8: 0
06-06 22:09:48.033  5267  5349 V GStreamer+queue: 0:00:34.950000612 0xe900d580 gstqueue.c:633:apply_buffer:<queue2> sink position updated to 0:00:00.696000000
06-06 22:09:48.033  5267  5347 D GStreamer+bin: 0:00:34.950007539 0xe900d4c0 gstbin.c:992:bin_remove_messages:<decodebin1> not deleting message 0xe90126d8 of type 0x00100000
06-06 22:09:48.033  5267  5349 V GStreamer+queue: 0:00:34.950025872 0xe900d580 gstqueue.c:529:update_time_level:<queue2> update sink time
06-06 22:09:48.033  5267  5347 V GStreamer+GST_MESSAGE: 0:00:34.950030195 0xe900d4c0 gstmessage.c:200:_gst_message_free finalize message 0xe9308cb8, structure-change from proxypad5
06-06 22:09:48.033  5267  5347 D GStreamer+GST_BUS: 0:00:34.950053633 0xe900d4c0 gstbus.c:344:gst_bus_post:<bus2> [msg 0xe9308cb8] dropped
06-06 22:09:48.033  5267  5349 V GStreamer+queue: 0:00:34.950044935 0xe900d580 gstqueue.c:547:update_time_level:<queue2> sink +0:00:00.696000000, src +0:00:00.000000000
06-06 22:09:48.033  5267  5349 D GStreamer+GST_SCHEDULING: 0:00:34.950079153 0xe900d580 gstpad.c:4199:gst_pad_chain_data_unchecked:<queue2:sink> called chainfunction &gst_queue_chain with buffer 0xe93dc028, returned ok
06-06 22:09:48.033  5267  5347 V GStreamer+decodebin: 0:00:34.950076810 0xe900d4c0 gstdecodebin2.c:3228:are_final_caps:<decodebin1> Checking with caps audio/mpeg, mpegversion=(int)1, layer=(int)[ 1, 3 ], mpegaudioversion=(int)[ 1, 3 ], rate=(int)[ 8000, 48000 ], channels=(int)[ 1, 2 ], parsed=(boolean)true
06-06 22:09:48.033  5267  5349 V GStreamer+qtdemux: 0:00:34.950111445 0xe900d580 qtdemux.c:4949:gst_qtdemux_combine_flows:<q> flow return: ok
06-06 22:09:48.033  5267  5347 V GStreamer+decodebin: 0:00:34.950124674 0xe900d4c0 gstdecodebin2.c:3235:are_final_caps:<decodebin1> Caps are not final caps
06-06 22:09:48.033  5267  5349 V GStreamer+qtdemux: 0:00:34.950130820 0xe900d580 qtdemux.c:4957:gst_qtdemux_combine_flows:<q> combined flow return: ok
06-06 22:09:48.033  5267  5347 D GStreamer+decodebin: 0:00:34.950154101 0xe900d4c0 gstdecodebin2.c:1901:analyze_new_pad:<mpegaudioparse0:src> pad has non-fixed caps delay autoplugging
06-06 22:09:48.033  5267  5349 V GStreamer+qtdemux: 0:00:34.950152018 0xe900d580 qtdemux.c:8003:qtdemux_parse_samples:<q> parsing samples for stream fourcc mp4a, pad audio_0
06-06 22:09:48.033  5267  5349 D GStreamer+qtdemux: 0:00:34.950178216 0xe900d580 qtdemux.c:8014:qtdemux_parse_samples:<q> parsing up to sample 29
06-06 22:09:48.033  5267  5347 V GStreamer+decodebin: 0:00:34.950178008 0xe900d4c0 gstdecodebin2.c:1915:analyze_new_pad:<decodebin1> locking chain 0xe924f6a0 from thread 0xe900d4c0
06-06 22:09:48.033  5267  5349 V GStreamer+qtdemux: 0:00:34.950204883 0xe900d580 qtdemux.c:8040:qtdemux_parse_samples:<q> sample 29 has size 144
06-06 22:09:48.033  5267  5347 V GStreamer+decodebin: 0:00:34.950206966 0xe900d4c0 gstdecodebin2.c:1915:analyze_new_pad:<decodebin1> locked chain 0xe924f6a0 from thread 0xe900d4c0
06-06 22:09:48.033  5267  5349 V GStreamer+qtdemux: 0:00:34.950232591 0xe900d580 qtdemux.c:8164:qtdemux_parse_samples:<q> creating entry 29 with offset 902022 and size 144
06-06 22:09:48.033  5267  5347 V GStreamer+decodebin: 0:00:34.950233216 0xe900d4c0 gstdecodebin2.c:1917:analyze_new_pad:<decodebin1> Chain 0xe924f6a0 has now 0 dynamic pads
06-06 22:09:48.033  5267  5347 V GStreamer+GST_SCHEDULING: 0:00:34.950263528 0xe900d4c0 gstpad.c:1381:gst_pad_add_probe:<mpegaudioparse0:src> adding probe for mask 0x00000040
06-06 22:09:48.033  5267  5349 D GStreamer+qtdemux: 0:00:34.950264205 0xe900d580 qtdemux.c:8221:qtdemux_parse_samples:<q> sample 29: index 29, timestamp 0:00:00.696000000
06-06 22:09:48.033  5267  5347 V GStreamer+GST_SCHEDULING: 0:00:34.950286133 0xe900d4c0 gstpad.c:1407:gst_pad_add_probe:<mpegaudioparse0:src> got probe id 1
06-06 22:09:48.033  5267  5349 D GStreamer+qtdemux: 0:00:34.950295768 0xe900d580 qtdemux.c:8321:qtdemux_parse_samples:<q> setting all keyframes
06-06 22:09:48.033  5267  5347 V GStreamer+decodebin: 0:00:34.950313372 0xe900d4c0 gstdecodebin2.c:1927:analyze_new_pad:<decodebin1> unlocking chain 0xe924f6a0 from thread 0xe900d4c0
06-06 22:09:48.033  5267  5349 V GStreamer+qtdemux: 0:00:34.950314153 0xe900d580 qtdemux.c:5655:gst_qtdemux_loop:<q> loop at position 15003960, state 2
06-06 22:09:48.033  5267  5347 D GStreamer+GST_STATES: 0:00:34.950343945 0xe900d4c0 gstelement.c:2525:gst_element_set_state_func:<mpegaudioparse0> set_state to PAUSED
06-06 22:09:48.033  5267  5349 V GStreamer+qtdemux: 0:00:34.950343008 0xe900d580 qtdemux.c:4750:gst_qtdemux_prepare_current_sample:<q> segment active, index = 18 of 361
06-06 22:09:48.033  5267  5347 D GStreamer+GST_STATES: 0:00:34.950369987 0xe900d4c0 gstelement.c:2550:gst_element_set_state_func:<mpegaudioparse0> setting target state to PAUSED
06-06 22:09:48.033  5267  5349 V GStreamer+qtdemux: 0:00:34.950370455 0xe900d580 qtdemux.c:8003:qtdemux_parse_samples:<q> parsing samples for stream fourcc avc1, pad video_0
06-06 22:09:48.033  5267  5347 D GStreamer+GST_STATES: 0:00:34.950394414 0xe900d4c0 gstelement.c:2563:gst_element_set_state_func:<mpegaudioparse0> current READY, old_pending VOID_PENDING, next VOID_PENDING, old return SUCCESS
06-06 22:09:48.033  5267  5349 V GStreamer+qtdemux: 0:00:34.950401289 0xe900d580 qtdemux.c:8385:qtdemux_parse_samples:<q> Tried to parse up to sample 18 but this sample has already been parsed
06-06 22:09:48.033  5267  5347 D GStreamer+GST_STATES: 0:00:34.950420091 0xe900d4c0 gstelement.c:2597:gst_element_set_state_func:<mpegaudioparse0> final: setting state from READY to PAUSED
06-06 22:09:48.033  5267  5347 D GStreamer+baseparse: 0:00:34.950448008 0xe900d4c0 gstbaseparse.c:4801:gst_base_parse_change_state:<mpegaudioparse0> no index provided creating our own
06-06 22:09:48.033  5267  5349 D GStreamer+qtdemux: 0:00:34.950425091 0xe900d580 qtdemux.c:5512:gst_qtdemux_loop_state_movie:<q> pushing from stream 0, empty 0 offset 817419, size 41669, dts=0:00:00.378000000, pts=0:00:00.378000000, duration 0:00:00.019666666
06-06 22:09:48.033  5267  5349 V GStreamer+qtdemux: 0:00:34.950468841 0xe900d580 qtdemux.c:5566:gst_qtdemux_loop_state_movie:<q> reading 41669 bytes @ 817419
06-06 22:09:48.033  5267  5349 V GStreamer+GST_SCHEDULING: 0:00:34.950495924 0xe900d580 gstpad.c:4654:gst_pad_get_range_unchecked:<filesrc0:src> calling getrangefunc gst_base_src_getrange, offset 817419, size 41669
06-06 22:09:48.033  5267  5347 D GStreamer+default: 0:00:34.950545039 0xe900d4c0 gstindex.c:280:gst_index_group_new created new index group 0
06-06 22:09:48.033  5267  5349 D GStreamer+basesrc: 0:00:34.950522955 0xe900d580 gstbasesrc.c:2354:gst_base_src_update_length:<filesrc0> reading offset 817419, length 41669, size 15003960, segment.stop -1, maxsize 15003960
06-06 22:09:48.033  5267  5347 D GStreamer+default: 0:00:34.950574935 0xe900d4c0 gstindex.c:193:gst_index_init created new index
06-06 22:09:48.033  5267  5349 D GStreamer+basesrc: 0:00:34.950578008 0xe900d580 gstbasesrc.c:2455:gst_base_src_get_range:<filesrc0> calling create offset 817419 length 41669, time 0
06-06 22:09:48.033  5267  5347 D GStreamer+default: 0:00:34.950593112 0xe900d4c0 gstmemindex.c:128:gst_mem_index_init created new mem index
06-06 22:09:48.033  5267  5349 D GStreamer+GST_MEMORY: 0:00:34.950614205 0xe900d580 gstmemory.c:138:gst_memory_init new memory 0xe940c600, maxsize:41672 offset:0 size:41669
06-06 22:09:48.033  5267  5348 V GStreamer+GST_MESSAGE: 0:00:34.950623476 0xe900d520 gstmessage.c:293:gst_message_new_custom source capsfilter0: creating new message 0xe930aa10 state-changed
06-06 22:09:48.033  5267  5349 V GStreamer+GST_BUFFER: 0:00:34.950641185 0xe900d580 gstbuffer.c:727:gst_buffer_new new 0xe93dc0c8
06-06 22:09:48.033  5267  5348 D GStreamer+GST_MESSAGE: 0:00:34.950647955 0xe900d520 gstelement.c:1737:gst_element_post_message_default:<capsfilter0> not posting message 0xe930aa10: no bus
06-06 22:09:48.033  5267  5349 V GStreamer+GST_BUFFER: 0:00:34.950658268 0xe900d580 gstbuffer.c:342:_memory_add buffer 0xe93dc0c8, idx -1, mem 0xe940c600
06-06 22:09:48.033  5267  5348 V GStreamer+GST_MESSAGE: 0:00:34.950667330 0xe900d520 gstmessage.c:200:_gst_message_free finalize message 0xe930aa10, state-changed from capsfilter0
06-06 22:09:48.033  5267  5349 V GStreamer+GST_BUFFER: 0:00:34.950676862 0xe900d580 gstbuffer.c:783:gst_buffer_new_allocate new buffer 0xe93dc0c8 of size 41669 from allocator 0x0
06-06 22:09:48.033  5267  5348 I GStreamer+GST_STATES: 0:00:34.950688268 0xe900d520 gstelement.c:2356:gst_element_continue_state:<capsfilter0> continue state change READY to PAUSED, final PAUSED
06-06 22:09:48.033  5267  5349 V GStreamer+GST_BUFFER: 0:00:34.950698008 0xe900d580 gstbuffer.c:1649:gst_buffer_map_range buffer 0xe93dc0c8, idx 0, length -1, flags 0002
06-06 22:09:48.033  5267  5348 V GStreamer+GST_STATES: 0:00:34.950710768 0xe900d520 gstelement.c:2852:gst_element_change_state_func:<capsfilter0> default handler tries setting state from READY to PAUSED (0013)
06-06 22:09:48.033  5267  5349 V GStreamer+GST_BUFFER: 0:00:34.950728320 0xe900d580 gstbuffer.c:212:_get_merged_memory buffer 0xe93dc0c8, idx 0, length 1
06-06 22:09:48.033  5267  5348 D GStreamer+GST_ELEMENT_PADS: 0:00:34.950741862 0xe900d520 gstelement.c:2795:gst_element_pads_activate:<capsfilter0> activate pads
06-06 22:09:48.033  5267  5349 V GStreamer+filesrc: 0:00:34.950749726 0xe900d580 gstfilesrc.c:360:gst_file_src_fill:<filesrc0> Reading 41669 bytes at offset 0xc790b
06-06 22:09:48.033  5267  5348 D GStreamer+GST_PADS: 0:00:34.950764883 0xe900d520 gstpad.c:1063:gst_pad_set_active:<capsfilter0:src> activating pad from none
06-06 22:09:48.033  5267  5348 D GStreamer+GST_PADS: 0:00:34.950787330 0xe900d520 gstpad.c:979:pre_activate:<capsfilter0:src> setting pad into push mode, unset flushing
06-06 22:09:48.033  5267  5348 D GStreamer+GST_PADS: 0:00:34.950808685 0xe900d520 gstpad.c:1188:activate_mode_internal:<capsfilter0:src> activated in push mode
06-06 22:09:48.033  5267  5349 D GStreamer+basesrc: 0:00:34.950816549 0xe900d580 gstbasesrc.c:2309:gst_base_src_do_sync:<filesrc0> we have no clock
06-06 22:09:48.033  5267  5348 D GStreamer+GST_PADS: 0:00:34.950833893 0xe900d520 gstpad.c:1063:gst_pad_set_active:<capsfilter0:sink> activating pad from none
06-06 22:09:48.033  5267  5349 D GStreamer+basesrc: 0:00:34.950838580 0xe900d580 gstbasesrc.c:2519:gst_base_src_get_range:<filesrc0> buffer ok
06-06 22:09:48.033  5267  5348 D GStreamer+GST_PADS: 0:00:34.950855508 0xe900d520 gstpad.c:979:pre_activate:<capsfilter0:sink> setting pad into push mode, unset flushing
06-06 22:09:48.034  5267  5348 D GStreamer+GST_CAPS: 0:00:34.950876393 0xe900d520 gstpad.c:2672:gst_pad_get_current_caps:<capsfilter0:sink> get current pad caps (NULL)
06-06 22:09:48.034  5267  5349 V GStreamer+qtdemux: 0:00:34.950859101 0xe900d580 qtdemux.c:5277:gst_qtdemux_decorate_and_push_buffer:<q> Pushing buffer with dts 0:00:00.378000000, pts 0:00:00.378000000, duration 0:00:00.019666666 on pad video_0
06-06 22:09:48.034  5267  5348 D GStreamer+GST_CAPS: 0:00:34.950898372 0xe900d520 gstpad.c:2672:gst_pad_get_current_caps:<capsfilter0:src> get current pad caps (NULL)
06-06 22:09:48.034  5267  5348 D GStreamer+basetransform: 0:00:34.950921705 0xe900d520 gstbasetransform.c:2449:gst_base_transform_activate:<capsfilter0> have_same_caps 0
06-06 22:09:48.034  5267  5349 D GStreamer+GST_SCHEDULING: 0:00:34.950901393 0xe900d580 gstpad.c:4193:gst_pad_chain_data_unchecked:<queue0:sink> calling chainfunction &gst_queue_chain with buffer buffer: 0xe93dc0c8, pts 0:00:00.378000000, dts 0:00:00.378000000, dur 0:00:00.019666666, size 41669, offset none, offset_end none, flags 0x0
06-06 22:09:48.034  5267  5348 D GStreamer+GST_PADS: 0:00:34.950941549 0xe900d520 gstpad.c:1188:activate_mode_internal:<capsfilter0:sink> activated in push mode
06-06 22:09:48.034  5267  5349 V GStreamer+queue_dataflow: 0:00:34.950949726 0xe900d580 gstqueue.c:1181:gst_queue_chain_buffer_or_list:<queue0> received buffer 0xe93dc0c8 of size 41669, time 0:00:00.378000000, duration 0:00:00.019666666
06-06 22:09:48.034  5267  5348 D GStreamer+GST_ELEMENT_PADS: 0:00:34.950963893 0xe900d520 gstelement.c:2814:gst_element_pads_activate:<capsfilter0> pad activation successful
06-06 22:09:48.034  5267  5348 D GStreamer+GST_STATES: 0:00:34.950989830 0xe900d520 gstelement.c:2686:gst_element_change_state:<capsfilter0> element changed state SUCCESS
06-06 22:09:48.034  5267  5349 V GStreamer+queue: 0:00:34.950988685 0xe900d580 gstqueue.c:633:apply_buffer:<queue0> sink position updated to 0:00:00.397666666
06-06 22:09:48.034  5267  5348 I GStreamer+GST_STATES: 0:00:34.951013216 0xe900d520 gstelement.c:2374:gst_element_continue_state:<capsfilter0> completed state change to PAUSED
06-06 22:09:48.034  5267  5349 V GStreamer+queue: 0:00:34.951018685 0xe900d580 gstqueue.c:529:update_time_level:<queue0> update sink time
06-06 22:09:48.034  5267  5348 I GStreamer+GST_STATES: 0:00:34.951032122 0xe900d520 gstelement.c:2279:_priv_gst_element_state_changed:<capsfilter0> notifying about state-changed READY to PAUSED (VOID_PENDING pending)
06-06 22:09:48.034  5267  5349 V GStreamer+queue: 0:00:34.951036862 0xe900d580 gstqueue.c:547:update_time_level:<queue0> sink +0:00:00.708666666, src +0:00:00.000000000
06-06 22:09:48.034  5267  5348 V GStreamer+GST_MESSAGE: 0:00:34.951067435 0xe900d520 gstmessage.c:293:gst_message_new_custom source capsfilter0: creating new message 0xe930aa68 state-changed
06-06 22:09:48.034  5267  5349 D GStreamer+GST_SCHEDULING: 0:00:34.951074153 0xe900d580 gstpad.c:4199:gst_pad_chain_data_unchecked:<queue0:sink> called chainfunction &gst_queue_chain with buffer 0xe93dc0c8, returned ok
06-06 22:09:48.034  5267  5348 D GStreamer+GST_MESSAGE: 0:00:34.951091028 0xe900d520 gstelement.c:1737:gst_element_post_message_default:<capsfilter0> not posting message 0xe930aa68: no bus
06-06 22:09:48.034  5267  5349 V GStreamer+qtdemux: 0:00:34.951099518 0xe900d580 qtdemux.c:4949:gst_qtdemux_combine_flows:<q> flow return: ok
06-06 22:09:48.034  5267  5348 V GStreamer+GST_MESSAGE: 0:00:34.951110820 0xe900d520 gstmessage.c:200:_gst_message_free finalize message 0xe930aa68, state-changed from capsfilter0
06-06 22:09:48.034  5267  5349 V GStreamer+qtdemux: 0:00:34.951117591 0xe900d580 qtdemux.c:4957:gst_qtdemux_combine_flows:<q> combined flow return: ok
06-06 22:09:48.034  5267  5348 V GStreamer+GST_STATES: 0:00:34.951132591 0xe900d520 gstelement.c:2702:gst_element_change_state:<capsfilter0> exit state change 1
06-06 22:09:48.034  5267  5349 V GStreamer+qtdemux: 0:00:34.951137851 0xe900d580 qtdemux.c:8003:qtdemux_parse_samples:<q> parsing samples for stream fourcc avc1, pad video_0
06-06 22:09:48.034  5267  5348 V GStreamer+GST_STATES: 0:00:34.951155872 0xe900d520 gstelement.c:2702:gst_element_change_state:<capsfilter0> exit state change 1
06-06 22:09:48.034  5267  5349 D GStreamer+qtdemux: 0:00:34.951165612 0xe900d580 qtdemux.c:8014:qtdemux_parse_samples:<q> parsing up to sample 19
06-06 22:09:48.034  5267  5348 D GStreamer+GST_STATES: 0:00:34.951176393 0xe900d520 gstelement.c:2609:gst_element_set_state_func:<capsfilter0> returned SUCCESS
06-06 22:09:48.034  5267  5349 V GStreamer+qtdemux: 0:00:34.951184518 0xe900d580 qtdemux.c:8040:qtdemux_parse_samples:<q> sample 19 has size 42790
06-06 22:09:48.034  5267  5348 D GStreamer+GST_PARENTAGE: 0:00:34.951194935 0xe900d520 gstbin.c:1496:gst_bin_add adding element capsfilter0 to bin forhwgl
06-06 22:09:48.034  5267  5349 V GStreamer+qtdemux: 0:00:34.951204362 0xe900d580 qtdemux.c:8164:qtdemux_parse_samples:<q> creating entry 19 with offset 859232 and size 42790
06-06 22:09:48.034  5267  5348 D GStreamer+bin: 0:00:34.951212799 0xe900d520 gstbin.c:1176:gst_bin_add_func:<forhwgl> element :capsfilter0
06-06 22:09:48.034  5267  5349 V GStreamer+qtdemux: 0:00:34.951227383 0xe900d580 qtdemux.c:8208:qtdemux_parse_samples:<q> block 0, 3 timestamps, duration 60
06-06 22:09:48.034  5267  5348 D GStreamer+GST_REFCOUNTING: 0:00:34.951234153 0xe900d520 gstobject.c:700:gst_object_set_parent:<capsfilter0> set parent (ref and sink)
06-06 22:09:48.034  5267  5348 D GStreamer+GST_PARENTAGE: 0:00:34.951257747 0xe900d520 gstelement.c:3044:gst_element_set_bus_func:<capsfilter0> setting bus to 0xe900a668
06-06 22:09:48.034  5267  5349 D GStreamer+qtdemux: 0:00:34.951256810 0xe900d580 qtdemux.c:8221:qtdemux_parse_samples:<q> sample 19: index 0, timestamp 0:00:00.397666666
06-06 22:09:48.034  5267  5349 D GStreamer+qtdemux: 0:00:34.951287018 0xe900d580 qtdemux.c:8276:qtdemux_parse_samples:<q> samples at 19 is keyframe
06-06 22:09:48.034  5267  5348 D GStreamer+GST_CLOCK: 0:00:34.951282955 0xe900d520 gstelement.c:480:gst_element_set_base_time:<capsfilter0> set base_time=0:00:00.000000000, old 0:00:00.000000000
06-06 22:09:48.034  5267  5349 V GStreamer+qtdemux: 0:00:34.951313945 0xe900d580 qtdemux.c:5655:gst_qtdemux_loop:<q> loop at position 15003960, state 2
06-06 22:09:48.034  5267  5348 D GStreamer+GST_CLOCK: 0:00:34.951317122 0xe900d520 gstelement.c:542:gst_element_set_start_time:<capsfilter0> set start_time=0:00:00.000000000, old 0:00:00.000000000
06-06 22:09:48.034  5267  5349 V GStreamer+qtdemux: 0:00:34.951342955 0xe900d580 qtdemux.c:4750:gst_qtdemux_prepare_current_sample:<q> segment active, index = 29 of 299
06-06 22:09:48.034  5267  5348 D GStreamer+GST_CLOCK: 0:00:34.951348372 0xe900d520 gstelement.c:420:gst_element_set_clock:<capsfilter0> setting clock 0x0
06-06 22:09:48.034  5267  5349 V GStreamer+qtdemux: 0:00:34.951369049 0xe900d580 qtdemux.c:8003:qtdemux_parse_samples:<q> parsing samples for stream fourcc mp4a, pad audio_0
06-06 22:09:48.034  5267  5348 D GStreamer+bin: 0:00:34.951372174 0xe900d520 gstbin.c:1291:gst_bin_add_func:<forhwgl> added SUCCESS element
06-06 22:09:48.034  5267  5349 V GStreamer+qtdemux: 0:00:34.951396080 0xe900d580 qtdemux.c:8385:qtdemux_parse_samples:<q> Tried to parse up to sample 29 but this sample has already been parsed
06-06 22:09:48.034  5267  5348 D GStreamer+GST_PARENTAGE: 0:00:34.951401705 0xe900d520 gstbin.c:1371:gst_bin_add_func:<forhwgl> added element "capsfilter0"
06-06 22:09:48.034  5267  5348 V GStreamer+bin: 0:00:34.951436289 0xe900d520 gstbin.c:1424:gst_bin_deep_element_added_func:<pipeline0> emitting deep-element-added for element <forhwgl> which has just been added to <capsfilter0>
06-06 22:09:48.034  5267  5349 D GStreamer+qtdemux: 0:00:34.951420612 0xe900d580 qtdemux.c:5512:gst_qtdemux_loop_state_movie:<q> pushing from stream 1, empty 0 offset 902022, size 144, dts=0:00:00.696000000, pts=0:00:00.696000000, duration 0:00:00.024000000
06-06 22:09:48.034  5267  5348 V GStreamer+bin: 0:00:34.951468008 0xe900d520 gstbin.c:1418:gst_bin_deep_element_added_func:<pipeline0> no parent, reached top-level
06-06 22:09:48.034  5267  5349 V GStreamer+qtdemux: 0:00:34.951465612 0xe900d580 qtdemux.c:5566:gst_qtdemux_loop_state_movie:<q> reading 144 bytes @ 902022
06-06 22:09:48.034  5267  5348 D GStreamer+GST_PADS: 0:00:34.951498060 0xe900d520 gstghostpad.c:842:gst_ghost_pad_set_target:<'':decodepad0> clearing target
06-06 22:09:48.034  5267  5349 V GStreamer+GST_SCHEDULING: 0:00:34.951495039 0xe900d580 gstpad.c:4654:gst_pad_get_range_unchecked:<filesrc0:src> calling getrangefunc gst_base_src_getrange, offset 902022, size 144
06-06 22:09:48.034  5267  5348 I GStreamer+GST_ELEMENT_PADS: 0:00:34.951519101 0xe900d520 gstpad.c:2071:gst_pad_unlink unlinking h264parse0:src(0xe91b76c8) and decodepad0:proxypad4(0xe9253bb0)
06-06 22:09:48.034  5267  5349 D GStreamer+basesrc: 0:00:34.951520351 0xe900d580 gstbasesrc.c:2354:gst_base_src_update_length:<filesrc0> reading offset 902022, length 144, size 15003960, segment.stop -1, maxsize 15003960
06-06 22:09:48.034  5267  5348 V GStreamer+GST_MESSAGE: 0:00:34.951556497 0xe900d520 gstmessage.c:293:gst_message_new_custom source proxypad4: creating new message 0xe930aac0 structure-change
06-06 22:09:48.034  5267  5349 D GStreamer+basesrc: 0:00:34.951555560 0xe900d580 gstbasesrc.c:2455:gst_base_src_get_range:<filesrc0> calling create offset 902022 length 144, time 0
06-06 22:09:48.034  5267  5349 D GStreamer+GST_MEMORY: 0:00:34.951585664 0xe900d580 gstmemory.c:138:gst_memory_init new memory 0xe93a2c90, maxsize:147 offset:0 size:144
06-06 22:09:48.034  5267  5349 V GStreamer+GST_BUFFER: 0:00:34.951618633 0xe900d580 gstbuffer.c:727:gst_buffer_new new 0xe93dc168
06-06 22:09:48.034  5267  5348 D GStreamer+GST_BUS: 0:00:34.951585091 0xe900d520 gstbus.c:309:gst_bus_post:<bus0> [msg 0xe930aac0] posting on bus structure-change message: 0xe930aac0, time 99:99:99.999999999, seq-num 149, element 'proxypad4', GstMessageStructureChange, type=(GstStructureChangeType)GST_STRUCTURE_CHANGE_TYPE_PAD_UNLINK, owner=(GstElement)"\(GstH264Parse\)\ h264parse0", busy=(boolean)true;
06-06 22:09:48.034  5267  5349 V GStreamer+GST_BUFFER: 0:00:34.951636393 0xe900d580 gstbuffer.c:342:_memory_add buffer 0xe93dc168, idx -1, mem 0xe93a2c90
06-06 22:09:48.034  5267  5349 V GStreamer+GST_BUFFER: 0:00:34.951654310 0xe900d580 gstbuffer.c:783:gst_buffer_new_allocate new buffer 0xe93dc168 of size 144 from allocator 0x0
06-06 22:09:48.034  5267  5348 D GStreamer+decodebin: 0:00:34.951645924 0xe900d520 gstdecodebin2.c:5492:gst_decode_bin_handle_message:<forhwgl> Forwarding msg structure-change message: 0xe930aac0, time 99:99:99.999999999, seq-num 149, element 'proxypad4', GstMessageStructureChange, type=(GstStructureChangeType)GST_STRUCTURE_CHANGE_TYPE_PAD_UNLINK, owner=(GstElement)"\(GstH264Parse\)\ h264parse0", busy=(boolean)true;
06-06 22:09:48.034  5267  5349 V GStreamer+GST_BUFFER: 0:00:34.951681758 0xe900d580 gstbuffer.c:1649:gst_buffer_map_range buffer 0xe93dc168, idx 0, length -1, flags 0002
06-06 22:09:48.034  5267  5349 V GStreamer+GST_BUFFER: 0:00:34.951704674 0xe900d580 gstbuffer.c:212:_get_merged_memory buffer 0xe93dc168, idx 0, length 1
06-06 22:09:48.034  5267  5349 V GStreamer+filesrc: 0:00:34.951746289 0xe900d580 gstfilesrc.c:360:gst_file_src_fill:<filesrc0> Reading 144 bytes at offset 0xdc386
06-06 22:09:48.034  5267  5347 V GStreamer+default: 0:00:34.951766237 0xe900d4c0 gstmemindex.c:270:gst_mem_index_add_entry:<memindex0> added this entry
06-06 22:09:48.034  5267  5349 D GStreamer+basesrc: 0:00:34.951772799 0xe900d580 gstbasesrc.c:2309:gst_base_src_do_sync:<filesrc0> we have no clock
06-06 22:09:48.034  5267  5349 D GStreamer+basesrc: 0:00:34.951791080 0xe900d580 gstbasesrc.c:2519:gst_base_src_get_range:<filesrc0> buffer ok
06-06 22:09:48.034  5267  5347 V GStreamer+GST_STATES: 0:00:34.951789466 0xe900d4c0 gstelement.c:2852:gst_element_change_state_func:<mpegaudioparse0> default handler tries setting state from READY to PAUSED (0013)
06-06 22:09:48.034  5267  5347 D GStreamer+GST_ELEMENT_PADS: 0:00:34.951818008 0xe900d4c0 gstelement.c:2795:gst_element_pads_activate:<mpegaudioparse0> activate pads
06-06 22:09:48.034  5267  5349 V GStreamer+qtdemux: 0:00:34.951816237 0xe900d580 qtdemux.c:5277:gst_qtdemux_decorate_and_push_buffer:<q> Pushing buffer with dts 0:00:00.696000000, pts 0:00:00.696000000, duration 0:00:00.024000000 on pad audio_0
06-06 22:09:48.034  5267  5347 D GStreamer+GST_PADS: 0:00:34.951845508 0xe900d4c0 gstpad.c:1063:gst_pad_set_active:<mpegaudioparse0:src> activating pad from none
06-06 22:09:48.035  5267  5347 D GStreamer+GST_PADS: 0:00:34.951865247 0xe900d4c0 gstpad.c:979:pre_activate:<mpegaudioparse0:src> setting pad into push mode, unset flushing
06-06 22:09:48.035  5267  5349 D GStreamer+GST_SCHEDULING: 0:00:34.951859778 0xe900d580 gstpad.c:4193:gst_pad_chain_data_unchecked:<queue2:sink> calling chainfunction &gst_queue_chain with buffer buffer: 0xe93dc168, pts 0:00:00.696000000, dts 0:00:00.696000000, dur 0:00:00.024000000, size 144, offset none, offset_end none, flags 0x0
06-06 22:09:48.035  5267  5347 D GStreamer+GST_PADS: 0:00:34.951892695 0xe900d4c0 gstpad.c:1188:activate_mode_internal:<mpegaudioparse0:src> activated in push mode
06-06 22:09:48.035  5267  5347 D GStreamer+GST_PADS: 0:00:34.951922487 0xe900d4c0 gstpad.c:1063:gst_pad_set_active:<mpegaudioparse0:sink> activating pad from none
06-06 22:09:48.035  5267  5349 V GStreamer+queue_dataflow: 0:00:34.951918633 0xe900d580 gstqueue.c:1181:gst_queue_chain_buffer_or_list:<queue2> received buffer 0xe93dc168 of size 144, time 0:00:00.696000000, duration 0:00:00.024000000
06-06 22:09:48.035  5267  5347 D GStreamer+baseparse: 0:00:34.951947539 0xe900d4c0 gstbaseparse.c:3604:gst_base_parse_sink_activate:<mpegaudioparse0> sink activate
06-06 22:09:48.035  5267  5349 V GStreamer+queue: 0:00:34.951953268 0xe900d580 gstqueue.c:633:apply_buffer:<queue2> sink position updated to 0:00:00.720000000
06-06 22:09:48.035  5267  5347 D GStreamer+query: 0:00:34.951970351 0xe900d4c0 gstquery.c:674:gst_query_new_custom creating new query 0xe924f920 scheduling
06-06 22:09:48.035  5267  5349 V GStreamer+queue: 0:00:34.951979362 0xe900d580 gstqueue.c:529:update_time_level:<queue2> update sink time
06-06 22:09:48.035  5267  5347 D GStreamer+GST_PADS: 0:00:34.951989258 0xe900d4c0 gstpad.c:4049:gst_pad_peer_query:<mpegaudioparse0:sink> peer query 0xe924f920 (scheduling)
06-06 22:09:48.035  5267  5349 V GStreamer+queue: 0:00:34.951998216 0xe900d580 gstqueue.c:547:update_time_level:<queue2> sink +0:00:00.720000000, src +0:00:00.000000000
06-06 22:09:48.035  5267  5347 D GStreamer+GST_PADS: 0:00:34.952015820 0xe900d4c0 gstpad.c:3922:gst_pad_query:<typefind:src> doing query 0xe924f920 (scheduling)
06-06 22:09:48.035  5267  5349 D GStreamer+GST_SCHEDULING: 0:00:34.952026549 0xe900d580 gstpad.c:4199:gst_pad_chain_data_unchecked:<queue2:sink> called chainfunction &gst_queue_chain with buffer 0xe93dc168, returned ok
06-06 22:09:48.035  5267  5347 D GStreamer+typefind: 0:00:34.952039049 0xe900d4c0 gsttypefindelement.c:417:gst_type_find_handle_src_query:<typefind> Handling src query scheduling
06-06 22:09:48.035  5267  5349 V GStreamer+qtdemux: 0:00:34.952049153 0xe900d580 qtdemux.c:4949:gst_qtdemux_combine_flows:<q> flow return: ok
06-06 22:09:48.035  5267  5347 D GStreamer+GST_PADS: 0:00:34.952058945 0xe900d4c0 gstpad.c:4049:gst_pad_peer_query:<typefind:sink> peer query 0xe924f920 (scheduling)
06-06 22:09:48.035  5267  5349 V GStreamer+qtdemux: 0:00:34.952068893 0xe900d580 qtdemux.c:4957:gst_qtdemux_combine_flows:<q> combined flow return: ok
06-06 22:09:48.035  5267  5347 D GStreamer+GST_PADS: 0:00:34.952083320 0xe900d4c0 gstpad.c:3922:gst_pad_query:<sink:proxypad2> doing query 0xe924f920 (scheduling)
06-06 22:09:48.035  5267  5349 V GStreamer+qtdemux: 0:00:34.952087226 0xe900d580 qtdemux.c:8003:qtdemux_parse_samples:<q> parsing samples for stream fourcc mp4a, pad audio_0
06-06 22:09:48.035  5267  5349 D GStreamer+qtdemux: 0:00:34.952117122 0xe900d580 qtdemux.c:8014:qtdemux_parse_samples:<q> parsing up to sample 30
06-06 22:09:48.035  5267  5347 D GStreamer+GST_PADS: 0:00:34.952114883 0xe900d4c0 gstpad.c:3367:gst_pad_query_default:<sink:proxypad2> forwarding 0xe924f920 (scheduling) query
06-06 22:09:48.035  5267  5349 V GStreamer+qtdemux: 0:00:34.952140039 0xe900d580 qtdemux.c:8040:qtdemux_parse_samples:<q> sample 30 has size 144
06-06 22:09:48.035  5267  5347 V GStreamer+GST_PADS: 0:00:34.952147643 0xe900d4c0 gstpad.c:2937:gst_pad_forward:<sink:proxypad2> calling forward function on pad decodebin1:sink
06-06 22:09:48.035  5267  5349 V GStreamer+qtdemux: 0:00:34.952160664 0xe900d580 qtdemux.c:8164:qtdemux_parse_samples:<q> creating entry 30 with offset 945238 and size 144
06-06 22:09:48.035  5267  5347 V GStreamer+GST_PADS: 0:00:34.952169414 0xe900d4c0 gstpad.c:3307:query_forward_func:<decodebin1:sink> query peer 0xe924f920 (scheduling) of decodebin1:sink
06-06 22:09:48.035  5267  5349 D GStreamer+qtdemux: 0:00:34.952185924 0xe900d580 qtdemux.c:8221:qtdemux_parse_samples:<q> sample 30: index 30, timestamp 0:00:00.720000000
06-06 22:09:48.035  5267  5347 D GStreamer+GST_PADS: 0:00:34.952194310 0xe900d4c0 gstpad.c:4049:gst_pad_peer_query:<decodebin1:sink> peer query 0xe924f920 (scheduling)
06-06 22:09:48.035  5267  5349 D GStreamer+qtdemux: 0:00:34.952219101 0xe900d580 qtdemux.c:8321:qtdemux_parse_samples:<q> setting all keyframes
06-06 22:09:48.035  5267  5347 D GStreamer+GST_PADS: 0:00:34.952221914 0xe900d4c0 gstpad.c:3922:gst_pad_query:<queue2:src> doing query 0xe924f920 (scheduling)
06-06 22:09:48.035  5267  5349 V GStreamer+qtdemux: 0:00:34.952240768 0xe900d580 qtdemux.c:5655:gst_qtdemux_loop:<q> loop at position 15003960, state 2
06-06 22:09:48.035  5267  5347 D GStreamer+GST_PADS: 0:00:34.952250455 0xe900d4c0 gstpad.c:3945:gst_pad_query:<queue2:src> sent query 0xe924f920 (scheduling), result 1
06-06 22:09:48.035  5267  5349 V GStreamer+qtdemux: 0:00:34.952265091 0xe900d580 qtdemux.c:4750:gst_qtdemux_prepare_current_sample:<q> segment active, index = 19 of 361
06-06 22:09:48.035  5267  5347 D GStreamer+GST_PADS: 0:00:34.952275299 0xe900d4c0 gstpad.c:3945:gst_pad_query:<sink:proxypad2> sent query 0xe924f920 (scheduling), result 1
06-06 22:09:48.035  5267  5349 V GStreamer+qtdemux: 0:00:34.952286653 0xe900d580 qtdemux.c:8003:qtdemux_parse_samples:<q> parsing samples for stream fourcc avc1, pad video_0
06-06 22:09:48.035  5267  5347 D GStreamer+GST_PADS: 0:00:34.952296549 0xe900d4c0 gstpad.c:3945:gst_pad_query:<typefind:src> sent query 0xe924f920 (scheduling), result 1
06-06 22:09:48.035  5267  5349 V GStreamer+qtdemux: 0:00:34.952308060 0xe900d580 qtdemux.c:8385:qtdemux_parse_samples:<q> Tried to parse up to sample 19 but this sample has already been parsed
06-06 22:09:48.035  5267  5347 D GStreamer+baseparse: 0:00:34.952321497 0xe900d4c0 gstbaseparse.c:3633:gst_base_parse_sink_activate:<mpegaudioparse0> trying to activate in push mode
06-06 22:09:48.035  5267  5349 D GStreamer+qtdemux: 0:00:34.952328320 0xe900d580 qtdemux.c:5512:gst_qtdemux_loop_state_movie:<q> pushing from stream 0, empty 0 offset 859232, size 42790, dts=0:00:00.397666666, pts=0:00:00.397666666, duration 0:00:00.020000000
06-06 22:09:48.035  5267  5347 D GStreamer+GST_PADS: 0:00:34.952360403 0xe900d4c0 gstpad.c:979:pre_activate:<mpegaudioparse0:sink> setting pad into push mode, unset flushing
06-06 22:09:48.035  5267  5349 V GStreamer+qtdemux: 0:00:34.952381289 0xe900d580 qtdemux.c:5566:gst_qtdemux_loop_state_movie:<q> reading 42790 bytes @ 859232
06-06 22:09:48.035  5267  5347 D GStreamer+GST_PADS: 0:00:34.952383997 0xe900d4c0 gstpad.c:991:pre_activate:<mpegaudioparse0:sink> reschedule events on peer typefind:src
06-06 22:09:48.035  5267  5347 D GStreamer+baseparse: 0:00:34.952410924 0xe900d4c0 gstbaseparse.c:3680:gst_base_parse_sink_activate_mode:<mpegaudioparse0> sink activate in push mode
06-06 22:09:48.035  5267  5349 V GStreamer+GST_SCHEDULING: 0:00:34.952410768 0xe900d580 gstpad.c:4654:gst_pad_get_range_unchecked:<filesrc0:src> calling getrangefunc gst_base_src_getrange, offset 859232, size 42790
06-06 22:09:48.035  5267  5347 D GStreamer+baseparse: 0:00:34.952442487 0xe900d4c0 gstbaseparse.c:3644:gst_base_parse_activate:<mpegaudioparse0> activate 1
06-06 22:09:48.035  5267  5349 D GStreamer+basesrc: 0:00:34.952448216 0xe900d580 gstbasesrc.c:2354:gst_base_src_update_length:<filesrc0> reading offset 859232, length 42790, size 15003960, segment.stop -1, maxsize 15003960
06-06 22:09:48.035  5267  5347 V GStreamer+baseparse: 0:00:34.952467695 0xe900d4c0 gstbaseparse.c:3797:gst_base_parse_set_min_frame_size:<mpegaudioparse0> set frame_min_size: 6
06-06 22:09:48.035  5267  5347 D GStreamer+mpegaudioparse: 0:00:34.952486497 0xe900d4c0 gstmpegaudioparse.c:243:gst_mpeg_audio_parse_start:<mpegaudioparse0> starting
06-06 22:09:48.035  5267  5349 D GStreamer+basesrc: 0:00:34.952481914 0xe900d580 gstbasesrc.c:2455:gst_base_src_get_range:<filesrc0> calling create offset 859232 length 42790, time 0
06-06 22:09:48.035  5267  5349 D GStreamer+GST_MEMORY: 0:00:34.952519205 0xe900d580 gstmemory.c:138:gst_memory_init new memory 0xe9416920, maxsize:42793 offset:0 size:42790
06-06 22:09:48.035  5267  5347 D GStreamer+baseparse: 0:00:34.952507695 0xe900d4c0 gstbaseparse.c:3666:gst_base_parse_activate:<mpegaudioparse0> activate return: 1
06-06 22:09:48.035  5267  5349 V GStreamer+GST_BUFFER: 0:00:34.952550195 0xe900d580 gstbuffer.c:727:gst_buffer_new new 0xe93dc208
06-06 22:09:48.035  5267  5347 D GStreamer+baseparse: 0:00:34.952550924 0xe900d4c0 gstbaseparse.c:3703:gst_base_parse_sink_activate_mode:<mpegaudioparse0> sink activate return: 1
06-06 22:09:48.035  5267  5347 D GStreamer+GST_PADS: 0:00:34.952573737 0xe900d4c0 gstpad.c:1188:activate_mode_internal:<mpegaudioparse0:sink> activated in push mode
06-06 22:09:48.035  5267  5349 V GStreamer+GST_BUFFER: 0:00:34.952573424 0xe900d580 gstbuffer.c:342:_memory_add buffer 0xe93dc208, idx -1, mem 0xe9416920
06-06 22:09:48.035  5267  5349 V GStreamer+GST_BUFFER: 0:00:34.952601549 0xe900d580 gstbuffer.c:783:gst_buffer_new_allocate new buffer 0xe93dc208 of size 42790 from allocator 0x0
06-06 22:09:48.035  5267  5347 D GStreamer+GST_ELEMENT_PADS: 0:00:34.952603008 0xe900d4c0 gstelement.c:2814:gst_element_pads_activate:<mpegaudioparse0> pad activation successful
06-06 22:09:48.035  5267  5347 D GStreamer+GST_STATES: 0:00:34.952629101 0xe900d4c0 gstelement.c:2686:gst_element_change_state:<mpegaudioparse0> element changed state SUCCESS
06-06 22:09:48.035  5267  5349 V GStreamer+GST_BUFFER: 0:00:34.952628008 0xe900d580 gstbuffer.c:1649:gst_buffer_map_range buffer 0xe93dc208, idx 0, length -1, flags 0002
06-06 22:09:48.035  5267  5347 I GStreamer+GST_STATES: 0:00:34.952651445 0xe900d4c0 gstelement.c:2374:gst_element_continue_state:<mpegaudioparse0> completed state change to PAUSED
06-06 22:09:48.035  5267  5349 V GStreamer+GST_BUFFER: 0:00:34.952653528 0xe900d580 gstbuffer.c:212:_get_merged_memory buffer 0xe93dc208, idx 0, length 1
06-06 22:09:48.035  5267  5347 I GStreamer+GST_STATES: 0:00:34.952673893 0xe900d4c0 gstelement.c:2279:_priv_gst_element_state_changed:<mpegaudioparse0> notifying about state-changed READY to PAUSED (VOID_PENDING pending)
06-06 22:09:48.035  5267  5349 V GStreamer+filesrc: 0:00:34.952676914 0xe900d580 gstfilesrc.c:360:gst_file_src_fill:<filesrc0> Reading 42790 bytes at offset 0xd1c60
06-06 22:09:48.035  5267  5347 V GStreamer+GST_MESSAGE: 0:00:34.952706966 0xe900d4c0 gstmessage.c:293:gst_message_new_custom source mpegaudioparse0: creating new message 0xe9308d10 state-changed
06-06 22:09:48.035  5267  5349 D GStreamer+basesrc: 0:00:34.952758268 0xe900d580 gstbasesrc.c:2309:gst_base_src_do_sync:<filesrc0> we have no clock
06-06 22:09:48.035  5267  5347 D GStreamer+GST_BUS: 0:00:34.952739258 0xe900d4c0 gstbus.c:309:gst_bus_post:<bus2> [msg 0xe9308d10] posting on bus state-changed message: 0xe9308d10, time 99:99:99.999999999, seq-num 150, element 'mpegaudioparse0', GstMessageStateChanged, old-state=(GstState)GST_STATE_READY, new-state=(GstState)GST_STATE_PAUSED, pending-state=(GstState)GST_STATE_VOID_PENDING;
06-06 22:09:48.035  5267  5349 D GStreamer+basesrc: 0:00:34.952783320 0xe900d580 gstbasesrc.c:2519:gst_base_src_get_range:<filesrc0> buffer ok
06-06 22:09:48.035  5267  5347 D GStreamer+decodebin: 0:00:34.952793580 0xe900d4c0 gstdecodebin2.c:5492:gst_decode_bin_handle_message:<decodebin1> Forwarding msg state-changed message: 0xe9308d10, time 99:99:99.999999999, seq-num 150, element 'mpegaudioparse0', GstMessageStateChanged, old-state=(GstState)GST_STATE_READY, new-state=(GstState)GST_STATE_PAUSED, pending-state=(GstState)GST_STATE_VOID_PENDING;
06-06 22:09:48.035  5267  5349 V GStreamer+qtdemux: 0:00:34.952803372 0xe900d580 qtdemux.c:5277:gst_qtdemux_decorate_and_push_buffer:<q> Pushing buffer with dts 0:00:00.397666666, pts 0:00:00.397666666, duration 0:00:00.020000000 on pad video_0
06-06 22:09:48.035  5267  5347 D GStreamer+bin: 0:00:34.952850455 0xe900d4c0 gstbin.c:3654:gst_bin_handle_message_func:<decodebin1> [msg 0xe9308d10] handling child mpegaudioparse0 message of type state-changed
06-06 22:09:48.036  5267  5347 D GStreamer+bin: 0:00:34.952879466 0xe900d4c0 gstbin.c:3991:gst_bin_handle_message_func:<decodebin1> posting message upward
06-06 22:09:48.036  5267  5349 D GStreamer+GST_SCHEDULING: 0:00:34.952852226 0xe900d580 gstpad.c:4193:gst_pad_chain_data_unchecked:<queue0:sink> calling chainfunction &gst_queue_chain with buffer buffer: 0xe93dc208, pts 0:00:00.397666666, dts 0:00:00.397666666, dur 0:00:00.020000000, size 42790, offset none, offset_end none, flags 0x0
06-06 22:09:48.036  5267  5349 V GStreamer+queue_dataflow: 0:00:34.952904570 0xe900d580 gstqueue.c:1181:gst_queue_chain_buffer_or_list:<queue0> received buffer 0xe93dc208 of size 42790, time 0:00:00.397666666, duration 0:00:00.020000000
06-06 22:09:48.036  5267  5347 D GStreamer+GST_BUS: 0:00:34.952899101 0xe900d4c0 gstbus.c:309:gst_bus_post:<bus4> [msg 0xe9308d10] posting on bus state-changed message: 0xe9308d10, time 99:99:99.999999999, seq-num 150, element 'mpegaudioparse0', GstMessageStateChanged, old-state=(GstState)GST_STATE_READY, new-state=(GstState)GST_STATE_PAUSED, pending-state=(GstState)GST_STATE_VOID_PENDING;
06-06 22:09:48.036  5267  5349 V GStreamer+queue: 0:00:34.952940039 0xe900d580 gstqueue.c:633:apply_buffer:<queue0> sink position updated to 0:00:00.417666666
06-06 22:09:48.036  5267  5347 D GStreamer+bin: 0:00:34.952946966 0xe900d4c0 gstbin.c:3654:gst_bin_handle_message_func:<pipeline0> [msg 0xe9308d10] handling child mpegaudioparse0 message of type state-changed
06-06 22:09:48.036  5267  5349 V GStreamer+queue: 0:00:34.952970455 0xe900d580 gstqueue.c:529:update_time_level:<queue0> update sink time
06-06 22:09:48.036  5267  5347 D GStreamer+bin: 0:00:34.952974258 0xe900d4c0 gstbin.c:3991:gst_bin_handle_message_func:<pipeline0> posting message upward
06-06 22:09:48.036  5267  5349 V GStreamer+queue: 0:00:34.952991237 0xe900d580 gstqueue.c:547:update_time_level:<queue0> sink +0:00:00.728666666, src +0:00:00.000000000
06-06 22:09:48.036  5267  5347 D GStreamer+GST_BUS: 0:00:34.952994414 0xe900d4c0 gstbus.c:309:gst_bus_post:<bus5> [msg 0xe9308d10] posting on bus state-changed message: 0xe9308d10, time 99:99:99.999999999, seq-num 150, element 'mpegaudioparse0', GstMessageStateChanged, old-state=(GstState)GST_STATE_READY, new-state=(GstState)GST_STATE_PAUSED, pending-state=(GstState)GST_STATE_VOID_PENDING;
06-06 22:09:48.036  5267  5349 D GStreamer+GST_SCHEDULING: 0:00:34.953030560 0xe900d580 gstpad.c:4199:gst_pad_chain_data_unchecked:<queue0:sink> called chainfunction &gst_queue_chain with buffer 0xe93dc208, returned ok
06-06 22:09:48.036  5267  5347 D GStreamer+GST_BUS: 0:00:34.953043112 0xe900d4c0 gstbus.c:348:gst_bus_post:<bus5> [msg 0xe9308d10] pushing on async queue
06-06 22:09:48.036  5267  5349 V GStreamer+qtdemux: 0:00:34.953054622 0xe900d580 qtdemux.c:4949:gst_qtdemux_combine_flows:<q> flow return: ok
06-06 22:09:48.036  5267  5347 V GStreamer+GST_POLL: 0:00:34.953062487 0xe900d4c0 gstpoll.c:186:raise_wakeup 0xe925c808: raise
06-06 22:09:48.036  5267  5347 D GStreamer+GST_BUS: 0:00:34.953084101 0xe900d4c0 gstbus.c:351:gst_bus_post:<bus5> [msg 0xe9308d10] pushed on async queue
06-06 22:09:48.036  5267  5334 V GStreamer+GST_BUS: 0:00:34.953100872 0xe916d800 gstbus.c:513:gst_bus_timed_pop_filtered:<bus5> have 1 messages
06-06 22:09:48.036  5267  5347 D GStreamer+GST_BUS: 0:00:34.953104153 0xe900d4c0 gstbus.c:344:gst_bus_post:<bus4> [msg 0xe9308d10] dropped
06-06 22:09:48.036  5267  5334 V GStreamer+GST_POLL: 0:00:34.953125195 0xe916d800 gstpoll.c:201:release_wakeup 0xe925c808: release
06-06 22:09:48.036  5267  5347 D GStreamer+GST_BUS: 0:00:34.953127122 0xe900d4c0 gstbus.c:344:gst_bus_post:<bus2> [msg 0xe9308d10] dropped
06-06 22:09:48.036  5267  5347 V GStreamer+GST_STATES: 0:00:34.953149830 0xe900d4c0 gstelement.c:2702:gst_element_change_state:<mpegaudioparse0> exit state change 1
06-06 22:09:48.036  5267  5334 D GStreamer+GST_BUS: 0:00:34.953151445 0xe916d800 gstbus.c:521:gst_bus_timed_pop_filtered:<bus5> got message 0xe9308d10, state-changed from mpegaudioparse0, type mask is 4294967295
06-06 22:09:48.036  5267  5347 D GStreamer+GST_STATES: 0:00:34.953171705 0xe900d4c0 gstelement.c:2609:gst_element_set_state_func:<mpegaudioparse0> returned SUCCESS
06-06 22:09:48.036  5267  5334 D GStreamer+GST_BUS: 0:00:34.953181601 0xe916d800 gstbus.c:789:gst_bus_source_dispatch:<bus5> source 0xe9302a00 calling dispatch with state-changed message: 0xe9308d10, time 99:99:99.999999999, seq-num 150, element 'mpegaudioparse0', GstMessageStateChanged, old-state=(GstState)GST_STATE_READY, new-state=(GstState)GST_STATE_PAUSED, pending-state=(GstState)GST_STATE_VOID_PENDING;
06-06 22:09:48.036  5267  5347 D GStreamer+GST_EVENT: 0:00:34.953191028 0xe900d4c0 gstpad.c:5536:gst_pad_send_event_unchecked:<mpegaudioparse0:sink> have event type stream-start event: 0xe90b4198, time 99:99:99.999999999, seq-num 97, GstEventStreamStart, stream-id=(string)71ab440d261a1bb43c19b397eec2373651540427aed1e7b0deb4be62a10a7f25/002, flags=(GstStreamFlags)GST_STREAM_FLAG_NONE, group-id=(uint)0;
06-06 22:09:48.036  5267  5347 V GStreamer+GST_PADS: 0:00:34.953239049 0xe900d4c0 gstpad.c:5544:gst_pad_send_event_unchecked:<mpegaudioparse0:sink> Removing pending EOS events
06-06 22:09:48.036  5267  5334 V GStreamer+GST_MESSAGE: 0:00:34.953239987 0xe916d800 gstmessage.c:200:_gst_message_free finalize message 0xe9308d10, state-changed from mpegaudioparse0
06-06 22:09:48.036  5267  5334 D GStreamer+GST_BUS: 0:00:34.953267226 0xe916d800 gstbus.c:794:gst_bus_source_dispatch:<bus5> source 0xe9302a00 handler returns 1
06-06 22:09:48.036  5267  5347 D GStreamer+baseparse: 0:00:34.953266028 0xe900d4c0 gstbaseparse.c:1175:gst_base_parse_sink_event_default:<mpegaudioparse0> handling event 10254, stream-start
06-06 22:09:48.036  5267  5347 V GStreamer+GST_PADS: 0:00:34.953295664 0xe900d4c0 gstpad.c:5028:store_sticky_event:<mpegaudioparse0:src> Removing pending EOS events
06-06 22:09:48.036  5267  5349 V GStreamer+qtdemux: 0:00:34.953072695 0xe900d580 qtdemux.c:4957:gst_qtdemux_combine_flows:<q> combined flow return: ok
06-06 22:09:48.036  5267  5347 V GStreamer+GST_PADS: 0:00:34.953313320 0xe900d4c0 gstpad.c:5087:store_sticky_event:<mpegaudioparse0:src> stored sticky event stream-start
06-06 22:09:48.036  5267  5349 V GStreamer+qtdemux: 0:00:34.953322643 0xe900d580 qtdemux.c:8003:qtdemux_parse_samples:<q> parsing samples for stream fourcc avc1, pad video_0
06-06 22:09:48.036  5267  5347 D GStreamer+GST_PADS: 0:00:34.953333112 0xe900d4c0 gstpad.c:3853:check_sticky:<mpegaudioparse0:src> pushing all sticky events
06-06 22:09:48.036  5267  5349 D GStreamer+qtdemux: 0:00:34.953350455 0xe900d580 qtdemux.c:8014:qtdemux_parse_samples:<q> parsing up to sample 20
06-06 22:09:48.036  5267  5347 V GStreamer+GST_SCHEDULING: 0:00:34.953352799 0xe900d4c0 gstpad.c:3609:do_probe_callbacks:<mpegaudioparse0:src> do probes cookie 1
06-06 22:09:48.036  5267  5349 V GStreamer+qtdemux: 0:00:34.953375872 0xe900d580 qtdemux.c:8040:qtdemux_parse_samples:<q> sample 20 has size 43072
06-06 22:09:48.036  5267  5347 V GStreamer+GST_SCHEDULING: 0:00:34.953380143 0xe900d4c0 gstpad.c:3505:probe_hook_marshal:<mpegaudioparse0:src> hook 1, cookie 1 with flags 0x00003040 does not match 00001042
06-06 22:09:48.036  5267  5349 V GStreamer+qtdemux: 0:00:34.953403893 0xe900d580 qtdemux.c:8164:qtdemux_parse_samples:<q> creating entry 20 with offset 902166 and size 43072
06-06 22:09:48.036  5267  5347 D GStreamer+GST_PADS: 0:00:34.953413320 0xe900d4c0 gstpad.c:3690:do_probe_callbacks:<mpegaudioparse0:src> data is passed
