05-10 10:02:54.136  4415  4501 I GStreamer+GST_ELEMENT_PADS: 0:02:33.352205566 0xf37ecf50 gstelement.c:907:gst_element_get_static_pad found pad capsfilter1:src
05-10 10:02:54.136  4415  4500 D GStreamer+GST_PADS: 0:02:33.352246139 0xf37ecec0 gstpad.c:5569:gst_pad_send_event_unchecked:<typefind:sink> sent event, ret ok
05-10 10:02:54.136  4415  4501 D GStreamer+GST_PADS: 0:02:33.352262337 0xf37ecf50 gstghostpad.c:840:gst_ghost_pad_set_target:<'':decodepad1> set target capsfilter1:src
05-10 10:02:54.136  4415  4500 D GStreamer+GST_PADS: 0:02:33.352288483 0xf37ecec0 gstpad.c:3765:push_sticky:<sink:proxypad2> event segment marked received
05-10 10:02:54.136  4415  4501 D GStreamer+GST_PADS: 0:02:33.352313170 0xf37ecf50 gstghostpad.c:862:gst_ghost_pad_set_target:<'':decodepad1> connecting internal pad to target <capsfilter1:src>
05-10 10:02:54.136  4415  4500 D GStreamer+GST_PADS: 0:02:33.352353118 0xf37ecec0 gstpad.c:5569:gst_pad_send_event_unchecked:<decodebin1:sink> sent event, ret ok
05-10 10:02:54.136  4415  4500 D GStreamer+GST_PADS: 0:02:33.352398639 0xf37ecec0 gstpad.c:3765:push_sticky:<queue2:src> event segment marked received
05-10 10:02:54.136  4415  4501 D GStreamer+GST_BUS: 0:02:33.352415202 0xf37ecf50 gstbus.c:309:gst_bus_post:<bus0> [msg 0xf3ac0000] posting on bus structure-change message: 0xf3ac0000, time 99:99:99.999999999, seq-num 180, element 'proxypad5', GstMessageStructureChange, type=(GstStructureChangeType)GST_STRUCTURE_CHANGE_TYPE_PAD_LINK, owner=(GstElement)"\(GstCapsFilter\)\ capsfilter1", busy=(boolean)true;
05-10 10:02:54.136  4415  4500 D GStreamer+GST_PADS: 0:02:33.352458587 0xf37ecec0 gstpad.c:3813:check_sticky:<queue2:src> pushing all sticky events
05-10 10:02:54.136  4415  4501 D GStreamer+bin: 0:02:33.352484212 0xf37ecf50 gstbin.c:3528:gst_bin_handle_message_func:<forhwgl> [msg 0xf3ac0000] handling child proxypad5 message of type structure-change
05-10 10:02:54.136  4415  4500 D GStreamer+GST_PADS: 0:02:33.352511660 0xf37ecec0 gstpad.c:3745:push_sticky:<queue2:src> event stream-start was already received
05-10 10:02:54.136  4415  4501 D GStreamer+bin: 0:02:33.352534004 0xf37ecf50 gstbin.c:882:find_message:<forhwgl> no message found matching types 00001000
05-10 10:02:54.136  4415  4501 D GStreamer+bin: 0:02:33.352570827 0xf37ecf50 gstbin.c:889:find_message:<forhwgl>   structure-change
05-10 10:02:54.136  4415  4500 D GStreamer+GST_PADS: 0:02:33.352586868 0xf37ecec0 gstpad.c:3745:push_sticky:<queue2:src> event caps was already received
05-10 10:02:54.136  4415  4501 D GStreamer+bin: 0:02:33.352615306 0xf37ecf50 gstbin.c:929:bin_replace_message:<forhwgl> got new message 0xf3ac0000, structure-change from proxypad5
05-10 10:02:54.136  4415  4500 D GStreamer+GST_PADS: 0:02:33.352641035 0xf37ecec0 gstpad.c:3745:push_sticky:<queue2:src> event segment was already received
05-10 10:02:54.136  4415  4501 D GStreamer+GST_BUS: 0:02:33.352659160 0xf37ecf50 gstbus.c:344:gst_bus_post:<bus0> [msg 0xf3ac0000] dropped
05-10 10:02:54.136  4415  4501 I GStreamer+GST_PADS: 0:02:33.352704525 0xf37ecf50 gstpad.c:2292:gst_pad_link_prepare trying to link capsfilter1:src and decodepad1:proxypad5
05-10 10:02:54.136  4415  4501 I GStreamer+GST_PADS: 0:02:33.352770306 0xf37ecf50 gstpad.c:2498:gst_pad_link_full linked capsfilter1:src and decodepad1:proxypad5, successful
05-10 10:02:54.136  4415  4500 D GStreamer+GST_EVENT: 0:02:33.352753639 0xf37ecec0 gstpad.c:5496:gst_pad_send_event_unchecked:<decodebin1:sink> have event type tag event: 0xf3ab4000, time 99:99:99.999999999, seq-num 118, GstTagList-stream, taglist=(taglist)"taglist\,\ audio-codec\=\(string\)\"MPEG-1\\\ audio\"\,\ maximum-bitrate\=\(uint\)48000\,\ bitrate\=\(uint\)48000\,\ language-code\=\(string\)en\;";
05-10 10:02:54.136  4415  4501 I GStreamer+GST_EVENT: 0:02:33.352801400 0xf37ecf50 gstevent.c:1382:gst_event_new_reconfigure creating reconfigure event
05-10 10:02:54.136  4415  4500 D GStreamer+GST_PADS: 0:02:33.352814785 0xf37ecec0 gstpad.c:3813:check_sticky:<sink:proxypad2> pushing all sticky events
05-10 10:02:54.136  4415  4501 D GStreamer+GST_EVENT: 0:02:33.352837910 0xf37ecf50 gstevent.c:302:gst_event_new_custom creating new event 0xf39dd5e8 reconfigure 61441
05-10 10:02:54.136  4415  4500 D GStreamer+GST_PADS: 0:02:33.352858483 0xf37ecec0 gstpad.c:3745:push_sticky:<sink:proxypad2> event stream-start was already received
05-10 10:02:54.136  4415  4501 D GStreamer+GST_EVENT: 0:02:33.352896348 0xf37ecf50 gstpad.c:5496:gst_pad_send_event_unchecked:<capsfilter1:src> have event type reconfigure event: 0xf39dd5e8, time 99:99:99.999999999, seq-num 181, (NULL)
05-10 10:02:54.136  4415  4500 D GStreamer+GST_PADS: 0:02:33.352926035 0xf37ecec0 gstpad.c:3745:push_sticky:<sink:proxypad2> event caps was already received
05-10 10:02:54.137  4415  4501 D GStreamer+basetransform: 0:02:33.352973431 0xf37ecf50 gstbasetransform.c:1989:gst_base_transform_src_eventfunc:<capsfilter1> handling event 0xf39dd5e8 reconfigure event: 0xf39dd5e8, time 99:99:99.999999999, seq-num 181, (NULL)
05-10 10:02:54.137  4415  4500 D GStreamer+GST_PADS: 0:02:33.353001191 0xf37ecec0 gstpad.c:3745:push_sticky:<sink:proxypad2> event segment was already received
05-10 10:02:54.137  4415  4501 D GStreamer+GST_EVENT: 0:02:33.353024577 0xf37ecf50 gstpad.c:5496:gst_pad_send_event_unchecked:<h264parse1:src> have event type reconfigure event: 0xf39dd5e8, time 99:99:99.999999999, seq-num 181, (NULL)
05-10 10:02:54.137  4415  4501 I GStreamer+GST_EVENT: 0:02:33.353073848 0xf37ecf50 gstpad.c:5601:gst_pad_send_event_unchecked:<h264parse1:src> Received event on flushing pad. Discarding
05-10 10:02:54.137  4415  4500 D GStreamer+GST_EVENT: 0:02:33.353106608 0xf37ecec0 gstpad.c:5496:gst_pad_send_event_unchecked:<typefind:sink> have event type tag event: 0xf3ab4000, time 99:99:99.999999999, seq-num 118, GstTagList-stream, taglist=(taglist)"taglist\,\ audio-codec\=\(string\)\"MPEG-1\\\ audio\"\,\ maximum-bitrate\=\(uint\)48000\,\ bitrate\=\(uint\)48000\,\ language-code\=\(string\)en\;";
05-10 10:02:54.137  4415  4501 D GStreamer+GST_PADS: 0:02:33.353120410 0xf37ecf50 gstpad.c:5569:gst_pad_send_event_unchecked:<capsfilter1:src> sent event, ret error
05-10 10:02:54.137  4415  4500 D GStreamer+typefind: 0:02:33.353147962 0xf37ecec0 gsttypefindelement.c:613:gst_type_find_element_sink_event:<typefind> got tag event in mode 0
05-10 10:02:54.137  4415  4500 D GStreamer+GST_PADS: 0:02:33.353191712 0xf37ecec0 gstpad.c:3813:check_sticky:<typefind:src> pushing all sticky events
05-10 10:02:54.137  4415  4501 D GStreamer+GST_BUS: 0:02:33.353207858 0xf37ecf50 gstbus.c:309:gst_bus_post:<bus0> [msg 0xf3abdb88] posting on bus structure-change message: 0xf3abdb88, time 99:99:99.999999999, seq-num 182, element 'proxypad5', GstMessageStructureChange, type=(GstStructureChangeType)GST_STRUCTURE_CHANGE_TYPE_PAD_LINK, owner=(GstElement)"\(GstCapsFilter\)\ capsfilter1", busy=(boolean)false;
05-10 10:02:54.137  4415  4500 D GStreamer+GST_PADS: 0:02:33.353258170 0xf37ecec0 gstpad.c:3745:push_sticky:<typefind:src> event stream-start was already received
05-10 10:02:54.137  4415  4501 D GStreamer+bin: 0:02:33.353274993 0xf37ecf50 gstbin.c:3528:gst_bin_handle_message_func:<forhwgl> [msg 0xf3abdb88] handling child proxypad5 message of type structure-change
05-10 10:02:54.137  4415  4500 D GStreamer+GST_PADS: 0:02:33.353302962 0xf37ecec0 gstpad.c:3745:push_sticky:<typefind:src> event caps was already received
05-10 10:02:54.137  4415  4501 D GStreamer+bin: 0:02:33.353324473 0xf37ecf50 gstbin.c:957:bin_remove_messages:<decodepad1:proxypad5> deleting message 0xf3ac0000 of types 0x00001000
05-10 10:02:54.137  4415  4501 D GStreamer+bin: 0:02:33.353367858 0xf37ecf50 gstbin.c:963:bin_remove_messages:<forhwgl> not deleting message 0xf3abced0 of type 0x00100000
05-10 10:02:54.137  4415  4500 D GStreamer+GST_PADS: 0:02:33.353373587 0xf37ecec0 gstpad.c:3745:push_sticky:<typefind:src> event segment was already received
05-10 10:02:54.137  4415  4501 D GStreamer+GST_BUS: 0:02:33.353410931 0xf37ecf50 gstbus.c:344:gst_bus_post:<bus0> [msg 0xf3abdb88] dropped
05-10 10:02:54.137  4415  4501 D GStreamer+GST_CAPS: 0:02:33.353459785 0xf37ecf50 gstpad.c:2648:gst_pad_get_current_caps:<capsfilter1:src> get current pad caps (NULL)
05-10 10:02:54.137  4415  4500 D GStreamer+GST_EVENT: 0:02:33.353503223 0xf37ecec0 gstpad.c:5496:gst_pad_send_event_unchecked:<mpegaudioparse0:sink> have event type tag event: 0xf3ab4000, time 99:99:99.999999999, seq-num 118, GstTagList-stream, taglist=(taglist)"taglist\,\ audio-codec\=\(string\)\"MPEG-1\\\ audio\"\,\ maximum-bitrate\=\(uint\)48000\,\ bitrate\=\(uint\)48000\,\ language-code\=\(string\)en\;";
05-10 10:02:54.137  4415  4501 D GStreamer+decodebin: 0:02:33.353513483 0xf37ecf50 gstdecodebin2.c:1797:analyze_new_pad:<forhwgl> No final caps set yet, delaying autoplugging
05-10 10:02:54.137  4415  4500 D GStreamer+baseparse: 0:02:33.353547545 0xf37ecec0 gstbaseparse.c:1174:gst_base_parse_sink_event_default:<mpegaudioparse0> handling event 20510, tag
05-10 10:02:54.137  4415  4501 D GStreamer+GST_STATES: 0:02:33.353563483 0xf37ecf50 gstelement.c:2523:gst_element_set_state_func:<h264parse1> set_state to PAUSED
05-10 10:02:54.137  4415  4501 D GStreamer+GST_STATES: 0:02:33.353601035 0xf37ecf50 gstelement.c:2548:gst_element_set_state_func:<h264parse1> setting target state to PAUSED
05-10 10:02:54.137  4415  4500 I GStreamer+baseparse: 0:02:33.353625358 0xf37ecec0 gstbaseparse.c:4718:gst_base_parse_set_upstream_tags:<mpegaudioparse0> upstream tags: taglist, audio-codec=(string)"MPEG-1\ audio", maximum-bitrate=(uint)48000, bitrate=(uint)48000, language-code=(string)en;
05-10 10:02:54.137  4415  4501 D GStreamer+GST_STATES: 0:02:33.353647702 0xf37ecf50 gstelement.c:2561:gst_element_set_state_func:<h264parse1> current READY, old_pending VOID_PENDING, next VOID_PENDING, old return SUCCESS
05-10 10:02:54.137  4415  4501 D GStreamer+GST_STATES: 0:02:33.353701504 0xf37ecf50 gstelement.c:2595:gst_element_set_state_func:<h264parse1> final: setting state from READY to PAUSED
05-10 10:02:54.137  4415  4500 D GStreamer+baseparse: 0:02:33.353732233 0xf37ecec0 gstbaseparse.c:944:gst_base_parse_queue_tag_event_update:<mpegaudioparse0> merged   : taglist, audio-codec=(string)"MPEG-1\ audio", maximum-bitrate=(uint)48000, bitrate=(uint)48000, language-code=(string)en;
05-10 10:02:54.137  4415  4501 D GStreamer+baseparse: 0:02:33.353750306 0xf37ecf50 gstbaseparse.c:4782:gst_base_parse_change_state:<h264parse1> no index provided creating our own
05-10 10:02:54.137  4415  4500 D GStreamer+GST_EVENT: 0:02:33.353774837 0xf37ecec0 gstevent.c:302:gst_event_new_custom creating new event 0xf39db520 tag 20510
05-10 10:02:54.137  4415  4501 D GStreamer+default: 0:02:33.353791348 0xf37ecf50 gstindex.c:280:gst_index_group_new created new index group 0
05-10 10:02:54.137  4415  4501 D GStreamer+default: 0:02:33.353823639 0xf37ecf50 gstindex.c:193:gst_index_init created new index
05-10 10:02:54.137  4415  4500 D GStreamer+baseparse: 0:02:33.353810618 0xf37ecec0 gstbaseparse.c:1484:gst_base_parse_sink_event_default:<mpegaudioparse0> event handled
05-10 10:02:54.137  4415  4501 D GStreamer+default: 0:02:33.353851816 0xf37ecf50 gstmemindex.c:128:gst_mem_index_init created new mem index
05-10 10:02:54.137  4415  4500 D GStreamer+GST_PADS: 0:02:33.353865098 0xf37ecec0 gstpad.c:5569:gst_pad_send_event_unchecked:<mpegaudioparse0:sink> sent event, ret ok
05-10 10:02:54.137  4415  4501 D GStreamer+GST_ELEMENT_PADS: 0:02:33.353934577 0xf37ecf50 gstelement.c:2793:gst_element_pads_activate:<h264parse1> activate pads
05-10 10:02:54.137  4415  4500 D GStreamer+GST_PADS: 0:02:33.353919473 0xf37ecec0 gstpad.c:3765:push_sticky:<typefind:src> event tag marked received
05-10 10:02:54.138  4415  4501 D GStreamer+GST_PADS: 0:02:33.353983014 0xf37ecf50 gstpad.c:1056:gst_pad_set_active:<h264parse1:src> activating pad from none
05-10 10:02:54.138  4415  4500 D GStreamer+GST_PADS: 0:02:33.353999160 0xf37ecec0 gstpad.c:5569:gst_pad_send_event_unchecked:<typefind:sink> sent event, ret ok
05-10 10:02:54.138  4415  4501 D GStreamer+GST_PADS: 0:02:33.354026660 0xf37ecf50 gstpad.c:972:pre_activate:<h264parse1:src> setting pad into push mode, unset flushing
05-10 10:02:54.138  4415  4501 D GStreamer+GST_PADS: 0:02:33.354072650 0xf37ecf50 gstpad.c:1198:gst_pad_activate_mode:<h264parse1:src> activated in push mode
05-10 10:02:54.138  4415  4500 D GStreamer+GST_PADS: 0:02:33.354078379 0xf37ecec0 gstpad.c:3765:push_sticky:<sink:proxypad2> event tag marked received
05-10 10:02:54.138  4415  4500 D GStreamer+GST_PADS: 0:02:33.354126243 0xf37ecec0 gstpad.c:5569:gst_pad_send_event_unchecked:<decodebin1:sink> sent event, ret ok
05-10 10:02:54.138  4415  4501 D GStreamer+GST_PADS: 0:02:33.354132910 0xf37ecf50 gstpad.c:1056:gst_pad_set_active:<h264parse1:sink> activating pad from none
05-10 10:02:54.138  4415  4501 D GStreamer+baseparse: 0:02:33.354175879 0xf37ecf50 gstbaseparse.c:3585:gst_base_parse_sink_activate:<h264parse1> sink activate
05-10 10:02:54.138  4415  4500 D GStreamer+GST_PADS: 0:02:33.354191712 0xf37ecec0 gstpad.c:3765:push_sticky:<queue2:src> event tag marked received
05-10 10:02:54.138  4415  4501 D GStreamer+query: 0:02:33.354215358 0xf37ecf50 gstquery.c:674:gst_query_new_custom creating new query 0xf3a48600 scheduling
05-10 10:02:54.138  4415  4500 D GStreamer+GST_PADS: 0:02:33.354234941 0xf37ecec0 gstpad.c:3813:check_sticky:<queue2:src> pushing all sticky events
05-10 10:02:54.138  4415  4501 D GStreamer+GST_PADS: 0:02:33.354262441 0xf37ecf50 gstpad.c:4009:gst_pad_peer_query:<h264parse1:sink> peer query 0xf3a48600 (scheduling)
05-10 10:02:54.138  4415  4500 D GStreamer+GST_PADS: 0:02:33.354316920 0xf37ecec0 gstpad.c:3745:push_sticky:<queue2:src> event stream-start was already received
05-10 10:02:54.138  4415  4501 D GStreamer+GST_PADS: 0:02:33.354333587 0xf37ecf50 gstpad.c:3882:gst_pad_query:<typefind:src> doing query 0xf3a48600 (scheduling)
05-10 10:02:54.138  4415  4500 D GStreamer+GST_PADS: 0:02:33.354360931 0xf37ecec0 gstpad.c:3745:push_sticky:<queue2:src> event caps was already received
05-10 10:02:54.138  4415  4501 D GStreamer+typefind: 0:02:33.354402858 0xf37ecf50 gsttypefindelement.c:365:gst_type_find_handle_src_query:<typefind> Handling src query scheduling
05-10 10:02:54.138  4415  4500 D GStreamer+GST_PADS: 0:02:33.354422181 0xf37ecec0 gstpad.c:3745:push_sticky:<queue2:src> event segment was already received
05-10 10:02:54.138  4415  4501 D GStreamer+GST_PADS: 0:02:33.354451243 0xf37ecf50 gstpad.c:4009:gst_pad_peer_query:<typefind:sink> peer query 0xf3a48600 (scheduling)
05-10 10:02:54.138  4415  4500 D GStreamer+GST_PADS: 0:02:33.354469368 0xf37ecec0 gstpad.c:3745:push_sticky:<queue2:src> event tag was already received
05-10 10:02:54.138  4415  4501 D GStreamer+GST_PADS: 0:02:33.354504473 0xf37ecf50 gstpad.c:3882:gst_pad_query:<sink:proxypad0> doing query 0xf3a48600 (scheduling)
05-10 10:02:54.138  4415  4501 D GStreamer+GST_PADS: 0:02:33.354576920 0xf37ecf50 gstpad.c:3339:gst_pad_query_default:<sink:proxypad0> forwarding 0xf3a48600 (scheduling) query
05-10 10:02:54.138  4415  4500 D GStreamer+GST_EVENT: 0:02:33.354629160 0xf37ecec0 gstpad.c:5496:gst_pad_send_event_unchecked:<decodebin1:sink> have event type tag event: 0xf3ab4048, time 99:99:99.999999999, seq-num 119, GstTagList-global, taglist=(taglist)"taglist\,\ datetime\=\(datetime\)2016-05-10T02:46:01Z\,\ container-format\=\(string\)\"ISO\\\ MP4/M4A\"\;";
05-10 10:02:54.138  4415  4501 D GStreamer+GST_PADS: 0:02:33.354653639 0xf37ecf50 gstpad.c:4009:gst_pad_peer_query:<forhwgl:sink> peer query 0xf3a48600 (scheduling)
05-10 10:02:54.138  4415  4500 D GStreamer+GST_PADS: 0:02:33.354684473 0xf37ecec0 gstpad.c:3813:check_sticky:<sink:proxypad2> pushing all sticky events
05-10 10:02:54.138  4415  4501 D GStreamer+GST_PADS: 0:02:33.354700462 0xf37ecf50 gstpad.c:3882:gst_pad_query:<capsfilter0:src> doing query 0xf3a48600 (scheduling)
05-10 10:02:54.138  4415  4500 D GStreamer+GST_PADS: 0:02:33.354749056 0xf37ecec0 gstpad.c:3745:push_sticky:<sink:proxypad2> event stream-start was already received
05-10 10:02:54.138  4415  4501 D GStreamer+GST_PADS: 0:02:33.354765879 0xf37ecf50 gstpad.c:4009:gst_pad_peer_query:<capsfilter0:sink> peer query 0xf3a48600 (scheduling)
05-10 10:02:54.138  4415  4500 D GStreamer+GST_PADS: 0:02:33.354795150 0xf37ecec0 gstpad.c:3745:push_sticky:<sink:proxypad2> event caps was already received
05-10 10:02:54.138  4415  4501 D GStreamer+GST_PADS: 0:02:33.354823639 0xf37ecf50 gstpad.c:3882:gst_pad_query:<h264parse0:src> doing query 0xf3a48600 (scheduling)
05-10 10:02:54.138  4415  4500 D GStreamer+GST_PADS: 0:02:33.354859264 0xf37ecec0 gstpad.c:3745:push_sticky:<sink:proxypad2> event segment was already received
05-10 10:02:54.138  4415  4501 D GStreamer+baseparse: 0:02:33.354901764 0xf37ecf50 gstbaseparse.c:1579:gst_base_parse_src_query:<h264parse0> scheduling query: scheduling query: 0xf3a48600, GstQueryScheduling, flags=(GstSchedulingFlags)0, minsize=(int)1, maxsize=(int)-1, align=(int)0;
05-10 10:02:54.138  4415  4500 D GStreamer+GST_PADS: 0:02:33.354917910 0xf37ecec0 gstpad.c:3745:push_sticky:<sink:proxypad2> event tag was already received
05-10 10:02:54.139  4415  4501 D GStreamer+GST_PADS: 0:02:33.354945098 0xf37ecf50 gstpad.c:3339:gst_pad_query_default:<h264parse0:src> not forwarding 0xf3a48600 (scheduling) query
05-10 10:02:54.139  4415  4501 D GStreamer+GST_PADS: 0:02:33.354992389 0xf37ecf50 gstpad.c:3905:gst_pad_query:<h264parse0:src> sent query 0xf3a48600 (scheduling), result 0
05-10 10:02:54.139  4415  4501 D GStreamer+GST_PADS: 0:02:33.355058066 0xf37ecf50 gstpad.c:3950:gst_pad_query:<h264parse0:src> query failed
05-10 10:02:54.139  4415  4500 D GStreamer+GST_EVENT: 0:02:33.355063639 0xf37ecec0 gstpad.c:5496:gst_pad_send_event_unchecked:<typefind:sink> have event type tag event: 0xf3ab4048, time 99:99:99.999999999, seq-num 119, GstTagList-global, taglist=(taglist)"taglist\,\ datetime\=\(datetime\)2016-05-10T02:46:01Z\,\ container-format\=\(string\)\"ISO\\\ MP4/M4A\"\;";
05-10 10:02:54.139  4415  4501 D GStreamer+GST_PADS: 0:02:33.355097025 0xf37ecf50 gstpad.c:4071:gst_pad_peer_query:<capsfilter0:sink> query failed
05-10 10:02:54.139  4415  4500 D GStreamer+typefind: 0:02:33.355107493 0xf37ecec0 gsttypefindelement.c:613:gst_type_find_element_sink_event:<typefind> got tag event in mode 0
05-10 10:02:54.139  4415  4501 D GStreamer+GST_PADS: 0:02:33.355145827 0xf37ecf50 gstpad.c:3905:gst_pad_query:<capsfilter0:src> sent query 0xf3a48600 (scheduling), result 0
05-10 10:02:54.139  4415  4500 D GStreamer+GST_PADS: 0:02:33.355172493 0xf37ecec0 gstpad.c:3813:check_sticky:<typefind:src> pushing all sticky events
05-10 10:02:54.139  4415  4501 D GStreamer+GST_PADS: 0:02:33.355181973 0xf37ecf50 gstpad.c:3950:gst_pad_query:<capsfilter0:src> query failed
05-10 10:02:54.139  4415  4500 D GStreamer+GST_PADS: 0:02:33.355216348 0xf37ecec0 gstpad.c:3745:push_sticky:<typefind:src> event stream-start was already received
05-10 10:02:54.139  4415  4501 D GStreamer+GST_PADS: 0:02:33.355232858 0xf37ecf50 gstpad.c:4071:gst_pad_peer_query:<forhwgl:sink> query failed
05-10 10:02:54.139  4415  4501 D GStreamer+GST_PADS: 0:02:33.355281920 0xf37ecf50 gstpad.c:3905:gst_pad_query:<sink:proxypad0> sent query 0xf3a48600 (scheduling), result 0
05-10 10:02:54.139  4415  4500 D GStreamer+GST_PADS: 0:02:33.355287389 0xf37ecec0 gstpad.c:3745:push_sticky:<typefind:src> event caps was already received
05-10 10:02:54.139  4415  4501 D GStreamer+GST_PADS: 0:02:33.355319525 0xf37ecf50 gstpad.c:3950:gst_pad_query:<sink:proxypad0> query failed
05-10 10:02:54.139  4415  4500 D GStreamer+GST_PADS: 0:02:33.355328170 0xf37ecec0 gstpad.c:3745:push_sticky:<typefind:src> event segment was already received
05-10 10:02:54.139  4415  4501 D GStreamer+GST_PADS: 0:02:33.355354004 0xf37ecf50 gstpad.c:4071:gst_pad_peer_query:<typefind:sink> query failed
05-10 10:02:54.139  4415  4500 D GStreamer+GST_PADS: 0:02:33.355363483 0xf37ecec0 gstpad.c:3745:push_sticky:<typefind:src> event tag was already received
05-10 10:02:54.139  4415  4501 D GStreamer+GST_PADS: 0:02:33.355402285 0xf37ecf50 gstpad.c:3905:gst_pad_query:<typefind:src> sent query 0xf3a48600 (scheduling), result 0
05-10 10:02:54.139  4415  4501 D GStreamer+GST_PADS: 0:02:33.355448795 0xf37ecf50 gstpad.c:3950:gst_pad_query:<typefind:src> query failed
05-10 10:02:54.139  4415  4500 D GStreamer+GST_EVENT: 0:02:33.355511295 0xf37ecec0 gstpad.c:5496:gst_pad_send_event_unchecked:<mpegaudioparse0:sink> have event type tag event: 0xf3ab4048, time 99:99:99.999999999, seq-num 119, GstTagList-global, taglist=(taglist)"taglist\,\ datetime\=\(datetime\)2016-05-10T02:46:01Z\,\ container-format\=\(string\)\"ISO\\\ MP4/M4A\"\;";
05-10 10:02:54.139  4415  4501 D GStreamer+GST_PADS: 0:02:33.355526295 0xf37ecf50 gstpad.c:4071:gst_pad_peer_query:<h264parse1:sink> query failed
05-10 10:02:54.139  4415  4500 D GStreamer+baseparse: 0:02:33.355558379 0xf37ecec0 gstbaseparse.c:1174:gst_base_parse_sink_event_default:<mpegaudioparse0> handling event 20510, tag
05-10 10:02:54.139  4415  4501 D GStreamer+baseparse: 0:02:33.355575775 0xf37ecf50 gstbaseparse.c:3614:gst_base_parse_sink_activate:<h264parse1> trying to activate in push mode
05-10 10:02:54.139  4415  4500 D GStreamer+baseparse: 0:02:33.355614733 0xf37ecec0 gstbaseparse.c:1484:gst_base_parse_sink_event_default:<mpegaudioparse0> event handled
05-10 10:02:54.139  4415  4501 D GStreamer+GST_PADS: 0:02:33.355631191 0xf37ecf50 gstpad.c:972:pre_activate:<h264parse1:sink> setting pad into push mode, unset flushing
05-10 10:02:54.139  4415  4500 D GStreamer+GST_PADS: 0:02:33.355656348 0xf37ecec0 gstpad.c:5569:gst_pad_send_event_unchecked:<mpegaudioparse0:sink> sent event, ret ok
05-10 10:02:54.139  4415  4501 D GStreamer+GST_PADS: 0:02:33.355680254 0xf37ecf50 gstpad.c:984:pre_activate:<h264parse1:sink> reschedule events on peer typefind:src
05-10 10:02:54.139  4415  4500 D GStreamer+GST_PADS: 0:02:33.355722233 0xf37ecec0 gstpad.c:3765:push_sticky:<typefind:src> event tag marked received
05-10 10:02:54.139  4415  4501 D GStreamer+baseparse: 0:02:33.355738431 0xf37ecf50 gstbaseparse.c:3661:gst_base_parse_sink_activate_mode:<h264parse1> sink activate in push mode
05-10 10:02:54.139  4415  4500 D GStreamer+GST_PADS: 0:02:33.355761712 0xf37ecec0 gstpad.c:5569:gst_pad_send_event_unchecked:<typefind:sink> sent event, ret ok
05-10 10:02:54.139  4415  4501 D GStreamer+baseparse: 0:02:33.355777806 0xf37ecf50 gstbaseparse.c:3625:gst_base_parse_activate:<h264parse1> activate 1
05-10 10:02:54.139  4415  4500 D GStreamer+GST_PADS: 0:02:33.355810566 0xf37ecec0 gstpad.c:3765:push_sticky:<sink:proxypad2> event tag marked received
05-10 10:02:54.139  4415  4501 D GStreamer+h264parse: 0:02:33.355827545 0xf37ecf50 gsth264parse.c:262:gst_h264_parse_start:<h264parse1> start
05-10 10:02:54.139  4415  4501 D GStreamer+h264parse: 0:02:33.355874004 0xf37ecf50 gsth264parse.c:184:gst_h264_parse_reset_frame:<h264parse1> reset frame
05-10 10:02:54.139  4415  4500 D GStreamer+GST_PADS: 0:02:33.355889420 0xf37ecec0 gstpad.c:5569:gst_pad_send_event_unchecked:<decodebin1:sink> sent event, ret ok
05-10 10:02:54.140  4415  4500 D GStreamer+GST_PADS: 0:02:33.355959316 0xf37ecec0 gstpad.c:3765:push_sticky:<queue2:src> event tag marked received
05-10 10:02:54.140  4415  4500 D GStreamer+GST_SCHEDULING: 0:02:33.356032129 0xf37ecec0 gstpad.c:4153:gst_pad_chain_data_unchecked:<decodebin1:sink> calling chainfunction &gst_proxy_pad_chain_default with buffer buffer: 0xf3ac2410, pts 0:00:00.000000000, dts 0:00:00.000000000, dur 0:00:00.024000000, size 144, offset none, offset_end none, flags 0x40
05-10 10:02:54.140  4415  4502 D GStreamer+queue_dataflow: 0:02:33.356059889 0xf37ecfb0 gstqueue.c:1204:gst_queue_chain_buffer_or_list:<queue2> queue is not full
05-10 10:02:54.140  4415  4501 D GStreamer+baseparse: 0:02:33.356099212 0xf37ecf50 gstbaseparse.c:3647:gst_base_parse_activate:<h264parse1> activate return: 1
05-10 10:02:54.140  4415  4500 D GStreamer+GST_SCHEDULING: 0:02:33.356167129 0xf37ecec0 gstpad.c:4153:gst_pad_chain_data_unchecked:<typefind:sink> calling chainfunction &gst_type_find_element_chain with buffer buffer: 0xf3ac2410, pts 0:00:00.000000000, dts 0:00:00.000000000, dur 0:00:00.024000000, size 144, offset none, offset_end none, flags 0x40
05-10 10:02:54.140  4415  4502 D GStreamer+GST_SCHEDULING: 0:02:33.356215254 0xf37ecfb0 gstpad.c:4159:gst_pad_chain_data_unchecked:<queue2:sink> called chainfunction &gst_queue_chain with buffer 0xf3c3bb38, returned ok
05-10 10:02:54.140  4415  4501 D GStreamer+baseparse: 0:02:33.356234264 0xf37ecf50 gstbaseparse.c:3684:gst_base_parse_sink_activate_mode:<h264parse1> sink activate return: 1
05-10 10:02:54.140  4415  4500 D GStreamer+GST_SCHEDULING: 0:02:33.356252493 0xf37ecec0 gstpad.c:4153:gst_pad_chain_data_unchecked:<mpegaudioparse0:sink> calling chainfunction &gst_base_parse_chain with buffer buffer: 0xf3ac2410, pts 0:00:00.000000000, dts 0:00:00.000000000, dur 0:00:00.024000000, size 144, offset none, offset_end none, flags 0x40
05-10 10:02:54.140  4415  4500 D GStreamer+baseparse: 0:02:33.356310254 0xf37ecec0 gstbaseparse.c:2985:gst_base_parse_chain:<mpegaudioparse0> chain
05-10 10:02:54.140  4415  4501 D GStreamer+GST_PADS: 0:02:33.356316452 0xf37ecf50 gstpad.c:1198:gst_pad_activate_mode:<h264parse1:sink> activated in push mode
05-10 10:02:54.140  4415  4501 D GStreamer+GST_ELEMENT_PADS: 0:02:33.356365514 0xf37ecf50 gstelement.c:2812:gst_element_pads_activate:<h264parse1> pad activation successful
05-10 10:02:54.140  4415  4500 D GStreamer+baseparse: 0:02:33.356379264 0xf37ecec0 gstbaseparse.c:3016:gst_base_parse_chain:<mpegaudioparse0> Looking for streamheader field on caps to prepend to the stream
05-10 10:02:54.140  4415  4502 D GStreamer+qtdemux: 0:02:33.356380202 0xf37ecfb0 qtdemux.c:7675:qtdemux_parse_samples:<q> parsing up to sample 43
05-10 10:02:54.140  4415  4501 D GStreamer+GST_STATES: 0:02:33.356414629 0xf37ecf50 gstelement.c:2684:gst_element_change_state:<h264parse1> element changed state SUCCESS
05-10 10:02:54.140  4415  4502 D GStreamer+qtdemux: 0:02:33.356461973 0xf37ecfb0 qtdemux.c:7882:qtdemux_parse_samples:<q> sample 43: index 43, timestamp 0:00:01.032000000
05-10 10:02:54.140  4415  4501 I GStreamer+GST_STATES: 0:02:33.356473223 0xf37ecf50 gstelement.c:2372:gst_element_continue_state:<h264parse1> completed state change to PAUSED
05-10 10:02:54.140  4415  4500 D GStreamer+GST_CAPS: 0:02:33.356513952 0xf37ecec0 gstpad.c:2648:gst_pad_get_current_caps:<mpegaudioparse0:sink> get current pad caps audio/mpeg, mpegversion=(int)1, parsed=(boolean)true, rate=(int)24000, channels=(int)1
05-10 10:02:54.140  4415  4501 I GStreamer+GST_STATES: 0:02:33.356525150 0xf37ecf50 gstelement.c:2277:_priv_gst_element_state_changed:<h264parse1> notifying about state-changed READY to PAUSED (VOID_PENDING pending)
05-10 10:02:54.140  4415  4502 D GStreamer+qtdemux: 0:02:33.356550358 0xf37ecfb0 qtdemux.c:7982:qtdemux_parse_samples:<q> setting all keyframes
05-10 10:02:54.140  4415  4500 D GStreamer+baseparse: 0:02:33.356565514 0xf37ecec0 gstbaseparse.c:2965:gst_base_parse_process_streamheader:<mpegaudioparse0> No streamheader on caps
05-10 10:02:54.140  4415  4501 D GStreamer+GST_BUS: 0:02:33.356625775 0xf37ecf50 gstbus.c:309:gst_bus_post:<bus0> [msg 0xf3abdb30] posting on bus state-changed message: 0xf3abdb30, time 99:99:99.999999999, seq-num 184, element 'h264parse1', GstMessageStateChanged, old-state=(GstState)GST_STATE_READY, new-state=(GstState)GST_STATE_PAUSED, pending-state=(GstState)GST_STATE_VOID_PENDING;
05-10 10:02:54.140  4415  4500 D GStreamer+baseparse: 0:02:33.356657389 0xf37ecec0 gstbaseparse.c:2677:gst_base_parse_drain:<mpegaudioparse0> draining
05-10 10:02:54.140  4415  4502 D GStreamer+qtdemux: 0:02:33.356671295 0xf37ecfb0 qtdemux.c:5197:gst_qtdemux_loop_state_movie:<q> pushing from stream 0, empty 0 offset 1526191, size 41196, dts=0:00:00.716000000, pts=0:00:00.716000000, duration 0:00:00.019666666
05-10 10:02:54.140  4415  4501 D GStreamer+bin: 0:02:33.356691660 0xf37ecf50 gstbin.c:3528:gst_bin_handle_message_func:<forhwgl> [msg 0xf3abdb30] handling child h264parse1 message of type state-changed
05-10 10:02:54.140  4415  4500 D GStreamer+GST_PERFORMANCE: 0:02:33.356748118 0xf37ecec0 gstminiobject.c:326:gst_mini_object_make_writable copy GstBuffer miniobject 0xf3ac2410 -> 0xf3c3bbd8
05-10 10:02:54.140  4415  4501 D GStreamer+bin: 0:02:33.356760618 0xf37ecf50 gstbin.c:3865:gst_bin_handle_message_func:<forhwgl> posting message upward
05-10 10:02:54.140  4415  4500 D GStreamer+baseparse: 0:02:33.356786920 0xf37ecec0 gstbaseparse.c:792:gst_base_parse_update_frame:<mpegaudioparse0> marking DISCONT
05-10 10:02:54.140  4415  4502 D GStreamer+basesrc: 0:02:33.356827389 0xf37ecfb0 gstbasesrc.c:2355:gst_base_src_update_length:<filesrc0> reading offset 1526191, length 41196, size 15003960, segment.stop -1, maxsize 15003960
05-10 10:02:54.140  4415  4501 D GStreamer+GST_BUS: 0:02:33.356844681 0xf37ecf50 gstbus.c:309:gst_bus_post:<bus4> [msg 0xf3abdb30] posting on bus state-changed message: 0xf3abdb30, time 99:99:99.999999999, seq-num 184, element 'h264parse1', GstMessageStateChanged, old-state=(GstState)GST_STATE_READY, new-state=(GstState)GST_STATE_PAUSED, pending-state=(GstState)GST_STATE_VOID_PENDING;
05-10 10:02:54.140  4415  4500 D GStreamer+mpegaudioparse: 0:02:33.356857545 0xf37ecec0 gstmpegaudioparse.c:456:gst_mpeg_audio_parse_head_check:<mpegaudioparse0> checking mp3 header 0xfff364c0
05-10 10:02:54.140  4415  4502 D GStreamer+basesrc: 0:02:33.356899837 0xf37ecfb0 gstbasesrc.c:2456:gst_base_src_get_range:<filesrc0> calling create offset 1526191 length 41196, time 0
05-10 10:02:54.141  4415  4501 D GStreamer+bin: 0:02:33.356917389 0xf37ecf50 gstbin.c:3528:gst_bin_handle_message_func:<pipeline0> [msg 0xf3abdb30] handling child h264parse1 message of type state-changed
05-10 10:02:54.141  4415  4500 D GStreamer+mpegaudioparse: 0:02:33.356956348 0xf37ecec0 gstmpegaudioparse.c:337:mp3_type_frame_length_from_header:<mpegaudioparse0> Calculated mp3 frame length of 144 bytes
05-10 10:02:54.141  4415  4502 D GStreamer+GST_MEMORY: 0:02:33.356973743 0xf37ecfb0 gstmemory.c:138:gst_memory_init new memory 0xf3c7a800, maxsize:41199 offset:0 size:41196
05-10 10:02:54.141  4415  4501 D GStreamer+bin: 0:02:33.356984473 0xf37ecf50 gstbin.c:3865:gst_bin_handle_message_func:<pipeline0> posting message upward
05-10 10:02:54.141  4415  4500 D GStreamer+mpegaudioparse: 0:02:33.357021764 0xf37ecec0 gstmpegaudioparse.c:340:mp3_type_frame_length_from_header:<mpegaudioparse0> samplerate = 24000, bitrate = 48000, version = 2, layer = 3, channels = 1, mode = mono
05-10 10:02:54.141  4415  4501 D GStreamer+GST_BUS: 0:02:33.357068275 0xf37ecf50 gstbus.c:309:gst_bus_post:<bus5> [msg 0xf3abdb30] posting on bus state-changed message: 0xf3abdb30, time 99:99:99.999999999, seq-num 184, element 'h264parse1', GstMessageStateChanged, old-state=(GstState)GST_STATE_READY, new-state=(GstState)GST_STATE_PAUSED, pending-state=(GstState)GST_STATE_VOID_PENDING;
05-10 10:02:54.141  4415  4502 D GStreamer+basesrc: 0:02:33.357085358 0xf37ecfb0 gstbasesrc.c:2310:gst_base_src_do_sync:<filesrc0> we have no clock
05-10 10:02:54.141  4415  4500 D GStreamer+GST_SCHEDULING: 0:02:33.357111868 0xf37ecec0 gstpad.c:4159:gst_pad_chain_data_unchecked:<mpegaudioparse0:sink> called chainfunction &gst_base_parse_chain with buffer 0xf3ac2410, returned ok
05-10 10:02:54.141  4415  4501 D GStreamer+GST_BUS: 0:02:33.357130514 0xf37ecf50 gstbus.c:348:gst_bus_post:<bus5> [msg 0xf3abdb30] pushing on async queue
05-10 10:02:54.141  4415  4501 D GStreamer+GST_BUS: 0:02:33.357177129 0xf37ecf50 gstbus.c:351:gst_bus_post:<bus5> [msg 0xf3abdb30] pushed on async queue
05-10 10:02:54.141  4415  4500 D GStreamer+GST_SCHEDULING: 0:02:33.357194160 0xf37ecec0 gstpad.c:4159:gst_pad_chain_data_unchecked:<typefind:sink> called chainfunction &gst_type_find_element_chain with buffer 0xf3ac2410, returned ok
05-10 10:02:54.141  4415  4488 D GStreamer+GST_BUS: 0:02:33.357205254 0xf3964e00 gstbus.c:521:gst_bus_timed_pop_filtered:<bus5> got message 0xf3abdb30, state-changed from h264parse1, type mask is 4294967295
05-10 10:02:54.141  4415  4501 D GStreamer+GST_BUS: 0:02:33.357223483 0xf37ecf50 gstbus.c:344:gst_bus_post:<bus4> [msg 0xf3abdb30] dropped
05-10 10:02:54.141  4415  4502 D GStreamer+basesrc: 0:02:33.357148900 0xf37ecfb0 gstbasesrc.c:2520:gst_base_src_get_range:<filesrc0> buffer ok
05-10 10:02:54.141  4415  4500 D GStreamer+GST_SCHEDULING: 0:02:33.357255254 0xf37ecec0 gstpad.c:4159:gst_pad_chain_data_unchecked:<decodebin1:sink> called chainfunction &gst_proxy_pad_chain_default with buffer 0xf3ac2410, returned ok
05-10 10:02:54.141  4415  4501 D GStreamer+GST_BUS: 0:02:33.357304733 0xf37ecf50 gstbus.c:344:gst_bus_post:<bus0> [msg 0xf3abdb30] dropped
05-10 10:02:54.141  4415  4488 D GStreamer+GST_BUS: 0:02:33.357339473 0xf3964e00 gstbus.c:789:gst_bus_source_dispatch:<bus5> source 0xf3ab6910 calling dispatch with state-changed message: 0xf3abdb30, time 99:99:99.999999999, seq-num 184, element 'h264parse1', GstMessageStateChanged, old-state=(GstState)GST_STATE_READY, new-state=(GstState)GST_STATE_PAUSED, pending-state=(GstState)GST_STATE_VOID_PENDING;
05-10 10:02:54.141  4415  4501 D GStreamer+GST_STATES: 0:02:33.357366243 0xf37ecf50 gstelement.c:2607:gst_element_set_state_func:<h264parse1> returned SUCCESS
05-10 10:02:54.141  4415  4500 D GStreamer+GST_SCHEDULING: 0:02:33.357392077 0xf37ecec0 gstpad.c:4153:gst_pad_chain_data_unchecked:<decodebin1:sink> calling chainfunction &gst_proxy_pad_chain_default with buffer buffer: 0xf3ac2370, pts 0:00:00.024000000, dts 0:00:00.024000000, dur 0:00:00.024000000, size 144, offset none, offset_end none, flags 0x0
05-10 10:02:54.141  4415  4488 D GStreamer+GST_BUS: 0:02:33.357405931 0xf3964e00 gstbus.c:794:gst_bus_source_dispatch:<bus5> source 0xf3ab6910 handler returns 1
05-10 10:02:54.141  4415  4501 D GStreamer+GST_EVENT: 0:02:33.357454629 0xf37ecf50 gstpad.c:5496:gst_pad_send_event_unchecked:<h264parse1:sink> have event type stream-start event: 0xf39c9cc0, time 99:99:99.999999999, seq-num 103, GstEventStreamStart, stream-id=(string)71ab440d261a1bb43c19b397eec2373651540427aed1e7b0deb4be62a10a7f25/001, flags=(GstStreamFlags)GST_STREAM_FLAG_NONE, group-id=(uint)0;
05-10 10:02:54.141  4415  4501 D GStreamer+baseparse: 0:02:33.357517025 0xf37ecf50 gstbaseparse.c:1174:gst_base_parse_sink_event_default:<h264parse1> handling event 10254, stream-start
05-10 10:02:54.141  4415  4500 D GStreamer+GST_SCHEDULING: 0:02:33.357523900 0xf37ecec0 gstpad.c:4153:gst_pad_chain_data_unchecked:<typefind:sink> calling chainfunction &gst_type_find_element_chain with buffer buffer: 0xf3ac2370, pts 0:00:00.024000000, dts 0:00:00.024000000, dur 0:00:00.024000000, size 144, offset none, offset_end none, flags 0x0
05-10 10:02:54.141  4415  4502 D GStreamer+GST_SCHEDULING: 0:02:33.357542129 0xf37ecfb0 gstpad.c:4153:gst_pad_chain_data_unchecked:<queue0:sink> calling chainfunction &gst_queue_chain with buffer buffer: 0xf3c7a2a8, pts 0:00:00.716000000, dts 0:00:00.716000000, dur 0:00:00.019666666, size 41196, offset none, offset_end none, flags 0x0
05-10 10:02:54.141  4415  4501 D GStreamer+GST_PADS: 0:02:33.357558170 0xf37ecf50 gstpad.c:3813:check_sticky:<h264parse1:src> pushing all sticky events
05-10 10:02:54.141  4415  4502 D GStreamer+GST_SCHEDULING: 0:02:33.357609056 0xf37ecfb0 gstpad.c:4159:gst_pad_chain_data_unchecked:<queue0:sink> called chainfunction &gst_queue_chain with buffer 0xf3c7a2a8, returned ok
05-10 10:02:54.141  4415  4500 D GStreamer+GST_SCHEDULING: 0:02:33.357659733 0xf37ecec0 gstpad.c:4153:gst_pad_chain_data_unchecked:<mpegaudioparse0:sink> calling chainfunction &gst_base_parse_chain with buffer buffer: 0xf3ac2370, pts 0:00:00.024000000, dts 0:00:00.024000000, dur 0:00:00.024000000, size 144, offset none, offset_end none, flags 0x0
05-10 10:02:54.141  4415  4501 D GStreamer+GST_EVENT: 0:02:33.357670098 0xf37ecf50 gstpad.c:5496:gst_pad_send_event_unchecked:<capsfilter1:sink> have event type stream-start event: 0xf39c9cc0, time 99:99:99.999999999, seq-num 103, GstEventStreamStart, stream-id=(string)71ab440d261a1bb43c19b397eec2373651540427aed1e7b0deb4be62a10a7f25/001, flags=(GstStreamFlags)GST_STREAM_FLAG_NONE, group-id=(uint)0;
05-10 10:02:54.141  4415  4502 D GStreamer+qtdemux: 0:02:33.357681556 0xf37ecfb0 qtdemux.c:7675:qtdemux_parse_samples:<q> parsing up to sample 36
05-10 10:02:54.141  4415  4500 D GStreamer+baseparse: 0:02:33.357716868 0xf37ecec0 gstbaseparse.c:2985:gst_base_parse_chain:<mpegaudioparse0> chain
05-10 10:02:54.141  4415  4501 D GStreamer+GST_PADS: 0:02:33.357734629 0xf37ecf50 gstpad.c:3813:check_sticky:<capsfilter1:src> pushing all sticky events
05-10 10:02:54.141  4415  4502 D GStreamer+qtdemux: 0:02:33.357751139 0xf37ecfb0 qtdemux.c:7882:qtdemux_parse_samples:<q> sample 36: index 0, timestamp 0:00:00.735666666
05-10 10:02:54.141  4415  4500 D GStreamer+adapter: 0:02:33.357761035 0xf37ecec0 gstadapter.c:296:copy_into_unchecked bsize 144, skip 0, csize 144
05-10 10:02:54.141  4415  4501 D GStreamer+GST_PADS: 0:02:33.357778431 0xf37ecf50 gstpad.c:3650:do_probe_callbacks:<capsfilter1:src> data is passed
05-10 10:02:54.141  4415  4502 D GStreamer+qtdemux: 0:02:33.357807233 0xf37ecfb0 qtdemux.c:7937:qtdemux_parse_samples:<q> samples at 36 is keyframe
05-10 10:02:54.141  4415  4501 D GStreamer+GST_PADS: 0:02:33.357827077 0xf37ecf50 gstpad.c:3453:probe_hook_marshal:<capsfilter1:src> probe returned OK
05-10 10:02:54.141  4415  4500 D GStreamer+GST_MEMORY: 0:02:33.357841868 0xf37ecec0 gstmemory.c:138:gst_memory_init new memory 0xf3ad0ae8, maxsize:288 offset:0 size:288
05-10 10:02:54.141  4415  4502 D GStreamer+qtdemux: 0:02:33.357886243 0xf37ecfb0 qtdemux.c:5197:gst_qtdemux_loop_state_movie:<q> pushing from stream 1, empty 0 offset 1608784, size 144, dts=0:00:01.032000000, pts=0:00:01.032000000, duration 0:00:00.024000000
05-10 10:02:54.141  4415  4500 D GStreamer+mpegaudioparse: 0:02:33.357903639 0xf37ecec0 gstmpegaudioparse.c:456:gst_mpeg_audio_parse_head_check:<mpegaudioparse0> checking mp3 header 0xfff364c0
05-10 10:02:54.141  4415  4501 D GStreamer+GST_EVENT: 0:02:33.357921920 0xf37ecf50 gstpad.c:5496:gst_pad_send_event_unchecked:<decodepad1:proxypad5> have event type stream-start event: 0xf39c9cc0, time 99:99:99.999999999, seq-num 103, GstEventStreamStart, stream-id=(string)71ab440d261a1bb43c19b397eec2373651540427aed1e7b0deb4be62a10a7f25/001, flags=(GstStreamFlags)GST_STREAM_FLAG_NONE, group-id=(uint)0;
05-10 10:02:54.142  4415  4502 D GStreamer+basesrc: 0:02:33.357938431 0xf37ecfb0 gstbasesrc.c:2355:gst_base_src_update_length:<filesrc0> reading offset 1608784, length 144, size 15003960, segment.stop -1, maxsize 15003960
05-10 10:02:54.142  4415  4500 D GStreamer+mpegaudioparse: 0:02:33.357977806 0xf37ecec0 gstmpegaudioparse.c:337:mp3_type_frame_length_from_header:<mpegaudioparse0> Calculated mp3 frame length of 144 bytes
05-10 10:02:54.142  4415  4502 D GStreamer+basesrc: 0:02:33.358005566 0xf37ecfb0 gstbasesrc.c:2456:gst_base_src_get_range:<filesrc0> calling create offset 1608784 length 144, time 0
05-10 10:02:54.142  4415  4501 D GStreamer+GST_PADS: 0:02:33.358011608 0xf37ecf50 gstpad.c:3813:check_sticky:<'':decodepad1> pushing all sticky events
05-10 10:02:54.142  4415  4500 D GStreamer+mpegaudioparse: 0:02:33.358025358 0xf37ecec0 gstmpegaudioparse.c:340:mp3_type_frame_length_from_header:<mpegaudioparse0> samplerate = 24000, bitrate = 48000, version = 2, layer = 3, channels = 1, mode = mono
05-10 10:02:54.142  4415  4502 D GStreamer+GST_MEMORY: 0:02:33.358055775 0xf37ecfb0 gstmemory.c:138:gst_memory_init new memory 0xf3c112d0, maxsize:147 offset:0 size:144
05-10 10:02:54.142  4415  4501 D GStreamer+GST_PADS: 0:02:33.358073900 0xf37ecf50 gstpad.c:5266:gst_pad_push_event_unchecked:<'':decodepad1> Dropping event stream-start because pad is not linked
05-10 10:02:54.142  4415  4502 D GStreamer+basesrc: 0:02:33.358097702 0xf37ecfb0 gstbasesrc.c:2310:gst_base_src_do_sync:<filesrc0> we have no clock
05-10 10:02:54.142  4415  4500 D GStreamer+mpegaudioparse: 0:02:33.358114056 0xf37ecec0 gstmpegaudioparse.c:407:gst_mp3parse_validate_extended:<mpegaudioparse0> At 144: header=FFF364C0, header2=FFF364C0, bpf=144
05-10 10:02:54.142  4415  4502 D GStreamer+basesrc: 0:02:33.358138223 0xf37ecfb0 gstbasesrc.c:2520:gst_base_src_get_range:<filesrc0> buffer ok
05-10 10:02:54.142  4415  4501 D GStreamer+GST_PADS: 0:02:33.358154264 0xf37ecf50 gstpad.c:3784:push_sticky:<'':decodepad1> pad was not linked, mark pending
05-10 10:02:54.142  4415  4500 D GStreamer+mpegaudioparse: 0:02:33.358189473 0xf37ecec0 gstmpegaudioparse.c:337:mp3_type_frame_length_from_header:<mpegaudioparse0> Calculated mp3 frame length of 144 bytes
05-10 10:02:54.142  4415  4501 D GStreamer+GST_PADS: 0:02:33.358214785 0xf37ecf50 gstpad.c:5569:gst_pad_send_event_unchecked:<decodepad1:proxypad5> sent event, ret ok
05-10 10:02:54.142  4415  4502 D GStreamer+GST_SCHEDULING: 0:02:33.358237181 0xf37ecfb0 gstpad.c:4153:gst_pad_chain_data_unchecked:<queue2:sink> calling chainfunction &gst_queue_chain with buffer buffer: 0xf3c7a348, pts 0:00:01.032000000, dts 0:00:01.032000000, dur 0:00:00.024000000, size 144, offset none, offset_end none, flags 0x0
05-10 10:02:54.142  4415  4500 D GStreamer+mpegaudioparse: 0:02:33.358275045 0xf37ecec0 gstmpegaudioparse.c:340:mp3_type_frame_length_from_header:<mpegaudioparse0> samplerate = 24000, bitrate = 48000, version = 2, layer = 3, channels = 1, mode = mono
05-10 10:02:54.142  4415  4501 D GStreamer+GST_PADS: 0:02:33.358300098 0xf37ecf50 gstpad.c:3765:push_sticky:<capsfilter1:src> event stream-start marked received
05-10 10:02:54.142  4415  4500 D GStreamer+GST_MEMORY: 0:02:33.358330358 0xf37ecec0 gstmemory.c:87:_gst_memory_free free memory 0xf3ad0ae8
05-10 10:02:54.142  4415  4502 D GStreamer+GST_SCHEDULING: 0:02:33.358348743 0xf37ecfb0 gstpad.c:4159:gst_pad_chain_data_unchecked:<queue2:sink> called chainfunction &gst_queue_chain with buffer 0xf3c7a348, returned ok
05-10 10:02:54.142  4415  4501 D GStreamer+GST_PADS: 0:02:33.358364993 0xf37ecf50 gstpad.c:5569:gst_pad_send_event_unchecked:<capsfilter1:sink> sent event, ret ok
05-10 10:02:54.142  4415  4500 D GStreamer+GST_SCHEDULING: 0:02:33.358399316 0xf37ecec0 gstpad.c:4159:gst_pad_chain_data_unchecked:<mpegaudioparse0:sink> called chainfunction &gst_base_parse_chain with buffer 0xf3ac2370, returned ok
05-10 10:02:54.142  4415  4501 D GStreamer+GST_PADS: 0:02:33.358411920 0xf37ecf50 gstpad.c:3765:push_sticky:<h264parse1:src> event stream-start marked received
05-10 10:02:54.142  4415  4502 D GStreamer+qtdemux: 0:02:33.358429056 0xf37ecfb0 qtdemux.c:7675:qtdemux_parse_samples:<q> parsing up to sample 44
05-10 10:02:54.142  4415  4501 D GStreamer+baseparse: 0:02:33.358459160 0xf37ecf50 gstbaseparse.c:1484:gst_base_parse_sink_event_default:<h264parse1> event handled
05-10 10:02:54.142  4415  4500 D GStreamer+GST_SCHEDULING: 0:02:33.358498639 0xf37ecec0 gstpad.c:4159:gst_pad_chain_data_unchecked:<typefind:sink> called chainfunction &gst_type_find_element_chain with buffer 0xf3ac2370, returned ok
05-10 10:02:54.142  4415  4502 D GStreamer+qtdemux: 0:02:33.358516504 0xf37ecfb0 qtdemux.c:7882:qtdemux_parse_samples:<q> sample 44: index 44, timestamp 0:00:01.056000000
05-10 10:02:54.142  4415  4501 D GStreamer+GST_PADS: 0:02:33.358533848 0xf37ecf50 gstpad.c:5569:gst_pad_send_event_unchecked:<h264parse1:sink> sent event, ret ok
05-10 10:02:54.142  4415  4500 D GStreamer+GST_SCHEDULING: 0:02:33.358561816 0xf37ecec0 gstpad.c:4159:gst_pad_chain_data_unchecked:<decodebin1:sink> called chainfunction &gst_proxy_pad_chain_default with buffer 0xf3ac2370, returned ok
05-10 10:02:54.142  4415  4502 D GStreamer+qtdemux: 0:02:33.358578431 0xf37ecfb0 qtdemux.c:7982:qtdemux_parse_samples:<q> setting all keyframes
05-10 10:02:54.142  4415  4502 D GStreamer+qtdemux: 0:02:33.358697441 0xf37ecfb0 qtdemux.c:5197:gst_qtdemux_loop_state_movie:<q> pushing from stream 0, empty 0 offset 1567531, size 41253, dts=0:00:00.735666666, pts=0:00:00.735666666, duration 0:00:00.020000000
05-10 10:02:54.142  4415  4501 D GStreamer+GST_EVENT: 0:02:33.358714993 0xf37ecf50 gstpad.c:5496:gst_pad_send_event_unchecked:<h264parse1:sink> have event type caps event: 0xf39dbb68, time 99:99:99.999999999, seq-num 137, GstEventCaps, caps=(GstCaps)"video/x-h264\,\ stream-format\=\(string\)byte-stream\,\ alignment\=\(string\)au\,\ level\=\(string\)4\,\ profile\=\(string\)baseline\,\ width\=\(int\)1280\,\ height\=\(int\)1440\,\ framerate\=\(fraction\)151/3\,\ pixel-aspect-ratio\=\(fraction\)1/1\,\ parsed\=\(boolean\)true";
05-10 10:02:54.142  4415  4500 D GStreamer+GST_SCHEDULING: 0:02:33.358730723 0xf37ecec0 gstpad.c:4153:gst_pad_chain_data_unchecked:<decodebin1:sink> calling chainfunction &gst_proxy_pad_chain_default with buffer buffer: 0xf3ac22d0, pts 0:00:00.048000000, dts 0:00:00.048000000, dur 0:00:00.024000000, size 144, offset none, offset_end none, flags 0x0
05-10 10:02:54.142  4415  4502 D GStreamer+basesrc: 0:02:33.358754681 0xf37ecfb0 gstbasesrc.c:2355:gst_base_src_update_length:<filesrc0> reading offset 1567531, length 41253, size 15003960, segment.stop -1, maxsize 15003960
05-10 10:02:54.142  4415  4502 D GStreamer+basesrc: 0:02:33.358829473 0xf37ecfb0 gstbasesrc.c:2456:gst_base_src_get_range:<filesrc0> calling create offset 1567531 length 41253, time 0
05-10 10:02:54.142  4415  4501 D GStreamer+GST_CAPS: 0:02:33.358846816 0xf37ecf50 gstutils.c:2921:gst_pad_query_accept_caps:<h264parse1:sink> accept caps of video/x-h264, stream-format=(string)byte-stream, alignment=(string)au, level=(string)4, profile=(string)baseline, width=(int)1280, height=(int)1440, framerate=(fraction)151/3, pixel-aspect-ratio=(fraction)1/1, parsed=(boolean)true
05-10 10:02:54.142  4415  4500 D GStreamer+GST_SCHEDULING: 0:02:33.358886035 0xf37ecec0 gstpad.c:4153:gst_pad_chain_data_unchecked:<typefind:sink> calling chainfunction &gst_type_find_element_chain with buffer buffer: 0xf3ac22d0, pts 0:00:00.048000000, dts 0:00:00.048000000, dur 0:00:00.024000000, size 144, offset none, offset_end none, flags 0x0
05-10 10:02:54.142  4415  4502 D GStreamer+GST_MEMORY: 0:02:33.358899941 0xf37ecfb0 gstmemory.c:138:gst_memory_init new memory 0xf3c85800, maxsize:41256 offset:0 size:41253
05-10 10:02:54.142  4415  4501 D GStreamer+query: 0:02:33.358922493 0xf37ecf50 gstquery.c:674:gst_query_new_custom creating new query 0xf3a4a380 accept-caps
05-10 10:02:54.143  4415  4501 D GStreamer+GST_PADS: 0:02:33.358961295 0xf37ecf50 gstpad.c:3882:gst_pad_query:<h264parse1:sink> doing query 0xf3a4a380 (accept-caps)
05-10 10:02:54.143  4415  4500 D GStreamer+GST_SCHEDULING: 0:02:33.359128691 0xf37ecec0 gstpad.c:4153:gst_pad_chain_data_unchecked:<mpegaudioparse0:sink> calling chainfunction &gst_base_parse_chain with buffer buffer: 0xf3ac22d0, pts 0:00:00.048000000, dts 0:00:00.048000000, dur 0:00:00.024000000, size 144, offset none, offset_end none, flags 0x0
05-10 10:02:54.143  4415  4501 D GStreamer+baseparse: 0:02:33.359146556 0xf37ecf50 gstbaseparse.c:1555:gst_base_parse_sink_query:<h264parse1> accept-caps query
05-10 10:02:54.143  4415  4500 D GStreamer+baseparse: 0:02:33.359184368 0xf37ecec0 gstbaseparse.c:2985:gst_base_parse_chain:<mpegaudioparse0> chain
05-10 10:02:54.143  4415  4502 D GStreamer+basesrc: 0:02:33.359202337 0xf37ecfb0 gstbasesrc.c:2310:gst_base_src_do_sync:<filesrc0> we have no clock
05-10 10:02:54.143  4415  4502 D GStreamer+basesrc: 0:02:33.359269629 0xf37ecfb0 gstbasesrc.c:2520:gst_base_src_get_range:<filesrc0> buffer ok
05-10 10:02:54.143  4415  4501 D GStreamer+GST_PADS: 0:02:33.359271920 0xf37ecf50 gstpad.c:3035:gst_pad_query_accept_caps_default:<h264parse1:sink> query accept-caps accept-caps query: 0xf3a4a380, GstQueryAcceptCaps, caps=(GstCaps)"video/x-h264\,\ stream-format\=\(string\)byte-stream\,\ alignment\=\(string\)au\,\ level\=\(string\)4\,\ profile\=\(string\)baseline\,\ width\=\(int\)1280\,\ height\=\(int\)1440\,\ framerate\=\(fraction\)151/3\,\ pixel-aspect-ratio\=\(fraction\)1/1\,\ parsed\=\(boolean\)true", result=(boolean)false;
05-10 10:02:54.143  4415  4500 D GStreamer+adapter: 0:02:33.359286973 0xf37ecec0 gstadapter.c:296:copy_into_unchecked bsize 144, skip 0, csize 144
05-10 10:02:54.143  4415  4501 D GStreamer+GST_PERFORMANCE: 0:02:33.359320931 0xf37ecf50 gstpad.c:3050:gst_pad_query_accept_caps_default:<h264parse1:sink> fallback ACCEPT_CAPS query, consider implementing a specialized version
05-10 10:02:54.143  4415  4500 D GStreamer+GST_MEMORY: 0:02:33.359373327 0xf37ecec0 gstmemory.c:138:gst_memory_init new memory 0xf3ad0b38, maxsize:432 offset:0 size:432
05-10 10:02:54.143  4415  4502 D GStreamer+GST_SCHEDULING: 0:02:33.359399473 0xf37ecfb0 gstpad.c:4153:gst_pad_chain_data_unchecked:<queue0:sink> calling chainfunction &gst_queue_chain with buffer buffer: 0xf3c7a3e8, pts 0:00:00.735666666, dts 0:00:00.735666666, dur 0:00:00.020000000, size 41253, offset none, offset_end none, flags 0x0
05-10 10:02:54.143  4415  4500 D GStreamer+mpegaudioparse: 0:02:33.359422337 0xf37ecec0 gstmpegaudioparse.c:456:gst_mpeg_audio_parse_head_check:<mpegaudioparse0> checking mp3 header 0xfff364c0
05-10 10:02:54.143  4415  4501 D GStreamer+GST_PADS: 0:02:33.359486400 0xf37ecf50 gstpad.c:3061:gst_pad_query_accept_caps_default:<h264parse1:sink> allowed caps intersect video/x-h264, caps video/x-h264, stream-format=(string)byte-stream, alignment=(string)au, level=(string)4, profile=(string)baseline, width=(int)1280, height=(int)1440, framerate=(fraction)151/3, pixel-aspect-ratio=(fraction)1/1, parsed=(boolean)true
05-10 10:02:54.143  4415  4502 D GStreamer+GST_SCHEDULING: 0:02:33.359495827 0xf37ecfb0 gstpad.c:4159:gst_pad_chain_data_unchecked:<queue0:sink> called chainfunction &gst_queue_chain with buffer 0xf3c7a3e8, returned ok
