05-10 10:02:54.185  4415  4500 D GStreamer+GST_BUS: 0:02:33.401252910 0xf37ecec0 gstbus.c:351:gst_bus_post:<bus5> [msg 0xf3abca70] pushed on async queue
05-10 10:02:54.185  4415  4501 D GStreamer+GST_BUS: 0:02:33.401279681 0xf37ecf50 gstbus.c:309:gst_bus_post:<bus4> [msg 0xf3ac01b8] posting on bus state-changed message: 0xf3ac01b8, time 99:99:99.999999999, seq-num 238, element 'amcvideodec-omxnvidiah264decode0', GstMessageStateChanged, old-state=(GstState)GST_STATE_READY, new-state=(GstState)GST_STATE_PAUSED, pending-state=(GstState)GST_STATE_VOID_PENDING;
05-10 10:02:54.185  4415  4500 D GStreamer+GST_BUS: 0:02:33.401288535 0xf37ecec0 gstbus.c:344:gst_bus_post:<bus4> [msg 0xf3abca70] dropped
05-10 10:02:54.185  4415  4501 D GStreamer+bin: 0:02:33.401324056 0xf37ecf50 gstbin.c:3528:gst_bin_handle_message_func:<pipeline0> [msg 0xf3ac01b8] handling child amcvideodec-omxnvidiah264decode0 message of type state-changed
05-10 10:02:54.185  4415  4500 D GStreamer+GST_BUS: 0:02:33.401343327 0xf37ecec0 gstbus.c:344:gst_bus_post:<bus2> [msg 0xf3abca70] dropped
05-10 10:02:54.185  4415  4501 D GStreamer+bin: 0:02:33.401360306 0xf37ecf50 gstbin.c:3865:gst_bin_handle_message_func:<pipeline0> posting message upward
05-10 10:02:54.185  4415  4500 D GStreamer+task: 0:02:33.401384004 0xf37ecec0 gsttask.c:682:gst_task_set_state:<task5> Changing task 0xf3ab8e10 to state 0
05-10 10:02:54.185  4415  4501 D GStreamer+GST_BUS: 0:02:33.401423379 0xf37ecf50 gstbus.c:309:gst_bus_post:<bus5> [msg 0xf3ac01b8] posting on bus state-changed message: 0xf3ac01b8, time 99:99:99.999999999, seq-num 238, element 'amcvideodec-omxnvidiah264decode0', GstMessageStateChanged, old-state=(GstState)GST_STATE_READY, new-state=(GstState)GST_STATE_PAUSED, pending-state=(GstState)GST_STATE_VOID_PENDING;
05-10 10:02:54.185  4415  4501 D GStreamer+GST_BUS: 0:02:33.401457025 0xf37ecf50 gstbus.c:348:gst_bus_post:<bus5> [msg 0xf3ac01b8] pushing on async queue
05-10 10:02:54.185  4415  4510 D GStreamer+task: 0:02:33.401508900 0xf3a3f8f0 gsttask.c:287:gst_task_func Entering task 0xf3ab8e10, thread 0xf3a3f8f0
05-10 10:02:54.185  4415  4501 D GStreamer+GST_BUS: 0:02:33.401528275 0xf37ecf50 gstbus.c:351:gst_bus_post:<bus5> [msg 0xf3ac01b8] pushed on async queue
05-10 10:02:54.185  4415  4488 D GStreamer+GST_BUS: 0:02:33.401541295 0xf3964e00 gstbus.c:521:gst_bus_timed_pop_filtered:<bus5> got message 0xf3ac01b8, state-changed from amcvideodec-omxnvidiah264decode0, type mask is 4294967295
05-10 10:02:54.185  4415  4501 D GStreamer+GST_BUS: 0:02:33.401589941 0xf37ecf50 gstbus.c:344:gst_bus_post:<bus4> [msg 0xf3ac01b8] dropped
05-10 10:02:54.185  4415  4510 D GStreamer+GST_PADS: 0:02:33.401606035 0xf3a3f8f0 gstpad.c:5864:do_stream_status:<amcaudiodec-omxgooglemp3decoder0:src> doing stream-status 1
05-10 10:02:54.185  4415  4488 D GStreamer+GST_BUS: 0:02:33.401641295 0xf3964e00 gstbus.c:789:gst_bus_source_dispatch:<bus5> source 0xf3ab6910 calling dispatch with state-changed message: 0xf3ac01b8, time 99:99:99.999999999, seq-num 238, element 'amcvideodec-omxnvidiah264decode0', GstMessageStateChanged, old-state=(GstState)GST_STATE_READY, new-state=(GstState)GST_STATE_PAUSED, pending-state=(GstState)GST_STATE_VOID_PENDING;
05-10 10:02:54.185  4415  4501 D GStreamer+GST_BUS: 0:02:33.401658170 0xf37ecf50 gstbus.c:344:gst_bus_post:<bus0> [msg 0xf3ac01b8] dropped
05-10 10:02:54.185  4415  4488 D GStreamer+GST_BUS: 0:02:33.401720462 0xf3964e00 gstbus.c:794:gst_bus_source_dispatch:<bus5> source 0xf3ab6910 handler returns 1
05-10 10:02:54.185  4415  4510 D GStreamer+GST_PADS: 0:02:33.401738691 0xf3a3f8f0 gstpad.c:5893:do_stream_status:<amcaudiodec-omxgooglemp3decoder0:src> posting stream-status 1
05-10 10:02:54.185  4415  4500 D GStreamer+GST_PADS: 0:02:33.401470306 0xf37ecec0 gstpad.c:5569:gst_pad_send_event_unchecked:<amcaudiodec-omxgooglemp3decoder0:sink> sent event, ret ok
05-10 10:02:54.185  4415  4501 D GStreamer+GST_STATES: 0:02:33.401755306 0xf37ecf50 gstelement.c:2607:gst_element_set_state_func:<amcvideodec-omxnvidiah264decode0> returned SUCCESS
05-10 10:02:54.185  4415  4500 D GStreamer+GST_PADS: 0:02:33.401825827 0xf37ecec0 gstpad.c:5053:store_sticky_event:<amcaudiodec-omxgooglemp3decoder0:sink> notify caps
05-10 10:02:54.185  4415  4501 D GStreamer+GST_EVENT: 0:02:33.401872858 0xf37ecf50 gstpad.c:5496:gst_pad_send_event_unchecked:<amcvideodec-omxnvidiah264decode0:sink> have event type stream-start event: 0xf39c9cc0, time 99:99:99.999999999, seq-num 103, GstEventStreamStart, stream-id=(string)71ab440d261a1bb43c19b397eec2373651540427aed1e7b0deb4be62a10a7f25/001, flags=(GstStreamFlags)GST_STREAM_FLAG_NONE, group-id=(uint)0;
05-10 10:02:54.185  4415  4500 D GStreamer+GST_STATES: 0:02:33.401908066 0xf37ecec0 gstelement.c:1970:gst_element_set_locked_state unlocking state of element amcaudiodec-omxgooglemp3decoder0
05-10 10:02:54.186  4415  4500 D GStreamer+GST_CAPS: 0:02:33.401952962 0xf37ecec0 gstpad.c:2648:gst_pad_get_current_caps:<amcaudiodec-omxgooglemp3decoder0:src> get current pad caps (NULL)
05-10 10:02:54.186  4415  4501 D GStreamer+videodecoder: 0:02:33.401960098 0xf37ecf50 gstvideodecoder.c:1486:gst_video_decoder_sink_event:<amcvideodec-omxnvidiah264decode0> received event 10254, stream-start
05-10 10:02:54.186  4415  4510 D GStreamer+GST_BUS: 0:02:33.401965254 0xf3a3f8f0 gstbus.c:309:gst_bus_post:<bus2> [msg 0xf3ac0370] posting on bus stream-status message: 0xf3ac0370, time 99:99:99.999999999, seq-num 239, element 'src', GstMessageStreamStatus, type=(GstStreamStatusType)GST_STREAM_STATUS_TYPE_ENTER, owner=(GstElement)"\(GstAmcAudioDec-OmxGoogleMp3Decoder\)\ amcaudiodec-omxgooglemp3decoder0", object=(GstTask)"\(GstTask\)\ amcaudiodec-omxgooglemp3decoder0:src";
05-10 10:02:54.186  4415  4500 D GStreamer+GST_CAPS: 0:02:33.401998900 0xf37ecec0 gstutils.c:2838:gst_pad_query_caps:<amcaudiodec-omxgooglemp3decoder0:src> get pad caps with filter (NULL)
05-10 10:02:54.186  4415  4501 V GStreamer+videodecoder: 0:02:33.402017181 0xf37ecf50 gstvideodecoder.c:1057:gst_video_decoder_drain_out:<amcvideodec-omxnvidiah264decode0> Sub-class should implement drain()
05-10 10:02:54.186  4415  4510 D GStreamer+bin: 0:02:33.402042493 0xf3a3f8f0 gstbin.c:3528:gst_bin_handle_message_func:<decodebin1> [msg 0xf3ac0370] handling child src message of type stream-status
05-10 10:02:54.186  4415  4501 D GStreamer+videodecoder: 0:02:33.402072077 0xf37ecf50 gstvideodecoder.c:1208:gst_video_decoder_sink_event_default:<amcvideodec-omxnvidiah264decode0> received STREAM_START. Clearing taglist
05-10 10:02:54.186  4415  4500 D GStreamer+query: 0:02:33.402079368 0xf37ecec0 gstquery.c:674:gst_query_new_custom creating new query 0xf3a3f460 caps
05-10 10:02:54.186  4415  4510 D GStreamer+bin: 0:02:33.402111087 0xf3a3f8f0 gstbin.c:3865:gst_bin_handle_message_func:<decodebin1> posting message upward
05-10 10:02:54.186  4415  4500 D GStreamer+GST_PADS: 0:02:33.402122962 0xf37ecec0 gstpad.c:3882:gst_pad_query:<amcaudiodec-omxgooglemp3decoder0:src> doing query 0xf3a3f460 (caps)
05-10 10:02:54.186  4415  4501 D GStreamer+videodecoder: 0:02:33.402139473 0xf37ecf50 gstvideodecoder.c:980:gst_video_decoder_push_event:<amcvideodec-omxnvidiah264decode0> pushing event stream-start
05-10 10:02:54.186  4415  4500 D GStreamer+audiodecoder: 0:02:33.402206139 0xf37ecec0 gstaudiodecoder.c:2883:gst_audio_decoder_src_query:<amcaudiodec-omxgooglemp3decoder0:src> received query caps query: 0xf3a3f460, GstQueryCaps, filter=(GstCaps)"NULL", caps=(GstCaps)"NULL";
05-10 10:02:54.186  4415  4501 D GStreamer+GST_PADS: 0:02:33.402219264 0xf37ecf50 gstpad.c:3813:check_sticky:<amcvideodec-omxnvidiah264decode0:src> pushing all sticky events
05-10 10:02:54.186  4415  4500 D GStreamer+GST_CAPS: 0:02:33.402286191 0xf37ecec0 gstpad.c:3088:gst_pad_query_caps_default:<amcaudiodec-omxgooglemp3decoder0:src> query caps caps query: 0xf3a3f460, GstQueryCaps, filter=(GstCaps)"NULL", caps=(GstCaps)"NULL";
05-10 10:02:54.186  4415  4510 D GStreamer+GST_BUS: 0:02:33.402326400 0xf3a3f8f0 gstbus.c:309:gst_bus_post:<bus4> [msg 0xf3ac0370] posting on bus stream-status message: 0xf3ac0370, time 99:99:99.999999999, seq-num 239, element 'src', GstMessageStreamStatus, type=(GstStreamStatusType)GST_STREAM_STATUS_TYPE_ENTER, owner=(GstElement)"\(GstAmcAudioDec-OmxGoogleMp3Decoder\)\ amcaudiodec-omxgooglemp3decoder0", object=(GstTask)"\(GstTask\)\ amcaudiodec-omxgooglemp3decoder0:src";
05-10 10:02:54.186  4415  4500 D GStreamer+GST_CAPS: 0:02:33.402366920 0xf37ecec0 gstpad.c:3111:gst_pad_query_caps_default:<amcaudiodec-omxgooglemp3decoder0:src> trying pad template caps
05-10 10:02:54.186  4415  4501 D GStreamer+GST_EVENT: 0:02:33.402389629 0xf37ecf50 gstpad.c:5496:gst_pad_send_event_unchecked:<decodepad1:proxypad5> have event type stream-start event: 0xf39c9cc0, time 99:99:99.999999999, seq-num 103, GstEventStreamStart, stream-id=(string)71ab440d261a1bb43c19b397eec2373651540427aed1e7b0deb4be62a10a7f25/001, flags=(GstStreamFlags)GST_STREAM_FLAG_NONE, group-id=(uint)0;
05-10 10:02:54.186  4415  4510 D GStreamer+bin: 0:02:33.402438327 0xf3a3f8f0 gstbin.c:3528:gst_bin_handle_message_func:<pipeline0> [msg 0xf3ac0370] handling child src message of type stream-status
05-10 10:02:54.186  4415  4501 D GStreamer+GST_PADS: 0:02:33.402485931 0xf37ecf50 gstpad.c:3813:check_sticky:<'':decodepad1> pushing all sticky events
05-10 10:02:54.186  4415  4500 D GStreamer+GST_CAPS: 0:02:33.402499212 0xf37ecec0 gstpad.c:3141:gst_pad_query_caps_default:<amcaudiodec-omxgooglemp3decoder0:src> using caps 0xf37478f0 audio/x-raw, rate=(int)[ 1, 2147483647 ], channels=(int)[ 1, 2147483647 ], format=(string)S16LE
05-10 10:02:54.186  4415  4510 D GStreamer+bin: 0:02:33.402529837 0xf3a3f8f0 gstbin.c:3865:gst_bin_handle_message_func:<pipeline0> posting message upward
05-10 10:02:54.186  4415  4501 D GStreamer+GST_PADS: 0:02:33.402549160 0xf37ecf50 gstpad.c:5266:gst_pad_push_event_unchecked:<'':decodepad1> Dropping event stream-start because pad is not linked
05-10 10:02:54.186  4415  4500 D GStreamer+GST_PADS: 0:02:33.402566868 0xf37ecec0 gstpad.c:3339:gst_pad_query_default:<amcaudiodec-omxgooglemp3decoder0:src> not forwarding 0xf3a3f460 (caps) query
05-10 10:02:54.186  4415  4501 D GStreamer+GST_PADS: 0:02:33.402604264 0xf37ecf50 gstpad.c:3784:push_sticky:<'':decodepad1> pad was not linked, mark pending
05-10 10:02:54.186  4415  4500 D GStreamer+GST_PADS: 0:02:33.402622493 0xf37ecec0 gstpad.c:3905:gst_pad_query:<amcaudiodec-omxgooglemp3decoder0:src> sent query 0xf3a3f460 (caps), result 1
05-10 10:02:54.186  4415  4501 D GStreamer+GST_PADS: 0:02:33.402670723 0xf37ecf50 gstpad.c:5569:gst_pad_send_event_unchecked:<decodepad1:proxypad5> sent event, ret ok
05-10 10:02:54.186  4415  4501 D GStreamer+GST_PADS: 0:02:33.402735254 0xf37ecf50 gstpad.c:3765:push_sticky:<amcvideodec-omxnvidiah264decode0:src> event stream-start marked received
05-10 10:02:54.186  4415  4510 D GStreamer+GST_BUS: 0:02:33.402742493 0xf3a3f8f0 gstbus.c:309:gst_bus_post:<bus5> [msg 0xf3ac0370] posting on bus stream-status message: 0xf3ac0370, time 99:99:99.999999999, seq-num 239, element 'src', GstMessageStreamStatus, type=(GstStreamStatusType)GST_STREAM_STATUS_TYPE_ENTER, owner=(GstElement)"\(GstAmcAudioDec-OmxGoogleMp3Decoder\)\ amcaudiodec-omxgooglemp3decoder0", object=(GstTask)"\(GstTask\)\ amcaudiodec-omxgooglemp3decoder0:src";
05-10 10:02:54.186  4415  4500 D GStreamer+GST_CAPS: 0:02:33.402757754 0xf37ecec0 gstutils.c:2845:gst_pad_query_caps:<amcaudiodec-omxgooglemp3decoder0:src> query returned audio/x-raw, rate=(int)[ 1, 2147483647 ], channels=(int)[ 1, 2147483647 ], format=(string)S16LE
05-10 10:02:54.186  4415  4501 D GStreamer+GST_PADS: 0:02:33.402803014 0xf37ecf50 gstpad.c:5569:gst_pad_send_event_unchecked:<amcvideodec-omxnvidiah264decode0:sink> sent event, ret ok
05-10 10:02:54.186  4415  4510 D GStreamer+GST_BUS: 0:02:33.402832493 0xf3a3f8f0 gstbus.c:348:gst_bus_post:<bus5> [msg 0xf3ac0370] pushing on async queue
05-10 10:02:54.186  4415  4510 D GStreamer+GST_BUS: 0:02:33.402890098 0xf3a3f8f0 gstbus.c:351:gst_bus_post:<bus5> [msg 0xf3ac0370] pushed on async queue
05-10 10:02:54.187  4415  4488 D GStreamer+GST_BUS: 0:02:33.402927077 0xf3964e00 gstbus.c:521:gst_bus_timed_pop_filtered:<bus5> got message 0xf3ac0370, stream-status from src, type mask is 4294967295
05-10 10:02:54.187  4415  4501 D GStreamer+GST_EVENT: 0:02:33.402958952 0xf37ecf50 gstpad.c:5496:gst_pad_send_event_unchecked:<amcvideodec-omxnvidiah264decode0:sink> have event type caps event: 0xf39dd678, time 99:99:99.999999999, seq-num 194, GstEventCaps, caps=(GstCaps)"video/x-h264\,\ stream-format\=\(string\)byte-stream\,\ alignment\=\(string\)au\,\ level\=\(string\)4\,\ profile\=\(string\)baseline\,\ width\=\(int\)1280\,\ height\=\(int\)1440\,\ framerate\=\(fraction\)151/3\,\ pixel-aspect-ratio\=\(fraction\)1/1\,\ parsed\=\(boolean\)true";
05-10 10:02:54.187  4415  4510 D GStreamer+GST_BUS: 0:02:33.402969525 0xf3a3f8f0 gstbus.c:344:gst_bus_post:<bus4> [msg 0xf3ac0370] dropped
05-10 10:02:54.187  4415  4510 D GStreamer+GST_BUS: 0:02:33.403024577 0xf3a3f8f0 gstbus.c:344:gst_bus_post:<bus2> [msg 0xf3ac0370] dropped
05-10 10:02:54.187  4415  4501 D GStreamer+GST_CAPS: 0:02:33.403070045 0xf37ecf50 gstutils.c:2921:gst_pad_query_accept_caps:<amcvideodec-omxnvidiah264decode0:sink> accept caps of video/x-h264, stream-format=(string)byte-stream, alignment=(string)au, level=(string)4, profile=(string)baseline, width=(int)1280, height=(int)1440, framerate=(fraction)151/3, pixel-aspect-ratio=(fraction)1/1, parsed=(boolean)true
05-10 10:02:54.187  4415  4510 D GStreamer+task: 0:02:33.403107025 0xf3a3f8f0 gsttask.c:249:gst_task_configure_name:<amcaudiodec-omxgooglemp3decoder0:src> Setting thread name to 'amcaudiodec-omxg'
05-10 10:02:54.187  4415  4488 D GStreamer+GST_BUS: 0:02:33.403121816 0xf3964e00 gstbus.c:789:gst_bus_source_dispatch:<bus5> source 0xf3ab6910 calling dispatch with stream-status message: 0xf3ac0370, time 99:99:99.999999999, seq-num 239, element 'src', GstMessageStreamStatus, type=(GstStreamStatusType)GST_STREAM_STATUS_TYPE_ENTER, owner=(GstElement)"\(GstAmcAudioDec-OmxGoogleMp3Decoder\)\ amcaudiodec-omxgooglemp3decoder0", object=(GstTask)"\(GstTask\)\ amcaudiodec-omxgooglemp3decoder0:src";
05-10 10:02:54.187  4415  4501 D GStreamer+query: 0:02:33.403141139 0xf37ecf50 gstquery.c:674:gst_query_new_custom creating new query 0xf390adb0 accept-caps
05-10 10:02:54.187  4415  4510 D GStreamer+amcaudiodec: 0:02:33.403172493 0xf3a3f8f0 gstamcaudiodec.c:424:gst_amc_audio_dec_loop:<amcaudiodec-omxgooglemp3decoder0> Waiting for available output buffer
05-10 10:02:54.187  4415  4488 D GStreamer+GST_BUS: 0:02:33.403188170 0xf3964e00 gstbus.c:794:gst_bus_source_dispatch:<bus5> source 0xf3ab6910 handler returns 1
05-10 10:02:54.187  4415  4501 D GStreamer+GST_PADS: 0:02:33.403207077 0xf37ecf50 gstpad.c:3882:gst_pad_query:<amcvideodec-omxnvidiah264decode0:sink> doing query 0xf390adb0 (accept-caps)
05-10 10:02:54.187  4415  4500 D GStreamer+decodebin: 0:02:33.402849681 0xf37ecec0 gstdecodebin2.c:2747:expose_pad:<decodebin1> pad amcaudiodec-omxgooglemp3decoder0:src, chain:0xf3ad0958
05-10 10:02:54.187  4415  4510 D GStreamer+default: 0:02:33.403223900 0xf3a3f8f0 gstjniutils.c:476:gst_amc_jni_attach_current_thread Attaching thread 0xf3a3f8f0
05-10 10:02:54.187  4415  4500 D GStreamer+GST_PADS: 0:02:33.403267077 0xf37ecec0 gstpad.c:1062:gst_pad_set_active:<'':decodepad0> pad was active in push mode
05-10 10:02:54.187  4415  4501 D GStreamer+videodecoder: 0:02:33.403273014 0xf37ecf50 gstvideodecoder.c:1963:gst_video_decoder_sink_query:<amcvideodec-omxnvidiah264decode0> received query 40963, accept-caps
05-10 10:02:54.187  4415  4500 D GStreamer+decodebin: 0:02:33.403307545 0xf37ecec0 gstdecodebin2.c:4913:gst_decode_pad_set_blocked:<'':decodepad0> blocking pad: 1
05-10 10:02:54.187  4415  4500 D GStreamer+GST_PADS: 0:02:33.403368170 0xf37ecec0 gstghostpad.c:808:gst_ghost_pad_get_target:<'':decodepad0> get target amcaudiodec-omxgooglemp3decoder0:src
05-10 10:02:54.187  4415  4501 D GStreamer+GST_CAPS: 0:02:33.403386973 0xf37ecf50 gstutils.c:2838:gst_pad_query_caps:<amcvideodec-omxnvidiah264decode0:sink> get pad caps with filter video/x-h264, stream-format=(string)byte-stream, alignment=(string)au, level=(string)4, profile=(string)baseline, width=(int)1280, height=(int)1440, framerate=(fraction)151/3, pixel-aspect-ratio=(fraction)1/1, parsed=(boolean)true
05-10 10:02:54.187  4415  4500 D GStreamer+decodebin: 0:02:33.403412910 0xf37ecec0 gstdecodebin2.c:3956:gst_decode_chain_is_complete:<decodebin1> Chain 0xf3ad0958 is complete: 0
05-10 10:02:54.187  4415  4501 D GStreamer+query: 0:02:33.403430618 0xf37ecf50 gstquery.c:674:gst_query_new_custom creating new query 0xf390ad80 caps
05-10 10:02:54.187  4415  4500 D GStreamer+decodebin: 0:02:33.403458014 0xf37ecec0 gstdecodebin2.c:3956:gst_decode_chain_is_complete:<decodebin1> Chain 0xf3ad0958 is complete: 0
05-10 10:02:54.187  4415  4501 D GStreamer+GST_PADS: 0:02:33.403490202 0xf37ecf50 gstpad.c:3882:gst_pad_query:<amcvideodec-omxnvidiah264decode0:sink> doing query 0xf390ad80 (caps)
05-10 10:02:54.187  4415  4500 D GStreamer+GST_PADS: 0:02:33.403533848 0xf37ecec0 gstpad.c:3813:check_sticky:<mpegaudioparse0:src> pushing all sticky events
05-10 10:02:54.187  4415  4501 D GStreamer+videodecoder: 0:02:33.403550462 0xf37ecf50 gstvideodecoder.c:1963:gst_video_decoder_sink_query:<amcvideodec-omxnvidiah264decode0> received query 43523, caps
05-10 10:02:54.187  4415  4500 D GStreamer+GST_EVENT: 0:02:33.403622389 0xf37ecec0 gstpad.c:5496:gst_pad_send_event_unchecked:<amcaudiodec-omxgooglemp3decoder0:sink> have event type stream-start event: 0xf39c9d98, time 99:99:99.999999999, seq-num 108, GstEventStreamStart, stream-id=(string)71ab440d261a1bb43c19b397eec2373651540427aed1e7b0deb4be62a10a7f25/002, flags=(GstStreamFlags)GST_STREAM_FLAG_NONE, group-id=(uint)0;
05-10 10:02:54.187  4415  4501 D GStreamer+GST_CAPS: 0:02:33.403708066 0xf37ecf50 gstutils.c:2884:gst_pad_peer_query_caps:<amcvideodec-omxnvidiah264decode0:src> get pad peer caps with filter video/x-raw(memory:GLMemory), width=(int)1280, height=(int)1440, framerate=(fraction)151/3, pixel-aspect-ratio=(fraction)1/1; video/x-raw, width=(int)1280, height=(int)1440, framerate=(fraction)151/3, pixel-aspect-ratio=(fraction)1/1
05-10 10:02:54.187  4415  4500 D GStreamer+audiodecoder: 0:02:33.403688900 0xf37ecec0 gstaudiodecoder.c:2327:gst_audio_decoder_sink_event:<amcaudiodec-omxgooglemp3decoder0> received event 10254, stream-start
05-10 10:02:54.187  4415  4501 D GStreamer+query: 0:02:33.403760202 0xf37ecf50 gstquery.c:674:gst_query_new_custom creating new query 0xf390acc0 caps
05-10 10:02:54.187  4415  4500 D GStreamer+audiodecoder: 0:02:33.403779212 0xf37ecec0 gstaudiodecoder.c:493:gst_audio_decoder_reset:<amcaudiodec-omxgooglemp3decoder0> gst_audio_decoder_reset
05-10 10:02:54.187  4415  4501 D GStreamer+GST_PADS: 0:02:33.403802754 0xf37ecf50 gstpad.c:4009:gst_pad_peer_query:<amcvideodec-omxnvidiah264decode0:src> peer query 0xf390acc0 (caps)
05-10 10:02:54.187  4415  4500 D GStreamer+audiodecoder: 0:02:33.403828535 0xf37ecec0 gstaudiodecoder.c:2141:gst_audio_decoder_sink_eventfunc:<amcaudiodec-omxgooglemp3decoder0> received STREAM_START. Clearing taglist
05-10 10:02:54.187  4415  4501 D GStreamer+GST_PADS: 0:02:33.403854264 0xf37ecf50 gstpad.c:3882:gst_pad_query:<decodepad1:proxypad5> doing query 0xf390acc0 (caps)
05-10 10:02:54.187  4415  4500 D GStreamer+GST_PADS: 0:02:33.403883952 0xf37ecec0 gstpad.c:5569:gst_pad_send_event_unchecked:<amcaudiodec-omxgooglemp3decoder0:sink> sent event, ret ok
05-10 10:02:54.187  4415  4500 D GStreamer+GST_PADS: 0:02:33.403933952 0xf37ecec0 gstpad.c:3765:push_sticky:<mpegaudioparse0:src> event stream-start marked received
05-10 10:02:54.188  4415  4501 D GStreamer+decodebin: 0:02:33.403999316 0xf37ecf50 gstdecodebin2.c:5033:gst_decode_pad_query:<forhwgl> calling autoplug-query for decodepad1 (element amcvideodec-omxnvidiah264decode0): caps query: 0xf390acc0, GstQueryCaps, filter=(GstCaps)"video/x-raw\(memory:GLMemory\)\,\ width\=\(int\)1280\,\ height\=\(int\)1440\,\ framerate\=\(fraction\)151/3\,\ pixel-aspect-ratio\=\(fraction\)1/1\;\ video/x-raw\,\ width\=\(int\)1280\,\ height\=\(int\)1440\,\ framerate\=\(fraction\)151/3\,\ pixel-aspect-ratio\=\(fraction\)1/1", caps=(GstCaps)"NULL";
05-10 10:02:54.188  4415  4500 D GStreamer+GST_EVENT: 0:02:33.404049160 0xf37ecec0 gstpad.c:5496:gst_pad_send_event_unchecked:<amcaudiodec-omxgooglemp3decoder0:sink> have event type caps event: 0xf39db568, time 99:99:99.999999999, seq-num 185, GstEventCaps, caps=(GstCaps)"audio/mpeg\,\ mpegversion\=\(int\)1\,\ mpegaudioversion\=\(int\)2\,\ layer\=\(int\)3\,\ rate\=\(int\)24000\,\ channels\=\(int\)1\,\ parsed\=\(boolean\)true";
05-10 10:02:54.188  4415  4501 D GStreamer+decodebin: 0:02:33.404059056 0xf37ecf50 gstdecodebin2.c:5042:gst_decode_pad_query:<forhwgl> autoplug-query returned 0
05-10 10:02:54.188  4415  4500 D GStreamer+GST_CAPS: 0:02:33.404130983 0xf37ecec0 gstutils.c:2921:gst_pad_query_accept_caps:<amcaudiodec-omxgooglemp3decoder0:sink> accept caps of audio/mpeg, mpegversion=(int)1, mpegaudioversion=(int)2, layer=(int)3, rate=(int)24000, channels=(int)1, parsed=(boolean)true
05-10 10:02:54.188  4415  4500 D GStreamer+query: 0:02:33.404195254 0xf37ecec0 gstquery.c:674:gst_query_new_custom creating new query 0xf3a3f490 accept-caps
05-10 10:02:54.188  4415  4501 D GStreamer+GST_CAPS: 0:02:33.404213535 0xf37ecf50 gstpad.c:3088:gst_pad_query_caps_default:<decodepad1:proxypad5> query caps caps query: 0xf390acc0, GstQueryCaps, filter=(GstCaps)"video/x-raw\(memory:GLMemory\)\,\ width\=\(int\)1280\,\ height\=\(int\)1440\,\ framerate\=\(fraction\)151/3\,\ pixel-aspect-ratio\=\(fraction\)1/1\;\ video/x-raw\,\ width\=\(int\)1280\,\ height\=\(int\)1440\,\ framerate\=\(fraction\)151/3\,\ pixel-aspect-ratio\=\(fraction\)1/1", caps=(GstCaps)"NULL";
05-10 10:02:54.188  4415  4500 D GStreamer+GST_PADS: 0:02:33.404241816 0xf37ecec0 gstpad.c:3882:gst_pad_query:<amcaudiodec-omxgooglemp3decoder0:sink> doing query 0xf3a3f490 (accept-caps)
05-10 10:02:54.188  4415  4501 D GStreamer+GST_PADS: 0:02:33.404271973 0xf37ecf50 gstutils.c:2599:gst_pad_proxy_query_caps:<decodepad1:proxypad5> proxying caps query for decodepad1:proxypad5
05-10 10:02:54.188  4415  4500 D GStreamer+audiodecoder: 0:02:33.404343639 0xf37ecec0 gstaudiodecoder.c:2743:gst_audio_decoder_sink_query:<amcaudiodec-omxgooglemp3decoder0:sink> received query accept-caps query: 0xf3a3f490, GstQueryAcceptCaps, caps=(GstCaps)"audio/mpeg\,\ mpegversion\=\(int\)1\,\ mpegaudioversion\=\(int\)2\,\ layer\=\(int\)3\,\ rate\=\(int\)24000\,\ channels\=\(int\)1\,\ parsed\=\(boolean\)true", result=(boolean)false;
05-10 10:02:54.188  4415  4501 D GStreamer+GST_PADS: 0:02:33.404357858 0xf37ecf50 gstpad.c:4009:gst_pad_peer_query:<'':decodepad1> peer query 0xf390acc0 (caps)
05-10 10:02:54.188  4415  4501 I GStreamer+GST_PADS: 0:02:33.404402650 0xf37ecf50 gstpad.c:4065:gst_pad_peer_query:<'':decodepad1> pad has no peer
05-10 10:02:54.188  4415  4500 D GStreamer+GST_CAPS: 0:02:33.404423014 0xf37ecec0 gstutils.c:2838:gst_pad_query_caps:<amcaudiodec-omxgooglemp3decoder0:sink> get pad caps with filter audio/mpeg, mpegversion=(int)1, mpegaudioversion=(int)2, layer=(int)3, rate=(int)24000, channels=(int)1, parsed=(boolean)true
05-10 10:02:54.188  4415  4501 D GStreamer+GST_PADS: 0:02:33.404460775 0xf37ecf50 gstpad.c:3339:gst_pad_query_default:<decodepad1:proxypad5> not forwarding 0xf390acc0 (caps) query
05-10 10:02:54.188  4415  4500 D GStreamer+query: 0:02:33.404488118 0xf37ecec0 gstquery.c:674:gst_query_new_custom creating new query 0xf3a3f400 caps
05-10 10:02:54.188  4415  4501 D GStreamer+GST_PADS: 0:02:33.404511868 0xf37ecf50 gstpad.c:3905:gst_pad_query:<decodepad1:proxypad5> sent query 0xf390acc0 (caps), result 1
05-10 10:02:54.188  4415  4500 D GStreamer+GST_PADS: 0:02:33.404530827 0xf37ecec0 gstpad.c:3882:gst_pad_query:<amcaudiodec-omxgooglemp3decoder0:sink> doing query 0xf3a3f400 (caps)
05-10 10:02:54.188  4415  4501 D GStreamer+GST_CAPS: 0:02:33.404642181 0xf37ecf50 gstutils.c:2891:gst_pad_peer_query_caps:<amcvideodec-omxnvidiah264decode0:src> peer query returned video/x-raw(memory:GLMemory), width=(int)1280, height=(int)1440, framerate=(fraction)151/3, pixel-aspect-ratio=(fraction)1/1; video/x-raw, width=(int)1280, height=(int)1440, framerate=(fraction)151/3, pixel-aspect-ratio=(fraction)1/1
05-10 10:02:54.188  4415  4500 D GStreamer+audiodecoder: 0:02:33.404658952 0xf37ecec0 gstaudiodecoder.c:2743:gst_audio_decoder_sink_query:<amcaudiodec-omxgooglemp3decoder0:sink> received query caps query: 0xf3a3f400, GstQueryCaps, filter=(GstCaps)"audio/mpeg\,\ mpegversion\=\(int\)1\,\ mpegaudioversion\=\(int\)2\,\ layer\=\(int\)3\,\ rate\=\(int\)24000\,\ channels\=\(int\)1\,\ parsed\=\(boolean\)true", caps=(GstCaps)"NULL";
05-10 10:02:54.188  4415  4500 D GStreamer+GST_CAPS: 0:02:33.404738743 0xf37ecec0 gstutils.c:2884:gst_pad_peer_query_caps:<amcaudiodec-omxgooglemp3decoder0:src> get pad peer caps with filter audio/x-raw, rate=(int)24000, channels=(int)1
05-10 10:02:54.188  4415  4500 D GStreamer+query: 0:02:33.404781920 0xf37ecec0 gstquery.c:674:gst_query_new_custom creating new query 0xf3a3f430 caps
05-10 10:02:54.188  4415  4500 D GStreamer+GST_PADS: 0:02:33.404829785 0xf37ecec0 gstpad.c:4009:gst_pad_peer_query:<amcaudiodec-omxgooglemp3decoder0:src> peer query 0xf3a3f430 (caps)
05-10 10:02:54.188  4415  4500 D GStreamer+GST_PADS: 0:02:33.404880827 0xf37ecec0 gstpad.c:3449:probe_hook_marshal:<amcaudiodec-omxgooglemp3decoder0:src> asked to pass item
05-10 10:02:54.188  4415  4500 D GStreamer+GST_PADS: 0:02:33.404932650 0xf37ecec0 gstpad.c:3650:do_probe_callbacks:<amcaudiodec-omxgooglemp3decoder0:src> data is passed
05-10 10:02:54.189  4415  4501 D GStreamer+GST_PADS: 0:02:33.404948170 0xf37ecf50 gstpad.c:3905:gst_pad_query:<amcvideodec-omxnvidiah264decode0:sink> sent query 0xf390ad80 (caps), result 1
05-10 10:02:54.189  4415  4500 D GStreamer+GST_PADS: 0:02:33.404978639 0xf37ecec0 gstpad.c:3882:gst_pad_query:<decodepad0:proxypad4> doing query 0xf3a3f430 (caps)
05-10 10:02:54.189  4415  4501 D GStreamer+GST_CAPS: 0:02:33.405040723 0xf37ecf50 gstutils.c:2845:gst_pad_query_caps:<amcvideodec-omxnvidiah264decode0:sink> query returned video/x-h264, width=(int)1280, height=(int)1440, framerate=(fraction)151/3, pixel-aspect-ratio=(fraction)1/1, parsed=(boolean)true, stream-format=(string)byte-stream, alignment=(string)au, profile=(string)baseline, level=(string)4
05-10 10:02:54.189  4415  4500 D GStreamer+decodebin: 0:02:33.405075098 0xf37ecec0 gstdecodebin2.c:5033:gst_decode_pad_query:<decodebin1> calling autoplug-query for decodepad0 (element amcaudiodec-omxgooglemp3decoder0): caps query: 0xf3a3f430, GstQueryCaps, filter=(GstCaps)"audio/x-raw\,\ rate\=\(int\)24000\,\ channels\=\(int\)1", caps=(GstCaps)"NULL";
05-10 10:02:54.189  4415  4501 D GStreamer+GST_PADS: 0:02:33.405105566 0xf37ecf50 gstpad.c:3905:gst_pad_query:<amcvideodec-omxnvidiah264decode0:sink> sent query 0xf390adb0 (accept-caps), result 1
05-10 10:02:54.189  4415  4500 D GStreamer+decodebin: 0:02:33.405128795 0xf37ecec0 gstdecodebin2.c:5042:gst_decode_pad_query:<decodebin1> autoplug-query returned 0
05-10 10:02:54.189  4415  4501 D GStreamer+default: 0:02:33.405155410 0xf37ecf50 gstutils.c:2926:gst_pad_query_accept_caps:<amcvideodec-omxnvidiah264decode0:sink> query returned 1
05-10 10:02:54.189  4415  4500 D GStreamer+GST_CAPS: 0:02:33.405211191 0xf37ecec0 gstpad.c:3088:gst_pad_query_caps_default:<decodepad0:proxypad4> query caps caps query: 0xf3a3f430, GstQueryCaps, filter=(GstCaps)"audio/x-raw\,\ rate\=\(int\)24000\,\ channels\=\(int\)1", caps=(GstCaps)"NULL";
05-10 10:02:54.189  4415  4501 D GStreamer+videodecoder: 0:02:33.405226087 0xf37ecf50 gstvideodecoder.c:1486:gst_video_decoder_sink_event:<amcvideodec-omxnvidiah264decode0> received event 12814, caps
05-10 10:02:54.189  4415  4500 D GStreamer+GST_PADS: 0:02:33.405255462 0xf37ecec0 gstutils.c:2599:gst_pad_proxy_query_caps:<decodepad0:proxypad4> proxying caps query for decodepad0:proxypad4
05-10 10:02:54.189  4415  4501 D GStreamer+videodecoder: 0:02:33.405305306 0xf37ecf50 gstvideodecoder.c:807:gst_video_decoder_setcaps:<amcvideodec-omxnvidiah264decode0> setcaps video/x-h264, stream-format=(string)byte-stream, alignment=(string)au, level=(string)4, profile=(string)baseline, width=(int)1280, height=(int)1440, framerate=(fraction)151/3, pixel-aspect-ratio=(fraction)1/1, parsed=(boolean)true
05-10 10:02:54.189  4415  4500 D GStreamer+GST_PADS: 0:02:33.405322650 0xf37ecec0 gstpad.c:4009:gst_pad_peer_query:<'':decodepad0> peer query 0xf3a3f430 (caps)
05-10 10:02:54.189  4415  4500 D GStreamer+GST_PADS: 0:02:33.405362962 0xf37ecec0 gstpad.c:3650:do_probe_callbacks:<'':decodepad0> data is passed
05-10 10:02:54.189  4415  4500 I GStreamer+GST_PADS: 0:02:33.405398848 0xf37ecec0 gstpad.c:4065:gst_pad_peer_query:<'':decodepad0> pad has no peer
05-10 10:02:54.189  4415  4501 D GStreamer+video-info: 0:02:33.405729420 0xf37ecf50 video-info.c:300:gst_video_info_from_caps parsing caps video/x-h264, stream-format=(string)byte-stream, alignment=(string)au, level=(string)4, profile=(string)baseline, width=(int)1280, height=(int)1440, framerate=(fraction)151/3, pixel-aspect-ratio=(fraction)1/1, parsed=(boolean)true
05-10 10:02:54.189  4415  4500 D GStreamer+GST_PADS: 0:02:33.405747754 0xf37ecec0 gstpad.c:3339:gst_pad_query_default:<decodepad0:proxypad4> not forwarding 0xf3a3f430 (caps) query
05-10 10:02:54.189  4415  4501 D GStreamer+video-info: 0:02:33.405782858 0xf37ecf50 video-info.c:403:gst_video_info_from_caps no colorimetry, using default
05-10 10:02:54.189  4415  4500 D GStreamer+GST_PADS: 0:02:33.405794733 0xf37ecec0 gstpad.c:3905:gst_pad_query:<decodepad0:proxypad4> sent query 0xf3a3f430 (caps), result 1
05-10 10:02:54.189  4415  4500 D GStreamer+GST_CAPS: 0:02:33.405853431 0xf37ecec0 gstutils.c:2891:gst_pad_peer_query_caps:<amcaudiodec-omxgooglemp3decoder0:src> peer query returned audio/x-raw, rate=(int)24000, channels=(int)1
05-10 10:02:54.189  4415  4501 D GStreamer+amcvideodec: 0:02:33.405872077 0xf37ecf50 gstamcvideodec.c:1798:gst_amc_video_dec_set_format:<amcvideodec-omxnvidiah264decode0> Setting new caps video/x-h264, stream-format=(string)byte-stream, alignment=(string)au, level=(string)4, profile=(string)baseline, width=(int)1280, height=(int)1440, framerate=(fraction)151/3, pixel-aspect-ratio=(fraction)1/1, parsed=(boolean)true
05-10 10:02:54.190  4415  4500 D GStreamer+GST_PADS: 0:02:33.405948483 0xf37ecec0 gstpad.c:3905:gst_pad_query:<amcaudiodec-omxgooglemp3decoder0:sink> sent query 0xf3a3f400 (caps), result 1
05-10 10:02:54.190  4415  4501 D GStreamer+GST_CAPS: 0:02:33.406049420 0xf37ecf50 gstutils.c:2884:gst_pad_peer_query_caps:<amcvideodec-omxnvidiah264decode0:src> get pad peer caps with filter video/x-raw(memory:GLMemory), format=(string)RGBA, texture-target=(string)external-oes; video/x-raw, format=(string)I420, width=(int)[ 1, 2147483647 ], height=(int)[ 1, 2147483647 ], framerate=(fraction)[ 0/1, 2147483647/1 ]; video/x-raw, format=(string)NV12, width=(int)[ 1, 2147483647 ], height=(int)[ 1, 2147483647 ], framerate=(fraction)[ 0/1, 2147483647/1 ]
05-10 10:02:54.190  4415  4500 D GStreamer+GST_CAPS: 0:02:33.406067129 0xf37ecec0 gstutils.c:2845:gst_pad_query_caps:<amcaudiodec-omxgooglemp3decoder0:sink> query returned audio/mpeg, rate=(int)24000, channels=(int)1, mpegversion=(int)1, layer=(int)3, parsed=(boolean)true, mpegaudioversion=(int)2
05-10 10:02:54.190  4415  4501 D GStreamer+query: 0:02:33.406094733 0xf37ecf50 gstquery.c:674:gst_query_new_custom creating new query 0xf390ac90 caps
05-10 10:02:54.190  4415  4500 D GStreamer+GST_PADS: 0:02:33.406121139 0xf37ecec0 gstpad.c:3905:gst_pad_query:<amcaudiodec-omxgooglemp3decoder0:sink> sent query 0xf3a3f490 (accept-caps), result 1
05-10 10:02:54.190  4415  4501 D GStreamer+GST_PADS: 0:02:33.406143431 0xf37ecf50 gstpad.c:4009:gst_pad_peer_query:<amcvideodec-omxnvidiah264decode0:src> peer query 0xf390ac90 (caps)
05-10 10:02:54.190  4415  4500 D GStreamer+default: 0:02:33.406170410 0xf37ecec0 gstutils.c:2926:gst_pad_query_accept_caps:<amcaudiodec-omxgooglemp3decoder0:sink> query returned 1
05-10 10:02:54.190  4415  4501 D GStreamer+GST_PADS: 0:02:33.406196920 0xf37ecf50 gstpad.c:3882:gst_pad_query:<decodepad1:proxypad5> doing query 0xf390ac90 (caps)
05-10 10:02:54.190  4415  4500 D GStreamer+audiodecoder: 0:02:33.406227025 0xf37ecec0 gstaudiodecoder.c:2327:gst_audio_decoder_sink_event:<amcaudiodec-omxgooglemp3decoder0> received event 12814, caps
05-10 10:02:54.190  4415  4500 D GStreamer+audiodecoder: 0:02:33.406307545 0xf37ecec0 gstaudiodecoder.c:842:gst_audio_decoder_sink_setcaps:<amcaudiodec-omxgooglemp3decoder0> caps: audio/mpeg, mpegversion=(int)1, mpegaudioversion=(int)2, layer=(int)3, rate=(int)24000, channels=(int)1, parsed=(boolean)true
05-10 10:02:54.190  4415  4500 D GStreamer+audiodecoder: 0:02:33.406364368 0xf37ecec0 gstaudiodecoder.c:848:gst_audio_decoder_sink_setcaps:<amcaudiodec-omxgooglemp3decoder0> Caps did not change, not setting again
05-10 10:02:54.190  4415  4501 D GStreamer+decodebin: 0:02:33.406403900 0xf37ecf50 gstdecodebin2.c:5033:gst_decode_pad_query:<forhwgl> calling autoplug-query for decodepad1 (element amcvideodec-omxnvidiah264decode0): caps query: 0xf390ac90, GstQueryCaps, filter=(GstCaps)"video/x-raw\(memory:GLMemory\)\,\ format\=\(string\)RGBA\,\ texture-target\=\(string\)external-oes\;\ video/x-raw\,\ format\=\(string\)I420\,\ width\=\(int\)\[\ 1\,\ 2147483647\ \]\,\ height\=\(int\)\[\ 1\,\ 2147483647\ \]\,\ framerate\=\(fraction\)\[\ 0/1\,\ 2147483647/1\ \]\;\ video/x-raw\,\ format\=\(string\)NV12\,\ width\=\(int\)\[\ 1\,\ 2147483647\ \]\,\ height\=\(int\)\[\ 1\,\ 2147483647\ \]\,\ framerate\=\(fraction\)\[\ 0/1\,\ 2147483647/1\ \]", caps=(GstCaps)"NULL";
05-10 10:02:54.190  4415  4500 D GStreamer+GST_PADS: 0:02:33.406421400 0xf37ecec0 gstpad.c:5569:gst_pad_send_event_unchecked:<amcaudiodec-omxgooglemp3decoder0:sink> sent event, ret ok
05-10 10:02:54.190  4415  4501 D GStreamer+decodebin: 0:02:33.406465566 0xf37ecf50 gstdecodebin2.c:5042:gst_decode_pad_query:<forhwgl> autoplug-query returned 0
05-10 10:02:54.190  4415  4500 D GStreamer+GST_PADS: 0:02:33.406493223 0xf37ecec0 gstpad.c:3765:push_sticky:<mpegaudioparse0:src> event caps marked received
05-10 10:02:54.190  4415  4500 D GStreamer+query: 0:02:33.406548639 0xf37ecec0 gstquery.c:674:gst_query_new_custom creating new query 0xf3a3f490 duration
05-10 10:02:54.190  4415  4500 D GStreamer+GST_PADS: 0:02:33.406596608 0xf37ecec0 gstpad.c:4009:gst_pad_peer_query:<mpegaudioparse0:sink> peer query 0xf3a3f490 (duration)
05-10 10:02:54.190  4415  4501 D GStreamer+GST_CAPS: 0:02:33.406615462 0xf37ecf50 gstpad.c:3088:gst_pad_query_caps_default:<decodepad1:proxypad5> query caps caps query: 0xf390ac90, GstQueryCaps, filter=(GstCaps)"video/x-raw\(memory:GLMemory\)\,\ format\=\(string\)RGBA\,\ texture-target\=\(string\)external-oes\;\ video/x-raw\,\ format\=\(string\)I420\,\ width\=\(int\)\[\ 1\,\ 2147483647\ \]\,\ height\=\(int\)\[\ 1\,\ 2147483647\ \]\,\ framerate\=\(fraction\)\[\ 0/1\,\ 2147483647/1\ \]\;\ video/x-raw\,\ format\=\(string\)NV12\,\ width\=\(int\)\[\ 1\,\ 2147483647\ \]\,\ height\=\(int\)\[\ 1\,\ 2147483647\ \]\,\ framerate\=\(fraction\)\[\ 0/1\,\ 2147483647/1\ \]", caps=(GstCaps)"NULL";
05-10 10:02:54.190  4415  4500 D GStreamer+GST_PADS: 0:02:33.406646920 0xf37ecec0 gstpad.c:3882:gst_pad_query:<typefind:src> doing query 0xf3a3f490 (duration)
05-10 10:02:54.190  4415  4501 D GStreamer+GST_PADS: 0:02:33.406662858 0xf37ecf50 gstutils.c:2599:gst_pad_proxy_query_caps:<decodepad1:proxypad5> proxying caps query for decodepad1:proxypad5
05-10 10:02:54.190  4415  4500 D GStreamer+typefind: 0:02:33.406690462 0xf37ecec0 gsttypefindelement.c:365:gst_type_find_handle_src_query:<typefind> Handling src query duration
05-10 10:02:54.190  4415  4501 D GStreamer+GST_PADS: 0:02:33.406716868 0xf37ecf50 gstpad.c:4009:gst_pad_peer_query:<'':decodepad1> peer query 0xf390ac90 (caps)
05-10 10:02:54.190  4415  4500 D GStreamer+GST_PADS: 0:02:33.406741920 0xf37ecec0 gstpad.c:3339:gst_pad_query_default:<typefind:src> forwarding 0xf3a3f490 (duration) query
05-10 10:02:54.190  4415  4501 I GStreamer+GST_PADS: 0:02:33.406768587 0xf37ecf50 gstpad.c:4065:gst_pad_peer_query:<'':decodepad1> pad has no peer
05-10 10:02:54.190  4415  4500 D GStreamer+GST_PADS: 0:02:33.406795514 0xf37ecec0 gstpad.c:2803:gst_pad_iterate_internal_links_default:<typefind:src> Making iterator
05-10 10:02:54.190  4415  4501 D GStreamer+GST_PADS: 0:02:33.406825670 0xf37ecf50 gstpad.c:3339:gst_pad_query_default:<decodepad1:proxypad5> not forwarding 0xf390ac90 (caps) query
05-10 10:02:54.190  4415  4500 D GStreamer+GST_PADS: 0:02:33.406853014 0xf37ecec0 gstpad.c:4009:gst_pad_peer_query:<typefind:sink> peer query 0xf3a3f490 (duration)
05-10 10:02:54.190  4415  4501 D GStreamer+GST_PADS: 0:02:33.406881504 0xf37ecf50 gstpad.c:3905:gst_pad_query:<decodepad1:proxypad5> sent query 0xf390ac90 (caps), result 1
05-10 10:02:54.190  4415  4500 D GStreamer+GST_PADS: 0:02:33.406906295 0xf37ecec0 gstpad.c:3882:gst_pad_query:<sink:proxypad2> doing query 0xf3a3f490 (duration)
05-10 10:02:54.191  4415  4500 D GStreamer+GST_PADS: 0:02:33.406964473 0xf37ecec0 gstpad.c:3339:gst_pad_query_default:<sink:proxypad2> forwarding 0xf3a3f490 (duration) query
05-10 10:02:54.191  4415  4501 D GStreamer+GST_CAPS: 0:02:33.407023900 0xf37ecf50 gstutils.c:2891:gst_pad_peer_query_caps:<amcvideodec-omxnvidiah264decode0:src> peer query returned video/x-raw(memory:GLMemory), format=(string)RGBA, texture-target=(string)external-oes; video/x-raw, format=(string)I420, width=(int)[ 1, 2147483647 ], height=(int)[ 1, 2147483647 ], framerate=(fraction)[ 0/1, 2147483647/1 ]; video/x-raw, format=(string)NV12, width=(int)[ 1, 2147483647 ], height=(int)[ 1, 2147483647 ], framerate=(fraction)[ 0/1, 2147483647/1 ]
05-10 10:02:54.191  4415  4500 D GStreamer+GST_PADS: 0:02:33.407042754 0xf37ecec0 gstpad.c:4009:gst_pad_peer_query:<decodebin1:sink> peer query 0xf3a3f490 (duration)
05-10 10:02:54.191  4415  4501 D GStreamer+structure: 0:02:33.407073431 0xf37ecf50 gststructure.c:2316:gst_structure_parse_field trying field name 'format'
05-10 10:02:54.191  4415  4500 D GStreamer+GST_PADS: 0:02:33.407088900 0xf37ecec0 gstpad.c:3882:gst_pad_query:<queue2:src> doing query 0xf3a3f490 (duration)
05-10 10:02:54.191  4415  4501 D GStreamer+structure: 0:02:33.407110410 0xf37ecf50 gststructure.c:2367:gst_structure_parse_value trying type name 'string'
05-10 10:02:54.191  4415  4500 D GStreamer+GST_PADS: 0:02:33.407136556 0xf37ecec0 gstpad.c:3339:gst_pad_query_default:<queue2:src> forwarding 0xf3a3f490 (duration) query
05-10 10:02:54.191  4415  4501 D GStreamer+structure: 0:02:33.407146191 0xf37ecf50 gststructure.c:2316:gst_structure_parse_field trying field name 'width'
05-10 10:02:54.191  4415  4500 D GStreamer+GST_PADS: 0:02:33.407178431 0xf37ecec0 gstpad.c:2803:gst_pad_iterate_internal_links_default:<queue2:src> Making iterator
05-10 10:02:54.191  4415  4501 D GStreamer+structure: 0:02:33.407196035 0xf37ecf50 gststructure.c:2367:gst_structure_parse_value trying type name 'int'
05-10 10:02:54.191  4415  4500 D GStreamer+GST_PADS: 0:02:33.407221868 0xf37ecec0 gstpad.c:4009:gst_pad_peer_query:<queue2:sink> peer query 0xf3a3f490 (duration)
05-10 10:02:54.191  4415  4501 D GStreamer+structure: 0:02:33.407237233 0xf37ecf50 gststructure.c:2316:gst_structure_parse_field trying field name 'height'
05-10 10:02:54.191  4415  4500 D GStreamer+GST_PADS: 0:02:33.407271764 0xf37ecec0 gstpad.c:3882:gst_pad_query:<q:audio_0> doing query 0xf3a3f490 (duration)
05-10 10:02:54.191  4415  4501 D GStreamer+structure: 0:02:33.407288275 0xf37ecf50 gststructure.c:2367:gst_structure_parse_value trying type name 'int'
05-10 10:02:54.191  4415  4500 D GStreamer+GST_PADS: 0:02:33.407316556 0xf37ecec0 gstpad.c:3905:gst_pad_query:<q:audio_0> sent query 0xf3a3f490 (duration), result 0
05-10 10:02:54.191  4415  4501 D GStreamer+structure: 0:02:33.407325462 0xf37ecf50 gststructure.c:2316:gst_structure_parse_field trying field name 'framerate'
05-10 10:02:54.191  4415  4500 D GStreamer+GST_PADS: 0:02:33.407352389 0xf37ecec0 gstpad.c:3950:gst_pad_query:<q:audio_0> query failed
05-10 10:02:54.191  4415  4501 D GStreamer+structure: 0:02:33.407368483 0xf37ecf50 gststructure.c:2367:gst_structure_parse_value trying type name 'fraction'
05-10 10:02:54.191  4415  4500 D GStreamer+GST_PADS: 0:02:33.407390150 0xf37ecec0 gstpad.c:4071:gst_pad_peer_query:<queue2:sink> query failed
05-10 10:02:54.191  4415  4500 D GStreamer+GST_PADS: 0:02:33.407441348 0xf37ecec0 gstpad.c:3905:gst_pad_query:<queue2:src> sent query 0xf3a3f490 (duration), result 0
05-10 10:02:54.191  4415  4500 D GStreamer+GST_PADS: 0:02:33.407502754 0xf37ecec0 gstpad.c:3950:gst_pad_query:<queue2:src> query failed
05-10 10:02:54.191  4415  4501 D GStreamer+amcvideodec: 0:02:33.407520879 0xf37ecf50 gstamcvideodec.c:1905:gst_amc_video_dec_set_format:<amcvideodec-omxnvidiah264decode0> Available downstream caps: video/x-raw(memory:GLMemory), format=(string)RGBA, texture-target=(string)external-oes; video/x-raw, format=(string)I420, width=(int)[ 1, 2147483647 ], height=(int)[ 1, 2147483647 ], framerate=(fraction)[ 0/1, 2147483647/1 ]; video/x-raw, format=(string)NV12, width=(int)[ 1, 2147483647 ], height=(int)[ 1, 2147483647 ], framerate=(fraction)[ 0/1, 2147483647/1 ]
05-10 10:02:54.191  4415  4500 D GStreamer+GST_PADS: 0:02:33.407543900 0xf37ecec0 gstpad.c:4071:gst_pad_peer_query:<decodebin1:sink> query failed
05-10 10:02:54.191  4415  4501 D GStreamer+videodecoder: 0:02:33.407575306 0xf37ecf50 gstvideodecoder.c:3482:gst_video_decoder_set_output_state:<amcvideodec-omxnvidiah264decode0> fmt:11, width:1280, height:1440, reference:0xf3cc0060
05-10 10:02:54.191  4415  4500 D GStreamer+GST_PADS: 0:02:33.407599212 0xf37ecec0 gstpad.c:3905:gst_pad_query:<sink:proxypad2> sent query 0xf3a3f490 (duration), result 0
05-10 10:02:54.191  4415  4500 D GStreamer+GST_PADS: 0:02:33.407637337 0xf37ecec0 gstpad.c:3950:gst_pad_query:<sink:proxypad2> query failed
05-10 10:02:54.191  4415  4501 D GStreamer+videodecoder: 0:02:33.407644212 0xf37ecf50 gstvideodecoder.c:778:_new_output_state reference par 1/1 fps 151/3
05-10 10:02:54.191  4415  4500 D GStreamer+GST_PADS: 0:02:33.407674160 0xf37ecec0 gstpad.c:4071:gst_pad_peer_query:<typefind:sink> query failed
05-10 10:02:54.191  4415  4501 D GStreamer+videodecoder: 0:02:33.407691295 0xf37ecf50 gstvideodecoder.c:793:_new_output_state reference par 1/1 fps 151/3
05-10 10:02:54.191  4415  4500 D GStreamer+GST_PADS: 0:02:33.407716452 0xf37ecec0 gstpad.c:3905:gst_pad_query:<typefind:src> sent query 0xf3a3f490 (duration), result 0
05-10 10:02:54.191  4415  4501 D GStreamer+GST_PADS: 0:02:33.407753691 0xf37ecf50 gstpad.c:1591:gst_pad_check_reconfigure:<amcvideodec-omxnvidiah264decode0:src> remove RECONFIGURE flag
05-10 10:02:54.191  4415  4500 D GStreamer+GST_PADS: 0:02:33.407771556 0xf37ecec0 gstpad.c:3950:gst_pad_query:<typefind:src> query failed
05-10 10:02:54.191  4415  4501 D GStreamer+videodecoder: 0:02:33.407802545 0xf37ecf50 gstvideodecoder.c:3796:gst_video_decoder_negotiate_default:<amcvideodec-omxnvidiah264decode0> output_state par 1/1 fps 151/3
05-10 10:02:54.191  4415  4500 D GStreamer+GST_PADS: 0:02:33.407818952 0xf37ecec0 gstpad.c:4071:gst_pad_peer_query:<mpegaudioparse0:sink> query failed
05-10 10:02:54.191  4415  4500 D GStreamer+mpegaudioparse: 0:02:33.407861764 0xf37ecec0 gstmpegaudioparse.c:1132:gst_mpeg_audio_parse_handle_first_frame:<mpegaudioparse0> Xing, LAME or VBRI header not found in first frame
05-10 10:02:54.191  4415  4501 D GStreamer+videodecoder: 0:02:33.407881295 0xf37ecf50 gstvideodecoder.c:3801:gst_video_decoder_negotiate_default:<amcvideodec-omxnvidiah264decode0> setting caps video/x-raw(memory:GLMemory), format=(string)RGBA, width=(int)1280, height=(int)1440, interlace-mode=(string)progressive, pixel-aspect-ratio=(fraction)1/1, colorimetry=(string)sRGB, framerate=(fraction)151/3
05-10 10:02:54.191  4415  4500 D GStreamer+baseparse: 0:02:33.407906348 0xf37ecec0 gstbaseparse.c:3760:gst_base_parse_set_average_bitrate:<mpegaudioparse0> bitrate 0
05-10 10:02:54.191  4415  4501 D GStreamer+GST_CAPS: 0:02:33.407930879 0xf37ecf50 gstpad.c:2648:gst_pad_get_current_caps:<amcvideodec-omxnvidiah264decode0:src> get current pad caps (NULL)
05-10 10:02:54.192  4415  4500 D GStreamer+query: 0:02:33.407956816 0xf37ecec0 gstquery.c:674:gst_query_new_custom creating new query 0xf3a3f400 seeking
05-10 10:02:54.192  4415  4501 D GStreamer+videodecoder: 0:02:33.407975202 0xf37ecf50 gstvideodecoder.c:3833:gst_video_decoder_negotiate_default:<amcvideodec-omxnvidiah264decode0> decoder src pad has currently NULL caps
05-10 10:02:54.192  4415  4500 D GStreamer+GST_PADS: 0:02:33.407999785 0xf37ecec0 gstpad.c:4009:gst_pad_peer_query:<mpegaudioparse0:sink> peer query 0xf3a3f400 (seeking)
05-10 10:02:54.192  4415  4500 D GStreamer+GST_PADS: 0:02:33.408055514 0xf37ecec0 gstpad.c:3882:gst_pad_query:<typefind:src> doing query 0xf3a3f400 (seeking)
05-10 10:02:54.192  4415  4501 I GStreamer+GST_EVENT: 0:02:33.408073118 0xf37ecf50 gstevent.c:679:gst_event_new_caps creating caps event video/x-raw(memory:GLMemory), format=(string)RGBA, width=(int)1280, height=(int)1440, interlace-mode=(string)progressive, pixel-aspect-ratio=(fraction)1/1, colorimetry=(string)sRGB, framerate=(fraction)151/3
05-10 10:02:54.192  4415  4500 D GStreamer+typefind: 0:02:33.408093170 0xf37ecec0 gsttypefindelement.c:365:gst_type_find_handle_src_query:<typefind> Handling src query seeking
05-10 10:02:54.192  4415  4501 D GStreamer+GST_EVENT: 0:02:33.408117337 0xf37ecf50 gstevent.c:302:gst_event_new_custom creating new event 0xf3ae4848 caps 12814
05-10 10:02:54.192  4415  4500 D GStreamer+GST_PADS: 0:02:33.408136816 0xf37ecec0 gstpad.c:3339:gst_pad_query_default:<typefind:src> forwarding 0xf3a3f400 (seeking) query
05-10 10:02:54.192  4415  4501 D GStreamer+GST_PADS: 0:02:33.408160775 0xf37ecf50 gstpad.c:5053:store_sticky_event:<amcvideodec-omxnvidiah264decode0:src> notify caps
05-10 10:02:54.192  4415  4500 D GStreamer+GST_PADS: 0:02:33.408186243 0xf37ecec0 gstpad.c:2803:gst_pad_iterate_internal_links_default:<typefind:src> Making iterator
05-10 10:02:54.192  4415  4501 D GStreamer+GST_PADS: 0:02:33.408216348 0xf37ecf50 gstpad.c:3813:check_sticky:<amcvideodec-omxnvidiah264decode0:src> pushing all sticky events
05-10 10:02:54.192  4415  4500 D GStreamer+GST_PADS: 0:02:33.408233743 0xf37ecec0 gstpad.c:4009:gst_pad_peer_query:<typefind:sink> peer query 0xf3a3f400 (seeking)
05-10 10:02:54.192  4415  4501 D GStreamer+GST_PADS: 0:02:33.408259837 0xf37ecf50 gstpad.c:3745:push_sticky:<amcvideodec-omxnvidiah264decode0:src> event stream-start was already received
05-10 10:02:54.192  4415  4500 D GStreamer+GST_PADS: 0:02:33.408273118 0xf37ecec0 gstpad.c:3882:gst_pad_query:<sink:proxypad2> doing query 0xf3a3f400 (seeking)
05-10 10:02:54.192  4415  4500 D GStreamer+GST_PADS: 0:02:33.408322233 0xf37ecec0 gstpad.c:3339:gst_pad_query_default:<sink:proxypad2> forwarding 0xf3a3f400 (seeking) query
05-10 10:02:54.192  4415  4501 D GStreamer+GST_EVENT: 0:02:33.408366087 0xf37ecf50 gstpad.c:5496:gst_pad_send_event_unchecked:<decodepad1:proxypad5> have event type caps event: 0xf3ae4848, time 99:99:99.999999999, seq-num 240, GstEventCaps, caps=(GstCaps)"video/x-raw\(memory:GLMemory\)\,\ format\=\(string\)RGBA\,\ width\=\(int\)1280\,\ height\=\(int\)1440\,\ interlace-mode\=\(string\)progressive\,\ pixel-aspect-ratio\=\(fraction\)1/1\,\ colorimetry\=\(string\)sRGB\,\ framerate\=\(fraction\)151/3";
05-10 10:02:54.192  4415  4500 D GStreamer+GST_PADS: 0:02:33.408379160 0xf37ecec0 gstpad.c:4009:gst_pad_peer_query:<decodebin1:sink> peer query 0xf3a3f400 (seeking)
05-10 10:02:54.192  4415  4500 D GStreamer+GST_PADS: 0:02:33.408425150 0xf37ecec0 gstpad.c:3882:gst_pad_query:<queue2:src> doing query 0xf3a3f400 (seeking)
05-10 10:02:54.192  4415  4501 D GStreamer+GST_CAPS: 0:02:33.408450983 0xf37ecf50 gstutils.c:2921:gst_pad_query_accept_caps:<decodepad1:proxypad5> accept caps of video/x-raw(memory:GLMemory), format=(string)RGBA, width=(int)1280, height=(int)1440, interlace-mode=(string)progressive, pixel-aspect-ratio=(fraction)1/1, colorimetry=(string)sRGB, framerate=(fraction)151/3
05-10 10:02:54.192  4415  4500 D GStreamer+GST_PADS: 0:02:33.408487598 0xf37ecec0 gstpad.c:3339:gst_pad_query_default:<queue2:src> forwarding 0xf3a3f400 (seeking) query
05-10 10:02:54.192  4415  4501 D GStreamer+query: 0:02:33.408511608 0xf37ecf50 gstquery.c:674:gst_query_new_custom creating new query 0xf3ac5f50 accept-caps
05-10 10:02:54.192  4415  4500 D GStreamer+GST_PADS: 0:02:33.408532910 0xf37ecec0 gstpad.c:2803:gst_pad_iterate_internal_links_default:<queue2:src> Making iterator
05-10 10:02:54.192  4415  4501 D GStreamer+GST_PADS: 0:02:33.408554941 0xf37ecf50 gstpad.c:3882:gst_pad_query:<decodepad1:proxypad5> doing query 0xf3ac5f50 (accept-caps)
05-10 10:02:54.192  4415  4500 D GStreamer+GST_PADS: 0:02:33.408582598 0xf37ecec0 gstpad.c:4009:gst_pad_peer_query:<queue2:sink> peer query 0xf3a3f400 (seeking)
05-10 10:02:54.192  4415  4500 D GStreamer+GST_PADS: 0:02:33.408631035 0xf37ecec0 gstpad.c:3882:gst_pad_query:<q:audio_0> doing query 0xf3a3f400 (seeking)
05-10 10:02:54.192  4415  4501 D GStreamer+decodebin: 0:02:33.408646556 0xf37ecf50 gstdecodebin2.c:5033:gst_decode_pad_query:<forhwgl> calling autoplug-query for decodepad1 (element amcvideodec-omxnvidiah264decode0): accept-caps query: 0xf3ac5f50, GstQueryAcceptCaps, caps=(GstCaps)"video/x-raw\(memory:GLMemory\)\,\ format\=\(string\)RGBA\,\ width\=\(int\)1280\,\ height\=\(int\)1440\,\ interlace-mode\=\(string\)progressive\,\ pixel-aspect-ratio\=\(fraction\)1/1\,\ colorimetry\=\(string\)sRGB\,\ framerate\=\(fraction\)151/3", result=(boolean)false;
