05-10 10:02:54.080  4415  4502 D GStreamer+GST_SCHEDULING: 0:02:33.296764368 0xf37ecfb0 gstpad.c:4153:gst_pad_chain_data_unchecked:<queue0:sink> calling chainfunction &gst_queue_chain with buffer buffer: 0xf3b44d38, pts 0:00:00.338000000, dts 0:00:00.338000000, dur 0:00:00.020000000, size 42771, offset none, offset_end none, flags 0x0
05-10 10:02:54.080  4415  4500 D GStreamer+structure: 0:02:33.296781973 0xf37ecec0 gststructure.c:2316:gst_structure_parse_field trying field name 'systemstream'
05-10 10:02:54.080  4415  4500 D GStreamer+structure: 0:02:33.296818691 0xf37ecec0 gststructure.c:2367:gst_structure_parse_value trying type name 'boolean'
05-10 10:02:54.080  4415  4502 D GStreamer+GST_SCHEDULING: 0:02:33.296835306 0xf37ecfb0 gstpad.c:4159:gst_pad_chain_data_unchecked:<queue0:sink> called chainfunction &gst_queue_chain with buffer 0xf3b44d38, returned ok
05-10 10:02:54.080  4415  4500 D GStreamer+structure: 0:02:33.296857910 0xf37ecec0 gststructure.c:2316:gst_structure_parse_field trying field name 'parsed'
05-10 10:02:54.080  4415  4501 D GStreamer+GST_PADS: 0:02:33.296895879 0xf37ecf50 gstpad.c:4009:gst_pad_peer_query:<capsfilter0:src> peer query 0xf390ad80 (caps)
05-10 10:02:54.080  4415  4502 D GStreamer+qtdemux: 0:02:33.296902181 0xf37ecfb0 qtdemux.c:7675:qtdemux_parse_samples:<q> parsing up to sample 17
05-10 10:02:54.080  4415  4501 D GStreamer+GST_PADS: 0:02:33.296940410 0xf37ecf50 gstpad.c:3882:gst_pad_query:<forhwgl:sink> doing query 0xf390ad80 (caps)
05-10 10:02:54.081  4415  4502 D GStreamer+qtdemux: 0:02:33.296953535 0xf37ecfb0 qtdemux.c:7882:qtdemux_parse_samples:<q> sample 17: index 1, timestamp 0:00:00.358000000
05-10 10:02:54.081  4415  4502 D GStreamer+qtdemux: 0:02:33.296993587 0xf37ecfb0 qtdemux.c:7937:qtdemux_parse_samples:<q> samples at 17 is keyframe
05-10 10:02:54.081  4415  4501 D GStreamer+GST_CAPS: 0:02:33.297013587 0xf37ecf50 gstpad.c:3088:gst_pad_query_caps_default:<forhwgl:sink> query caps caps query: 0xf390ad80, GstQueryCaps, filter=(GstCaps)"video/x-h264\,\ parsed\=\(boolean\)true\,\ stream-format\=\(string\)byte-stream\,\ alignment\=\(string\)au", caps=(GstCaps)"NULL";
05-10 10:02:54.081  4415  4501 D GStreamer+GST_PADS: 0:02:33.297058118 0xf37ecf50 gstutils.c:2599:gst_pad_proxy_query_caps:<forhwgl:sink> proxying caps query for forhwgl:sink
05-10 10:02:54.081  4415  4502 D GStreamer+qtdemux: 0:02:33.297075514 0xf37ecfb0 qtdemux.c:5197:gst_qtdemux_loop_state_movie:<q> pushing from stream 0, empty 0 offset 774673, size 42746, dts=0:00:00.358000000, pts=0:00:00.358000000, duration 0:00:00.020000000
05-10 10:02:54.081  4415  4501 D GStreamer+GST_PADS: 0:02:33.297108379 0xf37ecf50 gstpad.c:4009:gst_pad_peer_query:<sink:proxypad0> peer query 0xf390ad80 (caps)
05-10 10:02:54.081  4415  4502 D GStreamer+basesrc: 0:02:33.297130254 0xf37ecfb0 gstbasesrc.c:2355:gst_base_src_update_length:<filesrc0> reading offset 774673, length 42746, size 15003960, segment.stop -1, maxsize 15003960
05-10 10:02:54.081  4415  4501 D GStreamer+GST_PADS: 0:02:33.297156608 0xf37ecf50 gstpad.c:3882:gst_pad_query:<typefind:sink> doing query 0xf390ad80 (caps)
05-10 10:02:54.081  4415  4502 D GStreamer+basesrc: 0:02:33.297182858 0xf37ecfb0 gstbasesrc.c:2456:gst_base_src_get_range:<filesrc0> calling create offset 774673 length 42746, time 0
05-10 10:02:54.081  4415  4500 D GStreamer+structure: 0:02:33.297221764 0xf37ecec0 gststructure.c:2367:gst_structure_parse_value trying type name 'boolean'
05-10 10:02:54.081  4415  4502 D GStreamer+GST_MEMORY: 0:02:33.297236764 0xf37ecfb0 gstmemory.c:138:gst_memory_init new memory 0xf3bb0498, maxsize:42749 offset:0 size:42746
05-10 10:02:54.081  4415  4500 D GStreamer+structure: 0:02:33.297255462 0xf37ecec0 gststructure.c:2316:gst_structure_parse_field trying field name 'profile'
05-10 10:02:54.081  4415  4500 D GStreamer+structure: 0:02:33.297284889 0xf37ecec0 gststructure.c:2367:gst_structure_parse_value trying type name 'string'
05-10 10:02:54.081  4415  4500 D GStreamer+structure: 0:02:33.297319160 0xf37ecec0 gststructure.c:2316:gst_structure_parse_field trying field name 'width'
05-10 10:02:54.081  4415  4500 D GStreamer+structure: 0:02:33.297349004 0xf37ecec0 gststructure.c:2367:gst_structure_parse_value trying type name 'int'
05-10 10:02:54.081  4415  4500 D GStreamer+structure: 0:02:33.297384837 0xf37ecec0 gststructure.c:2316:gst_structure_parse_field trying field name 'height'
05-10 10:02:54.081  4415  4500 D GStreamer+structure: 0:02:33.297413587 0xf37ecec0 gststructure.c:2367:gst_structure_parse_value trying type name 'int'
05-10 10:02:54.081  4415  4500 D GStreamer+structure: 0:02:33.297448952 0xf37ecec0 gststructure.c:2316:gst_structure_parse_field trying field name 'framerate'
05-10 10:02:54.081  4415  4500 D GStreamer+structure: 0:02:33.297489160 0xf37ecec0 gststructure.c:2367:gst_structure_parse_value trying type name 'fraction'
05-10 10:02:54.081  4415  4502 D GStreamer+basesrc: 0:02:33.297513587 0xf37ecfb0 gstbasesrc.c:2310:gst_base_src_do_sync:<filesrc0> we have no clock
05-10 10:02:54.081  4415  4500 D GStreamer+structure: 0:02:33.297533691 0xf37ecec0 gststructure.c:2316:gst_structure_parse_field trying field name 'divxversion'
05-10 10:02:54.081  4415  4502 D GStreamer+basesrc: 0:02:33.297550098 0xf37ecfb0 gstbasesrc.c:2520:gst_base_src_get_range:<filesrc0> buffer ok
05-10 10:02:54.081  4415  4500 D GStreamer+structure: 0:02:33.297567962 0xf37ecec0 gststructure.c:2367:gst_structure_parse_value trying type name 'int'
05-10 10:02:54.081  4415  4500 D GStreamer+structure: 0:02:33.297609160 0xf37ecec0 gststructure.c:2316:gst_structure_parse_field trying field name 'parsed'
05-10 10:02:54.081  4415  4502 D GStreamer+GST_SCHEDULING: 0:02:33.297636400 0xf37ecfb0 gstpad.c:4153:gst_pad_chain_data_unchecked:<queue0:sink> calling chainfunction &gst_queue_chain with buffer buffer: 0xf3b44dd8, pts 0:00:00.358000000, dts 0:00:00.358000000, dur 0:00:00.020000000, size 42746, offset none, offset_end none, flags 0x0
05-10 10:02:54.081  4415  4501 D GStreamer+GST_CAPS: 0:02:33.297669993 0xf37ecf50 gstpad.c:3088:gst_pad_query_caps_default:<typefind:sink> query caps caps query: 0xf390ad80, GstQueryCaps, filter=(GstCaps)"video/x-h264\,\ parsed\=\(boolean\)true\,\ stream-format\=\(string\)byte-stream\,\ alignment\=\(string\)au", caps=(GstCaps)"NULL";
05-10 10:02:54.081  4415  4502 D GStreamer+GST_SCHEDULING: 0:02:33.297694316 0xf37ecfb0 gstpad.c:4159:gst_pad_chain_data_unchecked:<queue0:sink> called chainfunction &gst_queue_chain with buffer 0xf3b44dd8, returned ok
05-10 10:02:54.081  4415  4501 D GStreamer+GST_CAPS: 0:02:33.297720931 0xf37ecf50 gstpad.c:3111:gst_pad_query_caps_default:<typefind:sink> trying pad template caps
05-10 10:02:54.081  4415  4502 D GStreamer+qtdemux: 0:02:33.297741764 0xf37ecfb0 qtdemux.c:7675:qtdemux_parse_samples:<q> parsing up to sample 18
05-10 10:02:54.081  4415  4501 D GStreamer+GST_CAPS: 0:02:33.297775514 0xf37ecf50 gstpad.c:3135:gst_pad_query_caps_default:<typefind:sink> using caps 0xf3601918 ANY with filter 0xf3a2e190 video/x-h264, parsed=(boolean)true, stream-format=(string)byte-stream, alignment=(string)au
05-10 10:02:54.081  4415  4502 D GStreamer+qtdemux: 0:02:33.297786920 0xf37ecfb0 qtdemux.c:7882:qtdemux_parse_samples:<q> sample 18: index 0, timestamp 0:00:00.378000000
05-10 10:02:54.081  4415  4501 D GStreamer+GST_CAPS: 0:02:33.297821973 0xf37ecf50 gstpad.c:3138:gst_pad_query_caps_default:<typefind:sink> result 0xf3a2e190 video/x-h264, parsed=(boolean)true, stream-format=(string)byte-stream, alignment=(string)au
05-10 10:02:54.081  4415  4502 D GStreamer+qtdemux: 0:02:33.297839108 0xf37ecfb0 qtdemux.c:7937:qtdemux_parse_samples:<q> samples at 18 is keyframe
05-10 10:02:54.081  4415  4501 D GStreamer+GST_PADS: 0:02:33.297870202 0xf37ecf50 gstpad.c:3339:gst_pad_query_default:<typefind:sink> not forwarding 0xf390ad80 (caps) query
05-10 10:02:54.081  4415  4502 D GStreamer+qtdemux: 0:02:33.297917858 0xf37ecfb0 qtdemux.c:5197:gst_qtdemux_loop_state_movie:<q> pushing from stream 1, empty 0 offset 859088, size 144, dts=0:00:00.672000000, pts=0:00:00.672000000, duration 0:00:00.024000000
05-10 10:02:54.081  4415  4501 D GStreamer+GST_PADS: 0:02:33.297936295 0xf37ecf50 gstpad.c:3905:gst_pad_query:<typefind:sink> sent query 0xf390ad80 (caps), result 1
05-10 10:02:54.082  4415  4502 D GStreamer+basesrc: 0:02:33.297967077 0xf37ecfb0 gstbasesrc.c:2355:gst_base_src_update_length:<filesrc0> reading offset 859088, length 144, size 15003960, segment.stop -1, maxsize 15003960
05-10 10:02:54.082  4415  4501 D GStreamer+default: 0:02:33.297987598 0xf37ecf50 gstutils.c:2561:query_caps_func:<sink:proxypad0> intersect with result video/x-h264, parsed=(boolean)true, stream-format=(string)byte-stream, alignment=(string)au
05-10 10:02:54.082  4415  4502 D GStreamer+basesrc: 0:02:33.298012650 0xf37ecfb0 gstbasesrc.c:2456:gst_base_src_get_range:<filesrc0> calling create offset 859088 length 144, time 0
05-10 10:02:54.082  4415  4500 D GStreamer+structure: 0:02:33.298056504 0xf37ecec0 gststructure.c:2367:gst_structure_parse_value trying type name 'boolean'
05-10 10:02:54.082  4415  4502 D GStreamer+GST_MEMORY: 0:02:33.298077598 0xf37ecfb0 gstmemory.c:138:gst_memory_init new memory 0xf3b503a8, maxsize:147 offset:0 size:144
05-10 10:02:54.082  4415  4500 D GStreamer+GST_ELEMENT_FACTORY: 0:02:33.298097806 0xf37ecec0 gstelementfactory.c:848:gst_element_factory_list_filter Trying amcviddec-omxnvidiavp8decode
05-10 10:02:54.082  4415  4502 D GStreamer+basesrc: 0:02:33.298119212 0xf37ecfb0 gstbasesrc.c:2310:gst_base_src_do_sync:<filesrc0> we have no clock
05-10 10:02:54.082  4415  4500 D GStreamer+structure: 0:02:33.298137962 0xf37ecec0 gststructure.c:2316:gst_structure_parse_field trying field name 'width'
05-10 10:02:54.082  4415  4502 D GStreamer+basesrc: 0:02:33.298155775 0xf37ecfb0 gstbasesrc.c:2520:gst_base_src_get_range:<filesrc0> buffer ok
05-10 10:02:54.082  4415  4500 D GStreamer+structure: 0:02:33.298168118 0xf37ecec0 gststructure.c:2367:gst_structure_parse_value trying type name 'int'
05-10 10:02:54.082  4415  4500 D GStreamer+structure: 0:02:33.298205879 0xf37ecec0 gststructure.c:2316:gst_structure_parse_field trying field name 'height'
05-10 10:02:54.082  4415  4502 D GStreamer+GST_SCHEDULING: 0:02:33.298230931 0xf37ecfb0 gstpad.c:4153:gst_pad_chain_data_unchecked:<queue2:sink> calling chainfunction &gst_queue_chain with buffer buffer: 0xf3b44e78, pts 0:00:00.672000000, dts 0:00:00.672000000, dur 0:00:00.024000000, size 144, offset none, offset_end none, flags 0x0
05-10 10:02:54.082  4415  4501 D GStreamer+default: 0:02:33.298234212 0xf37ecf50 gstutils.c:2563:query_caps_func:<sink:proxypad0> intersected video/x-h264, parsed=(boolean)true, stream-format=(string)byte-stream, alignment=(string)au
05-10 10:02:54.082  4415  4500 D GStreamer+structure: 0:02:33.298299681 0xf37ecec0 gststructure.c:2367:gst_structure_parse_value trying type name 'int'
05-10 10:02:54.082  4415  4502 D GStreamer+GST_SCHEDULING: 0:02:33.298306400 0xf37ecfb0 gstpad.c:4159:gst_pad_chain_data_unchecked:<queue2:sink> called chainfunction &gst_queue_chain with buffer 0xf3b44e78, returned ok
05-10 10:02:54.082  4415  4500 D GStreamer+structure: 0:02:33.298333587 0xf37ecec0 gststructure.c:2316:gst_structure_parse_field trying field name 'framerate'
05-10 10:02:54.082  4415  4502 D GStreamer+qtdemux: 0:02:33.298351139 0xf37ecfb0 qtdemux.c:7675:qtdemux_parse_samples:<q> parsing up to sample 29
05-10 10:02:54.082  4415  4500 D GStreamer+structure: 0:02:33.298370670 0xf37ecec0 gststructure.c:2367:gst_structure_parse_value trying type name 'fraction'
05-10 10:02:54.082  4415  4502 D GStreamer+qtdemux: 0:02:33.298399212 0xf37ecfb0 qtdemux.c:7882:qtdemux_parse_samples:<q> sample 29: index 29, timestamp 0:00:00.696000000
05-10 10:02:54.082  4415  4500 D GStreamer+GST_ELEMENT_FACTORY: 0:02:33.298417025 0xf37ecec0 gstelementfactory.c:848:gst_element_factory_list_filter Trying amcviddec-omxnvidiavp9decode
05-10 10:02:54.082  4415  4502 D GStreamer+qtdemux: 0:02:33.298437389 0xf37ecfb0 qtdemux.c:7982:qtdemux_parse_samples:<q> setting all keyframes
05-10 10:02:54.082  4415  4500 D GStreamer+GST_ELEMENT_FACTORY: 0:02:33.298454681 0xf37ecec0 gstelementfactory.c:848:gst_element_factory_list_filter Trying apedemux
05-10 10:02:54.082  4415  4500 D GStreamer+GST_ELEMENT_FACTORY: 0:02:33.298503431 0xf37ecec0 gstelementfactory.c:848:gst_element_factory_list_filter Trying avidemux
05-10 10:02:54.082  4415  4502 D GStreamer+qtdemux: 0:02:33.298520670 0xf37ecfb0 qtdemux.c:5197:gst_qtdemux_loop_state_movie:<q> pushing from stream 0, empty 0 offset 817419, size 41669, dts=0:00:00.378000000, pts=0:00:00.378000000, duration 0:00:00.019666666
05-10 10:02:54.082  4415  4500 D GStreamer+GST_ELEMENT_FACTORY: 0:02:33.298539733 0xf37ecec0 gstelementfactory.c:848:gst_element_factory_list_filter Trying dashdemux
05-10 10:02:54.082  4415  4502 D GStreamer+basesrc: 0:02:33.298575462 0xf37ecfb0 gstbasesrc.c:2355:gst_base_src_update_length:<filesrc0> reading offset 817419, length 41669, size 15003960, segment.stop -1, maxsize 15003960
05-10 10:02:54.082  4415  4500 D GStreamer+GST_ELEMENT_FACTORY: 0:02:33.298595410 0xf37ecec0 gstelementfactory.c:848:gst_element_factory_list_filter Trying dvdemux
05-10 10:02:54.082  4415  4502 D GStreamer+basesrc: 0:02:33.298617858 0xf37ecfb0 gstbasesrc.c:2456:gst_base_src_get_range:<filesrc0> calling create offset 817419 length 41669, time 0
05-10 10:02:54.082  4415  4501 D GStreamer+GST_PADS: 0:02:33.298655045 0xf37ecf50 gstpad.c:3339:gst_pad_query_default:<forhwgl:sink> not forwarding 0xf390ad80 (caps) query
05-10 10:02:54.082  4415  4502 D GStreamer+GST_MEMORY: 0:02:33.298668483 0xf37ecfb0 gstmemory.c:138:gst_memory_init new memory 0xf3bbb800, maxsize:41672 offset:0 size:41669
05-10 10:02:54.082  4415  4501 D GStreamer+GST_PADS: 0:02:33.298699108 0xf37ecf50 gstpad.c:3905:gst_pad_query:<forhwgl:sink> sent query 0xf390ad80 (caps), result 1
05-10 10:02:54.082  4415  4500 D GStreamer+structure: 0:02:33.298635306 0xf37ecec0 gststructure.c:2316:gst_structure_parse_field trying field name 'systemstream'
05-10 10:02:54.082  4415  4502 D GStreamer+basesrc: 0:02:33.298745306 0xf37ecfb0 gstbasesrc.c:2310:gst_base_src_do_sync:<filesrc0> we have no clock
05-10 10:02:54.082  4415  4500 D GStreamer+structure: 0:02:33.298781608 0xf37ecec0 gststructure.c:2367:gst_structure_parse_value trying type name 'boolean'
05-10 10:02:54.082  4415  4502 D GStreamer+basesrc: 0:02:33.298798431 0xf37ecfb0 gstbasesrc.c:2520:gst_base_src_get_range:<filesrc0> buffer ok
05-10 10:02:54.082  4415  4500 D GStreamer+GST_ELEMENT_FACTORY: 0:02:33.298818275 0xf37ecec0 gstelementfactory.c:848:gst_element_factory_list_filter Trying flacdec
05-10 10:02:54.082  4415  4500 D GStreamer+structure: 0:02:33.298855723 0xf37ecec0 gststructure.c:2316:gst_structure_parse_field trying field name 'framed'
05-10 10:02:54.082  4415  4501 D GStreamer+GST_CAPS: 0:02:33.298894629 0xf37ecf50 gstutils.c:2891:gst_pad_peer_query_caps:<capsfilter0:src> peer query returned video/x-h264, parsed=(boolean)true, stream-format=(string)byte-stream, alignment=(string)au
05-10 10:02:54.082  4415  4502 D GStreamer+GST_SCHEDULING: 0:02:33.298900931 0xf37ecfb0 gstpad.c:4153:gst_pad_chain_data_unchecked:<queue0:sink> calling chainfunction &gst_queue_chain with buffer buffer: 0xf3b44f18, pts 0:00:00.378000000, dts 0:00:00.378000000, dur 0:00:00.019666666, size 41669, offset none, offset_end none, flags 0x0
05-10 10:02:54.083  4415  4501 D GStreamer+basetransform: 0:02:33.298948743 0xf37ecf50 gstbasetransform.c:746:gst_base_transform_query_caps:<capsfilter0:sink> peer caps  video/x-h264, parsed=(boolean)true, stream-format=(string)byte-stream, alignment=(string)au
05-10 10:02:54.083  4415  4502 D GStreamer+GST_SCHEDULING: 0:02:33.298965879 0xf37ecfb0 gstpad.c:4159:gst_pad_chain_data_unchecked:<queue0:sink> called chainfunction &gst_queue_chain with buffer 0xf3b44f18, returned ok
05-10 10:02:54.083  4415  4501 D GStreamer+basetransform: 0:02:33.298992389 0xf37ecf50 gstbasetransform.c:749:gst_base_transform_query_caps:<capsfilter0:sink> our template  ANY
05-10 10:02:54.083  4415  4502 D GStreamer+qtdemux: 0:02:33.299019577 0xf37ecfb0 qtdemux.c:7675:qtdemux_parse_samples:<q> parsing up to sample 19
05-10 10:02:54.083  4415  4501 D GStreamer+basetransform: 0:02:33.299050931 0xf37ecf50 gstbasetransform.c:751:gst_base_transform_query_caps:<capsfilter0:sink> intersected video/x-h264, parsed=(boolean)true, stream-format=(string)byte-stream, alignment=(string)au
05-10 10:02:54.083  4415  4502 D GStreamer+qtdemux: 0:02:33.299078639 0xf37ecfb0 qtdemux.c:7882:qtdemux_parse_samples:<q> sample 19: index 0, timestamp 0:00:00.397666666
05-10 10:02:54.083  4415  4501 D GStreamer+basetransform: 0:02:33.299096556 0xf37ecf50 gstbasetransform.c:533:gst_base_transform_transform_caps:<capsfilter0> transform caps (direction = 1)
05-10 10:02:54.083  4415  4502 D GStreamer+qtdemux: 0:02:33.299119160 0xf37ecfb0 qtdemux.c:7937:qtdemux_parse_samples:<q> samples at 19 is keyframe
05-10 10:02:54.083  4415  4501 D GStreamer+capsfilter: 0:02:33.299155983 0xf37ecf50 gstcapsfilter.c:295:gst_capsfilter_transform_caps:<capsfilter0> input:     video/x-h264, parsed=(boolean)true, stream-format=(string)byte-stream, alignment=(string)au
05-10 10:02:54.083  4415  4502 D GStreamer+qtdemux: 0:02:33.299182754 0xf37ecfb0 qtdemux.c:5197:gst_qtdemux_loop_state_movie:<q> pushing from stream 1, empty 0 offset 902022, size 144, dts=0:00:00.696000000, pts=0:00:00.696000000, duration 0:00:00.024000000
05-10 10:02:54.083  4415  4501 D GStreamer+capsfilter: 0:02:33.299195931 0xf37ecf50 gstcapsfilter.c:296:gst_capsfilter_transform_caps:<capsfilter0> filter:    video/x-h264
05-10 10:02:54.083  4415  4502 D GStreamer+basesrc: 0:02:33.299235566 0xf37ecfb0 gstbasesrc.c:2355:gst_base_src_update_length:<filesrc0> reading offset 902022, length 144, size 15003960, segment.stop -1, maxsize 15003960
05-10 10:02:54.083  4415  4501 D GStreamer+capsfilter: 0:02:33.299256035 0xf37ecf50 gstcapsfilter.c:298:gst_capsfilter_transform_caps:<capsfilter0> caps filter:    video/x-h264, parsed=(boolean)true, stream-format=(string)byte-stream, alignment=(string)au
05-10 10:02:54.083  4415  4502 D GStreamer+basesrc: 0:02:33.299278066 0xf37ecfb0 gstbasesrc.c:2456:gst_base_src_get_range:<filesrc0> calling create offset 902022 length 144, time 0
05-10 10:02:54.083  4415  4501 D GStreamer+capsfilter: 0:02:33.299305202 0xf37ecf50 gstcapsfilter.c:299:gst_capsfilter_transform_caps:<capsfilter0> intersect: video/x-h264, parsed=(boolean)true, stream-format=(string)byte-stream, alignment=(string)au
05-10 10:02:54.083  4415  4502 D GStreamer+GST_MEMORY: 0:02:33.299319056 0xf37ecfb0 gstmemory.c:138:gst_memory_init new memory 0xf3b50490, maxsize:147 offset:0 size:144
05-10 10:02:54.083  4415  4500 D GStreamer+structure: 0:02:33.299351816 0xf37ecec0 gststructure.c:2367:gst_structure_parse_value trying type name 'boolean'
05-10 10:02:54.083  4415  4502 D GStreamer+basesrc: 0:02:33.299369785 0xf37ecfb0 gstbasesrc.c:2310:gst_base_src_do_sync:<filesrc0> we have no clock
05-10 10:02:54.083  4415  4500 D GStreamer+structure: 0:02:33.299390045 0xf37ecec0 gststructure.c:2316:gst_structure_parse_field trying field name 'rate'
05-10 10:02:54.083  4415  4502 D GStreamer+basesrc: 0:02:33.299409525 0xf37ecfb0 gstbasesrc.c:2520:gst_base_src_get_range:<filesrc0> buffer ok
05-10 10:02:54.083  4415  4500 D GStreamer+structure: 0:02:33.299424681 0xf37ecec0 gststructure.c:2367:gst_structure_parse_value trying type name 'int'
05-10 10:02:54.083  4415  4500 D GStreamer+structure: 0:02:33.299465723 0xf37ecec0 gststructure.c:2316:gst_structure_parse_field trying field name 'channels'
05-10 10:02:54.083  4415  4502 D GStreamer+GST_SCHEDULING: 0:02:33.299503379 0xf37ecfb0 gstpad.c:4153:gst_pad_chain_data_unchecked:<queue2:sink> calling chainfunction &gst_queue_chain with buffer buffer: 0xf3bc6010, pts 0:00:00.696000000, dts 0:00:00.696000000, dur 0:00:00.024000000, size 144, offset none, offset_end none, flags 0x0
05-10 10:02:54.083  4415  4501 D GStreamer+basetransform: 0:02:33.299524577 0xf37ecf50 gstbasetransform.c:560:gst_base_transform_transform_caps:<capsfilter0> to: video/x-h264, parsed=(boolean)true, stream-format=(string)byte-stream, alignment=(string)au
05-10 10:02:54.083  4415  4502 D GStreamer+GST_SCHEDULING: 0:02:33.299552754 0xf37ecfb0 gstpad.c:4159:gst_pad_chain_data_unchecked:<queue2:sink> called chainfunction &gst_queue_chain with buffer 0xf3bc6010, returned ok
05-10 10:02:54.083  4415  4501 D GStreamer+basetransform: 0:02:33.299576295 0xf37ecf50 gstbasetransform.c:759:gst_base_transform_query_caps:<capsfilter0:sink> transformed  video/x-h264, parsed=(boolean)true, stream-format=(string)byte-stream, alignment=(string)au
05-10 10:02:54.083  4415  4502 D GStreamer+qtdemux: 0:02:33.299600931 0xf37ecfb0 qtdemux.c:7675:qtdemux_parse_samples:<q> parsing up to sample 30
05-10 10:02:54.083  4415  4501 D GStreamer+basetransform: 0:02:33.299616243 0xf37ecf50 gstbasetransform.c:766:gst_base_transform_query_caps:<capsfilter0:sink> our template  ANY
05-10 10:02:54.083  4415  4500 D GStreamer+structure: 0:02:33.299668483 0xf37ecec0 gststructure.c:2367:gst_structure_parse_value trying type name 'int'
05-10 10:02:54.083  4415  4502 D GStreamer+qtdemux: 0:02:33.299675254 0xf37ecfb0 qtdemux.c:7882:qtdemux_parse_samples:<q> sample 30: index 30, timestamp 0:00:00.720000000
05-10 10:02:54.083  4415  4500 D GStreamer+GST_ELEMENT_FACTORY: 0:02:33.299712389 0xf37ecec0 gstelementfactory.c:848:gst_element_factory_list_filter Trying flvdemux
05-10 10:02:54.083  4415  4502 D GStreamer+qtdemux: 0:02:33.299728900 0xf37ecfb0 qtdemux.c:7982:qtdemux_parse_samples:<q> setting all keyframes
05-10 10:02:54.083  4415  4500 D GStreamer+GST_ELEMENT_FACTORY: 0:02:33.299748275 0xf37ecec0 gstelementfactory.c:848:gst_element_factory_list_filter Trying flxdec
05-10 10:02:54.083  4415  4500 D GStreamer+GST_ELEMENT_FACTORY: 0:02:33.299788848 0xf37ecec0 gstelementfactory.c:848:gst_element_factory_list_filter Trying hlsdemux
05-10 10:02:54.083  4415  4502 D GStreamer+qtdemux: 0:02:33.299806712 0xf37ecfb0 qtdemux.c:5197:gst_qtdemux_loop_state_movie:<q> pushing from stream 0, empty 0 offset 859232, size 42790, dts=0:00:00.397666666, pts=0:00:00.397666666, duration 0:00:00.020000000
05-10 10:02:54.083  4415  4500 D GStreamer+GST_ELEMENT_FACTORY: 0:02:33.299826504 0xf37ecec0 gstelementfactory.c:848:gst_element_factory_list_filter Trying icydemux
05-10 10:02:54.083  4415  4502 D GStreamer+basesrc: 0:02:33.299872910 0xf37ecfb0 gstbasesrc.c:2355:gst_base_src_update_length:<filesrc0> reading offset 859232, length 42790, size 15003960, segment.stop -1, maxsize 15003960
05-10 10:02:54.083  4415  4500 D GStreamer+structure: 0:02:33.299885775 0xf37ecec0 gststructure.c:2316:gst_structure_parse_field trying field name 'metadata-interval'
05-10 10:02:54.083  4415  4502 D GStreamer+basesrc: 0:02:33.299917337 0xf37ecfb0 gstbasesrc.c:2456:gst_base_src_get_range:<filesrc0> calling create offset 859232 length 42790, time 0
05-10 10:02:54.084  4415  4501 D GStreamer+basetransform: 0:02:33.299953170 0xf37ecf50 gstbasetransform.c:769:gst_base_transform_query_caps:<capsfilter0:sink> intersected video/x-h264, parsed=(boolean)true, stream-format=(string)byte-stream, alignment=(string)au
05-10 10:02:54.084  4415  4502 D GStreamer+GST_MEMORY: 0:02:33.299966191 0xf37ecfb0 gstmemory.c:138:gst_memory_init new memory 0xf3bc6e00, maxsize:42793 offset:0 size:42790
05-10 10:02:54.084  4415  4501 D GStreamer+basetransform: 0:02:33.299999785 0xf37ecf50 gstbasetransform.c:793:gst_base_transform_query_caps:<capsfilter0> returning  video/x-h264, parsed=(boolean)true, stream-format=(string)byte-stream, alignment=(string)au
05-10 10:02:54.084  4415  4500 D GStreamer+structure: 0:02:33.299937077 0xf37ecec0 gststructure.c:2367:gst_structure_parse_value trying type name 'int'
05-10 10:02:54.084  4415  4502 D GStreamer+basesrc: 0:02:33.300050670 0xf37ecfb0 gstbasesrc.c:2310:gst_base_src_do_sync:<filesrc0> we have no clock
05-10 10:02:54.084  4415  4502 D GStreamer+basesrc: 0:02:33.300087285 0xf37ecfb0 gstbasesrc.c:2520:gst_base_src_get_range:<filesrc0> buffer ok
05-10 10:02:54.084  4415  4500 D GStreamer+GST_ELEMENT_FACTORY: 0:02:33.300105618 0xf37ecec0 gstelementfactory.c:848:gst_element_factory_list_filter Trying id3demux
05-10 10:02:54.084  4415  4500 D GStreamer+GST_ELEMENT_FACTORY: 0:02:33.300143118 0xf37ecec0 gstelementfactory.c:848:gst_element_factory_list_filter Trying jpegdec
05-10 10:02:54.084  4415  4502 D GStreamer+GST_SCHEDULING: 0:02:33.300161764 0xf37ecfb0 gstpad.c:4153:gst_pad_chain_data_unchecked:<queue0:sink> calling chainfunction &gst_queue_chain with buffer buffer: 0xf3bc60b0, pts 0:00:00.397666666, dts 0:00:00.397666666, dur 0:00:00.020000000, size 42790, offset none, offset_end none, flags 0x0
05-10 10:02:54.084  4415  4500 D GStreamer+GST_ELEMENT_FACTORY: 0:02:33.300184160 0xf37ecec0 gstelementfactory.c:848:gst_element_factory_list_filter Trying katedec
05-10 10:02:54.084  4415  4500 D GStreamer+GST_ELEMENT_FACTORY: 0:02:33.300224525 0xf37ecec0 gstelementfactory.c:848:gst_element_factory_list_filter Trying matroskademux
05-10 10:02:54.084  4415  4502 D GStreamer+GST_SCHEDULING: 0:02:33.300231452 0xf37ecfb0 gstpad.c:4159:gst_pad_chain_data_unchecked:<queue0:sink> called chainfunction &gst_queue_chain with buffer 0xf3bc60b0, returned ok
05-10 10:02:54.084  4415  4500 D GStreamer+GST_ELEMENT_FACTORY: 0:02:33.300269681 0xf37ecec0 gstelementfactory.c:848:gst_element_factory_list_filter Trying midiparse
05-10 10:02:54.084  4415  4502 D GStreamer+qtdemux: 0:02:33.300287077 0xf37ecfb0 qtdemux.c:7675:qtdemux_parse_samples:<q> parsing up to sample 20
05-10 10:02:54.084  4415  4500 D GStreamer+GST_ELEMENT_FACTORY: 0:02:33.300307962 0xf37ecec0 gstelementfactory.c:848:gst_element_factory_list_filter Trying mssdemux
05-10 10:02:54.084  4415  4502 D GStreamer+qtdemux: 0:02:33.300343118 0xf37ecfb0 qtdemux.c:7882:qtdemux_parse_samples:<q> sample 20: index 1, timestamp 0:00:00.417666666
05-10 10:02:54.084  4415  4500 D GStreamer+GST_ELEMENT_FACTORY: 0:02:33.300361712 0xf37ecec0 gstelementfactory.c:848:gst_element_factory_list_filter Trying mulawdec
05-10 10:02:54.084  4415  4502 D GStreamer+qtdemux: 0:02:33.300383379 0xf37ecfb0 qtdemux.c:7937:qtdemux_parse_samples:<q> samples at 20 is keyframe
05-10 10:02:54.084  4415  4500 D GStreamer+structure: 0:02:33.300402962 0xf37ecec0 gststructure.c:2316:gst_structure_parse_field trying field name 'rate'
05-10 10:02:54.084  4415  4500 D GStreamer+structure: 0:02:33.300432598 0xf37ecec0 gststructure.c:2367:gst_structure_parse_value trying type name 'int'
05-10 10:02:54.084  4415  4502 D GStreamer+qtdemux: 0:02:33.300446556 0xf37ecfb0 qtdemux.c:5197:gst_qtdemux_loop_state_movie:<q> pushing from stream 1, empty 0 offset 945238, size 144, dts=0:00:00.720000000, pts=0:00:00.720000000, duration 0:00:00.024000000
05-10 10:02:54.084  4415  4500 D GStreamer+structure: 0:02:33.300469108 0xf37ecec0 gststructure.c:2316:gst_structure_parse_field trying field name 'channels'
05-10 10:02:54.084  4415  4500 D GStreamer+structure: 0:02:33.300519004 0xf37ecec0 gststructure.c:2367:gst_structure_parse_value trying type name 'int'
05-10 10:02:54.084  4415  4502 D GStreamer+basesrc: 0:02:33.300525983 0xf37ecfb0 gstbasesrc.c:2355:gst_base_src_update_length:<filesrc0> reading offset 945238, length 144, size 15003960, segment.stop -1, maxsize 15003960
05-10 10:02:54.084  4415  4500 D GStreamer+GST_ELEMENT_FACTORY: 0:02:33.300556191 0xf37ecec0 gstelementfactory.c:848:gst_element_factory_list_filter Trying multipartdemux
05-10 10:02:54.084  4415  4502 D GStreamer+basesrc: 0:02:33.300567806 0xf37ecfb0 gstbasesrc.c:2456:gst_base_src_get_range:<filesrc0> calling create offset 945238 length 144, time 0
05-10 10:02:54.084  4415  4500 D GStreamer+GST_ELEMENT_FACTORY: 0:02:33.300593327 0xf37ecec0 gstelementfactory.c:848:gst_element_factory_list_filter Trying mxfdemux
05-10 10:02:54.084  4415  4502 D GStreamer+GST_MEMORY: 0:02:33.300605775 0xf37ecfb0 gstmemory.c:138:gst_memory_init new memory 0xf3b50578, maxsize:147 offset:0 size:144
05-10 10:02:54.084  4415  4500 D GStreamer+GST_ELEMENT_FACTORY: 0:02:33.300630254 0xf37ecec0 gstelementfactory.c:848:gst_element_factory_list_filter Trying oggdemux
05-10 10:02:54.084  4415  4502 D GStreamer+basesrc: 0:02:33.300642858 0xf37ecfb0 gstbasesrc.c:2310:gst_base_src_do_sync:<filesrc0> we have no clock
05-10 10:02:54.084  4415  4502 D GStreamer+basesrc: 0:02:33.300680566 0xf37ecfb0 gstbasesrc.c:2520:gst_base_src_get_range:<filesrc0> buffer ok
05-10 10:02:54.084  4415  4500 D GStreamer+GST_ELEMENT_FACTORY: 0:02:33.300689473 0xf37ecec0 gstelementfactory.c:848:gst_element_factory_list_filter Trying ogmaudioparse
05-10 10:02:54.084  4415  4500 D GStreamer+GST_ELEMENT_FACTORY: 0:02:33.300731764 0xf37ecec0 gstelementfactory.c:848:gst_element_factory_list_filter Trying ogmtextparse
05-10 10:02:54.084  4415  4502 D GStreamer+GST_SCHEDULING: 0:02:33.300754681 0xf37ecfb0 gstpad.c:4153:gst_pad_chain_data_unchecked:<queue2:sink> calling chainfunction &gst_queue_chain with buffer buffer: 0xf3bc6150, pts 0:00:00.720000000, dts 0:00:00.720000000, dur 0:00:00.024000000, size 144, offset none, offset_end none, flags 0x0
05-10 10:02:54.084  4415  4500 D GStreamer+GST_ELEMENT_FACTORY: 0:02:33.300768275 0xf37ecec0 gstelementfactory.c:848:gst_element_factory_list_filter Trying ogmvideoparse
05-10 10:02:54.084  4415  4500 D GStreamer+GST_ELEMENT_FACTORY: 0:02:33.300806764 0xf37ecec0 gstelementfactory.c:848:gst_element_factory_list_filter Trying openjpegdec
05-10 10:02:54.084  4415  4502 D GStreamer+GST_SCHEDULING: 0:02:33.300823848 0xf37ecfb0 gstpad.c:4159:gst_pad_chain_data_unchecked:<queue2:sink> called chainfunction &gst_queue_chain with buffer 0xf3bc6150, returned ok
05-10 10:02:54.084  4415  4500 D GStreamer+structure: 0:02:33.300855202 0xf37ecec0 gststructure.c:2316:gst_structure_parse_field trying field name 'colorspace'
05-10 10:02:54.084  4415  4502 D GStreamer+qtdemux: 0:02:33.300886348 0xf37ecfb0 qtdemux.c:7675:qtdemux_parse_samples:<q> parsing up to sample 31
05-10 10:02:54.084  4415  4500 D GStreamer+structure: 0:02:33.300905202 0xf37ecec0 gststructure.c:2367:gst_structure_parse_value trying type name 'string'
05-10 10:02:54.084  4415  4502 D GStreamer+qtdemux: 0:02:33.300934473 0xf37ecfb0 qtdemux.c:7882:qtdemux_parse_samples:<q> sample 31: index 31, timestamp 0:00:00.744000000
05-10 10:02:54.085  4415  4500 D GStreamer+structure: 0:02:33.300947598 0xf37ecec0 gststructure.c:2316:gst_structure_parse_field trying field name 'colorspace'
05-10 10:02:54.085  4415  4501 D GStreamer+GST_PADS: 0:02:33.300985775 0xf37ecf50 gstpad.c:3905:gst_pad_query:<capsfilter0:sink> sent query 0xf390ad50 (caps), result 1
05-10 10:02:54.085  4415  4502 D GStreamer+qtdemux: 0:02:33.300993743 0xf37ecfb0 qtdemux.c:7982:qtdemux_parse_samples:<q> setting all keyframes
05-10 10:02:54.085  4415  4501 D GStreamer+GST_CAPS: 0:02:33.301039108 0xf37ecf50 gstutils.c:2891:gst_pad_peer_query_caps:<h264parse0:src> peer query returned video/x-h264, parsed=(boolean)true, stream-format=(string)byte-stream, alignment=(string)au
05-10 10:02:54.085  4415  4502 D GStreamer+qtdemux: 0:02:33.301061712 0xf37ecfb0 qtdemux.c:5197:gst_qtdemux_loop_state_movie:<q> pushing from stream 0, empty 0 offset 902166, size 43072, dts=0:00:00.417666666, pts=0:00:00.417666666, duration 0:00:00.020000000
05-10 10:02:54.085  4415  4501 D GStreamer+GST_CAPS: 0:02:33.301095670 0xf37ecf50 gstpad.c:2648:gst_pad_get_current_caps:<h264parse0:src> get current pad caps video/x-h264, parsed=(boolean)true, stream-format=(string)avc, alignment=(string)au
05-10 10:02:54.085  4415  4502 D GStreamer+basesrc: 0:02:33.301115827 0xf37ecfb0 gstbasesrc.c:2355:gst_base_src_update_length:<filesrc0> reading offset 902166, length 43072, size 15003960, segment.stop -1, maxsize 15003960
05-10 10:02:54.085  4415  4502 D GStreamer+basesrc: 0:02:33.301158795 0xf37ecfb0 gstbasesrc.c:2456:gst_base_src_get_range:<filesrc0> calling create offset 902166 length 43072, time 0
05-10 10:02:54.085  4415  4501 I GStreamer+GST_EVENT: 0:02:33.301176087 0xf37ecf50 gstevent.c:679:gst_event_new_caps creating caps event video/x-h264, stream-format=(string)byte-stream, alignment=(string)au, level=(string)4, profile=(string)baseline, width=(int)1280, height=(int)1440, framerate=(fraction)151/3, pixel-aspect-ratio=(fraction)1/1, parsed=(boolean)true
05-10 10:02:54.085  4415  4501 D GStreamer+GST_EVENT: 0:02:33.301218223 0xf37ecf50 gstevent.c:302:gst_event_new_custom creating new event 0xf39dba90 caps 12814
05-10 10:02:54.085  4415  4502 D GStreamer+GST_MEMORY: 0:02:33.301234629 0xf37ecfb0 gstmemory.c:138:gst_memory_init new memory 0xf3bd1580, maxsize:43075 offset:0 size:43072
05-10 10:02:54.085  4415  4501 D GStreamer+GST_PADS: 0:02:33.301254889 0xf37ecf50 gstpad.c:5053:store_sticky_event:<h264parse0:src> notify caps
05-10 10:02:54.085  4415  4501 D GStreamer+GST_PADS: 0:02:33.301299941 0xf37ecf50 gstpad.c:3813:check_sticky:<h264parse0:src> pushing all sticky events
05-10 10:02:54.085  4415  4501 D GStreamer+GST_PADS: 0:02:33.301336608 0xf37ecf50 gstpad.c:3745:push_sticky:<h264parse0:src> event stream-start was already received
05-10 10:02:54.085  4415  4501 D GStreamer+GST_EVENT: 0:02:33.301426920 0xf37ecf50 gstpad.c:5496:gst_pad_send_event_unchecked:<capsfilter0:sink> have event type caps event: 0xf39dba90, time 99:99:99.999999999, seq-num 132, GstEventCaps, caps=(GstCaps)"video/x-h264\,\ stream-format\=\(string\)byte-stream\,\ alignment\=\(string\)au\,\ level\=\(string\)4\,\ profile\=\(string\)baseline\,\ width\=\(int\)1280\,\ height\=\(int\)1440\,\ framerate\=\(fraction\)151/3\,\ pixel-aspect-ratio\=\(fraction\)1/1\,\ parsed\=\(boolean\)true";
05-10 10:02:54.085  4415  4501 D GStreamer+GST_CAPS: 0:02:33.301510566 0xf37ecf50 gstutils.c:2921:gst_pad_query_accept_caps:<capsfilter0:sink> accept caps of video/x-h264, stream-format=(string)byte-stream, alignment=(string)au, level=(string)4, profile=(string)baseline, width=(int)1280, height=(int)1440, framerate=(fraction)151/3, pixel-aspect-ratio=(fraction)1/1, parsed=(boolean)true
05-10 10:02:54.085  4415  4502 D GStreamer+basesrc: 0:02:33.301526348 0xf37ecfb0 gstbasesrc.c:2310:gst_base_src_do_sync:<filesrc0> we have no clock
05-10 10:02:54.085  4415  4501 D GStreamer+query: 0:02:33.301561035 0xf37ecf50 gstquery.c:674:gst_query_new_custom creating new query 0xf390adb0 accept-caps
05-10 10:02:54.085  4415  4502 D GStreamer+basesrc: 0:02:33.301578014 0xf37ecfb0 gstbasesrc.c:2520:gst_base_src_get_range:<filesrc0> buffer ok
05-10 10:02:54.085  4415  4501 D GStreamer+GST_PADS: 0:02:33.301605462 0xf37ecf50 gstpad.c:3882:gst_pad_query:<capsfilter0:sink> doing query 0xf390adb0 (accept-caps)
05-10 10:02:54.085  4415  4500 D GStreamer+structure: 0:02:33.301650723 0xf37ecec0 gststructure.c:2367:gst_structure_parse_value trying type name 'string'
05-10 10:02:54.085  4415  4502 D GStreamer+GST_SCHEDULING: 0:02:33.301672650 0xf37ecfb0 gstpad.c:4153:gst_pad_chain_data_unchecked:<queue0:sink> calling chainfunction &gst_queue_chain with buffer buffer: 0xf3bc61f0, pts 0:00:00.417666666, dts 0:00:00.417666666, dur 0:00:00.020000000, size 43072, offset none, offset_end none, flags 0x0
05-10 10:02:54.085  4415  4500 D GStreamer+GST_ELEMENT_FACTORY: 0:02:33.301695202 0xf37ecec0 gstelementfactory.c:848:gst_element_factory_list_filter Trying opusdec
05-10 10:02:54.085  4415  4502 D GStreamer+GST_SCHEDULING: 0:02:33.301726087 0xf37ecfb0 gstpad.c:4159:gst_pad_chain_data_unchecked:<queue0:sink> called chainfunction &gst_queue_chain with buffer 0xf3bc61f0, returned ok
05-10 10:02:54.085  4415  4500 D GStreamer+structure: 0:02:33.301738639 0xf37ecec0 gststructure.c:2316:gst_structure_parse_field trying field name 'channel-mapping-family'
05-10 10:02:54.085  4415  4500 D GStreamer+structure: 0:02:33.301771139 0xf37ecec0 gststructure.c:2367:gst_structure_parse_value trying type name 'int'
05-10 10:02:54.085  4415  4502 D GStreamer+qtdemux: 0:02:33.301788379 0xf37ecfb0 qtdemux.c:7675:qtdemux_parse_samples:<q> parsing up to sample 21
05-10 10:02:54.085  4415  4500 D GStreamer+structure: 0:02:33.301807233 0xf37ecec0 gststructure.c:2316:gst_structure_parse_field trying field name 'channel-mapping-family'
05-10 10:02:54.085  4415  4502 D GStreamer+qtdemux: 0:02:33.301840410 0xf37ecfb0 qtdemux.c:7882:qtdemux_parse_samples:<q> sample 21: index 2, timestamp 0:00:00.437666666
05-10 10:02:54.085  4415  4501 D GStreamer+capsfilter: 0:02:33.301852962 0xf37ecf50 gstcapsfilter.c:340:gst_capsfilter_accept_caps:<capsfilter0> can intersect: 1
05-10 10:02:54.085  4415  4502 D GStreamer+qtdemux: 0:02:33.301876608 0xf37ecfb0 qtdemux.c:7937:qtdemux_parse_samples:<q> samples at 21 is keyframe
05-10 10:02:54.085  4415  4501 D GStreamer+GST_PADS: 0:02:33.301899941 0xf37ecf50 gstpad.c:3905:gst_pad_query:<capsfilter0:sink> sent query 0xf390adb0 (accept-caps), result 1
05-10 10:02:54.085  4415  4501 D GStreamer+default: 0:02:33.301940566 0xf37ecf50 gstutils.c:2926:gst_pad_query_accept_caps:<capsfilter0:sink> query returned 1
05-10 10:02:54.086  4415  4502 D GStreamer+qtdemux: 0:02:33.301957441 0xf37ecfb0 qtdemux.c:5197:gst_qtdemux_loop_state_movie:<q> pushing from stream 1, empty 0 offset 988430, size 144, dts=0:00:00.744000000, pts=0:00:00.744000000, duration 0:00:00.024000000
05-10 10:02:54.086  4415  4501 D GStreamer+GST_PADS: 0:02:33.301983014 0xf37ecf50 gstpad.c:1591:gst_pad_check_reconfigure:<capsfilter0:src> remove RECONFIGURE flag
05-10 10:02:54.086  4415  4502 D GStreamer+basesrc: 0:02:33.302017598 0xf37ecfb0 gstbasesrc.c:2355:gst_base_src_update_length:<filesrc0> reading offset 988430, length 144, size 15003960, segment.stop -1, maxsize 15003960
05-10 10:02:54.086  4415  4501 D GStreamer+basetransform: 0:02:33.302068431 0xf37ecf50 gstbasetransform.c:1356:gst_base_transform_setcaps:<capsfilter0:sink> have new caps 0xf3a2e140 video/x-h264, stream-format=(string)byte-stream, alignment=(string)au, level=(string)4, profile=(string)baseline, width=(int)1280, height=(int)1440, framerate=(fraction)151/3, pixel-aspect-ratio=(fraction)1/1, parsed=(boolean)true
05-10 10:02:54.086  4415  4502 D GStreamer+basesrc: 0:02:33.302085045 0xf37ecfb0 gstbasesrc.c:2456:gst_base_src_get_range:<filesrc0> calling create offset 988430 length 144, time 0
05-10 10:02:54.086  4415  4501 D GStreamer+basetransform: 0:02:33.302109941 0xf37ecf50 gstbasetransform.c:533:gst_base_transform_transform_caps:<capsfilter0> transform caps (direction = 2)
05-10 10:02:54.086  4415  4502 D GStreamer+GST_MEMORY: 0:02:33.302132441 0xf37ecfb0 gstmemory.c:138:gst_memory_init new memory 0xf3b50660, maxsize:147 offset:0 size:144
05-10 10:02:54.086  4415  4502 D GStreamer+basesrc: 0:02:33.302172389 0xf37ecfb0 gstbasesrc.c:2310:gst_base_src_do_sync:<filesrc0> we have no clock
05-10 10:02:54.086  4415  4501 D GStreamer+capsfilter: 0:02:33.302201868 0xf37ecf50 gstcapsfilter.c:295:gst_capsfilter_transform_caps:<capsfilter0> input:     video/x-h264, stream-format=(string)byte-stream, alignment=(string)au, level=(string)4, profile=(string)baseline, width=(int)1280, height=(int)1440, framerate=(fraction)151/3, pixel-aspect-ratio=(fraction)1/1, parsed=(boolean)true
05-10 10:02:54.086  4415  4502 D GStreamer+basesrc: 0:02:33.302216087 0xf37ecfb0 gstbasesrc.c:2520:gst_base_src_get_range:<filesrc0> buffer ok
05-10 10:02:54.086  4415  4501 D GStreamer+capsfilter: 0:02:33.302239681 0xf37ecf50 gstcapsfilter.c:296:gst_capsfilter_transform_caps:<capsfilter0> filter:    (NULL)
05-10 10:02:54.086  4415  4501 D GStreamer+capsfilter: 0:02:33.302294160 0xf37ecf50 gstcapsfilter.c:298:gst_capsfilter_transform_caps:<capsfilter0> caps filter:    video/x-h264, parsed=(boolean)true, stream-format=(string)byte-stream, alignment=(string)au
05-10 10:02:54.086  4415  4502 D GStreamer+GST_SCHEDULING: 0:02:33.302311295 0xf37ecfb0 gstpad.c:4153:gst_pad_chain_data_unchecked:<queue2:sink> calling chainfunction &gst_queue_chain with buffer buffer: 0xf3bc6290, pts 0:00:00.744000000, dts 0:00:00.744000000, dur 0:00:00.024000000, size 144, offset none, offset_end none, flags 0x0
05-10 10:02:54.086  4415  4501 D GStreamer+capsfilter: 0:02:33.302366608 0xf37ecf50 gstcapsfilter.c:299:gst_capsfilter_transform_caps:<capsfilter0> intersect: video/x-h264, parsed=(boolean)true, stream-format=(string)byte-stream, alignment=(string)au, level=(string)4, profile=(string)baseline, width=(int)1280, height=(int)1440, framerate=(fraction)151/3, pixel-aspect-ratio=(fraction)1/1
05-10 10:02:54.086  4415  4502 D GStreamer+GST_SCHEDULING: 0:02:33.302383848 0xf37ecfb0 gstpad.c:4159:gst_pad_chain_data_unchecked:<queue2:sink> called chainfunction &gst_queue_chain with buffer 0xf3bc6290, returned ok
05-10 10:02:54.086  4415  4502 D GStreamer+qtdemux: 0:02:33.302443275 0xf37ecfb0 qtdemux.c:7675:qtdemux_parse_samples:<q> parsing up to sample 32
05-10 10:02:54.086  4415  4501 D GStreamer+basetransform: 0:02:33.302462910 0xf37ecf50 gstbasetransform.c:560:gst_base_transform_transform_caps:<capsfilter0> to: video/x-h264, parsed=(boolean)true, stream-format=(string)byte-stream, alignment=(string)au, level=(string)4, profile=(string)baseline, width=(int)1280, height=(int)1440, framerate=(fraction)151/3, pixel-aspect-ratio=(fraction)1/1
05-10 10:02:54.086  4415  4502 D GStreamer+qtdemux: 0:02:33.302501920 0xf37ecfb0 qtdemux.c:7882:qtdemux_parse_samples:<q> sample 32: index 32, timestamp 0:00:00.768000000
05-10 10:02:54.086  4415  4501 D GStreamer+basetransform: 0:02:33.302516035 0xf37ecf50 gstbasetransform.c:1142:gst_base_transform_find_transform:<capsfilter0> intersecting against padtemplate ANY
05-10 10:02:54.086  4415  4502 D GStreamer+qtdemux: 0:02:33.302538848 0xf37ecfb0 qtdemux.c:7982:qtdemux_parse_samples:<q> setting all keyframes
05-10 10:02:54.086  4415  4501 D GStreamer+basetransform: 0:02:33.302579993 0xf37ecf50 gstbasetransform.c:1217:gst_base_transform_find_transform have fixed caps video/x-h264, parsed=(boolean)true, stream-format=(string)byte-stream, alignment=(string)au, level=(string)4, profile=(string)baseline, width=(int)1280, height=(int)1440, framerate=(fraction)151/3, pixel-aspect-ratio=(fraction)1/1
05-10 10:02:54.086  4415  4502 D GStreamer+qtdemux: 0:02:33.302609577 0xf37ecfb0 qtdemux.c:5197:gst_qtdemux_loop_state_movie:<q> pushing from stream 0, empty 0 offset 945382, size 43048, dts=0:00:00.437666666, pts=0:00:00.437666666, duration 0:00:00.020000000
05-10 10:02:54.086  4415  4502 D GStreamer+basesrc: 0:02:33.302671139 0xf37ecfb0 gstbasesrc.c:2355:gst_base_src_update_length:<filesrc0> reading offset 945382, length 43048, size 15003960, segment.stop -1, maxsize 15003960
05-10 10:02:54.086  4415  4501 D GStreamer+basetransform: 0:02:33.302685618 0xf37ecf50 gstbasetransform.c:1224:gst_base_transform_find_transform:<capsfilter0> calling fixate_caps for video/x-h264, parsed=(boolean)true, stream-format=(string)byte-stream, alignment=(string)au, level=(string)4, profile=(string)baseline, width=(int)1280, height=(int)1440, framerate=(fraction)151/3, pixel-aspect-ratio=(fraction)1/1 using caps video/x-h264, stream-format=(string)byte-stream, alignment=(string)au, level=(string)4, profile=(string)baseline, width=(int)1280, height=(int)1440, framerate=(fraction)151/3, pixel-aspect-ratio=(fraction)1/1, parsed=(boolean)true on pad capsfilter0:src
05-10 10:02:54.086  4415  4502 D GStreamer+basesrc: 0:02:33.302713483 0xf37ecfb0 gstbasesrc.c:2456:gst_base_src_get_range:<filesrc0> calling create offset 945382 length 43048, time 0
05-10 10:02:54.086  4415  4500 D GStreamer+structure: 0:02:33.302753639 0xf37ecec0 gststructure.c:2367:gst_structure_parse_value trying type name 'int'
05-10 10:02:54.086  4415  4502 D GStreamer+GST_MEMORY: 0:02:33.302767077 0xf37ecfb0 gstmemory.c:138:gst_memory_init new memory 0xf3bdbe18, maxsize:43051 offset:0 size:43048
05-10 10:02:54.086  4415  4500 D GStreamer+structure: 0:02:33.302792754 0xf37ecec0 gststructure.c:2316:gst_structure_parse_field trying field name 'channels'
05-10 10:02:54.086  4415  4500 D GStreamer+structure: 0:02:33.302820775 0xf37ecec0 gststructure.c:2367:gst_structure_parse_value trying type name 'int'
05-10 10:02:54.086  4415  4502 D GStreamer+basesrc: 0:02:33.302844160 0xf37ecfb0 gstbasesrc.c:2310:gst_base_src_do_sync:<filesrc0> we have no clock
05-10 10:02:54.086  4415  4500 D GStreamer+structure: 0:02:33.302854473 0xf37ecec0 gststructure.c:2316:gst_structure_parse_field trying field name 'stream-count'
05-10 10:02:54.086  4415  4502 D GStreamer+basesrc: 0:02:33.302892598 0xf37ecfb0 gstbasesrc.c:2520:gst_base_src_get_range:<filesrc0> buffer ok
05-10 10:02:54.086  4415  4501 D GStreamer+basetransform: 0:02:33.302899837 0xf37ecf50 gstbasetransform.c:1091:gst_base_transform_default_fixate_caps:<capsfilter0> fixated to video/x-h264, parsed=(boolean)true, stream-format=(string)byte-stream, alignment=(string)au, level=(string)4, profile=(string)baseline, width=(int)1280, height=(int)1440, framerate=(fraction)151/3, pixel-aspect-ratio=(fraction)1/1
05-10 10:02:54.087  4415  4501 D GStreamer+basetransform: 0:02:33.302980775 0xf37ecf50 gstbasetransform.c:1230:gst_base_transform_find_transform:<capsfilter0> after fixating video/x-h264, parsed=(boolean)true, stream-format=(string)byte-stream, alignment=(string)au, level=(string)4, profile=(string)baseline, width=(int)1280, height=(int)1440, framerate=(fraction)151/3, pixel-aspect-ratio=(fraction)1/1
05-10 10:02:54.087  4415  4502 D GStreamer+GST_SCHEDULING: 0:02:33.302997545 0xf37ecfb0 gstpad.c:4153:gst_pad_chain_data_unchecked:<queue0:sink> calling chainfunction &gst_queue_chain with buffer buffer: 0xf3bc6330, pts 0:00:00.437666666, dts 0:00:00.437666666, dur 0:00:00.020000000, size 43048, offset none, offset_end none, flags 0x0
05-10 10:02:54.087  4415  4502 D GStreamer+GST_SCHEDULING: 0:02:33.303066764 0xf37ecfb0 gstpad.c:4159:gst_pad_chain_data_unchecked:<queue0:sink> called chainfunction &gst_queue_chain with buffer 0xf3bc6330, returned ok
05-10 10:02:54.087  4415  4501 D GStreamer+GST_CAPS: 0:02:33.303086556 0xf37ecf50 gstutils.c:2921:gst_pad_query_accept_caps:<forhwgl:sink> accept caps of video/x-h264, parsed=(boolean)true, stream-format=(string)byte-stream, alignment=(string)au, level=(string)4, profile=(string)baseline, width=(int)1280, height=(int)1440, framerate=(fraction)151/3, pixel-aspect-ratio=(fraction)1/1
05-10 10:02:54.087  4415  4502 D GStreamer+qtdemux: 0:02:33.303111816 0xf37ecfb0 qtdemux.c:7675:qtdemux_parse_samples:<q> parsing up to sample 22
05-10 10:02:54.087  4415  4501 D GStreamer+query: 0:02:33.303136295 0xf37ecf50 gstquery.c:674:gst_query_new_custom creating new query 0xf3a4a200 accept-caps
05-10 10:02:54.087  4415  4502 D GStreamer+qtdemux: 0:02:33.303164837 0xf37ecfb0 qtdemux.c:7882:qtdemux_parse_samples:<q> sample 22: index 0, timestamp 0:00:00.457666666
05-10 10:02:54.087  4415  4501 D GStreamer+GST_PADS: 0:02:33.303184629 0xf37ecf50 gstpad.c:3882:gst_pad_query:<forhwgl:sink> doing query 0xf3a4a200 (accept-caps)
05-10 10:02:54.087  4415  4502 D GStreamer+qtdemux: 0:02:33.303210098 0xf37ecfb0 qtdemux.c:7937:qtdemux_parse_samples:<q> samples at 22 is keyframe
05-10 10:02:54.087  4415  4501 D GStreamer+GST_PADS: 0:02:33.303289056 0xf37ecf50 gstpad.c:3035:gst_pad_query_accept_caps_default:<forhwgl:sink> query accept-caps accept-caps query: 0xf3a4a200, GstQueryAcceptCaps, caps=(GstCaps)"video/x-h264\,\ parsed\=\(boolean\)true\,\ stream-format\=\(string\)byte-stream\,\ alignment\=\(string\)au\,\ level\=\(string\)4\,\ profile\=\(string\)baseline\,\ width\=\(int\)1280\,\ height\=\(int\)1440\,\ framerate\=\(fraction\)151/3\,\ pixel-aspect-ratio\=\(fraction\)1/1", result=(boolean)false;
05-10 10:02:54.087  4415  4502 D GStreamer+qtdemux: 0:02:33.303306816 0xf37ecfb0 qtdemux.c:5197:gst_qtdemux_loop_state_movie:<q> pushing from stream 1, empty 0 offset 1072480, size 144, dts=0:00:00.768000000, pts=0:00:00.768000000, duration 0:00:00.024000000
05-10 10:02:54.087  4415  4501 D GStreamer+GST_PADS: 0:02:33.303335254 0xf37ecf50 gstutils.c:2530:gst_pad_proxy_query_accept_caps:<forhwgl:sink> proxying accept caps query for forhwgl:sink
05-10 10:02:54.087  4415  4502 D GStreamer+basesrc: 0:02:33.303365045 0xf37ecfb0 gstbasesrc.c:2355:gst_base_src_update_length:<filesrc0> reading offset 1072480, length 144, size 15003960, segment.stop -1, maxsize 15003960
05-10 10:02:54.087  4415  4501 D GStreamer+GST_PADS: 0:02:33.303392389 0xf37ecf50 gstpad.c:4009:gst_pad_peer_query:<sink:proxypad0> peer query 0xf3a4a200 (accept-caps)
05-10 10:02:54.087  4415  4502 D GStreamer+basesrc: 0:02:33.303417702 0xf37ecfb0 gstbasesrc.c:2456:gst_base_src_get_range:<filesrc0> calling create offset 1072480 length 144, time 0
05-10 10:02:54.087  4415  4501 D GStreamer+GST_PADS: 0:02:33.303446191 0xf37ecf50 gstpad.c:3882:gst_pad_query:<typefind:sink> doing query 0xf3a4a200 (accept-caps)
05-10 10:02:54.087  4415  4502 D GStreamer+GST_MEMORY: 0:02:33.303468587 0xf37ecfb0 gstmemory.c:138:gst_memory_init new memory 0xf3bbb038, maxsize:147 offset:0 size:144
05-10 10:02:54.087  4415  4500 D GStreamer+structure: 0:02:33.303513900 0xf37ecec0 gststructure.c:2367:gst_structure_parse_value trying type name 'int'
05-10 10:02:54.087  4415  4502 D GStreamer+basesrc: 0:02:33.303529889 0xf37ecfb0 gstbasesrc.c:2310:gst_base_src_do_sync:<filesrc0> we have no clock
05-10 10:02:54.087  4415  4500 D GStreamer+structure: 0:02:33.303580983 0xf37ecec0 gststructure.c:2316:gst_structure_parse_field trying field name 'coupled-count'
