05-10 10:02:54.176  4415  4500 D GStreamer+GST_PADS: 0:02:33.392307389 0xf37ecec0 gstpad.c:3905:gst_pad_query:<amcaudiodec-omxgooglemp3decoder0:sink> sent query 0xf39da090 (caps), result 1
05-10 10:02:54.176  4415  4500 D GStreamer+GST_CAPS: 0:02:33.392363379 0xf37ecec0 gstutils.c:2845:gst_pad_query_caps:<amcaudiodec-omxgooglemp3decoder0:sink> query returned audio/mpeg, rate=(int)24000, channels=(int)1, mpegversion=(int)1, layer=(int)3, parsed=(boolean)true, mpegaudioversion=(int)2
05-10 10:02:54.176  4415  4500 D GStreamer+GST_PADS: 0:02:33.392409108 0xf37ecec0 gstpad.c:3905:gst_pad_query:<amcaudiodec-omxgooglemp3decoder0:sink> sent query 0xf39da060 (accept-caps), result 1
05-10 10:02:54.176  4415  4500 D GStreamer+default: 0:02:33.392447077 0xf37ecec0 gstutils.c:2926:gst_pad_query_accept_caps:<amcaudiodec-omxgooglemp3decoder0:sink> query returned 1
05-10 10:02:54.176  4415  4500 D GStreamer+decodebin: 0:02:33.392573587 0xf37ecec0 gstdecodebin2.c:2658:connect_element:<decodebin1> Attempting to connect element amcaudiodec-omxgooglemp3decoder0 [chain:0xf3ad0958] further
05-10 10:02:54.176  4415  4500 D GStreamer+decodebin: 0:02:33.392612910 0xf37ecec0 gstdecodebin2.c:2671:connect_element:<decodebin1> got a source pad template src
05-10 10:02:54.176  4415  4500 I GStreamer+GST_ELEMENT_PADS: 0:02:33.392647441 0xf37ecec0 gstelement.c:907:gst_element_get_static_pad found pad amcaudiodec-omxgooglemp3decoder0:src
05-10 10:02:54.176  4415  4500 D GStreamer+decodebin: 0:02:33.392679837 0xf37ecec0 gstdecodebin2.c:2682:connect_element:<decodebin1> got the pad for always template src
05-10 10:02:54.176  4415  4500 D GStreamer+GST_CAPS: 0:02:33.392716868 0xf37ecec0 gstpad.c:2648:gst_pad_get_current_caps:<amcaudiodec-omxgooglemp3decoder0:src> get current pad caps (NULL)
05-10 10:02:54.176  4415  4500 D GStreamer+GST_CAPS: 0:02:33.392754577 0xf37ecec0 gstutils.c:2838:gst_pad_query_caps:<amcaudiodec-omxgooglemp3decoder0:src> get pad caps with filter (NULL)
05-10 10:02:54.176  4415  4500 D GStreamer+query: 0:02:33.392790931 0xf37ecec0 gstquery.c:674:gst_query_new_custom creating new query 0xf3a3f9b0 caps
05-10 10:02:54.176  4415  4500 D GStreamer+GST_PADS: 0:02:33.392825202 0xf37ecec0 gstpad.c:3882:gst_pad_query:<amcaudiodec-omxgooglemp3decoder0:src> doing query 0xf3a3f9b0 (caps)
05-10 10:02:54.176  4415  4500 D GStreamer+audiodecoder: 0:02:33.392874889 0xf37ecec0 gstaudiodecoder.c:2883:gst_audio_decoder_src_query:<amcaudiodec-omxgooglemp3decoder0:src> received query caps query: 0xf3a3f9b0, GstQueryCaps, filter=(GstCaps)"NULL", caps=(GstCaps)"NULL";
05-10 10:02:54.176  4415  4500 D GStreamer+GST_CAPS: 0:02:33.392924108 0xf37ecec0 gstpad.c:3088:gst_pad_query_caps_default:<amcaudiodec-omxgooglemp3decoder0:src> query caps caps query: 0xf3a3f9b0, GstQueryCaps, filter=(GstCaps)"NULL", caps=(GstCaps)"NULL";
05-10 10:02:54.177  4415  4500 D GStreamer+GST_CAPS: 0:02:33.392958848 0xf37ecec0 gstpad.c:3111:gst_pad_query_caps_default:<amcaudiodec-omxgooglemp3decoder0:src> trying pad template caps
05-10 10:02:54.177  4415  4500 D GStreamer+GST_CAPS: 0:02:33.393013535 0xf37ecec0 gstpad.c:3141:gst_pad_query_caps_default:<amcaudiodec-omxgooglemp3decoder0:src> using caps 0xf37478f0 audio/x-raw, rate=(int)[ 1, 2147483647 ], channels=(int)[ 1, 2147483647 ], format=(string)S16LE
05-10 10:02:54.177  4415  4500 D GStreamer+GST_PADS: 0:02:33.393054785 0xf37ecec0 gstpad.c:3339:gst_pad_query_default:<amcaudiodec-omxgooglemp3decoder0:src> not forwarding 0xf3a3f9b0 (caps) query
05-10 10:02:54.177  4415  4500 D GStreamer+GST_PADS: 0:02:33.393093379 0xf37ecec0 gstpad.c:3905:gst_pad_query:<amcaudiodec-omxgooglemp3decoder0:src> sent query 0xf3a3f9b0 (caps), result 1
05-10 10:02:54.177  4415  4500 D GStreamer+GST_CAPS: 0:02:33.393145462 0xf37ecec0 gstutils.c:2845:gst_pad_query_caps:<amcaudiodec-omxgooglemp3decoder0:src> query returned audio/x-raw, rate=(int)[ 1, 2147483647 ], channels=(int)[ 1, 2147483647 ], format=(string)S16LE
05-10 10:02:54.177  4415  4500 D GStreamer+decodebin: 0:02:33.393201139 0xf37ecec0 gstdecodebin2.c:1531:analyze_new_pad:<decodebin1> Pad amcaudiodec-omxgooglemp3decoder0:src caps:audio/x-raw, rate=(int)[ 1, 2147483647 ], channels=(int)[ 1, 2147483647 ], format=(string)S16LE
05-10 10:02:54.177  4415  4500 D GStreamer+GST_PADS: 0:02:33.393239108 0xf37ecec0 gstpad.c:1062:gst_pad_set_active:<'':decodepad0> pad was active in push mode
05-10 10:02:54.177  4415  4500 D GStreamer+GST_PADS: 0:02:33.393277650 0xf37ecec0 gstghostpad.c:840:gst_ghost_pad_set_target:<'':decodepad0> set target amcaudiodec-omxgooglemp3decoder0:src
05-10 10:02:54.177  4415  4500 D GStreamer+GST_PADS: 0:02:33.393318483 0xf37ecec0 gstghostpad.c:862:gst_ghost_pad_set_target:<'':decodepad0> connecting internal pad to target <amcaudiodec-omxgooglemp3decoder0:src>
05-10 10:02:54.177  4415  4500 D GStreamer+GST_BUS: 0:02:33.393396295 0xf37ecec0 gstbus.c:309:gst_bus_post:<bus2> [msg 0xf3abc968] posting on bus structure-change message: 0xf3abc968, time 99:99:99.999999999, seq-num 229, element 'proxypad4', GstMessageStructureChange, type=(GstStructureChangeType)GST_STRUCTURE_CHANGE_TYPE_PAD_LINK, owner=(GstElement)"\(GstAmcAudioDec-OmxGoogleMp3Decoder\)\ amcaudiodec-omxgooglemp3decoder0", busy=(boolean)true;
05-10 10:02:54.177  4415  4500 D GStreamer+bin: 0:02:33.393435983 0xf37ecec0 gstbin.c:3528:gst_bin_handle_message_func:<decodebin1> [msg 0xf3abc968] handling child proxypad4 message of type structure-change
05-10 10:02:54.177  4415  4500 D GStreamer+bin: 0:02:33.393472181 0xf37ecec0 gstbin.c:882:find_message:<decodebin1> no message found matching types 00001000
05-10 10:02:54.177  4415  4500 D GStreamer+bin: 0:02:33.393740358 0xf37ecec0 gstbin.c:889:find_message:<decodebin1>   structure-change
05-10 10:02:54.177  4415  4500 D GStreamer+bin: 0:02:33.393782441 0xf37ecec0 gstbin.c:929:bin_replace_message:<decodebin1> got new message 0xf3abc968, structure-change from proxypad4
05-10 10:02:54.177  4415  4500 D GStreamer+GST_BUS: 0:02:33.393817025 0xf37ecec0 gstbus.c:344:gst_bus_post:<bus2> [msg 0xf3abc968] dropped
05-10 10:02:54.177  4415  4500 I GStreamer+GST_PADS: 0:02:33.393853170 0xf37ecec0 gstpad.c:2292:gst_pad_link_prepare trying to link amcaudiodec-omxgooglemp3decoder0:src and decodepad0:proxypad4
05-10 10:02:54.177  4415  4500 I GStreamer+GST_PADS: 0:02:33.393890670 0xf37ecec0 gstpad.c:2498:gst_pad_link_full linked amcaudiodec-omxgooglemp3decoder0:src and decodepad0:proxypad4, successful
05-10 10:02:54.177  4415  4500 I GStreamer+GST_EVENT: 0:02:33.393918431 0xf37ecec0 gstevent.c:1382:gst_event_new_reconfigure creating reconfigure event
05-10 10:02:54.178  4415  4500 D GStreamer+GST_EVENT: 0:02:33.393951764 0xf37ecec0 gstevent.c:302:gst_event_new_custom creating new event 0xf39db6d0 reconfigure 61441
05-10 10:02:54.178  4415  4500 D GStreamer+GST_EVENT: 0:02:33.393999733 0xf37ecec0 gstpad.c:5496:gst_pad_send_event_unchecked:<amcaudiodec-omxgooglemp3decoder0:src> have event type reconfigure event: 0xf39db6d0, time 99:99:99.999999999, seq-num 230, (NULL)
05-10 10:02:54.178  4415  4500 I GStreamer+GST_EVENT: 0:02:33.394035566 0xf37ecec0 gstpad.c:5601:gst_pad_send_event_unchecked:<amcaudiodec-omxgooglemp3decoder0:src> Received event on flushing pad. Discarding
05-10 10:02:54.178  4415  4500 D GStreamer+GST_BUS: 0:02:33.394114056 0xf37ecec0 gstbus.c:309:gst_bus_post:<bus2> [msg 0xf3abc9c0] posting on bus structure-change message: 0xf3abc9c0, time 99:99:99.999999999, seq-num 231, element 'proxypad4', GstMessageStructureChange, type=(GstStructureChangeType)GST_STRUCTURE_CHANGE_TYPE_PAD_LINK, owner=(GstElement)"\(GstAmcAudioDec-OmxGoogleMp3Decoder\)\ amcaudiodec-omxgooglemp3decoder0", busy=(boolean)false;
05-10 10:02:54.178  4415  4500 D GStreamer+bin: 0:02:33.394152337 0xf37ecec0 gstbin.c:3528:gst_bin_handle_message_func:<decodebin1> [msg 0xf3abc9c0] handling child proxypad4 message of type structure-change
05-10 10:02:54.178  4415  4500 D GStreamer+bin: 0:02:33.394188535 0xf37ecec0 gstbin.c:957:bin_remove_messages:<decodepad0:proxypad4> deleting message 0xf3abc968 of types 0x00001000
05-10 10:02:54.178  4415  4500 D GStreamer+bin: 0:02:33.394228431 0xf37ecec0 gstbin.c:963:bin_remove_messages:<decodebin1> not deleting message 0xf37f5b28 of type 0x00100000
05-10 10:02:54.178  4415  4500 D GStreamer+GST_BUS: 0:02:33.394264108 0xf37ecec0 gstbus.c:344:gst_bus_post:<bus2> [msg 0xf3abc9c0] dropped
05-10 10:02:54.178  4415  4500 D GStreamer+GST_STATES: 0:02:33.394306816 0xf37ecec0 gstelement.c:2523:gst_element_set_state_func:<amcaudiodec-omxgooglemp3decoder0> set_state to PAUSED
05-10 10:02:54.178  4415  4500 D GStreamer+GST_STATES: 0:02:33.394342129 0xf37ecec0 gstelement.c:2548:gst_element_set_state_func:<amcaudiodec-omxgooglemp3decoder0> setting target state to PAUSED
05-10 10:02:54.178  4415  4500 D GStreamer+GST_STATES: 0:02:33.394380618 0xf37ecec0 gstelement.c:2561:gst_element_set_state_func:<amcaudiodec-omxgooglemp3decoder0> current READY, old_pending VOID_PENDING, next VOID_PENDING, old return SUCCESS
05-10 10:02:54.178  4415  4500 D GStreamer+GST_STATES: 0:02:33.394417598 0xf37ecec0 gstelement.c:2595:gst_element_set_state_func:<amcaudiodec-omxgooglemp3decoder0> final: setting state from READY to PAUSED
05-10 10:02:54.178  4415  4500 D GStreamer+audiodecoder: 0:02:33.394454108 0xf37ecec0 gstaudiodecoder.c:2920:gst_audio_decoder_start:<amcaudiodec-omxgooglemp3decoder0> gst_audio_decoder_start
05-10 10:02:54.178  4415  4500 D GStreamer+audiodecoder: 0:02:33.394498118 0xf37ecec0 gstaudiodecoder.c:493:gst_audio_decoder_reset:<amcaudiodec-omxgooglemp3decoder0> gst_audio_decoder_reset
05-10 10:02:54.178  4415  4500 D GStreamer+GST_ELEMENT_PADS: 0:02:33.394538118 0xf37ecec0 gstelement.c:2793:gst_element_pads_activate:<amcaudiodec-omxgooglemp3decoder0> activate pads
05-10 10:02:54.178  4415  4500 D GStreamer+GST_PADS: 0:02:33.394577129 0xf37ecec0 gstpad.c:1056:gst_pad_set_active:<amcaudiodec-omxgooglemp3decoder0:src> activating pad from none
05-10 10:02:54.178  4415  4500 D GStreamer+GST_PADS: 0:02:33.394614681 0xf37ecec0 gstpad.c:972:pre_activate:<amcaudiodec-omxgooglemp3decoder0:src> setting pad into push mode, unset flushing
05-10 10:02:54.178  4415  4500 D GStreamer+GST_PADS: 0:02:33.394652702 0xf37ecec0 gstpad.c:1198:gst_pad_activate_mode:<amcaudiodec-omxgooglemp3decoder0:src> activated in push mode
05-10 10:02:54.178  4415  4500 D GStreamer+GST_PADS: 0:02:33.394691868 0xf37ecec0 gstpad.c:1056:gst_pad_set_active:<amcaudiodec-omxgooglemp3decoder0:sink> activating pad from none
05-10 10:02:54.178  4415  4500 D GStreamer+GST_PADS: 0:02:33.394728223 0xf37ecec0 gstpad.c:972:pre_activate:<amcaudiodec-omxgooglemp3decoder0:sink> setting pad into push mode, unset flushing
05-10 10:02:54.178  4415  4500 D GStreamer+GST_PADS: 0:02:33.394765566 0xf37ecec0 gstpad.c:984:pre_activate:<amcaudiodec-omxgooglemp3decoder0:sink> reschedule events on peer mpegaudioparse0:src
05-10 10:02:54.178  4415  4500 D GStreamer+GST_PADS: 0:02:33.394803014 0xf37ecec0 gstpad.c:1198:gst_pad_activate_mode:<amcaudiodec-omxgooglemp3decoder0:sink> activated in push mode
05-10 10:02:54.178  4415  4500 D GStreamer+GST_ELEMENT_PADS: 0:02:33.394839160 0xf37ecec0 gstelement.c:2812:gst_element_pads_activate:<amcaudiodec-omxgooglemp3decoder0> pad activation successful
05-10 10:02:54.178  4415  4500 D GStreamer+GST_STATES: 0:02:33.394872389 0xf37ecec0 gstelement.c:2684:gst_element_change_state:<amcaudiodec-omxgooglemp3decoder0> element changed state SUCCESS
05-10 10:02:54.178  4415  4500 I GStreamer+GST_STATES: 0:02:33.394907181 0xf37ecec0 gstelement.c:2372:gst_element_continue_state:<amcaudiodec-omxgooglemp3decoder0> completed state change to PAUSED
05-10 10:02:54.178  4415  4500 I GStreamer+GST_STATES: 0:02:33.394942858 0xf37ecec0 gstelement.c:2277:_priv_gst_element_state_changed:<amcaudiodec-omxgooglemp3decoder0> notifying about state-changed READY to PAUSED (VOID_PENDING pending)
05-10 10:02:54.179  4415  4500 D GStreamer+GST_BUS: 0:02:33.395008275 0xf37ecec0 gstbus.c:309:gst_bus_post:<bus2> [msg 0xf3abca18] posting on bus state-changed message: 0xf3abca18, time 99:99:99.999999999, seq-num 232, element 'amcaudiodec-omxgooglemp3decoder0', GstMessageStateChanged, old-state=(GstState)GST_STATE_READY, new-state=(GstState)GST_STATE_PAUSED, pending-state=(GstState)GST_STATE_VOID_PENDING;
05-10 10:02:54.179  4415  4500 D GStreamer+bin: 0:02:33.395045931 0xf37ecec0 gstbin.c:3528:gst_bin_handle_message_func:<decodebin1> [msg 0xf3abca18] handling child amcaudiodec-omxgooglemp3decoder0 message of type state-changed
05-10 10:02:54.179  4415  4500 D GStreamer+bin: 0:02:33.395078535 0xf37ecec0 gstbin.c:3865:gst_bin_handle_message_func:<decodebin1> posting message upward
05-10 10:02:54.179  4415  4500 D GStreamer+GST_BUS: 0:02:33.395138118 0xf37ecec0 gstbus.c:309:gst_bus_post:<bus4> [msg 0xf3abca18] posting on bus state-changed message: 0xf3abca18, time 99:99:99.999999999, seq-num 232, element 'amcaudiodec-omxgooglemp3decoder0', GstMessageStateChanged, old-state=(GstState)GST_STATE_READY, new-state=(GstState)GST_STATE_PAUSED, pending-state=(GstState)GST_STATE_VOID_PENDING;
05-10 10:02:54.179  4415  4500 D GStreamer+bin: 0:02:33.395174681 0xf37ecec0 gstbin.c:3528:gst_bin_handle_message_func:<pipeline0> [msg 0xf3abca18] handling child amcaudiodec-omxgooglemp3decoder0 message of type state-changed
05-10 10:02:54.179  4415  4500 D GStreamer+bin: 0:02:33.395205150 0xf37ecec0 gstbin.c:3865:gst_bin_handle_message_func:<pipeline0> posting message upward
05-10 10:02:54.179  4415  4500 D GStreamer+GST_BUS: 0:02:33.395262806 0xf37ecec0 gstbus.c:309:gst_bus_post:<bus5> [msg 0xf3abca18] posting on bus state-changed message: 0xf3abca18, time 99:99:99.999999999, seq-num 232, element 'amcaudiodec-omxgooglemp3decoder0', GstMessageStateChanged, old-state=(GstState)GST_STATE_READY, new-state=(GstState)GST_STATE_PAUSED, pending-state=(GstState)GST_STATE_VOID_PENDING;
05-10 10:02:54.179  4415  4500 D GStreamer+GST_BUS: 0:02:33.395295670 0xf37ecec0 gstbus.c:348:gst_bus_post:<bus5> [msg 0xf3abca18] pushing on async queue
05-10 10:02:54.179  4415  4488 D GStreamer+GST_BUS: 0:02:33.395360254 0xf3964e00 gstbus.c:521:gst_bus_timed_pop_filtered:<bus5> got message 0xf3abca18, state-changed from amcaudiodec-omxgooglemp3decoder0, type mask is 4294967295
05-10 10:02:54.179  4415  4488 D GStreamer+GST_BUS: 0:02:33.395420670 0xf3964e00 gstbus.c:789:gst_bus_source_dispatch:<bus5> source 0xf3ab6910 calling dispatch with state-changed message: 0xf3abca18, time 99:99:99.999999999, seq-num 232, element 'amcaudiodec-omxgooglemp3decoder0', GstMessageStateChanged, old-state=(GstState)GST_STATE_READY, new-state=(GstState)GST_STATE_PAUSED, pending-state=(GstState)GST_STATE_VOID_PENDING;
05-10 10:02:54.179  4415  4488 D GStreamer+GST_BUS: 0:02:33.395462285 0xf3964e00 gstbus.c:794:gst_bus_source_dispatch:<bus5> source 0xf3ab6910 handler returns 1
05-10 10:02:54.179  4415  4500 D GStreamer+GST_BUS: 0:02:33.395573587 0xf37ecec0 gstbus.c:351:gst_bus_post:<bus5> [msg 0xf3abca18] pushed on async queue
05-10 10:02:54.179  4415  4501 D GStreamer+amcvideodec: 0:02:33.395758483 0xf37ecf50 gstamcvideodec.c:451:gst_amc_video_dec_open:<amcvideodec-omxnvidiah264decode0> Opened decoder
05-10 10:02:54.179  4415  4500 D GStreamer+GST_BUS: 0:02:33.395774629 0xf37ecec0 gstbus.c:344:gst_bus_post:<bus4> [msg 0xf3abca18] dropped
05-10 10:02:54.179  4415  4501 D GStreamer+GST_STATES: 0:02:33.395813066 0xf37ecf50 gstelement.c:2684:gst_element_change_state:<amcvideodec-omxnvidiah264decode0> element changed state SUCCESS
05-10 10:02:54.179  4415  4500 D GStreamer+GST_BUS: 0:02:33.395828118 0xf37ecec0 gstbus.c:344:gst_bus_post:<bus2> [msg 0xf3abca18] dropped
05-10 10:02:54.179  4415  4501 I GStreamer+GST_STATES: 0:02:33.395853795 0xf37ecf50 gstelement.c:2372:gst_element_continue_state:<amcvideodec-omxnvidiah264decode0> completed state change to READY
05-10 10:02:54.179  4415  4500 D GStreamer+GST_STATES: 0:02:33.395874056 0xf37ecec0 gstelement.c:2607:gst_element_set_state_func:<amcaudiodec-omxgooglemp3decoder0> returned SUCCESS
05-10 10:02:54.179  4415  4501 I GStreamer+GST_STATES: 0:02:33.395903952 0xf37ecf50 gstelement.c:2277:_priv_gst_element_state_changed:<amcvideodec-omxnvidiah264decode0> notifying about state-changed NULL to READY (VOID_PENDING pending)
05-10 10:02:54.180  4415  4500 D GStreamer+GST_EVENT: 0:02:33.395961348 0xf37ecec0 gstpad.c:5496:gst_pad_send_event_unchecked:<amcaudiodec-omxgooglemp3decoder0:sink> have event type stream-start event: 0xf39c9d98, time 99:99:99.999999999, seq-num 108, GstEventStreamStart, stream-id=(string)71ab440d261a1bb43c19b397eec2373651540427aed1e7b0deb4be62a10a7f25/002, flags=(GstStreamFlags)GST_STREAM_FLAG_NONE, group-id=(uint)0;
05-10 10:02:54.180  4415  4501 D GStreamer+GST_BUS: 0:02:33.395994264 0xf37ecf50 gstbus.c:309:gst_bus_post:<bus0> [msg 0xf3ac0268] posting on bus state-changed message: 0xf3ac0268, time 99:99:99.999999999, seq-num 233, element 'amcvideodec-omxnvidiah264decode0', GstMessageStateChanged, old-state=(GstState)GST_STATE_NULL, new-state=(GstState)GST_STATE_READY, pending-state=(GstState)GST_STATE_VOID_PENDING;
05-10 10:02:54.180  4415  4500 D GStreamer+audiodecoder: 0:02:33.396016348 0xf37ecec0 gstaudiodecoder.c:2327:gst_audio_decoder_sink_event:<amcaudiodec-omxgooglemp3decoder0> received event 10254, stream-start
05-10 10:02:54.180  4415  4501 D GStreamer+bin: 0:02:33.396042702 0xf37ecf50 gstbin.c:3528:gst_bin_handle_message_func:<forhwgl> [msg 0xf3ac0268] handling child amcvideodec-omxnvidiah264decode0 message of type state-changed
05-10 10:02:54.180  4415  4500 D GStreamer+audiodecoder: 0:02:33.396060462 0xf37ecec0 gstaudiodecoder.c:493:gst_audio_decoder_reset:<amcaudiodec-omxgooglemp3decoder0> gst_audio_decoder_reset
05-10 10:02:54.180  4415  4501 D GStreamer+bin: 0:02:33.396080566 0xf37ecf50 gstbin.c:3865:gst_bin_handle_message_func:<forhwgl> posting message upward
05-10 10:02:54.180  4415  4500 D GStreamer+audiodecoder: 0:02:33.396103118 0xf37ecec0 gstaudiodecoder.c:2141:gst_audio_decoder_sink_eventfunc:<amcaudiodec-omxgooglemp3decoder0> received STREAM_START. Clearing taglist
05-10 10:02:54.180  4415  4500 D GStreamer+GST_PADS: 0:02:33.396155098 0xf37ecec0 gstpad.c:3813:check_sticky:<amcaudiodec-omxgooglemp3decoder0:src> pushing all sticky events
05-10 10:02:54.180  4415  4501 D GStreamer+GST_BUS: 0:02:33.396168483 0xf37ecf50 gstbus.c:309:gst_bus_post:<bus4> [msg 0xf3ac0268] posting on bus state-changed message: 0xf3ac0268, time 99:99:99.999999999, seq-num 233, element 'amcvideodec-omxnvidiah264decode0', GstMessageStateChanged, old-state=(GstState)GST_STATE_NULL, new-state=(GstState)GST_STATE_READY, pending-state=(GstState)GST_STATE_VOID_PENDING;
05-10 10:02:54.180  4415  4501 D GStreamer+bin: 0:02:33.396219681 0xf37ecf50 gstbin.c:3528:gst_bin_handle_message_func:<pipeline0> [msg 0xf3ac0268] handling child amcvideodec-omxnvidiah264decode0 message of type state-changed
05-10 10:02:54.180  4415  4500 D GStreamer+GST_EVENT: 0:02:33.396241920 0xf37ecec0 gstpad.c:5496:gst_pad_send_event_unchecked:<decodepad0:proxypad4> have event type stream-start event: 0xf39c9d98, time 99:99:99.999999999, seq-num 108, GstEventStreamStart, stream-id=(string)71ab440d261a1bb43c19b397eec2373651540427aed1e7b0deb4be62a10a7f25/002, flags=(GstStreamFlags)GST_STREAM_FLAG_NONE, group-id=(uint)0;
05-10 10:02:54.180  4415  4501 D GStreamer+bin: 0:02:33.396262441 0xf37ecf50 gstbin.c:3865:gst_bin_handle_message_func:<pipeline0> posting message upward
05-10 10:02:54.180  4415  4500 D GStreamer+GST_PADS: 0:02:33.396292025 0xf37ecec0 gstpad.c:3813:check_sticky:<'':decodepad0> pushing all sticky events
05-10 10:02:54.180  4415  4501 D GStreamer+GST_BUS: 0:02:33.396340202 0xf37ecf50 gstbus.c:309:gst_bus_post:<bus5> [msg 0xf3ac0268] posting on bus state-changed message: 0xf3ac0268, time 99:99:99.999999999, seq-num 233, element 'amcvideodec-omxnvidiah264decode0', GstMessageStateChanged, old-state=(GstState)GST_STATE_NULL, new-state=(GstState)GST_STATE_READY, pending-state=(GstState)GST_STATE_VOID_PENDING;
05-10 10:02:54.180  4415  4500 D GStreamer+GST_PADS: 0:02:33.396356504 0xf37ecec0 gstpad.c:5266:gst_pad_push_event_unchecked:<'':decodepad0> Dropping event stream-start because pad is not linked
05-10 10:02:54.180  4415  4501 D GStreamer+GST_BUS: 0:02:33.396380254 0xf37ecf50 gstbus.c:348:gst_bus_post:<bus5> [msg 0xf3ac0268] pushing on async queue
05-10 10:02:54.180  4415  4501 D GStreamer+GST_BUS: 0:02:33.396418691 0xf37ecf50 gstbus.c:351:gst_bus_post:<bus5> [msg 0xf3ac0268] pushed on async queue
05-10 10:02:54.180  4415  4501 D GStreamer+GST_BUS: 0:02:33.396458014 0xf37ecf50 gstbus.c:344:gst_bus_post:<bus4> [msg 0xf3ac0268] dropped
05-10 10:02:54.180  4415  4488 D GStreamer+GST_BUS: 0:02:33.396465254 0xf3964e00 gstbus.c:521:gst_bus_timed_pop_filtered:<bus5> got message 0xf3ac0268, state-changed from amcvideodec-omxnvidiah264decode0, type mask is 4294967295
05-10 10:02:54.180  4415  4501 D GStreamer+GST_BUS: 0:02:33.396514108 0xf37ecf50 gstbus.c:344:gst_bus_post:<bus0> [msg 0xf3ac0268] dropped
05-10 10:02:54.180  4415  4488 D GStreamer+GST_BUS: 0:02:33.396563431 0xf3964e00 gstbus.c:789:gst_bus_source_dispatch:<bus5> source 0xf3ab6910 calling dispatch with state-changed message: 0xf3ac0268, time 99:99:99.999999999, seq-num 233, element 'amcvideodec-omxnvidiah264decode0', GstMessageStateChanged, old-state=(GstState)GST_STATE_NULL, new-state=(GstState)GST_STATE_READY, pending-state=(GstState)GST_STATE_VOID_PENDING;
05-10 10:02:54.180  4415  4501 D GStreamer+GST_STATES: 0:02:33.396578483 0xf37ecf50 gstelement.c:2607:gst_element_set_state_func:<amcvideodec-omxnvidiah264decode0> returned SUCCESS
05-10 10:02:54.180  4415  4488 D GStreamer+GST_BUS: 0:02:33.396614577 0xf3964e00 gstbus.c:794:gst_bus_source_dispatch:<bus5> source 0xf3ab6910 handler returns 1
05-10 10:02:54.180  4415  4501 D GStreamer+GST_CAPS: 0:02:33.396660045 0xf37ecf50 gstutils.c:2921:gst_pad_query_accept_caps:<amcvideodec-omxnvidiah264decode0:sink> accept caps of video/x-h264, stream-format=(string)byte-stream, alignment=(string)au, level=(string)4, profile=(string)baseline, width=(int)1280, height=(int)1440, framerate=(fraction)151/3, pixel-aspect-ratio=(fraction)1/1, parsed=(boolean)true
05-10 10:02:54.180  4415  4500 D GStreamer+GST_PADS: 0:02:33.396663275 0xf37ecec0 gstpad.c:3784:push_sticky:<'':decodepad0> pad was not linked, mark pending
05-10 10:02:54.180  4415  4501 D GStreamer+query: 0:02:33.396710566 0xf37ecf50 gstquery.c:674:gst_query_new_custom creating new query 0xf3a4a380 accept-caps
05-10 10:02:54.180  4415  4500 D GStreamer+GST_PADS: 0:02:33.396728639 0xf37ecec0 gstpad.c:5569:gst_pad_send_event_unchecked:<decodepad0:proxypad4> sent event, ret ok
05-10 10:02:54.180  4415  4501 D GStreamer+GST_PADS: 0:02:33.396755150 0xf37ecf50 gstpad.c:3882:gst_pad_query:<amcvideodec-omxnvidiah264decode0:sink> doing query 0xf3a4a380 (accept-caps)
05-10 10:02:54.180  4415  4500 D GStreamer+GST_PADS: 0:02:33.396782337 0xf37ecec0 gstpad.c:3765:push_sticky:<amcaudiodec-omxgooglemp3decoder0:src> event stream-start marked received
05-10 10:02:54.180  4415  4501 D GStreamer+videodecoder: 0:02:33.396813014 0xf37ecf50 gstvideodecoder.c:1963:gst_video_decoder_sink_query:<amcvideodec-omxnvidiah264decode0> received query 40963, accept-caps
05-10 10:02:54.180  4415  4500 D GStreamer+GST_PADS: 0:02:33.396840827 0xf37ecec0 gstpad.c:5569:gst_pad_send_event_unchecked:<amcaudiodec-omxgooglemp3decoder0:sink> sent event, ret ok
05-10 10:02:54.180  4415  4501 D GStreamer+GST_CAPS: 0:02:33.396923223 0xf37ecf50 gstutils.c:2838:gst_pad_query_caps:<amcvideodec-omxnvidiah264decode0:sink> get pad caps with filter video/x-h264, stream-format=(string)byte-stream, alignment=(string)au, level=(string)4, profile=(string)baseline, width=(int)1280, height=(int)1440, framerate=(fraction)151/3, pixel-aspect-ratio=(fraction)1/1, parsed=(boolean)true
05-10 10:02:54.181  4415  4500 D GStreamer+GST_EVENT: 0:02:33.396954056 0xf37ecec0 gstpad.c:5496:gst_pad_send_event_unchecked:<amcaudiodec-omxgooglemp3decoder0:sink> have event type caps event: 0xf39db568, time 99:99:99.999999999, seq-num 185, GstEventCaps, caps=(GstCaps)"audio/mpeg\,\ mpegversion\=\(int\)1\,\ mpegaudioversion\=\(int\)2\,\ layer\=\(int\)3\,\ rate\=\(int\)24000\,\ channels\=\(int\)1\,\ parsed\=\(boolean\)true";
05-10 10:02:54.181  4415  4501 D GStreamer+query: 0:02:33.396969316 0xf37ecf50 gstquery.c:674:gst_query_new_custom creating new query 0xf3a4a350 caps
05-10 10:02:54.181  4415  4501 D GStreamer+GST_PADS: 0:02:33.397019056 0xf37ecf50 gstpad.c:3882:gst_pad_query:<amcvideodec-omxnvidiah264decode0:sink> doing query 0xf3a4a350 (caps)
05-10 10:02:54.181  4415  4500 D GStreamer+GST_CAPS: 0:02:33.397029681 0xf37ecec0 gstutils.c:2921:gst_pad_query_accept_caps:<amcaudiodec-omxgooglemp3decoder0:sink> accept caps of audio/mpeg, mpegversion=(int)1, mpegaudioversion=(int)2, layer=(int)3, rate=(int)24000, channels=(int)1, parsed=(boolean)true
05-10 10:02:54.181  4415  4500 D GStreamer+query: 0:02:33.397071295 0xf37ecec0 gstquery.c:674:gst_query_new_custom creating new query 0xf3a3f980 accept-caps
05-10 10:02:54.181  4415  4501 D GStreamer+videodecoder: 0:02:33.397076504 0xf37ecf50 gstvideodecoder.c:1963:gst_video_decoder_sink_query:<amcvideodec-omxnvidiah264decode0> received query 43523, caps
05-10 10:02:54.181  4415  4500 D GStreamer+GST_PADS: 0:02:33.397105306 0xf37ecec0 gstpad.c:3882:gst_pad_query:<amcaudiodec-omxgooglemp3decoder0:sink> doing query 0xf3a3f980 (accept-caps)
05-10 10:02:54.181  4415  4500 D GStreamer+audiodecoder: 0:02:33.397203223 0xf37ecec0 gstaudiodecoder.c:2743:gst_audio_decoder_sink_query:<amcaudiodec-omxgooglemp3decoder0:sink> received query accept-caps query: 0xf3a3f980, GstQueryAcceptCaps, caps=(GstCaps)"audio/mpeg\,\ mpegversion\=\(int\)1\,\ mpegaudioversion\=\(int\)2\,\ layer\=\(int\)3\,\ rate\=\(int\)24000\,\ channels\=\(int\)1\,\ parsed\=\(boolean\)true", result=(boolean)false;
05-10 10:02:54.181  4415  4501 D GStreamer+GST_CAPS: 0:02:33.397224733 0xf37ecf50 gstutils.c:2884:gst_pad_peer_query_caps:<amcvideodec-omxnvidiah264decode0:src> get pad peer caps with filter video/x-raw(memory:GLMemory), width=(int)1280, height=(int)1440, framerate=(fraction)151/3, pixel-aspect-ratio=(fraction)1/1; video/x-raw, width=(int)1280, height=(int)1440, framerate=(fraction)151/3, pixel-aspect-ratio=(fraction)1/1
05-10 10:02:54.181  4415  4501 D GStreamer+query: 0:02:33.397275618 0xf37ecf50 gstquery.c:674:gst_query_new_custom creating new query 0xf3a4a260 caps
05-10 10:02:54.181  4415  4500 D GStreamer+GST_CAPS: 0:02:33.397293900 0xf37ecec0 gstutils.c:2838:gst_pad_query_caps:<amcaudiodec-omxgooglemp3decoder0:sink> get pad caps with filter audio/mpeg, mpegversion=(int)1, mpegaudioversion=(int)2, layer=(int)3, rate=(int)24000, channels=(int)1, parsed=(boolean)true
05-10 10:02:54.181  4415  4501 D GStreamer+GST_PADS: 0:02:33.397323743 0xf37ecf50 gstpad.c:4009:gst_pad_peer_query:<amcvideodec-omxnvidiah264decode0:src> peer query 0xf3a4a260 (caps)
05-10 10:02:54.181  4415  4500 D GStreamer+query: 0:02:33.397348952 0xf37ecec0 gstquery.c:674:gst_query_new_custom creating new query 0xf3a3f950 caps
05-10 10:02:54.181  4415  4501 I GStreamer+GST_PADS: 0:02:33.397370045 0xf37ecf50 gstpad.c:4065:gst_pad_peer_query:<amcvideodec-omxnvidiah264decode0:src> pad has no peer
05-10 10:02:54.181  4415  4500 D GStreamer+GST_PADS: 0:02:33.397398587 0xf37ecec0 gstpad.c:3882:gst_pad_query:<amcaudiodec-omxgooglemp3decoder0:sink> doing query 0xf3a3f950 (caps)
05-10 10:02:54.181  4415  4500 D GStreamer+audiodecoder: 0:02:33.397502650 0xf37ecec0 gstaudiodecoder.c:2743:gst_audio_decoder_sink_query:<amcaudiodec-omxgooglemp3decoder0:sink> received query caps query: 0xf3a3f950, GstQueryCaps, filter=(GstCaps)"audio/mpeg\,\ mpegversion\=\(int\)1\,\ mpegaudioversion\=\(int\)2\,\ layer\=\(int\)3\,\ rate\=\(int\)24000\,\ channels\=\(int\)1\,\ parsed\=\(boolean\)true", caps=(GstCaps)"NULL";
05-10 10:02:54.181  4415  4500 D GStreamer+GST_CAPS: 0:02:33.397581764 0xf37ecec0 gstutils.c:2884:gst_pad_peer_query_caps:<amcaudiodec-omxgooglemp3decoder0:src> get pad peer caps with filter audio/x-raw, rate=(int)24000, channels=(int)1
05-10 10:02:54.181  4415  4500 D GStreamer+query: 0:02:33.397627650 0xf37ecec0 gstquery.c:674:gst_query_new_custom creating new query 0xf3a3f920 caps
05-10 10:02:54.181  4415  4500 D GStreamer+GST_PADS: 0:02:33.397671504 0xf37ecec0 gstpad.c:4009:gst_pad_peer_query:<amcaudiodec-omxgooglemp3decoder0:src> peer query 0xf3a3f920 (caps)
05-10 10:02:54.181  4415  4501 D GStreamer+GST_PADS: 0:02:33.397708066 0xf37ecf50 gstpad.c:3905:gst_pad_query:<amcvideodec-omxnvidiah264decode0:sink> sent query 0xf3a4a350 (caps), result 1
05-10 10:02:54.181  4415  4500 D GStreamer+GST_PADS: 0:02:33.397752806 0xf37ecec0 gstpad.c:3882:gst_pad_query:<decodepad0:proxypad4> doing query 0xf3a3f920 (caps)
05-10 10:02:54.181  4415  4501 D GStreamer+GST_CAPS: 0:02:33.397789785 0xf37ecf50 gstutils.c:2845:gst_pad_query_caps:<amcvideodec-omxnvidiah264decode0:sink> query returned video/x-h264, width=(int)1280, height=(int)1440, framerate=(fraction)151/3, pixel-aspect-ratio=(fraction)1/1, parsed=(boolean)true, stream-format=(string)byte-stream, alignment=(string)au, profile=(string)baseline, level=(string)4
05-10 10:02:54.181  4415  4500 D GStreamer+decodebin: 0:02:33.397835358 0xf37ecec0 gstdecodebin2.c:5033:gst_decode_pad_query:<decodebin1> calling autoplug-query for decodepad0 (element amcaudiodec-omxgooglemp3decoder0): caps query: 0xf3a3f920, GstQueryCaps, filter=(GstCaps)"audio/x-raw\,\ rate\=\(int\)24000\,\ channels\=\(int\)1", caps=(GstCaps)"NULL";
05-10 10:02:54.181  4415  4501 D GStreamer+GST_PADS: 0:02:33.397846348 0xf37ecf50 gstpad.c:3905:gst_pad_query:<amcvideodec-omxnvidiah264decode0:sink> sent query 0xf3a4a380 (accept-caps), result 1
05-10 10:02:54.181  4415  4500 D GStreamer+decodebin: 0:02:33.397894785 0xf37ecec0 gstdecodebin2.c:5042:gst_decode_pad_query:<decodebin1> autoplug-query returned 0
05-10 10:02:54.181  4415  4501 D GStreamer+default: 0:02:33.397910098 0xf37ecf50 gstutils.c:2926:gst_pad_query_accept_caps:<amcvideodec-omxnvidiah264decode0:sink> query returned 1
05-10 10:02:54.182  4415  4501 D GStreamer+decodebin: 0:02:33.397975410 0xf37ecf50 gstdecodebin2.c:2658:connect_element:<forhwgl> Attempting to connect element amcvideodec-omxnvidiah264decode0 [chain:0xf3c1b808] further
05-10 10:02:54.182  4415  4500 D GStreamer+GST_CAPS: 0:02:33.397993795 0xf37ecec0 gstpad.c:3088:gst_pad_query_caps_default:<decodepad0:proxypad4> query caps caps query: 0xf3a3f920, GstQueryCaps, filter=(GstCaps)"audio/x-raw\,\ rate\=\(int\)24000\,\ channels\=\(int\)1", caps=(GstCaps)"NULL";
05-10 10:02:54.182  4415  4501 D GStreamer+decodebin: 0:02:33.398014837 0xf37ecf50 gstdecodebin2.c:2671:connect_element:<forhwgl> got a source pad template src
05-10 10:02:54.182  4415  4500 D GStreamer+GST_PADS: 0:02:33.398045150 0xf37ecec0 gstutils.c:2599:gst_pad_proxy_query_caps:<decodepad0:proxypad4> proxying caps query for decodepad0:proxypad4
05-10 10:02:54.182  4415  4501 I GStreamer+GST_ELEMENT_PADS: 0:02:33.398059733 0xf37ecf50 gstelement.c:907:gst_element_get_static_pad found pad amcvideodec-omxnvidiah264decode0:src
05-10 10:02:54.182  4415  4500 D GStreamer+GST_PADS: 0:02:33.398094420 0xf37ecec0 gstpad.c:4009:gst_pad_peer_query:<'':decodepad0> peer query 0xf3a3f920 (caps)
05-10 10:02:54.182  4415  4501 D GStreamer+decodebin: 0:02:33.398108952 0xf37ecf50 gstdecodebin2.c:2682:connect_element:<forhwgl> got the pad for always template src
05-10 10:02:54.182  4415  4500 I GStreamer+GST_PADS: 0:02:33.398132545 0xf37ecec0 gstpad.c:4065:gst_pad_peer_query:<'':decodepad0> pad has no peer
05-10 10:02:54.182  4415  4501 D GStreamer+GST_CAPS: 0:02:33.398160254 0xf37ecf50 gstpad.c:2648:gst_pad_get_current_caps:<amcvideodec-omxnvidiah264decode0:src> get current pad caps (NULL)
05-10 10:02:54.182  4415  4500 D GStreamer+GST_PADS: 0:02:33.398194577 0xf37ecec0 gstpad.c:3339:gst_pad_query_default:<decodepad0:proxypad4> not forwarding 0xf3a3f920 (caps) query
05-10 10:02:54.182  4415  4501 D GStreamer+GST_CAPS: 0:02:33.398214264 0xf37ecf50 gstutils.c:2838:gst_pad_query_caps:<amcvideodec-omxnvidiah264decode0:src> get pad caps with filter (NULL)
05-10 10:02:54.182  4415  4500 D GStreamer+GST_PADS: 0:02:33.398241920 0xf37ecec0 gstpad.c:3905:gst_pad_query:<decodepad0:proxypad4> sent query 0xf3a3f920 (caps), result 1
05-10 10:02:54.182  4415  4501 D GStreamer+query: 0:02:33.398252025 0xf37ecf50 gstquery.c:674:gst_query_new_custom creating new query 0xf3a4a200 caps
05-10 10:02:54.182  4415  4501 D GStreamer+GST_PADS: 0:02:33.398293743 0xf37ecf50 gstpad.c:3882:gst_pad_query:<amcvideodec-omxnvidiah264decode0:src> doing query 0xf3a4a200 (caps)
05-10 10:02:54.182  4415  4500 D GStreamer+GST_CAPS: 0:02:33.398311087 0xf37ecec0 gstutils.c:2891:gst_pad_peer_query_caps:<amcaudiodec-omxgooglemp3decoder0:src> peer query returned audio/x-raw, rate=(int)24000, channels=(int)1
05-10 10:02:54.182  4415  4501 D GStreamer+videodecoder: 0:02:33.398340045 0xf37ecf50 gstvideodecoder.c:1812:gst_video_decoder_src_query:<amcvideodec-omxnvidiah264decode0> received query 43523, caps
05-10 10:02:54.182  4415  4501 D GStreamer+GST_CAPS: 0:02:33.398408327 0xf37ecf50 gstpad.c:3088:gst_pad_query_caps_default:<amcvideodec-omxnvidiah264decode0:src> query caps caps query: 0xf3a4a200, GstQueryCaps, filter=(GstCaps)"NULL", caps=(GstCaps)"NULL";
05-10 10:02:54.182  4415  4500 D GStreamer+GST_PADS: 0:02:33.398424733 0xf37ecec0 gstpad.c:3905:gst_pad_query:<amcaudiodec-omxgooglemp3decoder0:sink> sent query 0xf3a3f950 (caps), result 1
05-10 10:02:54.182  4415  4501 D GStreamer+GST_CAPS: 0:02:33.398452650 0xf37ecf50 gstpad.c:3111:gst_pad_query_caps_default:<amcvideodec-omxnvidiah264decode0:src> trying pad template caps
05-10 10:02:54.182  4415  4500 D GStreamer+GST_CAPS: 0:02:33.398520775 0xf37ecec0 gstutils.c:2845:gst_pad_query_caps:<amcaudiodec-omxgooglemp3decoder0:sink> query returned audio/mpeg, rate=(int)24000, channels=(int)1, mpegversion=(int)1, layer=(int)3, parsed=(boolean)true, mpegaudioversion=(int)2
05-10 10:02:54.182  4415  4500 D GStreamer+GST_PADS: 0:02:33.398586608 0xf37ecec0 gstpad.c:3905:gst_pad_query:<amcaudiodec-omxgooglemp3decoder0:sink> sent query 0xf3a3f980 (accept-caps), result 1
05-10 10:02:54.182  4415  4501 D GStreamer+GST_CAPS: 0:02:33.398611348 0xf37ecf50 gstpad.c:3141:gst_pad_query_caps_default:<amcvideodec-omxnvidiah264decode0:src> using caps 0xf374ea78 video/x-raw(memory:GLMemory), format=(string)RGBA, texture-target=(string)external-oes; video/x-raw, format=(string)I420, width=(int)[ 1, 2147483647 ], height=(int)[ 1, 2147483647 ], framerate=(fraction)[ 0/1, 2147483647/1 ]; video/x-raw, format=(string)NV12, width=(int)[ 1, 2147483647 ], height=(int)[ 1, 2147483647 ], framerate=(fraction)[ 0/1, 2147483647/1 ]
05-10 10:02:54.182  4415  4500 D GStreamer+default: 0:02:33.398641035 0xf37ecec0 gstutils.c:2926:gst_pad_query_accept_caps:<amcaudiodec-omxgooglemp3decoder0:sink> query returned 1
05-10 10:02:54.182  4415  4501 D GStreamer+GST_PADS: 0:02:33.398673691 0xf37ecf50 gstpad.c:3339:gst_pad_query_default:<amcvideodec-omxnvidiah264decode0:src> not forwarding 0xf3a4a200 (caps) query
05-10 10:02:54.182  4415  4500 D GStreamer+audiodecoder: 0:02:33.398702441 0xf37ecec0 gstaudiodecoder.c:2327:gst_audio_decoder_sink_event:<amcaudiodec-omxgooglemp3decoder0> received event 12814, caps
05-10 10:02:54.182  4415  4501 D GStreamer+GST_PADS: 0:02:33.398725670 0xf37ecf50 gstpad.c:3905:gst_pad_query:<amcvideodec-omxnvidiah264decode0:src> sent query 0xf3a4a200 (caps), result 1
05-10 10:02:54.182  4415  4500 D GStreamer+audiodecoder: 0:02:33.398786243 0xf37ecec0 gstaudiodecoder.c:842:gst_audio_decoder_sink_setcaps:<amcaudiodec-omxgooglemp3decoder0> caps: audio/mpeg, mpegversion=(int)1, mpegaudioversion=(int)2, layer=(int)3, rate=(int)24000, channels=(int)1, parsed=(boolean)true
05-10 10:02:54.182  4415  4500 D GStreamer+amcaudiodec: 0:02:33.398877025 0xf37ecec0 gstamcaudiodec.c:829:gst_amc_audio_dec_set_format:<amcaudiodec-omxgooglemp3decoder0> Setting new caps audio/mpeg, mpegversion=(int)1, mpegaudioversion=(int)2, layer=(int)3, rate=(int)24000, channels=(int)1, parsed=(boolean)true
05-10 10:02:54.182  4415  4501 D GStreamer+GST_CAPS: 0:02:33.398893014 0xf37ecf50 gstutils.c:2845:gst_pad_query_caps:<amcvideodec-omxnvidiah264decode0:src> query returned video/x-raw(memory:GLMemory), format=(string)RGBA, texture-target=(string)external-oes; video/x-raw, format=(string)I420, width=(int)[ 1, 2147483647 ], height=(int)[ 1, 2147483647 ], framerate=(fraction)[ 0/1, 2147483647/1 ]; video/x-raw, format=(string)NV12, width=(int)[ 1, 2147483647 ], height=(int)[ 1, 2147483647 ], framerate=(fraction)[ 0/1, 2147483647/1 ]
05-10 10:02:54.183  4415  4500 D GStreamer+amcaudiodec: 0:02:33.399007962 0xf37ecec0 gstamcaudiodec.c:945:gst_amc_audio_dec_set_format:<amcaudiodec-omxgooglemp3decoder0> Configuring codec with format: {channel-count=1, mime=audio/mpeg, sample-rate=24000}
05-10 10:02:54.183  4415  4501 D GStreamer+decodebin: 0:02:33.399022806 0xf37ecf50 gstdecodebin2.c:1531:analyze_new_pad:<forhwgl> Pad amcvideodec-omxnvidiah264decode0:src caps:video/x-raw(memory:GLMemory), format=(string)RGBA, texture-target=(string)external-oes; video/x-raw, format=(string)I420, width=(int)[ 1, 2147483647 ], height=(int)[ 1, 2147483647 ], framerate=(fraction)[ 0/1, 2147483647/1 ]; video/x-raw, format=(string)NV12, width=(int)[ 1, 2147483647 ], height=(int)[ 1, 2147483647 ], framerate=(fraction)[ 0/1, 2147483647/1 ]
05-10 10:02:54.183  4415  4501 D GStreamer+GST_PADS: 0:02:33.399062389 0xf37ecf50 gstpad.c:1062:gst_pad_set_active:<'':decodepad1> pad was active in push mode
05-10 10:02:54.183  4415  4501 D GStreamer+GST_PADS: 0:02:33.399110462 0xf37ecf50 gstghostpad.c:840:gst_ghost_pad_set_target:<'':decodepad1> set target amcvideodec-omxnvidiah264decode0:src
05-10 10:02:54.183  4415  4501 D GStreamer+GST_PADS: 0:02:33.399184108 0xf37ecf50 gstghostpad.c:862:gst_ghost_pad_set_target:<'':decodepad1> connecting internal pad to target <amcvideodec-omxnvidiah264decode0:src>
05-10 10:02:54.183  4415  4501 D GStreamer+GST_BUS: 0:02:33.399284837 0xf37ecf50 gstbus.c:309:gst_bus_post:<bus0> [msg 0xf3ac02c0] posting on bus structure-change message: 0xf3ac02c0, time 99:99:99.999999999, seq-num 234, element 'proxypad5', GstMessageStructureChange, type=(GstStructureChangeType)GST_STRUCTURE_CHANGE_TYPE_PAD_LINK, owner=(GstElement)"\(GstAmcVideoDec-OmxNvidiaH264Decode\)\ amcvideodec-omxnvidiah264decode0", busy=(boolean)true;
05-10 10:02:54.183  4415  4501 D GStreamer+bin: 0:02:33.399325931 0xf37ecf50 gstbin.c:3528:gst_bin_handle_message_func:<forhwgl> [msg 0xf3ac02c0] handling child proxypad5 message of type structure-change
05-10 10:02:54.183  4415  4501 D GStreamer+bin: 0:02:33.399360723 0xf37ecf50 gstbin.c:882:find_message:<forhwgl> no message found matching types 00001000
05-10 10:02:54.183  4415  4501 D GStreamer+bin: 0:02:33.399391868 0xf37ecf50 gstbin.c:889:find_message:<forhwgl>   structure-change
05-10 10:02:54.183  4415  4501 D GStreamer+bin: 0:02:33.399426868 0xf37ecf50 gstbin.c:929:bin_replace_message:<forhwgl> got new message 0xf3ac02c0, structure-change from proxypad5
05-10 10:02:54.183  4415  4501 D GStreamer+GST_BUS: 0:02:33.399458223 0xf37ecf50 gstbus.c:344:gst_bus_post:<bus0> [msg 0xf3ac02c0] dropped
05-10 10:02:54.183  4415  4501 I GStreamer+GST_PADS: 0:02:33.399508691 0xf37ecf50 gstpad.c:2292:gst_pad_link_prepare trying to link amcvideodec-omxnvidiah264decode0:src and decodepad1:proxypad5
05-10 10:02:54.183  4415  4501 I GStreamer+GST_PADS: 0:02:33.399544941 0xf37ecf50 gstpad.c:2498:gst_pad_link_full linked amcvideodec-omxnvidiah264decode0:src and decodepad1:proxypad5, successful
05-10 10:02:54.183  4415  4501 I GStreamer+GST_EVENT: 0:02:33.399593014 0xf37ecf50 gstevent.c:1382:gst_event_new_reconfigure creating reconfigure event
05-10 10:02:54.183  4415  4501 D GStreamer+GST_EVENT: 0:02:33.399626452 0xf37ecf50 gstevent.c:302:gst_event_new_custom creating new event 0xf3ae4800 reconfigure 61441
05-10 10:02:54.183  4415  4501 D GStreamer+GST_EVENT: 0:02:33.399688327 0xf37ecf50 gstpad.c:5496:gst_pad_send_event_unchecked:<amcvideodec-omxnvidiah264decode0:src> have event type reconfigure event: 0xf3ae4800, time 99:99:99.999999999, seq-num 235, (NULL)
05-10 10:02:54.183  4415  4501 I GStreamer+GST_EVENT: 0:02:33.399733535 0xf37ecf50 gstpad.c:5601:gst_pad_send_event_unchecked:<amcvideodec-omxnvidiah264decode0:src> Received event on flushing pad. Discarding
05-10 10:02:54.184  4415  4501 D GStreamer+GST_BUS: 0:02:33.399987650 0xf37ecf50 gstbus.c:309:gst_bus_post:<bus0> [msg 0xf3ac0210] posting on bus structure-change message: 0xf3ac0210, time 99:99:99.999999999, seq-num 236, element 'proxypad5', GstMessageStructureChange, type=(GstStructureChangeType)GST_STRUCTURE_CHANGE_TYPE_PAD_LINK, owner=(GstElement)"\(GstAmcVideoDec-OmxNvidiaH264Decode\)\ amcvideodec-omxnvidiah264decode0", busy=(boolean)false;
05-10 10:02:54.184  4415  4501 D GStreamer+bin: 0:02:33.400029316 0xf37ecf50 gstbin.c:3528:gst_bin_handle_message_func:<forhwgl> [msg 0xf3ac0210] handling child proxypad5 message of type structure-change
05-10 10:02:54.184  4415  4501 D GStreamer+bin: 0:02:33.400066191 0xf37ecf50 gstbin.c:957:bin_remove_messages:<decodepad1:proxypad5> deleting message 0xf3ac02c0 of types 0x00001000
05-10 10:02:54.184  4415  4501 D GStreamer+bin: 0:02:33.400110462 0xf37ecf50 gstbin.c:963:bin_remove_messages:<forhwgl> not deleting message 0xf3abced0 of type 0x00100000
05-10 10:02:54.184  4415  4501 D GStreamer+GST_BUS: 0:02:33.400147702 0xf37ecf50 gstbus.c:344:gst_bus_post:<bus0> [msg 0xf3ac0210] dropped
05-10 10:02:54.184  4415  4500 D GStreamer+GST_PADS: 0:02:33.400175983 0xf37ecec0 gstpad.c:5938:gst_pad_start_task:<amcaudiodec-omxgooglemp3decoder0:src> start task
05-10 10:02:54.184  4415  4501 D GStreamer+GST_STATES: 0:02:33.400197754 0xf37ecf50 gstelement.c:2523:gst_element_set_state_func:<amcvideodec-omxnvidiah264decode0> set_state to PAUSED
05-10 10:02:54.184  4415  4501 D GStreamer+GST_STATES: 0:02:33.400233066 0xf37ecf50 gstelement.c:2548:gst_element_set_state_func:<amcvideodec-omxnvidiah264decode0> setting target state to PAUSED
05-10 10:02:54.184  4415  4500 D GStreamer+task: 0:02:33.400250775 0xf37ecec0 gsttask.c:425:gst_task_new Created task 0xf3ab8e10
05-10 10:02:54.184  4415  4500 I GStreamer+task: 0:02:33.400286973 0xf37ecec0 gsttask.c:451:gst_task_set_lock setting stream lock 0xf3c73464 on task 0xf3ab8e10
05-10 10:02:54.184  4415  4501 D GStreamer+GST_STATES: 0:02:33.400292441 0xf37ecf50 gstelement.c:2561:gst_element_set_state_func:<amcvideodec-omxnvidiah264decode0> current READY, old_pending VOID_PENDING, next VOID_PENDING, old return SUCCESS
05-10 10:02:54.184  4415  4500 I GStreamer+GST_PADS: 0:02:33.400322806 0xf37ecec0 gstpad.c:5947:gst_pad_start_task:<amcaudiodec-omxgooglemp3decoder0:src> created task 0xf3ab8e10
05-10 10:02:54.184  4415  4501 D GStreamer+GST_STATES: 0:02:33.400335098 0xf37ecf50 gstelement.c:2595:gst_element_set_state_func:<amcvideodec-omxnvidiah264decode0> final: setting state from READY to PAUSED
05-10 10:02:54.184  4415  4500 D GStreamer+GST_PADS: 0:02:33.400363691 0xf37ecec0 gstpad.c:5864:do_stream_status:<amcaudiodec-omxgooglemp3decoder0:src> doing stream-status 0
05-10 10:02:54.184  4415  4501 D GStreamer+amcvideodec: 0:02:33.400377025 0xf37ecf50 gstamcvideodec.c:590:gst_amc_video_dec_change_state:<amcvideodec-omxnvidiah264decode0> changing state: READY => PAUSED
05-10 10:02:54.184  4415  4500 D GStreamer+GST_PADS: 0:02:33.400416660 0xf37ecec0 gstpad.c:5893:do_stream_status:<amcaudiodec-omxgooglemp3decoder0:src> posting stream-status 0
05-10 10:02:54.184  4415  4501 D GStreamer+videodecoder: 0:02:33.400432754 0xf37ecf50 gstvideodecoder.c:2075:gst_video_decoder_reset:<amcvideodec-omxnvidiah264decode0> reset full 1
05-10 10:02:54.184  4415  4501 D GStreamer+GST_ELEMENT_PADS: 0:02:33.400492754 0xf37ecf50 gstelement.c:2793:gst_element_pads_activate:<amcvideodec-omxnvidiah264decode0> activate pads
05-10 10:02:54.184  4415  4500 D GStreamer+GST_BUS: 0:02:33.400528118 0xf37ecec0 gstbus.c:309:gst_bus_post:<bus2> [msg 0xf3abca70] posting on bus stream-status message: 0xf3abca70, time 99:99:99.999999999, seq-num 237, element 'src', GstMessageStreamStatus, type=(GstStreamStatusType)GST_STREAM_STATUS_TYPE_CREATE, owner=(GstElement)"\(GstAmcAudioDec-OmxGoogleMp3Decoder\)\ amcaudiodec-omxgooglemp3decoder0", object=(GstTask)"\(GstTask\)\ task5";
05-10 10:02:54.184  4415  4501 D GStreamer+GST_PADS: 0:02:33.400540670 0xf37ecf50 gstpad.c:1056:gst_pad_set_active:<amcvideodec-omxnvidiah264decode0:src> activating pad from none
05-10 10:02:54.184  4415  4500 D GStreamer+bin: 0:02:33.400573066 0xf37ecec0 gstbin.c:3528:gst_bin_handle_message_func:<decodebin1> [msg 0xf3abca70] handling child src message of type stream-status
05-10 10:02:54.184  4415  4501 D GStreamer+GST_PADS: 0:02:33.400587389 0xf37ecf50 gstpad.c:972:pre_activate:<amcvideodec-omxnvidiah264decode0:src> setting pad into push mode, unset flushing
05-10 10:02:54.184  4415  4500 D GStreamer+bin: 0:02:33.400609681 0xf37ecec0 gstbin.c:3865:gst_bin_handle_message_func:<decodebin1> posting message upward
05-10 10:02:54.184  4415  4501 D GStreamer+GST_PADS: 0:02:33.400640618 0xf37ecf50 gstpad.c:1198:gst_pad_activate_mode:<amcvideodec-omxnvidiah264decode0:src> activated in push mode
05-10 10:02:54.184  4415  4501 D GStreamer+GST_PADS: 0:02:33.400698848 0xf37ecf50 gstpad.c:1056:gst_pad_set_active:<amcvideodec-omxnvidiah264decode0:sink> activating pad from none
05-10 10:02:54.184  4415  4500 D GStreamer+GST_BUS: 0:02:33.400719681 0xf37ecec0 gstbus.c:309:gst_bus_post:<bus4> [msg 0xf3abca70] posting on bus stream-status message: 0xf3abca70, time 99:99:99.999999999, seq-num 237, element 'src', GstMessageStreamStatus, type=(GstStreamStatusType)GST_STREAM_STATUS_TYPE_CREATE, owner=(GstElement)"\(GstAmcAudioDec-OmxGoogleMp3Decoder\)\ amcaudiodec-omxgooglemp3decoder0", object=(GstTask)"\(GstTask\)\ task5";
05-10 10:02:54.184  4415  4501 D GStreamer+GST_PADS: 0:02:33.400743795 0xf37ecf50 gstpad.c:972:pre_activate:<amcvideodec-omxnvidiah264decode0:sink> setting pad into push mode, unset flushing
05-10 10:02:54.184  4415  4500 D GStreamer+bin: 0:02:33.400766348 0xf37ecec0 gstbin.c:3528:gst_bin_handle_message_func:<pipeline0> [msg 0xf3abca70] handling child src message of type stream-status
05-10 10:02:54.184  4415  4501 D GStreamer+GST_PADS: 0:02:33.400793952 0xf37ecf50 gstpad.c:984:pre_activate:<amcvideodec-omxnvidiah264decode0:sink> reschedule events on peer capsfilter1:src
05-10 10:02:54.184  4415  4500 D GStreamer+bin: 0:02:33.400813379 0xf37ecec0 gstbin.c:3865:gst_bin_handle_message_func:<pipeline0> posting message upward
05-10 10:02:54.184  4415  4501 D GStreamer+GST_PADS: 0:02:33.400837598 0xf37ecf50 gstpad.c:1198:gst_pad_activate_mode:<amcvideodec-omxnvidiah264decode0:sink> activated in push mode
05-10 10:02:54.184  4415  4501 D GStreamer+GST_ELEMENT_PADS: 0:02:33.400892233 0xf37ecf50 gstelement.c:2812:gst_element_pads_activate:<amcvideodec-omxnvidiah264decode0> pad activation successful
05-10 10:02:54.184  4415  4500 D GStreamer+GST_BUS: 0:02:33.400917337 0xf37ecec0 gstbus.c:309:gst_bus_post:<bus5> [msg 0xf3abca70] posting on bus stream-status message: 0xf3abca70, time 99:99:99.999999999, seq-num 237, element 'src', GstMessageStreamStatus, type=(GstStreamStatusType)GST_STREAM_STATUS_TYPE_CREATE, owner=(GstElement)"\(GstAmcAudioDec-OmxGoogleMp3Decoder\)\ amcaudiodec-omxgooglemp3decoder0", object=(GstTask)"\(GstTask\)\ task5";
05-10 10:02:54.184  4415  4501 D GStreamer+GST_STATES: 0:02:33.400940775 0xf37ecf50 gstelement.c:2684:gst_element_change_state:<amcvideodec-omxnvidiah264decode0> element changed state SUCCESS
05-10 10:02:54.185  4415  4500 D GStreamer+GST_BUS: 0:02:33.400965254 0xf37ecec0 gstbus.c:348:gst_bus_post:<bus5> [msg 0xf3abca70] pushing on async queue
05-10 10:02:54.185  4415  4501 I GStreamer+GST_STATES: 0:02:33.400983275 0xf37ecf50 gstelement.c:2372:gst_element_continue_state:<amcvideodec-omxnvidiah264decode0> completed state change to PAUSED
05-10 10:02:54.185  4415  4501 I GStreamer+GST_STATES: 0:02:33.401019629 0xf37ecf50 gstelement.c:2277:_priv_gst_element_state_changed:<amcvideodec-omxnvidiah264decode0> notifying about state-changed READY to PAUSED (VOID_PENDING pending)
05-10 10:02:54.185  4415  4488 D GStreamer+GST_BUS: 0:02:33.401038952 0xf3964e00 gstbus.c:521:gst_bus_timed_pop_filtered:<bus5> got message 0xf3abca70, stream-status from src, type mask is 4294967295
05-10 10:02:54.185  4415  4501 D GStreamer+GST_BUS: 0:02:33.401118535 0xf37ecf50 gstbus.c:309:gst_bus_post:<bus0> [msg 0xf3ac01b8] posting on bus state-changed message: 0xf3ac01b8, time 99:99:99.999999999, seq-num 238, element 'amcvideodec-omxnvidiah264decode0', GstMessageStateChanged, old-state=(GstState)GST_STATE_READY, new-state=(GstState)GST_STATE_PAUSED, pending-state=(GstState)GST_STATE_VOID_PENDING;
05-10 10:02:54.185  4415  4488 D GStreamer+GST_BUS: 0:02:33.401140723 0xf3964e00 gstbus.c:789:gst_bus_source_dispatch:<bus5> source 0xf3ab6910 calling dispatch with stream-status message: 0xf3abca70, time 99:99:99.999999999, seq-num 237, element 'src', GstMessageStreamStatus, type=(GstStreamStatusType)GST_STREAM_STATUS_TYPE_CREATE, owner=(GstElement)"\(GstAmcAudioDec-OmxGoogleMp3Decoder\)\ amcaudiodec-omxgooglemp3decoder0", object=(GstTask)"\(GstTask\)\ task5";
05-10 10:02:54.185  4415  4501 D GStreamer+bin: 0:02:33.401167077 0xf37ecf50 gstbin.c:3528:gst_bin_handle_message_func:<forhwgl> [msg 0xf3ac01b8] handling child amcvideodec-omxnvidiah264decode0 message of type state-changed
05-10 10:02:54.185  4415  4488 D GStreamer+GST_BUS: 0:02:33.401188483 0xf3964e00 gstbus.c:794:gst_bus_source_dispatch:<bus5> source 0xf3ab6910 handler returns 1
05-10 10:02:54.185  4415  4501 D GStreamer+bin: 0:02:33.401209525 0xf37ecf50 gstbin.c:3865:gst_bin_handle_message_func:<forhwgl> posting message upward
