05-10 10:02:53.988  4415  4415 D GStreamer+GST_BUS: 0:02:33.204043431 0xf3588600 gstbus.c:351:gst_bus_post:<bus5> [msg 0xf37f5970] pushed on async queue
05-10 10:02:53.988  4415  4415 D GStreamer+GST_BUS: 0:02:33.204080254 0xf3588600 gstbus.c:344:gst_bus_post:<bus4> [msg 0xf37f5970] dropped
05-10 10:02:53.988  4415  4488 D GStreamer+GST_BUS: 0:02:33.204128796 0xf3964e00 gstbus.c:521:gst_bus_timed_pop_filtered:<bus5> got message 0xf37f5970, stream-status from src, type mask is 4294967295
05-10 10:02:53.988  4415  4415 D GStreamer+task: 0:02:33.204145671 0xf3588600 gsttask.c:682:gst_task_set_state:<task0> Changing task 0xf3ab8828 to state 0
05-10 10:02:53.988  4415  4488 D GStreamer+GST_BUS: 0:02:33.204207910 0xf3964e00 gstbus.c:789:gst_bus_source_dispatch:<bus5> source 0xf3ab6910 calling dispatch with stream-status message: 0xf37f5970, time 99:99:99.999999999, seq-num 76, element 'src', GstMessageStreamStatus, type=(GstStreamStatusType)GST_STREAM_STATUS_TYPE_CREATE, owner=(GstElement)"\(GstQueue\)\ queue3", object=(GstTask)"\(GstTask\)\ task0";
05-10 10:02:53.988  4415  4488 D GStreamer+GST_BUS: 0:02:33.204256608 0xf3964e00 gstbus.c:794:gst_bus_source_dispatch:<bus5> source 0xf3ab6910 handler returns 1
05-10 10:02:53.988  4415  4415 D GStreamer+GST_PADS: 0:02:33.204266608 0xf3588600 gstpad.c:1198:gst_pad_activate_mode:<queue3:src> activated in push mode
05-10 10:02:53.988  4415  4415 D GStreamer+GST_PADS: 0:02:33.204324264 0xf3588600 gstpad.c:1056:gst_pad_set_active:<queue3:sink> activating pad from none
05-10 10:02:53.988  4415  4498 D GStreamer+task: 0:02:33.204372285 0xf37ece30 gsttask.c:287:gst_task_func Entering task 0xf3ab8828, thread 0xf37ece30
05-10 10:02:53.988  4415  4415 D GStreamer+GST_PADS: 0:02:33.204387598 0xf3588600 gstpad.c:972:pre_activate:<queue3:sink> setting pad into push mode, unset flushing
05-10 10:02:53.988  4415  4498 D GStreamer+GST_PADS: 0:02:33.204413796 0xf37ece30 gstpad.c:5864:do_stream_status:<queue3:src> doing stream-status 1
05-10 10:02:53.988  4415  4415 D GStreamer+GST_PADS: 0:02:33.204444941 0xf3588600 gstpad.c:1198:gst_pad_activate_mode:<queue3:sink> activated in push mode
05-10 10:02:53.988  4415  4498 D GStreamer+GST_PADS: 0:02:33.204578952 0xf37ece30 gstpad.c:5893:do_stream_status:<queue3:src> posting stream-status 1
05-10 10:02:53.988  4415  4415 D GStreamer+GST_ELEMENT_PADS: 0:02:33.204609368 0xf3588600 gstelement.c:2812:gst_element_pads_activate:<queue3> pad activation successful
05-10 10:02:53.988  4415  4415 D GStreamer+GST_STATES: 0:02:33.204666660 0xf3588600 gstelement.c:2684:gst_element_change_state:<queue3> element changed state SUCCESS
05-10 10:02:53.988  4415  4498 D GStreamer+GST_BUS: 0:02:33.204690410 0xf37ece30 gstbus.c:309:gst_bus_post:<bus4> [msg 0xf39d36c0] posting on bus stream-status message: 0xf39d36c0, time 99:99:99.999999999, seq-num 77, element 'src', GstMessageStreamStatus, type=(GstStreamStatusType)GST_STREAM_STATUS_TYPE_ENTER, owner=(GstElement)"\(GstQueue\)\ queue3", object=(GstTask)"\(GstTask\)\ queue3:src";
05-10 10:02:53.988  4415  4415 I GStreamer+GST_STATES: 0:02:33.204718639 0xf3588600 gstelement.c:2372:gst_element_continue_state:<queue3> completed state change to PAUSED
05-10 10:02:53.988  4415  4498 D GStreamer+bin: 0:02:33.204751556 0xf37ece30 gstbin.c:3528:gst_bin_handle_message_func:<pipeline0> [msg 0xf39d36c0] handling child src message of type stream-status
05-10 10:02:53.988  4415  4415 I GStreamer+GST_STATES: 0:02:33.204779941 0xf3588600 gstelement.c:2277:_priv_gst_element_state_changed:<queue3> notifying about state-changed READY to PAUSED (VOID_PENDING pending)
05-10 10:02:53.988  4415  4498 D GStreamer+bin: 0:02:33.204796973 0xf37ece30 gstbin.c:3865:gst_bin_handle_message_func:<pipeline0> posting message upward
05-10 10:02:53.988  4415  4415 D GStreamer+GST_BUS: 0:02:33.204890150 0xf3588600 gstbus.c:309:gst_bus_post:<bus4> [msg 0xf37f59c8] posting on bus state-changed message: 0xf37f59c8, time 99:99:99.999999999, seq-num 78, element 'queue3', GstMessageStateChanged, old-state=(GstState)GST_STATE_READY, new-state=(GstState)GST_STATE_PAUSED, pending-state=(GstState)GST_STATE_VOID_PENDING;
05-10 10:02:53.989  4415  4415 D GStreamer+bin: 0:02:33.204948483 0xf3588600 gstbin.c:3528:gst_bin_handle_message_func:<pipeline0> [msg 0xf37f59c8] handling child queue3 message of type state-changed
05-10 10:02:53.989  4415  4415 D GStreamer+bin: 0:02:33.204983691 0xf3588600 gstbin.c:3865:gst_bin_handle_message_func:<pipeline0> posting message upward
05-10 10:02:53.989  4415  4415 D GStreamer+GST_BUS: 0:02:33.205063639 0xf3588600 gstbus.c:309:gst_bus_post:<bus5> [msg 0xf37f59c8] posting on bus state-changed message: 0xf37f59c8, time 99:99:99.999999999, seq-num 78, element 'queue3', GstMessageStateChanged, old-state=(GstState)GST_STATE_READY, new-state=(GstState)GST_STATE_PAUSED, pending-state=(GstState)GST_STATE_VOID_PENDING;
05-10 10:02:53.989  4415  4415 D GStreamer+GST_BUS: 0:02:33.205099212 0xf3588600 gstbus.c:348:gst_bus_post:<bus5> [msg 0xf37f59c8] pushing on async queue
05-10 10:02:53.989  4415  4415 D GStreamer+GST_BUS: 0:02:33.205138639 0xf3588600 gstbus.c:351:gst_bus_post:<bus5> [msg 0xf37f59c8] pushed on async queue
05-10 10:02:53.989  4415  4498 D GStreamer+GST_BUS: 0:02:33.205177493 0xf37ece30 gstbus.c:309:gst_bus_post:<bus5> [msg 0xf39d36c0] posting on bus stream-status message: 0xf39d36c0, time 99:99:99.999999999, seq-num 77, element 'src', GstMessageStreamStatus, type=(GstStreamStatusType)GST_STREAM_STATUS_TYPE_ENTER, owner=(GstElement)"\(GstQueue\)\ queue3", object=(GstTask)"\(GstTask\)\ queue3:src";
05-10 10:02:53.989  4415  4415 D GStreamer+GST_BUS: 0:02:33.205204108 0xf3588600 gstbus.c:344:gst_bus_post:<bus4> [msg 0xf37f59c8] dropped
05-10 10:02:53.989  4415  4488 D GStreamer+GST_BUS: 0:02:33.205224264 0xf3964e00 gstbus.c:521:gst_bus_timed_pop_filtered:<bus5> got message 0xf37f59c8, state-changed from queue3, type mask is 4294967295
05-10 10:02:53.989  4415  4415 D GStreamer+GST_STATES: 0:02:33.205247389 0xf3588600 gstelement.c:2607:gst_element_set_state_func:<queue3> returned SUCCESS
05-10 10:02:53.989  4415  4498 D GStreamer+GST_BUS: 0:02:33.205276035 0xf37ece30 gstbus.c:348:gst_bus_post:<bus5> [msg 0xf39d36c0] pushing on async queue
05-10 10:02:53.989  4415  4488 D GStreamer+GST_BUS: 0:02:33.205312910 0xf3964e00 gstbus.c:789:gst_bus_source_dispatch:<bus5> source 0xf3ab6910 calling dispatch with state-changed message: 0xf37f59c8, time 99:99:99.999999999, seq-num 78, element 'queue3', GstMessageStateChanged, old-state=(GstState)GST_STATE_READY, new-state=(GstState)GST_STATE_PAUSED, pending-state=(GstState)GST_STATE_VOID_PENDING;
05-10 10:02:53.989  4415  4415 I GStreamer+GST_STATES: 0:02:33.205334837 0xf3588600 gstbin.c:2764:gst_bin_change_state_func:<pipeline0> child 'queue3' changed state to 3(PAUSED) successfully
05-10 10:02:53.989  4415  4488 D GStreamer+GST_BUS: 0:02:33.205376296 0xf3964e00 gstbus.c:794:gst_bus_source_dispatch:<bus5> source 0xf3ab6910 handler returns 1
05-10 10:02:53.989  4415  4498 D GStreamer+GST_BUS: 0:02:33.205399264 0xf37ece30 gstbus.c:351:gst_bus_post:<bus5> [msg 0xf39d36c0] pushed on async queue
05-10 10:02:53.989  4415  4415 D GStreamer+bin: 0:02:33.205412389 0xf3588600 gstbin.c:2182:gst_bin_sort_iterator_next:<pipeline0> queue head gives forhalffps
05-10 10:02:53.989  4415  4415 D GStreamer+bin: 0:02:33.205459212 0xf3588600 gstbin.c:882:find_message:<pipeline0> no message found matching types 00001000
05-10 10:02:53.989  4415  4488 D GStreamer+GST_BUS: 0:02:33.205466452 0xf3964e00 gstbus.c:521:gst_bus_timed_pop_filtered:<bus5> got message 0xf39d36c0, stream-status from src, type mask is 4294967295
05-10 10:02:53.989  4415  4498 D GStreamer+GST_BUS: 0:02:33.205499421 0xf37ece30 gstbus.c:344:gst_bus_post:<bus4> [msg 0xf39d36c0] dropped
05-10 10:02:53.989  4415  4415 D GStreamer+bin: 0:02:33.205547598 0xf3588600 gstbin.c:889:find_message:<pipeline0>   structure-change
05-10 10:02:53.989  4415  4488 D GStreamer+GST_BUS: 0:02:33.205571764 0xf3964e00 gstbus.c:789:gst_bus_source_dispatch:<bus5> source 0xf3ab6910 calling dispatch with stream-status message: 0xf39d36c0, time 99:99:99.999999999, seq-num 77, element 'src', GstMessageStreamStatus, type=(GstStreamStatusType)GST_STREAM_STATUS_TYPE_ENTER, owner=(GstElement)"\(GstQueue\)\ queue3", object=(GstTask)"\(GstTask\)\ queue3:src";
05-10 10:02:53.989  4415  4498 D GStreamer+task: 0:02:33.205601921 0xf37ece30 gsttask.c:249:gst_task_configure_name:<queue3:src> Setting thread name to 'queue3:src'
05-10 10:02:53.989  4415  4415 D GStreamer+bin: 0:02:33.205627389 0xf3588600 gstbin.c:2098:update_degree:<pipeline0> change element queue1, degree 1->0, linked to forhalffps
05-10 10:02:53.989  4415  4498 D GStreamer+queue_dataflow: 0:02:33.205647910 0xf37ece30 gstqueue.c:1464:gst_queue_loop:<queue3> queue is empty
05-10 10:02:53.989  4415  4488 D GStreamer+GST_BUS: 0:02:33.205667546 0xf3964e00 gstbus.c:794:gst_bus_source_dispatch:<bus5> source 0xf3ab6910 handler returns 1
05-10 10:02:53.989  4415  4415 D GStreamer+bin: 0:02:33.205684577 0xf3588600 gstbin.c:1981:add_to_queue:<pipeline0> adding 'queue1' to queue
05-10 10:02:53.989  4415  4415 I GStreamer+GST_STATES: 0:02:33.205743900 0xf3588600 gstbin.c:2316:gst_bin_element_set_state:<forhalffps> current READY pending VOID_PENDING, desired next PAUSED
05-10 10:02:53.989  4415  4415 D GStreamer+bin: 0:02:33.205779056 0xf3588600 gstbin.c:882:find_message:<pipeline0> no message found matching types 00100000
05-10 10:02:53.989  4415  4415 D GStreamer+bin: 0:02:33.205810983 0xf3588600 gstbin.c:889:find_message:<pipeline0>   async-start
05-10 10:02:53.989  4415  4415 D GStreamer+bin: 0:02:33.205863275 0xf3588600 gstbin.c:2411:gst_bin_element_set_state:<pipeline0> setting element forhalffps to PAUSED, base_time 0:00:00.000000000
05-10 10:02:53.989  4415  4415 D GStreamer+GST_STATES: 0:02:33.205896816 0xf3588600 gstelement.c:2523:gst_element_set_state_func:<forhalffps> set_state to PAUSED
05-10 10:02:53.989  4415  4415 D GStreamer+GST_STATES: 0:02:33.205929525 0xf3588600 gstelement.c:2548:gst_element_set_state_func:<forhalffps> setting target state to PAUSED
05-10 10:02:53.990  4415  4415 D GStreamer+GST_STATES: 0:02:33.205981452 0xf3588600 gstelement.c:2561:gst_element_set_state_func:<forhalffps> current READY, old_pending VOID_PENDING, next VOID_PENDING, old return SUCCESS
05-10 10:02:53.990  4415  4415 D GStreamer+GST_STATES: 0:02:33.206016400 0xf3588600 gstelement.c:2595:gst_element_set_state_func:<forhalffps> final: setting state from READY to PAUSED
05-10 10:02:53.990  4415  4415 D GStreamer+GST_ELEMENT_PADS: 0:02:33.206065983 0xf3588600 gstelement.c:2793:gst_element_pads_activate:<forhalffps> activate pads
05-10 10:02:53.990  4415  4415 D GStreamer+GST_PADS: 0:02:33.206104108 0xf3588600 gstpad.c:1056:gst_pad_set_active:<forhalffps:src> activating pad from none
05-10 10:02:53.990  4415  4415 D GStreamer+GST_PADS: 0:02:33.206139681 0xf3588600 gstpad.c:972:pre_activate:<forhalffps:src> setting pad into push mode, unset flushing
05-10 10:02:53.990  4415  4415 D GStreamer+GST_PADS: 0:02:33.206190983 0xf3588600 gstpad.c:1198:gst_pad_activate_mode:<forhalffps:src> activated in push mode
05-10 10:02:53.990  4415  4415 D GStreamer+GST_PADS: 0:02:33.206228587 0xf3588600 gstpad.c:1056:gst_pad_set_active:<forhalffps:sink> activating pad from none
05-10 10:02:53.990  4415  4415 D GStreamer+GST_PADS: 0:02:33.206276816 0xf3588600 gstpad.c:972:pre_activate:<forhalffps:sink> setting pad into push mode, unset flushing
05-10 10:02:53.990  4415  4415 D GStreamer+GST_PADS: 0:02:33.206314264 0xf3588600 gstpad.c:984:pre_activate:<forhalffps:sink> reschedule events on peer queue1:src
05-10 10:02:53.990  4415  4415 D GStreamer+GST_CAPS: 0:02:33.206350618 0xf3588600 gstpad.c:2648:gst_pad_get_current_caps:<forhalffps:sink> get current pad caps (NULL)
05-10 10:02:53.990  4415  4415 D GStreamer+GST_CAPS: 0:02:33.206400983 0xf3588600 gstpad.c:2648:gst_pad_get_current_caps:<forhalffps:src> get current pad caps (NULL)
05-10 10:02:53.990  4415  4415 D GStreamer+basetransform: 0:02:33.206435723 0xf3588600 gstbasetransform.c:2449:gst_base_transform_activate:<forhalffps> have_same_caps 1
05-10 10:02:53.990  4415  4415 D GStreamer+GST_PADS: 0:02:33.206471243 0xf3588600 gstpad.c:1198:gst_pad_activate_mode:<forhalffps:sink> activated in push mode
05-10 10:02:53.990  4415  4415 D GStreamer+GST_ELEMENT_PADS: 0:02:33.206530775 0xf3588600 gstelement.c:2812:gst_element_pads_activate:<forhalffps> pad activation successful
05-10 10:02:53.990  4415  4415 D GStreamer+GST_STATES: 0:02:33.206563535 0xf3588600 gstelement.c:2684:gst_element_change_state:<forhalffps> element changed state SUCCESS
05-10 10:02:53.990  4415  4415 I GStreamer+GST_STATES: 0:02:33.206609993 0xf3588600 gstelement.c:2372:gst_element_continue_state:<forhalffps> completed state change to PAUSED
05-10 10:02:53.990  4415  4415 I GStreamer+GST_STATES: 0:02:33.206648171 0xf3588600 gstelement.c:2277:_priv_gst_element_state_changed:<forhalffps> notifying about state-changed READY to PAUSED (VOID_PENDING pending)
05-10 10:02:53.990  4415  4415 D GStreamer+GST_BUS: 0:02:33.206727077 0xf3588600 gstbus.c:309:gst_bus_post:<bus4> [msg 0xf37f5a20] posting on bus state-changed message: 0xf37f5a20, time 99:99:99.999999999, seq-num 79, element 'forhalffps', GstMessageStateChanged, old-state=(GstState)GST_STATE_READY, new-state=(GstState)GST_STATE_PAUSED, pending-state=(GstState)GST_STATE_VOID_PENDING;
05-10 10:02:53.990  4415  4415 D GStreamer+bin: 0:02:33.206765879 0xf3588600 gstbin.c:3528:gst_bin_handle_message_func:<pipeline0> [msg 0xf37f5a20] handling child forhalffps message of type state-changed
05-10 10:02:53.990  4415  4415 D GStreamer+bin: 0:02:33.206797337 0xf3588600 gstbin.c:3865:gst_bin_handle_message_func:<pipeline0> posting message upward
05-10 10:02:53.990  4415  4415 D GStreamer+GST_BUS: 0:02:33.206872806 0xf3588600 gstbus.c:309:gst_bus_post:<bus5> [msg 0xf37f5a20] posting on bus state-changed message: 0xf37f5a20, time 99:99:99.999999999, seq-num 79, element 'forhalffps', GstMessageStateChanged, old-state=(GstState)GST_STATE_READY, new-state=(GstState)GST_STATE_PAUSED, pending-state=(GstState)GST_STATE_VOID_PENDING;
05-10 10:02:53.990  4415  4415 D GStreamer+GST_BUS: 0:02:33.206907441 0xf3588600 gstbus.c:348:gst_bus_post:<bus5> [msg 0xf37f5a20] pushing on async queue
05-10 10:02:53.991  4415  4415 D GStreamer+GST_BUS: 0:02:33.206958118 0xf3588600 gstbus.c:351:gst_bus_post:<bus5> [msg 0xf37f5a20] pushed on async queue
05-10 10:02:53.991  4415  4415 D GStreamer+GST_BUS: 0:02:33.206993691 0xf3588600 gstbus.c:344:gst_bus_post:<bus4> [msg 0xf37f5a20] dropped
05-10 10:02:53.991  4415  4415 D GStreamer+GST_STATES: 0:02:33.207051608 0xf3588600 gstelement.c:2607:gst_element_set_state_func:<forhalffps> returned SUCCESS
05-10 10:02:53.991  4415  4415 I GStreamer+GST_STATES: 0:02:33.207092546 0xf3588600 gstbin.c:2764:gst_bin_change_state_func:<pipeline0> child 'forhalffps' changed state to 3(PAUSED) successfully
05-10 10:02:53.991  4415  4488 D GStreamer+GST_BUS: 0:02:33.207114941 0xf3964e00 gstbus.c:521:gst_bus_timed_pop_filtered:<bus5> got message 0xf37f5a20, state-changed from forhalffps, type mask is 4294967295
05-10 10:02:53.991  4415  4415 D GStreamer+bin: 0:02:33.207135983 0xf3588600 gstbin.c:2182:gst_bin_sort_iterator_next:<pipeline0> queue head gives queue1
05-10 10:02:53.991  4415  4415 D GStreamer+bin: 0:02:33.207194004 0xf3588600 gstbin.c:882:find_message:<pipeline0> no message found matching types 00001000
05-10 10:02:53.991  4415  4488 D GStreamer+GST_BUS: 0:02:33.207213275 0xf3964e00 gstbus.c:789:gst_bus_source_dispatch:<bus5> source 0xf3ab6910 calling dispatch with state-changed message: 0xf37f5a20, time 99:99:99.999999999, seq-num 79, element 'forhalffps', GstMessageStateChanged, old-state=(GstState)GST_STATE_READY, new-state=(GstState)GST_STATE_PAUSED, pending-state=(GstState)GST_STATE_VOID_PENDING;
05-10 10:02:53.991  4415  4415 D GStreamer+bin: 0:02:33.207234785 0xf3588600 gstbin.c:889:find_message:<pipeline0>   structure-change
05-10 10:02:53.991  4415  4488 D GStreamer+GST_BUS: 0:02:33.207263743 0xf3964e00 gstbus.c:794:gst_bus_source_dispatch:<bus5> source 0xf3ab6910 handler returns 1
05-10 10:02:53.991  4415  4415 D GStreamer+bin: 0:02:33.207287389 0xf3588600 gstbin.c:2121:update_degree:<pipeline0> element queue1 not linked on any sinkpads
05-10 10:02:53.991  4415  4415 I GStreamer+GST_STATES: 0:02:33.207325462 0xf3588600 gstbin.c:2316:gst_bin_element_set_state:<queue1> current READY pending VOID_PENDING, desired next PAUSED
05-10 10:02:53.991  4415  4415 D GStreamer+bin: 0:02:33.207358275 0xf3588600 gstbin.c:882:find_message:<pipeline0> no message found matching types 00100000
05-10 10:02:53.991  4415  4415 D GStreamer+bin: 0:02:33.207405358 0xf3588600 gstbin.c:889:find_message:<pipeline0>   async-start
05-10 10:02:53.991  4415  4415 D GStreamer+bin: 0:02:33.207442806 0xf3588600 gstbin.c:2411:gst_bin_element_set_state:<pipeline0> setting element queue1 to PAUSED, base_time 0:00:00.000000000
05-10 10:02:53.991  4415  4415 D GStreamer+GST_STATES: 0:02:33.207498431 0xf3588600 gstelement.c:2523:gst_element_set_state_func:<queue1> set_state to PAUSED
05-10 10:02:53.991  4415  4415 D GStreamer+GST_STATES: 0:02:33.207532650 0xf3588600 gstelement.c:2548:gst_element_set_state_func:<queue1> setting target state to PAUSED
05-10 10:02:53.991  4415  4415 D GStreamer+GST_STATES: 0:02:33.207568431 0xf3588600 gstelement.c:2561:gst_element_set_state_func:<queue1> current READY, old_pending VOID_PENDING, next VOID_PENDING, old return SUCCESS
05-10 10:02:53.991  4415  4415 D GStreamer+GST_STATES: 0:02:33.207616556 0xf3588600 gstelement.c:2595:gst_element_set_state_func:<queue1> final: setting state from READY to PAUSED
05-10 10:02:53.991  4415  4415 D GStreamer+GST_ELEMENT_PADS: 0:02:33.207650723 0xf3588600 gstelement.c:2793:gst_element_pads_activate:<queue1> activate pads
05-10 10:02:53.991  4415  4415 D GStreamer+GST_PADS: 0:02:33.207687077 0xf3588600 gstpad.c:1056:gst_pad_set_active:<queue1:src> activating pad from none
05-10 10:02:53.991  4415  4415 D GStreamer+GST_PADS: 0:02:33.207737650 0xf3588600 gstpad.c:972:pre_activate:<queue1:src> setting pad into push mode, unset flushing
05-10 10:02:53.991  4415  4415 D GStreamer+GST_PADS: 0:02:33.207771296 0xf3588600 gstpad.c:5938:gst_pad_start_task:<queue1:src> start task
05-10 10:02:53.991  4415  4415 D GStreamer+task: 0:02:33.207832858 0xf3588600 gsttask.c:425:gst_task_new Created task 0xf3ab88d0
05-10 10:02:53.991  4415  4415 I GStreamer+task: 0:02:33.207863743 0xf3588600 gsttask.c:451:gst_task_set_lock setting stream lock 0xf39b4c54 on task 0xf3ab88d0
05-10 10:02:53.991  4415  4415 I GStreamer+GST_PADS: 0:02:33.207896139 0xf3588600 gstpad.c:5947:gst_pad_start_task:<queue1:src> created task 0xf3ab88d0
05-10 10:02:53.992  4415  4415 D GStreamer+GST_PADS: 0:02:33.207945098 0xf3588600 gstpad.c:5864:do_stream_status:<queue1:src> doing stream-status 0
05-10 10:02:53.992  4415  4415 D GStreamer+GST_PADS: 0:02:33.207986712 0xf3588600 gstpad.c:5893:do_stream_status:<queue1:src> posting stream-status 0
05-10 10:02:53.992  4415  4415 D GStreamer+GST_BUS: 0:02:33.208077337 0xf3588600 gstbus.c:309:gst_bus_post:<bus4> [msg 0xf37f5a78] posting on bus stream-status message: 0xf37f5a78, time 99:99:99.999999999, seq-num 80, element 'src', GstMessageStreamStatus, type=(GstStreamStatusType)GST_STREAM_STATUS_TYPE_CREATE, owner=(GstElement)"\(GstQueue\)\ queue1", object=(GstTask)"\(GstTask\)\ task1";
05-10 10:02:53.992  4415  4415 D GStreamer+bin: 0:02:33.208115410 0xf3588600 gstbin.c:3528:gst_bin_handle_message_func:<pipeline0> [msg 0xf37f5a78] handling child src message of type stream-status
05-10 10:02:53.992  4415  4415 D GStreamer+bin: 0:02:33.208160618 0xf3588600 gstbin.c:3865:gst_bin_handle_message_func:<pipeline0> posting message upward
05-10 10:02:53.992  4415  4415 D GStreamer+GST_BUS: 0:02:33.208231816 0xf3588600 gstbus.c:309:gst_bus_post:<bus5> [msg 0xf37f5a78] posting on bus stream-status message: 0xf37f5a78, time 99:99:99.999999999, seq-num 80, element 'src', GstMessageStreamStatus, type=(GstStreamStatusType)GST_STREAM_STATUS_TYPE_CREATE, owner=(GstElement)"\(GstQueue\)\ queue1", object=(GstTask)"\(GstTask\)\ task1";
05-10 10:02:53.992  4415  4415 D GStreamer+GST_BUS: 0:02:33.208280150 0xf3588600 gstbus.c:348:gst_bus_post:<bus5> [msg 0xf37f5a78] pushing on async queue
05-10 10:02:53.992  4415  4415 D GStreamer+GST_BUS: 0:02:33.208316712 0xf3588600 gstbus.c:351:gst_bus_post:<bus5> [msg 0xf37f5a78] pushed on async queue
05-10 10:02:53.992  4415  4415 D GStreamer+GST_BUS: 0:02:33.208365566 0xf3588600 gstbus.c:344:gst_bus_post:<bus4> [msg 0xf37f5a78] dropped
05-10 10:02:53.992  4415  4488 D GStreamer+GST_BUS: 0:02:33.208392493 0xf3964e00 gstbus.c:521:gst_bus_timed_pop_filtered:<bus5> got message 0xf37f5a78, stream-status from src, type mask is 4294967295
05-10 10:02:53.992  4415  4415 D GStreamer+task: 0:02:33.208415827 0xf3588600 gsttask.c:682:gst_task_set_state:<task1> Changing task 0xf3ab88d0 to state 0
05-10 10:02:53.992  4415  4488 D GStreamer+GST_BUS: 0:02:33.208489525 0xf3964e00 gstbus.c:789:gst_bus_source_dispatch:<bus5> source 0xf3ab6910 calling dispatch with stream-status message: 0xf37f5a78, time 99:99:99.999999999, seq-num 80, element 'src', GstMessageStreamStatus, type=(GstStreamStatusType)GST_STREAM_STATUS_TYPE_CREATE, owner=(GstElement)"\(GstQueue\)\ queue1", object=(GstTask)"\(GstTask\)\ task1";
05-10 10:02:53.992  4415  4415 D GStreamer+GST_PADS: 0:02:33.208519004 0xf3588600 gstpad.c:1198:gst_pad_activate_mode:<queue1:src> activated in push mode
05-10 10:02:53.992  4415  4499 D GStreamer+task: 0:02:33.208566556 0xf37ece60 gsttask.c:287:gst_task_func Entering task 0xf3ab88d0, thread 0xf37ece60
05-10 10:02:53.992  4415  4488 D GStreamer+GST_BUS: 0:02:33.208546660 0xf3964e00 gstbus.c:794:gst_bus_source_dispatch:<bus5> source 0xf3ab6910 handler returns 1
05-10 10:02:53.992  4415  4415 D GStreamer+GST_PADS: 0:02:33.208616296 0xf3588600 gstpad.c:1056:gst_pad_set_active:<queue1:sink> activating pad from none
05-10 10:02:53.992  4415  4499 D GStreamer+GST_PADS: 0:02:33.208645879 0xf37ece60 gstpad.c:5864:do_stream_status:<queue1:src> doing stream-status 1
05-10 10:02:53.992  4415  4415 D GStreamer+GST_PADS: 0:02:33.208654941 0xf3588600 gstpad.c:972:pre_activate:<queue1:sink> setting pad into push mode, unset flushing
05-10 10:02:53.992  4415  4415 D GStreamer+GST_PADS: 0:02:33.208716764 0xf3588600 gstpad.c:1198:gst_pad_activate_mode:<queue1:sink> activated in push mode
05-10 10:02:53.992  4415  4499 D GStreamer+GST_PADS: 0:02:33.208753223 0xf37ece60 gstpad.c:5893:do_stream_status:<queue1:src> posting stream-status 1
05-10 10:02:53.992  4415  4415 D GStreamer+GST_ELEMENT_PADS: 0:02:33.208763587 0xf3588600 gstelement.c:2812:gst_element_pads_activate:<queue1> pad activation successful
05-10 10:02:53.992  4415  4415 D GStreamer+GST_STATES: 0:02:33.208813327 0xf3588600 gstelement.c:2684:gst_element_change_state:<queue1> element changed state SUCCESS
05-10 10:02:53.992  4415  4415 I GStreamer+GST_STATES: 0:02:33.208855306 0xf3588600 gstelement.c:2372:gst_element_continue_state:<queue1> completed state change to PAUSED
05-10 10:02:53.992  4415  4499 D GStreamer+GST_BUS: 0:02:33.208870514 0xf37ece60 gstbus.c:309:gst_bus_post:<bus4> [msg 0xf3ab8570] posting on bus stream-status message: 0xf3ab8570, time 99:99:99.999999999, seq-num 81, element 'src', GstMessageStreamStatus, type=(GstStreamStatusType)GST_STREAM_STATUS_TYPE_ENTER, owner=(GstElement)"\(GstQueue\)\ queue1", object=(GstTask)"\(GstTask\)\ queue1:src";
05-10 10:02:53.992  4415  4415 I GStreamer+GST_STATES: 0:02:33.208897233 0xf3588600 gstelement.c:2277:_priv_gst_element_state_changed:<queue1> notifying about state-changed READY to PAUSED (VOID_PENDING pending)
05-10 10:02:53.993  4415  4499 D GStreamer+bin: 0:02:33.208936035 0xf37ece60 gstbin.c:3528:gst_bin_handle_message_func:<pipeline0> [msg 0xf3ab8570] handling child src message of type stream-status
05-10 10:02:53.993  4415  4415 D GStreamer+GST_BUS: 0:02:33.208994837 0xf3588600 gstbus.c:309:gst_bus_post:<bus4> [msg 0xf37f5ad0] posting on bus state-changed message: 0xf37f5ad0, time 99:99:99.999999999, seq-num 82, element 'queue1', GstMessageStateChanged, old-state=(GstState)GST_STATE_READY, new-state=(GstState)GST_STATE_PAUSED, pending-state=(GstState)GST_STATE_VOID_PENDING;
05-10 10:02:53.993  4415  4499 D GStreamer+bin: 0:02:33.209010775 0xf37ece60 gstbin.c:3865:gst_bin_handle_message_func:<pipeline0> posting message upward
05-10 10:02:53.993  4415  4415 D GStreamer+bin: 0:02:33.209057962 0xf3588600 gstbin.c:3528:gst_bin_handle_message_func:<pipeline0> [msg 0xf37f5ad0] handling child queue1 message of type state-changed
05-10 10:02:53.993  4415  4415 D GStreamer+bin: 0:02:33.209097233 0xf3588600 gstbin.c:3865:gst_bin_handle_message_func:<pipeline0> posting message upward
05-10 10:02:53.993  4415  4499 D GStreamer+GST_BUS: 0:02:33.209118639 0xf37ece60 gstbus.c:309:gst_bus_post:<bus5> [msg 0xf3ab8570] posting on bus stream-status message: 0xf3ab8570, time 99:99:99.999999999, seq-num 81, element 'src', GstMessageStreamStatus, type=(GstStreamStatusType)GST_STREAM_STATUS_TYPE_ENTER, owner=(GstElement)"\(GstQueue\)\ queue1", object=(GstTask)"\(GstTask\)\ queue1:src";
05-10 10:02:53.993  4415  4499 D GStreamer+GST_BUS: 0:02:33.209165098 0xf37ece60 gstbus.c:348:gst_bus_post:<bus5> [msg 0xf3ab8570] pushing on async queue
05-10 10:02:53.993  4415  4415 D GStreamer+GST_BUS: 0:02:33.209183952 0xf3588600 gstbus.c:309:gst_bus_post:<bus5> [msg 0xf37f5ad0] posting on bus state-changed message: 0xf37f5ad0, time 99:99:99.999999999, seq-num 82, element 'queue1', GstMessageStateChanged, old-state=(GstState)GST_STATE_READY, new-state=(GstState)GST_STATE_PAUSED, pending-state=(GstState)GST_STATE_VOID_PENDING;
05-10 10:02:53.993  4415  4415 D GStreamer+GST_BUS: 0:02:33.209240306 0xf3588600 gstbus.c:348:gst_bus_post:<bus5> [msg 0xf37f5ad0] pushing on async queue
05-10 10:02:53.993  4415  4499 D GStreamer+GST_BUS: 0:02:33.209244577 0xf37ece60 gstbus.c:351:gst_bus_post:<bus5> [msg 0xf3ab8570] pushed on async queue
05-10 10:02:53.993  4415  4488 D GStreamer+GST_BUS: 0:02:33.209309004 0xf3964e00 gstbus.c:521:gst_bus_timed_pop_filtered:<bus5> got message 0xf3ab8570, stream-status from src, type mask is 4294967295
05-10 10:02:53.993  4415  4499 D GStreamer+GST_BUS: 0:02:33.209341712 0xf37ece60 gstbus.c:344:gst_bus_post:<bus4> [msg 0xf3ab8570] dropped
05-10 10:02:53.993  4415  4415 D GStreamer+GST_BUS: 0:02:33.209326191 0xf3588600 gstbus.c:351:gst_bus_post:<bus5> [msg 0xf37f5ad0] pushed on async queue
05-10 10:02:53.993  4415  4415 D GStreamer+GST_BUS: 0:02:33.209397650 0xf3588600 gstbus.c:344:gst_bus_post:<bus4> [msg 0xf37f5ad0] dropped
05-10 10:02:53.993  4415  4488 D GStreamer+GST_BUS: 0:02:33.209414629 0xf3964e00 gstbus.c:789:gst_bus_source_dispatch:<bus5> source 0xf3ab6910 calling dispatch with stream-status message: 0xf3ab8570, time 99:99:99.999999999, seq-num 81, element 'src', GstMessageStreamStatus, type=(GstStreamStatusType)GST_STREAM_STATUS_TYPE_ENTER, owner=(GstElement)"\(GstQueue\)\ queue1", object=(GstTask)"\(GstTask\)\ queue1:src";
05-10 10:02:53.993  4415  4499 D GStreamer+task: 0:02:33.209448796 0xf37ece60 gsttask.c:249:gst_task_configure_name:<queue1:src> Setting thread name to 'queue1:src'
05-10 10:02:53.993  4415  4415 D GStreamer+GST_STATES: 0:02:33.209440931 0xf3588600 gstelement.c:2607:gst_element_set_state_func:<queue1> returned SUCCESS
05-10 10:02:53.993  4415  4488 D GStreamer+GST_BUS: 0:02:33.209472962 0xf3964e00 gstbus.c:794:gst_bus_source_dispatch:<bus5> source 0xf3ab6910 handler returns 1
05-10 10:02:53.993  4415  4415 I GStreamer+GST_STATES: 0:02:33.209515931 0xf3588600 gstbin.c:2764:gst_bin_change_state_func:<pipeline0> child 'queue1' changed state to 3(PAUSED) successfully
05-10 10:02:53.993  4415  4499 D GStreamer+queue_dataflow: 0:02:33.209531243 0xf37ece60 gstqueue.c:1464:gst_queue_loop:<queue1> queue is empty
05-10 10:02:53.993  4415  4488 D GStreamer+GST_BUS: 0:02:33.209543327 0xf3964e00 gstbus.c:521:gst_bus_timed_pop_filtered:<bus5> got message 0xf37f5ad0, state-changed from queue1, type mask is 4294967295
05-10 10:02:53.993  4415  4415 D GStreamer+bin: 0:02:33.209582285 0xf3588600 gstbin.c:2167:gst_bin_sort_iterator_next:<pipeline0> queue empty, next best: decodebin1
05-10 10:02:53.993  4415  4488 D GStreamer+GST_BUS: 0:02:33.209619733 0xf3964e00 gstbus.c:789:gst_bus_source_dispatch:<bus5> source 0xf3ab6910 calling dispatch with state-changed message: 0xf37f5ad0, time 99:99:99.999999999, seq-num 82, element 'queue1', GstMessageStateChanged, old-state=(GstState)GST_STATE_READY, new-state=(GstState)GST_STATE_PAUSED, pending-state=(GstState)GST_STATE_VOID_PENDING;
05-10 10:02:53.993  4415  4415 D GStreamer+bin: 0:02:33.209635566 0xf3588600 gstbin.c:2182:gst_bin_sort_iterator_next:<pipeline0> queue head gives decodebin1
05-10 10:02:53.993  4415  4488 D GStreamer+GST_BUS: 0:02:33.209663743 0xf3964e00 gstbus.c:794:gst_bus_source_dispatch:<bus5> source 0xf3ab6910 handler returns 1
05-10 10:02:53.993  4415  4415 D GStreamer+bin: 0:02:33.209685723 0xf3588600 gstbin.c:882:find_message:<pipeline0> no message found matching types 00001000
05-10 10:02:53.993  4415  4415 D GStreamer+bin: 0:02:33.209719837 0xf3588600 gstbin.c:889:find_message:<pipeline0>   structure-change
05-10 10:02:53.993  4415  4415 D GStreamer+bin: 0:02:33.209758691 0xf3588600 gstbin.c:2098:update_degree:<pipeline0> change element queue2, degree 1->0, linked to decodebin1
05-10 10:02:53.993  4415  4415 D GStreamer+bin: 0:02:33.209805514 0xf3588600 gstbin.c:1981:add_to_queue:<pipeline0> adding 'queue2' to queue
05-10 10:02:53.993  4415  4415 I GStreamer+GST_STATES: 0:02:33.209845150 0xf3588600 gstbin.c:2316:gst_bin_element_set_state:<decodebin1> current READY pending VOID_PENDING, desired next PAUSED
05-10 10:02:53.993  4415  4415 D GStreamer+bin: 0:02:33.209878327 0xf3588600 gstbin.c:882:find_message:<pipeline0> no message found matching types 00100000
05-10 10:02:53.993  4415  4415 D GStreamer+bin: 0:02:33.209925514 0xf3588600 gstbin.c:889:find_message:<pipeline0>   async-start
05-10 10:02:53.994  4415  4415 D GStreamer+bin: 0:02:33.209965410 0xf3588600 gstbin.c:2411:gst_bin_element_set_state:<pipeline0> setting element decodebin1 to PAUSED, base_time 0:00:00.000000000
05-10 10:02:53.994  4415  4415 D GStreamer+GST_STATES: 0:02:33.210012129 0xf3588600 gstelement.c:2523:gst_element_set_state_func:<decodebin1> set_state to PAUSED
05-10 10:02:53.994  4415  4415 D GStreamer+GST_STATES: 0:02:33.210046868 0xf3588600 gstelement.c:2548:gst_element_set_state_func:<decodebin1> setting target state to PAUSED
05-10 10:02:53.994  4415  4415 D GStreamer+GST_STATES: 0:02:33.210083691 0xf3588600 gstelement.c:2561:gst_element_set_state_func:<decodebin1> current READY, old_pending VOID_PENDING, next VOID_PENDING, old return SUCCESS
05-10 10:02:53.994  4415  4415 D GStreamer+GST_STATES: 0:02:33.210134004 0xf3588600 gstelement.c:2595:gst_element_set_state_func:<decodebin1> final: setting state from READY to PAUSED
05-10 10:02:53.994  4415  4415 D GStreamer+bin: 0:02:33.210177285 0xf3588600 gstbin.c:3528:gst_bin_handle_message_func:<decodebin1> [msg 0xf37f5b28] handling child decodebin1 message of type async-start
05-10 10:02:53.994  4415  4415 D GStreamer+bin: 0:02:33.210225566 0xf3588600 gstbin.c:3718:gst_bin_handle_message_func:<decodebin1> ASYNC_START message 0xf37f5b28, decodebin1
05-10 10:02:53.994  4415  4415 D GStreamer+bin: 0:02:33.210262233 0xf3588600 gstbin.c:882:find_message:<decodebin1> no message found matching types 00100000
05-10 10:02:53.994  4415  4415 D GStreamer+bin: 0:02:33.210294056 0xf3588600 gstbin.c:889:find_message:<decodebin1>   async-start
05-10 10:02:53.994  4415  4415 D GStreamer+bin: 0:02:33.210343275 0xf3588600 gstbin.c:929:bin_replace_message:<decodebin1> got new message 0xf37f5b28, async-start from decodebin1
05-10 10:02:53.994  4415  4415 D GStreamer+GST_STATES: 0:02:33.210379004 0xf3588600 gstbin.c:3181:bin_handle_async_start:<decodebin1> state change busy
05-10 10:02:53.994  4415  4415 D GStreamer+bin: 0:02:33.210410775 0xf3588600 gstbin.c:3167:bin_handle_async_start:<decodebin1> posting ASYNC_START to parent
05-10 10:02:53.994  4415  4415 D GStreamer+GST_BUS: 0:02:33.210485306 0xf3588600 gstbus.c:309:gst_bus_post:<bus4> [msg 0xf37f5b80] posting on bus async-start message: 0xf37f5b80, time 99:99:99.999999999, seq-num 84, element 'decodebin1', (NULL)
05-10 10:02:53.994  4415  4415 D GStreamer+bin: 0:02:33.210524264 0xf3588600 gstbin.c:3528:gst_bin_handle_message_func:<pipeline0> [msg 0xf37f5b80] handling child decodebin1 message of type async-start
05-10 10:02:53.994  4415  4415 D GStreamer+bin: 0:02:33.210573066 0xf3588600 gstbin.c:3718:gst_bin_handle_message_func:<pipeline0> ASYNC_START message 0xf37f5b80, decodebin1
05-10 10:02:53.994  4415  4415 D GStreamer+bin: 0:02:33.210605723 0xf3588600 gstbin.c:882:find_message:<pipeline0> no message found matching types 00100000
05-10 10:02:53.994  4415  4415 D GStreamer+bin: 0:02:33.210635931 0xf3588600 gstbin.c:889:find_message:<pipeline0>   async-start
05-10 10:02:53.994  4415  4415 D GStreamer+bin: 0:02:33.210685566 0xf3588600 gstbin.c:929:bin_replace_message:<pipeline0> got new message 0xf37f5b80, async-start from decodebin1
05-10 10:02:53.994  4415  4415 D GStreamer+GST_STATES: 0:02:33.210716660 0xf3588600 gstbin.c:3181:bin_handle_async_start:<pipeline0> state change busy
05-10 10:02:53.994  4415  4415 D GStreamer+GST_BUS: 0:02:33.210748952 0xf3588600 gstbus.c:344:gst_bus_post:<bus4> [msg 0xf37f5b80] dropped
05-10 10:02:53.994  4415  4415 D GStreamer+GST_STATES: 0:02:33.210812285 0xf3588600 gstbin.c:2664:gst_bin_change_state_func:<decodebin1> changing state of children from READY to PAUSED
05-10 10:02:53.994  4415  4415 D GStreamer+bin: 0:02:33.210844889 0xf3588600 gstbin.c:2688:gst_bin_change_state_func:<decodebin1> clearing EOS elements
05-10 10:02:53.994  4415  4415 D GStreamer+bin: 0:02:33.210894733 0xf3588600 gstbin.c:963:bin_remove_messages:<decodebin1> not deleting message 0xf37f5b28 of type 0x00100000
05-10 10:02:53.994  4415  4415 D GStreamer+bin: 0:02:33.210929941 0xf3588600 gstbin.c:963:bin_remove_messages:<decodebin1> not deleting message 0xf37f5b28 of type 0x00100000
05-10 10:02:53.995  4415  4415 D GStreamer+bin: 0:02:33.210963431 0xf3588600 gstbin.c:2509:gst_bin_src_pads_activate:<decodebin1> activate pads
05-10 10:02:53.995  4415  4415 D GStreamer+bin: 0:02:33.211013483 0xf3588600 gstbin.c:2517:gst_bin_src_pads_activate:<decodebin1> pad activation successful
05-10 10:02:53.995  4415  4415 D GStreamer+bin: 0:02:33.211047962 0xf3588600 gstbin.c:2195:gst_bin_sort_iterator_resync:<decodebin1> resync
05-10 10:02:53.995  4415  4415 D GStreamer+bin: 0:02:33.211082285 0xf3588600 gstbin.c:882:find_message:<decodebin1> no message found matching types 00001000
05-10 10:02:53.995  4415  4415 D GStreamer+bin: 0:02:33.211131348 0xf3588600 gstbin.c:889:find_message:<decodebin1>   structure-change
05-10 10:02:53.995  4415  4415 D GStreamer+bin: 0:02:33.211167598 0xf3588600 gstbin.c:2121:update_degree:<decodebin1> element typefind not linked on any sinkpads
05-10 10:02:53.995  4415  4415 D GStreamer+bin: 0:02:33.211218379 0xf3588600 gstbin.c:2167:gst_bin_sort_iterator_next:<decodebin1> queue empty, next best: typefind
05-10 10:02:53.995  4415  4415 D GStreamer+bin: 0:02:33.211254316 0xf3588600 gstbin.c:2182:gst_bin_sort_iterator_next:<decodebin1> queue head gives typefind
05-10 10:02:53.995  4415  4415 D GStreamer+bin: 0:02:33.211287806 0xf3588600 gstbin.c:882:find_message:<decodebin1> no message found matching types 00001000
05-10 10:02:53.995  4415  4415 D GStreamer+bin: 0:02:33.211334368 0xf3588600 gstbin.c:889:find_message:<decodebin1>   structure-change
05-10 10:02:53.995  4415  4415 D GStreamer+bin: 0:02:33.211368483 0xf3588600 gstbin.c:2121:update_degree:<decodebin1> element typefind not linked on any sinkpads
05-10 10:02:53.995  4415  4415 I GStreamer+GST_STATES: 0:02:33.211405618 0xf3588600 gstbin.c:2316:gst_bin_element_set_state:<typefind> current READY pending VOID_PENDING, desired next PAUSED
05-10 10:02:53.995  4415  4415 D GStreamer+bin: 0:02:33.211453431 0xf3588600 gstbin.c:882:find_message:<decodebin1> no message found matching types 00100000
05-10 10:02:53.995  4415  4415 D GStreamer+bin: 0:02:33.211505254 0xf3588600 gstbin.c:889:find_message:<decodebin1>   async-start
05-10 10:02:53.995  4415  4415 D GStreamer+bin: 0:02:33.211546400 0xf3588600 gstbin.c:2411:gst_bin_element_set_state:<decodebin1> setting element typefind to PAUSED, base_time 0:00:00.000000000
05-10 10:02:53.995  4415  4415 D GStreamer+GST_STATES: 0:02:33.211580254 0xf3588600 gstelement.c:2523:gst_element_set_state_func:<typefind> set_state to PAUSED
05-10 10:02:53.995  4415  4415 D GStreamer+GST_STATES: 0:02:33.211627598 0xf3588600 gstelement.c:2548:gst_element_set_state_func:<typefind> setting target state to PAUSED
05-10 10:02:53.995  4415  4415 D GStreamer+GST_STATES: 0:02:33.211664316 0xf3588600 gstelement.c:2561:gst_element_set_state_func:<typefind> current READY, old_pending VOID_PENDING, next VOID_PENDING, old return SUCCESS
05-10 10:02:53.995  4415  4415 D GStreamer+GST_STATES: 0:02:33.211711087 0xf3588600 gstelement.c:2595:gst_element_set_state_func:<typefind> final: setting state from READY to PAUSED
05-10 10:02:53.995  4415  4415 D GStreamer+GST_ELEMENT_PADS: 0:02:33.211747702 0xf3588600 gstelement.c:2793:gst_element_pads_activate:<typefind> activate pads
05-10 10:02:53.995  4415  4415 D GStreamer+GST_PADS: 0:02:33.211784473 0xf3588600 gstpad.c:1056:gst_pad_set_active:<typefind:src> activating pad from none
05-10 10:02:53.995  4415  4415 D GStreamer+GST_PADS: 0:02:33.211835827 0xf3588600 gstpad.c:972:pre_activate:<typefind:src> setting pad into push mode, unset flushing
05-10 10:02:53.995  4415  4415 D GStreamer+GST_PADS: 0:02:33.211873691 0xf3588600 gstpad.c:1198:gst_pad_activate_mode:<typefind:src> activated in push mode
05-10 10:02:53.995  4415  4415 D GStreamer+GST_PADS: 0:02:33.211911191 0xf3588600 gstpad.c:1056:gst_pad_set_active:<typefind:sink> activating pad from none
05-10 10:02:53.996  4415  4415 D GStreamer+query: 0:02:33.211964577 0xf3588600 gstquery.c:674:gst_query_new_custom creating new query 0xf37ece90 scheduling
05-10 10:02:53.996  4415  4415 D GStreamer+GST_PADS: 0:02:33.211999473 0xf3588600 gstpad.c:4009:gst_pad_peer_query:<typefind:sink> peer query 0xf37ece90 (scheduling)
05-10 10:02:53.996  4415  4415 D GStreamer+GST_PADS: 0:02:33.212052181 0xf3588600 gstpad.c:3882:gst_pad_query:<sink:proxypad2> doing query 0xf37ece90 (scheduling)
05-10 10:02:53.996  4415  4415 D GStreamer+GST_PADS: 0:02:33.212092598 0xf3588600 gstpad.c:3339:gst_pad_query_default:<sink:proxypad2> forwarding 0xf37ece90 (scheduling) query
05-10 10:02:53.996  4415  4415 D GStreamer+GST_PADS: 0:02:33.212134212 0xf3588600 gstpad.c:4009:gst_pad_peer_query:<decodebin1:sink> peer query 0xf37ece90 (scheduling)
05-10 10:02:53.996  4415  4415 D GStreamer+GST_PADS: 0:02:33.212187025 0xf3588600 gstpad.c:3882:gst_pad_query:<queue2:src> doing query 0xf37ece90 (scheduling)
05-10 10:02:53.996  4415  4415 D GStreamer+GST_PADS: 0:02:33.212245671 0xf3588600 gstpad.c:3905:gst_pad_query:<queue2:src> sent query 0xf37ece90 (scheduling), result 1
05-10 10:02:53.996  4415  4415 D GStreamer+GST_PADS: 0:02:33.212303796 0xf3588600 gstpad.c:3905:gst_pad_query:<sink:proxypad2> sent query 0xf37ece90 (scheduling), result 1
05-10 10:02:53.996  4415  4415 D GStreamer+GST_PADS: 0:02:33.212346087 0xf3588600 gstpad.c:972:pre_activate:<typefind:sink> setting pad into push mode, unset flushing
05-10 10:02:53.996  4415  4415 D GStreamer+GST_PADS: 0:02:33.212398639 0xf3588600 gstpad.c:984:pre_activate:<typefind:sink> reschedule events on peer sink:proxypad2
05-10 10:02:53.996  4415  4415 D GStreamer+typefind: 0:02:33.212433171 0xf3588600 gsttypefindelement.c:525:start_typefinding:<typefind> starting typefinding
05-10 10:02:53.996  4415  4415 D GStreamer+GST_PADS: 0:02:33.212489421 0xf3588600 gstpad.c:1198:gst_pad_activate_mode:<typefind:sink> activated in push mode
05-10 10:02:53.996  4415  4415 D GStreamer+GST_ELEMENT_PADS: 0:02:33.212527962 0xf3588600 gstelement.c:2812:gst_element_pads_activate:<typefind> pad activation successful
05-10 10:02:53.996  4415  4415 D GStreamer+GST_STATES: 0:02:33.212560202 0xf3588600 gstelement.c:2684:gst_element_change_state:<typefind> element changed state SUCCESS
05-10 10:02:53.996  4415  4415 I GStreamer+GST_STATES: 0:02:33.212607181 0xf3588600 gstelement.c:2372:gst_element_continue_state:<typefind> completed state change to PAUSED
05-10 10:02:53.996  4415  4415 I GStreamer+GST_STATES: 0:02:33.212643796 0xf3588600 gstelement.c:2277:_priv_gst_element_state_changed:<typefind> notifying about state-changed READY to PAUSED (VOID_PENDING pending)
05-10 10:02:53.996  4415  4415 D GStreamer+GST_BUS: 0:02:33.212728327 0xf3588600 gstbus.c:309:gst_bus_post:<bus2> [msg 0xf37f5c18] posting on bus state-changed message: 0xf37f5c18, time 99:99:99.999999999, seq-num 85, element 'typefind', GstMessageStateChanged, old-state=(GstState)GST_STATE_READY, new-state=(GstState)GST_STATE_PAUSED, pending-state=(GstState)GST_STATE_VOID_PENDING;
05-10 10:02:53.996  4415  4415 D GStreamer+bin: 0:02:33.212767806 0xf3588600 gstbin.c:3528:gst_bin_handle_message_func:<decodebin1> [msg 0xf37f5c18] handling child typefind message of type state-changed
05-10 10:02:53.996  4415  4415 D GStreamer+bin: 0:02:33.212813431 0xf3588600 gstbin.c:3865:gst_bin_handle_message_func:<decodebin1> posting message upward
05-10 10:02:53.996  4415  4415 D GStreamer+GST_BUS: 0:02:33.212874681 0xf3588600 gstbus.c:309:gst_bus_post:<bus4> [msg 0xf37f5c18] posting on bus state-changed message: 0xf37f5c18, time 99:99:99.999999999, seq-num 85, element 'typefind', GstMessageStateChanged, old-state=(GstState)GST_STATE_READY, new-state=(GstState)GST_STATE_PAUSED, pending-state=(GstState)GST_STATE_VOID_PENDING;
05-10 10:02:53.996  4415  4415 D GStreamer+bin: 0:02:33.212924889 0xf3588600 gstbin.c:3528:gst_bin_handle_message_func:<pipeline0> [msg 0xf37f5c18] handling child typefind message of type state-changed
05-10 10:02:53.997  4415  4415 D GStreamer+bin: 0:02:33.212957702 0xf3588600 gstbin.c:3865:gst_bin_handle_message_func:<pipeline0> posting message upward
05-10 10:02:53.997  4415  4415 D GStreamer+GST_BUS: 0:02:33.213031191 0xf3588600 gstbus.c:309:gst_bus_post:<bus5> [msg 0xf37f5c18] posting on bus state-changed message: 0xf37f5c18, time 99:99:99.999999999, seq-num 85, element 'typefind', GstMessageStateChanged, old-state=(GstState)GST_STATE_READY, new-state=(GstState)GST_STATE_PAUSED, pending-state=(GstState)GST_STATE_VOID_PENDING;
05-10 10:02:53.997  4415  4415 D GStreamer+GST_BUS: 0:02:33.213066243 0xf3588600 gstbus.c:348:gst_bus_post:<bus5> [msg 0xf37f5c18] pushing on async queue
05-10 10:02:53.997  4415  4415 D GStreamer+GST_BUS: 0:02:33.213103587 0xf3588600 gstbus.c:351:gst_bus_post:<bus5> [msg 0xf37f5c18] pushed on async queue
05-10 10:02:53.997  4415  4415 D GStreamer+GST_BUS: 0:02:33.213157181 0xf3588600 gstbus.c:344:gst_bus_post:<bus4> [msg 0xf37f5c18] dropped
05-10 10:02:53.997  4415  4488 D GStreamer+GST_BUS: 0:02:33.213188900 0xf3964e00 gstbus.c:521:gst_bus_timed_pop_filtered:<bus5> got message 0xf37f5c18, state-changed from typefind, type mask is 4294967295
05-10 10:02:53.997  4415  4415 D GStreamer+GST_BUS: 0:02:33.213209941 0xf3588600 gstbus.c:344:gst_bus_post:<bus2> [msg 0xf37f5c18] dropped
05-10 10:02:53.997  4415  4415 D GStreamer+GST_STATES: 0:02:33.213262181 0xf3588600 gstelement.c:2607:gst_element_set_state_func:<typefind> returned SUCCESS
05-10 10:02:53.997  4415  4488 D GStreamer+GST_BUS: 0:02:33.213305410 0xf3964e00 gstbus.c:789:gst_bus_source_dispatch:<bus5> source 0xf3ab6910 calling dispatch with state-changed message: 0xf37f5c18, time 99:99:99.999999999, seq-num 85, element 'typefind', GstMessageStateChanged, old-state=(GstState)GST_STATE_READY, new-state=(GstState)GST_STATE_PAUSED, pending-state=(GstState)GST_STATE_VOID_PENDING;
05-10 10:02:53.997  4415  4415 I GStreamer+GST_STATES: 0:02:33.213321868 0xf3588600 gstbin.c:2764:gst_bin_change_state_func:<decodebin1> child 'typefind' changed state to 3(PAUSED) successfully
05-10 10:02:53.997  4415  4488 D GStreamer+GST_BUS: 0:02:33.213351139 0xf3964e00 gstbus.c:794:gst_bus_source_dispatch:<bus5> source 0xf3ab6910 handler returns 1
05-10 10:02:53.997  4415  4415 D GStreamer+bin: 0:02:33.213376139 0xf3588600 gstbin.c:2171:gst_bin_sort_iterator_next:<decodebin1> queue empty, elements exhausted
05-10 10:02:53.997  4415  4415 D GStreamer+GST_STATES: 0:02:33.213408743 0xf3588600 gstbin.c:2823:gst_bin_change_state_func:<decodebin1> iterator done
05-10 10:02:53.997  4415  4415 D GStreamer+GST_ELEMENT_PADS: 0:02:33.213441973 0xf3588600 gstelement.c:2793:gst_element_pads_activate:<decodebin1> activate pads
05-10 10:02:53.997  4415  4415 D GStreamer+GST_PADS: 0:02:33.213524004 0xf3588600 gstpad.c:1062:gst_pad_set_active:<decodebin1:sink> pad was active in push mode
05-10 10:02:53.997  4415  4415 D GStreamer+GST_ELEMENT_PADS: 0:02:33.213561608 0xf3588600 gstelement.c:2812:gst_element_pads_activate:<decodebin1> pad activation successful
05-10 10:02:53.997  4415  4415 D GStreamer+bin: 0:02:33.213610983 0xf3588600 gstbin.c:2213:gst_bin_sort_iterator_free:<decodebin1> free
05-10 10:02:53.997  4415  4415 D GStreamer+bin: 0:02:33.213644421 0xf3588600 gstbin.c:2858:gst_bin_change_state_func:<decodebin1> no async elements
05-10 10:02:53.997  4415  4415 D GStreamer+GST_STATES: 0:02:33.213695046 0xf3588600 gstbin.c:2892:gst_bin_change_state_func:<decodebin1> done changing bin's state from READY to PAUSED, now in READY, ret SUCCESS
05-10 10:02:53.997  4415  4415 D GStreamer+GST_STATES: 0:02:33.213728431 0xf3588600 gstelement.c:2666:gst_element_change_state:<decodebin1> element will change state ASYNC
05-10 10:02:53.997  4415  4415 D GStreamer+GST_STATES: 0:02:33.213761921 0xf3588600 gstelement.c:2607:gst_element_set_state_func:<decodebin1> returned ASYNC
05-10 10:02:53.997  4415  4415 I GStreamer+GST_STATES: 0:02:33.213810671 0xf3588600 gstbin.c:2770:gst_bin_change_state_func:<pipeline0> child 'decodebin1' is changing state asynchronously to PAUSED
05-10 10:02:53.997  4415  4415 D GStreamer+bin: 0:02:33.213846139 0xf3588600 gstbin.c:2182:gst_bin_sort_iterator_next:<pipeline0> queue head gives queue2
05-10 10:02:53.997  4415  4415 D GStreamer+bin: 0:02:33.213879212 0xf3588600 gstbin.c:882:find_message:<pipeline0> no message found matching types 00001000
05-10 10:02:53.997  4415  4415 D GStreamer+bin: 0:02:33.213925618 0xf3588600 gstbin.c:889:find_message:<pipeline0>   structure-change
05-10 10:02:53.998  4415  4415 D GStreamer+bin: 0:02:33.213959056 0xf3588600 gstbin.c:2121:update_degree:<pipeline0> element queue2 not linked on any sinkpads
05-10 10:02:53.998  4415  4415 I GStreamer+GST_STATES: 0:02:33.213996712 0xf3588600 gstbin.c:2316:gst_bin_element_set_state:<queue2> current READY pending VOID_PENDING, desired next PAUSED
05-10 10:02:53.998  4415  4415 D GStreamer+bin: 0:02:33.214044837 0xf3588600 gstbin.c:882:find_message:<pipeline0> no message found matching types 00100000
05-10 10:02:53.998  4415  4415 D GStreamer+bin: 0:02:33.214077233 0xf3588600 gstbin.c:889:find_message:<pipeline0>   async-start
05-10 10:02:53.998  4415  4415 D GStreamer+bin: 0:02:33.214128066 0xf3588600 gstbin.c:2411:gst_bin_element_set_state:<pipeline0> setting element queue2 to PAUSED, base_time 0:00:00.000000000
05-10 10:02:53.998  4415  4415 D GStreamer+GST_STATES: 0:02:33.214161868 0xf3588600 gstelement.c:2523:gst_element_set_state_func:<queue2> set_state to PAUSED
05-10 10:02:53.998  4415  4415 D GStreamer+GST_STATES: 0:02:33.214194629 0xf3588600 gstelement.c:2548:gst_element_set_state_func:<queue2> setting target state to PAUSED
05-10 10:02:53.998  4415  4415 D GStreamer+GST_STATES: 0:02:33.214244368 0xf3588600 gstelement.c:2561:gst_element_set_state_func:<queue2> current READY, old_pending VOID_PENDING, next VOID_PENDING, old return SUCCESS
05-10 10:02:53.998  4415  4415 D GStreamer+GST_STATES: 0:02:33.214280358 0xf3588600 gstelement.c:2595:gst_element_set_state_func:<queue2> final: setting state from READY to PAUSED
05-10 10:02:53.998  4415  4415 D GStreamer+GST_ELEMENT_PADS: 0:02:33.214314889 0xf3588600 gstelement.c:2793:gst_element_pads_activate:<queue2> activate pads
05-10 10:02:53.998  4415  4415 D GStreamer+GST_PADS: 0:02:33.214365150 0xf3588600 gstpad.c:1056:gst_pad_set_active:<queue2:src> activating pad from none
05-10 10:02:53.998  4415  4415 D GStreamer+GST_PADS: 0:02:33.214401816 0xf3588600 gstpad.c:972:pre_activate:<queue2:src> setting pad into push mode, unset flushing
05-10 10:02:53.998  4415  4415 D GStreamer+GST_PADS: 0:02:33.214448743 0xf3588600 gstpad.c:5938:gst_pad_start_task:<queue2:src> start task
05-10 10:02:53.998  4415  4415 D GStreamer+task: 0:02:33.214508535 0xf3588600 gsttask.c:425:gst_task_new Created task 0xf3ab8978
05-10 10:02:53.998  4415  4415 I GStreamer+task: 0:02:33.214539681 0xf3588600 gsttask.c:451:gst_task_set_lock setting stream lock 0xf39d6b04 on task 0xf3ab8978
05-10 10:02:53.998  4415  4415 I GStreamer+GST_PADS: 0:02:33.214587806 0xf3588600 gstpad.c:5947:gst_pad_start_task:<queue2:src> created task 0xf3ab8978
05-10 10:02:53.998  4415  4415 D GStreamer+GST_PADS: 0:02:33.214624316 0xf3588600 gstpad.c:5864:do_stream_status:<queue2:src> doing stream-status 0
05-10 10:02:53.998  4415  4415 D GStreamer+GST_PADS: 0:02:33.214680410 0xf3588600 gstpad.c:5893:do_stream_status:<queue2:src> posting stream-status 0
