05-10 10:02:54.059  4415  4501 D GStreamer+baseparse: 0:02:33.275108379 0xf37ecf50 gstbaseparse.c:1400:gst_base_parse_sink_event_default:<h264parse0> draining current data due to gap event
05-10 10:02:54.059  4415  4502 D GStreamer+qtdemux: 0:02:33.275115566 0xf37ecfb0 qtdemux.c:4376:gst_qtdemux_activate_segment:<q:video_0> moving backwards to keyframe at 0 (pts 0:00:00.000000000 dts 0:00:00.000000000 )
05-10 10:02:54.059  4415  4501 D GStreamer+GST_CAPS: 0:02:33.275150202 0xf37ecf50 gstpad.c:2621:gst_pad_has_current_caps:<h264parse0:src> check current pad caps (NULL)
05-10 10:02:54.059  4415  4502 D GStreamer+qtdemux: 0:02:33.275167702 0xf37ecfb0 qtdemux.c:1218:gst_qtdemux_move_stream:<q> moving to sample 0 of 361
05-10 10:02:54.059  4415  4501 D GStreamer+GST_CAPS: 0:02:33.275204681 0xf37ecf50 gstutils.c:2884:gst_pad_peer_query_caps:<h264parse0:src> get pad peer caps with filter video/x-h264, parsed=(boolean)true, stream-format=(string){ avc, avc3, byte-stream }, alignment=(string){ au, nal }
05-10 10:02:54.059  4415  4502 D GStreamer+qtdemux: 0:02:33.275230254 0xf37ecfb0 qtdemux.c:5197:gst_qtdemux_loop_state_movie:<q> pushing from stream 0, empty 0 offset 1920, size 45527, dts=0:00:00.000000000, pts=0:00:00.000000000, duration 0:00:00.043333333
05-10 10:02:54.059  4415  4501 D GStreamer+query: 0:02:33.275251973 0xf37ecf50 gstquery.c:674:gst_query_new_custom creating new query 0xf390ac60 caps
05-10 10:02:54.059  4415  4500 D GStreamer+bin: 0:02:33.275299889 0xf37ecec0 gstbin.c:889:find_message:<decodebin1>   structure-change
05-10 10:02:54.059  4415  4502 D GStreamer+basesrc: 0:02:33.275306452 0xf37ecfb0 gstbasesrc.c:2355:gst_base_src_update_length:<filesrc0> reading offset 1920, length 45527, size 15003960, segment.stop -1, maxsize 15003960
05-10 10:02:54.059  4415  4500 D GStreamer+bin: 0:02:33.275344941 0xf37ecec0 gstbin.c:929:bin_replace_message:<decodebin1> got new message 0xf3abc910, structure-change from proxypad4
05-10 10:02:54.059  4415  4502 D GStreamer+basesrc: 0:02:33.275362545 0xf37ecfb0 gstbasesrc.c:2456:gst_base_src_get_range:<filesrc0> calling create offset 1920 length 45527, time 0
05-10 10:02:54.059  4415  4500 D GStreamer+GST_BUS: 0:02:33.275383639 0xf37ecec0 gstbus.c:344:gst_bus_post:<bus2> [msg 0xf3abc910] dropped
05-10 10:02:54.059  4415  4502 D GStreamer+GST_MEMORY: 0:02:33.275411348 0xf37ecfb0 gstmemory.c:138:gst_memory_init new memory 0xf3ae4c00, maxsize:45530 offset:0 size:45527
05-10 10:02:54.059  4415  4500 I GStreamer+GST_ELEMENT_PADS: 0:02:33.275431764 0xf37ecec0 gstpad.c:2102:gst_pad_unlink unlinked typefind:src and decodepad0:proxypad4
05-10 10:02:54.059  4415  4500 D GStreamer+GST_BUS: 0:02:33.275518535 0xf37ecec0 gstbus.c:309:gst_bus_post:<bus2> [msg 0xf3abc968] posting on bus structure-change message: 0xf3abc968, time 99:99:99.999999999, seq-num 127, element 'proxypad4', GstMessageStructureChange, type=(GstStructureChangeType)GST_STRUCTURE_CHANGE_TYPE_PAD_UNLINK, owner=(GstElement)"\(GstTypeFindElement\)\ typefind", busy=(boolean)false;
05-10 10:02:54.059  4415  4500 D GStreamer+bin: 0:02:33.275563275 0xf37ecec0 gstbin.c:3528:gst_bin_handle_message_func:<decodebin1> [msg 0xf3abc968] handling child proxypad4 message of type structure-change
05-10 10:02:54.059  4415  4500 D GStreamer+bin: 0:02:33.275604993 0xf37ecec0 gstbin.c:957:bin_remove_messages:<decodepad0:proxypad4> deleting message 0xf3abc910 of types 0x00001000
05-10 10:02:54.059  4415  4500 D GStreamer+bin: 0:02:33.275648743 0xf37ecec0 gstbin.c:963:bin_remove_messages:<decodebin1> not deleting message 0xf37f5b28 of type 0x00100000
05-10 10:02:54.059  4415  4500 D GStreamer+GST_BUS: 0:02:33.275686191 0xf37ecec0 gstbus.c:344:gst_bus_post:<bus2> [msg 0xf3abc968] dropped
05-10 10:02:54.059  4415  4500 D GStreamer+GST_PADS: 0:02:33.275726348 0xf37ecec0 gstghostpad.c:862:gst_ghost_pad_set_target:<'':decodepad0> connecting internal pad to target <typefind:src>
05-10 10:02:54.059  4415  4500 D GStreamer+GST_BUS: 0:02:33.275813223 0xf37ecec0 gstbus.c:309:gst_bus_post:<bus2> [msg 0xf3abc9c0] posting on bus structure-change message: 0xf3abc9c0, time 99:99:99.999999999, seq-num 128, element 'proxypad4', GstMessageStructureChange, type=(GstStructureChangeType)GST_STRUCTURE_CHANGE_TYPE_PAD_LINK, owner=(GstElement)"\(GstTypeFindElement\)\ typefind", busy=(boolean)true;
05-10 10:02:54.059  4415  4500 D GStreamer+bin: 0:02:33.275856139 0xf37ecec0 gstbin.c:3528:gst_bin_handle_message_func:<decodebin1> [msg 0xf3abc9c0] handling child proxypad4 message of type structure-change
05-10 10:02:54.059  4415  4502 D GStreamer+basesrc: 0:02:33.275900514 0xf37ecfb0 gstbasesrc.c:2310:gst_base_src_do_sync:<filesrc0> we have no clock
05-10 10:02:54.059  4415  4500 D GStreamer+bin: 0:02:33.275922077 0xf37ecec0 gstbin.c:882:find_message:<decodebin1> no message found matching types 00001000
05-10 10:02:54.059  4415  4502 D GStreamer+basesrc: 0:02:33.275938743 0xf37ecfb0 gstbasesrc.c:2520:gst_base_src_get_range:<filesrc0> buffer ok
05-10 10:02:54.060  4415  4500 D GStreamer+bin: 0:02:33.275961556 0xf37ecec0 gstbin.c:889:find_message:<decodebin1>   structure-change
05-10 10:02:54.060  4415  4500 D GStreamer+bin: 0:02:33.276012389 0xf37ecec0 gstbin.c:929:bin_replace_message:<decodebin1> got new message 0xf3abc9c0, structure-change from proxypad4
05-10 10:02:54.060  4415  4502 D GStreamer+GST_SCHEDULING: 0:02:33.276032233 0xf37ecfb0 gstpad.c:4153:gst_pad_chain_data_unchecked:<queue0:sink> calling chainfunction &gst_queue_chain with buffer buffer: 0xf3ae40a8, pts 0:00:00.000000000, dts 0:00:00.000000000, dur 0:00:00.043333333, size 45527, offset none, offset_end none, flags 0x40
05-10 10:02:54.060  4415  4500 D GStreamer+GST_BUS: 0:02:33.276054264 0xf37ecec0 gstbus.c:344:gst_bus_post:<bus2> [msg 0xf3abc9c0] dropped
05-10 10:02:54.060  4415  4502 D GStreamer+GST_SCHEDULING: 0:02:33.276092702 0xf37ecfb0 gstpad.c:4159:gst_pad_chain_data_unchecked:<queue0:sink> called chainfunction &gst_queue_chain with buffer 0xf3ae40a8, returned ok
05-10 10:02:54.060  4415  4500 I GStreamer+GST_PADS: 0:02:33.276112962 0xf37ecec0 gstpad.c:2292:gst_pad_link_prepare trying to link typefind:src and decodepad0:proxypad4
05-10 10:02:54.060  4415  4502 D GStreamer+qtdemux: 0:02:33.276134785 0xf37ecfb0 qtdemux.c:7675:qtdemux_parse_samples:<q> parsing up to sample 1
05-10 10:02:54.060  4415  4500 I GStreamer+GST_PADS: 0:02:33.276157077 0xf37ecec0 gstpad.c:2498:gst_pad_link_full linked typefind:src and decodepad0:proxypad4, successful
05-10 10:02:54.060  4415  4500 I GStreamer+GST_EVENT: 0:02:33.276189785 0xf37ecec0 gstevent.c:1382:gst_event_new_reconfigure creating reconfigure event
05-10 10:02:54.060  4415  4502 D GStreamer+qtdemux: 0:02:33.276206452 0xf37ecfb0 qtdemux.c:7882:qtdemux_parse_samples:<q> sample 1: index 0, timestamp 0:00:00.043333333
05-10 10:02:54.060  4415  4500 D GStreamer+GST_EVENT: 0:02:33.276230514 0xf37ecec0 gstevent.c:302:gst_event_new_custom creating new event 0xf39db400 reconfigure 61441
05-10 10:02:54.060  4415  4502 D GStreamer+qtdemux: 0:02:33.276250098 0xf37ecfb0 qtdemux.c:7937:qtdemux_parse_samples:<q> samples at 1 is keyframe
05-10 10:02:54.060  4415  4500 D GStreamer+GST_EVENT: 0:02:33.276286920 0xf37ecec0 gstpad.c:5496:gst_pad_send_event_unchecked:<typefind:src> have event type reconfigure event: 0xf39db400, time 99:99:99.999999999, seq-num 129, (NULL)
05-10 10:02:54.060  4415  4502 D GStreamer+qtdemux: 0:02:33.276326295 0xf37ecfb0 qtdemux.c:5197:gst_qtdemux_loop_state_movie:<q> pushing from stream 1, empty 0 offset 47447, size 144, dts=0:00:00.312000000, pts=0:00:00.312000000, duration 0:00:00.024000000
05-10 10:02:54.060  4415  4500 D GStreamer+GST_PADS: 0:02:33.276338431 0xf37ecec0 gstpad.c:5569:gst_pad_send_event_unchecked:<typefind:src> sent event, ret error
05-10 10:02:54.060  4415  4502 D GStreamer+basesrc: 0:02:33.276373848 0xf37ecfb0 gstbasesrc.c:2355:gst_base_src_update_length:<filesrc0> reading offset 47447, length 144, size 15003960, segment.stop -1, maxsize 15003960
05-10 10:02:54.060  4415  4501 D GStreamer+GST_PADS: 0:02:33.276438223 0xf37ecf50 gstpad.c:4009:gst_pad_peer_query:<h264parse0:src> peer query 0xf390ac60 (caps)
05-10 10:02:54.060  4415  4502 D GStreamer+basesrc: 0:02:33.276444837 0xf37ecfb0 gstbasesrc.c:2456:gst_base_src_get_range:<filesrc0> calling create offset 47447 length 144, time 0
05-10 10:02:54.060  4415  4501 D GStreamer+GST_PADS: 0:02:33.276505254 0xf37ecf50 gstpad.c:3882:gst_pad_query:<capsfilter0:sink> doing query 0xf390ac60 (caps)
05-10 10:02:54.060  4415  4502 D GStreamer+GST_MEMORY: 0:02:33.276521920 0xf37ecfb0 gstmemory.c:138:gst_memory_init new memory 0xf39e0520, maxsize:147 offset:0 size:144
05-10 10:02:54.060  4415  4501 D GStreamer+basetransform: 0:02:33.276562858 0xf37ecf50 gstbasetransform.c:704:gst_base_transform_query_caps:<capsfilter0:sink> filter caps  video/x-h264, parsed=(boolean)true, stream-format=(string){ avc, avc3, byte-stream }, alignment=(string){ au, nal }
05-10 10:02:54.060  4415  4502 D GStreamer+basesrc: 0:02:33.276579420 0xf37ecfb0 gstbasesrc.c:2310:gst_base_src_do_sync:<filesrc0> we have no clock
05-10 10:02:54.060  4415  4501 D GStreamer+basetransform: 0:02:33.276606400 0xf37ecf50 gstbasetransform.c:707:gst_base_transform_query_caps:<capsfilter0:sink> our template  ANY
05-10 10:02:54.060  4415  4502 D GStreamer+basesrc: 0:02:33.276620098 0xf37ecfb0 gstbasesrc.c:2520:gst_base_src_get_range:<filesrc0> buffer ok
05-10 10:02:54.060  4415  4501 D GStreamer+basetransform: 0:02:33.276661243 0xf37ecf50 gstbasetransform.c:709:gst_base_transform_query_caps:<capsfilter0:sink> intersected video/x-h264, parsed=(boolean)true, stream-format=(string){ avc, avc3, byte-stream }, alignment=(string){ au, nal }
05-10 10:02:54.060  4415  4500 D GStreamer+GST_BUS: 0:02:33.276714525 0xf37ecec0 gstbus.c:309:gst_bus_post:<bus2> [msg 0xf3abca18] posting on bus structure-change message: 0xf3abca18, time 99:99:99.999999999, seq-num 130, element 'proxypad4', GstMessageStructureChange, type=(GstStructureChangeType)GST_STRUCTURE_CHANGE_TYPE_PAD_LINK, owner=(GstElement)"\(GstTypeFindElement\)\ typefind", busy=(boolean)false;
05-10 10:02:54.060  4415  4502 D GStreamer+GST_SCHEDULING: 0:02:33.276721035 0xf37ecfb0 gstpad.c:4153:gst_pad_chain_data_unchecked:<queue2:sink> calling chainfunction &gst_queue_chain with buffer buffer: 0xf3ae4148, pts 0:00:00.312000000, dts 0:00:00.312000000, dur 0:00:00.024000000, size 144, offset none, offset_end none, flags 0x0
05-10 10:02:54.060  4415  4500 D GStreamer+bin: 0:02:33.276755670 0xf37ecec0 gstbin.c:3528:gst_bin_handle_message_func:<decodebin1> [msg 0xf3abca18] handling child proxypad4 message of type structure-change
05-10 10:02:54.060  4415  4502 D GStreamer+GST_SCHEDULING: 0:02:33.276768223 0xf37ecfb0 gstpad.c:4159:gst_pad_chain_data_unchecked:<queue2:sink> called chainfunction &gst_queue_chain with buffer 0xf3ae4148, returned ok
05-10 10:02:54.060  4415  4502 D GStreamer+qtdemux: 0:02:33.276807389 0xf37ecfb0 qtdemux.c:7675:qtdemux_parse_samples:<q> parsing up to sample 14
05-10 10:02:54.060  4415  4500 D GStreamer+bin: 0:02:33.276814004 0xf37ecec0 gstbin.c:957:bin_remove_messages:<decodepad0:proxypad4> deleting message 0xf3abc9c0 of types 0x00001000
05-10 10:02:54.060  4415  4502 D GStreamer+qtdemux: 0:02:33.276858795 0xf37ecfb0 qtdemux.c:7882:qtdemux_parse_samples:<q> sample 14: index 14, timestamp 0:00:00.336000000
05-10 10:02:54.060  4415  4500 D GStreamer+bin: 0:02:33.276876504 0xf37ecec0 gstbin.c:963:bin_remove_messages:<decodebin1> not deleting message 0xf37f5b28 of type 0x00100000
05-10 10:02:54.060  4415  4502 D GStreamer+qtdemux: 0:02:33.276897285 0xf37ecfb0 qtdemux.c:7982:qtdemux_parse_samples:<q> setting all keyframes
05-10 10:02:54.060  4415  4500 D GStreamer+GST_BUS: 0:02:33.276924473 0xf37ecec0 gstbus.c:344:gst_bus_post:<bus2> [msg 0xf3abca18] dropped
05-10 10:02:54.061  4415  4502 D GStreamer+qtdemux: 0:02:33.276967545 0xf37ecfb0 qtdemux.c:5197:gst_qtdemux_loop_state_movie:<q> pushing from stream 1, empty 0 offset 79991, size 144, dts=0:00:00.336000000, pts=0:00:00.336000000, duration 0:00:00.024000000
05-10 10:02:54.061  4415  4500 D GStreamer+decodebin: 0:02:33.277011712 0xf37ecec0 gstdecodebin2.c:1487:copy_sticky_events:<'':decodepad0> store sticky event stream-start event: 0xf39c9d98, time 99:99:99.999999999, seq-num 108, GstEventStreamStart, stream-id=(string)71ab440d261a1bb43c19b397eec2373651540427aed1e7b0deb4be62a10a7f25/002, flags=(GstStreamFlags)GST_STREAM_FLAG_NONE, group-id=(uint)0;
05-10 10:02:54.061  4415  4502 D GStreamer+basesrc: 0:02:33.277024004 0xf37ecfb0 gstbasesrc.c:2355:gst_base_src_update_length:<filesrc0> reading offset 79991, length 144, size 15003960, segment.stop -1, maxsize 15003960
05-10 10:02:54.061  4415  4502 D GStreamer+basesrc: 0:02:33.277069993 0xf37ecfb0 gstbasesrc.c:2456:gst_base_src_get_range:<filesrc0> calling create offset 79991 length 144, time 0
05-10 10:02:54.061  4415  4500 D GStreamer+decodebin: 0:02:33.277100879 0xf37ecec0 gstdecodebin2.c:1487:copy_sticky_events:<'':decodepad0> store sticky event caps event: 0xf3ab4360, time 99:99:99.999999999, seq-num 123, GstEventCaps, caps=(GstCaps)"audio/mpeg\,\ mpegversion\=\(int\)1\,\ parsed\=\(boolean\)true\,\ rate\=\(int\)24000\,\ channels\=\(int\)1";
05-10 10:02:54.061  4415  4502 D GStreamer+GST_MEMORY: 0:02:33.277117077 0xf37ecfb0 gstmemory.c:138:gst_memory_init new memory 0xf39e0608, maxsize:147 offset:0 size:144
05-10 10:02:54.061  4415  4500 D GStreamer+GST_PADS: 0:02:33.277142025 0xf37ecec0 gstpad.c:5053:store_sticky_event:<'':decodepad0> notify caps
05-10 10:02:54.061  4415  4502 D GStreamer+basesrc: 0:02:33.277156608 0xf37ecfb0 gstbasesrc.c:2310:gst_base_src_do_sync:<filesrc0> we have no clock
05-10 10:02:54.061  4415  4501 D GStreamer+basetransform: 0:02:33.277204160 0xf37ecf50 gstbasetransform.c:533:gst_base_transform_transform_caps:<capsfilter0> transform caps (direction = 2)
05-10 10:02:54.061  4415  4502 D GStreamer+basesrc: 0:02:33.277210670 0xf37ecfb0 gstbasesrc.c:2520:gst_base_src_get_range:<filesrc0> buffer ok
05-10 10:02:54.061  4415  4500 D GStreamer+decodebin: 0:02:33.277308535 0xf37ecec0 gstdecodebin2.c:1381:gst_decode_bin_autoplug_continue:<decodebin1> autoplug-continue returns TRUE
05-10 10:02:54.061  4415  4502 D GStreamer+GST_SCHEDULING: 0:02:33.277325723 0xf37ecfb0 gstpad.c:4153:gst_pad_chain_data_unchecked:<queue2:sink> calling chainfunction &gst_queue_chain with buffer buffer: 0xf3ae41e8, pts 0:00:00.336000000, dts 0:00:00.336000000, dur 0:00:00.024000000, size 144, offset none, offset_end none, flags 0x0
05-10 10:02:54.061  4415  4500 D GStreamer+GST_CAPS: 0:02:33.277378118 0xf37ecec0 gstpad.c:2648:gst_pad_get_current_caps:<typefind:src> get current pad caps audio/mpeg, mpegversion=(int)1, parsed=(boolean)true, rate=(int)24000, channels=(int)1
05-10 10:02:54.061  4415  4502 D GStreamer+GST_SCHEDULING: 0:02:33.277394316 0xf37ecfb0 gstpad.c:4159:gst_pad_chain_data_unchecked:<queue2:sink> called chainfunction &gst_queue_chain with buffer 0xf3ae41e8, returned ok
05-10 10:02:54.061  4415  4500 D GStreamer+decodebin: 0:02:33.277420618 0xf37ecec0 gstdecodebin2.c:1395:gst_decode_bin_autoplug_factories:<decodebin1> finding factories
05-10 10:02:54.061  4415  4502 D GStreamer+qtdemux: 0:02:33.277440827 0xf37ecfb0 qtdemux.c:7675:qtdemux_parse_samples:<q> parsing up to sample 15
05-10 10:02:54.061  4415  4502 D GStreamer+qtdemux: 0:02:33.277496556 0xf37ecfb0 qtdemux.c:7882:qtdemux_parse_samples:<q> sample 15: index 15, timestamp 0:00:00.360000000
05-10 10:02:54.061  4415  4502 D GStreamer+qtdemux: 0:02:33.277529681 0xf37ecfb0 qtdemux.c:7982:qtdemux_parse_samples:<q> setting all keyframes
05-10 10:02:54.061  4415  4502 D GStreamer+qtdemux: 0:02:33.277586348 0xf37ecfb0 qtdemux.c:5197:gst_qtdemux_loop_state_movie:<q> pushing from stream 0, empty 0 offset 47591, size 32400, dts=0:00:00.043333333, pts=0:00:00.043333333, duration 0:00:00.000000000
05-10 10:02:54.061  4415  4502 D GStreamer+basesrc: 0:02:33.277632754 0xf37ecfb0 gstbasesrc.c:2355:gst_base_src_update_length:<filesrc0> reading offset 47591, length 32400, size 15003960, segment.stop -1, maxsize 15003960
05-10 10:02:54.061  4415  4502 D GStreamer+basesrc: 0:02:33.277676087 0xf37ecfb0 gstbasesrc.c:2456:gst_base_src_get_range:<filesrc0> calling create offset 47591 length 32400, time 0
05-10 10:02:54.061  4415  4502 D GStreamer+GST_MEMORY: 0:02:33.277714056 0xf37ecfb0 gstmemory.c:138:gst_memory_init new memory 0xf3af0800, maxsize:32403 offset:0 size:32400
05-10 10:02:54.061  4415  4502 D GStreamer+basesrc: 0:02:33.277765410 0xf37ecfb0 gstbasesrc.c:2310:gst_base_src_do_sync:<filesrc0> we have no clock
05-10 10:02:54.061  4415  4502 D GStreamer+basesrc: 0:02:33.277798223 0xf37ecfb0 gstbasesrc.c:2520:gst_base_src_get_range:<filesrc0> buffer ok
05-10 10:02:54.061  4415  4502 D GStreamer+GST_SCHEDULING: 0:02:33.277864577 0xf37ecfb0 gstpad.c:4153:gst_pad_chain_data_unchecked:<queue0:sink> calling chainfunction &gst_queue_chain with buffer buffer: 0xf3ae4288, pts 0:00:00.043333333, dts 0:00:00.043333333, dur 0:00:00.000000000, size 32400, offset none, offset_end none, flags 0x0
05-10 10:02:54.061  4415  4502 D GStreamer+GST_SCHEDULING: 0:02:33.277907754 0xf37ecfb0 gstpad.c:4159:gst_pad_chain_data_unchecked:<queue0:sink> called chainfunction &gst_queue_chain with buffer 0xf3ae4288, returned ok
05-10 10:02:54.061  4415  4502 D GStreamer+qtdemux: 0:02:33.277945723 0xf37ecfb0 qtdemux.c:7675:qtdemux_parse_samples:<q> parsing up to sample 2
05-10 10:02:54.062  4415  4502 D GStreamer+qtdemux: 0:02:33.277988900 0xf37ecfb0 qtdemux.c:7882:qtdemux_parse_samples:<q> sample 2: index 0, timestamp 0:00:00.043333333
05-10 10:02:54.062  4415  4502 D GStreamer+qtdemux: 0:02:33.278022285 0xf37ecfb0 qtdemux.c:7937:qtdemux_parse_samples:<q> samples at 2 is keyframe
05-10 10:02:54.062  4415  4502 D GStreamer+qtdemux: 0:02:33.278079473 0xf37ecfb0 qtdemux.c:5197:gst_qtdemux_loop_state_movie:<q> pushing from stream 0, empty 0 offset 80135, size 60154, dts=0:00:00.043333333, pts=0:00:00.043333333, duration 0:00:00.036333333
05-10 10:02:54.062  4415  4502 D GStreamer+basesrc: 0:02:33.278123639 0xf37ecfb0 gstbasesrc.c:2355:gst_base_src_update_length:<filesrc0> reading offset 80135, length 60154, size 15003960, segment.stop -1, maxsize 15003960
05-10 10:02:54.062  4415  4502 D GStreamer+basesrc: 0:02:33.278159785 0xf37ecfb0 gstbasesrc.c:2456:gst_base_src_get_range:<filesrc0> calling create offset 80135 length 60154, time 0
05-10 10:02:54.062  4415  4502 D GStreamer+GST_MEMORY: 0:02:33.278196556 0xf37ecfb0 gstmemory.c:138:gst_memory_init new memory 0xf3af86e8, maxsize:60157 offset:0 size:60154
05-10 10:02:54.062  4415  4500 D GStreamer+GST_ELEMENT_FACTORY: 0:02:33.278264316 0xf37ecec0 gstelementfactory.c:837:gst_element_factory_list_filter finding factories
05-10 10:02:54.062  4415  4500 D GStreamer+GST_ELEMENT_FACTORY: 0:02:33.278299368 0xf37ecec0 gstelementfactory.c:848:gst_element_factory_list_filter Trying mpegaudioparse
05-10 10:02:54.062  4415  4500 D GStreamer+structure: 0:02:33.278340098 0xf37ecec0 gststructure.c:2316:gst_structure_parse_field trying field name 'mpegversion'
05-10 10:02:54.062  4415  4500 D GStreamer+structure: 0:02:33.278371764 0xf37ecec0 gststructure.c:2367:gst_structure_parse_value trying type name 'int'
05-10 10:02:54.062  4415  4500 D GStreamer+GST_ELEMENT_FACTORY: 0:02:33.278411556 0xf37ecec0 gstelementfactory.c:848:gst_element_factory_list_filter Trying aacparse
05-10 10:02:54.062  4415  4500 D GStreamer+structure: 0:02:33.278446035 0xf37ecec0 gststructure.c:2316:gst_structure_parse_field trying field name 'mpegversion'
05-10 10:02:54.062  4415  4502 D GStreamer+basesrc: 0:02:33.278463223 0xf37ecfb0 gstbasesrc.c:2310:gst_base_src_do_sync:<filesrc0> we have no clock
05-10 10:02:54.062  4415  4500 D GStreamer+structure: 0:02:33.278491243 0xf37ecec0 gststructure.c:2367:gst_structure_parse_value trying type name 'int'
05-10 10:02:54.062  4415  4502 D GStreamer+basesrc: 0:02:33.278514212 0xf37ecfb0 gstbasesrc.c:2520:gst_base_src_get_range:<filesrc0> buffer ok
05-10 10:02:54.062  4415  4500 D GStreamer+GST_ELEMENT_FACTORY: 0:02:33.278534525 0xf37ecec0 gstelementfactory.c:848:gst_element_factory_list_filter Trying ac3parse
05-10 10:02:54.062  4415  4500 D GStreamer+GST_ELEMENT_FACTORY: 0:02:33.278579108 0xf37ecec0 gstelementfactory.c:848:gst_element_factory_list_filter Trying amrparse
05-10 10:02:54.062  4415  4502 D GStreamer+GST_SCHEDULING: 0:02:33.278595827 0xf37ecfb0 gstpad.c:4153:gst_pad_chain_data_unchecked:<queue0:sink> calling chainfunction &gst_queue_chain with buffer buffer: 0xf3ae4328, pts 0:00:00.043333333, dts 0:00:00.043333333, dur 0:00:00.036333333, size 60154, offset none, offset_end none, flags 0x0
05-10 10:02:54.062  4415  4500 D GStreamer+GST_ELEMENT_FACTORY: 0:02:33.278622025 0xf37ecec0 gstelementfactory.c:848:gst_element_factory_list_filter Trying dcaparse
05-10 10:02:54.062  4415  4502 D GStreamer+GST_SCHEDULING: 0:02:33.278644577 0xf37ecfb0 gstpad.c:4159:gst_pad_chain_data_unchecked:<queue0:sink> called chainfunction &gst_queue_chain with buffer 0xf3ae4328, returned ok
05-10 10:02:54.062  4415  4500 D GStreamer+GST_ELEMENT_FACTORY: 0:02:33.278663014 0xf37ecec0 gstelementfactory.c:848:gst_element_factory_list_filter Trying flacparse
05-10 10:02:54.062  4415  4502 D GStreamer+qtdemux: 0:02:33.278688223 0xf37ecfb0 qtdemux.c:7675:qtdemux_parse_samples:<q> parsing up to sample 3
05-10 10:02:54.062  4415  4500 D GStreamer+GST_ELEMENT_FACTORY: 0:02:33.278699264 0xf37ecec0 gstelementfactory.c:848:gst_element_factory_list_filter Trying h263parse
05-10 10:02:54.062  4415  4500 D GStreamer+structure: 0:02:33.278736660 0xf37ecec0 gststructure.c:2316:gst_structure_parse_field trying field name 'variant'
05-10 10:02:54.062  4415  4502 D GStreamer+qtdemux: 0:02:33.278754733 0xf37ecfb0 qtdemux.c:7882:qtdemux_parse_samples:<q> sample 3: index 0, timestamp 0:00:00.079666666
05-10 10:02:54.062  4415  4500 D GStreamer+structure: 0:02:33.278771920 0xf37ecec0 gststructure.c:2367:gst_structure_parse_value trying type name 'string'
05-10 10:02:54.062  4415  4502 D GStreamer+qtdemux: 0:02:33.278792754 0xf37ecfb0 qtdemux.c:7937:qtdemux_parse_samples:<q> samples at 3 is keyframe
05-10 10:02:54.062  4415  4500 D GStreamer+GST_ELEMENT_FACTORY: 0:02:33.278803170 0xf37ecec0 gstelementfactory.c:848:gst_element_factory_list_filter Trying h264parse
05-10 10:02:54.062  4415  4500 D GStreamer+GST_ELEMENT_FACTORY: 0:02:33.278841764 0xf37ecec0 gstelementfactory.c:848:gst_element_factory_list_filter Trying mpeg4videoparse
05-10 10:02:54.062  4415  4502 D GStreamer+qtdemux: 0:02:33.278862702 0xf37ecfb0 qtdemux.c:5197:gst_qtdemux_loop_state_movie:<q> pushing from stream 1, empty 0 offset 140289, size 144, dts=0:00:00.360000000, pts=0:00:00.360000000, duration 0:00:00.024000000
05-10 10:02:54.062  4415  4500 D GStreamer+structure: 0:02:33.278880462 0xf37ecec0 gststructure.c:2316:gst_structure_parse_field trying field name 'mpegversion'
05-10 10:02:54.062  4415  4500 D GStreamer+structure: 0:02:33.278911660 0xf37ecec0 gststructure.c:2367:gst_structure_parse_value trying type name 'int'
05-10 10:02:54.062  4415  4502 D GStreamer+basesrc: 0:02:33.278928587 0xf37ecfb0 gstbasesrc.c:2355:gst_base_src_update_length:<filesrc0> reading offset 140289, length 144, size 15003960, segment.stop -1, maxsize 15003960
05-10 10:02:54.063  4415  4500 D GStreamer+structure: 0:02:33.278948952 0xf37ecec0 gststructure.c:2316:gst_structure_parse_field trying field name 'systemstream'
05-10 10:02:54.063  4415  4501 D GStreamer+capsfilter: 0:02:33.277281295 0xf37ecf50 gstcapsfilter.c:295:gst_capsfilter_transform_caps:<capsfilter0> input:     video/x-h264, parsed=(boolean)true, stream-format=(string){ avc, avc3, byte-stream }, alignment=(string){ au, nal }
05-10 10:02:54.063  4415  4502 D GStreamer+basesrc: 0:02:33.278979577 0xf37ecfb0 gstbasesrc.c:2456:gst_base_src_get_range:<filesrc0> calling create offset 140289 length 144, time 0
05-10 10:02:54.063  4415  4501 D GStreamer+capsfilter: 0:02:33.279021973 0xf37ecf50 gstcapsfilter.c:296:gst_capsfilter_transform_caps:<capsfilter0> filter:    (NULL)
05-10 10:02:54.063  4415  4502 D GStreamer+GST_MEMORY: 0:02:33.279038431 0xf37ecfb0 gstmemory.c:138:gst_memory_init new memory 0xf39e06f0, maxsize:147 offset:0 size:144
05-10 10:02:54.063  4415  4501 D GStreamer+capsfilter: 0:02:33.279068483 0xf37ecf50 gstcapsfilter.c:298:gst_capsfilter_transform_caps:<capsfilter0> caps filter:    video/x-h264, parsed=(boolean)true, stream-format=(string)byte-stream, alignment=(string)au
05-10 10:02:54.063  4415  4502 D GStreamer+basesrc: 0:02:33.279087077 0xf37ecfb0 gstbasesrc.c:2310:gst_base_src_do_sync:<filesrc0> we have no clock
05-10 10:02:54.063  4415  4501 D GStreamer+capsfilter: 0:02:33.279119577 0xf37ecf50 gstcapsfilter.c:299:gst_capsfilter_transform_caps:<capsfilter0> intersect: video/x-h264, parsed=(boolean)true, stream-format=(string)byte-stream, alignment=(string)au
05-10 10:02:54.063  4415  4502 D GStreamer+basesrc: 0:02:33.279135202 0xf37ecfb0 gstbasesrc.c:2520:gst_base_src_get_range:<filesrc0> buffer ok
05-10 10:02:54.063  4415  4501 D GStreamer+basetransform: 0:02:33.279163639 0xf37ecf50 gstbasetransform.c:560:gst_base_transform_transform_caps:<capsfilter0> to: video/x-h264, parsed=(boolean)true, stream-format=(string)byte-stream, alignment=(string)au
05-10 10:02:54.063  4415  4501 D GStreamer+basetransform: 0:02:33.279215306 0xf37ecf50 gstbasetransform.c:714:gst_base_transform_query_caps:<capsfilter0:sink> transformed  video/x-h264, parsed=(boolean)true, stream-format=(string)byte-stream, alignment=(string)au
05-10 10:02:54.063  4415  4502 D GStreamer+GST_SCHEDULING: 0:02:33.279232233 0xf37ecfb0 gstpad.c:4153:gst_pad_chain_data_unchecked:<queue2:sink> calling chainfunction &gst_queue_chain with buffer buffer: 0xf3ae43c8, pts 0:00:00.360000000, dts 0:00:00.360000000, dur 0:00:00.024000000, size 144, offset none, offset_end none, flags 0x0
05-10 10:02:54.063  4415  4501 D GStreamer+basetransform: 0:02:33.279261504 0xf37ecf50 gstbasetransform.c:719:gst_base_transform_query_caps:<capsfilter0:sink> our template  ANY
05-10 10:02:54.063  4415  4502 D GStreamer+GST_SCHEDULING: 0:02:33.279292493 0xf37ecfb0 gstpad.c:4159:gst_pad_chain_data_unchecked:<queue2:sink> called chainfunction &gst_queue_chain with buffer 0xf3ae43c8, returned ok
05-10 10:02:54.063  4415  4501 D GStreamer+basetransform: 0:02:33.279314525 0xf37ecf50 gstbasetransform.c:724:gst_base_transform_query_caps:<capsfilter0:sink> intersected video/x-h264, parsed=(boolean)true, stream-format=(string)byte-stream, alignment=(string)au
05-10 10:02:54.063  4415  4502 D GStreamer+qtdemux: 0:02:33.279339993 0xf37ecfb0 qtdemux.c:7675:qtdemux_parse_samples:<q> parsing up to sample 16
05-10 10:02:54.063  4415  4501 D GStreamer+basetransform: 0:02:33.279361973 0xf37ecf50 gstbasetransform.c:730:gst_base_transform_query_caps:<capsfilter0:sink> peer filter caps video/x-h264, parsed=(boolean)true, stream-format=(string)byte-stream, alignment=(string)au
05-10 10:02:54.063  4415  4502 D GStreamer+qtdemux: 0:02:33.279393587 0xf37ecfb0 qtdemux.c:7882:qtdemux_parse_samples:<q> sample 16: index 16, timestamp 0:00:00.384000000
05-10 10:02:54.063  4415  4501 D GStreamer+GST_CAPS: 0:02:33.279413223 0xf37ecf50 gstutils.c:2884:gst_pad_peer_query_caps:<capsfilter0:src> get pad peer caps with filter video/x-h264, parsed=(boolean)true, stream-format=(string)byte-stream, alignment=(string)au
05-10 10:02:54.063  4415  4502 D GStreamer+qtdemux: 0:02:33.279435514 0xf37ecfb0 qtdemux.c:7982:qtdemux_parse_samples:<q> setting all keyframes
05-10 10:02:54.063  4415  4501 D GStreamer+query: 0:02:33.279456295 0xf37ecf50 gstquery.c:674:gst_query_new_custom creating new query 0xf390ac90 caps
05-10 10:02:54.063  4415  4501 D GStreamer+GST_PADS: 0:02:33.279506191 0xf37ecf50 gstpad.c:4009:gst_pad_peer_query:<capsfilter0:src> peer query 0xf390ac90 (caps)
05-10 10:02:54.063  4415  4502 D GStreamer+qtdemux: 0:02:33.279523014 0xf37ecfb0 qtdemux.c:5197:gst_qtdemux_loop_state_movie:<q> pushing from stream 1, empty 0 offset 196179, size 144, dts=0:00:00.384000000, pts=0:00:00.384000000, duration 0:00:00.024000000
05-10 10:02:54.063  4415  4501 D GStreamer+GST_PADS: 0:02:33.279549108 0xf37ecf50 gstpad.c:3882:gst_pad_query:<forhwgl:sink> doing query 0xf390ac90 (caps)
05-10 10:02:54.063  4415  4502 D GStreamer+basesrc: 0:02:33.279578691 0xf37ecfb0 gstbasesrc.c:2355:gst_base_src_update_length:<filesrc0> reading offset 196179, length 144, size 15003960, segment.stop -1, maxsize 15003960
05-10 10:02:54.063  4415  4501 D GStreamer+GST_CAPS: 0:02:33.279626400 0xf37ecf50 gstpad.c:3088:gst_pad_query_caps_default:<forhwgl:sink> query caps caps query: 0xf390ac90, GstQueryCaps, filter=(GstCaps)"video/x-h264\,\ parsed\=\(boolean\)true\,\ stream-format\=\(string\)byte-stream\,\ alignment\=\(string\)au", caps=(GstCaps)"NULL";
05-10 10:02:54.063  4415  4502 D GStreamer+basesrc: 0:02:33.279644212 0xf37ecfb0 gstbasesrc.c:2456:gst_base_src_get_range:<filesrc0> calling create offset 196179 length 144, time 0
05-10 10:02:54.063  4415  4501 D GStreamer+GST_PADS: 0:02:33.279672025 0xf37ecf50 gstutils.c:2599:gst_pad_proxy_query_caps:<forhwgl:sink> proxying caps query for forhwgl:sink
05-10 10:02:54.063  4415  4502 D GStreamer+GST_MEMORY: 0:02:33.279695150 0xf37ecfb0 gstmemory.c:138:gst_memory_init new memory 0xf3af0028, maxsize:147 offset:0 size:144
05-10 10:02:54.063  4415  4501 D GStreamer+GST_PADS: 0:02:33.279734212 0xf37ecf50 gstpad.c:4009:gst_pad_peer_query:<sink:proxypad0> peer query 0xf390ac90 (caps)
05-10 10:02:54.063  4415  4502 D GStreamer+basesrc: 0:02:33.279750983 0xf37ecfb0 gstbasesrc.c:2310:gst_base_src_do_sync:<filesrc0> we have no clock
05-10 10:02:54.063  4415  4501 D GStreamer+GST_PADS: 0:02:33.279775566 0xf37ecf50 gstpad.c:3882:gst_pad_query:<typefind:sink> doing query 0xf390ac90 (caps)
05-10 10:02:54.063  4415  4502 D GStreamer+basesrc: 0:02:33.279784733 0xf37ecfb0 gstbasesrc.c:2520:gst_base_src_get_range:<filesrc0> buffer ok
05-10 10:02:54.063  4415  4501 D GStreamer+GST_CAPS: 0:02:33.279852910 0xf37ecf50 gstpad.c:3088:gst_pad_query_caps_default:<typefind:sink> query caps caps query: 0xf390ac90, GstQueryCaps, filter=(GstCaps)"video/x-h264\,\ parsed\=\(boolean\)true\,\ stream-format\=\(string\)byte-stream\,\ alignment\=\(string\)au", caps=(GstCaps)"NULL";
05-10 10:02:54.063  4415  4502 D GStreamer+GST_SCHEDULING: 0:02:33.279876868 0xf37ecfb0 gstpad.c:4153:gst_pad_chain_data_unchecked:<queue2:sink> calling chainfunction &gst_queue_chain with buffer buffer: 0xf3ae4468, pts 0:00:00.384000000, dts 0:00:00.384000000, dur 0:00:00.024000000, size 144, offset none, offset_end none, flags 0x0
05-10 10:02:54.063  4415  4501 D GStreamer+GST_CAPS: 0:02:33.279901243 0xf37ecf50 gstpad.c:3111:gst_pad_query_caps_default:<typefind:sink> trying pad template caps
05-10 10:02:54.063  4415  4502 D GStreamer+GST_SCHEDULING: 0:02:33.279935566 0xf37ecfb0 gstpad.c:4159:gst_pad_chain_data_unchecked:<queue2:sink> called chainfunction &gst_queue_chain with buffer 0xf3ae4468, returned ok
05-10 10:02:54.064  4415  4501 D GStreamer+GST_CAPS: 0:02:33.279957910 0xf37ecf50 gstpad.c:3135:gst_pad_query_caps_default:<typefind:sink> using caps 0xf3601918 ANY with filter 0xf3a2e0a0 video/x-h264, parsed=(boolean)true, stream-format=(string)byte-stream, alignment=(string)au
05-10 10:02:54.064  4415  4502 D GStreamer+qtdemux: 0:02:33.279981660 0xf37ecfb0 qtdemux.c:7675:qtdemux_parse_samples:<q> parsing up to sample 17
05-10 10:02:54.064  4415  4501 D GStreamer+GST_CAPS: 0:02:33.280012181 0xf37ecf50 gstpad.c:3138:gst_pad_query_caps_default:<typefind:sink> result 0xf3a2e0a0 video/x-h264, parsed=(boolean)true, stream-format=(string)byte-stream, alignment=(string)au
05-10 10:02:54.064  4415  4502 D GStreamer+qtdemux: 0:02:33.280044004 0xf37ecfb0 qtdemux.c:7882:qtdemux_parse_samples:<q> sample 17: index 17, timestamp 0:00:00.408000000
05-10 10:02:54.064  4415  4501 D GStreamer+GST_PADS: 0:02:33.280072025 0xf37ecf50 gstpad.c:3339:gst_pad_query_default:<typefind:sink> not forwarding 0xf390ac90 (caps) query
05-10 10:02:54.064  4415  4502 D GStreamer+qtdemux: 0:02:33.280086035 0xf37ecfb0 qtdemux.c:7982:qtdemux_parse_samples:<q> setting all keyframes
05-10 10:02:54.064  4415  4500 D GStreamer+structure: 0:02:33.280142754 0xf37ecec0 gststructure.c:2367:gst_structure_parse_value trying type name 'boolean'
05-10 10:02:54.064  4415  4502 D GStreamer+qtdemux: 0:02:33.280153275 0xf37ecfb0 qtdemux.c:5197:gst_qtdemux_loop_state_movie:<q> pushing from stream 0, empty 0 offset 140433, size 55746, dts=0:00:00.079666666, pts=0:00:00.079666666, duration 0:00:00.019666667
05-10 10:02:54.064  4415  4500 D GStreamer+structure: 0:02:33.280179525 0xf37ecec0 gststructure.c:2316:gst_structure_parse_field trying field name 'divxversion'
05-10 10:02:54.064  4415  4502 D GStreamer+basesrc: 0:02:33.280201608 0xf37ecfb0 gstbasesrc.c:2355:gst_base_src_update_length:<filesrc0> reading offset 140433, length 55746, size 15003960, segment.stop -1, maxsize 15003960
05-10 10:02:54.064  4415  4500 D GStreamer+structure: 0:02:33.280213118 0xf37ecec0 gststructure.c:2367:gst_structure_parse_value trying type name 'int'
05-10 10:02:54.064  4415  4500 D GStreamer+GST_ELEMENT_FACTORY: 0:02:33.280250462 0xf37ecec0 gstelementfactory.c:848:gst_element_factory_list_filter Trying mpegvideoparse
05-10 10:02:54.064  4415  4502 D GStreamer+basesrc: 0:02:33.280257910 0xf37ecfb0 gstbasesrc.c:2456:gst_base_src_get_range:<filesrc0> calling create offset 140433 length 55746, time 0
05-10 10:02:54.064  4415  4500 D GStreamer+structure: 0:02:33.280285150 0xf37ecec0 gststructure.c:2316:gst_structure_parse_field trying field name 'mpegversion'
05-10 10:02:54.064  4415  4502 D GStreamer+GST_MEMORY: 0:02:33.280320827 0xf37ecfb0 gstmemory.c:138:gst_memory_init new memory 0xf3b08000, maxsize:55749 offset:0 size:55746
05-10 10:02:54.064  4415  4500 D GStreamer+structure: 0:02:33.280338587 0xf37ecec0 gststructure.c:2367:gst_structure_parse_value trying type name 'int'
05-10 10:02:54.064  4415  4500 D GStreamer+structure: 0:02:33.280372650 0xf37ecec0 gststructure.c:2316:gst_structure_parse_field trying field name 'systemstream'
05-10 10:02:54.064  4415  4501 D GStreamer+GST_PADS: 0:02:33.280117285 0xf37ecf50 gstpad.c:3905:gst_pad_query:<typefind:sink> sent query 0xf390ac90 (caps), result 1
05-10 10:02:54.064  4415  4502 D GStreamer+basesrc: 0:02:33.280405254 0xf37ecfb0 gstbasesrc.c:2310:gst_base_src_do_sync:<filesrc0> we have no clock
05-10 10:02:54.064  4415  4502 D GStreamer+basesrc: 0:02:33.280446973 0xf37ecfb0 gstbasesrc.c:2520:gst_base_src_get_range:<filesrc0> buffer ok
05-10 10:02:54.064  4415  4500 D GStreamer+structure: 0:02:33.280459316 0xf37ecec0 gststructure.c:2367:gst_structure_parse_value trying type name 'boolean'
05-10 10:02:54.064  4415  4500 D GStreamer+GST_ELEMENT_FACTORY: 0:02:33.280508848 0xf37ecec0 gstelementfactory.c:848:gst_element_factory_list_filter Trying sbcparse
05-10 10:02:54.064  4415  4502 D GStreamer+GST_SCHEDULING: 0:02:33.280534525 0xf37ecfb0 gstpad.c:4153:gst_pad_chain_data_unchecked:<queue0:sink> calling chainfunction &gst_queue_chain with buffer buffer: 0xf3ae4508, pts 0:00:00.079666666, dts 0:00:00.079666666, dur 0:00:00.019666667, size 55746, offset none, offset_end none, flags 0x0
05-10 10:02:54.064  4415  4500 D GStreamer+GST_ELEMENT_FACTORY: 0:02:33.280544056 0xf37ecec0 gstelementfactory.c:848:gst_element_factory_list_filter Trying wavpackparse
05-10 10:02:54.064  4415  4500 D GStreamer+GST_ELEMENT_FACTORY: 0:02:33.280582233 0xf37ecec0 gstelementfactory.c:848:gst_element_factory_list_filter Trying avisubtitle
05-10 10:02:54.064  4415  4502 D GStreamer+GST_SCHEDULING: 0:02:33.280599889 0xf37ecfb0 gstpad.c:4159:gst_pad_chain_data_unchecked:<queue0:sink> called chainfunction &gst_queue_chain with buffer 0xf3ae4508, returned ok
05-10 10:02:54.064  4415  4500 D GStreamer+GST_ELEMENT_FACTORY: 0:02:33.280619993 0xf37ecec0 gstelementfactory.c:848:gst_element_factory_list_filter Trying oggaviparse
05-10 10:02:54.064  4415  4501 D GStreamer+default: 0:02:33.280662598 0xf37ecf50 gstutils.c:2561:query_caps_func:<sink:proxypad0> intersect with result video/x-h264, parsed=(boolean)true, stream-format=(string)byte-stream, alignment=(string)au
05-10 10:02:54.064  4415  4502 D GStreamer+qtdemux: 0:02:33.280670410 0xf37ecfb0 qtdemux.c:7675:qtdemux_parse_samples:<q> parsing up to sample 4
05-10 10:02:54.064  4415  4501 D GStreamer+default: 0:02:33.280709004 0xf37ecf50 gstutils.c:2563:query_caps_func:<sink:proxypad0> intersected video/x-h264, parsed=(boolean)true, stream-format=(string)byte-stream, alignment=(string)au
05-10 10:02:54.064  4415  4502 D GStreamer+qtdemux: 0:02:33.280723118 0xf37ecfb0 qtdemux.c:7882:qtdemux_parse_samples:<q> sample 4: index 0, timestamp 0:00:00.099333333
05-10 10:02:54.064  4415  4501 D GStreamer+GST_PADS: 0:02:33.280764264 0xf37ecf50 gstpad.c:3339:gst_pad_query_default:<forhwgl:sink> not forwarding 0xf390ac90 (caps) query
05-10 10:02:54.064  4415  4502 D GStreamer+qtdemux: 0:02:33.280780618 0xf37ecfb0 qtdemux.c:7937:qtdemux_parse_samples:<q> samples at 4 is keyframe
05-10 10:02:54.064  4415  4501 D GStreamer+GST_PADS: 0:02:33.280808952 0xf37ecf50 gstpad.c:3905:gst_pad_query:<forhwgl:sink> sent query 0xf390ac90 (caps), result 1
05-10 10:02:54.064  4415  4502 D GStreamer+qtdemux: 0:02:33.280855983 0xf37ecfb0 qtdemux.c:5197:gst_qtdemux_loop_state_movie:<q> pushing from stream 1, empty 0 offset 248139, size 144, dts=0:00:00.408000000, pts=0:00:00.408000000, duration 0:00:00.024000000
05-10 10:02:54.064  4415  4501 D GStreamer+GST_CAPS: 0:02:33.280873170 0xf37ecf50 gstutils.c:2891:gst_pad_peer_query_caps:<capsfilter0:src> peer query returned video/x-h264, parsed=(boolean)true, stream-format=(string)byte-stream, alignment=(string)au
05-10 10:02:54.064  4415  4502 D GStreamer+basesrc: 0:02:33.280908900 0xf37ecfb0 gstbasesrc.c:2355:gst_base_src_update_length:<filesrc0> reading offset 248139, length 144, size 15003960, segment.stop -1, maxsize 15003960
05-10 10:02:54.064  4415  4501 D GStreamer+basetransform: 0:02:33.280928587 0xf37ecf50 gstbasetransform.c:746:gst_base_transform_query_caps:<capsfilter0:sink> peer caps  video/x-h264, parsed=(boolean)true, stream-format=(string)byte-stream, alignment=(string)au
05-10 10:02:54.065  4415  4502 D GStreamer+basesrc: 0:02:33.280953379 0xf37ecfb0 gstbasesrc.c:2456:gst_base_src_get_range:<filesrc0> calling create offset 248139 length 144, time 0
05-10 10:02:54.065  4415  4501 D GStreamer+basetransform: 0:02:33.280976400 0xf37ecf50 gstbasetransform.c:749:gst_base_transform_query_caps:<capsfilter0:sink> our template  ANY
05-10 10:02:54.065  4415  4502 D GStreamer+GST_MEMORY: 0:02:33.281003900 0xf37ecfb0 gstmemory.c:138:gst_memory_init new memory 0xf3af0110, maxsize:147 offset:0 size:144
05-10 10:02:54.065  4415  4501 D GStreamer+basetransform: 0:02:33.281032441 0xf37ecf50 gstbasetransform.c:751:gst_base_transform_query_caps:<capsfilter0:sink> intersected video/x-h264, parsed=(boolean)true, stream-format=(string)byte-stream, alignment=(string)au
05-10 10:02:54.065  4415  4502 D GStreamer+basesrc: 0:02:33.281049473 0xf37ecfb0 gstbasesrc.c:2310:gst_base_src_do_sync:<filesrc0> we have no clock
05-10 10:02:54.065  4415  4501 D GStreamer+basetransform: 0:02:33.281075410 0xf37ecf50 gstbasetransform.c:533:gst_base_transform_transform_caps:<capsfilter0> transform caps (direction = 1)
05-10 10:02:54.065  4415  4502 D GStreamer+basesrc: 0:02:33.281093587 0xf37ecfb0 gstbasesrc.c:2520:gst_base_src_get_range:<filesrc0> buffer ok
05-10 10:02:54.065  4415  4501 D GStreamer+capsfilter: 0:02:33.281134525 0xf37ecf50 gstcapsfilter.c:295:gst_capsfilter_transform_caps:<capsfilter0> input:     video/x-h264, parsed=(boolean)true, stream-format=(string)byte-stream, alignment=(string)au
05-10 10:02:54.065  4415  4502 D GStreamer+GST_SCHEDULING: 0:02:33.281174108 0xf37ecfb0 gstpad.c:4153:gst_pad_chain_data_unchecked:<queue2:sink> calling chainfunction &gst_queue_chain with buffer buffer: 0xf3ae45a8, pts 0:00:00.408000000, dts 0:00:00.408000000, dur 0:00:00.024000000, size 144, offset none, offset_end none, flags 0x0
05-10 10:02:54.065  4415  4501 D GStreamer+capsfilter: 0:02:33.281189056 0xf37ecf50 gstcapsfilter.c:296:gst_capsfilter_transform_caps:<capsfilter0> filter:    video/x-h264, parsed=(boolean)true, stream-format=(string){ avc, avc3, byte-stream }, alignment=(string){ au, nal }
05-10 10:02:54.065  4415  4502 D GStreamer+GST_SCHEDULING: 0:02:33.281229108 0xf37ecfb0 gstpad.c:4159:gst_pad_chain_data_unchecked:<queue2:sink> called chainfunction &gst_queue_chain with buffer 0xf3ae45a8, returned ok
05-10 10:02:54.065  4415  4501 D GStreamer+capsfilter: 0:02:33.281249733 0xf37ecf50 gstcapsfilter.c:298:gst_capsfilter_transform_caps:<capsfilter0> caps filter:    video/x-h264, parsed=(boolean)true, stream-format=(string)byte-stream, alignment=(string)au
05-10 10:02:54.065  4415  4502 D GStreamer+qtdemux: 0:02:33.281272389 0xf37ecfb0 qtdemux.c:7675:qtdemux_parse_samples:<q> parsing up to sample 18
05-10 10:02:54.065  4415  4501 D GStreamer+capsfilter: 0:02:33.281299420 0xf37ecf50 gstcapsfilter.c:299:gst_capsfilter_transform_caps:<capsfilter0> intersect: video/x-h264, parsed=(boolean)true, stream-format=(string)byte-stream, alignment=(string)au
05-10 10:02:54.065  4415  4502 D GStreamer+qtdemux: 0:02:33.281327962 0xf37ecfb0 qtdemux.c:7882:qtdemux_parse_samples:<q> sample 18: index 18, timestamp 0:00:00.432000000
05-10 10:02:54.065  4415  4501 D GStreamer+basetransform: 0:02:33.281348014 0xf37ecf50 gstbasetransform.c:560:gst_base_transform_transform_caps:<capsfilter0> to: video/x-h264, parsed=(boolean)true, stream-format=(string)byte-stream, alignment=(string)au
05-10 10:02:54.065  4415  4502 D GStreamer+qtdemux: 0:02:33.281367285 0xf37ecfb0 qtdemux.c:7982:qtdemux_parse_samples:<q> setting all keyframes
05-10 10:02:54.065  4415  4501 D GStreamer+basetransform: 0:02:33.281395983 0xf37ecf50 gstbasetransform.c:759:gst_base_transform_query_caps:<capsfilter0:sink> transformed  video/x-h264, parsed=(boolean)true, stream-format=(string)byte-stream, alignment=(string)au
05-10 10:02:54.065  4415  4502 D GStreamer+qtdemux: 0:02:33.281428379 0xf37ecfb0 qtdemux.c:5197:gst_qtdemux_loop_state_movie:<q> pushing from stream 0, empty 0 offset 196323, size 51816, dts=0:00:00.099333333, pts=0:00:00.099333333, duration 0:00:00.020000000
05-10 10:02:54.065  4415  4501 D GStreamer+basetransform: 0:02:33.281437858 0xf37ecf50 gstbasetransform.c:766:gst_base_transform_query_caps:<capsfilter0:sink> our template  ANY
05-10 10:02:54.065  4415  4502 D GStreamer+basesrc: 0:02:33.281491816 0xf37ecfb0 gstbasesrc.c:2355:gst_base_src_update_length:<filesrc0> reading offset 196323, length 51816, size 15003960, segment.stop -1, maxsize 15003960
05-10 10:02:54.065  4415  4501 D GStreamer+basetransform: 0:02:33.281511973 0xf37ecf50 gstbasetransform.c:769:gst_base_transform_query_caps:<capsfilter0:sink> intersected video/x-h264, parsed=(boolean)true, stream-format=(string)byte-stream, alignment=(string)au
05-10 10:02:54.065  4415  4502 D GStreamer+basesrc: 0:02:33.281538223 0xf37ecfb0 gstbasesrc.c:2456:gst_base_src_get_range:<filesrc0> calling create offset 196323 length 51816, time 0
05-10 10:02:54.065  4415  4501 D GStreamer+basetransform: 0:02:33.281584889 0xf37ecf50 gstbasetransform.c:793:gst_base_transform_query_caps:<capsfilter0> returning  video/x-h264, parsed=(boolean)true, stream-format=(string)byte-stream, alignment=(string)au
05-10 10:02:54.065  4415  4502 D GStreamer+GST_MEMORY: 0:02:33.281591608 0xf37ecfb0 gstmemory.c:138:gst_memory_init new memory 0xf3b15a20, maxsize:51819 offset:0 size:51816
05-10 10:02:54.065  4415  4501 D GStreamer+GST_PADS: 0:02:33.281632441 0xf37ecf50 gstpad.c:3905:gst_pad_query:<capsfilter0:sink> sent query 0xf390ac60 (caps), result 1
05-10 10:02:54.065  4415  4502 D GStreamer+basesrc: 0:02:33.281684837 0xf37ecfb0 gstbasesrc.c:2310:gst_base_src_do_sync:<filesrc0> we have no clock
05-10 10:02:54.065  4415  4501 D GStreamer+GST_CAPS: 0:02:33.281704785 0xf37ecf50 gstutils.c:2891:gst_pad_peer_query_caps:<h264parse0:src> peer query returned video/x-h264, parsed=(boolean)true, stream-format=(string)byte-stream, alignment=(string)au
05-10 10:02:54.065  4415  4502 D GStreamer+basesrc: 0:02:33.281725931 0xf37ecfb0 gstbasesrc.c:2520:gst_base_src_get_range:<filesrc0> buffer ok
05-10 10:02:54.065  4415  4501 D GStreamer+GST_PERFORMANCE: 0:02:33.281755254 0xf37ecf50 gstcaps.c:169:_gst_caps_copy:<0xf3a2e0f0> doing copy 0xf3a2e0f0 -> 0xf3a2e118
05-10 10:02:54.065  4415  4502 D GStreamer+GST_SCHEDULING: 0:02:33.281818275 0xf37ecfb0 gstpad.c:4153:gst_pad_chain_data_unchecked:<queue0:sink> calling chainfunction &gst_queue_chain with buffer buffer: 0xf3ae4648, pts 0:00:00.099333333, dts 0:00:00.099333333, dur 0:00:00.020000000, size 51816, offset none, offset_end none, flags 0x0
05-10 10:02:54.065  4415  4501 D GStreamer+GST_CAPS: 0:02:33.281868014 0xf37ecf50 gstpad.c:2648:gst_pad_get_current_caps:<h264parse0:sink> get current pad caps video/x-h264, stream-format=(string)avc, alignment=(string)au, level=(string)4, profile=(string)baseline, codec_data=(buffer)01428028ffe1000a27428028e54028016b2001000528de01ae20, width=(int)1280, height=(int)1440, framerate=(fraction)151/3, pixel-aspect-ratio=(fraction)1/1
05-10 10:02:54.065  4415  4502 D GStreamer+GST_SCHEDULING: 0:02:33.281884368 0xf37ecfb0 gstpad.c:4159:gst_pad_chain_data_unchecked:<queue0:sink> called chainfunction &gst_queue_chain with buffer 0xf3ae4648, returned ok
05-10 10:02:54.065  4415  4501 I GStreamer+baseparse: 0:02:33.281924108 0xf37ecf50 gstbaseparse.c:1118:gst_base_parse_negotiate_default_caps:<h264parse0> Chose default caps video/x-h264, parsed=(boolean)true, stream-format=(string)avc, alignment=(string)au for initial gap
05-10 10:02:54.066  4415  4502 D GStreamer+qtdemux: 0:02:33.281941556 0xf37ecfb0 qtdemux.c:7675:qtdemux_parse_samples:<q> parsing up to sample 5
05-10 10:02:54.066  4415  4501 D GStreamer+baseparse: 0:02:33.281966816 0xf37ecf50 gstbaseparse.c:1407:gst_base_parse_sink_event_default:<h264parse0> Store caps event to pending list for initial pre-rolling
05-10 10:02:54.066  4415  4502 D GStreamer+qtdemux: 0:02:33.281997181 0xf37ecfb0 qtdemux.c:7882:qtdemux_parse_samples:<q> sample 5: index 1, timestamp 0:00:00.119333333
05-10 10:02:54.066  4415  4501 I GStreamer+GST_EVENT: 0:02:33.282012025 0xf37ecf50 gstevent.c:679:gst_event_new_caps creating caps event video/x-h264, parsed=(boolean)true, stream-format=(string)avc, alignment=(string)au
05-10 10:02:54.066  4415  4502 D GStreamer+qtdemux: 0:02:33.282034889 0xf37ecfb0 qtdemux.c:7937:qtdemux_parse_samples:<q> samples at 5 is keyframe
05-10 10:02:54.066  4415  4501 D GStreamer+GST_EVENT: 0:02:33.282049212 0xf37ecf50 gstevent.c:302:gst_event_new_custom creating new event 0xf39dba48 caps 12814
05-10 10:02:54.066  4415  4501 D GStreamer+GST_PADS: 0:02:33.282093379 0xf37ecf50 gstpad.c:3813:check_sticky:<h264parse0:src> pushing all sticky events
05-10 10:02:54.066  4415  4502 D GStreamer+qtdemux: 0:02:33.282109837 0xf37ecfb0 qtdemux.c:5197:gst_qtdemux_loop_state_movie:<q> pushing from stream 0, empty 0 offset 248283, size 51092, dts=0:00:00.119333333, pts=0:00:00.119333333, duration 0:00:00.020000000
05-10 10:02:54.066  4415  4501 D GStreamer+GST_PADS: 0:02:33.282134733 0xf37ecf50 gstpad.c:3745:push_sticky:<h264parse0:src> event stream-start was already received
05-10 10:02:54.066  4415  4502 D GStreamer+basesrc: 0:02:33.282166608 0xf37ecfb0 gstbasesrc.c:2355:gst_base_src_update_length:<filesrc0> reading offset 248283, length 51092, size 15003960, segment.stop -1, maxsize 15003960
05-10 10:02:54.066  4415  4502 D GStreamer+basesrc: 0:02:33.282211139 0xf37ecfb0 gstbasesrc.c:2456:gst_base_src_get_range:<filesrc0> calling create offset 248283 length 51092, time 0
05-10 10:02:54.066  4415  4502 D GStreamer+GST_MEMORY: 0:02:33.282268014 0xf37ecfb0 gstmemory.c:138:gst_memory_init new memory 0xf3b224e0, maxsize:51095 offset:0 size:51092
05-10 10:02:54.066  4415  4501 D GStreamer+GST_EVENT: 0:02:33.282313431 0xf37ecf50 gstpad.c:5496:gst_pad_send_event_unchecked:<capsfilter0:sink> have event type segment event: 0xf39c9e70, time 99:99:99.999999999, seq-num 113, GstEventSegment, segment=(GstSegment)"GstSegment, flags=(GstSegmentFlags)GST_SEGMENT_FLAG_NONE, rate=(double)1, applied-rate=(double)1, format=(GstFormat)GST_FORMAT_TIME, base=(guint64)0, offset=(guint64)0, start=(guint64)0, stop=(guint64)311000000, time=(guint64)0, position=(guint64)0, duration=(guint64)18446744073709551615;";
05-10 10:02:54.066  4415  4501 D GStreamer+GST_CAPS: 0:02:33.282355827 0xf37ecf50 gstpad.c:2621:gst_pad_has_current_caps:<capsfilter0:sink> check current pad caps (NULL)
05-10 10:02:54.066  4415  4501 D GStreamer+GST_PADS: 0:02:33.282395566 0xf37ecf50 gstpad.c:5569:gst_pad_send_event_unchecked:<capsfilter0:sink> sent event, ret ok
05-10 10:02:54.066  4415  4501 D GStreamer+GST_PADS: 0:02:33.282437598 0xf37ecf50 gstpad.c:3765:push_sticky:<h264parse0:src> event segment marked received
05-10 10:02:54.066  4415  4501 D GStreamer+GST_PADS: 0:02:33.282487077 0xf37ecf50 gstpad.c:3813:check_sticky:<h264parse0:src> pushing all sticky events
05-10 10:02:54.066  4415  4501 D GStreamer+GST_PADS: 0:02:33.282527754 0xf37ecf50 gstpad.c:3745:push_sticky:<h264parse0:src> event stream-start was already received
05-10 10:02:54.066  4415  4500 D GStreamer+GST_ELEMENT_FACTORY: 0:02:33.282243431 0xf37ecec0 gstelementfactory.c:848:gst_element_factory_list_filter Trying pngparse
05-10 10:02:54.066  4415  4502 D GStreamer+basesrc: 0:02:33.282569993 0xf37ecfb0 gstbasesrc.c:2310:gst_base_src_do_sync:<filesrc0> we have no clock
05-10 10:02:54.066  4415  4502 D GStreamer+basesrc: 0:02:33.282606295 0xf37ecfb0 gstbasesrc.c:2520:gst_base_src_get_range:<filesrc0> buffer ok
05-10 10:02:54.066  4415  4500 D GStreamer+GST_ELEMENT_FACTORY: 0:02:33.282625150 0xf37ecec0 gstelementfactory.c:848:gst_element_factory_list_filter Trying ssaparse
