05-10 10:02:54.044  4415  4502 D GStreamer+GST_EVENT: 0:02:33.260845723 0xf37ecfb0 gstpad.c:5496:gst_pad_send_event_unchecked:<queue0:sink> have event type tag event: 0xf39c9f00, time 99:99:99.999999999, seq-num 115, GstTagList-global, taglist=(taglist)"taglist\,\ datetime\=\(datetime\)2016-05-10T02:46:01Z\,\ container-format\=\(string\)\"ISO\\\ MP4/M4A\"\;";
05-10 10:02:54.044  4415  4501 D GStreamer+h264parse: 0:02:33.260865358 0xf37ecf50 gsth264parse.c:737:gst_h264_parse_process_nal:<h264parse0> triggering src caps check
05-10 10:02:54.044  4415  4502 D GStreamer+GST_PADS: 0:02:33.260890983 0xf37ecfb0 gstpad.c:5569:gst_pad_send_event_unchecked:<queue0:sink> sent event, ret ok
05-10 10:02:54.044  4415  4501 D GStreamer+h264parse: 0:02:33.260908639 0xf37ecf50 gsth264parse.c:454:gst_h264_parser_store_nal:<h264parse0> storing sps 0
05-10 10:02:54.044  4415  4502 D GStreamer+GST_PADS: 0:02:33.260935618 0xf37ecfb0 gstpad.c:3765:push_sticky:<q:video_0> event tag marked received
05-10 10:02:54.044  4415  4501 D GStreamer+GST_MEMORY: 0:02:33.260944941 0xf37ecf50 gstmemory.c:138:gst_memory_init new memory 0xf3ab3b00, maxsize:13 offset:0 size:10
05-10 10:02:54.045  4415  4502 D GStreamer+qtdemux: 0:02:33.260971660 0xf37ecfb0 qtdemux.c:4334:gst_qtdemux_activate_segment:<q:video_0> No need to look for keyframe, this is an empty segment
05-10 10:02:54.045  4415  4501 D GStreamer+codecparsers_h264: 0:02:33.260980150 0xf37ecf50 gsth264parser.c:253:gst_h264_parse_nalu_header Nal type 8, ref_idc 1
05-10 10:02:54.045  4415  4501 D GStreamer+h264parse: 0:02:33.261031816 0xf37ecf50 gsth264parse.c:716:gst_h264_parse_process_nal:<h264parse0> processing nal of type 8 PPS, size 5
05-10 10:02:54.045  4415  4502 D GStreamer+qtdemux: 0:02:33.261050983 0xf37ecfb0 qtdemux.c:5197:gst_qtdemux_loop_state_movie:<q> pushing from stream 0, empty 1 offset 0, size 0, dts=0:00:00.000000000, pts=0:00:00.000000000, duration 0:00:00.311000000
05-10 10:02:54.045  4415  4501 D GStreamer+codecparsers_h264: 0:02:33.261062754 0xf37ecf50 gsth264parser.c:1912:gst_h264_parse_pps parsing PPS
05-10 10:02:54.045  4415  4502 D GStreamer+GST_EVENT: 0:02:33.261096764 0xf37ecfb0 gstevent.c:302:gst_event_new_custom creating new event 0xf39c9f48 gap 40966
05-10 10:02:54.045  4415  4501 D GStreamer+codecparsers_h264: 0:02:33.261113379 0xf37ecf50 gsth264parser.c:2045:gst_h264_parser_parse_pps adding picture parameter set with id: 0 to array
05-10 10:02:54.045  4415  4501 D GStreamer+h264parse: 0:02:33.261156660 0xf37ecf50 gsth264parse.c:770:gst_h264_parse_process_nal:<h264parse0> triggering src caps check
05-10 10:02:54.045  4415  4502 D GStreamer+GST_EVENT: 0:02:33.261175254 0xf37ecfb0 gstpad.c:5496:gst_pad_send_event_unchecked:<queue0:sink> have event type gap event: 0xf39c9f48, time 99:99:99.999999999, seq-num 116, GstEventGap, timestamp=(guint64)0, duration=(guint64)311000000;
05-10 10:02:54.045  4415  4501 D GStreamer+h264parse: 0:02:33.261204577 0xf37ecf50 gsth264parse.c:458:gst_h264_parser_store_nal:<h264parse0> storing pps 0
05-10 10:02:54.045  4415  4502 D GStreamer+GST_PADS: 0:02:33.261225931 0xf37ecfb0 gstpad.c:5569:gst_pad_send_event_unchecked:<queue0:sink> sent event, ret ok
05-10 10:02:54.045  4415  4501 D GStreamer+GST_MEMORY: 0:02:33.261249368 0xf37ecf50 gstmemory.c:138:gst_memory_init new memory 0xf3abd978, maxsize:8 offset:0 size:5
05-10 10:02:54.045  4415  4502 D GStreamer+qtdemux: 0:02:33.261266452 0xf37ecfb0 qtdemux.c:4500:gst_qtdemux_advance_sample:<q> Empty segment, no samples to advance
05-10 10:02:54.045  4415  4502 D GStreamer+qtdemux: 0:02:33.261309941 0xf37ecfb0 qtdemux.c:4549:gst_qtdemux_advance_sample:<q> segment 0 ended 
05-10 10:02:54.045  4415  4501 D GStreamer+GST_PROPERTIES: 0:02:33.261325462 0xf37ecf50 gstpad.c:2732:gst_pad_get_allowed_caps:<h264parse0:src> getting allowed caps
05-10 10:02:54.045  4415  4502 D GStreamer+qtdemux: 0:02:33.261368483 0xf37ecfb0 qtdemux.c:4264:gst_qtdemux_activate_segment:<q:audio_0> new segment 0 from 0:00:00.000000000 to 0:00:07.176000000, time 0:00:00.000000000
05-10 10:02:54.045  4415  4501 D GStreamer+GST_CAPS: 0:02:33.261385098 0xf37ecf50 gstutils.c:2838:gst_pad_query_caps:<h264parse0:src> get pad caps with filter (NULL)
05-10 10:02:54.045  4415  4501 D GStreamer+query: 0:02:33.261431243 0xf37ecf50 gstquery.c:674:gst_query_new_custom creating new query 0xf3ac5f50 caps
05-10 10:02:54.045  4415  4502 D GStreamer+qtdemux: 0:02:33.261448639 0xf37ecfb0 qtdemux.c:4285:gst_qtdemux_activate_segment:<q:audio_0> New segment: time segment start=0:00:00.000000000, offset=0:00:00.000000000, stop=0:00:07.176000000, rate=1.000000, applied_rate=1.000000, flags=0x00, time=0:00:00.000000000, base=0:00:00.000000000, position 0:00:00.000000000, duration 99:99:99.999999999
05-10 10:02:54.045  4415  4501 D GStreamer+GST_PADS: 0:02:33.261486243 0xf37ecf50 gstpad.c:3882:gst_pad_query:<h264parse0:src> doing query 0xf3ac5f50 (caps)
05-10 10:02:54.045  4415  4502 I GStreamer+GST_EVENT: 0:02:33.261549837 0xf37ecfb0 gstevent.c:760:gst_event_new_segment creating segment event time segment start=0:00:00.000000000, offset=0:00:00.000000000, stop=0:00:07.176000000, rate=1.000000, applied_rate=1.000000, flags=0x00, time=0:00:00.000000000, base=0:00:00.000000000, position 0:00:00.000000000, duration 99:99:99.999999999
05-10 10:02:54.045  4415  4501 D GStreamer+baseparse: 0:02:33.261568275 0xf37ecf50 gstbaseparse.c:1579:gst_base_parse_src_query:<h264parse0> caps query: caps query: 0xf3ac5f50, GstQueryCaps, filter=(GstCaps)"NULL", caps=(GstCaps)"NULL";
05-10 10:02:54.045  4415  4502 D GStreamer+GST_EVENT: 0:02:33.261590670 0xf37ecfb0 gstevent.c:302:gst_event_new_custom creating new event 0xf39c9f90 segment 17934
05-10 10:02:54.045  4415  4501 D GStreamer+GST_CAPS: 0:02:33.261628900 0xf37ecf50 gstpad.c:3088:gst_pad_query_caps_default:<h264parse0:src> query caps caps query: 0xf3ac5f50, GstQueryCaps, filter=(GstCaps)"NULL", caps=(GstCaps)"NULL";
05-10 10:02:54.045  4415  4502 D GStreamer+GST_PADS: 0:02:33.261645618 0xf37ecfb0 gstpad.c:3813:check_sticky:<q:audio_0> pushing all sticky events
05-10 10:02:54.045  4415  4501 D GStreamer+GST_CAPS: 0:02:33.261674316 0xf37ecf50 gstpad.c:3105:gst_pad_query_caps_default:<h264parse0:src> fixed pad caps: trying pad caps
05-10 10:02:54.045  4415  4501 D GStreamer+GST_CAPS: 0:02:33.261722441 0xf37ecf50 gstpad.c:3111:gst_pad_query_caps_default:<h264parse0:src> trying pad template caps
05-10 10:02:54.045  4415  4502 D GStreamer+GST_EVENT: 0:02:33.261741295 0xf37ecfb0 gstpad.c:5496:gst_pad_send_event_unchecked:<queue2:sink> have event type stream-start event: 0xf39c9d98, time 99:99:99.999999999, seq-num 108, GstEventStreamStart, stream-id=(string)71ab440d261a1bb43c19b397eec2373651540427aed1e7b0deb4be62a10a7f25/002, flags=(GstStreamFlags)GST_STREAM_FLAG_NONE, group-id=(uint)0;
05-10 10:02:54.045  4415  4501 D GStreamer+GST_CAPS: 0:02:33.261807389 0xf37ecf50 gstpad.c:3141:gst_pad_query_caps_default:<h264parse0:src> using caps 0xf36dadb8 video/x-h264, parsed=(boolean)true, stream-format=(string){ avc, avc3, byte-stream }, alignment=(string){ au, nal }
05-10 10:02:54.045  4415  4502 D GStreamer+GST_PADS: 0:02:33.261825618 0xf37ecfb0 gstpad.c:5569:gst_pad_send_event_unchecked:<queue2:sink> sent event, ret ok
05-10 10:02:54.045  4415  4500 D GStreamer+queue_dataflow: 0:02:33.261840045 0xf37ecec0 gstqueue.c:1476:gst_queue_loop:<queue2> queue is not empty
05-10 10:02:54.045  4415  4502 D GStreamer+GST_PADS: 0:02:33.261867493 0xf37ecfb0 gstpad.c:3765:push_sticky:<q:audio_0> event stream-start marked received
05-10 10:02:54.045  4415  4500 D GStreamer+GST_PADS: 0:02:33.261882285 0xf37ecec0 gstpad.c:3813:check_sticky:<queue2:src> pushing all sticky events
05-10 10:02:54.046  4415  4502 D GStreamer+GST_EVENT: 0:02:33.261965514 0xf37ecfb0 gstpad.c:5496:gst_pad_send_event_unchecked:<queue2:sink> have event type caps event: 0xf39c9de0, time 99:99:99.999999999, seq-num 109, GstEventCaps, caps=(GstCaps)"audio/mpeg\,\ mpegversion\=\(int\)1\,\ parsed\=\(boolean\)true\,\ rate\=\(int\)24000\,\ channels\=\(int\)1";
05-10 10:02:54.046  4415  4500 D GStreamer+GST_EVENT: 0:02:33.261979993 0xf37ecec0 gstpad.c:5496:gst_pad_send_event_unchecked:<decodebin1:sink> have event type stream-start event: 0xf39c9d98, time 99:99:99.999999999, seq-num 108, GstEventStreamStart, stream-id=(string)71ab440d261a1bb43c19b397eec2373651540427aed1e7b0deb4be62a10a7f25/002, flags=(GstStreamFlags)GST_STREAM_FLAG_NONE, group-id=(uint)0;
05-10 10:02:54.046  4415  4502 D GStreamer+GST_CAPS: 0:02:33.262029889 0xf37ecfb0 gstutils.c:2921:gst_pad_query_accept_caps:<queue2:sink> accept caps of audio/mpeg, mpegversion=(int)1, parsed=(boolean)true, rate=(int)24000, channels=(int)1
05-10 10:02:54.046  4415  4500 D GStreamer+GST_PADS: 0:02:33.262044889 0xf37ecec0 gstpad.c:3813:check_sticky:<sink:proxypad2> pushing all sticky events
05-10 10:02:54.046  4415  4502 D GStreamer+query: 0:02:33.262071608 0xf37ecfb0 gstquery.c:674:gst_query_new_custom creating new query 0xf3ac5c90 accept-caps
05-10 10:02:54.046  4415  4502 D GStreamer+GST_PADS: 0:02:33.262113795 0xf37ecfb0 gstpad.c:3882:gst_pad_query:<queue2:sink> doing query 0xf3ac5c90 (accept-caps)
05-10 10:02:54.046  4415  4500 D GStreamer+GST_EVENT: 0:02:33.262124264 0xf37ecec0 gstpad.c:5496:gst_pad_send_event_unchecked:<typefind:sink> have event type stream-start event: 0xf39c9d98, time 99:99:99.999999999, seq-num 108, GstEventStreamStart, stream-id=(string)71ab440d261a1bb43c19b397eec2373651540427aed1e7b0deb4be62a10a7f25/002, flags=(GstStreamFlags)GST_STREAM_FLAG_NONE, group-id=(uint)0;
05-10 10:02:54.046  4415  4500 D GStreamer+typefind: 0:02:33.262187910 0xf37ecec0 gsttypefindelement.c:613:gst_type_find_element_sink_event:<typefind> got stream-start event in mode 1
05-10 10:02:54.046  4415  4502 D GStreamer+GST_PADS: 0:02:33.262205462 0xf37ecfb0 gstpad.c:3035:gst_pad_query_accept_caps_default:<queue2:sink> query accept-caps accept-caps query: 0xf3ac5c90, GstQueryAcceptCaps, caps=(GstCaps)"audio/mpeg\,\ mpegversion\=\(int\)1\,\ parsed\=\(boolean\)true\,\ rate\=\(int\)24000\,\ channels\=\(int\)1", result=(boolean)false;
05-10 10:02:54.046  4415  4500 D GStreamer+GST_PADS: 0:02:33.262231035 0xf37ecec0 gstpad.c:3813:check_sticky:<typefind:src> pushing all sticky events
05-10 10:02:54.046  4415  4502 D GStreamer+GST_PADS: 0:02:33.262258587 0xf37ecfb0 gstutils.c:2530:gst_pad_proxy_query_accept_caps:<queue2:sink> proxying accept caps query for queue2:sink
05-10 10:02:54.046  4415  4500 D GStreamer+GST_PADS: 0:02:33.262280983 0xf37ecec0 gstpad.c:5266:gst_pad_push_event_unchecked:<typefind:src> Dropping event stream-start because pad is not linked
05-10 10:02:54.046  4415  4502 D GStreamer+GST_PADS: 0:02:33.262304212 0xf37ecfb0 gstpad.c:2803:gst_pad_iterate_internal_links_default:<queue2:sink> Making iterator
05-10 10:02:54.046  4415  4500 D GStreamer+GST_PADS: 0:02:33.262322650 0xf37ecec0 gstpad.c:3784:push_sticky:<typefind:src> pad was not linked, mark pending
05-10 10:02:54.046  4415  4502 D GStreamer+GST_PADS: 0:02:33.262358535 0xf37ecfb0 gstpad.c:4009:gst_pad_peer_query:<queue2:src> peer query 0xf3ac5c90 (accept-caps)
05-10 10:02:54.046  4415  4500 D GStreamer+GST_PADS: 0:02:33.262375775 0xf37ecec0 gstpad.c:5569:gst_pad_send_event_unchecked:<typefind:sink> sent event, ret ok
05-10 10:02:54.046  4415  4502 D GStreamer+GST_PADS: 0:02:33.262405983 0xf37ecfb0 gstpad.c:3882:gst_pad_query:<decodebin1:sink> doing query 0xf3ac5c90 (accept-caps)
05-10 10:02:54.046  4415  4500 D GStreamer+GST_PADS: 0:02:33.262430879 0xf37ecec0 gstpad.c:3765:push_sticky:<sink:proxypad2> event stream-start marked received
05-10 10:02:54.046  4415  4500 D GStreamer+GST_PADS: 0:02:33.262492650 0xf37ecec0 gstpad.c:5569:gst_pad_send_event_unchecked:<decodebin1:sink> sent event, ret ok
05-10 10:02:54.046  4415  4502 D GStreamer+GST_PADS: 0:02:33.262510775 0xf37ecfb0 gstpad.c:3035:gst_pad_query_accept_caps_default:<decodebin1:sink> query accept-caps accept-caps query: 0xf3ac5c90, GstQueryAcceptCaps, caps=(GstCaps)"audio/mpeg\,\ mpegversion\=\(int\)1\,\ parsed\=\(boolean\)true\,\ rate\=\(int\)24000\,\ channels\=\(int\)1", result=(boolean)false;
05-10 10:02:54.046  4415  4500 D GStreamer+GST_PADS: 0:02:33.262536556 0xf37ecec0 gstpad.c:3765:push_sticky:<queue2:src> event stream-start marked received
05-10 10:02:54.046  4415  4502 D GStreamer+GST_PADS: 0:02:33.262562806 0xf37ecfb0 gstutils.c:2530:gst_pad_proxy_query_accept_caps:<decodebin1:sink> proxying accept caps query for decodebin1:sink
05-10 10:02:54.046  4415  4500 D GStreamer+queue_dataflow: 0:02:33.262579785 0xf37ecec0 gstqueue.c:1464:gst_queue_loop:<queue2> queue is empty
05-10 10:02:54.046  4415  4502 D GStreamer+GST_PADS: 0:02:33.262609993 0xf37ecfb0 gstpad.c:4009:gst_pad_peer_query:<sink:proxypad2> peer query 0xf3ac5c90 (accept-caps)
05-10 10:02:54.046  4415  4501 D GStreamer+GST_PADS: 0:02:33.262639212 0xf37ecf50 gstpad.c:3339:gst_pad_query_default:<h264parse0:src> not forwarding 0xf3ac5f50 (caps) query
05-10 10:02:54.046  4415  4502 D GStreamer+GST_PADS: 0:02:33.262661295 0xf37ecfb0 gstpad.c:3882:gst_pad_query:<typefind:sink> doing query 0xf3ac5c90 (accept-caps)
05-10 10:02:54.046  4415  4501 D GStreamer+GST_PADS: 0:02:33.262689785 0xf37ecf50 gstpad.c:3905:gst_pad_query:<h264parse0:src> sent query 0xf3ac5f50 (caps), result 1
05-10 10:02:54.046  4415  4502 D GStreamer+GST_PADS: 0:02:33.262739056 0xf37ecfb0 gstpad.c:3035:gst_pad_query_accept_caps_default:<typefind:sink> query accept-caps accept-caps query: 0xf3ac5c90, GstQueryAcceptCaps, caps=(GstCaps)"audio/mpeg\,\ mpegversion\=\(int\)1\,\ parsed\=\(boolean\)true\,\ rate\=\(int\)24000\,\ channels\=\(int\)1", result=(boolean)false;
05-10 10:02:54.046  4415  4501 D GStreamer+GST_CAPS: 0:02:33.262760618 0xf37ecf50 gstutils.c:2845:gst_pad_query_caps:<h264parse0:src> query returned video/x-h264, parsed=(boolean)true, stream-format=(string){ avc, avc3, byte-stream }, alignment=(string){ au, nal }
05-10 10:02:54.046  4415  4502 D GStreamer+GST_PERFORMANCE: 0:02:33.262786452 0xf37ecfb0 gstpad.c:3050:gst_pad_query_accept_caps_default:<typefind:sink> fallback ACCEPT_CAPS query, consider implementing a specialized version
05-10 10:02:54.046  4415  4501 D GStreamer+query: 0:02:33.262812910 0xf37ecf50 gstquery.c:674:gst_query_new_custom creating new query 0xf3ac5f80 caps
05-10 10:02:54.046  4415  4502 D GStreamer+GST_CAPS: 0:02:33.262850202 0xf37ecfb0 gstutils.c:2838:gst_pad_query_caps:<typefind:sink> get pad caps with filter audio/mpeg, mpegversion=(int)1, parsed=(boolean)true, rate=(int)24000, channels=(int)1
05-10 10:02:54.046  4415  4501 D GStreamer+GST_PADS: 0:02:33.262868014 0xf37ecf50 gstpad.c:4009:gst_pad_peer_query:<h264parse0:src> peer query 0xf3ac5f80 (caps)
05-10 10:02:54.046  4415  4502 D GStreamer+query: 0:02:33.262894160 0xf37ecfb0 gstquery.c:674:gst_query_new_custom creating new query 0xf3ac5cc0 caps
05-10 10:02:54.046  4415  4501 D GStreamer+GST_PADS: 0:02:33.262919160 0xf37ecf50 gstpad.c:3882:gst_pad_query:<capsfilter0:sink> doing query 0xf3ac5f80 (caps)
05-10 10:02:54.046  4415  4502 D GStreamer+GST_PADS: 0:02:33.262941191 0xf37ecfb0 gstpad.c:3882:gst_pad_query:<typefind:sink> doing query 0xf3ac5cc0 (caps)
05-10 10:02:54.047  4415  4501 D GStreamer+basetransform: 0:02:33.262994993 0xf37ecf50 gstbasetransform.c:704:gst_base_transform_query_caps:<capsfilter0:sink> filter caps  video/x-h264, parsed=(boolean)true, stream-format=(string){ avc, avc3, byte-stream }, alignment=(string){ au, nal }
05-10 10:02:54.047  4415  4502 D GStreamer+GST_CAPS: 0:02:33.263020670 0xf37ecfb0 gstpad.c:3088:gst_pad_query_caps_default:<typefind:sink> query caps caps query: 0xf3ac5cc0, GstQueryCaps, filter=(GstCaps)"audio/mpeg\,\ mpegversion\=\(int\)1\,\ parsed\=\(boolean\)true\,\ rate\=\(int\)24000\,\ channels\=\(int\)1", caps=(GstCaps)"NULL";
05-10 10:02:54.047  4415  4501 D GStreamer+basetransform: 0:02:33.263048535 0xf37ecf50 gstbasetransform.c:707:gst_base_transform_query_caps:<capsfilter0:sink> our template  ANY
05-10 10:02:54.047  4415  4502 D GStreamer+GST_CAPS: 0:02:33.263073743 0xf37ecfb0 gstpad.c:3111:gst_pad_query_caps_default:<typefind:sink> trying pad template caps
05-10 10:02:54.047  4415  4501 D GStreamer+basetransform: 0:02:33.263135045 0xf37ecf50 gstbasetransform.c:709:gst_base_transform_query_caps:<capsfilter0:sink> intersected video/x-h264, parsed=(boolean)true, stream-format=(string){ avc, avc3, byte-stream }, alignment=(string){ au, nal }
05-10 10:02:54.047  4415  4502 D GStreamer+GST_CAPS: 0:02:33.263145879 0xf37ecfb0 gstpad.c:3135:gst_pad_query_caps_default:<typefind:sink> using caps 0xf3601918 ANY with filter 0xf39bff90 audio/mpeg, mpegversion=(int)1, parsed=(boolean)true, rate=(int)24000, channels=(int)1
05-10 10:02:54.047  4415  4501 D GStreamer+basetransform: 0:02:33.263184160 0xf37ecf50 gstbasetransform.c:533:gst_base_transform_transform_caps:<capsfilter0> transform caps (direction = 2)
05-10 10:02:54.047  4415  4502 D GStreamer+GST_CAPS: 0:02:33.263195098 0xf37ecfb0 gstpad.c:3138:gst_pad_query_caps_default:<typefind:sink> result 0xf39bff90 audio/mpeg, mpegversion=(int)1, parsed=(boolean)true, rate=(int)24000, channels=(int)1
05-10 10:02:54.047  4415  4502 D GStreamer+GST_PADS: 0:02:33.263239368 0xf37ecfb0 gstpad.c:3339:gst_pad_query_default:<typefind:sink> not forwarding 0xf3ac5cc0 (caps) query
05-10 10:02:54.047  4415  4501 D GStreamer+capsfilter: 0:02:33.263255723 0xf37ecf50 gstcapsfilter.c:295:gst_capsfilter_transform_caps:<capsfilter0> input:     video/x-h264, parsed=(boolean)true, stream-format=(string){ avc, avc3, byte-stream }, alignment=(string){ au, nal }
05-10 10:02:54.047  4415  4502 D GStreamer+GST_PADS: 0:02:33.263285410 0xf37ecfb0 gstpad.c:3905:gst_pad_query:<typefind:sink> sent query 0xf3ac5cc0 (caps), result 1
05-10 10:02:54.047  4415  4501 D GStreamer+capsfilter: 0:02:33.263305618 0xf37ecf50 gstcapsfilter.c:296:gst_capsfilter_transform_caps:<capsfilter0> filter:    (NULL)
05-10 10:02:54.047  4415  4502 D GStreamer+GST_CAPS: 0:02:33.263342389 0xf37ecfb0 gstutils.c:2845:gst_pad_query_caps:<typefind:sink> query returned audio/mpeg, mpegversion=(int)1, parsed=(boolean)true, rate=(int)24000, channels=(int)1
05-10 10:02:54.047  4415  4501 D GStreamer+capsfilter: 0:02:33.263356295 0xf37ecf50 gstcapsfilter.c:298:gst_capsfilter_transform_caps:<capsfilter0> caps filter:    video/x-h264, parsed=(boolean)true, stream-format=(string)byte-stream, alignment=(string)au
05-10 10:02:54.047  4415  4501 D GStreamer+capsfilter: 0:02:33.263412962 0xf37ecf50 gstcapsfilter.c:299:gst_capsfilter_transform_caps:<capsfilter0> intersect: video/x-h264, parsed=(boolean)true, stream-format=(string)byte-stream, alignment=(string)au
05-10 10:02:54.047  4415  4502 D GStreamer+GST_PADS: 0:02:33.263429837 0xf37ecfb0 gstpad.c:3065:gst_pad_query_accept_caps_default:<typefind:sink> allowed caps subset audio/mpeg, mpegversion=(int)1, parsed=(boolean)true, rate=(int)24000, channels=(int)1, caps audio/mpeg, mpegversion=(int)1, parsed=(boolean)true, rate=(int)24000, channels=(int)1
05-10 10:02:54.047  4415  4501 D GStreamer+basetransform: 0:02:33.263460202 0xf37ecf50 gstbasetransform.c:560:gst_base_transform_transform_caps:<capsfilter0> to: video/x-h264, parsed=(boolean)true, stream-format=(string)byte-stream, alignment=(string)au
05-10 10:02:54.047  4415  4502 D GStreamer+GST_PADS: 0:02:33.263494681 0xf37ecfb0 gstpad.c:3339:gst_pad_query_default:<typefind:sink> not forwarding 0xf3ac5c90 (accept-caps) query
05-10 10:02:54.047  4415  4501 D GStreamer+basetransform: 0:02:33.263534837 0xf37ecf50 gstbasetransform.c:714:gst_base_transform_query_caps:<capsfilter0:sink> transformed  video/x-h264, parsed=(boolean)true, stream-format=(string)byte-stream, alignment=(string)au
05-10 10:02:54.047  4415  4502 D GStreamer+GST_PADS: 0:02:33.263551973 0xf37ecfb0 gstpad.c:3905:gst_pad_query:<typefind:sink> sent query 0xf3ac5c90 (accept-caps), result 1
05-10 10:02:54.047  4415  4501 D GStreamer+basetransform: 0:02:33.263578848 0xf37ecf50 gstbasetransform.c:719:gst_base_transform_query_caps:<capsfilter0:sink> our template  ANY
05-10 10:02:54.047  4415  4502 D GStreamer+GST_PADS: 0:02:33.263603014 0xf37ecfb0 gstutils.c:2541:gst_pad_proxy_query_accept_caps:<decodebin1:sink> proxying accept caps query: 1
05-10 10:02:54.047  4415  4501 D GStreamer+basetransform: 0:02:33.263648952 0xf37ecf50 gstbasetransform.c:724:gst_base_transform_query_caps:<capsfilter0:sink> intersected video/x-h264, parsed=(boolean)true, stream-format=(string)byte-stream, alignment=(string)au
05-10 10:02:54.047  4415  4502 D GStreamer+GST_PADS: 0:02:33.263673379 0xf37ecfb0 gstpad.c:3065:gst_pad_query_accept_caps_default:<decodebin1:sink> allowed caps subset ANY, caps audio/mpeg, mpegversion=(int)1, parsed=(boolean)true, rate=(int)24000, channels=(int)1
05-10 10:02:54.047  4415  4501 D GStreamer+basetransform: 0:02:33.263720514 0xf37ecf50 gstbasetransform.c:730:gst_base_transform_query_caps:<capsfilter0:sink> peer filter caps video/x-h264, parsed=(boolean)true, stream-format=(string)byte-stream, alignment=(string)au
05-10 10:02:54.047  4415  4502 D GStreamer+GST_PADS: 0:02:33.263737545 0xf37ecfb0 gstpad.c:3339:gst_pad_query_default:<decodebin1:sink> not forwarding 0xf3ac5c90 (accept-caps) query
05-10 10:02:54.047  4415  4501 D GStreamer+GST_CAPS: 0:02:33.263769577 0xf37ecf50 gstutils.c:2884:gst_pad_peer_query_caps:<capsfilter0:src> get pad peer caps with filter video/x-h264, parsed=(boolean)true, stream-format=(string)byte-stream, alignment=(string)au
05-10 10:02:54.047  4415  4502 D GStreamer+GST_PADS: 0:02:33.263790827 0xf37ecfb0 gstpad.c:3905:gst_pad_query:<decodebin1:sink> sent query 0xf3ac5c90 (accept-caps), result 1
05-10 10:02:54.047  4415  4501 D GStreamer+query: 0:02:33.263828952 0xf37ecf50 gstquery.c:674:gst_query_new_custom creating new query 0xf3ac5fb0 caps
05-10 10:02:54.047  4415  4502 D GStreamer+GST_PADS: 0:02:33.263845879 0xf37ecfb0 gstutils.c:2541:gst_pad_proxy_query_accept_caps:<queue2:sink> proxying accept caps query: 1
05-10 10:02:54.047  4415  4501 D GStreamer+GST_PADS: 0:02:33.263872910 0xf37ecf50 gstpad.c:4009:gst_pad_peer_query:<capsfilter0:src> peer query 0xf3ac5fb0 (caps)
05-10 10:02:54.048  4415  4502 D GStreamer+GST_PADS: 0:02:33.263939473 0xf37ecfb0 gstpad.c:3065:gst_pad_query_accept_caps_default:<queue2:sink> allowed caps subset ANY, caps audio/mpeg, mpegversion=(int)1, parsed=(boolean)true, rate=(int)24000, channels=(int)1
05-10 10:02:54.048  4415  4501 D GStreamer+GST_PADS: 0:02:33.263943587 0xf37ecf50 gstpad.c:3882:gst_pad_query:<forhwgl:sink> doing query 0xf3ac5fb0 (caps)
05-10 10:02:54.048  4415  4502 D GStreamer+GST_PADS: 0:02:33.263995827 0xf37ecfb0 gstpad.c:3339:gst_pad_query_default:<queue2:sink> not forwarding 0xf3ac5c90 (accept-caps) query
05-10 10:02:54.048  4415  4501 D GStreamer+GST_CAPS: 0:02:33.264023170 0xf37ecf50 gstpad.c:3088:gst_pad_query_caps_default:<forhwgl:sink> query caps caps query: 0xf3ac5fb0, GstQueryCaps, filter=(GstCaps)"video/x-h264\,\ parsed\=\(boolean\)true\,\ stream-format\=\(string\)byte-stream\,\ alignment\=\(string\)au", caps=(GstCaps)"NULL";
05-10 10:02:54.048  4415  4502 D GStreamer+GST_PADS: 0:02:33.264048014 0xf37ecfb0 gstpad.c:3905:gst_pad_query:<queue2:sink> sent query 0xf3ac5c90 (accept-caps), result 1
05-10 10:02:54.048  4415  4501 D GStreamer+GST_PADS: 0:02:33.264084837 0xf37ecf50 gstutils.c:2599:gst_pad_proxy_query_caps:<forhwgl:sink> proxying caps query for forhwgl:sink
05-10 10:02:54.048  4415  4502 D GStreamer+default: 0:02:33.264102598 0xf37ecfb0 gstutils.c:2926:gst_pad_query_accept_caps:<queue2:sink> query returned 1
05-10 10:02:54.048  4415  4501 D GStreamer+GST_PADS: 0:02:33.264159004 0xf37ecf50 gstpad.c:4009:gst_pad_peer_query:<sink:proxypad0> peer query 0xf3ac5fb0 (caps)
05-10 10:02:54.048  4415  4502 D GStreamer+GST_PADS: 0:02:33.264177389 0xf37ecfb0 gstpad.c:5569:gst_pad_send_event_unchecked:<queue2:sink> sent event, ret ok
05-10 10:02:54.048  4415  4500 D GStreamer+queue_dataflow: 0:02:33.264192858 0xf37ecec0 gstqueue.c:1476:gst_queue_loop:<queue2> queue is not empty
05-10 10:02:54.048  4415  4502 D GStreamer+GST_PADS: 0:02:33.264216295 0xf37ecfb0 gstpad.c:5053:store_sticky_event:<queue2:sink> notify caps
05-10 10:02:54.048  4415  4500 D GStreamer+GST_PADS: 0:02:33.264240098 0xf37ecec0 gstpad.c:5053:store_sticky_event:<queue2:src> notify caps
05-10 10:02:54.048  4415  4502 D GStreamer+GST_PADS: 0:02:33.264271243 0xf37ecfb0 gstpad.c:3765:push_sticky:<q:audio_0> event caps marked received
05-10 10:02:54.048  4415  4500 D GStreamer+GST_PADS: 0:02:33.264297858 0xf37ecec0 gstpad.c:3813:check_sticky:<queue2:src> pushing all sticky events
05-10 10:02:54.048  4415  4500 D GStreamer+GST_PADS: 0:02:33.264345670 0xf37ecec0 gstpad.c:3745:push_sticky:<queue2:src> event stream-start was already received
05-10 10:02:54.048  4415  4502 D GStreamer+GST_EVENT: 0:02:33.264446660 0xf37ecfb0 gstpad.c:5496:gst_pad_send_event_unchecked:<queue2:sink> have event type segment event: 0xf39c9f90, time 99:99:99.999999999, seq-num 117, GstEventSegment, segment=(GstSegment)"GstSegment, flags=(GstSegmentFlags)GST_SEGMENT_FLAG_NONE, rate=(double)1, applied-rate=(double)1, format=(GstFormat)GST_FORMAT_TIME, base=(guint64)0, offset=(guint64)0, start=(guint64)0, stop=(guint64)7176000000, time=(guint64)0, position=(guint64)0, duration=(guint64)18446744073709551615;";
05-10 10:02:54.048  4415  4500 D GStreamer+GST_EVENT: 0:02:33.264463952 0xf37ecec0 gstpad.c:5496:gst_pad_send_event_unchecked:<decodebin1:sink> have event type caps event: 0xf39c9de0, time 99:99:99.999999999, seq-num 109, GstEventCaps, caps=(GstCaps)"audio/mpeg\,\ mpegversion\=\(int\)1\,\ parsed\=\(boolean\)true\,\ rate\=\(int\)24000\,\ channels\=\(int\)1";
05-10 10:02:54.048  4415  4500 D GStreamer+GST_CAPS: 0:02:33.264546191 0xf37ecec0 gstutils.c:2921:gst_pad_query_accept_caps:<decodebin1:sink> accept caps of audio/mpeg, mpegversion=(int)1, parsed=(boolean)true, rate=(int)24000, channels=(int)1
05-10 10:02:54.048  4415  4502 D GStreamer+queue: 0:02:33.264563535 0xf37ecfb0 gstqueue.c:561:apply_segment:<queue2> configured SEGMENT time segment start=0:00:00.000000000, offset=0:00:00.000000000, stop=0:00:07.176000000, rate=1.000000, applied_rate=1.000000, flags=0x00, time=0:00:00.000000000, base=0:00:00.000000000, position 0:00:00.000000000, duration 99:99:99.999999999
05-10 10:02:54.048  4415  4500 D GStreamer+query: 0:02:33.264600618 0xf37ecec0 gstquery.c:674:gst_query_new_custom creating new query 0xf3a3f400 accept-caps
05-10 10:02:54.048  4415  4502 D GStreamer+queue: 0:02:33.264646660 0xf37ecfb0 gstqueue.c:561:apply_segment:<queue2> configured SEGMENT time segment start=0:00:00.000000000, offset=0:00:00.000000000, stop=0:00:07.176000000, rate=1.000000, applied_rate=1.000000, flags=0x00, time=0:00:00.000000000, base=0:00:00.000000000, position 0:00:00.000000000, duration 99:99:99.999999999
05-10 10:02:54.048  4415  4500 D GStreamer+GST_PADS: 0:02:33.264661243 0xf37ecec0 gstpad.c:3882:gst_pad_query:<decodebin1:sink> doing query 0xf3a3f400 (accept-caps)
05-10 10:02:54.048  4415  4502 D GStreamer+GST_PADS: 0:02:33.264688431 0xf37ecfb0 gstpad.c:5569:gst_pad_send_event_unchecked:<queue2:sink> sent event, ret ok
05-10 10:02:54.048  4415  4500 D GStreamer+GST_PADS: 0:02:33.264749473 0xf37ecec0 gstpad.c:3035:gst_pad_query_accept_caps_default:<decodebin1:sink> query accept-caps accept-caps query: 0xf3a3f400, GstQueryAcceptCaps, caps=(GstCaps)"audio/mpeg\,\ mpegversion\=\(int\)1\,\ parsed\=\(boolean\)true\,\ rate\=\(int\)24000\,\ channels\=\(int\)1", result=(boolean)false;
05-10 10:02:54.048  4415  4502 D GStreamer+GST_PADS: 0:02:33.264766243 0xf37ecfb0 gstpad.c:3765:push_sticky:<q:audio_0> event segment marked received
05-10 10:02:54.048  4415  4500 D GStreamer+GST_PADS: 0:02:33.264793066 0xf37ecec0 gstutils.c:2530:gst_pad_proxy_query_accept_caps:<decodebin1:sink> proxying accept caps query for decodebin1:sink
05-10 10:02:54.048  4415  4502 D GStreamer+qtdemux: 0:02:33.264813118 0xf37ecfb0 qtdemux.c:924:gst_qtdemux_push_tags:<q> Checking pad q:audio_0 for tags
05-10 10:02:54.048  4415  4500 D GStreamer+GST_PADS: 0:02:33.264846295 0xf37ecec0 gstpad.c:4009:gst_pad_peer_query:<sink:proxypad2> peer query 0xf3a3f400 (accept-caps)
05-10 10:02:54.048  4415  4502 D GStreamer+qtdemux: 0:02:33.264870254 0xf37ecfb0 qtdemux.c:928:gst_qtdemux_push_tags:<q> Sending tags taglist, audio-codec=(string)"MPEG-1\ audio", maximum-bitrate=(uint)48000, bitrate=(uint)48000, language-code=(string)en;
05-10 10:02:54.048  4415  4500 D GStreamer+GST_PADS: 0:02:33.264895827 0xf37ecec0 gstpad.c:3882:gst_pad_query:<typefind:sink> doing query 0xf3a3f400 (accept-caps)
05-10 10:02:54.048  4415  4502 D GStreamer+GST_EVENT: 0:02:33.264917389 0xf37ecfb0 gstevent.c:302:gst_event_new_custom creating new event 0xf3ab4000 tag 20510
05-10 10:02:54.049  4415  4502 D GStreamer+GST_PADS: 0:02:33.264951816 0xf37ecfb0 gstpad.c:3813:check_sticky:<q:audio_0> pushing all sticky events
05-10 10:02:54.049  4415  4500 D GStreamer+GST_PADS: 0:02:33.264984837 0xf37ecec0 gstpad.c:3035:gst_pad_query_accept_caps_default:<typefind:sink> query accept-caps accept-caps query: 0xf3a3f400, GstQueryAcceptCaps, caps=(GstCaps)"audio/mpeg\,\ mpegversion\=\(int\)1\,\ parsed\=\(boolean\)true\,\ rate\=\(int\)24000\,\ channels\=\(int\)1", result=(boolean)false;
05-10 10:02:54.049  4415  4502 D GStreamer+GST_PADS: 0:02:33.265001243 0xf37ecfb0 gstpad.c:3745:push_sticky:<q:audio_0> event stream-start was already received
05-10 10:02:54.049  4415  4500 D GStreamer+GST_PERFORMANCE: 0:02:33.265027493 0xf37ecec0 gstpad.c:3050:gst_pad_query_accept_caps_default:<typefind:sink> fallback ACCEPT_CAPS query, consider implementing a specialized version
05-10 10:02:54.049  4415  4502 D GStreamer+GST_PADS: 0:02:33.265035879 0xf37ecfb0 gstpad.c:3745:push_sticky:<q:audio_0> event caps was already received
05-10 10:02:54.049  4415  4502 D GStreamer+GST_PADS: 0:02:33.265079316 0xf37ecfb0 gstpad.c:3745:push_sticky:<q:audio_0> event segment was already received
05-10 10:02:54.049  4415  4500 D GStreamer+GST_CAPS: 0:02:33.265099160 0xf37ecec0 gstutils.c:2838:gst_pad_query_caps:<typefind:sink> get pad caps with filter audio/mpeg, mpegversion=(int)1, parsed=(boolean)true, rate=(int)24000, channels=(int)1
05-10 10:02:54.049  4415  4500 D GStreamer+query: 0:02:33.265152910 0xf37ecec0 gstquery.c:674:gst_query_new_custom creating new query 0xf3a3f430 caps
05-10 10:02:54.049  4415  4502 D GStreamer+GST_EVENT: 0:02:33.265170514 0xf37ecfb0 gstpad.c:5496:gst_pad_send_event_unchecked:<queue2:sink> have event type tag event: 0xf3ab4000, time 99:99:99.999999999, seq-num 118, GstTagList-stream, taglist=(taglist)"taglist\,\ audio-codec\=\(string\)\"MPEG-1\\\ audio\"\,\ maximum-bitrate\=\(uint\)48000\,\ bitrate\=\(uint\)48000\,\ language-code\=\(string\)en\;";
05-10 10:02:54.049  4415  4500 D GStreamer+GST_PADS: 0:02:33.265201920 0xf37ecec0 gstpad.c:3882:gst_pad_query:<typefind:sink> doing query 0xf3a3f430 (caps)
05-10 10:02:54.049  4415  4502 D GStreamer+GST_PADS: 0:02:33.265226608 0xf37ecfb0 gstpad.c:5569:gst_pad_send_event_unchecked:<queue2:sink> sent event, ret ok
05-10 10:02:54.049  4415  4500 D GStreamer+GST_CAPS: 0:02:33.265292285 0xf37ecec0 gstpad.c:3088:gst_pad_query_caps_default:<typefind:sink> query caps caps query: 0xf3a3f430, GstQueryCaps, filter=(GstCaps)"audio/mpeg\,\ mpegversion\=\(int\)1\,\ parsed\=\(boolean\)true\,\ rate\=\(int\)24000\,\ channels\=\(int\)1", caps=(GstCaps)"NULL";
05-10 10:02:54.049  4415  4502 D GStreamer+GST_PADS: 0:02:33.265299212 0xf37ecfb0 gstpad.c:3765:push_sticky:<q:audio_0> event tag marked received
05-10 10:02:54.049  4415  4500 D GStreamer+GST_CAPS: 0:02:33.265330045 0xf37ecec0 gstpad.c:3111:gst_pad_query_caps_default:<typefind:sink> trying pad template caps
05-10 10:02:54.049  4415  4502 D GStreamer+qtdemux: 0:02:33.265375618 0xf37ecfb0 qtdemux.c:936:gst_qtdemux_push_tags:<q> Sending global tags taglist, datetime=(datetime)2016-05-10T02:46:01Z, container-format=(string)"ISO\ MP4/M4A";
05-10 10:02:54.049  4415  4500 D GStreamer+GST_CAPS: 0:02:33.265399733 0xf37ecec0 gstpad.c:3135:gst_pad_query_caps_default:<typefind:sink> using caps 0xf3601918 ANY with filter 0xf39bff90 audio/mpeg, mpegversion=(int)1, parsed=(boolean)true, rate=(int)24000, channels=(int)1
05-10 10:02:54.049  4415  4502 D GStreamer+GST_EVENT: 0:02:33.265421452 0xf37ecfb0 gstevent.c:302:gst_event_new_custom creating new event 0xf3ab4048 tag 20510
05-10 10:02:54.049  4415  4502 D GStreamer+GST_PADS: 0:02:33.265459889 0xf37ecfb0 gstpad.c:3813:check_sticky:<q:audio_0> pushing all sticky events
05-10 10:02:54.049  4415  4500 D GStreamer+GST_CAPS: 0:02:33.265474629 0xf37ecec0 gstpad.c:3138:gst_pad_query_caps_default:<typefind:sink> result 0xf39bff90 audio/mpeg, mpegversion=(int)1, parsed=(boolean)true, rate=(int)24000, channels=(int)1
05-10 10:02:54.049  4415  4502 D GStreamer+GST_PADS: 0:02:33.265511764 0xf37ecfb0 gstpad.c:3745:push_sticky:<q:audio_0> event stream-start was already received
05-10 10:02:54.049  4415  4500 D GStreamer+GST_PADS: 0:02:33.265539473 0xf37ecec0 gstpad.c:3339:gst_pad_query_default:<typefind:sink> not forwarding 0xf3a3f430 (caps) query
05-10 10:02:54.049  4415  4502 D GStreamer+GST_PADS: 0:02:33.265560358 0xf37ecfb0 gstpad.c:3745:push_sticky:<q:audio_0> event caps was already received
05-10 10:02:54.049  4415  4500 D GStreamer+GST_PADS: 0:02:33.265591348 0xf37ecec0 gstpad.c:3905:gst_pad_query:<typefind:sink> sent query 0xf3a3f430 (caps), result 1
05-10 10:02:54.049  4415  4502 D GStreamer+GST_PADS: 0:02:33.265609212 0xf37ecfb0 gstpad.c:3745:push_sticky:<q:audio_0> event segment was already received
05-10 10:02:54.049  4415  4500 D GStreamer+GST_CAPS: 0:02:33.265654004 0xf37ecec0 gstutils.c:2845:gst_pad_query_caps:<typefind:sink> query returned audio/mpeg, mpegversion=(int)1, parsed=(boolean)true, rate=(int)24000, channels=(int)1
05-10 10:02:54.049  4415  4502 D GStreamer+GST_PADS: 0:02:33.265671504 0xf37ecfb0 gstpad.c:3745:push_sticky:<q:audio_0> event tag was already received
05-10 10:02:54.049  4415  4500 D GStreamer+GST_PADS: 0:02:33.265741608 0xf37ecec0 gstpad.c:3065:gst_pad_query_accept_caps_default:<typefind:sink> allowed caps subset audio/mpeg, mpegversion=(int)1, parsed=(boolean)true, rate=(int)24000, channels=(int)1, caps audio/mpeg, mpegversion=(int)1, parsed=(boolean)true, rate=(int)24000, channels=(int)1
05-10 10:02:54.049  4415  4502 D GStreamer+GST_EVENT: 0:02:33.265784056 0xf37ecfb0 gstpad.c:5496:gst_pad_send_event_unchecked:<queue2:sink> have event type tag event: 0xf3ab4048, time 99:99:99.999999999, seq-num 119, GstTagList-global, taglist=(taglist)"taglist\,\ datetime\=\(datetime\)2016-05-10T02:46:01Z\,\ container-format\=\(string\)\"ISO\\\ MP4/M4A\"\;";
05-10 10:02:54.049  4415  4500 D GStreamer+GST_PADS: 0:02:33.265800150 0xf37ecec0 gstpad.c:3339:gst_pad_query_default:<typefind:sink> not forwarding 0xf3a3f400 (accept-caps) query
05-10 10:02:54.049  4415  4502 D GStreamer+GST_PADS: 0:02:33.265826868 0xf37ecfb0 gstpad.c:5569:gst_pad_send_event_unchecked:<queue2:sink> sent event, ret ok
05-10 10:02:54.049  4415  4500 D GStreamer+GST_PADS: 0:02:33.265839108 0xf37ecec0 gstpad.c:3905:gst_pad_query:<typefind:sink> sent query 0xf3a3f400 (accept-caps), result 1
05-10 10:02:54.049  4415  4502 D GStreamer+GST_PADS: 0:02:33.265868483 0xf37ecfb0 gstpad.c:3765:push_sticky:<q:audio_0> event tag marked received
05-10 10:02:54.049  4415  4500 D GStreamer+GST_PADS: 0:02:33.265882233 0xf37ecec0 gstutils.c:2541:gst_pad_proxy_query_accept_caps:<decodebin1:sink> proxying accept caps query: 1
05-10 10:02:54.049  4415  4502 D GStreamer+qtdemux: 0:02:33.265928379 0xf37ecfb0 qtdemux.c:4323:gst_qtdemux_activate_segment:<q:audio_0> moving data pointer to 0:00:00.000000000, index: 0, pts 0:00:00.000000000
05-10 10:02:54.050  4415  4500 D GStreamer+GST_PADS: 0:02:33.265944785 0xf37ecec0 gstpad.c:3065:gst_pad_query_accept_caps_default:<decodebin1:sink> allowed caps subset ANY, caps audio/mpeg, mpegversion=(int)1, parsed=(boolean)true, rate=(int)24000, channels=(int)1
05-10 10:02:54.050  4415  4502 D GStreamer+qtdemux: 0:02:33.265969108 0xf37ecfb0 qtdemux.c:1160:gst_qtdemux_find_keyframe:<q> searching for keyframe index before index 0 gave 0
05-10 10:02:54.050  4415  4500 D GStreamer+GST_PADS: 0:02:33.265991295 0xf37ecec0 gstpad.c:3339:gst_pad_query_default:<decodebin1:sink> not forwarding 0xf3a3f400 (accept-caps) query
05-10 10:02:54.050  4415  4502 D GStreamer+qtdemux: 0:02:33.266029681 0xf37ecfb0 qtdemux.c:4376:gst_qtdemux_activate_segment:<q:audio_0> moving backwards to keyframe at 0 (pts 0:00:00.000000000 dts 0:00:00.000000000 )
05-10 10:02:54.050  4415  4500 D GStreamer+GST_PADS: 0:02:33.266048118 0xf37ecec0 gstpad.c:3905:gst_pad_query:<decodebin1:sink> sent query 0xf3a3f400 (accept-caps), result 1
05-10 10:02:54.050  4415  4502 D GStreamer+qtdemux: 0:02:33.266072962 0xf37ecfb0 qtdemux.c:1218:gst_qtdemux_move_stream:<q> moving to sample 0 of 299
05-10 10:02:54.050  4415  4500 D GStreamer+default: 0:02:33.266097285 0xf37ecec0 gstutils.c:2926:gst_pad_query_accept_caps:<decodebin1:sink> query returned 1
05-10 10:02:54.050  4415  4502 D GStreamer+qtdemux: 0:02:33.266142806 0xf37ecfb0 qtdemux.c:5197:gst_qtdemux_loop_state_movie:<q> pushing from stream 1, empty 0 offset 48, size 144, dts=0:00:00.000000000, pts=0:00:00.000000000, duration 0:00:00.024000000
05-10 10:02:54.050  4415  4500 D GStreamer+GST_PADS: 0:02:33.266155306 0xf37ecec0 gstpad.c:5053:store_sticky_event:<sink:proxypad2> notify caps
05-10 10:02:54.050  4415  4502 D GStreamer+basesrc: 0:02:33.266199264 0xf37ecfb0 gstbasesrc.c:2355:gst_base_src_update_length:<filesrc0> reading offset 48, length 144, size 15003960, segment.stop -1, maxsize 15003960
05-10 10:02:54.050  4415  4500 D GStreamer+GST_PADS: 0:02:33.266214629 0xf37ecec0 gstpad.c:3813:check_sticky:<sink:proxypad2> pushing all sticky events
05-10 10:02:54.050  4415  4502 D GStreamer+basesrc: 0:02:33.266240566 0xf37ecfb0 gstbasesrc.c:2456:gst_base_src_get_range:<filesrc0> calling create offset 48 length 144, time 0
05-10 10:02:54.050  4415  4500 D GStreamer+GST_PADS: 0:02:33.266263431 0xf37ecec0 gstpad.c:3745:push_sticky:<sink:proxypad2> event stream-start was already received
05-10 10:02:54.050  4415  4502 D GStreamer+GST_MEMORY: 0:02:33.266291243 0xf37ecfb0 gstmemory.c:138:gst_memory_init new memory 0xf39da868, maxsize:147 offset:0 size:144
05-10 10:02:54.050  4415  4500 D GStreamer+GST_EVENT: 0:02:33.266356243 0xf37ecec0 gstpad.c:5496:gst_pad_send_event_unchecked:<typefind:sink> have event type caps event: 0xf39c9de0, time 99:99:99.999999999, seq-num 109, GstEventCaps, caps=(GstCaps)"audio/mpeg\,\ mpegversion\=\(int\)1\,\ parsed\=\(boolean\)true\,\ rate\=\(int\)24000\,\ channels\=\(int\)1";
05-10 10:02:54.050  4415  4502 D GStreamer+basesrc: 0:02:33.266363483 0xf37ecfb0 gstbasesrc.c:2310:gst_base_src_do_sync:<filesrc0> we have no clock
05-10 10:02:54.050  4415  4500 D GStreamer+GST_CAPS: 0:02:33.266416243 0xf37ecec0 gstutils.c:2921:gst_pad_query_accept_caps:<typefind:sink> accept caps of audio/mpeg, mpegversion=(int)1, parsed=(boolean)true, rate=(int)24000, channels=(int)1
05-10 10:02:54.050  4415  4502 D GStreamer+basesrc: 0:02:33.266422806 0xf37ecfb0 gstbasesrc.c:2520:gst_base_src_get_range:<filesrc0> buffer ok
05-10 10:02:54.050  4415  4500 D GStreamer+query: 0:02:33.266457962 0xf37ecec0 gstquery.c:674:gst_query_new_custom creating new query 0xf3a3f460 accept-caps
05-10 10:02:54.050  4415  4502 D GStreamer+GST_SCHEDULING: 0:02:33.266517337 0xf37ecfb0 gstpad.c:4153:gst_pad_chain_data_unchecked:<queue2:sink> calling chainfunction &gst_queue_chain with buffer buffer: 0xf3ac2410, pts 0:00:00.000000000, dts 0:00:00.000000000, dur 0:00:00.024000000, size 144, offset none, offset_end none, flags 0x40
05-10 10:02:54.050  4415  4500 D GStreamer+GST_PADS: 0:02:33.266535254 0xf37ecec0 gstpad.c:3882:gst_pad_query:<typefind:sink> doing query 0xf3a3f460 (accept-caps)
05-10 10:02:54.050  4415  4502 D GStreamer+GST_SCHEDULING: 0:02:33.266566035 0xf37ecfb0 gstpad.c:4159:gst_pad_chain_data_unchecked:<queue2:sink> called chainfunction &gst_queue_chain with buffer 0xf3ac2410, returned ok
05-10 10:02:54.050  4415  4500 D GStreamer+GST_PADS: 0:02:33.266613587 0xf37ecec0 gstpad.c:3035:gst_pad_query_accept_caps_default:<typefind:sink> query accept-caps accept-caps query: 0xf3a3f460, GstQueryAcceptCaps, caps=(GstCaps)"audio/mpeg\,\ mpegversion\=\(int\)1\,\ parsed\=\(boolean\)true\,\ rate\=\(int\)24000\,\ channels\=\(int\)1", result=(boolean)false;
05-10 10:02:54.050  4415  4502 D GStreamer+qtdemux: 0:02:33.266630358 0xf37ecfb0 qtdemux.c:7675:qtdemux_parse_samples:<q> parsing up to sample 1
05-10 10:02:54.050  4415  4500 D GStreamer+GST_PERFORMANCE: 0:02:33.266657285 0xf37ecec0 gstpad.c:3050:gst_pad_query_accept_caps_default:<typefind:sink> fallback ACCEPT_CAPS query, consider implementing a specialized version
05-10 10:02:54.050  4415  4502 D GStreamer+qtdemux: 0:02:33.266684785 0xf37ecfb0 qtdemux.c:7882:qtdemux_parse_samples:<q> sample 1: index 1, timestamp 0:00:00.024000000
05-10 10:02:54.050  4415  4500 D GStreamer+GST_CAPS: 0:02:33.266728691 0xf37ecec0 gstutils.c:2838:gst_pad_query_caps:<typefind:sink> get pad caps with filter audio/mpeg, mpegversion=(int)1, parsed=(boolean)true, rate=(int)24000, channels=(int)1
05-10 10:02:54.050  4415  4502 D GStreamer+qtdemux: 0:02:33.266745202 0xf37ecfb0 qtdemux.c:7982:qtdemux_parse_samples:<q> setting all keyframes
05-10 10:02:54.050  4415  4500 D GStreamer+query: 0:02:33.266768118 0xf37ecec0 gstquery.c:674:gst_query_new_custom creating new query 0xf3a3f490 caps
05-10 10:02:54.050  4415  4500 D GStreamer+GST_PADS: 0:02:33.266806816 0xf37ecec0 gstpad.c:3882:gst_pad_query:<typefind:sink> doing query 0xf3a3f490 (caps)
05-10 10:02:54.050  4415  4502 D GStreamer+qtdemux: 0:02:33.266824108 0xf37ecfb0 qtdemux.c:5197:gst_qtdemux_loop_state_movie:<q> pushing from stream 1, empty 0 offset 192, size 144, dts=0:00:00.024000000, pts=0:00:00.024000000, duration 0:00:00.024000000
05-10 10:02:54.050  4415  4500 D GStreamer+GST_CAPS: 0:02:33.266890723 0xf37ecec0 gstpad.c:3088:gst_pad_query_caps_default:<typefind:sink> query caps caps query: 0xf3a3f490, GstQueryCaps, filter=(GstCaps)"audio/mpeg\,\ mpegversion\=\(int\)1\,\ parsed\=\(boolean\)true\,\ rate\=\(int\)24000\,\ channels\=\(int\)1", caps=(GstCaps)"NULL";
05-10 10:02:54.050  4415  4502 D GStreamer+basesrc: 0:02:33.266906920 0xf37ecfb0 gstbasesrc.c:2355:gst_base_src_update_length:<filesrc0> reading offset 192, length 144, size 15003960, segment.stop -1, maxsize 15003960
05-10 10:02:54.050  4415  4500 D GStreamer+GST_CAPS: 0:02:33.266930983 0xf37ecec0 gstpad.c:3111:gst_pad_query_caps_default:<typefind:sink> trying pad template caps
05-10 10:02:54.051  4415  4502 D GStreamer+basesrc: 0:02:33.266959004 0xf37ecfb0 gstbasesrc.c:2456:gst_base_src_get_range:<filesrc0> calling create offset 192 length 144, time 0
05-10 10:02:54.051  4415  4500 D GStreamer+GST_CAPS: 0:02:33.267003535 0xf37ecec0 gstpad.c:3135:gst_pad_query_caps_default:<typefind:sink> using caps 0xf3601918 ANY with filter 0xf39bff90 audio/mpeg, mpegversion=(int)1, parsed=(boolean)true, rate=(int)24000, channels=(int)1
05-10 10:02:54.051  4415  4502 D GStreamer+GST_MEMORY: 0:02:33.267019629 0xf37ecfb0 gstmemory.c:138:gst_memory_init new memory 0xf39da950, maxsize:147 offset:0 size:144
05-10 10:02:54.051  4415  4500 D GStreamer+GST_CAPS: 0:02:33.267063170 0xf37ecec0 gstpad.c:3138:gst_pad_query_caps_default:<typefind:sink> result 0xf39bff90 audio/mpeg, mpegversion=(int)1, parsed=(boolean)true, rate=(int)24000, channels=(int)1
05-10 10:02:54.051  4415  4502 D GStreamer+basesrc: 0:02:33.267079525 0xf37ecfb0 gstbasesrc.c:2310:gst_base_src_do_sync:<filesrc0> we have no clock
05-10 10:02:54.051  4415  4500 D GStreamer+GST_PADS: 0:02:33.267107545 0xf37ecec0 gstpad.c:3339:gst_pad_query_default:<typefind:sink> not forwarding 0xf3a3f490 (caps) query
05-10 10:02:54.051  4415  4502 D GStreamer+basesrc: 0:02:33.267117702 0xf37ecfb0 gstbasesrc.c:2520:gst_base_src_get_range:<filesrc0> buffer ok
05-10 10:02:54.051  4415  4500 D GStreamer+GST_PADS: 0:02:33.267148795 0xf37ecec0 gstpad.c:3905:gst_pad_query:<typefind:sink> sent query 0xf3a3f490 (caps), result 1
05-10 10:02:54.051  4415  4502 D GStreamer+GST_SCHEDULING: 0:02:33.267202545 0xf37ecfb0 gstpad.c:4153:gst_pad_chain_data_unchecked:<queue2:sink> calling chainfunction &gst_queue_chain with buffer buffer: 0xf3ac2370, pts 0:00:00.024000000, dts 0:00:00.024000000, dur 0:00:00.024000000, size 144, offset none, offset_end none, flags 0x0
05-10 10:02:54.051  4415  4500 D GStreamer+GST_CAPS: 0:02:33.267227754 0xf37ecec0 gstutils.c:2845:gst_pad_query_caps:<typefind:sink> query returned audio/mpeg, mpegversion=(int)1, parsed=(boolean)true, rate=(int)24000, channels=(int)1
05-10 10:02:54.051  4415  4502 D GStreamer+GST_SCHEDULING: 0:02:33.267265254 0xf37ecfb0 gstpad.c:4159:gst_pad_chain_data_unchecked:<queue2:sink> called chainfunction &gst_queue_chain with buffer 0xf3ac2370, returned ok
05-10 10:02:54.051  4415  4500 D GStreamer+GST_PADS: 0:02:33.267304056 0xf37ecec0 gstpad.c:3065:gst_pad_query_accept_caps_default:<typefind:sink> allowed caps subset audio/mpeg, mpegversion=(int)1, parsed=(boolean)true, rate=(int)24000, channels=(int)1, caps audio/mpeg, mpegversion=(int)1, parsed=(boolean)true, rate=(int)24000, channels=(int)1
05-10 10:02:54.051  4415  4502 D GStreamer+qtdemux: 0:02:33.267321295 0xf37ecfb0 qtdemux.c:7675:qtdemux_parse_samples:<q> parsing up to sample 2
05-10 10:02:54.051  4415  4500 D GStreamer+GST_PADS: 0:02:33.267351087 0xf37ecec0 gstpad.c:3339:gst_pad_query_default:<typefind:sink> not forwarding 0xf3a3f460 (accept-caps) query
05-10 10:02:54.051  4415  4502 D GStreamer+qtdemux: 0:02:33.267368275 0xf37ecfb0 qtdemux.c:7882:qtdemux_parse_samples:<q> sample 2: index 2, timestamp 0:00:00.048000000
05-10 10:02:54.051  4415  4500 D GStreamer+GST_PADS: 0:02:33.267394941 0xf37ecec0 gstpad.c:3905:gst_pad_query:<typefind:sink> sent query 0xf3a3f460 (accept-caps), result 1
05-10 10:02:54.051  4415  4502 D GStreamer+qtdemux: 0:02:33.267404056 0xf37ecfb0 qtdemux.c:7982:qtdemux_parse_samples:<q> setting all keyframes
05-10 10:02:54.051  4415  4500 D GStreamer+default: 0:02:33.267432077 0xf37ecec0 gstutils.c:2926:gst_pad_query_accept_caps:<typefind:sink> query returned 1
05-10 10:02:54.051  4415  4502 D GStreamer+qtdemux: 0:02:33.267465098 0xf37ecfb0 qtdemux.c:5197:gst_qtdemux_loop_state_movie:<q> pushing from stream 1, empty 0 offset 336, size 144, dts=0:00:00.048000000, pts=0:00:00.048000000, duration 0:00:00.024000000
05-10 10:02:54.051  4415  4500 D GStreamer+typefind: 0:02:33.267494681 0xf37ecec0 gsttypefindelement.c:613:gst_type_find_element_sink_event:<typefind> got caps event in mode 1
05-10 10:02:54.051  4415  4502 D GStreamer+basesrc: 0:02:33.267531139 0xf37ecfb0 gstbasesrc.c:2355:gst_base_src_update_length:<filesrc0> reading offset 336, length 144, size 15003960, segment.stop -1, maxsize 15003960
05-10 10:02:54.051  4415  4500 D GStreamer+decodebin: 0:02:33.267560618 0xf37ecec0 gstdecodebin2.c:2832:type_found:<decodebin1> typefind found caps audio/mpeg, mpegversion=(int)1, parsed=(boolean)true, rate=(int)24000, channels=(int)1
05-10 10:02:54.051  4415  4502 D GStreamer+basesrc: 0:02:33.267580827 0xf37ecfb0 gstbasesrc.c:2456:gst_base_src_get_range:<filesrc0> calling create offset 336 length 144, time 0
05-10 10:02:54.051  4415  4500 I GStreamer+GST_ELEMENT_PADS: 0:02:33.267605202 0xf37ecec0 gstelement.c:907:gst_element_get_static_pad found pad typefind:src
05-10 10:02:54.051  4415  4502 D GStreamer+GST_MEMORY: 0:02:33.267617702 0xf37ecfb0 gstmemory.c:138:gst_memory_init new memory 0xf39daa38, maxsize:147 offset:0 size:144
05-10 10:02:54.051  4415  4500 I GStreamer+GST_ELEMENT_PADS: 0:02:33.267636556 0xf37ecec0 gstelement.c:907:gst_element_get_static_pad found pad typefind:sink
05-10 10:02:54.051  4415  4502 D GStreamer+basesrc: 0:02:33.267652650 0xf37ecfb0 gstbasesrc.c:2310:gst_base_src_do_sync:<filesrc0> we have no clock
05-10 10:02:54.051  4415  4500 D GStreamer+decodebin: 0:02:33.267683535 0xf37ecec0 gstdecodebin2.c:3511:gst_decode_chain_new:<decodebin1> Creating new chain 0xf3ad0958 with parent group 0x0
05-10 10:02:54.051  4415  4502 D GStreamer+basesrc: 0:02:33.267703170 0xf37ecfb0 gstbasesrc.c:2520:gst_base_src_get_range:<filesrc0> buffer ok
05-10 10:02:54.051  4415  4500 D GStreamer+decodebin: 0:02:33.267744004 0xf37ecec0 gstdecodebin2.c:1531:analyze_new_pad:<decodebin1> Pad typefind:src caps:audio/mpeg, mpegversion=(int)1, parsed=(boolean)true, rate=(int)24000, channels=(int)1
05-10 10:02:54.051  4415  4502 D GStreamer+GST_SCHEDULING: 0:02:33.267793952 0xf37ecfb0 gstpad.c:4153:gst_pad_chain_data_unchecked:<queue2:sink> calling chainfunction &gst_queue_chain with buffer buffer: 0xf3ac22d0, pts 0:00:00.048000000, dts 0:00:00.048000000, dur 0:00:00.024000000, size 144, offset none, offset_end none, flags 0x0
05-10 10:02:54.051  4415  4501 D GStreamer+GST_PADS: 0:02:33.267819889 0xf37ecf50 gstpad.c:3882:gst_pad_query:<typefind:sink> doing query 0xf3ac5fb0 (caps)
05-10 10:02:54.051  4415  4502 D GStreamer+GST_SCHEDULING: 0:02:33.267848795 0xf37ecfb0 gstpad.c:4159:gst_pad_chain_data_unchecked:<queue2:sink> called chainfunction &gst_queue_chain with buffer 0xf3ac22d0, returned ok
05-10 10:02:54.051  4415  4501 D GStreamer+GST_CAPS: 0:02:33.267891504 0xf37ecf50 gstpad.c:3088:gst_pad_query_caps_default:<typefind:sink> query caps caps query: 0xf3ac5fb0, GstQueryCaps, filter=(GstCaps)"video/x-h264\,\ parsed\=\(boolean\)true\,\ stream-format\=\(string\)byte-stream\,\ alignment\=\(string\)au", caps=(GstCaps)"NULL";
05-10 10:02:54.051  4415  4502 D GStreamer+qtdemux: 0:02:33.267908743 0xf37ecfb0 qtdemux.c:7675:qtdemux_parse_samples:<q> parsing up to sample 3
05-10 10:02:54.051  4415  4501 D GStreamer+GST_CAPS: 0:02:33.267931816 0xf37ecf50 gstpad.c:3111:gst_pad_query_caps_default:<typefind:sink> trying pad template caps
