05-10 10:02:54.066  4415  4500 D GStreamer+GST_ELEMENT_FACTORY: 0:02:33.282665931 0xf37ecec0 gstelementfactory.c:848:gst_element_factory_list_filter Trying subparse
05-10 10:02:54.066  4415  4502 D GStreamer+GST_SCHEDULING: 0:02:33.282684889 0xf37ecfb0 gstpad.c:4153:gst_pad_chain_data_unchecked:<queue0:sink> calling chainfunction &gst_queue_chain with buffer buffer: 0xf3ae46e8, pts 0:00:00.119333333, dts 0:00:00.119333333, dur 0:00:00.020000000, size 51092, offset none, offset_end none, flags 0x0
05-10 10:02:54.066  4415  4500 D GStreamer+GST_ELEMENT_FACTORY: 0:02:33.282738275 0xf37ecec0 gstelementfactory.c:848:gst_element_factory_list_filter Trying h265parse
05-10 10:02:54.066  4415  4502 D GStreamer+GST_SCHEDULING: 0:02:33.282750514 0xf37ecfb0 gstpad.c:4159:gst_pad_chain_data_unchecked:<queue0:sink> called chainfunction &gst_queue_chain with buffer 0xf3ae46e8, returned ok
05-10 10:02:54.066  4415  4500 D GStreamer+GST_ELEMENT_FACTORY: 0:02:33.282773795 0xf37ecec0 gstelementfactory.c:848:gst_element_factory_list_filter Trying adpcmdec
05-10 10:02:54.066  4415  4502 D GStreamer+qtdemux: 0:02:33.282793014 0xf37ecfb0 qtdemux.c:7675:qtdemux_parse_samples:<q> parsing up to sample 6
05-10 10:02:54.066  4415  4500 D GStreamer+structure: 0:02:33.282811608 0xf37ecec0 gststructure.c:2316:gst_structure_parse_field trying field name 'layout'
05-10 10:02:54.066  4415  4502 D GStreamer+qtdemux: 0:02:33.282840098 0xf37ecfb0 qtdemux.c:7882:qtdemux_parse_samples:<q> sample 6: index 0, timestamp 0:00:00.139333333
05-10 10:02:54.066  4415  4500 D GStreamer+structure: 0:02:33.282858327 0xf37ecec0 gststructure.c:2367:gst_structure_parse_value trying type name 'string'
05-10 10:02:54.066  4415  4502 D GStreamer+qtdemux: 0:02:33.282875254 0xf37ecfb0 qtdemux.c:7937:qtdemux_parse_samples:<q> samples at 6 is keyframe
05-10 10:02:54.066  4415  4500 D GStreamer+structure: 0:02:33.282897025 0xf37ecec0 gststructure.c:2316:gst_structure_parse_field trying field name 'block_align'
05-10 10:02:54.066  4415  4500 D GStreamer+structure: 0:02:33.282927650 0xf37ecec0 gststructure.c:2367:gst_structure_parse_value trying type name 'int'
05-10 10:02:54.066  4415  4502 D GStreamer+qtdemux: 0:02:33.282938066 0xf37ecfb0 qtdemux.c:5197:gst_qtdemux_loop_state_movie:<q> pushing from stream 1, empty 0 offset 342319, size 144, dts=0:00:00.432000000, pts=0:00:00.432000000, duration 0:00:00.024000000
05-10 10:02:54.067  4415  4500 D GStreamer+structure: 0:02:33.282962077 0xf37ecec0 gststructure.c:2316:gst_structure_parse_field trying field name 'rate'
05-10 10:02:54.067  4415  4501 D GStreamer+GST_PADS: 0:02:33.283004785 0xf37ecf50 gstpad.c:3745:push_sticky:<h264parse0:src> event segment was already received
05-10 10:02:54.067  4415  4502 D GStreamer+basesrc: 0:02:33.283012129 0xf37ecfb0 gstbasesrc.c:2355:gst_base_src_update_length:<filesrc0> reading offset 342319, length 144, size 15003960, segment.stop -1, maxsize 15003960
05-10 10:02:54.067  4415  4502 D GStreamer+basesrc: 0:02:33.283059993 0xf37ecfb0 gstbasesrc.c:2456:gst_base_src_get_range:<filesrc0> calling create offset 342319 length 144, time 0
05-10 10:02:54.067  4415  4501 D GStreamer+GST_EVENT: 0:02:33.283086660 0xf37ecf50 gstpad.c:5496:gst_pad_send_event_unchecked:<capsfilter0:sink> have event type tag event: 0xf39dba00, time 99:99:99.999999999, seq-num 125, GstTagList-stream, taglist=(taglist)"taglist\,\ video-codec\=\(string\)\"H.264\\\ /\\\ AVC\"\,\ bitrate\=\(uint\)16613441\,\ language-code\=\(string\)en\;";
05-10 10:02:54.067  4415  4502 D GStreamer+GST_MEMORY: 0:02:33.283106191 0xf37ecfb0 gstmemory.c:138:gst_memory_init new memory 0xf3af01f8, maxsize:147 offset:0 size:144
05-10 10:02:54.067  4415  4501 D GStreamer+GST_CAPS: 0:02:33.283138014 0xf37ecf50 gstpad.c:2621:gst_pad_has_current_caps:<capsfilter0:sink> check current pad caps (NULL)
05-10 10:02:54.067  4415  4502 D GStreamer+basesrc: 0:02:33.283155827 0xf37ecfb0 gstbasesrc.c:2310:gst_base_src_do_sync:<filesrc0> we have no clock
05-10 10:02:54.067  4415  4501 D GStreamer+GST_PADS: 0:02:33.283181191 0xf37ecf50 gstpad.c:5569:gst_pad_send_event_unchecked:<capsfilter0:sink> sent event, ret ok
05-10 10:02:54.067  4415  4502 D GStreamer+basesrc: 0:02:33.283205410 0xf37ecfb0 gstbasesrc.c:2520:gst_base_src_get_range:<filesrc0> buffer ok
05-10 10:02:54.067  4415  4501 D GStreamer+GST_PADS: 0:02:33.283228900 0xf37ecf50 gstpad.c:3765:push_sticky:<h264parse0:src> event tag marked received
05-10 10:02:54.067  4415  4501 D GStreamer+GST_PADS: 0:02:33.283278639 0xf37ecf50 gstpad.c:3813:check_sticky:<h264parse0:src> pushing all sticky events
05-10 10:02:54.067  4415  4502 D GStreamer+GST_SCHEDULING: 0:02:33.283296504 0xf37ecfb0 gstpad.c:4153:gst_pad_chain_data_unchecked:<queue2:sink> calling chainfunction &gst_queue_chain with buffer buffer: 0xf3b07800, pts 0:00:00.432000000, dts 0:00:00.432000000, dur 0:00:00.024000000, size 144, offset none, offset_end none, flags 0x0
05-10 10:02:54.067  4415  4501 D GStreamer+GST_PADS: 0:02:33.283322025 0xf37ecf50 gstpad.c:3745:push_sticky:<h264parse0:src> event stream-start was already received
05-10 10:02:54.067  4415  4502 D GStreamer+GST_SCHEDULING: 0:02:33.283350514 0xf37ecfb0 gstpad.c:4159:gst_pad_chain_data_unchecked:<queue2:sink> called chainfunction &gst_queue_chain with buffer 0xf3b07800, returned ok
05-10 10:02:54.067  4415  4501 D GStreamer+GST_PADS: 0:02:33.283365775 0xf37ecf50 gstpad.c:3745:push_sticky:<h264parse0:src> event segment was already received
05-10 10:02:54.067  4415  4502 D GStreamer+qtdemux: 0:02:33.283397754 0xf37ecfb0 qtdemux.c:7675:qtdemux_parse_samples:<q> parsing up to sample 19
05-10 10:02:54.067  4415  4500 D GStreamer+structure: 0:02:33.283410775 0xf37ecec0 gststructure.c:2367:gst_structure_parse_value trying type name 'int'
05-10 10:02:54.067  4415  4502 D GStreamer+qtdemux: 0:02:33.283447389 0xf37ecfb0 qtdemux.c:7882:qtdemux_parse_samples:<q> sample 19: index 19, timestamp 0:00:00.456000000
05-10 10:02:54.067  4415  4500 D GStreamer+structure: 0:02:33.283466973 0xf37ecec0 gststructure.c:2316:gst_structure_parse_field trying field name 'channels'
05-10 10:02:54.067  4415  4502 D GStreamer+qtdemux: 0:02:33.283492181 0xf37ecfb0 qtdemux.c:7982:qtdemux_parse_samples:<q> setting all keyframes
05-10 10:02:54.067  4415  4500 D GStreamer+structure: 0:02:33.283512181 0xf37ecec0 gststructure.c:2367:gst_structure_parse_value trying type name 'int'
05-10 10:02:54.067  4415  4500 D GStreamer+GST_ELEMENT_FACTORY: 0:02:33.283546243 0xf37ecec0 gstelementfactory.c:848:gst_element_factory_list_filter Trying alawdec
05-10 10:02:54.067  4415  4502 D GStreamer+qtdemux: 0:02:33.283556191 0xf37ecfb0 qtdemux.c:5197:gst_qtdemux_loop_state_movie:<q> pushing from stream 0, empty 0 offset 299375, size 42944, dts=0:00:00.139333333, pts=0:00:00.139333333, duration 0:00:00.019666667
05-10 10:02:54.067  4415  4500 D GStreamer+structure: 0:02:33.283580827 0xf37ecec0 gststructure.c:2316:gst_structure_parse_field trying field name 'rate'
05-10 10:02:54.067  4415  4502 D GStreamer+basesrc: 0:02:33.283601973 0xf37ecfb0 gstbasesrc.c:2355:gst_base_src_update_length:<filesrc0> reading offset 299375, length 42944, size 15003960, segment.stop -1, maxsize 15003960
05-10 10:02:54.067  4415  4500 D GStreamer+structure: 0:02:33.283611608 0xf37ecec0 gststructure.c:2367:gst_structure_parse_value trying type name 'int'
05-10 10:02:54.067  4415  4502 D GStreamer+basesrc: 0:02:33.283642702 0xf37ecfb0 gstbasesrc.c:2456:gst_base_src_get_range:<filesrc0> calling create offset 299375 length 42944, time 0
05-10 10:02:54.067  4415  4501 D GStreamer+GST_PADS: 0:02:33.283677181 0xf37ecf50 gstpad.c:3745:push_sticky:<h264parse0:src> event tag was already received
05-10 10:02:54.067  4415  4502 D GStreamer+GST_MEMORY: 0:02:33.283695098 0xf37ecfb0 gstmemory.c:138:gst_memory_init new memory 0xf3b2ecd0, maxsize:42947 offset:0 size:42944
05-10 10:02:54.067  4415  4501 D GStreamer+GST_EVENT: 0:02:33.283770723 0xf37ecf50 gstpad.c:5496:gst_pad_send_event_unchecked:<capsfilter0:sink> have event type tag event: 0xf39c9f00, time 99:99:99.999999999, seq-num 115, GstTagList-global, taglist=(taglist)"taglist\,\ datetime\=\(datetime\)2016-05-10T02:46:01Z\,\ container-format\=\(string\)\"ISO\\\ MP4/M4A\"\;";
05-10 10:02:54.067  4415  4502 D GStreamer+basesrc: 0:02:33.283789212 0xf37ecfb0 gstbasesrc.c:2310:gst_base_src_do_sync:<filesrc0> we have no clock
05-10 10:02:54.067  4415  4501 D GStreamer+GST_CAPS: 0:02:33.283813848 0xf37ecf50 gstpad.c:2621:gst_pad_has_current_caps:<capsfilter0:sink> check current pad caps (NULL)
05-10 10:02:54.067  4415  4502 D GStreamer+basesrc: 0:02:33.283824889 0xf37ecfb0 gstbasesrc.c:2520:gst_base_src_get_range:<filesrc0> buffer ok
05-10 10:02:54.067  4415  4501 D GStreamer+GST_PADS: 0:02:33.283855254 0xf37ecf50 gstpad.c:5569:gst_pad_send_event_unchecked:<capsfilter0:sink> sent event, ret ok
05-10 10:02:54.067  4415  4500 D GStreamer+structure: 0:02:33.283661295 0xf37ecec0 gststructure.c:2316:gst_structure_parse_field trying field name 'channels'
05-10 10:02:54.067  4415  4502 D GStreamer+GST_SCHEDULING: 0:02:33.283912858 0xf37ecfb0 gstpad.c:4153:gst_pad_chain_data_unchecked:<queue0:sink> calling chainfunction &gst_queue_chain with buffer buffer: 0xf3b078a0, pts 0:00:00.139333333, dts 0:00:00.139333333, dur 0:00:00.019666667, size 42944, offset none, offset_end none, flags 0x0
05-10 10:02:54.067  4415  4500 D GStreamer+structure: 0:02:33.283943535 0xf37ecec0 gststructure.c:2367:gst_structure_parse_value trying type name 'int'
05-10 10:02:54.068  4415  4502 D GStreamer+GST_SCHEDULING: 0:02:33.283959368 0xf37ecfb0 gstpad.c:4159:gst_pad_chain_data_unchecked:<queue0:sink> called chainfunction &gst_queue_chain with buffer 0xf3b078a0, returned ok
05-10 10:02:54.068  4415  4500 D GStreamer+GST_ELEMENT_FACTORY: 0:02:33.283983118 0xf37ecec0 gstelementfactory.c:848:gst_element_factory_list_filter Trying amcauddec-omxgoogleaacdecoder
05-10 10:02:54.068  4415  4502 D GStreamer+qtdemux: 0:02:33.284001764 0xf37ecfb0 qtdemux.c:7675:qtdemux_parse_samples:<q> parsing up to sample 7
05-10 10:02:54.068  4415  4500 D GStreamer+structure: 0:02:33.284023639 0xf37ecec0 gststructure.c:2316:gst_structure_parse_field trying field name 'mpegversion'
05-10 10:02:54.068  4415  4502 D GStreamer+qtdemux: 0:02:33.284052962 0xf37ecfb0 qtdemux.c:7882:qtdemux_parse_samples:<q> sample 7: index 0, timestamp 0:00:00.159000000
05-10 10:02:54.068  4415  4500 D GStreamer+structure: 0:02:33.284071348 0xf37ecec0 gststructure.c:2367:gst_structure_parse_value trying type name 'int'
05-10 10:02:54.068  4415  4502 D GStreamer+qtdemux: 0:02:33.284091139 0xf37ecfb0 qtdemux.c:7937:qtdemux_parse_samples:<q> samples at 7 is keyframe
05-10 10:02:54.068  4415  4500 D GStreamer+structure: 0:02:33.284109993 0xf37ecec0 gststructure.c:2316:gst_structure_parse_field trying field name 'rate'
05-10 10:02:54.068  4415  4500 D GStreamer+structure: 0:02:33.284143639 0xf37ecec0 gststructure.c:2367:gst_structure_parse_value trying type name 'int'
05-10 10:02:54.068  4415  4502 D GStreamer+qtdemux: 0:02:33.284158900 0xf37ecfb0 qtdemux.c:5197:gst_qtdemux_loop_state_movie:<q> pushing from stream 1, empty 0 offset 386891, size 144, dts=0:00:00.456000000, pts=0:00:00.456000000, duration 0:00:00.024000000
05-10 10:02:54.068  4415  4500 D GStreamer+structure: 0:02:33.284179004 0xf37ecec0 gststructure.c:2316:gst_structure_parse_field trying field name 'channels'
05-10 10:02:54.068  4415  4502 D GStreamer+basesrc: 0:02:33.284211452 0xf37ecfb0 gstbasesrc.c:2355:gst_base_src_update_length:<filesrc0> reading offset 386891, length 144, size 15003960, segment.stop -1, maxsize 15003960
05-10 10:02:54.068  4415  4500 D GStreamer+structure: 0:02:33.284229889 0xf37ecec0 gststructure.c:2367:gst_structure_parse_value trying type name 'int'
05-10 10:02:54.068  4415  4502 D GStreamer+basesrc: 0:02:33.284251504 0xf37ecfb0 gstbasesrc.c:2456:gst_base_src_get_range:<filesrc0> calling create offset 386891 length 144, time 0
05-10 10:02:54.068  4415  4500 D GStreamer+structure: 0:02:33.284268431 0xf37ecec0 gststructure.c:2316:gst_structure_parse_field trying field name 'framed'
05-10 10:02:54.068  4415  4502 D GStreamer+GST_MEMORY: 0:02:33.284290150 0xf37ecfb0 gstmemory.c:138:gst_memory_init new memory 0xf3af02e0, maxsize:147 offset:0 size:144
05-10 10:02:54.068  4415  4500 D GStreamer+structure: 0:02:33.284304108 0xf37ecec0 gststructure.c:2367:gst_structure_parse_value trying type name 'boolean'
05-10 10:02:54.068  4415  4501 D GStreamer+GST_PADS: 0:02:33.284344629 0xf37ecf50 gstpad.c:3765:push_sticky:<h264parse0:src> event tag marked received
05-10 10:02:54.068  4415  4502 D GStreamer+basesrc: 0:02:33.284351139 0xf37ecfb0 gstbasesrc.c:2310:gst_base_src_do_sync:<filesrc0> we have no clock
05-10 10:02:54.068  4415  4501 W GLib+GStreamer: gstpad.c:5031:store_sticky_event:<h264parse0:src> Sticky event misordering, got 'segment' before 'caps'
05-10 10:02:54.068  4415  4502 D GStreamer+basesrc: 0:02:33.284389420 0xf37ecfb0 gstbasesrc.c:2520:gst_base_src_get_range:<filesrc0> buffer ok
05-10 10:02:54.068  4415  4501 D GStreamer+GST_PADS: 0:02:33.284413014 0xf37ecf50 gstpad.c:5053:store_sticky_event:<h264parse0:src> notify caps
05-10 10:02:54.068  4415  4502 D GStreamer+GST_SCHEDULING: 0:02:33.284473743 0xf37ecfb0 gstpad.c:4153:gst_pad_chain_data_unchecked:<queue2:sink> calling chainfunction &gst_queue_chain with buffer buffer: 0xf3b07940, pts 0:00:00.456000000, dts 0:00:00.456000000, dur 0:00:00.024000000, size 144, offset none, offset_end none, flags 0x0
05-10 10:02:54.068  4415  4501 D GStreamer+GST_PADS: 0:02:33.284495566 0xf37ecf50 gstpad.c:3813:check_sticky:<h264parse0:src> pushing all sticky events
05-10 10:02:54.068  4415  4501 D GStreamer+GST_PADS: 0:02:33.284546504 0xf37ecf50 gstpad.c:3745:push_sticky:<h264parse0:src> event stream-start was already received
05-10 10:02:54.068  4415  4502 D GStreamer+GST_SCHEDULING: 0:02:33.284563379 0xf37ecfb0 gstpad.c:4159:gst_pad_chain_data_unchecked:<queue2:sink> called chainfunction &gst_queue_chain with buffer 0xf3b07940, returned ok
05-10 10:02:54.068  4415  4500 D GStreamer+structure: 0:02:33.284626243 0xf37ecec0 gststructure.c:2316:gst_structure_parse_field trying field name 'stream-format'
05-10 10:02:54.068  4415  4502 D GStreamer+qtdemux: 0:02:33.284632858 0xf37ecfb0 qtdemux.c:7675:qtdemux_parse_samples:<q> parsing up to sample 20
05-10 10:02:54.068  4415  4500 D GStreamer+structure: 0:02:33.284657493 0xf37ecec0 gststructure.c:2367:gst_structure_parse_value trying type name 'string'
05-10 10:02:54.068  4415  4502 D GStreamer+qtdemux: 0:02:33.284682598 0xf37ecfb0 qtdemux.c:7882:qtdemux_parse_samples:<q> sample 20: index 20, timestamp 0:00:00.480000000
05-10 10:02:54.068  4415  4500 D GStreamer+GST_ELEMENT_FACTORY: 0:02:33.284701920 0xf37ecec0 gstelementfactory.c:848:gst_element_factory_list_filter Trying amcauddec-omxgoogleamrnbdecoder
05-10 10:02:54.068  4415  4502 D GStreamer+qtdemux: 0:02:33.284721660 0xf37ecfb0 qtdemux.c:7982:qtdemux_parse_samples:<q> setting all keyframes
05-10 10:02:54.068  4415  4500 D GStreamer+structure: 0:02:33.284738795 0xf37ecec0 gststructure.c:2316:gst_structure_parse_field trying field name 'rate'
05-10 10:02:54.068  4415  4500 D GStreamer+structure: 0:02:33.284770618 0xf37ecec0 gststructure.c:2367:gst_structure_parse_value trying type name 'int'
05-10 10:02:54.068  4415  4502 D GStreamer+qtdemux: 0:02:33.284788587 0xf37ecfb0 qtdemux.c:5197:gst_qtdemux_loop_state_movie:<q> pushing from stream 0, empty 0 offset 342463, size 44428, dts=0:00:00.159000000, pts=0:00:00.159000000, duration 0:00:00.020000000
05-10 10:02:54.068  4415  4500 D GStreamer+structure: 0:02:33.284805931 0xf37ecec0 gststructure.c:2316:gst_structure_parse_field trying field name 'channels'
05-10 10:02:54.068  4415  4500 D GStreamer+structure: 0:02:33.284838535 0xf37ecec0 gststructure.c:2367:gst_structure_parse_value trying type name 'int'
05-10 10:02:54.068  4415  4502 D GStreamer+basesrc: 0:02:33.284855462 0xf37ecfb0 gstbasesrc.c:2355:gst_base_src_update_length:<filesrc0> reading offset 342463, length 44428, size 15003960, segment.stop -1, maxsize 15003960
05-10 10:02:54.068  4415  4500 D GStreamer+GST_ELEMENT_FACTORY: 0:02:33.284876035 0xf37ecec0 gstelementfactory.c:848:gst_element_factory_list_filter Trying amcauddec-omxgoogleamrwbdecoder
05-10 10:02:54.068  4415  4502 D GStreamer+basesrc: 0:02:33.284900098 0xf37ecfb0 gstbasesrc.c:2456:gst_base_src_get_range:<filesrc0> calling create offset 342463 length 44428, time 0
05-10 10:02:54.068  4415  4500 D GStreamer+structure: 0:02:33.284915254 0xf37ecec0 gststructure.c:2316:gst_structure_parse_field trying field name 'rate'
05-10 10:02:54.069  4415  4501 D GStreamer+GST_EVENT: 0:02:33.284949525 0xf37ecf50 gstpad.c:5496:gst_pad_send_event_unchecked:<capsfilter0:sink> have event type caps event: 0xf39dba48, time 99:99:99.999999999, seq-num 131, GstEventCaps, caps=(GstCaps)"video/x-h264\,\ parsed\=\(boolean\)true\,\ stream-format\=\(string\)avc\,\ alignment\=\(string\)au";
05-10 10:02:54.069  4415  4502 D GStreamer+GST_MEMORY: 0:02:33.284966556 0xf37ecfb0 gstmemory.c:138:gst_memory_init new memory 0xf3b394e8, maxsize:44431 offset:0 size:44428
05-10 10:02:54.069  4415  4501 D GStreamer+GST_CAPS: 0:02:33.284998900 0xf37ecf50 gstutils.c:2921:gst_pad_query_accept_caps:<capsfilter0:sink> accept caps of video/x-h264, parsed=(boolean)true, stream-format=(string)avc, alignment=(string)au
05-10 10:02:54.069  4415  4501 D GStreamer+query: 0:02:33.285039525 0xf37ecf50 gstquery.c:674:gst_query_new_custom creating new query 0xf390acc0 accept-caps
05-10 10:02:54.069  4415  4502 D GStreamer+basesrc: 0:02:33.285053223 0xf37ecfb0 gstbasesrc.c:2310:gst_base_src_do_sync:<filesrc0> we have no clock
05-10 10:02:54.069  4415  4501 D GStreamer+GST_PADS: 0:02:33.285081035 0xf37ecf50 gstpad.c:3882:gst_pad_query:<capsfilter0:sink> doing query 0xf390acc0 (accept-caps)
05-10 10:02:54.069  4415  4502 D GStreamer+basesrc: 0:02:33.285098483 0xf37ecfb0 gstbasesrc.c:2520:gst_base_src_get_range:<filesrc0> buffer ok
05-10 10:02:54.069  4415  4501 D GStreamer+capsfilter: 0:02:33.285123014 0xf37ecf50 gstcapsfilter.c:340:gst_capsfilter_accept_caps:<capsfilter0> can intersect: 0
05-10 10:02:54.069  4415  4501 D GStreamer+GST_PADS: 0:02:33.285174525 0xf37ecf50 gstpad.c:3905:gst_pad_query:<capsfilter0:sink> sent query 0xf390acc0 (accept-caps), result 1
05-10 10:02:54.069  4415  4502 D GStreamer+GST_SCHEDULING: 0:02:33.285191556 0xf37ecfb0 gstpad.c:4153:gst_pad_chain_data_unchecked:<queue0:sink> calling chainfunction &gst_queue_chain with buffer buffer: 0xf3b079e0, pts 0:00:00.159000000, dts 0:00:00.159000000, dur 0:00:00.020000000, size 44428, offset none, offset_end none, flags 0x0
05-10 10:02:54.069  4415  4501 D GStreamer+default: 0:02:33.285218587 0xf37ecf50 gstutils.c:2926:gst_pad_query_accept_caps:<capsfilter0:sink> query returned 0
05-10 10:02:54.069  4415  4502 D GStreamer+GST_SCHEDULING: 0:02:33.285246452 0xf37ecfb0 gstpad.c:4159:gst_pad_chain_data_unchecked:<queue0:sink> called chainfunction &gst_queue_chain with buffer 0xf3b079e0, returned ok
05-10 10:02:54.069  4415  4501 D GStreamer+GST_CAPS: 0:02:33.285275045 0xf37ecf50 gstpad.c:5426:pre_eventfunc_check:<capsfilter0:sink> caps video/x-h264, parsed=(boolean)true, stream-format=(string)avc, alignment=(string)au not accepted
05-10 10:02:54.069  4415  4502 D GStreamer+qtdemux: 0:02:33.285297754 0xf37ecfb0 qtdemux.c:7675:qtdemux_parse_samples:<q> parsing up to sample 8
05-10 10:02:54.069  4415  4501 D GStreamer+GST_PADS: 0:02:33.285319160 0xf37ecf50 gstpad.c:5667:gst_pad_send_event_unchecked:<capsfilter0:sink> pre event check failed
05-10 10:02:54.069  4415  4502 D GStreamer+qtdemux: 0:02:33.285348848 0xf37ecfb0 qtdemux.c:7882:qtdemux_parse_samples:<q> sample 8: index 1, timestamp 0:00:00.179000000
05-10 10:02:54.069  4415  4501 D GStreamer+GST_PADS: 0:02:33.285363275 0xf37ecf50 gstpad.c:3792:push_sticky:<h264parse0:src> result not-negotiated, mark pending events
05-10 10:02:54.069  4415  4502 D GStreamer+qtdemux: 0:02:33.285386348 0xf37ecfb0 qtdemux.c:7937:qtdemux_parse_samples:<q> samples at 8 is keyframe
05-10 10:02:54.069  4415  4501 D GStreamer+baseparse: 0:02:33.285398795 0xf37ecf50 gstbaseparse.c:2677:gst_base_parse_drain:<h264parse0> draining
05-10 10:02:54.069  4415  4501 D GStreamer+GST_PADS: 0:02:33.285441816 0xf37ecf50 gstpad.c:3813:check_sticky:<h264parse0:src> pushing all sticky events
05-10 10:02:54.069  4415  4502 D GStreamer+qtdemux: 0:02:33.285458587 0xf37ecfb0 qtdemux.c:5197:gst_qtdemux_loop_state_movie:<q> pushing from stream 1, empty 0 offset 430493, size 144, dts=0:00:00.480000000, pts=0:00:00.480000000, duration 0:00:00.024000000
05-10 10:02:54.069  4415  4501 D GStreamer+GST_PADS: 0:02:33.285494525 0xf37ecf50 gstpad.c:3745:push_sticky:<h264parse0:src> event stream-start was already received
05-10 10:02:54.069  4415  4502 D GStreamer+basesrc: 0:02:33.285526764 0xf37ecfb0 gstbasesrc.c:2355:gst_base_src_update_length:<filesrc0> reading offset 430493, length 144, size 15003960, segment.stop -1, maxsize 15003960
05-10 10:02:54.069  4415  4502 D GStreamer+basesrc: 0:02:33.285573275 0xf37ecfb0 gstbasesrc.c:2456:gst_base_src_get_range:<filesrc0> calling create offset 430493 length 144, time 0
05-10 10:02:54.069  4415  4500 D GStreamer+structure: 0:02:33.285588639 0xf37ecec0 gststructure.c:2367:gst_structure_parse_value trying type name 'int'
05-10 10:02:54.069  4415  4502 D GStreamer+GST_MEMORY: 0:02:33.285613483 0xf37ecfb0 gstmemory.c:138:gst_memory_init new memory 0xf3af03c8, maxsize:147 offset:0 size:144
05-10 10:02:54.069  4415  4500 D GStreamer+structure: 0:02:33.285625879 0xf37ecec0 gststructure.c:2316:gst_structure_parse_field trying field name 'channels'
05-10 10:02:54.069  4415  4500 D GStreamer+structure: 0:02:33.285659108 0xf37ecec0 gststructure.c:2367:gst_structure_parse_value trying type name 'int'
05-10 10:02:54.069  4415  4502 D GStreamer+basesrc: 0:02:33.285678691 0xf37ecfb0 gstbasesrc.c:2310:gst_base_src_do_sync:<filesrc0> we have no clock
05-10 10:02:54.069  4415  4500 D GStreamer+GST_ELEMENT_FACTORY: 0:02:33.285700202 0xf37ecec0 gstelementfactory.c:848:gst_element_factory_list_filter Trying amcauddec-omxgooglemp3decoder
05-10 10:02:54.069  4415  4502 D GStreamer+basesrc: 0:02:33.285721243 0xf37ecfb0 gstbasesrc.c:2520:gst_base_src_get_range:<filesrc0> buffer ok
05-10 10:02:54.069  4415  4500 D GStreamer+structure: 0:02:33.285739837 0xf37ecec0 gststructure.c:2316:gst_structure_parse_field trying field name 'mpegversion'
05-10 10:02:54.069  4415  4500 D GStreamer+structure: 0:02:33.285777493 0xf37ecec0 gststructure.c:2367:gst_structure_parse_value trying type name 'int'
05-10 10:02:54.069  4415  4502 D GStreamer+GST_SCHEDULING: 0:02:33.285799368 0xf37ecfb0 gstpad.c:4153:gst_pad_chain_data_unchecked:<queue2:sink> calling chainfunction &gst_queue_chain with buffer buffer: 0xf3b07a80, pts 0:00:00.480000000, dts 0:00:00.480000000, dur 0:00:00.024000000, size 144, offset none, offset_end none, flags 0x0
05-10 10:02:54.069  4415  4500 D GStreamer+structure: 0:02:33.285811816 0xf37ecec0 gststructure.c:2316:gst_structure_parse_field trying field name 'layer'
05-10 10:02:54.069  4415  4500 D GStreamer+structure: 0:02:33.285842545 0xf37ecec0 gststructure.c:2367:gst_structure_parse_value trying type name 'int'
05-10 10:02:54.069  4415  4502 D GStreamer+GST_SCHEDULING: 0:02:33.285859525 0xf37ecfb0 gstpad.c:4159:gst_pad_chain_data_unchecked:<queue2:sink> called chainfunction &gst_queue_chain with buffer 0xf3b07a80, returned ok
05-10 10:02:54.069  4415  4500 D GStreamer+structure: 0:02:33.285879889 0xf37ecec0 gststructure.c:2316:gst_structure_parse_field trying field name 'rate'
05-10 10:02:54.069  4415  4502 D GStreamer+qtdemux: 0:02:33.285906504 0xf37ecfb0 qtdemux.c:7675:qtdemux_parse_samples:<q> parsing up to sample 21
05-10 10:02:54.069  4415  4500 D GStreamer+structure: 0:02:33.285924837 0xf37ecec0 gststructure.c:2367:gst_structure_parse_value trying type name 'int'
05-10 10:02:54.070  4415  4501 D GStreamer+GST_EVENT: 0:02:33.285968327 0xf37ecf50 gstpad.c:5496:gst_pad_send_event_unchecked:<capsfilter0:sink> have event type caps event: 0xf39dba48, time 99:99:99.999999999, seq-num 131, GstEventCaps, caps=(GstCaps)"video/x-h264\,\ parsed\=\(boolean\)true\,\ stream-format\=\(string\)avc\,\ alignment\=\(string\)au";
05-10 10:02:54.070  4415  4502 D GStreamer+qtdemux: 0:02:33.285975514 0xf37ecfb0 qtdemux.c:7882:qtdemux_parse_samples:<q> sample 21: index 21, timestamp 0:00:00.504000000
05-10 10:02:54.070  4415  4502 D GStreamer+qtdemux: 0:02:33.286014264 0xf37ecfb0 qtdemux.c:7982:qtdemux_parse_samples:<q> setting all keyframes
05-10 10:02:54.070  4415  4501 D GStreamer+GST_CAPS: 0:02:33.286032858 0xf37ecf50 gstutils.c:2921:gst_pad_query_accept_caps:<capsfilter0:sink> accept caps of video/x-h264, parsed=(boolean)true, stream-format=(string)avc, alignment=(string)au
05-10 10:02:54.070  4415  4501 D GStreamer+query: 0:02:33.286079212 0xf37ecf50 gstquery.c:674:gst_query_new_custom creating new query 0xf390acf0 accept-caps
05-10 10:02:54.070  4415  4502 D GStreamer+qtdemux: 0:02:33.286096400 0xf37ecfb0 qtdemux.c:5197:gst_qtdemux_loop_state_movie:<q> pushing from stream 0, empty 0 offset 387035, size 43458, dts=0:00:00.179000000, pts=0:00:00.179000000, duration 0:00:00.020000000
05-10 10:02:54.070  4415  4501 D GStreamer+GST_PADS: 0:02:33.286119160 0xf37ecf50 gstpad.c:3882:gst_pad_query:<capsfilter0:sink> doing query 0xf390acf0 (accept-caps)
05-10 10:02:54.070  4415  4500 D GStreamer+structure: 0:02:33.286171660 0xf37ecec0 gststructure.c:2316:gst_structure_parse_field trying field name 'channels'
05-10 10:02:54.070  4415  4502 D GStreamer+basesrc: 0:02:33.286178223 0xf37ecfb0 gstbasesrc.c:2355:gst_base_src_update_length:<filesrc0> reading offset 387035, length 43458, size 15003960, segment.stop -1, maxsize 15003960
05-10 10:02:54.070  4415  4500 D GStreamer+structure: 0:02:33.286200410 0xf37ecec0 gststructure.c:2367:gst_structure_parse_value trying type name 'int'
05-10 10:02:54.070  4415  4502 D GStreamer+basesrc: 0:02:33.286220983 0xf37ecfb0 gstbasesrc.c:2456:gst_base_src_get_range:<filesrc0> calling create offset 387035 length 43458, time 0
05-10 10:02:54.070  4415  4501 D GStreamer+capsfilter: 0:02:33.286256348 0xf37ecf50 gstcapsfilter.c:340:gst_capsfilter_accept_caps:<capsfilter0> can intersect: 0
05-10 10:02:54.070  4415  4502 D GStreamer+GST_MEMORY: 0:02:33.286273795 0xf37ecfb0 gstmemory.c:138:gst_memory_init new memory 0xf3b45000, maxsize:43461 offset:0 size:43458
05-10 10:02:54.070  4415  4501 D GStreamer+GST_PADS: 0:02:33.286300514 0xf37ecf50 gstpad.c:3905:gst_pad_query:<capsfilter0:sink> sent query 0xf390acf0 (accept-caps), result 1
05-10 10:02:54.070  4415  4501 D GStreamer+default: 0:02:33.286336243 0xf37ecf50 gstutils.c:2926:gst_pad_query_accept_caps:<capsfilter0:sink> query returned 0
05-10 10:02:54.070  4415  4501 D GStreamer+GST_CAPS: 0:02:33.286379681 0xf37ecf50 gstpad.c:5426:pre_eventfunc_check:<capsfilter0:sink> caps video/x-h264, parsed=(boolean)true, stream-format=(string)avc, alignment=(string)au not accepted
05-10 10:02:54.070  4415  4501 D GStreamer+GST_PADS: 0:02:33.286416712 0xf37ecf50 gstpad.c:5667:gst_pad_send_event_unchecked:<capsfilter0:sink> pre event check failed
05-10 10:02:54.070  4415  4501 D GStreamer+GST_PADS: 0:02:33.286456035 0xf37ecf50 gstpad.c:3792:push_sticky:<h264parse0:src> result not-negotiated, mark pending events
05-10 10:02:54.070  4415  4501 D GStreamer+GST_PADS: 0:02:33.286516295 0xf37ecf50 gstpad.c:3745:push_sticky:<h264parse0:src> event stream-start was already received
05-10 10:02:54.070  4415  4501 D GStreamer+GST_EVENT: 0:02:33.286583848 0xf37ecf50 gstpad.c:5496:gst_pad_send_event_unchecked:<capsfilter0:sink> have event type caps event: 0xf39dba48, time 99:99:99.999999999, seq-num 131, GstEventCaps, caps=(GstCaps)"video/x-h264\,\ parsed\=\(boolean\)true\,\ stream-format\=\(string\)avc\,\ alignment\=\(string\)au";
05-10 10:02:54.070  4415  4501 D GStreamer+GST_CAPS: 0:02:33.286631973 0xf37ecf50 gstutils.c:2921:gst_pad_query_accept_caps:<capsfilter0:sink> accept caps of video/x-h264, parsed=(boolean)true, stream-format=(string)avc, alignment=(string)au
05-10 10:02:54.070  4415  4502 D GStreamer+basesrc: 0:02:33.286653900 0xf37ecfb0 gstbasesrc.c:2310:gst_base_src_do_sync:<filesrc0> we have no clock
05-10 10:02:54.070  4415  4501 D GStreamer+query: 0:02:33.286675723 0xf37ecf50 gstquery.c:674:gst_query_new_custom creating new query 0xf390ad20 accept-caps
05-10 10:02:54.070  4415  4502 D GStreamer+basesrc: 0:02:33.286697806 0xf37ecfb0 gstbasesrc.c:2520:gst_base_src_get_range:<filesrc0> buffer ok
05-10 10:02:54.070  4415  4501 D GStreamer+GST_PADS: 0:02:33.286715723 0xf37ecf50 gstpad.c:3882:gst_pad_query:<capsfilter0:sink> doing query 0xf390ad20 (accept-caps)
05-10 10:02:54.070  4415  4501 D GStreamer+capsfilter: 0:02:33.286765931 0xf37ecf50 gstcapsfilter.c:340:gst_capsfilter_accept_caps:<capsfilter0> can intersect: 0
05-10 10:02:54.070  4415  4502 D GStreamer+GST_SCHEDULING: 0:02:33.286790723 0xf37ecfb0 gstpad.c:4153:gst_pad_chain_data_unchecked:<queue0:sink> calling chainfunction &gst_queue_chain with buffer buffer: 0xf3b07b20, pts 0:00:00.179000000, dts 0:00:00.179000000, dur 0:00:00.020000000, size 43458, offset none, offset_end none, flags 0x0
05-10 10:02:54.070  4415  4501 D GStreamer+GST_PADS: 0:02:33.286811764 0xf37ecf50 gstpad.c:3905:gst_pad_query:<capsfilter0:sink> sent query 0xf390ad20 (accept-caps), result 1
05-10 10:02:54.070  4415  4500 D GStreamer+structure: 0:02:33.286237077 0xf37ecec0 gststructure.c:2316:gst_structure_parse_field trying field name 'parsed'
05-10 10:02:54.070  4415  4502 D GStreamer+GST_SCHEDULING: 0:02:33.286851295 0xf37ecfb0 gstpad.c:4159:gst_pad_chain_data_unchecked:<queue0:sink> called chainfunction &gst_queue_chain with buffer 0xf3b07b20, returned ok
05-10 10:02:54.070  4415  4500 D GStreamer+structure: 0:02:33.286898379 0xf37ecec0 gststructure.c:2367:gst_structure_parse_value trying type name 'boolean'
05-10 10:02:54.070  4415  4502 D GStreamer+qtdemux: 0:02:33.286918587 0xf37ecfb0 qtdemux.c:7675:qtdemux_parse_samples:<q> parsing up to sample 9
05-10 10:02:54.070  4415  4500 D GStreamer+GST_ELEMENT_FACTORY: 0:02:33.286938483 0xf37ecec0 gstelementfactory.c:848:gst_element_factory_list_filter Trying amcauddec-omxgoogleopusdecoder
05-10 10:02:54.071  4415  4502 D GStreamer+qtdemux: 0:02:33.286973014 0xf37ecfb0 qtdemux.c:7882:qtdemux_parse_samples:<q> sample 9: index 0, timestamp 0:00:00.199000000
05-10 10:02:54.071  4415  4500 D GStreamer+GST_ELEMENT_FACTORY: 0:02:33.286992337 0xf37ecec0 gstelementfactory.c:848:gst_element_factory_list_filter Trying amcviddec-omxnvidiah263decode
05-10 10:02:54.071  4415  4502 D GStreamer+qtdemux: 0:02:33.287013327 0xf37ecfb0 qtdemux.c:7937:qtdemux_parse_samples:<q> samples at 9 is keyframe
05-10 10:02:54.071  4415  4500 D GStreamer+structure: 0:02:33.287036973 0xf37ecec0 gststructure.c:2316:gst_structure_parse_field trying field name 'width'
05-10 10:02:54.071  4415  4500 D GStreamer+structure: 0:02:33.287069941 0xf37ecec0 gststructure.c:2367:gst_structure_parse_value trying type name 'int'
05-10 10:02:54.071  4415  4502 D GStreamer+qtdemux: 0:02:33.287089004 0xf37ecfb0 qtdemux.c:5197:gst_qtdemux_loop_state_movie:<q> pushing from stream 1, empty 0 offset 473883, size 144, dts=0:00:00.504000000, pts=0:00:00.504000000, duration 0:00:00.024000000
05-10 10:02:54.071  4415  4500 D GStreamer+structure: 0:02:33.287107702 0xf37ecec0 gststructure.c:2316:gst_structure_parse_field trying field name 'height'
05-10 10:02:54.071  4415  4500 D GStreamer+structure: 0:02:33.287141608 0xf37ecec0 gststructure.c:2367:gst_structure_parse_value trying type name 'int'
05-10 10:02:54.071  4415  4502 D GStreamer+basesrc: 0:02:33.287161712 0xf37ecfb0 gstbasesrc.c:2355:gst_base_src_update_length:<filesrc0> reading offset 473883, length 144, size 15003960, segment.stop -1, maxsize 15003960
05-10 10:02:54.071  4415  4500 D GStreamer+structure: 0:02:33.287179577 0xf37ecec0 gststructure.c:2316:gst_structure_parse_field trying field name 'framerate'
05-10 10:02:54.071  4415  4501 D GStreamer+default: 0:02:33.287221868 0xf37ecf50 gstutils.c:2926:gst_pad_query_accept_caps:<capsfilter0:sink> query returned 0
05-10 10:02:54.071  4415  4502 D GStreamer+basesrc: 0:02:33.287228743 0xf37ecfb0 gstbasesrc.c:2456:gst_base_src_get_range:<filesrc0> calling create offset 473883 length 144, time 0
05-10 10:02:54.071  4415  4500 D GStreamer+structure: 0:02:33.287272702 0xf37ecec0 gststructure.c:2367:gst_structure_parse_value trying type name 'fraction'
05-10 10:02:54.071  4415  4502 D GStreamer+GST_MEMORY: 0:02:33.287297858 0xf37ecfb0 gstmemory.c:138:gst_memory_init new memory 0xf3af04b0, maxsize:147 offset:0 size:144
05-10 10:02:54.071  4415  4500 D GStreamer+structure: 0:02:33.287327545 0xf37ecec0 gststructure.c:2316:gst_structure_parse_field trying field name 'parsed'
05-10 10:02:54.071  4415  4502 D GStreamer+basesrc: 0:02:33.287341504 0xf37ecfb0 gstbasesrc.c:2310:gst_base_src_do_sync:<filesrc0> we have no clock
05-10 10:02:54.071  4415  4500 D GStreamer+structure: 0:02:33.287360202 0xf37ecec0 gststructure.c:2367:gst_structure_parse_value trying type name 'boolean'
05-10 10:02:54.071  4415  4502 D GStreamer+basesrc: 0:02:33.287375254 0xf37ecfb0 gstbasesrc.c:2520:gst_base_src_get_range:<filesrc0> buffer ok
05-10 10:02:54.071  4415  4500 D GStreamer+structure: 0:02:33.287394733 0xf37ecec0 gststructure.c:2316:gst_structure_parse_field trying field name 'variant'
05-10 10:02:54.071  4415  4500 D GStreamer+structure: 0:02:33.287430931 0xf37ecec0 gststructure.c:2367:gst_structure_parse_value trying type name 'string'
05-10 10:02:54.071  4415  4502 D GStreamer+GST_SCHEDULING: 0:02:33.287456139 0xf37ecfb0 gstpad.c:4153:gst_pad_chain_data_unchecked:<queue2:sink> calling chainfunction &gst_queue_chain with buffer buffer: 0xf3b07bc0, pts 0:00:00.504000000, dts 0:00:00.504000000, dur 0:00:00.024000000, size 144, offset none, offset_end none, flags 0x0
05-10 10:02:54.071  4415  4500 D GStreamer+structure: 0:02:33.287465931 0xf37ecec0 gststructure.c:2316:gst_structure_parse_field trying field name 'profile'
05-10 10:02:54.071  4415  4500 D GStreamer+structure: 0:02:33.287515723 0xf37ecec0 gststructure.c:2367:gst_structure_parse_value trying type name 'uint'
05-10 10:02:54.071  4415  4502 D GStreamer+GST_SCHEDULING: 0:02:33.287533691 0xf37ecfb0 gstpad.c:4159:gst_pad_chain_data_unchecked:<queue2:sink> called chainfunction &gst_queue_chain with buffer 0xf3b07bc0, returned ok
05-10 10:02:54.071  4415  4500 D GStreamer+GST_ELEMENT_FACTORY: 0:02:33.287556191 0xf37ecec0 gstelementfactory.c:848:gst_element_factory_list_filter Trying amcviddec-omxnvidiah264decode
05-10 10:02:54.071  4415  4502 D GStreamer+qtdemux: 0:02:33.287586608 0xf37ecfb0 qtdemux.c:7675:qtdemux_parse_samples:<q> parsing up to sample 22
05-10 10:02:54.071  4415  4501 D GStreamer+GST_CAPS: 0:02:33.287606139 0xf37ecf50 gstpad.c:5426:pre_eventfunc_check:<capsfilter0:sink> caps video/x-h264, parsed=(boolean)true, stream-format=(string)avc, alignment=(string)au not accepted
05-10 10:02:54.071  4415  4501 D GStreamer+GST_PADS: 0:02:33.287647493 0xf37ecf50 gstpad.c:5667:gst_pad_send_event_unchecked:<capsfilter0:sink> pre event check failed
05-10 10:02:54.071  4415  4502 D GStreamer+qtdemux: 0:02:33.287654056 0xf37ecfb0 qtdemux.c:7882:qtdemux_parse_samples:<q> sample 22: index 22, timestamp 0:00:00.528000000
05-10 10:02:54.071  4415  4501 D GStreamer+GST_PADS: 0:02:33.287694681 0xf37ecf50 gstpad.c:3792:push_sticky:<h264parse0:src> result not-negotiated, mark pending events
05-10 10:02:54.071  4415  4502 D GStreamer+qtdemux: 0:02:33.287711035 0xf37ecfb0 qtdemux.c:7982:qtdemux_parse_samples:<q> setting all keyframes
05-10 10:02:54.071  4415  4502 D GStreamer+qtdemux: 0:02:33.287789993 0xf37ecfb0 qtdemux.c:5197:gst_qtdemux_loop_state_movie:<q> pushing from stream 0, empty 0 offset 430637, size 43246, dts=0:00:00.199000000, pts=0:00:00.199000000, duration 0:00:00.019666666
05-10 10:02:54.071  4415  4501 D GStreamer+GST_EVENT: 0:02:33.287798795 0xf37ecf50 gstpad.c:5496:gst_pad_send_event_unchecked:<capsfilter0:sink> have event type gap event: 0xf39c9f48, time 99:99:99.999999999, seq-num 116, GstEventGap, timestamp=(guint64)0, duration=(guint64)311000000;
05-10 10:02:54.071  4415  4502 D GStreamer+basesrc: 0:02:33.287839473 0xf37ecfb0 gstbasesrc.c:2355:gst_base_src_update_length:<filesrc0> reading offset 430637, length 43246, size 15003960, segment.stop -1, maxsize 15003960
05-10 10:02:54.071  4415  4501 D GStreamer+GST_EVENT: 0:02:33.287879212 0xf37ecf50 gstpad.c:5496:gst_pad_send_event_unchecked:<forhwgl:sink> have event type gap event: 0xf39c9f48, time 99:99:99.999999999, seq-num 116, GstEventGap, timestamp=(guint64)0, duration=(guint64)311000000;
05-10 10:02:54.071  4415  4502 D GStreamer+basesrc: 0:02:33.287896816 0xf37ecfb0 gstbasesrc.c:2456:gst_base_src_get_range:<filesrc0> calling create offset 430637 length 43246, time 0
05-10 10:02:54.071  4415  4500 D GStreamer+structure: 0:02:33.287934629 0xf37ecec0 gststructure.c:2316:gst_structure_parse_field trying field name 'width'
05-10 10:02:54.072  4415  4502 D GStreamer+GST_MEMORY: 0:02:33.287949525 0xf37ecfb0 gstmemory.c:138:gst_memory_init new memory 0xf3b50800, maxsize:43249 offset:0 size:43246
05-10 10:02:54.072  4415  4500 D GStreamer+structure: 0:02:33.287968587 0xf37ecec0 gststructure.c:2367:gst_structure_parse_value trying type name 'int'
05-10 10:02:54.072  4415  4500 D GStreamer+structure: 0:02:33.288003795 0xf37ecec0 gststructure.c:2316:gst_structure_parse_field trying field name 'height'
05-10 10:02:54.072  4415  4502 D GStreamer+basesrc: 0:02:33.288031712 0xf37ecfb0 gstbasesrc.c:2310:gst_base_src_do_sync:<filesrc0> we have no clock
05-10 10:02:54.072  4415  4502 D GStreamer+basesrc: 0:02:33.288067025 0xf37ecfb0 gstbasesrc.c:2520:gst_base_src_get_range:<filesrc0> buffer ok
05-10 10:02:54.072  4415  4501 D GStreamer+GST_EVENT: 0:02:33.288087285 0xf37ecf50 gstpad.c:5496:gst_pad_send_event_unchecked:<typefind:sink> have event type gap event: 0xf39c9f48, time 99:99:99.999999999, seq-num 116, GstEventGap, timestamp=(guint64)0, duration=(guint64)311000000;
05-10 10:02:54.072  4415  4501 D GStreamer+typefind: 0:02:33.288139577 0xf37ecf50 gsttypefindelement.c:613:gst_type_find_element_sink_event:<typefind> got gap event in mode 1
05-10 10:02:54.072  4415  4502 D GStreamer+GST_SCHEDULING: 0:02:33.288158952 0xf37ecfb0 gstpad.c:4153:gst_pad_chain_data_unchecked:<queue0:sink> calling chainfunction &gst_queue_chain with buffer buffer: 0xf3b07c60, pts 0:00:00.199000000, dts 0:00:00.199000000, dur 0:00:00.019666666, size 43246, offset none, offset_end none, flags 0x0
05-10 10:02:54.072  4415  4501 V GStreamer+typefind: 0:02:33.288182025 0xf37ecf50 gsttypefindelement.c:632:gst_type_find_element_sink_event:<typefind> GAP events during typefinding not handled properly
05-10 10:02:54.072  4415  4502 D GStreamer+GST_SCHEDULING: 0:02:33.288219629 0xf37ecfb0 gstpad.c:4159:gst_pad_chain_data_unchecked:<queue0:sink> called chainfunction &gst_queue_chain with buffer 0xf3b07c60, returned ok
05-10 10:02:54.072  4415  4501 D GStreamer+GST_PADS: 0:02:33.288239212 0xf37ecf50 gstpad.c:5569:gst_pad_send_event_unchecked:<typefind:sink> sent event, ret ok
05-10 10:02:54.072  4415  4502 D GStreamer+qtdemux: 0:02:33.288263170 0xf37ecfb0 qtdemux.c:7675:qtdemux_parse_samples:<q> parsing up to sample 10
05-10 10:02:54.072  4415  4501 D GStreamer+GST_PADS: 0:02:33.288289316 0xf37ecf50 gstpad.c:5569:gst_pad_send_event_unchecked:<forhwgl:sink> sent event, ret ok
05-10 10:02:54.072  4415  4502 D GStreamer+qtdemux: 0:02:33.288317650 0xf37ecfb0 qtdemux.c:7882:qtdemux_parse_samples:<q> sample 10: index 0, timestamp 0:00:00.218666666
05-10 10:02:54.072  4415  4501 D GStreamer+GST_PADS: 0:02:33.288341348 0xf37ecf50 gstpad.c:5569:gst_pad_send_event_unchecked:<capsfilter0:sink> sent event, ret ok
05-10 10:02:54.072  4415  4502 D GStreamer+qtdemux: 0:02:33.288360827 0xf37ecfb0 qtdemux.c:7937:qtdemux_parse_samples:<q> samples at 10 is keyframe
05-10 10:02:54.072  4415  4501 D GStreamer+baseparse: 0:02:33.288382337 0xf37ecf50 gstbaseparse.c:1484:gst_base_parse_sink_event_default:<h264parse0> event handled
05-10 10:02:54.072  4415  4501 D GStreamer+GST_PADS: 0:02:33.288424733 0xf37ecf50 gstpad.c:5569:gst_pad_send_event_unchecked:<h264parse0:sink> sent event, ret ok
05-10 10:02:54.072  4415  4502 D GStreamer+qtdemux: 0:02:33.288441295 0xf37ecfb0 qtdemux.c:5197:gst_qtdemux_loop_state_movie:<q> pushing from stream 1, empty 0 offset 517250, size 144, dts=0:00:00.528000000, pts=0:00:00.528000000, duration 0:00:00.024000000
05-10 10:02:54.072  4415  4502 D GStreamer+basesrc: 0:02:33.288504264 0xf37ecfb0 gstbasesrc.c:2355:gst_base_src_update_length:<filesrc0> reading offset 517250, length 144, size 15003960, segment.stop -1, maxsize 15003960
05-10 10:02:54.072  4415  4501 D GStreamer+queue: 0:02:33.288526764 0xf37ecf50 gstqueue.c:561:apply_segment:<queue0> configured SEGMENT time segment start=0:00:00.000000000, offset=0:00:00.000000000, stop=0:00:07.199000000, rate=1.000000, applied_rate=1.000000, flags=0x00, time=0:00:00.311000000, base=0:00:00.311000000, position 0:00:00.000000000, duration 99:99:99.999999999
05-10 10:02:54.072  4415  4502 D GStreamer+basesrc: 0:02:33.288548848 0xf37ecfb0 gstbasesrc.c:2456:gst_base_src_get_range:<filesrc0> calling create offset 517250 length 144, time 0
05-10 10:02:54.072  4415  4501 D GStreamer+GST_PADS: 0:02:33.288574525 0xf37ecf50 gstpad.c:3813:check_sticky:<queue0:src> pushing all sticky events
05-10 10:02:54.072  4415  4502 D GStreamer+GST_MEMORY: 0:02:33.288592285 0xf37ecfb0 gstmemory.c:138:gst_memory_init new memory 0xf3af0598, maxsize:147 offset:0 size:144
05-10 10:02:54.072  4415  4501 D GStreamer+GST_PADS: 0:02:33.288618587 0xf37ecf50 gstpad.c:3745:push_sticky:<queue0:src> event stream-start was already received
05-10 10:02:54.072  4415  4502 D GStreamer+basesrc: 0:02:33.288628691 0xf37ecfb0 gstbasesrc.c:2310:gst_base_src_do_sync:<filesrc0> we have no clock
05-10 10:02:54.072  4415  4501 D GStreamer+GST_PADS: 0:02:33.288658327 0xf37ecf50 gstpad.c:3745:push_sticky:<queue0:src> event caps was already received
05-10 10:02:54.072  4415  4502 D GStreamer+basesrc: 0:02:33.288676504 0xf37ecfb0 gstbasesrc.c:2520:gst_base_src_get_range:<filesrc0> buffer ok
05-10 10:02:54.072  4415  4502 D GStreamer+GST_SCHEDULING: 0:02:33.288760670 0xf37ecfb0 gstpad.c:4153:gst_pad_chain_data_unchecked:<queue2:sink> calling chainfunction &gst_queue_chain with buffer buffer: 0xf3b07d00, pts 0:00:00.528000000, dts 0:00:00.528000000, dur 0:00:00.024000000, size 144, offset none, offset_end none, flags 0x0
05-10 10:02:54.072  4415  4502 D GStreamer+GST_SCHEDULING: 0:02:33.288824420 0xf37ecfb0 gstpad.c:4159:gst_pad_chain_data_unchecked:<queue2:sink> called chainfunction &gst_queue_chain with buffer 0xf3b07d00, returned ok
05-10 10:02:54.072  4415  4501 D GStreamer+GST_EVENT: 0:02:33.288839993 0xf37ecf50 gstpad.c:5496:gst_pad_send_event_unchecked:<h264parse0:sink> have event type segment event: 0xf3ab4090, time 99:99:99.999999999, seq-num 126, GstEventSegment, segment=(GstSegment)"GstSegment, flags=(GstSegmentFlags)GST_SEGMENT_FLAG_NONE, rate=(double)1, applied-rate=(double)1, format=(GstFormat)GST_FORMAT_TIME, base=(guint64)311000000, offset=(guint64)0, start=(guint64)0, stop=(guint64)7199000000, time=(guint64)311000000, position=(guint64)0, duration=(guint64)18446744073709551615;";
05-10 10:02:54.072  4415  4502 D GStreamer+qtdemux: 0:02:33.288866452 0xf37ecfb0 qtdemux.c:7675:qtdemux_parse_samples:<q> parsing up to sample 23
05-10 10:02:54.072  4415  4501 D GStreamer+baseparse: 0:02:33.288883275 0xf37ecf50 gstbaseparse.c:1174:gst_base_parse_sink_event_default:<h264parse0> handling event 17934, segment
05-10 10:02:54.072  4415  4502 D GStreamer+qtdemux: 0:02:33.288916816 0xf37ecfb0 qtdemux.c:7882:qtdemux_parse_samples:<q> sample 23: index 23, timestamp 0:00:00.552000000
05-10 10:02:54.073  4415  4501 D GStreamer+baseparse: 0:02:33.288968743 0xf37ecf50 gstbaseparse.c:1206:gst_base_parse_sink_event_default:<h264parse0> segment time segment start=0:00:00.000000000, offset=0:00:00.000000000, stop=0:00:07.199000000, rate=1.000000, applied_rate=1.000000, flags=0x00, time=0:00:00.311000000, base=0:00:00.311000000, position 0:00:00.000000000, duration 99:99:99.999999999
05-10 10:02:54.073  4415  4502 D GStreamer+qtdemux: 0:02:33.288975462 0xf37ecfb0 qtdemux.c:7982:qtdemux_parse_samples:<q> setting all keyframes
05-10 10:02:54.073  4415  4501 D GStreamer+baseparse: 0:02:33.289007389 0xf37ecf50 gstbaseparse.c:1296:gst_base_parse_sink_event_default:<h264parse0> draining current segment
05-10 10:02:54.073  4415  4500 D GStreamer+structure: 0:02:33.289059993 0xf37ecec0 gststructure.c:2367:gst_structure_parse_value trying type name 'int'
05-10 10:02:54.073  4415  4502 D GStreamer+qtdemux: 0:02:33.289066973 0xf37ecfb0 qtdemux.c:5197:gst_qtdemux_loop_state_movie:<q> pushing from stream 0, empty 0 offset 474027, size 43223, dts=0:00:00.218666666, pts=0:00:00.218666666, duration 0:00:00.020000000
05-10 10:02:54.073  4415  4500 D GStreamer+structure: 0:02:33.289096295 0xf37ecec0 gststructure.c:2316:gst_structure_parse_field trying field name 'framerate'
05-10 10:02:54.073  4415  4502 D GStreamer+basesrc: 0:02:33.289116973 0xf37ecfb0 gstbasesrc.c:2355:gst_base_src_update_length:<filesrc0> reading offset 474027, length 43223, size 15003960, segment.stop -1, maxsize 15003960
05-10 10:02:54.073  4415  4500 D GStreamer+structure: 0:02:33.289133900 0xf37ecec0 gststructure.c:2367:gst_structure_parse_value trying type name 'fraction'
05-10 10:02:54.073  4415  4502 D GStreamer+basesrc: 0:02:33.289159368 0xf37ecfb0 gstbasesrc.c:2456:gst_base_src_get_range:<filesrc0> calling create offset 474027 length 43223, time 0
05-10 10:02:54.073  4415  4501 D GStreamer+baseparse: 0:02:33.289199733 0xf37ecf50 gstbaseparse.c:2677:gst_base_parse_drain:<h264parse0> draining
05-10 10:02:54.073  4415  4502 D GStreamer+GST_MEMORY: 0:02:33.289216452 0xf37ecfb0 gstmemory.c:138:gst_memory_init new memory 0xf3b5b148, maxsize:43226 offset:0 size:43223
05-10 10:02:54.073  4415  4501 D GStreamer+baseparse: 0:02:33.289238848 0xf37ecf50 gstbaseparse.c:1484:gst_base_parse_sink_event_default:<h264parse0> event handled
05-10 10:02:54.073  4415  4501 D GStreamer+GST_PADS: 0:02:33.289274629 0xf37ecf50 gstpad.c:5569:gst_pad_send_event_unchecked:<h264parse0:sink> sent event, ret ok
05-10 10:02:54.073  4415  4502 D GStreamer+basesrc: 0:02:33.289292545 0xf37ecfb0 gstbasesrc.c:2310:gst_base_src_do_sync:<filesrc0> we have no clock
05-10 10:02:54.073  4415  4501 D GStreamer+GST_PADS: 0:02:33.289325358 0xf37ecf50 gstpad.c:3765:push_sticky:<queue0:src> event segment marked received
05-10 10:02:54.073  4415  4502 D GStreamer+basesrc: 0:02:33.289342806 0xf37ecfb0 gstbasesrc.c:2520:gst_base_src_get_range:<filesrc0> buffer ok
05-10 10:02:54.073  4415  4501 D GStreamer+GST_PADS: 0:02:33.289367858 0xf37ecf50 gstpad.c:3745:push_sticky:<queue0:src> event tag was already received
05-10 10:02:54.073  4415  4501 D GStreamer+GST_PADS: 0:02:33.289415775 0xf37ecf50 gstpad.c:3745:push_sticky:<queue0:src> event tag was already received
05-10 10:02:54.073  4415  4502 D GStreamer+GST_SCHEDULING: 0:02:33.289434941 0xf37ecfb0 gstpad.c:4153:gst_pad_chain_data_unchecked:<queue0:sink> calling chainfunction &gst_queue_chain with buffer buffer: 0xf3b07da0, pts 0:00:00.218666666, dts 0:00:00.218666666, dur 0:00:00.020000000, size 43223, offset none, offset_end none, flags 0x0
05-10 10:02:54.073  4415  4502 D GStreamer+GST_SCHEDULING: 0:02:33.289501868 0xf37ecfb0 gstpad.c:4159:gst_pad_chain_data_unchecked:<queue0:sink> called chainfunction &gst_queue_chain with buffer 0xf3b07da0, returned ok
05-10 10:02:54.073  4415  4501 D GStreamer+GST_SCHEDULING: 0:02:33.289513275 0xf37ecf50 gstpad.c:4153:gst_pad_chain_data_unchecked:<h264parse0:sink> calling chainfunction &gst_base_parse_chain with buffer buffer: 0xf3ae40a8, pts 0:00:00.000000000, dts 0:00:00.000000000, dur 0:00:00.043333333, size 45527, offset none, offset_end none, flags 0x40
05-10 10:02:54.073  4415  4500 D GStreamer+structure: 0:02:33.289179160 0xf37ecec0 gststructure.c:2316:gst_structure_parse_field trying field name 'parsed'
05-10 10:02:54.073  4415  4502 D GStreamer+qtdemux: 0:02:33.289544316 0xf37ecfb0 qtdemux.c:7675:qtdemux_parse_samples:<q> parsing up to sample 11
05-10 10:02:54.073  4415  4500 D GStreamer+structure: 0:02:33.289577650 0xf37ecec0 gststructure.c:2367:gst_structure_parse_value trying type name 'boolean'
05-10 10:02:54.073  4415  4502 D GStreamer+qtdemux: 0:02:33.289591139 0xf37ecfb0 qtdemux.c:7882:qtdemux_parse_samples:<q> sample 11: index 1, timestamp 0:00:00.238666666
05-10 10:02:54.073  4415  4500 D GStreamer+structure: 0:02:33.289608900 0xf37ecec0 gststructure.c:2316:gst_structure_parse_field trying field name 'stream-format'
05-10 10:02:54.073  4415  4502 D GStreamer+qtdemux: 0:02:33.289630514 0xf37ecfb0 qtdemux.c:7937:qtdemux_parse_samples:<q> samples at 11 is keyframe
05-10 10:02:54.073  4415  4500 D GStreamer+structure: 0:02:33.289644993 0xf37ecec0 gststructure.c:2367:gst_structure_parse_value trying type name 'string'
05-10 10:02:54.073  4415  4500 D GStreamer+structure: 0:02:33.289678639 0xf37ecec0 gststructure.c:2316:gst_structure_parse_field trying field name 'alignment'
05-10 10:02:54.073  4415  4502 D GStreamer+qtdemux: 0:02:33.289695306 0xf37ecfb0 qtdemux.c:5197:gst_qtdemux_loop_state_movie:<q> pushing from stream 0, empty 0 offset 517394, size 43384, dts=0:00:00.238666666, pts=0:00:00.238666666, duration 0:00:00.020000000
05-10 10:02:54.073  4415  4500 D GStreamer+structure: 0:02:33.289709004 0xf37ecec0 gststructure.c:2367:gst_structure_parse_value trying type name 'string'
05-10 10:02:54.073  4415  4500 D GStreamer+structure: 0:02:33.289742806 0xf37ecec0 gststructure.c:2316:gst_structure_parse_field trying field name 'profile'
