05-10 10:02:54.192  4415  4500 D GStreamer+GST_PADS: 0:02:33.408674212 0xf37ecec0 gstpad.c:3339:gst_pad_query_default:<q:audio_0> forwarding 0xf3a3f400 (seeking) query
05-10 10:02:54.192  4415  4501 D GStreamer+decodebin: 0:02:33.408694368 0xf37ecf50 gstdecodebin2.c:5042:gst_decode_pad_query:<forhwgl> autoplug-query returned 0
05-10 10:02:54.192  4415  4500 D GStreamer+GST_PADS: 0:02:33.408716973 0xf37ecec0 gstpad.c:2803:gst_pad_iterate_internal_links_default:<q:audio_0> Making iterator
05-10 10:02:54.192  4415  4500 D GStreamer+GST_PADS: 0:02:33.408773952 0xf37ecec0 gstpad.c:4009:gst_pad_peer_query:<q:sink> peer query 0xf3a3f400 (seeking)
05-10 10:02:54.192  4415  4501 D GStreamer+GST_PADS: 0:02:33.408795098 0xf37ecf50 gstpad.c:3035:gst_pad_query_accept_caps_default:<decodepad1:proxypad5> query accept-caps accept-caps query: 0xf3ac5f50, GstQueryAcceptCaps, caps=(GstCaps)"video/x-raw\(memory:GLMemory\)\,\ format\=\(string\)RGBA\,\ width\=\(int\)1280\,\ height\=\(int\)1440\,\ interlace-mode\=\(string\)progressive\,\ pixel-aspect-ratio\=\(fraction\)1/1\,\ colorimetry\=\(string\)sRGB\,\ framerate\=\(fraction\)151/3", result=(boolean)false;
05-10 10:02:54.192  4415  4500 D GStreamer+GST_PADS: 0:02:33.408821816 0xf37ecec0 gstpad.c:3882:gst_pad_query:<filesrc0:src> doing query 0xf3a3f400 (seeking)
05-10 10:02:54.192  4415  4501 D GStreamer+GST_PADS: 0:02:33.408851556 0xf37ecf50 gstutils.c:2530:gst_pad_proxy_query_accept_caps:<decodepad1:proxypad5> proxying accept caps query for decodepad1:proxypad5
05-10 10:02:54.192  4415  4500 D GStreamer+basesrc: 0:02:33.408878014 0xf37ecec0 gstbasesrc.c:1296:gst_base_src_default_query:<filesrc0> query seeking returns 1
05-10 10:02:54.192  4415  4501 D GStreamer+GST_PADS: 0:02:33.408902806 0xf37ecf50 gstpad.c:4009:gst_pad_peer_query:<'':decodepad1> peer query 0xf3ac5f50 (accept-caps)
05-10 10:02:54.192  4415  4500 D GStreamer+GST_PADS: 0:02:33.408933900 0xf37ecec0 gstpad.c:3905:gst_pad_query:<filesrc0:src> sent query 0xf3a3f400 (seeking), result 1
05-10 10:02:54.193  4415  4501 I GStreamer+GST_PADS: 0:02:33.408958223 0xf37ecf50 gstpad.c:4065:gst_pad_peer_query:<'':decodepad1> pad has no peer
05-10 10:02:54.193  4415  4500 D GStreamer+GST_PADS: 0:02:33.408983118 0xf37ecec0 gstpad.c:3905:gst_pad_query:<q:audio_0> sent query 0xf3a3f400 (seeking), result 1
05-10 10:02:54.193  4415  4501 D GStreamer+GST_PADS: 0:02:33.409006712 0xf37ecf50 gstutils.c:2541:gst_pad_proxy_query_accept_caps:<decodepad1:proxypad5> proxying accept caps query: 1
05-10 10:02:54.193  4415  4500 D GStreamer+GST_PADS: 0:02:33.409034629 0xf37ecec0 gstpad.c:3905:gst_pad_query:<queue2:src> sent query 0xf3a3f400 (seeking), result 1
05-10 10:02:54.193  4415  4501 D GStreamer+GST_PADS: 0:02:33.409092598 0xf37ecf50 gstpad.c:3065:gst_pad_query_accept_caps_default:<decodepad1:proxypad5> allowed caps subset ANY, caps video/x-raw(memory:GLMemory), format=(string)RGBA, width=(int)1280, height=(int)1440, interlace-mode=(string)progressive, pixel-aspect-ratio=(fraction)1/1, colorimetry=(string)sRGB, framerate=(fraction)151/3
05-10 10:02:54.193  4415  4500 D GStreamer+GST_PADS: 0:02:33.409110827 0xf37ecec0 gstpad.c:3905:gst_pad_query:<sink:proxypad2> sent query 0xf3a3f400 (seeking), result 1
05-10 10:02:54.193  4415  4501 D GStreamer+GST_PADS: 0:02:33.409142493 0xf37ecf50 gstpad.c:3339:gst_pad_query_default:<decodepad1:proxypad5> not forwarding 0xf3ac5f50 (accept-caps) query
05-10 10:02:54.193  4415  4500 D GStreamer+GST_PADS: 0:02:33.409170931 0xf37ecec0 gstpad.c:3905:gst_pad_query:<typefind:src> sent query 0xf3a3f400 (seeking), result 1
05-10 10:02:54.193  4415  4501 D GStreamer+GST_PADS: 0:02:33.409193535 0xf37ecf50 gstpad.c:3905:gst_pad_query:<decodepad1:proxypad5> sent query 0xf3ac5f50 (accept-caps), result 1
05-10 10:02:54.193  4415  4500 D GStreamer+baseparse: 0:02:33.409221504 0xf37ecec0 gstbaseparse.c:2003:gst_base_parse_check_seekability:<mpegaudioparse0> Limiting index entries to 4096, indexing byte interval 3663 bytes
05-10 10:02:54.193  4415  4501 D GStreamer+default: 0:02:33.409236139 0xf37ecf50 gstutils.c:2926:gst_pad_query_accept_caps:<decodepad1:proxypad5> query returned 1
05-10 10:02:54.193  4415  4500 D GStreamer+baseparse: 0:02:33.409272910 0xf37ecec0 gstbaseparse.c:2010:gst_base_parse_check_seekability:<mpegaudioparse0> seekable: 1 (0 - 15003960)
05-10 10:02:54.193  4415  4501 D GStreamer+GST_PADS: 0:02:33.409291295 0xf37ecf50 gstpad.c:5053:store_sticky_event:<'':decodepad1> notify caps
05-10 10:02:54.193  4415  4500 D GStreamer+baseparse: 0:02:33.409312962 0xf37ecec0 gstbaseparse.c:2014:gst_base_parse_check_seekability:<mpegaudioparse0> idx_interval: 500ms
05-10 10:02:54.193  4415  4501 D GStreamer+GST_PADS: 0:02:33.409341035 0xf37ecf50 gstpad.c:3813:check_sticky:<'':decodepad1> pushing all sticky events
05-10 10:02:54.193  4415  4500 D GStreamer+query: 0:02:33.409350254 0xf37ecec0 gstquery.c:674:gst_query_new_custom creating new query 0xf3a3f430 duration
05-10 10:02:54.193  4415  4500 D GStreamer+GST_PADS: 0:02:33.409392702 0xf37ecec0 gstpad.c:4009:gst_pad_peer_query:<mpegaudioparse0:sink> peer query 0xf3a3f430 (duration)
05-10 10:02:54.193  4415  4501 D GStreamer+GST_PADS: 0:02:33.409399473 0xf37ecf50 gstpad.c:3745:push_sticky:<'':decodepad1> event stream-start was already received
05-10 10:02:54.193  4415  4500 D GStreamer+GST_PADS: 0:02:33.409439785 0xf37ecec0 gstpad.c:3882:gst_pad_query:<typefind:src> doing query 0xf3a3f430 (duration)
05-10 10:02:54.193  4415  4501 D GStreamer+GST_PADS: 0:02:33.409456243 0xf37ecf50 gstpad.c:5266:gst_pad_push_event_unchecked:<'':decodepad1> Dropping event caps because pad is not linked
05-10 10:02:54.193  4415  4500 D GStreamer+typefind: 0:02:33.409490098 0xf37ecec0 gsttypefindelement.c:365:gst_type_find_handle_src_query:<typefind> Handling src query duration
05-10 10:02:54.193  4415  4501 D GStreamer+GST_PADS: 0:02:33.409514160 0xf37ecf50 gstpad.c:3784:push_sticky:<'':decodepad1> pad was not linked, mark pending
05-10 10:02:54.193  4415  4500 D GStreamer+GST_PADS: 0:02:33.409541191 0xf37ecec0 gstpad.c:3339:gst_pad_query_default:<typefind:src> forwarding 0xf3a3f430 (duration) query
05-10 10:02:54.193  4415  4501 D GStreamer+GST_PADS: 0:02:33.409567858 0xf37ecf50 gstpad.c:5569:gst_pad_send_event_unchecked:<decodepad1:proxypad5> sent event, ret ok
05-10 10:02:54.193  4415  4500 D GStreamer+GST_PADS: 0:02:33.409582181 0xf37ecec0 gstpad.c:2803:gst_pad_iterate_internal_links_default:<typefind:src> Making iterator
05-10 10:02:54.193  4415  4501 D GStreamer+GST_PADS: 0:02:33.409607858 0xf37ecf50 gstpad.c:5053:store_sticky_event:<decodepad1:proxypad5> notify caps
05-10 10:02:54.193  4415  4500 D GStreamer+GST_PADS: 0:02:33.409628014 0xf37ecec0 gstpad.c:4009:gst_pad_peer_query:<typefind:sink> peer query 0xf3a3f430 (duration)
05-10 10:02:54.193  4415  4501 D GStreamer+GST_PADS: 0:02:33.409655775 0xf37ecf50 gstpad.c:3765:push_sticky:<amcvideodec-omxnvidiah264decode0:src> event caps marked received
05-10 10:02:54.193  4415  4500 D GStreamer+GST_PADS: 0:02:33.409676035 0xf37ecec0 gstpad.c:3882:gst_pad_query:<sink:proxypad2> doing query 0xf3a3f430 (duration)
05-10 10:02:54.193  4415  4501 D GStreamer+query: 0:02:33.409706243 0xf37ecf50 gstquery.c:674:gst_query_new_custom creating new query 0xf3ac5f50 allocation
05-10 10:02:54.193  4415  4500 D GStreamer+GST_PADS: 0:02:33.409715775 0xf37ecec0 gstpad.c:3339:gst_pad_query_default:<sink:proxypad2> forwarding 0xf3a3f430 (duration) query
05-10 10:02:54.193  4415  4501 D GStreamer+videodecoder: 0:02:33.409737962 0xf37ecf50 gstvideodecoder.c:3707:gst_video_decoder_negotiate_pool:<amcvideodec-omxnvidiah264decode0> do query ALLOCATION
05-10 10:02:54.193  4415  4500 D GStreamer+GST_PADS: 0:02:33.409762650 0xf37ecec0 gstpad.c:4009:gst_pad_peer_query:<decodebin1:sink> peer query 0xf3a3f430 (duration)
05-10 10:02:54.193  4415  4501 D GStreamer+GST_PADS: 0:02:33.409792545 0xf37ecf50 gstpad.c:4009:gst_pad_peer_query:<amcvideodec-omxnvidiah264decode0:src> peer query 0xf3ac5f50 (allocation)
05-10 10:02:54.193  4415  4500 D GStreamer+GST_PADS: 0:02:33.409819577 0xf37ecec0 gstpad.c:3882:gst_pad_query:<queue2:src> doing query 0xf3a3f430 (duration)
05-10 10:02:54.193  4415  4501 D GStreamer+GST_PADS: 0:02:33.409844525 0xf37ecf50 gstpad.c:3882:gst_pad_query:<decodepad1:proxypad5> doing query 0xf3ac5f50 (allocation)
05-10 10:02:54.193  4415  4500 D GStreamer+GST_PADS: 0:02:33.409875202 0xf37ecec0 gstpad.c:3339:gst_pad_query_default:<queue2:src> forwarding 0xf3a3f430 (duration) query
05-10 10:02:54.193  4415  4500 D GStreamer+GST_PADS: 0:02:33.409925358 0xf37ecec0 gstpad.c:2803:gst_pad_iterate_internal_links_default:<queue2:src> Making iterator
05-10 10:02:54.194  4415  4501 D GStreamer+decodebin: 0:02:33.409959889 0xf37ecf50 gstdecodebin2.c:5033:gst_decode_pad_query:<forhwgl> calling autoplug-query for decodepad1 (element amcvideodec-omxnvidiah264decode0): allocation query: 0xf3ac5f50, GstQueryAllocation, caps=(GstCaps)"video/x-raw\(memory:GLMemory\)\,\ format\=\(string\)RGBA\,\ width\=\(int\)1280\,\ height\=\(int\)1440\,\ interlace-mode\=\(string\)progressive\,\ pixel-aspect-ratio\=\(fraction\)1/1\,\ colorimetry\=\(string\)sRGB\,\ framerate\=\(fraction\)151/3", need-pool=(boolean)true;
05-10 10:02:54.194  4415  4500 D GStreamer+GST_PADS: 0:02:33.409982806 0xf37ecec0 gstpad.c:4009:gst_pad_peer_query:<queue2:sink> peer query 0xf3a3f430 (duration)
05-10 10:02:54.194  4415  4501 D GStreamer+decodebin: 0:02:33.410009108 0xf37ecf50 gstdecodebin2.c:5042:gst_decode_pad_query:<forhwgl> autoplug-query returned 0
05-10 10:02:54.194  4415  4500 D GStreamer+GST_PADS: 0:02:33.410028952 0xf37ecec0 gstpad.c:3882:gst_pad_query:<q:audio_0> doing query 0xf3a3f430 (duration)
05-10 10:02:54.194  4415  4501 D GStreamer+GST_PADS: 0:02:33.410056348 0xf37ecf50 gstpad.c:3339:gst_pad_query_default:<decodepad1:proxypad5> forwarding 0xf3ac5f50 (allocation) query
05-10 10:02:54.194  4415  4500 D GStreamer+GST_PADS: 0:02:33.410071243 0xf37ecec0 gstpad.c:3339:gst_pad_query_default:<q:audio_0> forwarding 0xf3a3f430 (duration) query
05-10 10:02:54.194  4415  4501 D GStreamer+GST_PADS: 0:02:33.410108118 0xf37ecf50 gstpad.c:4009:gst_pad_peer_query:<'':decodepad1> peer query 0xf3ac5f50 (allocation)
05-10 10:02:54.194  4415  4500 D GStreamer+GST_PADS: 0:02:33.410125254 0xf37ecec0 gstpad.c:2803:gst_pad_iterate_internal_links_default:<q:audio_0> Making iterator
05-10 10:02:54.194  4415  4501 D GStreamer+GST_PADS: 0:02:33.410149368 0xf37ecf50 gstpad.c:3813:check_sticky:<'':decodepad1> pushing all sticky events
05-10 10:02:54.194  4415  4500 D GStreamer+GST_PADS: 0:02:33.410177702 0xf37ecec0 gstpad.c:4009:gst_pad_peer_query:<q:sink> peer query 0xf3a3f430 (duration)
05-10 10:02:54.194  4415  4501 D GStreamer+GST_PADS: 0:02:33.410192233 0xf37ecf50 gstpad.c:3745:push_sticky:<'':decodepad1> event stream-start was already received
05-10 10:02:54.194  4415  4500 D GStreamer+GST_PADS: 0:02:33.410219212 0xf37ecec0 gstpad.c:3882:gst_pad_query:<filesrc0:src> doing query 0xf3a3f430 (duration)
05-10 10:02:54.194  4415  4501 D GStreamer+GST_PADS: 0:02:33.410229316 0xf37ecf50 gstpad.c:3745:push_sticky:<'':decodepad1> event caps was already received
05-10 10:02:54.194  4415  4500 D GStreamer+basesrc: 0:02:33.410262181 0xf37ecec0 gstbasesrc.c:1056:gst_base_src_default_query:<filesrc0> duration query in format time
05-10 10:02:54.194  4415  4501 I GStreamer+GST_PADS: 0:02:33.410279056 0xf37ecf50 gstpad.c:4065:gst_pad_peer_query:<'':decodepad1> pad has no peer
05-10 10:02:54.194  4415  4500 D GStreamer+basesrc: 0:02:33.410313275 0xf37ecec0 gstbasesrc.c:2355:gst_base_src_update_length:<filesrc0> reading offset 0, length 0, size 15003960, segment.stop -1, maxsize 15003960
05-10 10:02:54.194  4415  4501 D GStreamer+GST_PADS: 0:02:33.410332962 0xf37ecf50 gstpad.c:3905:gst_pad_query:<decodepad1:proxypad5> sent query 0xf3ac5f50 (allocation), result 0
05-10 10:02:54.194  4415  4501 D GStreamer+GST_PADS: 0:02:33.410367337 0xf37ecf50 gstpad.c:3950:gst_pad_query:<decodepad1:proxypad5> query failed
05-10 10:02:54.194  4415  4501 D GStreamer+GST_PADS: 0:02:33.410400618 0xf37ecf50 gstpad.c:4071:gst_pad_peer_query:<amcvideodec-omxnvidiah264decode0:src> query failed
05-10 10:02:54.194  4415  4500 D GStreamer+query: 0:02:33.410424629 0xf37ecec0 gstquery.c:674:gst_query_new_custom creating new query 0xf3a3f460 convert
05-10 10:02:54.194  4415  4501 D GStreamer+videodecoder: 0:02:33.410445202 0xf37ecf50 gstvideodecoder.c:3710:gst_video_decoder_negotiate_pool:<amcvideodec-omxnvidiah264decode0> didn't get downstream ALLOCATION hints
05-10 10:02:54.194  4415  4500 D GStreamer+GST_PADS: 0:02:33.410468483 0xf37ecec0 gstpad.c:3882:gst_pad_query:<filesrc0:src> doing query 0xf3a3f460 (convert)
05-10 10:02:54.194  4415  4500 D GStreamer+basesrc: 0:02:33.410530983 0xf37ecec0 gstbasesrc.c:1296:gst_base_src_default_query:<filesrc0> query convert returns 0
05-10 10:02:54.194  4415  4501 D GStreamer+video-info: 0:02:33.410548952 0xf37ecf50 video-info.c:300:gst_video_info_from_caps parsing caps video/x-raw(memory:GLMemory), format=(string)RGBA, width=(int)1280, height=(int)1440, interlace-mode=(string)progressive, pixel-aspect-ratio=(fraction)1/1, colorimetry=(string)sRGB, framerate=(fraction)151/3
05-10 10:02:54.194  4415  4500 D GStreamer+GST_PADS: 0:02:33.410573535 0xf37ecec0 gstpad.c:3905:gst_pad_query:<filesrc0:src> sent query 0xf3a3f460 (convert), result 0
05-10 10:02:54.194  4415  4501 D GStreamer+videodecoder: 0:02:33.410597129 0xf37ecf50 gstvideodecoder.c:3628:gst_video_decoder_decide_allocation_default:<amcvideodec-omxnvidiah264decode0> no pool, making new pool
05-10 10:02:54.194  4415  4500 D GStreamer+GST_PADS: 0:02:33.410609785 0xf37ecec0 gstpad.c:3950:gst_pad_query:<filesrc0:src> query failed
05-10 10:02:54.194  4415  4500 D GStreamer+basesrc: 0:02:33.410647806 0xf37ecec0 gstbasesrc.c:1296:gst_base_src_default_query:<filesrc0> query duration returns 0
05-10 10:02:54.194  4415  4500 D GStreamer+GST_PADS: 0:02:33.410686556 0xf37ecec0 gstpad.c:3905:gst_pad_query:<filesrc0:src> sent query 0xf3a3f430 (duration), result 0
05-10 10:02:54.194  4415  4501 D GStreamer+GST_POLL: 0:02:33.410739785 0xf37ecf50 gstpoll.c:557:gst_poll_new 0xf3a42a80: new controllable : 1
05-10 10:02:54.194  4415  4500 D GStreamer+GST_PADS: 0:02:33.410762441 0xf37ecec0 gstpad.c:3950:gst_pad_query:<filesrc0:src> query failed
05-10 10:02:54.194  4415  4500 D GStreamer+GST_PADS: 0:02:33.410799889 0xf37ecec0 gstpad.c:4071:gst_pad_peer_query:<q:sink> query failed
05-10 10:02:54.194  4415  4501 D GStreamer+GST_POLL: 0:02:33.410836243 0xf37ecf50 gstpoll.c:726:gst_poll_add_fd_unlocked 0xf3a42a80: fd (fd:102, idx:0)
05-10 10:02:54.194  4415  4500 D GStreamer+GST_PADS: 0:02:33.410845879 0xf37ecec0 gstpad.c:3905:gst_pad_query:<q:audio_0> sent query 0xf3a3f430 (duration), result 1
05-10 10:02:54.194  4415  4501 D GStreamer+GST_POLL: 0:02:33.410874368 0xf37ecf50 gstpoll.c:893:gst_poll_fd_ctl_read_unlocked 0xf3a42a80: fd (fd:102, idx:0), active : 1
05-10 10:02:54.194  4415  4500 D GStreamer+GST_PADS: 0:02:33.410885358 0xf37ecec0 gstpad.c:3905:gst_pad_query:<queue2:src> sent query 0xf3a3f430 (duration), result 1
05-10 10:02:54.194  4415  4501 D GStreamer+bufferpool: 0:02:33.410925983 0xf37ecf50 gstbufferpool.c:178:gst_buffer_pool_init:<GstBufferPool@0xf3cc61b0> created
05-10 10:02:54.195  4415  4500 D GStreamer+GST_PADS: 0:02:33.410944056 0xf37ecec0 gstpad.c:3905:gst_pad_query:<sink:proxypad2> sent query 0xf3a3f430 (duration), result 1
05-10 10:02:54.195  4415  4500 D GStreamer+GST_PADS: 0:02:33.410994160 0xf37ecec0 gstpad.c:3905:gst_pad_query:<typefind:src> sent query 0xf3a3f430 (duration), result 1
05-10 10:02:54.195  4415  4500 D GStreamer+GST_BUS: 0:02:33.411082337 0xf37ecec0 gstbus.c:309:gst_bus_post:<bus2> [msg 0xf3abcac8] posting on bus duration-changed message: 0xf3abcac8, time 99:99:99.999999999, seq-num 241, element 'mpegaudioparse0', GstMessageDurationChanged;
05-10 10:02:54.195  4415  4501 W GStreamer+structure: 0:02:33.411101191 0xf37ecf50 gststructure.c:1935:priv_gst_structure_append_to_gstring No value transform to serialize field 'params' of type 'GstAllocationParams'
05-10 10:02:54.195  4415  4500 D GStreamer+bin: 0:02:33.411127598 0xf37ecec0 gstbin.c:3528:gst_bin_handle_message_func:<decodebin1> [msg 0xf3abcac8] handling child mpegaudioparse0 message of type duration-changed
05-10 10:02:54.195  4415  4501 D GStreamer+videodecoder: 0:02:33.411147858 0xf37ecf50 gstvideodecoder.c:3639:gst_video_decoder_decide_allocation_default:<amcvideodec-omxnvidiah264decode0> setting config GstBufferPoolConfig, caps=(GstCaps)"video/x-raw\(memory:GLMemory\)\,\ format\=\(string\)RGBA\,\ width\=\(int\)1280\,\ height\=\(int\)1440\,\ interlace-mode\=\(string\)progressive\,\ pixel-aspect-ratio\=\(fraction\)1/1\,\ colorimetry\=\(string\)sRGB\,\ framerate\=\(fraction\)151/3", size=(uint)7372800, min-buffers=(uint)0, max-buffers=(uint)0, allocator=(GstAllocator)"NULL", params=(GstAllocationParams)NULL; in pool <videobufferpool0>
05-10 10:02:54.195  4415  4500 D GStreamer+bin: 0:02:33.411171087 0xf37ecec0 gstbin.c:3865:gst_bin_handle_message_func:<decodebin1> posting message upward
05-10 10:02:54.195  4415  4501 D GStreamer+video-info: 0:02:33.411234993 0xf37ecf50 video-info.c:300:gst_video_info_from_caps parsing caps video/x-raw(memory:GLMemory), format=(string)RGBA, width=(int)1280, height=(int)1440, interlace-mode=(string)progressive, pixel-aspect-ratio=(fraction)1/1, colorimetry=(string)sRGB, framerate=(fraction)151/3
05-10 10:02:54.195  4415  4500 D GStreamer+GST_BUS: 0:02:33.411251764 0xf37ecec0 gstbus.c:309:gst_bus_post:<bus4> [msg 0xf3abcac8] posting on bus duration-changed message: 0xf3abcac8, time 99:99:99.999999999, seq-num 241, element 'mpegaudioparse0', GstMessageDurationChanged;
05-10 10:02:54.195  4415  4500 D GStreamer+bin: 0:02:33.411301504 0xf37ecec0 gstbin.c:3528:gst_bin_handle_message_func:<pipeline0> [msg 0xf3abcac8] handling child mpegaudioparse0 message of type duration-changed
05-10 10:02:54.195  4415  4500 D GStreamer+bin: 0:02:33.411340566 0xf37ecec0 gstbin.c:3865:gst_bin_handle_message_func:<pipeline0> posting message upward
05-10 10:02:54.195  4415  4501 W GStreamer+structure: 0:02:33.411359473 0xf37ecf50 gststructure.c:1935:priv_gst_structure_append_to_gstring No value transform to serialize field 'params' of type 'GstAllocationParams'
05-10 10:02:54.195  4415  4501 D GStreamer+bufferpool: 0:02:33.411396973 0xf37ecf50 gstbufferpool.c:581:default_set_config:<videobufferpool0> config GstBufferPoolConfig, caps=(GstCaps)"video/x-raw\(memory:GLMemory\)\,\ format\=\(string\)RGBA\,\ width\=\(int\)1280\,\ height\=\(int\)1440\,\ interlace-mode\=\(string\)progressive\,\ pixel-aspect-ratio\=\(fraction\)1/1\,\ colorimetry\=\(string\)sRGB\,\ framerate\=\(fraction\)151/3", size=(uint)7372800, min-buffers=(uint)0, max-buffers=(uint)0, allocator=(GstAllocator)"NULL", params=(GstAllocationParams)NULL;
05-10 10:02:54.195  4415  4500 D GStreamer+GST_BUS: 0:02:33.411413587 0xf37ecec0 gstbus.c:309:gst_bus_post:<bus5> [msg 0xf3abcac8] posting on bus duration-changed message: 0xf3abcac8, time 99:99:99.999999999, seq-num 241, element 'mpegaudioparse0', GstMessageDurationChanged;
05-10 10:02:54.195  4415  4500 D GStreamer+GST_BUS: 0:02:33.411459420 0xf37ecec0 gstbus.c:348:gst_bus_post:<bus5> [msg 0xf3abcac8] pushing on async queue
05-10 10:02:54.195  4415  4501 D GStreamer+video-info: 0:02:33.411471608 0xf37ecf50 video-info.c:300:gst_video_info_from_caps parsing caps video/x-raw(memory:GLMemory), format=(string)RGBA, width=(int)1280, height=(int)1440, interlace-mode=(string)progressive, pixel-aspect-ratio=(fraction)1/1, colorimetry=(string)sRGB, framerate=(fraction)151/3
05-10 10:02:54.195  4415  4501 D GStreamer+query: 0:02:33.411526139 0xf37ecf50 gstquery.c:674:gst_query_new_custom creating new query 0xf390ac90 context
05-10 10:02:54.195  4415  4488 D GStreamer+GST_BUS: 0:02:33.411544993 0xf3964e00 gstbus.c:521:gst_bus_timed_pop_filtered:<bus5> got message 0xf3abcac8, duration-changed from mpegaudioparse0, type mask is 4294967295
05-10 10:02:54.195  4415  4501 D GStreamer+GST_PADS: 0:02:33.411577025 0xf37ecf50 gstpad.c:4009:gst_pad_peer_query:<amcvideodec-omxnvidiah264decode0:src> peer query 0xf390ac90 (context)
05-10 10:02:54.195  4415  4488 D GStreamer+GST_BUS: 0:02:33.411621816 0xf3964e00 gstbus.c:789:gst_bus_source_dispatch:<bus5> source 0xf3ab6910 calling dispatch with duration-changed message: 0xf3abcac8, time 99:99:99.999999999, seq-num 241, element 'mpegaudioparse0', GstMessageDurationChanged;
05-10 10:02:54.195  4415  4501 D GStreamer+GST_PADS: 0:02:33.411639108 0xf37ecf50 gstpad.c:3882:gst_pad_query:<decodepad1:proxypad5> doing query 0xf390ac90 (context)
05-10 10:02:54.195  4415  4488 D GStreamer+GST_BUS: 0:02:33.411665827 0xf3964e00 gstbus.c:794:gst_bus_source_dispatch:<bus5> source 0xf3ab6910 handler returns 1
05-10 10:02:54.195  4415  4501 D GStreamer+decodebin: 0:02:33.411699629 0xf37ecf50 gstdecodebin2.c:5033:gst_decode_pad_query:<forhwgl> calling autoplug-query for decodepad1 (element amcvideodec-omxnvidiah264decode0): context query: 0xf390ac90, GstQueryContext, context-type=(string)gst.gl.GLDisplay;
05-10 10:02:54.195  4415  4500 D GStreamer+GST_BUS: 0:02:33.411730202 0xf37ecec0 gstbus.c:351:gst_bus_post:<bus5> [msg 0xf3abcac8] pushed on async queue
05-10 10:02:54.195  4415  4501 D GStreamer+decodebin: 0:02:33.411750983 0xf37ecf50 gstdecodebin2.c:5042:gst_decode_pad_query:<forhwgl> autoplug-query returned 0
05-10 10:02:54.195  4415  4500 D GStreamer+GST_BUS: 0:02:33.411774525 0xf37ecec0 gstbus.c:344:gst_bus_post:<bus4> [msg 0xf3abcac8] dropped
05-10 10:02:54.195  4415  4501 D GStreamer+GST_PADS: 0:02:33.411794785 0xf37ecf50 gstpad.c:3339:gst_pad_query_default:<decodepad1:proxypad5> forwarding 0xf390ac90 (context) query
05-10 10:02:54.195  4415  4500 D GStreamer+GST_BUS: 0:02:33.411819368 0xf37ecec0 gstbus.c:344:gst_bus_post:<bus2> [msg 0xf3abcac8] dropped
05-10 10:02:54.195  4415  4501 D GStreamer+GST_PADS: 0:02:33.411845566 0xf37ecf50 gstpad.c:4009:gst_pad_peer_query:<'':decodepad1> peer query 0xf390ac90 (context)
05-10 10:02:54.195  4415  4500 D GStreamer+baseparse: 0:02:33.411865358 0xf37ecec0 gstbaseparse.c:3730:gst_base_parse_set_duration:<mpegaudioparse0> set duration: 7199000000
05-10 10:02:54.195  4415  4501 I GStreamer+GST_PADS: 0:02:33.411889525 0xf37ecf50 gstpad.c:4065:gst_pad_peer_query:<'':decodepad1> pad has no peer
05-10 10:02:54.195  4415  4500 D GStreamer+baseparse: 0:02:33.411910358 0xf37ecec0 gstbaseparse.c:3737:gst_base_parse_set_duration:<mpegaudioparse0> set update interval: 0
05-10 10:02:54.195  4415  4501 D GStreamer+GST_PADS: 0:02:33.411938743 0xf37ecf50 gstpad.c:3905:gst_pad_query:<decodepad1:proxypad5> sent query 0xf390ac90 (context), result 0
05-10 10:02:54.196  4415  4500 D GStreamer+baseparse: 0:02:33.411947806 0xf37ecec0 gstbaseparse.c:2033:gst_base_parse_check_upstream:<mpegaudioparse0> upstream_has_duration: 1
05-10 10:02:54.196  4415  4501 D GStreamer+GST_PADS: 0:02:33.411976556 0xf37ecf50 gstpad.c:3950:gst_pad_query:<decodepad1:proxypad5> query failed
05-10 10:02:54.196  4415  4500 D GStreamer+GST_MEMORY: 0:02:33.411986660 0xf37ecec0 gstmemory.c:87:_gst_memory_free free memory 0xf3ad0b38
05-10 10:02:54.196  4415  4501 D GStreamer+GST_PADS: 0:02:33.412011973 0xf37ecf50 gstpad.c:4071:gst_pad_peer_query:<amcvideodec-omxnvidiah264decode0:src> query failed
05-10 10:02:54.196  4415  4500 D GStreamer+GST_CAPS: 0:02:33.412062389 0xf37ecec0 gstpad.c:2621:gst_pad_has_current_caps:<mpegaudioparse0:src> check current pad caps audio/mpeg, mpegversion=(int)1, mpegaudioversion=(int)2, layer=(int)3, rate=(int)24000, channels=(int)1, parsed=(boolean)true
05-10 10:02:54.196  4415  4501 I GStreamer+GST_CONTEXT: 0:02:33.412080514 0xf37ecf50 gstglutils.c:528:pad_query:<amcvideodec-omxnvidiah264decode0:src> pad peer query failed
05-10 10:02:54.196  4415  4500 D GStreamer+GST_CAPS: 0:02:33.412135879 0xf37ecec0 gstpad.c:2648:gst_pad_get_current_caps:<mpegaudioparse0:src> get current pad caps audio/mpeg, mpegversion=(int)1, mpegaudioversion=(int)2, layer=(int)3, rate=(int)24000, channels=(int)1, parsed=(boolean)true
05-10 10:02:54.196  4415  4501 D GStreamer+GST_PADS: 0:02:33.412153118 0xf37ecf50 gstpad.c:4009:gst_pad_peer_query:<amcvideodec-omxnvidiah264decode0:sink> peer query 0xf390ac90 (context)
05-10 10:02:54.196  4415  4500 D GStreamer+baseparse: 0:02:33.412180670 0xf37ecec0 gstbaseparse.c:2056:gst_base_parse_check_media:<mpegaudioparse0> media is video: 0
05-10 10:02:54.196  4415  4501 D GStreamer+GST_PADS: 0:02:33.412207337 0xf37ecf50 gstpad.c:3882:gst_pad_query:<capsfilter1:src> doing query 0xf390ac90 (context)
05-10 10:02:54.196  4415  4500 D GStreamer+GST_PADS: 0:02:33.412234316 0xf37ecec0 gstpad.c:3813:check_sticky:<mpegaudioparse0:src> pushing all sticky events
05-10 10:02:54.196  4415  4501 D GStreamer+GST_PADS: 0:02:33.412264733 0xf37ecf50 gstpad.c:4009:gst_pad_peer_query:<capsfilter1:sink> peer query 0xf390ac90 (context)
05-10 10:02:54.196  4415  4500 D GStreamer+GST_PADS: 0:02:33.412284264 0xf37ecec0 gstpad.c:3745:push_sticky:<mpegaudioparse0:src> event stream-start was already received
05-10 10:02:54.196  4415  4501 D GStreamer+GST_PADS: 0:02:33.412311504 0xf37ecf50 gstpad.c:3882:gst_pad_query:<h264parse1:src> doing query 0xf390ac90 (context)
05-10 10:02:54.196  4415  4500 D GStreamer+GST_PADS: 0:02:33.412324525 0xf37ecec0 gstpad.c:3745:push_sticky:<mpegaudioparse0:src> event caps was already received
05-10 10:02:54.196  4415  4501 D GStreamer+baseparse: 0:02:33.412372285 0xf37ecf50 gstbaseparse.c:1579:gst_base_parse_src_query:<h264parse1> context query: context query: 0xf390ac90, GstQueryContext, context-type=(string)gst.gl.GLDisplay;
05-10 10:02:54.196  4415  4501 D GStreamer+GST_PADS: 0:02:33.412420514 0xf37ecf50 gstpad.c:3339:gst_pad_query_default:<h264parse1:src> forwarding 0xf390ac90 (context) query
05-10 10:02:54.196  4415  4501 D GStreamer+GST_PADS: 0:02:33.412470358 0xf37ecf50 gstpad.c:2803:gst_pad_iterate_internal_links_default:<h264parse1:src> Making iterator
05-10 10:02:54.196  4415  4500 D GStreamer+GST_EVENT: 0:02:33.412508795 0xf37ecec0 gstpad.c:5496:gst_pad_send_event_unchecked:<amcaudiodec-omxgooglemp3decoder0:sink> have event type segment event: 0xf39c9f90, time 99:99:99.999999999, seq-num 117, GstEventSegment, segment=(GstSegment)"GstSegment, flags=(GstSegmentFlags)GST_SEGMENT_FLAG_NONE, rate=(double)1, applied-rate=(double)1, format=(GstFormat)GST_FORMAT_TIME, base=(guint64)0, offset=(guint64)0, start=(guint64)0, stop=(guint64)7176000000, time=(guint64)0, position=(guint64)0, duration=(guint64)18446744073709551615;";
05-10 10:02:54.196  4415  4501 D GStreamer+GST_PADS: 0:02:33.412538379 0xf37ecf50 gstpad.c:4009:gst_pad_peer_query:<h264parse1:sink> peer query 0xf390ac90 (context)
05-10 10:02:54.196  4415  4500 D GStreamer+audiodecoder: 0:02:33.412565202 0xf37ecec0 gstaudiodecoder.c:2327:gst_audio_decoder_sink_event:<amcaudiodec-omxgooglemp3decoder0> received event 17934, segment
05-10 10:02:54.196  4415  4501 D GStreamer+GST_PADS: 0:02:33.412589368 0xf37ecf50 gstpad.c:3882:gst_pad_query:<typefind:src> doing query 0xf390ac90 (context)
05-10 10:02:54.196  4415  4501 D GStreamer+typefind: 0:02:33.412632754 0xf37ecf50 gsttypefindelement.c:365:gst_type_find_handle_src_query:<typefind> Handling src query context
05-10 10:02:54.196  4415  4500 D GStreamer+audiodecoder: 0:02:33.412651868 0xf37ecec0 gstaudiodecoder.c:2163:gst_audio_decoder_sink_eventfunc:<amcaudiodec-omxgooglemp3decoder0> received TIME SEGMENT time segment start=0:00:00.000000000, offset=0:00:00.000000000, stop=0:00:07.176000000, rate=1.000000, applied_rate=1.000000, flags=0x00, time=0:00:00.000000000, base=0:00:00.000000000, position 0:00:00.000000000, duration 99:99:99.999999999
05-10 10:02:54.196  4415  4501 D GStreamer+GST_PADS: 0:02:33.412683900 0xf37ecf50 gstpad.c:3339:gst_pad_query_default:<typefind:src> forwarding 0xf390ac90 (context) query
05-10 10:02:54.196  4415  4500 D GStreamer+GST_PADS: 0:02:33.412712858 0xf37ecec0 gstpad.c:5569:gst_pad_send_event_unchecked:<amcaudiodec-omxgooglemp3decoder0:sink> sent event, ret ok
05-10 10:02:54.196  4415  4501 D GStreamer+GST_PADS: 0:02:33.412737806 0xf37ecf50 gstpad.c:2803:gst_pad_iterate_internal_links_default:<typefind:src> Making iterator
05-10 10:02:54.196  4415  4500 D GStreamer+GST_PADS: 0:02:33.412763483 0xf37ecec0 gstpad.c:3765:push_sticky:<mpegaudioparse0:src> event segment marked received
05-10 10:02:54.196  4415  4501 D GStreamer+GST_PADS: 0:02:33.412786243 0xf37ecf50 gstpad.c:4009:gst_pad_peer_query:<typefind:sink> peer query 0xf390ac90 (context)
05-10 10:02:54.196  4415  4500 D GStreamer+GST_PADS: 0:02:33.412808483 0xf37ecec0 gstpad.c:3813:check_sticky:<mpegaudioparse0:src> pushing all sticky events
05-10 10:02:54.196  4415  4501 D GStreamer+GST_PADS: 0:02:33.412833118 0xf37ecf50 gstpad.c:3882:gst_pad_query:<sink:proxypad0> doing query 0xf390ac90 (context)
05-10 10:02:54.196  4415  4500 D GStreamer+GST_PADS: 0:02:33.412856712 0xf37ecec0 gstpad.c:3745:push_sticky:<mpegaudioparse0:src> event stream-start was already received
05-10 10:02:54.196  4415  4501 D GStreamer+GST_PADS: 0:02:33.412887493 0xf37ecf50 gstpad.c:3339:gst_pad_query_default:<sink:proxypad0> forwarding 0xf390ac90 (context) query
05-10 10:02:54.196  4415  4500 D GStreamer+GST_PADS: 0:02:33.412902337 0xf37ecec0 gstpad.c:3745:push_sticky:<mpegaudioparse0:src> event caps was already received
05-10 10:02:54.196  4415  4501 D GStreamer+GST_PADS: 0:02:33.412940931 0xf37ecf50 gstpad.c:4009:gst_pad_peer_query:<forhwgl:sink> peer query 0xf390ac90 (context)
05-10 10:02:54.197  4415  4500 D GStreamer+GST_PADS: 0:02:33.412958795 0xf37ecec0 gstpad.c:3745:push_sticky:<mpegaudioparse0:src> event segment was already received
05-10 10:02:54.197  4415  4501 D GStreamer+GST_PADS: 0:02:33.412987806 0xf37ecf50 gstpad.c:3882:gst_pad_query:<capsfilter0:src> doing query 0xf390ac90 (context)
05-10 10:02:54.197  4415  4501 D GStreamer+GST_PADS: 0:02:33.413046243 0xf37ecf50 gstpad.c:4009:gst_pad_peer_query:<capsfilter0:sink> peer query 0xf390ac90 (context)
05-10 10:02:54.197  4415  4500 D GStreamer+GST_EVENT: 0:02:33.413064733 0xf37ecec0 gstpad.c:5496:gst_pad_send_event_unchecked:<amcaudiodec-omxgooglemp3decoder0:sink> have event type tag event: 0xf39db520, time 99:99:99.999999999, seq-num 183, GstTagList-stream, taglist=(taglist)"taglist\,\ audio-codec\=\(string\)\"MPEG-1\\\ audio\"\,\ maximum-bitrate\=\(uint\)48000\,\ bitrate\=\(uint\)48000\,\ language-code\=\(string\)en\;";
05-10 10:02:54.197  4415  4501 D GStreamer+GST_PADS: 0:02:33.413096660 0xf37ecf50 gstpad.c:3882:gst_pad_query:<h264parse0:src> doing query 0xf390ac90 (context)
05-10 10:02:54.197  4415  4500 D GStreamer+audiodecoder: 0:02:33.413127650 0xf37ecec0 gstaudiodecoder.c:2327:gst_audio_decoder_sink_event:<amcaudiodec-omxgooglemp3decoder0> received event 20510, tag
05-10 10:02:54.197  4415  4501 D GStreamer+baseparse: 0:02:33.413163952 0xf37ecf50 gstbaseparse.c:1579:gst_base_parse_src_query:<h264parse0> context query: context query: 0xf390ac90, GstQueryContext, context-type=(string)gst.gl.GLDisplay;
05-10 10:02:54.197  4415  4500 I GStreamer+audiodecoder: 0:02:33.413192858 0xf37ecec0 gstaudiodecoder.c:2281:gst_audio_decoder_sink_eventfunc:<amcaudiodec-omxgooglemp3decoder0> upstream stream tags: taglist, audio-codec=(string)"MPEG-1\ audio", maximum-bitrate=(uint)48000, bitrate=(uint)48000, language-code=(string)en;
05-10 10:02:54.197  4415  4501 D GStreamer+GST_PADS: 0:02:33.413214368 0xf37ecf50 gstpad.c:3339:gst_pad_query_default:<h264parse0:src> forwarding 0xf390ac90 (context) query
05-10 10:02:54.197  4415  4501 D GStreamer+GST_PADS: 0:02:33.413255410 0xf37ecf50 gstpad.c:2803:gst_pad_iterate_internal_links_default:<h264parse0:src> Making iterator
05-10 10:02:54.197  4415  4500 D GStreamer+audiodecoder: 0:02:33.413266139 0xf37ecec0 gstaudiodecoder.c:587:gst_audio_decoder_create_merged_tags_event:<amcaudiodec-omxgooglemp3decoder0> merged   : taglist, audio-codec=(string)"MPEG-1\ audio", maximum-bitrate=(uint)48000, bitrate=(uint)48000, language-code=(string)en;
05-10 10:02:54.197  4415  4501 D GStreamer+GST_PADS: 0:02:33.413303014 0xf37ecf50 gstpad.c:4009:gst_pad_peer_query:<h264parse0:sink> peer query 0xf390ac90 (context)
05-10 10:02:54.197  4415  4500 D GStreamer+GST_EVENT: 0:02:33.413320618 0xf37ecec0 gstevent.c:302:gst_event_new_custom creating new event 0xf39db718 tag 20510
05-10 10:02:54.197  4415  4501 D GStreamer+GST_PADS: 0:02:33.413344160 0xf37ecf50 gstpad.c:3882:gst_pad_query:<queue0:src> doing query 0xf390ac90 (context)
05-10 10:02:54.197  4415  4500 D GStreamer+audiodecoder: 0:02:33.413358952 0xf37ecec0 gstaudiodecoder.c:2303:gst_audio_decoder_sink_eventfunc:<amcaudiodec-omxgooglemp3decoder0> Enqueuing event 20510, tag
05-10 10:02:54.197  4415  4501 D GStreamer+GST_PADS: 0:02:33.413392493 0xf37ecf50 gstpad.c:3339:gst_pad_query_default:<queue0:src> forwarding 0xf390ac90 (context) query
05-10 10:02:54.197  4415  4500 D GStreamer+GST_PADS: 0:02:33.413409212 0xf37ecec0 gstpad.c:5569:gst_pad_send_event_unchecked:<amcaudiodec-omxgooglemp3decoder0:sink> sent event, ret ok
05-10 10:02:54.197  4415  4501 D GStreamer+GST_PADS: 0:02:33.413433952 0xf37ecf50 gstpad.c:2803:gst_pad_iterate_internal_links_default:<queue0:src> Making iterator
05-10 10:02:54.197  4415  4500 D GStreamer+GST_PADS: 0:02:33.413462285 0xf37ecec0 gstpad.c:3765:push_sticky:<mpegaudioparse0:src> event tag marked received
05-10 10:02:54.197  4415  4501 D GStreamer+GST_PADS: 0:02:33.413516816 0xf37ecf50 gstpad.c:4009:gst_pad_peer_query:<queue0:sink> peer query 0xf390ac90 (context)
05-10 10:02:54.197  4415  4500 D GStreamer+GST_PADS: 0:02:33.413531035 0xf37ecec0 gstpad.c:3813:check_sticky:<mpegaudioparse0:src> pushing all sticky events
05-10 10:02:54.197  4415  4501 D GStreamer+GST_PADS: 0:02:33.413564316 0xf37ecf50 gstpad.c:3882:gst_pad_query:<q:video_0> doing query 0xf390ac90 (context)
05-10 10:02:54.197  4415  4500 D GStreamer+GST_PADS: 0:02:33.413581712 0xf37ecec0 gstpad.c:3745:push_sticky:<mpegaudioparse0:src> event stream-start was already received
05-10 10:02:54.197  4415  4501 D GStreamer+GST_PADS: 0:02:33.413608223 0xf37ecf50 gstpad.c:3339:gst_pad_query_default:<q:video_0> forwarding 0xf390ac90 (context) query
05-10 10:02:54.197  4415  4500 D GStreamer+GST_PADS: 0:02:33.413632389 0xf37ecec0 gstpad.c:3745:push_sticky:<mpegaudioparse0:src> event caps was already received
05-10 10:02:54.197  4415  4501 D GStreamer+GST_PADS: 0:02:33.413656348 0xf37ecf50 gstpad.c:2803:gst_pad_iterate_internal_links_default:<q:video_0> Making iterator
05-10 10:02:54.197  4415  4500 D GStreamer+GST_PADS: 0:02:33.413680045 0xf37ecec0 gstpad.c:3745:push_sticky:<mpegaudioparse0:src> event segment was already received
05-10 10:02:54.197  4415  4501 D GStreamer+GST_PADS: 0:02:33.413707181 0xf37ecf50 gstpad.c:4009:gst_pad_peer_query:<q:sink> peer query 0xf390ac90 (context)
05-10 10:02:54.197  4415  4500 D GStreamer+GST_PADS: 0:02:33.413727702 0xf37ecec0 gstpad.c:3745:push_sticky:<mpegaudioparse0:src> event tag was already received
05-10 10:02:54.197  4415  4501 D GStreamer+GST_PADS: 0:02:33.413755410 0xf37ecf50 gstpad.c:3882:gst_pad_query:<filesrc0:src> doing query 0xf390ac90 (context)
05-10 10:02:54.197  4415  4501 D GStreamer+basesrc: 0:02:33.413808535 0xf37ecf50 gstbasesrc.c:1296:gst_base_src_default_query:<filesrc0> query context returns 0
05-10 10:02:54.197  4415  4500 D GStreamer+GST_EVENT: 0:02:33.413853014 0xf37ecec0 gstpad.c:5496:gst_pad_send_event_unchecked:<amcaudiodec-omxgooglemp3decoder0:sink> have event type tag event: 0xf3ab4048, time 99:99:99.999999999, seq-num 119, GstTagList-global, taglist=(taglist)"taglist\,\ datetime\=\(datetime\)2016-05-10T02:46:01Z\,\ container-format\=\(string\)\"ISO\\\ MP4/M4A\"\;";
05-10 10:02:54.197  4415  4501 D GStreamer+GST_PADS: 0:02:33.413871243 0xf37ecf50 gstpad.c:3905:gst_pad_query:<filesrc0:src> sent query 0xf390ac90 (context), result 0
05-10 10:02:54.197  4415  4500 D GStreamer+audiodecoder: 0:02:33.413900775 0xf37ecec0 gstaudiodecoder.c:2327:gst_audio_decoder_sink_event:<amcaudiodec-omxgooglemp3decoder0> received event 20510, tag
05-10 10:02:54.197  4415  4501 D GStreamer+GST_PADS: 0:02:33.413916139 0xf37ecf50 gstpad.c:3950:gst_pad_query:<filesrc0:src> query failed
05-10 10:02:54.198  4415  4500 D GStreamer+audiodecoder: 0:02:33.413946764 0xf37ecec0 gstaudiodecoder.c:2303:gst_audio_decoder_sink_eventfunc:<amcaudiodec-omxgooglemp3decoder0> Enqueuing event 20510, tag
05-10 10:02:54.198  4415  4501 D GStreamer+GST_PADS: 0:02:33.413964004 0xf37ecf50 gstpad.c:4071:gst_pad_peer_query:<q:sink> query failed
05-10 10:02:54.198  4415  4500 D GStreamer+GST_PADS: 0:02:33.413988170 0xf37ecec0 gstpad.c:5569:gst_pad_send_event_unchecked:<amcaudiodec-omxgooglemp3decoder0:sink> sent event, ret ok
05-10 10:02:54.198  4415  4501 D GStreamer+GST_PADS: 0:02:33.414021400 0xf37ecf50 gstpad.c:3905:gst_pad_query:<q:video_0> sent query 0xf390ac90 (context), result 0
05-10 10:02:54.198  4415  4500 D GStreamer+GST_PADS: 0:02:33.414047129 0xf37ecec0 gstpad.c:3765:push_sticky:<mpegaudioparse0:src> event tag marked received
05-10 10:02:54.198  4415  4501 D GStreamer+GST_PADS: 0:02:33.414068327 0xf37ecf50 gstpad.c:3950:gst_pad_query:<q:video_0> query failed
05-10 10:02:54.198  4415  4501 D GStreamer+GST_PADS: 0:02:33.414115150 0xf37ecf50 gstpad.c:4071:gst_pad_peer_query:<queue0:sink> query failed
05-10 10:02:54.198  4415  4500 D GStreamer+GST_CAPS: 0:02:33.414137233 0xf37ecec0 gstpad.c:2648:gst_pad_get_current_caps:<mpegaudioparse0:src> get current pad caps audio/mpeg, mpegversion=(int)1, mpegaudioversion=(int)2, layer=(int)3, rate=(int)24000, channels=(int)1, parsed=(boolean)true
05-10 10:02:54.198  4415  4501 D GStreamer+GST_PADS: 0:02:33.414167233 0xf37ecf50 gstpad.c:3905:gst_pad_query:<queue0:src> sent query 0xf390ac90 (context), result 0
05-10 10:02:54.198  4415  4501 D GStreamer+GST_PADS: 0:02:33.414213483 0xf37ecf50 gstpad.c:3950:gst_pad_query:<queue0:src> query failed
05-10 10:02:54.198  4415  4500 D GStreamer+baseparse: 0:02:33.414247702 0xf37ecec0 gstbaseparse.c:4884:gst_base_parse_merge_tags:<mpegaudioparse0> setting parser tags to taglist, has-crc=(boolean)false, channel-mode=(string)mono, audio-codec=(string)"MPEG-1\ Layer\ 3\ \(MP3\)", nominal-bitrate=(uint)48000; (mode 2)
05-10 10:02:54.198  4415  4501 D GStreamer+GST_PADS: 0:02:33.414259316 0xf37ecf50 gstpad.c:4071:gst_pad_peer_query:<h264parse0:sink> query failed
05-10 10:02:54.198  4415  4501 D GStreamer+GST_PADS: 0:02:33.414308170 0xf37ecf50 gstpad.c:3905:gst_pad_query:<h264parse0:src> sent query 0xf390ac90 (context), result 0
05-10 10:02:54.198  4415  4500 D GStreamer+GST_SCHEDULING: 0:02:33.414334941 0xf37ecec0 gstpad.c:4153:gst_pad_chain_data_unchecked:<amcaudiodec-omxgooglemp3decoder0:sink> calling chainfunction &gst_audio_decoder_chain with buffer buffer: 0xf3ac2410, pts 0:00:00.000000000, dts 0:00:00.000000000, dur 0:00:00.024000000, size 144, offset 0, offset_end none, flags 0x0
05-10 10:02:54.198  4415  4501 D GStreamer+GST_PADS: 0:02:33.414347129 0xf37ecf50 gstpad.c:3950:gst_pad_query:<h264parse0:src> query failed
05-10 10:02:54.198  4415  4501 D GStreamer+GST_PADS: 0:02:33.414389681 0xf37ecf50 gstpad.c:4071:gst_pad_peer_query:<capsfilter0:sink> query failed
05-10 10:02:54.198  4415  4500 D GStreamer+GST_CAPS: 0:02:33.414411556 0xf37ecec0 gstpad.c:2621:gst_pad_has_current_caps:<amcaudiodec-omxgooglemp3decoder0:sink> check current pad caps audio/mpeg, mpegversion=(int)1, mpegaudioversion=(int)2, layer=(int)3, rate=(int)24000, channels=(int)1, parsed=(boolean)true
05-10 10:02:54.198  4415  4501 D GStreamer+GST_PADS: 0:02:33.414440827 0xf37ecf50 gstpad.c:3905:gst_pad_query:<capsfilter0:src> sent query 0xf390ac90 (context), result 0
05-10 10:02:54.198  4415  4500 D GStreamer+audiodecoder: 0:02:33.414462962 0xf37ecec0 gstaudiodecoder.c:1476:gst_audio_decoder_push_buffers:<amcaudiodec-omxgooglemp3decoder0> available: 144
05-10 10:02:54.198  4415  4501 D GStreamer+GST_PADS: 0:02:33.414494577 0xf37ecf50 gstpad.c:3950:gst_pad_query:<capsfilter0:src> query failed
05-10 10:02:54.198  4415  4500 D GStreamer+amcaudiodec: 0:02:33.414516920 0xf37ecec0 gstamcaudiodec.c:1050:gst_amc_audio_dec_handle_frame:<amcaudiodec-omxgooglemp3decoder0> Handling frame
05-10 10:02:54.198  4415  4501 D GStreamer+GST_PADS: 0:02:33.414542962 0xf37ecf50 gstpad.c:4071:gst_pad_peer_query:<forhwgl:sink> query failed
05-10 10:02:54.198  4415  4501 D GStreamer+GST_PADS: 0:02:33.414588639 0xf37ecf50 gstpad.c:3905:gst_pad_query:<sink:proxypad0> sent query 0xf390ac90 (context), result 0
05-10 10:02:54.198  4415  4501 D GStreamer+GST_PADS: 0:02:33.414630306 0xf37ecf50 gstpad.c:3950:gst_pad_query:<sink:proxypad0> query failed
05-10 10:02:54.198  4415  4501 D GStreamer+GST_PADS: 0:02:33.414665566 0xf37ecf50 gstpad.c:4071:gst_pad_peer_query:<typefind:sink> query failed
05-10 10:02:54.198  4415  4501 D GStreamer+GST_PADS: 0:02:33.414707910 0xf37ecf50 gstpad.c:3905:gst_pad_query:<typefind:src> sent query 0xf390ac90 (context), result 0
05-10 10:02:54.198  4415  4501 D GStreamer+GST_PADS: 0:02:33.414766868 0xf37ecf50 gstpad.c:3950:gst_pad_query:<typefind:src> query failed
05-10 10:02:54.198  4415  4501 D GStreamer+GST_PADS: 0:02:33.414806712 0xf37ecf50 gstpad.c:4071:gst_pad_peer_query:<h264parse1:sink> query failed
05-10 10:02:54.198  4415  4501 D GStreamer+GST_PADS: 0:02:33.414886504 0xf37ecf50 gstpad.c:3905:gst_pad_query:<h264parse1:src> sent query 0xf390ac90 (context), result 0
05-10 10:02:54.198  4415  4501 D GStreamer+GST_PADS: 0:02:33.414926139 0xf37ecf50 gstpad.c:3950:gst_pad_query:<h264parse1:src> query failed
05-10 10:02:54.199  4415  4501 D GStreamer+GST_PADS: 0:02:33.414970410 0xf37ecf50 gstpad.c:4071:gst_pad_peer_query:<capsfilter1:sink> query failed
05-10 10:02:54.199  4415  4501 D GStreamer+GST_PADS: 0:02:33.415030879 0xf37ecf50 gstpad.c:3905:gst_pad_query:<capsfilter1:src> sent query 0xf390ac90 (context), result 0
05-10 10:02:54.199  4415  4501 D GStreamer+GST_PADS: 0:02:33.415069993 0xf37ecf50 gstpad.c:3950:gst_pad_query:<capsfilter1:src> query failed
05-10 10:02:54.199  4415  4501 D GStreamer+GST_PADS: 0:02:33.415107545 0xf37ecf50 gstpad.c:4071:gst_pad_peer_query:<amcvideodec-omxnvidiah264decode0:sink> query failed
05-10 10:02:54.199  4415  4501 I GStreamer+GST_CONTEXT: 0:02:33.415143639 0xf37ecf50 gstglutils.c:528:pad_query:<amcvideodec-omxnvidiah264decode0:sink> pad peer query failed
05-10 10:02:54.199  4415  4501 I GStreamer+GST_CONTEXT: 0:02:33.415204212 0xf37ecf50 gstglutils.c:590:_gst_context_query:<amcvideodec-omxnvidiah264decode0> posting need context message
05-10 10:02:54.199  4415  4500 D GStreamer+amcaudiodec: 0:02:33.415236816 0xf37ecec0 gstamcaudiodec.c:1170:gst_amc_audio_dec_handle_frame:<amcaudiodec-omxgooglemp3decoder0> Queueing buffer 0: size 144 time 0 flags 0x00000001
05-10 10:02:54.199  4415  4501 D GStreamer+GST_BUS: 0:02:33.415283691 0xf37ecf50 gstbus.c:309:gst_bus_post:<bus0> [msg 0xf3ac0160] posting on bus need-context message: 0xf3ac0160, time 99:99:99.999999999, seq-num 243, element 'amcvideodec-omxnvidiah264decode0', GstMessageNeedContext, context-type=(string)gst.gl.GLDisplay;
05-10 10:02:54.199  4415  4501 D GStreamer+bin: 0:02:33.415328118 0xf37ecf50 gstbin.c:3528:gst_bin_handle_message_func:<forhwgl> [msg 0xf3ac0160] handling child amcvideodec-omxnvidiah264decode0 message of type need-context
05-10 10:02:54.199  4415  4501 D GStreamer+bin: 0:02:33.415365410 0xf37ecf50 gstbin.c:3865:gst_bin_handle_message_func:<forhwgl> posting message upward
05-10 10:02:54.199  4415  4500 D GStreamer+GST_SCHEDULING: 0:02:33.415396348 0xf37ecec0 gstpad.c:4159:gst_pad_chain_data_unchecked:<amcaudiodec-omxgooglemp3decoder0:sink> called chainfunction &gst_audio_decoder_chain with buffer 0xf3ac2410, returned ok
05-10 10:02:54.199  4415  4500 D GStreamer+adapter: 0:02:33.415545775 0xf37ecec0 gstadapter.c:296:copy_into_unchecked bsize 144, skip 0, csize 144
05-10 10:02:54.199  4415  4501 D GStreamer+GST_BUS: 0:02:33.415565358 0xf37ecf50 gstbus.c:309:gst_bus_post:<bus4> [msg 0xf3ac0160] posting on bus need-context message: 0xf3ac0160, time 99:99:99.999999999, seq-num 243, element 'amcvideodec-omxnvidiah264decode0', GstMessageNeedContext, context-type=(string)gst.gl.GLDisplay;
05-10 10:02:54.199  4415  4500 D GStreamer+GST_MEMORY: 0:02:33.415595410 0xf37ecec0 gstmemory.c:138:gst_memory_init new memory 0xf39db158, maxsize:288 offset:0 size:288
05-10 10:02:54.199  4415  4510 D GStreamer+amcaudiodec: 0:02:33.415605150 0xf3a3f8f0 gstamcaudiodec.c:449:gst_amc_audio_dec_loop:<amcaudiodec-omxgooglemp3decoder0> Output format has changed
05-10 10:02:54.199  4415  4501 D GStreamer+bin: 0:02:33.415643379 0xf37ecf50 gstbin.c:3528:gst_bin_handle_message_func:<pipeline0> [msg 0xf3ac0160] handling child amcvideodec-omxnvidiah264decode0 message of type need-context
05-10 10:02:54.199  4415  4500 D GStreamer+mpegaudioparse: 0:02:33.415690514 0xf37ecec0 gstmpegaudioparse.c:456:gst_mpeg_audio_parse_head_check:<mpegaudioparse0> checking mp3 header 0xfff364c0
05-10 10:02:54.199  4415  4501 D GStreamer+GST_CONTEXT: 0:02:33.415715723 0xf37ecf50 gstelement.c:3149:gst_element_set_context:<amcvideodec-omxnvidiah264decode0> set context 0xf39eaf50 context, gst.gl.GLDisplay=(GstGLDisplay)"\(GstGLDisplayEGL\)\ gldisplayegl0";
05-10 10:02:54.199  4415  4500 D GStreamer+mpegaudioparse: 0:02:33.415740670 0xf37ecec0 gstmpegaudioparse.c:337:mp3_type_frame_length_from_header:<mpegaudioparse0> Calculated mp3 frame length of 144 bytes
05-10 10:02:54.199  4415  4501 D GStreamer+GST_BUS: 0:02:33.415765983 0xf37ecf50 gstbus.c:344:gst_bus_post:<bus4> [msg 0xf3ac0160] dropped
05-10 10:02:54.199  4415  4500 D GStreamer+mpegaudioparse: 0:02:33.415796295 0xf37ecec0 gstmpegaudioparse.c:340:mp3_type_frame_length_from_header:<mpegaudioparse0> samplerate = 24000, bitrate = 48000, version = 2, layer = 3, channels = 1, mode = mono
05-10 10:02:54.199  4415  4501 D GStreamer+GST_BUS: 0:02:33.415816087 0xf37ecf50 gstbus.c:344:gst_bus_post:<bus0> [msg 0xf3ac0160] dropped
05-10 10:02:54.199  4415  4501 D GStreamer+query: 0:02:33.415874577 0xf37ecf50 gstquery.c:674:gst_query_new_custom creating new query 0xf390adb0 context
05-10 10:02:54.199  4415  4510 D GStreamer+amcaudiodec: 0:02:33.415882389 0xf3a3f8f0 gstamcaudiodec.c:460:gst_amc_audio_dec_loop:<amcaudiodec-omxgooglemp3decoder0> Got new output format: {channel-count=1, what=1869968451, mime=audio/raw, sample-rate=24000}
05-10 10:02:54.199  4415  4500 D GStreamer+GST_MEMORY: 0:02:33.415888327 0xf37ecec0 gstmemory.c:87:_gst_memory_free free memory 0xf39db158
05-10 10:02:54.199  4415  4501 D GStreamer+GST_PADS: 0:02:33.415915045 0xf37ecf50 gstpad.c:4009:gst_pad_peer_query:<amcvideodec-omxnvidiah264decode0:src> peer query 0xf390adb0 (context)
05-10 10:02:54.200  4415  4500 D GStreamer+GST_CAPS: 0:02:33.415976452 0xf37ecec0 gstpad.c:2621:gst_pad_has_current_caps:<mpegaudioparse0:src> check current pad caps audio/mpeg, mpegversion=(int)1, mpegaudioversion=(int)2, layer=(int)3, rate=(int)24000, channels=(int)1, parsed=(boolean)true
05-10 10:02:54.200  4415  4510 D GStreamer+audiodecoder: 0:02:33.415983275 0xf3a3f8f0 gstaudiodecoder.c:785:gst_audio_decoder_set_output_format:<amcaudiodec-omxgooglemp3decoder0> Setting output format
05-10 10:02:54.200  4415  4501 D GStreamer+GST_PADS: 0:02:33.415999316 0xf37ecf50 gstpad.c:3882:gst_pad_query:<decodepad1:proxypad5> doing query 0xf390adb0 (context)
05-10 10:02:54.200  4415  4500 D GStreamer+baseparse: 0:02:33.416077389 0xf37ecec0 gstbaseparse.c:944:gst_base_parse_queue_tag_event_update:<mpegaudioparse0> merged   : taglist, audio-codec=(string)"MPEG-1\ Layer\ 3\ \(MP3\)", maximum-bitrate=(uint)48000, bitrate=(uint)48000, language-code=(string)en, has-crc=(boolean)false, channel-mode=(string)mono, nominal-bitrate=(uint)48000;
05-10 10:02:54.200  4415  4510 D GStreamer+amcaudiodec: 0:02:33.416091035 0xf3a3f8f0 gstamcaudiodec.c:424:gst_amc_audio_dec_loop:<amcaudiodec-omxgooglemp3decoder0> Waiting for available output buffer
05-10 10:02:54.200  4415  4501 D GStreamer+decodebin: 0:02:33.416107233 0xf37ecf50 gstdecodebin2.c:5033:gst_decode_pad_query:<forhwgl> calling autoplug-query for decodepad1 (element amcvideodec-omxnvidiah264decode0): context query: 0xf390adb0, GstQueryContext, context-type=(string)gst.gl.app_context;
05-10 10:02:54.200  4415  4500 D GStreamer+GST_EVENT: 0:02:33.416132389 0xf37ecec0 gstevent.c:302:gst_event_new_custom creating new event 0xf39db760 tag 20510
05-10 10:02:54.200  4415  4501 D GStreamer+decodebin: 0:02:33.416154681 0xf37ecf50 gstdecodebin2.c:5042:gst_decode_pad_query:<forhwgl> autoplug-query returned 0
05-10 10:02:54.200  4415  4500 D GStreamer+GST_PADS: 0:02:33.416212806 0xf37ecec0 gstpad.c:3813:check_sticky:<mpegaudioparse0:src> pushing all sticky events
05-10 10:02:54.200  4415  4501 D GStreamer+GST_PADS: 0:02:33.416229316 0xf37ecf50 gstpad.c:3339:gst_pad_query_default:<decodepad1:proxypad5> forwarding 0xf390adb0 (context) query
05-10 10:02:54.200  4415  4510 D GStreamer+amcaudiodec: 0:02:33.416268170 0xf3a3f8f0 gstamcaudiodec.c:491:gst_amc_audio_dec_loop:<amcaudiodec-omxgooglemp3decoder0> Got output buffer at index 0: offset 1058 size 94 time 0 flags 0x00000000
05-10 10:02:54.200  4415  4500 D GStreamer+GST_PADS: 0:02:33.416286191 0xf37ecec0 gstpad.c:3745:push_sticky:<mpegaudioparse0:src> event stream-start was already received
05-10 10:02:54.200  4415  4501 D GStreamer+GST_PADS: 0:02:33.416302858 0xf37ecf50 gstpad.c:4009:gst_pad_peer_query:<'':decodepad1> peer query 0xf390adb0 (context)
05-10 10:02:54.200  4415  4500 D GStreamer+GST_PADS: 0:02:33.416337441 0xf37ecec0 gstpad.c:3745:push_sticky:<mpegaudioparse0:src> event caps was already received
05-10 10:02:54.200  4415  4501 I GStreamer+GST_PADS: 0:02:33.416357337 0xf37ecf50 gstpad.c:4065:gst_pad_peer_query:<'':decodepad1> pad has no peer
