05-10 10:02:54.073  4415  4502 D GStreamer+basesrc: 0:02:33.289759733 0xf37ecfb0 gstbasesrc.c:2355:gst_base_src_update_length:<filesrc0> reading offset 517394, length 43384, size 15003960, segment.stop -1, maxsize 15003960
05-10 10:02:54.073  4415  4500 D GStreamer+structure: 0:02:33.289772285 0xf37ecec0 gststructure.c:2367:gst_structure_parse_value trying type name 'string'
05-10 10:02:54.073  4415  4502 D GStreamer+basesrc: 0:02:33.289804473 0xf37ecfb0 gstbasesrc.c:2456:gst_base_src_get_range:<filesrc0> calling create offset 517394 length 43384, time 0
05-10 10:02:54.073  4415  4501 D GStreamer+baseparse: 0:02:33.289840827 0xf37ecf50 gstbaseparse.c:2985:gst_base_parse_chain:<h264parse0> chain
05-10 10:02:54.073  4415  4502 D GStreamer+GST_MEMORY: 0:02:33.289854525 0xf37ecfb0 gstmemory.c:138:gst_memory_init new memory 0xf3b65a78, maxsize:43387 offset:0 size:43384
05-10 10:02:54.073  4415  4501 D GStreamer+baseparse: 0:02:33.289879056 0xf37ecf50 gstbaseparse.c:3016:gst_base_parse_chain:<h264parse0> Looking for streamheader field on caps to prepend to the stream
05-10 10:02:54.074  4415  4501 D GStreamer+GST_CAPS: 0:02:33.289959264 0xf37ecf50 gstpad.c:2648:gst_pad_get_current_caps:<h264parse0:sink> get current pad caps video/x-h264, stream-format=(string)avc, alignment=(string)au, level=(string)4, profile=(string)baseline, codec_data=(buffer)01428028ffe1000a27428028e54028016b2001000528de01ae20, width=(int)1280, height=(int)1440, framerate=(fraction)151/3, pixel-aspect-ratio=(fraction)1/1
05-10 10:02:54.074  4415  4501 D GStreamer+baseparse: 0:02:33.290002389 0xf37ecf50 gstbaseparse.c:2965:gst_base_parse_process_streamheader:<h264parse0> No streamheader on caps
05-10 10:02:54.074  4415  4501 D GStreamer+baseparse: 0:02:33.290038170 0xf37ecf50 gstbaseparse.c:2677:gst_base_parse_drain:<h264parse0> draining
05-10 10:02:54.074  4415  4501 D GStreamer+GST_PERFORMANCE: 0:02:33.290081764 0xf37ecf50 gstminiobject.c:326:gst_mini_object_make_writable copy GstBuffer miniobject 0xf3ae40a8 -> 0xf3a2d830
05-10 10:02:54.074  4415  4501 D GStreamer+baseparse: 0:02:33.290128223 0xf37ecf50 gstbaseparse.c:792:gst_base_parse_update_frame:<h264parse0> marking DISCONT
05-10 10:02:54.074  4415  4502 D GStreamer+basesrc: 0:02:33.290144993 0xf37ecfb0 gstbasesrc.c:2310:gst_base_src_do_sync:<filesrc0> we have no clock
05-10 10:02:54.074  4415  4501 D GStreamer+codecparsers_h264: 0:02:33.290169264 0xf37ecf50 gsth264parser.c:253:gst_h264_parse_nalu_header Nal type 7, ref_idc 1
05-10 10:02:54.074  4415  4502 D GStreamer+basesrc: 0:02:33.290187545 0xf37ecfb0 gstbasesrc.c:2520:gst_base_src_get_range:<filesrc0> buffer ok
05-10 10:02:54.074  4415  4501 D GStreamer+h264parse: 0:02:33.290210879 0xf37ecf50 gsth264parse.c:981:gst_h264_parse_handle_frame_packetized:<h264parse0> AVC nal offset 14
05-10 10:02:54.074  4415  4501 D GStreamer+h264parse: 0:02:33.290258848 0xf37ecf50 gsth264parse.c:716:gst_h264_parse_process_nal:<h264parse0> processing nal of type 7 SPS, size 10
05-10 10:02:54.074  4415  4502 D GStreamer+GST_SCHEDULING: 0:02:33.290272493 0xf37ecfb0 gstpad.c:4153:gst_pad_chain_data_unchecked:<queue0:sink> calling chainfunction &gst_queue_chain with buffer buffer: 0xf3b07e40, pts 0:00:00.238666666, dts 0:00:00.238666666, dur 0:00:00.020000000, size 43384, offset none, offset_end none, flags 0x0
05-10 10:02:54.074  4415  4501 D GStreamer+codecparsers_h264: 0:02:33.290291243 0xf37ecf50 gsth264parser.c:1776:gst_h264_parse_sps parsing SPS
05-10 10:02:54.074  4415  4502 D GStreamer+GST_SCHEDULING: 0:02:33.290316243 0xf37ecfb0 gstpad.c:4159:gst_pad_chain_data_unchecked:<queue0:sink> called chainfunction &gst_queue_chain with buffer 0xf3b07e40, returned ok
05-10 10:02:54.074  4415  4501 D GStreamer+codecparsers_h264: 0:02:33.290326868 0xf37ecf50 gsth264parser.c:1484:gst_h264_parser_parse_sps adding sequence parameter set with id: 0 to array
05-10 10:02:54.074  4415  4500 D GStreamer+structure: 0:02:33.289824629 0xf37ecec0 gststructure.c:2316:gst_structure_parse_field trying field name 'width'
05-10 10:02:54.074  4415  4502 D GStreamer+qtdemux: 0:02:33.290358952 0xf37ecfb0 qtdemux.c:7675:qtdemux_parse_samples:<q> parsing up to sample 12
05-10 10:02:54.074  4415  4500 D GStreamer+structure: 0:02:33.290390723 0xf37ecec0 gststructure.c:2367:gst_structure_parse_value trying type name 'int'
05-10 10:02:54.074  4415  4502 D GStreamer+qtdemux: 0:02:33.290404629 0xf37ecfb0 qtdemux.c:7882:qtdemux_parse_samples:<q> sample 12: index 0, timestamp 0:00:00.258666666
05-10 10:02:54.074  4415  4500 D GStreamer+structure: 0:02:33.290427858 0xf37ecec0 gststructure.c:2316:gst_structure_parse_field trying field name 'height'
05-10 10:02:54.074  4415  4502 D GStreamer+qtdemux: 0:02:33.290441712 0xf37ecfb0 qtdemux.c:7937:qtdemux_parse_samples:<q> samples at 12 is keyframe
05-10 10:02:54.074  4415  4500 D GStreamer+structure: 0:02:33.290460566 0xf37ecec0 gststructure.c:2367:gst_structure_parse_value trying type name 'int'
05-10 10:02:54.074  4415  4500 D GStreamer+structure: 0:02:33.290509785 0xf37ecec0 gststructure.c:2316:gst_structure_parse_field trying field name 'framerate'
05-10 10:02:54.074  4415  4502 D GStreamer+qtdemux: 0:02:33.290526556 0xf37ecfb0 qtdemux.c:5197:gst_qtdemux_loop_state_movie:<q> pushing from stream 1, empty 0 offset 604076, size 144, dts=0:00:00.552000000, pts=0:00:00.552000000, duration 0:00:00.024000000
05-10 10:02:54.074  4415  4500 D GStreamer+structure: 0:02:33.290544004 0xf37ecec0 gststructure.c:2367:gst_structure_parse_value trying type name 'fraction'
05-10 10:02:54.074  4415  4501 D GStreamer+h264parse: 0:02:33.290594629 0xf37ecf50 gsth264parse.c:737:gst_h264_parse_process_nal:<h264parse0> triggering src caps check
05-10 10:02:54.074  4415  4502 D GStreamer+basesrc: 0:02:33.290601087 0xf37ecfb0 gstbasesrc.c:2355:gst_base_src_update_length:<filesrc0> reading offset 604076, length 144, size 15003960, segment.stop -1, maxsize 15003960
05-10 10:02:54.074  4415  4502 D GStreamer+basesrc: 0:02:33.290647389 0xf37ecfb0 gstbasesrc.c:2456:gst_base_src_get_range:<filesrc0> calling create offset 604076 length 144, time 0
05-10 10:02:54.074  4415  4501 D GStreamer+h264parse: 0:02:33.290655566 0xf37ecf50 gsth264parse.c:454:gst_h264_parser_store_nal:<h264parse0> storing sps 0
05-10 10:02:54.074  4415  4502 D GStreamer+GST_MEMORY: 0:02:33.290686295 0xf37ecfb0 gstmemory.c:138:gst_memory_init new memory 0xf3af0680, maxsize:147 offset:0 size:144
05-10 10:02:54.074  4415  4501 D GStreamer+GST_MEMORY: 0:02:33.290696712 0xf37ecf50 gstmemory.c:138:gst_memory_init new memory 0xf3a010c8, maxsize:13 offset:0 size:10
05-10 10:02:54.074  4415  4502 D GStreamer+basesrc: 0:02:33.290731712 0xf37ecfb0 gstbasesrc.c:2310:gst_base_src_do_sync:<filesrc0> we have no clock
05-10 10:02:54.074  4415  4501 D GStreamer+GST_MEMORY: 0:02:33.290749264 0xf37ecf50 gstmemory.c:87:_gst_memory_free free memory 0xf3ab3b00
05-10 10:02:54.074  4415  4502 D GStreamer+basesrc: 0:02:33.290767702 0xf37ecfb0 gstbasesrc.c:2520:gst_base_src_get_range:<filesrc0> buffer ok
05-10 10:02:54.074  4415  4501 D GStreamer+h264parse: 0:02:33.290791035 0xf37ecf50 gsth264parse.c:423:gst_h264_parse_wrap_nal:<h264parse0> nal length 10
05-10 10:02:54.074  4415  4501 D GStreamer+GST_MEMORY: 0:02:33.290859056 0xf37ecf50 gstmemory.c:138:gst_memory_init new memory 0xf3ac1e98, maxsize:17 offset:0 size:14
05-10 10:02:54.074  4415  4502 D GStreamer+GST_SCHEDULING: 0:02:33.290875723 0xf37ecfb0 gstpad.c:4153:gst_pad_chain_data_unchecked:<queue2:sink> calling chainfunction &gst_queue_chain with buffer buffer: 0xf3b07ee0, pts 0:00:00.552000000, dts 0:00:00.552000000, dur 0:00:00.024000000, size 144, offset none, offset_end none, flags 0x0
05-10 10:02:54.074  4415  4501 D GStreamer+codecparsers_h264: 0:02:33.290901295 0xf37ecf50 gsth264parser.c:253:gst_h264_parse_nalu_header Nal type 8, ref_idc 1
05-10 10:02:54.074  4415  4502 D GStreamer+GST_SCHEDULING: 0:02:33.290928691 0xf37ecfb0 gstpad.c:4159:gst_pad_chain_data_unchecked:<queue2:sink> called chainfunction &gst_queue_chain with buffer 0xf3b07ee0, returned ok
05-10 10:02:54.075  4415  4501 D GStreamer+h264parse: 0:02:33.290948223 0xf37ecf50 gsth264parse.c:981:gst_h264_parse_handle_frame_packetized:<h264parse0> AVC nal offset 23
05-10 10:02:54.075  4415  4502 D GStreamer+qtdemux: 0:02:33.290971504 0xf37ecfb0 qtdemux.c:7675:qtdemux_parse_samples:<q> parsing up to sample 24
05-10 10:02:54.075  4415  4501 D GStreamer+h264parse: 0:02:33.290995045 0xf37ecf50 gsth264parse.c:716:gst_h264_parse_process_nal:<h264parse0> processing nal of type 8 PPS, size 5
05-10 10:02:54.075  4415  4501 D GStreamer+codecparsers_h264: 0:02:33.291026608 0xf37ecf50 gsth264parser.c:1912:gst_h264_parse_pps parsing PPS
05-10 10:02:54.075  4415  4502 D GStreamer+qtdemux: 0:02:33.291044108 0xf37ecfb0 qtdemux.c:7882:qtdemux_parse_samples:<q> sample 24: index 24, timestamp 0:00:00.576000000
05-10 10:02:54.075  4415  4501 D GStreamer+codecparsers_h264: 0:02:33.291063848 0xf37ecf50 gsth264parser.c:2045:gst_h264_parser_parse_pps adding picture parameter set with id: 0 to array
05-10 10:02:54.075  4415  4502 D GStreamer+qtdemux: 0:02:33.291084316 0xf37ecfb0 qtdemux.c:7982:qtdemux_parse_samples:<q> setting all keyframes
05-10 10:02:54.075  4415  4501 D GStreamer+h264parse: 0:02:33.291102129 0xf37ecf50 gsth264parse.c:770:gst_h264_parse_process_nal:<h264parse0> triggering src caps check
05-10 10:02:54.075  4415  4501 I GStreamer+h264parse: 0:02:33.291139004 0xf37ecf50 gsth264parse.c:777:gst_h264_parse_process_nal:<h264parse0> have SPS/PPS in stream
05-10 10:02:54.075  4415  4502 D GStreamer+qtdemux: 0:02:33.291155045 0xf37ecfb0 qtdemux.c:5197:gst_qtdemux_loop_state_movie:<q> pushing from stream 0, empty 0 offset 560778, size 43298, dts=0:00:00.258666666, pts=0:00:00.258666666, duration 0:00:00.019666667
05-10 10:02:54.075  4415  4501 D GStreamer+h264parse: 0:02:33.291177285 0xf37ecf50 gsth264parse.c:458:gst_h264_parser_store_nal:<h264parse0> storing pps 0
05-10 10:02:54.075  4415  4502 D GStreamer+basesrc: 0:02:33.291207650 0xf37ecfb0 gstbasesrc.c:2355:gst_base_src_update_length:<filesrc0> reading offset 560778, length 43298, size 15003960, segment.stop -1, maxsize 15003960
05-10 10:02:54.075  4415  4501 D GStreamer+GST_MEMORY: 0:02:33.291217233 0xf37ecf50 gstmemory.c:138:gst_memory_init new memory 0xf3abd9d0, maxsize:8 offset:0 size:5
05-10 10:02:54.075  4415  4502 D GStreamer+basesrc: 0:02:33.291247545 0xf37ecfb0 gstbasesrc.c:2456:gst_base_src_get_range:<filesrc0> calling create offset 560778 length 43298, time 0
05-10 10:02:54.075  4415  4500 D GStreamer+structure: 0:02:33.291278483 0xf37ecec0 gststructure.c:2316:gst_structure_parse_field trying field name 'parsed'
05-10 10:02:54.075  4415  4502 D GStreamer+GST_MEMORY: 0:02:33.291296400 0xf37ecfb0 gstmemory.c:138:gst_memory_init new memory 0xf3b71000, maxsize:43301 offset:0 size:43298
05-10 10:02:54.075  4415  4500 D GStreamer+structure: 0:02:33.291312910 0xf37ecec0 gststructure.c:2367:gst_structure_parse_value trying type name 'boolean'
05-10 10:02:54.075  4415  4500 D GStreamer+structure: 0:02:33.291347389 0xf37ecec0 gststructure.c:2316:gst_structure_parse_field trying field name 'stream-format'
05-10 10:02:54.075  4415  4502 D GStreamer+basesrc: 0:02:33.291382389 0xf37ecfb0 gstbasesrc.c:2310:gst_base_src_do_sync:<filesrc0> we have no clock
05-10 10:02:54.075  4415  4500 D GStreamer+structure: 0:02:33.291400670 0xf37ecec0 gststructure.c:2367:gst_structure_parse_value trying type name 'string'
05-10 10:02:54.075  4415  4502 D GStreamer+basesrc: 0:02:33.291418170 0xf37ecfb0 gstbasesrc.c:2520:gst_base_src_get_range:<filesrc0> buffer ok
05-10 10:02:54.075  4415  4500 D GStreamer+structure: 0:02:33.291439993 0xf37ecec0 gststructure.c:2316:gst_structure_parse_field trying field name 'alignment'
05-10 10:02:54.075  4415  4500 D GStreamer+structure: 0:02:33.291470202 0xf37ecec0 gststructure.c:2367:gst_structure_parse_value trying type name 'string'
05-10 10:02:54.075  4415  4502 D GStreamer+GST_SCHEDULING: 0:02:33.291504264 0xf37ecfb0 gstpad.c:4153:gst_pad_chain_data_unchecked:<queue0:sink> calling chainfunction &gst_queue_chain with buffer buffer: 0xf3b44838, pts 0:00:00.258666666, dts 0:00:00.258666666, dur 0:00:00.019666667, size 43298, offset none, offset_end none, flags 0x0
05-10 10:02:54.075  4415  4500 D GStreamer+structure: 0:02:33.291513170 0xf37ecec0 gststructure.c:2316:gst_structure_parse_field trying field name 'profile'
05-10 10:02:54.075  4415  4500 D GStreamer+structure: 0:02:33.291546348 0xf37ecec0 gststructure.c:2367:gst_structure_parse_value trying type name 'string'
05-10 10:02:54.075  4415  4502 D GStreamer+GST_SCHEDULING: 0:02:33.291564577 0xf37ecfb0 gstpad.c:4159:gst_pad_chain_data_unchecked:<queue0:sink> called chainfunction &gst_queue_chain with buffer 0xf3b44838, returned ok
05-10 10:02:54.075  4415  4500 D GStreamer+structure: 0:02:33.291583952 0xf37ecec0 gststructure.c:2316:gst_structure_parse_field trying field name 'width'
05-10 10:02:54.075  4415  4502 D GStreamer+qtdemux: 0:02:33.291611660 0xf37ecfb0 qtdemux.c:7675:qtdemux_parse_samples:<q> parsing up to sample 13
05-10 10:02:54.075  4415  4500 D GStreamer+structure: 0:02:33.291630931 0xf37ecec0 gststructure.c:2367:gst_structure_parse_value trying type name 'int'
05-10 10:02:54.075  4415  4502 D GStreamer+qtdemux: 0:02:33.291659681 0xf37ecfb0 qtdemux.c:7882:qtdemux_parse_samples:<q> sample 13: index 0, timestamp 0:00:00.278333333
05-10 10:02:54.075  4415  4500 D GStreamer+structure: 0:02:33.291678014 0xf37ecec0 gststructure.c:2316:gst_structure_parse_field trying field name 'height'
05-10 10:02:54.075  4415  4500 D GStreamer+structure: 0:02:33.291709785 0xf37ecec0 gststructure.c:2367:gst_structure_parse_value trying type name 'int'
05-10 10:02:54.075  4415  4502 D GStreamer+qtdemux: 0:02:33.291716504 0xf37ecfb0 qtdemux.c:7937:qtdemux_parse_samples:<q> samples at 13 is keyframe
05-10 10:02:54.075  4415  4500 D GStreamer+structure: 0:02:33.291745983 0xf37ecec0 gststructure.c:2316:gst_structure_parse_field trying field name 'framerate'
05-10 10:02:54.075  4415  4500 D GStreamer+structure: 0:02:33.291782389 0xf37ecec0 gststructure.c:2367:gst_structure_parse_value trying type name 'fraction'
05-10 10:02:54.075  4415  4502 D GStreamer+qtdemux: 0:02:33.291799264 0xf37ecfb0 qtdemux.c:5197:gst_qtdemux_loop_state_movie:<q> pushing from stream 1, empty 0 offset 647017, size 144, dts=0:00:00.576000000, pts=0:00:00.576000000, duration 0:00:00.024000000
05-10 10:02:54.075  4415  4500 D GStreamer+structure: 0:02:33.291822910 0xf37ecec0 gststructure.c:2316:gst_structure_parse_field trying field name 'parsed'
05-10 10:02:54.075  4415  4500 D GStreamer+structure: 0:02:33.291859629 0xf37ecec0 gststructure.c:2367:gst_structure_parse_value trying type name 'boolean'
05-10 10:02:54.075  4415  4502 D GStreamer+basesrc: 0:02:33.291866712 0xf37ecfb0 gstbasesrc.c:2355:gst_base_src_update_length:<filesrc0> reading offset 647017, length 144, size 15003960, segment.stop -1, maxsize 15003960
05-10 10:02:54.075  4415  4500 D GStreamer+structure: 0:02:33.291889733 0xf37ecec0 gststructure.c:2316:gst_structure_parse_field trying field name 'stream-format'
05-10 10:02:54.075  4415  4502 D GStreamer+basesrc: 0:02:33.291905670 0xf37ecfb0 gstbasesrc.c:2456:gst_base_src_get_range:<filesrc0> calling create offset 647017 length 144, time 0
05-10 10:02:54.075  4415  4500 D GStreamer+structure: 0:02:33.291922025 0xf37ecec0 gststructure.c:2367:gst_structure_parse_value trying type name 'string'
05-10 10:02:54.075  4415  4502 D GStreamer+GST_MEMORY: 0:02:33.291947702 0xf37ecfb0 gstmemory.c:138:gst_memory_init new memory 0xf3b50008, maxsize:147 offset:0 size:144
05-10 10:02:54.076  4415  4501 D GStreamer+GST_MEMORY: 0:02:33.291949993 0xf37ecf50 gstmemory.c:87:_gst_memory_free free memory 0xf3abd978
05-10 10:02:54.076  4415  4502 D GStreamer+basesrc: 0:02:33.291989212 0xf37ecfb0 gstbasesrc.c:2310:gst_base_src_do_sync:<filesrc0> we have no clock
05-10 10:02:54.076  4415  4501 D GStreamer+h264parse: 0:02:33.292007962 0xf37ecf50 gsth264parse.c:423:gst_h264_parse_wrap_nal:<h264parse0> nal length 5
05-10 10:02:54.076  4415  4502 D GStreamer+basesrc: 0:02:33.292023691 0xf37ecfb0 gstbasesrc.c:2520:gst_base_src_get_range:<filesrc0> buffer ok
05-10 10:02:54.076  4415  4501 D GStreamer+GST_MEMORY: 0:02:33.292049629 0xf37ecf50 gstmemory.c:138:gst_memory_init new memory 0xf3a01128, maxsize:12 offset:0 size:9
05-10 10:02:54.076  4415  4501 D GStreamer+codecparsers_h264: 0:02:33.292087025 0xf37ecf50 gsth264parser.c:253:gst_h264_parse_nalu_header Nal type 5, ref_idc 1
05-10 10:02:54.076  4415  4502 D GStreamer+GST_SCHEDULING: 0:02:33.292105670 0xf37ecfb0 gstpad.c:4153:gst_pad_chain_data_unchecked:<queue2:sink> calling chainfunction &gst_queue_chain with buffer buffer: 0xf3b448d8, pts 0:00:00.576000000, dts 0:00:00.576000000, dur 0:00:00.024000000, size 144, offset none, offset_end none, flags 0x0
05-10 10:02:54.076  4415  4501 D GStreamer+h264parse: 0:02:33.292124108 0xf37ecf50 gsth264parse.c:981:gst_h264_parse_handle_frame_packetized:<h264parse0> AVC nal offset 45527
05-10 10:02:54.076  4415  4502 D GStreamer+GST_SCHEDULING: 0:02:33.292154733 0xf37ecfb0 gstpad.c:4159:gst_pad_chain_data_unchecked:<queue2:sink> called chainfunction &gst_queue_chain with buffer 0xf3b448d8, returned ok
05-10 10:02:54.076  4415  4501 D GStreamer+h264parse: 0:02:33.292166400 0xf37ecf50 gsth264parse.c:716:gst_h264_parse_process_nal:<h264parse0> processing nal of type 5 Slice IDR, size 45500
05-10 10:02:54.076  4415  4500 D GStreamer+structure: 0:02:33.292207910 0xf37ecec0 gststructure.c:2316:gst_structure_parse_field trying field name 'alignment'
05-10 10:02:54.076  4415  4502 D GStreamer+qtdemux: 0:02:33.292214368 0xf37ecfb0 qtdemux.c:7675:qtdemux_parse_samples:<q> parsing up to sample 25
05-10 10:02:54.076  4415  4500 D GStreamer+structure: 0:02:33.292237910 0xf37ecec0 gststructure.c:2367:gst_structure_parse_value trying type name 'string'
05-10 10:02:54.076  4415  4501 D GStreamer+h264parse: 0:02:33.292279681 0xf37ecf50 gsth264parse.c:822:gst_h264_parse_process_nal:<h264parse0> first_mb_in_slice = 0
05-10 10:02:54.076  4415  4502 D GStreamer+qtdemux: 0:02:33.292285983 0xf37ecfb0 qtdemux.c:7882:qtdemux_parse_samples:<q> sample 25: index 25, timestamp 0:00:00.600000000
05-10 10:02:54.076  4415  4501 D GStreamer+h264parse: 0:02:33.292316816 0xf37ecf50 gsth264parse.c:825:gst_h264_parse_process_nal:<h264parse0> frame start: 1
05-10 10:02:54.076  4415  4502 D GStreamer+qtdemux: 0:02:33.292333170 0xf37ecfb0 qtdemux.c:7982:qtdemux_parse_samples:<q> setting all keyframes
05-10 10:02:54.076  4415  4501 D GStreamer+codecparsers_h264: 0:02:33.292354160 0xf37ecf50 gsth264parser.c:2107:gst_h264_parser_parse_slice_hdr parsing "Slice header", slice type 7
05-10 10:02:54.076  4415  4501 D GStreamer+codecparsers_h264: 0:02:33.292388431 0xf37ecf50 gsth264parser.c:711:gst_h264_slice_parse_dec_ref_pic_marking parsing "Decoded reference picture marking"
05-10 10:02:54.076  4415  4502 D GStreamer+qtdemux: 0:02:33.292400566 0xf37ecfb0 qtdemux.c:5197:gst_qtdemux_loop_state_movie:<q> pushing from stream 0, empty 0 offset 604220, size 42797, dts=0:00:00.278333333, pts=0:00:00.278333333, duration 0:00:00.020000000
05-10 10:02:54.076  4415  4501 D GStreamer+h264parse: 0:02:33.292427181 0xf37ecf50 gsth264parse.c:835:gst_h264_parse_process_nal:<h264parse0> parse result 0, first MB: 0, slice type: 7
05-10 10:02:54.076  4415  4502 D GStreamer+basesrc: 0:02:33.292458483 0xf37ecfb0 gstbasesrc.c:2355:gst_base_src_update_length:<filesrc0> reading offset 604220, length 42797, size 15003960, segment.stop -1, maxsize 15003960
05-10 10:02:54.076  4415  4501 D GStreamer+h264parse: 0:02:33.292471348 0xf37ecf50 gsth264parse.c:858:gst_h264_parse_process_nal:<h264parse0> marking IDR in frame at offset 23
05-10 10:02:54.076  4415  4502 D GStreamer+basesrc: 0:02:33.292514889 0xf37ecfb0 gstbasesrc.c:2456:gst_base_src_get_range:<filesrc0> calling create offset 604220 length 42797, time 0
05-10 10:02:54.076  4415  4500 D GStreamer+structure: 0:02:33.292527181 0xf37ecec0 gststructure.c:2316:gst_structure_parse_field trying field name 'profile'
05-10 10:02:54.076  4415  4500 D GStreamer+structure: 0:02:33.292564837 0xf37ecec0 gststructure.c:2367:gst_structure_parse_value trying type name 'string'
05-10 10:02:54.076  4415  4502 D GStreamer+GST_MEMORY: 0:02:33.292581712 0xf37ecfb0 gstmemory.c:138:gst_memory_init new memory 0xf3b7b980, maxsize:42800 offset:0 size:42797
05-10 10:02:54.076  4415  4500 D GStreamer+structure: 0:02:33.292601816 0xf37ecec0 gststructure.c:2316:gst_structure_parse_field trying field name 'width'
05-10 10:02:54.076  4415  4500 D GStreamer+structure: 0:02:33.292632545 0xf37ecec0 gststructure.c:2367:gst_structure_parse_value trying type name 'int'
05-10 10:02:54.076  4415  4502 D GStreamer+basesrc: 0:02:33.292671973 0xf37ecfb0 gstbasesrc.c:2310:gst_base_src_do_sync:<filesrc0> we have no clock
05-10 10:02:54.076  4415  4500 D GStreamer+structure: 0:02:33.292690618 0xf37ecec0 gststructure.c:2316:gst_structure_parse_field trying field name 'height'
05-10 10:02:54.076  4415  4502 D GStreamer+basesrc: 0:02:33.292705723 0xf37ecfb0 gstbasesrc.c:2520:gst_base_src_get_range:<filesrc0> buffer ok
05-10 10:02:54.076  4415  4500 D GStreamer+structure: 0:02:33.292723223 0xf37ecec0 gststructure.c:2367:gst_structure_parse_value trying type name 'int'
05-10 10:02:54.076  4415  4500 D GStreamer+structure: 0:02:33.292761764 0xf37ecec0 gststructure.c:2316:gst_structure_parse_field trying field name 'framerate'
05-10 10:02:54.076  4415  4502 D GStreamer+GST_SCHEDULING: 0:02:33.292777598 0xf37ecfb0 gstpad.c:4153:gst_pad_chain_data_unchecked:<queue0:sink> calling chainfunction &gst_queue_chain with buffer buffer: 0xf3b44978, pts 0:00:00.278333333, dts 0:00:00.278333333, dur 0:00:00.020000000, size 42797, offset none, offset_end none, flags 0x0
05-10 10:02:54.076  4415  4500 D GStreamer+structure: 0:02:33.292797285 0xf37ecec0 gststructure.c:2367:gst_structure_parse_value trying type name 'fraction'
05-10 10:02:54.076  4415  4502 D GStreamer+GST_SCHEDULING: 0:02:33.292827025 0xf37ecfb0 gstpad.c:4159:gst_pad_chain_data_unchecked:<queue0:sink> called chainfunction &gst_queue_chain with buffer 0xf3b44978, returned ok
05-10 10:02:54.076  4415  4500 D GStreamer+structure: 0:02:33.292835879 0xf37ecec0 gststructure.c:2316:gst_structure_parse_field trying field name 'parsed'
05-10 10:02:54.076  4415  4502 D GStreamer+qtdemux: 0:02:33.292866035 0xf37ecfb0 qtdemux.c:7675:qtdemux_parse_samples:<q> parsing up to sample 14
05-10 10:02:54.076  4415  4500 D GStreamer+structure: 0:02:33.292883795 0xf37ecec0 gststructure.c:2367:gst_structure_parse_value trying type name 'boolean'
05-10 10:02:54.076  4415  4502 D GStreamer+qtdemux: 0:02:33.292912858 0xf37ecfb0 qtdemux.c:7882:qtdemux_parse_samples:<q> sample 14: index 1, timestamp 0:00:00.298333333
05-10 10:02:54.076  4415  4500 D GStreamer+structure: 0:02:33.292931868 0xf37ecec0 gststructure.c:2316:gst_structure_parse_field trying field name 'stream-format'
05-10 10:02:54.077  4415  4502 D GStreamer+qtdemux: 0:02:33.292949056 0xf37ecfb0 qtdemux.c:7937:qtdemux_parse_samples:<q> samples at 14 is keyframe
05-10 10:02:54.077  4415  4500 D GStreamer+structure: 0:02:33.292967650 0xf37ecec0 gststructure.c:2367:gst_structure_parse_value trying type name 'string'
05-10 10:02:54.077  4415  4500 D GStreamer+structure: 0:02:33.293004941 0xf37ecec0 gststructure.c:2316:gst_structure_parse_field trying field name 'alignment'
05-10 10:02:54.077  4415  4501 D GStreamer+h264parse: 0:02:33.293045202 0xf37ecf50 gsth264parse.c:423:gst_h264_parse_wrap_nal:<h264parse0> nal length 45500
05-10 10:02:54.077  4415  4502 D GStreamer+qtdemux: 0:02:33.293051556 0xf37ecfb0 qtdemux.c:5197:gst_qtdemux_loop_state_movie:<q> pushing from stream 1, empty 0 offset 689871, size 144, dts=0:00:00.600000000, pts=0:00:00.600000000, duration 0:00:00.024000000
05-10 10:02:54.077  4415  4501 D GStreamer+GST_MEMORY: 0:02:33.293099525 0xf37ecf50 gstmemory.c:138:gst_memory_init new memory 0xf3b86108, maxsize:45507 offset:0 size:45504
05-10 10:02:54.077  4415  4502 D GStreamer+basesrc: 0:02:33.293114889 0xf37ecfb0 gstbasesrc.c:2355:gst_base_src_update_length:<filesrc0> reading offset 689871, length 144, size 15003960, segment.stop -1, maxsize 15003960
05-10 10:02:54.077  4415  4502 D GStreamer+basesrc: 0:02:33.293153848 0xf37ecfb0 gstbasesrc.c:2456:gst_base_src_get_range:<filesrc0> calling create offset 689871 length 144, time 0
05-10 10:02:54.077  4415  4501 D GStreamer+codecparsers_h264: 0:02:33.293176920 0xf37ecf50 gsth264parser.c:1407:gst_h264_parser_identify_nalu_avc Can't parse, buffer has too small size 45527, offset 45527
05-10 10:02:54.077  4415  4502 D GStreamer+GST_MEMORY: 0:02:33.293192962 0xf37ecfb0 gstmemory.c:138:gst_memory_init new memory 0xf3b500f0, maxsize:147 offset:0 size:144
05-10 10:02:54.077  4415  4501 D GStreamer+GST_CAPS: 0:02:33.293226400 0xf37ecf50 gstpad.c:2621:gst_pad_has_current_caps:<h264parse0:src> check current pad caps video/x-h264, parsed=(boolean)true, stream-format=(string)avc, alignment=(string)au
05-10 10:02:54.077  4415  4502 D GStreamer+basesrc: 0:02:33.293244108 0xf37ecfb0 gstbasesrc.c:2310:gst_base_src_do_sync:<filesrc0> we have no clock
05-10 10:02:54.077  4415  4502 D GStreamer+basesrc: 0:02:33.293279889 0xf37ecfb0 gstbasesrc.c:2520:gst_base_src_get_range:<filesrc0> buffer ok
05-10 10:02:54.077  4415  4501 D GStreamer+GST_CAPS: 0:02:33.293323170 0xf37ecf50 gstpad.c:2648:gst_pad_get_current_caps:<h264parse0:sink> get current pad caps video/x-h264, stream-format=(string)avc, alignment=(string)au, level=(string)4, profile=(string)baseline, codec_data=(buffer)01428028ffe1000a27428028e54028016b2001000528de01ae20, width=(int)1280, height=(int)1440, framerate=(fraction)151/3, pixel-aspect-ratio=(fraction)1/1
05-10 10:02:54.077  4415  4502 D GStreamer+GST_SCHEDULING: 0:02:33.293366608 0xf37ecfb0 gstpad.c:4153:gst_pad_chain_data_unchecked:<queue2:sink> calling chainfunction &gst_queue_chain with buffer buffer: 0xf3b44a18, pts 0:00:00.600000000, dts 0:00:00.600000000, dur 0:00:00.024000000, size 144, offset none, offset_end none, flags 0x0
05-10 10:02:54.077  4415  4500 D GStreamer+structure: 0:02:33.293378900 0xf37ecec0 gststructure.c:2367:gst_structure_parse_value trying type name 'string'
05-10 10:02:54.077  4415  4502 D GStreamer+GST_SCHEDULING: 0:02:33.293417285 0xf37ecfb0 gstpad.c:4159:gst_pad_chain_data_unchecked:<queue2:sink> called chainfunction &gst_queue_chain with buffer 0xf3b44a18, returned ok
05-10 10:02:54.077  4415  4500 D GStreamer+structure: 0:02:33.293435983 0xf37ecec0 gststructure.c:2316:gst_structure_parse_field trying field name 'profile'
05-10 10:02:54.077  4415  4502 D GStreamer+qtdemux: 0:02:33.293457806 0xf37ecfb0 qtdemux.c:7675:qtdemux_parse_samples:<q> parsing up to sample 26
05-10 10:02:54.077  4415  4500 D GStreamer+structure: 0:02:33.293469368 0xf37ecec0 gststructure.c:2367:gst_structure_parse_value trying type name 'string'
05-10 10:02:54.077  4415  4500 D GStreamer+GST_ELEMENT_FACTORY: 0:02:33.293519316 0xf37ecec0 gstelementfactory.c:848:gst_element_factory_list_filter Trying amcviddec-omxnvidiah265decode
05-10 10:02:54.077  4415  4502 D GStreamer+qtdemux: 0:02:33.293536295 0xf37ecfb0 qtdemux.c:7882:qtdemux_parse_samples:<q> sample 26: index 26, timestamp 0:00:00.624000000
05-10 10:02:54.077  4415  4500 D GStreamer+structure: 0:02:33.293559004 0xf37ecec0 gststructure.c:2316:gst_structure_parse_field trying field name 'width'
05-10 10:02:54.077  4415  4502 D GStreamer+qtdemux: 0:02:33.293573900 0xf37ecfb0 qtdemux.c:7982:qtdemux_parse_samples:<q> setting all keyframes
05-10 10:02:54.077  4415  4500 D GStreamer+structure: 0:02:33.293591868 0xf37ecec0 gststructure.c:2367:gst_structure_parse_value trying type name 'int'
05-10 10:02:54.077  4415  4500 D GStreamer+structure: 0:02:33.293624733 0xf37ecec0 gststructure.c:2316:gst_structure_parse_field trying field name 'height'
05-10 10:02:54.077  4415  4502 D GStreamer+qtdemux: 0:02:33.293635566 0xf37ecfb0 qtdemux.c:5197:gst_qtdemux_loop_state_movie:<q> pushing from stream 0, empty 0 offset 647161, size 42710, dts=0:00:00.298333333, pts=0:00:00.298333333, duration 0:00:00.020000000
05-10 10:02:54.077  4415  4500 D GStreamer+structure: 0:02:33.293654681 0xf37ecec0 gststructure.c:2367:gst_structure_parse_value trying type name 'int'
05-10 10:02:54.077  4415  4502 D GStreamer+basesrc: 0:02:33.293685566 0xf37ecfb0 gstbasesrc.c:2355:gst_base_src_update_length:<filesrc0> reading offset 647161, length 42710, size 15003960, segment.stop -1, maxsize 15003960
05-10 10:02:54.077  4415  4501 D GStreamer+h264parse: 0:02:33.293698535 0xf37ecf50 gsth264parse.c:1692:gst_h264_parse_update_src_caps:<h264parse0> sps: 0xd6592008
05-10 10:02:54.077  4415  4502 D GStreamer+basesrc: 0:02:33.293726243 0xf37ecfb0 gstbasesrc.c:2456:gst_base_src_get_range:<filesrc0> calling create offset 647161 length 42710, time 0
05-10 10:02:54.077  4415  4501 D GStreamer+h264parse: 0:02:33.293746139 0xf37ecf50 gsth264parse.c:1746:gst_h264_parse_update_src_caps:<h264parse0> framerate changed 0/1
05-10 10:02:54.077  4415  4502 D GStreamer+GST_MEMORY: 0:02:33.293787285 0xf37ecfb0 gstmemory.c:138:gst_memory_init new memory 0xf3b91320, maxsize:42713 offset:0 size:42710
05-10 10:02:54.077  4415  4501 D GStreamer+GST_PERFORMANCE: 0:02:33.293824629 0xf37ecf50 gstcaps.c:169:_gst_caps_copy:<0xf39bff40> doing copy 0xf39bff40 -> 0xf3a2e140
05-10 10:02:54.077  4415  4501 I GStreamer+baseparse: 0:02:33.293893431 0xf37ecf50 gstbaseparse.c:3945:gst_base_parse_set_latency:<h264parse0> min/max latency 0:00:00.019867549, 0:00:00.019867549
05-10 10:02:54.078  4415  4501 D GStreamer+GST_CAPS: 0:02:33.293953066 0xf37ecf50 gstpad.c:2648:gst_pad_get_current_caps:<h264parse0:src> get current pad caps video/x-h264, parsed=(boolean)true, stream-format=(string)avc, alignment=(string)au
05-10 10:02:54.078  4415  4501 D GStreamer+GST_CAPS: 0:02:33.294000202 0xf37ecf50 gstutils.c:2884:gst_pad_peer_query_caps:<h264parse0:src> get pad peer caps with filter video/x-h264
05-10 10:02:54.078  4415  4501 D GStreamer+query: 0:02:33.294038535 0xf37ecf50 gstquery.c:674:gst_query_new_custom creating new query 0xf390ad50 caps
05-10 10:02:54.078  4415  4502 D GStreamer+basesrc: 0:02:33.294074056 0xf37ecfb0 gstbasesrc.c:2310:gst_base_src_do_sync:<filesrc0> we have no clock
05-10 10:02:54.078  4415  4500 D GStreamer+structure: 0:02:33.294086973 0xf37ecec0 gststructure.c:2316:gst_structure_parse_field trying field name 'framerate'
05-10 10:02:54.078  4415  4502 D GStreamer+basesrc: 0:02:33.294108379 0xf37ecfb0 gstbasesrc.c:2520:gst_base_src_get_range:<filesrc0> buffer ok
05-10 10:02:54.078  4415  4500 D GStreamer+structure: 0:02:33.294118483 0xf37ecec0 gststructure.c:2367:gst_structure_parse_value trying type name 'fraction'
05-10 10:02:54.078  4415  4500 D GStreamer+structure: 0:02:33.294163379 0xf37ecec0 gststructure.c:2316:gst_structure_parse_field trying field name 'parsed'
05-10 10:02:54.078  4415  4502 D GStreamer+GST_SCHEDULING: 0:02:33.294184264 0xf37ecfb0 gstpad.c:4153:gst_pad_chain_data_unchecked:<queue0:sink> calling chainfunction &gst_queue_chain with buffer buffer: 0xf3b44ab8, pts 0:00:00.298333333, dts 0:00:00.298333333, dur 0:00:00.020000000, size 42710, offset none, offset_end none, flags 0x0
05-10 10:02:54.078  4415  4500 D GStreamer+structure: 0:02:33.294193118 0xf37ecec0 gststructure.c:2367:gst_structure_parse_value trying type name 'boolean'
05-10 10:02:54.078  4415  4500 D GStreamer+structure: 0:02:33.294232650 0xf37ecec0 gststructure.c:2316:gst_structure_parse_field trying field name 'stream-format'
05-10 10:02:54.078  4415  4502 D GStreamer+GST_SCHEDULING: 0:02:33.294250879 0xf37ecfb0 gstpad.c:4159:gst_pad_chain_data_unchecked:<queue0:sink> called chainfunction &gst_queue_chain with buffer 0xf3b44ab8, returned ok
05-10 10:02:54.078  4415  4500 D GStreamer+structure: 0:02:33.294262702 0xf37ecec0 gststructure.c:2367:gst_structure_parse_value trying type name 'string'
05-10 10:02:54.078  4415  4502 D GStreamer+qtdemux: 0:02:33.294294056 0xf37ecfb0 qtdemux.c:7675:qtdemux_parse_samples:<q> parsing up to sample 15
05-10 10:02:54.078  4415  4500 D GStreamer+structure: 0:02:33.294313170 0xf37ecec0 gststructure.c:2316:gst_structure_parse_field trying field name 'alignment'
05-10 10:02:54.078  4415  4502 D GStreamer+qtdemux: 0:02:33.294341139 0xf37ecfb0 qtdemux.c:7882:qtdemux_parse_samples:<q> sample 15: index 0, timestamp 0:00:00.318333333
05-10 10:02:54.078  4415  4500 D GStreamer+structure: 0:02:33.294358900 0xf37ecec0 gststructure.c:2367:gst_structure_parse_value trying type name 'string'
05-10 10:02:54.078  4415  4502 D GStreamer+qtdemux: 0:02:33.294379577 0xf37ecfb0 qtdemux.c:7937:qtdemux_parse_samples:<q> samples at 15 is keyframe
05-10 10:02:54.078  4415  4500 D GStreamer+structure: 0:02:33.294400775 0xf37ecec0 gststructure.c:2316:gst_structure_parse_field trying field name 'profile'
05-10 10:02:54.078  4415  4500 D GStreamer+structure: 0:02:33.294431868 0xf37ecec0 gststructure.c:2367:gst_structure_parse_value trying type name 'string'
05-10 10:02:54.078  4415  4502 D GStreamer+qtdemux: 0:02:33.294444889 0xf37ecfb0 qtdemux.c:5197:gst_qtdemux_loop_state_movie:<q> pushing from stream 1, empty 0 offset 731614, size 144, dts=0:00:00.624000000, pts=0:00:00.624000000, duration 0:00:00.024000000
05-10 10:02:54.078  4415  4500 D GStreamer+structure: 0:02:33.294466660 0xf37ecec0 gststructure.c:2316:gst_structure_parse_field trying field name 'width'
05-10 10:02:54.078  4415  4501 D GStreamer+GST_PADS: 0:02:33.294522598 0xf37ecf50 gstpad.c:4009:gst_pad_peer_query:<h264parse0:src> peer query 0xf390ad50 (caps)
05-10 10:02:54.078  4415  4502 D GStreamer+basesrc: 0:02:33.294531087 0xf37ecfb0 gstbasesrc.c:2355:gst_base_src_update_length:<filesrc0> reading offset 731614, length 144, size 15003960, segment.stop -1, maxsize 15003960
05-10 10:02:54.078  4415  4501 D GStreamer+GST_PADS: 0:02:33.294572389 0xf37ecf50 gstpad.c:3882:gst_pad_query:<capsfilter0:sink> doing query 0xf390ad50 (caps)
05-10 10:02:54.078  4415  4502 D GStreamer+basesrc: 0:02:33.294589681 0xf37ecfb0 gstbasesrc.c:2456:gst_base_src_get_range:<filesrc0> calling create offset 731614 length 144, time 0
05-10 10:02:54.078  4415  4501 D GStreamer+basetransform: 0:02:33.294617285 0xf37ecf50 gstbasetransform.c:704:gst_base_transform_query_caps:<capsfilter0:sink> filter caps  video/x-h264
05-10 10:02:54.078  4415  4502 D GStreamer+GST_MEMORY: 0:02:33.294632077 0xf37ecfb0 gstmemory.c:138:gst_memory_init new memory 0xf3b501d8, maxsize:147 offset:0 size:144
05-10 10:02:54.078  4415  4501 D GStreamer+basetransform: 0:02:33.294658170 0xf37ecf50 gstbasetransform.c:707:gst_base_transform_query_caps:<capsfilter0:sink> our template  ANY
05-10 10:02:54.078  4415  4502 D GStreamer+basesrc: 0:02:33.294672129 0xf37ecfb0 gstbasesrc.c:2310:gst_base_src_do_sync:<filesrc0> we have no clock
05-10 10:02:54.078  4415  4501 D GStreamer+basetransform: 0:02:33.294705358 0xf37ecf50 gstbasetransform.c:709:gst_base_transform_query_caps:<capsfilter0:sink> intersected video/x-h264
05-10 10:02:54.078  4415  4502 D GStreamer+basesrc: 0:02:33.294722233 0xf37ecfb0 gstbasesrc.c:2520:gst_base_src_get_range:<filesrc0> buffer ok
05-10 10:02:54.078  4415  4501 D GStreamer+basetransform: 0:02:33.294745410 0xf37ecf50 gstbasetransform.c:533:gst_base_transform_transform_caps:<capsfilter0> transform caps (direction = 2)
05-10 10:02:54.078  4415  4501 D GStreamer+capsfilter: 0:02:33.294800150 0xf37ecf50 gstcapsfilter.c:295:gst_capsfilter_transform_caps:<capsfilter0> input:     video/x-h264
05-10 10:02:54.078  4415  4502 D GStreamer+GST_SCHEDULING: 0:02:33.294817025 0xf37ecfb0 gstpad.c:4153:gst_pad_chain_data_unchecked:<queue2:sink> calling chainfunction &gst_queue_chain with buffer buffer: 0xf3b44b58, pts 0:00:00.624000000, dts 0:00:00.624000000, dur 0:00:00.024000000, size 144, offset none, offset_end none, flags 0x0
05-10 10:02:54.078  4415  4501 D GStreamer+capsfilter: 0:02:33.294843431 0xf37ecf50 gstcapsfilter.c:296:gst_capsfilter_transform_caps:<capsfilter0> filter:    (NULL)
05-10 10:02:54.078  4415  4502 D GStreamer+GST_SCHEDULING: 0:02:33.294878639 0xf37ecfb0 gstpad.c:4159:gst_pad_chain_data_unchecked:<queue2:sink> called chainfunction &gst_queue_chain with buffer 0xf3b44b58, returned ok
05-10 10:02:54.078  4415  4501 D GStreamer+capsfilter: 0:02:33.294889525 0xf37ecf50 gstcapsfilter.c:298:gst_capsfilter_transform_caps:<capsfilter0> caps filter:    video/x-h264, parsed=(boolean)true, stream-format=(string)byte-stream, alignment=(string)au
05-10 10:02:54.078  4415  4502 D GStreamer+qtdemux: 0:02:33.294916035 0xf37ecfb0 qtdemux.c:7675:qtdemux_parse_samples:<q> parsing up to sample 27
05-10 10:02:54.078  4415  4501 D GStreamer+capsfilter: 0:02:33.294931243 0xf37ecf50 gstcapsfilter.c:299:gst_capsfilter_transform_caps:<capsfilter0> intersect: video/x-h264, parsed=(boolean)true, stream-format=(string)byte-stream, alignment=(string)au
05-10 10:02:54.079  4415  4502 D GStreamer+qtdemux: 0:02:33.294972650 0xf37ecfb0 qtdemux.c:7882:qtdemux_parse_samples:<q> sample 27: index 27, timestamp 0:00:00.648000000
05-10 10:02:54.079  4415  4500 D GStreamer+structure: 0:02:33.295005670 0xf37ecec0 gststructure.c:2367:gst_structure_parse_value trying type name 'int'
05-10 10:02:54.079  4415  4502 D GStreamer+qtdemux: 0:02:33.295022545 0xf37ecfb0 qtdemux.c:7982:qtdemux_parse_samples:<q> setting all keyframes
05-10 10:02:54.079  4415  4500 D GStreamer+structure: 0:02:33.295044264 0xf37ecec0 gststructure.c:2316:gst_structure_parse_field trying field name 'height'
05-10 10:02:54.079  4415  4500 D GStreamer+structure: 0:02:33.295073170 0xf37ecec0 gststructure.c:2367:gst_structure_parse_value trying type name 'int'
05-10 10:02:54.079  4415  4502 D GStreamer+qtdemux: 0:02:33.295086660 0xf37ecfb0 qtdemux.c:5197:gst_qtdemux_loop_state_movie:<q> pushing from stream 0, empty 0 offset 690015, size 41599, dts=0:00:00.318333333, pts=0:00:00.318333333, duration 0:00:00.019666667
05-10 10:02:54.079  4415  4500 D GStreamer+structure: 0:02:33.295108118 0xf37ecec0 gststructure.c:2316:gst_structure_parse_field trying field name 'framerate'
05-10 10:02:54.079  4415  4502 D GStreamer+basesrc: 0:02:33.295136556 0xf37ecfb0 gstbasesrc.c:2355:gst_base_src_update_length:<filesrc0> reading offset 690015, length 41599, size 15003960, segment.stop -1, maxsize 15003960
05-10 10:02:54.079  4415  4501 D GStreamer+basetransform: 0:02:33.295134889 0xf37ecf50 gstbasetransform.c:560:gst_base_transform_transform_caps:<capsfilter0> to: video/x-h264, parsed=(boolean)true, stream-format=(string)byte-stream, alignment=(string)au
05-10 10:02:54.079  4415  4502 D GStreamer+basesrc: 0:02:33.295188900 0xf37ecfb0 gstbasesrc.c:2456:gst_base_src_get_range:<filesrc0> calling create offset 690015 length 41599, time 0
05-10 10:02:54.079  4415  4500 D GStreamer+structure: 0:02:33.295218639 0xf37ecec0 gststructure.c:2367:gst_structure_parse_value trying type name 'fraction'
05-10 10:02:54.079  4415  4502 D GStreamer+GST_MEMORY: 0:02:33.295240723 0xf37ecfb0 gstmemory.c:138:gst_memory_init new memory 0xf3b9ba50, maxsize:41602 offset:0 size:41599
05-10 10:02:54.079  4415  4500 D GStreamer+structure: 0:02:33.295264108 0xf37ecec0 gststructure.c:2316:gst_structure_parse_field trying field name 'parsed'
05-10 10:02:54.079  4415  4500 D GStreamer+structure: 0:02:33.295293900 0xf37ecec0 gststructure.c:2367:gst_structure_parse_value trying type name 'boolean'
05-10 10:02:54.079  4415  4502 D GStreamer+basesrc: 0:02:33.295315566 0xf37ecfb0 gstbasesrc.c:2310:gst_base_src_do_sync:<filesrc0> we have no clock
05-10 10:02:54.079  4415  4500 D GStreamer+structure: 0:02:33.295328118 0xf37ecec0 gststructure.c:2316:gst_structure_parse_field trying field name 'stream-format'
05-10 10:02:54.079  4415  4500 D GStreamer+structure: 0:02:33.295359577 0xf37ecec0 gststructure.c:2367:gst_structure_parse_value trying type name 'string'
05-10 10:02:54.079  4415  4502 D GStreamer+basesrc: 0:02:33.295366452 0xf37ecfb0 gstbasesrc.c:2520:gst_base_src_get_range:<filesrc0> buffer ok
05-10 10:02:54.079  4415  4500 D GStreamer+structure: 0:02:33.295391191 0xf37ecec0 gststructure.c:2316:gst_structure_parse_field trying field name 'alignment'
05-10 10:02:54.079  4415  4500 D GStreamer+structure: 0:02:33.295426504 0xf37ecec0 gststructure.c:2367:gst_structure_parse_value trying type name 'string'
05-10 10:02:54.079  4415  4502 D GStreamer+GST_SCHEDULING: 0:02:33.295447702 0xf37ecfb0 gstpad.c:4153:gst_pad_chain_data_unchecked:<queue0:sink> calling chainfunction &gst_queue_chain with buffer buffer: 0xf3b44bf8, pts 0:00:00.318333333, dts 0:00:00.318333333, dur 0:00:00.019666667, size 41599, offset none, offset_end none, flags 0x0
05-10 10:02:54.079  4415  4500 D GStreamer+structure: 0:02:33.295465827 0xf37ecec0 gststructure.c:2316:gst_structure_parse_field trying field name 'profile'
05-10 10:02:54.079  4415  4500 D GStreamer+structure: 0:02:33.295509160 0xf37ecec0 gststructure.c:2367:gst_structure_parse_value trying type name 'string'
05-10 10:02:54.079  4415  4502 D GStreamer+GST_SCHEDULING: 0:02:33.295526452 0xf37ecfb0 gstpad.c:4159:gst_pad_chain_data_unchecked:<queue0:sink> called chainfunction &gst_queue_chain with buffer 0xf3b44bf8, returned ok
05-10 10:02:54.079  4415  4500 D GStreamer+GST_ELEMENT_FACTORY: 0:02:33.295549889 0xf37ecec0 gstelementfactory.c:848:gst_element_factory_list_filter Trying amcviddec-omxnvidiamp4decode
05-10 10:02:54.079  4415  4502 D GStreamer+qtdemux: 0:02:33.295572754 0xf37ecfb0 qtdemux.c:7675:qtdemux_parse_samples:<q> parsing up to sample 16
05-10 10:02:54.079  4415  4500 D GStreamer+structure: 0:02:33.295589941 0xf37ecec0 gststructure.c:2316:gst_structure_parse_field trying field name 'width'
05-10 10:02:54.079  4415  4502 D GStreamer+qtdemux: 0:02:33.295619473 0xf37ecfb0 qtdemux.c:7882:qtdemux_parse_samples:<q> sample 16: index 0, timestamp 0:00:00.338000000
05-10 10:02:54.079  4415  4500 D GStreamer+structure: 0:02:33.295639993 0xf37ecec0 gststructure.c:2367:gst_structure_parse_value trying type name 'int'
05-10 10:02:54.079  4415  4502 D GStreamer+qtdemux: 0:02:33.295657754 0xf37ecfb0 qtdemux.c:7937:qtdemux_parse_samples:<q> samples at 16 is keyframe
05-10 10:02:54.079  4415  4500 D GStreamer+structure: 0:02:33.295679160 0xf37ecec0 gststructure.c:2316:gst_structure_parse_field trying field name 'height'
05-10 10:02:54.079  4415  4500 D GStreamer+structure: 0:02:33.295708431 0xf37ecec0 gststructure.c:2367:gst_structure_parse_value trying type name 'int'
05-10 10:02:54.079  4415  4502 D GStreamer+qtdemux: 0:02:33.295720306 0xf37ecfb0 qtdemux.c:5197:gst_qtdemux_loop_state_movie:<q> pushing from stream 1, empty 0 offset 774529, size 144, dts=0:00:00.648000000, pts=0:00:00.648000000, duration 0:00:00.024000000
05-10 10:02:54.079  4415  4500 D GStreamer+structure: 0:02:33.295744525 0xf37ecec0 gststructure.c:2316:gst_structure_parse_field trying field name 'framerate'
05-10 10:02:54.079  4415  4500 D GStreamer+structure: 0:02:33.295783535 0xf37ecec0 gststructure.c:2367:gst_structure_parse_value trying type name 'fraction'
05-10 10:02:54.079  4415  4502 D GStreamer+basesrc: 0:02:33.295790462 0xf37ecfb0 gstbasesrc.c:2355:gst_base_src_update_length:<filesrc0> reading offset 774529, length 144, size 15003960, segment.stop -1, maxsize 15003960
05-10 10:02:54.079  4415  4500 D GStreamer+structure: 0:02:33.295828379 0xf37ecec0 gststructure.c:2316:gst_structure_parse_field trying field name 'mpegversion'
05-10 10:02:54.079  4415  4502 D GStreamer+basesrc: 0:02:33.295845931 0xf37ecfb0 gstbasesrc.c:2456:gst_base_src_get_range:<filesrc0> calling create offset 774529 length 144, time 0
05-10 10:02:54.079  4415  4500 D GStreamer+structure: 0:02:33.295863379 0xf37ecec0 gststructure.c:2367:gst_structure_parse_value trying type name 'int'
05-10 10:02:54.079  4415  4502 D GStreamer+GST_MEMORY: 0:02:33.295893275 0xf37ecfb0 gstmemory.c:138:gst_memory_init new memory 0xf3b502c0, maxsize:147 offset:0 size:144
05-10 10:02:54.079  4415  4501 D GStreamer+basetransform: 0:02:33.295895358 0xf37ecf50 gstbasetransform.c:714:gst_base_transform_query_caps:<capsfilter0:sink> transformed  video/x-h264, parsed=(boolean)true, stream-format=(string)byte-stream, alignment=(string)au
05-10 10:02:54.079  4415  4502 D GStreamer+basesrc: 0:02:33.295940358 0xf37ecfb0 gstbasesrc.c:2310:gst_base_src_do_sync:<filesrc0> we have no clock
05-10 10:02:54.080  4415  4501 D GStreamer+basetransform: 0:02:33.295960514 0xf37ecf50 gstbasetransform.c:719:gst_base_transform_query_caps:<capsfilter0:sink> our template  ANY
05-10 10:02:54.080  4415  4502 D GStreamer+basesrc: 0:02:33.295974004 0xf37ecfb0 gstbasesrc.c:2520:gst_base_src_get_range:<filesrc0> buffer ok
05-10 10:02:54.080  4415  4501 D GStreamer+basetransform: 0:02:33.296011764 0xf37ecf50 gstbasetransform.c:724:gst_base_transform_query_caps:<capsfilter0:sink> intersected video/x-h264, parsed=(boolean)true, stream-format=(string)byte-stream, alignment=(string)au
05-10 10:02:54.080  4415  4502 D GStreamer+GST_SCHEDULING: 0:02:33.296055045 0xf37ecfb0 gstpad.c:4153:gst_pad_chain_data_unchecked:<queue2:sink> calling chainfunction &gst_queue_chain with buffer buffer: 0xf3b44c98, pts 0:00:00.648000000, dts 0:00:00.648000000, dur 0:00:00.024000000, size 144, offset none, offset_end none, flags 0x0
05-10 10:02:54.080  4415  4501 D GStreamer+basetransform: 0:02:33.296065410 0xf37ecf50 gstbasetransform.c:730:gst_base_transform_query_caps:<capsfilter0:sink> peer filter caps video/x-h264, parsed=(boolean)true, stream-format=(string)byte-stream, alignment=(string)au
05-10 10:02:54.080  4415  4500 D GStreamer+structure: 0:02:33.296122962 0xf37ecec0 gststructure.c:2316:gst_structure_parse_field trying field name 'systemstream'
05-10 10:02:54.080  4415  4502 D GStreamer+GST_SCHEDULING: 0:02:33.296129733 0xf37ecfb0 gstpad.c:4159:gst_pad_chain_data_unchecked:<queue2:sink> called chainfunction &gst_queue_chain with buffer 0xf3b44c98, returned ok
05-10 10:02:54.080  4415  4500 D GStreamer+structure: 0:02:33.296153691 0xf37ecec0 gststructure.c:2367:gst_structure_parse_value trying type name 'boolean'
05-10 10:02:54.080  4415  4502 D GStreamer+qtdemux: 0:02:33.296169577 0xf37ecfb0 qtdemux.c:7675:qtdemux_parse_samples:<q> parsing up to sample 28
05-10 10:02:54.080  4415  4500 D GStreamer+structure: 0:02:33.296187650 0xf37ecec0 gststructure.c:2316:gst_structure_parse_field trying field name 'parsed'
05-10 10:02:54.080  4415  4502 D GStreamer+qtdemux: 0:02:33.296218691 0xf37ecfb0 qtdemux.c:7882:qtdemux_parse_samples:<q> sample 28: index 28, timestamp 0:00:00.672000000
05-10 10:02:54.080  4415  4500 D GStreamer+structure: 0:02:33.296237389 0xf37ecec0 gststructure.c:2367:gst_structure_parse_value trying type name 'boolean'
05-10 10:02:54.080  4415  4502 D GStreamer+qtdemux: 0:02:33.296255462 0xf37ecfb0 qtdemux.c:7982:qtdemux_parse_samples:<q> setting all keyframes
05-10 10:02:54.080  4415  4500 D GStreamer+structure: 0:02:33.296275462 0xf37ecec0 gststructure.c:2316:gst_structure_parse_field trying field name 'profile'
05-10 10:02:54.080  4415  4502 D GStreamer+qtdemux: 0:02:33.296318170 0xf37ecfb0 qtdemux.c:5197:gst_qtdemux_loop_state_movie:<q> pushing from stream 0, empty 0 offset 731758, size 42771, dts=0:00:00.338000000, pts=0:00:00.338000000, duration 0:00:00.020000000
05-10 10:02:54.080  4415  4500 D GStreamer+structure: 0:02:33.296326191 0xf37ecec0 gststructure.c:2367:gst_structure_parse_value trying type name 'string'
05-10 10:02:54.080  4415  4500 D GStreamer+structure: 0:02:33.296368535 0xf37ecec0 gststructure.c:2316:gst_structure_parse_field trying field name 'width'
05-10 10:02:54.080  4415  4502 D GStreamer+basesrc: 0:02:33.296386035 0xf37ecfb0 gstbasesrc.c:2355:gst_base_src_update_length:<filesrc0> reading offset 731758, length 42771, size 15003960, segment.stop -1, maxsize 15003960
05-10 10:02:54.080  4415  4500 D GStreamer+structure: 0:02:33.296402233 0xf37ecec0 gststructure.c:2367:gst_structure_parse_value trying type name 'int'
05-10 10:02:54.080  4415  4501 D GStreamer+GST_CAPS: 0:02:33.296444525 0xf37ecf50 gstutils.c:2884:gst_pad_peer_query_caps:<capsfilter0:src> get pad peer caps with filter video/x-h264, parsed=(boolean)true, stream-format=(string)byte-stream, alignment=(string)au
05-10 10:02:54.080  4415  4502 D GStreamer+basesrc: 0:02:33.296450775 0xf37ecfb0 gstbasesrc.c:2456:gst_base_src_get_range:<filesrc0> calling create offset 731758 length 42771, time 0
05-10 10:02:54.080  4415  4500 D GStreamer+structure: 0:02:33.296495723 0xf37ecec0 gststructure.c:2316:gst_structure_parse_field trying field name 'height'
05-10 10:02:54.080  4415  4502 D GStreamer+GST_MEMORY: 0:02:33.296513535 0xf37ecfb0 gstmemory.c:138:gst_memory_init new memory 0xf3ba5d28, maxsize:42774 offset:0 size:42771
05-10 10:02:54.080  4415  4500 D GStreamer+structure: 0:02:33.296531764 0xf37ecec0 gststructure.c:2367:gst_structure_parse_value trying type name 'int'
05-10 10:02:54.080  4415  4500 D GStreamer+structure: 0:02:33.296566295 0xf37ecec0 gststructure.c:2316:gst_structure_parse_field trying field name 'framerate'
05-10 10:02:54.080  4415  4501 D GStreamer+query: 0:02:33.296610723 0xf37ecf50 gstquery.c:674:gst_query_new_custom creating new query 0xf390ad80 caps
05-10 10:02:54.080  4415  4502 D GStreamer+basesrc: 0:02:33.296608639 0xf37ecfb0 gstbasesrc.c:2310:gst_base_src_do_sync:<filesrc0> we have no clock
05-10 10:02:54.080  4415  4500 D GStreamer+structure: 0:02:33.296667129 0xf37ecec0 gststructure.c:2367:gst_structure_parse_value trying type name 'fraction'
05-10 10:02:54.080  4415  4502 D GStreamer+basesrc: 0:02:33.296673743 0xf37ecfb0 gstbasesrc.c:2520:gst_base_src_get_range:<filesrc0> buffer ok
05-10 10:02:54.080  4415  4500 D GStreamer+structure: 0:02:33.296710618 0xf37ecec0 gststructure.c:2316:gst_structure_parse_field trying field name 'mpegversion'
05-10 10:02:54.080  4415  4500 D GStreamer+structure: 0:02:33.296746295 0xf37ecec0 gststructure.c:2367:gst_structure_parse_value trying type name 'int'
