05-10 10:02:54.035  4415  4502 D GStreamer+GST_PADS: 0:02:33.251727702 0xf37ecfb0 gstpad.c:3339:gst_pad_query_default:<q:video_0> forwarding 0xf3ac5b20 (uri) query
05-10 10:02:54.035  4415  4502 D GStreamer+GST_PADS: 0:02:33.251761139 0xf37ecfb0 gstpad.c:2803:gst_pad_iterate_internal_links_default:<q:video_0> Making iterator
05-10 10:02:54.035  4415  4502 D GStreamer+GST_PADS: 0:02:33.251800462 0xf37ecfb0 gstpad.c:4009:gst_pad_peer_query:<q:sink> peer query 0xf3ac5b20 (uri)
05-10 10:02:54.035  4415  4502 D GStreamer+GST_PADS: 0:02:33.251836452 0xf37ecfb0 gstpad.c:3882:gst_pad_query:<filesrc0:src> doing query 0xf3ac5b20 (uri)
05-10 10:02:54.035  4415  4502 D GStreamer+basesrc: 0:02:33.251878483 0xf37ecfb0 gstbasesrc.c:1296:gst_base_src_default_query:<filesrc0> query uri returns 1
05-10 10:02:54.035  4415  4502 D GStreamer+GST_PADS: 0:02:33.251913848 0xf37ecfb0 gstpad.c:3905:gst_pad_query:<filesrc0:src> sent query 0xf3ac5b20 (uri), result 1
05-10 10:02:54.036  4415  4502 D GStreamer+GST_PADS: 0:02:33.251952650 0xf37ecfb0 gstpad.c:3905:gst_pad_query:<q:video_0> sent query 0xf3ac5b20 (uri), result 1
05-10 10:02:54.036  4415  4502 D GStreamer+GST_EVENT: 0:02:33.252003223 0xf37ecfb0 gstevent.c:302:gst_event_new_custom creating new event 0xf39c9d98 stream-start 10254
05-10 10:02:54.036  4415  4502 D GStreamer+GST_PADS: 0:02:33.252037806 0xf37ecfb0 gstpad.c:3813:check_sticky:<'':audio_0> pushing all sticky events
05-10 10:02:54.036  4415  4502 D GStreamer+GST_PADS: 0:02:33.252074993 0xf37ecfb0 gstpad.c:5266:gst_pad_push_event_unchecked:<'':audio_0> Dropping event stream-start because pad is not linked
05-10 10:02:54.036  4415  4502 D GStreamer+GST_PADS: 0:02:33.252108327 0xf37ecfb0 gstpad.c:3784:push_sticky:<'':audio_0> pad was not linked, mark pending
05-10 10:02:54.036  4415  4502 I GStreamer+GST_EVENT: 0:02:33.252155254 0xf37ecfb0 gstevent.c:679:gst_event_new_caps creating caps event audio/mpeg, mpegversion=(int)1, parsed=(boolean)true, rate=(int)24000, channels=(int)1
05-10 10:02:54.036  4415  4502 D GStreamer+GST_EVENT: 0:02:33.252188066 0xf37ecfb0 gstevent.c:302:gst_event_new_custom creating new event 0xf39c9de0 caps 12814
05-10 10:02:54.036  4415  4502 D GStreamer+GST_PADS: 0:02:33.252218379 0xf37ecfb0 gstpad.c:5053:store_sticky_event:<'':audio_0> notify caps
05-10 10:02:54.036  4415  4502 D GStreamer+GST_PADS: 0:02:33.252254785 0xf37ecfb0 gstpad.c:3813:check_sticky:<'':audio_0> pushing all sticky events
05-10 10:02:54.036  4415  4502 D GStreamer+GST_PADS: 0:02:33.252289004 0xf37ecfb0 gstpad.c:3745:push_sticky:<'':audio_0> event stream-start was already received
05-10 10:02:54.036  4415  4502 D GStreamer+GST_PADS: 0:02:33.252323587 0xf37ecfb0 gstpad.c:5266:gst_pad_push_event_unchecked:<'':audio_0> Dropping event caps because pad is not linked
05-10 10:02:54.036  4415  4502 D GStreamer+GST_PADS: 0:02:33.252356660 0xf37ecfb0 gstpad.c:3784:push_sticky:<'':audio_0> pad was not linked, mark pending
05-10 10:02:54.036  4415  4502 D GStreamer+qtdemux: 0:02:33.252392910 0xf37ecfb0 qtdemux.c:7243:gst_qtdemux_add_stream:<q> adding pad audio_0 0xf3a3a6b8 to qtdemux 0xf39b6098
05-10 10:02:54.036  4415  4502 I GStreamer+GST_ELEMENT_PADS: 0:02:33.252425775 0xf37ecfb0 gstelement.c:659:gst_element_add_pad:<q> adding pad 'audio_0'
05-10 10:02:54.036  4415  4502 D GStreamer+GST_REFCOUNTING: 0:02:33.252459368 0xf37ecfb0 gstobject.c:692:gst_object_set_parent:<'':audio_0> set parent (ref and sink)
05-10 10:02:54.036  4415  4502 I GStreamer+GST_PIPELINE: 0:02:33.252511973 0xf37ecfb0 ./grammar.y:518:gst_parse_found_pad trying delayed linking pad  audio_0 of GstQTDemux named q to some pad of GstQueue named queue2
05-10 10:02:54.036  4415  4502 I GStreamer+GST_ELEMENT_PADS: 0:02:33.252545827 0xf37ecfb0 gstutils.c:1571:gst_element_link_pads_full trying to link element q:audio_0 to element queue2:(any)
05-10 10:02:54.036  4415  4502 I GStreamer+GST_ELEMENT_PADS: 0:02:33.252576243 0xf37ecfb0 gstelement.c:907:gst_element_get_static_pad found pad q:audio_0
05-10 10:02:54.036  4415  4502 D GStreamer+GST_ELEMENT_PADS: 0:02:33.252604837 0xf37ecfb0 gstutils.c:1678:gst_element_link_pads_full looping through allowed src and dest pads
05-10 10:02:54.036  4415  4502 D GStreamer+GST_ELEMENT_PADS: 0:02:33.252633483 0xf37ecfb0 gstutils.c:1681:gst_element_link_pads_full trying src pad q:audio_0
05-10 10:02:54.036  4415  4502 D GStreamer+GST_ELEMENT_PADS: 0:02:33.252664056 0xf37ecfb0 gstutils.c:1002:gst_element_get_compatible_pad finding pad in queue2 compatible with q:audio_0
05-10 10:02:54.036  4415  4502 I GStreamer+GST_PADS: 0:02:33.252699733 0xf37ecfb0 gstutils.c:932:gst_pad_check_link trying to link q:audio_0 and queue2:sink
05-10 10:02:54.036  4415  4502 D GStreamer+GST_CAPS: 0:02:33.252733795 0xf37ecfb0 gstutils.c:2838:gst_pad_query_caps:<q:audio_0> get pad caps with filter (NULL)
05-10 10:02:54.036  4415  4502 D GStreamer+query: 0:02:33.252767077 0xf37ecfb0 gstquery.c:674:gst_query_new_custom creating new query 0xf3ac5b50 caps
05-10 10:02:54.036  4415  4502 D GStreamer+GST_PADS: 0:02:33.252799473 0xf37ecfb0 gstpad.c:3882:gst_pad_query:<q:audio_0> doing query 0xf3ac5b50 (caps)
05-10 10:02:54.036  4415  4502 D GStreamer+GST_CAPS: 0:02:33.252846295 0xf37ecfb0 gstpad.c:3088:gst_pad_query_caps_default:<q:audio_0> query caps caps query: 0xf3ac5b50, GstQueryCaps, filter=(GstCaps)"NULL", caps=(GstCaps)"NULL";
05-10 10:02:54.036  4415  4502 D GStreamer+GST_CAPS: 0:02:33.252879525 0xf37ecfb0 gstpad.c:3105:gst_pad_query_caps_default:<q:audio_0> fixed pad caps: trying pad caps
05-10 10:02:54.036  4415  4502 D GStreamer+GST_CAPS: 0:02:33.252928795 0xf37ecfb0 gstpad.c:3141:gst_pad_query_caps_default:<q:audio_0> using caps 0xf39bff90 audio/mpeg, mpegversion=(int)1, parsed=(boolean)true, rate=(int)24000, channels=(int)1
05-10 10:02:54.037  4415  4502 D GStreamer+GST_PADS: 0:02:33.252967129 0xf37ecfb0 gstpad.c:3339:gst_pad_query_default:<q:audio_0> not forwarding 0xf3ac5b50 (caps) query
05-10 10:02:54.037  4415  4502 D GStreamer+GST_PADS: 0:02:33.253003587 0xf37ecfb0 gstpad.c:3905:gst_pad_query:<q:audio_0> sent query 0xf3ac5b50 (caps), result 1
05-10 10:02:54.037  4415  4502 D GStreamer+GST_CAPS: 0:02:33.253052650 0xf37ecfb0 gstutils.c:2845:gst_pad_query_caps:<q:audio_0> query returned audio/mpeg, mpegversion=(int)1, parsed=(boolean)true, rate=(int)24000, channels=(int)1
05-10 10:02:54.037  4415  4502 D GStreamer+GST_CAPS: 0:02:33.253092337 0xf37ecfb0 gstutils.c:2838:gst_pad_query_caps:<queue2:sink> get pad caps with filter (NULL)
05-10 10:02:54.037  4415  4502 D GStreamer+query: 0:02:33.253132962 0xf37ecfb0 gstquery.c:674:gst_query_new_custom creating new query 0xf3ac5b80 caps
05-10 10:02:54.037  4415  4502 D GStreamer+GST_PADS: 0:02:33.253168327 0xf37ecfb0 gstpad.c:3882:gst_pad_query:<queue2:sink> doing query 0xf3ac5b80 (caps)
05-10 10:02:54.037  4415  4502 D GStreamer+GST_CAPS: 0:02:33.253216139 0xf37ecfb0 gstpad.c:3088:gst_pad_query_caps_default:<queue2:sink> query caps caps query: 0xf3ac5b80, GstQueryCaps, filter=(GstCaps)"NULL", caps=(GstCaps)"NULL";
05-10 10:02:54.037  4415  4502 D GStreamer+GST_PADS: 0:02:33.253252233 0xf37ecfb0 gstutils.c:2599:gst_pad_proxy_query_caps:<queue2:sink> proxying caps query for queue2:sink
05-10 10:02:54.037  4415  4502 D GStreamer+GST_PADS: 0:02:33.253286764 0xf37ecfb0 gstpad.c:2803:gst_pad_iterate_internal_links_default:<queue2:sink> Making iterator
05-10 10:02:54.037  4415  4502 D GStreamer+GST_PADS: 0:02:33.253325775 0xf37ecfb0 gstpad.c:4009:gst_pad_peer_query:<queue2:src> peer query 0xf3ac5b80 (caps)
05-10 10:02:54.037  4415  4502 D GStreamer+GST_PADS: 0:02:33.253361973 0xf37ecfb0 gstpad.c:3882:gst_pad_query:<decodebin1:sink> doing query 0xf3ac5b80 (caps)
05-10 10:02:54.037  4415  4502 D GStreamer+GST_CAPS: 0:02:33.253406243 0xf37ecfb0 gstpad.c:3088:gst_pad_query_caps_default:<decodebin1:sink> query caps caps query: 0xf3ac5b80, GstQueryCaps, filter=(GstCaps)"NULL", caps=(GstCaps)"NULL";
05-10 10:02:54.037  4415  4502 D GStreamer+GST_PADS: 0:02:33.253441608 0xf37ecfb0 gstutils.c:2599:gst_pad_proxy_query_caps:<decodebin1:sink> proxying caps query for decodebin1:sink
05-10 10:02:54.037  4415  4502 D GStreamer+GST_PADS: 0:02:33.253495306 0xf37ecfb0 gstpad.c:4009:gst_pad_peer_query:<sink:proxypad2> peer query 0xf3ac5b80 (caps)
05-10 10:02:54.037  4415  4502 D GStreamer+GST_PADS: 0:02:33.253536139 0xf37ecfb0 gstpad.c:3882:gst_pad_query:<typefind:sink> doing query 0xf3ac5b80 (caps)
05-10 10:02:54.037  4415  4502 D GStreamer+GST_CAPS: 0:02:33.253582598 0xf37ecfb0 gstpad.c:3088:gst_pad_query_caps_default:<typefind:sink> query caps caps query: 0xf3ac5b80, GstQueryCaps, filter=(GstCaps)"NULL", caps=(GstCaps)"NULL";
05-10 10:02:54.037  4415  4502 D GStreamer+GST_CAPS: 0:02:33.253616243 0xf37ecfb0 gstpad.c:3111:gst_pad_query_caps_default:<typefind:sink> trying pad template caps
05-10 10:02:54.037  4415  4502 D GStreamer+GST_CAPS: 0:02:33.253652702 0xf37ecfb0 gstpad.c:3141:gst_pad_query_caps_default:<typefind:sink> using caps 0xf3601918 ANY
05-10 10:02:54.037  4415  4502 D GStreamer+GST_PADS: 0:02:33.253690983 0xf37ecfb0 gstpad.c:3339:gst_pad_query_default:<typefind:sink> not forwarding 0xf3ac5b80 (caps) query
05-10 10:02:54.037  4415  4502 D GStreamer+GST_PADS: 0:02:33.253727598 0xf37ecfb0 gstpad.c:3905:gst_pad_query:<typefind:sink> sent query 0xf3ac5b80 (caps), result 1
05-10 10:02:54.037  4415  4502 D GStreamer+default: 0:02:33.253763795 0xf37ecfb0 gstutils.c:2561:query_caps_func:<sink:proxypad2> intersect with result ANY
05-10 10:02:54.037  4415  4502 D GStreamer+default: 0:02:33.253798848 0xf37ecfb0 gstutils.c:2563:query_caps_func:<sink:proxypad2> intersected ANY
05-10 10:02:54.037  4415  4502 D GStreamer+GST_PADS: 0:02:33.253840202 0xf37ecfb0 gstpad.c:3339:gst_pad_query_default:<decodebin1:sink> not forwarding 0xf3ac5b80 (caps) query
05-10 10:02:54.037  4415  4502 D GStreamer+GST_PADS: 0:02:33.253876920 0xf37ecfb0 gstpad.c:3905:gst_pad_query:<decodebin1:sink> sent query 0xf3ac5b80 (caps), result 1
05-10 10:02:54.037  4415  4502 D GStreamer+default: 0:02:33.253912025 0xf37ecfb0 gstutils.c:2561:query_caps_func:<queue2:src> intersect with result ANY
05-10 10:02:54.038  4415  4502 D GStreamer+default: 0:02:33.253946295 0xf37ecfb0 gstutils.c:2563:query_caps_func:<queue2:src> intersected ANY
05-10 10:02:54.038  4415  4502 D GStreamer+GST_PADS: 0:02:33.253987181 0xf37ecfb0 gstpad.c:3339:gst_pad_query_default:<queue2:sink> not forwarding 0xf3ac5b80 (caps) query
05-10 10:02:54.038  4415  4502 D GStreamer+GST_PADS: 0:02:33.254023795 0xf37ecfb0 gstpad.c:3905:gst_pad_query:<queue2:sink> sent query 0xf3ac5b80 (caps), result 1
05-10 10:02:54.038  4415  4502 D GStreamer+GST_CAPS: 0:02:33.254058483 0xf37ecfb0 gstutils.c:2845:gst_pad_query_caps:<queue2:sink> query returned ANY
05-10 10:02:54.038  4415  4502 D GStreamer+GST_ELEMENT_PADS: 0:02:33.254093379 0xf37ecfb0 gstutils.c:1061:gst_element_get_compatible_pad found existing unlinked compatible pad queue2:sink
05-10 10:02:54.038  4415  4502 I GStreamer+GST_PADS: 0:02:33.254125827 0xf37ecfb0 gstutils.c:1444:prepare_link_maybe_ghosting q and queue2 in same bin, no need for ghost pads
05-10 10:02:54.038  4415  4502 D GStreamer+GST_BUS: 0:02:33.254204993 0xf37ecfb0 gstbus.c:309:gst_bus_post:<bus4> [msg 0xf3ab8168] posting on bus structure-change message: 0xf3ab8168, time 99:99:99.999999999, seq-num 110, element 'sink', GstMessageStructureChange, type=(GstStructureChangeType)GST_STRUCTURE_CHANGE_TYPE_PAD_LINK, owner=(GstElement)"\(GstQTDemux\)\ q", busy=(boolean)true;
05-10 10:02:54.038  4415  4502 D GStreamer+bin: 0:02:33.254243170 0xf37ecfb0 gstbin.c:3528:gst_bin_handle_message_func:<pipeline0> [msg 0xf3ab8168] handling child sink message of type structure-change
05-10 10:02:54.038  4415  4502 D GStreamer+bin: 0:02:33.254278535 0xf37ecfb0 gstbin.c:882:find_message:<pipeline0> no message found matching types 00001000
05-10 10:02:54.038  4415  4502 D GStreamer+bin: 0:02:33.254309837 0xf37ecfb0 gstbin.c:889:find_message:<pipeline0>   structure-change
05-10 10:02:54.038  4415  4502 D GStreamer+bin: 0:02:33.254343639 0xf37ecfb0 gstbin.c:929:bin_replace_message:<pipeline0> got new message 0xf3ab8168, structure-change from sink
05-10 10:02:54.038  4415  4502 D GStreamer+GST_BUS: 0:02:33.254375827 0xf37ecfb0 gstbus.c:344:gst_bus_post:<bus4> [msg 0xf3ab8168] dropped
05-10 10:02:54.038  4415  4502 I GStreamer+GST_PADS: 0:02:33.254409837 0xf37ecfb0 gstpad.c:2292:gst_pad_link_prepare trying to link q:audio_0 and queue2:sink
05-10 10:02:54.038  4415  4502 D GStreamer+GST_CAPS: 0:02:33.254442493 0xf37ecfb0 gstutils.c:2838:gst_pad_query_caps:<q:audio_0> get pad caps with filter (NULL)
05-10 10:02:54.038  4415  4502 D GStreamer+query: 0:02:33.254484212 0xf37ecfb0 gstquery.c:674:gst_query_new_custom creating new query 0xf3ac5bb0 caps
05-10 10:02:54.038  4415  4502 D GStreamer+GST_PADS: 0:02:33.254518327 0xf37ecfb0 gstpad.c:3882:gst_pad_query:<q:audio_0> doing query 0xf3ac5bb0 (caps)
05-10 10:02:54.038  4415  4502 D GStreamer+GST_CAPS: 0:02:33.254564889 0xf37ecfb0 gstpad.c:3088:gst_pad_query_caps_default:<q:audio_0> query caps caps query: 0xf3ac5bb0, GstQueryCaps, filter=(GstCaps)"NULL", caps=(GstCaps)"NULL";
05-10 10:02:54.038  4415  4502 D GStreamer+GST_CAPS: 0:02:33.254597754 0xf37ecfb0 gstpad.c:3105:gst_pad_query_caps_default:<q:audio_0> fixed pad caps: trying pad caps
05-10 10:02:54.038  4415  4502 D GStreamer+GST_CAPS: 0:02:33.254647754 0xf37ecfb0 gstpad.c:3141:gst_pad_query_caps_default:<q:audio_0> using caps 0xf39bff90 audio/mpeg, mpegversion=(int)1, parsed=(boolean)true, rate=(int)24000, channels=(int)1
05-10 10:02:54.038  4415  4502 D GStreamer+GST_PADS: 0:02:33.254686191 0xf37ecfb0 gstpad.c:3339:gst_pad_query_default:<q:audio_0> not forwarding 0xf3ac5bb0 (caps) query
05-10 10:02:54.038  4415  4502 D GStreamer+GST_PADS: 0:02:33.254722233 0xf37ecfb0 gstpad.c:3905:gst_pad_query:<q:audio_0> sent query 0xf3ac5bb0 (caps), result 1
05-10 10:02:54.038  4415  4502 D GStreamer+GST_CAPS: 0:02:33.254769160 0xf37ecfb0 gstutils.c:2845:gst_pad_query_caps:<q:audio_0> query returned audio/mpeg, mpegversion=(int)1, parsed=(boolean)true, rate=(int)24000, channels=(int)1
05-10 10:02:54.038  4415  4502 D GStreamer+GST_CAPS: 0:02:33.254805566 0xf37ecfb0 gstutils.c:2838:gst_pad_query_caps:<queue2:sink> get pad caps with filter (NULL)
05-10 10:02:54.038  4415  4502 D GStreamer+query: 0:02:33.254839681 0xf37ecfb0 gstquery.c:674:gst_query_new_custom creating new query 0xf3ac5c00 caps
05-10 10:02:54.038  4415  4502 D GStreamer+GST_PADS: 0:02:33.254874056 0xf37ecfb0 gstpad.c:3882:gst_pad_query:<queue2:sink> doing query 0xf3ac5c00 (caps)
05-10 10:02:54.038  4415  4502 D GStreamer+GST_CAPS: 0:02:33.254918639 0xf37ecfb0 gstpad.c:3088:gst_pad_query_caps_default:<queue2:sink> query caps caps query: 0xf3ac5c00, GstQueryCaps, filter=(GstCaps)"NULL", caps=(GstCaps)"NULL";
05-10 10:02:54.039  4415  4502 D GStreamer+GST_PADS: 0:02:33.254953795 0xf37ecfb0 gstutils.c:2599:gst_pad_proxy_query_caps:<queue2:sink> proxying caps query for queue2:sink
05-10 10:02:54.039  4415  4502 D GStreamer+GST_PADS: 0:02:33.254987910 0xf37ecfb0 gstpad.c:2803:gst_pad_iterate_internal_links_default:<queue2:sink> Making iterator
05-10 10:02:54.039  4415  4502 D GStreamer+GST_PADS: 0:02:33.255026348 0xf37ecfb0 gstpad.c:4009:gst_pad_peer_query:<queue2:src> peer query 0xf3ac5c00 (caps)
05-10 10:02:54.039  4415  4502 D GStreamer+GST_PADS: 0:02:33.255061973 0xf37ecfb0 gstpad.c:3882:gst_pad_query:<decodebin1:sink> doing query 0xf3ac5c00 (caps)
05-10 10:02:54.039  4415  4502 D GStreamer+GST_CAPS: 0:02:33.255106452 0xf37ecfb0 gstpad.c:3088:gst_pad_query_caps_default:<decodebin1:sink> query caps caps query: 0xf3ac5c00, GstQueryCaps, filter=(GstCaps)"NULL", caps=(GstCaps)"NULL";
05-10 10:02:54.039  4415  4502 D GStreamer+GST_PADS: 0:02:33.255142077 0xf37ecfb0 gstutils.c:2599:gst_pad_proxy_query_caps:<decodebin1:sink> proxying caps query for decodebin1:sink
05-10 10:02:54.039  4415  4502 D GStreamer+GST_PADS: 0:02:33.255182181 0xf37ecfb0 gstpad.c:4009:gst_pad_peer_query:<sink:proxypad2> peer query 0xf3ac5c00 (caps)
05-10 10:02:54.039  4415  4502 D GStreamer+GST_PADS: 0:02:33.255218431 0xf37ecfb0 gstpad.c:3882:gst_pad_query:<typefind:sink> doing query 0xf3ac5c00 (caps)
05-10 10:02:54.039  4415  4502 D GStreamer+GST_CAPS: 0:02:33.255262337 0xf37ecfb0 gstpad.c:3088:gst_pad_query_caps_default:<typefind:sink> query caps caps query: 0xf3ac5c00, GstQueryCaps, filter=(GstCaps)"NULL", caps=(GstCaps)"NULL";
05-10 10:02:54.039  4415  4502 D GStreamer+GST_CAPS: 0:02:33.255295566 0xf37ecfb0 gstpad.c:3111:gst_pad_query_caps_default:<typefind:sink> trying pad template caps
05-10 10:02:54.039  4415  4502 D GStreamer+GST_CAPS: 0:02:33.255330879 0xf37ecfb0 gstpad.c:3141:gst_pad_query_caps_default:<typefind:sink> using caps 0xf3601918 ANY
05-10 10:02:54.039  4415  4502 D GStreamer+GST_PADS: 0:02:33.255368795 0xf37ecfb0 gstpad.c:3339:gst_pad_query_default:<typefind:sink> not forwarding 0xf3ac5c00 (caps) query
05-10 10:02:54.039  4415  4502 D GStreamer+GST_PADS: 0:02:33.255405723 0xf37ecfb0 gstpad.c:3905:gst_pad_query:<typefind:sink> sent query 0xf3ac5c00 (caps), result 1
05-10 10:02:54.039  4415  4502 D GStreamer+default: 0:02:33.255440775 0xf37ecfb0 gstutils.c:2561:query_caps_func:<sink:proxypad2> intersect with result ANY
05-10 10:02:54.039  4415  4502 D GStreamer+default: 0:02:33.255475410 0xf37ecfb0 gstutils.c:2563:query_caps_func:<sink:proxypad2> intersected ANY
05-10 10:02:54.039  4415  4502 D GStreamer+GST_PADS: 0:02:33.255526348 0xf37ecfb0 gstpad.c:3339:gst_pad_query_default:<decodebin1:sink> not forwarding 0xf3ac5c00 (caps) query
05-10 10:02:54.039  4415  4502 D GStreamer+GST_PADS: 0:02:33.255563431 0xf37ecfb0 gstpad.c:3905:gst_pad_query:<decodebin1:sink> sent query 0xf3ac5c00 (caps), result 1
05-10 10:02:54.039  4415  4502 D GStreamer+default: 0:02:33.255598483 0xf37ecfb0 gstutils.c:2561:query_caps_func:<queue2:src> intersect with result ANY
05-10 10:02:54.039  4415  4502 D GStreamer+default: 0:02:33.255632337 0xf37ecfb0 gstutils.c:2563:query_caps_func:<queue2:src> intersected ANY
05-10 10:02:54.039  4415  4502 D GStreamer+GST_PADS: 0:02:33.255671764 0xf37ecfb0 gstpad.c:3339:gst_pad_query_default:<queue2:sink> not forwarding 0xf3ac5c00 (caps) query
05-10 10:02:54.039  4415  4502 D GStreamer+GST_PADS: 0:02:33.255708066 0xf37ecfb0 gstpad.c:3905:gst_pad_query:<queue2:sink> sent query 0xf3ac5c00 (caps), result 1
05-10 10:02:54.039  4415  4502 D GStreamer+GST_CAPS: 0:02:33.255743014 0xf37ecfb0 gstutils.c:2845:gst_pad_query_caps:<queue2:sink> query returned ANY
05-10 10:02:54.039  4415  4502 D GStreamer+GST_CAPS: 0:02:33.255791764 0xf37ecfb0 gstpad.c:2192:gst_pad_link_check_compatible_unlocked:<q:audio_0> src caps audio/mpeg, mpegversion=(int)1, parsed=(boolean)true, rate=(int)24000, channels=(int)1
05-10 10:02:54.039  4415  4502 D GStreamer+GST_CAPS: 0:02:33.255825983 0xf37ecfb0 gstpad.c:2194:gst_pad_link_check_compatible_unlocked:<queue2:sink> sink caps ANY
05-10 10:02:54.039  4415  4502 D GStreamer+GST_CAPS: 0:02:33.255856348 0xf37ecfb0 gstpad.c:2212:gst_pad_link_check_compatible_unlocked caps are compatible
05-10 10:02:54.039  4415  4502 I GStreamer+GST_PADS: 0:02:33.255890775 0xf37ecfb0 gstpad.c:2498:gst_pad_link_full linked q:audio_0 and queue2:sink, successful
05-10 10:02:54.039  4415  4502 I GStreamer+GST_EVENT: 0:02:33.255918379 0xf37ecfb0 gstevent.c:1382:gst_event_new_reconfigure creating reconfigure event
05-10 10:02:54.040  4415  4502 D GStreamer+GST_EVENT: 0:02:33.255949837 0xf37ecfb0 gstevent.c:302:gst_event_new_custom creating new event 0xf39c9e28 reconfigure 61441
05-10 10:02:54.040  4415  4502 D GStreamer+GST_EVENT: 0:02:33.255995931 0xf37ecfb0 gstpad.c:5496:gst_pad_send_event_unchecked:<q:audio_0> have event type reconfigure event: 0xf39c9e28, time 99:99:99.999999999, seq-num 111, (NULL)
05-10 10:02:54.040  4415  4502 D GStreamer+GST_PADS: 0:02:33.256030098 0xf37ecfb0 gstpad.c:2803:gst_pad_iterate_internal_links_default:<q:audio_0> Making iterator
05-10 10:02:54.040  4415  4502 D GStreamer+GST_EVENT: 0:02:33.256082754 0xf37ecfb0 gstpad.c:5496:gst_pad_send_event_unchecked:<filesrc0:src> have event type reconfigure event: 0xf39c9e28, time 99:99:99.999999999, seq-num 111, (NULL)
05-10 10:02:54.040  4415  4502 D GStreamer+basesrc: 0:02:33.256131348 0xf37ecfb0 gstbasesrc.c:1987:gst_base_src_default_event:<filesrc0> handle event reconfigure event: 0xf39c9e28, time 99:99:99.999999999, seq-num 111, (NULL)
05-10 10:02:54.040  4415  4502 D GStreamer+GST_PADS: 0:02:33.256166868 0xf37ecfb0 gstpad.c:5569:gst_pad_send_event_unchecked:<filesrc0:src> sent event, ret ok
05-10 10:02:54.040  4415  4502 D GStreamer+GST_PADS: 0:02:33.256204941 0xf37ecfb0 gstpad.c:5569:gst_pad_send_event_unchecked:<q:audio_0> sent event, ret ok
05-10 10:02:54.040  4415  4502 D GStreamer+GST_BUS: 0:02:33.256275670 0xf37ecfb0 gstbus.c:309:gst_bus_post:<bus4> [msg 0xf3ab8110] posting on bus structure-change message: 0xf3ab8110, time 99:99:99.999999999, seq-num 112, element 'sink', GstMessageStructureChange, type=(GstStructureChangeType)GST_STRUCTURE_CHANGE_TYPE_PAD_LINK, owner=(GstElement)"\(GstQTDemux\)\ q", busy=(boolean)false;
05-10 10:02:54.040  4415  4502 D GStreamer+bin: 0:02:33.256313118 0xf37ecfb0 gstbin.c:3528:gst_bin_handle_message_func:<pipeline0> [msg 0xf3ab8110] handling child sink message of type structure-change
05-10 10:02:54.040  4415  4502 D GStreamer+bin: 0:02:33.256349577 0xf37ecfb0 gstbin.c:957:bin_remove_messages:<queue2:sink> deleting message 0xf3ab8168 of types 0x00001000
05-10 10:02:54.040  4415  4502 D GStreamer+bin: 0:02:33.256387441 0xf37ecfb0 gstbin.c:963:bin_remove_messages:<forhwgl> not deleting message 0xf3abcf28 of type 0x00100000
05-10 10:02:54.040  4415  4502 D GStreamer+bin: 0:02:33.256421087 0xf37ecfb0 gstbin.c:963:bin_remove_messages:<decodebin1> not deleting message 0xf37f5b80 of type 0x00100000
05-10 10:02:54.040  4415  4502 D GStreamer+bin: 0:02:33.256454837 0xf37ecfb0 gstbin.c:963:bin_remove_messages:<glimagesinkbin0> not deleting message 0xf37f5810 of type 0x00100000
05-10 10:02:54.040  4415  4502 D GStreamer+bin: 0:02:33.256498327 0xf37ecfb0 gstbin.c:963:bin_remove_messages:<autoaudiosink0> not deleting message 0xf37def30 of type 0x00100000
05-10 10:02:54.040  4415  4502 D GStreamer+GST_BUS: 0:02:33.256534525 0xf37ecfb0 gstbus.c:344:gst_bus_post:<bus4> [msg 0xf3ab8110] dropped
05-10 10:02:54.040  4415  4502 D GStreamer+GST_ELEMENT_PADS: 0:02:33.256568587 0xf37ecfb0 gstutils.c:1701:gst_element_link_pads_full linked pad q:audio_0 to pad queue2:sink
05-10 10:02:54.040  4415  4502 D GStreamer+GST_PIPELINE: 0:02:33.256606660 0xf37ecfb0 ./grammar.y:527:gst_parse_found_pad delayed linking pad  audio_0 of GstQTDemux named q to some pad of GstQueue named queue2 worked
05-10 10:02:54.040  4415  4502 D GStreamer+qtdemux: 0:02:33.256643275 0xf37ecfb0 qtdemux.c:10481:gst_qtdemux_guess_bitrate:<q> Looking for streams with unknown bitrate
05-10 10:02:54.040  4415  4502 D GStreamer+query: 0:02:33.256679473 0xf37ecfb0 gstquery.c:674:gst_query_new_custom creating new query 0xf3ac5c30 duration
05-10 10:02:54.040  4415  4502 D GStreamer+GST_PADS: 0:02:33.256712389 0xf37ecfb0 gstpad.c:4009:gst_pad_peer_query:<q:sink> peer query 0xf3ac5c30 (duration)
05-10 10:02:54.040  4415  4502 D GStreamer+GST_PADS: 0:02:33.256749212 0xf37ecfb0 gstpad.c:3882:gst_pad_query:<filesrc0:src> doing query 0xf3ac5c30 (duration)
05-10 10:02:54.040  4415  4502 D GStreamer+basesrc: 0:02:33.256786139 0xf37ecfb0 gstbasesrc.c:1056:gst_base_src_default_query:<filesrc0> duration query in format bytes
05-10 10:02:54.040  4415  4502 D GStreamer+basesrc: 0:02:33.256829577 0xf37ecfb0 gstbasesrc.c:2355:gst_base_src_update_length:<filesrc0> reading offset 0, length 0, size 15003960, segment.stop -1, maxsize 15003960
05-10 10:02:54.040  4415  4502 D GStreamer+basesrc: 0:02:33.256871035 0xf37ecfb0 gstbasesrc.c:1296:gst_base_src_default_query:<filesrc0> query duration returns 1
05-10 10:02:54.040  4415  4502 D GStreamer+GST_PADS: 0:02:33.256906295 0xf37ecfb0 gstpad.c:3905:gst_pad_query:<filesrc0:src> sent query 0xf3ac5c30 (duration), result 1
05-10 10:02:54.041  4415  4502 D GStreamer+qtdemux: 0:02:33.256946295 0xf37ecfb0 qtdemux.c:10492:gst_qtdemux_guess_bitrate:<q> Total size 15003960, header size 10540
05-10 10:02:54.041  4415  4502 D GStreamer+qtdemux: 0:02:33.257022910 0xf37ecfb0 qtdemux.c:10510:gst_qtdemux_guess_bitrate:<q> checking bitrate for video/x-h264, stream-format=(string)avc, alignment=(string)au, level=(string)4, profile=(string)baseline, codec_data=(buffer)01428028ffe1000a27428028e54028016b2001000528de01ae20, width=(int)1280, height=(int)1440, framerate=(fraction)151/3, pixel-aspect-ratio=(fraction)1/1
05-10 10:02:54.041  4415  4502 D GStreamer+qtdemux: 0:02:33.257059785 0xf37ecfb0 qtdemux.c:10516:gst_qtdemux_guess_bitrate:<q> max-bitrate: 0
05-10 10:02:54.041  4415  4502 D GStreamer+qtdemux: 0:02:33.257094108 0xf37ecfb0 qtdemux.c:10519:gst_qtdemux_guess_bitrate:<q> nominal-bitrate: 0
05-10 10:02:54.041  4415  4502 D GStreamer+qtdemux: 0:02:33.257129056 0xf37ecfb0 qtdemux.c:10522:gst_qtdemux_guess_bitrate:<q> bitrate: 16613441
05-10 10:02:54.041  4415  4502 D GStreamer+qtdemux: 0:02:33.257174212 0xf37ecfb0 qtdemux.c:10510:gst_qtdemux_guess_bitrate:<q> checking bitrate for audio/mpeg, mpegversion=(int)1, parsed=(boolean)true, rate=(int)24000, channels=(int)1
05-10 10:02:54.041  4415  4502 D GStreamer+qtdemux: 0:02:33.257209212 0xf37ecfb0 qtdemux.c:10516:gst_qtdemux_guess_bitrate:<q> max-bitrate: 48000
05-10 10:02:54.041  4415  4502 D GStreamer+qtdemux: 0:02:33.257242129 0xf37ecfb0 qtdemux.c:10519:gst_qtdemux_guess_bitrate:<q> nominal-bitrate: 48000
05-10 10:02:54.041  4415  4502 D GStreamer+qtdemux: 0:02:33.257275462 0xf37ecfb0 qtdemux.c:10522:gst_qtdemux_guess_bitrate:<q> bitrate: 48000
05-10 10:02:54.041  4415  4502 D GStreamer+qtdemux: 0:02:33.257305202 0xf37ecfb0 qtdemux.c:10542:gst_qtdemux_guess_bitrate:<q> All stream bitrates are known
05-10 10:02:54.041  4415  4502 D GStreamer+qtdemux: 0:02:33.257340410 0xf37ecfb0 qtdemux.c:3991:gst_qtdemux_loop_state_header:<q> switching state to STATE_MOVIE (2)
05-10 10:02:54.041  4415  4502 D GStreamer+qtdemux: 0:02:33.257395045 0xf37ecfb0 qtdemux.c:4264:gst_qtdemux_activate_segment:<q:video_0> new segment 0 from 0:00:00.000000000 to 0:00:00.311000000, time 0:00:00.000000000
05-10 10:02:54.041  4415  4502 D GStreamer+qtdemux: 0:02:33.257470983 0xf37ecfb0 qtdemux.c:4285:gst_qtdemux_activate_segment:<q:video_0> New segment: time segment start=0:00:00.000000000, offset=0:00:00.000000000, stop=0:00:00.311000000, rate=1.000000, applied_rate=1.000000, flags=0x00, time=0:00:00.000000000, base=0:00:00.000000000, position 0:00:00.000000000, duration 99:99:99.999999999
05-10 10:02:54.041  4415  4502 I GStreamer+GST_EVENT: 0:02:33.257546816 0xf37ecfb0 gstevent.c:760:gst_event_new_segment creating segment event time segment start=0:00:00.000000000, offset=0:00:00.000000000, stop=0:00:00.311000000, rate=1.000000, applied_rate=1.000000, flags=0x00, time=0:00:00.000000000, base=0:00:00.000000000, position 0:00:00.000000000, duration 99:99:99.999999999
05-10 10:02:54.041  4415  4502 D GStreamer+GST_EVENT: 0:02:33.257583483 0xf37ecfb0 gstevent.c:302:gst_event_new_custom creating new event 0xf39c9e70 segment 17934
05-10 10:02:54.041  4415  4502 D GStreamer+GST_PADS: 0:02:33.257616139 0xf37ecfb0 gstpad.c:3813:check_sticky:<q:video_0> pushing all sticky events
05-10 10:02:54.041  4415  4502 D GStreamer+GST_EVENT: 0:02:33.257683900 0xf37ecfb0 gstpad.c:5496:gst_pad_send_event_unchecked:<queue0:sink> have event type stream-start event: 0xf39c9cc0, time 99:99:99.999999999, seq-num 103, GstEventStreamStart, stream-id=(string)71ab440d261a1bb43c19b397eec2373651540427aed1e7b0deb4be62a10a7f25/001, flags=(GstStreamFlags)GST_STREAM_FLAG_NONE, group-id=(uint)0;
05-10 10:02:54.041  4415  4502 D GStreamer+GST_PADS: 0:02:33.257729837 0xf37ecfb0 gstpad.c:5569:gst_pad_send_event_unchecked:<queue0:sink> sent event, ret ok
05-10 10:02:54.041  4415  4501 D GStreamer+queue_dataflow: 0:02:33.257751868 0xf37ecf50 gstqueue.c:1476:gst_queue_loop:<queue0> queue is not empty
05-10 10:02:54.041  4415  4502 D GStreamer+GST_PADS: 0:02:33.257769941 0xf37ecfb0 gstpad.c:3765:push_sticky:<q:video_0> event stream-start marked received
05-10 10:02:54.041  4415  4501 D GStreamer+GST_PADS: 0:02:33.257799681 0xf37ecf50 gstpad.c:3813:check_sticky:<queue0:src> pushing all sticky events
05-10 10:02:54.041  4415  4501 D GStreamer+GST_EVENT: 0:02:33.257895723 0xf37ecf50 gstpad.c:5496:gst_pad_send_event_unchecked:<h264parse0:sink> have event type stream-start event: 0xf39c9cc0, time 99:99:99.999999999, seq-num 103, GstEventStreamStart, stream-id=(string)71ab440d261a1bb43c19b397eec2373651540427aed1e7b0deb4be62a10a7f25/001, flags=(GstStreamFlags)GST_STREAM_FLAG_NONE, group-id=(uint)0;
05-10 10:02:54.041  4415  4502 D GStreamer+GST_EVENT: 0:02:33.257918275 0xf37ecfb0 gstpad.c:5496:gst_pad_send_event_unchecked:<queue0:sink> have event type caps event: 0xf39c9d08, time 99:99:99.999999999, seq-num 104, GstEventCaps, caps=(GstCaps)"video/x-h264\,\ stream-format\=\(string\)avc\,\ alignment\=\(string\)au\,\ level\=\(string\)4\,\ profile\=\(string\)baseline\,\ codec_data\=\(buffer\)01428028ffe1000a27428028e54028016b2001000528de01ae20\,\ width\=\(int\)1280\,\ height\=\(int\)1440\,\ framerate\=\(fraction\)151/3\,\ pixel-aspect-ratio\=\(fraction\)1/1";
05-10 10:02:54.042  4415  4501 D GStreamer+baseparse: 0:02:33.257946868 0xf37ecf50 gstbaseparse.c:1174:gst_base_parse_sink_event_default:<h264parse0> handling event 10254, stream-start
05-10 10:02:54.042  4415  4501 D GStreamer+GST_PADS: 0:02:33.257988223 0xf37ecf50 gstpad.c:3813:check_sticky:<h264parse0:src> pushing all sticky events
05-10 10:02:54.042  4415  4502 D GStreamer+GST_CAPS: 0:02:33.258018952 0xf37ecfb0 gstutils.c:2921:gst_pad_query_accept_caps:<queue0:sink> accept caps of video/x-h264, stream-format=(string)avc, alignment=(string)au, level=(string)4, profile=(string)baseline, codec_data=(buffer)01428028ffe1000a27428028e54028016b2001000528de01ae20, width=(int)1280, height=(int)1440, framerate=(fraction)151/3, pixel-aspect-ratio=(fraction)1/1
05-10 10:02:54.042  4415  4502 D GStreamer+query: 0:02:33.258070098 0xf37ecfb0 gstquery.c:674:gst_query_new_custom creating new query 0xf3ac5c60 accept-caps
05-10 10:02:54.042  4415  4501 D GStreamer+GST_EVENT: 0:02:33.258091295 0xf37ecf50 gstpad.c:5496:gst_pad_send_event_unchecked:<capsfilter0:sink> have event type stream-start event: 0xf39c9cc0, time 99:99:99.999999999, seq-num 103, GstEventStreamStart, stream-id=(string)71ab440d261a1bb43c19b397eec2373651540427aed1e7b0deb4be62a10a7f25/001, flags=(GstStreamFlags)GST_STREAM_FLAG_NONE, group-id=(uint)0;
05-10 10:02:54.042  4415  4502 D GStreamer+GST_PADS: 0:02:33.258119577 0xf37ecfb0 gstpad.c:3882:gst_pad_query:<queue0:sink> doing query 0xf3ac5c60 (accept-caps)
05-10 10:02:54.042  4415  4501 D GStreamer+GST_PADS: 0:02:33.258146660 0xf37ecf50 gstpad.c:3813:check_sticky:<capsfilter0:src> pushing all sticky events
05-10 10:02:54.042  4415  4501 D GStreamer+GST_EVENT: 0:02:33.258248014 0xf37ecf50 gstpad.c:5496:gst_pad_send_event_unchecked:<forhwgl:sink> have event type stream-start event: 0xf39c9cc0, time 99:99:99.999999999, seq-num 103, GstEventStreamStart, stream-id=(string)71ab440d261a1bb43c19b397eec2373651540427aed1e7b0deb4be62a10a7f25/001, flags=(GstStreamFlags)GST_STREAM_FLAG_NONE, group-id=(uint)0;
05-10 10:02:54.042  4415  4502 D GStreamer+GST_PADS: 0:02:33.258267129 0xf37ecfb0 gstpad.c:3035:gst_pad_query_accept_caps_default:<queue0:sink> query accept-caps accept-caps query: 0xf3ac5c60, GstQueryAcceptCaps, caps=(GstCaps)"video/x-h264\,\ stream-format\=\(string\)avc\,\ alignment\=\(string\)au\,\ level\=\(string\)4\,\ profile\=\(string\)baseline\,\ codec_data\=\(buffer\)01428028ffe1000a27428028e54028016b2001000528de01ae20\,\ width\=\(int\)1280\,\ height\=\(int\)1440\,\ framerate\=\(fraction\)151/3\,\ pixel-aspect-ratio\=\(fraction\)1/1", result=(boolean)false;
05-10 10:02:54.042  4415  4501 D GStreamer+GST_PADS: 0:02:33.258300775 0xf37ecf50 gstpad.c:3813:check_sticky:<sink:proxypad0> pushing all sticky events
05-10 10:02:54.042  4415  4502 D GStreamer+GST_PADS: 0:02:33.258329941 0xf37ecfb0 gstutils.c:2530:gst_pad_proxy_query_accept_caps:<queue0:sink> proxying accept caps query for queue0:sink
05-10 10:02:54.042  4415  4502 D GStreamer+GST_PADS: 0:02:33.258380514 0xf37ecfb0 gstpad.c:2803:gst_pad_iterate_internal_links_default:<queue0:sink> Making iterator
05-10 10:02:54.042  4415  4501 D GStreamer+GST_EVENT: 0:02:33.258396139 0xf37ecf50 gstpad.c:5496:gst_pad_send_event_unchecked:<typefind:sink> have event type stream-start event: 0xf39c9cc0, time 99:99:99.999999999, seq-num 103, GstEventStreamStart, stream-id=(string)71ab440d261a1bb43c19b397eec2373651540427aed1e7b0deb4be62a10a7f25/001, flags=(GstStreamFlags)GST_STREAM_FLAG_NONE, group-id=(uint)0;
05-10 10:02:54.042  4415  4502 D GStreamer+GST_PADS: 0:02:33.258423900 0xf37ecfb0 gstpad.c:4009:gst_pad_peer_query:<queue0:src> peer query 0xf3ac5c60 (accept-caps)
05-10 10:02:54.042  4415  4501 D GStreamer+typefind: 0:02:33.258449160 0xf37ecf50 gsttypefindelement.c:613:gst_type_find_element_sink_event:<typefind> got stream-start event in mode 1
05-10 10:02:54.042  4415  4502 D GStreamer+GST_PADS: 0:02:33.258474993 0xf37ecfb0 gstpad.c:3882:gst_pad_query:<h264parse0:sink> doing query 0xf3ac5c60 (accept-caps)
05-10 10:02:54.042  4415  4501 D GStreamer+GST_PADS: 0:02:33.258497441 0xf37ecf50 gstpad.c:3813:check_sticky:<typefind:src> pushing all sticky events
05-10 10:02:54.042  4415  4502 D GStreamer+baseparse: 0:02:33.258524264 0xf37ecfb0 gstbaseparse.c:1555:gst_base_parse_sink_query:<h264parse0> accept-caps query
05-10 10:02:54.042  4415  4501 D GStreamer+GST_PADS: 0:02:33.258537806 0xf37ecf50 gstpad.c:5266:gst_pad_push_event_unchecked:<typefind:src> Dropping event stream-start because pad is not linked
05-10 10:02:54.042  4415  4501 D GStreamer+GST_PADS: 0:02:33.258575514 0xf37ecf50 gstpad.c:3784:push_sticky:<typefind:src> pad was not linked, mark pending
05-10 10:02:54.042  4415  4501 D GStreamer+GST_PADS: 0:02:33.258619785 0xf37ecf50 gstpad.c:5569:gst_pad_send_event_unchecked:<typefind:sink> sent event, ret ok
05-10 10:02:54.042  4415  4502 D GStreamer+GST_PADS: 0:02:33.258629785 0xf37ecfb0 gstpad.c:3035:gst_pad_query_accept_caps_default:<h264parse0:sink> query accept-caps accept-caps query: 0xf3ac5c60, GstQueryAcceptCaps, caps=(GstCaps)"video/x-h264\,\ stream-format\=\(string\)avc\,\ alignment\=\(string\)au\,\ level\=\(string\)4\,\ profile\=\(string\)baseline\,\ codec_data\=\(buffer\)01428028ffe1000a27428028e54028016b2001000528de01ae20\,\ width\=\(int\)1280\,\ height\=\(int\)1440\,\ framerate\=\(fraction\)151/3\,\ pixel-aspect-ratio\=\(fraction\)1/1", result=(boolean)false;
05-10 10:02:54.042  4415  4501 D GStreamer+GST_PADS: 0:02:33.258665879 0xf37ecf50 gstpad.c:3765:push_sticky:<sink:proxypad0> event stream-start marked received
05-10 10:02:54.042  4415  4502 D GStreamer+GST_PERFORMANCE: 0:02:33.258683639 0xf37ecfb0 gstpad.c:3050:gst_pad_query_accept_caps_default:<h264parse0:sink> fallback ACCEPT_CAPS query, consider implementing a specialized version
05-10 10:02:54.042  4415  4501 D GStreamer+GST_PADS: 0:02:33.258712598 0xf37ecf50 gstpad.c:5569:gst_pad_send_event_unchecked:<forhwgl:sink> sent event, ret ok
05-10 10:02:54.042  4415  4501 D GStreamer+GST_PADS: 0:02:33.258765775 0xf37ecf50 gstpad.c:3765:push_sticky:<capsfilter0:src> event stream-start marked received
05-10 10:02:54.042  4415  4502 D GStreamer+GST_PADS: 0:02:33.258790254 0xf37ecfb0 gstpad.c:3061:gst_pad_query_accept_caps_default:<h264parse0:sink> allowed caps intersect video/x-h264, caps video/x-h264, stream-format=(string)avc, alignment=(string)au, level=(string)4, profile=(string)baseline, codec_data=(buffer)01428028ffe1000a27428028e54028016b2001000528de01ae20, width=(int)1280, height=(int)1440, framerate=(fraction)151/3, pixel-aspect-ratio=(fraction)1/1
05-10 10:02:54.042  4415  4501 D GStreamer+GST_PADS: 0:02:33.258815462 0xf37ecf50 gstpad.c:5569:gst_pad_send_event_unchecked:<capsfilter0:sink> sent event, ret ok
05-10 10:02:54.042  4415  4502 D GStreamer+GST_PADS: 0:02:33.258844889 0xf37ecfb0 gstpad.c:3339:gst_pad_query_default:<h264parse0:sink> not forwarding 0xf3ac5c60 (accept-caps) query
05-10 10:02:54.042  4415  4501 D GStreamer+GST_PADS: 0:02:33.258866191 0xf37ecf50 gstpad.c:3765:push_sticky:<h264parse0:src> event stream-start marked received
05-10 10:02:54.042  4415  4502 D GStreamer+GST_PADS: 0:02:33.258894264 0xf37ecfb0 gstpad.c:3905:gst_pad_query:<h264parse0:sink> sent query 0xf3ac5c60 (accept-caps), result 1
05-10 10:02:54.042  4415  4501 D GStreamer+baseparse: 0:02:33.258908223 0xf37ecf50 gstbaseparse.c:1484:gst_base_parse_sink_event_default:<h264parse0> event handled
05-10 10:02:54.043  4415  4502 D GStreamer+GST_PADS: 0:02:33.258944264 0xf37ecfb0 gstutils.c:2541:gst_pad_proxy_query_accept_caps:<queue0:sink> proxying accept caps query: 1
05-10 10:02:54.043  4415  4501 D GStreamer+GST_PADS: 0:02:33.258962337 0xf37ecf50 gstpad.c:5569:gst_pad_send_event_unchecked:<h264parse0:sink> sent event, ret ok
05-10 10:02:54.043  4415  4501 D GStreamer+GST_PADS: 0:02:33.259016035 0xf37ecf50 gstpad.c:3765:push_sticky:<queue0:src> event stream-start marked received
05-10 10:02:54.043  4415  4502 D GStreamer+GST_PADS: 0:02:33.259043431 0xf37ecfb0 gstpad.c:3065:gst_pad_query_accept_caps_default:<queue0:sink> allowed caps subset ANY, caps video/x-h264, stream-format=(string)avc, alignment=(string)au, level=(string)4, profile=(string)baseline, codec_data=(buffer)01428028ffe1000a27428028e54028016b2001000528de01ae20, width=(int)1280, height=(int)1440, framerate=(fraction)151/3, pixel-aspect-ratio=(fraction)1/1
05-10 10:02:54.043  4415  4501 D GStreamer+queue_dataflow: 0:02:33.259066556 0xf37ecf50 gstqueue.c:1464:gst_queue_loop:<queue0> queue is empty
05-10 10:02:54.043  4415  4502 D GStreamer+GST_PADS: 0:02:33.259093952 0xf37ecfb0 gstpad.c:3339:gst_pad_query_default:<queue0:sink> not forwarding 0xf3ac5c60 (accept-caps) query
05-10 10:02:54.043  4415  4502 D GStreamer+GST_PADS: 0:02:33.259132025 0xf37ecfb0 gstpad.c:3905:gst_pad_query:<queue0:sink> sent query 0xf3ac5c60 (accept-caps), result 1
05-10 10:02:54.043  4415  4502 D GStreamer+default: 0:02:33.259166400 0xf37ecfb0 gstutils.c:2926:gst_pad_query_accept_caps:<queue0:sink> query returned 1
05-10 10:02:54.043  4415  4501 D GStreamer+queue_dataflow: 0:02:33.259220983 0xf37ecf50 gstqueue.c:1476:gst_queue_loop:<queue0> queue is not empty
05-10 10:02:54.043  4415  4502 D GStreamer+GST_PADS: 0:02:33.259237285 0xf37ecfb0 gstpad.c:5569:gst_pad_send_event_unchecked:<queue0:sink> sent event, ret ok
05-10 10:02:54.043  4415  4501 D GStreamer+GST_PADS: 0:02:33.259260723 0xf37ecf50 gstpad.c:5053:store_sticky_event:<queue0:src> notify caps
05-10 10:02:54.043  4415  4502 D GStreamer+GST_PADS: 0:02:33.259279004 0xf37ecfb0 gstpad.c:5053:store_sticky_event:<queue0:sink> notify caps
05-10 10:02:54.043  4415  4501 D GStreamer+GST_PADS: 0:02:33.259309577 0xf37ecf50 gstpad.c:3813:check_sticky:<queue0:src> pushing all sticky events
05-10 10:02:54.043  4415  4502 D GStreamer+GST_PADS: 0:02:33.259330410 0xf37ecfb0 gstpad.c:3765:push_sticky:<q:video_0> event caps marked received
05-10 10:02:54.043  4415  4501 D GStreamer+GST_PADS: 0:02:33.259353223 0xf37ecf50 gstpad.c:3745:push_sticky:<queue0:src> event stream-start was already received
05-10 10:02:54.043  4415  4501 D GStreamer+GST_EVENT: 0:02:33.259521243 0xf37ecf50 gstpad.c:5496:gst_pad_send_event_unchecked:<h264parse0:sink> have event type caps event: 0xf39c9d08, time 99:99:99.999999999, seq-num 104, GstEventCaps, caps=(GstCaps)"video/x-h264\,\ stream-format\=\(string\)avc\,\ alignment\=\(string\)au\,\ level\=\(string\)4\,\ profile\=\(string\)baseline\,\ codec_data\=\(buffer\)01428028ffe1000a27428028e54028016b2001000528de01ae20\,\ width\=\(int\)1280\,\ height\=\(int\)1440\,\ framerate\=\(fraction\)151/3\,\ pixel-aspect-ratio\=\(fraction\)1/1";
05-10 10:02:54.043  4415  4502 D GStreamer+GST_EVENT: 0:02:33.259538900 0xf37ecfb0 gstpad.c:5496:gst_pad_send_event_unchecked:<queue0:sink> have event type segment event: 0xf39c9e70, time 99:99:99.999999999, seq-num 113, GstEventSegment, segment=(GstSegment)"GstSegment, flags=(GstSegmentFlags)GST_SEGMENT_FLAG_NONE, rate=(double)1, applied-rate=(double)1, format=(GstFormat)GST_FORMAT_TIME, base=(guint64)0, offset=(guint64)0, start=(guint64)0, stop=(guint64)311000000, time=(guint64)0, position=(guint64)0, duration=(guint64)18446744073709551615;";
05-10 10:02:54.043  4415  4501 D GStreamer+GST_CAPS: 0:02:33.259619420 0xf37ecf50 gstutils.c:2921:gst_pad_query_accept_caps:<h264parse0:sink> accept caps of video/x-h264, stream-format=(string)avc, alignment=(string)au, level=(string)4, profile=(string)baseline, codec_data=(buffer)01428028ffe1000a27428028e54028016b2001000528de01ae20, width=(int)1280, height=(int)1440, framerate=(fraction)151/3, pixel-aspect-ratio=(fraction)1/1
05-10 10:02:54.043  4415  4502 D GStreamer+queue: 0:02:33.259636504 0xf37ecfb0 gstqueue.c:561:apply_segment:<queue0> configured SEGMENT time segment start=0:00:00.000000000, offset=0:00:00.000000000, stop=0:00:00.311000000, rate=1.000000, applied_rate=1.000000, flags=0x00, time=0:00:00.000000000, base=0:00:00.000000000, position 0:00:00.000000000, duration 99:99:99.999999999
05-10 10:02:54.043  4415  4501 D GStreamer+query: 0:02:33.259670775 0xf37ecf50 gstquery.c:674:gst_query_new_custom creating new query 0xf3ac5f20 accept-caps
05-10 10:02:54.043  4415  4501 D GStreamer+GST_PADS: 0:02:33.259713483 0xf37ecf50 gstpad.c:3882:gst_pad_query:<h264parse0:sink> doing query 0xf3ac5f20 (accept-caps)
05-10 10:02:54.043  4415  4502 D GStreamer+queue: 0:02:33.259730202 0xf37ecfb0 gstqueue.c:561:apply_segment:<queue0> configured SEGMENT time segment start=0:00:00.000000000, offset=0:00:00.000000000, stop=0:00:00.311000000, rate=1.000000, applied_rate=1.000000, flags=0x00, time=0:00:00.000000000, base=0:00:00.000000000, position 0:00:00.000000000, duration 99:99:99.999999999
05-10 10:02:54.043  4415  4501 D GStreamer+baseparse: 0:02:33.259751764 0xf37ecf50 gstbaseparse.c:1555:gst_base_parse_sink_query:<h264parse0> accept-caps query
05-10 10:02:54.043  4415  4502 D GStreamer+GST_PADS: 0:02:33.259780045 0xf37ecfb0 gstpad.c:5569:gst_pad_send_event_unchecked:<queue0:sink> sent event, ret ok
05-10 10:02:54.043  4415  4502 D GStreamer+GST_PADS: 0:02:33.259827962 0xf37ecfb0 gstpad.c:3765:push_sticky:<q:video_0> event segment marked received
05-10 10:02:54.043  4415  4501 D GStreamer+GST_PADS: 0:02:33.259866868 0xf37ecf50 gstpad.c:3035:gst_pad_query_accept_caps_default:<h264parse0:sink> query accept-caps accept-caps query: 0xf3ac5f20, GstQueryAcceptCaps, caps=(GstCaps)"video/x-h264\,\ stream-format\=\(string\)avc\,\ alignment\=\(string\)au\,\ level\=\(string\)4\,\ profile\=\(string\)baseline\,\ codec_data\=\(buffer\)01428028ffe1000a27428028e54028016b2001000528de01ae20\,\ width\=\(int\)1280\,\ height\=\(int\)1440\,\ framerate\=\(fraction\)151/3\,\ pixel-aspect-ratio\=\(fraction\)1/1", result=(boolean)false;
05-10 10:02:54.043  4415  4502 D GStreamer+qtdemux: 0:02:33.259884473 0xf37ecfb0 qtdemux.c:924:gst_qtdemux_push_tags:<q> Checking pad q:video_0 for tags
05-10 10:02:54.043  4415  4501 D GStreamer+GST_PERFORMANCE: 0:02:33.259910879 0xf37ecf50 gstpad.c:3050:gst_pad_query_accept_caps_default:<h264parse0:sink> fallback ACCEPT_CAPS query, consider implementing a specialized version
05-10 10:02:54.044  4415  4502 D GStreamer+qtdemux: 0:02:33.259946139 0xf37ecfb0 qtdemux.c:928:gst_qtdemux_push_tags:<q> Sending tags taglist, video-codec=(string)"H.264\ /\ AVC", bitrate=(uint)16613441, language-code=(string)en;
05-10 10:02:54.044  4415  4502 D GStreamer+GST_EVENT: 0:02:33.260006035 0xf37ecfb0 gstevent.c:302:gst_event_new_custom creating new event 0xf39c9eb8 tag 20510
05-10 10:02:54.044  4415  4501 D GStreamer+GST_PADS: 0:02:33.260023691 0xf37ecf50 gstpad.c:3061:gst_pad_query_accept_caps_default:<h264parse0:sink> allowed caps intersect video/x-h264, caps video/x-h264, stream-format=(string)avc, alignment=(string)au, level=(string)4, profile=(string)baseline, codec_data=(buffer)01428028ffe1000a27428028e54028016b2001000528de01ae20, width=(int)1280, height=(int)1440, framerate=(fraction)151/3, pixel-aspect-ratio=(fraction)1/1
05-10 10:02:54.044  4415  4502 D GStreamer+GST_PADS: 0:02:33.260044733 0xf37ecfb0 gstpad.c:3813:check_sticky:<q:video_0> pushing all sticky events
05-10 10:02:54.044  4415  4501 D GStreamer+GST_PADS: 0:02:33.260084889 0xf37ecf50 gstpad.c:3339:gst_pad_query_default:<h264parse0:sink> not forwarding 0xf3ac5f20 (accept-caps) query
05-10 10:02:54.044  4415  4502 D GStreamer+GST_PADS: 0:02:33.260101556 0xf37ecfb0 gstpad.c:3745:push_sticky:<q:video_0> event stream-start was already received
05-10 10:02:54.044  4415  4501 D GStreamer+GST_PADS: 0:02:33.260136920 0xf37ecf50 gstpad.c:3905:gst_pad_query:<h264parse0:sink> sent query 0xf3ac5f20 (accept-caps), result 1
05-10 10:02:54.044  4415  4502 D GStreamer+GST_PADS: 0:02:33.260162077 0xf37ecfb0 gstpad.c:3745:push_sticky:<q:video_0> event caps was already received
05-10 10:02:54.044  4415  4501 D GStreamer+default: 0:02:33.260185150 0xf37ecf50 gstutils.c:2926:gst_pad_query_accept_caps:<h264parse0:sink> query returned 1
05-10 10:02:54.044  4415  4502 D GStreamer+GST_PADS: 0:02:33.260211608 0xf37ecfb0 gstpad.c:3745:push_sticky:<q:video_0> event segment was already received
05-10 10:02:54.044  4415  4501 D GStreamer+baseparse: 0:02:33.260237598 0xf37ecf50 gstbaseparse.c:1174:gst_base_parse_sink_event_default:<h264parse0> handling event 12814, caps
05-10 10:02:54.044  4415  4502 D GStreamer+GST_EVENT: 0:02:33.260293223 0xf37ecfb0 gstpad.c:5496:gst_pad_send_event_unchecked:<queue0:sink> have event type tag event: 0xf39c9eb8, time 99:99:99.999999999, seq-num 114, GstTagList-stream, taglist=(taglist)"taglist\,\ video-codec\=\(string\)\"H.264\\\ /\\\ AVC\"\,\ bitrate\=\(uint\)16613441\,\ language-code\=\(string\)en\;";
05-10 10:02:54.044  4415  4501 D GStreamer+baseparse: 0:02:33.260327910 0xf37ecf50 gstbaseparse.c:1182:gst_base_parse_sink_event_default:<h264parse0> caps: video/x-h264, stream-format=(string)avc, alignment=(string)au, level=(string)4, profile=(string)baseline, codec_data=(buffer)01428028ffe1000a27428028e54028016b2001000528de01ae20, width=(int)1280, height=(int)1440, framerate=(fraction)151/3, pixel-aspect-ratio=(fraction)1/1
05-10 10:02:54.044  4415  4502 D GStreamer+GST_PADS: 0:02:33.260348379 0xf37ecfb0 gstpad.c:5569:gst_pad_send_event_unchecked:<queue0:sink> sent event, ret ok
05-10 10:02:54.044  4415  4501 D GStreamer+GST_CAPS: 0:02:33.260375983 0xf37ecf50 gstpad.c:2648:gst_pad_get_current_caps:<h264parse0:sink> get current pad caps (NULL)
05-10 10:02:54.044  4415  4502 D GStreamer+GST_PADS: 0:02:33.260387962 0xf37ecfb0 gstpad.c:3765:push_sticky:<q:video_0> event tag marked received
05-10 10:02:54.044  4415  4502 D GStreamer+qtdemux: 0:02:33.260463483 0xf37ecfb0 qtdemux.c:936:gst_qtdemux_push_tags:<q> Sending global tags taglist, datetime=(datetime)2016-05-10T02:46:01Z, container-format=(string)"ISO\ MP4/M4A";
05-10 10:02:54.044  4415  4501 D GStreamer+h264parse: 0:02:33.260488691 0xf37ecf50 gsth264parse.c:328:gst_h264_parse_format_from_caps parsing caps: video/x-h264, stream-format=(string)avc, alignment=(string)au, level=(string)4, profile=(string)baseline, codec_data=(buffer)01428028ffe1000a27428028e54028016b2001000528de01ae20, width=(int)1280, height=(int)1440, framerate=(fraction)151/3, pixel-aspect-ratio=(fraction)1/1
05-10 10:02:54.044  4415  4502 D GStreamer+GST_EVENT: 0:02:33.260514160 0xf37ecfb0 gstevent.c:302:gst_event_new_custom creating new event 0xf39c9f00 tag 20510
05-10 10:02:54.044  4415  4501 D GStreamer+h264parse: 0:02:33.260524681 0xf37ecf50 gsth264parse.c:2478:gst_h264_parse_set_caps:<h264parse0> have packetized h264
05-10 10:02:54.044  4415  4502 D GStreamer+GST_PADS: 0:02:33.260547545 0xf37ecfb0 gstpad.c:3813:check_sticky:<q:video_0> pushing all sticky events
05-10 10:02:54.044  4415  4501 D GStreamer+h264parse: 0:02:33.260562702 0xf37ecf50 gsth264parse.c:2508:gst_h264_parse_set_caps:<h264parse0> profile 428028
05-10 10:02:54.044  4415  4502 D GStreamer+GST_PADS: 0:02:33.260607233 0xf37ecfb0 gstpad.c:3745:push_sticky:<q:video_0> event stream-start was already received
05-10 10:02:54.044  4415  4501 D GStreamer+h264parse: 0:02:33.260624889 0xf37ecf50 gsth264parse.c:2516:gst_h264_parse_set_caps:<h264parse0> nal length size 4
05-10 10:02:54.044  4415  4502 D GStreamer+GST_PADS: 0:02:33.260649733 0xf37ecfb0 gstpad.c:3745:push_sticky:<q:video_0> event caps was already received
05-10 10:02:54.044  4415  4501 D GStreamer+codecparsers_h264: 0:02:33.260672285 0xf37ecf50 gsth264parser.c:253:gst_h264_parse_nalu_header Nal type 7, ref_idc 1
05-10 10:02:54.044  4415  4502 D GStreamer+GST_PADS: 0:02:33.260694525 0xf37ecfb0 gstpad.c:3745:push_sticky:<q:video_0> event segment was already received
05-10 10:02:54.044  4415  4501 D GStreamer+h264parse: 0:02:33.260718431 0xf37ecf50 gsth264parse.c:716:gst_h264_parse_process_nal:<h264parse0> processing nal of type 7 SPS, size 10
05-10 10:02:54.044  4415  4502 D GStreamer+GST_PADS: 0:02:33.260741035 0xf37ecfb0 gstpad.c:3745:push_sticky:<q:video_0> event tag was already received
05-10 10:02:54.044  4415  4501 D GStreamer+codecparsers_h264: 0:02:33.260779212 0xf37ecf50 gsth264parser.c:1776:gst_h264_parse_sps parsing SPS
05-10 10:02:54.044  4415  4501 D GStreamer+codecparsers_h264: 0:02:33.260821868 0xf37ecf50 gsth264parser.c:1484:gst_h264_parser_parse_sps adding sequence parameter set with id: 0 to array
