05-10 10:02:54.122  4415  4500 D GStreamer+GST_BUS: 0:02:33.338105827 0xf37ecec0 gstbus.c:309:gst_bus_post:<bus2> [msg 0xf3abccc0] posting on bus structure-change message: 0xf3abccc0, time 99:99:99.999999999, seq-num 160, element 'sink', GstMessageStructureChange, type=(GstStructureChangeType)GST_STRUCTURE_CHANGE_TYPE_PAD_LINK, owner=(GstElement)"\(GstTypeFindElement\)\ typefind", busy=(boolean)true;
05-10 10:02:54.122  4415  4501 D GStreamer+GST_STATES: 0:02:33.338125983 0xf37ecf50 gstelement.c:2684:gst_element_change_state:<h264parse1> element changed state SUCCESS
05-10 10:02:54.122  4415  4501 I GStreamer+GST_STATES: 0:02:33.338168535 0xf37ecf50 gstelement.c:2372:gst_element_continue_state:<h264parse1> completed state change to READY
05-10 10:02:54.122  4415  4500 D GStreamer+bin: 0:02:33.338184941 0xf37ecec0 gstbin.c:3528:gst_bin_handle_message_func:<decodebin1> [msg 0xf3abccc0] handling child sink message of type structure-change
05-10 10:02:54.122  4415  4501 I GStreamer+GST_STATES: 0:02:33.338211348 0xf37ecf50 gstelement.c:2277:_priv_gst_element_state_changed:<h264parse1> notifying about state-changed NULL to READY (VOID_PENDING pending)
05-10 10:02:54.122  4415  4500 D GStreamer+bin: 0:02:33.338245983 0xf37ecec0 gstbin.c:882:find_message:<decodebin1> no message found matching types 00001000
05-10 10:02:54.122  4415  4500 D GStreamer+bin: 0:02:33.338291504 0xf37ecec0 gstbin.c:889:find_message:<decodebin1>   structure-change
05-10 10:02:54.122  4415  4501 D GStreamer+GST_BUS: 0:02:33.338308066 0xf37ecf50 gstbus.c:309:gst_bus_post:<bus0> [msg 0xf3ac0318] posting on bus state-changed message: 0xf3ac0318, time 99:99:99.999999999, seq-num 161, element 'h264parse1', GstMessageStateChanged, old-state=(GstState)GST_STATE_NULL, new-state=(GstState)GST_STATE_READY, pending-state=(GstState)GST_STATE_VOID_PENDING;
05-10 10:02:54.122  4415  4500 D GStreamer+bin: 0:02:33.338352181 0xf37ecec0 gstbin.c:929:bin_replace_message:<decodebin1> got new message 0xf3abccc0, structure-change from sink
05-10 10:02:54.122  4415  4501 D GStreamer+bin: 0:02:33.338368639 0xf37ecf50 gstbin.c:3528:gst_bin_handle_message_func:<forhwgl> [msg 0xf3ac0318] handling child h264parse1 message of type state-changed
05-10 10:02:54.122  4415  4500 D GStreamer+GST_BUS: 0:02:33.338391712 0xf37ecec0 gstbus.c:344:gst_bus_post:<bus2> [msg 0xf3abccc0] dropped
05-10 10:02:54.122  4415  4501 D GStreamer+bin: 0:02:33.338409993 0xf37ecf50 gstbin.c:3865:gst_bin_handle_message_func:<forhwgl> posting message upward
05-10 10:02:54.122  4415  4500 I GStreamer+GST_PADS: 0:02:33.338433223 0xf37ecec0 gstpad.c:2292:gst_pad_link_prepare trying to link typefind:src and mpegaudioparse0:sink
05-10 10:02:54.122  4415  4501 D GStreamer+GST_BUS: 0:02:33.338500358 0xf37ecf50 gstbus.c:309:gst_bus_post:<bus4> [msg 0xf3ac0318] posting on bus state-changed message: 0xf3ac0318, time 99:99:99.999999999, seq-num 161, element 'h264parse1', GstMessageStateChanged, old-state=(GstState)GST_STATE_NULL, new-state=(GstState)GST_STATE_READY, pending-state=(GstState)GST_STATE_VOID_PENDING;
05-10 10:02:54.122  4415  4500 I GStreamer+GST_PADS: 0:02:33.338514889 0xf37ecec0 gstpad.c:2498:gst_pad_link_full linked typefind:src and mpegaudioparse0:sink, successful
05-10 10:02:54.122  4415  4501 D GStreamer+bin: 0:02:33.338541660 0xf37ecf50 gstbin.c:3528:gst_bin_handle_message_func:<pipeline0> [msg 0xf3ac0318] handling child h264parse1 message of type state-changed
05-10 10:02:54.122  4415  4500 I GStreamer+GST_EVENT: 0:02:33.338571452 0xf37ecec0 gstevent.c:1382:gst_event_new_reconfigure creating reconfigure event
05-10 10:02:54.122  4415  4501 D GStreamer+bin: 0:02:33.338590045 0xf37ecf50 gstbin.c:3865:gst_bin_handle_message_func:<pipeline0> posting message upward
05-10 10:02:54.122  4415  4500 D GStreamer+GST_EVENT: 0:02:33.338610983 0xf37ecec0 gstevent.c:302:gst_event_new_custom creating new event 0xf39db490 reconfigure 61441
05-10 10:02:54.122  4415  4501 D GStreamer+GST_BUS: 0:02:33.338671504 0xf37ecf50 gstbus.c:309:gst_bus_post:<bus5> [msg 0xf3ac0318] posting on bus state-changed message: 0xf3ac0318, time 99:99:99.999999999, seq-num 161, element 'h264parse1', GstMessageStateChanged, old-state=(GstState)GST_STATE_NULL, new-state=(GstState)GST_STATE_READY, pending-state=(GstState)GST_STATE_VOID_PENDING;
05-10 10:02:54.122  4415  4500 D GStreamer+GST_EVENT: 0:02:33.338692598 0xf37ecec0 gstpad.c:5496:gst_pad_send_event_unchecked:<typefind:src> have event type reconfigure event: 0xf39db490, time 99:99:99.999999999, seq-num 162, (NULL)
05-10 10:02:54.122  4415  4501 D GStreamer+GST_BUS: 0:02:33.338713848 0xf37ecf50 gstbus.c:348:gst_bus_post:<bus5> [msg 0xf3ac0318] pushing on async queue
05-10 10:02:54.122  4415  4500 D GStreamer+GST_PADS: 0:02:33.338737598 0xf37ecec0 gstpad.c:5569:gst_pad_send_event_unchecked:<typefind:src> sent event, ret error
05-10 10:02:54.122  4415  4501 D GStreamer+GST_BUS: 0:02:33.338760670 0xf37ecf50 gstbus.c:351:gst_bus_post:<bus5> [msg 0xf3ac0318] pushed on async queue
05-10 10:02:54.122  4415  4488 D GStreamer+GST_BUS: 0:02:33.338801660 0xf3964e00 gstbus.c:521:gst_bus_timed_pop_filtered:<bus5> got message 0xf3ac0318, state-changed from h264parse1, type mask is 4294967295
05-10 10:02:54.122  4415  4501 D GStreamer+GST_BUS: 0:02:33.338819316 0xf37ecf50 gstbus.c:344:gst_bus_post:<bus4> [msg 0xf3ac0318] dropped
05-10 10:02:54.122  4415  4500 D GStreamer+GST_BUS: 0:02:33.338873431 0xf37ecec0 gstbus.c:309:gst_bus_post:<bus2> [msg 0xf3abcd18] posting on bus structure-change message: 0xf3abcd18, time 99:99:99.999999999, seq-num 163, element 'sink', GstMessageStructureChange, type=(GstStructureChangeType)GST_STRUCTURE_CHANGE_TYPE_PAD_LINK, owner=(GstElement)"\(GstTypeFindElement\)\ typefind", busy=(boolean)false;
05-10 10:02:54.122  4415  4488 D GStreamer+GST_BUS: 0:02:33.338901348 0xf3964e00 gstbus.c:789:gst_bus_source_dispatch:<bus5> source 0xf3ab6910 calling dispatch with state-changed message: 0xf3ac0318, time 99:99:99.999999999, seq-num 161, element 'h264parse1', GstMessageStateChanged, old-state=(GstState)GST_STATE_NULL, new-state=(GstState)GST_STATE_READY, pending-state=(GstState)GST_STATE_VOID_PENDING;
05-10 10:02:54.122  4415  4501 D GStreamer+GST_BUS: 0:02:33.338907233 0xf37ecf50 gstbus.c:344:gst_bus_post:<bus0> [msg 0xf3ac0318] dropped
05-10 10:02:54.123  4415  4500 D GStreamer+bin: 0:02:33.338934316 0xf37ecec0 gstbin.c:3528:gst_bin_handle_message_func:<decodebin1> [msg 0xf3abcd18] handling child sink message of type structure-change
05-10 10:02:54.123  4415  4488 D GStreamer+GST_BUS: 0:02:33.338984473 0xf3964e00 gstbus.c:794:gst_bus_source_dispatch:<bus5> source 0xf3ab6910 handler returns 1
05-10 10:02:54.123  4415  4501 D GStreamer+GST_STATES: 0:02:33.339001400 0xf37ecf50 gstelement.c:2607:gst_element_set_state_func:<h264parse1> returned SUCCESS
05-10 10:02:54.123  4415  4500 D GStreamer+bin: 0:02:33.339013535 0xf37ecec0 gstbin.c:957:bin_remove_messages:<mpegaudioparse0:sink> deleting message 0xf3abccc0 of types 0x00001000
05-10 10:02:54.123  4415  4500 D GStreamer+bin: 0:02:33.339060306 0xf37ecec0 gstbin.c:963:bin_remove_messages:<decodebin1> not deleting message 0xf37f5b28 of type 0x00100000
05-10 10:02:54.123  4415  4501 D GStreamer+GST_CAPS: 0:02:33.339079993 0xf37ecf50 gstutils.c:2921:gst_pad_query_accept_caps:<h264parse1:sink> accept caps of video/x-h264, stream-format=(string)byte-stream, alignment=(string)au, level=(string)4, profile=(string)baseline, width=(int)1280, height=(int)1440, framerate=(fraction)151/3, pixel-aspect-ratio=(fraction)1/1, parsed=(boolean)true
05-10 10:02:54.123  4415  4500 D GStreamer+GST_BUS: 0:02:33.339121452 0xf37ecec0 gstbus.c:344:gst_bus_post:<bus2> [msg 0xf3abcd18] dropped
05-10 10:02:54.123  4415  4501 D GStreamer+query: 0:02:33.339138066 0xf37ecf50 gstquery.c:674:gst_query_new_custom creating new query 0xf3a4a320 accept-caps
05-10 10:02:54.123  4415  4500 D GStreamer+GST_STATES: 0:02:33.339159368 0xf37ecec0 gstelement.c:2523:gst_element_set_state_func:<mpegaudioparse0> set_state to READY
05-10 10:02:54.123  4415  4501 D GStreamer+GST_PADS: 0:02:33.339182962 0xf37ecf50 gstpad.c:3882:gst_pad_query:<h264parse1:sink> doing query 0xf3a4a320 (accept-caps)
05-10 10:02:54.123  4415  4500 D GStreamer+GST_STATES: 0:02:33.339225098 0xf37ecec0 gstelement.c:2548:gst_element_set_state_func:<mpegaudioparse0> setting target state to READY
05-10 10:02:54.123  4415  4501 D GStreamer+baseparse: 0:02:33.339241660 0xf37ecf50 gstbaseparse.c:1555:gst_base_parse_sink_query:<h264parse1> accept-caps query
05-10 10:02:54.123  4415  4500 D GStreamer+GST_STATES: 0:02:33.339268587 0xf37ecec0 gstelement.c:2561:gst_element_set_state_func:<mpegaudioparse0> current NULL, old_pending VOID_PENDING, next VOID_PENDING, old return SUCCESS
05-10 10:02:54.123  4415  4500 D GStreamer+GST_STATES: 0:02:33.339334316 0xf37ecec0 gstelement.c:2595:gst_element_set_state_func:<mpegaudioparse0> final: setting state from NULL to READY
05-10 10:02:54.123  4415  4501 D GStreamer+GST_PADS: 0:02:33.339351191 0xf37ecf50 gstpad.c:3035:gst_pad_query_accept_caps_default:<h264parse1:sink> query accept-caps accept-caps query: 0xf3a4a320, GstQueryAcceptCaps, caps=(GstCaps)"video/x-h264\,\ stream-format\=\(string\)byte-stream\,\ alignment\=\(string\)au\,\ level\=\(string\)4\,\ profile\=\(string\)baseline\,\ width\=\(int\)1280\,\ height\=\(int\)1440\,\ framerate\=\(fraction\)151/3\,\ pixel-aspect-ratio\=\(fraction\)1/1\,\ parsed\=\(boolean\)true", result=(boolean)false;
05-10 10:02:54.123  4415  4500 D GStreamer+GST_STATES: 0:02:33.339374577 0xf37ecec0 gstelement.c:2684:gst_element_change_state:<mpegaudioparse0> element changed state SUCCESS
05-10 10:02:54.123  4415  4501 D GStreamer+GST_PERFORMANCE: 0:02:33.339394577 0xf37ecf50 gstpad.c:3050:gst_pad_query_accept_caps_default:<h264parse1:sink> fallback ACCEPT_CAPS query, consider implementing a specialized version
05-10 10:02:54.123  4415  4500 I GStreamer+GST_STATES: 0:02:33.339433795 0xf37ecec0 gstelement.c:2372:gst_element_continue_state:<mpegaudioparse0> completed state change to READY
05-10 10:02:54.123  4415  4500 I GStreamer+GST_STATES: 0:02:33.339507025 0xf37ecec0 gstelement.c:2277:_priv_gst_element_state_changed:<mpegaudioparse0> notifying about state-changed NULL to READY (VOID_PENDING pending)
05-10 10:02:54.123  4415  4501 D GStreamer+GST_PADS: 0:02:33.339515566 0xf37ecf50 gstpad.c:3061:gst_pad_query_accept_caps_default:<h264parse1:sink> allowed caps intersect video/x-h264, caps video/x-h264, stream-format=(string)byte-stream, alignment=(string)au, level=(string)4, profile=(string)baseline, width=(int)1280, height=(int)1440, framerate=(fraction)151/3, pixel-aspect-ratio=(fraction)1/1, parsed=(boolean)true
05-10 10:02:54.123  4415  4501 D GStreamer+GST_PADS: 0:02:33.339564420 0xf37ecf50 gstpad.c:3339:gst_pad_query_default:<h264parse1:sink> not forwarding 0xf3a4a320 (accept-caps) query
05-10 10:02:54.123  4415  4500 D GStreamer+GST_BUS: 0:02:33.339604733 0xf37ecec0 gstbus.c:309:gst_bus_post:<bus2> [msg 0xf3abcd70] posting on bus state-changed message: 0xf3abcd70, time 99:99:99.999999999, seq-num 164, element 'mpegaudioparse0', GstMessageStateChanged, old-state=(GstState)GST_STATE_NULL, new-state=(GstState)GST_STATE_READY, pending-state=(GstState)GST_STATE_VOID_PENDING;
05-10 10:02:54.123  4415  4501 D GStreamer+GST_PADS: 0:02:33.339619004 0xf37ecf50 gstpad.c:3905:gst_pad_query:<h264parse1:sink> sent query 0xf3a4a320 (accept-caps), result 1
05-10 10:02:54.123  4415  4500 D GStreamer+bin: 0:02:33.339664525 0xf37ecec0 gstbin.c:3528:gst_bin_handle_message_func:<decodebin1> [msg 0xf3abcd70] handling child mpegaudioparse0 message of type state-changed
05-10 10:02:54.123  4415  4501 D GStreamer+default: 0:02:33.339681608 0xf37ecf50 gstutils.c:2926:gst_pad_query_accept_caps:<h264parse1:sink> query returned 1
05-10 10:02:54.123  4415  4500 D GStreamer+bin: 0:02:33.339701608 0xf37ecec0 gstbin.c:3865:gst_bin_handle_message_func:<decodebin1> posting message upward
05-10 10:02:54.123  4415  4501 D GStreamer+decodebin: 0:02:33.339750306 0xf37ecf50 gstdecodebin2.c:2658:connect_element:<forhwgl> Attempting to connect element h264parse1 [chain:0xf3c1b808] further
05-10 10:02:54.123  4415  4501 D GStreamer+decodebin: 0:02:33.339789108 0xf37ecf50 gstdecodebin2.c:2671:connect_element:<forhwgl> got a source pad template src
05-10 10:02:54.123  4415  4500 D GStreamer+GST_BUS: 0:02:33.339804941 0xf37ecec0 gstbus.c:309:gst_bus_post:<bus4> [msg 0xf3abcd70] posting on bus state-changed message: 0xf3abcd70, time 99:99:99.999999999, seq-num 164, element 'mpegaudioparse0', GstMessageStateChanged, old-state=(GstState)GST_STATE_NULL, new-state=(GstState)GST_STATE_READY, pending-state=(GstState)GST_STATE_VOID_PENDING;
05-10 10:02:54.123  4415  4501 I GStreamer+GST_ELEMENT_PADS: 0:02:33.339824681 0xf37ecf50 gstelement.c:907:gst_element_get_static_pad found pad h264parse1:src
05-10 10:02:54.123  4415  4500 D GStreamer+bin: 0:02:33.339845306 0xf37ecec0 gstbin.c:3528:gst_bin_handle_message_func:<pipeline0> [msg 0xf3abcd70] handling child mpegaudioparse0 message of type state-changed
05-10 10:02:54.123  4415  4501 D GStreamer+decodebin: 0:02:33.339857441 0xf37ecf50 gstdecodebin2.c:2682:connect_element:<forhwgl> got the pad for always template src
05-10 10:02:54.123  4415  4500 D GStreamer+bin: 0:02:33.339897389 0xf37ecec0 gstbin.c:3865:gst_bin_handle_message_func:<pipeline0> posting message upward
05-10 10:02:54.123  4415  4501 D GStreamer+GST_CAPS: 0:02:33.339915358 0xf37ecf50 gstpad.c:2648:gst_pad_get_current_caps:<h264parse1:src> get current pad caps (NULL)
05-10 10:02:54.124  4415  4501 D GStreamer+GST_CAPS: 0:02:33.339972754 0xf37ecf50 gstutils.c:2838:gst_pad_query_caps:<h264parse1:src> get pad caps with filter (NULL)
05-10 10:02:54.124  4415  4500 D GStreamer+GST_BUS: 0:02:33.339998900 0xf37ecec0 gstbus.c:309:gst_bus_post:<bus5> [msg 0xf3abcd70] posting on bus state-changed message: 0xf3abcd70, time 99:99:99.999999999, seq-num 164, element 'mpegaudioparse0', GstMessageStateChanged, old-state=(GstState)GST_STATE_NULL, new-state=(GstState)GST_STATE_READY, pending-state=(GstState)GST_STATE_VOID_PENDING;
05-10 10:02:54.124  4415  4501 D GStreamer+query: 0:02:33.340011868 0xf37ecf50 gstquery.c:674:gst_query_new_custom creating new query 0xf3a4a350 caps
05-10 10:02:54.124  4415  4501 D GStreamer+GST_PADS: 0:02:33.340053170 0xf37ecf50 gstpad.c:3882:gst_pad_query:<h264parse1:src> doing query 0xf3a4a350 (caps)
05-10 10:02:54.124  4415  4500 D GStreamer+GST_BUS: 0:02:33.340058952 0xf37ecec0 gstbus.c:348:gst_bus_post:<bus5> [msg 0xf3abcd70] pushing on async queue
05-10 10:02:54.124  4415  4501 D GStreamer+baseparse: 0:02:33.340110514 0xf37ecf50 gstbaseparse.c:1579:gst_base_parse_src_query:<h264parse1> caps query: caps query: 0xf3a4a350, GstQueryCaps, filter=(GstCaps)"NULL", caps=(GstCaps)"NULL";
05-10 10:02:54.124  4415  4500 D GStreamer+GST_BUS: 0:02:33.340120670 0xf37ecec0 gstbus.c:351:gst_bus_post:<bus5> [msg 0xf3abcd70] pushed on async queue
05-10 10:02:54.124  4415  4500 D GStreamer+GST_BUS: 0:02:33.340170775 0xf37ecec0 gstbus.c:344:gst_bus_post:<bus4> [msg 0xf3abcd70] dropped
05-10 10:02:54.124  4415  4501 D GStreamer+GST_CAPS: 0:02:33.340189733 0xf37ecf50 gstpad.c:3088:gst_pad_query_caps_default:<h264parse1:src> query caps caps query: 0xf3a4a350, GstQueryCaps, filter=(GstCaps)"NULL", caps=(GstCaps)"NULL";
05-10 10:02:54.124  4415  4488 D GStreamer+GST_BUS: 0:02:33.340209420 0xf3964e00 gstbus.c:521:gst_bus_timed_pop_filtered:<bus5> got message 0xf3abcd70, state-changed from mpegaudioparse0, type mask is 4294967295
05-10 10:02:54.124  4415  4501 D GStreamer+GST_CAPS: 0:02:33.340237754 0xf37ecf50 gstpad.c:3105:gst_pad_query_caps_default:<h264parse1:src> fixed pad caps: trying pad caps
05-10 10:02:54.124  4415  4500 D GStreamer+GST_BUS: 0:02:33.340252181 0xf37ecec0 gstbus.c:344:gst_bus_post:<bus2> [msg 0xf3abcd70] dropped
05-10 10:02:54.124  4415  4501 D GStreamer+GST_CAPS: 0:02:33.340303327 0xf37ecf50 gstpad.c:3111:gst_pad_query_caps_default:<h264parse1:src> trying pad template caps
05-10 10:02:54.124  4415  4500 D GStreamer+GST_STATES: 0:02:33.340326973 0xf37ecec0 gstelement.c:2607:gst_element_set_state_func:<mpegaudioparse0> returned SUCCESS
05-10 10:02:54.124  4415  4488 D GStreamer+GST_BUS: 0:02:33.340347077 0xf3964e00 gstbus.c:789:gst_bus_source_dispatch:<bus5> source 0xf3ab6910 calling dispatch with state-changed message: 0xf3abcd70, time 99:99:99.999999999, seq-num 164, element 'mpegaudioparse0', GstMessageStateChanged, old-state=(GstState)GST_STATE_NULL, new-state=(GstState)GST_STATE_READY, pending-state=(GstState)GST_STATE_VOID_PENDING;
05-10 10:02:54.124  4415  4501 D GStreamer+GST_CAPS: 0:02:33.340391452 0xf37ecf50 gstpad.c:3141:gst_pad_query_caps_default:<h264parse1:src> using caps 0xf36dadb8 video/x-h264, parsed=(boolean)true, stream-format=(string){ avc, avc3, byte-stream }, alignment=(string){ au, nal }
05-10 10:02:54.124  4415  4500 D GStreamer+GST_CAPS: 0:02:33.340434733 0xf37ecec0 gstutils.c:2921:gst_pad_query_accept_caps:<mpegaudioparse0:sink> accept caps of audio/mpeg, mpegversion=(int)1, parsed=(boolean)true, rate=(int)24000, channels=(int)1
05-10 10:02:54.124  4415  4501 D GStreamer+GST_PADS: 0:02:33.340472181 0xf37ecf50 gstpad.c:3339:gst_pad_query_default:<h264parse1:src> not forwarding 0xf3a4a350 (caps) query
05-10 10:02:54.124  4415  4488 D GStreamer+GST_BUS: 0:02:33.340508170 0xf3964e00 gstbus.c:794:gst_bus_source_dispatch:<bus5> source 0xf3ab6910 handler returns 1
05-10 10:02:54.124  4415  4500 D GStreamer+query: 0:02:33.340523639 0xf37ecec0 gstquery.c:674:gst_query_new_custom creating new query 0xf3a3f8f0 accept-caps
05-10 10:02:54.124  4415  4501 D GStreamer+GST_PADS: 0:02:33.340535775 0xf37ecf50 gstpad.c:3905:gst_pad_query:<h264parse1:src> sent query 0xf3a4a350 (caps), result 1
05-10 10:02:54.124  4415  4500 D GStreamer+GST_PADS: 0:02:33.340566348 0xf37ecec0 gstpad.c:3882:gst_pad_query:<mpegaudioparse0:sink> doing query 0xf3a3f8f0 (accept-caps)
05-10 10:02:54.124  4415  4501 D GStreamer+GST_CAPS: 0:02:33.340593587 0xf37ecf50 gstutils.c:2845:gst_pad_query_caps:<h264parse1:src> query returned video/x-h264, parsed=(boolean)true, stream-format=(string){ avc, avc3, byte-stream }, alignment=(string){ au, nal }
05-10 10:02:54.124  4415  4500 D GStreamer+baseparse: 0:02:33.340628170 0xf37ecec0 gstbaseparse.c:1555:gst_base_parse_sink_query:<mpegaudioparse0> accept-caps query
05-10 10:02:54.124  4415  4501 D GStreamer+decodebin: 0:02:33.340652493 0xf37ecf50 gstdecodebin2.c:1531:analyze_new_pad:<forhwgl> Pad h264parse1:src caps:video/x-h264, parsed=(boolean)true, stream-format=(string){ avc, avc3, byte-stream }, alignment=(string){ au, nal }
05-10 10:02:54.124  4415  4501 D GStreamer+GST_PADS: 0:02:33.340709889 0xf37ecf50 gstpad.c:1062:gst_pad_set_active:<'':decodepad1> pad was active in push mode
05-10 10:02:54.124  4415  4500 D GStreamer+GST_PADS: 0:02:33.340733639 0xf37ecec0 gstpad.c:3035:gst_pad_query_accept_caps_default:<mpegaudioparse0:sink> query accept-caps accept-caps query: 0xf3a3f8f0, GstQueryAcceptCaps, caps=(GstCaps)"audio/mpeg\,\ mpegversion\=\(int\)1\,\ parsed\=\(boolean\)true\,\ rate\=\(int\)24000\,\ channels\=\(int\)1", result=(boolean)false;
05-10 10:02:54.124  4415  4501 D GStreamer+GST_PADS: 0:02:33.340763118 0xf37ecf50 gstghostpad.c:840:gst_ghost_pad_set_target:<'':decodepad1> set target h264parse1:src
05-10 10:02:54.124  4415  4500 D GStreamer+GST_PERFORMANCE: 0:02:33.340785098 0xf37ecec0 gstpad.c:3050:gst_pad_query_accept_caps_default:<mpegaudioparse0:sink> fallback ACCEPT_CAPS query, consider implementing a specialized version
05-10 10:02:54.124  4415  4501 D GStreamer+GST_PADS: 0:02:33.340816868 0xf37ecf50 gstghostpad.c:862:gst_ghost_pad_set_target:<'':decodepad1> connecting internal pad to target <h264parse1:src>
05-10 10:02:54.124  4415  4500 D GStreamer+GST_PADS: 0:02:33.340873952 0xf37ecec0 gstpad.c:3061:gst_pad_query_accept_caps_default:<mpegaudioparse0:sink> allowed caps intersect audio/mpeg, mpegversion=(int)1, caps audio/mpeg, mpegversion=(int)1, parsed=(boolean)true, rate=(int)24000, channels=(int)1
05-10 10:02:54.124  4415  4501 D GStreamer+GST_BUS: 0:02:33.340907077 0xf37ecf50 gstbus.c:309:gst_bus_post:<bus0> [msg 0xf3ac02c0] posting on bus structure-change message: 0xf3ac02c0, time 99:99:99.999999999, seq-num 165, element 'proxypad5', GstMessageStructureChange, type=(GstStructureChangeType)GST_STRUCTURE_CHANGE_TYPE_PAD_LINK, owner=(GstElement)"\(GstH264Parse\)\ h264parse1", busy=(boolean)true;
05-10 10:02:54.124  4415  4500 D GStreamer+GST_PADS: 0:02:33.340940098 0xf37ecec0 gstpad.c:3339:gst_pad_query_default:<mpegaudioparse0:sink> not forwarding 0xf3a3f8f0 (accept-caps) query
05-10 10:02:54.125  4415  4501 D GStreamer+bin: 0:02:33.340949889 0xf37ecf50 gstbin.c:3528:gst_bin_handle_message_func:<forhwgl> [msg 0xf3ac02c0] handling child proxypad5 message of type structure-change
05-10 10:02:54.125  4415  4500 D GStreamer+GST_PADS: 0:02:33.340984733 0xf37ecec0 gstpad.c:3905:gst_pad_query:<mpegaudioparse0:sink> sent query 0xf3a3f8f0 (accept-caps), result 1
05-10 10:02:54.125  4415  4501 D GStreamer+bin: 0:02:33.341001816 0xf37ecf50 gstbin.c:882:find_message:<forhwgl> no message found matching types 00001000
05-10 10:02:54.125  4415  4501 D GStreamer+bin: 0:02:33.341037910 0xf37ecf50 gstbin.c:889:find_message:<forhwgl>   structure-change
05-10 10:02:54.125  4415  4500 D GStreamer+default: 0:02:33.341025358 0xf37ecec0 gstutils.c:2926:gst_pad_query_accept_caps:<mpegaudioparse0:sink> query returned 1
05-10 10:02:54.125  4415  4500 D GStreamer+decodebin: 0:02:33.341112129 0xf37ecec0 gstdecodebin2.c:2658:connect_element:<decodebin1> Attempting to connect element mpegaudioparse0 [chain:0xf3ad0958] further
05-10 10:02:54.125  4415  4501 D GStreamer+bin: 0:02:33.341118118 0xf37ecf50 gstbin.c:929:bin_replace_message:<forhwgl> got new message 0xf3ac02c0, structure-change from proxypad5
05-10 10:02:54.125  4415  4500 D GStreamer+decodebin: 0:02:33.341166295 0xf37ecec0 gstdecodebin2.c:2671:connect_element:<decodebin1> got a source pad template src
05-10 10:02:54.125  4415  4501 D GStreamer+GST_BUS: 0:02:33.341172545 0xf37ecf50 gstbus.c:344:gst_bus_post:<bus0> [msg 0xf3ac02c0] dropped
05-10 10:02:54.125  4415  4500 I GStreamer+GST_ELEMENT_PADS: 0:02:33.341205150 0xf37ecec0 gstelement.c:907:gst_element_get_static_pad found pad mpegaudioparse0:src
05-10 10:02:54.125  4415  4501 I GStreamer+GST_PADS: 0:02:33.341223327 0xf37ecf50 gstpad.c:2292:gst_pad_link_prepare trying to link h264parse1:src and decodepad1:proxypad5
05-10 10:02:54.125  4415  4500 D GStreamer+decodebin: 0:02:33.341240618 0xf37ecec0 gstdecodebin2.c:2682:connect_element:<decodebin1> got the pad for always template src
05-10 10:02:54.125  4415  4501 I GStreamer+GST_PADS: 0:02:33.341263587 0xf37ecf50 gstpad.c:2498:gst_pad_link_full linked h264parse1:src and decodepad1:proxypad5, successful
05-10 10:02:54.125  4415  4501 I GStreamer+GST_EVENT: 0:02:33.341294993 0xf37ecf50 gstevent.c:1382:gst_event_new_reconfigure creating reconfigure event
05-10 10:02:54.125  4415  4500 D GStreamer+GST_CAPS: 0:02:33.341311348 0xf37ecec0 gstpad.c:2648:gst_pad_get_current_caps:<mpegaudioparse0:src> get current pad caps (NULL)
05-10 10:02:54.125  4415  4501 D GStreamer+GST_EVENT: 0:02:33.341336087 0xf37ecf50 gstevent.c:302:gst_event_new_custom creating new event 0xf39dd510 reconfigure 61441
05-10 10:02:54.125  4415  4500 D GStreamer+GST_CAPS: 0:02:33.341370254 0xf37ecec0 gstutils.c:2838:gst_pad_query_caps:<mpegaudioparse0:src> get pad caps with filter (NULL)
05-10 10:02:54.125  4415  4501 D GStreamer+GST_EVENT: 0:02:33.341387233 0xf37ecf50 gstpad.c:5496:gst_pad_send_event_unchecked:<h264parse1:src> have event type reconfigure event: 0xf39dd510, time 99:99:99.999999999, seq-num 166, (NULL)
05-10 10:02:54.125  4415  4500 D GStreamer+query: 0:02:33.341412077 0xf37ecec0 gstquery.c:674:gst_query_new_custom creating new query 0xf3a3f920 caps
05-10 10:02:54.125  4415  4501 I GStreamer+GST_EVENT: 0:02:33.341421452 0xf37ecf50 gstpad.c:5601:gst_pad_send_event_unchecked:<h264parse1:src> Received event on flushing pad. Discarding
05-10 10:02:54.125  4415  4500 D GStreamer+GST_PADS: 0:02:33.341447129 0xf37ecec0 gstpad.c:3882:gst_pad_query:<mpegaudioparse0:src> doing query 0xf3a3f920 (caps)
05-10 10:02:54.125  4415  4501 D GStreamer+GST_BUS: 0:02:33.341518535 0xf37ecf50 gstbus.c:309:gst_bus_post:<bus0> [msg 0xf3ac0268] posting on bus structure-change message: 0xf3ac0268, time 99:99:99.999999999, seq-num 167, element 'proxypad5', GstMessageStructureChange, type=(GstStructureChangeType)GST_STRUCTURE_CHANGE_TYPE_PAD_LINK, owner=(GstElement)"\(GstH264Parse\)\ h264parse1", busy=(boolean)false;
05-10 10:02:54.125  4415  4500 D GStreamer+baseparse: 0:02:33.341538118 0xf37ecec0 gstbaseparse.c:1579:gst_base_parse_src_query:<mpegaudioparse0> caps query: caps query: 0xf3a3f920, GstQueryCaps, filter=(GstCaps)"NULL", caps=(GstCaps)"NULL";
05-10 10:02:54.125  4415  4501 D GStreamer+bin: 0:02:33.341565254 0xf37ecf50 gstbin.c:3528:gst_bin_handle_message_func:<forhwgl> [msg 0xf3ac0268] handling child proxypad5 message of type structure-change
05-10 10:02:54.125  4415  4500 D GStreamer+GST_CAPS: 0:02:33.341609420 0xf37ecec0 gstpad.c:3088:gst_pad_query_caps_default:<mpegaudioparse0:src> query caps caps query: 0xf3a3f920, GstQueryCaps, filter=(GstCaps)"NULL", caps=(GstCaps)"NULL";
05-10 10:02:54.125  4415  4501 D GStreamer+bin: 0:02:33.341625410 0xf37ecf50 gstbin.c:957:bin_remove_messages:<decodepad1:proxypad5> deleting message 0xf3ac02c0 of types 0x00001000
05-10 10:02:54.125  4415  4500 D GStreamer+GST_CAPS: 0:02:33.341651868 0xf37ecec0 gstpad.c:3105:gst_pad_query_caps_default:<mpegaudioparse0:src> fixed pad caps: trying pad caps
05-10 10:02:54.125  4415  4501 D GStreamer+bin: 0:02:33.341678170 0xf37ecf50 gstbin.c:963:bin_remove_messages:<forhwgl> not deleting message 0xf3abced0 of type 0x00100000
05-10 10:02:54.125  4415  4500 D GStreamer+GST_CAPS: 0:02:33.341707910 0xf37ecec0 gstpad.c:3111:gst_pad_query_caps_default:<mpegaudioparse0:src> trying pad template caps
05-10 10:02:54.125  4415  4501 D GStreamer+GST_BUS: 0:02:33.341716973 0xf37ecf50 gstbus.c:344:gst_bus_post:<bus0> [msg 0xf3ac0268] dropped
05-10 10:02:54.125  4415  4500 D GStreamer+GST_CAPS: 0:02:33.341776139 0xf37ecec0 gstpad.c:3141:gst_pad_query_caps_default:<mpegaudioparse0:src> using caps 0xf3673990 audio/mpeg, mpegversion=(int)1, layer=(int)[ 1, 3 ], mpegaudioversion=(int)[ 1, 3 ], rate=(int)[ 8000, 48000 ], channels=(int)[ 1, 2 ], parsed=(boolean)true
05-10 10:02:54.125  4415  4501 D GStreamer+decodebin: 0:02:33.341782806 0xf37ecf50 gstdecodebin2.c:1395:gst_decode_bin_autoplug_factories:<forhwgl> finding factories
05-10 10:02:54.125  4415  4501 D GStreamer+GST_ELEMENT_FACTORY: 0:02:33.341819889 0xf37ecf50 gstelementfactory.c:837:gst_element_factory_list_filter finding factories
05-10 10:02:54.125  4415  4500 D GStreamer+GST_PADS: 0:02:33.341834368 0xf37ecec0 gstpad.c:3339:gst_pad_query_default:<mpegaudioparse0:src> not forwarding 0xf3a3f920 (caps) query
05-10 10:02:54.125  4415  4501 D GStreamer+GST_ELEMENT_FACTORY: 0:02:33.341853223 0xf37ecf50 gstelementfactory.c:848:gst_element_factory_list_filter Trying mpegaudioparse
05-10 10:02:54.125  4415  4500 D GStreamer+GST_PADS: 0:02:33.341881973 0xf37ecec0 gstpad.c:3905:gst_pad_query:<mpegaudioparse0:src> sent query 0xf3a3f920 (caps), result 1
05-10 10:02:54.125  4415  4501 D GStreamer+GST_ELEMENT_FACTORY: 0:02:33.341897910 0xf37ecf50 gstelementfactory.c:848:gst_element_factory_list_filter Trying aacparse
05-10 10:02:54.126  4415  4501 D GStreamer+GST_ELEMENT_FACTORY: 0:02:33.341941087 0xf37ecf50 gstelementfactory.c:848:gst_element_factory_list_filter Trying ac3parse
05-10 10:02:54.126  4415  4500 D GStreamer+GST_CAPS: 0:02:33.341968743 0xf37ecec0 gstutils.c:2845:gst_pad_query_caps:<mpegaudioparse0:src> query returned audio/mpeg, mpegversion=(int)1, layer=(int)[ 1, 3 ], mpegaudioversion=(int)[ 1, 3 ], rate=(int)[ 8000, 48000 ], channels=(int)[ 1, 2 ], parsed=(boolean)true
05-10 10:02:54.126  4415  4501 D GStreamer+GST_ELEMENT_FACTORY: 0:02:33.341981452 0xf37ecf50 gstelementfactory.c:848:gst_element_factory_list_filter Trying amrparse
05-10 10:02:54.126  4415  4501 D GStreamer+GST_ELEMENT_FACTORY: 0:02:33.342014525 0xf37ecf50 gstelementfactory.c:848:gst_element_factory_list_filter Trying dcaparse
05-10 10:02:54.126  4415  4500 D GStreamer+decodebin: 0:02:33.342059941 0xf37ecec0 gstdecodebin2.c:1531:analyze_new_pad:<decodebin1> Pad mpegaudioparse0:src caps:audio/mpeg, mpegversion=(int)1, layer=(int)[ 1, 3 ], mpegaudioversion=(int)[ 1, 3 ], rate=(int)[ 8000, 48000 ], channels=(int)[ 1, 2 ], parsed=(boolean)true
05-10 10:02:54.126  4415  4501 D GStreamer+GST_ELEMENT_FACTORY: 0:02:33.342076608 0xf37ecf50 gstelementfactory.c:848:gst_element_factory_list_filter Trying flacparse
05-10 10:02:54.126  4415  4500 D GStreamer+GST_PADS: 0:02:33.342106087 0xf37ecec0 gstpad.c:1062:gst_pad_set_active:<'':decodepad0> pad was active in push mode
05-10 10:02:54.126  4415  4501 D GStreamer+GST_ELEMENT_FACTORY: 0:02:33.342121556 0xf37ecf50 gstelementfactory.c:848:gst_element_factory_list_filter Trying h263parse
05-10 10:02:54.126  4415  4501 D GStreamer+GST_ELEMENT_FACTORY: 0:02:33.342159525 0xf37ecf50 gstelementfactory.c:848:gst_element_factory_list_filter Trying h264parse
05-10 10:02:54.126  4415  4500 D GStreamer+GST_PADS: 0:02:33.342175931 0xf37ecec0 gstghostpad.c:840:gst_ghost_pad_set_target:<'':decodepad0> set target mpegaudioparse0:src
05-10 10:02:54.126  4415  4501 D GStreamer+GST_ELEMENT_FACTORY: 0:02:33.342193691 0xf37ecf50 gstelementfactory.c:848:gst_element_factory_list_filter Trying mpeg4videoparse
05-10 10:02:54.126  4415  4501 D GStreamer+GST_ELEMENT_FACTORY: 0:02:33.342243795 0xf37ecf50 gstelementfactory.c:848:gst_element_factory_list_filter Trying mpegvideoparse
05-10 10:02:54.126  4415  4500 D GStreamer+GST_PADS: 0:02:33.342228223 0xf37ecec0 gstghostpad.c:862:gst_ghost_pad_set_target:<'':decodepad0> connecting internal pad to target <mpegaudioparse0:src>
05-10 10:02:54.126  4415  4501 D GStreamer+GST_ELEMENT_FACTORY: 0:02:33.342281712 0xf37ecf50 gstelementfactory.c:848:gst_element_factory_list_filter Trying sbcparse
05-10 10:02:54.126  4415  4501 D GStreamer+GST_ELEMENT_FACTORY: 0:02:33.342318379 0xf37ecf50 gstelementfactory.c:848:gst_element_factory_list_filter Trying wavpackparse
05-10 10:02:54.126  4415  4500 D GStreamer+GST_BUS: 0:02:33.342335618 0xf37ecec0 gstbus.c:309:gst_bus_post:<bus2> [msg 0xf3abcdc8] posting on bus structure-change message: 0xf3abcdc8, time 99:99:99.999999999, seq-num 168, element 'proxypad4', GstMessageStructureChange, type=(GstStructureChangeType)GST_STRUCTURE_CHANGE_TYPE_PAD_LINK, owner=(GstElement)"\(GstMpegAudioParse\)\ mpegaudioparse0", busy=(boolean)true;
05-10 10:02:54.126  4415  4501 D GStreamer+GST_ELEMENT_FACTORY: 0:02:33.342351452 0xf37ecf50 gstelementfactory.c:848:gst_element_factory_list_filter Trying avisubtitle
05-10 10:02:54.126  4415  4501 D GStreamer+GST_ELEMENT_FACTORY: 0:02:33.342386295 0xf37ecf50 gstelementfactory.c:848:gst_element_factory_list_filter Trying oggaviparse
05-10 10:02:54.126  4415  4500 D GStreamer+bin: 0:02:33.342402129 0xf37ecec0 gstbin.c:3528:gst_bin_handle_message_func:<decodebin1> [msg 0xf3abcdc8] handling child proxypad4 message of type structure-change
05-10 10:02:54.126  4415  4501 D GStreamer+GST_ELEMENT_FACTORY: 0:02:33.342420098 0xf37ecf50 gstelementfactory.c:848:gst_element_factory_list_filter Trying pngparse
05-10 10:02:54.126  4415  4500 D GStreamer+bin: 0:02:33.342445723 0xf37ecec0 gstbin.c:882:find_message:<decodebin1> no message found matching types 00001000
05-10 10:02:54.126  4415  4501 D GStreamer+GST_ELEMENT_FACTORY: 0:02:33.342461712 0xf37ecf50 gstelementfactory.c:848:gst_element_factory_list_filter Trying ssaparse
05-10 10:02:54.126  4415  4501 D GStreamer+GST_ELEMENT_FACTORY: 0:02:33.342510670 0xf37ecf50 gstelementfactory.c:848:gst_element_factory_list_filter Trying subparse
05-10 10:02:54.126  4415  4500 D GStreamer+bin: 0:02:33.342526400 0xf37ecec0 gstbin.c:889:find_message:<decodebin1>   structure-change
05-10 10:02:54.126  4415  4501 D GStreamer+GST_ELEMENT_FACTORY: 0:02:33.342544733 0xf37ecf50 gstelementfactory.c:848:gst_element_factory_list_filter Trying h265parse
05-10 10:02:54.126  4415  4501 D GStreamer+GST_ELEMENT_FACTORY: 0:02:33.342579004 0xf37ecf50 gstelementfactory.c:848:gst_element_factory_list_filter Trying adpcmdec
05-10 10:02:54.126  4415  4500 D GStreamer+bin: 0:02:33.342594993 0xf37ecec0 gstbin.c:929:bin_replace_message:<decodebin1> got new message 0xf3abcdc8, structure-change from proxypad4
05-10 10:02:54.126  4415  4501 D GStreamer+GST_ELEMENT_FACTORY: 0:02:33.342612025 0xf37ecf50 gstelementfactory.c:848:gst_element_factory_list_filter Trying alawdec
05-10 10:02:54.126  4415  4501 D GStreamer+GST_ELEMENT_FACTORY: 0:02:33.342644004 0xf37ecf50 gstelementfactory.c:848:gst_element_factory_list_filter Trying amcauddec-omxgoogleaacdecoder
05-10 10:02:54.126  4415  4500 D GStreamer+GST_BUS: 0:02:33.342649837 0xf37ecec0 gstbus.c:344:gst_bus_post:<bus2> [msg 0xf3abcdc8] dropped
05-10 10:02:54.126  4415  4501 D GStreamer+GST_ELEMENT_FACTORY: 0:02:33.342675045 0xf37ecf50 gstelementfactory.c:848:gst_element_factory_list_filter Trying amcauddec-omxgoogleamrnbdecoder
05-10 10:02:54.126  4415  4500 I GStreamer+GST_PADS: 0:02:33.342702545 0xf37ecec0 gstpad.c:2292:gst_pad_link_prepare trying to link mpegaudioparse0:src and decodepad0:proxypad4
05-10 10:02:54.126  4415  4501 D GStreamer+GST_ELEMENT_FACTORY: 0:02:33.342717858 0xf37ecf50 gstelementfactory.c:848:gst_element_factory_list_filter Trying amcauddec-omxgoogleamrwbdecoder
05-10 10:02:54.126  4415  4500 I GStreamer+GST_PADS: 0:02:33.342739212 0xf37ecec0 gstpad.c:2498:gst_pad_link_full linked mpegaudioparse0:src and decodepad0:proxypad4, successful
05-10 10:02:54.126  4415  4501 D GStreamer+GST_ELEMENT_FACTORY: 0:02:33.342755045 0xf37ecf50 gstelementfactory.c:848:gst_element_factory_list_filter Trying amcauddec-omxgooglemp3decoder
05-10 10:02:54.126  4415  4500 I GStreamer+GST_EVENT: 0:02:33.342768743 0xf37ecec0 gstevent.c:1382:gst_event_new_reconfigure creating reconfigure event
05-10 10:02:54.126  4415  4501 D GStreamer+GST_ELEMENT_FACTORY: 0:02:33.342783587 0xf37ecf50 gstelementfactory.c:848:gst_element_factory_list_filter Trying amcauddec-omxgoogleopusdecoder
05-10 10:02:54.126  4415  4501 D GStreamer+GST_ELEMENT_FACTORY: 0:02:33.342817598 0xf37ecf50 gstelementfactory.c:848:gst_element_factory_list_filter Trying amcviddec-omxnvidiah263decode
05-10 10:02:54.126  4415  4500 D GStreamer+GST_EVENT: 0:02:33.342833379 0xf37ecec0 gstevent.c:302:gst_event_new_custom creating new event 0xf39db4d8 reconfigure 61441
05-10 10:02:54.126  4415  4501 D GStreamer+GST_ELEMENT_FACTORY: 0:02:33.342852545 0xf37ecf50 gstelementfactory.c:848:gst_element_factory_list_filter Trying amcviddec-omxnvidiah264decode
05-10 10:02:54.126  4415  4501 D GStreamer+GST_ELEMENT_FACTORY: 0:02:33.342895879 0xf37ecf50 gstelementfactory.c:848:gst_element_factory_list_filter Trying amcviddec-omxnvidiah265decode
05-10 10:02:54.126  4415  4500 D GStreamer+GST_EVENT: 0:02:33.342920410 0xf37ecec0 gstpad.c:5496:gst_pad_send_event_unchecked:<mpegaudioparse0:src> have event type reconfigure event: 0xf39db4d8, time 99:99:99.999999999, seq-num 169, (NULL)
05-10 10:02:54.126  4415  4501 D GStreamer+GST_ELEMENT_FACTORY: 0:02:33.342929525 0xf37ecf50 gstelementfactory.c:848:gst_element_factory_list_filter Trying amcviddec-omxnvidiamp4decode
05-10 10:02:54.127  4415  4500 I GStreamer+GST_EVENT: 0:02:33.342962702 0xf37ecec0 gstpad.c:5601:gst_pad_send_event_unchecked:<mpegaudioparse0:src> Received event on flushing pad. Discarding
05-10 10:02:54.127  4415  4501 D GStreamer+GST_ELEMENT_FACTORY: 0:02:33.342978379 0xf37ecf50 gstelementfactory.c:848:gst_element_factory_list_filter Trying amcviddec-omxnvidiavp8decode
05-10 10:02:54.127  4415  4501 D GStreamer+GST_ELEMENT_FACTORY: 0:02:33.343012181 0xf37ecf50 gstelementfactory.c:848:gst_element_factory_list_filter Trying amcviddec-omxnvidiavp9decode
05-10 10:02:54.127  4415  4501 D GStreamer+GST_ELEMENT_FACTORY: 0:02:33.343045723 0xf37ecf50 gstelementfactory.c:848:gst_element_factory_list_filter Trying apedemux
05-10 10:02:54.127  4415  4500 D GStreamer+GST_BUS: 0:02:33.343064473 0xf37ecec0 gstbus.c:309:gst_bus_post:<bus2> [msg 0xf3abce20] posting on bus structure-change message: 0xf3abce20, time 99:99:99.999999999, seq-num 170, element 'proxypad4', GstMessageStructureChange, type=(GstStructureChangeType)GST_STRUCTURE_CHANGE_TYPE_PAD_LINK, owner=(GstElement)"\(GstMpegAudioParse\)\ mpegaudioparse0", busy=(boolean)false;
05-10 10:02:54.127  4415  4501 D GStreamer+GST_ELEMENT_FACTORY: 0:02:33.343079733 0xf37ecf50 gstelementfactory.c:848:gst_element_factory_list_filter Trying avidemux
05-10 10:02:54.127  4415  4501 D GStreamer+GST_ELEMENT_FACTORY: 0:02:33.343130983 0xf37ecf50 gstelementfactory.c:848:gst_element_factory_list_filter Trying dashdemux
05-10 10:02:54.127  4415  4500 D GStreamer+bin: 0:02:33.343136764 0xf37ecec0 gstbin.c:3528:gst_bin_handle_message_func:<decodebin1> [msg 0xf3abce20] handling child proxypad4 message of type structure-change
05-10 10:02:54.127  4415  4501 D GStreamer+GST_ELEMENT_FACTORY: 0:02:33.343162650 0xf37ecf50 gstelementfactory.c:848:gst_element_factory_list_filter Trying dvdemux
05-10 10:02:54.127  4415  4500 D GStreamer+bin: 0:02:33.343183014 0xf37ecec0 gstbin.c:957:bin_remove_messages:<decodepad0:proxypad4> deleting message 0xf3abcdc8 of types 0x00001000
05-10 10:02:54.127  4415  4501 D GStreamer+GST_ELEMENT_FACTORY: 0:02:33.343200879 0xf37ecf50 gstelementfactory.c:848:gst_element_factory_list_filter Trying flacdec
05-10 10:02:54.127  4415  4501 D GStreamer+GST_ELEMENT_FACTORY: 0:02:33.343233170 0xf37ecf50 gstelementfactory.c:848:gst_element_factory_list_filter Trying flvdemux
05-10 10:02:54.127  4415  4500 D GStreamer+bin: 0:02:33.343246191 0xf37ecec0 gstbin.c:963:bin_remove_messages:<decodebin1> not deleting message 0xf37f5b28 of type 0x00100000
05-10 10:02:54.127  4415  4501 D GStreamer+GST_ELEMENT_FACTORY: 0:02:33.343263483 0xf37ecf50 gstelementfactory.c:848:gst_element_factory_list_filter Trying flxdec
05-10 10:02:54.127  4415  4500 D GStreamer+GST_BUS: 0:02:33.343289837 0xf37ecec0 gstbus.c:344:gst_bus_post:<bus2> [msg 0xf3abce20] dropped
05-10 10:02:54.127  4415  4501 D GStreamer+GST_ELEMENT_FACTORY: 0:02:33.343306295 0xf37ecf50 gstelementfactory.c:848:gst_element_factory_list_filter Trying hlsdemux
05-10 10:02:54.127  4415  4500 D GStreamer+decodebin: 0:02:33.343329420 0xf37ecec0 gstdecodebin2.c:1889:analyze_new_pad:<mpegaudioparse0:src> pad has non-fixed caps delay autoplugging
05-10 10:02:54.127  4415  4501 D GStreamer+GST_ELEMENT_FACTORY: 0:02:33.343338118 0xf37ecf50 gstelementfactory.c:848:gst_element_factory_list_filter Trying icydemux
05-10 10:02:54.127  4415  4501 D GStreamer+GST_ELEMENT_FACTORY: 0:02:33.343382285 0xf37ecf50 gstelementfactory.c:848:gst_element_factory_list_filter Trying id3demux
05-10 10:02:54.127  4415  4500 D GStreamer+GST_STATES: 0:02:33.343399525 0xf37ecec0 gstelement.c:2523:gst_element_set_state_func:<mpegaudioparse0> set_state to PAUSED
05-10 10:02:54.127  4415  4501 D GStreamer+GST_ELEMENT_FACTORY: 0:02:33.343420618 0xf37ecf50 gstelementfactory.c:848:gst_element_factory_list_filter Trying jpegdec
05-10 10:02:54.127  4415  4500 D GStreamer+GST_STATES: 0:02:33.343458535 0xf37ecec0 gstelement.c:2548:gst_element_set_state_func:<mpegaudioparse0> setting target state to PAUSED
05-10 10:02:54.127  4415  4501 D GStreamer+GST_ELEMENT_FACTORY: 0:02:33.343474160 0xf37ecf50 gstelementfactory.c:848:gst_element_factory_list_filter Trying katedec
05-10 10:02:54.127  4415  4500 D GStreamer+GST_STATES: 0:02:33.343513639 0xf37ecec0 gstelement.c:2561:gst_element_set_state_func:<mpegaudioparse0> current READY, old_pending VOID_PENDING, next VOID_PENDING, old return SUCCESS
05-10 10:02:54.127  4415  4501 D GStreamer+GST_ELEMENT_FACTORY: 0:02:33.343530410 0xf37ecf50 gstelementfactory.c:848:gst_element_factory_list_filter Trying matroskademux
05-10 10:02:54.127  4415  4500 D GStreamer+GST_STATES: 0:02:33.343570879 0xf37ecec0 gstelement.c:2595:gst_element_set_state_func:<mpegaudioparse0> final: setting state from READY to PAUSED
05-10 10:02:54.127  4415  4501 D GStreamer+GST_ELEMENT_FACTORY: 0:02:33.343586295 0xf37ecf50 gstelementfactory.c:848:gst_element_factory_list_filter Trying midiparse
05-10 10:02:54.127  4415  4500 D GStreamer+baseparse: 0:02:33.343608795 0xf37ecec0 gstbaseparse.c:4782:gst_base_parse_change_state:<mpegaudioparse0> no index provided creating our own
05-10 10:02:54.127  4415  4501 D GStreamer+GST_ELEMENT_FACTORY: 0:02:33.343618275 0xf37ecf50 gstelementfactory.c:848:gst_element_factory_list_filter Trying mssdemux
05-10 10:02:54.127  4415  4501 D GStreamer+GST_ELEMENT_FACTORY: 0:02:33.343651087 0xf37ecf50 gstelementfactory.c:848:gst_element_factory_list_filter Trying mulawdec
05-10 10:02:54.127  4415  4500 D GStreamer+default: 0:02:33.343681660 0xf37ecec0 gstindex.c:280:gst_index_group_new created new index group 0
05-10 10:02:54.127  4415  4501 D GStreamer+GST_ELEMENT_FACTORY: 0:02:33.343697910 0xf37ecf50 gstelementfactory.c:848:gst_element_factory_list_filter Trying multipartdemux
05-10 10:02:54.127  4415  4500 D GStreamer+default: 0:02:33.343730931 0xf37ecec0 gstindex.c:193:gst_index_init created new index
05-10 10:02:54.127  4415  4501 D GStreamer+GST_ELEMENT_FACTORY: 0:02:33.343755150 0xf37ecf50 gstelementfactory.c:848:gst_element_factory_list_filter Trying mxfdemux
05-10 10:02:54.127  4415  4500 D GStreamer+default: 0:02:33.343786348 0xf37ecec0 gstmemindex.c:128:gst_mem_index_init created new mem index
05-10 10:02:54.127  4415  4501 D GStreamer+GST_ELEMENT_FACTORY: 0:02:33.343802077 0xf37ecf50 gstelementfactory.c:848:gst_element_factory_list_filter Trying oggdemux
05-10 10:02:54.127  4415  4501 D GStreamer+GST_ELEMENT_FACTORY: 0:02:33.343839889 0xf37ecf50 gstelementfactory.c:848:gst_element_factory_list_filter Trying ogmaudioparse
05-10 10:02:54.127  4415  4501 D GStreamer+GST_ELEMENT_FACTORY: 0:02:33.343872806 0xf37ecf50 gstelementfactory.c:848:gst_element_factory_list_filter Trying ogmtextparse
05-10 10:02:54.127  4415  4500 D GStreamer+GST_ELEMENT_PADS: 0:02:33.343892441 0xf37ecec0 gstelement.c:2793:gst_element_pads_activate:<mpegaudioparse0> activate pads
05-10 10:02:54.127  4415  4501 D GStreamer+GST_ELEMENT_FACTORY: 0:02:33.343914108 0xf37ecf50 gstelementfactory.c:848:gst_element_factory_list_filter Trying ogmvideoparse
05-10 10:02:54.127  4415  4500 D GStreamer+GST_PADS: 0:02:33.343934681 0xf37ecec0 gstpad.c:1056:gst_pad_set_active:<mpegaudioparse0:src> activating pad from none
05-10 10:02:54.127  4415  4501 D GStreamer+GST_ELEMENT_FACTORY: 0:02:33.343943900 0xf37ecf50 gstelementfactory.c:848:gst_element_factory_list_filter Trying openjpegdec
05-10 10:02:54.128  4415  4501 D GStreamer+GST_ELEMENT_FACTORY: 0:02:33.343976868 0xf37ecf50 gstelementfactory.c:848:gst_element_factory_list_filter Trying opusdec
05-10 10:02:54.128  4415  4500 D GStreamer+GST_PADS: 0:02:33.344005775 0xf37ecec0 gstpad.c:972:pre_activate:<mpegaudioparse0:src> setting pad into push mode, unset flushing
05-10 10:02:54.128  4415  4501 D GStreamer+GST_ELEMENT_FACTORY: 0:02:33.344021504 0xf37ecf50 gstelementfactory.c:848:gst_element_factory_list_filter Trying pngdec
05-10 10:02:54.128  4415  4500 D GStreamer+GST_PADS: 0:02:33.344048587 0xf37ecec0 gstpad.c:1198:gst_pad_activate_mode:<mpegaudioparse0:src> activated in push mode
05-10 10:02:54.128  4415  4501 D GStreamer+GST_ELEMENT_FACTORY: 0:02:33.344064889 0xf37ecf50 gstelementfactory.c:848:gst_element_factory_list_filter Trying pnmdec
05-10 10:02:54.128  4415  4501 D GStreamer+GST_ELEMENT_FACTORY: 0:02:33.344105879 0xf37ecf50 gstelementfactory.c:848:gst_element_factory_list_filter Trying qtdemux
05-10 10:02:54.128  4415  4500 D GStreamer+GST_PADS: 0:02:33.344089629 0xf37ecec0 gstpad.c:1056:gst_pad_set_active:<mpegaudioparse0:sink> activating pad from none
05-10 10:02:54.128  4415  4501 D GStreamer+GST_ELEMENT_FACTORY: 0:02:33.344143483 0xf37ecf50 gstelementfactory.c:848:gst_element_factory_list_filter Trying rsvgdec
05-10 10:02:54.128  4415  4500 D GStreamer+baseparse: 0:02:33.344159525 0xf37ecec0 gstbaseparse.c:3585:gst_base_parse_sink_activate:<mpegaudioparse0> sink activate
05-10 10:02:54.128  4415  4501 D GStreamer+GST_ELEMENT_FACTORY: 0:02:33.344175358 0xf37ecf50 gstelementfactory.c:848:gst_element_factory_list_filter Trying rtpopusdepay
05-10 10:02:54.128  4415  4500 D GStreamer+query: 0:02:33.344223379 0xf37ecec0 gstquery.c:674:gst_query_new_custom creating new query 0xf3a3f950 scheduling
05-10 10:02:54.128  4415  4501 D GStreamer+GST_ELEMENT_FACTORY: 0:02:33.344239577 0xf37ecf50 gstelementfactory.c:848:gst_element_factory_list_filter Trying schrodec
05-10 10:02:54.128  4415  4500 D GStreamer+GST_PADS: 0:02:33.344265775 0xf37ecec0 gstpad.c:4009:gst_pad_peer_query:<mpegaudioparse0:sink> peer query 0xf3a3f950 (scheduling)
05-10 10:02:54.128  4415  4501 D GStreamer+GST_ELEMENT_FACTORY: 0:02:33.344281973 0xf37ecf50 gstelementfactory.c:848:gst_element_factory_list_filter Trying speexdec
05-10 10:02:54.128  4415  4501 D GStreamer+GST_ELEMENT_FACTORY: 0:02:33.344319264 0xf37ecf50 gstelementfactory.c:848:gst_element_factory_list_filter Trying theoradec
05-10 10:02:54.128  4415  4500 D GStreamer+GST_PADS: 0:02:33.344332910 0xf37ecec0 gstpad.c:3882:gst_pad_query:<typefind:src> doing query 0xf3a3f950 (scheduling)
05-10 10:02:54.128  4415  4501 D GStreamer+GST_ELEMENT_FACTORY: 0:02:33.344354525 0xf37ecf50 gstelementfactory.c:848:gst_element_factory_list_filter Trying vorbisdec
05-10 10:02:54.128  4415  4500 D GStreamer+typefind: 0:02:33.344380202 0xf37ecec0 gsttypefindelement.c:365:gst_type_find_handle_src_query:<typefind> Handling src query scheduling
05-10 10:02:54.128  4415  4501 D GStreamer+GST_ELEMENT_FACTORY: 0:02:33.344396660 0xf37ecf50 gstelementfactory.c:848:gst_element_factory_list_filter Trying vp8dec
05-10 10:02:54.128  4415  4501 D GStreamer+GST_ELEMENT_FACTORY: 0:02:33.344438170 0xf37ecf50 gstelementfactory.c:848:gst_element_factory_list_filter Trying vp9dec
05-10 10:02:54.128  4415  4500 D GStreamer+GST_PADS: 0:02:33.344423795 0xf37ecec0 gstpad.c:4009:gst_pad_peer_query:<typefind:sink> peer query 0xf3a3f950 (scheduling)
05-10 10:02:54.128  4415  4501 D GStreamer+GST_ELEMENT_FACTORY: 0:02:33.344470775 0xf37ecf50 gstelementfactory.c:848:gst_element_factory_list_filter Trying wavpackdec
05-10 10:02:54.128  4415  4500 D GStreamer+GST_PADS: 0:02:33.344492337 0xf37ecec0 gstpad.c:3882:gst_pad_query:<sink:proxypad2> doing query 0xf3a3f950 (scheduling)
05-10 10:02:54.128  4415  4501 D GStreamer+GST_ELEMENT_FACTORY: 0:02:33.344514941 0xf37ecf50 gstelementfactory.c:848:gst_element_factory_list_filter Trying wavparse
05-10 10:02:54.128  4415  4500 D GStreamer+GST_PADS: 0:02:33.344560618 0xf37ecec0 gstpad.c:3339:gst_pad_query_default:<sink:proxypad2> forwarding 0xf3a3f950 (scheduling) query
05-10 10:02:54.128  4415  4501 D GStreamer+GST_ELEMENT_FACTORY: 0:02:33.344576504 0xf37ecf50 gstelementfactory.c:848:gst_element_factory_list_filter Trying amcviddec-omxgoogleh263decoder
05-10 10:02:54.128  4415  4500 D GStreamer+GST_PADS: 0:02:33.344610150 0xf37ecec0 gstpad.c:4009:gst_pad_peer_query:<decodebin1:sink> peer query 0xf3a3f950 (scheduling)
05-10 10:02:54.128  4415  4501 D GStreamer+GST_ELEMENT_FACTORY: 0:02:33.344625618 0xf37ecf50 gstelementfactory.c:848:gst_element_factory_list_filter Trying amcviddec-omxgoogleh264decoder
05-10 10:02:54.128  4415  4500 D GStreamer+GST_PADS: 0:02:33.344668900 0xf37ecec0 gstpad.c:3882:gst_pad_query:<queue2:src> doing query 0xf3a3f950 (scheduling)
05-10 10:02:54.128  4415  4501 D GStreamer+GST_ELEMENT_FACTORY: 0:02:33.344684525 0xf37ecf50 gstelementfactory.c:848:gst_element_factory_list_filter Trying amcviddec-omxgooglehevcdecoder
05-10 10:02:54.128  4415  4500 D GStreamer+GST_PADS: 0:02:33.344721973 0xf37ecec0 gstpad.c:3905:gst_pad_query:<queue2:src> sent query 0xf3a3f950 (scheduling), result 1
05-10 10:02:54.128  4415  4501 D GStreamer+GST_ELEMENT_FACTORY: 0:02:33.344737181 0xf37ecf50 gstelementfactory.c:848:gst_element_factory_list_filter Trying amcviddec-omxgooglempeg4decoder
05-10 10:02:54.128  4415  4501 D GStreamer+GST_ELEMENT_FACTORY: 0:02:33.344769316 0xf37ecf50 gstelementfactory.c:848:gst_element_factory_list_filter Trying amcviddec-omxgooglevp8decoder
05-10 10:02:54.128  4415  4500 D GStreamer+GST_PADS: 0:02:33.344786087 0xf37ecec0 gstpad.c:3905:gst_pad_query:<sink:proxypad2> sent query 0xf3a3f950 (scheduling), result 1
05-10 10:02:54.128  4415  4501 D GStreamer+GST_ELEMENT_FACTORY: 0:02:33.344807181 0xf37ecf50 gstelementfactory.c:848:gst_element_factory_list_filter Trying amcviddec-omxgooglevp9decoder
05-10 10:02:54.128  4415  4500 D GStreamer+GST_PADS: 0:02:33.344835358 0xf37ecec0 gstpad.c:3905:gst_pad_query:<typefind:src> sent query 0xf3a3f950 (scheduling), result 1
05-10 10:02:54.128  4415  4501 D GStreamer+GST_ELEMENT_FACTORY: 0:02:33.344851556 0xf37ecf50 gstelementfactory.c:848:gst_element_factory_list_filter Trying auparse
05-10 10:02:54.128  4415  4501 D GStreamer+GST_ELEMENT_FACTORY: 0:02:33.344882962 0xf37ecf50 gstelementfactory.c:848:gst_element_factory_list_filter Trying ivorbisdec
05-10 10:02:54.128  4415  4500 D GStreamer+baseparse: 0:02:33.344899525 0xf37ecec0 gstbaseparse.c:3614:gst_base_parse_sink_activate:<mpegaudioparse0> trying to activate in push mode
05-10 10:02:54.128  4415  4501 D GStreamer+GST_ELEMENT_FACTORY: 0:02:33.344917181 0xf37ecf50 gstelementfactory.c:848:gst_element_factory_list_filter Trying rtpL16depay
05-10 10:02:54.128  4415  4500 D GStreamer+GST_PADS: 0:02:33.344943118 0xf37ecec0 gstpad.c:972:pre_activate:<mpegaudioparse0:sink> setting pad into push mode, unset flushing
