05-10 10:02:54.156  4415  4501 D GStreamer+GST_PADS: 0:02:33.372429629 0xf37ecf50 gstghostpad.c:862:gst_ghost_pad_set_target:<'':decodepad1> connecting internal pad to target <capsfilter1:src>
05-10 10:02:54.156  4415  4500 D GStreamer+GST_EVENT: 0:02:33.372502962 0xf37ecec0 gstpad.c:5496:gst_pad_send_event_unchecked:<sink:proxypad2> have event type reconfigure event: 0xf39db5f8, time 99:99:99.999999999, seq-num 198, (NULL)
05-10 10:02:54.156  4415  4501 D GStreamer+GST_BUS: 0:02:33.372527650 0xf37ecf50 gstbus.c:309:gst_bus_post:<bus0> [msg 0xf3abda28] posting on bus structure-change message: 0xf3abda28, time 99:99:99.999999999, seq-num 199, element 'proxypad5', GstMessageStructureChange, type=(GstStructureChangeType)GST_STRUCTURE_CHANGE_TYPE_PAD_LINK, owner=(GstElement)"\(GstCapsFilter\)\ capsfilter1", busy=(boolean)true;
05-10 10:02:54.156  4415  4500 D GStreamer+GST_EVENT: 0:02:33.372572650 0xf37ecec0 gstpad.c:5496:gst_pad_send_event_unchecked:<queue2:src> have event type reconfigure event: 0xf39db5f8, time 99:99:99.999999999, seq-num 198, (NULL)
05-10 10:02:54.156  4415  4501 D GStreamer+bin: 0:02:33.372589160 0xf37ecf50 gstbin.c:3528:gst_bin_handle_message_func:<forhwgl> [msg 0xf3abda28] handling child proxypad5 message of type structure-change
05-10 10:02:54.156  4415  4501 D GStreamer+bin: 0:02:33.372635462 0xf37ecf50 gstbin.c:882:find_message:<forhwgl> no message found matching types 00001000
05-10 10:02:54.156  4415  4500 D GStreamer+queue_dataflow: 0:02:33.372652077 0xf37ecec0 gstqueue.c:1532:gst_queue_handle_src_event:<queue2> got event 0xf39db5f8 (61441)
05-10 10:02:54.156  4415  4501 D GStreamer+bin: 0:02:33.372674629 0xf37ecf50 gstbin.c:889:find_message:<forhwgl>   structure-change
05-10 10:02:54.156  4415  4501 D GStreamer+bin: 0:02:33.372717545 0xf37ecf50 gstbin.c:929:bin_replace_message:<forhwgl> got new message 0xf3abda28, structure-change from proxypad5
05-10 10:02:54.156  4415  4500 D GStreamer+GST_EVENT: 0:02:33.372733535 0xf37ecec0 gstpad.c:5496:gst_pad_send_event_unchecked:<q:audio_0> have event type reconfigure event: 0xf39db5f8, time 99:99:99.999999999, seq-num 198, (NULL)
05-10 10:02:54.156  4415  4501 D GStreamer+GST_BUS: 0:02:33.372756816 0xf37ecf50 gstbus.c:344:gst_bus_post:<bus0> [msg 0xf3abda28] dropped
05-10 10:02:54.156  4415  4500 D GStreamer+GST_PADS: 0:02:33.372772181 0xf37ecec0 gstpad.c:2803:gst_pad_iterate_internal_links_default:<q:audio_0> Making iterator
05-10 10:02:54.156  4415  4501 I GStreamer+GST_PADS: 0:02:33.372796348 0xf37ecf50 gstpad.c:2292:gst_pad_link_prepare trying to link capsfilter1:src and decodepad1:proxypad5
05-10 10:02:54.156  4415  4500 D GStreamer+GST_EVENT: 0:02:33.372846295 0xf37ecec0 gstpad.c:5496:gst_pad_send_event_unchecked:<filesrc0:src> have event type reconfigure event: 0xf39db5f8, time 99:99:99.999999999, seq-num 198, (NULL)
05-10 10:02:54.156  4415  4501 I GStreamer+GST_PADS: 0:02:33.372852650 0xf37ecf50 gstpad.c:2498:gst_pad_link_full linked capsfilter1:src and decodepad1:proxypad5, successful
05-10 10:02:54.156  4415  4501 I GStreamer+GST_EVENT: 0:02:33.372886400 0xf37ecf50 gstevent.c:1382:gst_event_new_reconfigure creating reconfigure event
05-10 10:02:54.156  4415  4500 D GStreamer+basesrc: 0:02:33.372903952 0xf37ecec0 gstbasesrc.c:1987:gst_base_src_default_event:<filesrc0> handle event reconfigure event: 0xf39db5f8, time 99:99:99.999999999, seq-num 198, (NULL)
05-10 10:02:54.156  4415  4501 D GStreamer+GST_EVENT: 0:02:33.372927598 0xf37ecf50 gstevent.c:302:gst_event_new_custom creating new event 0xf39dd6c0 reconfigure 61441
05-10 10:02:54.157  4415  4500 D GStreamer+GST_PADS: 0:02:33.372971191 0xf37ecec0 gstpad.c:5569:gst_pad_send_event_unchecked:<filesrc0:src> sent event, ret ok
05-10 10:02:54.157  4415  4501 D GStreamer+GST_EVENT: 0:02:33.372992181 0xf37ecf50 gstpad.c:5496:gst_pad_send_event_unchecked:<capsfilter1:src> have event type reconfigure event: 0xf39dd6c0, time 99:99:99.999999999, seq-num 200, (NULL)
05-10 10:02:54.157  4415  4500 D GStreamer+GST_PADS: 0:02:33.373020514 0xf37ecec0 gstpad.c:5569:gst_pad_send_event_unchecked:<q:audio_0> sent event, ret ok
05-10 10:02:54.157  4415  4501 D GStreamer+basetransform: 0:02:33.373080827 0xf37ecf50 gstbasetransform.c:1989:gst_base_transform_src_eventfunc:<capsfilter1> handling event 0xf39dd6c0 reconfigure event: 0xf39dd6c0, time 99:99:99.999999999, seq-num 200, (NULL)
05-10 10:02:54.157  4415  4500 D GStreamer+GST_PADS: 0:02:33.373095879 0xf37ecec0 gstpad.c:5569:gst_pad_send_event_unchecked:<queue2:src> sent event, ret ok
05-10 10:02:54.157  4415  4501 D GStreamer+GST_EVENT: 0:02:33.373142754 0xf37ecf50 gstpad.c:5496:gst_pad_send_event_unchecked:<h264parse1:src> have event type reconfigure event: 0xf39dd6c0, time 99:99:99.999999999, seq-num 200, (NULL)
05-10 10:02:54.157  4415  4500 D GStreamer+GST_PADS: 0:02:33.373167129 0xf37ecec0 gstpad.c:5569:gst_pad_send_event_unchecked:<sink:proxypad2> sent event, ret ok
05-10 10:02:54.157  4415  4501 D GStreamer+baseparse: 0:02:33.373191868 0xf37ecf50 gstbaseparse.c:1611:gst_base_parse_src_event:<h264parse1> event 61441, reconfigure
05-10 10:02:54.157  4415  4500 D GStreamer+GST_PADS: 0:02:33.373217441 0xf37ecec0 gstpad.c:5569:gst_pad_send_event_unchecked:<typefind:src> sent event, ret ok
05-10 10:02:54.157  4415  4501 D GStreamer+GST_PADS: 0:02:33.373235931 0xf37ecf50 gstpad.c:2803:gst_pad_iterate_internal_links_default:<h264parse1:src> Making iterator
05-10 10:02:54.157  4415  4500 D GStreamer+GST_PADS: 0:02:33.373282858 0xf37ecec0 gstpad.c:5569:gst_pad_send_event_unchecked:<mpegaudioparse0:src> sent event, ret ok
05-10 10:02:54.157  4415  4501 D GStreamer+GST_EVENT: 0:02:33.373305462 0xf37ecf50 gstpad.c:5496:gst_pad_send_event_unchecked:<typefind:src> have event type reconfigure event: 0xf39dd6c0, time 99:99:99.999999999, seq-num 200, (NULL)
05-10 10:02:54.157  4415  4501 D GStreamer+GST_PADS: 0:02:33.373348431 0xf37ecf50 gstpad.c:5569:gst_pad_send_event_unchecked:<typefind:src> sent event, ret error
05-10 10:02:54.157  4415  4501 D GStreamer+GST_PADS: 0:02:33.373395358 0xf37ecf50 gstpad.c:5569:gst_pad_send_event_unchecked:<h264parse1:src> sent event, ret error
05-10 10:02:54.157  4415  4500 D GStreamer+GST_BUS: 0:02:33.373410879 0xf37ecec0 gstbus.c:309:gst_bus_post:<bus2> [msg 0xf3abcac8] posting on bus structure-change message: 0xf3abcac8, time 99:99:99.999999999, seq-num 201, element 'proxypad4', GstMessageStructureChange, type=(GstStructureChangeType)GST_STRUCTURE_CHANGE_TYPE_PAD_LINK, owner=(GstElement)"\(GstMpegAudioParse\)\ mpegaudioparse0", busy=(boolean)false;
05-10 10:02:54.157  4415  4501 D GStreamer+GST_PADS: 0:02:33.373437545 0xf37ecf50 gstpad.c:5569:gst_pad_send_event_unchecked:<capsfilter1:src> sent event, ret error
05-10 10:02:54.157  4415  4500 D GStreamer+bin: 0:02:33.373466295 0xf37ecec0 gstbin.c:3528:gst_bin_handle_message_func:<decodebin1> [msg 0xf3abcac8] handling child proxypad4 message of type structure-change
05-10 10:02:54.157  4415  4500 D GStreamer+bin: 0:02:33.373540098 0xf37ecec0 gstbin.c:957:bin_remove_messages:<decodepad0:proxypad4> deleting message 0xf3abcb20 of types 0x00001000
05-10 10:02:54.157  4415  4501 D GStreamer+GST_BUS: 0:02:33.373556087 0xf37ecf50 gstbus.c:309:gst_bus_post:<bus0> [msg 0xf3abd978] posting on bus structure-change message: 0xf3abd978, time 99:99:99.999999999, seq-num 202, element 'proxypad5', GstMessageStructureChange, type=(GstStructureChangeType)GST_STRUCTURE_CHANGE_TYPE_PAD_LINK, owner=(GstElement)"\(GstCapsFilter\)\ capsfilter1", busy=(boolean)false;
05-10 10:02:54.157  4415  4500 D GStreamer+bin: 0:02:33.373612389 0xf37ecec0 gstbin.c:963:bin_remove_messages:<decodebin1> not deleting message 0xf37f5b28 of type 0x00100000
05-10 10:02:54.157  4415  4501 D GStreamer+bin: 0:02:33.373629525 0xf37ecf50 gstbin.c:3528:gst_bin_handle_message_func:<forhwgl> [msg 0xf3abd978] handling child proxypad5 message of type structure-change
05-10 10:02:54.157  4415  4500 D GStreamer+GST_BUS: 0:02:33.373652181 0xf37ecec0 gstbus.c:344:gst_bus_post:<bus2> [msg 0xf3abcac8] dropped
05-10 10:02:54.157  4415  4501 D GStreamer+bin: 0:02:33.373677910 0xf37ecf50 gstbin.c:957:bin_remove_messages:<decodepad1:proxypad5> deleting message 0xf3abda28 of types 0x00001000
05-10 10:02:54.157  4415  4501 D GStreamer+bin: 0:02:33.373726764 0xf37ecf50 gstbin.c:963:bin_remove_messages:<forhwgl> not deleting message 0xf3abced0 of type 0x00100000
05-10 10:02:54.157  4415  4500 D GStreamer+decodebin: 0:02:33.373749420 0xf37ecec0 gstdecodebin2.c:1487:copy_sticky_events:<'':decodepad0> store sticky event stream-start event: 0xf39c9d98, time 99:99:99.999999999, seq-num 108, GstEventStreamStart, stream-id=(string)71ab440d261a1bb43c19b397eec2373651540427aed1e7b0deb4be62a10a7f25/002, flags=(GstStreamFlags)GST_STREAM_FLAG_NONE, group-id=(uint)0;
05-10 10:02:54.157  4415  4501 D GStreamer+GST_BUS: 0:02:33.373770618 0xf37ecf50 gstbus.c:344:gst_bus_post:<bus0> [msg 0xf3abd978] dropped
05-10 10:02:54.157  4415  4501 D GStreamer+decodebin: 0:02:33.373844004 0xf37ecf50 gstdecodebin2.c:1487:copy_sticky_events:<'':decodepad1> store sticky event stream-start event: 0xf39c9cc0, time 99:99:99.999999999, seq-num 103, GstEventStreamStart, stream-id=(string)71ab440d261a1bb43c19b397eec2373651540427aed1e7b0deb4be62a10a7f25/001, flags=(GstStreamFlags)GST_STREAM_FLAG_NONE, group-id=(uint)0;
05-10 10:02:54.157  4415  4500 D GStreamer+decodebin: 0:02:33.373871400 0xf37ecec0 gstdecodebin2.c:1487:copy_sticky_events:<'':decodepad0> store sticky event caps event: 0xf39db568, time 99:99:99.999999999, seq-num 185, GstEventCaps, caps=(GstCaps)"audio/mpeg\,\ mpegversion\=\(int\)1\,\ mpegaudioversion\=\(int\)2\,\ layer\=\(int\)3\,\ rate\=\(int\)24000\,\ channels\=\(int\)1\,\ parsed\=\(boolean\)true";
05-10 10:02:54.157  4415  4500 D GStreamer+decodebin: 0:02:33.373940827 0xf37ecec0 gstdecodebin2.c:2229:connect_pad:<decodebin1> Skipping factory 'mpegaudioparse' because it was already used in this chain
05-10 10:02:54.158  4415  4501 D GStreamer+decodebin: 0:02:33.373955566 0xf37ecf50 gstdecodebin2.c:1487:copy_sticky_events:<'':decodepad1> store sticky event caps event: 0xf39dd678, time 99:99:99.999999999, seq-num 194, GstEventCaps, caps=(GstCaps)"video/x-h264\,\ stream-format\=\(string\)byte-stream\,\ alignment\=\(string\)au\,\ level\=\(string\)4\,\ profile\=\(string\)baseline\,\ width\=\(int\)1280\,\ height\=\(int\)1440\,\ framerate\=\(fraction\)151/3\,\ pixel-aspect-ratio\=\(fraction\)1/1\,\ parsed\=\(boolean\)true";
05-10 10:02:54.158  4415  4501 D GStreamer+GST_PADS: 0:02:33.373994473 0xf37ecf50 gstpad.c:5053:store_sticky_event:<'':decodepad1> notify caps
05-10 10:02:54.158  4415  4500 D GStreamer+GST_PADS: 0:02:33.374000410 0xf37ecec0 gstghostpad.c:840:gst_ghost_pad_set_target:<'':decodepad0> set target mpegaudioparse0:src
05-10 10:02:54.158  4415  4501 D GStreamer+decodebin: 0:02:33.374042754 0xf37ecf50 gstdecodebin2.c:1381:gst_decode_bin_autoplug_continue:<forhwgl> autoplug-continue returns TRUE
05-10 10:02:54.158  4415  4500 I GStreamer+GST_ELEMENT_PADS: 0:02:33.374062493 0xf37ecec0 gstpad.c:2048:gst_pad_unlink unlinking mpegaudioparse0:src(0xf3c73178) and decodepad0:proxypad4(0xf39c6bb0)
05-10 10:02:54.158  4415  4501 D GStreamer+GST_CAPS: 0:02:33.374132650 0xf37ecf50 gstpad.c:2648:gst_pad_get_current_caps:<capsfilter1:src> get current pad caps video/x-h264, stream-format=(string)byte-stream, alignment=(string)au, level=(string)4, profile=(string)baseline, width=(int)1280, height=(int)1440, framerate=(fraction)151/3, pixel-aspect-ratio=(fraction)1/1, parsed=(boolean)true
05-10 10:02:54.158  4415  4500 D GStreamer+GST_BUS: 0:02:33.374173379 0xf37ecec0 gstbus.c:309:gst_bus_post:<bus2> [msg 0xf3abca70] posting on bus structure-change message: 0xf3abca70, time 99:99:99.999999999, seq-num 203, element 'proxypad4', GstMessageStructureChange, type=(GstStructureChangeType)GST_STRUCTURE_CHANGE_TYPE_PAD_UNLINK, owner=(GstElement)"\(GstMpegAudioParse\)\ mpegaudioparse0", busy=(boolean)true;
05-10 10:02:54.158  4415  4501 D GStreamer+decodebin: 0:02:33.374192285 0xf37ecf50 gstdecodebin2.c:1395:gst_decode_bin_autoplug_factories:<forhwgl> finding factories
05-10 10:02:54.158  4415  4500 D GStreamer+bin: 0:02:33.374217441 0xf37ecec0 gstbin.c:3528:gst_bin_handle_message_func:<decodebin1> [msg 0xf3abca70] handling child proxypad4 message of type structure-change
05-10 10:02:54.158  4415  4501 D GStreamer+GST_ELEMENT_FACTORY: 0:02:33.374232181 0xf37ecf50 gstelementfactory.c:837:gst_element_factory_list_filter finding factories
05-10 10:02:54.158  4415  4500 D GStreamer+bin: 0:02:33.374270775 0xf37ecec0 gstbin.c:882:find_message:<decodebin1> no message found matching types 00001000
05-10 10:02:54.158  4415  4501 D GStreamer+GST_ELEMENT_FACTORY: 0:02:33.374286764 0xf37ecf50 gstelementfactory.c:848:gst_element_factory_list_filter Trying mpegaudioparse
05-10 10:02:54.158  4415  4500 D GStreamer+bin: 0:02:33.374308223 0xf37ecec0 gstbin.c:889:find_message:<decodebin1>   structure-change
05-10 10:02:54.158  4415  4501 D GStreamer+GST_ELEMENT_FACTORY: 0:02:33.374321139 0xf37ecf50 gstelementfactory.c:848:gst_element_factory_list_filter Trying aacparse
05-10 10:02:54.158  4415  4500 D GStreamer+bin: 0:02:33.374350723 0xf37ecec0 gstbin.c:929:bin_replace_message:<decodebin1> got new message 0xf3abca70, structure-change from proxypad4
05-10 10:02:54.158  4415  4501 D GStreamer+GST_ELEMENT_FACTORY: 0:02:33.374366295 0xf37ecf50 gstelementfactory.c:848:gst_element_factory_list_filter Trying ac3parse
05-10 10:02:54.158  4415  4501 D GStreamer+GST_ELEMENT_FACTORY: 0:02:33.374404264 0xf37ecf50 gstelementfactory.c:848:gst_element_factory_list_filter Trying amrparse
05-10 10:02:54.158  4415  4500 D GStreamer+GST_BUS: 0:02:33.374420202 0xf37ecec0 gstbus.c:344:gst_bus_post:<bus2> [msg 0xf3abca70] dropped
05-10 10:02:54.158  4415  4501 D GStreamer+GST_ELEMENT_FACTORY: 0:02:33.374439525 0xf37ecf50 gstelementfactory.c:848:gst_element_factory_list_filter Trying dcaparse
05-10 10:02:54.158  4415  4501 D GStreamer+GST_ELEMENT_FACTORY: 0:02:33.374492962 0xf37ecf50 gstelementfactory.c:848:gst_element_factory_list_filter Trying flacparse
05-10 10:02:54.158  4415  4500 I GStreamer+GST_ELEMENT_PADS: 0:02:33.374494420 0xf37ecec0 gstpad.c:2102:gst_pad_unlink unlinked mpegaudioparse0:src and decodepad0:proxypad4
05-10 10:02:54.158  4415  4501 D GStreamer+GST_ELEMENT_FACTORY: 0:02:33.374528223 0xf37ecf50 gstelementfactory.c:848:gst_element_factory_list_filter Trying h263parse
05-10 10:02:54.158  4415  4501 D GStreamer+GST_ELEMENT_FACTORY: 0:02:33.374563743 0xf37ecf50 gstelementfactory.c:848:gst_element_factory_list_filter Trying h264parse
05-10 10:02:54.158  4415  4500 D GStreamer+GST_BUS: 0:02:33.374599108 0xf37ecec0 gstbus.c:309:gst_bus_post:<bus2> [msg 0xf3abca18] posting on bus structure-change message: 0xf3abca18, time 99:99:99.999999999, seq-num 204, element 'proxypad4', GstMessageStructureChange, type=(GstStructureChangeType)GST_STRUCTURE_CHANGE_TYPE_PAD_UNLINK, owner=(GstElement)"\(GstMpegAudioParse\)\ mpegaudioparse0", busy=(boolean)false;
05-10 10:02:54.158  4415  4501 D GStreamer+GST_ELEMENT_FACTORY: 0:02:33.374615202 0xf37ecf50 gstelementfactory.c:848:gst_element_factory_list_filter Trying mpeg4videoparse
05-10 10:02:54.158  4415  4500 D GStreamer+bin: 0:02:33.374642389 0xf37ecec0 gstbin.c:3528:gst_bin_handle_message_func:<decodebin1> [msg 0xf3abca18] handling child proxypad4 message of type structure-change
05-10 10:02:54.158  4415  4501 D GStreamer+GST_ELEMENT_FACTORY: 0:02:33.374657910 0xf37ecf50 gstelementfactory.c:848:gst_element_factory_list_filter Trying mpegvideoparse
05-10 10:02:54.158  4415  4501 D GStreamer+GST_ELEMENT_FACTORY: 0:02:33.374693743 0xf37ecf50 gstelementfactory.c:848:gst_element_factory_list_filter Trying sbcparse
05-10 10:02:54.158  4415  4500 D GStreamer+bin: 0:02:33.374684004 0xf37ecec0 gstbin.c:957:bin_remove_messages:<decodepad0:proxypad4> deleting message 0xf3abca70 of types 0x00001000
05-10 10:02:54.158  4415  4501 D GStreamer+GST_ELEMENT_FACTORY: 0:02:33.374724368 0xf37ecf50 gstelementfactory.c:848:gst_element_factory_list_filter Trying wavpackparse
05-10 10:02:54.158  4415  4500 D GStreamer+bin: 0:02:33.374742181 0xf37ecec0 gstbin.c:963:bin_remove_messages:<decodebin1> not deleting message 0xf37f5b28 of type 0x00100000
05-10 10:02:54.158  4415  4501 D GStreamer+GST_ELEMENT_FACTORY: 0:02:33.374760514 0xf37ecf50 gstelementfactory.c:848:gst_element_factory_list_filter Trying avisubtitle
05-10 10:02:54.158  4415  4500 D GStreamer+GST_BUS: 0:02:33.374788743 0xf37ecec0 gstbus.c:344:gst_bus_post:<bus2> [msg 0xf3abca18] dropped
05-10 10:02:54.158  4415  4501 D GStreamer+GST_ELEMENT_FACTORY: 0:02:33.374804785 0xf37ecf50 gstelementfactory.c:848:gst_element_factory_list_filter Trying oggaviparse
05-10 10:02:54.158  4415  4501 D GStreamer+GST_ELEMENT_FACTORY: 0:02:33.374840254 0xf37ecf50 gstelementfactory.c:848:gst_element_factory_list_filter Trying pngparse
05-10 10:02:54.158  4415  4500 D GStreamer+GST_PADS: 0:02:33.374857285 0xf37ecec0 gstghostpad.c:862:gst_ghost_pad_set_target:<'':decodepad0> connecting internal pad to target <mpegaudioparse0:src>
05-10 10:02:54.158  4415  4501 D GStreamer+GST_ELEMENT_FACTORY: 0:02:33.374875306 0xf37ecf50 gstelementfactory.c:848:gst_element_factory_list_filter Trying ssaparse
05-10 10:02:54.158  4415  4501 D GStreamer+GST_ELEMENT_FACTORY: 0:02:33.374909420 0xf37ecf50 gstelementfactory.c:848:gst_element_factory_list_filter Trying subparse
05-10 10:02:54.158  4415  4501 D GStreamer+GST_ELEMENT_FACTORY: 0:02:33.374943587 0xf37ecf50 gstelementfactory.c:848:gst_element_factory_list_filter Trying h265parse
05-10 10:02:54.159  4415  4500 D GStreamer+GST_BUS: 0:02:33.374964420 0xf37ecec0 gstbus.c:309:gst_bus_post:<bus2> [msg 0xf3abc9c0] posting on bus structure-change message: 0xf3abc9c0, time 99:99:99.999999999, seq-num 205, element 'proxypad4', GstMessageStructureChange, type=(GstStructureChangeType)GST_STRUCTURE_CHANGE_TYPE_PAD_LINK, owner=(GstElement)"\(GstMpegAudioParse\)\ mpegaudioparse0", busy=(boolean)true;
05-10 10:02:54.159  4415  4501 D GStreamer+GST_ELEMENT_FACTORY: 0:02:33.374981087 0xf37ecf50 gstelementfactory.c:848:gst_element_factory_list_filter Trying adpcmdec
05-10 10:02:54.159  4415  4500 D GStreamer+bin: 0:02:33.375012754 0xf37ecec0 gstbin.c:3528:gst_bin_handle_message_func:<decodebin1> [msg 0xf3abc9c0] handling child proxypad4 message of type structure-change
05-10 10:02:54.159  4415  4501 D GStreamer+GST_ELEMENT_FACTORY: 0:02:33.375028587 0xf37ecf50 gstelementfactory.c:848:gst_element_factory_list_filter Trying alawdec
05-10 10:02:54.159  4415  4501 D GStreamer+GST_ELEMENT_FACTORY: 0:02:33.375070202 0xf37ecf50 gstelementfactory.c:848:gst_element_factory_list_filter Trying amcauddec-omxgoogleaacdecoder
05-10 10:02:54.159  4415  4500 D GStreamer+bin: 0:02:33.375086504 0xf37ecec0 gstbin.c:882:find_message:<decodebin1> no message found matching types 00001000
05-10 10:02:54.159  4415  4501 D GStreamer+GST_ELEMENT_FACTORY: 0:02:33.375105150 0xf37ecf50 gstelementfactory.c:848:gst_element_factory_list_filter Trying amcauddec-omxgoogleamrnbdecoder
05-10 10:02:54.159  4415  4500 D GStreamer+bin: 0:02:33.375139837 0xf37ecec0 gstbin.c:889:find_message:<decodebin1>   structure-change
05-10 10:02:54.159  4415  4501 D GStreamer+GST_ELEMENT_FACTORY: 0:02:33.375155931 0xf37ecf50 gstelementfactory.c:848:gst_element_factory_list_filter Trying amcauddec-omxgoogleamrwbdecoder
05-10 10:02:54.159  4415  4500 D GStreamer+bin: 0:02:33.375181920 0xf37ecec0 gstbin.c:929:bin_replace_message:<decodebin1> got new message 0xf3abc9c0, structure-change from proxypad4
05-10 10:02:54.159  4415  4501 D GStreamer+GST_ELEMENT_FACTORY: 0:02:33.375190983 0xf37ecf50 gstelementfactory.c:848:gst_element_factory_list_filter Trying amcauddec-omxgooglemp3decoder
05-10 10:02:54.159  4415  4500 D GStreamer+GST_BUS: 0:02:33.375217910 0xf37ecec0 gstbus.c:344:gst_bus_post:<bus2> [msg 0xf3abc9c0] dropped
05-10 10:02:54.159  4415  4501 D GStreamer+GST_ELEMENT_FACTORY: 0:02:33.375234525 0xf37ecf50 gstelementfactory.c:848:gst_element_factory_list_filter Trying amcauddec-omxgoogleopusdecoder
05-10 10:02:54.159  4415  4500 I GStreamer+GST_PADS: 0:02:33.375272025 0xf37ecec0 gstpad.c:2292:gst_pad_link_prepare trying to link mpegaudioparse0:src and decodepad0:proxypad4
05-10 10:02:54.159  4415  4501 D GStreamer+GST_ELEMENT_FACTORY: 0:02:33.375288170 0xf37ecf50 gstelementfactory.c:848:gst_element_factory_list_filter Trying amcviddec-omxnvidiah263decode
05-10 10:02:54.159  4415  4500 I GStreamer+GST_PADS: 0:02:33.375308795 0xf37ecec0 gstpad.c:2498:gst_pad_link_full linked mpegaudioparse0:src and decodepad0:proxypad4, successful
05-10 10:02:54.159  4415  4501 D GStreamer+GST_ELEMENT_FACTORY: 0:02:33.375322077 0xf37ecf50 gstelementfactory.c:848:gst_element_factory_list_filter Trying amcviddec-omxnvidiah264decode
05-10 10:02:54.159  4415  4500 I GStreamer+GST_EVENT: 0:02:33.375338639 0xf37ecec0 gstevent.c:1382:gst_event_new_reconfigure creating reconfigure event
05-10 10:02:54.159  4415  4501 D GStreamer+GST_ELEMENT_FACTORY: 0:02:33.375365827 0xf37ecf50 gstelementfactory.c:848:gst_element_factory_list_filter Trying amcviddec-omxnvidiah265decode
05-10 10:02:54.159  4415  4500 D GStreamer+GST_EVENT: 0:02:33.375391348 0xf37ecec0 gstevent.c:302:gst_event_new_custom creating new event 0xf39db640 reconfigure 61441
05-10 10:02:54.159  4415  4501 D GStreamer+GST_ELEMENT_FACTORY: 0:02:33.375408900 0xf37ecf50 gstelementfactory.c:848:gst_element_factory_list_filter Trying amcviddec-omxnvidiamp4decode
05-10 10:02:54.159  4415  4501 D GStreamer+GST_ELEMENT_FACTORY: 0:02:33.375466712 0xf37ecf50 gstelementfactory.c:848:gst_element_factory_list_filter Trying amcviddec-omxnvidiavp8decode
05-10 10:02:54.159  4415  4500 D GStreamer+GST_EVENT: 0:02:33.375450775 0xf37ecec0 gstpad.c:5496:gst_pad_send_event_unchecked:<mpegaudioparse0:src> have event type reconfigure event: 0xf39db640, time 99:99:99.999999999, seq-num 206, (NULL)
05-10 10:02:54.159  4415  4501 D GStreamer+GST_ELEMENT_FACTORY: 0:02:33.375515514 0xf37ecf50 gstelementfactory.c:848:gst_element_factory_list_filter Trying amcviddec-omxnvidiavp9decode
05-10 10:02:54.159  4415  4500 D GStreamer+baseparse: 0:02:33.375532389 0xf37ecec0 gstbaseparse.c:1611:gst_base_parse_src_event:<mpegaudioparse0> event 61441, reconfigure
05-10 10:02:54.159  4415  4501 D GStreamer+GST_ELEMENT_FACTORY: 0:02:33.375548379 0xf37ecf50 gstelementfactory.c:848:gst_element_factory_list_filter Trying apedemux
05-10 10:02:54.159  4415  4501 D GStreamer+GST_ELEMENT_FACTORY: 0:02:33.375578900 0xf37ecf50 gstelementfactory.c:848:gst_element_factory_list_filter Trying avidemux
05-10 10:02:54.159  4415  4500 D GStreamer+GST_PADS: 0:02:33.375595358 0xf37ecec0 gstpad.c:2803:gst_pad_iterate_internal_links_default:<mpegaudioparse0:src> Making iterator
05-10 10:02:54.159  4415  4501 D GStreamer+GST_ELEMENT_FACTORY: 0:02:33.375615306 0xf37ecf50 gstelementfactory.c:848:gst_element_factory_list_filter Trying dashdemux
05-10 10:02:54.159  4415  4501 D GStreamer+GST_ELEMENT_FACTORY: 0:02:33.375650202 0xf37ecf50 gstelementfactory.c:848:gst_element_factory_list_filter Trying dvdemux
05-10 10:02:54.159  4415  4501 D GStreamer+GST_ELEMENT_FACTORY: 0:02:33.375684264 0xf37ecf50 gstelementfactory.c:848:gst_element_factory_list_filter Trying flacdec
05-10 10:02:54.159  4415  4500 D GStreamer+GST_EVENT: 0:02:33.375667077 0xf37ecec0 gstpad.c:5496:gst_pad_send_event_unchecked:<typefind:src> have event type reconfigure event: 0xf39db640, time 99:99:99.999999999, seq-num 206, (NULL)
05-10 10:02:54.159  4415  4501 D GStreamer+GST_ELEMENT_FACTORY: 0:02:33.375721295 0xf37ecf50 gstelementfactory.c:848:gst_element_factory_list_filter Trying flvdemux
05-10 10:02:54.159  4415  4500 D GStreamer+GST_EVENT: 0:02:33.375740150 0xf37ecec0 gstpad.c:5496:gst_pad_send_event_unchecked:<sink:proxypad2> have event type reconfigure event: 0xf39db640, time 99:99:99.999999999, seq-num 206, (NULL)
05-10 10:02:54.159  4415  4501 D GStreamer+GST_ELEMENT_FACTORY: 0:02:33.375751660 0xf37ecf50 gstelementfactory.c:848:gst_element_factory_list_filter Trying flxdec
05-10 10:02:54.159  4415  4501 D GStreamer+GST_ELEMENT_FACTORY: 0:02:33.375780983 0xf37ecf50 gstelementfactory.c:848:gst_element_factory_list_filter Trying hlsdemux
05-10 10:02:54.159  4415  4500 D GStreamer+GST_EVENT: 0:02:33.375817545 0xf37ecec0 gstpad.c:5496:gst_pad_send_event_unchecked:<queue2:src> have event type reconfigure event: 0xf39db640, time 99:99:99.999999999, seq-num 206, (NULL)
05-10 10:02:54.159  4415  4501 D GStreamer+GST_ELEMENT_FACTORY: 0:02:33.375836973 0xf37ecf50 gstelementfactory.c:848:gst_element_factory_list_filter Trying icydemux
05-10 10:02:54.159  4415  4500 D GStreamer+queue_dataflow: 0:02:33.375862285 0xf37ecec0 gstqueue.c:1532:gst_queue_handle_src_event:<queue2> got event 0xf39db640 (61441)
05-10 10:02:54.159  4415  4501 D GStreamer+GST_ELEMENT_FACTORY: 0:02:33.375872181 0xf37ecf50 gstelementfactory.c:848:gst_element_factory_list_filter Trying id3demux
05-10 10:02:54.159  4415  4501 D GStreamer+GST_ELEMENT_FACTORY: 0:02:33.375902181 0xf37ecf50 gstelementfactory.c:848:gst_element_factory_list_filter Trying jpegdec
05-10 10:02:54.159  4415  4500 D GStreamer+GST_EVENT: 0:02:33.375939941 0xf37ecec0 gstpad.c:5496:gst_pad_send_event_unchecked:<q:audio_0> have event type reconfigure event: 0xf39db640, time 99:99:99.999999999, seq-num 206, (NULL)
05-10 10:02:54.160  4415  4501 D GStreamer+GST_ELEMENT_FACTORY: 0:02:33.375955827 0xf37ecf50 gstelementfactory.c:848:gst_element_factory_list_filter Trying katedec
05-10 10:02:54.160  4415  4501 D GStreamer+GST_ELEMENT_FACTORY: 0:02:33.375988952 0xf37ecf50 gstelementfactory.c:848:gst_element_factory_list_filter Trying matroskademux
05-10 10:02:54.160  4415  4500 D GStreamer+GST_PADS: 0:02:33.375994889 0xf37ecec0 gstpad.c:2803:gst_pad_iterate_internal_links_default:<q:audio_0> Making iterator
05-10 10:02:54.160  4415  4501 D GStreamer+GST_ELEMENT_FACTORY: 0:02:33.376019316 0xf37ecf50 gstelementfactory.c:848:gst_element_factory_list_filter Trying midiparse
05-10 10:02:54.160  4415  4501 D GStreamer+GST_ELEMENT_FACTORY: 0:02:33.376051139 0xf37ecf50 gstelementfactory.c:848:gst_element_factory_list_filter Trying mssdemux
05-10 10:02:54.160  4415  4500 D GStreamer+GST_EVENT: 0:02:33.376071035 0xf37ecec0 gstpad.c:5496:gst_pad_send_event_unchecked:<filesrc0:src> have event type reconfigure event: 0xf39db640, time 99:99:99.999999999, seq-num 206, (NULL)
05-10 10:02:54.160  4415  4501 D GStreamer+GST_ELEMENT_FACTORY: 0:02:33.376081087 0xf37ecf50 gstelementfactory.c:848:gst_element_factory_list_filter Trying mulawdec
05-10 10:02:54.160  4415  4501 D GStreamer+GST_ELEMENT_FACTORY: 0:02:33.376117233 0xf37ecf50 gstelementfactory.c:848:gst_element_factory_list_filter Trying multipartdemux
05-10 10:02:54.160  4415  4500 D GStreamer+basesrc: 0:02:33.376143483 0xf37ecec0 gstbasesrc.c:1987:gst_base_src_default_event:<filesrc0> handle event reconfigure event: 0xf39db640, time 99:99:99.999999999, seq-num 206, (NULL)
05-10 10:02:54.160  4415  4501 D GStreamer+GST_ELEMENT_FACTORY: 0:02:33.376159785 0xf37ecf50 gstelementfactory.c:848:gst_element_factory_list_filter Trying mxfdemux
05-10 10:02:54.160  4415  4501 D GStreamer+GST_ELEMENT_FACTORY: 0:02:33.376192389 0xf37ecf50 gstelementfactory.c:848:gst_element_factory_list_filter Trying oggdemux
05-10 10:02:54.160  4415  4500 D GStreamer+GST_PADS: 0:02:33.376198170 0xf37ecec0 gstpad.c:5569:gst_pad_send_event_unchecked:<filesrc0:src> sent event, ret ok
05-10 10:02:54.160  4415  4501 D GStreamer+GST_ELEMENT_FACTORY: 0:02:33.376222545 0xf37ecf50 gstelementfactory.c:848:gst_element_factory_list_filter Trying ogmaudioparse
05-10 10:02:54.160  4415  4500 D GStreamer+GST_PADS: 0:02:33.376255670 0xf37ecec0 gstpad.c:5569:gst_pad_send_event_unchecked:<q:audio_0> sent event, ret ok
05-10 10:02:54.160  4415  4501 D GStreamer+GST_ELEMENT_FACTORY: 0:02:33.376271660 0xf37ecf50 gstelementfactory.c:848:gst_element_factory_list_filter Trying ogmtextparse
05-10 10:02:54.160  4415  4500 D GStreamer+GST_PADS: 0:02:33.376296452 0xf37ecec0 gstpad.c:5569:gst_pad_send_event_unchecked:<queue2:src> sent event, ret ok
05-10 10:02:54.160  4415  4501 D GStreamer+GST_ELEMENT_FACTORY: 0:02:33.376307702 0xf37ecf50 gstelementfactory.c:848:gst_element_factory_list_filter Trying ogmvideoparse
05-10 10:02:54.160  4415  4501 D GStreamer+GST_ELEMENT_FACTORY: 0:02:33.376338431 0xf37ecf50 gstelementfactory.c:848:gst_element_factory_list_filter Trying openjpegdec
05-10 10:02:54.160  4415  4500 D GStreamer+GST_PADS: 0:02:33.376354993 0xf37ecec0 gstpad.c:5569:gst_pad_send_event_unchecked:<sink:proxypad2> sent event, ret ok
05-10 10:02:54.160  4415  4501 D GStreamer+GST_ELEMENT_FACTORY: 0:02:33.376375150 0xf37ecf50 gstelementfactory.c:848:gst_element_factory_list_filter Trying opusdec
05-10 10:02:54.160  4415  4500 D GStreamer+GST_PADS: 0:02:33.376399785 0xf37ecec0 gstpad.c:5569:gst_pad_send_event_unchecked:<typefind:src> sent event, ret ok
05-10 10:02:54.160  4415  4501 D GStreamer+GST_ELEMENT_FACTORY: 0:02:33.376415566 0xf37ecf50 gstelementfactory.c:848:gst_element_factory_list_filter Trying pngdec
05-10 10:02:54.160  4415  4500 D GStreamer+GST_PADS: 0:02:33.376452389 0xf37ecec0 gstpad.c:5569:gst_pad_send_event_unchecked:<mpegaudioparse0:src> sent event, ret ok
05-10 10:02:54.160  4415  4501 D GStreamer+GST_ELEMENT_FACTORY: 0:02:33.376467806 0xf37ecf50 gstelementfactory.c:848:gst_element_factory_list_filter Trying pnmdec
05-10 10:02:54.160  4415  4501 D GStreamer+GST_ELEMENT_FACTORY: 0:02:33.376506504 0xf37ecf50 gstelementfactory.c:848:gst_element_factory_list_filter Trying qtdemux
05-10 10:02:54.160  4415  4501 D GStreamer+GST_ELEMENT_FACTORY: 0:02:33.376546816 0xf37ecf50 gstelementfactory.c:848:gst_element_factory_list_filter Trying rsvgdec
05-10 10:02:54.160  4415  4500 D GStreamer+GST_BUS: 0:02:33.376576400 0xf37ecec0 gstbus.c:309:gst_bus_post:<bus2> [msg 0xf3abc968] posting on bus structure-change message: 0xf3abc968, time 99:99:99.999999999, seq-num 207, element 'proxypad4', GstMessageStructureChange, type=(GstStructureChangeType)GST_STRUCTURE_CHANGE_TYPE_PAD_LINK, owner=(GstElement)"\(GstMpegAudioParse\)\ mpegaudioparse0", busy=(boolean)false;
05-10 10:02:54.160  4415  4501 D GStreamer+GST_ELEMENT_FACTORY: 0:02:33.376592077 0xf37ecf50 gstelementfactory.c:848:gst_element_factory_list_filter Trying rtpopusdepay
05-10 10:02:54.160  4415  4500 D GStreamer+bin: 0:02:33.376619473 0xf37ecec0 gstbin.c:3528:gst_bin_handle_message_func:<decodebin1> [msg 0xf3abc968] handling child proxypad4 message of type structure-change
05-10 10:02:54.160  4415  4501 D GStreamer+GST_ELEMENT_FACTORY: 0:02:33.376635306 0xf37ecf50 gstelementfactory.c:848:gst_element_factory_list_filter Trying schrodec
05-10 10:02:54.160  4415  4500 D GStreamer+bin: 0:02:33.376675827 0xf37ecec0 gstbin.c:957:bin_remove_messages:<decodepad0:proxypad4> deleting message 0xf3abc9c0 of types 0x00001000
05-10 10:02:54.160  4415  4501 D GStreamer+GST_ELEMENT_FACTORY: 0:02:33.376691556 0xf37ecf50 gstelementfactory.c:848:gst_element_factory_list_filter Trying speexdec
05-10 10:02:54.160  4415  4500 D GStreamer+bin: 0:02:33.376721139 0xf37ecec0 gstbin.c:963:bin_remove_messages:<decodebin1> not deleting message 0xf37f5b28 of type 0x00100000
05-10 10:02:54.160  4415  4501 D GStreamer+GST_ELEMENT_FACTORY: 0:02:33.376736764 0xf37ecf50 gstelementfactory.c:848:gst_element_factory_list_filter Trying theoradec
05-10 10:02:54.160  4415  4501 D GStreamer+GST_ELEMENT_FACTORY: 0:02:33.376771243 0xf37ecf50 gstelementfactory.c:848:gst_element_factory_list_filter Trying vorbisdec
05-10 10:02:54.160  4415  4500 D GStreamer+GST_BUS: 0:02:33.376760098 0xf37ecec0 gstbus.c:344:gst_bus_post:<bus2> [msg 0xf3abc968] dropped
05-10 10:02:54.160  4415  4501 D GStreamer+GST_ELEMENT_FACTORY: 0:02:33.376799733 0xf37ecf50 gstelementfactory.c:848:gst_element_factory_list_filter Trying vp8dec
05-10 10:02:54.160  4415  4501 D GStreamer+GST_ELEMENT_FACTORY: 0:02:33.376835045 0xf37ecf50 gstelementfactory.c:848:gst_element_factory_list_filter Trying vp9dec
05-10 10:02:54.160  4415  4500 D GStreamer+decodebin: 0:02:33.376851920 0xf37ecec0 gstdecodebin2.c:1487:copy_sticky_events:<'':decodepad0> store sticky event stream-start event: 0xf39c9d98, time 99:99:99.999999999, seq-num 108, GstEventStreamStart, stream-id=(string)71ab440d261a1bb43c19b397eec2373651540427aed1e7b0deb4be62a10a7f25/002, flags=(GstStreamFlags)GST_STREAM_FLAG_NONE, group-id=(uint)0;
05-10 10:02:54.160  4415  4501 D GStreamer+GST_ELEMENT_FACTORY: 0:02:33.376868014 0xf37ecf50 gstelementfactory.c:848:gst_element_factory_list_filter Trying wavpackdec
05-10 10:02:54.160  4415  4501 D GStreamer+GST_ELEMENT_FACTORY: 0:02:33.376896504 0xf37ecf50 gstelementfactory.c:848:gst_element_factory_list_filter Trying wavparse
05-10 10:02:54.160  4415  4501 D GStreamer+GST_ELEMENT_FACTORY: 0:02:33.376934368 0xf37ecf50 gstelementfactory.c:848:gst_element_factory_list_filter Trying amcviddec-omxgoogleh263decoder
05-10 10:02:54.161  4415  4500 D GStreamer+decodebin: 0:02:33.376962025 0xf37ecec0 gstdecodebin2.c:1487:copy_sticky_events:<'':decodepad0> store sticky event caps event: 0xf39db568, time 99:99:99.999999999, seq-num 185, GstEventCaps, caps=(GstCaps)"audio/mpeg\,\ mpegversion\=\(int\)1\,\ mpegaudioversion\=\(int\)2\,\ layer\=\(int\)3\,\ rate\=\(int\)24000\,\ channels\=\(int\)1\,\ parsed\=\(boolean\)true";
05-10 10:02:54.161  4415  4501 D GStreamer+GST_ELEMENT_FACTORY: 0:02:33.376978639 0xf37ecf50 gstelementfactory.c:848:gst_element_factory_list_filter Trying amcviddec-omxgoogleh264decoder
05-10 10:02:54.161  4415  4500 D GStreamer+decodebin: 0:02:33.377028223 0xf37ecec0 gstdecodebin2.c:1433:gst_decode_bin_autoplug_select:<decodebin1> default autoplug-select returns TRY
05-10 10:02:54.161  4415  4501 D GStreamer+GST_ELEMENT_FACTORY: 0:02:33.377034316 0xf37ecf50 gstelementfactory.c:848:gst_element_factory_list_filter Trying amcviddec-omxgooglehevcdecoder
05-10 10:02:54.161  4415  4500 D GStreamer+decodebin: 0:02:33.377069264 0xf37ecec0 gstdecodebin2.c:2242:connect_pad:<decodebin1> autoplug select requested try
05-10 10:02:54.161  4415  4501 D GStreamer+GST_ELEMENT_FACTORY: 0:02:33.377084889 0xf37ecf50 gstelementfactory.c:848:gst_element_factory_list_filter Trying amcviddec-omxgooglempeg4decoder
05-10 10:02:54.161  4415  4500 D GStreamer+GST_PADS: 0:02:33.377123275 0xf37ecec0 gstghostpad.c:842:gst_ghost_pad_set_target:<'':decodepad0> clearing target
05-10 10:02:54.161  4415  4501 D GStreamer+GST_ELEMENT_FACTORY: 0:02:33.377138795 0xf37ecf50 gstelementfactory.c:848:gst_element_factory_list_filter Trying amcviddec-omxgooglevp8decoder
05-10 10:02:54.161  4415  4500 I GStreamer+GST_ELEMENT_PADS: 0:02:33.377167806 0xf37ecec0 gstpad.c:2048:gst_pad_unlink unlinking mpegaudioparse0:src(0xf3c73178) and decodepad0:proxypad4(0xf39c6bb0)
05-10 10:02:54.161  4415  4501 D GStreamer+GST_ELEMENT_FACTORY: 0:02:33.377184837 0xf37ecf50 gstelementfactory.c:848:gst_element_factory_list_filter Trying amcviddec-omxgooglevp9decoder
05-10 10:02:54.161  4415  4501 D GStreamer+GST_ELEMENT_FACTORY: 0:02:33.377220098 0xf37ecf50 gstelementfactory.c:848:gst_element_factory_list_filter Trying auparse
05-10 10:02:54.161  4415  4501 D GStreamer+GST_ELEMENT_FACTORY: 0:02:33.377253639 0xf37ecf50 gstelementfactory.c:848:gst_element_factory_list_filter Trying ivorbisdec
05-10 10:02:54.161  4415  4500 D GStreamer+GST_BUS: 0:02:33.377269785 0xf37ecec0 gstbus.c:309:gst_bus_post:<bus2> [msg 0xf3abc910] posting on bus structure-change message: 0xf3abc910, time 99:99:99.999999999, seq-num 208, element 'proxypad4', GstMessageStructureChange, type=(GstStructureChangeType)GST_STRUCTURE_CHANGE_TYPE_PAD_UNLINK, owner=(GstElement)"\(GstMpegAudioParse\)\ mpegaudioparse0", busy=(boolean)true;
05-10 10:02:54.161  4415  4501 D GStreamer+GST_ELEMENT_FACTORY: 0:02:33.377288275 0xf37ecf50 gstelementfactory.c:848:gst_element_factory_list_filter Trying rtpL16depay
05-10 10:02:54.161  4415  4500 D GStreamer+bin: 0:02:33.377315045 0xf37ecec0 gstbin.c:3528:gst_bin_handle_message_func:<decodebin1> [msg 0xf3abc910] handling child proxypad4 message of type structure-change
05-10 10:02:54.161  4415  4501 D GStreamer+GST_ELEMENT_FACTORY: 0:02:33.377330670 0xf37ecf50 gstelementfactory.c:848:gst_element_factory_list_filter Trying rtpL24depay
05-10 10:02:54.161  4415  4500 D GStreamer+bin: 0:02:33.377369785 0xf37ecec0 gstbin.c:882:find_message:<decodebin1> no message found matching types 00001000
05-10 10:02:54.161  4415  4501 D GStreamer+GST_ELEMENT_FACTORY: 0:02:33.377385358 0xf37ecf50 gstelementfactory.c:848:gst_element_factory_list_filter Trying rtpac3depay
05-10 10:02:54.161  4415  4500 D GStreamer+bin: 0:02:33.377406764 0xf37ecec0 gstbin.c:889:find_message:<decodebin1>   structure-change
05-10 10:02:54.161  4415  4501 D GStreamer+GST_ELEMENT_FACTORY: 0:02:33.377424108 0xf37ecf50 gstelementfactory.c:848:gst_element_factory_list_filter Trying rtpamrdepay
05-10 10:02:54.161  4415  4500 D GStreamer+bin: 0:02:33.377469525 0xf37ecec0 gstbin.c:929:bin_replace_message:<decodebin1> got new message 0xf3abc910, structure-change from proxypad4
05-10 10:02:54.161  4415  4501 D GStreamer+GST_ELEMENT_FACTORY: 0:02:33.377493014 0xf37ecf50 gstelementfactory.c:848:gst_element_factory_list_filter Trying rtpbvdepay
05-10 10:02:54.161  4415  4501 D GStreamer+GST_ELEMENT_FACTORY: 0:02:33.377527493 0xf37ecf50 gstelementfactory.c:848:gst_element_factory_list_filter Trying rtpceltdepay
05-10 10:02:54.161  4415  4500 D GStreamer+GST_BUS: 0:02:33.377533900 0xf37ecec0 gstbus.c:344:gst_bus_post:<bus2> [msg 0xf3abc910] dropped
05-10 10:02:54.161  4415  4501 D GStreamer+GST_ELEMENT_FACTORY: 0:02:33.377558691 0xf37ecf50 gstelementfactory.c:848:gst_element_factory_list_filter Trying rtpdvdepay
05-10 10:02:54.161  4415  4501 D GStreamer+GST_ELEMENT_FACTORY: 0:02:33.377593066 0xf37ecf50 gstelementfactory.c:848:gst_element_factory_list_filter Trying rtpg722depay
05-10 10:02:54.161  4415  4500 I GStreamer+GST_ELEMENT_PADS: 0:02:33.377608900 0xf37ecec0 gstpad.c:2102:gst_pad_unlink unlinked mpegaudioparse0:src and decodepad0:proxypad4
05-10 10:02:54.161  4415  4501 D GStreamer+GST_ELEMENT_FACTORY: 0:02:33.377625254 0xf37ecf50 gstelementfactory.c:848:gst_element_factory_list_filter Trying rtpg723depay
05-10 10:02:54.161  4415  4501 D GStreamer+GST_ELEMENT_FACTORY: 0:02:33.377656504 0xf37ecf50 gstelementfactory.c:848:gst_element_factory_list_filter Trying rtpg726depay
05-10 10:02:54.161  4415  4501 D GStreamer+GST_ELEMENT_FACTORY: 0:02:33.377691920 0xf37ecf50 gstelementfactory.c:848:gst_element_factory_list_filter Trying rtpg729depay
05-10 10:02:54.161  4415  4500 D GStreamer+GST_BUS: 0:02:33.377711764 0xf37ecec0 gstbus.c:309:gst_bus_post:<bus2> [msg 0xf3abc8b8] posting on bus structure-change message: 0xf3abc8b8, time 99:99:99.999999999, seq-num 209, element 'proxypad4', GstMessageStructureChange, type=(GstStructureChangeType)GST_STRUCTURE_CHANGE_TYPE_PAD_UNLINK, owner=(GstElement)"\(GstMpegAudioParse\)\ mpegaudioparse0", busy=(boolean)false;
05-10 10:02:54.161  4415  4501 D GStreamer+GST_ELEMENT_FACTORY: 0:02:33.377730306 0xf37ecf50 gstelementfactory.c:848:gst_element_factory_list_filter Trying rtpgsmdepay
05-10 10:02:54.161  4415  4500 D GStreamer+bin: 0:02:33.377769160 0xf37ecec0 gstbin.c:3528:gst_bin_handle_message_func:<decodebin1> [msg 0xf3abc8b8] handling child proxypad4 message of type structure-change
05-10 10:02:54.161  4415  4501 D GStreamer+GST_ELEMENT_FACTORY: 0:02:33.377775254 0xf37ecf50 gstelementfactory.c:848:gst_element_factory_list_filter Trying rtph261depay
05-10 10:02:54.161  4415  4501 D GStreamer+GST_ELEMENT_FACTORY: 0:02:33.377814056 0xf37ecf50 gstelementfactory.c:848:gst_element_factory_list_filter Trying rtph263depay
05-10 10:02:54.161  4415  4500 D GStreamer+bin: 0:02:33.377830202 0xf37ecec0 gstbin.c:957:bin_remove_messages:<decodepad0:proxypad4> deleting message 0xf3abc910 of types 0x00001000
05-10 10:02:54.161  4415  4501 D GStreamer+GST_ELEMENT_FACTORY: 0:02:33.377850618 0xf37ecf50 gstelementfactory.c:848:gst_element_factory_list_filter Trying rtph263pdepay
05-10 10:02:54.161  4415  4501 D GStreamer+GST_ELEMENT_FACTORY: 0:02:33.377881087 0xf37ecf50 gstelementfactory.c:848:gst_element_factory_list_filter Trying rtph264depay
05-10 10:02:54.161  4415  4500 D GStreamer+bin: 0:02:33.377894316 0xf37ecec0 gstbin.c:963:bin_remove_messages:<decodebin1> not deleting message 0xf37f5b28 of type 0x00100000
05-10 10:02:54.161  4415  4501 D GStreamer+GST_ELEMENT_FACTORY: 0:02:33.377912702 0xf37ecf50 gstelementfactory.c:848:gst_element_factory_list_filter Trying rtph265depay
05-10 10:02:54.161  4415  4500 D GStreamer+GST_BUS: 0:02:33.377936556 0xf37ecec0 gstbus.c:344:gst_bus_post:<bus2> [msg 0xf3abc8b8] dropped
05-10 10:02:54.162  4415  4501 D GStreamer+GST_ELEMENT_FACTORY: 0:02:33.377949785 0xf37ecf50 gstelementfactory.c:848:gst_element_factory_list_filter Trying rtpilbcdepay
05-10 10:02:54.162  4415  4501 D GStreamer+GST_ELEMENT_FACTORY: 0:02:33.377977806 0xf37ecf50 gstelementfactory.c:848:gst_element_factory_list_filter Trying rtpj2kdepay
05-10 10:02:54.162  4415  4501 D GStreamer+GST_ELEMENT_FACTORY: 0:02:33.378033900 0xf37ecf50 gstelementfactory.c:848:gst_element_factory_list_filter Trying rtpjpegdepay
05-10 10:02:54.162  4415  4500 D GStreamer+decodebin: 0:02:33.378039837 0xf37ecec0 gstdecodebin2.c:1476:clear_sticky_events:<'':decodepad0> clearing sticky event stream-start event: 0xf39c9d98, time 99:99:99.999999999, seq-num 108, GstEventStreamStart, stream-id=(string)71ab440d261a1bb43c19b397eec2373651540427aed1e7b0deb4be62a10a7f25/002, flags=(GstStreamFlags)GST_STREAM_FLAG_NONE, group-id=(uint)0;
05-10 10:02:54.162  4415  4501 D GStreamer+GST_ELEMENT_FACTORY: 0:02:33.378064056 0xf37ecf50 gstelementfactory.c:848:gst_element_factory_list_filter Trying rtpklvdepay
05-10 10:02:54.162  4415  4501 D GStreamer+GST_ELEMENT_FACTORY: 0:02:33.378096712 0xf37ecf50 gstelementfactory.c:848:gst_element_factory_list_filter Trying rtpmp1sdepay
05-10 10:02:54.162  4415  4501 D GStreamer+GST_ELEMENT_FACTORY: 0:02:33.378136243 0xf37ecf50 gstelementfactory.c:848:gst_element_factory_list_filter Trying rtpmp2tdepay
05-10 10:02:54.162  4415  4500 D GStreamer+decodebin: 0:02:33.378152702 0xf37ecec0 gstdecodebin2.c:1476:clear_sticky_events:<'':decodepad0> clearing sticky event caps event: 0xf39db568, time 99:99:99.999999999, seq-num 185, GstEventCaps, caps=(GstCaps)"audio/mpeg\,\ mpegversion\=\(int\)1\,\ mpegaudioversion\=\(int\)2\,\ layer\=\(int\)3\,\ rate\=\(int\)24000\,\ channels\=\(int\)1\,\ parsed\=\(boolean\)true";
05-10 10:02:54.162  4415  4501 D GStreamer+GST_ELEMENT_FACTORY: 0:02:33.378172910 0xf37ecf50 gstelementfactory.c:848:gst_element_factory_list_filter Trying rtpmp4adepay
05-10 10:02:54.162  4415  4500 D GStreamer+GST_PLUGIN_LOADING: 0:02:33.378209941 0xf37ecec0 gstpluginfeature.c:106:gst_plugin_feature_load loading plugin for feature 0xf3739d10; 'amcauddec-omxgooglemp3decoder'
05-10 10:02:54.162  4415  4501 D GStreamer+GST_ELEMENT_FACTORY: 0:02:33.378225879 0xf37ecf50 gstelementfactory.c:848:gst_element_factory_list_filter Trying rtpmp4gdepay
05-10 10:02:54.162  4415  4500 I GStreamer+GST_ELEMENT_FACTORY: 0:02:33.378244629 0xf37ecec0 gstelementfactory.c:364:gst_element_factory_create creating element "amcauddec-omxgooglemp3decoder"
05-10 10:02:54.162  4415  4501 D GStreamer+GST_ELEMENT_FACTORY: 0:02:33.378262598 0xf37ecf50 gstelementfactory.c:848:gst_element_factory_list_filter Trying rtpmp4vdepay
05-10 10:02:54.162  4415  4501 D GStreamer+GST_ELEMENT_FACTORY: 0:02:33.378309941 0xf37ecf50 gstelementfactory.c:848:gst_element_factory_list_filter Trying rtpmpadepay
05-10 10:02:54.162  4415  4500 D GStreamer+audiodecoder: 0:02:33.378294368 0xf37ecec0 gstaudiodecoder.c:438:gst_audio_decoder_init:<GstAudioDecoder@0xf3c9b248> gst_audio_decoder_init
05-10 10:02:54.162  4415  4501 D GStreamer+GST_ELEMENT_FACTORY: 0:02:33.378341973 0xf37ecf50 gstelementfactory.c:848:gst_element_factory_list_filter Trying rtpmparobustdepay
05-10 10:02:54.162  4415  4501 D GStreamer+GST_ELEMENT_FACTORY: 0:02:33.378375254 0xf37ecf50 gstelementfactory.c:848:gst_element_factory_list_filter Trying rtpmpvdepay
05-10 10:02:54.162  4415  4500 D GStreamer+GST_PADS: 0:02:33.378392337 0xf37ecec0 gstpad.c:1826:gst_pad_set_event_function_full:<'':sink> eventfunc for set to gst_audio_decoder_sink_event
05-10 10:02:54.162  4415  4501 D GStreamer+GST_ELEMENT_FACTORY: 0:02:33.378405827 0xf37ecf50 gstelementfactory.c:848:gst_element_factory_list_filter Trying rtppcmadepay
05-10 10:02:54.162  4415  4501 D GStreamer+GST_ELEMENT_FACTORY: 0:02:33.378434785 0xf37ecf50 gstelementfactory.c:848:gst_element_factory_list_filter Trying rtppcmudepay
05-10 10:02:54.162  4415  4500 D GStreamer+GST_PADS: 0:02:33.378452806 0xf37ecec0 gstpad.c:1720:gst_pad_set_chain_function_full:<'':sink> chainfunc set to gst_audio_decoder_chain
05-10 10:02:54.162  4415  4501 D GStreamer+GST_ELEMENT_FACTORY: 0:02:33.378472910 0xf37ecf50 gstelementfactory.c:848:gst_element_factory_list_filter Trying rtpqcelpdepay
05-10 10:02:54.162  4415  4501 D GStreamer+GST_ELEMENT_FACTORY: 0:02:33.378515098 0xf37ecf50 gstelementfactory.c:848:gst_element_factory_list_filter Trying rtpqdm2depay
05-10 10:02:54.162  4415  4500 D GStreamer+GST_PADS: 0:02:33.378531452 0xf37ecec0 gstpad.c:1906:gst_pad_set_query_function_full:<'':sink> queryfunc set to gst_audio_decoder_sink_query
05-10 10:02:54.162  4415  4501 D GStreamer+GST_ELEMENT_FACTORY: 0:02:33.378549993 0xf37ecf50 gstelementfactory.c:848:gst_element_factory_list_filter Trying rtpsbcdepay
05-10 10:02:54.162  4415  4501 D GStreamer+GST_ELEMENT_FACTORY: 0:02:33.378595670 0xf37ecf50 gstelementfactory.c:848:gst_element_factory_list_filter Trying rtpsirendepay
05-10 10:02:54.162  4415  4500 I GStreamer+GST_ELEMENT_PADS: 0:02:33.378579837 0xf37ecec0 gstelement.c:659:gst_element_add_pad:<GstAudioDecoder@0xf3c9b248> adding pad 'sink'
05-10 10:02:54.162  4415  4501 D GStreamer+GST_ELEMENT_FACTORY: 0:02:33.378631295 0xf37ecf50 gstelementfactory.c:848:gst_element_factory_list_filter Trying rtpspeexdepay
05-10 10:02:54.162  4415  4500 D GStreamer+GST_REFCOUNTING: 0:02:33.378647858 0xf37ecec0 gstobject.c:692:gst_object_set_parent:<'':sink> set parent (ref and sink)
05-10 10:02:54.162  4415  4501 D GStreamer+GST_ELEMENT_FACTORY: 0:02:33.378665202 0xf37ecf50 gstelementfactory.c:848:gst_element_factory_list_filter Trying rtpsv3vdepay
05-10 10:02:54.162  4415  4501 D GStreamer+GST_ELEMENT_FACTORY: 0:02:33.378712389 0xf37ecf50 gstelementfactory.c:848:gst_element_factory_list_filter Trying rtptheoradepay
05-10 10:02:54.162  4415  4500 D GStreamer+audiodecoder: 0:02:33.378696504 0xf37ecec0 gstaudiodecoder.c:455:gst_audio_decoder_init:<GstAudioDecoder@0xf3c9b248> sinkpad created
05-10 10:02:54.162  4415  4501 D GStreamer+GST_ELEMENT_FACTORY: 0:02:33.378746295 0xf37ecf50 gstelementfactory.c:848:gst_element_factory_list_filter Trying rtpvorbisdepay
05-10 10:02:54.162  4415  4500 D GStreamer+GST_PADS: 0:02:33.378772545 0xf37ecec0 gstpad.c:1826:gst_pad_set_event_function_full:<'':src> eventfunc for set to gst_audio_decoder_src_event
05-10 10:02:54.162  4415  4501 D GStreamer+GST_ELEMENT_FACTORY: 0:02:33.378789160 0xf37ecf50 gstelementfactory.c:848:gst_element_factory_list_filter Trying rtpvrawdepay
05-10 10:02:54.162  4415  4500 D GStreamer+GST_PADS: 0:02:33.378826712 0xf37ecec0 gstpad.c:1906:gst_pad_set_query_function_full:<'':src> queryfunc set to gst_audio_decoder_src_query
05-10 10:02:54.162  4415  4501 D GStreamer+GST_ELEMENT_FACTORY: 0:02:33.378842545 0xf37ecf50 gstelementfactory.c:848:gst_element_factory_list_filter Trying y4mdec
05-10 10:02:54.162  4415  4500 I GStreamer+GST_ELEMENT_PADS: 0:02:33.378867910 0xf37ecec0 gstelement.c:659:gst_element_add_pad:<GstAudioDecoder@0xf3c9b248> adding pad 'src'
05-10 10:02:54.162  4415  4501 D GStreamer+GST_ELEMENT_FACTORY: 0:02:33.378883900 0xf37ecf50 gstelementfactory.c:848:gst_element_factory_list_filter Trying dvdec
05-10 10:02:54.162  4415  4501 D GStreamer+GST_ELEMENT_FACTORY: 0:02:33.378916087 0xf37ecf50 gstelementfactory.c:848:gst_element_factory_list_filter Trying openh264dec
05-10 10:02:54.162  4415  4500 D GStreamer+GST_REFCOUNTING: 0:02:33.378933587 0xf37ecec0 gstobject.c:692:gst_object_set_parent:<'':src> set parent (ref and sink)
05-10 10:02:54.163  4415  4501 D GStreamer+GST_ELEMENT_FACTORY: 0:02:33.378953900 0xf37ecf50 gstelementfactory.c:848:gst_element_factory_list_filter Trying rtpgstdepay
05-10 10:02:54.163  4415  4500 D GStreamer+audiodecoder: 0:02:33.378976868 0xf37ecec0 gstaudiodecoder.c:468:gst_audio_decoder_init:<GstAudioDecoder@0xf3c9b248> srcpad created
05-10 10:02:54.163  4415  4501 D GStreamer+GST_ELEMENT_FACTORY: 0:02:33.378986556 0xf37ecf50 gstelementfactory.c:848:gst_element_factory_list_filter Trying rtpvp8depay
05-10 10:02:54.163  4415  4501 D GStreamer+GST_ELEMENT_FACTORY: 0:02:33.379022129 0xf37ecf50 gstelementfactory.c:848:gst_element_factory_list_filter Trying rtpvp9depay
05-10 10:02:54.163  4415  4501 D GStreamer+GST_ELEMENT_FACTORY: 0:02:33.379052181 0xf37ecf50 gstelementfactory.c:848:gst_element_factory_list_filter Trying rtpxqtdepay
05-10 10:02:54.163  4415  4501 D GStreamer+GST_ELEMENT_FACTORY: 0:02:33.379082702 0xf37ecf50 gstelementfactory.c:848:gst_element_factory_list_filter Trying sirendec
05-10 10:02:54.163  4415  4500 D GStreamer+audiodecoder: 0:02:33.379099368 0xf37ecec0 gstaudiodecoder.c:493:gst_audio_decoder_reset:<GstAudioDecoder@0xf3c9b248> gst_audio_decoder_reset
05-10 10:02:54.163  4415  4501 D GStreamer+decodebin: 0:02:33.379124264 0xf37ecf50 gstdecodebin2.c:1417:gst_decode_bin_autoplug_factories:<forhwgl> autoplug-factories returns 0xf3c9a2c0
05-10 10:02:54.163  4415  4500 D GStreamer+audiodecoder: 0:02:33.379147493 0xf37ecec0 gstaudiodecoder.c:487:gst_audio_decoder_init:<GstAudioDecoder@0xf3c9b248> init ok
