05-10 10:02:54.129  4415  4501 D GStreamer+GST_ELEMENT_FACTORY: 0:02:33.344960566 0xf37ecf50 gstelementfactory.c:848:gst_element_factory_list_filter Trying rtpL24depay
05-10 10:02:54.129  4415  4501 D GStreamer+GST_ELEMENT_FACTORY: 0:02:33.344997962 0xf37ecf50 gstelementfactory.c:848:gst_element_factory_list_filter Trying rtpac3depay
05-10 10:02:54.129  4415  4500 D GStreamer+GST_PADS: 0:02:33.345013795 0xf37ecec0 gstpad.c:984:pre_activate:<mpegaudioparse0:sink> reschedule events on peer typefind:src
05-10 10:02:54.129  4415  4501 D GStreamer+GST_ELEMENT_FACTORY: 0:02:33.345031295 0xf37ecf50 gstelementfactory.c:848:gst_element_factory_list_filter Trying rtpamrdepay
05-10 10:02:54.129  4415  4500 D GStreamer+baseparse: 0:02:33.345061504 0xf37ecec0 gstbaseparse.c:3661:gst_base_parse_sink_activate_mode:<mpegaudioparse0> sink activate in push mode
05-10 10:02:54.129  4415  4501 D GStreamer+GST_ELEMENT_FACTORY: 0:02:33.345077285 0xf37ecf50 gstelementfactory.c:848:gst_element_factory_list_filter Trying rtpbvdepay
05-10 10:02:54.129  4415  4500 D GStreamer+baseparse: 0:02:33.345116712 0xf37ecec0 gstbaseparse.c:3625:gst_base_parse_activate:<mpegaudioparse0> activate 1
05-10 10:02:54.129  4415  4501 D GStreamer+GST_ELEMENT_FACTORY: 0:02:33.345132181 0xf37ecf50 gstelementfactory.c:848:gst_element_factory_list_filter Trying rtpceltdepay
05-10 10:02:54.129  4415  4500 D GStreamer+mpegaudioparse: 0:02:33.345153848 0xf37ecec0 gstmpegaudioparse.c:245:gst_mpeg_audio_parse_start:<mpegaudioparse0> starting
05-10 10:02:54.129  4415  4501 D GStreamer+GST_ELEMENT_FACTORY: 0:02:33.345165618 0xf37ecf50 gstelementfactory.c:848:gst_element_factory_list_filter Trying rtpdvdepay
05-10 10:02:54.129  4415  4500 D GStreamer+baseparse: 0:02:33.345208848 0xf37ecec0 gstbaseparse.c:3647:gst_base_parse_activate:<mpegaudioparse0> activate return: 1
05-10 10:02:54.129  4415  4501 D GStreamer+GST_ELEMENT_FACTORY: 0:02:33.345224108 0xf37ecf50 gstelementfactory.c:848:gst_element_factory_list_filter Trying rtpg722depay
05-10 10:02:54.129  4415  4500 D GStreamer+baseparse: 0:02:33.345244264 0xf37ecec0 gstbaseparse.c:3684:gst_base_parse_sink_activate_mode:<mpegaudioparse0> sink activate return: 1
05-10 10:02:54.129  4415  4501 D GStreamer+GST_ELEMENT_FACTORY: 0:02:33.345257493 0xf37ecf50 gstelementfactory.c:848:gst_element_factory_list_filter Trying rtpg723depay
05-10 10:02:54.129  4415  4500 D GStreamer+GST_PADS: 0:02:33.345286400 0xf37ecec0 gstpad.c:1198:gst_pad_activate_mode:<mpegaudioparse0:sink> activated in push mode
05-10 10:02:54.129  4415  4501 D GStreamer+GST_ELEMENT_FACTORY: 0:02:33.345301712 0xf37ecf50 gstelementfactory.c:848:gst_element_factory_list_filter Trying rtpg726depay
05-10 10:02:54.129  4415  4501 D GStreamer+GST_ELEMENT_FACTORY: 0:02:33.345335045 0xf37ecf50 gstelementfactory.c:848:gst_element_factory_list_filter Trying rtpg729depay
05-10 10:02:54.129  4415  4500 D GStreamer+GST_ELEMENT_PADS: 0:02:33.345352025 0xf37ecec0 gstelement.c:2812:gst_element_pads_activate:<mpegaudioparse0> pad activation successful
05-10 10:02:54.129  4415  4501 D GStreamer+GST_ELEMENT_FACTORY: 0:02:33.345370514 0xf37ecf50 gstelementfactory.c:848:gst_element_factory_list_filter Trying rtpgsmdepay
05-10 10:02:54.129  4415  4500 D GStreamer+GST_STATES: 0:02:33.345395618 0xf37ecec0 gstelement.c:2684:gst_element_change_state:<mpegaudioparse0> element changed state SUCCESS
05-10 10:02:54.129  4415  4501 D GStreamer+GST_ELEMENT_FACTORY: 0:02:33.345412285 0xf37ecf50 gstelementfactory.c:848:gst_element_factory_list_filter Trying rtph261depay
05-10 10:02:54.129  4415  4501 D GStreamer+GST_ELEMENT_FACTORY: 0:02:33.345446556 0xf37ecf50 gstelementfactory.c:848:gst_element_factory_list_filter Trying rtph263depay
05-10 10:02:54.129  4415  4500 I GStreamer+GST_STATES: 0:02:33.345463379 0xf37ecec0 gstelement.c:2372:gst_element_continue_state:<mpegaudioparse0> completed state change to PAUSED
05-10 10:02:54.129  4415  4501 D GStreamer+GST_ELEMENT_FACTORY: 0:02:33.345491243 0xf37ecf50 gstelementfactory.c:848:gst_element_factory_list_filter Trying rtph263pdepay
05-10 10:02:54.129  4415  4501 D GStreamer+GST_ELEMENT_FACTORY: 0:02:33.345524889 0xf37ecf50 gstelementfactory.c:848:gst_element_factory_list_filter Trying rtph264depay
05-10 10:02:54.129  4415  4500 I GStreamer+GST_STATES: 0:02:33.345542025 0xf37ecec0 gstelement.c:2277:_priv_gst_element_state_changed:<mpegaudioparse0> notifying about state-changed READY to PAUSED (VOID_PENDING pending)
05-10 10:02:54.129  4415  4501 D GStreamer+GST_ELEMENT_FACTORY: 0:02:33.345559108 0xf37ecf50 gstelementfactory.c:848:gst_element_factory_list_filter Trying rtph265depay
05-10 10:02:54.129  4415  4501 D GStreamer+GST_ELEMENT_FACTORY: 0:02:33.345590514 0xf37ecf50 gstelementfactory.c:848:gst_element_factory_list_filter Trying rtpilbcdepay
05-10 10:02:54.129  4415  4501 D GStreamer+GST_ELEMENT_FACTORY: 0:02:33.345624316 0xf37ecf50 gstelementfactory.c:848:gst_element_factory_list_filter Trying rtpj2kdepay
05-10 10:02:54.129  4415  4500 D GStreamer+GST_BUS: 0:02:33.345645827 0xf37ecec0 gstbus.c:309:gst_bus_post:<bus2> [msg 0xf3abce20] posting on bus state-changed message: 0xf3abce20, time 99:99:99.999999999, seq-num 171, element 'mpegaudioparse0', GstMessageStateChanged, old-state=(GstState)GST_STATE_READY, new-state=(GstState)GST_STATE_PAUSED, pending-state=(GstState)GST_STATE_VOID_PENDING;
05-10 10:02:54.129  4415  4501 D GStreamer+GST_ELEMENT_FACTORY: 0:02:33.345660931 0xf37ecf50 gstelementfactory.c:848:gst_element_factory_list_filter Trying rtpjpegdepay
05-10 10:02:54.129  4415  4501 D GStreamer+GST_ELEMENT_FACTORY: 0:02:33.345694993 0xf37ecf50 gstelementfactory.c:848:gst_element_factory_list_filter Trying rtpklvdepay
05-10 10:02:54.129  4415  4500 D GStreamer+bin: 0:02:33.345724473 0xf37ecec0 gstbin.c:3528:gst_bin_handle_message_func:<decodebin1> [msg 0xf3abce20] handling child mpegaudioparse0 message of type state-changed
05-10 10:02:54.129  4415  4501 D GStreamer+GST_ELEMENT_FACTORY: 0:02:33.345739993 0xf37ecf50 gstelementfactory.c:848:gst_element_factory_list_filter Trying rtpmp1sdepay
05-10 10:02:54.129  4415  4500 D GStreamer+bin: 0:02:33.345759733 0xf37ecec0 gstbin.c:3865:gst_bin_handle_message_func:<decodebin1> posting message upward
05-10 10:02:54.129  4415  4501 D GStreamer+GST_ELEMENT_FACTORY: 0:02:33.345770775 0xf37ecf50 gstelementfactory.c:848:gst_element_factory_list_filter Trying rtpmp2tdepay
05-10 10:02:54.129  4415  4501 D GStreamer+GST_ELEMENT_FACTORY: 0:02:33.345799368 0xf37ecf50 gstelementfactory.c:848:gst_element_factory_list_filter Trying rtpmp4adepay
05-10 10:02:54.129  4415  4501 D GStreamer+GST_ELEMENT_FACTORY: 0:02:33.345831452 0xf37ecf50 gstelementfactory.c:848:gst_element_factory_list_filter Trying rtpmp4gdepay
05-10 10:02:54.129  4415  4500 D GStreamer+GST_BUS: 0:02:33.345849577 0xf37ecec0 gstbus.c:309:gst_bus_post:<bus4> [msg 0xf3abce20] posting on bus state-changed message: 0xf3abce20, time 99:99:99.999999999, seq-num 171, element 'mpegaudioparse0', GstMessageStateChanged, old-state=(GstState)GST_STATE_READY, new-state=(GstState)GST_STATE_PAUSED, pending-state=(GstState)GST_STATE_VOID_PENDING;
05-10 10:02:54.129  4415  4501 D GStreamer+GST_ELEMENT_FACTORY: 0:02:33.345867910 0xf37ecf50 gstelementfactory.c:848:gst_element_factory_list_filter Trying rtpmp4vdepay
05-10 10:02:54.129  4415  4500 D GStreamer+bin: 0:02:33.345894264 0xf37ecec0 gstbin.c:3528:gst_bin_handle_message_func:<pipeline0> [msg 0xf3abce20] handling child mpegaudioparse0 message of type state-changed
05-10 10:02:54.129  4415  4501 D GStreamer+GST_ELEMENT_FACTORY: 0:02:33.345910775 0xf37ecf50 gstelementfactory.c:848:gst_element_factory_list_filter Trying rtpmpadepay
05-10 10:02:54.129  4415  4500 D GStreamer+bin: 0:02:33.345944525 0xf37ecec0 gstbin.c:3865:gst_bin_handle_message_func:<pipeline0> posting message upward
05-10 10:02:54.130  4415  4501 D GStreamer+GST_ELEMENT_FACTORY: 0:02:33.345959889 0xf37ecf50 gstelementfactory.c:848:gst_element_factory_list_filter Trying rtpmparobustdepay
05-10 10:02:54.130  4415  4501 D GStreamer+GST_ELEMENT_FACTORY: 0:02:33.345992962 0xf37ecf50 gstelementfactory.c:848:gst_element_factory_list_filter Trying rtpmpvdepay
05-10 10:02:54.130  4415  4500 D GStreamer+GST_BUS: 0:02:33.346013535 0xf37ecec0 gstbus.c:309:gst_bus_post:<bus5> [msg 0xf3abce20] posting on bus state-changed message: 0xf3abce20, time 99:99:99.999999999, seq-num 171, element 'mpegaudioparse0', GstMessageStateChanged, old-state=(GstState)GST_STATE_READY, new-state=(GstState)GST_STATE_PAUSED, pending-state=(GstState)GST_STATE_VOID_PENDING;
05-10 10:02:54.130  4415  4501 D GStreamer+GST_ELEMENT_FACTORY: 0:02:33.346029108 0xf37ecf50 gstelementfactory.c:848:gst_element_factory_list_filter Trying rtppcmadepay
05-10 10:02:54.130  4415  4501 D GStreamer+GST_ELEMENT_FACTORY: 0:02:33.346065045 0xf37ecf50 gstelementfactory.c:848:gst_element_factory_list_filter Trying rtppcmudepay
05-10 10:02:54.130  4415  4500 D GStreamer+GST_BUS: 0:02:33.346081295 0xf37ecec0 gstbus.c:348:gst_bus_post:<bus5> [msg 0xf3abce20] pushing on async queue
05-10 10:02:54.130  4415  4501 D GStreamer+GST_ELEMENT_FACTORY: 0:02:33.346098795 0xf37ecf50 gstelementfactory.c:848:gst_element_factory_list_filter Trying rtpqcelpdepay
05-10 10:02:54.130  4415  4500 D GStreamer+GST_BUS: 0:02:33.346129368 0xf37ecec0 gstbus.c:351:gst_bus_post:<bus5> [msg 0xf3abce20] pushed on async queue
05-10 10:02:54.130  4415  4501 D GStreamer+GST_ELEMENT_FACTORY: 0:02:33.346147962 0xf37ecf50 gstelementfactory.c:848:gst_element_factory_list_filter Trying rtpqdm2depay
05-10 10:02:54.130  4415  4501 D GStreamer+GST_ELEMENT_FACTORY: 0:02:33.346184368 0xf37ecf50 gstelementfactory.c:848:gst_element_factory_list_filter Trying rtpsbcdepay
05-10 10:02:54.130  4415  4500 D GStreamer+GST_BUS: 0:02:33.346195150 0xf37ecec0 gstbus.c:344:gst_bus_post:<bus4> [msg 0xf3abce20] dropped
05-10 10:02:54.130  4415  4488 D GStreamer+GST_BUS: 0:02:33.346216608 0xf3964e00 gstbus.c:521:gst_bus_timed_pop_filtered:<bus5> got message 0xf3abce20, state-changed from mpegaudioparse0, type mask is 4294967295
05-10 10:02:54.130  4415  4501 D GStreamer+GST_ELEMENT_FACTORY: 0:02:33.346233900 0xf37ecf50 gstelementfactory.c:848:gst_element_factory_list_filter Trying rtpsirendepay
05-10 10:02:54.130  4415  4501 D GStreamer+GST_ELEMENT_FACTORY: 0:02:33.346265670 0xf37ecf50 gstelementfactory.c:848:gst_element_factory_list_filter Trying rtpspeexdepay
05-10 10:02:54.130  4415  4500 D GStreamer+GST_BUS: 0:02:33.346265045 0xf37ecec0 gstbus.c:344:gst_bus_post:<bus2> [msg 0xf3abce20] dropped
05-10 10:02:54.130  4415  4500 D GStreamer+GST_STATES: 0:02:33.346317337 0xf37ecec0 gstelement.c:2607:gst_element_set_state_func:<mpegaudioparse0> returned SUCCESS
05-10 10:02:54.130  4415  4488 D GStreamer+GST_BUS: 0:02:33.346332129 0xf3964e00 gstbus.c:789:gst_bus_source_dispatch:<bus5> source 0xf3ab6910 calling dispatch with state-changed message: 0xf3abce20, time 99:99:99.999999999, seq-num 171, element 'mpegaudioparse0', GstMessageStateChanged, old-state=(GstState)GST_STATE_READY, new-state=(GstState)GST_STATE_PAUSED, pending-state=(GstState)GST_STATE_VOID_PENDING;
05-10 10:02:54.130  4415  4501 D GStreamer+GST_ELEMENT_FACTORY: 0:02:33.346347441 0xf37ecf50 gstelementfactory.c:848:gst_element_factory_list_filter Trying rtpsv3vdepay
05-10 10:02:54.130  4415  4501 D GStreamer+GST_ELEMENT_FACTORY: 0:02:33.346381191 0xf37ecf50 gstelementfactory.c:848:gst_element_factory_list_filter Trying rtptheoradepay
05-10 10:02:54.130  4415  4488 D GStreamer+GST_BUS: 0:02:33.346401452 0xf3964e00 gstbus.c:794:gst_bus_source_dispatch:<bus5> source 0xf3ab6910 handler returns 1
05-10 10:02:54.130  4415  4501 D GStreamer+GST_ELEMENT_FACTORY: 0:02:33.346414525 0xf37ecf50 gstelementfactory.c:848:gst_element_factory_list_filter Trying rtpvorbisdepay
05-10 10:02:54.130  4415  4501 D GStreamer+GST_ELEMENT_FACTORY: 0:02:33.346500775 0xf37ecf50 gstelementfactory.c:848:gst_element_factory_list_filter Trying rtpvrawdepay
05-10 10:02:54.130  4415  4500 D GStreamer+GST_EVENT: 0:02:33.346506139 0xf37ecec0 gstpad.c:5496:gst_pad_send_event_unchecked:<mpegaudioparse0:sink> have event type stream-start event: 0xf39c9d98, time 99:99:99.999999999, seq-num 108, GstEventStreamStart, stream-id=(string)71ab440d261a1bb43c19b397eec2373651540427aed1e7b0deb4be62a10a7f25/002, flags=(GstStreamFlags)GST_STREAM_FLAG_NONE, group-id=(uint)0;
05-10 10:02:54.130  4415  4501 D GStreamer+GST_ELEMENT_FACTORY: 0:02:33.346532545 0xf37ecf50 gstelementfactory.c:848:gst_element_factory_list_filter Trying y4mdec
05-10 10:02:54.130  4415  4500 D GStreamer+baseparse: 0:02:33.346556139 0xf37ecec0 gstbaseparse.c:1174:gst_base_parse_sink_event_default:<mpegaudioparse0> handling event 10254, stream-start
05-10 10:02:54.130  4415  4501 D GStreamer+GST_ELEMENT_FACTORY: 0:02:33.346568223 0xf37ecf50 gstelementfactory.c:848:gst_element_factory_list_filter Trying dvdec
05-10 10:02:54.130  4415  4500 D GStreamer+GST_PADS: 0:02:33.346610775 0xf37ecec0 gstpad.c:3813:check_sticky:<mpegaudioparse0:src> pushing all sticky events
05-10 10:02:54.130  4415  4501 D GStreamer+GST_ELEMENT_FACTORY: 0:02:33.346627025 0xf37ecf50 gstelementfactory.c:848:gst_element_factory_list_filter Trying openh264dec
05-10 10:02:54.130  4415  4500 D GStreamer+GST_PADS: 0:02:33.346651764 0xf37ecec0 gstpad.c:3650:do_probe_callbacks:<mpegaudioparse0:src> data is passed
05-10 10:02:54.130  4415  4501 D GStreamer+GST_ELEMENT_FACTORY: 0:02:33.346660410 0xf37ecf50 gstelementfactory.c:848:gst_element_factory_list_filter Trying rtpgstdepay
05-10 10:02:54.130  4415  4500 D GStreamer+GST_PADS: 0:02:33.346693379 0xf37ecec0 gstpad.c:3453:probe_hook_marshal:<mpegaudioparse0:src> probe returned OK
05-10 10:02:54.130  4415  4501 D GStreamer+GST_ELEMENT_FACTORY: 0:02:33.346709264 0xf37ecf50 gstelementfactory.c:848:gst_element_factory_list_filter Trying rtpvp8depay
05-10 10:02:54.130  4415  4501 D GStreamer+GST_ELEMENT_FACTORY: 0:02:33.346747962 0xf37ecf50 gstelementfactory.c:848:gst_element_factory_list_filter Trying rtpvp9depay
05-10 10:02:54.130  4415  4501 D GStreamer+GST_ELEMENT_FACTORY: 0:02:33.346783952 0xf37ecf50 gstelementfactory.c:848:gst_element_factory_list_filter Trying rtpxqtdepay
05-10 10:02:54.130  4415  4500 D GStreamer+GST_EVENT: 0:02:33.346872545 0xf37ecec0 gstpad.c:5496:gst_pad_send_event_unchecked:<decodepad0:proxypad4> have event type stream-start event: 0xf39c9d98, time 99:99:99.999999999, seq-num 108, GstEventStreamStart, stream-id=(string)71ab440d261a1bb43c19b397eec2373651540427aed1e7b0deb4be62a10a7f25/002, flags=(GstStreamFlags)GST_STREAM_FLAG_NONE, group-id=(uint)0;
05-10 10:02:54.130  4415  4501 D GStreamer+GST_ELEMENT_FACTORY: 0:02:33.346887806 0xf37ecf50 gstelementfactory.c:848:gst_element_factory_list_filter Trying sirendec
05-10 10:02:54.130  4415  4500 D GStreamer+GST_PADS: 0:02:33.346925202 0xf37ecec0 gstpad.c:3813:check_sticky:<'':decodepad0> pushing all sticky events
05-10 10:02:54.131  4415  4501 D GStreamer+decodebin: 0:02:33.346943223 0xf37ecf50 gstdecodebin2.c:1417:gst_decode_bin_autoplug_factories:<forhwgl> autoplug-factories returns 0xf3c6fa40
05-10 10:02:54.131  4415  4500 D GStreamer+GST_PADS: 0:02:33.346987702 0xf37ecec0 gstpad.c:5266:gst_pad_push_event_unchecked:<'':decodepad0> Dropping event stream-start because pad is not linked
05-10 10:02:54.131  4415  4501 D GStreamer+decodebin: 0:02:33.347000775 0xf37ecf50 gstdecodebin2.c:1754:analyze_new_pad Trying factory h264parse
05-10 10:02:54.131  4415  4500 D GStreamer+GST_PADS: 0:02:33.347029160 0xf37ecec0 gstpad.c:3784:push_sticky:<'':decodepad0> pad was not linked, mark pending
05-10 10:02:54.131  4415  4501 D GStreamer+decodebin: 0:02:33.347045306 0xf37ecf50 gstdecodebin2.c:1759:analyze_new_pad Skipping factory
05-10 10:02:54.131  4415  4501 D GStreamer+decodebin: 0:02:33.347081348 0xf37ecf50 gstdecodebin2.c:1754:analyze_new_pad Trying factory amcviddec-omxnvidiah264decode
05-10 10:02:54.131  4415  4500 D GStreamer+GST_PADS: 0:02:33.347099577 0xf37ecec0 gstpad.c:5569:gst_pad_send_event_unchecked:<decodepad0:proxypad4> sent event, ret ok
05-10 10:02:54.131  4415  4500 D GStreamer+GST_PADS: 0:02:33.347154837 0xf37ecec0 gstpad.c:3765:push_sticky:<mpegaudioparse0:src> event stream-start marked received
05-10 10:02:54.131  4415  4501 D GStreamer+decodebin: 0:02:33.347189368 0xf37ecf50 gstdecodebin2.c:1754:analyze_new_pad Trying factory amcviddec-omxgoogleh264decoder
05-10 10:02:54.131  4415  4500 D GStreamer+baseparse: 0:02:33.347212025 0xf37ecec0 gstbaseparse.c:1484:gst_base_parse_sink_event_default:<mpegaudioparse0> event handled
05-10 10:02:54.131  4415  4500 D GStreamer+GST_PADS: 0:02:33.347252858 0xf37ecec0 gstpad.c:5569:gst_pad_send_event_unchecked:<mpegaudioparse0:sink> sent event, ret ok
05-10 10:02:54.131  4415  4501 D GStreamer+decodebin: 0:02:33.347291452 0xf37ecf50 gstdecodebin2.c:1754:analyze_new_pad Trying factory openh264dec
05-10 10:02:54.131  4415  4500 D GStreamer+GST_EVENT: 0:02:33.347368900 0xf37ecec0 gstpad.c:5496:gst_pad_send_event_unchecked:<mpegaudioparse0:sink> have event type caps event: 0xf3ab4360, time 99:99:99.999999999, seq-num 123, GstEventCaps, caps=(GstCaps)"audio/mpeg\,\ mpegversion\=\(int\)1\,\ parsed\=\(boolean\)true\,\ rate\=\(int\)24000\,\ channels\=\(int\)1";
05-10 10:02:54.131  4415  4501 D GStreamer+GST_PERFORMANCE: 0:02:33.347384004 0xf37ecf50 gstcaps.c:169:_gst_caps_copy:<0xf36dadb8> doing copy 0xf36dadb8 -> 0xf3a2e050
05-10 10:02:54.131  4415  4501 D GStreamer+GST_PERFORMANCE: 0:02:33.347446035 0xf37ecf50 gstminiobject.c:326:gst_mini_object_make_writable copy GstCaps miniobject 0xf36dadb8 -> 0xf3a2e050
05-10 10:02:54.131  4415  4500 D GStreamer+GST_CAPS: 0:02:33.347464160 0xf37ecec0 gstutils.c:2921:gst_pad_query_accept_caps:<mpegaudioparse0:sink> accept caps of audio/mpeg, mpegversion=(int)1, parsed=(boolean)true, rate=(int)24000, channels=(int)1
05-10 10:02:54.131  4415  4501 D GStreamer+GST_PLUGIN_LOADING: 0:02:33.347494368 0xf37ecf50 gstpluginfeature.c:106:gst_plugin_feature_load loading plugin for feature 0xf35fb120; 'capsfilter'
05-10 10:02:54.131  4415  4501 I GStreamer+GST_ELEMENT_FACTORY: 0:02:33.347528118 0xf37ecf50 gstelementfactory.c:364:gst_element_factory_create creating element "capsfilter"
05-10 10:02:54.131  4415  4500 D GStreamer+query: 0:02:33.347544264 0xf37ecec0 gstquery.c:674:gst_query_new_custom creating new query 0xf3a3f980 accept-caps
05-10 10:02:54.131  4415  4501 D GStreamer+basetransform: 0:02:33.347563639 0xf37ecf50 gstbasetransform.c:443:gst_base_transform_init gst_base_transform_init
05-10 10:02:54.131  4415  4500 D GStreamer+GST_PADS: 0:02:33.347581920 0xf37ecec0 gstpad.c:3882:gst_pad_query:<mpegaudioparse0:sink> doing query 0xf3a3f980 (accept-caps)
05-10 10:02:54.131  4415  4501 D GStreamer+GST_PADS: 0:02:33.347624160 0xf37ecf50 gstpad.c:1826:gst_pad_set_event_function_full:<'':sink> eventfunc for set to gst_base_transform_sink_event
05-10 10:02:54.131  4415  4500 D GStreamer+baseparse: 0:02:33.347635098 0xf37ecec0 gstbaseparse.c:1555:gst_base_parse_sink_query:<mpegaudioparse0> accept-caps query
05-10 10:02:54.131  4415  4501 D GStreamer+GST_PADS: 0:02:33.347666556 0xf37ecf50 gstpad.c:1720:gst_pad_set_chain_function_full:<'':sink> chainfunc set to gst_base_transform_chain
05-10 10:02:54.131  4415  4500 D GStreamer+GST_PADS: 0:02:33.347723900 0xf37ecec0 gstpad.c:3035:gst_pad_query_accept_caps_default:<mpegaudioparse0:sink> query accept-caps accept-caps query: 0xf3a3f980, GstQueryAcceptCaps, caps=(GstCaps)"audio/mpeg\,\ mpegversion\=\(int\)1\,\ parsed\=\(boolean\)true\,\ rate\=\(int\)24000\,\ channels\=\(int\)1", result=(boolean)false;
05-10 10:02:54.131  4415  4501 D GStreamer+GST_PADS: 0:02:33.347740879 0xf37ecf50 gstpad.c:1685:gst_pad_set_activatemode_function_full:<'':sink> activatemodefunc set to gst_base_transform_sink_activate_mode
05-10 10:02:54.131  4415  4500 D GStreamer+GST_PERFORMANCE: 0:02:33.347765358 0xf37ecec0 gstpad.c:3050:gst_pad_query_accept_caps_default:<mpegaudioparse0:sink> fallback ACCEPT_CAPS query, consider implementing a specialized version
05-10 10:02:54.131  4415  4501 D GStreamer+GST_PADS: 0:02:33.347792077 0xf37ecf50 gstpad.c:1906:gst_pad_set_query_function_full:<'':sink> queryfunc set to gst_base_transform_query
05-10 10:02:54.131  4415  4501 I GStreamer+GST_ELEMENT_PADS: 0:02:33.347867493 0xf37ecf50 gstelement.c:659:gst_element_add_pad:<GstBaseTransform@0xf3a529e8> adding pad 'sink'
05-10 10:02:54.131  4415  4500 D GStreamer+GST_PADS: 0:02:33.347883848 0xf37ecec0 gstpad.c:3061:gst_pad_query_accept_caps_default:<mpegaudioparse0:sink> allowed caps intersect audio/mpeg, mpegversion=(int)1, caps audio/mpeg, mpegversion=(int)1, parsed=(boolean)true, rate=(int)24000, channels=(int)1
05-10 10:02:54.131  4415  4501 D GStreamer+GST_REFCOUNTING: 0:02:33.347907181 0xf37ecf50 gstobject.c:692:gst_object_set_parent:<'':sink> set parent (ref and sink)
05-10 10:02:54.132  4415  4500 D GStreamer+GST_PADS: 0:02:33.347950462 0xf37ecec0 gstpad.c:3339:gst_pad_query_default:<mpegaudioparse0:sink> not forwarding 0xf3a3f980 (accept-caps) query
05-10 10:02:54.132  4415  4501 D GStreamer+GST_PADS: 0:02:33.347978743 0xf37ecf50 gstpad.c:1826:gst_pad_set_event_function_full:<'':src> eventfunc for set to gst_base_transform_src_event
05-10 10:02:54.132  4415  4500 D GStreamer+GST_PADS: 0:02:33.348001243 0xf37ecec0 gstpad.c:3905:gst_pad_query:<mpegaudioparse0:sink> sent query 0xf3a3f980 (accept-caps), result 1
05-10 10:02:54.132  4415  4501 D GStreamer+GST_PADS: 0:02:33.348027650 0xf37ecf50 gstpad.c:1793:gst_pad_set_getrange_function_full:<'':src> getrangefunc set to gst_base_transform_getrange
05-10 10:02:54.132  4415  4500 D GStreamer+default: 0:02:33.348057598 0xf37ecec0 gstutils.c:2926:gst_pad_query_accept_caps:<mpegaudioparse0:sink> query returned 1
05-10 10:02:54.132  4415  4501 D GStreamer+GST_PADS: 0:02:33.348069368 0xf37ecf50 gstpad.c:1685:gst_pad_set_activatemode_function_full:<'':src> activatemodefunc set to gst_base_transform_src_activate_mode
05-10 10:02:54.132  4415  4500 D GStreamer+baseparse: 0:02:33.348104577 0xf37ecec0 gstbaseparse.c:1174:gst_base_parse_sink_event_default:<mpegaudioparse0> handling event 12814, caps
05-10 10:02:54.132  4415  4501 D GStreamer+GST_PADS: 0:02:33.348122025 0xf37ecf50 gstpad.c:1906:gst_pad_set_query_function_full:<'':src> queryfunc set to gst_base_transform_query
05-10 10:02:54.132  4415  4501 I GStreamer+GST_ELEMENT_PADS: 0:02:33.348170045 0xf37ecf50 gstelement.c:659:gst_element_add_pad:<GstBaseTransform@0xf3a529e8> adding pad 'src'
05-10 10:02:54.132  4415  4500 D GStreamer+baseparse: 0:02:33.348186243 0xf37ecec0 gstbaseparse.c:1182:gst_base_parse_sink_event_default:<mpegaudioparse0> caps: audio/mpeg, mpegversion=(int)1, parsed=(boolean)true, rate=(int)24000, channels=(int)1
05-10 10:02:54.132  4415  4501 D GStreamer+GST_REFCOUNTING: 0:02:33.348207598 0xf37ecf50 gstobject.c:692:gst_object_set_parent:<'':src> set parent (ref and sink)
05-10 10:02:54.132  4415  4500 D GStreamer+baseparse: 0:02:33.348221295 0xf37ecec0 gstbaseparse.c:1484:gst_base_parse_sink_event_default:<mpegaudioparse0> event handled
05-10 10:02:54.132  4415  4501 D GStreamer+basetransform: 0:02:33.348247754 0xf37ecf50 gstbasetransform.c:485:gst_base_transform_init:<GstBaseTransform@0xf3a529e8> setting in_place TRUE
05-10 10:02:54.132  4415  4500 D GStreamer+GST_PADS: 0:02:33.348271816 0xf37ecec0 gstpad.c:5569:gst_pad_send_event_unchecked:<mpegaudioparse0:sink> sent event, ret ok
05-10 10:02:54.132  4415  4501 D GStreamer+basetransform: 0:02:33.348292493 0xf37ecf50 gstbasetransform.c:2768:gst_base_transform_set_gap_aware:<GstCapsFilter@0xf3a529e8> set gap aware 1
05-10 10:02:54.132  4415  4500 D GStreamer+GST_PADS: 0:02:33.348316816 0xf37ecec0 gstpad.c:5053:store_sticky_event:<mpegaudioparse0:sink> notify caps
05-10 10:02:54.132  4415  4501 D GStreamer+basetransform: 0:02:33.348341452 0xf37ecf50 gstbasetransform.c:2799:gst_base_transform_set_prefer_passthrough:<GstCapsFilter@0xf3a529e8> prefer passthrough 0
05-10 10:02:54.132  4415  4500 D GStreamer+GST_STATES: 0:02:33.348382389 0xf37ecec0 gstelement.c:1970:gst_element_set_locked_state unlocking state of element mpegaudioparse0
05-10 10:02:54.132  4415  4501 D GStreamer+GST_ELEMENT_FACTORY: 0:02:33.348399733 0xf37ecf50 gstelementfactory.c:390:gst_element_factory_create created element "capsfilter"
05-10 10:02:54.132  4415  4500 D GStreamer+decodebin: 0:02:33.348422389 0xf37ecec0 gstdecodebin2.c:3956:gst_decode_chain_is_complete:<decodebin1> Chain 0xf3ad0958 is complete: 0
05-10 10:02:54.132  4415  4500 D GStreamer+GST_PADS: 0:02:33.348502025 0xf37ecec0 gstpad.c:3813:check_sticky:<typefind:src> pushing all sticky events
05-10 10:02:54.132  4415  4501 D GStreamer+capsfilter: 0:02:33.348633014 0xf37ecf50 gstcapsfilter.c:211:gst_capsfilter_set_property:<capsfilter1> set new caps video/x-h264, width=(int)[ 16, 4096 ], height=(int)[ 16, 4096 ], framerate=(fraction)[ 0/1, 2147483647/1 ], parsed=(boolean)true, stream-format=(string)byte-stream, alignment=(string)au, profile=(string)high; video/x-h264, width=(int)[ 16, 4096 ], height=(int)[ 16, 4096 ], framerate=(fraction)[ 0/1, 2147483647/1 ], parsed=(boolean)true, stream-format=(string)byte-stream, alignment=(string)au, profile=(string)main; video/x-h264, width=(int)[ 16, 4096 ], height=(int)[ 16, 4096 ], framerate=(fraction)[ 0/1, 2147483647/1 ], parsed=(boolean)true, stream-format=(string)byte-stream, alignment=(string)au, profile=(string)baseline; video/x-h264, width=(int)[ 16, 4096 ], height=(int)[ 16, 4096 ], framerate=(fraction)[ 0/1, 2147483647/1 ], parsed=(boolean)true, stream-format=(string)byte-stream, alignment=(string)au, profile=(string)constrained-baseline; video/x-h264, stream-format=(string)byte-stream, alignment=(str
05-10 10:02:54.132  4415  4500 D GStreamer+GST_EVENT: 0:02:33.348649004 0xf37ecec0 gstpad.c:5496:gst_pad_send_event_unchecked:<mpegaudioparse0:sink> have event type stream-start event: 0xf39c9d98, time 99:99:99.999999999, seq-num 108, GstEventStreamStart, stream-id=(string)71ab440d261a1bb43c19b397eec2373651540427aed1e7b0deb4be62a10a7f25/002, flags=(GstStreamFlags)GST_STREAM_FLAG_NONE, group-id=(uint)0;
05-10 10:02:54.132  4415  4501 I GStreamer+GST_EVENT: 0:02:33.348668379 0xf37ecf50 gstevent.c:1382:gst_event_new_reconfigure creating reconfigure event
05-10 10:02:54.132  4415  4501 D GStreamer+GST_EVENT: 0:02:33.348704785 0xf37ecf50 gstevent.c:302:gst_event_new_custom creating new event 0xf39dd558 reconfigure 61441
05-10 10:02:54.132  4415  4500 D GStreamer+baseparse: 0:02:33.348692077 0xf37ecec0 gstbaseparse.c:1174:gst_base_parse_sink_event_default:<mpegaudioparse0> handling event 10254, stream-start
05-10 10:02:54.132  4415  4501 D GStreamer+GST_PADS: 0:02:33.348740098 0xf37ecf50 gstpad.c:5234:gst_pad_push_event_unchecked:<capsfilter1:sink> We're flushing
05-10 10:02:54.132  4415  4500 D GStreamer+baseparse: 0:02:33.348755618 0xf37ecec0 gstbaseparse.c:1484:gst_base_parse_sink_event_default:<mpegaudioparse0> event handled
05-10 10:02:54.132  4415  4501 D GStreamer+basetransform: 0:02:33.348777754 0xf37ecf50 gstbasetransform.c:2819:gst_base_transform_reconfigure_sink:<capsfilter1> Renegotiate event wasn't handled
05-10 10:02:54.132  4415  4500 D GStreamer+GST_PADS: 0:02:33.348801295 0xf37ecec0 gstpad.c:5569:gst_pad_send_event_unchecked:<mpegaudioparse0:sink> sent event, ret ok
05-10 10:02:54.132  4415  4501 D GStreamer+GST_STATES: 0:02:33.348825670 0xf37ecf50 gstelement.c:2523:gst_element_set_state_func:<capsfilter1> set_state to PAUSED
05-10 10:02:54.132  4415  4500 D GStreamer+GST_PADS: 0:02:33.348864316 0xf37ecec0 gstpad.c:3765:push_sticky:<typefind:src> event stream-start marked received
05-10 10:02:54.132  4415  4501 D GStreamer+GST_STATES: 0:02:33.348880775 0xf37ecf50 gstelement.c:2548:gst_element_set_state_func:<capsfilter1> setting target state to PAUSED
05-10 10:02:54.132  4415  4501 D GStreamer+GST_STATES: 0:02:33.348931712 0xf37ecf50 gstelement.c:2561:gst_element_set_state_func:<capsfilter1> current NULL, old_pending VOID_PENDING, next VOID_PENDING, old return SUCCESS
05-10 10:02:54.133  4415  4500 D GStreamer+GST_EVENT: 0:02:33.348967025 0xf37ecec0 gstpad.c:5496:gst_pad_send_event_unchecked:<mpegaudioparse0:sink> have event type caps event: 0xf3ab4360, time 99:99:99.999999999, seq-num 123, GstEventCaps, caps=(GstCaps)"audio/mpeg\,\ mpegversion\=\(int\)1\,\ parsed\=\(boolean\)true\,\ rate\=\(int\)24000\,\ channels\=\(int\)1";
05-10 10:02:54.133  4415  4501 D GStreamer+GST_STATES: 0:02:33.348977337 0xf37ecf50 gstelement.c:2595:gst_element_set_state_func:<capsfilter1> intermediate: setting state from NULL to READY
05-10 10:02:54.133  4415  4501 D GStreamer+GST_STATES: 0:02:33.349012702 0xf37ecf50 gstelement.c:2684:gst_element_change_state:<capsfilter1> element changed state SUCCESS
05-10 10:02:54.133  4415  4500 D GStreamer+GST_CAPS: 0:02:33.349026191 0xf37ecec0 gstutils.c:2921:gst_pad_query_accept_caps:<mpegaudioparse0:sink> accept caps of audio/mpeg, mpegversion=(int)1, parsed=(boolean)true, rate=(int)24000, channels=(int)1
05-10 10:02:54.133  4415  4501 I GStreamer+GST_STATES: 0:02:33.349071973 0xf37ecf50 gstelement.c:2347:gst_element_continue_state:<capsfilter1> committing state from NULL to READY, pending PAUSED, next PAUSED
05-10 10:02:54.133  4415  4500 D GStreamer+query: 0:02:33.349086243 0xf37ecec0 gstquery.c:674:gst_query_new_custom creating new query 0xf3a3f9b0 accept-caps
05-10 10:02:54.133  4415  4501 I GStreamer+GST_STATES: 0:02:33.349111712 0xf37ecf50 gstelement.c:2277:_priv_gst_element_state_changed:<capsfilter1> notifying about state-changed NULL to READY (PAUSED pending)
05-10 10:02:54.133  4415  4500 D GStreamer+GST_PADS: 0:02:33.349122233 0xf37ecec0 gstpad.c:3882:gst_pad_query:<mpegaudioparse0:sink> doing query 0xf3a3f9b0 (accept-caps)
05-10 10:02:54.133  4415  4501 D GStreamer+GST_MESSAGE: 0:02:33.349152285 0xf37ecf50 gstelement.c:1735:gst_element_post_message_default:<capsfilter1> not posting message 0xf3ac0210: no bus
05-10 10:02:54.133  4415  4500 D GStreamer+baseparse: 0:02:33.349176087 0xf37ecec0 gstbaseparse.c:1555:gst_base_parse_sink_query:<mpegaudioparse0> accept-caps query
05-10 10:02:54.133  4415  4501 I GStreamer+GST_STATES: 0:02:33.349203587 0xf37ecf50 gstelement.c:2354:gst_element_continue_state:<capsfilter1> continue state change READY to PAUSED, final PAUSED
05-10 10:02:54.133  4415  4501 D GStreamer+GST_ELEMENT_PADS: 0:02:33.349250827 0xf37ecf50 gstelement.c:2793:gst_element_pads_activate:<capsfilter1> activate pads
05-10 10:02:54.133  4415  4500 D GStreamer+GST_PADS: 0:02:33.349274473 0xf37ecec0 gstpad.c:3035:gst_pad_query_accept_caps_default:<mpegaudioparse0:sink> query accept-caps accept-caps query: 0xf3a3f9b0, GstQueryAcceptCaps, caps=(GstCaps)"audio/mpeg\,\ mpegversion\=\(int\)1\,\ parsed\=\(boolean\)true\,\ rate\=\(int\)24000\,\ channels\=\(int\)1", result=(boolean)false;
05-10 10:02:54.133  4415  4501 D GStreamer+GST_PADS: 0:02:33.349292441 0xf37ecf50 gstpad.c:1056:gst_pad_set_active:<capsfilter1:src> activating pad from none
05-10 10:02:54.133  4415  4500 D GStreamer+GST_PERFORMANCE: 0:02:33.349317389 0xf37ecec0 gstpad.c:3050:gst_pad_query_accept_caps_default:<mpegaudioparse0:sink> fallback ACCEPT_CAPS query, consider implementing a specialized version
05-10 10:02:54.133  4415  4501 D GStreamer+GST_PADS: 0:02:33.349331712 0xf37ecf50 gstpad.c:972:pre_activate:<capsfilter1:src> setting pad into push mode, unset flushing
05-10 10:02:54.133  4415  4501 D GStreamer+GST_PADS: 0:02:33.349369473 0xf37ecf50 gstpad.c:1198:gst_pad_activate_mode:<capsfilter1:src> activated in push mode
05-10 10:02:54.133  4415  4500 D GStreamer+GST_PADS: 0:02:33.349402285 0xf37ecec0 gstpad.c:3061:gst_pad_query_accept_caps_default:<mpegaudioparse0:sink> allowed caps intersect audio/mpeg, mpegversion=(int)1, caps audio/mpeg, mpegversion=(int)1, parsed=(boolean)true, rate=(int)24000, channels=(int)1
05-10 10:02:54.133  4415  4501 D GStreamer+GST_PADS: 0:02:33.349430723 0xf37ecf50 gstpad.c:1056:gst_pad_set_active:<capsfilter1:sink> activating pad from none
05-10 10:02:54.133  4415  4500 D GStreamer+GST_PADS: 0:02:33.349458066 0xf37ecec0 gstpad.c:3339:gst_pad_query_default:<mpegaudioparse0:sink> not forwarding 0xf3a3f9b0 (accept-caps) query
05-10 10:02:54.133  4415  4501 D GStreamer+GST_PADS: 0:02:33.349486452 0xf37ecf50 gstpad.c:972:pre_activate:<capsfilter1:sink> setting pad into push mode, unset flushing
05-10 10:02:54.133  4415  4500 D GStreamer+GST_PADS: 0:02:33.349536973 0xf37ecec0 gstpad.c:3905:gst_pad_query:<mpegaudioparse0:sink> sent query 0xf3a3f9b0 (accept-caps), result 1
05-10 10:02:54.133  4415  4501 D GStreamer+GST_CAPS: 0:02:33.349554420 0xf37ecf50 gstpad.c:2648:gst_pad_get_current_caps:<capsfilter1:sink> get current pad caps (NULL)
05-10 10:02:54.133  4415  4500 D GStreamer+default: 0:02:33.349596556 0xf37ecec0 gstutils.c:2926:gst_pad_query_accept_caps:<mpegaudioparse0:sink> query returned 1
05-10 10:02:54.133  4415  4501 D GStreamer+GST_CAPS: 0:02:33.349612806 0xf37ecf50 gstpad.c:2648:gst_pad_get_current_caps:<capsfilter1:src> get current pad caps (NULL)
05-10 10:02:54.133  4415  4500 D GStreamer+baseparse: 0:02:33.349639681 0xf37ecec0 gstbaseparse.c:1174:gst_base_parse_sink_event_default:<mpegaudioparse0> handling event 12814, caps
05-10 10:02:54.133  4415  4501 D GStreamer+basetransform: 0:02:33.349657181 0xf37ecf50 gstbasetransform.c:2449:gst_base_transform_activate:<capsfilter1> have_same_caps 0
05-10 10:02:54.133  4415  4501 D GStreamer+GST_PADS: 0:02:33.349698066 0xf37ecf50 gstpad.c:1198:gst_pad_activate_mode:<capsfilter1:sink> activated in push mode
05-10 10:02:54.133  4415  4500 D GStreamer+baseparse: 0:02:33.349720514 0xf37ecec0 gstbaseparse.c:1182:gst_base_parse_sink_event_default:<mpegaudioparse0> caps: audio/mpeg, mpegversion=(int)1, parsed=(boolean)true, rate=(int)24000, channels=(int)1
05-10 10:02:54.133  4415  4501 D GStreamer+GST_ELEMENT_PADS: 0:02:33.349744681 0xf37ecf50 gstelement.c:2812:gst_element_pads_activate:<capsfilter1> pad activation successful
05-10 10:02:54.133  4415  4500 D GStreamer+baseparse: 0:02:33.349764004 0xf37ecec0 gstbaseparse.c:1484:gst_base_parse_sink_event_default:<mpegaudioparse0> event handled
05-10 10:02:54.133  4415  4501 D GStreamer+GST_STATES: 0:02:33.349787233 0xf37ecf50 gstelement.c:2684:gst_element_change_state:<capsfilter1> element changed state SUCCESS
05-10 10:02:54.133  4415  4500 D GStreamer+GST_PADS: 0:02:33.349829056 0xf37ecec0 gstpad.c:5569:gst_pad_send_event_unchecked:<mpegaudioparse0:sink> sent event, ret ok
05-10 10:02:54.133  4415  4501 I GStreamer+GST_STATES: 0:02:33.349845462 0xf37ecf50 gstelement.c:2372:gst_element_continue_state:<capsfilter1> completed state change to PAUSED
05-10 10:02:54.133  4415  4500 D GStreamer+GST_PADS: 0:02:33.349872806 0xf37ecec0 gstpad.c:3765:push_sticky:<typefind:src> event caps marked received
05-10 10:02:54.133  4415  4501 I GStreamer+GST_STATES: 0:02:33.349895098 0xf37ecf50 gstelement.c:2277:_priv_gst_element_state_changed:<capsfilter1> notifying about state-changed READY to PAUSED (VOID_PENDING pending)
05-10 10:02:54.133  4415  4501 D GStreamer+GST_MESSAGE: 0:02:33.349941764 0xf37ecf50 gstelement.c:1735:gst_element_post_message_default:<capsfilter1> not posting message 0xf3ac01b8: no bus
05-10 10:02:54.134  4415  4500 D GStreamer+typefind: 0:02:33.349959160 0xf37ecec0 gsttypefindelement.c:737:gst_type_find_element_setcaps:<typefind> Skipping typefinding, using caps from upstream: audio/mpeg, mpegversion=(int)1, parsed=(boolean)true, rate=(int)24000, channels=(int)1
05-10 10:02:54.134  4415  4501 D GStreamer+GST_STATES: 0:02:33.349982129 0xf37ecf50 gstelement.c:2607:gst_element_set_state_func:<capsfilter1> returned SUCCESS
05-10 10:02:54.134  4415  4501 D GStreamer+GST_PARENTAGE: 0:02:33.350027233 0xf37ecf50 gstbin.c:1371:gst_bin_add adding element capsfilter1 to bin forhwgl
05-10 10:02:54.134  4415  4500 D GStreamer+GST_STATES: 0:02:33.350009264 0xf37ecec0 gstelement.c:2062:gst_element_get_state_func:<typefind> getting state, timeout 0:00:00.000000000
05-10 10:02:54.134  4415  4501 D GStreamer+bin: 0:02:33.350066035 0xf37ecf50 gstbin.c:1100:gst_bin_add_func:<forhwgl> element :capsfilter1
05-10 10:02:54.134  4415  4500 D GStreamer+GST_STATES: 0:02:33.350082598 0xf37ecec0 gstelement.c:2067:gst_element_get_state_func:<typefind> RETURN is SUCCESS
05-10 10:02:54.134  4415  4501 D GStreamer+GST_REFCOUNTING: 0:02:33.350105566 0xf37ecf50 gstobject.c:692:gst_object_set_parent:<capsfilter1> set parent (ref and sink)
05-10 10:02:54.134  4415  4500 D GStreamer+GST_STATES: 0:02:33.350153431 0xf37ecec0 gstelement.c:2137:gst_element_get_state_func:<typefind> state current: PAUSED, pending: VOID_PENDING, result: SUCCESS
05-10 10:02:54.134  4415  4501 D GStreamer+GST_PARENTAGE: 0:02:33.350169993 0xf37ecf50 gstelement.c:3040:gst_element_set_bus_func:<capsfilter1> setting bus to 0xf37f0788
05-10 10:02:54.134  4415  4500 D GStreamer+typefind: 0:02:33.350194681 0xf37ecec0 gsttypefindelement.c:550:stop_typefinding:<typefind> stopping typefinding and pushing cached events and buffers
05-10 10:02:54.134  4415  4501 D GStreamer+GST_CLOCK: 0:02:33.350222077 0xf37ecf50 gstelement.c:478:gst_element_set_base_time:<capsfilter1> set base_time=0:00:00.000000000, old 0:00:00.000000000
05-10 10:02:54.134  4415  4500 D GStreamer+typefind: 0:02:33.350232077 0xf37ecec0 gsttypefindelement.c:599:stop_typefinding:<typefind> we have no data to typefind
05-10 10:02:54.134  4415  4501 D GStreamer+GST_CLOCK: 0:02:33.350289473 0xf37ecf50 gstelement.c:540:gst_element_set_start_time:<capsfilter1> set start_time=0:00:00.000000000, old 0:00:00.000000000
05-10 10:02:54.134  4415  4500 D GStreamer+GST_PADS: 0:02:33.350305254 0xf37ecec0 gstpad.c:5569:gst_pad_send_event_unchecked:<typefind:sink> sent event, ret ok
05-10 10:02:54.134  4415  4501 D GStreamer+GST_CLOCK: 0:02:33.350333275 0xf37ecf50 gstelement.c:418:gst_element_set_clock:<capsfilter1> setting clock 0x0
05-10 10:02:54.134  4415  4500 D GStreamer+GST_PADS: 0:02:33.350370723 0xf37ecec0 gstpad.c:5053:store_sticky_event:<typefind:sink> notify caps
05-10 10:02:54.134  4415  4501 D GStreamer+bin: 0:02:33.350387181 0xf37ecf50 gstbin.c:1215:gst_bin_add_func:<forhwgl> added SUCCESS element
05-10 10:02:54.134  4415  4500 D GStreamer+GST_PADS: 0:02:33.350420775 0xf37ecec0 gstpad.c:3765:push_sticky:<sink:proxypad2> event caps marked received
05-10 10:02:54.134  4415  4501 D GStreamer+GST_PARENTAGE: 0:02:33.350430983 0xf37ecf50 gstbin.c:1295:gst_bin_add_func:<forhwgl> added element "capsfilter1"
05-10 10:02:54.134  4415  4500 D GStreamer+GST_PADS: 0:02:33.350485931 0xf37ecec0 gstpad.c:5569:gst_pad_send_event_unchecked:<decodebin1:sink> sent event, ret ok
05-10 10:02:54.134  4415  4501 D GStreamer+GST_PADS: 0:02:33.350503066 0xf37ecf50 gstghostpad.c:842:gst_ghost_pad_set_target:<'':decodepad1> clearing target
05-10 10:02:54.134  4415  4500 D GStreamer+GST_PADS: 0:02:33.350528118 0xf37ecec0 gstpad.c:5053:store_sticky_event:<decodebin1:sink> notify caps
05-10 10:02:54.134  4415  4501 I GStreamer+GST_ELEMENT_PADS: 0:02:33.350552962 0xf37ecf50 gstpad.c:2048:gst_pad_unlink unlinking h264parse1:src(0xf3a3abf8) and decodepad1:proxypad5(0xf39df1b0)
05-10 10:02:54.134  4415  4500 D GStreamer+GST_PADS: 0:02:33.350592858 0xf37ecec0 gstpad.c:3765:push_sticky:<queue2:src> event caps marked received
05-10 10:02:54.134  4415  4501 D GStreamer+GST_BUS: 0:02:33.350647025 0xf37ecf50 gstbus.c:309:gst_bus_post:<bus0> [msg 0xf3ac0160] posting on bus structure-change message: 0xf3ac0160, time 99:99:99.999999999, seq-num 175, element 'proxypad5', GstMessageStructureChange, type=(GstStructureChangeType)GST_STRUCTURE_CHANGE_TYPE_PAD_UNLINK, owner=(GstElement)"\(GstH264Parse\)\ h264parse1", busy=(boolean)true;
05-10 10:02:54.134  4415  4500 D GStreamer+GST_PADS: 0:02:33.350666452 0xf37ecec0 gstpad.c:3813:check_sticky:<queue2:src> pushing all sticky events
05-10 10:02:54.134  4415  4501 D GStreamer+bin: 0:02:33.350717389 0xf37ecf50 gstbin.c:3528:gst_bin_handle_message_func:<forhwgl> [msg 0xf3ac0160] handling child proxypad5 message of type structure-change
05-10 10:02:54.134  4415  4500 D GStreamer+GST_PADS: 0:02:33.350727025 0xf37ecec0 gstpad.c:3745:push_sticky:<queue2:src> event stream-start was already received
05-10 10:02:54.134  4415  4501 D GStreamer+bin: 0:02:33.350759785 0xf37ecf50 gstbin.c:882:find_message:<forhwgl> no message found matching types 00001000
05-10 10:02:54.134  4415  4500 D GStreamer+GST_PADS: 0:02:33.350775410 0xf37ecec0 gstpad.c:3745:push_sticky:<queue2:src> event caps was already received
05-10 10:02:54.134  4415  4501 D GStreamer+bin: 0:02:33.350820202 0xf37ecf50 gstbin.c:889:find_message:<forhwgl>   structure-change
05-10 10:02:54.134  4415  4501 D GStreamer+bin: 0:02:33.350863639 0xf37ecf50 gstbin.c:929:bin_replace_message:<forhwgl> got new message 0xf3ac0160, structure-change from proxypad5
05-10 10:02:54.134  4415  4501 D GStreamer+GST_BUS: 0:02:33.350905723 0xf37ecf50 gstbus.c:344:gst_bus_post:<bus0> [msg 0xf3ac0160] dropped
05-10 10:02:54.135  4415  4501 I GStreamer+GST_ELEMENT_PADS: 0:02:33.350953900 0xf37ecf50 gstpad.c:2102:gst_pad_unlink unlinked h264parse1:src and decodepad1:proxypad5
05-10 10:02:54.135  4415  4500 D GStreamer+GST_EVENT: 0:02:33.350972598 0xf37ecec0 gstpad.c:5496:gst_pad_send_event_unchecked:<decodebin1:sink> have event type segment event: 0xf39c9f90, time 99:99:99.999999999, seq-num 117, GstEventSegment, segment=(GstSegment)"GstSegment, flags=(GstSegmentFlags)GST_SEGMENT_FLAG_NONE, rate=(double)1, applied-rate=(double)1, format=(GstFormat)GST_FORMAT_TIME, base=(guint64)0, offset=(guint64)0, start=(guint64)0, stop=(guint64)7176000000, time=(guint64)0, position=(guint64)0, duration=(guint64)18446744073709551615;";
05-10 10:02:54.135  4415  4501 D GStreamer+GST_BUS: 0:02:33.351039264 0xf37ecf50 gstbus.c:309:gst_bus_post:<bus0> [msg 0xf3ac0108] posting on bus structure-change message: 0xf3ac0108, time 99:99:99.999999999, seq-num 176, element 'proxypad5', GstMessageStructureChange, type=(GstStructureChangeType)GST_STRUCTURE_CHANGE_TYPE_PAD_UNLINK, owner=(GstElement)"\(GstH264Parse\)\ h264parse1", busy=(boolean)false;
05-10 10:02:54.135  4415  4500 D GStreamer+GST_PADS: 0:02:33.351054889 0xf37ecec0 gstpad.c:3813:check_sticky:<sink:proxypad2> pushing all sticky events
05-10 10:02:54.135  4415  4501 D GStreamer+bin: 0:02:33.351082702 0xf37ecf50 gstbin.c:3528:gst_bin_handle_message_func:<forhwgl> [msg 0xf3ac0108] handling child proxypad5 message of type structure-change
05-10 10:02:54.135  4415  4500 D GStreamer+GST_PADS: 0:02:33.351105462 0xf37ecec0 gstpad.c:3745:push_sticky:<sink:proxypad2> event stream-start was already received
05-10 10:02:54.135  4415  4501 D GStreamer+bin: 0:02:33.351130723 0xf37ecf50 gstbin.c:957:bin_remove_messages:<decodepad1:proxypad5> deleting message 0xf3ac0160 of types 0x00001000
05-10 10:02:54.135  4415  4500 D GStreamer+GST_PADS: 0:02:33.351170045 0xf37ecec0 gstpad.c:3745:push_sticky:<sink:proxypad2> event caps was already received
05-10 10:02:54.135  4415  4501 D GStreamer+bin: 0:02:33.351186920 0xf37ecf50 gstbin.c:963:bin_remove_messages:<forhwgl> not deleting message 0xf3abced0 of type 0x00100000
05-10 10:02:54.135  4415  4501 D GStreamer+GST_BUS: 0:02:33.351246868 0xf37ecf50 gstbus.c:344:gst_bus_post:<bus0> [msg 0xf3ac0108] dropped
05-10 10:02:54.135  4415  4501 I GStreamer+GST_ELEMENT_PADS: 0:02:33.351287129 0xf37ecf50 gstelement.c:907:gst_element_get_static_pad found pad capsfilter1:sink
05-10 10:02:54.135  4415  4500 D GStreamer+GST_EVENT: 0:02:33.351323743 0xf37ecec0 gstpad.c:5496:gst_pad_send_event_unchecked:<typefind:sink> have event type segment event: 0xf39c9f90, time 99:99:99.999999999, seq-num 117, GstEventSegment, segment=(GstSegment)"GstSegment, flags=(GstSegmentFlags)GST_SEGMENT_FLAG_NONE, rate=(double)1, applied-rate=(double)1, format=(GstFormat)GST_FORMAT_TIME, base=(guint64)0, offset=(guint64)0, start=(guint64)0, stop=(guint64)7176000000, time=(guint64)0, position=(guint64)0, duration=(guint64)18446744073709551615;";
05-10 10:02:54.135  4415  4501 D GStreamer+GST_BUS: 0:02:33.351368170 0xf37ecf50 gstbus.c:309:gst_bus_post:<bus0> [msg 0xf3ac00b0] posting on bus structure-change message: 0xf3ac00b0, time 99:99:99.999999999, seq-num 177, element 'sink', GstMessageStructureChange, type=(GstStructureChangeType)GST_STRUCTURE_CHANGE_TYPE_PAD_LINK, owner=(GstElement)"\(GstH264Parse\)\ h264parse1", busy=(boolean)true;
05-10 10:02:54.135  4415  4500 D GStreamer+typefind: 0:02:33.351387233 0xf37ecec0 gsttypefindelement.c:613:gst_type_find_element_sink_event:<typefind> got segment event in mode 0
05-10 10:02:54.135  4415  4501 D GStreamer+bin: 0:02:33.351416712 0xf37ecf50 gstbin.c:3528:gst_bin_handle_message_func:<forhwgl> [msg 0xf3ac00b0] handling child sink message of type structure-change
05-10 10:02:54.135  4415  4500 D GStreamer+GST_PADS: 0:02:33.351432545 0xf37ecec0 gstpad.c:3813:check_sticky:<typefind:src> pushing all sticky events
05-10 10:02:54.135  4415  4501 D GStreamer+bin: 0:02:33.351458379 0xf37ecf50 gstbin.c:882:find_message:<forhwgl> no message found matching types 00001000
05-10 10:02:54.135  4415  4501 D GStreamer+bin: 0:02:33.351512233 0xf37ecf50 gstbin.c:889:find_message:<forhwgl>   structure-change
05-10 10:02:54.135  4415  4500 D GStreamer+GST_PADS: 0:02:33.351530931 0xf37ecec0 gstpad.c:3745:push_sticky:<typefind:src> event stream-start was already received
05-10 10:02:54.135  4415  4501 D GStreamer+bin: 0:02:33.351560098 0xf37ecf50 gstbin.c:929:bin_replace_message:<forhwgl> got new message 0xf3ac00b0, structure-change from sink
05-10 10:02:54.135  4415  4500 D GStreamer+GST_PADS: 0:02:33.351599525 0xf37ecec0 gstpad.c:3745:push_sticky:<typefind:src> event caps was already received
05-10 10:02:54.135  4415  4501 D GStreamer+GST_BUS: 0:02:33.351616035 0xf37ecf50 gstbus.c:344:gst_bus_post:<bus0> [msg 0xf3ac00b0] dropped
05-10 10:02:54.135  4415  4501 I GStreamer+GST_PADS: 0:02:33.351658379 0xf37ecf50 gstpad.c:2292:gst_pad_link_prepare trying to link h264parse1:src and capsfilter1:sink
05-10 10:02:54.135  4415  4501 I GStreamer+GST_PADS: 0:02:33.351721660 0xf37ecf50 gstpad.c:2498:gst_pad_link_full linked h264parse1:src and capsfilter1:sink, successful
05-10 10:02:54.135  4415  4500 D GStreamer+GST_EVENT: 0:02:33.351748952 0xf37ecec0 gstpad.c:5496:gst_pad_send_event_unchecked:<mpegaudioparse0:sink> have event type segment event: 0xf39c9f90, time 99:99:99.999999999, seq-num 117, GstEventSegment, segment=(GstSegment)"GstSegment, flags=(GstSegmentFlags)GST_SEGMENT_FLAG_NONE, rate=(double)1, applied-rate=(double)1, format=(GstFormat)GST_FORMAT_TIME, base=(guint64)0, offset=(guint64)0, start=(guint64)0, stop=(guint64)7176000000, time=(guint64)0, position=(guint64)0, duration=(guint64)18446744073709551615;";
05-10 10:02:54.135  4415  4501 I GStreamer+GST_EVENT: 0:02:33.351766087 0xf37ecf50 gstevent.c:1382:gst_event_new_reconfigure creating reconfigure event
05-10 10:02:54.135  4415  4501 D GStreamer+GST_EVENT: 0:02:33.351807285 0xf37ecf50 gstevent.c:302:gst_event_new_custom creating new event 0xf39dd5a0 reconfigure 61441
05-10 10:02:54.135  4415  4500 D GStreamer+baseparse: 0:02:33.351824993 0xf37ecec0 gstbaseparse.c:1174:gst_base_parse_sink_event_default:<mpegaudioparse0> handling event 17934, segment
05-10 10:02:54.135  4415  4501 D GStreamer+GST_EVENT: 0:02:33.351866348 0xf37ecf50 gstpad.c:5496:gst_pad_send_event_unchecked:<h264parse1:src> have event type reconfigure event: 0xf39dd5a0, time 99:99:99.999999999, seq-num 178, (NULL)
05-10 10:02:54.135  4415  4501 I GStreamer+GST_EVENT: 0:02:33.351907650 0xf37ecf50 gstpad.c:5601:gst_pad_send_event_unchecked:<h264parse1:src> Received event on flushing pad. Discarding
05-10 10:02:54.135  4415  4500 D GStreamer+baseparse: 0:02:33.351928327 0xf37ecec0 gstbaseparse.c:1206:gst_base_parse_sink_event_default:<mpegaudioparse0> segment time segment start=0:00:00.000000000, offset=0:00:00.000000000, stop=0:00:07.176000000, rate=1.000000, applied_rate=1.000000, flags=0x00, time=0:00:00.000000000, base=0:00:00.000000000, position 0:00:00.000000000, duration 99:99:99.999999999
05-10 10:02:54.136  4415  4500 D GStreamer+baseparse: 0:02:33.351969993 0xf37ecec0 gstbaseparse.c:1296:gst_base_parse_sink_event_default:<mpegaudioparse0> draining current segment
05-10 10:02:54.136  4415  4501 D GStreamer+GST_BUS: 0:02:33.351991295 0xf37ecf50 gstbus.c:309:gst_bus_post:<bus0> [msg 0xf3ac0058] posting on bus structure-change message: 0xf3ac0058, time 99:99:99.999999999, seq-num 179, element 'sink', GstMessageStructureChange, type=(GstStructureChangeType)GST_STRUCTURE_CHANGE_TYPE_PAD_LINK, owner=(GstElement)"\(GstH264Parse\)\ h264parse1", busy=(boolean)false;
05-10 10:02:54.136  4415  4501 D GStreamer+bin: 0:02:33.352032702 0xf37ecf50 gstbin.c:3528:gst_bin_handle_message_func:<forhwgl> [msg 0xf3ac0058] handling child sink message of type structure-change
05-10 10:02:54.136  4415  4500 D GStreamer+baseparse: 0:02:33.352038587 0xf37ecec0 gstbaseparse.c:2677:gst_base_parse_drain:<mpegaudioparse0> draining
05-10 10:02:54.136  4415  4501 D GStreamer+bin: 0:02:33.352077441 0xf37ecf50 gstbin.c:957:bin_remove_messages:<capsfilter1:sink> deleting message 0xf3ac00b0 of types 0x00001000
05-10 10:02:54.136  4415  4500 D GStreamer+baseparse: 0:02:33.352092910 0xf37ecec0 gstbaseparse.c:1484:gst_base_parse_sink_event_default:<mpegaudioparse0> event handled
05-10 10:02:54.136  4415  4501 D GStreamer+bin: 0:02:33.352118743 0xf37ecf50 gstbin.c:963:bin_remove_messages:<forhwgl> not deleting message 0xf3abced0 of type 0x00100000
05-10 10:02:54.136  4415  4500 D GStreamer+GST_PADS: 0:02:33.352146660 0xf37ecec0 gstpad.c:5569:gst_pad_send_event_unchecked:<mpegaudioparse0:sink> sent event, ret ok
05-10 10:02:54.136  4415  4501 D GStreamer+GST_BUS: 0:02:33.352156920 0xf37ecf50 gstbus.c:344:gst_bus_post:<bus0> [msg 0xf3ac0058] dropped
05-10 10:02:54.136  4415  4500 D GStreamer+GST_PADS: 0:02:33.352189056 0xf37ecec0 gstpad.c:3765:push_sticky:<typefind:src> event segment marked received
