05-10 10:02:54.114  4415  4501 D GStreamer+structure: 0:02:33.330163275 0xf37ecf50 gststructure.c:2316:gst_structure_parse_field trying field name 'encoding-name'
05-10 10:02:54.114  4415  4501 D GStreamer+structure: 0:02:33.330190879 0xf37ecf50 gststructure.c:2367:gst_structure_parse_value trying type name 'string'
05-10 10:02:54.114  4415  4501 D GStreamer+GST_ELEMENT_FACTORY: 0:02:33.330225566 0xf37ecf50 gstelementfactory.c:848:gst_element_factory_list_filter Trying rtpvorbisdepay
05-10 10:02:54.114  4415  4500 D GStreamer+GST_ELEMENT_FACTORY: 0:02:33.330242858 0xf37ecec0 gstelementfactory.c:848:gst_element_factory_list_filter Trying rtpvorbisdepay
05-10 10:02:54.114  4415  4501 D GStreamer+structure: 0:02:33.330259473 0xf37ecf50 gststructure.c:2316:gst_structure_parse_field trying field name 'media'
05-10 10:02:54.114  4415  4501 D GStreamer+structure: 0:02:33.330289681 0xf37ecf50 gststructure.c:2367:gst_structure_parse_value trying type name 'string'
05-10 10:02:54.114  4415  4501 D GStreamer+structure: 0:02:33.330319160 0xf37ecf50 gststructure.c:2316:gst_structure_parse_field trying field name 'clock-rate'
05-10 10:02:54.114  4415  4501 D GStreamer+structure: 0:02:33.330346504 0xf37ecf50 gststructure.c:2367:gst_structure_parse_value trying type name 'int'
05-10 10:02:54.114  4415  4501 D GStreamer+structure: 0:02:33.330378639 0xf37ecf50 gststructure.c:2316:gst_structure_parse_field trying field name 'encoding-name'
05-10 10:02:54.114  4415  4501 D GStreamer+structure: 0:02:33.330406816 0xf37ecf50 gststructure.c:2367:gst_structure_parse_value trying type name 'string'
05-10 10:02:54.114  4415  4501 D GStreamer+GST_ELEMENT_FACTORY: 0:02:33.330441504 0xf37ecf50 gstelementfactory.c:848:gst_element_factory_list_filter Trying rtpvrawdepay
05-10 10:02:54.114  4415  4500 D GStreamer+GST_ELEMENT_FACTORY: 0:02:33.330457025 0xf37ecec0 gstelementfactory.c:848:gst_element_factory_list_filter Trying rtpvrawdepay
05-10 10:02:54.114  4415  4501 D GStreamer+structure: 0:02:33.330485306 0xf37ecf50 gststructure.c:2316:gst_structure_parse_field trying field name 'media'
05-10 10:02:54.114  4415  4501 D GStreamer+structure: 0:02:33.330515462 0xf37ecf50 gststructure.c:2367:gst_structure_parse_value trying type name 'string'
05-10 10:02:54.114  4415  4501 D GStreamer+structure: 0:02:33.330545358 0xf37ecf50 gststructure.c:2316:gst_structure_parse_field trying field name 'clock-rate'
05-10 10:02:54.114  4415  4501 D GStreamer+structure: 0:02:33.330572858 0xf37ecf50 gststructure.c:2367:gst_structure_parse_value trying type name 'int'
05-10 10:02:54.114  4415  4501 D GStreamer+structure: 0:02:33.330602129 0xf37ecf50 gststructure.c:2316:gst_structure_parse_field trying field name 'encoding-name'
05-10 10:02:54.114  4415  4501 D GStreamer+structure: 0:02:33.330629577 0xf37ecf50 gststructure.c:2367:gst_structure_parse_value trying type name 'string'
05-10 10:02:54.114  4415  4501 D GStreamer+structure: 0:02:33.330660514 0xf37ecf50 gststructure.c:2316:gst_structure_parse_field trying field name 'sampling'
05-10 10:02:54.114  4415  4501 D GStreamer+structure: 0:02:33.330688639 0xf37ecf50 gststructure.c:2367:gst_structure_parse_value trying type name 'string'
05-10 10:02:54.114  4415  4501 D GStreamer+structure: 0:02:33.330726608 0xf37ecf50 gststructure.c:2316:gst_structure_parse_field trying field name 'depth'
05-10 10:02:54.114  4415  4501 D GStreamer+structure: 0:02:33.330754525 0xf37ecf50 gststructure.c:2367:gst_structure_parse_value trying type name 'string'
05-10 10:02:54.114  4415  4501 D GStreamer+GST_ELEMENT_FACTORY: 0:02:33.330792598 0xf37ecf50 gstelementfactory.c:848:gst_element_factory_list_filter Trying y4mdec
05-10 10:02:54.114  4415  4500 D GStreamer+GST_ELEMENT_FACTORY: 0:02:33.330808066 0xf37ecec0 gstelementfactory.c:848:gst_element_factory_list_filter Trying y4mdec
05-10 10:02:54.114  4415  4501 D GStreamer+structure: 0:02:33.330849212 0xf37ecf50 gststructure.c:2316:gst_structure_parse_field trying field name 'y4mversion'
05-10 10:02:54.114  4415  4501 D GStreamer+structure: 0:02:33.330878483 0xf37ecf50 gststructure.c:2367:gst_structure_parse_value trying type name 'int'
05-10 10:02:54.114  4415  4501 D GStreamer+GST_ELEMENT_FACTORY: 0:02:33.330913900 0xf37ecf50 gstelementfactory.c:848:gst_element_factory_list_filter Trying dvdec
05-10 10:02:54.114  4415  4500 D GStreamer+GST_ELEMENT_FACTORY: 0:02:33.330943379 0xf37ecec0 gstelementfactory.c:848:gst_element_factory_list_filter Trying dvdec
05-10 10:02:54.115  4415  4501 D GStreamer+structure: 0:02:33.330961087 0xf37ecf50 gststructure.c:2316:gst_structure_parse_field trying field name 'systemstream'
05-10 10:02:54.115  4415  4501 D GStreamer+structure: 0:02:33.330991868 0xf37ecf50 gststructure.c:2367:gst_structure_parse_value trying type name 'boolean'
05-10 10:02:54.115  4415  4501 D GStreamer+GST_ELEMENT_FACTORY: 0:02:33.331027962 0xf37ecf50 gstelementfactory.c:848:gst_element_factory_list_filter Trying openh264dec
05-10 10:02:54.115  4415  4500 D GStreamer+GST_ELEMENT_FACTORY: 0:02:33.331057545 0xf37ecec0 gstelementfactory.c:848:gst_element_factory_list_filter Trying openh264dec
05-10 10:02:54.115  4415  4501 D GStreamer+structure: 0:02:33.331074525 0xf37ecf50 gststructure.c:2316:gst_structure_parse_field trying field name 'stream-format'
05-10 10:02:54.115  4415  4501 D GStreamer+structure: 0:02:33.331106348 0xf37ecf50 gststructure.c:2367:gst_structure_parse_value trying type name 'string'
05-10 10:02:54.115  4415  4501 D GStreamer+structure: 0:02:33.331137181 0xf37ecf50 gststructure.c:2316:gst_structure_parse_field trying field name 'alignment'
05-10 10:02:54.115  4415  4501 D GStreamer+structure: 0:02:33.331165358 0xf37ecf50 gststructure.c:2367:gst_structure_parse_value trying type name 'string'
05-10 10:02:54.115  4415  4501 D GStreamer+structure: 0:02:33.331194785 0xf37ecf50 gststructure.c:2316:gst_structure_parse_field trying field name 'profile'
05-10 10:02:54.115  4415  4501 D GStreamer+structure: 0:02:33.331222858 0xf37ecf50 gststructure.c:2367:gst_structure_parse_value trying type name 'string'
05-10 10:02:54.115  4415  4501 D GStreamer+GST_ELEMENT_FACTORY: 0:02:33.331264629 0xf37ecf50 gstelementfactory.c:848:gst_element_factory_list_filter Trying rtpgstdepay
05-10 10:02:54.115  4415  4500 D GStreamer+GST_ELEMENT_FACTORY: 0:02:33.331279473 0xf37ecec0 gstelementfactory.c:848:gst_element_factory_list_filter Trying rtpgstdepay
05-10 10:02:54.115  4415  4501 D GStreamer+structure: 0:02:33.331301139 0xf37ecf50 gststructure.c:2316:gst_structure_parse_field trying field name 'media'
05-10 10:02:54.115  4415  4501 D GStreamer+structure: 0:02:33.331329473 0xf37ecf50 gststructure.c:2367:gst_structure_parse_value trying type name 'string'
05-10 10:02:54.115  4415  4501 D GStreamer+structure: 0:02:33.331359420 0xf37ecf50 gststructure.c:2316:gst_structure_parse_field trying field name 'clock-rate'
05-10 10:02:54.115  4415  4501 D GStreamer+structure: 0:02:33.331387077 0xf37ecf50 gststructure.c:2367:gst_structure_parse_value trying type name 'int'
05-10 10:02:54.115  4415  4501 D GStreamer+structure: 0:02:33.331418223 0xf37ecf50 gststructure.c:2316:gst_structure_parse_field trying field name 'encoding-name'
05-10 10:02:54.115  4415  4501 D GStreamer+structure: 0:02:33.331446400 0xf37ecf50 gststructure.c:2367:gst_structure_parse_value trying type name 'string'
05-10 10:02:54.115  4415  4501 D GStreamer+GST_ELEMENT_FACTORY: 0:02:33.331488848 0xf37ecf50 gstelementfactory.c:848:gst_element_factory_list_filter Trying rtpvp8depay
05-10 10:02:54.115  4415  4500 D GStreamer+GST_ELEMENT_FACTORY: 0:02:33.331505566 0xf37ecec0 gstelementfactory.c:848:gst_element_factory_list_filter Trying rtpvp8depay
05-10 10:02:54.115  4415  4501 D GStreamer+structure: 0:02:33.331524629 0xf37ecf50 gststructure.c:2316:gst_structure_parse_field trying field name 'clock-rate'
05-10 10:02:54.115  4415  4501 D GStreamer+structure: 0:02:33.331553431 0xf37ecf50 gststructure.c:2367:gst_structure_parse_value trying type name 'int'
05-10 10:02:54.115  4415  4501 D GStreamer+structure: 0:02:33.331584577 0xf37ecf50 gststructure.c:2316:gst_structure_parse_field trying field name 'media'
05-10 10:02:54.115  4415  4501 D GStreamer+structure: 0:02:33.331613639 0xf37ecf50 gststructure.c:2367:gst_structure_parse_value trying type name 'string'
05-10 10:02:54.115  4415  4501 D GStreamer+structure: 0:02:33.331642806 0xf37ecf50 gststructure.c:2316:gst_structure_parse_field trying field name 'encoding-name'
05-10 10:02:54.115  4415  4501 D GStreamer+structure: 0:02:33.331670566 0xf37ecf50 gststructure.c:2367:gst_structure_parse_value trying type name 'string'
05-10 10:02:54.115  4415  4501 D GStreamer+GST_ELEMENT_FACTORY: 0:02:33.331715775 0xf37ecf50 gstelementfactory.c:848:gst_element_factory_list_filter Trying rtpvp9depay
05-10 10:02:54.115  4415  4500 D GStreamer+GST_ELEMENT_FACTORY: 0:02:33.331730723 0xf37ecec0 gstelementfactory.c:848:gst_element_factory_list_filter Trying rtpvp9depay
05-10 10:02:54.115  4415  4501 D GStreamer+structure: 0:02:33.331751348 0xf37ecf50 gststructure.c:2316:gst_structure_parse_field trying field name 'clock-rate'
05-10 10:02:54.115  4415  4501 D GStreamer+structure: 0:02:33.331779473 0xf37ecf50 gststructure.c:2367:gst_structure_parse_value trying type name 'int'
05-10 10:02:54.115  4415  4501 D GStreamer+structure: 0:02:33.331809785 0xf37ecf50 gststructure.c:2316:gst_structure_parse_field trying field name 'media'
05-10 10:02:54.115  4415  4501 D GStreamer+structure: 0:02:33.331837650 0xf37ecf50 gststructure.c:2367:gst_structure_parse_value trying type name 'string'
05-10 10:02:54.115  4415  4501 D GStreamer+structure: 0:02:33.331867337 0xf37ecf50 gststructure.c:2316:gst_structure_parse_field trying field name 'encoding-name'
05-10 10:02:54.115  4415  4501 D GStreamer+structure: 0:02:33.331894889 0xf37ecf50 gststructure.c:2367:gst_structure_parse_value trying type name 'string'
05-10 10:02:54.115  4415  4501 D GStreamer+GST_ELEMENT_FACTORY: 0:02:33.331929681 0xf37ecf50 gstelementfactory.c:848:gst_element_factory_list_filter Trying rtpxqtdepay
05-10 10:02:54.116  4415  4500 D GStreamer+GST_ELEMENT_FACTORY: 0:02:33.331946348 0xf37ecec0 gstelementfactory.c:848:gst_element_factory_list_filter Trying rtpxqtdepay
05-10 10:02:54.116  4415  4501 D GStreamer+structure: 0:02:33.331966191 0xf37ecf50 gststructure.c:2316:gst_structure_parse_field trying field name 'payload'
05-10 10:02:54.116  4415  4501 D GStreamer+structure: 0:02:33.331996712 0xf37ecf50 gststructure.c:2367:gst_structure_parse_value trying type name 'int'
05-10 10:02:54.116  4415  4501 D GStreamer+structure: 0:02:33.332028535 0xf37ecf50 gststructure.c:2316:gst_structure_parse_field trying field name 'media'
05-10 10:02:54.116  4415  4501 D GStreamer+structure: 0:02:33.332056920 0xf37ecf50 gststructure.c:2367:gst_structure_parse_value trying type name 'string'
05-10 10:02:54.116  4415  4501 D GStreamer+structure: 0:02:33.332088795 0xf37ecf50 gststructure.c:2316:gst_structure_parse_field trying field name 'clock-rate'
05-10 10:02:54.116  4415  4501 D GStreamer+structure: 0:02:33.332116608 0xf37ecf50 gststructure.c:2367:gst_structure_parse_value trying type name 'int'
05-10 10:02:54.116  4415  4501 D GStreamer+structure: 0:02:33.332149525 0xf37ecf50 gststructure.c:2316:gst_structure_parse_field trying field name 'encoding-name'
05-10 10:02:54.116  4415  4501 D GStreamer+structure: 0:02:33.332178066 0xf37ecf50 gststructure.c:2367:gst_structure_parse_value trying type name 'string'
05-10 10:02:54.116  4415  4501 D GStreamer+GST_ELEMENT_FACTORY: 0:02:33.332213795 0xf37ecf50 gstelementfactory.c:848:gst_element_factory_list_filter Trying sirendec
05-10 10:02:54.116  4415  4500 D GStreamer+GST_ELEMENT_FACTORY: 0:02:33.332230045 0xf37ecec0 gstelementfactory.c:848:gst_element_factory_list_filter Trying sirendec
05-10 10:02:54.116  4415  4501 D GStreamer+structure: 0:02:33.332250514 0xf37ecf50 gststructure.c:2316:gst_structure_parse_field trying field name 'dct-length'
05-10 10:02:54.116  4415  4501 D GStreamer+structure: 0:02:33.332300462 0xf37ecf50 gststructure.c:2367:gst_structure_parse_value trying type name 'int'
05-10 10:02:54.116  4415  4501 D GStreamer+decodebin: 0:02:33.332353743 0xf37ecf50 gstdecodebin2.c:1417:gst_decode_bin_autoplug_factories:<forhwgl> autoplug-factories returns 0xf3c6f950
05-10 10:02:54.116  4415  4500 D GStreamer+decodebin: 0:02:33.332381608 0xf37ecec0 gstdecodebin2.c:1417:gst_decode_bin_autoplug_factories:<decodebin1> autoplug-factories returns 0xf3c504a0
05-10 10:02:54.116  4415  4501 D GStreamer+decodebin: 0:02:33.332466764 0xf37ecf50 gstdecodebin2.c:2100:connect_pad:<forhwgl> pad typefind:src , chain:0xf3c1b808, 4 factories, caps video/x-h264, stream-format=(string)byte-stream, alignment=(string)au, level=(string)4, profile=(string)baseline, width=(int)1280, height=(int)1440, framerate=(fraction)151/3, pixel-aspect-ratio=(fraction)1/1, parsed=(boolean)true
05-10 10:02:54.116  4415  4500 D GStreamer+decodebin: 0:02:33.332504264 0xf37ecec0 gstdecodebin2.c:2100:connect_pad:<decodebin1> pad typefind:src , chain:0xf3ad0958, 1 factories, caps audio/mpeg, mpegversion=(int)1, parsed=(boolean)true, rate=(int)24000, channels=(int)1
05-10 10:02:54.116  4415  4501 D GStreamer+GST_PADS: 0:02:33.332522754 0xf37ecf50 gstghostpad.c:840:gst_ghost_pad_set_target:<'':decodepad1> set target typefind:src
05-10 10:02:54.116  4415  4500 D GStreamer+GST_PADS: 0:02:33.332553066 0xf37ecec0 gstghostpad.c:840:gst_ghost_pad_set_target:<'':decodepad0> set target typefind:src
05-10 10:02:54.116  4415  4501 I GStreamer+GST_ELEMENT_PADS: 0:02:33.332562545 0xf37ecf50 gstpad.c:2048:gst_pad_unlink unlinking typefind:src(0xf39b4968) and decodepad1:proxypad5(0xf39df1b0)
05-10 10:02:54.116  4415  4500 I GStreamer+GST_ELEMENT_PADS: 0:02:33.332615462 0xf37ecec0 gstpad.c:2048:gst_pad_unlink unlinking typefind:src(0xf39d6d58) and decodepad0:proxypad4(0xf39c6bb0)
05-10 10:02:54.116  4415  4501 D GStreamer+GST_BUS: 0:02:33.332660202 0xf37ecf50 gstbus.c:309:gst_bus_post:<bus0> [msg 0xf3ac0058] posting on bus structure-change message: 0xf3ac0058, time 99:99:99.999999999, seq-num 143, element 'proxypad5', GstMessageStructureChange, type=(GstStructureChangeType)GST_STRUCTURE_CHANGE_TYPE_PAD_UNLINK, owner=(GstElement)"\(GstTypeFindElement\)\ typefind", busy=(boolean)true;
05-10 10:02:54.116  4415  4501 D GStreamer+bin: 0:02:33.332707077 0xf37ecf50 gstbin.c:3528:gst_bin_handle_message_func:<forhwgl> [msg 0xf3ac0058] handling child proxypad5 message of type structure-change
05-10 10:02:54.116  4415  4500 D GStreamer+GST_BUS: 0:02:33.332729785 0xf37ecec0 gstbus.c:309:gst_bus_post:<bus2> [msg 0xf3abca70] posting on bus structure-change message: 0xf3abca70, time 99:99:99.999999999, seq-num 144, element 'proxypad4', GstMessageStructureChange, type=(GstStructureChangeType)GST_STRUCTURE_CHANGE_TYPE_PAD_UNLINK, owner=(GstElement)"\(GstTypeFindElement\)\ typefind", busy=(boolean)true;
05-10 10:02:54.116  4415  4501 D GStreamer+bin: 0:02:33.332755045 0xf37ecf50 gstbin.c:882:find_message:<forhwgl> no message found matching types 00001000
05-10 10:02:54.116  4415  4501 D GStreamer+bin: 0:02:33.332801348 0xf37ecf50 gstbin.c:889:find_message:<forhwgl>   structure-change
05-10 10:02:54.116  4415  4500 D GStreamer+bin: 0:02:33.332783639 0xf37ecec0 gstbin.c:3528:gst_bin_handle_message_func:<decodebin1> [msg 0xf3abca70] handling child proxypad4 message of type structure-change
05-10 10:02:54.116  4415  4501 D GStreamer+bin: 0:02:33.332842181 0xf37ecf50 gstbin.c:929:bin_replace_message:<forhwgl> got new message 0xf3ac0058, structure-change from proxypad5
05-10 10:02:54.116  4415  4500 D GStreamer+bin: 0:02:33.332858379 0xf37ecec0 gstbin.c:882:find_message:<decodebin1> no message found matching types 00001000
05-10 10:02:54.116  4415  4501 D GStreamer+GST_BUS: 0:02:33.332882962 0xf37ecf50 gstbus.c:344:gst_bus_post:<bus0> [msg 0xf3ac0058] dropped
05-10 10:02:54.116  4415  4500 D GStreamer+bin: 0:02:33.332905358 0xf37ecec0 gstbin.c:889:find_message:<decodebin1>   structure-change
05-10 10:02:54.117  4415  4501 I GStreamer+GST_ELEMENT_PADS: 0:02:33.332945254 0xf37ecf50 gstpad.c:2102:gst_pad_unlink unlinked typefind:src and decodepad1:proxypad5
05-10 10:02:54.117  4415  4500 D GStreamer+bin: 0:02:33.332964837 0xf37ecec0 gstbin.c:929:bin_replace_message:<decodebin1> got new message 0xf3abca70, structure-change from proxypad4
05-10 10:02:54.117  4415  4500 D GStreamer+GST_BUS: 0:02:33.333005514 0xf37ecec0 gstbus.c:344:gst_bus_post:<bus2> [msg 0xf3abca70] dropped
05-10 10:02:54.117  4415  4501 D GStreamer+GST_BUS: 0:02:33.333032441 0xf37ecf50 gstbus.c:309:gst_bus_post:<bus0> [msg 0xf3ac00b0] posting on bus structure-change message: 0xf3ac00b0, time 99:99:99.999999999, seq-num 145, element 'proxypad5', GstMessageStructureChange, type=(GstStructureChangeType)GST_STRUCTURE_CHANGE_TYPE_PAD_UNLINK, owner=(GstElement)"\(GstTypeFindElement\)\ typefind", busy=(boolean)false;
05-10 10:02:54.117  4415  4500 I GStreamer+GST_ELEMENT_PADS: 0:02:33.333065931 0xf37ecec0 gstpad.c:2102:gst_pad_unlink unlinked typefind:src and decodepad0:proxypad4
05-10 10:02:54.117  4415  4501 D GStreamer+bin: 0:02:33.333084681 0xf37ecf50 gstbin.c:3528:gst_bin_handle_message_func:<forhwgl> [msg 0xf3ac00b0] handling child proxypad5 message of type structure-change
05-10 10:02:54.117  4415  4501 D GStreamer+bin: 0:02:33.333135045 0xf37ecf50 gstbin.c:957:bin_remove_messages:<decodepad1:proxypad5> deleting message 0xf3ac0058 of types 0x00001000
05-10 10:02:54.117  4415  4500 D GStreamer+GST_BUS: 0:02:33.333175566 0xf37ecec0 gstbus.c:309:gst_bus_post:<bus2> [msg 0xf3abcac8] posting on bus structure-change message: 0xf3abcac8, time 99:99:99.999999999, seq-num 146, element 'proxypad4', GstMessageStructureChange, type=(GstStructureChangeType)GST_STRUCTURE_CHANGE_TYPE_PAD_UNLINK, owner=(GstElement)"\(GstTypeFindElement\)\ typefind", busy=(boolean)false;
05-10 10:02:54.117  4415  4501 D GStreamer+bin: 0:02:33.333187181 0xf37ecf50 gstbin.c:963:bin_remove_messages:<forhwgl> not deleting message 0xf3abced0 of type 0x00100000
05-10 10:02:54.117  4415  4500 D GStreamer+bin: 0:02:33.333222754 0xf37ecec0 gstbin.c:3528:gst_bin_handle_message_func:<decodebin1> [msg 0xf3abcac8] handling child proxypad4 message of type structure-change
05-10 10:02:54.117  4415  4501 D GStreamer+GST_BUS: 0:02:33.333240827 0xf37ecf50 gstbus.c:344:gst_bus_post:<bus0> [msg 0xf3ac00b0] dropped
05-10 10:02:54.117  4415  4500 D GStreamer+bin: 0:02:33.333283379 0xf37ecec0 gstbin.c:957:bin_remove_messages:<decodepad0:proxypad4> deleting message 0xf3abca70 of types 0x00001000
05-10 10:02:54.117  4415  4501 D GStreamer+GST_PADS: 0:02:33.333300098 0xf37ecf50 gstghostpad.c:862:gst_ghost_pad_set_target:<'':decodepad1> connecting internal pad to target <typefind:src>
05-10 10:02:54.117  4415  4500 D GStreamer+bin: 0:02:33.333330202 0xf37ecec0 gstbin.c:963:bin_remove_messages:<decodebin1> not deleting message 0xf37f5b28 of type 0x00100000
05-10 10:02:54.117  4415  4501 D GStreamer+GST_BUS: 0:02:33.333391712 0xf37ecf50 gstbus.c:309:gst_bus_post:<bus0> [msg 0xf3ac0108] posting on bus structure-change message: 0xf3ac0108, time 99:99:99.999999999, seq-num 147, element 'proxypad5', GstMessageStructureChange, type=(GstStructureChangeType)GST_STRUCTURE_CHANGE_TYPE_PAD_LINK, owner=(GstElement)"\(GstTypeFindElement\)\ typefind", busy=(boolean)true;
05-10 10:02:54.117  4415  4500 D GStreamer+GST_BUS: 0:02:33.333408535 0xf37ecec0 gstbus.c:344:gst_bus_post:<bus2> [msg 0xf3abcac8] dropped
05-10 10:02:54.117  4415  4501 D GStreamer+bin: 0:02:33.333432389 0xf37ecf50 gstbin.c:3528:gst_bin_handle_message_func:<forhwgl> [msg 0xf3ac0108] handling child proxypad5 message of type structure-change
05-10 10:02:54.117  4415  4500 D GStreamer+GST_PADS: 0:02:33.333483170 0xf37ecec0 gstghostpad.c:862:gst_ghost_pad_set_target:<'':decodepad0> connecting internal pad to target <typefind:src>
05-10 10:02:54.117  4415  4501 D GStreamer+bin: 0:02:33.333493900 0xf37ecf50 gstbin.c:882:find_message:<forhwgl> no message found matching types 00001000
05-10 10:02:54.117  4415  4501 D GStreamer+bin: 0:02:33.333534108 0xf37ecf50 gstbin.c:889:find_message:<forhwgl>   structure-change
05-10 10:02:54.117  4415  4501 D GStreamer+bin: 0:02:33.333579108 0xf37ecf50 gstbin.c:929:bin_replace_message:<forhwgl> got new message 0xf3ac0108, structure-change from proxypad5
05-10 10:02:54.117  4415  4500 D GStreamer+GST_BUS: 0:02:33.333593743 0xf37ecec0 gstbus.c:309:gst_bus_post:<bus2> [msg 0xf3abcb20] posting on bus structure-change message: 0xf3abcb20, time 99:99:99.999999999, seq-num 148, element 'proxypad4', GstMessageStructureChange, type=(GstStructureChangeType)GST_STRUCTURE_CHANGE_TYPE_PAD_LINK, owner=(GstElement)"\(GstTypeFindElement\)\ typefind", busy=(boolean)true;
05-10 10:02:54.117  4415  4501 D GStreamer+GST_BUS: 0:02:33.333616556 0xf37ecf50 gstbus.c:344:gst_bus_post:<bus0> [msg 0xf3ac0108] dropped
05-10 10:02:54.117  4415  4500 D GStreamer+bin: 0:02:33.333641035 0xf37ecec0 gstbin.c:3528:gst_bin_handle_message_func:<decodebin1> [msg 0xf3abcb20] handling child proxypad4 message of type structure-change
05-10 10:02:54.117  4415  4501 I GStreamer+GST_PADS: 0:02:33.333660202 0xf37ecf50 gstpad.c:2292:gst_pad_link_prepare trying to link typefind:src and decodepad1:proxypad5
05-10 10:02:54.117  4415  4500 D GStreamer+bin: 0:02:33.333700045 0xf37ecec0 gstbin.c:882:find_message:<decodebin1> no message found matching types 00001000
05-10 10:02:54.117  4415  4501 I GStreamer+GST_PADS: 0:02:33.333716452 0xf37ecf50 gstpad.c:2498:gst_pad_link_full linked typefind:src and decodepad1:proxypad5, successful
05-10 10:02:54.117  4415  4500 D GStreamer+bin: 0:02:33.333739681 0xf37ecec0 gstbin.c:889:find_message:<decodebin1>   structure-change
05-10 10:02:54.117  4415  4501 I GStreamer+GST_EVENT: 0:02:33.333757077 0xf37ecf50 gstevent.c:1382:gst_event_new_reconfigure creating reconfigure event
05-10 10:02:54.117  4415  4500 D GStreamer+bin: 0:02:33.333778431 0xf37ecec0 gstbin.c:929:bin_replace_message:<decodebin1> got new message 0xf3abcb20, structure-change from proxypad4
05-10 10:02:54.117  4415  4501 D GStreamer+GST_EVENT: 0:02:33.333816973 0xf37ecf50 gstevent.c:302:gst_event_new_custom creating new event 0xf39dd480 reconfigure 61441
05-10 10:02:54.117  4415  4500 D GStreamer+GST_BUS: 0:02:33.333834368 0xf37ecec0 gstbus.c:344:gst_bus_post:<bus2> [msg 0xf3abcb20] dropped
05-10 10:02:54.117  4415  4501 D GStreamer+GST_EVENT: 0:02:33.333878327 0xf37ecf50 gstpad.c:5496:gst_pad_send_event_unchecked:<typefind:src> have event type reconfigure event: 0xf39dd480, time 99:99:99.999999999, seq-num 149, (NULL)
05-10 10:02:54.117  4415  4500 I GStreamer+GST_PADS: 0:02:33.333906087 0xf37ecec0 gstpad.c:2292:gst_pad_link_prepare trying to link typefind:src and decodepad0:proxypad4
05-10 10:02:54.117  4415  4501 D GStreamer+GST_PADS: 0:02:33.333919316 0xf37ecf50 gstpad.c:5569:gst_pad_send_event_unchecked:<typefind:src> sent event, ret error
05-10 10:02:54.117  4415  4500 I GStreamer+GST_PADS: 0:02:33.333943743 0xf37ecec0 gstpad.c:2498:gst_pad_link_full linked typefind:src and decodepad0:proxypad4, successful
05-10 10:02:54.118  4415  4500 I GStreamer+GST_EVENT: 0:02:33.333976452 0xf37ecec0 gstevent.c:1382:gst_event_new_reconfigure creating reconfigure event
05-10 10:02:54.118  4415  4501 D GStreamer+GST_BUS: 0:02:33.334002493 0xf37ecf50 gstbus.c:309:gst_bus_post:<bus0> [msg 0xf3ac0160] posting on bus structure-change message: 0xf3ac0160, time 99:99:99.999999999, seq-num 150, element 'proxypad5', GstMessageStructureChange, type=(GstStructureChangeType)GST_STRUCTURE_CHANGE_TYPE_PAD_LINK, owner=(GstElement)"\(GstTypeFindElement\)\ typefind", busy=(boolean)false;
05-10 10:02:54.118  4415  4500 D GStreamer+GST_EVENT: 0:02:33.334027025 0xf37ecec0 gstevent.c:302:gst_event_new_custom creating new event 0xf39db448 reconfigure 61441
05-10 10:02:54.118  4415  4501 D GStreamer+bin: 0:02:33.334045254 0xf37ecf50 gstbin.c:3528:gst_bin_handle_message_func:<forhwgl> [msg 0xf3ac0160] handling child proxypad5 message of type structure-change
05-10 10:02:54.118  4415  4500 D GStreamer+GST_EVENT: 0:02:33.334091608 0xf37ecec0 gstpad.c:5496:gst_pad_send_event_unchecked:<typefind:src> have event type reconfigure event: 0xf39db448, time 99:99:99.999999999, seq-num 151, (NULL)
05-10 10:02:54.118  4415  4501 D GStreamer+bin: 0:02:33.334109473 0xf37ecf50 gstbin.c:957:bin_remove_messages:<decodepad1:proxypad5> deleting message 0xf3ac0108 of types 0x00001000
05-10 10:02:54.118  4415  4500 D GStreamer+GST_PADS: 0:02:33.334156191 0xf37ecec0 gstpad.c:5569:gst_pad_send_event_unchecked:<typefind:src> sent event, ret error
05-10 10:02:54.118  4415  4501 D GStreamer+bin: 0:02:33.334172910 0xf37ecf50 gstbin.c:963:bin_remove_messages:<forhwgl> not deleting message 0xf3abced0 of type 0x00100000
05-10 10:02:54.118  4415  4501 D GStreamer+GST_BUS: 0:02:33.334222910 0xf37ecf50 gstbus.c:344:gst_bus_post:<bus0> [msg 0xf3ac0160] dropped
05-10 10:02:54.118  4415  4500 D GStreamer+GST_BUS: 0:02:33.334264941 0xf37ecec0 gstbus.c:309:gst_bus_post:<bus2> [msg 0xf3abcb78] posting on bus structure-change message: 0xf3abcb78, time 99:99:99.999999999, seq-num 152, element 'proxypad4', GstMessageStructureChange, type=(GstStructureChangeType)GST_STRUCTURE_CHANGE_TYPE_PAD_LINK, owner=(GstElement)"\(GstTypeFindElement\)\ typefind", busy=(boolean)false;
05-10 10:02:54.118  4415  4501 D GStreamer+decodebin: 0:02:33.334307077 0xf37ecf50 gstdecodebin2.c:1487:copy_sticky_events:<'':decodepad1> store sticky event stream-start event: 0xf39c9cc0, time 99:99:99.999999999, seq-num 103, GstEventStreamStart, stream-id=(string)71ab440d261a1bb43c19b397eec2373651540427aed1e7b0deb4be62a10a7f25/001, flags=(GstStreamFlags)GST_STREAM_FLAG_NONE, group-id=(uint)0;
05-10 10:02:54.118  4415  4500 D GStreamer+bin: 0:02:33.334323327 0xf37ecec0 gstbin.c:3528:gst_bin_handle_message_func:<decodebin1> [msg 0xf3abcb78] handling child proxypad4 message of type structure-change
05-10 10:02:54.118  4415  4500 D GStreamer+bin: 0:02:33.334389160 0xf37ecec0 gstbin.c:957:bin_remove_messages:<decodepad0:proxypad4> deleting message 0xf3abcb20 of types 0x00001000
05-10 10:02:54.118  4415  4501 D GStreamer+decodebin: 0:02:33.334412129 0xf37ecf50 gstdecodebin2.c:1487:copy_sticky_events:<'':decodepad1> store sticky event caps event: 0xf39dbb68, time 99:99:99.999999999, seq-num 137, GstEventCaps, caps=(GstCaps)"video/x-h264\,\ stream-format\=\(string\)byte-stream\,\ alignment\=\(string\)au\,\ level\=\(string\)4\,\ profile\=\(string\)baseline\,\ width\=\(int\)1280\,\ height\=\(int\)1440\,\ framerate\=\(fraction\)151/3\,\ pixel-aspect-ratio\=\(fraction\)1/1\,\ parsed\=\(boolean\)true";
05-10 10:02:54.118  4415  4500 D GStreamer+bin: 0:02:33.334437858 0xf37ecec0 gstbin.c:963:bin_remove_messages:<decodebin1> not deleting message 0xf37f5b28 of type 0x00100000
05-10 10:02:54.118  4415  4501 D GStreamer+decodebin: 0:02:33.334484941 0xf37ecf50 gstdecodebin2.c:1433:gst_decode_bin_autoplug_select:<forhwgl> default autoplug-select returns TRY
05-10 10:02:54.118  4415  4500 D GStreamer+GST_BUS: 0:02:33.334509889 0xf37ecec0 gstbus.c:344:gst_bus_post:<bus2> [msg 0xf3abcb78] dropped
05-10 10:02:54.118  4415  4501 D GStreamer+decodebin: 0:02:33.334533014 0xf37ecf50 gstdecodebin2.c:2242:connect_pad:<forhwgl> autoplug select requested try
05-10 10:02:54.118  4415  4501 D GStreamer+GST_PADS: 0:02:33.334569681 0xf37ecf50 gstghostpad.c:842:gst_ghost_pad_set_target:<'':decodepad1> clearing target
05-10 10:02:54.118  4415  4500 D GStreamer+decodebin: 0:02:33.334607077 0xf37ecec0 gstdecodebin2.c:1487:copy_sticky_events:<'':decodepad0> store sticky event stream-start event: 0xf39c9d98, time 99:99:99.999999999, seq-num 108, GstEventStreamStart, stream-id=(string)71ab440d261a1bb43c19b397eec2373651540427aed1e7b0deb4be62a10a7f25/002, flags=(GstStreamFlags)GST_STREAM_FLAG_NONE, group-id=(uint)0;
05-10 10:02:54.118  4415  4501 I GStreamer+GST_ELEMENT_PADS: 0:02:33.334618639 0xf37ecf50 gstpad.c:2048:gst_pad_unlink unlinking typefind:src(0xf39b4968) and decodepad1:proxypad5(0xf39df1b0)
05-10 10:02:54.118  4415  4501 D GStreamer+GST_BUS: 0:02:33.334712545 0xf37ecf50 gstbus.c:309:gst_bus_post:<bus0> [msg 0xf3ac01b8] posting on bus structure-change message: 0xf3ac01b8, time 99:99:99.999999999, seq-num 153, element 'proxypad5', GstMessageStructureChange, type=(GstStructureChangeType)GST_STRUCTURE_CHANGE_TYPE_PAD_UNLINK, owner=(GstElement)"\(GstTypeFindElement\)\ typefind", busy=(boolean)true;
05-10 10:02:54.118  4415  4500 D GStreamer+decodebin: 0:02:33.334728223 0xf37ecec0 gstdecodebin2.c:1487:copy_sticky_events:<'':decodepad0> store sticky event caps event: 0xf3ab4360, time 99:99:99.999999999, seq-num 123, GstEventCaps, caps=(GstCaps)"audio/mpeg\,\ mpegversion\=\(int\)1\,\ parsed\=\(boolean\)true\,\ rate\=\(int\)24000\,\ channels\=\(int\)1";
05-10 10:02:54.118  4415  4501 D GStreamer+bin: 0:02:33.334756348 0xf37ecf50 gstbin.c:3528:gst_bin_handle_message_func:<forhwgl> [msg 0xf3ac01b8] handling child proxypad5 message of type structure-change
05-10 10:02:54.118  4415  4501 D GStreamer+bin: 0:02:33.334792702 0xf37ecf50 gstbin.c:882:find_message:<forhwgl> no message found matching types 00001000
05-10 10:02:54.118  4415  4500 D GStreamer+decodebin: 0:02:33.334808848 0xf37ecec0 gstdecodebin2.c:1433:gst_decode_bin_autoplug_select:<decodebin1> default autoplug-select returns TRY
05-10 10:02:54.118  4415  4501 D GStreamer+bin: 0:02:33.334831556 0xf37ecf50 gstbin.c:889:find_message:<forhwgl>   structure-change
05-10 10:02:54.118  4415  4500 D GStreamer+decodebin: 0:02:33.334853900 0xf37ecec0 gstdecodebin2.c:2242:connect_pad:<decodebin1> autoplug select requested try
05-10 10:02:54.118  4415  4501 D GStreamer+bin: 0:02:33.334875306 0xf37ecf50 gstbin.c:929:bin_replace_message:<forhwgl> got new message 0xf3ac01b8, structure-change from proxypad5
05-10 10:02:54.118  4415  4500 D GStreamer+GST_PADS: 0:02:33.334914525 0xf37ecec0 gstghostpad.c:842:gst_ghost_pad_set_target:<'':decodepad0> clearing target
05-10 10:02:54.118  4415  4501 D GStreamer+GST_BUS: 0:02:33.334931243 0xf37ecf50 gstbus.c:344:gst_bus_post:<bus0> [msg 0xf3ac01b8] dropped
05-10 10:02:54.119  4415  4500 I GStreamer+GST_ELEMENT_PADS: 0:02:33.334956504 0xf37ecec0 gstpad.c:2048:gst_pad_unlink unlinking typefind:src(0xf39d6d58) and decodepad0:proxypad4(0xf39c6bb0)
05-10 10:02:54.119  4415  4501 I GStreamer+GST_ELEMENT_PADS: 0:02:33.334976035 0xf37ecf50 gstpad.c:2102:gst_pad_unlink unlinked typefind:src and decodepad1:proxypad5
05-10 10:02:54.119  4415  4500 D GStreamer+GST_BUS: 0:02:33.335069108 0xf37ecec0 gstbus.c:309:gst_bus_post:<bus2> [msg 0xf3abcc10] posting on bus structure-change message: 0xf3abcc10, time 99:99:99.999999999, seq-num 154, element 'proxypad4', GstMessageStructureChange, type=(GstStructureChangeType)GST_STRUCTURE_CHANGE_TYPE_PAD_UNLINK, owner=(GstElement)"\(GstTypeFindElement\)\ typefind", busy=(boolean)true;
05-10 10:02:54.119  4415  4501 D GStreamer+GST_BUS: 0:02:33.335096400 0xf37ecf50 gstbus.c:309:gst_bus_post:<bus0> [msg 0xf3ac0210] posting on bus structure-change message: 0xf3ac0210, time 99:99:99.999999999, seq-num 155, element 'proxypad5', GstMessageStructureChange, type=(GstStructureChangeType)GST_STRUCTURE_CHANGE_TYPE_PAD_UNLINK, owner=(GstElement)"\(GstTypeFindElement\)\ typefind", busy=(boolean)false;
05-10 10:02:54.119  4415  4500 D GStreamer+bin: 0:02:33.335142910 0xf37ecec0 gstbin.c:3528:gst_bin_handle_message_func:<decodebin1> [msg 0xf3abcc10] handling child proxypad4 message of type structure-change
05-10 10:02:54.119  4415  4501 D GStreamer+bin: 0:02:33.335160618 0xf37ecf50 gstbin.c:3528:gst_bin_handle_message_func:<forhwgl> [msg 0xf3ac0210] handling child proxypad5 message of type structure-change
05-10 10:02:54.119  4415  4500 D GStreamer+bin: 0:02:33.335183900 0xf37ecec0 gstbin.c:882:find_message:<decodebin1> no message found matching types 00001000
05-10 10:02:54.119  4415  4501 D GStreamer+bin: 0:02:33.335211920 0xf37ecf50 gstbin.c:957:bin_remove_messages:<decodepad1:proxypad5> deleting message 0xf3ac01b8 of types 0x00001000
05-10 10:02:54.119  4415  4500 D GStreamer+bin: 0:02:33.335239681 0xf37ecec0 gstbin.c:889:find_message:<decodebin1>   structure-change
05-10 10:02:54.119  4415  4501 D GStreamer+bin: 0:02:33.335255358 0xf37ecf50 gstbin.c:963:bin_remove_messages:<forhwgl> not deleting message 0xf3abced0 of type 0x00100000
05-10 10:02:54.119  4415  4500 D GStreamer+bin: 0:02:33.335283118 0xf37ecec0 gstbin.c:929:bin_replace_message:<decodebin1> got new message 0xf3abcc10, structure-change from proxypad4
05-10 10:02:54.119  4415  4501 D GStreamer+GST_BUS: 0:02:33.335292962 0xf37ecf50 gstbus.c:344:gst_bus_post:<bus0> [msg 0xf3ac0210] dropped
05-10 10:02:54.119  4415  4500 D GStreamer+GST_BUS: 0:02:33.335317754 0xf37ecec0 gstbus.c:344:gst_bus_post:<bus2> [msg 0xf3abcc10] dropped
05-10 10:02:54.119  4415  4500 I GStreamer+GST_ELEMENT_PADS: 0:02:33.335379629 0xf37ecec0 gstpad.c:2102:gst_pad_unlink unlinked typefind:src and decodepad0:proxypad4
05-10 10:02:54.119  4415  4501 D GStreamer+decodebin: 0:02:33.335396868 0xf37ecf50 gstdecodebin2.c:1476:clear_sticky_events:<'':decodepad1> clearing sticky event stream-start event: 0xf39c9cc0, time 99:99:99.999999999, seq-num 103, GstEventStreamStart, stream-id=(string)71ab440d261a1bb43c19b397eec2373651540427aed1e7b0deb4be62a10a7f25/001, flags=(GstStreamFlags)GST_STREAM_FLAG_NONE, group-id=(uint)0;
05-10 10:02:54.119  4415  4500 D GStreamer+GST_BUS: 0:02:33.335497077 0xf37ecec0 gstbus.c:309:gst_bus_post:<bus2> [msg 0xf3abcc68] posting on bus structure-change message: 0xf3abcc68, time 99:99:99.999999999, seq-num 156, element 'proxypad4', GstMessageStructureChange, type=(GstStructureChangeType)GST_STRUCTURE_CHANGE_TYPE_PAD_UNLINK, owner=(GstElement)"\(GstTypeFindElement\)\ typefind", busy=(boolean)false;
05-10 10:02:54.119  4415  4501 D GStreamer+decodebin: 0:02:33.335529212 0xf37ecf50 gstdecodebin2.c:1476:clear_sticky_events:<'':decodepad1> clearing sticky event caps event: 0xf39dbb68, time 99:99:99.999999999, seq-num 137, GstEventCaps, caps=(GstCaps)"video/x-h264\,\ stream-format\=\(string\)byte-stream\,\ alignment\=\(string\)au\,\ level\=\(string\)4\,\ profile\=\(string\)baseline\,\ width\=\(int\)1280\,\ height\=\(int\)1440\,\ framerate\=\(fraction\)151/3\,\ pixel-aspect-ratio\=\(fraction\)1/1\,\ parsed\=\(boolean\)true";
05-10 10:02:54.119  4415  4500 D GStreamer+bin: 0:02:33.335564785 0xf37ecec0 gstbin.c:3528:gst_bin_handle_message_func:<decodebin1> [msg 0xf3abcc68] handling child proxypad4 message of type structure-change
05-10 10:02:54.119  4415  4501 D GStreamer+GST_PLUGIN_LOADING: 0:02:33.335602025 0xf37ecf50 gstpluginfeature.c:106:gst_plugin_feature_load loading plugin for feature 0xf36db5a0; 'h264parse'
05-10 10:02:54.119  4415  4500 D GStreamer+bin: 0:02:33.335617962 0xf37ecec0 gstbin.c:957:bin_remove_messages:<decodepad0:proxypad4> deleting message 0xf3abcc10 of types 0x00001000
05-10 10:02:54.119  4415  4501 I GStreamer+GST_ELEMENT_FACTORY: 0:02:33.335639525 0xf37ecf50 gstelementfactory.c:364:gst_element_factory_create creating element "h264parse"
05-10 10:02:54.119  4415  4500 D GStreamer+bin: 0:02:33.335684889 0xf37ecec0 gstbin.c:963:bin_remove_messages:<decodebin1> not deleting message 0xf37f5b28 of type 0x00100000
05-10 10:02:54.119  4415  4501 D GStreamer+baseparse: 0:02:33.335696400 0xf37ecf50 gstbaseparse.c:607:gst_base_parse_init:<GstBaseParse@0xf3c71538> gst_base_parse_init
05-10 10:02:54.119  4415  4500 D GStreamer+GST_BUS: 0:02:33.335722754 0xf37ecec0 gstbus.c:344:gst_bus_post:<bus2> [msg 0xf3abcc68] dropped
05-10 10:02:54.119  4415  4501 D GStreamer+GST_PADS: 0:02:33.335765670 0xf37ecf50 gstpad.c:1826:gst_pad_set_event_function_full:<'':sink> eventfunc for set to gst_base_parse_sink_event
05-10 10:02:54.119  4415  4500 D GStreamer+decodebin: 0:02:33.335813170 0xf37ecec0 gstdecodebin2.c:1476:clear_sticky_events:<'':decodepad0> clearing sticky event stream-start event: 0xf39c9d98, time 99:99:99.999999999, seq-num 108, GstEventStreamStart, stream-id=(string)71ab440d261a1bb43c19b397eec2373651540427aed1e7b0deb4be62a10a7f25/002, flags=(GstStreamFlags)GST_STREAM_FLAG_NONE, group-id=(uint)0;
05-10 10:02:54.119  4415  4501 D GStreamer+GST_PADS: 0:02:33.335829837 0xf37ecf50 gstpad.c:1906:gst_pad_set_query_function_full:<'':sink> queryfunc set to gst_base_parse_sink_query
05-10 10:02:54.119  4415  4501 D GStreamer+GST_PADS: 0:02:33.335878170 0xf37ecf50 gstpad.c:1720:gst_pad_set_chain_function_full:<'':sink> chainfunc set to gst_base_parse_chain
05-10 10:02:54.119  4415  4501 D GStreamer+GST_PADS: 0:02:33.335926139 0xf37ecf50 gstpad.c:1650:gst_pad_set_activate_function_full:<'':sink> activatefunc set to gst_base_parse_sink_activate
05-10 10:02:54.120  4415  4500 D GStreamer+decodebin: 0:02:33.335965045 0xf37ecec0 gstdecodebin2.c:1476:clear_sticky_events:<'':decodepad0> clearing sticky event caps event: 0xf3ab4360, time 99:99:99.999999999, seq-num 123, GstEventCaps, caps=(GstCaps)"audio/mpeg\,\ mpegversion\=\(int\)1\,\ parsed\=\(boolean\)true\,\ rate\=\(int\)24000\,\ channels\=\(int\)1";
05-10 10:02:54.120  4415  4501 D GStreamer+GST_PADS: 0:02:33.335982077 0xf37ecf50 gstpad.c:1685:gst_pad_set_activatemode_function_full:<'':sink> activatemodefunc set to gst_base_parse_sink_activate_mode
05-10 10:02:54.120  4415  4501 I GStreamer+GST_ELEMENT_PADS: 0:02:33.336043223 0xf37ecf50 gstelement.c:659:gst_element_add_pad:<GstBaseParse@0xf3c71538> adding pad 'sink'
05-10 10:02:54.120  4415  4500 D GStreamer+GST_PLUGIN_LOADING: 0:02:33.336047650 0xf37ecec0 gstpluginfeature.c:106:gst_plugin_feature_load loading plugin for feature 0xf3680f50; 'mpegaudioparse'
05-10 10:02:54.120  4415  4500 I GStreamer+GST_ELEMENT_FACTORY: 0:02:33.336101400 0xf37ecec0 gstelementfactory.c:364:gst_element_factory_create creating element "mpegaudioparse"
05-10 10:02:54.120  4415  4501 D GStreamer+GST_REFCOUNTING: 0:02:33.336118535 0xf37ecf50 gstobject.c:692:gst_object_set_parent:<'':sink> set parent (ref and sink)
05-10 10:02:54.120  4415  4500 D GStreamer+baseparse: 0:02:33.336148952 0xf37ecec0 gstbaseparse.c:607:gst_base_parse_init:<GstBaseParse@0xf3c71e80> gst_base_parse_init
05-10 10:02:54.120  4415  4501 D GStreamer+baseparse: 0:02:33.336164316 0xf37ecf50 gstbaseparse.c:628:gst_base_parse_init:<GstBaseParse@0xf3c71538> sinkpad created
05-10 10:02:54.120  4415  4501 D GStreamer+GST_PADS: 0:02:33.336261295 0xf37ecf50 gstpad.c:1826:gst_pad_set_event_function_full:<'':src> eventfunc for set to gst_base_parse_src_event
05-10 10:02:54.120  4415  4500 D GStreamer+GST_PADS: 0:02:33.336283535 0xf37ecec0 gstpad.c:1826:gst_pad_set_event_function_full:<'':sink> eventfunc for set to gst_base_parse_sink_event
05-10 10:02:54.120  4415  4501 D GStreamer+GST_PADS: 0:02:33.336318639 0xf37ecf50 gstpad.c:1906:gst_pad_set_query_function_full:<'':src> queryfunc set to gst_base_parse_src_query
05-10 10:02:54.120  4415  4500 D GStreamer+GST_PADS: 0:02:33.336383431 0xf37ecec0 gstpad.c:1906:gst_pad_set_query_function_full:<'':sink> queryfunc set to gst_base_parse_sink_query
05-10 10:02:54.120  4415  4501 I GStreamer+GST_ELEMENT_PADS: 0:02:33.336400566 0xf37ecf50 gstelement.c:659:gst_element_add_pad:<GstBaseParse@0xf3c71538> adding pad 'src'
05-10 10:02:54.120  4415  4501 D GStreamer+GST_REFCOUNTING: 0:02:33.336443795 0xf37ecf50 gstobject.c:692:gst_object_set_parent:<'':src> set parent (ref and sink)
05-10 10:02:54.120  4415  4500 D GStreamer+GST_PADS: 0:02:33.336460775 0xf37ecec0 gstpad.c:1720:gst_pad_set_chain_function_full:<'':sink> chainfunc set to gst_base_parse_chain
05-10 10:02:54.120  4415  4501 D GStreamer+baseparse: 0:02:33.336491139 0xf37ecf50 gstbaseparse.c:640:gst_base_parse_init:<GstBaseParse@0xf3c71538> src created
05-10 10:02:54.120  4415  4500 D GStreamer+GST_PADS: 0:02:33.336526243 0xf37ecec0 gstpad.c:1650:gst_pad_set_activate_function_full:<'':sink> activatefunc set to gst_base_parse_sink_activate
05-10 10:02:54.120  4415  4501 D GStreamer+baseparse: 0:02:33.336550045 0xf37ecf50 gstbaseparse.c:652:gst_base_parse_init:<GstBaseParse@0xf3c71538> init ok
05-10 10:02:54.120  4415  4501 I GStreamer+baseparse: 0:02:33.336603379 0xf37ecf50 gstbaseparse.c:3902:gst_base_parse_set_pts_interpolation:<GstH264Parse@0xf3c71538> PTS interpolation: no
05-10 10:02:54.120  4415  4500 D GStreamer+GST_PADS: 0:02:33.336571816 0xf37ecec0 gstpad.c:1685:gst_pad_set_activatemode_function_full:<'':sink> activatemodefunc set to gst_base_parse_sink_activate_mode
05-10 10:02:54.120  4415  4501 D GStreamer+GST_ELEMENT_FACTORY: 0:02:33.336656712 0xf37ecf50 gstelementfactory.c:390:gst_element_factory_create created element "h264parse"
05-10 10:02:54.120  4415  4500 I GStreamer+GST_ELEMENT_PADS: 0:02:33.336673483 0xf37ecec0 gstelement.c:659:gst_element_add_pad:<GstBaseParse@0xf3c71e80> adding pad 'sink'
05-10 10:02:54.120  4415  4501 D GStreamer+GST_STATES: 0:02:33.336692129 0xf37ecf50 gstelement.c:1966:gst_element_set_locked_state locking state of element h264parse1
05-10 10:02:54.120  4415  4501 D GStreamer+GST_PARENTAGE: 0:02:33.336722858 0xf37ecf50 gstbin.c:1371:gst_bin_add adding element h264parse1 to bin forhwgl
05-10 10:02:54.120  4415  4500 D GStreamer+GST_REFCOUNTING: 0:02:33.336712598 0xf37ecec0 gstobject.c:692:gst_object_set_parent:<'':sink> set parent (ref and sink)
05-10 10:02:54.120  4415  4501 D GStreamer+bin: 0:02:33.336754733 0xf37ecf50 gstbin.c:1100:gst_bin_add_func:<forhwgl> element :h264parse1
05-10 10:02:54.120  4415  4500 D GStreamer+baseparse: 0:02:33.336780202 0xf37ecec0 gstbaseparse.c:628:gst_base_parse_init:<GstBaseParse@0xf3c71e80> sinkpad created
05-10 10:02:54.120  4415  4501 D GStreamer+GST_REFCOUNTING: 0:02:33.336792962 0xf37ecf50 gstobject.c:692:gst_object_set_parent:<h264parse1> set parent (ref and sink)
05-10 10:02:54.120  4415  4501 D GStreamer+GST_PARENTAGE: 0:02:33.336829785 0xf37ecf50 gstelement.c:3040:gst_element_set_bus_func:<h264parse1> setting bus to 0xf37f0788
05-10 10:02:54.120  4415  4500 D GStreamer+GST_PADS: 0:02:33.336885566 0xf37ecec0 gstpad.c:1826:gst_pad_set_event_function_full:<'':src> eventfunc for set to gst_base_parse_src_event
05-10 10:02:54.120  4415  4501 D GStreamer+GST_CLOCK: 0:02:33.336903743 0xf37ecf50 gstelement.c:478:gst_element_set_base_time:<h264parse1> set base_time=0:00:00.000000000, old 0:00:00.000000000
05-10 10:02:54.121  4415  4501 D GStreamer+GST_CLOCK: 0:02:33.336955670 0xf37ecf50 gstelement.c:540:gst_element_set_start_time:<h264parse1> set start_time=0:00:00.000000000, old 0:00:00.000000000
05-10 10:02:54.121  4415  4501 D GStreamer+GST_CLOCK: 0:02:33.336989993 0xf37ecf50 gstelement.c:418:gst_element_set_clock:<h264parse1> setting clock 0x0
05-10 10:02:54.121  4415  4501 D GStreamer+bin: 0:02:33.337024941 0xf37ecf50 gstbin.c:1215:gst_bin_add_func:<forhwgl> added SUCCESS element
05-10 10:02:54.121  4415  4501 D GStreamer+GST_PARENTAGE: 0:02:33.337065983 0xf37ecf50 gstbin.c:1295:gst_bin_add_func:<forhwgl> added element "h264parse1"
05-10 10:02:54.121  4415  4500 D GStreamer+GST_PADS: 0:02:33.336932858 0xf37ecec0 gstpad.c:1906:gst_pad_set_query_function_full:<'':src> queryfunc set to gst_base_parse_src_query
05-10 10:02:54.121  4415  4501 D GStreamer+GST_BUS: 0:02:33.337153170 0xf37ecf50 gstbus.c:309:gst_bus_post:<bus0> [msg 0xf3ac0268] posting on bus structure-change message: 0xf3ac0268, time 99:99:99.999999999, seq-num 157, element 'sink', GstMessageStructureChange, type=(GstStructureChangeType)GST_STRUCTURE_CHANGE_TYPE_PAD_LINK, owner=(GstElement)"\(GstTypeFindElement\)\ typefind", busy=(boolean)true;
05-10 10:02:54.121  4415  4500 I GStreamer+GST_ELEMENT_PADS: 0:02:33.337175150 0xf37ecec0 gstelement.c:659:gst_element_add_pad:<GstBaseParse@0xf3c71e80> adding pad 'src'
05-10 10:02:54.121  4415  4501 D GStreamer+bin: 0:02:33.337205514 0xf37ecf50 gstbin.c:3528:gst_bin_handle_message_func:<forhwgl> [msg 0xf3ac0268] handling child sink message of type structure-change
05-10 10:02:54.121  4415  4501 D GStreamer+bin: 0:02:33.337246556 0xf37ecf50 gstbin.c:882:find_message:<forhwgl> no message found matching types 00001000
05-10 10:02:54.121  4415  4500 D GStreamer+GST_REFCOUNTING: 0:02:33.337252233 0xf37ecec0 gstobject.c:692:gst_object_set_parent:<'':src> set parent (ref and sink)
05-10 10:02:54.121  4415  4501 D GStreamer+bin: 0:02:33.337280098 0xf37ecf50 gstbin.c:889:find_message:<forhwgl>   structure-change
05-10 10:02:54.121  4415  4500 D GStreamer+baseparse: 0:02:33.337295462 0xf37ecec0 gstbaseparse.c:640:gst_base_parse_init:<GstBaseParse@0xf3c71e80> src created
05-10 10:02:54.121  4415  4501 D GStreamer+bin: 0:02:33.337340931 0xf37ecf50 gstbin.c:929:bin_replace_message:<forhwgl> got new message 0xf3ac0268, structure-change from sink
05-10 10:02:54.121  4415  4501 D GStreamer+GST_BUS: 0:02:33.337380775 0xf37ecf50 gstbus.c:344:gst_bus_post:<bus0> [msg 0xf3ac0268] dropped
05-10 10:02:54.121  4415  4500 D GStreamer+baseparse: 0:02:33.337387025 0xf37ecec0 gstbaseparse.c:652:gst_base_parse_init:<GstBaseParse@0xf3c71e80> init ok
05-10 10:02:54.121  4415  4501 I GStreamer+GST_PADS: 0:02:33.337415254 0xf37ecf50 gstpad.c:2292:gst_pad_link_prepare trying to link typefind:src and h264parse1:sink
05-10 10:02:54.121  4415  4501 I GStreamer+GST_PADS: 0:02:33.337452545 0xf37ecf50 gstpad.c:2498:gst_pad_link_full linked typefind:src and h264parse1:sink, successful
05-10 10:02:54.121  4415  4500 D GStreamer+GST_ELEMENT_FACTORY: 0:02:33.337440827 0xf37ecec0 gstelementfactory.c:390:gst_element_factory_create created element "mpegaudioparse"
05-10 10:02:54.121  4415  4501 I GStreamer+GST_EVENT: 0:02:33.337489941 0xf37ecf50 gstevent.c:1382:gst_event_new_reconfigure creating reconfigure event
05-10 10:02:54.121  4415  4500 D GStreamer+GST_STATES: 0:02:33.337502650 0xf37ecec0 gstelement.c:1966:gst_element_set_locked_state locking state of element mpegaudioparse0
05-10 10:02:54.121  4415  4501 D GStreamer+GST_EVENT: 0:02:33.337526764 0xf37ecf50 gstevent.c:302:gst_event_new_custom creating new event 0xf39dd4c8 reconfigure 61441
05-10 10:02:54.121  4415  4500 D GStreamer+GST_PARENTAGE: 0:02:33.337537702 0xf37ecec0 gstbin.c:1371:gst_bin_add adding element mpegaudioparse0 to bin decodebin1
05-10 10:02:54.121  4415  4501 D GStreamer+GST_EVENT: 0:02:33.337579577 0xf37ecf50 gstpad.c:5496:gst_pad_send_event_unchecked:<typefind:src> have event type reconfigure event: 0xf39dd4c8, time 99:99:99.999999999, seq-num 158, (NULL)
05-10 10:02:54.121  4415  4500 D GStreamer+bin: 0:02:33.337594420 0xf37ecec0 gstbin.c:1100:gst_bin_add_func:<decodebin1> element :mpegaudioparse0
05-10 10:02:54.121  4415  4501 D GStreamer+GST_PADS: 0:02:33.337627285 0xf37ecf50 gstpad.c:5569:gst_pad_send_event_unchecked:<typefind:src> sent event, ret error
05-10 10:02:54.121  4415  4500 D GStreamer+GST_REFCOUNTING: 0:02:33.337644004 0xf37ecec0 gstobject.c:692:gst_object_set_parent:<mpegaudioparse0> set parent (ref and sink)
05-10 10:02:54.121  4415  4500 D GStreamer+GST_PARENTAGE: 0:02:33.337706608 0xf37ecec0 gstelement.c:3040:gst_element_set_bus_func:<mpegaudioparse0> setting bus to 0xf39b8158
05-10 10:02:54.121  4415  4501 D GStreamer+GST_BUS: 0:02:33.337724316 0xf37ecf50 gstbus.c:309:gst_bus_post:<bus0> [msg 0xf3ac02c0] posting on bus structure-change message: 0xf3ac02c0, time 99:99:99.999999999, seq-num 159, element 'sink', GstMessageStructureChange, type=(GstStructureChangeType)GST_STRUCTURE_CHANGE_TYPE_PAD_LINK, owner=(GstElement)"\(GstTypeFindElement\)\ typefind", busy=(boolean)false;
05-10 10:02:54.121  4415  4500 D GStreamer+GST_CLOCK: 0:02:33.337753014 0xf37ecec0 gstelement.c:478:gst_element_set_base_time:<mpegaudioparse0> set base_time=0:00:00.000000000, old 0:00:00.000000000
05-10 10:02:54.121  4415  4501 D GStreamer+bin: 0:02:33.337777077 0xf37ecf50 gstbin.c:3528:gst_bin_handle_message_func:<forhwgl> [msg 0xf3ac02c0] handling child sink message of type structure-change
05-10 10:02:54.121  4415  4501 D GStreamer+bin: 0:02:33.337830983 0xf37ecf50 gstbin.c:957:bin_remove_messages:<h264parse1:sink> deleting message 0xf3ac0268 of types 0x00001000
05-10 10:02:54.121  4415  4500 D GStreamer+GST_CLOCK: 0:02:33.337846556 0xf37ecec0 gstelement.c:540:gst_element_set_start_time:<mpegaudioparse0> set start_time=0:00:00.000000000, old 0:00:00.000000000
05-10 10:02:54.121  4415  4501 D GStreamer+bin: 0:02:33.337872962 0xf37ecf50 gstbin.c:963:bin_remove_messages:<forhwgl> not deleting message 0xf3abced0 of type 0x00100000
05-10 10:02:54.121  4415  4500 D GStreamer+GST_CLOCK: 0:02:33.337889577 0xf37ecec0 gstelement.c:418:gst_element_set_clock:<mpegaudioparse0> setting clock 0x0
05-10 10:02:54.121  4415  4501 D GStreamer+GST_BUS: 0:02:33.337915045 0xf37ecf50 gstbus.c:344:gst_bus_post:<bus0> [msg 0xf3ac02c0] dropped
05-10 10:02:54.121  4415  4500 D GStreamer+bin: 0:02:33.337941243 0xf37ecec0 gstbin.c:1215:gst_bin_add_func:<decodebin1> added SUCCESS element
05-10 10:02:54.122  4415  4501 D GStreamer+GST_STATES: 0:02:33.337950670 0xf37ecf50 gstelement.c:2523:gst_element_set_state_func:<h264parse1> set_state to READY
05-10 10:02:54.122  4415  4500 D GStreamer+GST_PARENTAGE: 0:02:33.337987441 0xf37ecec0 gstbin.c:1295:gst_bin_add_func:<decodebin1> added element "mpegaudioparse0"
05-10 10:02:54.122  4415  4501 D GStreamer+GST_STATES: 0:02:33.338004420 0xf37ecf50 gstelement.c:2548:gst_element_set_state_func:<h264parse1> setting target state to READY
05-10 10:02:54.122  4415  4501 D GStreamer+GST_STATES: 0:02:33.338044785 0xf37ecf50 gstelement.c:2561:gst_element_set_state_func:<h264parse1> current NULL, old_pending VOID_PENDING, next VOID_PENDING, old return SUCCESS
05-10 10:02:54.122  4415  4501 D GStreamer+GST_STATES: 0:02:33.338089525 0xf37ecf50 gstelement.c:2595:gst_element_set_state_func:<h264parse1> final: setting state from NULL to READY
