05-10 10:02:53.998  4415  4415 D GStreamer+GST_BUS: 0:02:33.214757441 0xf3588600 gstbus.c:309:gst_bus_post:<bus4> [msg 0xf37dee80] posting on bus stream-status message: 0xf37dee80, time 99:99:99.999999999, seq-num 86, element 'src', GstMessageStreamStatus, type=(GstStreamStatusType)GST_STREAM_STATUS_TYPE_CREATE, owner=(GstElement)"\(GstQueue\)\ queue2", object=(GstTask)"\(GstTask\)\ task2";
05-10 10:02:53.998  4415  4415 D GStreamer+bin: 0:02:33.214810254 0xf3588600 gstbin.c:3528:gst_bin_handle_message_func:<pipeline0> [msg 0xf37dee80] handling child src message of type stream-status
05-10 10:02:53.998  4415  4415 D GStreamer+bin: 0:02:33.214841243 0xf3588600 gstbin.c:3865:gst_bin_handle_message_func:<pipeline0> posting message upward
05-10 10:02:53.998  4415  4415 D GStreamer+GST_BUS: 0:02:33.214927077 0xf3588600 gstbus.c:309:gst_bus_post:<bus5> [msg 0xf37dee80] posting on bus stream-status message: 0xf37dee80, time 99:99:99.999999999, seq-num 86, element 'src', GstMessageStreamStatus, type=(GstStreamStatusType)GST_STREAM_STATUS_TYPE_CREATE, owner=(GstElement)"\(GstQueue\)\ queue2", object=(GstTask)"\(GstTask\)\ task2";
05-10 10:02:53.999  4415  4415 D GStreamer+GST_BUS: 0:02:33.214962077 0xf3588600 gstbus.c:348:gst_bus_post:<bus5> [msg 0xf37dee80] pushing on async queue
05-10 10:02:53.999  4415  4415 D GStreamer+GST_BUS: 0:02:33.215013639 0xf3588600 gstbus.c:351:gst_bus_post:<bus5> [msg 0xf37dee80] pushed on async queue
05-10 10:02:53.999  4415  4415 D GStreamer+GST_BUS: 0:02:33.215050514 0xf3588600 gstbus.c:344:gst_bus_post:<bus4> [msg 0xf37dee80] dropped
05-10 10:02:53.999  4415  4488 D GStreamer+GST_BUS: 0:02:33.215091712 0xf3964e00 gstbus.c:521:gst_bus_timed_pop_filtered:<bus5> got message 0xf37dee80, stream-status from src, type mask is 4294967295
05-10 10:02:53.999  4415  4415 D GStreamer+task: 0:02:33.215117650 0xf3588600 gsttask.c:682:gst_task_set_state:<task2> Changing task 0xf3ab8978 to state 0
05-10 10:02:53.999  4415  4488 D GStreamer+GST_BUS: 0:02:33.215175306 0xf3964e00 gstbus.c:789:gst_bus_source_dispatch:<bus5> source 0xf3ab6910 calling dispatch with stream-status message: 0xf37dee80, time 99:99:99.999999999, seq-num 86, element 'src', GstMessageStreamStatus, type=(GstStreamStatusType)GST_STREAM_STATUS_TYPE_CREATE, owner=(GstElement)"\(GstQueue\)\ queue2", object=(GstTask)"\(GstTask\)\ task2";
05-10 10:02:53.999  4415  4415 D GStreamer+GST_PADS: 0:02:33.215220879 0xf3588600 gstpad.c:1198:gst_pad_activate_mode:<queue2:src> activated in push mode
05-10 10:02:53.999  4415  4500 D GStreamer+task: 0:02:33.215240514 0xf37ecec0 gsttask.c:287:gst_task_func Entering task 0xf3ab8978, thread 0xf37ecec0
05-10 10:02:53.999  4415  4415 D GStreamer+GST_PADS: 0:02:33.215290306 0xf3588600 gstpad.c:1056:gst_pad_set_active:<queue2:sink> activating pad from none
05-10 10:02:53.999  4415  4500 D GStreamer+GST_PADS: 0:02:33.215281973 0xf37ecec0 gstpad.c:5864:do_stream_status:<queue2:src> doing stream-status 1
05-10 10:02:53.999  4415  4488 D GStreamer+GST_BUS: 0:02:33.215316243 0xf3964e00 gstbus.c:794:gst_bus_source_dispatch:<bus5> source 0xf3ab6910 handler returns 1
05-10 10:02:53.999  4415  4415 D GStreamer+GST_PADS: 0:02:33.215379785 0xf3588600 gstpad.c:972:pre_activate:<queue2:sink> setting pad into push mode, unset flushing
05-10 10:02:53.999  4415  4500 D GStreamer+GST_PADS: 0:02:33.215395775 0xf37ecec0 gstpad.c:5893:do_stream_status:<queue2:src> posting stream-status 1
05-10 10:02:53.999  4415  4415 D GStreamer+GST_PADS: 0:02:33.215422910 0xf3588600 gstpad.c:1198:gst_pad_activate_mode:<queue2:sink> activated in push mode
05-10 10:02:53.999  4415  4415 D GStreamer+GST_ELEMENT_PADS: 0:02:33.215502858 0xf3588600 gstelement.c:2812:gst_element_pads_activate:<queue2> pad activation successful
05-10 10:02:53.999  4415  4500 D GStreamer+GST_BUS: 0:02:33.215547285 0xf37ecec0 gstbus.c:309:gst_bus_post:<bus4> [msg 0xf3abc808] posting on bus stream-status message: 0xf3abc808, time 99:99:99.999999999, seq-num 87, element 'src', GstMessageStreamStatus, type=(GstStreamStatusType)GST_STREAM_STATUS_TYPE_ENTER, owner=(GstElement)"\(GstQueue\)\ queue2", object=(GstTask)"\(GstTask\)\ queue2:src";
05-10 10:02:53.999  4415  4415 D GStreamer+GST_STATES: 0:02:33.215563587 0xf3588600 gstelement.c:2684:gst_element_change_state:<queue2> element changed state SUCCESS
05-10 10:02:53.999  4415  4415 I GStreamer+GST_STATES: 0:02:33.215609577 0xf3588600 gstelement.c:2372:gst_element_continue_state:<queue2> completed state change to PAUSED
05-10 10:02:53.999  4415  4500 D GStreamer+bin: 0:02:33.215616348 0xf37ecec0 gstbin.c:3528:gst_bin_handle_message_func:<pipeline0> [msg 0xf3abc808] handling child src message of type stream-status
05-10 10:02:53.999  4415  4500 D GStreamer+bin: 0:02:33.215654212 0xf37ecec0 gstbin.c:3865:gst_bin_handle_message_func:<pipeline0> posting message upward
05-10 10:02:53.999  4415  4415 I GStreamer+GST_STATES: 0:02:33.215665671 0xf3588600 gstelement.c:2277:_priv_gst_element_state_changed:<queue2> notifying about state-changed READY to PAUSED (VOID_PENDING pending)
05-10 10:02:53.999  4415  4415 D GStreamer+GST_BUS: 0:02:33.215780254 0xf3588600 gstbus.c:309:gst_bus_post:<bus4> [msg 0xf3abce78] posting on bus state-changed message: 0xf3abce78, time 99:99:99.999999999, seq-num 88, element 'queue2', GstMessageStateChanged, old-state=(GstState)GST_STATE_READY, new-state=(GstState)GST_STATE_PAUSED, pending-state=(GstState)GST_STATE_VOID_PENDING;
05-10 10:02:53.999  4415  4500 D GStreamer+GST_BUS: 0:02:33.215793431 0xf37ecec0 gstbus.c:309:gst_bus_post:<bus5> [msg 0xf3abc808] posting on bus stream-status message: 0xf3abc808, time 99:99:99.999999999, seq-num 87, element 'src', GstMessageStreamStatus, type=(GstStreamStatusType)GST_STREAM_STATUS_TYPE_ENTER, owner=(GstElement)"\(GstQueue\)\ queue2", object=(GstTask)"\(GstTask\)\ queue2:src";
05-10 10:02:53.999  4415  4415 D GStreamer+bin: 0:02:33.215823379 0xf3588600 gstbin.c:3528:gst_bin_handle_message_func:<pipeline0> [msg 0xf3abce78] handling child queue2 message of type state-changed
05-10 10:02:53.999  4415  4500 D GStreamer+GST_BUS: 0:02:33.215848171 0xf37ecec0 gstbus.c:348:gst_bus_post:<bus5> [msg 0xf3abc808] pushing on async queue
05-10 10:02:53.999  4415  4415 D GStreamer+bin: 0:02:33.215877441 0xf3588600 gstbin.c:3865:gst_bin_handle_message_func:<pipeline0> posting message upward
05-10 10:02:53.999  4415  4500 D GStreamer+GST_BUS: 0:02:33.215896087 0xf37ecec0 gstbus.c:351:gst_bus_post:<bus5> [msg 0xf3abc808] pushed on async queue
05-10 10:02:54.000  4415  4500 D GStreamer+GST_BUS: 0:02:33.215959837 0xf37ecec0 gstbus.c:344:gst_bus_post:<bus4> [msg 0xf3abc808] dropped
05-10 10:02:54.000  4415  4415 D GStreamer+GST_BUS: 0:02:33.215988952 0xf3588600 gstbus.c:309:gst_bus_post:<bus5> [msg 0xf3abce78] posting on bus state-changed message: 0xf3abce78, time 99:99:99.999999999, seq-num 88, element 'queue2', GstMessageStateChanged, old-state=(GstState)GST_STATE_READY, new-state=(GstState)GST_STATE_PAUSED, pending-state=(GstState)GST_STATE_VOID_PENDING;
05-10 10:02:54.000  4415  4500 D GStreamer+task: 0:02:33.216001243 0xf37ecec0 gsttask.c:249:gst_task_configure_name:<queue2:src> Setting thread name to 'queue2:src'
05-10 10:02:54.000  4415  4488 D GStreamer+GST_BUS: 0:02:33.216019056 0xf3964e00 gstbus.c:521:gst_bus_timed_pop_filtered:<bus5> got message 0xf3abc808, stream-status from src, type mask is 4294967295
05-10 10:02:54.000  4415  4415 D GStreamer+GST_BUS: 0:02:33.216028743 0xf3588600 gstbus.c:348:gst_bus_post:<bus5> [msg 0xf3abce78] pushing on async queue
05-10 10:02:54.000  4415  4500 D GStreamer+queue_dataflow: 0:02:33.216054993 0xf37ecec0 gstqueue.c:1464:gst_queue_loop:<queue2> queue is empty
05-10 10:02:54.000  4415  4415 D GStreamer+GST_BUS: 0:02:33.216101712 0xf3588600 gstbus.c:351:gst_bus_post:<bus5> [msg 0xf3abce78] pushed on async queue
05-10 10:02:54.000  4415  4488 D GStreamer+GST_BUS: 0:02:33.216125306 0xf3964e00 gstbus.c:789:gst_bus_source_dispatch:<bus5> source 0xf3ab6910 calling dispatch with stream-status message: 0xf3abc808, time 99:99:99.999999999, seq-num 87, element 'src', GstMessageStreamStatus, type=(GstStreamStatusType)GST_STREAM_STATUS_TYPE_ENTER, owner=(GstElement)"\(GstQueue\)\ queue2", object=(GstTask)"\(GstTask\)\ queue2:src";
05-10 10:02:54.000  4415  4415 D GStreamer+GST_BUS: 0:02:33.216149681 0xf3588600 gstbus.c:344:gst_bus_post:<bus4> [msg 0xf3abce78] dropped
05-10 10:02:54.000  4415  4488 D GStreamer+GST_BUS: 0:02:33.216172806 0xf3964e00 gstbus.c:794:gst_bus_source_dispatch:<bus5> source 0xf3ab6910 handler returns 1
05-10 10:02:54.000  4415  4415 D GStreamer+GST_STATES: 0:02:33.216207910 0xf3588600 gstelement.c:2607:gst_element_set_state_func:<queue2> returned SUCCESS
05-10 10:02:54.000  4415  4488 D GStreamer+GST_BUS: 0:02:33.216239264 0xf3964e00 gstbus.c:521:gst_bus_timed_pop_filtered:<bus5> got message 0xf3abce78, state-changed from queue2, type mask is 4294967295
05-10 10:02:54.000  4415  4415 I GStreamer+GST_STATES: 0:02:33.216253223 0xf3588600 gstbin.c:2764:gst_bin_change_state_func:<pipeline0> child 'queue2' changed state to 3(PAUSED) successfully
05-10 10:02:54.000  4415  4415 D GStreamer+bin: 0:02:33.216334421 0xf3588600 gstbin.c:2167:gst_bin_sort_iterator_next:<pipeline0> queue empty, next best: forhwgl
05-10 10:02:54.000  4415  4488 D GStreamer+GST_BUS: 0:02:33.216352181 0xf3964e00 gstbus.c:789:gst_bus_source_dispatch:<bus5> source 0xf3ab6910 calling dispatch with state-changed message: 0xf3abce78, time 99:99:99.999999999, seq-num 88, element 'queue2', GstMessageStateChanged, old-state=(GstState)GST_STATE_READY, new-state=(GstState)GST_STATE_PAUSED, pending-state=(GstState)GST_STATE_VOID_PENDING;
05-10 10:02:54.000  4415  4415 D GStreamer+bin: 0:02:33.216386243 0xf3588600 gstbin.c:2182:gst_bin_sort_iterator_next:<pipeline0> queue head gives forhwgl
05-10 10:02:54.000  4415  4488 D GStreamer+GST_BUS: 0:02:33.216401400 0xf3964e00 gstbus.c:794:gst_bus_source_dispatch:<bus5> source 0xf3ab6910 handler returns 1
05-10 10:02:54.000  4415  4415 D GStreamer+bin: 0:02:33.216438535 0xf3588600 gstbin.c:882:find_message:<pipeline0> no message found matching types 00001000
05-10 10:02:54.000  4415  4415 D GStreamer+bin: 0:02:33.216470983 0xf3588600 gstbin.c:889:find_message:<pipeline0>   structure-change
05-10 10:02:54.000  4415  4415 D GStreamer+bin: 0:02:33.216534368 0xf3588600 gstbin.c:2098:update_degree:<pipeline0> change element capsfilter0, degree 1->0, linked to forhwgl
05-10 10:02:54.000  4415  4415 D GStreamer+bin: 0:02:33.216567181 0xf3588600 gstbin.c:1981:add_to_queue:<pipeline0> adding 'capsfilter0' to queue
05-10 10:02:54.000  4415  4415 I GStreamer+GST_STATES: 0:02:33.216619785 0xf3588600 gstbin.c:2316:gst_bin_element_set_state:<forhwgl> current READY pending VOID_PENDING, desired next PAUSED
05-10 10:02:54.000  4415  4415 D GStreamer+bin: 0:02:33.216654108 0xf3588600 gstbin.c:882:find_message:<pipeline0> no message found matching types 00100000
05-10 10:02:54.000  4415  4415 D GStreamer+bin: 0:02:33.216685931 0xf3588600 gstbin.c:889:find_message:<pipeline0>   async-start
05-10 10:02:54.000  4415  4415 D GStreamer+bin: 0:02:33.216737598 0xf3588600 gstbin.c:2411:gst_bin_element_set_state:<pipeline0> setting element forhwgl to PAUSED, base_time 0:00:00.000000000
05-10 10:02:54.000  4415  4415 D GStreamer+GST_STATES: 0:02:33.216770618 0xf3588600 gstelement.c:2523:gst_element_set_state_func:<forhwgl> set_state to PAUSED
05-10 10:02:54.000  4415  4415 D GStreamer+GST_STATES: 0:02:33.216802754 0xf3588600 gstelement.c:2548:gst_element_set_state_func:<forhwgl> setting target state to PAUSED
05-10 10:02:54.000  4415  4415 D GStreamer+GST_STATES: 0:02:33.216854212 0xf3588600 gstelement.c:2561:gst_element_set_state_func:<forhwgl> current READY, old_pending VOID_PENDING, next VOID_PENDING, old return SUCCESS
05-10 10:02:54.000  4415  4415 D GStreamer+GST_STATES: 0:02:33.216888483 0xf3588600 gstelement.c:2595:gst_element_set_state_func:<forhwgl> final: setting state from READY to PAUSED
05-10 10:02:54.000  4415  4415 D GStreamer+bin: 0:02:33.216941400 0xf3588600 gstbin.c:3528:gst_bin_handle_message_func:<forhwgl> [msg 0xf3abced0] handling child forhwgl message of type async-start
05-10 10:02:54.001  4415  4415 D GStreamer+bin: 0:02:33.216976191 0xf3588600 gstbin.c:3718:gst_bin_handle_message_func:<forhwgl> ASYNC_START message 0xf3abced0, forhwgl
05-10 10:02:54.001  4415  4415 D GStreamer+bin: 0:02:33.217009108 0xf3588600 gstbin.c:882:find_message:<forhwgl> no message found matching types 00100000
05-10 10:02:54.001  4415  4415 D GStreamer+bin: 0:02:33.217054681 0xf3588600 gstbin.c:889:find_message:<forhwgl>   async-start
05-10 10:02:54.001  4415  4415 D GStreamer+bin: 0:02:33.217090410 0xf3588600 gstbin.c:929:bin_replace_message:<forhwgl> got new message 0xf3abced0, async-start from forhwgl
05-10 10:02:54.001  4415  4415 D GStreamer+GST_STATES: 0:02:33.217122546 0xf3588600 gstbin.c:3181:bin_handle_async_start:<forhwgl> state change busy
05-10 10:02:54.001  4415  4415 D GStreamer+bin: 0:02:33.217166764 0xf3588600 gstbin.c:3167:bin_handle_async_start:<forhwgl> posting ASYNC_START to parent
05-10 10:02:54.001  4415  4415 D GStreamer+GST_BUS: 0:02:33.217216348 0xf3588600 gstbus.c:309:gst_bus_post:<bus4> [msg 0xf3abcf28] posting on bus async-start message: 0xf3abcf28, time 99:99:99.999999999, seq-num 90, element 'forhwgl', (NULL)
05-10 10:02:54.001  4415  4415 D GStreamer+bin: 0:02:33.217265514 0xf3588600 gstbin.c:3528:gst_bin_handle_message_func:<pipeline0> [msg 0xf3abcf28] handling child forhwgl message of type async-start
05-10 10:02:54.001  4415  4415 D GStreamer+bin: 0:02:33.217299837 0xf3588600 gstbin.c:3718:gst_bin_handle_message_func:<pipeline0> ASYNC_START message 0xf3abcf28, forhwgl
05-10 10:02:54.001  4415  4415 D GStreamer+bin: 0:02:33.217332181 0xf3588600 gstbin.c:882:find_message:<pipeline0> no message found matching types 00100000
05-10 10:02:54.001  4415  4415 D GStreamer+bin: 0:02:33.217376973 0xf3588600 gstbin.c:889:find_message:<pipeline0>   async-start
05-10 10:02:54.001  4415  4415 D GStreamer+bin: 0:02:33.217413223 0xf3588600 gstbin.c:929:bin_replace_message:<pipeline0> got new message 0xf3abcf28, async-start from forhwgl
05-10 10:02:54.001  4415  4415 D GStreamer+GST_STATES: 0:02:33.217443848 0xf3588600 gstbin.c:3181:bin_handle_async_start:<pipeline0> state change busy
05-10 10:02:54.001  4415  4415 D GStreamer+GST_BUS: 0:02:33.217541139 0xf3588600 gstbus.c:344:gst_bus_post:<bus4> [msg 0xf3abcf28] dropped
05-10 10:02:54.001  4415  4415 D GStreamer+GST_STATES: 0:02:33.217600358 0xf3588600 gstbin.c:2664:gst_bin_change_state_func:<forhwgl> changing state of children from READY to PAUSED
05-10 10:02:54.001  4415  4415 D GStreamer+bin: 0:02:33.217632181 0xf3588600 gstbin.c:2688:gst_bin_change_state_func:<forhwgl> clearing EOS elements
05-10 10:02:54.001  4415  4415 D GStreamer+bin: 0:02:33.217665879 0xf3588600 gstbin.c:963:bin_remove_messages:<forhwgl> not deleting message 0xf3abced0 of type 0x00100000
05-10 10:02:54.001  4415  4415 D GStreamer+bin: 0:02:33.217712754 0xf3588600 gstbin.c:963:bin_remove_messages:<forhwgl> not deleting message 0xf3abced0 of type 0x00100000
05-10 10:02:54.001  4415  4415 D GStreamer+bin: 0:02:33.217745566 0xf3588600 gstbin.c:2509:gst_bin_src_pads_activate:<forhwgl> activate pads
05-10 10:02:54.001  4415  4415 D GStreamer+bin: 0:02:33.217780098 0xf3588600 gstbin.c:2517:gst_bin_src_pads_activate:<forhwgl> pad activation successful
05-10 10:02:54.001  4415  4415 D GStreamer+bin: 0:02:33.217826452 0xf3588600 gstbin.c:2195:gst_bin_sort_iterator_resync:<forhwgl> resync
05-10 10:02:54.001  4415  4415 D GStreamer+bin: 0:02:33.217861400 0xf3588600 gstbin.c:882:find_message:<forhwgl> no message found matching types 00001000
05-10 10:02:54.001  4415  4415 D GStreamer+bin: 0:02:33.217894004 0xf3588600 gstbin.c:889:find_message:<forhwgl>   structure-change
05-10 10:02:54.001  4415  4415 D GStreamer+bin: 0:02:33.217943171 0xf3588600 gstbin.c:2121:update_degree:<forhwgl> element typefind not linked on any sinkpads
05-10 10:02:54.002  4415  4415 D GStreamer+bin: 0:02:33.217977285 0xf3588600 gstbin.c:2167:gst_bin_sort_iterator_next:<forhwgl> queue empty, next best: typefind
05-10 10:02:54.002  4415  4415 D GStreamer+bin: 0:02:33.218010671 0xf3588600 gstbin.c:2182:gst_bin_sort_iterator_next:<forhwgl> queue head gives typefind
05-10 10:02:54.002  4415  4415 D GStreamer+bin: 0:02:33.218058379 0xf3588600 gstbin.c:882:find_message:<forhwgl> no message found matching types 00001000
05-10 10:02:54.002  4415  4415 D GStreamer+bin: 0:02:33.218090306 0xf3588600 gstbin.c:889:find_message:<forhwgl>   structure-change
05-10 10:02:54.002  4415  4415 D GStreamer+bin: 0:02:33.218137077 0xf3588600 gstbin.c:2121:update_degree:<forhwgl> element typefind not linked on any sinkpads
05-10 10:02:54.002  4415  4415 I GStreamer+GST_STATES: 0:02:33.218175254 0xf3588600 gstbin.c:2316:gst_bin_element_set_state:<typefind> current READY pending VOID_PENDING, desired next PAUSED
05-10 10:02:54.002  4415  4415 D GStreamer+bin: 0:02:33.218208587 0xf3588600 gstbin.c:882:find_message:<forhwgl> no message found matching types 00100000
05-10 10:02:54.002  4415  4415 D GStreamer+bin: 0:02:33.218253848 0xf3588600 gstbin.c:889:find_message:<forhwgl>   async-start
05-10 10:02:54.002  4415  4415 D GStreamer+bin: 0:02:33.218292546 0xf3588600 gstbin.c:2411:gst_bin_element_set_state:<forhwgl> setting element typefind to PAUSED, base_time 0:00:00.000000000
05-10 10:02:54.002  4415  4415 D GStreamer+GST_STATES: 0:02:33.218325410 0xf3588600 gstelement.c:2523:gst_element_set_state_func:<typefind> set_state to PAUSED
05-10 10:02:54.002  4415  4415 D GStreamer+GST_STATES: 0:02:33.218372077 0xf3588600 gstelement.c:2548:gst_element_set_state_func:<typefind> setting target state to PAUSED
05-10 10:02:54.002  4415  4415 D GStreamer+GST_STATES: 0:02:33.218407910 0xf3588600 gstelement.c:2561:gst_element_set_state_func:<typefind> current READY, old_pending VOID_PENDING, next VOID_PENDING, old return SUCCESS
05-10 10:02:54.002  4415  4415 D GStreamer+GST_STATES: 0:02:33.218442025 0xf3588600 gstelement.c:2595:gst_element_set_state_func:<typefind> final: setting state from READY to PAUSED
05-10 10:02:54.002  4415  4415 D GStreamer+GST_ELEMENT_PADS: 0:02:33.218501660 0xf3588600 gstelement.c:2793:gst_element_pads_activate:<typefind> activate pads
05-10 10:02:54.002  4415  4415 D GStreamer+GST_PADS: 0:02:33.218538952 0xf3588600 gstpad.c:1056:gst_pad_set_active:<typefind:src> activating pad from none
05-10 10:02:54.002  4415  4415 D GStreamer+GST_PADS: 0:02:33.218590202 0xf3588600 gstpad.c:972:pre_activate:<typefind:src> setting pad into push mode, unset flushing
05-10 10:02:54.002  4415  4415 D GStreamer+GST_PADS: 0:02:33.218627650 0xf3588600 gstpad.c:1198:gst_pad_activate_mode:<typefind:src> activated in push mode
05-10 10:02:54.002  4415  4415 D GStreamer+GST_PADS: 0:02:33.218665983 0xf3588600 gstpad.c:1056:gst_pad_set_active:<typefind:sink> activating pad from none
05-10 10:02:54.002  4415  4415 D GStreamer+query: 0:02:33.218718171 0xf3588600 gstquery.c:674:gst_query_new_custom creating new query 0xf37ecef0 scheduling
05-10 10:02:54.002  4415  4415 D GStreamer+GST_PADS: 0:02:33.218751764 0xf3588600 gstpad.c:4009:gst_pad_peer_query:<typefind:sink> peer query 0xf37ecef0 (scheduling)
05-10 10:02:54.002  4415  4415 D GStreamer+GST_PADS: 0:02:33.218847389 0xf3588600 gstpad.c:3882:gst_pad_query:<sink:proxypad0> doing query 0xf37ecef0 (scheduling)
05-10 10:02:54.002  4415  4415 D GStreamer+GST_PADS: 0:02:33.218887493 0xf3588600 gstpad.c:3339:gst_pad_query_default:<sink:proxypad0> forwarding 0xf37ecef0 (scheduling) query
05-10 10:02:54.002  4415  4415 D GStreamer+GST_PADS: 0:02:33.218943796 0xf3588600 gstpad.c:4009:gst_pad_peer_query:<forhwgl:sink> peer query 0xf37ecef0 (scheduling)
05-10 10:02:54.003  4415  4415 D GStreamer+GST_PADS: 0:02:33.218981400 0xf3588600 gstpad.c:3882:gst_pad_query:<capsfilter0:src> doing query 0xf37ecef0 (scheduling)
05-10 10:02:54.003  4415  4415 D GStreamer+GST_PADS: 0:02:33.219033848 0xf3588600 gstpad.c:4009:gst_pad_peer_query:<capsfilter0:sink> peer query 0xf37ecef0 (scheduling)
05-10 10:02:54.003  4415  4415 D GStreamer+GST_PADS: 0:02:33.219071660 0xf3588600 gstpad.c:3882:gst_pad_query:<h264parse0:src> doing query 0xf37ecef0 (scheduling)
05-10 10:02:54.003  4415  4415 D GStreamer+baseparse: 0:02:33.219151400 0xf3588600 gstbaseparse.c:1579:gst_base_parse_src_query:<h264parse0> scheduling query: scheduling query: 0xf37ecef0, GstQueryScheduling, flags=(GstSchedulingFlags)0, minsize=(int)1, maxsize=(int)-1, align=(int)0;
05-10 10:02:54.003  4415  4415 D GStreamer+GST_PADS: 0:02:33.219191764 0xf3588600 gstpad.c:3339:gst_pad_query_default:<h264parse0:src> not forwarding 0xf37ecef0 (scheduling) query
05-10 10:02:54.003  4415  4415 D GStreamer+GST_PADS: 0:02:33.219245671 0xf3588600 gstpad.c:3905:gst_pad_query:<h264parse0:src> sent query 0xf37ecef0 (scheduling), result 0
05-10 10:02:54.003  4415  4415 D GStreamer+GST_PADS: 0:02:33.219280618 0xf3588600 gstpad.c:3950:gst_pad_query:<h264parse0:src> query failed
05-10 10:02:54.003  4415  4415 D GStreamer+GST_PADS: 0:02:33.219314837 0xf3588600 gstpad.c:4071:gst_pad_peer_query:<capsfilter0:sink> query failed
05-10 10:02:54.003  4415  4415 D GStreamer+GST_PADS: 0:02:33.219367598 0xf3588600 gstpad.c:3905:gst_pad_query:<capsfilter0:src> sent query 0xf37ecef0 (scheduling), result 0
05-10 10:02:54.003  4415  4415 D GStreamer+GST_PADS: 0:02:33.219400618 0xf3588600 gstpad.c:3950:gst_pad_query:<capsfilter0:src> query failed
05-10 10:02:54.003  4415  4415 D GStreamer+GST_PADS: 0:02:33.219446712 0xf3588600 gstpad.c:4071:gst_pad_peer_query:<forhwgl:sink> query failed
05-10 10:02:54.003  4415  4415 D GStreamer+GST_PADS: 0:02:33.219497441 0xf3588600 gstpad.c:3905:gst_pad_query:<sink:proxypad0> sent query 0xf37ecef0 (scheduling), result 0
05-10 10:02:54.003  4415  4415 D GStreamer+GST_PADS: 0:02:33.219531973 0xf3588600 gstpad.c:3950:gst_pad_query:<sink:proxypad0> query failed
05-10 10:02:54.003  4415  4415 D GStreamer+GST_PADS: 0:02:33.219579993 0xf3588600 gstpad.c:4071:gst_pad_peer_query:<typefind:sink> query failed
05-10 10:02:54.003  4415  4415 D GStreamer+GST_PADS: 0:02:33.219618431 0xf3588600 gstpad.c:972:pre_activate:<typefind:sink> setting pad into push mode, unset flushing
05-10 10:02:54.003  4415  4415 D GStreamer+GST_PADS: 0:02:33.219669004 0xf3588600 gstpad.c:984:pre_activate:<typefind:sink> reschedule events on peer sink:proxypad0
05-10 10:02:54.003  4415  4415 D GStreamer+typefind: 0:02:33.219703275 0xf3588600 gsttypefindelement.c:525:start_typefinding:<typefind> starting typefinding
05-10 10:02:54.003  4415  4415 D GStreamer+GST_PADS: 0:02:33.219738796 0xf3588600 gstpad.c:1198:gst_pad_activate_mode:<typefind:sink> activated in push mode
05-10 10:02:54.003  4415  4415 D GStreamer+GST_ELEMENT_PADS: 0:02:33.219788483 0xf3588600 gstelement.c:2812:gst_element_pads_activate:<typefind> pad activation successful
05-10 10:02:54.003  4415  4415 D GStreamer+GST_STATES: 0:02:33.219821660 0xf3588600 gstelement.c:2684:gst_element_change_state:<typefind> element changed state SUCCESS
05-10 10:02:54.003  4415  4415 I GStreamer+GST_STATES: 0:02:33.219854368 0xf3588600 gstelement.c:2372:gst_element_continue_state:<typefind> completed state change to PAUSED
05-10 10:02:54.003  4415  4415 I GStreamer+GST_STATES: 0:02:33.219903171 0xf3588600 gstelement.c:2277:_priv_gst_element_state_changed:<typefind> notifying about state-changed READY to PAUSED (VOID_PENDING pending)
05-10 10:02:54.004  4415  4415 D GStreamer+GST_BUS: 0:02:33.219969577 0xf3588600 gstbus.c:309:gst_bus_post:<bus0> [msg 0xf3abcf80] posting on bus state-changed message: 0xf3abcf80, time 99:99:99.999999999, seq-num 91, element 'typefind', GstMessageStateChanged, old-state=(GstState)GST_STATE_READY, new-state=(GstState)GST_STATE_PAUSED, pending-state=(GstState)GST_STATE_VOID_PENDING;
05-10 10:02:54.004  4415  4415 D GStreamer+bin: 0:02:33.220022285 0xf3588600 gstbin.c:3528:gst_bin_handle_message_func:<forhwgl> [msg 0xf3abcf80] handling child typefind message of type state-changed
05-10 10:02:54.004  4415  4415 D GStreamer+bin: 0:02:33.220053275 0xf3588600 gstbin.c:3865:gst_bin_handle_message_func:<forhwgl> posting message upward
05-10 10:02:54.004  4415  4415 D GStreamer+GST_BUS: 0:02:33.220127806 0xf3588600 gstbus.c:309:gst_bus_post:<bus4> [msg 0xf3abcf80] posting on bus state-changed message: 0xf3abcf80, time 99:99:99.999999999, seq-num 91, element 'typefind', GstMessageStateChanged, old-state=(GstState)GST_STATE_READY, new-state=(GstState)GST_STATE_PAUSED, pending-state=(GstState)GST_STATE_VOID_PENDING;
05-10 10:02:54.004  4415  4415 D GStreamer+bin: 0:02:33.220164889 0xf3588600 gstbin.c:3528:gst_bin_handle_message_func:<pipeline0> [msg 0xf3abcf80] handling child typefind message of type state-changed
05-10 10:02:54.004  4415  4415 D GStreamer+bin: 0:02:33.220196139 0xf3588600 gstbin.c:3865:gst_bin_handle_message_func:<pipeline0> posting message upward
05-10 10:02:54.004  4415  4415 D GStreamer+GST_BUS: 0:02:33.220272910 0xf3588600 gstbus.c:309:gst_bus_post:<bus5> [msg 0xf3abcf80] posting on bus state-changed message: 0xf3abcf80, time 99:99:99.999999999, seq-num 91, element 'typefind', GstMessageStateChanged, old-state=(GstState)GST_STATE_READY, new-state=(GstState)GST_STATE_PAUSED, pending-state=(GstState)GST_STATE_VOID_PENDING;
05-10 10:02:54.004  4415  4415 D GStreamer+GST_BUS: 0:02:33.220319264 0xf3588600 gstbus.c:348:gst_bus_post:<bus5> [msg 0xf3abcf80] pushing on async queue
05-10 10:02:54.004  4415  4415 D GStreamer+GST_BUS: 0:02:33.220359160 0xf3588600 gstbus.c:351:gst_bus_post:<bus5> [msg 0xf3abcf80] pushed on async queue
05-10 10:02:54.004  4415  4488 D GStreamer+GST_BUS: 0:02:33.220387858 0xf3964e00 gstbus.c:521:gst_bus_timed_pop_filtered:<bus5> got message 0xf3abcf80, state-changed from typefind, type mask is 4294967295
05-10 10:02:54.004  4415  4415 D GStreamer+GST_BUS: 0:02:33.220401504 0xf3588600 gstbus.c:344:gst_bus_post:<bus4> [msg 0xf3abcf80] dropped
05-10 10:02:54.004  4415  4415 D GStreamer+GST_BUS: 0:02:33.220458587 0xf3588600 gstbus.c:344:gst_bus_post:<bus0> [msg 0xf3abcf80] dropped
05-10 10:02:54.004  4415  4488 D GStreamer+GST_BUS: 0:02:33.220474525 0xf3964e00 gstbus.c:789:gst_bus_source_dispatch:<bus5> source 0xf3ab6910 calling dispatch with state-changed message: 0xf3abcf80, time 99:99:99.999999999, seq-num 91, element 'typefind', GstMessageStateChanged, old-state=(GstState)GST_STATE_READY, new-state=(GstState)GST_STATE_PAUSED, pending-state=(GstState)GST_STATE_VOID_PENDING;
05-10 10:02:54.004  4415  4415 D GStreamer+GST_STATES: 0:02:33.220512650 0xf3588600 gstelement.c:2607:gst_element_set_state_func:<typefind> returned SUCCESS
05-10 10:02:54.004  4415  4488 D GStreamer+GST_BUS: 0:02:33.220533379 0xf3964e00 gstbus.c:794:gst_bus_source_dispatch:<bus5> source 0xf3ab6910 handler returns 1
05-10 10:02:54.004  4415  4415 I GStreamer+GST_STATES: 0:02:33.220558900 0xf3588600 gstbin.c:2764:gst_bin_change_state_func:<forhwgl> child 'typefind' changed state to 3(PAUSED) successfully
05-10 10:02:54.004  4415  4415 D GStreamer+bin: 0:02:33.220606608 0xf3588600 gstbin.c:2171:gst_bin_sort_iterator_next:<forhwgl> queue empty, elements exhausted
05-10 10:02:54.004  4415  4415 D GStreamer+GST_STATES: 0:02:33.220639056 0xf3588600 gstbin.c:2823:gst_bin_change_state_func:<forhwgl> iterator done
05-10 10:02:54.004  4415  4415 D GStreamer+GST_ELEMENT_PADS: 0:02:33.220671139 0xf3588600 gstelement.c:2793:gst_element_pads_activate:<forhwgl> activate pads
05-10 10:02:54.004  4415  4415 D GStreamer+GST_PADS: 0:02:33.220723639 0xf3588600 gstpad.c:1062:gst_pad_set_active:<forhwgl:sink> pad was active in push mode
05-10 10:02:54.004  4415  4415 D GStreamer+GST_ELEMENT_PADS: 0:02:33.220760306 0xf3588600 gstelement.c:2812:gst_element_pads_activate:<forhwgl> pad activation successful
05-10 10:02:54.004  4415  4415 D GStreamer+bin: 0:02:33.220792077 0xf3588600 gstbin.c:2213:gst_bin_sort_iterator_free:<forhwgl> free
05-10 10:02:54.004  4415  4415 D GStreamer+bin: 0:02:33.220838691 0xf3588600 gstbin.c:2858:gst_bin_change_state_func:<forhwgl> no async elements
05-10 10:02:54.004  4415  4415 D GStreamer+GST_STATES: 0:02:33.220875046 0xf3588600 gstbin.c:2892:gst_bin_change_state_func:<forhwgl> done changing bin's state from READY to PAUSED, now in READY, ret SUCCESS
05-10 10:02:54.004  4415  4415 D GStreamer+GST_STATES: 0:02:33.220906921 0xf3588600 gstelement.c:2666:gst_element_change_state:<forhwgl> element will change state ASYNC
05-10 10:02:54.005  4415  4415 D GStreamer+GST_STATES: 0:02:33.220953275 0xf3588600 gstelement.c:2607:gst_element_set_state_func:<forhwgl> returned ASYNC
05-10 10:02:54.005  4415  4415 I GStreamer+GST_STATES: 0:02:33.220987910 0xf3588600 gstbin.c:2770:gst_bin_change_state_func:<pipeline0> child 'forhwgl' is changing state asynchronously to PAUSED
05-10 10:02:54.005  4415  4415 D GStreamer+bin: 0:02:33.221022077 0xf3588600 gstbin.c:2182:gst_bin_sort_iterator_next:<pipeline0> queue head gives capsfilter0
05-10 10:02:54.005  4415  4415 D GStreamer+bin: 0:02:33.221069368 0xf3588600 gstbin.c:882:find_message:<pipeline0> no message found matching types 00001000
05-10 10:02:54.005  4415  4415 D GStreamer+bin: 0:02:33.221101296 0xf3588600 gstbin.c:889:find_message:<pipeline0>   structure-change
05-10 10:02:54.005  4415  4415 D GStreamer+bin: 0:02:33.221151868 0xf3588600 gstbin.c:2098:update_degree:<pipeline0> change element h264parse0, degree 1->0, linked to capsfilter0
05-10 10:02:54.005  4415  4415 D GStreamer+bin: 0:02:33.221185931 0xf3588600 gstbin.c:1981:add_to_queue:<pipeline0> adding 'h264parse0' to queue
05-10 10:02:54.005  4415  4415 I GStreamer+GST_STATES: 0:02:33.221224629 0xf3588600 gstbin.c:2316:gst_bin_element_set_state:<capsfilter0> current READY pending VOID_PENDING, desired next PAUSED
05-10 10:02:54.005  4415  4415 D GStreamer+bin: 0:02:33.221271400 0xf3588600 gstbin.c:882:find_message:<pipeline0> no message found matching types 00100000
05-10 10:02:54.005  4415  4415 D GStreamer+bin: 0:02:33.221303535 0xf3588600 gstbin.c:889:find_message:<pipeline0>   async-start
05-10 10:02:54.005  4415  4415 D GStreamer+bin: 0:02:33.221341348 0xf3588600 gstbin.c:2411:gst_bin_element_set_state:<pipeline0> setting element capsfilter0 to PAUSED, base_time 0:00:00.000000000
05-10 10:02:54.005  4415  4415 D GStreamer+GST_STATES: 0:02:33.221388848 0xf3588600 gstelement.c:2523:gst_element_set_state_func:<capsfilter0> set_state to PAUSED
05-10 10:02:54.005  4415  4415 D GStreamer+GST_STATES: 0:02:33.221422077 0xf3588600 gstelement.c:2548:gst_element_set_state_func:<capsfilter0> setting target state to PAUSED
05-10 10:02:54.005  4415  4415 D GStreamer+GST_STATES: 0:02:33.221458691 0xf3588600 gstelement.c:2561:gst_element_set_state_func:<capsfilter0> current READY, old_pending VOID_PENDING, next VOID_PENDING, old return SUCCESS
05-10 10:02:54.005  4415  4415 D GStreamer+GST_STATES: 0:02:33.221516504 0xf3588600 gstelement.c:2595:gst_element_set_state_func:<capsfilter0> final: setting state from READY to PAUSED
05-10 10:02:54.005  4415  4415 D GStreamer+GST_ELEMENT_PADS: 0:02:33.221551139 0xf3588600 gstelement.c:2793:gst_element_pads_activate:<capsfilter0> activate pads
05-10 10:02:54.005  4415  4415 D GStreamer+GST_PADS: 0:02:33.221601504 0xf3588600 gstpad.c:1056:gst_pad_set_active:<capsfilter0:src> activating pad from none
05-10 10:02:54.005  4415  4415 D GStreamer+GST_PADS: 0:02:33.221638066 0xf3588600 gstpad.c:972:pre_activate:<capsfilter0:src> setting pad into push mode, unset flushing
05-10 10:02:54.005  4415  4415 D GStreamer+GST_PADS: 0:02:33.221674941 0xf3588600 gstpad.c:1198:gst_pad_activate_mode:<capsfilter0:src> activated in push mode
05-10 10:02:54.005  4415  4415 D GStreamer+GST_PADS: 0:02:33.221727025 0xf3588600 gstpad.c:1056:gst_pad_set_active:<capsfilter0:sink> activating pad from none
05-10 10:02:54.005  4415  4415 D GStreamer+GST_PADS: 0:02:33.221762129 0xf3588600 gstpad.c:972:pre_activate:<capsfilter0:sink> setting pad into push mode, unset flushing
05-10 10:02:54.005  4415  4415 D GStreamer+GST_PADS: 0:02:33.221812077 0xf3588600 gstpad.c:984:pre_activate:<capsfilter0:sink> reschedule events on peer h264parse0:src
05-10 10:02:54.005  4415  4415 D GStreamer+GST_CAPS: 0:02:33.221850202 0xf3588600 gstpad.c:2648:gst_pad_get_current_caps:<capsfilter0:sink> get current pad caps (NULL)
05-10 10:02:54.005  4415  4415 D GStreamer+GST_CAPS: 0:02:33.221885827 0xf3588600 gstpad.c:2648:gst_pad_get_current_caps:<capsfilter0:src> get current pad caps (NULL)
05-10 10:02:54.005  4415  4415 D GStreamer+basetransform: 0:02:33.221934264 0xf3588600 gstbasetransform.c:2449:gst_base_transform_activate:<capsfilter0> have_same_caps 0
05-10 10:02:54.006  4415  4415 D GStreamer+GST_PADS: 0:02:33.221969681 0xf3588600 gstpad.c:1198:gst_pad_activate_mode:<capsfilter0:sink> activated in push mode
05-10 10:02:54.006  4415  4415 D GStreamer+GST_ELEMENT_PADS: 0:02:33.222005618 0xf3588600 gstelement.c:2812:gst_element_pads_activate:<capsfilter0> pad activation successful
05-10 10:02:54.006  4415  4415 D GStreamer+GST_STATES: 0:02:33.222053171 0xf3588600 gstelement.c:2684:gst_element_change_state:<capsfilter0> element changed state SUCCESS
05-10 10:02:54.006  4415  4415 I GStreamer+GST_STATES: 0:02:33.222085775 0xf3588600 gstelement.c:2372:gst_element_continue_state:<capsfilter0> completed state change to PAUSED
05-10 10:02:54.006  4415  4415 I GStreamer+GST_STATES: 0:02:33.222134889 0xf3588600 gstelement.c:2277:_priv_gst_element_state_changed:<capsfilter0> notifying about state-changed READY to PAUSED (VOID_PENDING pending)
05-10 10:02:54.006  4415  4415 D GStreamer+GST_BUS: 0:02:33.222201400 0xf3588600 gstbus.c:309:gst_bus_post:<bus4> [msg 0xf3abd410] posting on bus state-changed message: 0xf3abd410, time 99:99:99.999999999, seq-num 92, element 'capsfilter0', GstMessageStateChanged, old-state=(GstState)GST_STATE_READY, new-state=(GstState)GST_STATE_PAUSED, pending-state=(GstState)GST_STATE_VOID_PENDING;
05-10 10:02:54.006  4415  4415 D GStreamer+bin: 0:02:33.222252546 0xf3588600 gstbin.c:3528:gst_bin_handle_message_func:<pipeline0> [msg 0xf3abd410] handling child capsfilter0 message of type state-changed
05-10 10:02:54.006  4415  4415 D GStreamer+bin: 0:02:33.222285098 0xf3588600 gstbin.c:3865:gst_bin_handle_message_func:<pipeline0> posting message upward
05-10 10:02:54.006  4415  4415 D GStreamer+GST_BUS: 0:02:33.222358587 0xf3588600 gstbus.c:309:gst_bus_post:<bus5> [msg 0xf3abd410] posting on bus state-changed message: 0xf3abd410, time 99:99:99.999999999, seq-num 92, element 'capsfilter0', GstMessageStateChanged, old-state=(GstState)GST_STATE_READY, new-state=(GstState)GST_STATE_PAUSED, pending-state=(GstState)GST_STATE_VOID_PENDING;
05-10 10:02:54.006  4415  4415 D GStreamer+GST_BUS: 0:02:33.222393118 0xf3588600 gstbus.c:348:gst_bus_post:<bus5> [msg 0xf3abd410] pushing on async queue
05-10 10:02:54.006  4415  4415 D GStreamer+GST_BUS: 0:02:33.222429941 0xf3588600 gstbus.c:351:gst_bus_post:<bus5> [msg 0xf3abd410] pushed on async queue
05-10 10:02:54.006  4415  4488 D GStreamer+GST_BUS: 0:02:33.222460879 0xf3964e00 gstbus.c:521:gst_bus_timed_pop_filtered:<bus5> got message 0xf3abd410, state-changed from capsfilter0, type mask is 4294967295
05-10 10:02:54.006  4415  4415 D GStreamer+GST_BUS: 0:02:33.222494368 0xf3588600 gstbus.c:344:gst_bus_post:<bus4> [msg 0xf3abd410] dropped
05-10 10:02:54.006  4415  4415 D GStreamer+GST_STATES: 0:02:33.222542389 0xf3588600 gstelement.c:2607:gst_element_set_state_func:<capsfilter0> returned SUCCESS
05-10 10:02:54.006  4415  4488 D GStreamer+GST_BUS: 0:02:33.222559368 0xf3964e00 gstbus.c:789:gst_bus_source_dispatch:<bus5> source 0xf3ab6910 calling dispatch with state-changed message: 0xf3abd410, time 99:99:99.999999999, seq-num 92, element 'capsfilter0', GstMessageStateChanged, old-state=(GstState)GST_STATE_READY, new-state=(GstState)GST_STATE_PAUSED, pending-state=(GstState)GST_STATE_VOID_PENDING;
05-10 10:02:54.006  4415  4415 I GStreamer+GST_STATES: 0:02:33.222600983 0xf3588600 gstbin.c:2764:gst_bin_change_state_func:<pipeline0> child 'capsfilter0' changed state to 3(PAUSED) successfully
05-10 10:02:54.006  4415  4488 D GStreamer+GST_BUS: 0:02:33.222619525 0xf3964e00 gstbus.c:794:gst_bus_source_dispatch:<bus5> source 0xf3ab6910 handler returns 1
05-10 10:02:54.006  4415  4415 D GStreamer+bin: 0:02:33.222640671 0xf3588600 gstbin.c:2182:gst_bin_sort_iterator_next:<pipeline0> queue head gives h264parse0
05-10 10:02:54.006  4415  4415 D GStreamer+bin: 0:02:33.222689629 0xf3588600 gstbin.c:882:find_message:<pipeline0> no message found matching types 00001000
05-10 10:02:54.006  4415  4415 D GStreamer+bin: 0:02:33.222723066 0xf3588600 gstbin.c:889:find_message:<pipeline0>   structure-change
05-10 10:02:54.006  4415  4415 D GStreamer+bin: 0:02:33.222760827 0xf3588600 gstbin.c:2098:update_degree:<pipeline0> change element queue0, degree 1->0, linked to h264parse0
05-10 10:02:54.006  4415  4415 D GStreamer+bin: 0:02:33.222808848 0xf3588600 gstbin.c:1981:add_to_queue:<pipeline0> adding 'queue0' to queue
05-10 10:02:54.006  4415  4415 I GStreamer+GST_STATES: 0:02:33.222847962 0xf3588600 gstbin.c:2316:gst_bin_element_set_state:<h264parse0> current READY pending VOID_PENDING, desired next PAUSED
05-10 10:02:54.006  4415  4415 D GStreamer+bin: 0:02:33.222881191 0xf3588600 gstbin.c:882:find_message:<pipeline0> no message found matching types 00100000
05-10 10:02:54.006  4415  4415 D GStreamer+bin: 0:02:33.222928118 0xf3588600 gstbin.c:889:find_message:<pipeline0>   async-start
05-10 10:02:54.007  4415  4415 D GStreamer+bin: 0:02:33.222965202 0xf3588600 gstbin.c:2411:gst_bin_element_set_state:<pipeline0> setting element h264parse0 to PAUSED, base_time 0:00:00.000000000
05-10 10:02:54.007  4415  4415 D GStreamer+GST_STATES: 0:02:33.223010879 0xf3588600 gstelement.c:2523:gst_element_set_state_func:<h264parse0> set_state to PAUSED
05-10 10:02:54.007  4415  4415 D GStreamer+GST_STATES: 0:02:33.223044837 0xf3588600 gstelement.c:2548:gst_element_set_state_func:<h264parse0> setting target state to PAUSED
05-10 10:02:54.007  4415  4415 D GStreamer+GST_STATES: 0:02:33.223081348 0xf3588600 gstelement.c:2561:gst_element_set_state_func:<h264parse0> current READY, old_pending VOID_PENDING, next VOID_PENDING, old return SUCCESS
05-10 10:02:54.007  4415  4415 D GStreamer+GST_STATES: 0:02:33.223130306 0xf3588600 gstelement.c:2595:gst_element_set_state_func:<h264parse0> final: setting state from READY to PAUSED
05-10 10:02:54.007  4415  4415 D GStreamer+baseparse: 0:02:33.223165410 0xf3588600 gstbaseparse.c:4782:gst_base_parse_change_state:<h264parse0> no index provided creating our own
05-10 10:02:54.007  4415  4415 D GStreamer+default: 0:02:33.223272650 0xf3588600 gstindex.c:280:gst_index_group_new created new index group 0
05-10 10:02:54.007  4415  4415 D GStreamer+default: 0:02:33.223303275 0xf3588600 gstindex.c:193:gst_index_init created new index
05-10 10:02:54.007  4415  4415 D GStreamer+default: 0:02:33.223344993 0xf3588600 gstmemindex.c:128:gst_mem_index_init created new mem index
05-10 10:02:54.007  4415  4415 D GStreamer+GST_ELEMENT_PADS: 0:02:33.223406504 0xf3588600 gstelement.c:2793:gst_element_pads_activate:<h264parse0> activate pads
05-10 10:02:54.007  4415  4415 D GStreamer+GST_PADS: 0:02:33.223457337 0xf3588600 gstpad.c:1056:gst_pad_set_active:<h264parse0:src> activating pad from none
05-10 10:02:54.007  4415  4415 D GStreamer+GST_PADS: 0:02:33.223696921 0xf3588600 gstpad.c:972:pre_activate:<h264parse0:src> setting pad into push mode, unset flushing
05-10 10:02:54.007  4415  4415 D GStreamer+GST_PADS: 0:02:33.223734837 0xf3588600 gstpad.c:1198:gst_pad_activate_mode:<h264parse0:src> activated in push mode
05-10 10:02:54.007  4415  4415 D GStreamer+GST_PADS: 0:02:33.223790879 0xf3588600 gstpad.c:1056:gst_pad_set_active:<h264parse0:sink> activating pad from none
05-10 10:02:54.007  4415  4415 D GStreamer+baseparse: 0:02:33.223824941 0xf3588600 gstbaseparse.c:3585:gst_base_parse_sink_activate:<h264parse0> sink activate
05-10 10:02:54.007  4415  4415 D GStreamer+query: 0:02:33.223874785 0xf3588600 gstquery.c:674:gst_query_new_custom creating new query 0xf37ecf20 scheduling
05-10 10:02:54.007  4415  4415 D GStreamer+GST_PADS: 0:02:33.223911400 0xf3588600 gstpad.c:4009:gst_pad_peer_query:<h264parse0:sink> peer query 0xf37ecf20 (scheduling)
05-10 10:02:54.008  4415  4415 D GStreamer+GST_PADS: 0:02:33.223948848 0xf3588600 gstpad.c:3882:gst_pad_query:<queue0:src> doing query 0xf37ecf20 (scheduling)
05-10 10:02:54.008  4415  4415 D GStreamer+GST_PADS: 0:02:33.224004316 0xf3588600 gstpad.c:3905:gst_pad_query:<queue0:src> sent query 0xf37ecf20 (scheduling), result 1
05-10 10:02:54.008  4415  4415 D GStreamer+baseparse: 0:02:33.224042181 0xf3588600 gstbaseparse.c:3614:gst_base_parse_sink_activate:<h264parse0> trying to activate in push mode
05-10 10:02:54.008  4415  4415 D GStreamer+GST_PADS: 0:02:33.224076348 0xf3588600 gstpad.c:972:pre_activate:<h264parse0:sink> setting pad into push mode, unset flushing
05-10 10:02:54.008  4415  4415 D GStreamer+GST_PADS: 0:02:33.224127910 0xf3588600 gstpad.c:984:pre_activate:<h264parse0:sink> reschedule events on peer queue0:src
05-10 10:02:54.008  4415  4415 D GStreamer+baseparse: 0:02:33.224163066 0xf3588600 gstbaseparse.c:3661:gst_base_parse_sink_activate_mode:<h264parse0> sink activate in push mode
05-10 10:02:54.008  4415  4415 D GStreamer+baseparse: 0:02:33.224207754 0xf3588600 gstbaseparse.c:3625:gst_base_parse_activate:<h264parse0> activate 1
05-10 10:02:54.008  4415  4415 D GStreamer+h264parse: 0:02:33.224240983 0xf3588600 gsth264parse.c:262:gst_h264_parse_start:<h264parse0> start
05-10 10:02:54.008  4415  4415 D GStreamer+h264parse: 0:02:33.224271660 0xf3588600 gsth264parse.c:184:gst_h264_parse_reset_frame:<h264parse0> reset frame
05-10 10:02:54.008  4415  4415 D GStreamer+baseparse: 0:02:33.224614993 0xf3588600 gstbaseparse.c:3647:gst_base_parse_activate:<h264parse0> activate return: 1
05-10 10:02:54.008  4415  4415 D GStreamer+baseparse: 0:02:33.224652702 0xf3588600 gstbaseparse.c:3684:gst_base_parse_sink_activate_mode:<h264parse0> sink activate return: 1
05-10 10:02:54.008  4415  4415 D GStreamer+GST_PADS: 0:02:33.224687598 0xf3588600 gstpad.c:1198:gst_pad_activate_mode:<h264parse0:sink> activated in push mode
05-10 10:02:54.008  4415  4415 D GStreamer+GST_ELEMENT_PADS: 0:02:33.224739004 0xf3588600 gstelement.c:2812:gst_element_pads_activate:<h264parse0> pad activation successful
05-10 10:02:54.008  4415  4415 D GStreamer+GST_STATES: 0:02:33.224771400 0xf3588600 gstelement.c:2684:gst_element_change_state:<h264parse0> element changed state SUCCESS
05-10 10:02:54.008  4415  4415 I GStreamer+GST_STATES: 0:02:33.224803118 0xf3588600 gstelement.c:2372:gst_element_continue_state:<h264parse0> completed state change to PAUSED
05-10 10:02:54.008  4415  4415 I GStreamer+GST_STATES: 0:02:33.224850775 0xf3588600 gstelement.c:2277:_priv_gst_element_state_changed:<h264parse0> notifying about state-changed READY to PAUSED (VOID_PENDING pending)
05-10 10:02:54.009  4415  4415 D GStreamer+GST_BUS: 0:02:33.224948900 0xf3588600 gstbus.c:309:gst_bus_post:<bus4> [msg 0xf3abd468] posting on bus state-changed message: 0xf3abd468, time 99:99:99.999999999, seq-num 93, element 'h264parse0', GstMessageStateChanged, old-state=(GstState)GST_STATE_READY, new-state=(GstState)GST_STATE_PAUSED, pending-state=(GstState)GST_STATE_VOID_PENDING;
05-10 10:02:54.009  4415  4415 D GStreamer+bin: 0:02:33.224988014 0xf3588600 gstbin.c:3528:gst_bin_handle_message_func:<pipeline0> [msg 0xf3abd468] handling child h264parse0 message of type state-changed
05-10 10:02:54.009  4415  4415 D GStreamer+bin: 0:02:33.225019316 0xf3588600 gstbin.c:3865:gst_bin_handle_message_func:<pipeline0> posting message upward
05-10 10:02:54.009  4415  4415 D GStreamer+GST_BUS: 0:02:33.225092962 0xf3588600 gstbus.c:309:gst_bus_post:<bus5> [msg 0xf3abd468] posting on bus state-changed message: 0xf3abd468, time 99:99:99.999999999, seq-num 93, element 'h264parse0', GstMessageStateChanged, old-state=(GstState)GST_STATE_READY, new-state=(GstState)GST_STATE_PAUSED, pending-state=(GstState)GST_STATE_VOID_PENDING;
05-10 10:02:54.009  4415  4415 D GStreamer+GST_BUS: 0:02:33.225125983 0xf3588600 gstbus.c:348:gst_bus_post:<bus5> [msg 0xf3abd468] pushing on async queue
05-10 10:02:54.009  4415  4415 D GStreamer+GST_BUS: 0:02:33.225179160 0xf3588600 gstbus.c:351:gst_bus_post:<bus5> [msg 0xf3abd468] pushed on async queue
05-10 10:02:54.009  4415  4488 D GStreamer+GST_BUS: 0:02:33.225211921 0xf3964e00 gstbus.c:521:gst_bus_timed_pop_filtered:<bus5> got message 0xf3abd468, state-changed from h264parse0, type mask is 4294967295
05-10 10:02:54.009  4415  4415 D GStreamer+GST_BUS: 0:02:33.225227806 0xf3588600 gstbus.c:344:gst_bus_post:<bus4> [msg 0xf3abd468] dropped
05-10 10:02:54.009  4415  4488 D GStreamer+GST_BUS: 0:02:33.225282025 0xf3964e00 gstbus.c:789:gst_bus_source_dispatch:<bus5> source 0xf3ab6910 calling dispatch with state-changed message: 0xf3abd468, time 99:99:99.999999999, seq-num 93, element 'h264parse0', GstMessageStateChanged, old-state=(GstState)GST_STATE_READY, new-state=(GstState)GST_STATE_PAUSED, pending-state=(GstState)GST_STATE_VOID_PENDING;
05-10 10:02:54.009  4415  4415 D GStreamer+GST_STATES: 0:02:33.225297962 0xf3588600 gstelement.c:2607:gst_element_set_state_func:<h264parse0> returned SUCCESS
05-10 10:02:54.009  4415  4488 D GStreamer+GST_BUS: 0:02:33.225325046 0xf3964e00 gstbus.c:794:gst_bus_source_dispatch:<bus5> source 0xf3ab6910 handler returns 1
05-10 10:02:54.009  4415  4415 I GStreamer+GST_STATES: 0:02:33.225337389 0xf3588600 gstbin.c:2764:gst_bin_change_state_func:<pipeline0> child 'h264parse0' changed state to 3(PAUSED) successfully
05-10 10:02:54.009  4415  4415 D GStreamer+bin: 0:02:33.225388171 0xf3588600 gstbin.c:2182:gst_bin_sort_iterator_next:<pipeline0> queue head gives queue0
05-10 10:02:54.009  4415  4415 D GStreamer+bin: 0:02:33.225423483 0xf3588600 gstbin.c:882:find_message:<pipeline0> no message found matching types 00001000
05-10 10:02:54.009  4415  4415 D GStreamer+bin: 0:02:33.225454889 0xf3588600 gstbin.c:889:find_message:<pipeline0>   structure-change
05-10 10:02:54.009  4415  4415 D GStreamer+bin: 0:02:33.225508691 0xf3588600 gstbin.c:2121:update_degree:<pipeline0> element queue0 not linked on any sinkpads
05-10 10:02:54.009  4415  4415 I GStreamer+GST_STATES: 0:02:33.225550566 0xf3588600 gstbin.c:2316:gst_bin_element_set_state:<queue0> current READY pending VOID_PENDING, desired next PAUSED
05-10 10:02:54.009  4415  4415 D GStreamer+bin: 0:02:33.225583014 0xf3588600 gstbin.c:882:find_message:<pipeline0> no message found matching types 00100000
05-10 10:02:54.009  4415  4415 D GStreamer+bin: 0:02:33.225629421 0xf3588600 gstbin.c:889:find_message:<pipeline0>   async-start
05-10 10:02:54.009  4415  4415 D GStreamer+bin: 0:02:33.225666139 0xf3588600 gstbin.c:2411:gst_bin_element_set_state:<pipeline0> setting element queue0 to PAUSED, base_time 0:00:00.000000000
05-10 10:02:54.009  4415  4415 D GStreamer+GST_STATES: 0:02:33.225697858 0xf3588600 gstelement.c:2523:gst_element_set_state_func:<queue0> set_state to PAUSED
05-10 10:02:54.009  4415  4415 D GStreamer+GST_STATES: 0:02:33.225744681 0xf3588600 gstelement.c:2548:gst_element_set_state_func:<queue0> setting target state to PAUSED
05-10 10:02:54.009  4415  4415 D GStreamer+GST_STATES: 0:02:33.225780254 0xf3588600 gstelement.c:2561:gst_element_set_state_func:<queue0> current READY, old_pending VOID_PENDING, next VOID_PENDING, old return SUCCESS
05-10 10:02:54.009  4415  4415 D GStreamer+GST_STATES: 0:02:33.225828118 0xf3588600 gstelement.c:2595:gst_element_set_state_func:<queue0> final: setting state from READY to PAUSED
05-10 10:02:54.009  4415  4415 D GStreamer+GST_ELEMENT_PADS: 0:02:33.225862025 0xf3588600 gstelement.c:2793:gst_element_pads_activate:<queue0> activate pads
05-10 10:02:54.009  4415  4415 D GStreamer+GST_PADS: 0:02:33.225898014 0xf3588600 gstpad.c:1056:gst_pad_set_active:<queue0:src> activating pad from none
05-10 10:02:54.010  4415  4415 D GStreamer+GST_PADS: 0:02:33.225947650 0xf3588600 gstpad.c:972:pre_activate:<queue0:src> setting pad into push mode, unset flushing
05-10 10:02:54.010  4415  4415 D GStreamer+GST_PADS: 0:02:33.225982285 0xf3588600 gstpad.c:5938:gst_pad_start_task:<queue0:src> start task
05-10 10:02:54.010  4415  4415 D GStreamer+task: 0:02:33.226047077 0xf3588600 gsttask.c:425:gst_task_new Created task 0xf3ab8a20
05-10 10:02:54.010  4415  4415 I GStreamer+task: 0:02:33.226078327 0xf3588600 gsttask.c:451:gst_task_set_lock setting stream lock 0xf39b4474 on task 0xf3ab8a20
05-10 10:02:54.010  4415  4415 I GStreamer+GST_PADS: 0:02:33.226111504 0xf3588600 gstpad.c:5947:gst_pad_start_task:<queue0:src> created task 0xf3ab8a20
05-10 10:02:54.010  4415  4415 D GStreamer+GST_PADS: 0:02:33.226161504 0xf3588600 gstpad.c:5864:do_stream_status:<queue0:src> doing stream-status 0
05-10 10:02:54.010  4415  4415 D GStreamer+GST_PADS: 0:02:33.226204577 0xf3588600 gstpad.c:5893:do_stream_status:<queue0:src> posting stream-status 0
05-10 10:02:54.010  4415  4415 D GStreamer+GST_BUS: 0:02:33.226418223 0xf3588600 gstbus.c:309:gst_bus_post:<bus4> [msg 0xf3abd4c0] posting on bus stream-status message: 0xf3abd4c0, time 99:99:99.999999999, seq-num 94, element 'src', GstMessageStreamStatus, type=(GstStreamStatusType)GST_STREAM_STATUS_TYPE_CREATE, owner=(GstElement)"\(GstQueue\)\ queue0", object=(GstTask)"\(GstTask\)\ task3";
05-10 10:02:54.010  4415  4415 D GStreamer+bin: 0:02:33.226460723 0xf3588600 gstbin.c:3528:gst_bin_handle_message_func:<pipeline0> [msg 0xf3abd4c0] handling child src message of type stream-status
05-10 10:02:54.010  4415  4415 D GStreamer+bin: 0:02:33.226516973 0xf3588600 gstbin.c:3865:gst_bin_handle_message_func:<pipeline0> posting message upward
