05-10 10:02:54.087  4415  4501 D GStreamer+GST_PADS: 0:02:33.303589420 0xf37ecf50 gstpad.c:3035:gst_pad_query_accept_caps_default:<typefind:sink> query accept-caps accept-caps query: 0xf3a4a200, GstQueryAcceptCaps, caps=(GstCaps)"video/x-h264\,\ parsed\=\(boolean\)true\,\ stream-format\=\(string\)byte-stream\,\ alignment\=\(string\)au\,\ level\=\(string\)4\,\ profile\=\(string\)baseline\,\ width\=\(int\)1280\,\ height\=\(int\)1440\,\ framerate\=\(fraction\)151/3\,\ pixel-aspect-ratio\=\(fraction\)1/1", result=(boolean)false;
05-10 10:02:54.087  4415  4502 D GStreamer+basesrc: 0:02:33.303605514 0xf37ecfb0 gstbasesrc.c:2520:gst_base_src_get_range:<filesrc0> buffer ok
05-10 10:02:54.087  4415  4500 D GStreamer+structure: 0:02:33.303616191 0xf37ecec0 gststructure.c:2367:gst_structure_parse_value trying type name 'int'
05-10 10:02:54.087  4415  4501 D GStreamer+GST_PERFORMANCE: 0:02:33.303631973 0xf37ecf50 gstpad.c:3050:gst_pad_query_accept_caps_default:<typefind:sink> fallback ACCEPT_CAPS query, consider implementing a specialized version
05-10 10:02:54.087  4415  4500 D GStreamer+GST_ELEMENT_FACTORY: 0:02:33.303675827 0xf37ecec0 gstelementfactory.c:848:gst_element_factory_list_filter Trying pngdec
05-10 10:02:54.087  4415  4502 D GStreamer+GST_SCHEDULING: 0:02:33.303703014 0xf37ecfb0 gstpad.c:4153:gst_pad_chain_data_unchecked:<queue2:sink> calling chainfunction &gst_queue_chain with buffer buffer: 0xf3bc63d0, pts 0:00:00.768000000, dts 0:00:00.768000000, dur 0:00:00.024000000, size 144, offset none, offset_end none, flags 0x0
05-10 10:02:54.087  4415  4500 D GStreamer+GST_ELEMENT_FACTORY: 0:02:33.303728327 0xf37ecec0 gstelementfactory.c:848:gst_element_factory_list_filter Trying pnmdec
05-10 10:02:54.087  4415  4501 D GStreamer+GST_CAPS: 0:02:33.303746608 0xf37ecf50 gstutils.c:2838:gst_pad_query_caps:<typefind:sink> get pad caps with filter video/x-h264, parsed=(boolean)true, stream-format=(string)byte-stream, alignment=(string)au, level=(string)4, profile=(string)baseline, width=(int)1280, height=(int)1440, framerate=(fraction)151/3, pixel-aspect-ratio=(fraction)1/1
05-10 10:02:54.087  4415  4500 D GStreamer+GST_ELEMENT_FACTORY: 0:02:33.303802181 0xf37ecec0 gstelementfactory.c:848:gst_element_factory_list_filter Trying qtdemux
05-10 10:02:54.087  4415  4502 D GStreamer+GST_SCHEDULING: 0:02:33.303819629 0xf37ecfb0 gstpad.c:4159:gst_pad_chain_data_unchecked:<queue2:sink> called chainfunction &gst_queue_chain with buffer 0xf3bc63d0, returned ok
05-10 10:02:54.087  4415  4501 D GStreamer+query: 0:02:33.303835827 0xf37ecf50 gstquery.c:674:gst_query_new_custom creating new query 0xf3a4a230 caps
05-10 10:02:54.087  4415  4500 D GStreamer+GST_ELEMENT_FACTORY: 0:02:33.303851504 0xf37ecec0 gstelementfactory.c:848:gst_element_factory_list_filter Trying rsvgdec
05-10 10:02:54.087  4415  4502 D GStreamer+qtdemux: 0:02:33.303869160 0xf37ecfb0 qtdemux.c:7675:qtdemux_parse_samples:<q> parsing up to sample 33
05-10 10:02:54.087  4415  4501 D GStreamer+GST_PADS: 0:02:33.303885931 0xf37ecf50 gstpad.c:3882:gst_pad_query:<typefind:sink> doing query 0xf3a4a230 (caps)
05-10 10:02:54.087  4415  4500 D GStreamer+GST_ELEMENT_FACTORY: 0:02:33.303903431 0xf37ecec0 gstelementfactory.c:848:gst_element_factory_list_filter Trying rtpopusdepay
05-10 10:02:54.087  4415  4502 D GStreamer+qtdemux: 0:02:33.303928327 0xf37ecfb0 qtdemux.c:7882:qtdemux_parse_samples:<q> sample 33: index 33, timestamp 0:00:00.792000000
05-10 10:02:54.088  4415  4500 D GStreamer+structure: 0:02:33.303949785 0xf37ecec0 gststructure.c:2316:gst_structure_parse_field trying field name 'media'
05-10 10:02:54.088  4415  4502 D GStreamer+qtdemux: 0:02:33.303974212 0xf37ecfb0 qtdemux.c:7982:qtdemux_parse_samples:<q> setting all keyframes
05-10 10:02:54.088  4415  4500 D GStreamer+structure: 0:02:33.303988118 0xf37ecec0 gststructure.c:2367:gst_structure_parse_value trying type name 'string'
05-10 10:02:54.088  4415  4501 D GStreamer+GST_CAPS: 0:02:33.304001973 0xf37ecf50 gstpad.c:3088:gst_pad_query_caps_default:<typefind:sink> query caps caps query: 0xf3a4a230, GstQueryCaps, filter=(GstCaps)"video/x-h264\,\ parsed\=\(boolean\)true\,\ stream-format\=\(string\)byte-stream\,\ alignment\=\(string\)au\,\ level\=\(string\)4\,\ profile\=\(string\)baseline\,\ width\=\(int\)1280\,\ height\=\(int\)1440\,\ framerate\=\(fraction\)151/3\,\ pixel-aspect-ratio\=\(fraction\)1/1", caps=(GstCaps)"NULL";
05-10 10:02:54.088  4415  4500 D GStreamer+structure: 0:02:33.304036660 0xf37ecec0 gststructure.c:2316:gst_structure_parse_field trying field name 'payload'
05-10 10:02:54.088  4415  4501 D GStreamer+GST_CAPS: 0:02:33.304046400 0xf37ecf50 gstpad.c:3111:gst_pad_query_caps_default:<typefind:sink> trying pad template caps
05-10 10:02:54.088  4415  4502 D GStreamer+qtdemux: 0:02:33.304059681 0xf37ecfb0 qtdemux.c:5197:gst_qtdemux_loop_state_movie:<q> pushing from stream 0, empty 0 offset 988574, size 41843, dts=0:00:00.457666666, pts=0:00:00.457666666, duration 0:00:00.019666667
05-10 10:02:54.088  4415  4500 D GStreamer+structure: 0:02:33.304069785 0xf37ecec0 gststructure.c:2367:gst_structure_parse_value trying type name 'int'
05-10 10:02:54.088  4415  4500 D GStreamer+structure: 0:02:33.304124004 0xf37ecec0 gststructure.c:2316:gst_structure_parse_field trying field name 'clock-rate'
05-10 10:02:54.088  4415  4502 D GStreamer+basesrc: 0:02:33.304144368 0xf37ecfb0 gstbasesrc.c:2355:gst_base_src_update_length:<filesrc0> reading offset 988574, length 41843, size 15003960, segment.stop -1, maxsize 15003960
05-10 10:02:54.088  4415  4500 D GStreamer+structure: 0:02:33.304159264 0xf37ecec0 gststructure.c:2367:gst_structure_parse_value trying type name 'int'
05-10 10:02:54.088  4415  4502 D GStreamer+basesrc: 0:02:33.304186139 0xf37ecfb0 gstbasesrc.c:2456:gst_base_src_get_range:<filesrc0> calling create offset 988574 length 41843, time 0
05-10 10:02:54.088  4415  4501 D GStreamer+GST_CAPS: 0:02:33.304175670 0xf37ecf50 gstpad.c:3135:gst_pad_query_caps_default:<typefind:sink> using caps 0xf3601918 ANY with filter 0xf3a01828 video/x-h264, parsed=(boolean)true, stream-format=(string)byte-stream, alignment=(string)au, level=(string)4, profile=(string)baseline, width=(int)1280, height=(int)1440, framerate=(fraction)151/3, pixel-aspect-ratio=(fraction)1/1
05-10 10:02:54.088  4415  4500 D GStreamer+structure: 0:02:33.304204264 0xf37ecec0 gststructure.c:2316:gst_structure_parse_field trying field name 'encoding-name'
05-10 10:02:54.088  4415  4500 D GStreamer+structure: 0:02:33.304252598 0xf37ecec0 gststructure.c:2367:gst_structure_parse_value trying type name 'string'
05-10 10:02:54.088  4415  4502 D GStreamer+GST_MEMORY: 0:02:33.304265983 0xf37ecfb0 gstmemory.c:138:gst_memory_init new memory 0xf3be6e00, maxsize:41846 offset:0 size:41843
05-10 10:02:54.088  4415  4501 D GStreamer+GST_CAPS: 0:02:33.304310202 0xf37ecf50 gstpad.c:3138:gst_pad_query_caps_default:<typefind:sink> result 0xf3a01828 video/x-h264, parsed=(boolean)true, stream-format=(string)byte-stream, alignment=(string)au, level=(string)4, profile=(string)baseline, width=(int)1280, height=(int)1440, framerate=(fraction)151/3, pixel-aspect-ratio=(fraction)1/1
05-10 10:02:54.088  4415  4500 D GStreamer+GST_ELEMENT_FACTORY: 0:02:33.304326243 0xf37ecec0 gstelementfactory.c:848:gst_element_factory_list_filter Trying schrodec
05-10 10:02:54.088  4415  4502 D GStreamer+basesrc: 0:02:33.304366243 0xf37ecfb0 gstbasesrc.c:2310:gst_base_src_do_sync:<filesrc0> we have no clock
05-10 10:02:54.088  4415  4501 D GStreamer+GST_PADS: 0:02:33.304378795 0xf37ecf50 gstpad.c:3339:gst_pad_query_default:<typefind:sink> not forwarding 0xf3a4a230 (caps) query
05-10 10:02:54.088  4415  4500 D GStreamer+GST_ELEMENT_FACTORY: 0:02:33.304396295 0xf37ecec0 gstelementfactory.c:848:gst_element_factory_list_filter Trying speexdec
05-10 10:02:54.088  4415  4502 D GStreamer+basesrc: 0:02:33.304415462 0xf37ecfb0 gstbasesrc.c:2520:gst_base_src_get_range:<filesrc0> buffer ok
05-10 10:02:54.088  4415  4501 D GStreamer+GST_PADS: 0:02:33.304425723 0xf37ecf50 gstpad.c:3905:gst_pad_query:<typefind:sink> sent query 0xf3a4a230 (caps), result 1
05-10 10:02:54.088  4415  4500 D GStreamer+GST_ELEMENT_FACTORY: 0:02:33.304447337 0xf37ecec0 gstelementfactory.c:848:gst_element_factory_list_filter Trying theoradec
05-10 10:02:54.088  4415  4500 D GStreamer+GST_ELEMENT_FACTORY: 0:02:33.304502129 0xf37ecec0 gstelementfactory.c:848:gst_element_factory_list_filter Trying vorbisdec
05-10 10:02:54.088  4415  4502 D GStreamer+GST_SCHEDULING: 0:02:33.304540098 0xf37ecfb0 gstpad.c:4153:gst_pad_chain_data_unchecked:<queue0:sink> calling chainfunction &gst_queue_chain with buffer buffer: 0xf3bc6470, pts 0:00:00.457666666, dts 0:00:00.457666666, dur 0:00:00.019666667, size 41843, offset none, offset_end none, flags 0x0
05-10 10:02:54.088  4415  4500 D GStreamer+GST_ELEMENT_FACTORY: 0:02:33.304551087 0xf37ecec0 gstelementfactory.c:848:gst_element_factory_list_filter Trying vp8dec
05-10 10:02:54.088  4415  4501 D GStreamer+GST_CAPS: 0:02:33.304568327 0xf37ecf50 gstutils.c:2845:gst_pad_query_caps:<typefind:sink> query returned video/x-h264, parsed=(boolean)true, stream-format=(string)byte-stream, alignment=(string)au, level=(string)4, profile=(string)baseline, width=(int)1280, height=(int)1440, framerate=(fraction)151/3, pixel-aspect-ratio=(fraction)1/1
05-10 10:02:54.088  4415  4500 D GStreamer+GST_ELEMENT_FACTORY: 0:02:33.304590723 0xf37ecec0 gstelementfactory.c:848:gst_element_factory_list_filter Trying vp9dec
05-10 10:02:54.088  4415  4502 D GStreamer+GST_SCHEDULING: 0:02:33.304608379 0xf37ecfb0 gstpad.c:4159:gst_pad_chain_data_unchecked:<queue0:sink> called chainfunction &gst_queue_chain with buffer 0xf3bc6470, returned ok
05-10 10:02:54.088  4415  4500 D GStreamer+GST_ELEMENT_FACTORY: 0:02:33.304641660 0xf37ecec0 gstelementfactory.c:848:gst_element_factory_list_filter Trying wavpackdec
05-10 10:02:54.088  4415  4502 D GStreamer+qtdemux: 0:02:33.304672754 0xf37ecfb0 qtdemux.c:7675:qtdemux_parse_samples:<q> parsing up to sample 23
05-10 10:02:54.088  4415  4500 D GStreamer+structure: 0:02:33.304708743 0xf37ecec0 gststructure.c:2316:gst_structure_parse_field trying field name 'depth'
05-10 10:02:54.088  4415  4501 D GStreamer+GST_PADS: 0:02:33.304740618 0xf37ecf50 gstpad.c:3065:gst_pad_query_accept_caps_default:<typefind:sink> allowed caps subset video/x-h264, parsed=(boolean)true, stream-format=(string)byte-stream, alignment=(string)au, level=(string)4, profile=(string)baseline, width=(int)1280, height=(int)1440, framerate=(fraction)151/3, pixel-aspect-ratio=(fraction)1/1, caps video/x-h264, parsed=(boolean)true, stream-format=(string)byte-stream, alignment=(string)au, level=(string)4, profile=(string)baseline, width=(int)1280, height=(int)1440, framerate=(fraction)151/3, pixel-aspect-ratio=(fraction)1/1
05-10 10:02:54.088  4415  4502 D GStreamer+qtdemux: 0:02:33.304758691 0xf37ecfb0 qtdemux.c:7882:qtdemux_parse_samples:<q> sample 23: index 1, timestamp 0:00:00.477333333
05-10 10:02:54.088  4415  4500 D GStreamer+structure: 0:02:33.304773900 0xf37ecec0 gststructure.c:2367:gst_structure_parse_value trying type name 'int'
05-10 10:02:54.088  4415  4502 D GStreamer+qtdemux: 0:02:33.304820202 0xf37ecfb0 qtdemux.c:7937:qtdemux_parse_samples:<q> samples at 23 is keyframe
05-10 10:02:54.088  4415  4501 D GStreamer+GST_PADS: 0:02:33.304813327 0xf37ecf50 gstpad.c:3339:gst_pad_query_default:<typefind:sink> not forwarding 0xf3a4a200 (accept-caps) query
05-10 10:02:54.088  4415  4500 D GStreamer+structure: 0:02:33.304841400 0xf37ecec0 gststructure.c:2316:gst_structure_parse_field trying field name 'channels'
05-10 10:02:54.088  4415  4501 D GStreamer+GST_PADS: 0:02:33.304889629 0xf37ecf50 gstpad.c:3905:gst_pad_query:<typefind:sink> sent query 0xf3a4a200 (accept-caps), result 1
05-10 10:02:54.088  4415  4500 D GStreamer+structure: 0:02:33.304878535 0xf37ecec0 gststructure.c:2367:gst_structure_parse_value trying type name 'int'
05-10 10:02:54.088  4415  4502 D GStreamer+qtdemux: 0:02:33.304916087 0xf37ecfb0 qtdemux.c:5197:gst_qtdemux_loop_state_movie:<q> pushing from stream 0, empty 0 offset 1030417, size 42063, dts=0:00:00.477333333, pts=0:00:00.477333333, duration 0:00:00.019666667
05-10 10:02:54.089  4415  4500 D GStreamer+structure: 0:02:33.304942181 0xf37ecec0 gststructure.c:2316:gst_structure_parse_field trying field name 'rate'
05-10 10:02:54.089  4415  4501 D GStreamer+GST_PADS: 0:02:33.304960150 0xf37ecf50 gstutils.c:2541:gst_pad_proxy_query_accept_caps:<forhwgl:sink> proxying accept caps query: 1
05-10 10:02:54.089  4415  4502 D GStreamer+basesrc: 0:02:33.304982754 0xf37ecfb0 gstbasesrc.c:2355:gst_base_src_update_length:<filesrc0> reading offset 1030417, length 42063, size 15003960, segment.stop -1, maxsize 15003960
05-10 10:02:54.089  4415  4500 D GStreamer+structure: 0:02:33.304997650 0xf37ecec0 gststructure.c:2367:gst_structure_parse_value trying type name 'int'
05-10 10:02:54.089  4415  4500 D GStreamer+structure: 0:02:33.305063431 0xf37ecec0 gststructure.c:2316:gst_structure_parse_field trying field name 'framed'
05-10 10:02:54.089  4415  4502 D GStreamer+basesrc: 0:02:33.305086973 0xf37ecfb0 gstbasesrc.c:2456:gst_base_src_get_range:<filesrc0> calling create offset 1030417 length 42063, time 0
05-10 10:02:54.089  4415  4501 D GStreamer+GST_PADS: 0:02:33.305079993 0xf37ecf50 gstpad.c:3065:gst_pad_query_accept_caps_default:<forhwgl:sink> allowed caps subset ANY, caps video/x-h264, parsed=(boolean)true, stream-format=(string)byte-stream, alignment=(string)au, level=(string)4, profile=(string)baseline, width=(int)1280, height=(int)1440, framerate=(fraction)151/3, pixel-aspect-ratio=(fraction)1/1
05-10 10:02:54.089  4415  4500 D GStreamer+structure: 0:02:33.305105670 0xf37ecec0 gststructure.c:2367:gst_structure_parse_value trying type name 'boolean'
05-10 10:02:54.089  4415  4501 D GStreamer+GST_PADS: 0:02:33.305166400 0xf37ecf50 gstpad.c:3339:gst_pad_query_default:<forhwgl:sink> not forwarding 0xf3a4a200 (accept-caps) query
05-10 10:02:54.089  4415  4502 D GStreamer+GST_MEMORY: 0:02:33.305173431 0xf37ecfb0 gstmemory.c:138:gst_memory_init new memory 0xf3bf11d0, maxsize:42066 offset:0 size:42063
05-10 10:02:54.089  4415  4500 D GStreamer+GST_ELEMENT_FACTORY: 0:02:33.305187962 0xf37ecec0 gstelementfactory.c:848:gst_element_factory_list_filter Trying wavparse
05-10 10:02:54.089  4415  4501 D GStreamer+GST_PADS: 0:02:33.305211973 0xf37ecf50 gstpad.c:3905:gst_pad_query:<forhwgl:sink> sent query 0xf3a4a200 (accept-caps), result 1
05-10 10:02:54.089  4415  4501 D GStreamer+default: 0:02:33.305270775 0xf37ecf50 gstutils.c:2926:gst_pad_query_accept_caps:<forhwgl:sink> query returned 1
05-10 10:02:54.089  4415  4501 D GStreamer+basetransform: 0:02:33.305360202 0xf37ecf50 gstbasetransform.c:1242:gst_base_transform_find_transform:<capsfilter0> Input caps were video/x-h264, stream-format=(string)byte-stream, alignment=(string)au, level=(string)4, profile=(string)baseline, width=(int)1280, height=(int)1440, framerate=(fraction)151/3, pixel-aspect-ratio=(fraction)1/1, parsed=(boolean)true, and got final caps video/x-h264, parsed=(boolean)true, stream-format=(string)byte-stream, alignment=(string)au, level=(string)4, profile=(string)baseline, width=(int)1280, height=(int)1440, framerate=(fraction)151/3, pixel-aspect-ratio=(fraction)1/1
05-10 10:02:54.089  4415  4501 I GStreamer+basetransform: 0:02:33.305404577 0xf37ecf50 gstbasetransform.c:1367:gst_base_transform_setcaps:<capsfilter0> reuse caps
05-10 10:02:54.089  4415  4500 D GStreamer+GST_ELEMENT_FACTORY: 0:02:33.305254316 0xf37ecec0 gstelementfactory.c:848:gst_element_factory_list_filter Trying amcviddec-omxgoogleh263decoder
05-10 10:02:54.089  4415  4501 D GStreamer+GST_CAPS: 0:02:33.305456660 0xf37ecf50 gstpad.c:2648:gst_pad_get_current_caps:<capsfilter0:sink> get current pad caps (NULL)
05-10 10:02:54.089  4415  4500 D GStreamer+structure: 0:02:33.305474264 0xf37ecec0 gststructure.c:2316:gst_structure_parse_field trying field name 'width'
05-10 10:02:54.089  4415  4502 D GStreamer+basesrc: 0:02:33.305518431 0xf37ecfb0 gstbasesrc.c:2310:gst_base_src_do_sync:<filesrc0> we have no clock
05-10 10:02:54.089  4415  4501 D GStreamer+GST_CAPS: 0:02:33.305544264 0xf37ecf50 gstpad.c:2648:gst_pad_get_current_caps:<capsfilter0:src> get current pad caps (NULL)
05-10 10:02:54.089  4415  4500 D GStreamer+structure: 0:02:33.305561608 0xf37ecec0 gststructure.c:2367:gst_structure_parse_value trying type name 'int'
05-10 10:02:54.089  4415  4502 D GStreamer+basesrc: 0:02:33.305579577 0xf37ecfb0 gstbasesrc.c:2520:gst_base_src_get_range:<filesrc0> buffer ok
05-10 10:02:54.089  4415  4500 D GStreamer+structure: 0:02:33.305618483 0xf37ecec0 gststructure.c:2316:gst_structure_parse_field trying field name 'height'
05-10 10:02:54.089  4415  4500 D GStreamer+structure: 0:02:33.305663483 0xf37ecec0 gststructure.c:2367:gst_structure_parse_value trying type name 'int'
05-10 10:02:54.089  4415  4501 D GStreamer+basetransform: 0:02:33.305681191 0xf37ecf50 gstbasetransform.c:1061:gst_base_transform_configure_caps:<capsfilter0> in caps:  video/x-h264, stream-format=(string)byte-stream, alignment=(string)au, level=(string)4, profile=(string)baseline, width=(int)1280, height=(int)1440, framerate=(fraction)151/3, pixel-aspect-ratio=(fraction)1/1, parsed=(boolean)true
05-10 10:02:54.089  4415  4500 D GStreamer+structure: 0:02:33.305703848 0xf37ecec0 gststructure.c:2316:gst_structure_parse_field trying field name 'framerate'
05-10 10:02:54.089  4415  4502 D GStreamer+GST_SCHEDULING: 0:02:33.305720566 0xf37ecfb0 gstpad.c:4153:gst_pad_chain_data_unchecked:<queue0:sink> calling chainfunction &gst_queue_chain with buffer buffer: 0xf3bc6510, pts 0:00:00.477333333, dts 0:00:00.477333333, dur 0:00:00.019666667, size 42063, offset none, offset_end none, flags 0x0
05-10 10:02:54.089  4415  4500 D GStreamer+structure: 0:02:33.305755983 0xf37ecec0 gststructure.c:2367:gst_structure_parse_value trying type name 'fraction'
05-10 10:02:54.089  4415  4501 D GStreamer+basetransform: 0:02:33.305775983 0xf37ecf50 gstbasetransform.c:1062:gst_base_transform_configure_caps:<capsfilter0> out caps: video/x-h264, stream-format=(string)byte-stream, alignment=(string)au, level=(string)4, profile=(string)baseline, width=(int)1280, height=(int)1440, framerate=(fraction)151/3, pixel-aspect-ratio=(fraction)1/1, parsed=(boolean)true
05-10 10:02:54.089  4415  4502 D GStreamer+GST_SCHEDULING: 0:02:33.305791660 0xf37ecfb0 gstpad.c:4159:gst_pad_chain_data_unchecked:<queue0:sink> called chainfunction &gst_queue_chain with buffer 0xf3bc6510, returned ok
05-10 10:02:54.089  4415  4500 D GStreamer+structure: 0:02:33.305803848 0xf37ecec0 gststructure.c:2316:gst_structure_parse_field trying field name 'parsed'
05-10 10:02:54.089  4415  4501 D GStreamer+basetransform: 0:02:33.305827025 0xf37ecf50 gstbasetransform.c:1070:gst_base_transform_configure_caps:<capsfilter0> have_same_caps: 1
05-10 10:02:54.089  4415  4502 D GStreamer+qtdemux: 0:02:33.305857493 0xf37ecfb0 qtdemux.c:7675:qtdemux_parse_samples:<q> parsing up to sample 24
05-10 10:02:54.089  4415  4500 D GStreamer+structure: 0:02:33.305872337 0xf37ecec0 gststructure.c:2367:gst_structure_parse_value trying type name 'boolean'
05-10 10:02:54.089  4415  4501 I GStreamer+GST_EVENT: 0:02:33.305894733 0xf37ecf50 gstevent.c:679:gst_event_new_caps creating caps event video/x-h264, stream-format=(string)byte-stream, alignment=(string)au, level=(string)4, profile=(string)baseline, width=(int)1280, height=(int)1440, framerate=(fraction)151/3, pixel-aspect-ratio=(fraction)1/1, parsed=(boolean)true
05-10 10:02:54.089  4415  4500 D GStreamer+structure: 0:02:33.305912337 0xf37ecec0 gststructure.c:2316:gst_structure_parse_field trying field name 'variant'
05-10 10:02:54.089  4415  4502 D GStreamer+qtdemux: 0:02:33.305931920 0xf37ecfb0 qtdemux.c:7882:qtdemux_parse_samples:<q> sample 24: index 0, timestamp 0:00:00.497000000
05-10 10:02:54.090  4415  4501 D GStreamer+GST_EVENT: 0:02:33.305950566 0xf37ecf50 gstevent.c:302:gst_event_new_custom creating new event 0xf39dbad8 caps 12814
05-10 10:02:54.090  4415  4500 D GStreamer+structure: 0:02:33.305967181 0xf37ecec0 gststructure.c:2367:gst_structure_parse_value trying type name 'string'
05-10 10:02:54.090  4415  4502 D GStreamer+qtdemux: 0:02:33.305986191 0xf37ecfb0 qtdemux.c:7937:qtdemux_parse_samples:<q> samples at 24 is keyframe
05-10 10:02:54.090  4415  4501 D GStreamer+GST_PADS: 0:02:33.306005358 0xf37ecf50 gstpad.c:5053:store_sticky_event:<capsfilter0:src> notify caps
05-10 10:02:54.090  4415  4500 D GStreamer+structure: 0:02:33.306020670 0xf37ecec0 gststructure.c:2316:gst_structure_parse_field trying field name 'profile'
05-10 10:02:54.090  4415  4501 D GStreamer+GST_PADS: 0:02:33.306058900 0xf37ecf50 gstpad.c:3813:check_sticky:<capsfilter0:src> pushing all sticky events
05-10 10:02:54.090  4415  4502 D GStreamer+qtdemux: 0:02:33.306078118 0xf37ecfb0 qtdemux.c:5197:gst_qtdemux_loop_state_movie:<q> pushing from stream 1, empty 0 offset 1114299, size 144, dts=0:00:00.792000000, pts=0:00:00.792000000, duration 0:00:00.024000000
05-10 10:02:54.090  4415  4500 D GStreamer+structure: 0:02:33.306093170 0xf37ecec0 gststructure.c:2367:gst_structure_parse_value trying type name 'uint'
05-10 10:02:54.090  4415  4501 D GStreamer+GST_PADS: 0:02:33.306102962 0xf37ecf50 gstpad.c:3745:push_sticky:<capsfilter0:src> event stream-start was already received
05-10 10:02:54.090  4415  4502 D GStreamer+basesrc: 0:02:33.306137389 0xf37ecfb0 gstbasesrc.c:2355:gst_base_src_update_length:<filesrc0> reading offset 1114299, length 144, size 15003960, segment.stop -1, maxsize 15003960
05-10 10:02:54.090  4415  4500 D GStreamer+structure: 0:02:33.306165514 0xf37ecec0 gststructure.c:2316:gst_structure_parse_field trying field name 'width'
05-10 10:02:54.090  4415  4502 D GStreamer+basesrc: 0:02:33.306192389 0xf37ecfb0 gstbasesrc.c:2456:gst_base_src_get_range:<filesrc0> calling create offset 1114299 length 144, time 0
05-10 10:02:54.090  4415  4500 D GStreamer+structure: 0:02:33.306220045 0xf37ecec0 gststructure.c:2367:gst_structure_parse_value trying type name 'int'
05-10 10:02:54.090  4415  4502 D GStreamer+GST_MEMORY: 0:02:33.306249420 0xf37ecfb0 gstmemory.c:138:gst_memory_init new memory 0xf3bbb120, maxsize:147 offset:0 size:144
05-10 10:02:54.090  4415  4501 D GStreamer+GST_EVENT: 0:02:33.306267806 0xf37ecf50 gstpad.c:5496:gst_pad_send_event_unchecked:<forhwgl:sink> have event type caps event: 0xf39dbad8, time 99:99:99.999999999, seq-num 133, GstEventCaps, caps=(GstCaps)"video/x-h264\,\ stream-format\=\(string\)byte-stream\,\ alignment\=\(string\)au\,\ level\=\(string\)4\,\ profile\=\(string\)baseline\,\ width\=\(int\)1280\,\ height\=\(int\)1440\,\ framerate\=\(fraction\)151/3\,\ pixel-aspect-ratio\=\(fraction\)1/1\,\ parsed\=\(boolean\)true";
05-10 10:02:54.090  4415  4502 D GStreamer+basesrc: 0:02:33.306293431 0xf37ecfb0 gstbasesrc.c:2310:gst_base_src_do_sync:<filesrc0> we have no clock
05-10 10:02:54.090  4415  4500 D GStreamer+structure: 0:02:33.306308639 0xf37ecec0 gststructure.c:2316:gst_structure_parse_field trying field name 'height'
05-10 10:02:54.090  4415  4502 D GStreamer+basesrc: 0:02:33.306343431 0xf37ecfb0 gstbasesrc.c:2520:gst_base_src_get_range:<filesrc0> buffer ok
05-10 10:02:54.090  4415  4501 D GStreamer+GST_CAPS: 0:02:33.306355514 0xf37ecf50 gstutils.c:2921:gst_pad_query_accept_caps:<forhwgl:sink> accept caps of video/x-h264, stream-format=(string)byte-stream, alignment=(string)au, level=(string)4, profile=(string)baseline, width=(int)1280, height=(int)1440, framerate=(fraction)151/3, pixel-aspect-ratio=(fraction)1/1, parsed=(boolean)true
05-10 10:02:54.090  4415  4500 D GStreamer+structure: 0:02:33.306384785 0xf37ecec0 gststructure.c:2367:gst_structure_parse_value trying type name 'int'
05-10 10:02:54.090  4415  4501 D GStreamer+query: 0:02:33.306408066 0xf37ecf50 gstquery.c:674:gst_query_new_custom creating new query 0xf3a4a260 accept-caps
05-10 10:02:54.090  4415  4502 D GStreamer+GST_SCHEDULING: 0:02:33.306434212 0xf37ecfb0 gstpad.c:4153:gst_pad_chain_data_unchecked:<queue2:sink> calling chainfunction &gst_queue_chain with buffer buffer: 0xf3bc65b0, pts 0:00:00.792000000, dts 0:00:00.792000000, dur 0:00:00.024000000, size 144, offset none, offset_end none, flags 0x0
05-10 10:02:54.090  4415  4500 D GStreamer+structure: 0:02:33.306450045 0xf37ecec0 gststructure.c:2316:gst_structure_parse_field trying field name 'framerate'
05-10 10:02:54.090  4415  4500 D GStreamer+structure: 0:02:33.306505827 0xf37ecec0 gststructure.c:2367:gst_structure_parse_value trying type name 'fraction'
05-10 10:02:54.090  4415  4501 D GStreamer+GST_PADS: 0:02:33.306467233 0xf37ecf50 gstpad.c:3882:gst_pad_query:<forhwgl:sink> doing query 0xf3a4a260 (accept-caps)
05-10 10:02:54.090  4415  4502 D GStreamer+GST_SCHEDULING: 0:02:33.306518952 0xf37ecfb0 gstpad.c:4159:gst_pad_chain_data_unchecked:<queue2:sink> called chainfunction &gst_queue_chain with buffer 0xf3bc65b0, returned ok
05-10 10:02:54.090  4415  4500 D GStreamer+structure: 0:02:33.306558848 0xf37ecec0 gststructure.c:2316:gst_structure_parse_field trying field name 'parsed'
05-10 10:02:54.090  4415  4502 D GStreamer+qtdemux: 0:02:33.306582650 0xf37ecfb0 qtdemux.c:7675:qtdemux_parse_samples:<q> parsing up to sample 34
05-10 10:02:54.090  4415  4501 D GStreamer+GST_PADS: 0:02:33.306623223 0xf37ecf50 gstpad.c:3035:gst_pad_query_accept_caps_default:<forhwgl:sink> query accept-caps accept-caps query: 0xf3a4a260, GstQueryAcceptCaps, caps=(GstCaps)"video/x-h264\,\ stream-format\=\(string\)byte-stream\,\ alignment\=\(string\)au\,\ level\=\(string\)4\,\ profile\=\(string\)baseline\,\ width\=\(int\)1280\,\ height\=\(int\)1440\,\ framerate\=\(fraction\)151/3\,\ pixel-aspect-ratio\=\(fraction\)1/1\,\ parsed\=\(boolean\)true", result=(boolean)false;
05-10 10:02:54.090  4415  4500 D GStreamer+structure: 0:02:33.306641243 0xf37ecec0 gststructure.c:2367:gst_structure_parse_value trying type name 'boolean'
05-10 10:02:54.090  4415  4502 D GStreamer+qtdemux: 0:02:33.306661035 0xf37ecfb0 qtdemux.c:7882:qtdemux_parse_samples:<q> sample 34: index 34, timestamp 0:00:00.816000000
05-10 10:02:54.090  4415  4500 D GStreamer+structure: 0:02:33.306675150 0xf37ecec0 gststructure.c:2316:gst_structure_parse_field trying field name 'variant'
05-10 10:02:54.090  4415  4501 D GStreamer+GST_PADS: 0:02:33.306692545 0xf37ecf50 gstutils.c:2530:gst_pad_proxy_query_accept_caps:<forhwgl:sink> proxying accept caps query for forhwgl:sink
05-10 10:02:54.090  4415  4502 D GStreamer+qtdemux: 0:02:33.306710410 0xf37ecfb0 qtdemux.c:7982:qtdemux_parse_samples:<q> setting all keyframes
05-10 10:02:54.090  4415  4500 D GStreamer+structure: 0:02:33.306720358 0xf37ecec0 gststructure.c:2367:gst_structure_parse_value trying type name 'string'
05-10 10:02:54.090  4415  4501 D GStreamer+GST_PADS: 0:02:33.306743483 0xf37ecf50 gstpad.c:4009:gst_pad_peer_query:<sink:proxypad0> peer query 0xf3a4a260 (accept-caps)
05-10 10:02:54.090  4415  4500 D GStreamer+structure: 0:02:33.306769316 0xf37ecec0 gststructure.c:2316:gst_structure_parse_field trying field name 'profile'
05-10 10:02:54.090  4415  4502 D GStreamer+qtdemux: 0:02:33.306783952 0xf37ecfb0 qtdemux.c:5197:gst_qtdemux_loop_state_movie:<q> pushing from stream 0, empty 0 offset 1072624, size 41675, dts=0:00:00.497000000, pts=0:00:00.497000000, duration 0:00:00.020000000
05-10 10:02:54.090  4415  4501 D GStreamer+GST_PADS: 0:02:33.306798743 0xf37ecf50 gstpad.c:3882:gst_pad_query:<typefind:sink> doing query 0xf3a4a260 (accept-caps)
05-10 10:02:54.090  4415  4500 D GStreamer+structure: 0:02:33.306827285 0xf37ecec0 gststructure.c:2367:gst_structure_parse_value trying type name 'uint'
05-10 10:02:54.090  4415  4502 D GStreamer+basesrc: 0:02:33.306853639 0xf37ecfb0 gstbasesrc.c:2355:gst_base_src_update_length:<filesrc0> reading offset 1072624, length 41675, size 15003960, segment.stop -1, maxsize 15003960
05-10 10:02:54.090  4415  4500 D GStreamer+GST_ELEMENT_FACTORY: 0:02:33.306888691 0xf37ecec0 gstelementfactory.c:848:gst_element_factory_list_filter Trying amcviddec-omxgoogleh264decoder
05-10 10:02:54.091  4415  4500 D GStreamer+structure: 0:02:33.306953379 0xf37ecec0 gststructure.c:2316:gst_structure_parse_field trying field name 'width'
05-10 10:02:54.091  4415  4502 D GStreamer+basesrc: 0:02:33.306967598 0xf37ecfb0 gstbasesrc.c:2456:gst_base_src_get_range:<filesrc0> calling create offset 1072624 length 41675, time 0
05-10 10:02:54.091  4415  4501 D GStreamer+GST_PADS: 0:02:33.306985098 0xf37ecf50 gstpad.c:3035:gst_pad_query_accept_caps_default:<typefind:sink> query accept-caps accept-caps query: 0xf3a4a260, GstQueryAcceptCaps, caps=(GstCaps)"video/x-h264\,\ stream-format\=\(string\)byte-stream\,\ alignment\=\(string\)au\,\ level\=\(string\)4\,\ profile\=\(string\)baseline\,\ width\=\(int\)1280\,\ height\=\(int\)1440\,\ framerate\=\(fraction\)151/3\,\ pixel-aspect-ratio\=\(fraction\)1/1\,\ parsed\=\(boolean\)true", result=(boolean)false;
05-10 10:02:54.091  4415  4502 D GStreamer+GST_MEMORY: 0:02:33.307026816 0xf37ecfb0 gstmemory.c:138:gst_memory_init new memory 0xf3bfb800, maxsize:41678 offset:0 size:41675
05-10 10:02:54.091  4415  4500 D GStreamer+structure: 0:02:33.307000983 0xf37ecec0 gststructure.c:2367:gst_structure_parse_value trying type name 'int'
05-10 10:02:54.091  4415  4501 D GStreamer+GST_PERFORMANCE: 0:02:33.307066191 0xf37ecf50 gstpad.c:3050:gst_pad_query_accept_caps_default:<typefind:sink> fallback ACCEPT_CAPS query, consider implementing a specialized version
05-10 10:02:54.091  4415  4500 D GStreamer+structure: 0:02:33.307085150 0xf37ecec0 gststructure.c:2316:gst_structure_parse_field trying field name 'height'
05-10 10:02:54.091  4415  4502 D GStreamer+basesrc: 0:02:33.307116816 0xf37ecfb0 gstbasesrc.c:2310:gst_base_src_do_sync:<filesrc0> we have no clock
05-10 10:02:54.091  4415  4500 D GStreamer+structure: 0:02:33.307131868 0xf37ecec0 gststructure.c:2367:gst_structure_parse_value trying type name 'int'
05-10 10:02:54.091  4415  4501 D GStreamer+GST_CAPS: 0:02:33.307153066 0xf37ecf50 gstutils.c:2838:gst_pad_query_caps:<typefind:sink> get pad caps with filter video/x-h264, stream-format=(string)byte-stream, alignment=(string)au, level=(string)4, profile=(string)baseline, width=(int)1280, height=(int)1440, framerate=(fraction)151/3, pixel-aspect-ratio=(fraction)1/1, parsed=(boolean)true
05-10 10:02:54.091  4415  4502 D GStreamer+basesrc: 0:02:33.307160254 0xf37ecfb0 gstbasesrc.c:2520:gst_base_src_get_range:<filesrc0> buffer ok
05-10 10:02:54.091  4415  4500 D GStreamer+structure: 0:02:33.307191868 0xf37ecec0 gststructure.c:2316:gst_structure_parse_field trying field name 'framerate'
05-10 10:02:54.091  4415  4501 D GStreamer+query: 0:02:33.307208014 0xf37ecf50 gstquery.c:674:gst_query_new_custom creating new query 0xf3a4a290 caps
05-10 10:02:54.091  4415  4500 D GStreamer+structure: 0:02:33.307227389 0xf37ecec0 gststructure.c:2367:gst_structure_parse_value trying type name 'fraction'
05-10 10:02:54.091  4415  4502 D GStreamer+GST_SCHEDULING: 0:02:33.307245410 0xf37ecfb0 gstpad.c:4153:gst_pad_chain_data_unchecked:<queue0:sink> calling chainfunction &gst_queue_chain with buffer buffer: 0xf3bc6650, pts 0:00:00.497000000, dts 0:00:00.497000000, dur 0:00:00.020000000, size 41675, offset none, offset_end none, flags 0x0
05-10 10:02:54.091  4415  4501 D GStreamer+GST_PADS: 0:02:33.307273900 0xf37ecf50 gstpad.c:3882:gst_pad_query:<typefind:sink> doing query 0xf3a4a290 (caps)
05-10 10:02:54.091  4415  4500 D GStreamer+structure: 0:02:33.307304316 0xf37ecec0 gststructure.c:2316:gst_structure_parse_field trying field name 'parsed'
05-10 10:02:54.091  4415  4502 D GStreamer+GST_SCHEDULING: 0:02:33.307323848 0xf37ecfb0 gstpad.c:4159:gst_pad_chain_data_unchecked:<queue0:sink> called chainfunction &gst_queue_chain with buffer 0xf3bc6650, returned ok
05-10 10:02:54.091  4415  4500 D GStreamer+structure: 0:02:33.307343431 0xf37ecec0 gststructure.c:2367:gst_structure_parse_value trying type name 'boolean'
05-10 10:02:54.091  4415  4502 D GStreamer+qtdemux: 0:02:33.307386816 0xf37ecfb0 qtdemux.c:7675:qtdemux_parse_samples:<q> parsing up to sample 25
05-10 10:02:54.091  4415  4500 D GStreamer+structure: 0:02:33.307401764 0xf37ecec0 gststructure.c:2316:gst_structure_parse_field trying field name 'stream-format'
05-10 10:02:54.091  4415  4501 D GStreamer+GST_CAPS: 0:02:33.307420254 0xf37ecf50 gstpad.c:3088:gst_pad_query_caps_default:<typefind:sink> query caps caps query: 0xf3a4a290, GstQueryCaps, filter=(GstCaps)"video/x-h264\,\ stream-format\=\(string\)byte-stream\,\ alignment\=\(string\)au\,\ level\=\(string\)4\,\ profile\=\(string\)baseline\,\ width\=\(int\)1280\,\ height\=\(int\)1440\,\ framerate\=\(fraction\)151/3\,\ pixel-aspect-ratio\=\(fraction\)1/1\,\ parsed\=\(boolean\)true", caps=(GstCaps)"NULL";
05-10 10:02:54.091  4415  4500 D GStreamer+structure: 0:02:33.307440202 0xf37ecec0 gststructure.c:2367:gst_structure_parse_value trying type name 'string'
05-10 10:02:54.091  4415  4501 D GStreamer+GST_CAPS: 0:02:33.307467806 0xf37ecf50 gstpad.c:3111:gst_pad_query_caps_default:<typefind:sink> trying pad template caps
05-10 10:02:54.091  4415  4502 D GStreamer+qtdemux: 0:02:33.307473691 0xf37ecfb0 qtdemux.c:7882:qtdemux_parse_samples:<q> sample 25: index 1, timestamp 0:00:00.517000000
05-10 10:02:54.091  4415  4500 D GStreamer+structure: 0:02:33.307496504 0xf37ecec0 gststructure.c:2316:gst_structure_parse_field trying field name 'alignment'
05-10 10:02:54.091  4415  4502 D GStreamer+qtdemux: 0:02:33.307534993 0xf37ecfb0 qtdemux.c:7937:qtdemux_parse_samples:<q> samples at 25 is keyframe
05-10 10:02:54.091  4415  4500 D GStreamer+structure: 0:02:33.307550410 0xf37ecec0 gststructure.c:2367:gst_structure_parse_value trying type name 'string'
05-10 10:02:54.091  4415  4501 D GStreamer+GST_CAPS: 0:02:33.307582598 0xf37ecf50 gstpad.c:3135:gst_pad_query_caps_default:<typefind:sink> using caps 0xf3601918 ANY with filter 0xf3a2e140 video/x-h264, stream-format=(string)byte-stream, alignment=(string)au, level=(string)4, profile=(string)baseline, width=(int)1280, height=(int)1440, framerate=(fraction)151/3, pixel-aspect-ratio=(fraction)1/1, parsed=(boolean)true
05-10 10:02:54.091  4415  4502 D GStreamer+qtdemux: 0:02:33.307612025 0xf37ecfb0 qtdemux.c:5197:gst_qtdemux_loop_state_movie:<q> pushing from stream 1, empty 0 offset 1156386, size 144, dts=0:00:00.816000000, pts=0:00:00.816000000, duration 0:00:00.024000000
05-10 10:02:54.091  4415  4500 D GStreamer+structure: 0:02:33.307627337 0xf37ecec0 gststructure.c:2316:gst_structure_parse_field trying field name 'profile'
05-10 10:02:54.091  4415  4500 D GStreamer+structure: 0:02:33.307666035 0xf37ecec0 gststructure.c:2367:gst_structure_parse_value trying type name 'string'
05-10 10:02:54.091  4415  4502 D GStreamer+basesrc: 0:02:33.307688743 0xf37ecfb0 gstbasesrc.c:2355:gst_base_src_update_length:<filesrc0> reading offset 1156386, length 144, size 15003960, segment.stop -1, maxsize 15003960
05-10 10:02:54.091  4415  4501 D GStreamer+GST_CAPS: 0:02:33.307709525 0xf37ecf50 gstpad.c:3138:gst_pad_query_caps_default:<typefind:sink> result 0xf3a2e140 video/x-h264, stream-format=(string)byte-stream, alignment=(string)au, level=(string)4, profile=(string)baseline, width=(int)1280, height=(int)1440, framerate=(fraction)151/3, pixel-aspect-ratio=(fraction)1/1, parsed=(boolean)true
05-10 10:02:54.091  4415  4500 D GStreamer+structure: 0:02:33.307720931 0xf37ecec0 gststructure.c:2316:gst_structure_parse_field trying field name 'width'
05-10 10:02:54.091  4415  4500 D GStreamer+structure: 0:02:33.307762181 0xf37ecec0 gststructure.c:2367:gst_structure_parse_value trying type name 'int'
05-10 10:02:54.091  4415  4502 D GStreamer+basesrc: 0:02:33.307740723 0xf37ecfb0 gstbasesrc.c:2456:gst_base_src_get_range:<filesrc0> calling create offset 1156386 length 144, time 0
05-10 10:02:54.091  4415  4501 D GStreamer+GST_PADS: 0:02:33.307794212 0xf37ecf50 gstpad.c:3339:gst_pad_query_default:<typefind:sink> not forwarding 0xf3a4a290 (caps) query
05-10 10:02:54.091  4415  4500 D GStreamer+structure: 0:02:33.307822337 0xf37ecec0 gststructure.c:2316:gst_structure_parse_field trying field name 'height'
05-10 10:02:54.091  4415  4502 D GStreamer+GST_MEMORY: 0:02:33.307838483 0xf37ecfb0 gstmemory.c:138:gst_memory_init new memory 0xf3bbb208, maxsize:147 offset:0 size:144
05-10 10:02:54.091  4415  4501 D GStreamer+GST_PADS: 0:02:33.307848848 0xf37ecf50 gstpad.c:3905:gst_pad_query:<typefind:sink> sent query 0xf3a4a290 (caps), result 1
05-10 10:02:54.091  4415  4500 D GStreamer+structure: 0:02:33.307858848 0xf37ecec0 gststructure.c:2367:gst_structure_parse_value trying type name 'int'
05-10 10:02:54.091  4415  4502 D GStreamer+basesrc: 0:02:33.307879681 0xf37ecfb0 gstbasesrc.c:2310:gst_base_src_do_sync:<filesrc0> we have no clock
05-10 10:02:54.091  4415  4501 D GStreamer+GST_CAPS: 0:02:33.307935670 0xf37ecf50 gstutils.c:2845:gst_pad_query_caps:<typefind:sink> query returned video/x-h264, stream-format=(string)byte-stream, alignment=(string)au, level=(string)4, profile=(string)baseline, width=(int)1280, height=(int)1440, framerate=(fraction)151/3, pixel-aspect-ratio=(fraction)1/1, parsed=(boolean)true
05-10 10:02:54.092  4415  4500 D GStreamer+structure: 0:02:33.307952129 0xf37ecec0 gststructure.c:2316:gst_structure_parse_field trying field name 'framerate'
05-10 10:02:54.092  4415  4502 D GStreamer+basesrc: 0:02:33.307969420 0xf37ecfb0 gstbasesrc.c:2520:gst_base_src_get_range:<filesrc0> buffer ok
05-10 10:02:54.092  4415  4500 D GStreamer+structure: 0:02:33.307986504 0xf37ecec0 gststructure.c:2367:gst_structure_parse_value trying type name 'fraction'
05-10 10:02:54.092  4415  4500 D GStreamer+structure: 0:02:33.308056608 0xf37ecec0 gststructure.c:2316:gst_structure_parse_field trying field name 'parsed'
05-10 10:02:54.092  4415  4500 D GStreamer+structure: 0:02:33.308107858 0xf37ecec0 gststructure.c:2367:gst_structure_parse_value trying type name 'boolean'
05-10 10:02:54.092  4415  4502 D GStreamer+GST_SCHEDULING: 0:02:33.308126920 0xf37ecfb0 gstpad.c:4153:gst_pad_chain_data_unchecked:<queue2:sink> calling chainfunction &gst_queue_chain with buffer buffer: 0xf3bc66f0, pts 0:00:00.816000000, dts 0:00:00.816000000, dur 0:00:00.024000000, size 144, offset none, offset_end none, flags 0x0
05-10 10:02:54.092  4415  4500 D GStreamer+structure: 0:02:33.308164056 0xf37ecec0 gststructure.c:2316:gst_structure_parse_field trying field name 'stream-format'
05-10 10:02:54.092  4415  4501 D GStreamer+GST_PADS: 0:02:33.308143952 0xf37ecf50 gstpad.c:3065:gst_pad_query_accept_caps_default:<typefind:sink> allowed caps subset video/x-h264, stream-format=(string)byte-stream, alignment=(string)au, level=(string)4, profile=(string)baseline, width=(int)1280, height=(int)1440, framerate=(fraction)151/3, pixel-aspect-ratio=(fraction)1/1, parsed=(boolean)true, caps video/x-h264, stream-format=(string)byte-stream, alignment=(string)au, level=(string)4, profile=(string)baseline, width=(int)1280, height=(int)1440, framerate=(fraction)151/3, pixel-aspect-ratio=(fraction)1/1, parsed=(boolean)true
05-10 10:02:54.092  4415  4502 D GStreamer+GST_SCHEDULING: 0:02:33.308193795 0xf37ecfb0 gstpad.c:4159:gst_pad_chain_data_unchecked:<queue2:sink> called chainfunction &gst_queue_chain with buffer 0xf3bc66f0, returned ok
05-10 10:02:54.092  4415  4500 D GStreamer+structure: 0:02:33.308209108 0xf37ecec0 gststructure.c:2367:gst_structure_parse_value trying type name 'string'
05-10 10:02:54.092  4415  4501 D GStreamer+GST_PADS: 0:02:33.308232545 0xf37ecf50 gstpad.c:3339:gst_pad_query_default:<typefind:sink> not forwarding 0xf3a4a260 (accept-caps) query
05-10 10:02:54.092  4415  4502 D GStreamer+qtdemux: 0:02:33.308261087 0xf37ecfb0 qtdemux.c:7675:qtdemux_parse_samples:<q> parsing up to sample 35
05-10 10:02:54.092  4415  4500 D GStreamer+structure: 0:02:33.308278848 0xf37ecec0 gststructure.c:2316:gst_structure_parse_field trying field name 'alignment'
05-10 10:02:54.092  4415  4501 D GStreamer+GST_PADS: 0:02:33.308296556 0xf37ecf50 gstpad.c:3905:gst_pad_query:<typefind:sink> sent query 0xf3a4a260 (accept-caps), result 1
05-10 10:02:54.092  4415  4500 D GStreamer+structure: 0:02:33.308324577 0xf37ecec0 gststructure.c:2367:gst_structure_parse_value trying type name 'string'
05-10 10:02:54.092  4415  4502 D GStreamer+qtdemux: 0:02:33.308338431 0xf37ecfb0 qtdemux.c:7882:qtdemux_parse_samples:<q> sample 35: index 35, timestamp 0:00:00.840000000
05-10 10:02:54.092  4415  4501 D GStreamer+GST_PADS: 0:02:33.308361400 0xf37ecf50 gstutils.c:2541:gst_pad_proxy_query_accept_caps:<forhwgl:sink> proxying accept caps query: 1
05-10 10:02:54.092  4415  4500 D GStreamer+structure: 0:02:33.308373639 0xf37ecec0 gststructure.c:2316:gst_structure_parse_field trying field name 'profile'
05-10 10:02:54.092  4415  4502 D GStreamer+qtdemux: 0:02:33.308389108 0xf37ecfb0 qtdemux.c:7982:qtdemux_parse_samples:<q> setting all keyframes
05-10 10:02:54.092  4415  4500 D GStreamer+structure: 0:02:33.308422910 0xf37ecec0 gststructure.c:2367:gst_structure_parse_value trying type name 'string'
05-10 10:02:54.092  4415  4501 D GStreamer+GST_PADS: 0:02:33.308463275 0xf37ecf50 gstpad.c:3065:gst_pad_query_accept_caps_default:<forhwgl:sink> allowed caps subset ANY, caps video/x-h264, stream-format=(string)byte-stream, alignment=(string)au, level=(string)4, profile=(string)baseline, width=(int)1280, height=(int)1440, framerate=(fraction)151/3, pixel-aspect-ratio=(fraction)1/1, parsed=(boolean)true
05-10 10:02:54.092  4415  4502 D GStreamer+qtdemux: 0:02:33.308493066 0xf37ecfb0 qtdemux.c:5197:gst_qtdemux_loop_state_movie:<q> pushing from stream 0, empty 0 offset 1114443, size 41943, dts=0:00:00.517000000, pts=0:00:00.517000000, duration 0:00:00.020000000
05-10 10:02:54.092  4415  4500 D GStreamer+structure: 0:02:33.308508795 0xf37ecec0 gststructure.c:2316:gst_structure_parse_field trying field name 'width'
05-10 10:02:54.092  4415  4501 D GStreamer+GST_PADS: 0:02:33.308527754 0xf37ecf50 gstpad.c:3339:gst_pad_query_default:<forhwgl:sink> not forwarding 0xf3a4a260 (accept-caps) query
05-10 10:02:54.092  4415  4502 D GStreamer+basesrc: 0:02:33.308551295 0xf37ecfb0 gstbasesrc.c:2355:gst_base_src_update_length:<filesrc0> reading offset 1114443, length 41943, size 15003960, segment.stop -1, maxsize 15003960
05-10 10:02:54.092  4415  4500 D GStreamer+structure: 0:02:33.308580202 0xf37ecec0 gststructure.c:2367:gst_structure_parse_value trying type name 'int'
05-10 10:02:54.092  4415  4501 D GStreamer+GST_PADS: 0:02:33.308598900 0xf37ecf50 gstpad.c:3905:gst_pad_query:<forhwgl:sink> sent query 0xf3a4a260 (accept-caps), result 1
05-10 10:02:54.092  4415  4502 D GStreamer+basesrc: 0:02:33.308617233 0xf37ecfb0 gstbasesrc.c:2456:gst_base_src_get_range:<filesrc0> calling create offset 1114443 length 41943, time 0
05-10 10:02:54.092  4415  4501 D GStreamer+default: 0:02:33.308653743 0xf37ecf50 gstutils.c:2926:gst_pad_query_accept_caps:<forhwgl:sink> query returned 1
05-10 10:02:54.092  4415  4500 D GStreamer+structure: 0:02:33.308635879 0xf37ecec0 gststructure.c:2316:gst_structure_parse_field trying field name 'height'
05-10 10:02:54.092  4415  4502 D GStreamer+GST_MEMORY: 0:02:33.308675723 0xf37ecfb0 gstmemory.c:138:gst_memory_init new memory 0xf3c06800, maxsize:41946 offset:0 size:41943
05-10 10:02:54.092  4415  4501 D GStreamer+GST_PADS: 0:02:33.308705931 0xf37ecf50 gstpad.c:5053:store_sticky_event:<sink:proxypad0> notify caps
05-10 10:02:54.092  4415  4500 D GStreamer+structure: 0:02:33.308721556 0xf37ecec0 gststructure.c:2367:gst_structure_parse_value trying type name 'int'
05-10 10:02:54.092  4415  4501 D GStreamer+GST_PADS: 0:02:33.308758066 0xf37ecf50 gstpad.c:3813:check_sticky:<sink:proxypad0> pushing all sticky events
05-10 10:02:54.092  4415  4502 D GStreamer+basesrc: 0:02:33.308775670 0xf37ecfb0 gstbasesrc.c:2310:gst_base_src_do_sync:<filesrc0> we have no clock
05-10 10:02:54.092  4415  4500 D GStreamer+structure: 0:02:33.308804316 0xf37ecec0 gststructure.c:2316:gst_structure_parse_field trying field name 'framerate'
05-10 10:02:54.092  4415  4501 D GStreamer+GST_PADS: 0:02:33.308822337 0xf37ecf50 gstpad.c:3745:push_sticky:<sink:proxypad0> event stream-start was already received
05-10 10:02:54.092  4415  4502 D GStreamer+basesrc: 0:02:33.308839577 0xf37ecfb0 gstbasesrc.c:2520:gst_base_src_get_range:<filesrc0> buffer ok
05-10 10:02:54.092  4415  4500 D GStreamer+structure: 0:02:33.308854577 0xf37ecec0 gststructure.c:2367:gst_structure_parse_value trying type name 'fraction'
05-10 10:02:54.093  4415  4500 D GStreamer+structure: 0:02:33.308942910 0xf37ecec0 gststructure.c:2316:gst_structure_parse_field trying field name 'parsed'
05-10 10:02:54.093  4415  4502 D GStreamer+GST_SCHEDULING: 0:02:33.308961087 0xf37ecfb0 gstpad.c:4153:gst_pad_chain_data_unchecked:<queue0:sink> calling chainfunction &gst_queue_chain with buffer buffer: 0xf3c06020, pts 0:00:00.517000000, dts 0:00:00.517000000, dur 0:00:00.020000000, size 41943, offset none, offset_end none, flags 0x0
05-10 10:02:54.093  4415  4501 D GStreamer+GST_EVENT: 0:02:33.308993795 0xf37ecf50 gstpad.c:5496:gst_pad_send_event_unchecked:<typefind:sink> have event type caps event: 0xf39dbad8, time 99:99:99.999999999, seq-num 133, GstEventCaps, caps=(GstCaps)"video/x-h264\,\ stream-format\=\(string\)byte-stream\,\ alignment\=\(string\)au\,\ level\=\(string\)4\,\ profile\=\(string\)baseline\,\ width\=\(int\)1280\,\ height\=\(int\)1440\,\ framerate\=\(fraction\)151/3\,\ pixel-aspect-ratio\=\(fraction\)1/1\,\ parsed\=\(boolean\)true";
05-10 10:02:54.093  4415  4500 D GStreamer+structure: 0:02:33.309038170 0xf37ecec0 gststructure.c:2367:gst_structure_parse_value trying type name 'boolean'
05-10 10:02:54.093  4415  4502 D GStreamer+GST_SCHEDULING: 0:02:33.309033118 0xf37ecfb0 gstpad.c:4159:gst_pad_chain_data_unchecked:<queue0:sink> called chainfunction &gst_queue_chain with buffer 0xf3c06020, returned ok
05-10 10:02:54.093  4415  4500 D GStreamer+structure: 0:02:33.309084941 0xf37ecec0 gststructure.c:2316:gst_structure_parse_field trying field name 'stream-format'
05-10 10:02:54.093  4415  4502 D GStreamer+qtdemux: 0:02:33.309100306 0xf37ecfb0 qtdemux.c:7675:qtdemux_parse_samples:<q> parsing up to sample 26
05-10 10:02:54.093  4415  4501 D GStreamer+GST_CAPS: 0:02:33.309116504 0xf37ecf50 gstutils.c:2921:gst_pad_query_accept_caps:<typefind:sink> accept caps of video/x-h264, stream-format=(string)byte-stream, alignment=(string)au, level=(string)4, profile=(string)baseline, width=(int)1280, height=(int)1440, framerate=(fraction)151/3, pixel-aspect-ratio=(fraction)1/1, parsed=(boolean)true
05-10 10:02:54.093  4415  4500 D GStreamer+structure: 0:02:33.309134004 0xf37ecec0 gststructure.c:2367:gst_structure_parse_value trying type name 'string'
05-10 10:02:54.093  4415  4502 D GStreamer+qtdemux: 0:02:33.309154785 0xf37ecfb0 qtdemux.c:7882:qtdemux_parse_samples:<q> sample 26: index 0, timestamp 0:00:00.537000000
05-10 10:02:54.093  4415  4501 D GStreamer+query: 0:02:33.309173170 0xf37ecf50 gstquery.c:674:gst_query_new_custom creating new query 0xf3a4a2c0 accept-caps
05-10 10:02:54.093  4415  4500 D GStreamer+structure: 0:02:33.309190045 0xf37ecec0 gststructure.c:2316:gst_structure_parse_field trying field name 'alignment'
05-10 10:02:54.093  4415  4502 D GStreamer+qtdemux: 0:02:33.309210150 0xf37ecfb0 qtdemux.c:7937:qtdemux_parse_samples:<q> samples at 26 is keyframe
05-10 10:02:54.093  4415  4501 D GStreamer+GST_PADS: 0:02:33.309227858 0xf37ecf50 gstpad.c:3882:gst_pad_query:<typefind:sink> doing query 0xf3a4a2c0 (accept-caps)
05-10 10:02:54.093  4415  4500 D GStreamer+structure: 0:02:33.309247181 0xf37ecec0 gststructure.c:2367:gst_structure_parse_value trying type name 'string'
05-10 10:02:54.093  4415  4502 D GStreamer+qtdemux: 0:02:33.309291608 0xf37ecfb0 qtdemux.c:5197:gst_qtdemux_loop_state_movie:<q> pushing from stream 1, empty 0 offset 1197245, size 144, dts=0:00:00.840000000, pts=0:00:00.840000000, duration 0:00:00.024000000
05-10 10:02:54.093  4415  4500 D GStreamer+structure: 0:02:33.309306400 0xf37ecec0 gststructure.c:2316:gst_structure_parse_field trying field name 'profile'
05-10 10:02:54.093  4415  4501 D GStreamer+GST_PADS: 0:02:33.309339473 0xf37ecf50 gstpad.c:3035:gst_pad_query_accept_caps_default:<typefind:sink> query accept-caps accept-caps query: 0xf3a4a2c0, GstQueryAcceptCaps, caps=(GstCaps)"video/x-h264\,\ stream-format\=\(string\)byte-stream\,\ alignment\=\(string\)au\,\ level\=\(string\)4\,\ profile\=\(string\)baseline\,\ width\=\(int\)1280\,\ height\=\(int\)1440\,\ framerate\=\(fraction\)151/3\,\ pixel-aspect-ratio\=\(fraction\)1/1\,\ parsed\=\(boolean\)true", result=(boolean)false;
05-10 10:02:54.093  4415  4502 D GStreamer+basesrc: 0:02:33.309357910 0xf37ecfb0 gstbasesrc.c:2355:gst_base_src_update_length:<filesrc0> reading offset 1197245, length 144, size 15003960, segment.stop -1, maxsize 15003960
05-10 10:02:54.093  4415  4500 D GStreamer+structure: 0:02:33.309372598 0xf37ecec0 gststructure.c:2367:gst_structure_parse_value trying type name 'string'
05-10 10:02:54.093  4415  4501 D GStreamer+GST_PERFORMANCE: 0:02:33.309383170 0xf37ecf50 gstpad.c:3050:gst_pad_query_accept_caps_default:<typefind:sink> fallback ACCEPT_CAPS query, consider implementing a specialized version
05-10 10:02:54.093  4415  4502 D GStreamer+basesrc: 0:02:33.309400410 0xf37ecfb0 gstbasesrc.c:2456:gst_base_src_get_range:<filesrc0> calling create offset 1197245 length 144, time 0
05-10 10:02:54.093  4415  4500 D GStreamer+structure: 0:02:33.309412493 0xf37ecec0 gststructure.c:2316:gst_structure_parse_field trying field name 'width'
05-10 10:02:54.093  4415  4500 D GStreamer+structure: 0:02:33.309463170 0xf37ecec0 gststructure.c:2367:gst_structure_parse_value trying type name 'int'
