05-10 10:02:54.150  4415  4501 D GStreamer+capsfilter: 0:02:33.366255566 0xf37ecf50 gstcapsfilter.c:299:gst_capsfilter_transform_caps:<capsfilter1> intersect: video/x-h264, parsed=(boolean)true, stream-format=(string)byte-stream, alignment=(string)au, width=(int)[ 16, 4096 ], height=(int)[ 16, 4096 ], framerate=(fraction)[ 0/1, 2147483647/1 ], profile=(string)high; video/x-h264, parsed=(boolean)true, stream-format=(string)byte-stream, alignment=(string)au, width=(int)[ 16, 4096 ], height=(int)[ 16, 4096 ], framerate=(fraction)[ 0/1, 2147483647/1 ], profile=(string)main; video/x-h264, parsed=(boolean)true, stream-format=(string)byte-stream, alignment=(string)au, width=(int)[ 16, 4096 ], height=(int)[ 16, 4096 ], framerate=(fraction)[ 0/1, 2147483647/1 ], profile=(string)baseline; video/x-h264, parsed=(boolean)true, stream-format=(string)byte-stream, alignment=(string)au, width=(int)[ 16, 4096 ], height=(int)[ 16, 4096 ], framerate=(fraction)[ 0/1, 2147483647/1 ], profile=(string)constrained-baseline; video/x-h264, parsed=(boolean)true, stream-format=(string)byte-
05-10 10:02:54.150  4415  4500 D GStreamer+GST_ELEMENT_FACTORY: 0:02:33.366275514 0xf37ecec0 gstelementfactory.c:848:gst_element_factory_list_filter Trying apedemux
05-10 10:02:54.150  4415  4500 D GStreamer+GST_ELEMENT_FACTORY: 0:02:33.366327910 0xf37ecec0 gstelementfactory.c:848:gst_element_factory_list_filter Trying avidemux
05-10 10:02:54.150  4415  4500 D GStreamer+GST_ELEMENT_FACTORY: 0:02:33.366363639 0xf37ecec0 gstelementfactory.c:848:gst_element_factory_list_filter Trying dashdemux
05-10 10:02:54.150  4415  4500 D GStreamer+GST_ELEMENT_FACTORY: 0:02:33.366404212 0xf37ecec0 gstelementfactory.c:848:gst_element_factory_list_filter Trying dvdemux
05-10 10:02:54.150  4415  4501 D GStreamer+basetransform: 0:02:33.366448587 0xf37ecf50 gstbasetransform.c:560:gst_base_transform_transform_caps:<capsfilter1> to: video/x-h264, parsed=(boolean)true, stream-format=(string)byte-stream, alignment=(string)au, width=(int)[ 16, 4096 ], height=(int)[ 16, 4096 ], framerate=(fraction)[ 0/1, 2147483647/1 ], profile=(string)high; video/x-h264, parsed=(boolean)true, stream-format=(string)byte-stream, alignment=(string)au, width=(int)[ 16, 4096 ], height=(int)[ 16, 4096 ], framerate=(fraction)[ 0/1, 2147483647/1 ], profile=(string)main; video/x-h264, parsed=(boolean)true, stream-format=(string)byte-stream, alignment=(string)au, width=(int)[ 16, 4096 ], height=(int)[ 16, 4096 ], framerate=(fraction)[ 0/1, 2147483647/1 ], profile=(string)baseline; video/x-h264, parsed=(boolean)true, stream-format=(string)byte-stream, alignment=(string)au, width=(int)[ 16, 4096 ], height=(int)[ 16, 4096 ], framerate=(fraction)[ 0/1, 2147483647/1 ], profile=(string)constrained-baseline; video/x-h264, parsed=(boolean)true, stream-format=(string)byte-
05-10 10:02:54.150  4415  4500 D GStreamer+GST_ELEMENT_FACTORY: 0:02:33.366464785 0xf37ecec0 gstelementfactory.c:848:gst_element_factory_list_filter Trying flacdec
05-10 10:02:54.150  4415  4500 D GStreamer+GST_ELEMENT_FACTORY: 0:02:33.366516348 0xf37ecec0 gstelementfactory.c:848:gst_element_factory_list_filter Trying flvdemux
05-10 10:02:54.150  4415  4500 D GStreamer+GST_ELEMENT_FACTORY: 0:02:33.366557181 0xf37ecec0 gstelementfactory.c:848:gst_element_factory_list_filter Trying flxdec
05-10 10:02:54.150  4415  4500 D GStreamer+GST_ELEMENT_FACTORY: 0:02:33.366609368 0xf37ecec0 gstelementfactory.c:848:gst_element_factory_list_filter Trying hlsdemux
05-10 10:02:54.150  4415  4501 D GStreamer+basetransform: 0:02:33.366643014 0xf37ecf50 gstbasetransform.c:759:gst_base_transform_query_caps:<capsfilter1:sink> transformed  video/x-h264, parsed=(boolean)true, stream-format=(string)byte-stream, alignment=(string)au, width=(int)[ 16, 4096 ], height=(int)[ 16, 4096 ], framerate=(fraction)[ 0/1, 2147483647/1 ], profile=(string)high; video/x-h264, parsed=(boolean)true, stream-format=(string)byte-stream, alignment=(string)au, width=(int)[ 16, 4096 ], height=(int)[ 16, 4096 ], framerate=(fraction)[ 0/1, 2147483647/1 ], profile=(string)main; video/x-h264, parsed=(boolean)true, stream-format=(string)byte-stream, alignment=(string)au, width=(int)[ 16, 4096 ], height=(int)[ 16, 4096 ], framerate=(fraction)[ 0/1, 2147483647/1 ], profile=(string)baseline; video/x-h264, parsed=(boolean)true, stream-format=(string)byte-stream, alignment=(string)au, width=(int)[ 16, 4096 ], height=(int)[ 16, 4096 ], framerate=(fraction)[ 0/1, 2147483647/1 ], profile=(string)constrained-baseline; video/x-h264, parsed=(boolean)true, stream-format=(st
05-10 10:02:54.150  4415  4500 D GStreamer+GST_ELEMENT_FACTORY: 0:02:33.366657962 0xf37ecec0 gstelementfactory.c:848:gst_element_factory_list_filter Trying icydemux
05-10 10:02:54.150  4415  4501 D GStreamer+basetransform: 0:02:33.366686087 0xf37ecf50 gstbasetransform.c:766:gst_base_transform_query_caps:<capsfilter1:sink> our template  ANY
05-10 10:02:54.150  4415  4500 D GStreamer+GST_ELEMENT_FACTORY: 0:02:33.366712962 0xf37ecec0 gstelementfactory.c:848:gst_element_factory_list_filter Trying id3demux
05-10 10:02:54.150  4415  4500 D GStreamer+GST_ELEMENT_FACTORY: 0:02:33.366752077 0xf37ecec0 gstelementfactory.c:848:gst_element_factory_list_filter Trying jpegdec
05-10 10:02:54.150  4415  4500 D GStreamer+GST_ELEMENT_FACTORY: 0:02:33.366793483 0xf37ecec0 gstelementfactory.c:848:gst_element_factory_list_filter Trying katedec
05-10 10:02:54.150  4415  4500 D GStreamer+GST_ELEMENT_FACTORY: 0:02:33.366848014 0xf37ecec0 gstelementfactory.c:848:gst_element_factory_list_filter Trying matroskademux
05-10 10:02:54.150  4415  4501 D GStreamer+basetransform: 0:02:33.366862858 0xf37ecf50 gstbasetransform.c:769:gst_base_transform_query_caps:<capsfilter1:sink> intersected video/x-h264, parsed=(boolean)true, stream-format=(string)byte-stream, alignment=(string)au, width=(int)[ 16, 4096 ], height=(int)[ 16, 4096 ], framerate=(fraction)[ 0/1, 2147483647/1 ], profile=(string)high; video/x-h264, parsed=(boolean)true, stream-format=(string)byte-stream, alignment=(string)au, width=(int)[ 16, 4096 ], height=(int)[ 16, 4096 ], framerate=(fraction)[ 0/1, 2147483647/1 ], profile=(string)main; video/x-h264, parsed=(boolean)true, stream-format=(string)byte-stream, alignment=(string)au, width=(int)[ 16, 4096 ], height=(int)[ 16, 4096 ], framerate=(fraction)[ 0/1, 2147483647/1 ], profile=(string)baseline; video/x-h264, parsed=(boolean)true, stream-format=(string)byte-stream, alignment=(string)au, width=(int)[ 16, 4096 ], height=(int)[ 16, 4096 ], framerate=(fraction)[ 0/1, 2147483647/1 ], profile=(string)constrained-baseline; video/x-h264, parsed=(boolean)true, stream-format=(str
05-10 10:02:54.150  4415  4500 D GStreamer+GST_ELEMENT_FACTORY: 0:02:33.366883587 0xf37ecec0 gstelementfactory.c:848:gst_element_factory_list_filter Trying midiparse
05-10 10:02:54.150  4415  4500 D GStreamer+GST_ELEMENT_FACTORY: 0:02:33.366931243 0xf37ecec0 gstelementfactory.c:848:gst_element_factory_list_filter Trying mssdemux
05-10 10:02:54.151  4415  4500 D GStreamer+GST_ELEMENT_FACTORY: 0:02:33.366973795 0xf37ecec0 gstelementfactory.c:848:gst_element_factory_list_filter Trying mulawdec
05-10 10:02:54.151  4415  4500 D GStreamer+GST_ELEMENT_FACTORY: 0:02:33.367013743 0xf37ecec0 gstelementfactory.c:848:gst_element_factory_list_filter Trying multipartdemux
05-10 10:02:54.151  4415  4501 D GStreamer+basetransform: 0:02:33.367043639 0xf37ecf50 gstbasetransform.c:793:gst_base_transform_query_caps:<capsfilter1> returning  video/x-h264, parsed=(boolean)true, stream-format=(string)byte-stream, alignment=(string)au, width=(int)[ 16, 4096 ], height=(int)[ 16, 4096 ], framerate=(fraction)[ 0/1, 2147483647/1 ], profile=(string)high; video/x-h264, parsed=(boolean)true, stream-format=(string)byte-stream, alignment=(string)au, width=(int)[ 16, 4096 ], height=(int)[ 16, 4096 ], framerate=(fraction)[ 0/1, 2147483647/1 ], profile=(string)main; video/x-h264, parsed=(boolean)true, stream-format=(string)byte-stream, alignment=(string)au, width=(int)[ 16, 4096 ], height=(int)[ 16, 4096 ], framerate=(fraction)[ 0/1, 2147483647/1 ], profile=(string)baseline; video/x-h264, parsed=(boolean)true, stream-format=(string)byte-stream, alignment=(string)au, width=(int)[ 16, 4096 ], height=(int)[ 16, 4096 ], framerate=(fraction)[ 0/1, 2147483647/1 ], profile=(string)constrained-baseline; video/x-h264, parsed=(boolean)true, stream-format=(string)by
05-10 10:02:54.151  4415  4500 D GStreamer+GST_ELEMENT_FACTORY: 0:02:33.367063743 0xf37ecec0 gstelementfactory.c:848:gst_element_factory_list_filter Trying mxfdemux
05-10 10:02:54.151  4415  4500 D GStreamer+GST_ELEMENT_FACTORY: 0:02:33.367101348 0xf37ecec0 gstelementfactory.c:848:gst_element_factory_list_filter Trying oggdemux
05-10 10:02:54.151  4415  4501 D GStreamer+GST_PADS: 0:02:33.367120202 0xf37ecf50 gstpad.c:3905:gst_pad_query:<capsfilter1:sink> sent query 0xf3a4a320 (caps), result 1
05-10 10:02:54.151  4415  4500 D GStreamer+GST_ELEMENT_FACTORY: 0:02:33.367150306 0xf37ecec0 gstelementfactory.c:848:gst_element_factory_list_filter Trying ogmaudioparse
05-10 10:02:54.151  4415  4500 D GStreamer+GST_ELEMENT_FACTORY: 0:02:33.367186556 0xf37ecec0 gstelementfactory.c:848:gst_element_factory_list_filter Trying ogmtextparse
05-10 10:02:54.151  4415  4500 D GStreamer+GST_ELEMENT_FACTORY: 0:02:33.367224420 0xf37ecec0 gstelementfactory.c:848:gst_element_factory_list_filter Trying ogmvideoparse
05-10 10:02:54.151  4415  4500 D GStreamer+GST_ELEMENT_FACTORY: 0:02:33.367276035 0xf37ecec0 gstelementfactory.c:848:gst_element_factory_list_filter Trying openjpegdec
05-10 10:02:54.151  4415  4501 D GStreamer+GST_CAPS: 0:02:33.367309525 0xf37ecf50 gstpad.c:2746:gst_pad_get_allowed_caps:<h264parse1:src> allowed caps video/x-h264, parsed=(boolean)true, stream-format=(string)byte-stream, alignment=(string)au, width=(int)[ 16, 4096 ], height=(int)[ 16, 4096 ], framerate=(fraction)[ 0/1, 2147483647/1 ], profile=(string)high; video/x-h264, parsed=(boolean)true, stream-format=(string)byte-stream, alignment=(string)au, width=(int)[ 16, 4096 ], height=(int)[ 16, 4096 ], framerate=(fraction)[ 0/1, 2147483647/1 ], profile=(string)main; video/x-h264, parsed=(boolean)true, stream-format=(string)byte-stream, alignment=(string)au, width=(int)[ 16, 4096 ], height=(int)[ 16, 4096 ], framerate=(fraction)[ 0/1, 2147483647/1 ], profile=(string)baseline; video/x-h264, parsed=(boolean)true, stream-format=(string)byte-stream, alignment=(string)au, width=(int)[ 16, 4096 ], height=(int)[ 16, 4096 ], framerate=(fraction)[ 0/1, 2147483647/1 ], profile=(string)constrained-baseline; video/x-h264, parsed=(boolean)true, stream-format=(string)byte-stream
05-10 10:02:54.151  4415  4500 D GStreamer+GST_ELEMENT_FACTORY: 0:02:33.367324368 0xf37ecec0 gstelementfactory.c:848:gst_element_factory_list_filter Trying opusdec
05-10 10:02:54.151  4415  4500 D GStreamer+GST_ELEMENT_FACTORY: 0:02:33.367372077 0xf37ecec0 gstelementfactory.c:848:gst_element_factory_list_filter Trying pngdec
05-10 10:02:54.151  4415  4500 D GStreamer+GST_ELEMENT_FACTORY: 0:02:33.367407754 0xf37ecec0 gstelementfactory.c:848:gst_element_factory_list_filter Trying pnmdec
05-10 10:02:54.151  4415  4500 D GStreamer+GST_ELEMENT_FACTORY: 0:02:33.367444629 0xf37ecec0 gstelementfactory.c:848:gst_element_factory_list_filter Trying qtdemux
05-10 10:02:54.151  4415  4501 D GStreamer+h264parse: 0:02:33.367474577 0xf37ecf50 gsth264parse.c:368:gst_h264_parse_negotiate:<h264parse1> allowed caps: video/x-h264, parsed=(boolean)true, stream-format=(string)byte-stream, alignment=(string)au, width=(int)[ 16, 4096 ], height=(int)[ 16, 4096 ], framerate=(fraction)[ 0/1, 2147483647/1 ], profile=(string)high; video/x-h264, parsed=(boolean)true, stream-format=(string)byte-stream, alignment=(string)au, width=(int)[ 16, 4096 ], height=(int)[ 16, 4096 ], framerate=(fraction)[ 0/1, 2147483647/1 ], profile=(string)main; video/x-h264, parsed=(boolean)true, stream-format=(string)byte-stream, alignment=(string)au, width=(int)[ 16, 4096 ], height=(int)[ 16, 4096 ], framerate=(fraction)[ 0/1, 2147483647/1 ], profile=(string)baseline; video/x-h264, parsed=(boolean)true, stream-format=(string)byte-stream, alignment=(string)au, width=(int)[ 16, 4096 ], height=(int)[ 16, 4096 ], framerate=(fraction)[ 0/1, 2147483647/1 ], profile=(string)constrained-baseline; video/x-h264, parsed=(boolean)true, stream-format=(string)byte-stre
05-10 10:02:54.151  4415  4500 D GStreamer+GST_ELEMENT_FACTORY: 0:02:33.367503066 0xf37ecec0 gstelementfactory.c:848:gst_element_factory_list_filter Trying rsvgdec
05-10 10:02:54.151  4415  4500 D GStreamer+GST_ELEMENT_FACTORY: 0:02:33.367539993 0xf37ecec0 gstelementfactory.c:848:gst_element_factory_list_filter Trying rtpopusdepay
05-10 10:02:54.151  4415  4501 D GStreamer+h264parse: 0:02:33.367581348 0xf37ecf50 gsth264parse.c:375:gst_h264_parse_negotiate:<h264parse1> negotiating with caps: video/x-h264, parsed=(boolean)true, stream-format=(string)byte-stream, alignment=(string)au, width=(int)[ 16, 4096 ], height=(int)[ 16, 4096 ], framerate=(fraction)[ 0/1, 2147483647/1 ], profile=(string)high
05-10 10:02:54.151  4415  4500 D GStreamer+GST_ELEMENT_FACTORY: 0:02:33.367596764 0xf37ecec0 gstelementfactory.c:848:gst_element_factory_list_filter Trying schrodec
05-10 10:02:54.151  4415  4501 D GStreamer+h264parse: 0:02:33.367621764 0xf37ecf50 gsth264parse.c:382:gst_h264_parse_negotiate:<h264parse1> downstream accepts upstream caps
05-10 10:02:54.151  4415  4500 D GStreamer+GST_ELEMENT_FACTORY: 0:02:33.367636816 0xf37ecec0 gstelementfactory.c:848:gst_element_factory_list_filter Trying speexdec
05-10 10:02:54.151  4415  4501 D GStreamer+h264parse: 0:02:33.367660775 0xf37ecf50 gsth264parse.c:328:gst_h264_parse_format_from_caps parsing caps: video/x-h264, parsed=(boolean)true, stream-format=(string)byte-stream, alignment=(string)au
05-10 10:02:54.151  4415  4500 D GStreamer+GST_ELEMENT_FACTORY: 0:02:33.367670462 0xf37ecec0 gstelementfactory.c:848:gst_element_factory_list_filter Trying theoradec
05-10 10:02:54.151  4415  4501 D GStreamer+h264parse: 0:02:33.367699733 0xf37ecf50 gsth264parse.c:406:gst_h264_parse_negotiate:<h264parse1> selected format byte-stream, alignment au
05-10 10:02:54.151  4415  4500 D GStreamer+GST_ELEMENT_FACTORY: 0:02:33.367721035 0xf37ecec0 gstelementfactory.c:848:gst_element_factory_list_filter Trying vorbisdec
05-10 10:02:54.151  4415  4501 D GStreamer+GST_CAPS: 0:02:33.367749577 0xf37ecf50 gstpad.c:2621:gst_pad_has_current_caps:<h264parse1:src> check current pad caps (NULL)
05-10 10:02:54.151  4415  4500 D GStreamer+GST_ELEMENT_FACTORY: 0:02:33.367764629 0xf37ecec0 gstelementfactory.c:848:gst_element_factory_list_filter Trying vp8dec
05-10 10:02:54.151  4415  4501 D GStreamer+h264parse: 0:02:33.367789941 0xf37ecf50 gsth264parse.c:1692:gst_h264_parse_update_src_caps:<h264parse1> sps: 0x0
05-10 10:02:54.151  4415  4500 D GStreamer+GST_ELEMENT_FACTORY: 0:02:33.367816191 0xf37ecec0 gstelementfactory.c:848:gst_element_factory_list_filter Trying vp9dec
05-10 10:02:54.151  4415  4500 D GStreamer+GST_ELEMENT_FACTORY: 0:02:33.367859420 0xf37ecec0 gstelementfactory.c:848:gst_element_factory_list_filter Trying wavpackdec
05-10 10:02:54.151  4415  4501 D GStreamer+GST_PERFORMANCE: 0:02:33.367877493 0xf37ecf50 gstcaps.c:169:_gst_caps_copy:<0xf3a2e140> doing copy 0xf3a2e140 -> 0xf3c3b4f0
05-10 10:02:54.151  4415  4500 D GStreamer+GST_ELEMENT_FACTORY: 0:02:33.367893639 0xf37ecec0 gstelementfactory.c:848:gst_element_factory_list_filter Trying wavparse
05-10 10:02:54.151  4415  4501 D GStreamer+GST_CAPS: 0:02:33.367934160 0xf37ecf50 gstpad.c:2648:gst_pad_get_current_caps:<h264parse1:src> get current pad caps (NULL)
05-10 10:02:54.152  4415  4500 D GStreamer+GST_ELEMENT_FACTORY: 0:02:33.367948848 0xf37ecec0 gstelementfactory.c:848:gst_element_factory_list_filter Trying amcviddec-omxgoogleh263decoder
05-10 10:02:54.152  4415  4500 D GStreamer+GST_ELEMENT_FACTORY: 0:02:33.367985306 0xf37ecec0 gstelementfactory.c:848:gst_element_factory_list_filter Trying amcviddec-omxgoogleh264decoder
05-10 10:02:54.152  4415  4501 I GStreamer+GST_EVENT: 0:02:33.368005462 0xf37ecf50 gstevent.c:679:gst_event_new_caps creating caps event video/x-h264, stream-format=(string)byte-stream, alignment=(string)au, level=(string)4, profile=(string)baseline, width=(int)1280, height=(int)1440, framerate=(fraction)151/3, pixel-aspect-ratio=(fraction)1/1, parsed=(boolean)true
05-10 10:02:54.152  4415  4500 D GStreamer+GST_ELEMENT_FACTORY: 0:02:33.368036712 0xf37ecec0 gstelementfactory.c:848:gst_element_factory_list_filter Trying amcviddec-omxgooglehevcdecoder
05-10 10:02:54.152  4415  4501 D GStreamer+GST_EVENT: 0:02:33.368059837 0xf37ecf50 gstevent.c:302:gst_event_new_custom creating new event 0xf39dd630 caps 12814
05-10 10:02:54.152  4415  4500 D GStreamer+GST_ELEMENT_FACTORY: 0:02:33.368077337 0xf37ecec0 gstelementfactory.c:848:gst_element_factory_list_filter Trying amcviddec-omxgooglempeg4decoder
05-10 10:02:54.152  4415  4501 D GStreamer+GST_PADS: 0:02:33.368098587 0xf37ecf50 gstpad.c:5053:store_sticky_event:<h264parse1:src> notify caps
05-10 10:02:54.152  4415  4500 D GStreamer+GST_ELEMENT_FACTORY: 0:02:33.368119577 0xf37ecec0 gstelementfactory.c:848:gst_element_factory_list_filter Trying amcviddec-omxgooglevp8decoder
05-10 10:02:54.152  4415  4501 D GStreamer+GST_PADS: 0:02:33.368153952 0xf37ecf50 gstpad.c:3813:check_sticky:<h264parse1:src> pushing all sticky events
05-10 10:02:54.152  4415  4500 D GStreamer+GST_ELEMENT_FACTORY: 0:02:33.368174577 0xf37ecec0 gstelementfactory.c:848:gst_element_factory_list_filter Trying amcviddec-omxgooglevp9decoder
05-10 10:02:54.152  4415  4501 D GStreamer+GST_PADS: 0:02:33.368197910 0xf37ecf50 gstpad.c:3745:push_sticky:<h264parse1:src> event stream-start was already received
05-10 10:02:54.152  4415  4500 D GStreamer+GST_ELEMENT_FACTORY: 0:02:33.368208118 0xf37ecec0 gstelementfactory.c:848:gst_element_factory_list_filter Trying auparse
05-10 10:02:54.152  4415  4500 D GStreamer+GST_ELEMENT_FACTORY: 0:02:33.368254160 0xf37ecec0 gstelementfactory.c:848:gst_element_factory_list_filter Trying ivorbisdec
05-10 10:02:54.152  4415  4501 D GStreamer+GST_EVENT: 0:02:33.368293379 0xf37ecf50 gstpad.c:5496:gst_pad_send_event_unchecked:<capsfilter1:sink> have event type caps event: 0xf39dd630, time 99:99:99.999999999, seq-num 191, GstEventCaps, caps=(GstCaps)"video/x-h264\,\ stream-format\=\(string\)byte-stream\,\ alignment\=\(string\)au\,\ level\=\(string\)4\,\ profile\=\(string\)baseline\,\ width\=\(int\)1280\,\ height\=\(int\)1440\,\ framerate\=\(fraction\)151/3\,\ pixel-aspect-ratio\=\(fraction\)1/1\,\ parsed\=\(boolean\)true";
05-10 10:02:54.152  4415  4500 D GStreamer+GST_ELEMENT_FACTORY: 0:02:33.368308535 0xf37ecec0 gstelementfactory.c:848:gst_element_factory_list_filter Trying rtpL16depay
05-10 10:02:54.152  4415  4500 D GStreamer+GST_ELEMENT_FACTORY: 0:02:33.368356087 0xf37ecec0 gstelementfactory.c:848:gst_element_factory_list_filter Trying rtpL24depay
05-10 10:02:54.152  4415  4501 D GStreamer+GST_CAPS: 0:02:33.368374264 0xf37ecf50 gstutils.c:2921:gst_pad_query_accept_caps:<capsfilter1:sink> accept caps of video/x-h264, stream-format=(string)byte-stream, alignment=(string)au, level=(string)4, profile=(string)baseline, width=(int)1280, height=(int)1440, framerate=(fraction)151/3, pixel-aspect-ratio=(fraction)1/1, parsed=(boolean)true
05-10 10:02:54.152  4415  4500 D GStreamer+GST_ELEMENT_FACTORY: 0:02:33.368393327 0xf37ecec0 gstelementfactory.c:848:gst_element_factory_list_filter Trying rtpac3depay
05-10 10:02:54.152  4415  4501 D GStreamer+query: 0:02:33.368422598 0xf37ecf50 gstquery.c:674:gst_query_new_custom creating new query 0xf3a48720 accept-caps
05-10 10:02:54.152  4415  4500 D GStreamer+GST_ELEMENT_FACTORY: 0:02:33.368437285 0xf37ecec0 gstelementfactory.c:848:gst_element_factory_list_filter Trying rtpamrdepay
05-10 10:02:54.152  4415  4501 D GStreamer+GST_PADS: 0:02:33.368461191 0xf37ecf50 gstpad.c:3882:gst_pad_query:<capsfilter1:sink> doing query 0xf3a48720 (accept-caps)
05-10 10:02:54.152  4415  4500 D GStreamer+GST_ELEMENT_FACTORY: 0:02:33.368492754 0xf37ecec0 gstelementfactory.c:848:gst_element_factory_list_filter Trying rtpbvdepay
05-10 10:02:54.152  4415  4501 D GStreamer+capsfilter: 0:02:33.368520879 0xf37ecf50 gstcapsfilter.c:340:gst_capsfilter_accept_caps:<capsfilter1> can intersect: 1
05-10 10:02:54.152  4415  4500 D GStreamer+GST_ELEMENT_FACTORY: 0:02:33.368536295 0xf37ecec0 gstelementfactory.c:848:gst_element_factory_list_filter Trying rtpceltdepay
05-10 10:02:54.152  4415  4501 D GStreamer+GST_PADS: 0:02:33.368561920 0xf37ecf50 gstpad.c:3905:gst_pad_query:<capsfilter1:sink> sent query 0xf3a48720 (accept-caps), result 1
05-10 10:02:54.152  4415  4500 D GStreamer+GST_ELEMENT_FACTORY: 0:02:33.368584160 0xf37ecec0 gstelementfactory.c:848:gst_element_factory_list_filter Trying rtpdvdepay
05-10 10:02:54.152  4415  4501 D GStreamer+default: 0:02:33.368600879 0xf37ecf50 gstutils.c:2926:gst_pad_query_accept_caps:<capsfilter1:sink> query returned 1
05-10 10:02:54.152  4415  4500 D GStreamer+GST_ELEMENT_FACTORY: 0:02:33.368621400 0xf37ecec0 gstelementfactory.c:848:gst_element_factory_list_filter Trying rtpg722depay
05-10 10:02:54.152  4415  4501 D GStreamer+GST_PADS: 0:02:33.368645045 0xf37ecf50 gstpad.c:1591:gst_pad_check_reconfigure:<capsfilter1:src> remove RECONFIGURE flag
05-10 10:02:54.152  4415  4500 D GStreamer+GST_ELEMENT_FACTORY: 0:02:33.368656712 0xf37ecec0 gstelementfactory.c:848:gst_element_factory_list_filter Trying rtpg723depay
05-10 10:02:54.152  4415  4501 D GStreamer+basetransform: 0:02:33.368718327 0xf37ecf50 gstbasetransform.c:1356:gst_base_transform_setcaps:<capsfilter1:sink> have new caps 0xf3c3b4f0 video/x-h264, stream-format=(string)byte-stream, alignment=(string)au, level=(string)4, profile=(string)baseline, width=(int)1280, height=(int)1440, framerate=(fraction)151/3, pixel-aspect-ratio=(fraction)1/1, parsed=(boolean)true
05-10 10:02:54.152  4415  4500 D GStreamer+GST_ELEMENT_FACTORY: 0:02:33.368723691 0xf37ecec0 gstelementfactory.c:848:gst_element_factory_list_filter Trying rtpg726depay
05-10 10:02:54.152  4415  4500 D GStreamer+GST_ELEMENT_FACTORY: 0:02:33.368760931 0xf37ecec0 gstelementfactory.c:848:gst_element_factory_list_filter Trying rtpg729depay
05-10 10:02:54.152  4415  4501 D GStreamer+basetransform: 0:02:33.368778170 0xf37ecf50 gstbasetransform.c:533:gst_base_transform_transform_caps:<capsfilter1> transform caps (direction = 2)
05-10 10:02:54.152  4415  4500 D GStreamer+GST_ELEMENT_FACTORY: 0:02:33.368806712 0xf37ecec0 gstelementfactory.c:848:gst_element_factory_list_filter Trying rtpgsmdepay
05-10 10:02:54.152  4415  4500 D GStreamer+GST_ELEMENT_FACTORY: 0:02:33.368843900 0xf37ecec0 gstelementfactory.c:848:gst_element_factory_list_filter Trying rtph261depay
05-10 10:02:54.152  4415  4500 D GStreamer+GST_ELEMENT_FACTORY: 0:02:33.368877754 0xf37ecec0 gstelementfactory.c:848:gst_element_factory_list_filter Trying rtph263depay
05-10 10:02:54.152  4415  4501 D GStreamer+capsfilter: 0:02:33.368906556 0xf37ecf50 gstcapsfilter.c:295:gst_capsfilter_transform_caps:<capsfilter1> input:     video/x-h264, stream-format=(string)byte-stream, alignment=(string)au, level=(string)4, profile=(string)baseline, width=(int)1280, height=(int)1440, framerate=(fraction)151/3, pixel-aspect-ratio=(fraction)1/1, parsed=(boolean)true
05-10 10:02:54.152  4415  4500 D GStreamer+GST_ELEMENT_FACTORY: 0:02:33.368924941 0xf37ecec0 gstelementfactory.c:848:gst_element_factory_list_filter Trying rtph263pdepay
05-10 10:02:54.153  4415  4500 D GStreamer+GST_ELEMENT_FACTORY: 0:02:33.368956868 0xf37ecec0 gstelementfactory.c:848:gst_element_factory_list_filter Trying rtph264depay
05-10 10:02:54.153  4415  4501 D GStreamer+capsfilter: 0:02:33.368963743 0xf37ecf50 gstcapsfilter.c:296:gst_capsfilter_transform_caps:<capsfilter1> filter:    (NULL)
05-10 10:02:54.153  4415  4500 D GStreamer+GST_ELEMENT_FACTORY: 0:02:33.368987389 0xf37ecec0 gstelementfactory.c:848:gst_element_factory_list_filter Trying rtph265depay
05-10 10:02:54.153  4415  4500 D GStreamer+GST_ELEMENT_FACTORY: 0:02:33.369040045 0xf37ecec0 gstelementfactory.c:848:gst_element_factory_list_filter Trying rtpilbcdepay
05-10 10:02:54.153  4415  4500 D GStreamer+GST_ELEMENT_FACTORY: 0:02:33.369081712 0xf37ecec0 gstelementfactory.c:848:gst_element_factory_list_filter Trying rtpj2kdepay
05-10 10:02:54.153  4415  4500 D GStreamer+GST_ELEMENT_FACTORY: 0:02:33.369130306 0xf37ecec0 gstelementfactory.c:848:gst_element_factory_list_filter Trying rtpjpegdepay
05-10 10:02:54.153  4415  4501 D GStreamer+capsfilter: 0:02:33.369164264 0xf37ecf50 gstcapsfilter.c:298:gst_capsfilter_transform_caps:<capsfilter1> caps filter:    video/x-h264, width=(int)[ 16, 4096 ], height=(int)[ 16, 4096 ], framerate=(fraction)[ 0/1, 2147483647/1 ], parsed=(boolean)true, stream-format=(string)byte-stream, alignment=(string)au, profile=(string)high; video/x-h264, width=(int)[ 16, 4096 ], height=(int)[ 16, 4096 ], framerate=(fraction)[ 0/1, 2147483647/1 ], parsed=(boolean)true, stream-format=(string)byte-stream, alignment=(string)au, profile=(string)main; video/x-h264, width=(int)[ 16, 4096 ], height=(int)[ 16, 4096 ], framerate=(fraction)[ 0/1, 2147483647/1 ], parsed=(boolean)true, stream-format=(string)byte-stream, alignment=(string)au, profile=(string)baseline; video/x-h264, width=(int)[ 16, 4096 ], height=(int)[ 16, 4096 ], framerate=(fraction)[ 0/1, 2147483647/1 ], parsed=(boolean)true, stream-format=(string)byte-stream, alignment=(string)au, profile=(string)constrained-baseline; video/x-h264, stream-format=(string)byte-stream, alignment
05-10 10:02:54.153  4415  4500 D GStreamer+GST_ELEMENT_FACTORY: 0:02:33.369179316 0xf37ecec0 gstelementfactory.c:848:gst_element_factory_list_filter Trying rtpklvdepay
05-10 10:02:54.153  4415  4500 D GStreamer+GST_ELEMENT_FACTORY: 0:02:33.369209681 0xf37ecec0 gstelementfactory.c:848:gst_element_factory_list_filter Trying rtpmp1sdepay
05-10 10:02:54.153  4415  4501 D GStreamer+capsfilter: 0:02:33.369253952 0xf37ecf50 gstcapsfilter.c:299:gst_capsfilter_transform_caps:<capsfilter1> intersect: video/x-h264, width=(int)1280, height=(int)1440, framerate=(fraction)151/3, parsed=(boolean)true, stream-format=(string)byte-stream, alignment=(string)au, profile=(string)baseline, level=(string)4, pixel-aspect-ratio=(fraction)1/1
05-10 10:02:54.153  4415  4500 D GStreamer+GST_ELEMENT_FACTORY: 0:02:33.369268900 0xf37ecec0 gstelementfactory.c:848:gst_element_factory_list_filter Trying rtpmp2tdepay
05-10 10:02:54.153  4415  4500 D GStreamer+GST_ELEMENT_FACTORY: 0:02:33.369300670 0xf37ecec0 gstelementfactory.c:848:gst_element_factory_list_filter Trying rtpmp4adepay
05-10 10:02:54.153  4415  4501 D GStreamer+basetransform: 0:02:33.369316243 0xf37ecf50 gstbasetransform.c:560:gst_base_transform_transform_caps:<capsfilter1> to: video/x-h264, width=(int)1280, height=(int)1440, framerate=(fraction)151/3, parsed=(boolean)true, stream-format=(string)byte-stream, alignment=(string)au, profile=(string)baseline, level=(string)4, pixel-aspect-ratio=(fraction)1/1
05-10 10:02:54.153  4415  4500 D GStreamer+GST_ELEMENT_FACTORY: 0:02:33.369349941 0xf37ecec0 gstelementfactory.c:848:gst_element_factory_list_filter Trying rtpmp4gdepay
05-10 10:02:54.153  4415  4501 D GStreamer+basetransform: 0:02:33.369367910 0xf37ecf50 gstbasetransform.c:1142:gst_base_transform_find_transform:<capsfilter1> intersecting against padtemplate ANY
05-10 10:02:54.153  4415  4500 D GStreamer+GST_ELEMENT_FACTORY: 0:02:33.369386087 0xf37ecec0 gstelementfactory.c:848:gst_element_factory_list_filter Trying rtpmp4vdepay
05-10 10:02:54.153  4415  4500 D GStreamer+GST_ELEMENT_FACTORY: 0:02:33.369414525 0xf37ecec0 gstelementfactory.c:848:gst_element_factory_list_filter Trying rtpmpadepay
05-10 10:02:54.153  4415  4501 D GStreamer+basetransform: 0:02:33.369439004 0xf37ecf50 gstbasetransform.c:1217:gst_base_transform_find_transform have fixed caps video/x-h264, width=(int)1280, height=(int)1440, framerate=(fraction)151/3, parsed=(boolean)true, stream-format=(string)byte-stream, alignment=(string)au, profile=(string)baseline, level=(string)4, pixel-aspect-ratio=(fraction)1/1
05-10 10:02:54.153  4415  4500 D GStreamer+GST_ELEMENT_FACTORY: 0:02:33.369466973 0xf37ecec0 gstelementfactory.c:848:gst_element_factory_list_filter Trying rtpmparobustdepay
05-10 10:02:54.153  4415  4500 D GStreamer+GST_ELEMENT_FACTORY: 0:02:33.369517077 0xf37ecec0 gstelementfactory.c:848:gst_element_factory_list_filter Trying rtpmpvdepay
05-10 10:02:54.153  4415  4501 D GStreamer+basetransform: 0:02:33.369543327 0xf37ecf50 gstbasetransform.c:1224:gst_base_transform_find_transform:<capsfilter1> calling fixate_caps for video/x-h264, width=(int)1280, height=(int)1440, framerate=(fraction)151/3, parsed=(boolean)true, stream-format=(string)byte-stream, alignment=(string)au, profile=(string)baseline, level=(string)4, pixel-aspect-ratio=(fraction)1/1 using caps video/x-h264, stream-format=(string)byte-stream, alignment=(string)au, level=(string)4, profile=(string)baseline, width=(int)1280, height=(int)1440, framerate=(fraction)151/3, pixel-aspect-ratio=(fraction)1/1, parsed=(boolean)true on pad capsfilter1:src
05-10 10:02:54.153  4415  4500 D GStreamer+GST_ELEMENT_FACTORY: 0:02:33.369567077 0xf37ecec0 gstelementfactory.c:848:gst_element_factory_list_filter Trying rtppcmadepay
05-10 10:02:54.153  4415  4500 D GStreamer+GST_ELEMENT_FACTORY: 0:02:33.369610098 0xf37ecec0 gstelementfactory.c:848:gst_element_factory_list_filter Trying rtppcmudepay
05-10 10:02:54.153  4415  4501 D GStreamer+basetransform: 0:02:33.369628691 0xf37ecf50 gstbasetransform.c:1091:gst_base_transform_default_fixate_caps:<capsfilter1> fixated to video/x-h264, width=(int)1280, height=(int)1440, framerate=(fraction)151/3, parsed=(boolean)true, stream-format=(string)byte-stream, alignment=(string)au, profile=(string)baseline, level=(string)4, pixel-aspect-ratio=(fraction)1/1
05-10 10:02:54.153  4415  4500 D GStreamer+GST_ELEMENT_FACTORY: 0:02:33.369645098 0xf37ecec0 gstelementfactory.c:848:gst_element_factory_list_filter Trying rtpqcelpdepay
05-10 10:02:54.153  4415  4500 D GStreamer+GST_ELEMENT_FACTORY: 0:02:33.369694212 0xf37ecec0 gstelementfactory.c:848:gst_element_factory_list_filter Trying rtpqdm2depay
05-10 10:02:54.153  4415  4501 D GStreamer+basetransform: 0:02:33.369711712 0xf37ecf50 gstbasetransform.c:1230:gst_base_transform_find_transform:<capsfilter1> after fixating video/x-h264, width=(int)1280, height=(int)1440, framerate=(fraction)151/3, parsed=(boolean)true, stream-format=(string)byte-stream, alignment=(string)au, profile=(string)baseline, level=(string)4, pixel-aspect-ratio=(fraction)1/1
05-10 10:02:54.153  4415  4500 D GStreamer+GST_ELEMENT_FACTORY: 0:02:33.369729941 0xf37ecec0 gstelementfactory.c:848:gst_element_factory_list_filter Trying rtpsbcdepay
05-10 10:02:54.153  4415  4500 D GStreamer+GST_ELEMENT_FACTORY: 0:02:33.369776712 0xf37ecec0 gstelementfactory.c:848:gst_element_factory_list_filter Trying rtpsirendepay
05-10 10:02:54.153  4415  4501 D GStreamer+GST_CAPS: 0:02:33.369794733 0xf37ecf50 gstutils.c:2921:gst_pad_query_accept_caps:<decodepad1:proxypad5> accept caps of video/x-h264, width=(int)1280, height=(int)1440, framerate=(fraction)151/3, parsed=(boolean)true, stream-format=(string)byte-stream, alignment=(string)au, profile=(string)baseline, level=(string)4, pixel-aspect-ratio=(fraction)1/1
05-10 10:02:54.153  4415  4500 D GStreamer+GST_ELEMENT_FACTORY: 0:02:33.369814160 0xf37ecec0 gstelementfactory.c:848:gst_element_factory_list_filter Trying rtpspeexdepay
05-10 10:02:54.153  4415  4501 D GStreamer+query: 0:02:33.369842493 0xf37ecf50 gstquery.c:674:gst_query_new_custom creating new query 0xf3a48600 accept-caps
05-10 10:02:54.153  4415  4500 D GStreamer+GST_ELEMENT_FACTORY: 0:02:33.369857754 0xf37ecec0 gstelementfactory.c:848:gst_element_factory_list_filter Trying rtpsv3vdepay
05-10 10:02:54.153  4415  4501 D GStreamer+GST_PADS: 0:02:33.369885306 0xf37ecf50 gstpad.c:3882:gst_pad_query:<decodepad1:proxypad5> doing query 0xf3a48600 (accept-caps)
05-10 10:02:54.153  4415  4500 D GStreamer+GST_ELEMENT_FACTORY: 0:02:33.369908639 0xf37ecec0 gstelementfactory.c:848:gst_element_factory_list_filter Trying rtptheoradepay
05-10 10:02:54.154  4415  4500 D GStreamer+GST_ELEMENT_FACTORY: 0:02:33.369942545 0xf37ecec0 gstelementfactory.c:848:gst_element_factory_list_filter Trying rtpvorbisdepay
05-10 10:02:54.154  4415  4501 D GStreamer+decodebin: 0:02:33.369976295 0xf37ecf50 gstdecodebin2.c:5033:gst_decode_pad_query:<forhwgl> calling autoplug-query for decodepad1 (element h264parse1): accept-caps query: 0xf3a48600, GstQueryAcceptCaps, caps=(GstCaps)"video/x-h264\,\ width\=\(int\)1280\,\ height\=\(int\)1440\,\ framerate\=\(fraction\)151/3\,\ parsed\=\(boolean\)true\,\ stream-format\=\(string\)byte-stream\,\ alignment\=\(string\)au\,\ profile\=\(string\)baseline\,\ level\=\(string\)4\,\ pixel-aspect-ratio\=\(fraction\)1/1", result=(boolean)false;
05-10 10:02:54.154  4415  4500 D GStreamer+GST_ELEMENT_FACTORY: 0:02:33.370002910 0xf37ecec0 gstelementfactory.c:848:gst_element_factory_list_filter Trying rtpvrawdepay
05-10 10:02:54.154  4415  4501 D GStreamer+decodebin: 0:02:33.370025723 0xf37ecf50 gstdecodebin2.c:5042:gst_decode_pad_query:<forhwgl> autoplug-query returned 0
05-10 10:02:54.154  4415  4500 D GStreamer+GST_ELEMENT_FACTORY: 0:02:33.370043587 0xf37ecec0 gstelementfactory.c:848:gst_element_factory_list_filter Trying y4mdec
05-10 10:02:54.154  4415  4500 D GStreamer+GST_ELEMENT_FACTORY: 0:02:33.370072233 0xf37ecec0 gstelementfactory.c:848:gst_element_factory_list_filter Trying dvdec
05-10 10:02:54.154  4415  4500 D GStreamer+GST_ELEMENT_FACTORY: 0:02:33.370121504 0xf37ecec0 gstelementfactory.c:848:gst_element_factory_list_filter Trying openh264dec
05-10 10:02:54.154  4415  4501 D GStreamer+GST_PADS: 0:02:33.370128483 0xf37ecf50 gstpad.c:3035:gst_pad_query_accept_caps_default:<decodepad1:proxypad5> query accept-caps accept-caps query: 0xf3a48600, GstQueryAcceptCaps, caps=(GstCaps)"video/x-h264\,\ width\=\(int\)1280\,\ height\=\(int\)1440\,\ framerate\=\(fraction\)151/3\,\ parsed\=\(boolean\)true\,\ stream-format\=\(string\)byte-stream\,\ alignment\=\(string\)au\,\ profile\=\(string\)baseline\,\ level\=\(string\)4\,\ pixel-aspect-ratio\=\(fraction\)1/1", result=(boolean)false;
05-10 10:02:54.154  4415  4500 D GStreamer+GST_ELEMENT_FACTORY: 0:02:33.370152910 0xf37ecec0 gstelementfactory.c:848:gst_element_factory_list_filter Trying rtpgstdepay
05-10 10:02:54.154  4415  4501 D GStreamer+GST_PADS: 0:02:33.370172025 0xf37ecf50 gstutils.c:2530:gst_pad_proxy_query_accept_caps:<decodepad1:proxypad5> proxying accept caps query for decodepad1:proxypad5
05-10 10:02:54.154  4415  4500 D GStreamer+GST_ELEMENT_FACTORY: 0:02:33.370187962 0xf37ecec0 gstelementfactory.c:848:gst_element_factory_list_filter Trying rtpvp8depay
05-10 10:02:54.154  4415  4501 D GStreamer+GST_PADS: 0:02:33.370220098 0xf37ecf50 gstpad.c:4009:gst_pad_peer_query:<'':decodepad1> peer query 0xf3a48600 (accept-caps)
05-10 10:02:54.154  4415  4500 D GStreamer+GST_ELEMENT_FACTORY: 0:02:33.370232129 0xf37ecec0 gstelementfactory.c:848:gst_element_factory_list_filter Trying rtpvp9depay
05-10 10:02:54.154  4415  4501 I GStreamer+GST_PADS: 0:02:33.370261452 0xf37ecf50 gstpad.c:4065:gst_pad_peer_query:<'':decodepad1> pad has no peer
05-10 10:02:54.154  4415  4500 D GStreamer+GST_ELEMENT_FACTORY: 0:02:33.370276452 0xf37ecec0 gstelementfactory.c:848:gst_element_factory_list_filter Trying rtpxqtdepay
05-10 10:02:54.154  4415  4501 D GStreamer+GST_PADS: 0:02:33.370305410 0xf37ecf50 gstutils.c:2541:gst_pad_proxy_query_accept_caps:<decodepad1:proxypad5> proxying accept caps query: 1
05-10 10:02:54.154  4415  4500 D GStreamer+GST_ELEMENT_FACTORY: 0:02:33.370333743 0xf37ecec0 gstelementfactory.c:848:gst_element_factory_list_filter Trying sirendec
05-10 10:02:54.154  4415  4501 D GStreamer+GST_PADS: 0:02:33.370376816 0xf37ecf50 gstpad.c:3065:gst_pad_query_accept_caps_default:<decodepad1:proxypad5> allowed caps subset ANY, caps video/x-h264, width=(int)1280, height=(int)1440, framerate=(fraction)151/3, parsed=(boolean)true, stream-format=(string)byte-stream, alignment=(string)au, profile=(string)baseline, level=(string)4, pixel-aspect-ratio=(fraction)1/1
05-10 10:02:54.154  4415  4500 D GStreamer+decodebin: 0:02:33.370392962 0xf37ecec0 gstdecodebin2.c:1417:gst_decode_bin_autoplug_factories:<decodebin1> autoplug-factories returns 0xf3c50610
05-10 10:02:54.154  4415  4501 D GStreamer+GST_PADS: 0:02:33.370421295 0xf37ecf50 gstpad.c:3339:gst_pad_query_default:<decodepad1:proxypad5> not forwarding 0xf3a48600 (accept-caps) query
05-10 10:02:54.154  4415  4501 D GStreamer+GST_PADS: 0:02:33.370468118 0xf37ecf50 gstpad.c:3905:gst_pad_query:<decodepad1:proxypad5> sent query 0xf3a48600 (accept-caps), result 1
05-10 10:02:54.154  4415  4501 D GStreamer+default: 0:02:33.370526452 0xf37ecf50 gstutils.c:2926:gst_pad_query_accept_caps:<decodepad1:proxypad5> query returned 1
05-10 10:02:54.154  4415  4500 D GStreamer+decodebin: 0:02:33.370514473 0xf37ecec0 gstdecodebin2.c:2100:connect_pad:<decodebin1> pad mpegaudioparse0:src , chain:0xf3ad0958, 2 factories, caps audio/mpeg, mpegversion=(int)1, mpegaudioversion=(int)2, layer=(int)3, rate=(int)24000, channels=(int)1, parsed=(boolean)true
05-10 10:02:54.154  4415  4500 D GStreamer+GST_PADS: 0:02:33.370580983 0xf37ecec0 gstghostpad.c:840:gst_ghost_pad_set_target:<'':decodepad0> set target mpegaudioparse0:src
05-10 10:02:54.154  4415  4500 I GStreamer+GST_ELEMENT_PADS: 0:02:33.370658275 0xf37ecec0 gstpad.c:2048:gst_pad_unlink unlinking mpegaudioparse0:src(0xf3c73178) and decodepad0:proxypad4(0xf39c6bb0)
05-10 10:02:54.154  4415  4501 D GStreamer+basetransform: 0:02:33.370676504 0xf37ecf50 gstbasetransform.c:1242:gst_base_transform_find_transform:<capsfilter1> Input caps were video/x-h264, stream-format=(string)byte-stream, alignment=(string)au, level=(string)4, profile=(string)baseline, width=(int)1280, height=(int)1440, framerate=(fraction)151/3, pixel-aspect-ratio=(fraction)1/1, parsed=(boolean)true, and got final caps video/x-h264, width=(int)1280, height=(int)1440, framerate=(fraction)151/3, parsed=(boolean)true, stream-format=(string)byte-stream, alignment=(string)au, profile=(string)baseline, level=(string)4, pixel-aspect-ratio=(fraction)1/1
05-10 10:02:54.154  4415  4501 I GStreamer+basetransform: 0:02:33.370724733 0xf37ecf50 gstbasetransform.c:1367:gst_base_transform_setcaps:<capsfilter1> reuse caps
05-10 10:02:54.154  4415  4501 D GStreamer+GST_CAPS: 0:02:33.370772754 0xf37ecf50 gstpad.c:2648:gst_pad_get_current_caps:<capsfilter1:sink> get current pad caps (NULL)
05-10 10:02:54.154  4415  4500 D GStreamer+GST_BUS: 0:02:33.370778952 0xf37ecec0 gstbus.c:309:gst_bus_post:<bus2> [msg 0xf3abcc10] posting on bus structure-change message: 0xf3abcc10, time 99:99:99.999999999, seq-num 192, element 'proxypad4', GstMessageStructureChange, type=(GstStructureChangeType)GST_STRUCTURE_CHANGE_TYPE_PAD_UNLINK, owner=(GstElement)"\(GstMpegAudioParse\)\ mpegaudioparse0", busy=(boolean)true;
05-10 10:02:54.154  4415  4501 D GStreamer+GST_CAPS: 0:02:33.370820514 0xf37ecf50 gstpad.c:2648:gst_pad_get_current_caps:<capsfilter1:src> get current pad caps (NULL)
05-10 10:02:54.154  4415  4500 D GStreamer+bin: 0:02:33.370836295 0xf37ecec0 gstbin.c:3528:gst_bin_handle_message_func:<decodebin1> [msg 0xf3abcc10] handling child proxypad4 message of type structure-change
05-10 10:02:54.154  4415  4501 D GStreamer+basetransform: 0:02:33.370882858 0xf37ecf50 gstbasetransform.c:1061:gst_base_transform_configure_caps:<capsfilter1> in caps:  video/x-h264, stream-format=(string)byte-stream, alignment=(string)au, level=(string)4, profile=(string)baseline, width=(int)1280, height=(int)1440, framerate=(fraction)151/3, pixel-aspect-ratio=(fraction)1/1, parsed=(boolean)true
05-10 10:02:54.154  4415  4500 D GStreamer+bin: 0:02:33.370895098 0xf37ecec0 gstbin.c:882:find_message:<decodebin1> no message found matching types 00001000
05-10 10:02:54.154  4415  4500 D GStreamer+bin: 0:02:33.370933691 0xf37ecec0 gstbin.c:889:find_message:<decodebin1>   structure-change
05-10 10:02:54.155  4415  4501 D GStreamer+basetransform: 0:02:33.370953535 0xf37ecf50 gstbasetransform.c:1062:gst_base_transform_configure_caps:<capsfilter1> out caps: video/x-h264, stream-format=(string)byte-stream, alignment=(string)au, level=(string)4, profile=(string)baseline, width=(int)1280, height=(int)1440, framerate=(fraction)151/3, pixel-aspect-ratio=(fraction)1/1, parsed=(boolean)true
05-10 10:02:54.155  4415  4500 D GStreamer+bin: 0:02:33.370993743 0xf37ecec0 gstbin.c:929:bin_replace_message:<decodebin1> got new message 0xf3abcc10, structure-change from proxypad4
05-10 10:02:54.155  4415  4501 D GStreamer+basetransform: 0:02:33.371017545 0xf37ecf50 gstbasetransform.c:1070:gst_base_transform_configure_caps:<capsfilter1> have_same_caps: 1
05-10 10:02:54.155  4415  4500 D GStreamer+GST_BUS: 0:02:33.371040514 0xf37ecec0 gstbus.c:344:gst_bus_post:<bus2> [msg 0xf3abcc10] dropped
05-10 10:02:54.155  4415  4500 I GStreamer+GST_ELEMENT_PADS: 0:02:33.371103066 0xf37ecec0 gstpad.c:2102:gst_pad_unlink unlinked mpegaudioparse0:src and decodepad0:proxypad4
05-10 10:02:54.155  4415  4501 I GStreamer+GST_EVENT: 0:02:33.371119525 0xf37ecf50 gstevent.c:679:gst_event_new_caps creating caps event video/x-h264, stream-format=(string)byte-stream, alignment=(string)au, level=(string)4, profile=(string)baseline, width=(int)1280, height=(int)1440, framerate=(fraction)151/3, pixel-aspect-ratio=(fraction)1/1, parsed=(boolean)true
05-10 10:02:54.155  4415  4501 D GStreamer+GST_EVENT: 0:02:33.371164108 0xf37ecf50 gstevent.c:302:gst_event_new_custom creating new event 0xf39dd678 caps 12814
05-10 10:02:54.155  4415  4500 D GStreamer+GST_BUS: 0:02:33.371184629 0xf37ecec0 gstbus.c:309:gst_bus_post:<bus2> [msg 0xf3abcb78] posting on bus structure-change message: 0xf3abcb78, time 99:99:99.999999999, seq-num 193, element 'proxypad4', GstMessageStructureChange, type=(GstStructureChangeType)GST_STRUCTURE_CHANGE_TYPE_PAD_UNLINK, owner=(GstElement)"\(GstMpegAudioParse\)\ mpegaudioparse0", busy=(boolean)false;
05-10 10:02:54.155  4415  4501 D GStreamer+GST_PADS: 0:02:33.371198066 0xf37ecf50 gstpad.c:5053:store_sticky_event:<capsfilter1:src> notify caps
05-10 10:02:54.155  4415  4500 D GStreamer+bin: 0:02:33.371249889 0xf37ecec0 gstbin.c:3528:gst_bin_handle_message_func:<decodebin1> [msg 0xf3abcb78] handling child proxypad4 message of type structure-change
05-10 10:02:54.155  4415  4501 D GStreamer+decodebin: 0:02:33.371268587 0xf37ecf50 gstdecodebin2.c:2921:pad_added_cb:<capsfilter1:src> pad added, chain:0xf3c1b808
05-10 10:02:54.155  4415  4500 D GStreamer+bin: 0:02:33.371308431 0xf37ecec0 gstbin.c:957:bin_remove_messages:<decodepad0:proxypad4> deleting message 0xf3abcc10 of types 0x00001000
05-10 10:02:54.155  4415  4501 D GStreamer+GST_CAPS: 0:02:33.371350827 0xf37ecf50 gstpad.c:2648:gst_pad_get_current_caps:<capsfilter1:src> get current pad caps video/x-h264, stream-format=(string)byte-stream, alignment=(string)au, level=(string)4, profile=(string)baseline, width=(int)1280, height=(int)1440, framerate=(fraction)151/3, pixel-aspect-ratio=(fraction)1/1, parsed=(boolean)true
05-10 10:02:54.155  4415  4500 D GStreamer+bin: 0:02:33.371365827 0xf37ecec0 gstbin.c:963:bin_remove_messages:<decodebin1> not deleting message 0xf37f5b28 of type 0x00100000
05-10 10:02:54.155  4415  4500 D GStreamer+GST_BUS: 0:02:33.371425150 0xf37ecec0 gstbus.c:344:gst_bus_post:<bus2> [msg 0xf3abcb78] dropped
05-10 10:02:54.155  4415  4501 D GStreamer+decodebin: 0:02:33.371442598 0xf37ecf50 gstdecodebin2.c:1531:analyze_new_pad:<forhwgl> Pad capsfilter1:src caps:video/x-h264, stream-format=(string)byte-stream, alignment=(string)au, level=(string)4, profile=(string)baseline, width=(int)1280, height=(int)1440, framerate=(fraction)151/3, pixel-aspect-ratio=(fraction)1/1, parsed=(boolean)true
05-10 10:02:54.155  4415  4500 D GStreamer+GST_PADS: 0:02:33.371472025 0xf37ecec0 gstghostpad.c:862:gst_ghost_pad_set_target:<'':decodepad0> connecting internal pad to target <mpegaudioparse0:src>
05-10 10:02:54.155  4415  4501 D GStreamer+GST_PADS: 0:02:33.371517754 0xf37ecf50 gstpad.c:1062:gst_pad_set_active:<'':decodepad1> pad was active in push mode
05-10 10:02:54.155  4415  4501 D GStreamer+GST_PADS: 0:02:33.371660983 0xf37ecf50 gstghostpad.c:840:gst_ghost_pad_set_target:<'':decodepad1> set target capsfilter1:src
05-10 10:02:54.155  4415  4500 D GStreamer+GST_BUS: 0:02:33.371673327 0xf37ecec0 gstbus.c:309:gst_bus_post:<bus2> [msg 0xf3abcb20] posting on bus structure-change message: 0xf3abcb20, time 99:99:99.999999999, seq-num 195, element 'proxypad4', GstMessageStructureChange, type=(GstStructureChangeType)GST_STRUCTURE_CHANGE_TYPE_PAD_LINK, owner=(GstElement)"\(GstMpegAudioParse\)\ mpegaudioparse0", busy=(boolean)true;
05-10 10:02:54.155  4415  4501 I GStreamer+GST_ELEMENT_PADS: 0:02:33.371714473 0xf37ecf50 gstpad.c:2048:gst_pad_unlink unlinking capsfilter1:src(0xf3a3ae98) and decodepad1:proxypad5(0xf39df1b0)
05-10 10:02:54.155  4415  4500 D GStreamer+bin: 0:02:33.371732285 0xf37ecec0 gstbin.c:3528:gst_bin_handle_message_func:<decodebin1> [msg 0xf3abcb20] handling child proxypad4 message of type structure-change
05-10 10:02:54.155  4415  4500 D GStreamer+bin: 0:02:33.371793118 0xf37ecec0 gstbin.c:882:find_message:<decodebin1> no message found matching types 00001000
05-10 10:02:54.155  4415  4501 D GStreamer+GST_BUS: 0:02:33.371810150 0xf37ecf50 gstbus.c:309:gst_bus_post:<bus0> [msg 0xf3abdad8] posting on bus structure-change message: 0xf3abdad8, time 99:99:99.999999999, seq-num 196, element 'proxypad5', GstMessageStructureChange, type=(GstStructureChangeType)GST_STRUCTURE_CHANGE_TYPE_PAD_UNLINK, owner=(GstElement)"\(GstCapsFilter\)\ capsfilter1", busy=(boolean)true;
05-10 10:02:54.155  4415  4500 D GStreamer+bin: 0:02:33.371836295 0xf37ecec0 gstbin.c:889:find_message:<decodebin1>   structure-change
05-10 10:02:54.155  4415  4501 D GStreamer+bin: 0:02:33.371864368 0xf37ecf50 gstbin.c:3528:gst_bin_handle_message_func:<forhwgl> [msg 0xf3abdad8] handling child proxypad5 message of type structure-change
05-10 10:02:54.155  4415  4500 D GStreamer+bin: 0:02:33.371896816 0xf37ecec0 gstbin.c:929:bin_replace_message:<decodebin1> got new message 0xf3abcb20, structure-change from proxypad4
05-10 10:02:54.155  4415  4501 D GStreamer+bin: 0:02:33.371913535 0xf37ecf50 gstbin.c:882:find_message:<forhwgl> no message found matching types 00001000
05-10 10:02:54.155  4415  4500 D GStreamer+GST_BUS: 0:02:33.371937077 0xf37ecec0 gstbus.c:344:gst_bus_post:<bus2> [msg 0xf3abcb20] dropped
05-10 10:02:54.156  4415  4501 D GStreamer+bin: 0:02:33.371958535 0xf37ecf50 gstbin.c:889:find_message:<forhwgl>   structure-change
05-10 10:02:54.156  4415  4500 I GStreamer+GST_PADS: 0:02:33.372005202 0xf37ecec0 gstpad.c:2292:gst_pad_link_prepare trying to link mpegaudioparse0:src and decodepad0:proxypad4
05-10 10:02:54.156  4415  4501 D GStreamer+bin: 0:02:33.372022337 0xf37ecf50 gstbin.c:929:bin_replace_message:<forhwgl> got new message 0xf3abdad8, structure-change from proxypad5
05-10 10:02:54.156  4415  4500 I GStreamer+GST_PADS: 0:02:33.372044733 0xf37ecec0 gstpad.c:2498:gst_pad_link_full linked mpegaudioparse0:src and decodepad0:proxypad4, successful
05-10 10:02:54.156  4415  4501 D GStreamer+GST_BUS: 0:02:33.372060723 0xf37ecf50 gstbus.c:344:gst_bus_post:<bus0> [msg 0xf3abdad8] dropped
05-10 10:02:54.156  4415  4500 I GStreamer+GST_EVENT: 0:02:33.372091087 0xf37ecec0 gstevent.c:1382:gst_event_new_reconfigure creating reconfigure event
05-10 10:02:54.156  4415  4501 I GStreamer+GST_ELEMENT_PADS: 0:02:33.372101191 0xf37ecf50 gstpad.c:2102:gst_pad_unlink unlinked capsfilter1:src and decodepad1:proxypad5
05-10 10:02:54.156  4415  4500 D GStreamer+GST_EVENT: 0:02:33.372126816 0xf37ecec0 gstevent.c:302:gst_event_new_custom creating new event 0xf39db5f8 reconfigure 61441
05-10 10:02:54.156  4415  4501 D GStreamer+GST_BUS: 0:02:33.372189733 0xf37ecf50 gstbus.c:309:gst_bus_post:<bus0> [msg 0xf3abda80] posting on bus structure-change message: 0xf3abda80, time 99:99:99.999999999, seq-num 197, element 'proxypad5', GstMessageStructureChange, type=(GstStructureChangeType)GST_STRUCTURE_CHANGE_TYPE_PAD_UNLINK, owner=(GstElement)"\(GstCapsFilter\)\ capsfilter1", busy=(boolean)false;
05-10 10:02:54.156  4415  4500 D GStreamer+GST_EVENT: 0:02:33.372214108 0xf37ecec0 gstpad.c:5496:gst_pad_send_event_unchecked:<mpegaudioparse0:src> have event type reconfigure event: 0xf39db5f8, time 99:99:99.999999999, seq-num 198, (NULL)
05-10 10:02:54.156  4415  4501 D GStreamer+bin: 0:02:33.372238535 0xf37ecf50 gstbin.c:3528:gst_bin_handle_message_func:<forhwgl> [msg 0xf3abda80] handling child proxypad5 message of type structure-change
05-10 10:02:54.156  4415  4500 D GStreamer+baseparse: 0:02:33.372267181 0xf37ecec0 gstbaseparse.c:1611:gst_base_parse_src_event:<mpegaudioparse0> event 61441, reconfigure
05-10 10:02:54.156  4415  4501 D GStreamer+bin: 0:02:33.372281348 0xf37ecf50 gstbin.c:957:bin_remove_messages:<decodepad1:proxypad5> deleting message 0xf3abdad8 of types 0x00001000
05-10 10:02:54.156  4415  4500 D GStreamer+GST_PADS: 0:02:33.372323223 0xf37ecec0 gstpad.c:2803:gst_pad_iterate_internal_links_default:<mpegaudioparse0:src> Making iterator
05-10 10:02:54.156  4415  4501 D GStreamer+bin: 0:02:33.372340410 0xf37ecf50 gstbin.c:963:bin_remove_messages:<forhwgl> not deleting message 0xf3abced0 of type 0x00100000
05-10 10:02:54.156  4415  4501 D GStreamer+GST_BUS: 0:02:33.372385150 0xf37ecf50 gstbus.c:344:gst_bus_post:<bus0> [msg 0xf3abda80] dropped
05-10 10:02:54.156  4415  4500 D GStreamer+GST_EVENT: 0:02:33.372401243 0xf37ecec0 gstpad.c:5496:gst_pad_send_event_unchecked:<typefind:src> have event type reconfigure event: 0xf39db5f8, time 99:99:99.999999999, seq-num 198, (NULL)
