05-10 10:02:54.052  4415  4502 D GStreamer+qtdemux: 0:02:33.267965410 0xf37ecfb0 qtdemux.c:7882:qtdemux_parse_samples:<q> sample 3: index 3, timestamp 0:00:00.072000000
05-10 10:02:54.052  4415  4501 D GStreamer+GST_CAPS: 0:02:33.267985514 0xf37ecf50 gstpad.c:3135:gst_pad_query_caps_default:<typefind:sink> using caps 0xf3601918 ANY with filter 0xf3a2e028 video/x-h264, parsed=(boolean)true, stream-format=(string)byte-stream, alignment=(string)au
05-10 10:02:54.052  4415  4502 D GStreamer+qtdemux: 0:02:33.268006348 0xf37ecfb0 qtdemux.c:7982:qtdemux_parse_samples:<q> setting all keyframes
05-10 10:02:54.052  4415  4501 D GStreamer+GST_CAPS: 0:02:33.268041660 0xf37ecf50 gstpad.c:3138:gst_pad_query_caps_default:<typefind:sink> result 0xf3a2e028 video/x-h264, parsed=(boolean)true, stream-format=(string)byte-stream, alignment=(string)au
05-10 10:02:54.052  4415  4502 D GStreamer+qtdemux: 0:02:33.268076087 0xf37ecfb0 qtdemux.c:5197:gst_qtdemux_loop_state_movie:<q> pushing from stream 1, empty 0 offset 480, size 144, dts=0:00:00.072000000, pts=0:00:00.072000000, duration 0:00:00.024000000
05-10 10:02:54.052  4415  4501 D GStreamer+GST_PADS: 0:02:33.268094160 0xf37ecf50 gstpad.c:3339:gst_pad_query_default:<typefind:sink> not forwarding 0xf3ac5fb0 (caps) query
05-10 10:02:54.052  4415  4500 D GStreamer+decodebin: 0:02:33.268144316 0xf37ecec0 gstdecodebin2.c:5064:gst_decode_pad_new:<decodebin1> making new decodepad
05-10 10:02:54.052  4415  4502 D GStreamer+basesrc: 0:02:33.268150931 0xf37ecfb0 gstbasesrc.c:2355:gst_base_src_update_length:<filesrc0> reading offset 480, length 144, size 15003960, segment.stop -1, maxsize 15003960
05-10 10:02:54.052  4415  4502 D GStreamer+basesrc: 0:02:33.268192285 0xf37ecfb0 gstbasesrc.c:2456:gst_base_src_get_range:<filesrc0> calling create offset 480 length 144, time 0
05-10 10:02:54.052  4415  4501 D GStreamer+GST_PADS: 0:02:33.268248379 0xf37ecf50 gstpad.c:3905:gst_pad_query:<typefind:sink> sent query 0xf3ac5fb0 (caps), result 1
05-10 10:02:54.052  4415  4502 D GStreamer+GST_MEMORY: 0:02:33.268254681 0xf37ecfb0 gstmemory.c:138:gst_memory_init new memory 0xf39dab20, maxsize:147 offset:0 size:144
05-10 10:02:54.052  4415  4502 D GStreamer+basesrc: 0:02:33.268296504 0xf37ecfb0 gstbasesrc.c:2310:gst_base_src_do_sync:<filesrc0> we have no clock
05-10 10:02:54.052  4415  4501 D GStreamer+default: 0:02:33.268317441 0xf37ecf50 gstutils.c:2561:query_caps_func:<sink:proxypad0> intersect with result video/x-h264, parsed=(boolean)true, stream-format=(string)byte-stream, alignment=(string)au
05-10 10:02:54.052  4415  4502 D GStreamer+basesrc: 0:02:33.268330618 0xf37ecfb0 gstbasesrc.c:2520:gst_base_src_get_range:<filesrc0> buffer ok
05-10 10:02:54.052  4415  4501 D GStreamer+default: 0:02:33.268365775 0xf37ecf50 gstutils.c:2563:query_caps_func:<sink:proxypad0> intersected video/x-h264, parsed=(boolean)true, stream-format=(string)byte-stream, alignment=(string)au
05-10 10:02:54.052  4415  4502 D GStreamer+GST_SCHEDULING: 0:02:33.268407545 0xf37ecfb0 gstpad.c:4153:gst_pad_chain_data_unchecked:<queue2:sink> calling chainfunction &gst_queue_chain with buffer buffer: 0xf3ac2230, pts 0:00:00.072000000, dts 0:00:00.072000000, dur 0:00:00.024000000, size 144, offset none, offset_end none, flags 0x0
05-10 10:02:54.052  4415  4501 D GStreamer+GST_PADS: 0:02:33.268421504 0xf37ecf50 gstpad.c:3339:gst_pad_query_default:<forhwgl:sink> not forwarding 0xf3ac5fb0 (caps) query
05-10 10:02:54.052  4415  4502 D GStreamer+GST_SCHEDULING: 0:02:33.268482858 0xf37ecfb0 gstpad.c:4159:gst_pad_chain_data_unchecked:<queue2:sink> called chainfunction &gst_queue_chain with buffer 0xf3ac2230, returned ok
05-10 10:02:54.052  4415  4500 D GStreamer+GST_PADS: 0:02:33.268474264 0xf37ecec0 gstpad.c:1940:gst_pad_set_iterate_internal_links_function_full:<GstProxyPad@0xf39de030> internal link iterator set to gst_proxy_pad_iterate_internal_links_default
05-10 10:02:54.052  4415  4502 D GStreamer+qtdemux: 0:02:33.268534785 0xf37ecfb0 qtdemux.c:7675:qtdemux_parse_samples:<q> parsing up to sample 4
05-10 10:02:54.052  4415  4500 D GStreamer+GST_PADS: 0:02:33.268554993 0xf37ecec0 gstpad.c:1685:gst_pad_set_activatemode_function_full:<GstGhostPad@0xf39de030> activatemodefunc set to gst_ghost_pad_activate_mode_default
05-10 10:02:54.052  4415  4502 D GStreamer+qtdemux: 0:02:33.268585098 0xf37ecfb0 qtdemux.c:7882:qtdemux_parse_samples:<q> sample 4: index 4, timestamp 0:00:00.096000000
05-10 10:02:54.052  4415  4502 D GStreamer+qtdemux: 0:02:33.268623691 0xf37ecfb0 qtdemux.c:7982:qtdemux_parse_samples:<q> setting all keyframes
05-10 10:02:54.052  4415  4500 D GStreamer+GST_PADS: 0:02:33.268635410 0xf37ecec0 gstpad.c:1793:gst_pad_set_getrange_function_full:<'':decodepad0> getrangefunc set to gst_proxy_pad_getrange_default
05-10 10:02:54.052  4415  4502 D GStreamer+qtdemux: 0:02:33.268690462 0xf37ecfb0 qtdemux.c:5197:gst_qtdemux_loop_state_movie:<q> pushing from stream 1, empty 0 offset 624, size 144, dts=0:00:00.096000000, pts=0:00:00.096000000, duration 0:00:00.024000000
05-10 10:02:54.052  4415  4500 D GStreamer+GST_PADS: 0:02:33.268722910 0xf37ecec0 gstpad.c:1940:gst_pad_set_iterate_internal_links_function_full:<GstProxyPad@0xf39c6bb0> internal link iterator set to gst_proxy_pad_iterate_internal_links_default
05-10 10:02:54.052  4415  4502 D GStreamer+basesrc: 0:02:33.268738952 0xf37ecfb0 gstbasesrc.c:2355:gst_base_src_update_length:<filesrc0> reading offset 624, length 144, size 15003960, segment.stop -1, maxsize 15003960
05-10 10:02:54.052  4415  4502 D GStreamer+basesrc: 0:02:33.268776920 0xf37ecfb0 gstbasesrc.c:2456:gst_base_src_get_range:<filesrc0> calling create offset 624 length 144, time 0
05-10 10:02:54.052  4415  4500 D GStreamer+GST_PADS: 0:02:33.268789577 0xf37ecec0 gstpad.c:1720:gst_pad_set_chain_function_full:<'':proxypad4> chainfunc set to gst_proxy_pad_chain_default
05-10 10:02:54.052  4415  4502 D GStreamer+GST_MEMORY: 0:02:33.268815462 0xf37ecfb0 gstmemory.c:138:gst_memory_init new memory 0xf39dac08, maxsize:147 offset:0 size:144
05-10 10:02:54.052  4415  4500 D GStreamer+GST_PADS: 0:02:33.268831556 0xf37ecec0 gstpad.c:1757:gst_pad_set_chain_list_function_full:<'':proxypad4> chainlistfunc set to gst_proxy_pad_chain_list_default
05-10 10:02:54.052  4415  4502 D GStreamer+basesrc: 0:02:33.268854473 0xf37ecfb0 gstbasesrc.c:2310:gst_base_src_do_sync:<filesrc0> we have no clock
05-10 10:02:54.052  4415  4500 D GStreamer+GST_REFCOUNTING: 0:02:33.268872441 0xf37ecec0 gstobject.c:692:gst_object_set_parent:<'':proxypad4> set parent (ref and sink)
05-10 10:02:54.052  4415  4502 D GStreamer+basesrc: 0:02:33.268892806 0xf37ecfb0 gstbasesrc.c:2520:gst_base_src_get_range:<filesrc0> buffer ok
05-10 10:02:54.052  4415  4500 D GStreamer+GST_PADS: 0:02:33.268921400 0xf37ecec0 gstpad.c:1685:gst_pad_set_activatemode_function_full:<decodepad0:proxypad4> activatemodefunc set to gst_ghost_pad_internal_activate_mode_default
05-10 10:02:54.053  4415  4502 D GStreamer+GST_SCHEDULING: 0:02:33.268975150 0xf37ecfb0 gstpad.c:4153:gst_pad_chain_data_unchecked:<queue2:sink> calling chainfunction &gst_queue_chain with buffer buffer: 0xf3ac20f0, pts 0:00:00.096000000, dts 0:00:00.096000000, dur 0:00:00.024000000, size 144, offset none, offset_end none, flags 0x0
05-10 10:02:54.053  4415  4502 D GStreamer+GST_SCHEDULING: 0:02:33.269021608 0xf37ecfb0 gstpad.c:4159:gst_pad_chain_data_unchecked:<queue2:sink> called chainfunction &gst_queue_chain with buffer 0xf3ac20f0, returned ok
05-10 10:02:54.053  4415  4502 D GStreamer+qtdemux: 0:02:33.269063379 0xf37ecfb0 qtdemux.c:7675:qtdemux_parse_samples:<q> parsing up to sample 5
05-10 10:02:54.053  4415  4502 D GStreamer+qtdemux: 0:02:33.269111764 0xf37ecfb0 qtdemux.c:7882:qtdemux_parse_samples:<q> sample 5: index 5, timestamp 0:00:00.120000000
05-10 10:02:54.053  4415  4500 D GStreamer+GST_PADS: 0:02:33.269150566 0xf37ecec0 gstpad.c:1906:gst_pad_set_query_function_full:<decodepad0:proxypad4> queryfunc set to 0xdab9d991
05-10 10:02:54.053  4415  4502 D GStreamer+qtdemux: 0:02:33.269168379 0xf37ecfb0 qtdemux.c:7982:qtdemux_parse_samples:<q> setting all keyframes
05-10 10:02:54.053  4415  4502 D GStreamer+qtdemux: 0:02:33.269231660 0xf37ecfb0 qtdemux.c:5197:gst_qtdemux_loop_state_movie:<q> pushing from stream 1, empty 0 offset 768, size 144, dts=0:00:00.120000000, pts=0:00:00.120000000, duration 0:00:00.024000000
05-10 10:02:54.053  4415  4502 D GStreamer+basesrc: 0:02:33.269278170 0xf37ecfb0 gstbasesrc.c:2355:gst_base_src_update_length:<filesrc0> reading offset 768, length 144, size 15003960, segment.stop -1, maxsize 15003960
05-10 10:02:54.053  4415  4502 D GStreamer+basesrc: 0:02:33.269313795 0xf37ecfb0 gstbasesrc.c:2456:gst_base_src_get_range:<filesrc0> calling create offset 768 length 144, time 0
05-10 10:02:54.053  4415  4502 D GStreamer+GST_MEMORY: 0:02:33.269351400 0xf37ecfb0 gstmemory.c:138:gst_memory_init new memory 0xf39dacf0, maxsize:147 offset:0 size:144
05-10 10:02:54.053  4415  4500 D GStreamer+GST_PADS: 0:02:33.269377910 0xf37ecec0 gstpad.c:1826:gst_pad_set_event_function_full:<'':decodepad0> eventfunc for set to 0xdab9d7d9
05-10 10:02:54.053  4415  4502 D GStreamer+basesrc: 0:02:33.269393952 0xf37ecfb0 gstbasesrc.c:2310:gst_base_src_do_sync:<filesrc0> we have no clock
05-10 10:02:54.053  4415  4500 D GStreamer+GST_PADS: 0:02:33.269422077 0xf37ecec0 gstpad.c:1056:gst_pad_set_active:<'':decodepad0> activating pad from none
05-10 10:02:54.053  4415  4502 D GStreamer+basesrc: 0:02:33.269439160 0xf37ecfb0 gstbasesrc.c:2520:gst_base_src_get_range:<filesrc0> buffer ok
05-10 10:02:54.053  4415  4500 D GStreamer+GST_PADS: 0:02:33.269464368 0xf37ecec0 gstpad.c:972:pre_activate:<'':decodepad0> setting pad into push mode, unset flushing
05-10 10:02:54.053  4415  4500 D GStreamer+GST_PADS: 0:02:33.269521868 0xf37ecec0 gstpad.c:972:pre_activate:<decodepad0:proxypad4> setting pad into push mode, unset flushing
05-10 10:02:54.053  4415  4502 D GStreamer+GST_SCHEDULING: 0:02:33.269531660 0xf37ecfb0 gstpad.c:4153:gst_pad_chain_data_unchecked:<queue2:sink> calling chainfunction &gst_queue_chain with buffer buffer: 0xf3ac2050, pts 0:00:00.120000000, dts 0:00:00.120000000, dur 0:00:00.024000000, size 144, offset none, offset_end none, flags 0x0
05-10 10:02:54.053  4415  4500 D GStreamer+GST_PADS: 0:02:33.269563848 0xf37ecec0 gstpad.c:1225:gst_pad_activate_mode:<'':decodepad0> already activated in push mode
05-10 10:02:54.053  4415  4502 D GStreamer+GST_SCHEDULING: 0:02:33.269582806 0xf37ecfb0 gstpad.c:4159:gst_pad_chain_data_unchecked:<queue2:sink> called chainfunction &gst_queue_chain with buffer 0xf3ac2050, returned ok
05-10 10:02:54.053  4415  4500 D GStreamer+GST_PADS: 0:02:33.269611139 0xf37ecec0 gstpad.c:1198:gst_pad_activate_mode:<decodepad0:proxypad4> activated in push mode
05-10 10:02:54.053  4415  4502 D GStreamer+qtdemux: 0:02:33.269624837 0xf37ecfb0 qtdemux.c:7675:qtdemux_parse_samples:<q> parsing up to sample 6
05-10 10:02:54.053  4415  4500 D GStreamer+GST_PADS: 0:02:33.269653743 0xf37ecec0 gstpad.c:1198:gst_pad_activate_mode:<'':decodepad0> activated in push mode
05-10 10:02:54.053  4415  4502 D GStreamer+qtdemux: 0:02:33.269669473 0xf37ecfb0 qtdemux.c:7882:qtdemux_parse_samples:<q> sample 6: index 6, timestamp 0:00:00.144000000
05-10 10:02:54.053  4415  4502 D GStreamer+qtdemux: 0:02:33.269705098 0xf37ecfb0 qtdemux.c:7982:qtdemux_parse_samples:<q> setting all keyframes
05-10 10:02:54.053  4415  4500 D GStreamer+GST_PADS: 0:02:33.269723639 0xf37ecec0 gstghostpad.c:840:gst_ghost_pad_set_target:<'':decodepad0> set target typefind:src
05-10 10:02:54.053  4415  4502 D GStreamer+qtdemux: 0:02:33.269771816 0xf37ecfb0 qtdemux.c:5197:gst_qtdemux_loop_state_movie:<q> pushing from stream 1, empty 0 offset 912, size 144, dts=0:00:00.144000000, pts=0:00:00.144000000, duration 0:00:00.024000000
05-10 10:02:54.053  4415  4500 D GStreamer+GST_PADS: 0:02:33.269790775 0xf37ecec0 gstghostpad.c:862:gst_ghost_pad_set_target:<'':decodepad0> connecting internal pad to target <typefind:src>
05-10 10:02:54.053  4415  4502 D GStreamer+basesrc: 0:02:33.269826139 0xf37ecfb0 gstbasesrc.c:2355:gst_base_src_update_length:<filesrc0> reading offset 912, length 144, size 15003960, segment.stop -1, maxsize 15003960
05-10 10:02:54.053  4415  4502 D GStreamer+basesrc: 0:02:33.269872233 0xf37ecfb0 gstbasesrc.c:2456:gst_base_src_get_range:<filesrc0> calling create offset 912 length 144, time 0
05-10 10:02:54.053  4415  4500 D GStreamer+GST_BUS: 0:02:33.269910983 0xf37ecec0 gstbus.c:309:gst_bus_post:<bus2> [msg 0xf3abc860] posting on bus structure-change message: 0xf3abc860, time 99:99:99.999999999, seq-num 120, element 'proxypad4', GstMessageStructureChange, type=(GstStructureChangeType)GST_STRUCTURE_CHANGE_TYPE_PAD_LINK, owner=(GstElement)"\(GstTypeFindElement\)\ typefind", busy=(boolean)true;
05-10 10:02:54.053  4415  4502 D GStreamer+GST_MEMORY: 0:02:33.269928900 0xf37ecfb0 gstmemory.c:138:gst_memory_init new memory 0xf39dadd8, maxsize:147 offset:0 size:144
05-10 10:02:54.054  4415  4500 D GStreamer+bin: 0:02:33.269956608 0xf37ecec0 gstbin.c:3528:gst_bin_handle_message_func:<decodebin1> [msg 0xf3abc860] handling child proxypad4 message of type structure-change
05-10 10:02:54.054  4415  4502 D GStreamer+basesrc: 0:02:33.269969368 0xf37ecfb0 gstbasesrc.c:2310:gst_base_src_do_sync:<filesrc0> we have no clock
05-10 10:02:54.054  4415  4500 D GStreamer+bin: 0:02:33.269996452 0xf37ecec0 gstbin.c:882:find_message:<decodebin1> no message found matching types 00001000
05-10 10:02:54.054  4415  4502 D GStreamer+basesrc: 0:02:33.270014941 0xf37ecfb0 gstbasesrc.c:2520:gst_base_src_get_range:<filesrc0> buffer ok
05-10 10:02:54.054  4415  4500 D GStreamer+bin: 0:02:33.270038118 0xf37ecec0 gstbin.c:889:find_message:<decodebin1>   structure-change
05-10 10:02:54.054  4415  4500 D GStreamer+bin: 0:02:33.270089577 0xf37ecec0 gstbin.c:929:bin_replace_message:<decodebin1> got new message 0xf3abc860, structure-change from proxypad4
05-10 10:02:54.054  4415  4502 D GStreamer+GST_SCHEDULING: 0:02:33.270123587 0xf37ecfb0 gstpad.c:4153:gst_pad_chain_data_unchecked:<queue2:sink> calling chainfunction &gst_queue_chain with buffer buffer: 0xf3ac25f0, pts 0:00:00.144000000, dts 0:00:00.144000000, dur 0:00:00.024000000, size 144, offset none, offset_end none, flags 0x0
05-10 10:02:54.054  4415  4500 D GStreamer+GST_BUS: 0:02:33.270139160 0xf37ecec0 gstbus.c:344:gst_bus_post:<bus2> [msg 0xf3abc860] dropped
05-10 10:02:54.054  4415  4502 D GStreamer+GST_SCHEDULING: 0:02:33.270186035 0xf37ecfb0 gstpad.c:4159:gst_pad_chain_data_unchecked:<queue2:sink> called chainfunction &gst_queue_chain with buffer 0xf3ac25f0, returned ok
05-10 10:02:54.054  4415  4500 I GStreamer+GST_PADS: 0:02:33.270205514 0xf37ecec0 gstpad.c:2292:gst_pad_link_prepare trying to link typefind:src and decodepad0:proxypad4
05-10 10:02:54.054  4415  4502 D GStreamer+qtdemux: 0:02:33.270226191 0xf37ecfb0 qtdemux.c:7675:qtdemux_parse_samples:<q> parsing up to sample 7
05-10 10:02:54.054  4415  4500 I GStreamer+GST_PADS: 0:02:33.270250618 0xf37ecec0 gstpad.c:2498:gst_pad_link_full linked typefind:src and decodepad0:proxypad4, successful
05-10 10:02:54.054  4415  4502 D GStreamer+qtdemux: 0:02:33.270277598 0xf37ecfb0 qtdemux.c:7882:qtdemux_parse_samples:<q> sample 7: index 7, timestamp 0:00:00.168000000
05-10 10:02:54.054  4415  4500 I GStreamer+GST_EVENT: 0:02:33.270298014 0xf37ecec0 gstevent.c:1382:gst_event_new_reconfigure creating reconfigure event
05-10 10:02:54.054  4415  4502 D GStreamer+qtdemux: 0:02:33.270311035 0xf37ecfb0 qtdemux.c:7982:qtdemux_parse_samples:<q> setting all keyframes
05-10 10:02:54.054  4415  4500 D GStreamer+GST_EVENT: 0:02:33.270337598 0xf37ecec0 gstevent.c:302:gst_event_new_custom creating new event 0xf3ab4318 reconfigure 61441
05-10 10:02:54.054  4415  4502 D GStreamer+qtdemux: 0:02:33.270379160 0xf37ecfb0 qtdemux.c:5197:gst_qtdemux_loop_state_movie:<q> pushing from stream 1, empty 0 offset 1056, size 144, dts=0:00:00.168000000, pts=0:00:00.168000000, duration 0:00:00.024000000
05-10 10:02:54.054  4415  4500 D GStreamer+GST_EVENT: 0:02:33.270399837 0xf37ecec0 gstpad.c:5496:gst_pad_send_event_unchecked:<typefind:src> have event type reconfigure event: 0xf3ab4318, time 99:99:99.999999999, seq-num 121, (NULL)
05-10 10:02:54.054  4415  4502 D GStreamer+basesrc: 0:02:33.270432910 0xf37ecfb0 gstbasesrc.c:2355:gst_base_src_update_length:<filesrc0> reading offset 1056, length 144, size 15003960, segment.stop -1, maxsize 15003960
05-10 10:02:54.054  4415  4500 D GStreamer+GST_PADS: 0:02:33.270446139 0xf37ecec0 gstpad.c:5569:gst_pad_send_event_unchecked:<typefind:src> sent event, ret error
05-10 10:02:54.054  4415  4502 D GStreamer+basesrc: 0:02:33.270473066 0xf37ecfb0 gstbasesrc.c:2456:gst_base_src_get_range:<filesrc0> calling create offset 1056 length 144, time 0
05-10 10:02:54.054  4415  4502 D GStreamer+GST_MEMORY: 0:02:33.270538066 0xf37ecfb0 gstmemory.c:138:gst_memory_init new memory 0xf39daec0, maxsize:147 offset:0 size:144
05-10 10:02:54.054  4415  4500 D GStreamer+GST_BUS: 0:02:33.270559629 0xf37ecec0 gstbus.c:309:gst_bus_post:<bus2> [msg 0xf3abc8b8] posting on bus structure-change message: 0xf3abc8b8, time 99:99:99.999999999, seq-num 122, element 'proxypad4', GstMessageStructureChange, type=(GstStructureChangeType)GST_STRUCTURE_CHANGE_TYPE_PAD_LINK, owner=(GstElement)"\(GstTypeFindElement\)\ typefind", busy=(boolean)false;
05-10 10:02:54.054  4415  4502 D GStreamer+basesrc: 0:02:33.270579785 0xf37ecfb0 gstbasesrc.c:2310:gst_base_src_do_sync:<filesrc0> we have no clock
05-10 10:02:54.054  4415  4500 D GStreamer+bin: 0:02:33.270605879 0xf37ecec0 gstbin.c:3528:gst_bin_handle_message_func:<decodebin1> [msg 0xf3abc8b8] handling child proxypad4 message of type structure-change
05-10 10:02:54.054  4415  4502 D GStreamer+basesrc: 0:02:33.270626712 0xf37ecfb0 gstbasesrc.c:2520:gst_base_src_get_range:<filesrc0> buffer ok
05-10 10:02:54.054  4415  4500 D GStreamer+bin: 0:02:33.270652545 0xf37ecec0 gstbin.c:957:bin_remove_messages:<decodepad0:proxypad4> deleting message 0xf3abc860 of types 0x00001000
05-10 10:02:54.054  4415  4500 D GStreamer+bin: 0:02:33.270707285 0xf37ecec0 gstbin.c:963:bin_remove_messages:<decodebin1> not deleting message 0xf37f5b28 of type 0x00100000
05-10 10:02:54.054  4415  4502 D GStreamer+GST_SCHEDULING: 0:02:33.270725254 0xf37ecfb0 gstpad.c:4153:gst_pad_chain_data_unchecked:<queue2:sink> calling chainfunction &gst_queue_chain with buffer buffer: 0xf3ac2550, pts 0:00:00.168000000, dts 0:00:00.168000000, dur 0:00:00.024000000, size 144, offset none, offset_end none, flags 0x0
05-10 10:02:54.054  4415  4500 D GStreamer+GST_BUS: 0:02:33.270748587 0xf37ecec0 gstbus.c:344:gst_bus_post:<bus2> [msg 0xf3abc8b8] dropped
05-10 10:02:54.054  4415  4502 D GStreamer+GST_SCHEDULING: 0:02:33.270775879 0xf37ecfb0 gstpad.c:4159:gst_pad_chain_data_unchecked:<queue2:sink> called chainfunction &gst_queue_chain with buffer 0xf3ac2550, returned ok
05-10 10:02:54.054  4415  4502 D GStreamer+qtdemux: 0:02:33.270831920 0xf37ecfb0 qtdemux.c:7675:qtdemux_parse_samples:<q> parsing up to sample 8
05-10 10:02:54.054  4415  4500 D GStreamer+decodebin: 0:02:33.270852285 0xf37ecec0 gstdecodebin2.c:1487:copy_sticky_events:<'':decodepad0> store sticky event stream-start event: 0xf39c9d98, time 99:99:99.999999999, seq-num 108, GstEventStreamStart, stream-id=(string)71ab440d261a1bb43c19b397eec2373651540427aed1e7b0deb4be62a10a7f25/002, flags=(GstStreamFlags)GST_STREAM_FLAG_NONE, group-id=(uint)0;
05-10 10:02:54.054  4415  4502 D GStreamer+qtdemux: 0:02:33.270885150 0xf37ecfb0 qtdemux.c:7882:qtdemux_parse_samples:<q> sample 8: index 8, timestamp 0:00:00.192000000
05-10 10:02:54.054  4415  4500 D GStreamer+decodebin: 0:02:33.270907493 0xf37ecec0 gstdecodebin2.c:1381:gst_decode_bin_autoplug_continue:<decodebin1> autoplug-continue returns TRUE
05-10 10:02:54.054  4415  4502 D GStreamer+qtdemux: 0:02:33.270920879 0xf37ecfb0 qtdemux.c:7982:qtdemux_parse_samples:<q> setting all keyframes
05-10 10:02:54.055  4415  4500 D GStreamer+GST_CAPS: 0:02:33.270956816 0xf37ecec0 gstpad.c:2648:gst_pad_get_current_caps:<typefind:src> get current pad caps (NULL)
05-10 10:02:54.055  4415  4502 D GStreamer+qtdemux: 0:02:33.270979837 0xf37ecfb0 qtdemux.c:5197:gst_qtdemux_loop_state_movie:<q> pushing from stream 1, empty 0 offset 1200, size 144, dts=0:00:00.192000000, pts=0:00:00.192000000, duration 0:00:00.024000000
05-10 10:02:54.055  4415  4500 D GStreamer+decodebin: 0:02:33.270993379 0xf37ecec0 gstdecodebin2.c:1632:analyze_new_pad:<decodebin1> No final caps set yet, delaying autoplugging
05-10 10:02:54.055  4415  4502 D GStreamer+basesrc: 0:02:33.271035045 0xf37ecfb0 gstbasesrc.c:2355:gst_base_src_update_length:<filesrc0> reading offset 1200, length 144, size 15003960, segment.stop -1, maxsize 15003960
05-10 10:02:54.055  4415  4500 I GStreamer+typefind: 0:02:33.271078327 0xf37ecec0 gsttypefindelement.c:178:gst_type_find_element_have_type:<typefind> found caps audio/mpeg, mpegversion=(int)1, parsed=(boolean)true, rate=(int)24000, channels=(int)1, probability=100
05-10 10:02:54.055  4415  4502 D GStreamer+basesrc: 0:02:33.271097233 0xf37ecfb0 gstbasesrc.c:2456:gst_base_src_get_range:<filesrc0> calling create offset 1200 length 144, time 0
05-10 10:02:54.055  4415  4500 I GStreamer+GST_EVENT: 0:02:33.271136295 0xf37ecec0 gstevent.c:679:gst_event_new_caps creating caps event audio/mpeg, mpegversion=(int)1, parsed=(boolean)true, rate=(int)24000, channels=(int)1
05-10 10:02:54.055  4415  4502 D GStreamer+GST_MEMORY: 0:02:33.271153327 0xf37ecfb0 gstmemory.c:138:gst_memory_init new memory 0xf39e0098, maxsize:147 offset:0 size:144
05-10 10:02:54.055  4415  4500 D GStreamer+GST_EVENT: 0:02:33.271173327 0xf37ecec0 gstevent.c:302:gst_event_new_custom creating new event 0xf3ab4360 caps 12814
05-10 10:02:54.055  4415  4502 D GStreamer+basesrc: 0:02:33.271195410 0xf37ecfb0 gstbasesrc.c:2310:gst_base_src_do_sync:<filesrc0> we have no clock
05-10 10:02:54.055  4415  4500 D GStreamer+GST_PADS: 0:02:33.271208431 0xf37ecec0 gstpad.c:5053:store_sticky_event:<typefind:src> notify caps
05-10 10:02:54.055  4415  4502 D GStreamer+basesrc: 0:02:33.271228743 0xf37ecfb0 gstbasesrc.c:2520:gst_base_src_get_range:<filesrc0> buffer ok
05-10 10:02:54.055  4415  4501 D GStreamer+GST_PADS: 0:02:33.271289212 0xf37ecf50 gstpad.c:3905:gst_pad_query:<forhwgl:sink> sent query 0xf3ac5fb0 (caps), result 1
05-10 10:02:54.055  4415  4502 D GStreamer+GST_SCHEDULING: 0:02:33.271312233 0xf37ecfb0 gstpad.c:4153:gst_pad_chain_data_unchecked:<queue2:sink> calling chainfunction &gst_queue_chain with buffer buffer: 0xf3a2dd30, pts 0:00:00.192000000, dts 0:00:00.192000000, dur 0:00:00.024000000, size 144, offset none, offset_end none, flags 0x0
05-10 10:02:54.055  4415  4501 D GStreamer+GST_CAPS: 0:02:33.271346295 0xf37ecf50 gstutils.c:2891:gst_pad_peer_query_caps:<capsfilter0:src> peer query returned video/x-h264, parsed=(boolean)true, stream-format=(string)byte-stream, alignment=(string)au
05-10 10:02:54.055  4415  4502 D GStreamer+GST_SCHEDULING: 0:02:33.271371087 0xf37ecfb0 gstpad.c:4159:gst_pad_chain_data_unchecked:<queue2:sink> called chainfunction &gst_queue_chain with buffer 0xf3a2dd30, returned ok
05-10 10:02:54.055  4415  4501 D GStreamer+basetransform: 0:02:33.271409889 0xf37ecf50 gstbasetransform.c:746:gst_base_transform_query_caps:<capsfilter0:sink> peer caps  video/x-h264, parsed=(boolean)true, stream-format=(string)byte-stream, alignment=(string)au
05-10 10:02:54.055  4415  4502 D GStreamer+qtdemux: 0:02:33.271427337 0xf37ecfb0 qtdemux.c:7675:qtdemux_parse_samples:<q> parsing up to sample 9
05-10 10:02:54.055  4415  4501 D GStreamer+basetransform: 0:02:33.271452598 0xf37ecf50 gstbasetransform.c:749:gst_base_transform_query_caps:<capsfilter0:sink> our template  ANY
05-10 10:02:54.055  4415  4502 D GStreamer+qtdemux: 0:02:33.271493743 0xf37ecfb0 qtdemux.c:7882:qtdemux_parse_samples:<q> sample 9: index 9, timestamp 0:00:00.216000000
05-10 10:02:54.055  4415  4501 D GStreamer+basetransform: 0:02:33.271510358 0xf37ecf50 gstbasetransform.c:751:gst_base_transform_query_caps:<capsfilter0:sink> intersected video/x-h264, parsed=(boolean)true, stream-format=(string)byte-stream, alignment=(string)au
05-10 10:02:54.055  4415  4502 D GStreamer+qtdemux: 0:02:33.271531504 0xf37ecfb0 qtdemux.c:7982:qtdemux_parse_samples:<q> setting all keyframes
05-10 10:02:54.055  4415  4501 D GStreamer+basetransform: 0:02:33.271554368 0xf37ecf50 gstbasetransform.c:533:gst_base_transform_transform_caps:<capsfilter0> transform caps (direction = 1)
05-10 10:02:54.055  4415  4502 D GStreamer+qtdemux: 0:02:33.271594889 0xf37ecfb0 qtdemux.c:5197:gst_qtdemux_loop_state_movie:<q> pushing from stream 1, empty 0 offset 1344, size 144, dts=0:00:00.216000000, pts=0:00:00.216000000, duration 0:00:00.024000000
05-10 10:02:54.055  4415  4501 D GStreamer+capsfilter: 0:02:33.271616035 0xf37ecf50 gstcapsfilter.c:295:gst_capsfilter_transform_caps:<capsfilter0> input:     video/x-h264, parsed=(boolean)true, stream-format=(string)byte-stream, alignment=(string)au
05-10 10:02:54.055  4415  4502 D GStreamer+basesrc: 0:02:33.271649785 0xf37ecfb0 gstbasesrc.c:2355:gst_base_src_update_length:<filesrc0> reading offset 1344, length 144, size 15003960, segment.stop -1, maxsize 15003960
05-10 10:02:54.055  4415  4501 D GStreamer+capsfilter: 0:02:33.271672545 0xf37ecf50 gstcapsfilter.c:296:gst_capsfilter_transform_caps:<capsfilter0> filter:    video/x-h264, parsed=(boolean)true, stream-format=(string){ avc, avc3, byte-stream }, alignment=(string){ au, nal }
05-10 10:02:54.055  4415  4502 D GStreamer+basesrc: 0:02:33.271699525 0xf37ecfb0 gstbasesrc.c:2456:gst_base_src_get_range:<filesrc0> calling create offset 1344 length 144, time 0
05-10 10:02:54.055  4415  4501 D GStreamer+capsfilter: 0:02:33.271718691 0xf37ecf50 gstcapsfilter.c:298:gst_capsfilter_transform_caps:<capsfilter0> caps filter:    video/x-h264, parsed=(boolean)true, stream-format=(string)byte-stream, alignment=(string)au
05-10 10:02:54.055  4415  4502 D GStreamer+GST_MEMORY: 0:02:33.271742806 0xf37ecfb0 gstmemory.c:138:gst_memory_init new memory 0xf39e0180, maxsize:147 offset:0 size:144
05-10 10:02:54.055  4415  4501 D GStreamer+capsfilter: 0:02:33.271763587 0xf37ecf50 gstcapsfilter.c:299:gst_capsfilter_transform_caps:<capsfilter0> intersect: video/x-h264, parsed=(boolean)true, stream-format=(string)byte-stream, alignment=(string)au
05-10 10:02:54.055  4415  4502 D GStreamer+basesrc: 0:02:33.271785150 0xf37ecfb0 gstbasesrc.c:2310:gst_base_src_do_sync:<filesrc0> we have no clock
05-10 10:02:54.055  4415  4501 D GStreamer+basetransform: 0:02:33.271817858 0xf37ecf50 gstbasetransform.c:560:gst_base_transform_transform_caps:<capsfilter0> to: video/x-h264, parsed=(boolean)true, stream-format=(string)byte-stream, alignment=(string)au
05-10 10:02:54.055  4415  4502 D GStreamer+basesrc: 0:02:33.271835775 0xf37ecfb0 gstbasesrc.c:2520:gst_base_src_get_range:<filesrc0> buffer ok
05-10 10:02:54.055  4415  4501 D GStreamer+basetransform: 0:02:33.271865098 0xf37ecf50 gstbasetransform.c:759:gst_base_transform_query_caps:<capsfilter0:sink> transformed  video/x-h264, parsed=(boolean)true, stream-format=(string)byte-stream, alignment=(string)au
05-10 10:02:54.055  4415  4500 D GStreamer+decodebin: 0:02:33.271257910 0xf37ecec0 gstdecodebin2.c:2921:pad_added_cb:<typefind:src> pad added, chain:0xf3ad0958
05-10 10:02:54.055  4415  4502 D GStreamer+GST_SCHEDULING: 0:02:33.271922962 0xf37ecfb0 gstpad.c:4153:gst_pad_chain_data_unchecked:<queue2:sink> calling chainfunction &gst_queue_chain with buffer buffer: 0xf3a2ddd0, pts 0:00:00.216000000, dts 0:00:00.216000000, dur 0:00:00.024000000, size 144, offset none, offset_end none, flags 0x0
05-10 10:02:54.056  4415  4501 D GStreamer+basetransform: 0:02:33.271976452 0xf37ecf50 gstbasetransform.c:766:gst_base_transform_query_caps:<capsfilter0:sink> our template  ANY
05-10 10:02:54.056  4415  4502 D GStreamer+GST_SCHEDULING: 0:02:33.271984212 0xf37ecfb0 gstpad.c:4159:gst_pad_chain_data_unchecked:<queue2:sink> called chainfunction &gst_queue_chain with buffer 0xf3a2ddd0, returned ok
05-10 10:02:54.056  4415  4501 D GStreamer+basetransform: 0:02:33.272023275 0xf37ecf50 gstbasetransform.c:769:gst_base_transform_query_caps:<capsfilter0:sink> intersected video/x-h264, parsed=(boolean)true, stream-format=(string)byte-stream, alignment=(string)au
05-10 10:02:54.056  4415  4502 D GStreamer+qtdemux: 0:02:33.272040410 0xf37ecfb0 qtdemux.c:7675:qtdemux_parse_samples:<q> parsing up to sample 10
05-10 10:02:54.056  4415  4501 D GStreamer+basetransform: 0:02:33.272069733 0xf37ecf50 gstbasetransform.c:793:gst_base_transform_query_caps:<capsfilter0> returning  video/x-h264, parsed=(boolean)true, stream-format=(string)byte-stream, alignment=(string)au
05-10 10:02:54.056  4415  4502 D GStreamer+qtdemux: 0:02:33.272098431 0xf37ecfb0 qtdemux.c:7882:qtdemux_parse_samples:<q> sample 10: index 10, timestamp 0:00:00.240000000
05-10 10:02:54.056  4415  4501 D GStreamer+GST_PADS: 0:02:33.272124056 0xf37ecf50 gstpad.c:3905:gst_pad_query:<capsfilter0:sink> sent query 0xf3ac5f80 (caps), result 1
05-10 10:02:54.056  4415  4502 D GStreamer+qtdemux: 0:02:33.272139525 0xf37ecfb0 qtdemux.c:7982:qtdemux_parse_samples:<q> setting all keyframes
05-10 10:02:54.056  4415  4501 D GStreamer+GST_CAPS: 0:02:33.272175514 0xf37ecf50 gstpad.c:2746:gst_pad_get_allowed_caps:<h264parse0:src> allowed caps video/x-h264, parsed=(boolean)true, stream-format=(string)byte-stream, alignment=(string)au
05-10 10:02:54.056  4415  4502 D GStreamer+qtdemux: 0:02:33.272201816 0xf37ecfb0 qtdemux.c:5197:gst_qtdemux_loop_state_movie:<q> pushing from stream 1, empty 0 offset 1488, size 144, dts=0:00:00.240000000, pts=0:00:00.240000000, duration 0:00:00.024000000
05-10 10:02:54.056  4415  4501 D GStreamer+h264parse: 0:02:33.272222806 0xf37ecf50 gsth264parse.c:368:gst_h264_parse_negotiate:<h264parse0> allowed caps: video/x-h264, parsed=(boolean)true, stream-format=(string)byte-stream, alignment=(string)au
05-10 10:02:54.056  4415  4501 D GStreamer+h264parse: 0:02:33.272267337 0xf37ecf50 gsth264parse.c:375:gst_h264_parse_negotiate:<h264parse0> negotiating with caps: video/x-h264, parsed=(boolean)true, stream-format=(string)byte-stream, alignment=(string)au
05-10 10:02:54.056  4415  4502 D GStreamer+basesrc: 0:02:33.272274004 0xf37ecfb0 gstbasesrc.c:2355:gst_base_src_update_length:<filesrc0> reading offset 1488, length 144, size 15003960, segment.stop -1, maxsize 15003960
05-10 10:02:54.056  4415  4501 D GStreamer+h264parse: 0:02:33.272315514 0xf37ecf50 gsth264parse.c:328:gst_h264_parse_format_from_caps parsing caps: video/x-h264, parsed=(boolean)true, stream-format=(string)byte-stream, alignment=(string)au
05-10 10:02:54.056  4415  4502 D GStreamer+basesrc: 0:02:33.272332181 0xf37ecfb0 gstbasesrc.c:2456:gst_base_src_get_range:<filesrc0> calling create offset 1488 length 144, time 0
05-10 10:02:54.056  4415  4501 D GStreamer+h264parse: 0:02:33.272358535 0xf37ecf50 gsth264parse.c:406:gst_h264_parse_negotiate:<h264parse0> selected format byte-stream, alignment au
05-10 10:02:54.056  4415  4502 D GStreamer+GST_MEMORY: 0:02:33.272377493 0xf37ecfb0 gstmemory.c:138:gst_memory_init new memory 0xf39e0268, maxsize:147 offset:0 size:144
05-10 10:02:54.056  4415  4501 D GStreamer+baseparse: 0:02:33.272400514 0xf37ecf50 gstbaseparse.c:1484:gst_base_parse_sink_event_default:<h264parse0> event handled
05-10 10:02:54.056  4415  4502 D GStreamer+basesrc: 0:02:33.272412233 0xf37ecfb0 gstbasesrc.c:2310:gst_base_src_do_sync:<filesrc0> we have no clock
05-10 10:02:54.056  4415  4501 D GStreamer+GST_PADS: 0:02:33.272441764 0xf37ecf50 gstpad.c:5569:gst_pad_send_event_unchecked:<h264parse0:sink> sent event, ret ok
05-10 10:02:54.056  4415  4502 D GStreamer+basesrc: 0:02:33.272459056 0xf37ecfb0 gstbasesrc.c:2520:gst_base_src_get_range:<filesrc0> buffer ok
05-10 10:02:54.056  4415  4501 D GStreamer+GST_PADS: 0:02:33.272494525 0xf37ecf50 gstpad.c:5053:store_sticky_event:<h264parse0:sink> notify caps
05-10 10:02:54.056  4415  4501 D GStreamer+GST_PADS: 0:02:33.272546035 0xf37ecf50 gstpad.c:3765:push_sticky:<queue0:src> event caps marked received
05-10 10:02:54.056  4415  4502 D GStreamer+GST_SCHEDULING: 0:02:33.272562962 0xf37ecfb0 gstpad.c:4153:gst_pad_chain_data_unchecked:<queue2:sink> calling chainfunction &gst_queue_chain with buffer buffer: 0xf3a2de70, pts 0:00:00.240000000, dts 0:00:00.240000000, dur 0:00:00.024000000, size 144, offset none, offset_end none, flags 0x0
05-10 10:02:54.056  4415  4501 D GStreamer+GST_PADS: 0:02:33.272586295 0xf37ecf50 gstpad.c:3813:check_sticky:<queue0:src> pushing all sticky events
05-10 10:02:54.056  4415  4502 D GStreamer+GST_SCHEDULING: 0:02:33.272616764 0xf37ecfb0 gstpad.c:4159:gst_pad_chain_data_unchecked:<queue2:sink> called chainfunction &gst_queue_chain with buffer 0xf3a2de70, returned ok
05-10 10:02:54.056  4415  4501 D GStreamer+GST_PADS: 0:02:33.272643014 0xf37ecf50 gstpad.c:3745:push_sticky:<queue0:src> event stream-start was already received
05-10 10:02:54.056  4415  4502 D GStreamer+qtdemux: 0:02:33.272664941 0xf37ecfb0 qtdemux.c:7675:qtdemux_parse_samples:<q> parsing up to sample 11
05-10 10:02:54.056  4415  4501 D GStreamer+GST_PADS: 0:02:33.272689889 0xf37ecf50 gstpad.c:3745:push_sticky:<queue0:src> event caps was already received
05-10 10:02:54.056  4415  4502 D GStreamer+qtdemux: 0:02:33.272721556 0xf37ecfb0 qtdemux.c:7882:qtdemux_parse_samples:<q> sample 11: index 11, timestamp 0:00:00.264000000
05-10 10:02:54.056  4415  4502 D GStreamer+qtdemux: 0:02:33.272755931 0xf37ecfb0 qtdemux.c:7982:qtdemux_parse_samples:<q> setting all keyframes
05-10 10:02:54.056  4415  4502 D GStreamer+qtdemux: 0:02:33.272820566 0xf37ecfb0 qtdemux.c:5197:gst_qtdemux_loop_state_movie:<q> pushing from stream 1, empty 0 offset 1632, size 144, dts=0:00:00.264000000, pts=0:00:00.264000000, duration 0:00:00.024000000
05-10 10:02:54.056  4415  4501 D GStreamer+GST_EVENT: 0:02:33.272862025 0xf37ecf50 gstpad.c:5496:gst_pad_send_event_unchecked:<h264parse0:sink> have event type segment event: 0xf39c9e70, time 99:99:99.999999999, seq-num 113, GstEventSegment, segment=(GstSegment)"GstSegment, flags=(GstSegmentFlags)GST_SEGMENT_FLAG_NONE, rate=(double)1, applied-rate=(double)1, format=(GstFormat)GST_FORMAT_TIME, base=(guint64)0, offset=(guint64)0, start=(guint64)0, stop=(guint64)311000000, time=(guint64)0, position=(guint64)0, duration=(guint64)18446744073709551615;";
05-10 10:02:54.056  4415  4502 D GStreamer+basesrc: 0:02:33.272879837 0xf37ecfb0 gstbasesrc.c:2355:gst_base_src_update_length:<filesrc0> reading offset 1632, length 144, size 15003960, segment.stop -1, maxsize 15003960
05-10 10:02:54.056  4415  4501 D GStreamer+baseparse: 0:02:33.272914889 0xf37ecf50 gstbaseparse.c:1174:gst_base_parse_sink_event_default:<h264parse0> handling event 17934, segment
05-10 10:02:54.056  4415  4502 D GStreamer+basesrc: 0:02:33.272932650 0xf37ecfb0 gstbasesrc.c:2456:gst_base_src_get_range:<filesrc0> calling create offset 1632 length 144, time 0
05-10 10:02:54.057  4415  4502 D GStreamer+GST_MEMORY: 0:02:33.272975879 0xf37ecfb0 gstmemory.c:138:gst_memory_init new memory 0xf39e0350, maxsize:147 offset:0 size:144
05-10 10:02:54.057  4415  4501 D GStreamer+baseparse: 0:02:33.272993275 0xf37ecf50 gstbaseparse.c:1206:gst_base_parse_sink_event_default:<h264parse0> segment time segment start=0:00:00.000000000, offset=0:00:00.000000000, stop=0:00:00.311000000, rate=1.000000, applied_rate=1.000000, flags=0x00, time=0:00:00.000000000, base=0:00:00.000000000, position 0:00:00.000000000, duration 99:99:99.999999999
05-10 10:02:54.057  4415  4502 D GStreamer+basesrc: 0:02:33.273012545 0xf37ecfb0 gstbasesrc.c:2310:gst_base_src_do_sync:<filesrc0> we have no clock
05-10 10:02:54.057  4415  4501 D GStreamer+baseparse: 0:02:33.273034785 0xf37ecf50 gstbaseparse.c:1296:gst_base_parse_sink_event_default:<h264parse0> draining current segment
05-10 10:02:54.057  4415  4502 D GStreamer+basesrc: 0:02:33.273053014 0xf37ecfb0 gstbasesrc.c:2520:gst_base_src_get_range:<filesrc0> buffer ok
05-10 10:02:54.057  4415  4501 D GStreamer+baseparse: 0:02:33.273073848 0xf37ecf50 gstbaseparse.c:2677:gst_base_parse_drain:<h264parse0> draining
05-10 10:02:54.057  4415  4501 D GStreamer+baseparse: 0:02:33.273113118 0xf37ecf50 gstbaseparse.c:1484:gst_base_parse_sink_event_default:<h264parse0> event handled
05-10 10:02:54.057  4415  4502 D GStreamer+GST_SCHEDULING: 0:02:33.273125254 0xf37ecfb0 gstpad.c:4153:gst_pad_chain_data_unchecked:<queue2:sink> calling chainfunction &gst_queue_chain with buffer buffer: 0xf3a2df10, pts 0:00:00.264000000, dts 0:00:00.264000000, dur 0:00:00.024000000, size 144, offset none, offset_end none, flags 0x0
05-10 10:02:54.057  4415  4501 D GStreamer+GST_PADS: 0:02:33.273151764 0xf37ecf50 gstpad.c:5569:gst_pad_send_event_unchecked:<h264parse0:sink> sent event, ret ok
05-10 10:02:54.057  4415  4502 D GStreamer+GST_SCHEDULING: 0:02:33.273174264 0xf37ecfb0 gstpad.c:4159:gst_pad_chain_data_unchecked:<queue2:sink> called chainfunction &gst_queue_chain with buffer 0xf3a2df10, returned ok
05-10 10:02:54.057  4415  4501 D GStreamer+GST_PADS: 0:02:33.273199577 0xf37ecf50 gstpad.c:3765:push_sticky:<queue0:src> event segment marked received
05-10 10:02:54.057  4415  4502 D GStreamer+qtdemux: 0:02:33.273222598 0xf37ecfb0 qtdemux.c:7675:qtdemux_parse_samples:<q> parsing up to sample 12
05-10 10:02:54.057  4415  4501 D GStreamer+GST_PADS: 0:02:33.273245514 0xf37ecf50 gstpad.c:3813:check_sticky:<queue0:src> pushing all sticky events
05-10 10:02:54.057  4415  4502 D GStreamer+qtdemux: 0:02:33.273275306 0xf37ecfb0 qtdemux.c:7882:qtdemux_parse_samples:<q> sample 12: index 12, timestamp 0:00:00.288000000
05-10 10:02:54.057  4415  4501 D GStreamer+GST_PADS: 0:02:33.273293118 0xf37ecf50 gstpad.c:3745:push_sticky:<queue0:src> event stream-start was already received
05-10 10:02:54.057  4415  4502 D GStreamer+qtdemux: 0:02:33.273317493 0xf37ecfb0 qtdemux.c:7982:qtdemux_parse_samples:<q> setting all keyframes
05-10 10:02:54.057  4415  4501 D GStreamer+GST_PADS: 0:02:33.273338691 0xf37ecf50 gstpad.c:3745:push_sticky:<queue0:src> event caps was already received
05-10 10:02:54.057  4415  4501 D GStreamer+GST_PADS: 0:02:33.273379785 0xf37ecf50 gstpad.c:3745:push_sticky:<queue0:src> event segment was already received
05-10 10:02:54.057  4415  4502 D GStreamer+qtdemux: 0:02:33.273395879 0xf37ecfb0 qtdemux.c:5197:gst_qtdemux_loop_state_movie:<q> pushing from stream 1, empty 0 offset 1776, size 144, dts=0:00:00.288000000, pts=0:00:00.288000000, duration 0:00:00.024000000
05-10 10:02:54.057  4415  4500 D GStreamer+GST_CAPS: 0:02:33.273488275 0xf37ecec0 gstpad.c:2648:gst_pad_get_current_caps:<typefind:src> get current pad caps audio/mpeg, mpegversion=(int)1, parsed=(boolean)true, rate=(int)24000, channels=(int)1
05-10 10:02:54.057  4415  4502 D GStreamer+basesrc: 0:02:33.273494577 0xf37ecfb0 gstbasesrc.c:2355:gst_base_src_update_length:<filesrc0> reading offset 1776, length 144, size 15003960, segment.stop -1, maxsize 15003960
05-10 10:02:54.057  4415  4502 D GStreamer+basesrc: 0:02:33.273545306 0xf37ecfb0 gstbasesrc.c:2456:gst_base_src_get_range:<filesrc0> calling create offset 1776 length 144, time 0
05-10 10:02:54.057  4415  4500 D GStreamer+decodebin: 0:02:33.273562389 0xf37ecec0 gstdecodebin2.c:1531:analyze_new_pad:<decodebin1> Pad typefind:src caps:audio/mpeg, mpegversion=(int)1, parsed=(boolean)true, rate=(int)24000, channels=(int)1
05-10 10:02:54.057  4415  4502 D GStreamer+GST_MEMORY: 0:02:33.273587806 0xf37ecfb0 gstmemory.c:138:gst_memory_init new memory 0xf39e0438, maxsize:147 offset:0 size:144
05-10 10:02:54.057  4415  4500 D GStreamer+GST_PADS: 0:02:33.273602441 0xf37ecec0 gstpad.c:1062:gst_pad_set_active:<'':decodepad0> pad was active in push mode
05-10 10:02:54.057  4415  4502 D GStreamer+basesrc: 0:02:33.273627337 0xf37ecfb0 gstbasesrc.c:2310:gst_base_src_do_sync:<filesrc0> we have no clock
05-10 10:02:54.057  4415  4500 D GStreamer+GST_PADS: 0:02:33.273643118 0xf37ecec0 gstghostpad.c:840:gst_ghost_pad_set_target:<'':decodepad0> set target typefind:src
05-10 10:02:54.057  4415  4502 D GStreamer+basesrc: 0:02:33.273665931 0xf37ecfb0 gstbasesrc.c:2520:gst_base_src_get_range:<filesrc0> buffer ok
05-10 10:02:54.057  4415  4500 I GStreamer+GST_ELEMENT_PADS: 0:02:33.273692233 0xf37ecec0 gstpad.c:2048:gst_pad_unlink unlinking typefind:src(0xf39d6d58) and decodepad0:proxypad4(0xf39c6bb0)
05-10 10:02:54.057  4415  4502 D GStreamer+GST_SCHEDULING: 0:02:33.273746973 0xf37ecfb0 gstpad.c:4153:gst_pad_chain_data_unchecked:<queue2:sink> calling chainfunction &gst_queue_chain with buffer buffer: 0xf3ae4008, pts 0:00:00.288000000, dts 0:00:00.288000000, dur 0:00:00.024000000, size 144, offset none, offset_end none, flags 0x0
05-10 10:02:54.057  4415  4500 D GStreamer+GST_BUS: 0:02:33.273782545 0xf37ecec0 gstbus.c:309:gst_bus_post:<bus2> [msg 0xf3abc910] posting on bus structure-change message: 0xf3abc910, time 99:99:99.999999999, seq-num 124, element 'proxypad4', GstMessageStructureChange, type=(GstStructureChangeType)GST_STRUCTURE_CHANGE_TYPE_PAD_UNLINK, owner=(GstElement)"\(GstTypeFindElement\)\ typefind", busy=(boolean)true;
05-10 10:02:54.057  4415  4502 D GStreamer+GST_SCHEDULING: 0:02:33.273806868 0xf37ecfb0 gstpad.c:4159:gst_pad_chain_data_unchecked:<queue2:sink> called chainfunction &gst_queue_chain with buffer 0xf3ae4008, returned ok
05-10 10:02:54.057  4415  4500 D GStreamer+bin: 0:02:33.273836191 0xf37ecec0 gstbin.c:3528:gst_bin_handle_message_func:<decodebin1> [msg 0xf3abc910] handling child proxypad4 message of type structure-change
05-10 10:02:54.057  4415  4502 D GStreamer+qtdemux: 0:02:33.273856087 0xf37ecfb0 qtdemux.c:7675:qtdemux_parse_samples:<q> parsing up to sample 13
05-10 10:02:54.057  4415  4500 D GStreamer+bin: 0:02:33.273881348 0xf37ecec0 gstbin.c:882:find_message:<decodebin1> no message found matching types 00001000
05-10 10:02:54.057  4415  4501 D GStreamer+GST_EVENT: 0:02:33.273927702 0xf37ecf50 gstpad.c:5496:gst_pad_send_event_unchecked:<h264parse0:sink> have event type tag event: 0xf39c9eb8, time 99:99:99.999999999, seq-num 114, GstTagList-stream, taglist=(taglist)"taglist\,\ video-codec\=\(string\)\"H.264\\\ /\\\ AVC\"\,\ bitrate\=\(uint\)16613441\,\ language-code\=\(string\)en\;";
05-10 10:02:54.057  4415  4502 D GStreamer+qtdemux: 0:02:33.273932806 0xf37ecfb0 qtdemux.c:7882:qtdemux_parse_samples:<q> sample 13: index 13, timestamp 0:00:00.312000000
05-10 10:02:54.058  4415  4502 D GStreamer+qtdemux: 0:02:33.273978327 0xf37ecfb0 qtdemux.c:7982:qtdemux_parse_samples:<q> setting all keyframes
05-10 10:02:54.058  4415  4501 D GStreamer+baseparse: 0:02:33.274007858 0xf37ecf50 gstbaseparse.c:1174:gst_base_parse_sink_event_default:<h264parse0> handling event 20510, tag
05-10 10:02:54.058  4415  4502 D GStreamer+qtdemux: 0:02:33.274046816 0xf37ecfb0 qtdemux.c:4264:gst_qtdemux_activate_segment:<q:video_0> new segment 1 from 0:00:00.000000000 to 0:00:07.199000000, time 0:00:00.311000000
05-10 10:02:54.058  4415  4501 I GStreamer+baseparse: 0:02:33.274073066 0xf37ecf50 gstbaseparse.c:4718:gst_base_parse_set_upstream_tags:<h264parse0> upstream tags: taglist, video-codec=(string)"H.264\ /\ AVC", bitrate=(uint)16613441, language-code=(string)en;
05-10 10:02:54.058  4415  4502 D GStreamer+qtdemux: 0:02:33.274136973 0xf37ecfb0 qtdemux.c:4285:gst_qtdemux_activate_segment:<q:video_0> New segment: time segment start=0:00:00.000000000, offset=0:00:00.000000000, stop=0:00:07.199000000, rate=1.000000, applied_rate=1.000000, flags=0x00, time=0:00:00.311000000, base=0:00:00.311000000, position 0:00:00.000000000, duration 99:99:99.999999999
05-10 10:02:54.058  4415  4501 D GStreamer+baseparse: 0:02:33.274162337 0xf37ecf50 gstbaseparse.c:944:gst_base_parse_queue_tag_event_update:<h264parse0> merged   : taglist, video-codec=(string)"H.264\ /\ AVC", bitrate=(uint)16613441, language-code=(string)en;
05-10 10:02:54.058  4415  4502 I GStreamer+GST_EVENT: 0:02:33.274218327 0xf37ecfb0 gstevent.c:760:gst_event_new_segment creating segment event time segment start=0:00:00.000000000, offset=0:00:00.000000000, stop=0:00:07.199000000, rate=1.000000, applied_rate=1.000000, flags=0x00, time=0:00:00.311000000, base=0:00:00.311000000, position 0:00:00.000000000, duration 99:99:99.999999999
05-10 10:02:54.058  4415  4501 D GStreamer+GST_EVENT: 0:02:33.274242806 0xf37ecf50 gstevent.c:302:gst_event_new_custom creating new event 0xf39dba00 tag 20510
05-10 10:02:54.058  4415  4502 D GStreamer+GST_EVENT: 0:02:33.274258639 0xf37ecfb0 gstevent.c:302:gst_event_new_custom creating new event 0xf3ab4090 segment 17934
05-10 10:02:54.058  4415  4501 D GStreamer+baseparse: 0:02:33.274279160 0xf37ecf50 gstbaseparse.c:1484:gst_base_parse_sink_event_default:<h264parse0> event handled
05-10 10:02:54.058  4415  4502 D GStreamer+GST_PADS: 0:02:33.274291764 0xf37ecfb0 gstpad.c:3813:check_sticky:<q:video_0> pushing all sticky events
05-10 10:02:54.058  4415  4501 D GStreamer+GST_PADS: 0:02:33.274319004 0xf37ecf50 gstpad.c:5569:gst_pad_send_event_unchecked:<h264parse0:sink> sent event, ret ok
05-10 10:02:54.058  4415  4502 D GStreamer+GST_PADS: 0:02:33.274329160 0xf37ecfb0 gstpad.c:3745:push_sticky:<q:video_0> event stream-start was already received
05-10 10:02:54.058  4415  4501 D GStreamer+GST_PADS: 0:02:33.274363483 0xf37ecf50 gstpad.c:3765:push_sticky:<queue0:src> event tag marked received
05-10 10:02:54.058  4415  4502 D GStreamer+GST_PADS: 0:02:33.274381452 0xf37ecfb0 gstpad.c:3745:push_sticky:<q:video_0> event caps was already received
05-10 10:02:54.058  4415  4501 D GStreamer+GST_PADS: 0:02:33.274408535 0xf37ecf50 gstpad.c:3813:check_sticky:<queue0:src> pushing all sticky events
05-10 10:02:54.058  4415  4501 D GStreamer+GST_PADS: 0:02:33.274456504 0xf37ecf50 gstpad.c:3745:push_sticky:<queue0:src> event stream-start was already received
05-10 10:02:54.058  4415  4501 D GStreamer+GST_PADS: 0:02:33.274511660 0xf37ecf50 gstpad.c:3745:push_sticky:<queue0:src> event caps was already received
05-10 10:02:54.058  4415  4501 D GStreamer+GST_PADS: 0:02:33.274566243 0xf37ecf50 gstpad.c:3745:push_sticky:<queue0:src> event segment was already received
05-10 10:02:54.058  4415  4502 D GStreamer+GST_EVENT: 0:02:33.274584004 0xf37ecfb0 gstpad.c:5496:gst_pad_send_event_unchecked:<queue0:sink> have event type segment event: 0xf3ab4090, time 99:99:99.999999999, seq-num 126, GstEventSegment, segment=(GstSegment)"GstSegment, flags=(GstSegmentFlags)GST_SEGMENT_FLAG_NONE, rate=(double)1, applied-rate=(double)1, format=(GstFormat)GST_FORMAT_TIME, base=(guint64)311000000, offset=(guint64)0, start=(guint64)0, stop=(guint64)7199000000, time=(guint64)311000000, position=(guint64)0, duration=(guint64)18446744073709551615;";
05-10 10:02:54.058  4415  4501 D GStreamer+GST_PADS: 0:02:33.274613223 0xf37ecf50 gstpad.c:3745:push_sticky:<queue0:src> event tag was already received
05-10 10:02:54.058  4415  4502 D GStreamer+queue: 0:02:33.274685983 0xf37ecfb0 gstqueue.c:561:apply_segment:<queue0> configured SEGMENT time segment start=0:00:00.000000000, offset=0:00:00.000000000, stop=0:00:07.199000000, rate=1.000000, applied_rate=1.000000, flags=0x00, time=0:00:00.311000000, base=0:00:00.311000000, position 0:00:00.000000000, duration 99:99:99.999999999
05-10 10:02:54.058  4415  4501 D GStreamer+GST_EVENT: 0:02:33.274706556 0xf37ecf50 gstpad.c:5496:gst_pad_send_event_unchecked:<h264parse0:sink> have event type tag event: 0xf39c9f00, time 99:99:99.999999999, seq-num 115, GstTagList-global, taglist=(taglist)"taglist\,\ datetime\=\(datetime\)2016-05-10T02:46:01Z\,\ container-format\=\(string\)\"ISO\\\ MP4/M4A\"\;";
05-10 10:02:54.058  4415  4502 D GStreamer+GST_PADS: 0:02:33.274731868 0xf37ecfb0 gstpad.c:5569:gst_pad_send_event_unchecked:<queue0:sink> sent event, ret ok
05-10 10:02:54.058  4415  4501 D GStreamer+baseparse: 0:02:33.274758795 0xf37ecf50 gstbaseparse.c:1174:gst_base_parse_sink_event_default:<h264parse0> handling event 20510, tag
05-10 10:02:54.058  4415  4502 D GStreamer+GST_PADS: 0:02:33.274783066 0xf37ecfb0 gstpad.c:3765:push_sticky:<q:video_0> event segment marked received
05-10 10:02:54.058  4415  4501 D GStreamer+baseparse: 0:02:33.274807650 0xf37ecf50 gstbaseparse.c:1484:gst_base_parse_sink_event_default:<h264parse0> event handled
05-10 10:02:54.058  4415  4502 D GStreamer+GST_PADS: 0:02:33.274833639 0xf37ecfb0 gstpad.c:3745:push_sticky:<q:video_0> event tag was already received
05-10 10:02:54.058  4415  4501 D GStreamer+GST_PADS: 0:02:33.274853431 0xf37ecf50 gstpad.c:5569:gst_pad_send_event_unchecked:<h264parse0:sink> sent event, ret ok
05-10 10:02:54.058  4415  4502 D GStreamer+GST_PADS: 0:02:33.274880306 0xf37ecfb0 gstpad.c:3745:push_sticky:<q:video_0> event tag was already received
05-10 10:02:54.058  4415  4501 D GStreamer+GST_PADS: 0:02:33.274907598 0xf37ecf50 gstpad.c:3765:push_sticky:<queue0:src> event tag marked received
05-10 10:02:54.058  4415  4502 D GStreamer+qtdemux: 0:02:33.274932702 0xf37ecfb0 qtdemux.c:924:gst_qtdemux_push_tags:<q> Checking pad q:video_0 for tags
05-10 10:02:54.059  4415  4502 D GStreamer+qtdemux: 0:02:33.274994160 0xf37ecfb0 qtdemux.c:4323:gst_qtdemux_activate_segment:<q:video_0> moving data pointer to 0:00:00.000000000, index: 0, pts 0:00:00.000000000
05-10 10:02:54.059  4415  4501 D GStreamer+GST_EVENT: 0:02:33.275013639 0xf37ecf50 gstpad.c:5496:gst_pad_send_event_unchecked:<h264parse0:sink> have event type gap event: 0xf39c9f48, time 99:99:99.999999999, seq-num 116, GstEventGap, timestamp=(guint64)0, duration=(guint64)311000000;
05-10 10:02:54.059  4415  4502 D GStreamer+qtdemux: 0:02:33.275040098 0xf37ecfb0 qtdemux.c:1160:gst_qtdemux_find_keyframe:<q> searching for keyframe index before index 0 gave 0
05-10 10:02:54.059  4415  4501 D GStreamer+baseparse: 0:02:33.275066348 0xf37ecf50 gstbaseparse.c:1174:gst_base_parse_sink_event_default:<h264parse0> handling event 40966, gap
