05-10 10:02:54.093  4415  4501 D GStreamer+GST_CAPS: 0:02:33.309475098 0xf37ecf50 gstutils.c:2838:gst_pad_query_caps:<typefind:sink> get pad caps with filter video/x-h264, stream-format=(string)byte-stream, alignment=(string)au, level=(string)4, profile=(string)baseline, width=(int)1280, height=(int)1440, framerate=(fraction)151/3, pixel-aspect-ratio=(fraction)1/1, parsed=(boolean)true
05-10 10:02:54.093  4415  4502 D GStreamer+GST_MEMORY: 0:02:33.309492754 0xf37ecfb0 gstmemory.c:138:gst_memory_init new memory 0xf3bbb2f0, maxsize:147 offset:0 size:144
05-10 10:02:54.093  4415  4500 D GStreamer+structure: 0:02:33.309511452 0xf37ecec0 gststructure.c:2316:gst_structure_parse_field trying field name 'height'
05-10 10:02:54.093  4415  4501 D GStreamer+query: 0:02:33.309552650 0xf37ecf50 gstquery.c:674:gst_query_new_custom creating new query 0xf3a4a2f0 caps
05-10 10:02:54.093  4415  4500 D GStreamer+structure: 0:02:33.309544941 0xf37ecec0 gststructure.c:2367:gst_structure_parse_value trying type name 'int'
05-10 10:02:54.093  4415  4502 D GStreamer+basesrc: 0:02:33.309569525 0xf37ecfb0 gstbasesrc.c:2310:gst_base_src_do_sync:<filesrc0> we have no clock
05-10 10:02:54.093  4415  4502 D GStreamer+basesrc: 0:02:33.309615670 0xf37ecfb0 gstbasesrc.c:2520:gst_base_src_get_range:<filesrc0> buffer ok
05-10 10:02:54.093  4415  4500 D GStreamer+structure: 0:02:33.309622545 0xf37ecec0 gststructure.c:2316:gst_structure_parse_field trying field name 'framerate'
05-10 10:02:54.093  4415  4501 D GStreamer+GST_PADS: 0:02:33.309639108 0xf37ecf50 gstpad.c:3882:gst_pad_query:<typefind:sink> doing query 0xf3a4a2f0 (caps)
05-10 10:02:54.093  4415  4500 D GStreamer+structure: 0:02:33.309676868 0xf37ecec0 gststructure.c:2367:gst_structure_parse_value trying type name 'fraction'
05-10 10:02:54.093  4415  4502 D GStreamer+GST_SCHEDULING: 0:02:33.309704473 0xf37ecfb0 gstpad.c:4153:gst_pad_chain_data_unchecked:<queue2:sink> calling chainfunction &gst_queue_chain with buffer buffer: 0xf3c060c0, pts 0:00:00.840000000, dts 0:00:00.840000000, dur 0:00:00.024000000, size 144, offset none, offset_end none, flags 0x0
05-10 10:02:54.093  4415  4500 D GStreamer+structure: 0:02:33.309731191 0xf37ecec0 gststructure.c:2316:gst_structure_parse_field trying field name 'parsed'
05-10 10:02:54.093  4415  4500 D GStreamer+structure: 0:02:33.309784368 0xf37ecec0 gststructure.c:2367:gst_structure_parse_value trying type name 'boolean'
05-10 10:02:54.093  4415  4501 D GStreamer+GST_CAPS: 0:02:33.309791868 0xf37ecf50 gstpad.c:3088:gst_pad_query_caps_default:<typefind:sink> query caps caps query: 0xf3a4a2f0, GstQueryCaps, filter=(GstCaps)"video/x-h264\,\ stream-format\=\(string\)byte-stream\,\ alignment\=\(string\)au\,\ level\=\(string\)4\,\ profile\=\(string\)baseline\,\ width\=\(int\)1280\,\ height\=\(int\)1440\,\ framerate\=\(fraction\)151/3\,\ pixel-aspect-ratio\=\(fraction\)1/1\,\ parsed\=\(boolean\)true", caps=(GstCaps)"NULL";
05-10 10:02:54.093  4415  4500 D GStreamer+structure: 0:02:33.309820410 0xf37ecec0 gststructure.c:2316:gst_structure_parse_field trying field name 'stream-format'
05-10 10:02:54.093  4415  4502 D GStreamer+GST_SCHEDULING: 0:02:33.309808952 0xf37ecfb0 gstpad.c:4159:gst_pad_chain_data_unchecked:<queue2:sink> called chainfunction &gst_queue_chain with buffer 0xf3c060c0, returned ok
05-10 10:02:54.093  4415  4501 D GStreamer+GST_CAPS: 0:02:33.309840983 0xf37ecf50 gstpad.c:3111:gst_pad_query_caps_default:<typefind:sink> trying pad template caps
05-10 10:02:54.093  4415  4500 D GStreamer+structure: 0:02:33.309871295 0xf37ecec0 gststructure.c:2367:gst_structure_parse_value trying type name 'string'
05-10 10:02:54.093  4415  4502 D GStreamer+qtdemux: 0:02:33.309907181 0xf37ecfb0 qtdemux.c:7675:qtdemux_parse_samples:<q> parsing up to sample 36
05-10 10:02:54.093  4415  4500 D GStreamer+structure: 0:02:33.309934889 0xf37ecec0 gststructure.c:2316:gst_structure_parse_field trying field name 'alignment'
05-10 10:02:54.094  4415  4500 D GStreamer+structure: 0:02:33.310004837 0xf37ecec0 gststructure.c:2367:gst_structure_parse_value trying type name 'string'
05-10 10:02:54.094  4415  4502 D GStreamer+qtdemux: 0:02:33.310012129 0xf37ecfb0 qtdemux.c:7882:qtdemux_parse_samples:<q> sample 36: index 36, timestamp 0:00:00.864000000
05-10 10:02:54.094  4415  4501 D GStreamer+GST_CAPS: 0:02:33.310029004 0xf37ecf50 gstpad.c:3135:gst_pad_query_caps_default:<typefind:sink> using caps 0xf3601918 ANY with filter 0xf3a2e140 video/x-h264, stream-format=(string)byte-stream, alignment=(string)au, level=(string)4, profile=(string)baseline, width=(int)1280, height=(int)1440, framerate=(fraction)151/3, pixel-aspect-ratio=(fraction)1/1, parsed=(boolean)true
05-10 10:02:54.094  4415  4500 D GStreamer+structure: 0:02:33.310040879 0xf37ecec0 gststructure.c:2316:gst_structure_parse_field trying field name 'profile'
05-10 10:02:54.094  4415  4502 D GStreamer+qtdemux: 0:02:33.310056868 0xf37ecfb0 qtdemux.c:7982:qtdemux_parse_samples:<q> setting all keyframes
05-10 10:02:54.094  4415  4500 D GStreamer+structure: 0:02:33.310080410 0xf37ecec0 gststructure.c:2367:gst_structure_parse_value trying type name 'string'
05-10 10:02:54.094  4415  4502 D GStreamer+qtdemux: 0:02:33.310132754 0xf37ecfb0 qtdemux.c:5197:gst_qtdemux_loop_state_movie:<q> pushing from stream 0, empty 0 offset 1156530, size 40715, dts=0:00:00.537000000, pts=0:00:00.537000000, duration 0:00:00.019666666
05-10 10:02:54.094  4415  4500 D GStreamer+GST_ELEMENT_FACTORY: 0:02:33.310144785 0xf37ecec0 gstelementfactory.c:848:gst_element_factory_list_filter Trying amcviddec-omxgooglehevcdecoder
05-10 10:02:54.094  4415  4501 D GStreamer+GST_CAPS: 0:02:33.310161868 0xf37ecf50 gstpad.c:3138:gst_pad_query_caps_default:<typefind:sink> result 0xf3a2e140 video/x-h264, stream-format=(string)byte-stream, alignment=(string)au, level=(string)4, profile=(string)baseline, width=(int)1280, height=(int)1440, framerate=(fraction)151/3, pixel-aspect-ratio=(fraction)1/1, parsed=(boolean)true
05-10 10:02:54.094  4415  4500 D GStreamer+structure: 0:02:33.310186191 0xf37ecec0 gststructure.c:2316:gst_structure_parse_field trying field name 'width'
05-10 10:02:54.094  4415  4502 D GStreamer+basesrc: 0:02:33.310206035 0xf37ecfb0 gstbasesrc.c:2355:gst_base_src_update_length:<filesrc0> reading offset 1156530, length 40715, size 15003960, segment.stop -1, maxsize 15003960
05-10 10:02:54.094  4415  4501 D GStreamer+GST_PADS: 0:02:33.310222285 0xf37ecf50 gstpad.c:3339:gst_pad_query_default:<typefind:sink> not forwarding 0xf3a4a2f0 (caps) query
05-10 10:02:54.094  4415  4500 D GStreamer+structure: 0:02:33.310233587 0xf37ecec0 gststructure.c:2367:gst_structure_parse_value trying type name 'int'
05-10 10:02:54.094  4415  4502 D GStreamer+basesrc: 0:02:33.310263743 0xf37ecfb0 gstbasesrc.c:2456:gst_base_src_get_range:<filesrc0> calling create offset 1156530 length 40715, time 0
05-10 10:02:54.094  4415  4500 D GStreamer+structure: 0:02:33.310278014 0xf37ecec0 gststructure.c:2316:gst_structure_parse_field trying field name 'height'
05-10 10:02:54.094  4415  4501 D GStreamer+GST_PADS: 0:02:33.310294681 0xf37ecf50 gstpad.c:3905:gst_pad_query:<typefind:sink> sent query 0xf3a4a2f0 (caps), result 1
05-10 10:02:54.094  4415  4500 D GStreamer+structure: 0:02:33.310335879 0xf37ecec0 gststructure.c:2367:gst_structure_parse_value trying type name 'int'
05-10 10:02:54.094  4415  4502 D GStreamer+GST_MEMORY: 0:02:33.310351660 0xf37ecfb0 gstmemory.c:138:gst_memory_init new memory 0xf3c11800, maxsize:40718 offset:0 size:40715
05-10 10:02:54.094  4415  4500 D GStreamer+structure: 0:02:33.310388535 0xf37ecec0 gststructure.c:2316:gst_structure_parse_field trying field name 'framerate'
05-10 10:02:54.094  4415  4501 D GStreamer+GST_CAPS: 0:02:33.310407025 0xf37ecf50 gstutils.c:2845:gst_pad_query_caps:<typefind:sink> query returned video/x-h264, stream-format=(string)byte-stream, alignment=(string)au, level=(string)4, profile=(string)baseline, width=(int)1280, height=(int)1440, framerate=(fraction)151/3, pixel-aspect-ratio=(fraction)1/1, parsed=(boolean)true
05-10 10:02:54.094  4415  4500 D GStreamer+structure: 0:02:33.310443379 0xf37ecec0 gststructure.c:2367:gst_structure_parse_value trying type name 'fraction'
05-10 10:02:54.094  4415  4501 D GStreamer+GST_PADS: 0:02:33.310513795 0xf37ecf50 gstpad.c:3065:gst_pad_query_accept_caps_default:<typefind:sink> allowed caps subset video/x-h264, stream-format=(string)byte-stream, alignment=(string)au, level=(string)4, profile=(string)baseline, width=(int)1280, height=(int)1440, framerate=(fraction)151/3, pixel-aspect-ratio=(fraction)1/1, parsed=(boolean)true, caps video/x-h264, stream-format=(string)byte-stream, alignment=(string)au, level=(string)4, profile=(string)baseline, width=(int)1280, height=(int)1440, framerate=(fraction)151/3, pixel-aspect-ratio=(fraction)1/1, parsed=(boolean)true
05-10 10:02:54.094  4415  4501 D GStreamer+GST_PADS: 0:02:33.310567650 0xf37ecf50 gstpad.c:3339:gst_pad_query_default:<typefind:sink> not forwarding 0xf3a4a2c0 (accept-caps) query
05-10 10:02:54.094  4415  4501 D GStreamer+GST_PADS: 0:02:33.310610202 0xf37ecf50 gstpad.c:3905:gst_pad_query:<typefind:sink> sent query 0xf3a4a2c0 (accept-caps), result 1
05-10 10:02:54.094  4415  4501 D GStreamer+default: 0:02:33.310658014 0xf37ecf50 gstutils.c:2926:gst_pad_query_accept_caps:<typefind:sink> query returned 1
05-10 10:02:54.094  4415  4500 D GStreamer+structure: 0:02:33.310677337 0xf37ecec0 gststructure.c:2316:gst_structure_parse_field trying field name 'parsed'
05-10 10:02:54.094  4415  4502 D GStreamer+basesrc: 0:02:33.310696973 0xf37ecfb0 gstbasesrc.c:2310:gst_base_src_do_sync:<filesrc0> we have no clock
05-10 10:02:54.094  4415  4501 D GStreamer+typefind: 0:02:33.310717077 0xf37ecf50 gsttypefindelement.c:613:gst_type_find_element_sink_event:<typefind> got caps event in mode 1
05-10 10:02:54.094  4415  4502 D GStreamer+basesrc: 0:02:33.310737910 0xf37ecfb0 gstbasesrc.c:2520:gst_base_src_get_range:<filesrc0> buffer ok
05-10 10:02:54.094  4415  4500 D GStreamer+structure: 0:02:33.310753587 0xf37ecec0 gststructure.c:2367:gst_structure_parse_value trying type name 'boolean'
05-10 10:02:54.094  4415  4500 D GStreamer+structure: 0:02:33.310806035 0xf37ecec0 gststructure.c:2316:gst_structure_parse_field trying field name 'stream-format'
05-10 10:02:54.094  4415  4501 D GStreamer+decodebin: 0:02:33.310843118 0xf37ecf50 gstdecodebin2.c:2832:type_found:<forhwgl> typefind found caps video/x-h264, stream-format=(string)byte-stream, alignment=(string)au, level=(string)4, profile=(string)baseline, width=(int)1280, height=(int)1440, framerate=(fraction)151/3, pixel-aspect-ratio=(fraction)1/1, parsed=(boolean)true
05-10 10:02:54.094  4415  4502 D GStreamer+GST_SCHEDULING: 0:02:33.310861400 0xf37ecfb0 gstpad.c:4153:gst_pad_chain_data_unchecked:<queue0:sink> calling chainfunction &gst_queue_chain with buffer buffer: 0xf3c06160, pts 0:00:00.537000000, dts 0:00:00.537000000, dur 0:00:00.019666666, size 40715, offset none, offset_end none, flags 0x0
05-10 10:02:54.094  4415  4500 D GStreamer+structure: 0:02:33.310876660 0xf37ecec0 gststructure.c:2367:gst_structure_parse_value trying type name 'string'
05-10 10:02:54.094  4415  4501 I GStreamer+GST_ELEMENT_PADS: 0:02:33.310918223 0xf37ecf50 gstelement.c:907:gst_element_get_static_pad found pad typefind:src
05-10 10:02:54.094  4415  4502 D GStreamer+GST_SCHEDULING: 0:02:33.310939681 0xf37ecfb0 gstpad.c:4159:gst_pad_chain_data_unchecked:<queue0:sink> called chainfunction &gst_queue_chain with buffer 0xf3c06160, returned ok
05-10 10:02:54.095  4415  4500 D GStreamer+structure: 0:02:33.310963848 0xf37ecec0 gststructure.c:2316:gst_structure_parse_field trying field name 'alignment'
05-10 10:02:54.095  4415  4501 I GStreamer+GST_ELEMENT_PADS: 0:02:33.310981400 0xf37ecf50 gstelement.c:907:gst_element_get_static_pad found pad typefind:sink
05-10 10:02:54.095  4415  4500 D GStreamer+structure: 0:02:33.311014681 0xf37ecec0 gststructure.c:2367:gst_structure_parse_value trying type name 'string'
05-10 10:02:54.095  4415  4502 D GStreamer+qtdemux: 0:02:33.310999264 0xf37ecfb0 qtdemux.c:7675:qtdemux_parse_samples:<q> parsing up to sample 27
05-10 10:02:54.095  4415  4501 D GStreamer+decodebin: 0:02:33.311041504 0xf37ecf50 gstdecodebin2.c:3511:gst_decode_chain_new:<forhwgl> Creating new chain 0xf3c1b808 with parent group 0x0
05-10 10:02:54.095  4415  4500 D GStreamer+structure: 0:02:33.311074056 0xf37ecec0 gststructure.c:2316:gst_structure_parse_field trying field name 'profile'
05-10 10:02:54.095  4415  4500 D GStreamer+structure: 0:02:33.311117545 0xf37ecec0 gststructure.c:2367:gst_structure_parse_value trying type name 'string'
05-10 10:02:54.095  4415  4502 D GStreamer+qtdemux: 0:02:33.311092493 0xf37ecfb0 qtdemux.c:7882:qtdemux_parse_samples:<q> sample 27: index 0, timestamp 0:00:00.556666666
05-10 10:02:54.095  4415  4501 D GStreamer+decodebin: 0:02:33.311154264 0xf37ecf50 gstdecodebin2.c:1531:analyze_new_pad:<forhwgl> Pad typefind:src caps:video/x-h264, stream-format=(string)byte-stream, alignment=(string)au, level=(string)4, profile=(string)baseline, width=(int)1280, height=(int)1440, framerate=(fraction)151/3, pixel-aspect-ratio=(fraction)1/1, parsed=(boolean)true
05-10 10:02:54.095  4415  4502 D GStreamer+qtdemux: 0:02:33.311165045 0xf37ecfb0 qtdemux.c:7937:qtdemux_parse_samples:<q> samples at 27 is keyframe
05-10 10:02:54.095  4415  4500 D GStreamer+GST_ELEMENT_FACTORY: 0:02:33.311185618 0xf37ecec0 gstelementfactory.c:848:gst_element_factory_list_filter Trying amcviddec-omxgooglempeg4decoder
05-10 10:02:54.095  4415  4501 D GStreamer+decodebin: 0:02:33.311204316 0xf37ecf50 gstdecodebin2.c:5064:gst_decode_pad_new:<forhwgl> making new decodepad
05-10 10:02:54.095  4415  4500 D GStreamer+structure: 0:02:33.311231816 0xf37ecec0 gststructure.c:2316:gst_structure_parse_field trying field name 'width'
05-10 10:02:54.095  4415  4502 D GStreamer+qtdemux: 0:02:33.311249368 0xf37ecfb0 qtdemux.c:5197:gst_qtdemux_loop_state_movie:<q> pushing from stream 1, empty 0 offset 1239189, size 144, dts=0:00:00.864000000, pts=0:00:00.864000000, duration 0:00:00.024000000
05-10 10:02:54.095  4415  4500 D GStreamer+structure: 0:02:33.311295202 0xf37ecec0 gststructure.c:2367:gst_structure_parse_value trying type name 'int'
05-10 10:02:54.095  4415  4500 D GStreamer+structure: 0:02:33.311333431 0xf37ecec0 gststructure.c:2316:gst_structure_parse_field trying field name 'height'
05-10 10:02:54.095  4415  4502 D GStreamer+basesrc: 0:02:33.311340983 0xf37ecfb0 gstbasesrc.c:2355:gst_base_src_update_length:<filesrc0> reading offset 1239189, length 144, size 15003960, segment.stop -1, maxsize 15003960
05-10 10:02:54.095  4415  4501 D GStreamer+GST_PADS: 0:02:33.311346660 0xf37ecf50 gstpad.c:1940:gst_pad_set_iterate_internal_links_function_full:<GstProxyPad@0xf39de650> internal link iterator set to gst_proxy_pad_iterate_internal_links_default
05-10 10:02:54.095  4415  4500 D GStreamer+structure: 0:02:33.311367389 0xf37ecec0 gststructure.c:2367:gst_structure_parse_value trying type name 'int'
05-10 10:02:54.095  4415  4502 D GStreamer+basesrc: 0:02:33.311381295 0xf37ecfb0 gstbasesrc.c:2456:gst_base_src_get_range:<filesrc0> calling create offset 1239189 length 144, time 0
05-10 10:02:54.095  4415  4501 D GStreamer+GST_PADS: 0:02:33.311405723 0xf37ecf50 gstpad.c:1685:gst_pad_set_activatemode_function_full:<GstGhostPad@0xf39de650> activatemodefunc set to gst_ghost_pad_activate_mode_default
05-10 10:02:54.095  4415  4500 D GStreamer+structure: 0:02:33.311434993 0xf37ecec0 gststructure.c:2316:gst_structure_parse_field trying field name 'framerate'
05-10 10:02:54.095  4415  4502 D GStreamer+GST_MEMORY: 0:02:33.311450045 0xf37ecfb0 gstmemory.c:138:gst_memory_init new memory 0xf3bbb3d8, maxsize:147 offset:0 size:144
05-10 10:02:54.095  4415  4500 D GStreamer+structure: 0:02:33.311470098 0xf37ecec0 gststructure.c:2367:gst_structure_parse_value trying type name 'fraction'
05-10 10:02:54.095  4415  4501 D GStreamer+GST_PADS: 0:02:33.311522910 0xf37ecf50 gstpad.c:1793:gst_pad_set_getrange_function_full:<'':decodepad1> getrangefunc set to gst_proxy_pad_getrange_default
05-10 10:02:54.095  4415  4502 D GStreamer+basesrc: 0:02:33.311541139 0xf37ecfb0 gstbasesrc.c:2310:gst_base_src_do_sync:<filesrc0> we have no clock
05-10 10:02:54.095  4415  4500 D GStreamer+structure: 0:02:33.311556087 0xf37ecec0 gststructure.c:2316:gst_structure_parse_field trying field name 'mpegversion'
05-10 10:02:54.095  4415  4502 D GStreamer+basesrc: 0:02:33.311579264 0xf37ecfb0 gstbasesrc.c:2520:gst_base_src_get_range:<filesrc0> buffer ok
05-10 10:02:54.095  4415  4501 D GStreamer+GST_PADS: 0:02:33.311591504 0xf37ecf50 gstpad.c:1940:gst_pad_set_iterate_internal_links_function_full:<GstProxyPad@0xf39df1b0> internal link iterator set to gst_proxy_pad_iterate_internal_links_default
05-10 10:02:54.095  4415  4500 D GStreamer+structure: 0:02:33.311618639 0xf37ecec0 gststructure.c:2367:gst_structure_parse_value trying type name 'int'
05-10 10:02:54.095  4415  4502 D GStreamer+GST_SCHEDULING: 0:02:33.311688014 0xf37ecfb0 gstpad.c:4153:gst_pad_chain_data_unchecked:<queue2:sink> calling chainfunction &gst_queue_chain with buffer buffer: 0xf3c06200, pts 0:00:00.864000000, dts 0:00:00.864000000, dur 0:00:00.024000000, size 144, offset none, offset_end none, flags 0x0
05-10 10:02:54.095  4415  4500 D GStreamer+structure: 0:02:33.311694681 0xf37ecec0 gststructure.c:2316:gst_structure_parse_field trying field name 'systemstream'
05-10 10:02:54.095  4415  4501 D GStreamer+GST_PADS: 0:02:33.311711556 0xf37ecf50 gstpad.c:1720:gst_pad_set_chain_function_full:<'':proxypad5> chainfunc set to gst_proxy_pad_chain_default
05-10 10:02:54.095  4415  4500 D GStreamer+structure: 0:02:33.311747806 0xf37ecec0 gststructure.c:2367:gst_structure_parse_value trying type name 'boolean'
05-10 10:02:54.095  4415  4502 D GStreamer+GST_SCHEDULING: 0:02:33.311765879 0xf37ecfb0 gstpad.c:4159:gst_pad_chain_data_unchecked:<queue2:sink> called chainfunction &gst_queue_chain with buffer 0xf3c06200, returned ok
05-10 10:02:54.095  4415  4501 D GStreamer+GST_PADS: 0:02:33.311784056 0xf37ecf50 gstpad.c:1757:gst_pad_set_chain_list_function_full:<'':proxypad5> chainlistfunc set to gst_proxy_pad_chain_list_default
05-10 10:02:54.095  4415  4500 D GStreamer+structure: 0:02:33.311799004 0xf37ecec0 gststructure.c:2316:gst_structure_parse_field trying field name 'parsed'
05-10 10:02:54.095  4415  4502 D GStreamer+qtdemux: 0:02:33.311808431 0xf37ecfb0 qtdemux.c:7675:qtdemux_parse_samples:<q> parsing up to sample 37
05-10 10:02:54.095  4415  4501 D GStreamer+GST_REFCOUNTING: 0:02:33.311828118 0xf37ecf50 gstobject.c:692:gst_object_set_parent:<'':proxypad5> set parent (ref and sink)
05-10 10:02:54.095  4415  4500 D GStreamer+structure: 0:02:33.311847441 0xf37ecec0 gststructure.c:2367:gst_structure_parse_value trying type name 'boolean'
05-10 10:02:54.095  4415  4500 D GStreamer+structure: 0:02:33.311886087 0xf37ecec0 gststructure.c:2316:gst_structure_parse_field trying field name 'profile'
05-10 10:02:54.095  4415  4502 D GStreamer+qtdemux: 0:02:33.311893795 0xf37ecfb0 qtdemux.c:7882:qtdemux_parse_samples:<q> sample 37: index 37, timestamp 0:00:00.888000000
05-10 10:02:54.095  4415  4501 D GStreamer+GST_PADS: 0:02:33.311911191 0xf37ecf50 gstpad.c:1685:gst_pad_set_activatemode_function_full:<decodepad1:proxypad5> activatemodefunc set to gst_ghost_pad_internal_activate_mode_default
05-10 10:02:54.095  4415  4500 D GStreamer+structure: 0:02:33.311940670 0xf37ecec0 gststructure.c:2367:gst_structure_parse_value trying type name 'string'
05-10 10:02:54.096  4415  4502 D GStreamer+qtdemux: 0:02:33.311958379 0xf37ecfb0 qtdemux.c:7982:qtdemux_parse_samples:<q> setting all keyframes
05-10 10:02:54.096  4415  4501 D GStreamer+GST_PADS: 0:02:33.311975670 0xf37ecf50 gstpad.c:1906:gst_pad_set_query_function_full:<decodepad1:proxypad5> queryfunc set to 0xdab9d991
05-10 10:02:54.096  4415  4500 D GStreamer+structure: 0:02:33.311984212 0xf37ecec0 gststructure.c:2316:gst_structure_parse_field trying field name 'width'
05-10 10:02:54.096  4415  4500 D GStreamer+structure: 0:02:33.312021764 0xf37ecec0 gststructure.c:2367:gst_structure_parse_value trying type name 'int'
05-10 10:02:54.096  4415  4502 D GStreamer+qtdemux: 0:02:33.312033379 0xf37ecfb0 qtdemux.c:5197:gst_qtdemux_loop_state_movie:<q> pushing from stream 0, empty 0 offset 1197389, size 41800, dts=0:00:00.556666666, pts=0:00:00.556666666, duration 0:00:00.020000000
05-10 10:02:54.096  4415  4501 D GStreamer+GST_PADS: 0:02:33.312049108 0xf37ecf50 gstpad.c:1826:gst_pad_set_event_function_full:<'':decodepad1> eventfunc for set to 0xdab9d7d9
05-10 10:02:54.096  4415  4500 D GStreamer+structure: 0:02:33.312077181 0xf37ecec0 gststructure.c:2316:gst_structure_parse_field trying field name 'height'
05-10 10:02:54.096  4415  4501 D GStreamer+GST_PADS: 0:02:33.312102545 0xf37ecf50 gstpad.c:1056:gst_pad_set_active:<'':decodepad1> activating pad from none
05-10 10:02:54.096  4415  4502 D GStreamer+basesrc: 0:02:33.312119889 0xf37ecfb0 gstbasesrc.c:2355:gst_base_src_update_length:<filesrc0> reading offset 1197389, length 41800, size 15003960, segment.stop -1, maxsize 15003960
05-10 10:02:54.096  4415  4500 D GStreamer+structure: 0:02:33.312135566 0xf37ecec0 gststructure.c:2367:gst_structure_parse_value trying type name 'int'
05-10 10:02:54.096  4415  4501 D GStreamer+GST_PADS: 0:02:33.312156660 0xf37ecf50 gstpad.c:972:pre_activate:<'':decodepad1> setting pad into push mode, unset flushing
05-10 10:02:54.096  4415  4502 D GStreamer+basesrc: 0:02:33.312166816 0xf37ecfb0 gstbasesrc.c:2456:gst_base_src_get_range:<filesrc0> calling create offset 1197389 length 41800, time 0
05-10 10:02:54.096  4415  4500 D GStreamer+structure: 0:02:33.312190983 0xf37ecec0 gststructure.c:2316:gst_structure_parse_field trying field name 'framerate'
05-10 10:02:54.096  4415  4501 D GStreamer+GST_PADS: 0:02:33.312218483 0xf37ecf50 gstpad.c:972:pre_activate:<decodepad1:proxypad5> setting pad into push mode, unset flushing
05-10 10:02:54.096  4415  4502 D GStreamer+GST_MEMORY: 0:02:33.312236608 0xf37ecfb0 gstmemory.c:138:gst_memory_init new memory 0xf3c1c000, maxsize:41803 offset:0 size:41800
05-10 10:02:54.096  4415  4501 D GStreamer+GST_PADS: 0:02:33.312261868 0xf37ecf50 gstpad.c:1225:gst_pad_activate_mode:<'':decodepad1> already activated in push mode
05-10 10:02:54.096  4415  4500 D GStreamer+structure: 0:02:33.312264681 0xf37ecec0 gststructure.c:2367:gst_structure_parse_value trying type name 'fraction'
05-10 10:02:54.096  4415  4501 D GStreamer+GST_PADS: 0:02:33.312308639 0xf37ecf50 gstpad.c:1198:gst_pad_activate_mode:<decodepad1:proxypad5> activated in push mode
05-10 10:02:54.096  4415  4502 D GStreamer+basesrc: 0:02:33.312323952 0xf37ecfb0 gstbasesrc.c:2310:gst_base_src_do_sync:<filesrc0> we have no clock
05-10 10:02:54.096  4415  4500 D GStreamer+structure: 0:02:33.312338639 0xf37ecec0 gststructure.c:2316:gst_structure_parse_field trying field name 'divxversion'
05-10 10:02:54.096  4415  4501 D GStreamer+GST_PADS: 0:02:33.312350410 0xf37ecf50 gstpad.c:1198:gst_pad_activate_mode:<'':decodepad1> activated in push mode
05-10 10:02:54.096  4415  4502 D GStreamer+basesrc: 0:02:33.312359525 0xf37ecfb0 gstbasesrc.c:2520:gst_base_src_get_range:<filesrc0> buffer ok
05-10 10:02:54.096  4415  4500 D GStreamer+structure: 0:02:33.312391087 0xf37ecec0 gststructure.c:2367:gst_structure_parse_value trying type name 'int'
05-10 10:02:54.096  4415  4501 D GStreamer+GST_PADS: 0:02:33.312415879 0xf37ecf50 gstghostpad.c:840:gst_ghost_pad_set_target:<'':decodepad1> set target typefind:src
05-10 10:02:54.096  4415  4500 D GStreamer+structure: 0:02:33.312435410 0xf37ecec0 gststructure.c:2316:gst_structure_parse_field trying field name 'parsed'
05-10 10:02:54.096  4415  4502 D GStreamer+GST_SCHEDULING: 0:02:33.312497702 0xf37ecfb0 gstpad.c:4153:gst_pad_chain_data_unchecked:<queue0:sink> calling chainfunction &gst_queue_chain with buffer buffer: 0xf3c062a0, pts 0:00:00.556666666, dts 0:00:00.556666666, dur 0:00:00.020000000, size 41800, offset none, offset_end none, flags 0x0
05-10 10:02:54.096  4415  4501 D GStreamer+GST_PADS: 0:02:33.312515410 0xf37ecf50 gstghostpad.c:862:gst_ghost_pad_set_target:<'':decodepad1> connecting internal pad to target <typefind:src>
05-10 10:02:54.096  4415  4500 D GStreamer+structure: 0:02:33.312530931 0xf37ecec0 gststructure.c:2367:gst_structure_parse_value trying type name 'boolean'
05-10 10:02:54.096  4415  4502 D GStreamer+GST_SCHEDULING: 0:02:33.312552598 0xf37ecfb0 gstpad.c:4159:gst_pad_chain_data_unchecked:<queue0:sink> called chainfunction &gst_queue_chain with buffer 0xf3c062a0, returned ok
05-10 10:02:54.096  4415  4500 D GStreamer+GST_ELEMENT_FACTORY: 0:02:33.312601608 0xf37ecec0 gstelementfactory.c:848:gst_element_factory_list_filter Trying amcviddec-omxgooglevp8decoder
05-10 10:02:54.096  4415  4502 D GStreamer+qtdemux: 0:02:33.312621400 0xf37ecfb0 qtdemux.c:7675:qtdemux_parse_samples:<q> parsing up to sample 28
05-10 10:02:54.096  4415  4501 D GStreamer+GST_BUS: 0:02:33.312659108 0xf37ecf50 gstbus.c:309:gst_bus_post:<bus0> [msg 0xf3abda28] posting on bus structure-change message: 0xf3abda28, time 99:99:99.999999999, seq-num 134, element 'proxypad5', GstMessageStructureChange, type=(GstStructureChangeType)GST_STRUCTURE_CHANGE_TYPE_PAD_LINK, owner=(GstElement)"\(GstTypeFindElement\)\ typefind", busy=(boolean)true;
05-10 10:02:54.096  4415  4500 D GStreamer+structure: 0:02:33.312676660 0xf37ecec0 gststructure.c:2316:gst_structure_parse_field trying field name 'width'
05-10 10:02:54.096  4415  4502 D GStreamer+qtdemux: 0:02:33.312693952 0xf37ecfb0 qtdemux.c:7882:qtdemux_parse_samples:<q> sample 28: index 1, timestamp 0:00:00.576666666
05-10 10:02:54.096  4415  4501 D GStreamer+bin: 0:02:33.312705150 0xf37ecf50 gstbin.c:3528:gst_bin_handle_message_func:<forhwgl> [msg 0xf3abda28] handling child proxypad5 message of type structure-change
05-10 10:02:54.096  4415  4500 D GStreamer+structure: 0:02:33.312729056 0xf37ecec0 gststructure.c:2367:gst_structure_parse_value trying type name 'int'
05-10 10:02:54.096  4415  4501 D GStreamer+bin: 0:02:33.312745723 0xf37ecf50 gstbin.c:882:find_message:<forhwgl> no message found matching types 00001000
05-10 10:02:54.096  4415  4502 D GStreamer+qtdemux: 0:02:33.312761816 0xf37ecfb0 qtdemux.c:7937:qtdemux_parse_samples:<q> samples at 28 is keyframe
05-10 10:02:54.096  4415  4501 D GStreamer+bin: 0:02:33.312784525 0xf37ecf50 gstbin.c:889:find_message:<forhwgl>   structure-change
05-10 10:02:54.096  4415  4502 D GStreamer+qtdemux: 0:02:33.312830931 0xf37ecfb0 qtdemux.c:5197:gst_qtdemux_loop_state_movie:<q> pushing from stream 0, empty 0 offset 1239333, size 41052, dts=0:00:00.576666666, pts=0:00:00.576666666, duration 0:00:00.020000000
05-10 10:02:54.096  4415  4501 D GStreamer+bin: 0:02:33.312850410 0xf37ecf50 gstbin.c:929:bin_replace_message:<forhwgl> got new message 0xf3abda28, structure-change from proxypad5
05-10 10:02:54.096  4415  4500 D GStreamer+structure: 0:02:33.312864577 0xf37ecec0 gststructure.c:2316:gst_structure_parse_field trying field name 'height'
05-10 10:02:54.096  4415  4500 D GStreamer+structure: 0:02:33.312899993 0xf37ecec0 gststructure.c:2367:gst_structure_parse_value trying type name 'int'
05-10 10:02:54.096  4415  4502 D GStreamer+basesrc: 0:02:33.312907650 0xf37ecfb0 gstbasesrc.c:2355:gst_base_src_update_length:<filesrc0> reading offset 1239333, length 41052, size 15003960, segment.stop -1, maxsize 15003960
05-10 10:02:54.096  4415  4501 D GStreamer+GST_BUS: 0:02:33.312941868 0xf37ecf50 gstbus.c:344:gst_bus_post:<bus0> [msg 0xf3abda28] dropped
05-10 10:02:54.097  4415  4500 D GStreamer+structure: 0:02:33.312952389 0xf37ecec0 gststructure.c:2316:gst_structure_parse_field trying field name 'framerate'
05-10 10:02:54.097  4415  4500 D GStreamer+structure: 0:02:33.312987545 0xf37ecec0 gststructure.c:2367:gst_structure_parse_value trying type name 'fraction'
05-10 10:02:54.097  4415  4502 D GStreamer+basesrc: 0:02:33.312994889 0xf37ecfb0 gstbasesrc.c:2456:gst_base_src_get_range:<filesrc0> calling create offset 1239333 length 41052, time 0
05-10 10:02:54.097  4415  4501 I GStreamer+GST_PADS: 0:02:33.313010983 0xf37ecf50 gstpad.c:2292:gst_pad_link_prepare trying to link typefind:src and decodepad1:proxypad5
05-10 10:02:54.097  4415  4502 D GStreamer+GST_MEMORY: 0:02:33.313051920 0xf37ecfb0 gstmemory.c:138:gst_memory_init new memory 0xf3c263a0, maxsize:41055 offset:0 size:41052
05-10 10:02:54.097  4415  4500 D GStreamer+GST_ELEMENT_FACTORY: 0:02:33.313071764 0xf37ecec0 gstelementfactory.c:848:gst_element_factory_list_filter Trying amcviddec-omxgooglevp9decoder
05-10 10:02:54.097  4415  4501 I GStreamer+GST_PADS: 0:02:33.313089525 0xf37ecf50 gstpad.c:2498:gst_pad_link_full linked typefind:src and decodepad1:proxypad5, successful
05-10 10:02:54.097  4415  4500 D GStreamer+GST_ELEMENT_FACTORY: 0:02:33.313108275 0xf37ecec0 gstelementfactory.c:848:gst_element_factory_list_filter Trying auparse
05-10 10:02:54.097  4415  4501 I GStreamer+GST_EVENT: 0:02:33.313124889 0xf37ecf50 gstevent.c:1382:gst_event_new_reconfigure creating reconfigure event
05-10 10:02:54.097  4415  4502 D GStreamer+basesrc: 0:02:33.313135723 0xf37ecfb0 gstbasesrc.c:2310:gst_base_src_do_sync:<filesrc0> we have no clock
05-10 10:02:54.097  4415  4502 D GStreamer+basesrc: 0:02:33.313174889 0xf37ecfb0 gstbasesrc.c:2520:gst_base_src_get_range:<filesrc0> buffer ok
05-10 10:02:54.097  4415  4500 D GStreamer+GST_ELEMENT_FACTORY: 0:02:33.313181712 0xf37ecec0 gstelementfactory.c:848:gst_element_factory_list_filter Trying ivorbisdec
05-10 10:02:54.097  4415  4501 D GStreamer+GST_EVENT: 0:02:33.313197233 0xf37ecf50 gstevent.c:302:gst_event_new_custom creating new event 0xf39dbb20 reconfigure 61441
05-10 10:02:54.097  4415  4500 D GStreamer+GST_ELEMENT_FACTORY: 0:02:33.313241139 0xf37ecec0 gstelementfactory.c:848:gst_element_factory_list_filter Trying rtpL16depay
05-10 10:02:54.097  4415  4502 D GStreamer+GST_SCHEDULING: 0:02:33.313269264 0xf37ecfb0 gstpad.c:4153:gst_pad_chain_data_unchecked:<queue0:sink> calling chainfunction &gst_queue_chain with buffer buffer: 0xf3c06340, pts 0:00:00.576666666, dts 0:00:00.576666666, dur 0:00:00.020000000, size 41052, offset none, offset_end none, flags 0x0
05-10 10:02:54.097  4415  4501 D GStreamer+GST_EVENT: 0:02:33.313287545 0xf37ecf50 gstpad.c:5496:gst_pad_send_event_unchecked:<typefind:src> have event type reconfigure event: 0xf39dbb20, time 99:99:99.999999999, seq-num 135, (NULL)
05-10 10:02:54.097  4415  4500 D GStreamer+structure: 0:02:33.313314056 0xf37ecec0 gststructure.c:2316:gst_structure_parse_field trying field name 'media'
05-10 10:02:54.097  4415  4502 D GStreamer+GST_SCHEDULING: 0:02:33.313343952 0xf37ecfb0 gstpad.c:4159:gst_pad_chain_data_unchecked:<queue0:sink> called chainfunction &gst_queue_chain with buffer 0xf3c06340, returned ok
05-10 10:02:54.097  4415  4500 D GStreamer+structure: 0:02:33.313356660 0xf37ecec0 gststructure.c:2367:gst_structure_parse_value trying type name 'string'
05-10 10:02:54.097  4415  4501 D GStreamer+GST_PADS: 0:02:33.313373014 0xf37ecf50 gstpad.c:5569:gst_pad_send_event_unchecked:<typefind:src> sent event, ret error
05-10 10:02:54.097  4415  4502 D GStreamer+qtdemux: 0:02:33.313384368 0xf37ecfb0 qtdemux.c:7675:qtdemux_parse_samples:<q> parsing up to sample 29
05-10 10:02:54.097  4415  4500 D GStreamer+structure: 0:02:33.313407962 0xf37ecec0 gststructure.c:2316:gst_structure_parse_field trying field name 'clock-rate'
05-10 10:02:54.097  4415  4502 D GStreamer+qtdemux: 0:02:33.313436764 0xf37ecfb0 qtdemux.c:7882:qtdemux_parse_samples:<q> sample 29: index 0, timestamp 0:00:00.596666666
05-10 10:02:54.097  4415  4500 D GStreamer+structure: 0:02:33.313449941 0xf37ecec0 gststructure.c:2367:gst_structure_parse_value trying type name 'int'
05-10 10:02:54.097  4415  4502 D GStreamer+qtdemux: 0:02:33.313514577 0xf37ecfb0 qtdemux.c:7937:qtdemux_parse_samples:<q> samples at 29 is keyframe
05-10 10:02:54.097  4415  4501 D GStreamer+GST_BUS: 0:02:33.313498691 0xf37ecf50 gstbus.c:309:gst_bus_post:<bus0> [msg 0xf3abda80] posting on bus structure-change message: 0xf3abda80, time 99:99:99.999999999, seq-num 136, element 'proxypad5', GstMessageStructureChange, type=(GstStructureChangeType)GST_STRUCTURE_CHANGE_TYPE_PAD_LINK, owner=(GstElement)"\(GstTypeFindElement\)\ typefind", busy=(boolean)false;
05-10 10:02:54.097  4415  4500 D GStreamer+structure: 0:02:33.313540723 0xf37ecec0 gststructure.c:2316:gst_structure_parse_field trying field name 'encoding-name'
05-10 10:02:54.097  4415  4501 D GStreamer+bin: 0:02:33.313593848 0xf37ecf50 gstbin.c:3528:gst_bin_handle_message_func:<forhwgl> [msg 0xf3abda80] handling child proxypad5 message of type structure-change
05-10 10:02:54.097  4415  4502 D GStreamer+qtdemux: 0:02:33.313606191 0xf37ecfb0 qtdemux.c:5197:gst_qtdemux_loop_state_movie:<q> pushing from stream 1, empty 0 offset 1320880, size 144, dts=0:00:00.888000000, pts=0:00:00.888000000, duration 0:00:00.024000000
05-10 10:02:54.097  4415  4500 D GStreamer+structure: 0:02:33.313618327 0xf37ecec0 gststructure.c:2367:gst_structure_parse_value trying type name 'string'
05-10 10:02:54.097  4415  4501 D GStreamer+bin: 0:02:33.313638535 0xf37ecf50 gstbin.c:957:bin_remove_messages:<decodepad1:proxypad5> deleting message 0xf3abda28 of types 0x00001000
05-10 10:02:54.097  4415  4500 D GStreamer+structure: 0:02:33.313662493 0xf37ecec0 gststructure.c:2316:gst_structure_parse_field trying field name 'media'
05-10 10:02:54.097  4415  4502 D GStreamer+basesrc: 0:02:33.313682129 0xf37ecfb0 gstbasesrc.c:2355:gst_base_src_update_length:<filesrc0> reading offset 1320880, length 144, size 15003960, segment.stop -1, maxsize 15003960
05-10 10:02:54.097  4415  4500 D GStreamer+structure: 0:02:33.313723327 0xf37ecec0 gststructure.c:2367:gst_structure_parse_value trying type name 'string'
05-10 10:02:54.097  4415  4502 D GStreamer+basesrc: 0:02:33.313734316 0xf37ecfb0 gstbasesrc.c:2456:gst_base_src_get_range:<filesrc0> calling create offset 1320880 length 144, time 0
05-10 10:02:54.097  4415  4501 D GStreamer+bin: 0:02:33.313752389 0xf37ecf50 gstbin.c:963:bin_remove_messages:<forhwgl> not deleting message 0xf3abced0 of type 0x00100000
05-10 10:02:54.097  4415  4500 D GStreamer+structure: 0:02:33.313767129 0xf37ecec0 gststructure.c:2316:gst_structure_parse_field trying field name 'payload'
05-10 10:02:54.097  4415  4502 D GStreamer+GST_MEMORY: 0:02:33.313776608 0xf37ecfb0 gstmemory.c:138:gst_memory_init new memory 0xf3bbb4c0, maxsize:147 offset:0 size:144
05-10 10:02:54.097  4415  4501 D GStreamer+GST_BUS: 0:02:33.313805045 0xf37ecf50 gstbus.c:344:gst_bus_post:<bus0> [msg 0xf3abda80] dropped
05-10 10:02:54.097  4415  4502 D GStreamer+basesrc: 0:02:33.313815827 0xf37ecfb0 gstbasesrc.c:2310:gst_base_src_do_sync:<filesrc0> we have no clock
05-10 10:02:54.097  4415  4502 D GStreamer+basesrc: 0:02:33.313848483 0xf37ecfb0 gstbasesrc.c:2520:gst_base_src_get_range:<filesrc0> buffer ok
05-10 10:02:54.097  4415  4500 D GStreamer+structure: 0:02:33.313881920 0xf37ecec0 gststructure.c:2367:gst_structure_parse_value trying type name 'int'
05-10 10:02:54.097  4415  4501 D GStreamer+decodebin: 0:02:33.313899212 0xf37ecf50 gstdecodebin2.c:1487:copy_sticky_events:<'':decodepad1> store sticky event stream-start event: 0xf39c9cc0, time 99:99:99.999999999, seq-num 103, GstEventStreamStart, stream-id=(string)71ab440d261a1bb43c19b397eec2373651540427aed1e7b0deb4be62a10a7f25/001, flags=(GstStreamFlags)GST_STREAM_FLAG_NONE, group-id=(uint)0;
05-10 10:02:54.098  4415  4500 D GStreamer+structure: 0:02:33.313955358 0xf37ecec0 gststructure.c:2316:gst_structure_parse_field trying field name 'clock-rate'
05-10 10:02:54.098  4415  4502 D GStreamer+GST_SCHEDULING: 0:02:33.313972077 0xf37ecfb0 gstpad.c:4153:gst_pad_chain_data_unchecked:<queue2:sink> calling chainfunction &gst_queue_chain with buffer buffer: 0xf3c063e0, pts 0:00:00.888000000, dts 0:00:00.888000000, dur 0:00:00.024000000, size 144, offset none, offset_end none, flags 0x0
05-10 10:02:54.098  4415  4501 D GStreamer+decodebin: 0:02:33.314016504 0xf37ecf50 gstdecodebin2.c:1381:gst_decode_bin_autoplug_continue:<forhwgl> autoplug-continue returns TRUE
05-10 10:02:54.098  4415  4500 D GStreamer+structure: 0:02:33.314033118 0xf37ecec0 gststructure.c:2367:gst_structure_parse_value trying type name 'int'
05-10 10:02:54.098  4415  4502 D GStreamer+GST_SCHEDULING: 0:02:33.314050306 0xf37ecfb0 gstpad.c:4159:gst_pad_chain_data_unchecked:<queue2:sink> called chainfunction &gst_queue_chain with buffer 0xf3c063e0, returned ok
05-10 10:02:54.098  4415  4501 D GStreamer+GST_CAPS: 0:02:33.314080983 0xf37ecf50 gstpad.c:2648:gst_pad_get_current_caps:<typefind:src> get current pad caps (NULL)
05-10 10:02:54.098  4415  4500 D GStreamer+GST_ELEMENT_FACTORY: 0:02:33.314105775 0xf37ecec0 gstelementfactory.c:848:gst_element_factory_list_filter Trying rtpL24depay
05-10 10:02:54.098  4415  4501 D GStreamer+decodebin: 0:02:33.314131400 0xf37ecf50 gstdecodebin2.c:1632:analyze_new_pad:<forhwgl> No final caps set yet, delaying autoplugging
05-10 10:02:54.098  4415  4502 D GStreamer+qtdemux: 0:02:33.314148743 0xf37ecfb0 qtdemux.c:7675:qtdemux_parse_samples:<q> parsing up to sample 38
05-10 10:02:54.098  4415  4500 D GStreamer+structure: 0:02:33.314164056 0xf37ecec0 gststructure.c:2316:gst_structure_parse_field trying field name 'media'
05-10 10:02:54.098  4415  4502 D GStreamer+qtdemux: 0:02:33.314212233 0xf37ecfb0 qtdemux.c:7882:qtdemux_parse_samples:<q> sample 38: index 38, timestamp 0:00:00.912000000
05-10 10:02:54.098  4415  4500 D GStreamer+structure: 0:02:33.314228170 0xf37ecec0 gststructure.c:2367:gst_structure_parse_value trying type name 'string'
05-10 10:02:54.098  4415  4501 I GStreamer+typefind: 0:02:33.314247962 0xf37ecf50 gsttypefindelement.c:178:gst_type_find_element_have_type:<typefind> found caps video/x-h264, stream-format=(string)byte-stream, alignment=(string)au, level=(string)4, profile=(string)baseline, width=(int)1280, height=(int)1440, framerate=(fraction)151/3, pixel-aspect-ratio=(fraction)1/1, parsed=(boolean)true, probability=100
05-10 10:02:54.098  4415  4502 D GStreamer+qtdemux: 0:02:33.314265202 0xf37ecfb0 qtdemux.c:7982:qtdemux_parse_samples:<q> setting all keyframes
05-10 10:02:54.098  4415  4500 D GStreamer+structure: 0:02:33.314280983 0xf37ecec0 gststructure.c:2316:gst_structure_parse_field trying field name 'clock-rate'
05-10 10:02:54.098  4415  4501 I GStreamer+GST_EVENT: 0:02:33.314344316 0xf37ecf50 gstevent.c:679:gst_event_new_caps creating caps event video/x-h264, stream-format=(string)byte-stream, alignment=(string)au, level=(string)4, profile=(string)baseline, width=(int)1280, height=(int)1440, framerate=(fraction)151/3, pixel-aspect-ratio=(fraction)1/1, parsed=(boolean)true
05-10 10:02:54.098  4415  4502 D GStreamer+qtdemux: 0:02:33.314361920 0xf37ecfb0 qtdemux.c:5197:gst_qtdemux_loop_state_movie:<q> pushing from stream 0, empty 0 offset 1280385, size 40495, dts=0:00:00.596666666, pts=0:00:00.596666666, duration 0:00:00.019666667
05-10 10:02:54.098  4415  4500 D GStreamer+structure: 0:02:33.314376712 0xf37ecec0 gststructure.c:2367:gst_structure_parse_value trying type name 'int'
05-10 10:02:54.098  4415  4501 D GStreamer+GST_EVENT: 0:02:33.314387962 0xf37ecf50 gstevent.c:302:gst_event_new_custom creating new event 0xf39dbb68 caps 12814
05-10 10:02:54.098  4415  4500 D GStreamer+structure: 0:02:33.314432285 0xf37ecec0 gststructure.c:2316:gst_structure_parse_field trying field name 'encoding-name'
05-10 10:02:54.098  4415  4502 D GStreamer+basesrc: 0:02:33.314439681 0xf37ecfb0 gstbasesrc.c:2355:gst_base_src_update_length:<filesrc0> reading offset 1280385, length 40495, size 15003960, segment.stop -1, maxsize 15003960
05-10 10:02:54.098  4415  4501 D GStreamer+GST_PADS: 0:02:33.314458587 0xf37ecf50 gstpad.c:5053:store_sticky_event:<typefind:src> notify caps
05-10 10:02:54.098  4415  4500 D GStreamer+structure: 0:02:33.314474733 0xf37ecec0 gststructure.c:2367:gst_structure_parse_value trying type name 'string'
05-10 10:02:54.098  4415  4502 D GStreamer+basesrc: 0:02:33.314501035 0xf37ecfb0 gstbasesrc.c:2456:gst_base_src_get_range:<filesrc0> calling create offset 1280385 length 40495, time 0
05-10 10:02:54.098  4415  4501 D GStreamer+decodebin: 0:02:33.314554056 0xf37ecf50 gstdecodebin2.c:2921:pad_added_cb:<typefind:src> pad added, chain:0xf3c1b808
05-10 10:02:54.098  4415  4500 D GStreamer+GST_ELEMENT_FACTORY: 0:02:33.314566191 0xf37ecec0 gstelementfactory.c:848:gst_element_factory_list_filter Trying rtpac3depay
05-10 10:02:54.098  4415  4502 D GStreamer+GST_MEMORY: 0:02:33.314581920 0xf37ecfb0 gstmemory.c:138:gst_memory_init new memory 0xf3c31000, maxsize:40498 offset:0 size:40495
05-10 10:02:54.098  4415  4500 D GStreamer+structure: 0:02:33.314626035 0xf37ecec0 gststructure.c:2316:gst_structure_parse_field trying field name 'media'
05-10 10:02:54.098  4415  4501 D GStreamer+GST_CAPS: 0:02:33.314645358 0xf37ecf50 gstpad.c:2648:gst_pad_get_current_caps:<typefind:src> get current pad caps video/x-h264, stream-format=(string)byte-stream, alignment=(string)au, level=(string)4, profile=(string)baseline, width=(int)1280, height=(int)1440, framerate=(fraction)151/3, pixel-aspect-ratio=(fraction)1/1, parsed=(boolean)true
05-10 10:02:54.098  4415  4500 D GStreamer+structure: 0:02:33.314666556 0xf37ecec0 gststructure.c:2367:gst_structure_parse_value trying type name 'string'
05-10 10:02:54.098  4415  4501 D GStreamer+decodebin: 0:02:33.314722285 0xf37ecf50 gstdecodebin2.c:1531:analyze_new_pad:<forhwgl> Pad typefind:src caps:video/x-h264, stream-format=(string)byte-stream, alignment=(string)au, level=(string)4, profile=(string)baseline, width=(int)1280, height=(int)1440, framerate=(fraction)151/3, pixel-aspect-ratio=(fraction)1/1, parsed=(boolean)true
05-10 10:02:54.098  4415  4501 D GStreamer+GST_PADS: 0:02:33.314764368 0xf37ecf50 gstpad.c:1062:gst_pad_set_active:<'':decodepad1> pad was active in push mode
05-10 10:02:54.098  4415  4501 D GStreamer+GST_PADS: 0:02:33.314804629 0xf37ecf50 gstghostpad.c:840:gst_ghost_pad_set_target:<'':decodepad1> set target typefind:src
05-10 10:02:54.098  4415  4501 I GStreamer+GST_ELEMENT_PADS: 0:02:33.314845723 0xf37ecf50 gstpad.c:2048:gst_pad_unlink unlinking typefind:src(0xf39b4968) and decodepad1:proxypad5(0xf39df1b0)
05-10 10:02:54.098  4415  4500 D GStreamer+structure: 0:02:33.314857337 0xf37ecec0 gststructure.c:2316:gst_structure_parse_field trying field name 'clock-rate'
05-10 10:02:54.098  4415  4502 D GStreamer+basesrc: 0:02:33.314887337 0xf37ecfb0 gstbasesrc.c:2310:gst_base_src_do_sync:<filesrc0> we have no clock
05-10 10:02:54.098  4415  4500 D GStreamer+structure: 0:02:33.314897233 0xf37ecec0 gststructure.c:2367:gst_structure_parse_value trying type name 'int'
05-10 10:02:54.099  4415  4502 D GStreamer+basesrc: 0:02:33.314942910 0xf37ecfb0 gstbasesrc.c:2520:gst_base_src_get_range:<filesrc0> buffer ok
05-10 10:02:54.099  4415  4500 D GStreamer+structure: 0:02:33.314963014 0xf37ecec0 gststructure.c:2316:gst_structure_parse_field trying field name 'encoding-name'
05-10 10:02:54.099  4415  4501 D GStreamer+GST_BUS: 0:02:33.314985045 0xf37ecf50 gstbus.c:309:gst_bus_post:<bus0> [msg 0xf3abdad8] posting on bus structure-change message: 0xf3abdad8, time 99:99:99.999999999, seq-num 138, element 'proxypad5', GstMessageStructureChange, type=(GstStructureChangeType)GST_STRUCTURE_CHANGE_TYPE_PAD_UNLINK, owner=(GstElement)"\(GstTypeFindElement\)\ typefind", busy=(boolean)true;
05-10 10:02:54.099  4415  4500 D GStreamer+structure: 0:02:33.315002493 0xf37ecec0 gststructure.c:2367:gst_structure_parse_value trying type name 'string'
05-10 10:02:54.099  4415  4502 D GStreamer+GST_SCHEDULING: 0:02:33.315053223 0xf37ecfb0 gstpad.c:4153:gst_pad_chain_data_unchecked:<queue0:sink> calling chainfunction &gst_queue_chain with buffer buffer: 0xf3c06480, pts 0:00:00.596666666, dts 0:00:00.596666666, dur 0:00:00.019666667, size 40495, offset none, offset_end none, flags 0x0
05-10 10:02:54.099  4415  4501 D GStreamer+bin: 0:02:33.315070827 0xf37ecf50 gstbin.c:3528:gst_bin_handle_message_func:<forhwgl> [msg 0xf3abdad8] handling child proxypad5 message of type structure-change
05-10 10:02:54.099  4415  4500 D GStreamer+GST_ELEMENT_FACTORY: 0:02:33.315086452 0xf37ecec0 gstelementfactory.c:848:gst_element_factory_list_filter Trying rtpamrdepay
05-10 10:02:54.099  4415  4501 D GStreamer+bin: 0:02:33.315118691 0xf37ecf50 gstbin.c:882:find_message:<forhwgl> no message found matching types 00001000
05-10 10:02:54.099  4415  4502 D GStreamer+GST_SCHEDULING: 0:02:33.315135670 0xf37ecfb0 gstpad.c:4159:gst_pad_chain_data_unchecked:<queue0:sink> called chainfunction &gst_queue_chain with buffer 0xf3c06480, returned ok
05-10 10:02:54.099  4415  4500 D GStreamer+structure: 0:02:33.315184681 0xf37ecec0 gststructure.c:2316:gst_structure_parse_field trying field name 'media'
05-10 10:02:54.099  4415  4502 D GStreamer+qtdemux: 0:02:33.315197910 0xf37ecfb0 qtdemux.c:7675:qtdemux_parse_samples:<q> parsing up to sample 30
05-10 10:02:54.099  4415  4501 D GStreamer+bin: 0:02:33.315216504 0xf37ecf50 gstbin.c:889:find_message:<forhwgl>   structure-change
05-10 10:02:54.099  4415  4500 D GStreamer+structure: 0:02:33.315232389 0xf37ecec0 gststructure.c:2367:gst_structure_parse_value trying type name 'string'
05-10 10:02:54.099  4415  4502 D GStreamer+qtdemux: 0:02:33.315249108 0xf37ecfb0 qtdemux.c:7882:qtdemux_parse_samples:<q> sample 30: index 0, timestamp 0:00:00.616333333
05-10 10:02:54.099  4415  4501 D GStreamer+bin: 0:02:33.315292285 0xf37ecf50 gstbin.c:929:bin_replace_message:<forhwgl> got new message 0xf3abdad8, structure-change from proxypad5
05-10 10:02:54.099  4415  4500 D GStreamer+structure: 0:02:33.315303900 0xf37ecec0 gststructure.c:2316:gst_structure_parse_field trying field name 'clock-rate'
05-10 10:02:54.099  4415  4502 D GStreamer+qtdemux: 0:02:33.315341087 0xf37ecfb0 qtdemux.c:7937:qtdemux_parse_samples:<q> samples at 30 is keyframe
05-10 10:02:54.099  4415  4501 D GStreamer+GST_BUS: 0:02:33.315358275 0xf37ecf50 gstbus.c:344:gst_bus_post:<bus0> [msg 0xf3abdad8] dropped
05-10 10:02:54.099  4415  4500 D GStreamer+structure: 0:02:33.315384733 0xf37ecec0 gststructure.c:2367:gst_structure_parse_value trying type name 'int'
05-10 10:02:54.099  4415  4502 D GStreamer+qtdemux: 0:02:33.315404420 0xf37ecfb0 qtdemux.c:5197:gst_qtdemux_loop_state_movie:<q> pushing from stream 1, empty 0 offset 1361903, size 144, dts=0:00:00.912000000, pts=0:00:00.912000000, duration 0:00:00.024000000
05-10 10:02:54.099  4415  4501 I GStreamer+GST_ELEMENT_PADS: 0:02:33.315421973 0xf37ecf50 gstpad.c:2102:gst_pad_unlink unlinked typefind:src and decodepad1:proxypad5
05-10 10:02:54.099  4415  4500 D GStreamer+structure: 0:02:33.315437129 0xf37ecec0 gststructure.c:2316:gst_structure_parse_field trying field name 'encoding-name'
05-10 10:02:54.099  4415  4502 D GStreamer+basesrc: 0:02:33.315456243 0xf37ecfb0 gstbasesrc.c:2355:gst_base_src_update_length:<filesrc0> reading offset 1361903, length 144, size 15003960, segment.stop -1, maxsize 15003960
05-10 10:02:54.099  4415  4500 D GStreamer+structure: 0:02:33.315475098 0xf37ecec0 gststructure.c:2367:gst_structure_parse_value trying type name 'string'
05-10 10:02:54.099  4415  4502 D GStreamer+basesrc: 0:02:33.315530566 0xf37ecfb0 gstbasesrc.c:2456:gst_base_src_get_range:<filesrc0> calling create offset 1361903 length 144, time 0
05-10 10:02:54.099  4415  4500 D GStreamer+structure: 0:02:33.315543639 0xf37ecec0 gststructure.c:2316:gst_structure_parse_field trying field name 'octet-align'
05-10 10:02:54.099  4415  4501 D GStreamer+GST_BUS: 0:02:33.315561556 0xf37ecf50 gstbus.c:309:gst_bus_post:<bus0> [msg 0xf3abdb30] posting on bus structure-change message: 0xf3abdb30, time 99:99:99.999999999, seq-num 139, element 'proxypad5', GstMessageStructureChange, type=(GstStructureChangeType)GST_STRUCTURE_CHANGE_TYPE_PAD_UNLINK, owner=(GstElement)"\(GstTypeFindElement\)\ typefind", busy=(boolean)false;
05-10 10:02:54.099  4415  4502 D GStreamer+GST_MEMORY: 0:02:33.315584473 0xf37ecfb0 gstmemory.c:138:gst_memory_init new memory 0xf3bbb5a8, maxsize:147 offset:0 size:144
05-10 10:02:54.099  4415  4500 D GStreamer+structure: 0:02:33.315612910 0xf37ecec0 gststructure.c:2367:gst_structure_parse_value trying type name 'string'
05-10 10:02:54.099  4415  4500 D GStreamer+structure: 0:02:33.315651660 0xf37ecec0 gststructure.c:2316:gst_structure_parse_field trying field name 'media'
05-10 10:02:54.099  4415  4501 D GStreamer+bin: 0:02:33.315658900 0xf37ecf50 gstbin.c:3528:gst_bin_handle_message_func:<forhwgl> [msg 0xf3abdb30] handling child proxypad5 message of type structure-change
05-10 10:02:54.099  4415  4502 D GStreamer+basesrc: 0:02:33.315677337 0xf37ecfb0 gstbasesrc.c:2310:gst_base_src_do_sync:<filesrc0> we have no clock
05-10 10:02:54.099  4415  4500 D GStreamer+structure: 0:02:33.315693327 0xf37ecec0 gststructure.c:2367:gst_structure_parse_value trying type name 'string'
05-10 10:02:54.099  4415  4501 D GStreamer+bin: 0:02:33.315708691 0xf37ecf50 gstbin.c:957:bin_remove_messages:<decodepad1:proxypad5> deleting message 0xf3abdad8 of types 0x00001000
05-10 10:02:54.099  4415  4502 D GStreamer+basesrc: 0:02:33.315728691 0xf37ecfb0 gstbasesrc.c:2520:gst_base_src_get_range:<filesrc0> buffer ok
05-10 10:02:54.099  4415  4500 D GStreamer+structure: 0:02:33.315747806 0xf37ecec0 gststructure.c:2316:gst_structure_parse_field trying field name 'clock-rate'
05-10 10:02:54.099  4415  4501 D GStreamer+bin: 0:02:33.315764108 0xf37ecf50 gstbin.c:963:bin_remove_messages:<forhwgl> not deleting message 0xf3abced0 of type 0x00100000
05-10 10:02:54.099  4415  4500 D GStreamer+structure: 0:02:33.315826868 0xf37ecec0 gststructure.c:2367:gst_structure_parse_value trying type name 'int'
05-10 10:02:54.099  4415  4501 D GStreamer+GST_BUS: 0:02:33.315844733 0xf37ecf50 gstbus.c:344:gst_bus_post:<bus0> [msg 0xf3abdb30] dropped
