05-09 19:56:16.039  2029  2029 D GStreamer+GST_STATES: 0:05:00.427135667 0xf35ef400 gstelement.c:2561:gst_element_set_state_func:<sink> current READY, old_pending VOID_PENDING, next VOID_PENDING, old return SUCCESS
05-09 19:56:16.039  2029  2029 D GStreamer+GST_STATES: 0:05:00.427169157 0xf35ef400 gstelement.c:2595:gst_element_set_state_func:<sink> final: setting state from READY to PAUSED
05-09 19:56:16.039  2029  2029 D GStreamer+glimagesink: 0:05:00.427202698 0xf35ef400 gstglimagesink.c:990:gst_glimage_sink_change_state changing state: READY => PAUSED
05-09 19:56:16.039  2029  2029 D GStreamer+basesink: 0:05:00.427233115 0xf35ef400 gstbasesink.c:5044:gst_base_sink_change_state:<sink> READY to PAUSED
05-09 19:56:16.039  2029  2029 D GStreamer+basesink: 0:05:00.427263271 0xf35ef400 gstbasesink.c:5065:gst_base_sink_change_state:<sink> doing async state change
05-09 19:56:16.039  2029  2029 D GStreamer+GST_BUS: 0:05:00.427320094 0xf35ef400 gstbus.c:309:gst_bus_post:<bus9> [msg 0xf3ac0b18] posting on bus async-start message: 0xf3ac0b18, time 99:99:99.999999999, seq-num 1548, element 'sink', (NULL)
05-09 19:56:16.039  2029  2029 D GStreamer+bin: 0:05:00.427357855 0xf35ef400 gstbin.c:3528:gst_bin_handle_message_func:<glimagesinkbin2> [msg 0xf3ac0b18] handling child sink message of type async-start
05-09 19:56:16.039  2029  2029 D GStreamer+bin: 0:05:00.427391136 0xf35ef400 gstbin.c:3718:gst_bin_handle_message_func:<glimagesinkbin2> ASYNC_START message 0xf3ac0b18, sink
05-09 19:56:16.039  2029  2029 D GStreamer+bin: 0:05:00.427424105 0xf35ef400 gstbin.c:882:find_message:<glimagesinkbin2> no message found matching types 00100000
05-09 19:56:16.039  2029  2029 D GStreamer+bin: 0:05:00.427456657 0xf35ef400 gstbin.c:889:find_message:<glimagesinkbin2>   async-start
05-09 19:56:16.039  2029  2029 D GStreamer+bin: 0:05:00.427491344 0xf35ef400 gstbin.c:929:bin_replace_message:<glimagesinkbin2> got new message 0xf3ac0b18, async-start from sink
05-09 19:56:16.039  2029  2029 D GStreamer+GST_STATES: 0:05:00.427522542 0xf35ef400 gstbin.c:3181:bin_handle_async_start:<glimagesinkbin2> state change busy
05-09 19:56:16.039  2029  2029 D GStreamer+bin: 0:05:00.427552907 0xf35ef400 gstbin.c:3167:bin_handle_async_start:<glimagesinkbin2> posting ASYNC_START to parent
05-09 19:56:16.039  2029  2029 D GStreamer+GST_BUS: 0:05:00.427602438 0xf35ef400 gstbus.c:309:gst_bus_post:<bus12> [msg 0xf37f5a20] posting on bus async-start message: 0xf37f5a20, time 99:99:99.999999999, seq-num 1549, element 'glimagesinkbin2', (NULL)
05-09 19:56:16.039  2029  2029 D GStreamer+bin: 0:05:00.427637855 0xf35ef400 gstbin.c:3528:gst_bin_handle_message_func:<pipeline2> [msg 0xf37f5a20] handling child glimagesinkbin2 message of type async-start
05-09 19:56:16.039  2029  2029 D GStreamer+bin: 0:05:00.427670927 0xf35ef400 gstbin.c:3718:gst_bin_handle_message_func:<pipeline2> ASYNC_START message 0xf37f5a20, glimagesinkbin2
05-09 19:56:16.039  2029  2029 D GStreamer+bin: 0:05:00.427701552 0xf35ef400 gstbin.c:882:find_message:<pipeline2> no message found matching types 00100000
05-09 19:56:16.039  2029  2029 D GStreamer+bin: 0:05:00.427733323 0xf35ef400 gstbin.c:889:find_message:<pipeline2>   async-start
05-09 19:56:16.039  2029  2029 D GStreamer+bin: 0:05:00.427767386 0xf35ef400 gstbin.c:929:bin_replace_message:<pipeline2> got new message 0xf37f5a20, async-start from glimagesinkbin2
05-09 19:56:16.039  2029  2029 D GStreamer+GST_STATES: 0:05:00.427798115 0xf35ef400 gstbin.c:3181:bin_handle_async_start:<pipeline2> state change busy
05-09 19:56:16.039  2029  2029 D GStreamer+GST_BUS: 0:05:00.427830407 0xf35ef400 gstbus.c:344:gst_bus_post:<bus12> [msg 0xf37f5a20] dropped
05-09 19:56:16.040  2029  2029 D GStreamer+GST_BUS: 0:05:00.427864000 0xf35ef400 gstbus.c:344:gst_bus_post:<bus9> [msg 0xf3ac0b18] dropped
05-09 19:56:16.040  2029  2029 D GStreamer+GST_ELEMENT_PADS: 0:05:00.427914417 0xf35ef400 gstelement.c:2793:gst_element_pads_activate:<sink> activate pads
05-09 19:56:16.040  2029  2029 D GStreamer+GST_PADS: 0:05:00.427957438 0xf35ef400 gstpad.c:1056:gst_pad_set_active:<sink:sink> activating pad from none
05-09 19:56:16.040  2029  2029 D GStreamer+basesink: 0:05:00.427991552 0xf35ef400 gstbasesink.c:4192:gst_base_sink_pad_activate:<sink> Trying pull mode first
05-09 19:56:16.040  2029  2029 D GStreamer+basesink: 0:05:00.428021084 0xf35ef400 gstbasesink.c:4198:gst_base_sink_pad_activate:<sink> pull mode disabled
05-09 19:56:16.040  2029  2029 D GStreamer+basesink: 0:05:00.428051240 0xf35ef400 gstbasesink.c:4248:gst_base_sink_pad_activate:<sink> Falling back to push mode
05-09 19:56:16.040  2029  2029 D GStreamer+GST_PADS: 0:05:00.428086188 0xf35ef400 gstpad.c:972:pre_activate:<sink:sink> setting pad into push mode, unset flushing
05-09 19:56:16.040  2029  2029 D GStreamer+GST_PADS: 0:05:00.428121657 0xf35ef400 gstpad.c:984:pre_activate:<sink:sink> reschedule events on peer glcolorbalance2:src
05-09 19:56:16.040  2029  2029 D GStreamer+GST_PADS: 0:05:00.428155771 0xf35ef400 gstpad.c:1198:gst_pad_activate_mode:<sink:sink> activated in push mode
05-09 19:56:16.040  2029  2029 D GStreamer+basesink: 0:05:00.428187907 0xf35ef400 gstbasesink.c:4250:gst_base_sink_pad_activate:<sink> Success activating push mode
05-09 19:56:16.040  2029  2029 D GStreamer+GST_ELEMENT_PADS: 0:05:00.428222959 0xf35ef400 gstelement.c:2812:gst_element_pads_activate:<sink> pad activation successful
05-09 19:56:16.040  2029  2029 D GStreamer+GST_STATES: 0:05:00.428254000 0xf35ef400 gstelement.c:2666:gst_element_change_state:<sink> element will change state ASYNC
05-09 19:56:16.040  2029  2029 D GStreamer+GST_STATES: 0:05:00.428286448 0xf35ef400 gstelement.c:2607:gst_element_set_state_func:<sink> returned ASYNC
05-09 19:56:16.040  2029  2029 I GStreamer+GST_STATES: 0:05:00.428320719 0xf35ef400 gstbin.c:2770:gst_bin_change_state_func:<glimagesinkbin2> child 'sink' is changing state asynchronously to PAUSED
05-09 19:56:16.040  2029  2029 D GStreamer+bin: 0:05:00.428357230 0xf35ef400 gstbin.c:2182:gst_bin_sort_iterator_next:<glimagesinkbin2> queue head gives glcolorbalance2
05-09 19:56:16.040  2029  2029 D GStreamer+bin: 0:05:00.428391240 0xf35ef400 gstbin.c:882:find_message:<glimagesinkbin2> no message found matching types 00001000
05-09 19:56:16.040  2029  2029 D GStreamer+bin: 0:05:00.428424209 0xf35ef400 gstbin.c:889:find_message:<glimagesinkbin2>   structure-change
05-09 19:56:16.040  2029  2029 D GStreamer+bin: 0:05:00.428464677 0xf35ef400 gstbin.c:2098:update_degree:<glimagesinkbin2> change element glcolorconvertelement2, degree 1->0, linked to glcolorbalance2
05-09 19:56:16.040  2029  2029 D GStreamer+bin: 0:05:00.428498167 0xf35ef400 gstbin.c:1981:add_to_queue:<glimagesinkbin2> adding 'glcolorconvertelement2' to queue
05-09 19:56:16.040  2029  2029 I GStreamer+GST_STATES: 0:05:00.428536136 0xf35ef400 gstbin.c:2316:gst_bin_element_set_state:<glcolorbalance2> current READY pending VOID_PENDING, desired next PAUSED
05-09 19:56:16.040  2029  2029 D GStreamer+bin: 0:05:00.428569105 0xf35ef400 gstbin.c:882:find_message:<glimagesinkbin2> no message found matching types 00100000
05-09 19:56:16.040  2029  2029 D GStreamer+bin: 0:05:00.428600719 0xf35ef400 gstbin.c:889:find_message:<glimagesinkbin2>   async-start
05-09 19:56:16.040  2029  2029 D GStreamer+bin: 0:05:00.428639782 0xf35ef400 gstbin.c:2411:gst_bin_element_set_state:<glimagesinkbin2> setting element glcolorbalance2 to PAUSED, base_time 0:00:00.000000000
05-09 19:56:16.040  2029  2029 D GStreamer+GST_STATES: 0:05:00.428673844 0xf35ef400 gstelement.c:2523:gst_element_set_state_func:<glcolorbalance2> set_state to PAUSED
05-09 19:56:16.040  2029  2029 D GStreamer+GST_STATES: 0:05:00.428706396 0xf35ef400 gstelement.c:2548:gst_element_set_state_func:<glcolorbalance2> setting target state to PAUSED
05-09 19:56:16.040  2029  2029 D GStreamer+GST_STATES: 0:05:00.428742646 0xf35ef400 gstelement.c:2561:gst_element_set_state_func:<glcolorbalance2> current READY, old_pending VOID_PENDING, next VOID_PENDING, old return SUCCESS
05-09 19:56:16.040  2029  2029 D GStreamer+GST_STATES: 0:05:00.428777334 0xf35ef400 gstelement.c:2595:gst_element_set_state_func:<glcolorbalance2> final: setting state from READY to PAUSED
05-09 19:56:16.040  2029  2029 D GStreamer+glbasefilter: 0:05:00.428813011 0xf35ef400 gstglbasefilter.c:467:gst_gl_base_filter_change_state:<glcolorbalance2> changing state: READY => PAUSED
05-09 19:56:16.040  2029  2029 D GStreamer+GST_ELEMENT_PADS: 0:05:00.428846396 0xf35ef400 gstelement.c:2793:gst_element_pads_activate:<glcolorbalance2> activate pads
05-09 19:56:16.041  2029  2029 D GStreamer+GST_PADS: 0:05:00.428895198 0xf35ef400 gstpad.c:1056:gst_pad_set_active:<glcolorbalance2:src> activating pad from none
05-09 19:56:16.041  2029  2029 D GStreamer+GST_PADS: 0:05:00.428933636 0xf35ef400 gstpad.c:972:pre_activate:<glcolorbalance2:src> setting pad into push mode, unset flushing
05-09 19:56:16.041  2029  2029 D GStreamer+GST_PADS: 0:05:00.428969625 0xf35ef400 gstpad.c:1198:gst_pad_activate_mode:<glcolorbalance2:src> activated in push mode
05-09 19:56:16.041  2029  2029 D GStreamer+GST_PADS: 0:05:00.429007646 0xf35ef400 gstpad.c:1056:gst_pad_set_active:<glcolorbalance2:sink> activating pad from none
05-09 19:56:16.041  2029  2029 D GStreamer+GST_PADS: 0:05:00.429042855 0xf35ef400 gstpad.c:972:pre_activate:<glcolorbalance2:sink> setting pad into push mode, unset flushing
05-09 19:56:16.041  2029  2029 D GStreamer+GST_PADS: 0:05:00.429079105 0xf35ef400 gstpad.c:984:pre_activate:<glcolorbalance2:sink> reschedule events on peer glcolorconvertelement2:src
05-09 19:56:16.041  2029  2029 D GStreamer+GST_CAPS: 0:05:00.429115875 0xf35ef400 gstpad.c:2648:gst_pad_get_current_caps:<glcolorbalance2:sink> get current pad caps (NULL)
05-09 19:56:16.041  2029  2029 D GStreamer+GST_CAPS: 0:05:00.429150459 0xf35ef400 gstpad.c:2648:gst_pad_get_current_caps:<glcolorbalance2:src> get current pad caps (NULL)
05-09 19:56:16.041  2029  2029 D GStreamer+basetransform: 0:05:00.429184052 0xf35ef400 gstbasetransform.c:2449:gst_base_transform_activate:<glcolorbalance2> have_same_caps 1
05-09 19:56:16.041  2029  2029 D GStreamer+GST_PADS: 0:05:00.429219417 0xf35ef400 gstpad.c:1198:gst_pad_activate_mode:<glcolorbalance2:sink> activated in push mode
05-09 19:56:16.041  2029  2029 D GStreamer+GST_ELEMENT_PADS: 0:05:00.429254782 0xf35ef400 gstelement.c:2812:gst_element_pads_activate:<glcolorbalance2> pad activation successful
05-09 19:56:16.041  2029  2029 D GStreamer+GST_STATES: 0:05:00.429285615 0xf35ef400 gstelement.c:2684:gst_element_change_state:<glcolorbalance2> element changed state SUCCESS
05-09 19:56:16.041  2029  2029 I GStreamer+GST_STATES: 0:05:00.429316188 0xf35ef400 gstelement.c:2372:gst_element_continue_state:<glcolorbalance2> completed state change to PAUSED
05-09 19:56:16.041  2029  2029 I GStreamer+GST_STATES: 0:05:00.429350875 0xf35ef400 gstelement.c:2277:_priv_gst_element_state_changed:<glcolorbalance2> notifying about state-changed READY to PAUSED (VOID_PENDING pending)
05-09 19:56:16.041  2029  2029 D GStreamer+GST_BUS: 0:05:00.429434782 0xf35ef400 gstbus.c:309:gst_bus_post:<bus9> [msg 0xf3ac0e70] posting on bus state-changed message: 0xf3ac0e70, time 99:99:99.999999999, seq-num 1550, element 'glcolorbalance2', GstMessageStateChanged, old-state=(GstState)GST_STATE_READY, new-state=(GstState)GST_STATE_PAUSED, pending-state=(GstState)GST_STATE_VOID_PENDING;
05-09 19:56:16.041  2029  2029 D GStreamer+bin: 0:05:00.429472386 0xf35ef400 gstbin.c:3528:gst_bin_handle_message_func:<glimagesinkbin2> [msg 0xf3ac0e70] handling child glcolorbalance2 message of type state-changed
05-09 19:56:16.041  2029  2029 D GStreamer+bin: 0:05:00.429504521 0xf35ef400 gstbin.c:3865:gst_bin_handle_message_func:<glimagesinkbin2> posting message upward
05-09 19:56:16.041  2029  2029 D GStreamer+GST_BUS: 0:05:00.429566761 0xf35ef400 gstbus.c:309:gst_bus_post:<bus12> [msg 0xf3ac0e70] posting on bus state-changed message: 0xf3ac0e70, time 99:99:99.999999999, seq-num 1550, element 'glcolorbalance2', GstMessageStateChanged, old-state=(GstState)GST_STATE_READY, new-state=(GstState)GST_STATE_PAUSED, pending-state=(GstState)GST_STATE_VOID_PENDING;
05-09 19:56:16.041  2029  2029 D GStreamer+bin: 0:05:00.429602542 0xf35ef400 gstbin.c:3528:gst_bin_handle_message_func:<pipeline2> [msg 0xf3ac0e70] handling child glcolorbalance2 message of type state-changed
05-09 19:56:16.041  2029  2029 D GStreamer+bin: 0:05:00.429632907 0xf35ef400 gstbin.c:3865:gst_bin_handle_message_func:<pipeline2> posting message upward
05-09 19:56:16.041  2029  2029 D GStreamer+GST_BUS: 0:05:00.429694313 0xf35ef400 gstbus.c:309:gst_bus_post:<bus13> [msg 0xf3ac0e70] posting on bus state-changed message: 0xf3ac0e70, time 99:99:99.999999999, seq-num 1550, element 'glcolorbalance2', GstMessageStateChanged, old-state=(GstState)GST_STATE_READY, new-state=(GstState)GST_STATE_PAUSED, pending-state=(GstState)GST_STATE_VOID_PENDING;
05-09 19:56:16.041  2029  2029 D GStreamer+GST_BUS: 0:05:00.429727907 0xf35ef400 gstbus.c:348:gst_bus_post:<bus13> [msg 0xf3ac0e70] pushing on async queue
05-09 19:56:16.041  2029  2029 D GStreamer+GST_BUS: 0:05:00.429768792 0xf35ef400 gstbus.c:351:gst_bus_post:<bus13> [msg 0xf3ac0e70] pushed on async queue
05-09 19:56:16.041  2029  2029 D GStreamer+GST_BUS: 0:05:00.429804886 0xf35ef400 gstbus.c:344:gst_bus_post:<bus12> [msg 0xf3ac0e70] dropped
05-09 19:56:16.041  2029  2029 D GStreamer+GST_BUS: 0:05:00.429838115 0xf35ef400 gstbus.c:344:gst_bus_post:<bus9> [msg 0xf3ac0e70] dropped
05-09 19:56:16.042  2029  2175 D GStreamer+GST_BUS: 0:05:00.429866865 0xf3d9e340 gstbus.c:521:gst_bus_timed_pop_filtered:<bus13> got message 0xf3ac0e70, state-changed from glcolorbalance2, type mask is 4294967295
05-09 19:56:16.042  2029  2029 D GStreamer+GST_STATES: 0:05:00.429886552 0xf35ef400 gstelement.c:2607:gst_element_set_state_func:<glcolorbalance2> returned SUCCESS
05-09 19:56:16.042  2029  2029 I GStreamer+GST_STATES: 0:05:00.429938896 0xf35ef400 gstbin.c:2764:gst_bin_change_state_func:<glimagesinkbin2> child 'glcolorbalance2' changed state to 3(PAUSED) successfully
05-09 19:56:16.042  2029  2175 D GStreamer+GST_BUS: 0:05:00.429965511 0xf3d9e340 gstbus.c:789:gst_bus_source_dispatch:<bus13> source 0xf39ad330 calling dispatch with state-changed message: 0xf3ac0e70, time 99:99:99.999999999, seq-num 1550, element 'glcolorbalance2', GstMessageStateChanged, old-state=(GstState)GST_STATE_READY, new-state=(GstState)GST_STATE_PAUSED, pending-state=(GstState)GST_STATE_VOID_PENDING;
05-09 19:56:16.042  2029  2029 D GStreamer+bin: 0:05:00.429987698 0xf35ef400 gstbin.c:2182:gst_bin_sort_iterator_next:<glimagesinkbin2> queue head gives glcolorconvertelement2
05-09 19:56:16.042  2029  2029 D GStreamer+bin: 0:05:00.430033063 0xf35ef400 gstbin.c:882:find_message:<glimagesinkbin2> no message found matching types 00001000
05-09 19:56:16.042  2029  2175 D GStreamer+GST_BUS: 0:05:00.430052698 0xf3d9e340 gstbus.c:794:gst_bus_source_dispatch:<bus13> source 0xf39ad330 handler returns 1
05-09 19:56:16.042  2029  2029 D GStreamer+bin: 0:05:00.430074209 0xf35ef400 gstbin.c:889:find_message:<glimagesinkbin2>   structure-change
05-09 19:56:16.042  2029  2029 D GStreamer+bin: 0:05:00.430116188 0xf35ef400 gstbin.c:2098:update_degree:<glimagesinkbin2> change element gluploadelement2, degree 1->0, linked to glcolorconvertelement2
05-09 19:56:16.042  2029  2029 D GStreamer+bin: 0:05:00.430149730 0xf35ef400 gstbin.c:1981:add_to_queue:<glimagesinkbin2> adding 'gluploadelement2' to queue
05-09 19:56:16.042  2029  2029 I GStreamer+GST_STATES: 0:05:00.430189521 0xf35ef400 gstbin.c:2316:gst_bin_element_set_state:<glcolorconvertelement2> current READY pending VOID_PENDING, desired next PAUSED
05-09 19:56:16.042  2029  2029 D GStreamer+bin: 0:05:00.430223375 0xf35ef400 gstbin.c:882:find_message:<glimagesinkbin2> no message found matching types 00100000
05-09 19:56:16.042  2029  2029 D GStreamer+bin: 0:05:00.430255042 0xf35ef400 gstbin.c:889:find_message:<glimagesinkbin2>   async-start
05-09 19:56:16.042  2029  2029 D GStreamer+bin: 0:05:00.430293844 0xf35ef400 gstbin.c:2411:gst_bin_element_set_state:<glimagesinkbin2> setting element glcolorconvertelement2 to PAUSED, base_time 0:00:00.000000000
05-09 19:56:16.042  2029  2029 D GStreamer+GST_STATES: 0:05:00.430326188 0xf35ef400 gstelement.c:2523:gst_element_set_state_func:<glcolorconvertelement2> set_state to PAUSED
05-09 19:56:16.042  2029  2029 D GStreamer+GST_STATES: 0:05:00.430358948 0xf35ef400 gstelement.c:2548:gst_element_set_state_func:<glcolorconvertelement2> setting target state to PAUSED
05-09 19:56:16.042  2029  2029 D GStreamer+GST_STATES: 0:05:00.430395615 0xf35ef400 gstelement.c:2561:gst_element_set_state_func:<glcolorconvertelement2> current READY, old_pending VOID_PENDING, next VOID_PENDING, old return SUCCESS
05-09 19:56:16.042  2029  2029 D GStreamer+GST_STATES: 0:05:00.430430771 0xf35ef400 gstelement.c:2595:gst_element_set_state_func:<glcolorconvertelement2> final: setting state from READY to PAUSED
05-09 19:56:16.042  2029  2029 D GStreamer+glbasefilter: 0:05:00.430466552 0xf35ef400 gstglbasefilter.c:467:gst_gl_base_filter_change_state:<glcolorconvertelement2> changing state: READY => PAUSED
05-09 19:56:16.042  2029  2029 D GStreamer+GST_ELEMENT_PADS: 0:05:00.430499105 0xf35ef400 gstelement.c:2793:gst_element_pads_activate:<glcolorconvertelement2> activate pads
05-09 19:56:16.042  2029  2029 D GStreamer+GST_PADS: 0:05:00.430535980 0xf35ef400 gstpad.c:1056:gst_pad_set_active:<glcolorconvertelement2:src> activating pad from none
05-09 19:56:16.042  2029  2029 D GStreamer+GST_PADS: 0:05:00.430572125 0xf35ef400 gstpad.c:972:pre_activate:<glcolorconvertelement2:src> setting pad into push mode, unset flushing
05-09 19:56:16.042  2029  2029 D GStreamer+GST_PADS: 0:05:00.430608375 0xf35ef400 gstpad.c:1198:gst_pad_activate_mode:<glcolorconvertelement2:src> activated in push mode
05-09 19:56:16.042  2029  2029 D GStreamer+GST_PADS: 0:05:00.430646032 0xf35ef400 gstpad.c:1056:gst_pad_set_active:<glcolorconvertelement2:sink> activating pad from none
05-09 19:56:16.042  2029  2029 D GStreamer+GST_PADS: 0:05:00.430681188 0xf35ef400 gstpad.c:972:pre_activate:<glcolorconvertelement2:sink> setting pad into push mode, unset flushing
05-09 19:56:16.042  2029  2029 D GStreamer+GST_PADS: 0:05:00.430718219 0xf35ef400 gstpad.c:984:pre_activate:<glcolorconvertelement2:sink> reschedule events on peer gluploadelement2:src
05-09 19:56:16.042  2029  2029 D GStreamer+GST_CAPS: 0:05:00.430754261 0xf35ef400 gstpad.c:2648:gst_pad_get_current_caps:<glcolorconvertelement2:sink> get current pad caps (NULL)
05-09 19:56:16.042  2029  2029 D GStreamer+GST_CAPS: 0:05:00.430789625 0xf35ef400 gstpad.c:2648:gst_pad_get_current_caps:<glcolorconvertelement2:src> get current pad caps (NULL)
05-09 19:56:16.042  2029  2029 D GStreamer+basetransform: 0:05:00.430823427 0xf35ef400 gstbasetransform.c:2449:gst_base_transform_activate:<glcolorconvertelement2> have_same_caps 0
05-09 19:56:16.043  2029  2029 D GStreamer+GST_PADS: 0:05:00.430858480 0xf35ef400 gstpad.c:1198:gst_pad_activate_mode:<glcolorconvertelement2:sink> activated in push mode
05-09 19:56:16.043  2029  2029 D GStreamer+GST_ELEMENT_PADS: 0:05:00.430905875 0xf35ef400 gstelement.c:2812:gst_element_pads_activate:<glcolorconvertelement2> pad activation successful
05-09 19:56:16.043  2029  2029 D GStreamer+GST_STATES: 0:05:00.430938115 0xf35ef400 gstelement.c:2684:gst_element_change_state:<glcolorconvertelement2> element changed state SUCCESS
05-09 19:56:16.043  2029  2029 I GStreamer+GST_STATES: 0:05:00.430970511 0xf35ef400 gstelement.c:2372:gst_element_continue_state:<glcolorconvertelement2> completed state change to PAUSED
05-09 19:56:16.043  2029  2029 I GStreamer+GST_STATES: 0:05:00.431007230 0xf35ef400 gstelement.c:2277:_priv_gst_element_state_changed:<glcolorconvertelement2> notifying about state-changed READY to PAUSED (VOID_PENDING pending)
05-09 19:56:16.043  2029  2029 D GStreamer+GST_BUS: 0:05:00.431077802 0xf35ef400 gstbus.c:309:gst_bus_post:<bus9> [msg 0xf3ab9b78] posting on bus state-changed message: 0xf3ab9b78, time 99:99:99.999999999, seq-num 1551, element 'glcolorconvertelement2', GstMessageStateChanged, old-state=(GstState)GST_STATE_READY, new-state=(GstState)GST_STATE_PAUSED, pending-state=(GstState)GST_STATE_VOID_PENDING;
05-09 19:56:16.043  2029  2029 D GStreamer+bin: 0:05:00.431116396 0xf35ef400 gstbin.c:3528:gst_bin_handle_message_func:<glimagesinkbin2> [msg 0xf3ab9b78] handling child glcolorconvertelement2 message of type state-changed
05-09 19:56:16.043  2029  2029 D GStreamer+bin: 0:05:00.431148167 0xf35ef400 gstbin.c:3865:gst_bin_handle_message_func:<glimagesinkbin2> posting message upward
05-09 19:56:16.043  2029  2029 D GStreamer+GST_BUS: 0:05:00.431210042 0xf35ef400 gstbus.c:309:gst_bus_post:<bus12> [msg 0xf3ab9b78] posting on bus state-changed message: 0xf3ab9b78, time 99:99:99.999999999, seq-num 1551, element 'glcolorconvertelement2', GstMessageStateChanged, old-state=(GstState)GST_STATE_READY, new-state=(GstState)GST_STATE_PAUSED, pending-state=(GstState)GST_STATE_VOID_PENDING;
05-09 19:56:16.043  2029  2029 D GStreamer+bin: 0:05:00.431246917 0xf35ef400 gstbin.c:3528:gst_bin_handle_message_func:<pipeline2> [msg 0xf3ab9b78] handling child glcolorconvertelement2 message of type state-changed
05-09 19:56:16.043  2029  2029 D GStreamer+bin: 0:05:00.431277282 0xf35ef400 gstbin.c:3865:gst_bin_handle_message_func:<pipeline2> posting message upward
05-09 19:56:16.043  2029  2029 D GStreamer+GST_BUS: 0:05:00.431337594 0xf35ef400 gstbus.c:309:gst_bus_post:<bus13> [msg 0xf3ab9b78] posting on bus state-changed message: 0xf3ab9b78, time 99:99:99.999999999, seq-num 1551, element 'glcolorconvertelement2', GstMessageStateChanged, old-state=(GstState)GST_STATE_READY, new-state=(GstState)GST_STATE_PAUSED, pending-state=(GstState)GST_STATE_VOID_PENDING;
05-09 19:56:16.043  2029  2029 D GStreamer+GST_BUS: 0:05:00.431370302 0xf35ef400 gstbus.c:348:gst_bus_post:<bus13> [msg 0xf3ab9b78] pushing on async queue
05-09 19:56:16.043  2029  2029 D GStreamer+GST_BUS: 0:05:00.431406813 0xf35ef400 gstbus.c:351:gst_bus_post:<bus13> [msg 0xf3ab9b78] pushed on async queue
05-09 19:56:16.043  2029  2029 D GStreamer+GST_BUS: 0:05:00.431441813 0xf35ef400 gstbus.c:344:gst_bus_post:<bus12> [msg 0xf3ab9b78] dropped
05-09 19:56:16.043  2029  2175 D GStreamer+GST_BUS: 0:05:00.431495980 0xf3d9e340 gstbus.c:521:gst_bus_timed_pop_filtered:<bus13> got message 0xf3ab9b78, state-changed from glcolorconvertelement2, type mask is 4294967295
05-09 19:56:16.043  2029  2029 D GStreamer+GST_BUS: 0:05:00.431517073 0xf35ef400 gstbus.c:344:gst_bus_post:<bus9> [msg 0xf3ab9b78] dropped
05-09 19:56:16.043  2029  2029 D GStreamer+GST_STATES: 0:05:00.431575094 0xf35ef400 gstelement.c:2607:gst_element_set_state_func:<glcolorconvertelement2> returned SUCCESS
05-09 19:56:16.043  2029  2175 D GStreamer+GST_BUS: 0:05:00.431588896 0xf3d9e340 gstbus.c:789:gst_bus_source_dispatch:<bus13> source 0xf39ad330 calling dispatch with state-changed message: 0xf3ab9b78, time 99:99:99.999999999, seq-num 1551, element 'glcolorconvertelement2', GstMessageStateChanged, old-state=(GstState)GST_STATE_READY, new-state=(GstState)GST_STATE_PAUSED, pending-state=(GstState)GST_STATE_VOID_PENDING;
05-09 19:56:16.043  2029  2029 I GStreamer+GST_STATES: 0:05:00.431619886 0xf35ef400 gstbin.c:2764:gst_bin_change_state_func:<glimagesinkbin2> child 'glcolorconvertelement2' changed state to 3(PAUSED) successfully
05-09 19:56:16.043  2029  2175 D GStreamer+GST_BUS: 0:05:00.431634782 0xf3d9e340 gstbus.c:794:gst_bus_source_dispatch:<bus13> source 0xf39ad330 handler returns 1
05-09 19:56:16.043  2029  2029 D GStreamer+bin: 0:05:00.431659938 0xf35ef400 gstbin.c:2182:gst_bin_sort_iterator_next:<glimagesinkbin2> queue head gives gluploadelement2
05-09 19:56:16.043  2029  2029 D GStreamer+bin: 0:05:00.431693896 0xf35ef400 gstbin.c:882:find_message:<glimagesinkbin2> no message found matching types 00001000
05-09 19:56:16.043  2029  2029 D GStreamer+bin: 0:05:00.431725459 0xf35ef400 gstbin.c:889:find_message:<glimagesinkbin2>   structure-change
05-09 19:56:16.043  2029  2029 D GStreamer+bin: 0:05:00.431759834 0xf35ef400 gstbin.c:2121:update_degree:<glimagesinkbin2> element gluploadelement2 not linked on any sinkpads
05-09 19:56:16.043  2029  2029 I GStreamer+GST_STATES: 0:05:00.431796344 0xf35ef400 gstbin.c:2316:gst_bin_element_set_state:<gluploadelement2> current READY pending VOID_PENDING, desired next PAUSED
05-09 19:56:16.043  2029  2029 D GStreamer+bin: 0:05:00.431829000 0xf35ef400 gstbin.c:882:find_message:<glimagesinkbin2> no message found matching types 00100000
05-09 19:56:16.044  2029  2029 D GStreamer+bin: 0:05:00.431860511 0xf35ef400 gstbin.c:889:find_message:<glimagesinkbin2>   async-start
05-09 19:56:16.044  2029  2029 D GStreamer+bin: 0:05:00.431907334 0xf35ef400 gstbin.c:2411:gst_bin_element_set_state:<glimagesinkbin2> setting element gluploadelement2 to PAUSED, base_time 0:00:00.000000000
05-09 19:56:16.044  2029  2029 D GStreamer+GST_STATES: 0:05:00.431939521 0xf35ef400 gstelement.c:2523:gst_element_set_state_func:<gluploadelement2> set_state to PAUSED
05-09 19:56:16.044  2029  2029 D GStreamer+GST_STATES: 0:05:00.431971657 0xf35ef400 gstelement.c:2548:gst_element_set_state_func:<gluploadelement2> setting target state to PAUSED
05-09 19:56:16.044  2029  2029 D GStreamer+GST_STATES: 0:05:00.432006188 0xf35ef400 gstelement.c:2561:gst_element_set_state_func:<gluploadelement2> current READY, old_pending VOID_PENDING, next VOID_PENDING, old return SUCCESS
05-09 19:56:16.044  2029  2029 D GStreamer+GST_STATES: 0:05:00.432039990 0xf35ef400 gstelement.c:2595:gst_element_set_state_func:<gluploadelement2> final: setting state from READY to PAUSED
05-09 19:56:16.044  2029  2029 D GStreamer+glbasefilter: 0:05:00.432075355 0xf35ef400 gstglbasefilter.c:467:gst_gl_base_filter_change_state:<gluploadelement2> changing state: READY => PAUSED
05-09 19:56:16.044  2029  2029 D GStreamer+GST_ELEMENT_PADS: 0:05:00.432107282 0xf35ef400 gstelement.c:2793:gst_element_pads_activate:<gluploadelement2> activate pads
05-09 19:56:16.044  2029  2029 D GStreamer+GST_PADS: 0:05:00.432142698 0xf35ef400 gstpad.c:1056:gst_pad_set_active:<gluploadelement2:src> activating pad from none
05-09 19:56:16.044  2029  2029 D GStreamer+GST_PADS: 0:05:00.432178271 0xf35ef400 gstpad.c:972:pre_activate:<gluploadelement2:src> setting pad into push mode, unset flushing
05-09 19:56:16.044  2029  2029 D GStreamer+GST_PADS: 0:05:00.432213948 0xf35ef400 gstpad.c:1198:gst_pad_activate_mode:<gluploadelement2:src> activated in push mode
05-09 19:56:16.044  2029  2029 D GStreamer+GST_PADS: 0:05:00.432249938 0xf35ef400 gstpad.c:1056:gst_pad_set_active:<gluploadelement2:sink> activating pad from none
05-09 19:56:16.044  2029  2029 D GStreamer+GST_PADS: 0:05:00.432284782 0xf35ef400 gstpad.c:972:pre_activate:<gluploadelement2:sink> setting pad into push mode, unset flushing
05-09 19:56:16.044  2029  2029 D GStreamer+GST_PADS: 0:05:00.432321396 0xf35ef400 gstpad.c:984:pre_activate:<gluploadelement2:sink> reschedule events on peer sink:proxypad7
05-09 19:56:16.044  2029  2029 D GStreamer+GST_CAPS: 0:05:00.432356917 0xf35ef400 gstpad.c:2648:gst_pad_get_current_caps:<gluploadelement2:sink> get current pad caps (NULL)
05-09 19:56:16.044  2029  2029 D GStreamer+GST_CAPS: 0:05:00.432391240 0xf35ef400 gstpad.c:2648:gst_pad_get_current_caps:<gluploadelement2:src> get current pad caps (NULL)
05-09 19:56:16.044  2029  2029 D GStreamer+basetransform: 0:05:00.432423948 0xf35ef400 gstbasetransform.c:2449:gst_base_transform_activate:<gluploadelement2> have_same_caps 0
05-09 19:56:16.044  2029  2029 D GStreamer+GST_PADS: 0:05:00.432458636 0xf35ef400 gstpad.c:1198:gst_pad_activate_mode:<gluploadelement2:sink> activated in push mode
05-09 19:56:16.044  2029  2029 D GStreamer+GST_ELEMENT_PADS: 0:05:00.432493584 0xf35ef400 gstelement.c:2812:gst_element_pads_activate:<gluploadelement2> pad activation successful
05-09 19:56:16.044  2029  2029 D GStreamer+GST_STATES: 0:05:00.432524730 0xf35ef400 gstelement.c:2684:gst_element_change_state:<gluploadelement2> element changed state SUCCESS
05-09 19:56:16.044  2029  2029 I GStreamer+GST_STATES: 0:05:00.432555771 0xf35ef400 gstelement.c:2372:gst_element_continue_state:<gluploadelement2> completed state change to PAUSED
05-09 19:56:16.044  2029  2029 I GStreamer+GST_STATES: 0:05:00.432590459 0xf35ef400 gstelement.c:2277:_priv_gst_element_state_changed:<gluploadelement2> notifying about state-changed READY to PAUSED (VOID_PENDING pending)
05-09 19:56:16.044  2029  2029 D GStreamer+GST_BUS: 0:05:00.432659625 0xf35ef400 gstbus.c:309:gst_bus_post:<bus9> [msg 0xf37f5970] posting on bus state-changed message: 0xf37f5970, time 99:99:99.999999999, seq-num 1552, element 'gluploadelement2', GstMessageStateChanged, old-state=(GstState)GST_STATE_READY, new-state=(GstState)GST_STATE_PAUSED, pending-state=(GstState)GST_STATE_VOID_PENDING;
05-09 19:56:16.044  2029  2029 D GStreamer+bin: 0:05:00.432696448 0xf35ef400 gstbin.c:3528:gst_bin_handle_message_func:<glimagesinkbin2> [msg 0xf37f5970] handling child gluploadelement2 message of type state-changed
05-09 19:56:16.044  2029  2029 D GStreamer+bin: 0:05:00.432728115 0xf35ef400 gstbin.c:3865:gst_bin_handle_message_func:<glimagesinkbin2> posting message upward
05-09 19:56:16.044  2029  2029 D GStreamer+GST_BUS: 0:05:00.432788844 0xf35ef400 gstbus.c:309:gst_bus_post:<bus12> [msg 0xf37f5970] posting on bus state-changed message: 0xf37f5970, time 99:99:99.999999999, seq-num 1552, element 'gluploadelement2', GstMessageStateChanged, old-state=(GstState)GST_STATE_READY, new-state=(GstState)GST_STATE_PAUSED, pending-state=(GstState)GST_STATE_VOID_PENDING;
05-09 19:56:16.044  2029  2029 D GStreamer+bin: 0:05:00.432824625 0xf35ef400 gstbin.c:3528:gst_bin_handle_message_func:<pipeline2> [msg 0xf37f5970] handling child gluploadelement2 message of type state-changed
05-09 19:56:16.044  2029  2029 D GStreamer+bin: 0:05:00.432854469 0xf35ef400 gstbin.c:3865:gst_bin_handle_message_func:<pipeline2> posting message upward
05-09 19:56:16.045  2029  2029 D GStreamer+GST_BUS: 0:05:00.432925823 0xf35ef400 gstbus.c:309:gst_bus_post:<bus13> [msg 0xf37f5970] posting on bus state-changed message: 0xf37f5970, time 99:99:99.999999999, seq-num 1552, element 'gluploadelement2', GstMessageStateChanged, old-state=(GstState)GST_STATE_READY, new-state=(GstState)GST_STATE_PAUSED, pending-state=(GstState)GST_STATE_VOID_PENDING;
05-09 19:56:16.045  2029  2029 D GStreamer+GST_BUS: 0:05:00.432959365 0xf35ef400 gstbus.c:348:gst_bus_post:<bus13> [msg 0xf37f5970] pushing on async queue
05-09 19:56:16.045  2029  2029 D GStreamer+GST_BUS: 0:05:00.432996709 0xf35ef400 gstbus.c:351:gst_bus_post:<bus13> [msg 0xf37f5970] pushed on async queue
05-09 19:56:16.045  2029  2029 D GStreamer+GST_BUS: 0:05:00.433032334 0xf35ef400 gstbus.c:344:gst_bus_post:<bus12> [msg 0xf37f5970] dropped
05-09 19:56:16.045  2029  2029 D GStreamer+GST_BUS: 0:05:00.433076917 0xf35ef400 gstbus.c:344:gst_bus_post:<bus9> [msg 0xf37f5970] dropped
05-09 19:56:16.045  2029  2175 D GStreamer+GST_BUS: 0:05:00.433096917 0xf3d9e340 gstbus.c:521:gst_bus_timed_pop_filtered:<bus13> got message 0xf37f5970, state-changed from gluploadelement2, type mask is 4294967295
05-09 19:56:16.045  2029  2029 D GStreamer+GST_STATES: 0:05:00.433117490 0xf35ef400 gstelement.c:2607:gst_element_set_state_func:<gluploadelement2> returned SUCCESS
05-09 19:56:16.045  2029  2029 I GStreamer+GST_STATES: 0:05:00.433175615 0xf35ef400 gstbin.c:2764:gst_bin_change_state_func:<glimagesinkbin2> child 'gluploadelement2' changed state to 3(PAUSED) successfully
05-09 19:56:16.045  2029  2175 D GStreamer+GST_BUS: 0:05:00.433187438 0xf3d9e340 gstbus.c:789:gst_bus_source_dispatch:<bus13> source 0xf39ad330 calling dispatch with state-changed message: 0xf37f5970, time 99:99:99.999999999, seq-num 1552, element 'gluploadelement2', GstMessageStateChanged, old-state=(GstState)GST_STATE_READY, new-state=(GstState)GST_STATE_PAUSED, pending-state=(GstState)GST_STATE_VOID_PENDING;
05-09 19:56:16.045  2029  2029 D GStreamer+bin: 0:05:00.433214469 0xf35ef400 gstbin.c:2171:gst_bin_sort_iterator_next:<glimagesinkbin2> queue empty, elements exhausted
05-09 19:56:16.045  2029  2175 D GStreamer+GST_BUS: 0:05:00.433234209 0xf3d9e340 gstbus.c:794:gst_bus_source_dispatch:<bus13> source 0xf39ad330 handler returns 1
05-09 19:56:16.045  2029  2029 D GStreamer+GST_STATES: 0:05:00.433249209 0xf35ef400 gstbin.c:2823:gst_bin_change_state_func:<glimagesinkbin2> iterator done
05-09 19:56:16.045  2029  2029 D GStreamer+GST_ELEMENT_PADS: 0:05:00.433280511 0xf35ef400 gstelement.c:2793:gst_element_pads_activate:<glimagesinkbin2> activate pads
05-09 19:56:16.045  2029  2029 D GStreamer+GST_PADS: 0:05:00.433317959 0xf35ef400 gstpad.c:1056:gst_pad_set_active:<glimagesinkbin2:sink> activating pad from none
05-09 19:56:16.045  2029  2029 D GStreamer+GST_PADS: 0:05:00.433353896 0xf35ef400 gstpad.c:972:pre_activate:<glimagesinkbin2:sink> setting pad into push mode, unset flushing
05-09 19:56:16.045  2029  2029 D GStreamer+GST_PADS: 0:05:00.433390094 0xf35ef400 gstpad.c:984:pre_activate:<glimagesinkbin2:sink> reschedule events on peer forhalffps:src
05-09 19:56:16.045  2029  2029 D GStreamer+GST_PADS: 0:05:00.433427802 0xf35ef400 gstpad.c:972:pre_activate:<sink:proxypad7> setting pad into push mode, unset flushing
05-09 19:56:16.045  2029  2029 D GStreamer+GST_PADS: 0:05:00.433464157 0xf35ef400 gstpad.c:1225:gst_pad_activate_mode:<glimagesinkbin2:sink> already activated in push mode
05-09 19:56:16.045  2029  2029 D GStreamer+GST_PADS: 0:05:00.433499365 0xf35ef400 gstpad.c:1198:gst_pad_activate_mode:<sink:proxypad7> activated in push mode
05-09 19:56:16.045  2029  2029 D GStreamer+GST_PADS: 0:05:00.433534313 0xf35ef400 gstpad.c:1198:gst_pad_activate_mode:<glimagesinkbin2:sink> activated in push mode
05-09 19:56:16.045  2029  2029 D GStreamer+GST_ELEMENT_PADS: 0:05:00.433568584 0xf35ef400 gstelement.c:2812:gst_element_pads_activate:<glimagesinkbin2> pad activation successful
05-09 19:56:16.045  2029  2029 D GStreamer+GST_STATES: 0:05:00.433601084 0xf35ef400 gstbin.c:2841:gst_bin_change_state_func:<glimagesinkbin2> we have ASYNC elements SUCCESS -> ASYNC
05-09 19:56:16.045  2029  2029 D GStreamer+bin: 0:05:00.433632282 0xf35ef400 gstbin.c:2213:gst_bin_sort_iterator_free:<glimagesinkbin2> free
05-09 19:56:16.045  2029  2029 D GStreamer+bin: 0:05:00.433664261 0xf35ef400 gstbin.c:2869:gst_bin_change_state_func:<glimagesinkbin2> check async elements
05-09 19:56:16.045  2029  2029 D GStreamer+bin: 0:05:00.433699052 0xf35ef400 gstbin.c:880:find_message:<glimagesinkbin2> we found a message 0xf3ac0b18 from sink matching types 00100000
05-09 19:56:16.045  2029  2029 D GStreamer+GST_STATES: 0:05:00.433734834 0xf35ef400 gstbin.c:2892:gst_bin_change_state_func:<glimagesinkbin2> done changing bin's state from READY to PAUSED, now in READY, ret ASYNC
05-09 19:56:16.045  2029  2029 D GStreamer+GST_STATES: 0:05:00.433765302 0xf35ef400 gstelement.c:2666:gst_element_change_state:<glimagesinkbin2> element will change state ASYNC
05-09 19:56:16.045  2029  2029 D GStreamer+GST_STATES: 0:05:00.433795875 0xf35ef400 gstelement.c:2607:gst_element_set_state_func:<glimagesinkbin2> returned ASYNC
05-09 19:56:16.045  2029  2029 I GStreamer+GST_STATES: 0:05:00.433829469 0xf35ef400 gstbin.c:2770:gst_bin_change_state_func:<pipeline2> child 'glimagesinkbin2' is changing state asynchronously to PAUSED
05-09 19:56:16.046  2029  2029 D GStreamer+bin: 0:05:00.433863636 0xf35ef400 gstbin.c:2182:gst_bin_sort_iterator_next:<pipeline2> queue head gives queue7
05-09 19:56:16.046  2029  2029 D GStreamer+bin: 0:05:00.433907073 0xf35ef400 gstbin.c:882:find_message:<pipeline2> no message found matching types 00001000
05-09 19:56:16.046  2029  2029 D GStreamer+bin: 0:05:00.433938167 0xf35ef400 gstbin.c:889:find_message:<pipeline2>   structure-change
05-09 19:56:16.046  2029  2029 D GStreamer+bin: 0:05:00.433969677 0xf35ef400 gstbin.c:2121:update_degree:<pipeline2> element queue7 not linked on any sinkpads
05-09 19:56:16.046  2029  2029 I GStreamer+GST_STATES: 0:05:00.434004521 0xf35ef400 gstbin.c:2316:gst_bin_element_set_state:<queue7> current READY pending VOID_PENDING, desired next PAUSED
05-09 19:56:16.046  2029  2029 D GStreamer+bin: 0:05:00.434036969 0xf35ef400 gstbin.c:882:find_message:<pipeline2> no message found matching types 00100000
05-09 19:56:16.046  2029  2029 D GStreamer+bin: 0:05:00.434067438 0xf35ef400 gstbin.c:889:find_message:<pipeline2>   async-start
05-09 19:56:16.046  2029  2029 D GStreamer+bin: 0:05:00.434103532 0xf35ef400 gstbin.c:2411:gst_bin_element_set_state:<pipeline2> setting element queue7 to PAUSED, base_time 0:00:00.000000000
05-09 19:56:16.046  2029  2029 D GStreamer+GST_STATES: 0:05:00.434135198 0xf35ef400 gstelement.c:2523:gst_element_set_state_func:<queue7> set_state to PAUSED
05-09 19:56:16.046  2029  2029 D GStreamer+GST_STATES: 0:05:00.434165980 0xf35ef400 gstelement.c:2548:gst_element_set_state_func:<queue7> setting target state to PAUSED
05-09 19:56:16.046  2029  2029 D GStreamer+GST_STATES: 0:05:00.434201084 0xf35ef400 gstelement.c:2561:gst_element_set_state_func:<queue7> current READY, old_pending VOID_PENDING, next VOID_PENDING, old return SUCCESS
05-09 19:56:16.046  2029  2029 D GStreamer+GST_STATES: 0:05:00.434234834 0xf35ef400 gstelement.c:2595:gst_element_set_state_func:<queue7> final: setting state from READY to PAUSED
05-09 19:56:16.046  2029  2029 D GStreamer+GST_ELEMENT_PADS: 0:05:00.434267438 0xf35ef400 gstelement.c:2793:gst_element_pads_activate:<queue7> activate pads
05-09 19:56:16.046  2029  2029 D GStreamer+GST_PADS: 0:05:00.434302334 0xf35ef400 gstpad.c:1056:gst_pad_set_active:<queue7:src> activating pad from none
05-09 19:56:16.046  2029  2029 D GStreamer+GST_PADS: 0:05:00.434337073 0xf35ef400 gstpad.c:972:pre_activate:<queue7:src> setting pad into push mode, unset flushing
05-09 19:56:16.046  2029  2029 D GStreamer+GST_PADS: 0:05:00.434370042 0xf35ef400 gstpad.c:5938:gst_pad_start_task:<queue7:src> start task
05-09 19:56:16.046  2029  2029 D GStreamer+task: 0:05:00.434424313 0xf35ef400 gsttask.c:425:gst_task_new Created task 0xf3abe418
05-09 19:56:16.046  2029  2029 I GStreamer+task: 0:05:00.434455198 0xf35ef400 gsttask.c:451:gst_task_set_lock setting stream lock 0xf3cfaef4 on task 0xf3abe418
05-09 19:56:16.046  2029  2029 I GStreamer+GST_PADS: 0:05:00.434486813 0xf35ef400 gstpad.c:5947:gst_pad_start_task:<queue7:src> created task 0xf3abe418
05-09 19:56:16.046  2029  2029 D GStreamer+GST_PADS: 0:05:00.434521761 0xf35ef400 gstpad.c:5864:do_stream_status:<queue7:src> doing stream-status 0
05-09 19:56:16.046  2029  2029 D GStreamer+GST_PADS: 0:05:00.434564521 0xf35ef400 gstpad.c:5893:do_stream_status:<queue7:src> posting stream-status 0
05-09 19:56:16.046  2029  2029 D GStreamer+GST_BUS: 0:05:00.434646865 0xf35ef400 gstbus.c:309:gst_bus_post:<bus12> [msg 0xf37f5b28] posting on bus stream-status message: 0xf37f5b28, time 99:99:99.999999999, seq-num 1553, element 'src', GstMessageStreamStatus, type=(GstStreamStatusType)GST_STREAM_STATUS_TYPE_CREATE, owner=(GstElement)"\(GstQueue\)\ queue7", object=(GstTask)"\(GstTask\)\ task8";
05-09 19:56:16.046  2029  2029 D GStreamer+bin: 0:05:00.434685302 0xf35ef400 gstbin.c:3528:gst_bin_handle_message_func:<pipeline2> [msg 0xf37f5b28] handling child src message of type stream-status
05-09 19:56:16.046  2029  2029 D GStreamer+bin: 0:05:00.434715615 0xf35ef400 gstbin.c:3865:gst_bin_handle_message_func:<pipeline2> posting message upward
05-09 19:56:16.046  2029  2029 D GStreamer+GST_BUS: 0:05:00.434787646 0xf35ef400 gstbus.c:309:gst_bus_post:<bus13> [msg 0xf37f5b28] posting on bus stream-status message: 0xf37f5b28, time 99:99:99.999999999, seq-num 1553, element 'src', GstMessageStreamStatus, type=(GstStreamStatusType)GST_STREAM_STATUS_TYPE_CREATE, owner=(GstElement)"\(GstQueue\)\ queue7", object=(GstTask)"\(GstTask\)\ task8";
05-09 19:56:16.046  2029  2029 D GStreamer+GST_BUS: 0:05:00.434819990 0xf35ef400 gstbus.c:348:gst_bus_post:<bus13> [msg 0xf37f5b28] pushing on async queue
05-09 19:56:16.046  2029  2029 D GStreamer+GST_BUS: 0:05:00.434856188 0xf35ef400 gstbus.c:351:gst_bus_post:<bus13> [msg 0xf37f5b28] pushed on async queue
05-09 19:56:16.047  2029  2029 D GStreamer+GST_BUS: 0:05:00.434903688 0xf35ef400 gstbus.c:344:gst_bus_post:<bus12> [msg 0xf37f5b28] dropped
05-09 19:56:16.047  2029  2175 D GStreamer+GST_BUS: 0:05:00.434936552 0xf3d9e340 gstbus.c:521:gst_bus_timed_pop_filtered:<bus13> got message 0xf37f5b28, stream-status from src, type mask is 4294967295
05-09 19:56:16.047  2029  2029 D GStreamer+task: 0:05:00.434949157 0xf35ef400 gsttask.c:682:gst_task_set_state:<task8> Changing task 0xf3abe418 to state 0
05-09 19:56:16.047  2029  2175 D GStreamer+GST_BUS: 0:05:00.435022282 0xf3d9e340 gstbus.c:789:gst_bus_source_dispatch:<bus13> source 0xf39ad330 calling dispatch with stream-status message: 0xf37f5b28, time 99:99:99.999999999, seq-num 1553, element 'src', GstMessageStreamStatus, type=(GstStreamStatusType)GST_STREAM_STATUS_TYPE_CREATE, owner=(GstElement)"\(GstQueue\)\ queue7", object=(GstTask)"\(GstTask\)\ task8";
05-09 19:56:16.047  2029  2175 D GStreamer+GST_BUS: 0:05:00.435069469 0xf3d9e340 gstbus.c:794:gst_bus_source_dispatch:<bus13> source 0xf39ad330 handler returns 1
05-09 19:56:16.047  2029  2029 D GStreamer+GST_PADS: 0:05:00.435059157 0xf35ef400 gstpad.c:1198:gst_pad_activate_mode:<queue7:src> activated in push mode
05-09 19:56:16.047  2029  2029 D GStreamer+GST_PADS: 0:05:00.435127334 0xf35ef400 gstpad.c:1056:gst_pad_set_active:<queue7:sink> activating pad from none
05-09 19:56:16.047  2029  2029 D GStreamer+GST_PADS: 0:05:00.435163115 0xf35ef400 gstpad.c:972:pre_activate:<queue7:sink> setting pad into push mode, unset flushing
05-09 19:56:16.047  2029  2183 D GStreamer+task: 0:05:00.435103375 0xf37ece30 gsttask.c:287:gst_task_func Entering task 0xf3abe418, thread 0xf37ece30
05-09 19:56:16.047  2029  2029 D GStreamer+GST_PADS: 0:05:00.435202802 0xf35ef400 gstpad.c:1198:gst_pad_activate_mode:<queue7:sink> activated in push mode
05-09 19:56:16.047  2029  2183 D GStreamer+GST_PADS: 0:05:00.435272073 0xf37ece30 gstpad.c:5864:do_stream_status:<queue7:src> doing stream-status 1
05-09 19:56:16.047  2029  2029 D GStreamer+GST_ELEMENT_PADS: 0:05:00.435335980 0xf35ef400 gstelement.c:2812:gst_element_pads_activate:<queue7> pad activation successful
05-09 19:56:16.047  2029  2029 D GStreamer+GST_STATES: 0:05:00.435376136 0xf35ef400 gstelement.c:2684:gst_element_change_state:<queue7> element changed state SUCCESS
05-09 19:56:16.047  2029  2183 D GStreamer+GST_PADS: 0:05:00.435388844 0xf37ece30 gstpad.c:5893:do_stream_status:<queue7:src> posting stream-status 1
05-09 19:56:16.047  2029  2029 I GStreamer+GST_STATES: 0:05:00.435424677 0xf35ef400 gstelement.c:2372:gst_element_continue_state:<queue7> completed state change to PAUSED
05-09 19:56:16.047  2029  2029 I GStreamer+GST_STATES: 0:05:00.435461605 0xf35ef400 gstelement.c:2277:_priv_gst_element_state_changed:<queue7> notifying about state-changed READY to PAUSED (VOID_PENDING pending)
05-09 19:56:16.047  2029  2029 D GStreamer+GST_BUS: 0:05:00.435557334 0xf35ef400 gstbus.c:309:gst_bus_post:<bus12> [msg 0xf3ac0858] posting on bus state-changed message: 0xf3ac0858, time 99:99:99.999999999, seq-num 1555, element 'queue7', GstMessageStateChanged, old-state=(GstState)GST_STATE_READY, new-state=(GstState)GST_STATE_PAUSED, pending-state=(GstState)GST_STATE_VOID_PENDING;
05-09 19:56:16.047  2029  2029 D GStreamer+bin: 0:05:00.435600094 0xf35ef400 gstbin.c:3528:gst_bin_handle_message_func:<pipeline2> [msg 0xf3ac0858] handling child queue7 message of type state-changed
05-09 19:56:16.047  2029  2183 D GStreamer+GST_BUS: 0:05:00.435630459 0xf37ece30 gstbus.c:309:gst_bus_post:<bus12> [msg 0xf3abf268] posting on bus stream-status message: 0xf3abf268, time 99:99:99.999999999, seq-num 1554, element 'src', GstMessageStreamStatus, type=(GstStreamStatusType)GST_STREAM_STATUS_TYPE_ENTER, owner=(GstElement)"\(GstQueue\)\ queue7", object=(GstTask)"\(GstTask\)\ queue7:src";
05-09 19:56:16.047  2029  2029 D GStreamer+bin: 0:05:00.435646240 0xf35ef400 gstbin.c:3865:gst_bin_handle_message_func:<pipeline2> posting message upward
05-09 19:56:16.047  2029  2183 D GStreamer+bin: 0:05:00.435727646 0xf37ece30 gstbin.c:3528:gst_bin_handle_message_func:<pipeline2> [msg 0xf3abf268] handling child src message of type stream-status
05-09 19:56:16.047  2029  2183 D GStreamer+bin: 0:05:00.435766657 0xf37ece30 gstbin.c:3865:gst_bin_handle_message_func:<pipeline2> posting message upward
05-09 19:56:16.047  2029  2029 D GStreamer+GST_BUS: 0:05:00.435786761 0xf35ef400 gstbus.c:309:gst_bus_post:<bus13> [msg 0xf3ac0858] posting on bus state-changed message: 0xf3ac0858, time 99:99:99.999999999, seq-num 1555, element 'queue7', GstMessageStateChanged, old-state=(GstState)GST_STATE_READY, new-state=(GstState)GST_STATE_PAUSED, pending-state=(GstState)GST_STATE_VOID_PENDING;
05-09 19:56:16.047  2029  2029 D GStreamer+GST_BUS: 0:05:00.435827230 0xf35ef400 gstbus.c:348:gst_bus_post:<bus13> [msg 0xf3ac0858] pushing on async queue
05-09 19:56:16.048  2029  2029 D GStreamer+GST_BUS: 0:05:00.435881552 0xf35ef400 gstbus.c:351:gst_bus_post:<bus13> [msg 0xf3ac0858] pushed on async queue
05-09 19:56:16.048  2029  2029 D GStreamer+GST_BUS: 0:05:00.435921136 0xf35ef400 gstbus.c:344:gst_bus_post:<bus12> [msg 0xf3ac0858] dropped
05-09 19:56:16.048  2029  2175 D GStreamer+GST_BUS: 0:05:00.435951969 0xf3d9e340 gstbus.c:521:gst_bus_timed_pop_filtered:<bus13> got message 0xf3ac0858, state-changed from queue7, type mask is 4294967295
05-09 19:56:16.048  2029  2183 D GStreamer+GST_BUS: 0:05:00.436042334 0xf37ece30 gstbus.c:309:gst_bus_post:<bus13> [msg 0xf3abf268] posting on bus stream-status message: 0xf3abf268, time 99:99:99.999999999, seq-num 1554, element 'src', GstMessageStreamStatus, type=(GstStreamStatusType)GST_STREAM_STATUS_TYPE_ENTER, owner=(GstElement)"\(GstQueue\)\ queue7", object=(GstTask)"\(GstTask\)\ queue7:src";
05-09 19:56:16.048  2029  2183 D GStreamer+GST_BUS: 0:05:00.436084886 0xf37ece30 gstbus.c:348:gst_bus_post:<bus13> [msg 0xf3abf268] pushing on async queue
05-09 19:56:16.048  2029  2029 D GStreamer+GST_STATES: 0:05:00.436101605 0xf35ef400 gstelement.c:2607:gst_element_set_state_func:<queue7> returned SUCCESS
05-09 19:56:16.048  2029  2029 I GStreamer+GST_STATES: 0:05:00.436153740 0xf35ef400 gstbin.c:2764:gst_bin_change_state_func:<pipeline2> child 'queue7' changed state to 3(PAUSED) successfully
05-09 19:56:16.048  2029  2175 D GStreamer+GST_BUS: 0:05:00.436176865 0xf3d9e340 gstbus.c:789:gst_bus_source_dispatch:<bus13> source 0xf39ad330 calling dispatch with state-changed message: 0xf3ac0858, time 99:99:99.999999999, seq-num 1555, element 'queue7', GstMessageStateChanged, old-state=(GstState)GST_STATE_READY, new-state=(GstState)GST_STATE_PAUSED, pending-state=(GstState)GST_STATE_VOID_PENDING;
05-09 19:56:16.048  2029  2029 D GStreamer+bin: 0:05:00.436198063 0xf35ef400 gstbin.c:2182:gst_bin_sort_iterator_next:<pipeline2> queue head gives forhalffps
05-09 19:56:16.048  2029  2183 D GStreamer+GST_BUS: 0:05:00.436259157 0xf37ece30 gstbus.c:351:gst_bus_post:<bus13> [msg 0xf3abf268] pushed on async queue
05-09 19:56:16.048  2029  2183 D GStreamer+GST_BUS: 0:05:00.436300719 0xf37ece30 gstbus.c:344:gst_bus_post:<bus12> [msg 0xf3abf268] dropped
05-09 19:56:16.048  2029  2029 D GStreamer+bin: 0:05:00.436319000 0xf35ef400 gstbin.c:882:find_message:<pipeline2> no message found matching types 00001000
05-09 19:56:16.048  2029  2029 D GStreamer+bin: 0:05:00.436361448 0xf35ef400 gstbin.c:889:find_message:<pipeline2>   structure-change
05-09 19:56:16.048  2029  2175 D GStreamer+GST_BUS: 0:05:00.436377386 0xf3d9e340 gstbus.c:794:gst_bus_source_dispatch:<bus13> source 0xf39ad330 handler returns 1
05-09 19:56:16.048  2029  2183 D GStreamer+task: 0:05:00.436405198 0xf37ece30 gsttask.c:249:gst_task_configure_name:<queue7:src> Setting thread name to 'queue7:src'
05-09 19:56:16.048  2029  2183 D GStreamer+queue_dataflow: 0:05:00.436496761 0xf37ece30 gstqueue.c:1464:gst_queue_loop:<queue7> queue is empty
05-09 19:56:16.048  2029  2175 D GStreamer+GST_BUS: 0:05:00.436556500 0xf3d9e340 gstbus.c:521:gst_bus_timed_pop_filtered:<bus13> got message 0xf3abf268, stream-status from src, type mask is 4294967295
05-09 19:56:16.048  2029  2029 D GStreamer+bin: 0:05:00.436614521 0xf35ef400 gstbin.c:2098:update_degree:<pipeline2> change element queue5, degree 1->0, linked to forhalffps
05-09 19:56:16.048  2029  2175 D GStreamer+GST_BUS: 0:05:00.436649782 0xf3d9e340 gstbus.c:789:gst_bus_source_dispatch:<bus13> source 0xf39ad330 calling dispatch with stream-status message: 0xf3abf268, time 99:99:99.999999999, seq-num 1554, element 'src', GstMessageStreamStatus, type=(GstStreamStatusType)GST_STREAM_STATUS_TYPE_ENTER, owner=(GstElement)"\(GstQueue\)\ queue7", object=(GstTask)"\(GstTask\)\ queue7:src";
05-09 19:56:16.048  2029  2029 D GStreamer+bin: 0:05:00.436663532 0xf35ef400 gstbin.c:1981:add_to_queue:<pipeline2> adding 'queue5' to queue
05-09 19:56:16.048  2029  2175 D GStreamer+GST_BUS: 0:05:00.436695250 0xf3d9e340 gstbus.c:794:gst_bus_source_dispatch:<bus13> source 0xf39ad330 handler returns 1
05-09 19:56:16.048  2029  2029 I GStreamer+GST_STATES: 0:05:00.436705302 0xf35ef400 gstbin.c:2316:gst_bin_element_set_state:<forhalffps> current READY pending VOID_PENDING, desired next PAUSED
05-09 19:56:16.048  2029  2029 D GStreamer+bin: 0:05:00.436737282 0xf35ef400 gstbin.c:882:find_message:<pipeline2> no message found matching types 00100000
05-09 19:56:16.048  2029  2029 D GStreamer+bin: 0:05:00.436769209 0xf35ef400 gstbin.c:889:find_message:<pipeline2>   async-start
