05-09 19:56:16.080  2029  2187 D GStreamer+GST_PADS: 0:05:00.468825511 0xf37ecf50 gstutils.c:2599:gst_pad_proxy_query_caps:<forhwgl:sink> proxying caps query for forhwgl:sink
05-09 19:56:16.081  2029  2187 D GStreamer+GST_PADS: 0:05:00.468884886 0xf37ecf50 gstpad.c:4009:gst_pad_peer_query:<sink:proxypad6> peer query 0xf3d040f0 (caps)
05-09 19:56:16.081  2029  2187 D GStreamer+GST_PADS: 0:05:00.468927750 0xf37ecf50 gstpad.c:3882:gst_pad_query:<typefind:sink> doing query 0xf3d040f0 (caps)
05-09 19:56:16.081  2029  2187 D GStreamer+GST_CAPS: 0:05:00.468980302 0xf37ecf50 gstpad.c:3088:gst_pad_query_caps_default:<typefind:sink> query caps caps query: 0xf3d040f0, GstQueryCaps, filter=(GstCaps)"NULL", caps=(GstCaps)"NULL";
05-09 19:56:16.081  2029  2187 D GStreamer+GST_CAPS: 0:05:00.469018740 0xf37ecf50 gstpad.c:3111:gst_pad_query_caps_default:<typefind:sink> trying pad template caps
05-09 19:56:16.081  2029  2187 D GStreamer+GST_CAPS: 0:05:00.469063063 0xf37ecf50 gstpad.c:3141:gst_pad_query_caps_default:<typefind:sink> using caps 0xf3610b18 ANY
05-09 19:56:16.081  2029  2187 D GStreamer+GST_PADS: 0:05:00.469130719 0xf37ecf50 gstpad.c:3339:gst_pad_query_default:<typefind:sink> not forwarding 0xf3d040f0 (caps) query
05-09 19:56:16.081  2029  2187 D GStreamer+GST_PADS: 0:05:00.469182282 0xf37ecf50 gstpad.c:3905:gst_pad_query:<typefind:sink> sent query 0xf3d040f0 (caps), result 1
05-09 19:56:16.081  2029  2187 D GStreamer+default: 0:05:00.469228948 0xf37ecf50 gstutils.c:2561:query_caps_func:<sink:proxypad6> intersect with result ANY
05-09 19:56:16.081  2029  2187 D GStreamer+default: 0:05:00.469292438 0xf37ecf50 gstutils.c:2563:query_caps_func:<sink:proxypad6> intersected ANY
05-09 19:56:16.081  2029  2187 D GStreamer+GST_PADS: 0:05:00.469352073 0xf37ecf50 gstpad.c:3339:gst_pad_query_default:<forhwgl:sink> not forwarding 0xf3d040f0 (caps) query
05-09 19:56:16.081  2029  2187 D GStreamer+GST_PADS: 0:05:00.469394209 0xf37ecf50 gstpad.c:3905:gst_pad_query:<forhwgl:sink> sent query 0xf3d040f0 (caps), result 1
05-09 19:56:16.081  2029  2187 D GStreamer+default: 0:05:00.469432125 0xf37ecf50 gstutils.c:2561:query_caps_func:<queue4:src> intersect with result ANY
05-09 19:56:16.081  2029  2187 D GStreamer+default: 0:05:00.469468427 0xf37ecf50 gstutils.c:2563:query_caps_func:<queue4:src> intersected ANY
05-09 19:56:16.081  2029  2187 D GStreamer+GST_PADS: 0:05:00.469510980 0xf37ecf50 gstpad.c:3339:gst_pad_query_default:<queue4:sink> not forwarding 0xf3d040f0 (caps) query
05-09 19:56:16.081  2029  2187 D GStreamer+GST_PADS: 0:05:00.469549834 0xf37ecf50 gstpad.c:3905:gst_pad_query:<queue4:sink> sent query 0xf3d040f0 (caps), result 1
05-09 19:56:16.081  2029  2187 D GStreamer+GST_CAPS: 0:05:00.469587594 0xf37ecf50 gstutils.c:2845:gst_pad_query_caps:<queue4:sink> query returned ANY
05-09 19:56:16.081  2029  2187 D GStreamer+GST_CAPS: 0:05:00.469698584 0xf37ecf50 gstpad.c:2192:gst_pad_link_check_compatible_unlocked:<q:video_0> src caps video/x-h264, stream-format=(string)avc, alignment=(string)au, level=(string)4, profile=(string)baseline, codec_data=(buffer)01428028ffe1000a27428028e54028016b2001000528de01ae20, width=(int)1280, height=(int)1440, framerate=(fraction)151/3, pixel-aspect-ratio=(fraction)1/1
05-09 19:56:16.081  2029  2187 D GStreamer+GST_CAPS: 0:05:00.469738896 0xf37ecf50 gstpad.c:2194:gst_pad_link_check_compatible_unlocked:<queue4:sink> sink caps ANY
05-09 19:56:16.081  2029  2187 D GStreamer+GST_CAPS: 0:05:00.469778584 0xf37ecf50 gstpad.c:2212:gst_pad_link_check_compatible_unlocked caps are compatible
05-09 19:56:16.081  2029  2187 I GStreamer+GST_PADS: 0:05:00.469816813 0xf37ecf50 gstpad.c:2498:gst_pad_link_full linked q:video_0 and queue4:sink, successful
05-09 19:56:16.081  2029  2187 I GStreamer+GST_EVENT: 0:05:00.469845927 0xf37ecf50 gstevent.c:1382:gst_event_new_reconfigure creating reconfigure event
05-09 19:56:16.082  2029  2187 D GStreamer+GST_EVENT: 0:05:00.469896084 0xf37ecf50 gstevent.c:302:gst_event_new_custom creating new event 0xf3abb988 reconfigure 61441
05-09 19:56:16.082  2029  2187 D GStreamer+GST_EVENT: 0:05:00.469950407 0xf37ecf50 gstpad.c:5496:gst_pad_send_event_unchecked:<q:video_0> have event type reconfigure event: 0xf3abb988, time 99:99:99.999999999, seq-num 1581, (NULL)
05-09 19:56:16.082  2029  2187 D GStreamer+GST_PADS: 0:05:00.469991865 0xf37ecf50 gstpad.c:2803:gst_pad_iterate_internal_links_default:<q:video_0> Making iterator
05-09 19:56:16.082  2029  2187 D GStreamer+GST_EVENT: 0:05:00.470050667 0xf37ecf50 gstpad.c:5496:gst_pad_send_event_unchecked:<filesrc2:src> have event type reconfigure event: 0xf3abb988, time 99:99:99.999999999, seq-num 1581, (NULL)
05-09 19:56:16.082  2029  2187 D GStreamer+basesrc: 0:05:00.470106032 0xf37ecf50 gstbasesrc.c:1987:gst_base_src_default_event:<filesrc2> handle event reconfigure event: 0xf3abb988, time 99:99:99.999999999, seq-num 1581, (NULL)
05-09 19:56:16.082  2029  2187 D GStreamer+GST_PADS: 0:05:00.470144000 0xf37ecf50 gstpad.c:5569:gst_pad_send_event_unchecked:<filesrc2:src> sent event, ret ok
05-09 19:56:16.082  2029  2187 D GStreamer+GST_PADS: 0:05:00.470185927 0xf37ecf50 gstpad.c:5569:gst_pad_send_event_unchecked:<q:video_0> sent event, ret ok
05-09 19:56:16.082  2029  2187 D GStreamer+GST_BUS: 0:05:00.470281084 0xf37ecf50 gstbus.c:309:gst_bus_post:<bus12> [msg 0xf37f5c18] posting on bus structure-change message: 0xf37f5c18, time 99:99:99.999999999, seq-num 1582, element 'sink', GstMessageStructureChange, type=(GstStructureChangeType)GST_STRUCTURE_CHANGE_TYPE_PAD_LINK, owner=(GstElement)"\(GstQTDemux\)\ q", busy=(boolean)false;
05-09 19:56:16.082  2029  2187 D GStreamer+bin: 0:05:00.470325094 0xf37ecf50 gstbin.c:3528:gst_bin_handle_message_func:<pipeline2> [msg 0xf37f5c18] handling child sink message of type structure-change
05-09 19:56:16.082  2029  2187 D GStreamer+bin: 0:05:00.470371865 0xf37ecf50 gstbin.c:957:bin_remove_messages:<queue4:sink> deleting message 0xf3abf108 of types 0x00001000
05-09 19:56:16.082  2029  2187 D GStreamer+bin: 0:05:00.470415823 0xf37ecf50 gstbin.c:963:bin_remove_messages:<forhwgl> not deleting message 0xf3d329c0 of type 0x00100000
05-09 19:56:16.082  2029  2187 D GStreamer+bin: 0:05:00.470454261 0xf37ecf50 gstbin.c:963:bin_remove_messages:<decodebin3> not deleting message 0xf3abf160 of type 0x00100000
05-09 19:56:16.082  2029  2187 D GStreamer+bin: 0:05:00.470497125 0xf37ecf50 gstbin.c:963:bin_remove_messages:<glimagesinkbin2> not deleting message 0xf37f5a20 of type 0x00100000
05-09 19:56:16.082  2029  2187 D GStreamer+bin: 0:05:00.470545667 0xf37ecf50 gstbin.c:963:bin_remove_messages:<autoaudiosink0> not deleting message 0xf3ad4770 of type 0x00100000
05-09 19:56:16.082  2029  2187 D GStreamer+GST_BUS: 0:05:00.470591552 0xf37ecf50 gstbus.c:344:gst_bus_post:<bus12> [msg 0xf37f5c18] dropped
05-09 19:56:16.082  2029  2187 D GStreamer+GST_ELEMENT_PADS: 0:05:00.470642125 0xf37ecf50 gstutils.c:1701:gst_element_link_pads_full linked pad q:video_0 to pad queue4:sink
05-09 19:56:16.082  2029  2187 D GStreamer+GST_PIPELINE: 0:05:00.470696188 0xf37ecf50 ./grammar.y:527:gst_parse_found_pad delayed linking pad  video_0 of GstQTDemux named q to some pad of GstQueue named queue4 worked
05-09 19:56:16.082  2029  2187 I GStreamer+GST_PIPELINE: 0:05:00.470753688 0xf37ecf50 ./grammar.y:518:gst_parse_found_pad trying delayed linking pad  audio_0 of GstQTDemux named q to some pad of GstQueue named queue6
05-09 19:56:16.082  2029  2187 I GStreamer+GST_ELEMENT_PADS: 0:05:00.470800563 0xf37ecf50 gstutils.c:1571:gst_element_link_pads_full trying to link element q:audio_0 to element queue6:(any)
05-09 19:56:16.082  2029  2187 I GStreamer+GST_ELEMENT_PADS: 0:05:00.470838271 0xf37ecf50 gstelement.c:904:gst_element_get_static_pad no such pad 'audio_0' in element "q"
05-09 19:56:16.083  2029  2187 D GStreamer+GST_ELEMENT_PADS: 0:05:00.470891657 0xf37ecf50 gstutils.c:1585:gst_element_link_pads_full no pad q:audio_0
05-09 19:56:16.083  2029  2187 I GStreamer+default: 0:05:00.470931552 0xf37ecf50 gstutils.c:1960:gst_element_link_pads_filtered Could not link pads: q:audio_0 - queue6:(null)
05-09 19:56:16.083  2029  2187 D GStreamer+qtdemux: 0:05:00.470981605 0xf37ecf50 qtdemux.c:10640:qtdemux_expose_streams:<q> stream 1, id 2, fourcc mp4a
05-09 19:56:16.083  2029  2187 D GStreamer+GST_PADS: 0:05:00.471095146 0xf37ecf50 gstpad.c:1826:gst_pad_set_event_function_full:<'':audio_0> eventfunc for set to 0xdaa97e71
05-09 19:56:16.083  2029  2187 D GStreamer+GST_PADS: 0:05:00.471142646 0xf37ecf50 gstpad.c:1906:gst_pad_set_query_function_full:<'':audio_0> queryfunc set to 0xdaa978e1
05-09 19:56:16.083  2029  2187 D GStreamer+GST_PADS: 0:05:00.471180094 0xf37ecf50 gstpad.c:1056:gst_pad_set_active:<'':audio_0> activating pad from none
05-09 19:56:16.083  2029  2187 D GStreamer+GST_PADS: 0:05:00.471218792 0xf37ecf50 gstpad.c:972:pre_activate:<'':audio_0> setting pad into push mode, unset flushing
05-09 19:56:16.083  2029  2187 D GStreamer+GST_PADS: 0:05:00.471258688 0xf37ecf50 gstpad.c:1198:gst_pad_activate_mode:<'':audio_0> activated in push mode
05-09 19:56:16.083  2029  2187 D GStreamer+qtdemux: 0:05:00.471315719 0xf37ecf50 qtdemux.c:7127:gst_qtdemux_configure_stream:<q> setting caps audio/mpeg, mpegversion=(int)1, parsed=(boolean)true, rate=(int)24000, channels=(int)1
05-09 19:56:16.083  2029  2187 I GStreamer+GST_ELEMENT_PADS: 0:05:00.471355459 0xf37ecf50 gstelement.c:907:gst_element_get_static_pad found pad q:sink
05-09 19:56:16.083  2029  2187 D GStreamer+query: 0:05:00.471392125 0xf37ecf50 gstquery.c:674:gst_query_new_custom creating new query 0xf3d040f0 uri
05-09 19:56:16.083  2029  2187 D GStreamer+GST_ELEMENT_PADS: 0:05:00.471422907 0xf37ecf50 gstelement.c:1698:gst_element_query send query on element q
05-09 19:56:16.083  2029  2187 D GStreamer+GST_ELEMENT_PADS: 0:05:00.471450042 0xf37ecf50 gstelement.c:1482:gst_element_get_random_pad getting a random pad
05-09 19:56:16.083  2029  2187 D GStreamer+GST_ELEMENT_PADS: 0:05:00.471481605 0xf37ecf50 gstelement.c:1501:gst_element_get_random_pad checking pad q:video_0
05-09 19:56:16.083  2029  2187 D GStreamer+GST_ELEMENT_PADS: 0:05:00.471511032 0xf37ecf50 gstelement.c:1513:gst_element_get_random_pad found pad q:video_0
05-09 19:56:16.083  2029  2187 D GStreamer+GST_PADS: 0:05:00.471545042 0xf37ecf50 gstpad.c:3882:gst_pad_query:<q:video_0> doing query 0xf3d040f0 (uri)
05-09 19:56:16.083  2029  2187 D GStreamer+GST_PADS: 0:05:00.471584209 0xf37ecf50 gstpad.c:3339:gst_pad_query_default:<q:video_0> forwarding 0xf3d040f0 (uri) query
05-09 19:56:16.083  2029  2187 D GStreamer+GST_PADS: 0:05:00.471619000 0xf37ecf50 gstpad.c:2803:gst_pad_iterate_internal_links_default:<q:video_0> Making iterator
05-09 19:56:16.083  2029  2187 D GStreamer+GST_PADS: 0:05:00.471659365 0xf37ecf50 gstpad.c:4009:gst_pad_peer_query:<q:sink> peer query 0xf3d040f0 (uri)
05-09 19:56:16.083  2029  2187 D GStreamer+GST_PADS: 0:05:00.471697021 0xf37ecf50 gstpad.c:3882:gst_pad_query:<filesrc2:src> doing query 0xf3d040f0 (uri)
05-09 19:56:16.083  2029  2187 D GStreamer+basesrc: 0:05:00.471743584 0xf37ecf50 gstbasesrc.c:1296:gst_base_src_default_query:<filesrc2> query uri returns 1
05-09 19:56:16.083  2029  2187 D GStreamer+GST_PADS: 0:05:00.471783480 0xf37ecf50 gstpad.c:3905:gst_pad_query:<filesrc2:src> sent query 0xf3d040f0 (uri), result 1
05-09 19:56:16.083  2029  2187 D GStreamer+GST_PADS: 0:05:00.471823427 0xf37ecf50 gstpad.c:3905:gst_pad_query:<q:video_0> sent query 0xf3d040f0 (uri), result 1
05-09 19:56:16.084  2029  2187 D GStreamer+GST_EVENT: 0:05:00.471889052 0xf37ecf50 gstevent.c:302:gst_event_new_custom creating new event 0xf3abb9d0 stream-start 10254
05-09 19:56:16.084  2029  2187 D GStreamer+GST_PADS: 0:05:00.471926969 0xf37ecf50 gstpad.c:3813:check_sticky:<'':audio_0> pushing all sticky events
05-09 19:56:16.084  2029  2187 D GStreamer+GST_PADS: 0:05:00.471963427 0xf37ecf50 gstpad.c:5266:gst_pad_push_event_unchecked:<'':audio_0> Dropping event stream-start because pad is not linked
05-09 19:56:16.084  2029  2187 D GStreamer+GST_PADS: 0:05:00.471996552 0xf37ecf50 gstpad.c:3784:push_sticky:<'':audio_0> pad was not linked, mark pending
05-09 19:56:16.084  2029  2187 I GStreamer+GST_EVENT: 0:05:00.472044209 0xf37ecf50 gstevent.c:679:gst_event_new_caps creating caps event audio/mpeg, mpegversion=(int)1, parsed=(boolean)true, rate=(int)24000, channels=(int)1
05-09 19:56:16.084  2029  2187 D GStreamer+GST_EVENT: 0:05:00.472077542 0xf37ecf50 gstevent.c:302:gst_event_new_custom creating new event 0xf3abba18 caps 12814
05-09 19:56:16.084  2029  2187 D GStreamer+GST_PADS: 0:05:00.472108115 0xf37ecf50 gstpad.c:5053:store_sticky_event:<'':audio_0> notify caps
05-09 19:56:16.084  2029  2187 D GStreamer+GST_PADS: 0:05:00.472144521 0xf37ecf50 gstpad.c:3813:check_sticky:<'':audio_0> pushing all sticky events
05-09 19:56:16.084  2029  2187 D GStreamer+GST_PADS: 0:05:00.472180042 0xf37ecf50 gstpad.c:3745:push_sticky:<'':audio_0> event stream-start was already received
05-09 19:56:16.084  2029  2187 D GStreamer+GST_PADS: 0:05:00.472214730 0xf37ecf50 gstpad.c:5266:gst_pad_push_event_unchecked:<'':audio_0> Dropping event caps because pad is not linked
05-09 19:56:16.084  2029  2187 D GStreamer+GST_PADS: 0:05:00.472247334 0xf37ecf50 gstpad.c:3784:push_sticky:<'':audio_0> pad was not linked, mark pending
05-09 19:56:16.084  2029  2187 D GStreamer+qtdemux: 0:05:00.472284105 0xf37ecf50 qtdemux.c:7243:gst_qtdemux_add_stream:<q> adding pad audio_0 0xf3956ea8 to qtdemux 0xf39f8018
05-09 19:56:16.084  2029  2187 I GStreamer+GST_ELEMENT_PADS: 0:05:00.472316657 0xf37ecf50 gstelement.c:659:gst_element_add_pad:<q> adding pad 'audio_0'
05-09 19:56:16.084  2029  2187 D GStreamer+GST_REFCOUNTING: 0:05:00.472349573 0xf37ecf50 gstobject.c:692:gst_object_set_parent:<'':audio_0> set parent (ref and sink)
05-09 19:56:16.084  2029  2187 I GStreamer+GST_PIPELINE: 0:05:00.472398427 0xf37ecf50 ./grammar.y:518:gst_parse_found_pad trying delayed linking pad  audio_0 of GstQTDemux named q to some pad of GstQueue named queue6
05-09 19:56:16.084  2029  2187 I GStreamer+GST_ELEMENT_PADS: 0:05:00.472433167 0xf37ecf50 gstutils.c:1571:gst_element_link_pads_full trying to link element q:audio_0 to element queue6:(any)
05-09 19:56:16.084  2029  2187 I GStreamer+GST_ELEMENT_PADS: 0:05:00.472463792 0xf37ecf50 gstelement.c:907:gst_element_get_static_pad found pad q:audio_0
05-09 19:56:16.084  2029  2187 D GStreamer+GST_ELEMENT_PADS: 0:05:00.472492698 0xf37ecf50 gstutils.c:1678:gst_element_link_pads_full looping through allowed src and dest pads
05-09 19:56:16.084  2029  2187 D GStreamer+GST_ELEMENT_PADS: 0:05:00.472521500 0xf37ecf50 gstutils.c:1681:gst_element_link_pads_full trying src pad q:audio_0
05-09 19:56:16.084  2029  2187 D GStreamer+GST_ELEMENT_PADS: 0:05:00.472551657 0xf37ecf50 gstutils.c:1002:gst_element_get_compatible_pad finding pad in queue6 compatible with q:audio_0
05-09 19:56:16.084  2029  2187 I GStreamer+GST_PADS: 0:05:00.472588167 0xf37ecf50 gstutils.c:932:gst_pad_check_link trying to link q:audio_0 and queue6:sink
05-09 19:56:16.084  2029  2187 D GStreamer+GST_CAPS: 0:05:00.472620615 0xf37ecf50 gstutils.c:2838:gst_pad_query_caps:<q:audio_0> get pad caps with filter (NULL)
05-09 19:56:16.084  2029  2187 D GStreamer+query: 0:05:00.472655719 0xf37ecf50 gstquery.c:674:gst_query_new_custom creating new query 0xf3ac6d50 caps
05-09 19:56:16.084  2029  2187 D GStreamer+GST_PADS: 0:05:00.472688011 0xf37ecf50 gstpad.c:3882:gst_pad_query:<q:audio_0> doing query 0xf3ac6d50 (caps)
05-09 19:56:16.084  2029  2187 D GStreamer+GST_CAPS: 0:05:00.472737490 0xf37ecf50 gstpad.c:3088:gst_pad_query_caps_default:<q:audio_0> query caps caps query: 0xf3ac6d50, GstQueryCaps, filter=(GstCaps)"NULL", caps=(GstCaps)"NULL";
05-09 19:56:16.084  2029  2187 D GStreamer+GST_CAPS: 0:05:00.472771448 0xf37ecf50 gstpad.c:3105:gst_pad_query_caps_default:<q:audio_0> fixed pad caps: trying pad caps
05-09 19:56:16.084  2029  2187 D GStreamer+GST_CAPS: 0:05:00.472821917 0xf37ecf50 gstpad.c:3141:gst_pad_query_caps_default:<q:audio_0> using caps 0xf3afec50 audio/mpeg, mpegversion=(int)1, parsed=(boolean)true, rate=(int)24000, channels=(int)1
05-09 19:56:16.085  2029  2187 D GStreamer+GST_PADS: 0:05:00.472860719 0xf37ecf50 gstpad.c:3339:gst_pad_query_default:<q:audio_0> not forwarding 0xf3ac6d50 (caps) query
05-09 19:56:16.085  2029  2187 D GStreamer+GST_PADS: 0:05:00.472909677 0xf37ecf50 gstpad.c:3905:gst_pad_query:<q:audio_0> sent query 0xf3ac6d50 (caps), result 1
05-09 19:56:16.085  2029  2187 D GStreamer+GST_CAPS: 0:05:00.472957750 0xf37ecf50 gstutils.c:2845:gst_pad_query_caps:<q:audio_0> query returned audio/mpeg, mpegversion=(int)1, parsed=(boolean)true, rate=(int)24000, channels=(int)1
05-09 19:56:16.085  2029  2187 D GStreamer+GST_CAPS: 0:05:00.472995042 0xf37ecf50 gstutils.c:2838:gst_pad_query_caps:<queue6:sink> get pad caps with filter (NULL)
05-09 19:56:16.085  2029  2187 D GStreamer+query: 0:05:00.473029209 0xf37ecf50 gstquery.c:674:gst_query_new_custom creating new query 0xf3ac6d50 caps
05-09 19:56:16.085  2029  2187 D GStreamer+GST_PADS: 0:05:00.473061761 0xf37ecf50 gstpad.c:3882:gst_pad_query:<queue6:sink> doing query 0xf3ac6d50 (caps)
05-09 19:56:16.085  2029  2187 D GStreamer+GST_CAPS: 0:05:00.473108375 0xf37ecf50 gstpad.c:3088:gst_pad_query_caps_default:<queue6:sink> query caps caps query: 0xf3ac6d50, GstQueryCaps, filter=(GstCaps)"NULL", caps=(GstCaps)"NULL";
05-09 19:56:16.085  2029  2187 D GStreamer+GST_PADS: 0:05:00.473145146 0xf37ecf50 gstutils.c:2599:gst_pad_proxy_query_caps:<queue6:sink> proxying caps query for queue6:sink
05-09 19:56:16.085  2029  2187 D GStreamer+GST_PADS: 0:05:00.473180980 0xf37ecf50 gstpad.c:2803:gst_pad_iterate_internal_links_default:<queue6:sink> Making iterator
05-09 19:56:16.085  2029  2187 D GStreamer+GST_PADS: 0:05:00.473220511 0xf37ecf50 gstpad.c:4009:gst_pad_peer_query:<queue6:src> peer query 0xf3ac6d50 (caps)
05-09 19:56:16.085  2029  2187 D GStreamer+GST_PADS: 0:05:00.473258584 0xf37ecf50 gstpad.c:3882:gst_pad_query:<decodebin3:sink> doing query 0xf3ac6d50 (caps)
05-09 19:56:16.085  2029  2187 D GStreamer+GST_CAPS: 0:05:00.473306032 0xf37ecf50 gstpad.c:3088:gst_pad_query_caps_default:<decodebin3:sink> query caps caps query: 0xf3ac6d50, GstQueryCaps, filter=(GstCaps)"NULL", caps=(GstCaps)"NULL";
05-09 19:56:16.085  2029  2187 D GStreamer+GST_PADS: 0:05:00.473341969 0xf37ecf50 gstutils.c:2599:gst_pad_proxy_query_caps:<decodebin3:sink> proxying caps query for decodebin3:sink
05-09 19:56:16.085  2029  2187 D GStreamer+GST_PADS: 0:05:00.473385042 0xf37ecf50 gstpad.c:4009:gst_pad_peer_query:<sink:proxypad8> peer query 0xf3ac6d50 (caps)
05-09 19:56:16.085  2029  2187 D GStreamer+GST_PADS: 0:05:00.473423219 0xf37ecf50 gstpad.c:3882:gst_pad_query:<typefind:sink> doing query 0xf3ac6d50 (caps)
05-09 19:56:16.085  2029  2187 D GStreamer+GST_CAPS: 0:05:00.473470823 0xf37ecf50 gstpad.c:3088:gst_pad_query_caps_default:<typefind:sink> query caps caps query: 0xf3ac6d50, GstQueryCaps, filter=(GstCaps)"NULL", caps=(GstCaps)"NULL";
05-09 19:56:16.085  2029  2187 D GStreamer+GST_CAPS: 0:05:00.473504417 0xf37ecf50 gstpad.c:3111:gst_pad_query_caps_default:<typefind:sink> trying pad template caps
05-09 19:56:16.085  2029  2187 D GStreamer+GST_CAPS: 0:05:00.473540146 0xf37ecf50 gstpad.c:3141:gst_pad_query_caps_default:<typefind:sink> using caps 0xf3610b18 ANY
05-09 19:56:16.085  2029  2187 D GStreamer+GST_PADS: 0:05:00.473577646 0xf37ecf50 gstpad.c:3339:gst_pad_query_default:<typefind:sink> not forwarding 0xf3ac6d50 (caps) query
05-09 19:56:16.085  2029  2187 D GStreamer+GST_PADS: 0:05:00.473614625 0xf37ecf50 gstpad.c:3905:gst_pad_query:<typefind:sink> sent query 0xf3ac6d50 (caps), result 1
05-09 19:56:16.085  2029  2187 D GStreamer+default: 0:05:00.473650355 0xf37ecf50 gstutils.c:2561:query_caps_func:<sink:proxypad8> intersect with result ANY
05-09 19:56:16.085  2029  2187 D GStreamer+default: 0:05:00.473685667 0xf37ecf50 gstutils.c:2563:query_caps_func:<sink:proxypad8> intersected ANY
05-09 19:56:16.085  2029  2187 D GStreamer+GST_PADS: 0:05:00.473729105 0xf37ecf50 gstpad.c:3339:gst_pad_query_default:<decodebin3:sink> not forwarding 0xf3ac6d50 (caps) query
05-09 19:56:16.085  2029  2187 D GStreamer+GST_PADS: 0:05:00.473766084 0xf37ecf50 gstpad.c:3905:gst_pad_query:<decodebin3:sink> sent query 0xf3ac6d50 (caps), result 1
05-09 19:56:16.085  2029  2187 D GStreamer+default: 0:05:00.473801709 0xf37ecf50 gstutils.c:2561:query_caps_func:<queue6:src> intersect with result ANY
05-09 19:56:16.085  2029  2187 D GStreamer+default: 0:05:00.473836292 0xf37ecf50 gstutils.c:2563:query_caps_func:<queue6:src> intersected ANY
05-09 19:56:16.086  2029  2187 D GStreamer+GST_PADS: 0:05:00.473885094 0xf37ecf50 gstpad.c:3339:gst_pad_query_default:<queue6:sink> not forwarding 0xf3ac6d50 (caps) query
05-09 19:56:16.086  2029  2187 D GStreamer+GST_PADS: 0:05:00.473923948 0xf37ecf50 gstpad.c:3905:gst_pad_query:<queue6:sink> sent query 0xf3ac6d50 (caps), result 1
05-09 19:56:16.086  2029  2187 D GStreamer+GST_CAPS: 0:05:00.473962959 0xf37ecf50 gstutils.c:2845:gst_pad_query_caps:<queue6:sink> query returned ANY
05-09 19:56:16.086  2029  2187 D GStreamer+GST_ELEMENT_PADS: 0:05:00.473998636 0xf37ecf50 gstutils.c:1061:gst_element_get_compatible_pad found existing unlinked compatible pad queue6:sink
05-09 19:56:16.086  2029  2187 I GStreamer+GST_PADS: 0:05:00.474029313 0xf37ecf50 gstutils.c:1444:prepare_link_maybe_ghosting q and queue6 in same bin, no need for ghost pads
05-09 19:56:16.086  2029  2187 D GStreamer+GST_BUS: 0:05:00.474113323 0xf37ecf50 gstbus.c:309:gst_bus_post:<bus12> [msg 0xf3ac0dc0] posting on bus structure-change message: 0xf3ac0dc0, time 99:99:99.999999999, seq-num 1585, element 'sink', GstMessageStructureChange, type=(GstStructureChangeType)GST_STRUCTURE_CHANGE_TYPE_PAD_LINK, owner=(GstElement)"\(GstQTDemux\)\ q", busy=(boolean)true;
05-09 19:56:16.086  2029  2187 D GStreamer+bin: 0:05:00.474158584 0xf37ecf50 gstbin.c:3528:gst_bin_handle_message_func:<pipeline2> [msg 0xf3ac0dc0] handling child sink message of type structure-change
05-09 19:56:16.086  2029  2187 D GStreamer+bin: 0:05:00.474195615 0xf37ecf50 gstbin.c:882:find_message:<pipeline2> no message found matching types 00001000
05-09 19:56:16.086  2029  2187 D GStreamer+bin: 0:05:00.474229938 0xf37ecf50 gstbin.c:889:find_message:<pipeline2>   structure-change
05-09 19:56:16.086  2029  2187 D GStreamer+bin: 0:05:00.474265094 0xf37ecf50 gstbin.c:929:bin_replace_message:<pipeline2> got new message 0xf3ac0dc0, structure-change from sink
05-09 19:56:16.086  2029  2187 D GStreamer+GST_BUS: 0:05:00.474297594 0xf37ecf50 gstbus.c:344:gst_bus_post:<bus12> [msg 0xf3ac0dc0] dropped
05-09 19:56:16.086  2029  2187 I GStreamer+GST_PADS: 0:05:00.474333427 0xf37ecf50 gstpad.c:2292:gst_pad_link_prepare trying to link q:audio_0 and queue6:sink
05-09 19:56:16.086  2029  2187 D GStreamer+GST_CAPS: 0:05:00.474365302 0xf37ecf50 gstutils.c:2838:gst_pad_query_caps:<q:audio_0> get pad caps with filter (NULL)
05-09 19:56:16.086  2029  2187 D GStreamer+query: 0:05:00.474400615 0xf37ecf50 gstquery.c:674:gst_query_new_custom creating new query 0xf3d040f0 caps
05-09 19:56:16.086  2029  2187 D GStreamer+GST_PADS: 0:05:00.474433740 0xf37ecf50 gstpad.c:3882:gst_pad_query:<q:audio_0> doing query 0xf3d040f0 (caps)
05-09 19:56:16.086  2029  2187 D GStreamer+GST_CAPS: 0:05:00.474480615 0xf37ecf50 gstpad.c:3088:gst_pad_query_caps_default:<q:audio_0> query caps caps query: 0xf3d040f0, GstQueryCaps, filter=(GstCaps)"NULL", caps=(GstCaps)"NULL";
05-09 19:56:16.086  2029  2187 D GStreamer+GST_CAPS: 0:05:00.474514261 0xf37ecf50 gstpad.c:3105:gst_pad_query_caps_default:<q:audio_0> fixed pad caps: trying pad caps
05-09 19:56:16.086  2029  2187 D GStreamer+GST_CAPS: 0:05:00.474565511 0xf37ecf50 gstpad.c:3141:gst_pad_query_caps_default:<q:audio_0> using caps 0xf3afec50 audio/mpeg, mpegversion=(int)1, parsed=(boolean)true, rate=(int)24000, channels=(int)1
05-09 19:56:16.086  2029  2187 D GStreamer+GST_PADS: 0:05:00.474604677 0xf37ecf50 gstpad.c:3339:gst_pad_query_default:<q:audio_0> not forwarding 0xf3d040f0 (caps) query
05-09 19:56:16.086  2029  2187 D GStreamer+GST_PADS: 0:05:00.474641344 0xf37ecf50 gstpad.c:3905:gst_pad_query:<q:audio_0> sent query 0xf3d040f0 (caps), result 1
05-09 19:56:16.086  2029  2187 D GStreamer+GST_CAPS: 0:05:00.474688636 0xf37ecf50 gstutils.c:2845:gst_pad_query_caps:<q:audio_0> query returned audio/mpeg, mpegversion=(int)1, parsed=(boolean)true, rate=(int)24000, channels=(int)1
05-09 19:56:16.086  2029  2187 D GStreamer+GST_CAPS: 0:05:00.474725146 0xf37ecf50 gstutils.c:2838:gst_pad_query_caps:<queue6:sink> get pad caps with filter (NULL)
05-09 19:56:16.086  2029  2187 D GStreamer+query: 0:05:00.474759417 0xf37ecf50 gstquery.c:674:gst_query_new_custom creating new query 0xf3d040f0 caps
05-09 19:56:16.086  2029  2187 D GStreamer+GST_PADS: 0:05:00.474792750 0xf37ecf50 gstpad.c:3882:gst_pad_query:<queue6:sink> doing query 0xf3d040f0 (caps)
05-09 19:56:16.086  2029  2187 D GStreamer+GST_CAPS: 0:05:00.474837855 0xf37ecf50 gstpad.c:3088:gst_pad_query_caps_default:<queue6:sink> query caps caps query: 0xf3d040f0, GstQueryCaps, filter=(GstCaps)"NULL", caps=(GstCaps)"NULL";
05-09 19:56:16.087  2029  2187 D GStreamer+GST_PADS: 0:05:00.474885355 0xf37ecf50 gstutils.c:2599:gst_pad_proxy_query_caps:<queue6:sink> proxying caps query for queue6:sink
05-09 19:56:16.087  2029  2187 D GStreamer+GST_PADS: 0:05:00.474923636 0xf37ecf50 gstpad.c:2803:gst_pad_iterate_internal_links_default:<queue6:sink> Making iterator
05-09 19:56:16.087  2029  2187 D GStreamer+GST_PADS: 0:05:00.474962177 0xf37ecf50 gstpad.c:4009:gst_pad_peer_query:<queue6:src> peer query 0xf3d040f0 (caps)
05-09 19:56:16.087  2029  2187 D GStreamer+GST_PADS: 0:05:00.474999209 0xf37ecf50 gstpad.c:3882:gst_pad_query:<decodebin3:sink> doing query 0xf3d040f0 (caps)
05-09 19:56:16.087  2029  2187 D GStreamer+GST_CAPS: 0:05:00.475044782 0xf37ecf50 gstpad.c:3088:gst_pad_query_caps_default:<decodebin3:sink> query caps caps query: 0xf3d040f0, GstQueryCaps, filter=(GstCaps)"NULL", caps=(GstCaps)"NULL";
05-09 19:56:16.087  2029  2187 D GStreamer+GST_PADS: 0:05:00.475081136 0xf37ecf50 gstutils.c:2599:gst_pad_proxy_query_caps:<decodebin3:sink> proxying caps query for decodebin3:sink
05-09 19:56:16.087  2029  2187 D GStreamer+GST_PADS: 0:05:00.475122073 0xf37ecf50 gstpad.c:4009:gst_pad_peer_query:<sink:proxypad8> peer query 0xf3d040f0 (caps)
05-09 19:56:16.087  2029  2187 D GStreamer+GST_PADS: 0:05:00.475158688 0xf37ecf50 gstpad.c:3882:gst_pad_query:<typefind:sink> doing query 0xf3d040f0 (caps)
05-09 19:56:16.087  2029  2187 D GStreamer+GST_CAPS: 0:05:00.475204209 0xf37ecf50 gstpad.c:3088:gst_pad_query_caps_default:<typefind:sink> query caps caps query: 0xf3d040f0, GstQueryCaps, filter=(GstCaps)"NULL", caps=(GstCaps)"NULL";
05-09 19:56:16.087  2029  2187 D GStreamer+GST_CAPS: 0:05:00.475238323 0xf37ecf50 gstpad.c:3111:gst_pad_query_caps_default:<typefind:sink> trying pad template caps
05-09 19:56:16.087  2029  2187 D GStreamer+GST_CAPS: 0:05:00.475274105 0xf37ecf50 gstpad.c:3141:gst_pad_query_caps_default:<typefind:sink> using caps 0xf3610b18 ANY
05-09 19:56:16.087  2029  2187 D GStreamer+GST_PADS: 0:05:00.475311344 0xf37ecf50 gstpad.c:3339:gst_pad_query_default:<typefind:sink> not forwarding 0xf3d040f0 (caps) query
05-09 19:56:16.087  2029  2187 D GStreamer+GST_PADS: 0:05:00.475347959 0xf37ecf50 gstpad.c:3905:gst_pad_query:<typefind:sink> sent query 0xf3d040f0 (caps), result 1
05-09 19:56:16.087  2029  2187 D GStreamer+default: 0:05:00.475383584 0xf37ecf50 gstutils.c:2561:query_caps_func:<sink:proxypad8> intersect with result ANY
05-09 19:56:16.087  2029  2187 D GStreamer+default: 0:05:00.475417959 0xf37ecf50 gstutils.c:2563:query_caps_func:<sink:proxypad8> intersected ANY
05-09 19:56:16.087  2029  2187 D GStreamer+GST_PADS: 0:05:00.475458271 0xf37ecf50 gstpad.c:3339:gst_pad_query_default:<decodebin3:sink> not forwarding 0xf3d040f0 (caps) query
05-09 19:56:16.087  2029  2187 D GStreamer+GST_PADS: 0:05:00.475495407 0xf37ecf50 gstpad.c:3905:gst_pad_query:<decodebin3:sink> sent query 0xf3d040f0 (caps), result 1
05-09 19:56:16.087  2029  2187 D GStreamer+default: 0:05:00.475530667 0xf37ecf50 gstutils.c:2561:query_caps_func:<queue6:src> intersect with result ANY
05-09 19:56:16.087  2029  2187 D GStreamer+default: 0:05:00.475565042 0xf37ecf50 gstutils.c:2563:query_caps_func:<queue6:src> intersected ANY
05-09 19:56:16.087  2029  2187 D GStreamer+GST_PADS: 0:05:00.475605146 0xf37ecf50 gstpad.c:3339:gst_pad_query_default:<queue6:sink> not forwarding 0xf3d040f0 (caps) query
05-09 19:56:16.087  2029  2187 D GStreamer+GST_PADS: 0:05:00.475641709 0xf37ecf50 gstpad.c:3905:gst_pad_query:<queue6:sink> sent query 0xf3d040f0 (caps), result 1
05-09 19:56:16.087  2029  2187 D GStreamer+GST_CAPS: 0:05:00.475676292 0xf37ecf50 gstutils.c:2845:gst_pad_query_caps:<queue6:sink> query returned ANY
05-09 19:56:16.087  2029  2187 D GStreamer+GST_CAPS: 0:05:00.475724417 0xf37ecf50 gstpad.c:2192:gst_pad_link_check_compatible_unlocked:<q:audio_0> src caps audio/mpeg, mpegversion=(int)1, parsed=(boolean)true, rate=(int)24000, channels=(int)1
05-09 19:56:16.087  2029  2187 D GStreamer+GST_CAPS: 0:05:00.475759157 0xf37ecf50 gstpad.c:2194:gst_pad_link_check_compatible_unlocked:<queue6:sink> sink caps ANY
05-09 19:56:16.087  2029  2187 D GStreamer+GST_CAPS: 0:05:00.475789625 0xf37ecf50 gstpad.c:2212:gst_pad_link_check_compatible_unlocked caps are compatible
05-09 19:56:16.087  2029  2187 I GStreamer+GST_PADS: 0:05:00.475824052 0xf37ecf50 gstpad.c:2498:gst_pad_link_full linked q:audio_0 and queue6:sink, successful
05-09 19:56:16.087  2029  2187 I GStreamer+GST_EVENT: 0:05:00.475851709 0xf37ecf50 gstevent.c:1382:gst_event_new_reconfigure creating reconfigure event
05-09 19:56:16.088  2029  2187 D GStreamer+GST_EVENT: 0:05:00.475892073 0xf37ecf50 gstevent.c:302:gst_event_new_custom creating new event 0xf3abba60 reconfigure 61441
05-09 19:56:16.088  2029  2187 D GStreamer+GST_EVENT: 0:05:00.475940094 0xf37ecf50 gstpad.c:5496:gst_pad_send_event_unchecked:<q:audio_0> have event type reconfigure event: 0xf3abba60, time 99:99:99.999999999, seq-num 1586, (NULL)
05-09 19:56:16.088  2029  2187 D GStreamer+GST_PADS: 0:05:00.475975146 0xf37ecf50 gstpad.c:2803:gst_pad_iterate_internal_links_default:<q:audio_0> Making iterator
05-09 19:56:16.088  2029  2187 D GStreamer+GST_EVENT: 0:05:00.476027438 0xf37ecf50 gstpad.c:5496:gst_pad_send_event_unchecked:<filesrc2:src> have event type reconfigure event: 0xf3abba60, time 99:99:99.999999999, seq-num 1586, (NULL)
05-09 19:56:16.088  2029  2187 D GStreamer+basesrc: 0:05:00.476077698 0xf37ecf50 gstbasesrc.c:1987:gst_base_src_default_event:<filesrc2> handle event reconfigure event: 0xf3abba60, time 99:99:99.999999999, seq-num 1586, (NULL)
05-09 19:56:16.088  2029  2187 D GStreamer+GST_PADS: 0:05:00.476112802 0xf37ecf50 gstpad.c:5569:gst_pad_send_event_unchecked:<filesrc2:src> sent event, ret ok
05-09 19:56:16.088  2029  2187 D GStreamer+GST_PADS: 0:05:00.476150355 0xf37ecf50 gstpad.c:5569:gst_pad_send_event_unchecked:<q:audio_0> sent event, ret ok
05-09 19:56:16.088  2029  2187 D GStreamer+GST_BUS: 0:05:00.476226084 0xf37ecf50 gstbus.c:309:gst_bus_post:<bus12> [msg 0xf3ad44b0] posting on bus structure-change message: 0xf3ad44b0, time 99:99:99.999999999, seq-num 1587, element 'sink', GstMessageStructureChange, type=(GstStructureChangeType)GST_STRUCTURE_CHANGE_TYPE_PAD_LINK, owner=(GstElement)"\(GstQTDemux\)\ q", busy=(boolean)false;
05-09 19:56:16.088  2029  2187 D GStreamer+bin: 0:05:00.476263115 0xf37ecf50 gstbin.c:3528:gst_bin_handle_message_func:<pipeline2> [msg 0xf3ad44b0] handling child sink message of type structure-change
05-09 19:56:16.088  2029  2187 D GStreamer+bin: 0:05:00.476300198 0xf37ecf50 gstbin.c:957:bin_remove_messages:<queue6:sink> deleting message 0xf3ac0dc0 of types 0x00001000
05-09 19:56:16.088  2029  2187 D GStreamer+bin: 0:05:00.476339052 0xf37ecf50 gstbin.c:963:bin_remove_messages:<forhwgl> not deleting message 0xf3d329c0 of type 0x00100000
05-09 19:56:16.088  2029  2187 D GStreamer+bin: 0:05:00.476372750 0xf37ecf50 gstbin.c:963:bin_remove_messages:<decodebin3> not deleting message 0xf3abf160 of type 0x00100000
05-09 19:56:16.088  2029  2187 D GStreamer+bin: 0:05:00.476406605 0xf37ecf50 gstbin.c:963:bin_remove_messages:<glimagesinkbin2> not deleting message 0xf37f5a20 of type 0x00100000
05-09 19:56:16.088  2029  2187 D GStreamer+bin: 0:05:00.476440771 0xf37ecf50 gstbin.c:963:bin_remove_messages:<autoaudiosink0> not deleting message 0xf3ad4770 of type 0x00100000
05-09 19:56:16.088  2029  2187 D GStreamer+GST_BUS: 0:05:00.476475667 0xf37ecf50 gstbus.c:344:gst_bus_post:<bus12> [msg 0xf3ad44b0] dropped
05-09 19:56:16.088  2029  2187 D GStreamer+GST_ELEMENT_PADS: 0:05:00.476514105 0xf37ecf50 gstutils.c:1701:gst_element_link_pads_full linked pad q:audio_0 to pad queue6:sink
05-09 19:56:16.088  2029  2187 D GStreamer+GST_PIPELINE: 0:05:00.476557230 0xf37ecf50 ./grammar.y:527:gst_parse_found_pad delayed linking pad  audio_0 of GstQTDemux named q to some pad of GstQueue named queue6 worked
05-09 19:56:16.088  2029  2187 D GStreamer+qtdemux: 0:05:00.476596761 0xf37ecf50 qtdemux.c:10481:gst_qtdemux_guess_bitrate:<q> Looking for streams with unknown bitrate
05-09 19:56:16.088  2029  2187 D GStreamer+query: 0:05:00.476633219 0xf37ecf50 gstquery.c:674:gst_query_new_custom creating new query 0xf3ac6d50 duration
05-09 19:56:16.088  2029  2187 D GStreamer+GST_PADS: 0:05:00.476668792 0xf37ecf50 gstpad.c:4009:gst_pad_peer_query:<q:sink> peer query 0xf3ac6d50 (duration)
05-09 19:56:16.088  2029  2187 D GStreamer+GST_PADS: 0:05:00.476707855 0xf37ecf50 gstpad.c:3882:gst_pad_query:<filesrc2:src> doing query 0xf3ac6d50 (duration)
05-09 19:56:16.088  2029  2187 D GStreamer+basesrc: 0:05:00.476747855 0xf37ecf50 gstbasesrc.c:1056:gst_base_src_default_query:<filesrc2> duration query in format bytes
05-09 19:56:16.088  2029  2187 D GStreamer+basesrc: 0:05:00.476794157 0xf37ecf50 gstbasesrc.c:2355:gst_base_src_update_length:<filesrc2> reading offset 0, length 0, size 15003960, segment.stop -1, maxsize 15003960
05-09 19:56:16.088  2029  2187 D GStreamer+basesrc: 0:05:00.476840823 0xf37ecf50 gstbasesrc.c:1296:gst_base_src_default_query:<filesrc2> query duration returns 1
05-09 19:56:16.089  2029  2187 D GStreamer+GST_PADS: 0:05:00.476899990 0xf37ecf50 gstpad.c:3905:gst_pad_query:<filesrc2:src> sent query 0xf3ac6d50 (duration), result 1
05-09 19:56:16.089  2029  2187 D GStreamer+qtdemux: 0:05:00.476945250 0xf37ecf50 qtdemux.c:10492:gst_qtdemux_guess_bitrate:<q> Total size 15003960, header size 10540
05-09 19:56:16.089  2029  2187 D GStreamer+qtdemux: 0:05:00.477046084 0xf37ecf50 qtdemux.c:10510:gst_qtdemux_guess_bitrate:<q> checking bitrate for video/x-h264, stream-format=(string)avc, alignment=(string)au, level=(string)4, profile=(string)baseline, codec_data=(buffer)01428028ffe1000a27428028e54028016b2001000528de01ae20, width=(int)1280, height=(int)1440, framerate=(fraction)151/3, pixel-aspect-ratio=(fraction)1/1
05-09 19:56:16.089  2029  2187 D GStreamer+qtdemux: 0:05:00.477089677 0xf37ecf50 qtdemux.c:10516:gst_qtdemux_guess_bitrate:<q> max-bitrate: 0
05-09 19:56:16.089  2029  2187 D GStreamer+qtdemux: 0:05:00.477123844 0xf37ecf50 qtdemux.c:10519:gst_qtdemux_guess_bitrate:<q> nominal-bitrate: 0
05-09 19:56:16.089  2029  2187 D GStreamer+qtdemux: 0:05:00.477161240 0xf37ecf50 qtdemux.c:10522:gst_qtdemux_guess_bitrate:<q> bitrate: 16613441
05-09 19:56:16.089  2029  2187 D GStreamer+qtdemux: 0:05:00.477208636 0xf37ecf50 qtdemux.c:10510:gst_qtdemux_guess_bitrate:<q> checking bitrate for audio/mpeg, mpegversion=(int)1, parsed=(boolean)true, rate=(int)24000, channels=(int)1
05-09 19:56:16.089  2029  2187 D GStreamer+qtdemux: 0:05:00.477245302 0xf37ecf50 qtdemux.c:10516:gst_qtdemux_guess_bitrate:<q> max-bitrate: 48000
05-09 19:56:16.089  2029  2187 D GStreamer+qtdemux: 0:05:00.477278375 0xf37ecf50 qtdemux.c:10519:gst_qtdemux_guess_bitrate:<q> nominal-bitrate: 48000
05-09 19:56:16.089  2029  2187 D GStreamer+qtdemux: 0:05:00.477311969 0xf37ecf50 qtdemux.c:10522:gst_qtdemux_guess_bitrate:<q> bitrate: 48000
05-09 19:56:16.089  2029  2187 D GStreamer+qtdemux: 0:05:00.477340719 0xf37ecf50 qtdemux.c:10542:gst_qtdemux_guess_bitrate:<q> All stream bitrates are known
05-09 19:56:16.089  2029  2187 D GStreamer+qtdemux: 0:05:00.477377855 0xf37ecf50 qtdemux.c:3991:gst_qtdemux_loop_state_header:<q> switching state to STATE_MOVIE (2)
05-09 19:56:16.089  2029  2187 D GStreamer+qtdemux: 0:05:00.477443844 0xf37ecf50 qtdemux.c:4264:gst_qtdemux_activate_segment:<q:video_0> new segment 0 from 0:00:00.000000000 to 0:00:00.311000000, time 0:00:00.000000000
05-09 19:56:16.089  2029  2187 D GStreamer+qtdemux: 0:05:00.477531084 0xf37ecf50 qtdemux.c:4285:gst_qtdemux_activate_segment:<q:video_0> New segment: time segment start=0:00:00.000000000, offset=0:00:00.000000000, stop=0:00:00.311000000, rate=1.000000, applied_rate=1.000000, flags=0x00, time=0:00:00.000000000, base=0:00:00.000000000, position 0:00:00.000000000, duration 99:99:99.999999999
05-09 19:56:16.089  2029  2187 I GStreamer+GST_EVENT: 0:05:00.477600459 0xf37ecf50 gstevent.c:760:gst_event_new_segment creating segment event time segment start=0:00:00.000000000, offset=0:00:00.000000000, stop=0:00:00.311000000, rate=1.000000, applied_rate=1.000000, flags=0x00, time=0:00:00.000000000, base=0:00:00.000000000, position 0:00:00.000000000, duration 99:99:99.999999999
05-09 19:56:16.089  2029  2187 D GStreamer+GST_EVENT: 0:05:00.477638688 0xf37ecf50 gstevent.c:302:gst_event_new_custom creating new event 0xf3abbaa8 segment 17934
05-09 19:56:16.089  2029  2187 D GStreamer+GST_PADS: 0:05:00.477673427 0xf37ecf50 gstpad.c:3813:check_sticky:<q:video_0> pushing all sticky events
05-09 19:56:16.089  2029  2187 D GStreamer+GST_EVENT: 0:05:00.477758948 0xf37ecf50 gstpad.c:5496:gst_pad_send_event_unchecked:<queue4:sink> have event type stream-start event: 0xf3abb8f8, time 99:99:99.999999999, seq-num 1578, GstEventStreamStart, stream-id=(string)71ab440d261a1bb43c19b397eec2373651540427aed1e7b0deb4be62a10a7f25/001, flags=(GstStreamFlags)GST_STREAM_FLAG_NONE, group-id=(uint)2;
05-09 19:56:16.089  2029  2187 D GStreamer+GST_PADS: 0:05:00.477807750 0xf37ecf50 gstpad.c:5569:gst_pad_send_event_unchecked:<queue4:sink> sent event, ret ok
05-09 19:56:16.089  2029  2186 D GStreamer+queue_dataflow: 0:05:00.477845563 0xf37ecf20 gstqueue.c:1476:gst_queue_loop:<queue4> queue is not empty
05-09 19:56:16.090  2029  2187 D GStreamer+GST_PADS: 0:05:00.477860927 0xf37ecf50 gstpad.c:3765:push_sticky:<q:video_0> event stream-start marked received
05-09 19:56:16.090  2029  2186 D GStreamer+GST_PADS: 0:05:00.477933219 0xf37ecf20 gstpad.c:3813:check_sticky:<queue4:src> pushing all sticky events
05-09 19:56:16.090  2029  2187 D GStreamer+GST_EVENT: 0:05:00.478019730 0xf37ecf50 gstpad.c:5496:gst_pad_send_event_unchecked:<queue4:sink> have event type caps event: 0xf3abb940, time 99:99:99.999999999, seq-num 1579, GstEventCaps, caps=(GstCaps)"video/x-h264\,\ stream-format\=\(string\)avc\,\ alignment\=\(string\)au\,\ level\=\(string\)4\,\ profile\=\(string\)baseline\,\ codec_data\=\(buffer\)01428028ffe1000a27428028e54028016b2001000528de01ae20\,\ width\=\(int\)1280\,\ height\=\(int\)1440\,\ framerate\=\(fraction\)151/3\,\ pixel-aspect-ratio\=\(fraction\)1/1";
05-09 19:56:16.090  2029  2186 D GStreamer+GST_EVENT: 0:05:00.478064000 0xf37ecf20 gstpad.c:5496:gst_pad_send_event_unchecked:<forhwgl:sink> have event type stream-start event: 0xf3abb8f8, time 99:99:99.999999999, seq-num 1578, GstEventStreamStart, stream-id=(string)71ab440d261a1bb43c19b397eec2373651540427aed1e7b0deb4be62a10a7f25/001, flags=(GstStreamFlags)GST_STREAM_FLAG_NONE, group-id=(uint)2;
05-09 19:56:16.090  2029  2187 D GStreamer+GST_CAPS: 0:05:00.478122959 0xf37ecf50 gstutils.c:2921:gst_pad_query_accept_caps:<queue4:sink> accept caps of video/x-h264, stream-format=(string)avc, alignment=(string)au, level=(string)4, profile=(string)baseline, codec_data=(buffer)01428028ffe1000a27428028e54028016b2001000528de01ae20, width=(int)1280, height=(int)1440, framerate=(fraction)151/3, pixel-aspect-ratio=(fraction)1/1
05-09 19:56:16.090  2029  2186 D GStreamer+GST_PADS: 0:05:00.478140146 0xf37ecf20 gstpad.c:3813:check_sticky:<sink:proxypad6> pushing all sticky events
05-09 19:56:16.090  2029  2187 D GStreamer+query: 0:05:00.478168584 0xf37ecf50 gstquery.c:674:gst_query_new_custom creating new query 0xf3ac6d50 accept-caps
05-09 19:56:16.090  2029  2187 D GStreamer+GST_PADS: 0:05:00.478215355 0xf37ecf50 gstpad.c:3882:gst_pad_query:<queue4:sink> doing query 0xf3ac6d50 (accept-caps)
05-09 19:56:16.090  2029  2186 D GStreamer+GST_EVENT: 0:05:00.478242386 0xf37ecf20 gstpad.c:5496:gst_pad_send_event_unchecked:<typefind:sink> have event type stream-start event: 0xf3abb8f8, time 99:99:99.999999999, seq-num 1578, GstEventStreamStart, stream-id=(string)71ab440d261a1bb43c19b397eec2373651540427aed1e7b0deb4be62a10a7f25/001, flags=(GstStreamFlags)GST_STREAM_FLAG_NONE, group-id=(uint)2;
05-09 19:56:16.090  2029  2186 D GStreamer+typefind: 0:05:00.478293115 0xf37ecf20 gsttypefindelement.c:613:gst_type_find_element_sink_event:<typefind> got stream-start event in mode 1
05-09 19:56:16.090  2029  2186 D GStreamer+GST_PADS: 0:05:00.478335875 0xf37ecf20 gstpad.c:3813:check_sticky:<typefind:src> pushing all sticky events
05-09 19:56:16.090  2029  2187 D GStreamer+GST_PADS: 0:05:00.478349313 0xf37ecf50 gstpad.c:3035:gst_pad_query_accept_caps_default:<queue4:sink> query accept-caps accept-caps query: 0xf3ac6d50, GstQueryAcceptCaps, caps=(GstCaps)"video/x-h264\,\ stream-format\=\(string\)avc\,\ alignment\=\(string\)au\,\ level\=\(string\)4\,\ profile\=\(string\)baseline\,\ codec_data\=\(buffer\)01428028ffe1000a27428028e54028016b2001000528de01ae20\,\ width\=\(int\)1280\,\ height\=\(int\)1440\,\ framerate\=\(fraction\)151/3\,\ pixel-aspect-ratio\=\(fraction\)1/1", result=(boolean)false;
05-09 19:56:16.090  2029  2186 D GStreamer+GST_PADS: 0:05:00.478378115 0xf37ecf20 gstpad.c:5266:gst_pad_push_event_unchecked:<typefind:src> Dropping event stream-start because pad is not linked
05-09 19:56:16.090  2029  2187 D GStreamer+GST_PADS: 0:05:00.478391500 0xf37ecf50 gstutils.c:2530:gst_pad_proxy_query_accept_caps:<queue4:sink> proxying accept caps query for queue4:sink
05-09 19:56:16.090  2029  2186 D GStreamer+GST_PADS: 0:05:00.478415563 0xf37ecf20 gstpad.c:3784:push_sticky:<typefind:src> pad was not linked, mark pending
05-09 19:56:16.090  2029  2187 D GStreamer+GST_PADS: 0:05:00.478428167 0xf37ecf50 gstpad.c:2803:gst_pad_iterate_internal_links_default:<queue4:sink> Making iterator
05-09 19:56:16.090  2029  2186 D GStreamer+GST_PADS: 0:05:00.478453375 0xf37ecf20 gstpad.c:5569:gst_pad_send_event_unchecked:<typefind:sink> sent event, ret ok
05-09 19:56:16.090  2029  2187 D GStreamer+GST_PADS: 0:05:00.478476240 0xf37ecf50 gstpad.c:4009:gst_pad_peer_query:<queue4:src> peer query 0xf3ac6d50 (accept-caps)
05-09 19:56:16.090  2029  2186 D GStreamer+GST_PADS: 0:05:00.478502750 0xf37ecf20 gstpad.c:3765:push_sticky:<sink:proxypad6> event stream-start marked received
05-09 19:56:16.090  2029  2187 D GStreamer+GST_PADS: 0:05:00.478531344 0xf37ecf50 gstpad.c:3882:gst_pad_query:<forhwgl:sink> doing query 0xf3ac6d50 (accept-caps)
05-09 19:56:16.090  2029  2186 D GStreamer+GST_PADS: 0:05:00.478554573 0xf37ecf20 gstpad.c:5569:gst_pad_send_event_unchecked:<forhwgl:sink> sent event, ret ok
05-09 19:56:16.090  2029  2186 D GStreamer+GST_PADS: 0:05:00.478598532 0xf37ecf20 gstpad.c:3765:push_sticky:<queue4:src> event stream-start marked received
05-09 19:56:16.090  2029  2186 D GStreamer+queue_dataflow: 0:05:00.478646605 0xf37ecf20 gstqueue.c:1464:gst_queue_loop:<queue4> queue is empty
05-09 19:56:16.090  2029  2187 D GStreamer+GST_PADS: 0:05:00.478664782 0xf37ecf50 gstpad.c:3035:gst_pad_query_accept_caps_default:<forhwgl:sink> query accept-caps accept-caps query: 0xf3ac6d50, GstQueryAcceptCaps, caps=(GstCaps)"video/x-h264\,\ stream-format\=\(string\)avc\,\ alignment\=\(string\)au\,\ level\=\(string\)4\,\ profile\=\(string\)baseline\,\ codec_data\=\(buffer\)01428028ffe1000a27428028e54028016b2001000528de01ae20\,\ width\=\(int\)1280\,\ height\=\(int\)1440\,\ framerate\=\(fraction\)151/3\,\ pixel-aspect-ratio\=\(fraction\)1/1", result=(boolean)false;
05-09 19:56:16.090  2029  2187 D GStreamer+GST_PADS: 0:05:00.478704730 0xf37ecf50 gstutils.c:2530:gst_pad_proxy_query_accept_caps:<forhwgl:sink> proxying accept caps query for forhwgl:sink
05-09 19:56:16.090  2029  2187 D GStreamer+GST_PADS: 0:05:00.478744625 0xf37ecf50 gstpad.c:4009:gst_pad_peer_query:<sink:proxypad6> peer query 0xf3ac6d50 (accept-caps)
05-09 19:56:16.090  2029  2187 D GStreamer+GST_PADS: 0:05:00.478780511 0xf37ecf50 gstpad.c:3882:gst_pad_query:<typefind:sink> doing query 0xf3ac6d50 (accept-caps)
05-09 19:56:16.091  2029  2187 D GStreamer+GST_PADS: 0:05:00.478887230 0xf37ecf50 gstpad.c:3035:gst_pad_query_accept_caps_default:<typefind:sink> query accept-caps accept-caps query: 0xf3ac6d50, GstQueryAcceptCaps, caps=(GstCaps)"video/x-h264\,\ stream-format\=\(string\)avc\,\ alignment\=\(string\)au\,\ level\=\(string\)4\,\ profile\=\(string\)baseline\,\ codec_data\=\(buffer\)01428028ffe1000a27428028e54028016b2001000528de01ae20\,\ width\=\(int\)1280\,\ height\=\(int\)1440\,\ framerate\=\(fraction\)151/3\,\ pixel-aspect-ratio\=\(fraction\)1/1", result=(boolean)false;
05-09 19:56:16.091  2029  2187 D GStreamer+GST_PERFORMANCE: 0:05:00.478933115 0xf37ecf50 gstpad.c:3050:gst_pad_query_accept_caps_default:<typefind:sink> fallback ACCEPT_CAPS query, consider implementing a specialized version
05-09 19:56:16.091  2029  2187 D GStreamer+GST_CAPS: 0:05:00.479019365 0xf37ecf50 gstutils.c:2838:gst_pad_query_caps:<typefind:sink> get pad caps with filter video/x-h264, stream-format=(string)avc, alignment=(string)au, level=(string)4, profile=(string)baseline, codec_data=(buffer)01428028ffe1000a27428028e54028016b2001000528de01ae20, width=(int)1280, height=(int)1440, framerate=(fraction)151/3, pixel-aspect-ratio=(fraction)1/1
05-09 19:56:16.091  2029  2187 D GStreamer+query: 0:05:00.479062282 0xf37ecf50 gstquery.c:674:gst_query_new_custom creating new query 0xf3d040f0 caps
05-09 19:56:16.091  2029  2187 D GStreamer+GST_PADS: 0:05:00.479097438 0xf37ecf50 gstpad.c:3882:gst_pad_query:<typefind:sink> doing query 0xf3d040f0 (caps)
05-09 19:56:16.091  2029  2187 D GStreamer+GST_CAPS: 0:05:00.479192750 0xf37ecf50 gstpad.c:3088:gst_pad_query_caps_default:<typefind:sink> query caps caps query: 0xf3d040f0, GstQueryCaps, filter=(GstCaps)"video/x-h264\,\ stream-format\=\(string\)avc\,\ alignment\=\(string\)au\,\ level\=\(string\)4\,\ profile\=\(string\)baseline\,\ codec_data\=\(buffer\)01428028ffe1000a27428028e54028016b2001000528de01ae20\,\ width\=\(int\)1280\,\ height\=\(int\)1440\,\ framerate\=\(fraction\)151/3\,\ pixel-aspect-ratio\=\(fraction\)1/1", caps=(GstCaps)"NULL";
05-09 19:56:16.091  2029  2187 D GStreamer+GST_CAPS: 0:05:00.479228532 0xf37ecf50 gstpad.c:3111:gst_pad_query_caps_default:<typefind:sink> trying pad template caps
05-09 19:56:16.091  2029  2187 D GStreamer+GST_CAPS: 0:05:00.479311552 0xf37ecf50 gstpad.c:3135:gst_pad_query_caps_default:<typefind:sink> using caps 0xf3610b18 ANY with filter 0xf3cf8b40 video/x-h264, stream-format=(string)avc, alignment=(string)au, level=(string)4, profile=(string)baseline, codec_data=(buffer)01428028ffe1000a27428028e54028016b2001000528de01ae20, width=(int)1280, height=(int)1440, framerate=(fraction)151/3, pixel-aspect-ratio=(fraction)1/1
05-09 19:56:16.091  2029  2187 D GStreamer+GST_CAPS: 0:05:00.479387907 0xf37ecf50 gstpad.c:3138:gst_pad_query_caps_default:<typefind:sink> result 0xf3cf8b40 video/x-h264, stream-format=(string)avc, alignment=(string)au, level=(string)4, profile=(string)baseline, codec_data=(buffer)01428028ffe1000a27428028e54028016b2001000528de01ae20, width=(int)1280, height=(int)1440, framerate=(fraction)151/3, pixel-aspect-ratio=(fraction)1/1
05-09 19:56:16.091  2029  2187 D GStreamer+GST_PADS: 0:05:00.479429886 0xf37ecf50 gstpad.c:3339:gst_pad_query_default:<typefind:sink> not forwarding 0xf3d040f0 (caps) query
05-09 19:56:16.091  2029  2187 D GStreamer+GST_PADS: 0:05:00.479475980 0xf37ecf50 gstpad.c:3905:gst_pad_query:<typefind:sink> sent query 0xf3d040f0 (caps), result 1
05-09 19:56:16.091  2029  2187 D GStreamer+GST_CAPS: 0:05:00.479585667 0xf37ecf50 gstutils.c:2845:gst_pad_query_caps:<typefind:sink> query returned video/x-h264, stream-format=(string)avc, alignment=(string)au, level=(string)4, profile=(string)baseline, codec_data=(buffer)01428028ffe1000a27428028e54028016b2001000528de01ae20, width=(int)1280, height=(int)1440, framerate=(fraction)151/3, pixel-aspect-ratio=(fraction)1/1
05-09 19:56:16.091  2029  2187 D GStreamer+GST_PADS: 0:05:00.479753271 0xf37ecf50 gstpad.c:3065:gst_pad_query_accept_caps_default:<typefind:sink> allowed caps subset video/x-h264, stream-format=(string)avc, alignment=(string)au, level=(string)4, profile=(string)baseline, codec_data=(buffer)01428028ffe1000a27428028e54028016b2001000528de01ae20, width=(int)1280, height=(int)1440, framerate=(fraction)151/3, pixel-aspect-ratio=(fraction)1/1, caps video/x-h264, stream-format=(string)avc, alignment=(string)au, level=(string)4, profile=(string)baseline, codec_data=(buffer)01428028ffe1000a27428028e54028016b2001000528de01ae20, width=(int)1280, height=(int)1440, framerate=(fraction)151/3, pixel-aspect-ratio=(fraction)1/1
05-09 19:56:16.091  2029  2187 D GStreamer+GST_PADS: 0:05:00.479801917 0xf37ecf50 gstpad.c:3339:gst_pad_query_default:<typefind:sink> not forwarding 0xf3ac6d50 (accept-caps) query
05-09 19:56:16.091  2029  2187 D GStreamer+GST_PADS: 0:05:00.479838323 0xf37ecf50 gstpad.c:3905:gst_pad_query:<typefind:sink> sent query 0xf3ac6d50 (accept-caps), result 1
