05-09 19:56:16.164  2029  2185 D GStreamer+GST_CAPS: 0:05:00.552480250 0xf37ecec0 gstpad.c:2648:gst_pad_get_current_caps:<mpegaudioparse0:src> get current pad caps audio/mpeg, mpegversion=(int)1, mpegaudioversion=(int)2, layer=(int)3, rate=(int)24000, channels=(int)1, parsed=(boolean)true
05-09 19:56:16.164  2029  2186 D GStreamer+GST_CAPS: 0:05:00.552533532 0xf37ecf20 gstpad.c:2648:gst_pad_get_current_caps:<h264parse2:sink> get current pad caps video/x-h264, stream-format=(string)avc, alignment=(string)au, level=(string)4, profile=(string)baseline, codec_data=(buffer)01428028ffe1000a27428028e54028016b2001000528de01ae20, width=(int)1280, height=(int)1440, framerate=(fraction)151/3, pixel-aspect-ratio=(fraction)1/1
05-09 19:56:16.164  2029  2185 D GStreamer+decodebin: 0:05:00.552569730 0xf37ecec0 gstdecodebin2.c:1395:gst_decode_bin_autoplug_factories:<decodebin3> finding factories
05-09 19:56:16.164  2029  2187 D GStreamer+basesrc: 0:05:00.552588167 0xf37ecf50 gstbasesrc.c:2310:gst_base_src_do_sync:<filesrc2> we have no clock
05-09 19:56:16.164  2029  2185 D GStreamer+GST_ELEMENT_FACTORY: 0:05:00.552612802 0xf37ecec0 gstelementfactory.c:837:gst_element_factory_list_filter finding factories
05-09 19:56:16.164  2029  2186 D GStreamer+h264parse: 0:05:00.552654261 0xf37ecf20 gsth264parse.c:328:gst_h264_parse_format_from_caps parsing caps: video/x-h264, stream-format=(string)avc, alignment=(string)au, level=(string)4, profile=(string)baseline, codec_data=(buffer)01428028ffe1000a27428028e54028016b2001000528de01ae20, width=(int)1280, height=(int)1440, framerate=(fraction)151/3, pixel-aspect-ratio=(fraction)1/1
05-09 19:56:16.164  2029  2187 D GStreamer+basesrc: 0:05:00.552665823 0xf37ecf50 gstbasesrc.c:2520:gst_base_src_get_range:<filesrc2> buffer ok
05-09 19:56:16.164  2029  2185 D GStreamer+GST_ELEMENT_FACTORY: 0:05:00.552690980 0xf37ecec0 gstelementfactory.c:848:gst_element_factory_list_filter Trying mpegaudioparse
05-09 19:56:16.164  2029  2186 D GStreamer+h264parse: 0:05:00.552710042 0xf37ecf20 gsth264parse.c:2478:gst_h264_parse_set_caps:<h264parse2> have packetized h264
05-09 19:56:16.164  2029  2185 D GStreamer+GST_ELEMENT_FACTORY: 0:05:00.552751917 0xf37ecec0 gstelementfactory.c:848:gst_element_factory_list_filter Trying aacparse
05-09 19:56:16.164  2029  2186 D GStreamer+h264parse: 0:05:00.552777907 0xf37ecf20 gsth264parse.c:2508:gst_h264_parse_set_caps:<h264parse2> profile 428028
05-09 19:56:16.164  2029  2187 D GStreamer+GST_SCHEDULING: 0:05:00.552784313 0xf37ecf50 gstpad.c:4153:gst_pad_chain_data_unchecked:<queue4:sink> calling chainfunction &gst_queue_chain with buffer buffer: 0xf3d19370, pts 0:00:00.596666666, dts 0:00:00.596666666, dur 0:00:00.019666667, size 40495, offset none, offset_end none, flags 0x0
05-09 19:56:16.164  2029  2185 D GStreamer+GST_ELEMENT_FACTORY: 0:05:00.552819365 0xf37ecec0 gstelementfactory.c:848:gst_element_factory_list_filter Trying ac3parse
05-09 19:56:16.164  2029  2186 D GStreamer+h264parse: 0:05:00.552838219 0xf37ecf20 gsth264parse.c:2516:gst_h264_parse_set_caps:<h264parse2> nal length size 4
05-09 19:56:16.165  2029  2187 D GStreamer+GST_SCHEDULING: 0:05:00.552857073 0xf37ecf50 gstpad.c:4159:gst_pad_chain_data_unchecked:<queue4:sink> called chainfunction &gst_queue_chain with buffer 0xf3d19370, returned ok
05-09 19:56:16.165  2029  2185 D GStreamer+GST_ELEMENT_FACTORY: 0:05:00.552899938 0xf37ecec0 gstelementfactory.c:848:gst_element_factory_list_filter Trying amrparse
05-09 19:56:16.165  2029  2186 D GStreamer+codecparsers_h264: 0:05:00.552918167 0xf37ecf20 gsth264parser.c:253:gst_h264_parse_nalu_header Nal type 7, ref_idc 1
05-09 19:56:16.165  2029  2187 D GStreamer+qtdemux: 0:05:00.552937021 0xf37ecf50 qtdemux.c:7675:qtdemux_parse_samples:<q> parsing up to sample 30
05-09 19:56:16.165  2029  2185 D GStreamer+GST_ELEMENT_FACTORY: 0:05:00.552952177 0xf37ecec0 gstelementfactory.c:848:gst_element_factory_list_filter Trying dcaparse
05-09 19:56:16.165  2029  2186 D GStreamer+h264parse: 0:05:00.552963636 0xf37ecf20 gsth264parse.c:716:gst_h264_parse_process_nal:<h264parse2> processing nal of type 7 SPS, size 10
05-09 19:56:16.165  2029  2185 D GStreamer+GST_ELEMENT_FACTORY: 0:05:00.553011917 0xf37ecec0 gstelementfactory.c:848:gst_element_factory_list_filter Trying flacparse
05-09 19:56:16.165  2029  2186 D GStreamer+codecparsers_h264: 0:05:00.553029990 0xf37ecf20 gsth264parser.c:1776:gst_h264_parse_sps parsing SPS
05-09 19:56:16.165  2029  2187 D GStreamer+qtdemux: 0:05:00.553048063 0xf37ecf50 qtdemux.c:7882:qtdemux_parse_samples:<q> sample 30: index 0, timestamp 0:00:00.616333333
05-09 19:56:16.165  2029  2185 D GStreamer+GST_ELEMENT_FACTORY: 0:05:00.553066136 0xf37ecec0 gstelementfactory.c:848:gst_element_factory_list_filter Trying h263parse
05-09 19:56:16.165  2029  2186 D GStreamer+codecparsers_h264: 0:05:00.553085302 0xf37ecf20 gsth264parser.c:1484:gst_h264_parser_parse_sps adding sequence parameter set with id: 0 to array
05-09 19:56:16.165  2029  2187 D GStreamer+qtdemux: 0:05:00.553103063 0xf37ecf50 qtdemux.c:7937:qtdemux_parse_samples:<q> samples at 30 is keyframe
05-09 19:56:16.165  2029  2185 D GStreamer+GST_ELEMENT_FACTORY: 0:05:00.553127334 0xf37ecec0 gstelementfactory.c:848:gst_element_factory_list_filter Trying h264parse
05-09 19:56:16.165  2029  2186 D GStreamer+h264parse: 0:05:00.553143480 0xf37ecf20 gsth264parse.c:737:gst_h264_parse_process_nal:<h264parse2> triggering src caps check
05-09 19:56:16.165  2029  2185 D GStreamer+GST_ELEMENT_FACTORY: 0:05:00.553164313 0xf37ecec0 gstelementfactory.c:848:gst_element_factory_list_filter Trying mpeg4videoparse
05-09 19:56:16.165  2029  2187 D GStreamer+qtdemux: 0:05:00.553178427 0xf37ecf50 qtdemux.c:5197:gst_qtdemux_loop_state_movie:<q> pushing from stream 1, empty 0 offset 1361903, size 144, dts=0:00:00.912000000, pts=0:00:00.912000000, duration 0:00:00.024000000
05-09 19:56:16.165  2029  2186 D GStreamer+h264parse: 0:05:00.553188323 0xf37ecf20 gsth264parse.c:454:gst_h264_parser_store_nal:<h264parse2> storing sps 0
05-09 19:56:16.165  2029  2185 D GStreamer+GST_ELEMENT_FACTORY: 0:05:00.553197542 0xf37ecec0 gstelementfactory.c:848:gst_element_factory_list_filter Trying mpegvideoparse
05-09 19:56:16.165  2029  2186 D GStreamer+GST_MEMORY: 0:05:00.553233063 0xf37ecf20 gstmemory.c:138:gst_memory_init new memory 0xf3b00198, maxsize:13 offset:0 size:10
05-09 19:56:16.165  2029  2185 D GStreamer+GST_ELEMENT_FACTORY: 0:05:00.553253740 0xf37ecec0 gstelementfactory.c:848:gst_element_factory_list_filter Trying sbcparse
05-09 19:56:16.165  2029  2186 D GStreamer+GST_MEMORY: 0:05:00.553265719 0xf37ecf20 gstmemory.c:87:_gst_memory_free free memory 0xf3b00318
05-09 19:56:16.165  2029  2187 D GStreamer+basesrc: 0:05:00.553271605 0xf37ecf50 gstbasesrc.c:2355:gst_base_src_update_length:<filesrc2> reading offset 1361903, length 144, size 15003960, segment.stop -1, maxsize 15003960
05-09 19:56:16.165  2029  2185 D GStreamer+GST_ELEMENT_FACTORY: 0:05:00.553294573 0xf37ecec0 gstelementfactory.c:848:gst_element_factory_list_filter Trying wavpackparse
05-09 19:56:16.165  2029  2186 D GStreamer+h264parse: 0:05:00.553313844 0xf37ecf20 gsth264parse.c:423:gst_h264_parse_wrap_nal:<h264parse2> nal length 10
05-09 19:56:16.165  2029  2187 D GStreamer+basesrc: 0:05:00.553323063 0xf37ecf50 gstbasesrc.c:2456:gst_base_src_get_range:<filesrc2> calling create offset 1361903 length 144, time 0
05-09 19:56:16.165  2029  2185 D GStreamer+GST_ELEMENT_FACTORY: 0:05:00.553360563 0xf37ecec0 gstelementfactory.c:848:gst_element_factory_list_filter Trying avisubtitle
05-09 19:56:16.165  2029  2186 D GStreamer+GST_MEMORY: 0:05:00.553378167 0xf37ecf20 gstmemory.c:138:gst_memory_init new memory 0xf3d7a880, maxsize:17 offset:0 size:14
05-09 19:56:16.165  2029  2187 D GStreamer+GST_MEMORY: 0:05:00.553399261 0xf37ecf50 gstmemory.c:138:gst_memory_init new memory 0xf39d6da8, maxsize:147 offset:0 size:144
05-09 19:56:16.165  2029  2186 D GStreamer+codecparsers_h264: 0:05:00.553438844 0xf37ecf20 gsth264parser.c:253:gst_h264_parse_nalu_header Nal type 8, ref_idc 1
05-09 19:56:16.165  2029  2185 D GStreamer+GST_ELEMENT_FACTORY: 0:05:00.553414730 0xf37ecec0 gstelementfactory.c:848:gst_element_factory_list_filter Trying oggaviparse
05-09 19:56:16.165  2029  2187 D GStreamer+basesrc: 0:05:00.553456813 0xf37ecf50 gstbasesrc.c:2310:gst_base_src_do_sync:<filesrc2> we have no clock
05-09 19:56:16.165  2029  2185 D GStreamer+GST_ELEMENT_FACTORY: 0:05:00.553475875 0xf37ecec0 gstelementfactory.c:848:gst_element_factory_list_filter Trying pngparse
05-09 19:56:16.165  2029  2186 D GStreamer+h264parse: 0:05:00.553501865 0xf37ecf20 gsth264parse.c:716:gst_h264_parse_process_nal:<h264parse2> processing nal of type 8 PPS, size 5
05-09 19:56:16.165  2029  2185 D GStreamer+GST_ELEMENT_FACTORY: 0:05:00.553515198 0xf37ecec0 gstelementfactory.c:848:gst_element_factory_list_filter Trying ssaparse
05-09 19:56:16.165  2029  2187 D GStreamer+basesrc: 0:05:00.553533375 0xf37ecf50 gstbasesrc.c:2520:gst_base_src_get_range:<filesrc2> buffer ok
05-09 19:56:16.165  2029  2186 D GStreamer+codecparsers_h264: 0:05:00.553548740 0xf37ecf20 gsth264parser.c:1912:gst_h264_parse_pps parsing PPS
05-09 19:56:16.165  2029  2185 D GStreamer+GST_ELEMENT_FACTORY: 0:05:00.553569521 0xf37ecec0 gstelementfactory.c:848:gst_element_factory_list_filter Trying subparse
05-09 19:56:16.165  2029  2186 D GStreamer+codecparsers_h264: 0:05:00.553589000 0xf37ecf20 gsth264parser.c:2045:gst_h264_parser_parse_pps adding picture parameter set with id: 0 to array
05-09 19:56:16.165  2029  2185 D GStreamer+GST_ELEMENT_FACTORY: 0:05:00.553628219 0xf37ecec0 gstelementfactory.c:848:gst_element_factory_list_filter Trying h265parse
05-09 19:56:16.165  2029  2186 D GStreamer+h264parse: 0:05:00.553647282 0xf37ecf20 gsth264parse.c:770:gst_h264_parse_process_nal:<h264parse2> triggering src caps check
05-09 19:56:16.165  2029  2185 D GStreamer+GST_ELEMENT_FACTORY: 0:05:00.553682802 0xf37ecec0 gstelementfactory.c:848:gst_element_factory_list_filter Trying adpcmdec
05-09 19:56:16.165  2029  2187 D GStreamer+GST_SCHEDULING: 0:05:00.553683480 0xf37ecf50 gstpad.c:4153:gst_pad_chain_data_unchecked:<queue6:sink> calling chainfunction &gst_queue_chain with buffer buffer: 0xf3ac3e60, pts 0:00:00.912000000, dts 0:00:00.912000000, dur 0:00:00.024000000, size 144, offset none, offset_end none, flags 0x0
05-09 19:56:16.165  2029  2186 D GStreamer+h264parse: 0:05:00.553716292 0xf37ecf20 gsth264parse.c:458:gst_h264_parser_store_nal:<h264parse2> storing pps 0
05-09 19:56:16.165  2029  2185 D GStreamer+GST_ELEMENT_FACTORY: 0:05:00.553731605 0xf37ecec0 gstelementfactory.c:848:gst_element_factory_list_filter Trying alawdec
05-09 19:56:16.165  2029  2187 D GStreamer+GST_SCHEDULING: 0:05:00.553745615 0xf37ecf50 gstpad.c:4159:gst_pad_chain_data_unchecked:<queue6:sink> called chainfunction &gst_queue_chain with buffer 0xf3ac3e60, returned ok
05-09 19:56:16.165  2029  2186 D GStreamer+GST_MEMORY: 0:05:00.553778167 0xf37ecf20 gstmemory.c:138:gst_memory_init new memory 0xf3d32718, maxsize:8 offset:0 size:5
05-09 19:56:16.165  2029  2187 D GStreamer+qtdemux: 0:05:00.553797698 0xf37ecf50 qtdemux.c:7675:qtdemux_parse_samples:<q> parsing up to sample 39
05-09 19:56:16.165  2029  2185 D GStreamer+GST_ELEMENT_FACTORY: 0:05:00.553814782 0xf37ecec0 gstelementfactory.c:848:gst_element_factory_list_filter Trying amcauddec-omxgoogleaacdecoder
05-09 19:56:16.165  2029  2186 D GStreamer+GST_MEMORY: 0:05:00.553830875 0xf37ecf20 gstmemory.c:87:_gst_memory_free free memory 0xf3acf008
05-09 19:56:16.166  2029  2187 D GStreamer+qtdemux: 0:05:00.553850511 0xf37ecf50 qtdemux.c:7882:qtdemux_parse_samples:<q> sample 39: index 39, timestamp 0:00:00.936000000
05-09 19:56:16.166  2029  2185 D GStreamer+GST_ELEMENT_FACTORY: 0:05:00.553891865 0xf37ecec0 gstelementfactory.c:848:gst_element_factory_list_filter Trying amcauddec-omxgoogleamrnbdecoder
05-09 19:56:16.166  2029  2186 D GStreamer+h264parse: 0:05:00.553889000 0xf37ecf20 gsth264parse.c:423:gst_h264_parse_wrap_nal:<h264parse2> nal length 5
05-09 19:56:16.166  2029  2187 D GStreamer+qtdemux: 0:05:00.553902073 0xf37ecf50 qtdemux.c:7982:qtdemux_parse_samples:<q> setting all keyframes
05-09 19:56:16.166  2029  2185 D GStreamer+GST_ELEMENT_FACTORY: 0:05:00.553939000 0xf37ecec0 gstelementfactory.c:848:gst_element_factory_list_filter Trying amcauddec-omxgoogleamrwbdecoder
05-09 19:56:16.166  2029  2186 D GStreamer+GST_MEMORY: 0:05:00.553957386 0xf37ecf20 gstmemory.c:138:gst_memory_init new memory 0xf3a07f00, maxsize:12 offset:0 size:9
05-09 19:56:16.166  2029  2187 D GStreamer+qtdemux: 0:05:00.553978375 0xf37ecf50 qtdemux.c:5197:gst_qtdemux_loop_state_movie:<q> pushing from stream 0, empty 0 offset 1321024, size 40879, dts=0:00:00.616333333, pts=0:00:00.616333333, duration 0:00:00.020000000
05-09 19:56:16.166  2029  2185 D GStreamer+GST_ELEMENT_FACTORY: 0:05:00.554012490 0xf37ecec0 gstelementfactory.c:848:gst_element_factory_list_filter Trying amcauddec-omxgooglemp3decoder
05-09 19:56:16.166  2029  2186 D GStreamer+GST_PROPERTIES: 0:05:00.554030980 0xf37ecf20 gstpad.c:2732:gst_pad_get_allowed_caps:<h264parse2:src> getting allowed caps
05-09 19:56:16.166  2029  2187 D GStreamer+basesrc: 0:05:00.554048948 0xf37ecf50 gstbasesrc.c:2355:gst_base_src_update_length:<filesrc2> reading offset 1321024, length 40879, size 15003960, segment.stop -1, maxsize 15003960
05-09 19:56:16.166  2029  2185 D GStreamer+GST_ELEMENT_FACTORY: 0:05:00.554063740 0xf37ecec0 gstelementfactory.c:848:gst_element_factory_list_filter Trying amcauddec-omxgoogleopusdecoder
05-09 19:56:16.166  2029  2186 D GStreamer+GST_CAPS: 0:05:00.554077282 0xf37ecf20 gstutils.c:2838:gst_pad_query_caps:<h264parse2:src> get pad caps with filter (NULL)
05-09 19:56:16.166  2029  2187 D GStreamer+basesrc: 0:05:00.554108480 0xf37ecf50 gstbasesrc.c:2456:gst_base_src_get_range:<filesrc2> calling create offset 1321024 length 40879, time 0
05-09 19:56:16.166  2029  2185 D GStreamer+GST_ELEMENT_FACTORY: 0:05:00.554127386 0xf37ecec0 gstelementfactory.c:848:gst_element_factory_list_filter Trying amcviddec-omxnvidiah263decode
05-09 19:56:16.166  2029  2187 D GStreamer+GST_MEMORY: 0:05:00.554156552 0xf37ecf50 gstmemory.c:138:gst_memory_init new memory 0xf3ccc638, maxsize:40882 offset:0 size:40879
05-09 19:56:16.166  2029  2186 D GStreamer+query: 0:05:00.554173636 0xf37ecf20 gstquery.c:674:gst_query_new_custom creating new query 0xf3d33d80 caps
05-09 19:56:16.166  2029  2185 D GStreamer+GST_ELEMENT_FACTORY: 0:05:00.554189313 0xf37ecec0 gstelementfactory.c:848:gst_element_factory_list_filter Trying amcviddec-omxnvidiah264decode
05-09 19:56:16.166  2029  2187 D GStreamer+basesrc: 0:05:00.554217646 0xf37ecf50 gstbasesrc.c:2310:gst_base_src_do_sync:<filesrc2> we have no clock
05-09 19:56:16.166  2029  2186 D GStreamer+GST_PADS: 0:05:00.554234313 0xf37ecf20 gstpad.c:3882:gst_pad_query:<h264parse2:src> doing query 0xf3d33d80 (caps)
05-09 19:56:16.166  2029  2185 D GStreamer+GST_ELEMENT_FACTORY: 0:05:00.554256188 0xf37ecec0 gstelementfactory.c:848:gst_element_factory_list_filter Trying amcviddec-omxnvidiah265decode
05-09 19:56:16.166  2029  2187 D GStreamer+basesrc: 0:05:00.554275667 0xf37ecf50 gstbasesrc.c:2520:gst_base_src_get_range:<filesrc2> buffer ok
05-09 19:56:16.166  2029  2185 D GStreamer+GST_ELEMENT_FACTORY: 0:05:00.554296396 0xf37ecec0 gstelementfactory.c:848:gst_element_factory_list_filter Trying amcviddec-omxnvidiamp4decode
05-09 19:56:16.166  2029  2186 D GStreamer+baseparse: 0:05:00.554313688 0xf37ecf20 gstbaseparse.c:1579:gst_base_parse_src_query:<h264parse2> caps query: caps query: 0xf3d33d80, GstQueryCaps, filter=(GstCaps)"NULL", caps=(GstCaps)"NULL";
05-09 19:56:16.166  2029  2185 D GStreamer+GST_ELEMENT_FACTORY: 0:05:00.554363844 0xf37ecec0 gstelementfactory.c:848:gst_element_factory_list_filter Trying amcviddec-omxnvidiavp8decode
05-09 19:56:16.166  2029  2186 D GStreamer+GST_CAPS: 0:05:00.554392073 0xf37ecf20 gstpad.c:3088:gst_pad_query_caps_default:<h264parse2:src> query caps caps query: 0xf3d33d80, GstQueryCaps, filter=(GstCaps)"NULL", caps=(GstCaps)"NULL";
05-09 19:56:16.166  2029  2185 D GStreamer+GST_ELEMENT_FACTORY: 0:05:00.554419313 0xf37ecec0 gstelementfactory.c:848:gst_element_factory_list_filter Trying amcviddec-omxnvidiavp9decode
05-09 19:56:16.166  2029  2187 D GStreamer+GST_SCHEDULING: 0:05:00.554436969 0xf37ecf50 gstpad.c:4153:gst_pad_chain_data_unchecked:<queue4:sink> calling chainfunction &gst_queue_chain with buffer buffer: 0xf3b72498, pts 0:00:00.616333333, dts 0:00:00.616333333, dur 0:00:00.020000000, size 40879, offset none, offset_end none, flags 0x0
05-09 19:56:16.166  2029  2186 D GStreamer+GST_CAPS: 0:05:00.554453063 0xf37ecf20 gstpad.c:3105:gst_pad_query_caps_default:<h264parse2:src> fixed pad caps: trying pad caps
05-09 19:56:16.166  2029  2185 D GStreamer+GST_ELEMENT_FACTORY: 0:05:00.554475615 0xf37ecec0 gstelementfactory.c:848:gst_element_factory_list_filter Trying apedemux
05-09 19:56:16.166  2029  2187 D GStreamer+GST_SCHEDULING: 0:05:00.554490875 0xf37ecf50 gstpad.c:4159:gst_pad_chain_data_unchecked:<queue4:sink> called chainfunction &gst_queue_chain with buffer 0xf3b72498, returned ok
05-09 19:56:16.166  2029  2186 D GStreamer+GST_CAPS: 0:05:00.554500094 0xf37ecf20 gstpad.c:3111:gst_pad_query_caps_default:<h264parse2:src> trying pad template caps
05-09 19:56:16.166  2029  2185 D GStreamer+GST_ELEMENT_FACTORY: 0:05:00.554519677 0xf37ecec0 gstelementfactory.c:848:gst_element_factory_list_filter Trying avidemux
05-09 19:56:16.166  2029  2187 D GStreamer+qtdemux: 0:05:00.554535667 0xf37ecf50 qtdemux.c:7675:qtdemux_parse_samples:<q> parsing up to sample 31
05-09 19:56:16.166  2029  2186 D GStreamer+GST_CAPS: 0:05:00.554562698 0xf37ecf20 gstpad.c:3141:gst_pad_query_caps_default:<h264parse2:src> using caps 0xf36e2fb8 video/x-h264, parsed=(boolean)true, stream-format=(string){ avc, avc3, byte-stream }, alignment=(string){ au, nal }
05-09 19:56:16.166  2029  2185 D GStreamer+GST_ELEMENT_FACTORY: 0:05:00.554578896 0xf37ecec0 gstelementfactory.c:848:gst_element_factory_list_filter Trying dashdemux
05-09 19:56:16.166  2029  2187 D GStreamer+qtdemux: 0:05:00.554607230 0xf37ecf50 qtdemux.c:7882:qtdemux_parse_samples:<q> sample 31: index 1, timestamp 0:00:00.636333333
05-09 19:56:16.166  2029  2185 D GStreamer+GST_ELEMENT_FACTORY: 0:05:00.554625980 0xf37ecec0 gstelementfactory.c:848:gst_element_factory_list_filter Trying dvdemux
05-09 19:56:16.166  2029  2187 D GStreamer+qtdemux: 0:05:00.554655042 0xf37ecf50 qtdemux.c:7937:qtdemux_parse_samples:<q> samples at 31 is keyframe
05-09 19:56:16.166  2029  2186 D GStreamer+GST_PADS: 0:05:00.554661032 0xf37ecf20 gstpad.c:3339:gst_pad_query_default:<h264parse2:src> not forwarding 0xf3d33d80 (caps) query
05-09 19:56:16.166  2029  2185 D GStreamer+GST_ELEMENT_FACTORY: 0:05:00.554679625 0xf37ecec0 gstelementfactory.c:848:gst_element_factory_list_filter Trying flacdec
05-09 19:56:16.166  2029  2185 D GStreamer+GST_ELEMENT_FACTORY: 0:05:00.554727698 0xf37ecec0 gstelementfactory.c:848:gst_element_factory_list_filter Trying flvdemux
05-09 19:56:16.166  2029  2187 D GStreamer+qtdemux: 0:05:00.554755042 0xf37ecf50 qtdemux.c:5197:gst_qtdemux_loop_state_movie:<q> pushing from stream 1, empty 0 offset 1402868, size 144, dts=0:00:00.936000000, pts=0:00:00.936000000, duration 0:00:00.024000000
05-09 19:56:16.166  2029  2186 D GStreamer+GST_PADS: 0:05:00.554760823 0xf37ecf20 gstpad.c:3905:gst_pad_query:<h264parse2:src> sent query 0xf3d33d80 (caps), result 1
05-09 19:56:16.166  2029  2185 D GStreamer+GST_ELEMENT_FACTORY: 0:05:00.554782594 0xf37ecec0 gstelementfactory.c:848:gst_element_factory_list_filter Trying flxdec
05-09 19:56:16.166  2029  2187 D GStreamer+basesrc: 0:05:00.554820459 0xf37ecf50 gstbasesrc.c:2355:gst_base_src_update_length:<filesrc2> reading offset 1402868, length 144, size 15003960, segment.stop -1, maxsize 15003960
05-09 19:56:16.166  2029  2186 D GStreamer+GST_CAPS: 0:05:00.554840771 0xf37ecf20 gstutils.c:2845:gst_pad_query_caps:<h264parse2:src> query returned video/x-h264, parsed=(boolean)true, stream-format=(string){ avc, avc3, byte-stream }, alignment=(string){ au, nal }
05-09 19:56:16.167  2029  2187 D GStreamer+basesrc: 0:05:00.554879052 0xf37ecf50 gstbasesrc.c:2456:gst_base_src_get_range:<filesrc2> calling create offset 1402868 length 144, time 0
05-09 19:56:16.167  2029  2185 D GStreamer+GST_ELEMENT_FACTORY: 0:05:00.554855771 0xf37ecec0 gstelementfactory.c:848:gst_element_factory_list_filter Trying hlsdemux
05-09 19:56:16.167  2029  2186 D GStreamer+query: 0:05:00.554901188 0xf37ecf20 gstquery.c:674:gst_query_new_custom creating new query 0xf3ac6cf0 caps
05-09 19:56:16.167  2029  2185 D GStreamer+GST_ELEMENT_FACTORY: 0:05:00.554922282 0xf37ecec0 gstelementfactory.c:848:gst_element_factory_list_filter Trying icydemux
05-09 19:56:16.167  2029  2187 D GStreamer+GST_MEMORY: 0:05:00.554941240 0xf37ecf50 gstmemory.c:138:gst_memory_init new memory 0xf39d6e90, maxsize:147 offset:0 size:144
05-09 19:56:16.167  2029  2186 D GStreamer+GST_PADS: 0:05:00.554960771 0xf37ecf20 gstpad.c:4009:gst_pad_peer_query:<h264parse2:src> peer query 0xf3ac6cf0 (caps)
05-09 19:56:16.167  2029  2187 D GStreamer+basesrc: 0:05:00.554985615 0xf37ecf50 gstbasesrc.c:2310:gst_base_src_do_sync:<filesrc2> we have no clock
05-09 19:56:16.167  2029  2185 D GStreamer+GST_ELEMENT_FACTORY: 0:05:00.554975823 0xf37ecec0 gstelementfactory.c:848:gst_element_factory_list_filter Trying id3demux
05-09 19:56:16.167  2029  2186 D GStreamer+GST_PADS: 0:05:00.555018375 0xf37ecf20 gstpad.c:3882:gst_pad_query:<capsfilter2:sink> doing query 0xf3ac6cf0 (caps)
05-09 19:56:16.167  2029  2185 D GStreamer+GST_ELEMENT_FACTORY: 0:05:00.555030094 0xf37ecec0 gstelementfactory.c:848:gst_element_factory_list_filter Trying jpegdec
05-09 19:56:16.167  2029  2187 D GStreamer+basesrc: 0:05:00.555045980 0xf37ecf50 gstbasesrc.c:2520:gst_base_src_get_range:<filesrc2> buffer ok
05-09 19:56:16.167  2029  2185 D GStreamer+GST_ELEMENT_FACTORY: 0:05:00.555074521 0xf37ecec0 gstelementfactory.c:848:gst_element_factory_list_filter Trying katedec
05-09 19:56:16.167  2029  2186 D GStreamer+basetransform: 0:05:00.555101709 0xf37ecf20 gstbasetransform.c:704:gst_base_transform_query_caps:<capsfilter2:sink> filter caps  video/x-h264, parsed=(boolean)true, stream-format=(string){ avc, avc3, byte-stream }, alignment=(string){ au, nal }
05-09 19:56:16.167  2029  2185 D GStreamer+GST_ELEMENT_FACTORY: 0:05:00.555135980 0xf37ecec0 gstelementfactory.c:848:gst_element_factory_list_filter Trying matroskademux
05-09 19:56:16.167  2029  2186 D GStreamer+basetransform: 0:05:00.555162021 0xf37ecf20 gstbasetransform.c:707:gst_base_transform_query_caps:<capsfilter2:sink> our template  ANY
05-09 19:56:16.167  2029  2185 D GStreamer+GST_ELEMENT_FACTORY: 0:05:00.555175459 0xf37ecec0 gstelementfactory.c:848:gst_element_factory_list_filter Trying midiparse
05-09 19:56:16.167  2029  2187 D GStreamer+GST_SCHEDULING: 0:05:00.555191552 0xf37ecf50 gstpad.c:4153:gst_pad_chain_data_unchecked:<queue6:sink> calling chainfunction &gst_queue_chain with buffer buffer: 0xf3d19050, pts 0:00:00.936000000, dts 0:00:00.936000000, dur 0:00:00.024000000, size 144, offset none, offset_end none, flags 0x0
05-09 19:56:16.167  2029  2186 D GStreamer+basetransform: 0:05:00.555226865 0xf37ecf20 gstbasetransform.c:709:gst_base_transform_query_caps:<capsfilter2:sink> intersected video/x-h264, parsed=(boolean)true, stream-format=(string){ avc, avc3, byte-stream }, alignment=(string){ au, nal }
05-09 19:56:16.167  2029  2185 D GStreamer+GST_ELEMENT_FACTORY: 0:05:00.555242021 0xf37ecec0 gstelementfactory.c:848:gst_element_factory_list_filter Trying mssdemux
05-09 19:56:16.167  2029  2187 D GStreamer+GST_SCHEDULING: 0:05:00.555260355 0xf37ecf50 gstpad.c:4159:gst_pad_chain_data_unchecked:<queue6:sink> called chainfunction &gst_queue_chain with buffer 0xf3d19050, returned ok
05-09 19:56:16.167  2029  2185 D GStreamer+GST_ELEMENT_FACTORY: 0:05:00.555283948 0xf37ecec0 gstelementfactory.c:848:gst_element_factory_list_filter Trying mulawdec
05-09 19:56:16.167  2029  2186 D GStreamer+basetransform: 0:05:00.555302907 0xf37ecf20 gstbasetransform.c:533:gst_base_transform_transform_caps:<capsfilter2> transform caps (direction = 2)
05-09 19:56:16.167  2029  2187 D GStreamer+qtdemux: 0:05:00.555318792 0xf37ecf50 qtdemux.c:7675:qtdemux_parse_samples:<q> parsing up to sample 40
05-09 19:56:16.167  2029  2185 D GStreamer+GST_ELEMENT_FACTORY: 0:05:00.555346188 0xf37ecec0 gstelementfactory.c:848:gst_element_factory_list_filter Trying multipartdemux
05-09 19:56:16.167  2029  2187 D GStreamer+qtdemux: 0:05:00.555380823 0xf37ecf50 qtdemux.c:7882:qtdemux_parse_samples:<q> sample 40: index 40, timestamp 0:00:00.960000000
05-09 19:56:16.167  2029  2185 D GStreamer+GST_ELEMENT_FACTORY: 0:05:00.555404313 0xf37ecec0 gstelementfactory.c:848:gst_element_factory_list_filter Trying mxfdemux
05-09 19:56:16.167  2029  2187 D GStreamer+qtdemux: 0:05:00.555430823 0xf37ecf50 qtdemux.c:7982:qtdemux_parse_samples:<q> setting all keyframes
05-09 19:56:16.167  2029  2186 D GStreamer+capsfilter: 0:05:00.555478375 0xf37ecf20 gstcapsfilter.c:295:gst_capsfilter_transform_caps:<capsfilter2> input:     video/x-h264, parsed=(boolean)true, stream-format=(string){ avc, avc3, byte-stream }, alignment=(string){ au, nal }
05-09 19:56:16.167  2029  2185 D GStreamer+GST_ELEMENT_FACTORY: 0:05:00.555492855 0xf37ecec0 gstelementfactory.c:848:gst_element_factory_list_filter Trying oggdemux
05-09 19:56:16.167  2029  2187 D GStreamer+qtdemux: 0:05:00.555526917 0xf37ecf50 qtdemux.c:5197:gst_qtdemux_loop_state_movie:<q> pushing from stream 0, empty 0 offset 1362047, size 40821, dts=0:00:00.636333333, pts=0:00:00.636333333, duration 0:00:00.020000000
05-09 19:56:16.167  2029  2186 D GStreamer+capsfilter: 0:05:00.555538896 0xf37ecf20 gstcapsfilter.c:296:gst_capsfilter_transform_caps:<capsfilter2> filter:    (NULL)
05-09 19:56:16.167  2029  2185 D GStreamer+GST_ELEMENT_FACTORY: 0:05:00.555567230 0xf37ecec0 gstelementfactory.c:848:gst_element_factory_list_filter Trying ogmaudioparse
05-09 19:56:16.167  2029  2187 D GStreamer+basesrc: 0:05:00.555579938 0xf37ecf50 gstbasesrc.c:2355:gst_base_src_update_length:<filesrc2> reading offset 1362047, length 40821, size 15003960, segment.stop -1, maxsize 15003960
05-09 19:56:16.167  2029  2185 D GStreamer+GST_ELEMENT_FACTORY: 0:05:00.555609365 0xf37ecec0 gstelementfactory.c:848:gst_element_factory_list_filter Trying ogmtextparse
05-09 19:56:16.167  2029  2187 D GStreamer+basesrc: 0:05:00.555632802 0xf37ecf50 gstbasesrc.c:2456:gst_base_src_get_range:<filesrc2> calling create offset 1362047 length 40821, time 0
05-09 19:56:16.167  2029  2185 D GStreamer+GST_ELEMENT_FACTORY: 0:05:00.555714313 0xf37ecec0 gstelementfactory.c:848:gst_element_factory_list_filter Trying ogmvideoparse
05-09 19:56:16.167  2029  2187 D GStreamer+GST_MEMORY: 0:05:00.555724625 0xf37ecf50 gstmemory.c:138:gst_memory_init new memory 0xf3b0d910, maxsize:40824 offset:0 size:40821
05-09 19:56:16.167  2029  2185 D GStreamer+GST_ELEMENT_FACTORY: 0:05:00.555753584 0xf37ecec0 gstelementfactory.c:848:gst_element_factory_list_filter Trying openjpegdec
05-09 19:56:16.167  2029  2187 D GStreamer+basesrc: 0:05:00.555790719 0xf37ecf50 gstbasesrc.c:2310:gst_base_src_do_sync:<filesrc2> we have no clock
05-09 19:56:16.167  2029  2186 D GStreamer+capsfilter: 0:05:00.555823844 0xf37ecf20 gstcapsfilter.c:298:gst_capsfilter_transform_caps:<capsfilter2> caps filter:    video/x-h264, width=(int)[ 16, 4096 ], height=(int)[ 16, 4096 ], framerate=(fraction)[ 0/1, 2147483647/1 ], parsed=(boolean)true, stream-format=(string)byte-stream, alignment=(string)au, profile=(string)high; video/x-h264, width=(int)[ 16, 4096 ], height=(int)[ 16, 4096 ], framerate=(fraction)[ 0/1, 2147483647/1 ], parsed=(boolean)true, stream-format=(string)byte-stream, alignment=(string)au, profile=(string)main; video/x-h264, width=(int)[ 16, 4096 ], height=(int)[ 16, 4096 ], framerate=(fraction)[ 0/1, 2147483647/1 ], parsed=(boolean)true, stream-format=(string)byte-stream, alignment=(string)au, profile=(string)baseline; video/x-h264, width=(int)[ 16, 4096 ], height=(int)[ 16, 4096 ], framerate=(fraction)[ 0/1, 2147483647/1 ], parsed=(boolean)true, stream-format=(string)byte-stream, alignment=(string)au, profile=(string)constrained-baseline; video/x-h264, stream-format=(string)byte-stream, alignment
05-09 19:56:16.167  2029  2187 D GStreamer+basesrc: 0:05:00.555841813 0xf37ecf50 gstbasesrc.c:2520:gst_base_src_get_range:<filesrc2> buffer ok
05-09 19:56:16.168  2029  2185 D GStreamer+GST_ELEMENT_FACTORY: 0:05:00.555857177 0xf37ecec0 gstelementfactory.c:848:gst_element_factory_list_filter Trying opusdec
05-09 19:56:16.168  2029  2185 D GStreamer+GST_ELEMENT_FACTORY: 0:05:00.555931917 0xf37ecec0 gstelementfactory.c:848:gst_element_factory_list_filter Trying pngdec
05-09 19:56:16.168  2029  2187 D GStreamer+GST_SCHEDULING: 0:05:00.555949677 0xf37ecf50 gstpad.c:4153:gst_pad_chain_data_unchecked:<queue4:sink> calling chainfunction &gst_queue_chain with buffer buffer: 0xf3b72038, pts 0:00:00.636333333, dts 0:00:00.636333333, dur 0:00:00.020000000, size 40821, offset none, offset_end none, flags 0x0
05-09 19:56:16.168  2029  2185 D GStreamer+GST_ELEMENT_FACTORY: 0:05:00.555975927 0xf37ecec0 gstelementfactory.c:848:gst_element_factory_list_filter Trying pnmdec
05-09 19:56:16.168  2029  2185 D GStreamer+GST_ELEMENT_FACTORY: 0:05:00.556037490 0xf37ecec0 gstelementfactory.c:848:gst_element_factory_list_filter Trying qtdemux
05-09 19:56:16.168  2029  2187 D GStreamer+GST_SCHEDULING: 0:05:00.556011657 0xf37ecf50 gstpad.c:4159:gst_pad_chain_data_unchecked:<queue4:sink> called chainfunction &gst_queue_chain with buffer 0xf3b72038, returned ok
05-09 19:56:16.168  2029  2185 D GStreamer+GST_ELEMENT_FACTORY: 0:05:00.556085615 0xf37ecec0 gstelementfactory.c:848:gst_element_factory_list_filter Trying rsvgdec
05-09 19:56:16.168  2029  2187 D GStreamer+qtdemux: 0:05:00.556112021 0xf37ecf50 qtdemux.c:7675:qtdemux_parse_samples:<q> parsing up to sample 32
05-09 19:56:16.168  2029  2186 D GStreamer+capsfilter: 0:05:00.556161448 0xf37ecf20 gstcapsfilter.c:299:gst_capsfilter_transform_caps:<capsfilter2> intersect: video/x-h264, width=(int)[ 16, 4096 ], height=(int)[ 16, 4096 ], framerate=(fraction)[ 0/1, 2147483647/1 ], parsed=(boolean)true, stream-format=(string)byte-stream, alignment=(string)au, profile=(string)high; video/x-h264, width=(int)[ 16, 4096 ], height=(int)[ 16, 4096 ], framerate=(fraction)[ 0/1, 2147483647/1 ], parsed=(boolean)true, stream-format=(string)byte-stream, alignment=(string)au, profile=(string)main; video/x-h264, width=(int)[ 16, 4096 ], height=(int)[ 16, 4096 ], framerate=(fraction)[ 0/1, 2147483647/1 ], parsed=(boolean)true, stream-format=(string)byte-stream, alignment=(string)au, profile=(string)baseline; video/x-h264, width=(int)[ 16, 4096 ], height=(int)[ 16, 4096 ], framerate=(fraction)[ 0/1, 2147483647/1 ], parsed=(boolean)true, stream-format=(string)byte-stream, alignment=(string)au, profile=(string)constrained-baseline; video/x-h264, stream-format=(string)byte-stream, alignment=(str
05-09 19:56:16.168  2029  2187 D GStreamer+qtdemux: 0:05:00.556176865 0xf37ecf50 qtdemux.c:7882:qtdemux_parse_samples:<q> sample 32: index 2, timestamp 0:00:00.656333333
05-09 19:56:16.168  2029  2187 D GStreamer+qtdemux: 0:05:00.556219365 0xf37ecf50 qtdemux.c:7937:qtdemux_parse_samples:<q> samples at 32 is keyframe
05-09 19:56:16.168  2029  2185 D GStreamer+GST_ELEMENT_FACTORY: 0:05:00.556191240 0xf37ecec0 gstelementfactory.c:848:gst_element_factory_list_filter Trying rtpopusdepay
05-09 19:56:16.168  2029  2185 D GStreamer+GST_ELEMENT_FACTORY: 0:05:00.556275094 0xf37ecec0 gstelementfactory.c:848:gst_element_factory_list_filter Trying schrodec
05-09 19:56:16.168  2029  2187 D GStreamer+qtdemux: 0:05:00.556310875 0xf37ecf50 qtdemux.c:5197:gst_qtdemux_loop_state_movie:<q> pushing from stream 1, empty 0 offset 1443707, size 144, dts=0:00:00.960000000, pts=0:00:00.960000000, duration 0:00:00.024000000
05-09 19:56:16.168  2029  2185 D GStreamer+GST_ELEMENT_FACTORY: 0:05:00.556347073 0xf37ecec0 gstelementfactory.c:848:gst_element_factory_list_filter Trying speexdec
05-09 19:56:16.168  2029  2187 D GStreamer+basesrc: 0:05:00.556382125 0xf37ecf50 gstbasesrc.c:2355:gst_base_src_update_length:<filesrc2> reading offset 1443707, length 144, size 15003960, segment.stop -1, maxsize 15003960
05-09 19:56:16.168  2029  2185 D GStreamer+GST_ELEMENT_FACTORY: 0:05:00.556390771 0xf37ecec0 gstelementfactory.c:848:gst_element_factory_list_filter Trying theoradec
05-09 19:56:16.168  2029  2187 D GStreamer+basesrc: 0:05:00.556435407 0xf37ecf50 gstbasesrc.c:2456:gst_base_src_get_range:<filesrc2> calling create offset 1443707 length 144, time 0
05-09 19:56:16.168  2029  2186 D GStreamer+basetransform: 0:05:00.556441917 0xf37ecf20 gstbasetransform.c:560:gst_base_transform_transform_caps:<capsfilter2> to: video/x-h264, width=(int)[ 16, 4096 ], height=(int)[ 16, 4096 ], framerate=(fraction)[ 0/1, 2147483647/1 ], parsed=(boolean)true, stream-format=(string)byte-stream, alignment=(string)au, profile=(string)high; video/x-h264, width=(int)[ 16, 4096 ], height=(int)[ 16, 4096 ], framerate=(fraction)[ 0/1, 2147483647/1 ], parsed=(boolean)true, stream-format=(string)byte-stream, alignment=(string)au, profile=(string)main; video/x-h264, width=(int)[ 16, 4096 ], height=(int)[ 16, 4096 ], framerate=(fraction)[ 0/1, 2147483647/1 ], parsed=(boolean)true, stream-format=(string)byte-stream, alignment=(string)au, profile=(string)baseline; video/x-h264, width=(int)[ 16, 4096 ], height=(int)[ 16, 4096 ], framerate=(fraction)[ 0/1, 2147483647/1 ], parsed=(boolean)true, stream-format=(string)byte-stream, alignment=(string)au, profile=(string)constrained-baseline; video/x-h264, stream-format=(string)byte-stream, alignment=(str
05-09 19:56:16.168  2029  2185 D GStreamer+GST_ELEMENT_FACTORY: 0:05:00.556457698 0xf37ecec0 gstelementfactory.c:848:gst_element_factory_list_filter Trying vorbisdec
05-09 19:56:16.168  2029  2187 D GStreamer+GST_MEMORY: 0:05:00.556489990 0xf37ecf50 gstmemory.c:138:gst_memory_init new memory 0xf3ada840, maxsize:147 offset:0 size:144
05-09 19:56:16.168  2029  2185 D GStreamer+GST_ELEMENT_FACTORY: 0:05:00.556508636 0xf37ecec0 gstelementfactory.c:848:gst_element_factory_list_filter Trying vp8dec
05-09 19:56:16.168  2029  2185 D GStreamer+GST_ELEMENT_FACTORY: 0:05:00.556570875 0xf37ecec0 gstelementfactory.c:848:gst_element_factory_list_filter Trying vp9dec
05-09 19:56:16.168  2029  2185 D GStreamer+GST_ELEMENT_FACTORY: 0:05:00.556612177 0xf37ecec0 gstelementfactory.c:848:gst_element_factory_list_filter Trying wavpackdec
05-09 19:56:16.168  2029  2185 D GStreamer+GST_ELEMENT_FACTORY: 0:05:00.556676709 0xf37ecec0 gstelementfactory.c:848:gst_element_factory_list_filter Trying wavparse
05-09 19:56:16.168  2029  2186 D GStreamer+basetransform: 0:05:00.556684261 0xf37ecf20 gstbasetransform.c:714:gst_base_transform_query_caps:<capsfilter2:sink> transformed  video/x-h264, width=(int)[ 16, 4096 ], height=(int)[ 16, 4096 ], framerate=(fraction)[ 0/1, 2147483647/1 ], parsed=(boolean)true, stream-format=(string)byte-stream, alignment=(string)au, profile=(string)high; video/x-h264, width=(int)[ 16, 4096 ], height=(int)[ 16, 4096 ], framerate=(fraction)[ 0/1, 2147483647/1 ], parsed=(boolean)true, stream-format=(string)byte-stream, alignment=(string)au, profile=(string)main; video/x-h264, width=(int)[ 16, 4096 ], height=(int)[ 16, 4096 ], framerate=(fraction)[ 0/1, 2147483647/1 ], parsed=(boolean)true, stream-format=(string)byte-stream, alignment=(string)au, profile=(string)baseline; video/x-h264, width=(int)[ 16, 4096 ], height=(int)[ 16, 4096 ], framerate=(fraction)[ 0/1, 2147483647/1 ], parsed=(boolean)true, stream-format=(string)byte-stream, alignment=(string)au, profile=(string)constrained-baseline; video/x-h264, stream-format=(string)byte-stream, alig
05-09 19:56:16.168  2029  2185 D GStreamer+GST_ELEMENT_FACTORY: 0:05:00.556711136 0xf37ecec0 gstelementfactory.c:848:gst_element_factory_list_filter Trying amcviddec-omxgoogleh263decoder
05-09 19:56:16.168  2029  2186 D GStreamer+basetransform: 0:05:00.556736084 0xf37ecf20 gstbasetransform.c:719:gst_base_transform_query_caps:<capsfilter2:sink> our template  ANY
05-09 19:56:16.168  2029  2187 D GStreamer+basesrc: 0:05:00.556756292 0xf37ecf50 gstbasesrc.c:2310:gst_base_src_do_sync:<filesrc2> we have no clock
05-09 19:56:16.168  2029  2185 D GStreamer+GST_ELEMENT_FACTORY: 0:05:00.556791344 0xf37ecec0 gstelementfactory.c:848:gst_element_factory_list_filter Trying amcviddec-omxgoogleh264decoder
05-09 19:56:16.168  2029  2187 D GStreamer+basesrc: 0:05:00.556809052 0xf37ecf50 gstbasesrc.c:2520:gst_base_src_get_range:<filesrc2> buffer ok
05-09 19:56:16.168  2029  2185 D GStreamer+GST_ELEMENT_FACTORY: 0:05:00.556838115 0xf37ecec0 gstelementfactory.c:848:gst_element_factory_list_filter Trying amcviddec-omxgooglehevcdecoder
05-09 19:56:16.169  2029  2185 D GStreamer+GST_ELEMENT_FACTORY: 0:05:00.556922334 0xf37ecec0 gstelementfactory.c:848:gst_element_factory_list_filter Trying amcviddec-omxgooglempeg4decoder
05-09 19:56:16.169  2029  2187 D GStreamer+GST_SCHEDULING: 0:05:00.556961917 0xf37ecf50 gstpad.c:4153:gst_pad_chain_data_unchecked:<queue6:sink> calling chainfunction &gst_queue_chain with buffer buffer: 0xf3b6b708, pts 0:00:00.960000000, dts 0:00:00.960000000, dur 0:00:00.024000000, size 144, offset none, offset_end none, flags 0x0
05-09 19:56:16.169  2029  2185 D GStreamer+GST_ELEMENT_FACTORY: 0:05:00.556976084 0xf37ecec0 gstelementfactory.c:848:gst_element_factory_list_filter Trying amcviddec-omxgooglevp8decoder
05-09 19:56:16.169  2029  2186 D GStreamer+basetransform: 0:05:00.557030615 0xf37ecf20 gstbasetransform.c:724:gst_base_transform_query_caps:<capsfilter2:sink> intersected video/x-h264, width=(int)[ 16, 4096 ], height=(int)[ 16, 4096 ], framerate=(fraction)[ 0/1, 2147483647/1 ], parsed=(boolean)true, stream-format=(string)byte-stream, alignment=(string)au, profile=(string)high; video/x-h264, width=(int)[ 16, 4096 ], height=(int)[ 16, 4096 ], framerate=(fraction)[ 0/1, 2147483647/1 ], parsed=(boolean)true, stream-format=(string)byte-stream, alignment=(string)au, profile=(string)main; video/x-h264, width=(int)[ 16, 4096 ], height=(int)[ 16, 4096 ], framerate=(fraction)[ 0/1, 2147483647/1 ], parsed=(boolean)true, stream-format=(string)byte-stream, alignment=(string)au, profile=(string)baseline; video/x-h264, width=(int)[ 16, 4096 ], height=(int)[ 16, 4096 ], framerate=(fraction)[ 0/1, 2147483647/1 ], parsed=(boolean)true, stream-format=(string)byte-stream, alignment=(string)au, profile=(string)constrained-baseline; video/x-h264, stream-format=(string)byte-stream, align
05-09 19:56:16.169  2029  2187 D GStreamer+GST_SCHEDULING: 0:05:00.557048740 0xf37ecf50 gstpad.c:4159:gst_pad_chain_data_unchecked:<queue6:sink> called chainfunction &gst_queue_chain with buffer 0xf3b6b708, returned ok
05-09 19:56:16.169  2029  2185 D GStreamer+GST_ELEMENT_FACTORY: 0:05:00.557063740 0xf37ecec0 gstelementfactory.c:848:gst_element_factory_list_filter Trying amcviddec-omxgooglevp9decoder
05-09 19:56:16.169  2029  2187 D GStreamer+qtdemux: 0:05:00.557112594 0xf37ecf50 qtdemux.c:7675:qtdemux_parse_samples:<q> parsing up to sample 41
05-09 19:56:16.169  2029  2185 D GStreamer+GST_ELEMENT_FACTORY: 0:05:00.557144625 0xf37ecec0 gstelementfactory.c:848:gst_element_factory_list_filter Trying auparse
05-09 19:56:16.169  2029  2185 D GStreamer+GST_ELEMENT_FACTORY: 0:05:00.557190615 0xf37ecec0 gstelementfactory.c:848:gst_element_factory_list_filter Trying ivorbisdec
05-09 19:56:16.169  2029  2187 D GStreamer+qtdemux: 0:05:00.557210980 0xf37ecf50 qtdemux.c:7882:qtdemux_parse_samples:<q> sample 41: index 41, timestamp 0:00:00.984000000
05-09 19:56:16.169  2029  2187 D GStreamer+qtdemux: 0:05:00.557265459 0xf37ecf50 qtdemux.c:7982:qtdemux_parse_samples:<q> setting all keyframes
05-09 19:56:16.169  2029  2185 D GStreamer+GST_ELEMENT_FACTORY: 0:05:00.557280667 0xf37ecec0 gstelementfactory.c:848:gst_element_factory_list_filter Trying rtpL16depay
05-09 19:56:16.169  2029  2186 D GStreamer+basetransform: 0:05:00.557300198 0xf37ecf20 gstbasetransform.c:730:gst_base_transform_query_caps:<capsfilter2:sink> peer filter caps video/x-h264, width=(int)[ 16, 4096 ], height=(int)[ 16, 4096 ], framerate=(fraction)[ 0/1, 2147483647/1 ], parsed=(boolean)true, stream-format=(string)byte-stream, alignment=(string)au, profile=(string)high; video/x-h264, width=(int)[ 16, 4096 ], height=(int)[ 16, 4096 ], framerate=(fraction)[ 0/1, 2147483647/1 ], parsed=(boolean)true, stream-format=(string)byte-stream, alignment=(string)au, profile=(string)main; video/x-h264, width=(int)[ 16, 4096 ], height=(int)[ 16, 4096 ], framerate=(fraction)[ 0/1, 2147483647/1 ], parsed=(boolean)true, stream-format=(string)byte-stream, alignment=(string)au, profile=(string)baseline; video/x-h264, width=(int)[ 16, 4096 ], height=(int)[ 16, 4096 ], framerate=(fraction)[ 0/1, 2147483647/1 ], parsed=(boolean)true, stream-format=(string)byte-stream, alignment=(string)au, profile=(string)constrained-baseline; video/x-h264, stream-format=(string)byte-stream, 
05-09 19:56:16.169  2029  2185 D GStreamer+GST_ELEMENT_FACTORY: 0:05:00.557347125 0xf37ecec0 gstelementfactory.c:848:gst_element_factory_list_filter Trying rtpL24depay
05-09 19:56:16.169  2029  2187 D GStreamer+qtdemux: 0:05:00.557357907 0xf37ecf50 qtdemux.c:5197:gst_qtdemux_loop_state_movie:<q> pushing from stream 0, empty 0 offset 1403012, size 40695, dts=0:00:00.656333333, pts=0:00:00.656333333, duration 0:00:00.020000000
05-09 19:56:16.169  2029  2185 D GStreamer+GST_ELEMENT_FACTORY: 0:05:00.557389313 0xf37ecec0 gstelementfactory.c:848:gst_element_factory_list_filter Trying rtpac3depay
05-09 19:56:16.169  2029  2187 D GStreamer+basesrc: 0:05:00.557433323 0xf37ecf50 gstbasesrc.c:2355:gst_base_src_update_length:<filesrc2> reading offset 1403012, length 40695, size 15003960, segment.stop -1, maxsize 15003960
05-09 19:56:16.169  2029  2185 D GStreamer+GST_ELEMENT_FACTORY: 0:05:00.557457073 0xf37ecec0 gstelementfactory.c:848:gst_element_factory_list_filter Trying rtpamrdepay
05-09 19:56:16.169  2029  2187 D GStreamer+basesrc: 0:05:00.557500198 0xf37ecf50 gstbasesrc.c:2456:gst_base_src_get_range:<filesrc2> calling create offset 1403012 length 40695, time 0
05-09 19:56:16.169  2029  2187 D GStreamer+GST_MEMORY: 0:05:00.557560511 0xf37ecf50 gstmemory.c:138:gst_memory_init new memory 0xf3ae1100, maxsize:40698 offset:0 size:40695
05-09 19:56:16.169  2029  2185 D GStreamer+GST_ELEMENT_FACTORY: 0:05:00.557516136 0xf37ecec0 gstelementfactory.c:848:gst_element_factory_list_filter Trying rtpbvdepay
05-09 19:56:16.169  2029  2186 D GStreamer+GST_CAPS: 0:05:00.557588271 0xf37ecf20 gstutils.c:2884:gst_pad_peer_query_caps:<capsfilter2:src> get pad peer caps with filter video/x-h264, width=(int)[ 16, 4096 ], height=(int)[ 16, 4096 ], framerate=(fraction)[ 0/1, 2147483647/1 ], parsed=(boolean)true, stream-format=(string)byte-stream, alignment=(string)au, profile=(string)high; video/x-h264, width=(int)[ 16, 4096 ], height=(int)[ 16, 4096 ], framerate=(fraction)[ 0/1, 2147483647/1 ], parsed=(boolean)true, stream-format=(string)byte-stream, alignment=(string)au, profile=(string)main; video/x-h264, width=(int)[ 16, 4096 ], height=(int)[ 16, 4096 ], framerate=(fraction)[ 0/1, 2147483647/1 ], parsed=(boolean)true, stream-format=(string)byte-stream, alignment=(string)au, profile=(string)baseline; video/x-h264, width=(int)[ 16, 4096 ], height=(int)[ 16, 4096 ], framerate=(fraction)[ 0/1, 2147483647/1 ], parsed=(boolean)true, stream-format=(string)byte-stream, alignment=(string)au, profile=(string)constrained-baseline; video/x-h264, stream-format=(string)byte-stream, a
05-09 19:56:16.169  2029  2187 D GStreamer+basesrc: 0:05:00.557626448 0xf37ecf50 gstbasesrc.c:2310:gst_base_src_do_sync:<filesrc2> we have no clock
05-09 19:56:16.169  2029  2185 D GStreamer+GST_ELEMENT_FACTORY: 0:05:00.557633167 0xf37ecec0 gstelementfactory.c:848:gst_element_factory_list_filter Trying rtpceltdepay
05-09 19:56:16.169  2029  2187 D GStreamer+basesrc: 0:05:00.557661136 0xf37ecf50 gstbasesrc.c:2520:gst_base_src_get_range:<filesrc2> buffer ok
05-09 19:56:16.169  2029  2186 D GStreamer+query: 0:05:00.557668271 0xf37ecf20 gstquery.c:674:gst_query_new_custom creating new query 0xf3ac6c30 caps
05-09 19:56:16.169  2029  2185 D GStreamer+GST_ELEMENT_FACTORY: 0:05:00.557701500 0xf37ecec0 gstelementfactory.c:848:gst_element_factory_list_filter Trying rtpdvdepay
05-09 19:56:16.169  2029  2186 D GStreamer+GST_PADS: 0:05:00.557740407 0xf37ecf20 gstpad.c:4009:gst_pad_peer_query:<capsfilter2:src> peer query 0xf3ac6c30 (caps)
05-09 19:56:16.169  2029  2187 D GStreamer+GST_SCHEDULING: 0:05:00.557775563 0xf37ecf50 gstpad.c:4153:gst_pad_chain_data_unchecked:<queue4:sink> calling chainfunction &gst_queue_chain with buffer buffer: 0xf39e2958, pts 0:00:00.656333333, dts 0:00:00.656333333, dur 0:00:00.020000000, size 40695, offset none, offset_end none, flags 0x0
05-09 19:56:16.169  2029  2185 D GStreamer+GST_ELEMENT_FACTORY: 0:05:00.557757594 0xf37ecec0 gstelementfactory.c:848:gst_element_factory_list_filter Trying rtpg722depay
05-09 19:56:16.169  2029  2186 D GStreamer+GST_PADS: 0:05:00.557803896 0xf37ecf20 gstpad.c:3650:do_probe_callbacks:<capsfilter2:src> data is passed
05-09 19:56:16.169  2029  2185 D GStreamer+GST_ELEMENT_FACTORY: 0:05:00.557836500 0xf37ecec0 gstelementfactory.c:848:gst_element_factory_list_filter Trying rtpg723depay
05-09 19:56:16.170  2029  2187 D GStreamer+GST_SCHEDULING: 0:05:00.557854938 0xf37ecf50 gstpad.c:4159:gst_pad_chain_data_unchecked:<queue4:sink> called chainfunction &gst_queue_chain with buffer 0xf39e2958, returned ok
05-09 19:56:16.170  2029  2186 D GStreamer+GST_PADS: 0:05:00.557898480 0xf37ecf20 gstpad.c:3882:gst_pad_query:<decodepad2:proxypad10> doing query 0xf3ac6c30 (caps)
05-09 19:56:16.170  2029  2187 D GStreamer+qtdemux: 0:05:00.557913740 0xf37ecf50 qtdemux.c:7675:qtdemux_parse_samples:<q> parsing up to sample 33
05-09 19:56:16.170  2029  2185 D GStreamer+GST_ELEMENT_FACTORY: 0:05:00.557926084 0xf37ecec0 gstelementfactory.c:848:gst_element_factory_list_filter Trying rtpg726depay
05-09 19:56:16.170  2029  2187 D GStreamer+qtdemux: 0:05:00.557980094 0xf37ecf50 qtdemux.c:7882:qtdemux_parse_samples:<q> sample 33: index 0, timestamp 0:00:00.676333333
05-09 19:56:16.170  2029  2185 D GStreamer+GST_ELEMENT_FACTORY: 0:05:00.557994157 0xf37ecec0 gstelementfactory.c:848:gst_element_factory_list_filter Trying rtpg729depay
05-09 19:56:16.170  2029  2187 D GStreamer+qtdemux: 0:05:00.558032802 0xf37ecf50 qtdemux.c:7937:qtdemux_parse_samples:<q> samples at 33 is keyframe
05-09 19:56:16.170  2029  2185 D GStreamer+GST_ELEMENT_FACTORY: 0:05:00.558063584 0xf37ecec0 gstelementfactory.c:848:gst_element_factory_list_filter Trying rtpgsmdepay
05-09 19:56:16.170  2029  2185 D GStreamer+GST_ELEMENT_FACTORY: 0:05:00.558110511 0xf37ecec0 gstelementfactory.c:848:gst_element_factory_list_filter Trying rtph261depay
05-09 19:56:16.170  2029  2187 D GStreamer+qtdemux: 0:05:00.558173636 0xf37ecf50 qtdemux.c:5197:gst_qtdemux_loop_state_movie:<q> pushing from stream 1, empty 0 offset 1484847, size 144, dts=0:00:00.984000000, pts=0:00:00.984000000, duration 0:00:00.024000000
05-09 19:56:16.170  2029  2185 D GStreamer+GST_ELEMENT_FACTORY: 0:05:00.558189365 0xf37ecec0 gstelementfactory.c:848:gst_element_factory_list_filter Trying rtph263depay
05-09 19:56:16.170  2029  2185 D GStreamer+GST_ELEMENT_FACTORY: 0:05:00.558249990 0xf37ecec0 gstelementfactory.c:848:gst_element_factory_list_filter Trying rtph263pdepay
05-09 19:56:16.170  2029  2186 D GStreamer+decodebin: 0:05:00.558269209 0xf37ecf20 gstdecodebin2.c:5033:gst_decode_pad_query:<forhwgl> calling autoplug-query for decodepad2 (element h264parse2): caps query: 0xf3ac6c30, GstQueryCaps, filter=(GstCaps)"video/x-h264\,\ width\=\(int\)\[\ 16\,\ 4096\ \]\,\ height\=\(int\)\[\ 16\,\ 4096\ \]\,\ framerate\=\(fraction\)\[\ 0/1\,\ 2147483647/1\ \]\,\ parsed\=\(boolean\)true\,\ stream-format\=\(string\)byte-stream\,\ alignment\=\(string\)au\,\ profile\=\(string\)high\;\ video/x-h264\,\ width\=\(int\)\[\ 16\,\ 4096\ \]\,\ height\=\(int\)\[\ 16\,\ 4096\ \]\,\ framerate\=\(fraction\)\[\ 0/1\,\ 2147483647/1\ \]\,\ parsed\=\(boolean\)true\,\ stream-format\=\(string\)byte-stream\,\ alignment\=\(string\)au\,\ profile\=\(string\)main\;\ video/x-h264\,\ width\=\(int\)\[\ 16\,\ 4096\ \]\,\ height\=\(int\)\[\ 16\,\ 4096\ \]\,\ framerate\=\(fraction\)\[\ 0/1\,\ 2147483647/1\ \]\,\ parsed\=\(boolean\)true\,\ stream-format\=\(string\)byte-stream\,\ alignment\=\(string\)au\,\ profile\=\(string\)baseline\;\ video/x-h264\,\ width\=\(int\)\
05-09 19:56:16.170  2029  2187 D GStreamer+basesrc: 0:05:00.558286292 0xf37ecf50 gstbasesrc.c:2355:gst_base_src_update_length:<filesrc2> reading offset 1484847, length 144, size 15003960, segment.stop -1, maxsize 15003960
05-09 19:56:16.170  2029  2185 D GStreamer+GST_ELEMENT_FACTORY: 0:05:00.558301188 0xf37ecec0 gstelementfactory.c:848:gst_element_factory_list_filter Trying rtph264depay
05-09 19:56:16.170  2029  2186 D GStreamer+decodebin: 0:05:00.558335355 0xf37ecf20 gstdecodebin2.c:5042:gst_decode_pad_query:<forhwgl> autoplug-query returned 0
05-09 19:56:16.170  2029  2187 D GStreamer+basesrc: 0:05:00.558353532 0xf37ecf50 gstbasesrc.c:2456:gst_base_src_get_range:<filesrc2> calling create offset 1484847 length 144, time 0
05-09 19:56:16.170  2029  2185 D GStreamer+GST_ELEMENT_FACTORY: 0:05:00.558371136 0xf37ecec0 gstelementfactory.c:848:gst_element_factory_list_filter Trying rtph265depay
05-09 19:56:16.170  2029  2185 D GStreamer+GST_ELEMENT_FACTORY: 0:05:00.558413063 0xf37ecec0 gstelementfactory.c:848:gst_element_factory_list_filter Trying rtpilbcdepay
05-09 19:56:16.170  2029  2187 D GStreamer+GST_MEMORY: 0:05:00.558423011 0xf37ecf50 gstmemory.c:138:gst_memory_init new memory 0xf3ada928, maxsize:147 offset:0 size:144
