05-09 19:56:16.239  2029  2175 D GStreamer+GST_BUS: 0:05:00.627243271 0xf3d9e340 gstbus.c:309:gst_bus_post:<bus12> [msg 0xf37f5d78] posting on bus state-changed message: 0xf37f5d78, time 99:99:99.999999999, seq-num 1721, element 'glcolorbalance2', GstMessageStateChanged, old-state=(GstState)GST_STATE_PAUSED, new-state=(GstState)GST_STATE_READY, pending-state=(GstState)GST_STATE_VOID_PENDING;
05-09 19:56:16.239  2029  2175 D GStreamer+bin: 0:05:00.627280927 0xf3d9e340 gstbin.c:3528:gst_bin_handle_message_func:<pipeline2> [msg 0xf37f5d78] handling child glcolorbalance2 message of type state-changed
05-09 19:56:16.239  2029  2175 D GStreamer+bin: 0:05:00.627319261 0xf3d9e340 gstbin.c:3865:gst_bin_handle_message_func:<pipeline2> posting message upward
05-09 19:56:16.239  2029  2175 D GStreamer+GST_BUS: 0:05:00.627426084 0xf3d9e340 gstbus.c:309:gst_bus_post:<bus13> [msg 0xf37f5d78] posting on bus state-changed message: 0xf37f5d78, time 99:99:99.999999999, seq-num 1721, element 'glcolorbalance2', GstMessageStateChanged, old-state=(GstState)GST_STATE_PAUSED, new-state=(GstState)GST_STATE_READY, pending-state=(GstState)GST_STATE_VOID_PENDING;
05-09 19:56:16.239  2029  2175 D GStreamer+GST_BUS: 0:05:00.627461865 0xf3d9e340 gstbus.c:348:gst_bus_post:<bus13> [msg 0xf37f5d78] pushing on async queue
05-09 19:56:16.239  2029  2192 D GStreamer+amcaudiodec: 0:05:00.627519469 0xf3ac6890 gstamcaudiodec.c:449:gst_amc_audio_dec_loop:<amcaudiodec-omxgooglemp3decoder0> Output format has changed
05-09 19:56:16.239  2029  2185 D GStreamer+GST_SCHEDULING: 0:05:00.627536084 0xf37ecec0 gstpad.c:4159:gst_pad_chain_data_unchecked:<amcaudiodec-omxgooglemp3decoder0:sink> called chainfunction &gst_audio_decoder_chain with buffer 0xf39e2a98, returned ok
05-09 19:56:16.239  2029  2175 D GStreamer+GST_BUS: 0:05:00.627550979 0xf3d9e340 gstbus.c:351:gst_bus_post:<bus13> [msg 0xf37f5d78] pushed on async queue
05-09 19:56:16.239  2029  2175 D GStreamer+GST_BUS: 0:05:00.627599209 0xf3d9e340 gstbus.c:344:gst_bus_post:<bus12> [msg 0xf37f5d78] dropped
05-09 19:56:16.239  2029  2175 D GStreamer+GST_BUS: 0:05:00.627633636 0xf3d9e340 gstbus.c:344:gst_bus_post:<bus9> [msg 0xf37f5d78] dropped
05-09 19:56:16.239  2029  2185 D GStreamer+adapter: 0:05:00.627672334 0xf37ecec0 gstadapter.c:296:copy_into_unchecked bsize 144, skip 0, csize 144
05-09 19:56:16.239  2029  2175 D GStreamer+GST_STATES: 0:05:00.627689729 0xf3d9e340 gstelement.c:2607:gst_element_set_state_func:<glcolorbalance2> returned SUCCESS
05-09 19:56:16.239  2029  2185 D GStreamer+GST_MEMORY: 0:05:00.627715979 0xf37ecec0 gstmemory.c:138:gst_memory_init new memory 0xf3d6f9f0, maxsize:288 offset:0 size:288
05-09 19:56:16.239  2029  2175 I GStreamer+GST_STATES: 0:05:00.627732229 0xf3d9e340 gstbin.c:2764:gst_bin_change_state_func:<glimagesinkbin2> child 'glcolorbalance2' changed state to 2(READY) successfully
05-09 19:56:16.239  2029  2185 D GStreamer+mpegaudioparse: 0:05:00.627765094 0xf37ecec0 gstmpegaudioparse.c:456:gst_mpeg_audio_parse_head_check:<mpegaudioparse0> checking mp3 header 0xfff364c0
05-09 19:56:16.239  2029  2175 D GStreamer+bin: 0:05:00.627783584 0xf3d9e340 gstbin.c:2182:gst_bin_sort_iterator_next:<glimagesinkbin2> queue head gives glcolorconvertelement2
05-09 19:56:16.239  2029  2192 D GStreamer+amcaudiodec: 0:05:00.627811500 0xf3ac6890 gstamcaudiodec.c:460:gst_amc_audio_dec_loop:<amcaudiodec-omxgooglemp3decoder0> Got new output format: {channel-count=1, what=1869968451, mime=audio/raw, sample-rate=24000}
05-09 19:56:16.239  2029  2185 D GStreamer+mpegaudioparse: 0:05:00.627823740 0xf37ecec0 gstmpegaudioparse.c:337:mp3_type_frame_length_from_header:<mpegaudioparse0> Calculated mp3 frame length of 144 bytes
05-09 19:56:16.239  2029  2175 D GStreamer+bin: 0:05:00.627841917 0xf3d9e340 gstbin.c:882:find_message:<glimagesinkbin2> no message found matching types 00001000
05-09 19:56:16.240  2029  2185 D GStreamer+mpegaudioparse: 0:05:00.627888167 0xf37ecec0 gstmpegaudioparse.c:340:mp3_type_frame_length_from_header:<mpegaudioparse0> samplerate = 24000, bitrate = 48000, version = 2, layer = 3, channels = 1, mode = mono
05-09 19:56:16.240  2029  2175 D GStreamer+bin: 0:05:00.627903375 0xf3d9e340 gstbin.c:889:find_message:<glimagesinkbin2>   structure-change
05-09 19:56:16.240  2029  2192 D GStreamer+audiodecoder: 0:05:00.627936709 0xf3ac6890 gstaudiodecoder.c:785:gst_audio_decoder_set_output_format:<amcaudiodec-omxgooglemp3decoder0> Setting output format
05-09 19:56:16.240  2029  2175 D GStreamer+bin: 0:05:00.627951292 0xf3d9e340 gstbin.c:2098:update_degree:<glimagesinkbin2> change element gluploadelement2, degree 1->0, linked to glcolorconvertelement2
05-09 19:56:16.240  2029  2175 D GStreamer+bin: 0:05:00.627988427 0xf3d9e340 gstbin.c:1981:add_to_queue:<glimagesinkbin2> adding 'gluploadelement2' to queue
05-09 19:56:16.240  2029  2192 D GStreamer+amcaudiodec: 0:05:00.628037802 0xf3ac6890 gstamcaudiodec.c:424:gst_amc_audio_dec_loop:<amcaudiodec-omxgooglemp3decoder0> Waiting for available output buffer
05-09 19:56:16.240  2029  2175 I GStreamer+GST_STATES: 0:05:00.628054625 0xf3d9e340 gstbin.c:2316:gst_bin_element_set_state:<glcolorconvertelement2> current PAUSED pending VOID_PENDING, desired next READY
05-09 19:56:16.240  2029  2185 D GStreamer+GST_MEMORY: 0:05:00.627930563 0xf37ecec0 gstmemory.c:87:_gst_memory_free free memory 0xf3d6f9f0
05-09 19:56:16.240  2029  2175 D GStreamer+bin: 0:05:00.628093948 0xf3d9e340 gstbin.c:882:find_message:<glimagesinkbin2> no message found matching types 00100000
05-09 19:56:16.240  2029  2175 D GStreamer+bin: 0:05:00.628144729 0xf3d9e340 gstbin.c:889:find_message:<glimagesinkbin2>   async-start
05-09 19:56:16.240  2029  2175 D GStreamer+bin: 0:05:00.628222698 0xf3d9e340 gstbin.c:2411:gst_bin_element_set_state:<glimagesinkbin2> setting element glcolorconvertelement2 to READY, base_time 0:00:00.000000000
05-09 19:56:16.240  2029  2185 D GStreamer+GST_CAPS: 0:05:00.628223479 0xf37ecec0 gstpad.c:2621:gst_pad_has_current_caps:<mpegaudioparse0:src> check current pad caps audio/mpeg, mpegversion=(int)1, mpegaudioversion=(int)2, layer=(int)3, rate=(int)24000, channels=(int)1, parsed=(boolean)true
05-09 19:56:16.240  2029  2192 D GStreamer+amcaudiodec: 0:05:00.628207021 0xf3ac6890 gstamcaudiodec.c:491:gst_amc_audio_dec_loop:<amcaudiodec-omxgooglemp3decoder0> Got output buffer at index 0: offset 1058 size 94 time 0 flags 0x00000000
05-09 19:56:16.240  2029  2175 D GStreamer+GST_STATES: 0:05:00.628276813 0xf3d9e340 gstelement.c:2523:gst_element_set_state_func:<glcolorconvertelement2> set_state to READY
05-09 19:56:16.240  2029  2175 D GStreamer+GST_STATES: 0:05:00.628330407 0xf3d9e340 gstelement.c:2548:gst_element_set_state_func:<glcolorconvertelement2> setting target state to READY
05-09 19:56:16.240  2029  2192 D GStreamer+audiodecoder: 0:05:00.628317229 0xf3ac6890 gstaudiodecoder.c:3550:gst_audio_decoder_allocate_output_buffer alloc src buffer
05-09 19:56:16.240  2029  2175 D GStreamer+GST_STATES: 0:05:00.628368323 0xf3d9e340 gstelement.c:2561:gst_element_set_state_func:<glcolorconvertelement2> current PAUSED, old_pending VOID_PENDING, next VOID_PENDING, old return SUCCESS
05-09 19:56:16.240  2029  2192 D GStreamer+GST_PADS: 0:05:00.628384417 0xf3ac6890 gstpad.c:1591:gst_pad_check_reconfigure:<amcaudiodec-omxgooglemp3decoder0:src> remove RECONFIGURE flag
05-09 19:56:16.240  2029  2185 D GStreamer+baseparse: 0:05:00.628405354 0xf37ecec0 gstbaseparse.c:944:gst_base_parse_queue_tag_event_update:<mpegaudioparse0> merged   : taglist, audio-codec=(string)"MPEG-1\ Layer\ 3\ \(MP3\)", maximum-bitrate=(uint)48000, bitrate=(uint)48000, language-code=(string)en, has-crc=(boolean)false, channel-mode=(string)mono, nominal-bitrate=(uint)48000;
05-09 19:56:16.240  2029  2175 D GStreamer+GST_STATES: 0:05:00.628444886 0xf3d9e340 gstelement.c:2595:gst_element_set_state_func:<glcolorconvertelement2> final: setting state from PAUSED to READY
05-09 19:56:16.240  2029  2185 D GStreamer+GST_EVENT: 0:05:00.628463271 0xf37ecec0 gstevent.c:302:gst_event_new_custom creating new event 0xf3d33b80 tag 20510
05-09 19:56:16.240  2029  2192 D GStreamer+audiodecoder: 0:05:00.628495094 0xf3ac6890 gstaudiodecoder.c:643:gst_audio_decoder_negotiate_default:<amcaudiodec-omxgooglemp3decoder0> setting src caps audio/x-raw, format=(string)S16LE, layout=(string)interleaved, rate=(int)24000, channels=(int)1
05-09 19:56:16.240  2029  2175 D GStreamer+glbasefilter: 0:05:00.628508479 0xf3d9e340 gstglbasefilter.c:467:gst_gl_base_filter_change_state:<glcolorconvertelement2> changing state: PAUSED => READY
05-09 19:56:16.240  2029  2185 D GStreamer+GST_PADS: 0:05:00.628523167 0xf37ecec0 gstpad.c:3813:check_sticky:<mpegaudioparse0:src> pushing all sticky events
05-09 19:56:16.240  2029  2192 D GStreamer+audiodecoder: 0:05:00.628540667 0xf3ac6890 gstaudiodecoder.c:650:gst_audio_decoder_negotiate_default:<amcaudiodec-omxgooglemp3decoder0> Pushing pending events
05-09 19:56:16.240  2029  2175 D GStreamer+GST_ELEMENT_PADS: 0:05:00.628584104 0xf3d9e340 gstelement.c:2793:gst_element_pads_activate:<glcolorconvertelement2> deactivate pads
05-09 19:56:16.240  2029  2185 D GStreamer+GST_PADS: 0:05:00.628615250 0xf37ecec0 gstpad.c:3745:push_sticky:<mpegaudioparse0:src> event stream-start was already received
05-09 19:56:16.240  2029  2192 D GStreamer+GST_CAPS: 0:05:00.628625407 0xf3ac6890 gstpad.c:2648:gst_pad_get_current_caps:<amcaudiodec-omxgooglemp3decoder0:src> get current pad caps (NULL)
05-09 19:56:16.240  2029  2175 D GStreamer+GST_PADS: 0:05:00.628655042 0xf3d9e340 gstpad.c:1071:gst_pad_set_active:<glcolorconvertelement2:src> deactivating pad from push mode
05-09 19:56:16.240  2029  2185 D GStreamer+GST_PADS: 0:05:00.628674677 0xf37ecec0 gstpad.c:3745:push_sticky:<mpegaudioparse0:src> event caps was already received
05-09 19:56:16.240  2029  2175 D GStreamer+GST_PADS: 0:05:00.628712959 0xf3d9e340 gstpad.c:960:pre_activate:<glcolorconvertelement2:src> setting PAD_MODE NONE, set flushing
05-09 19:56:16.240  2029  2192 I GStreamer+GST_EVENT: 0:05:00.628740407 0xf3ac6890 gstevent.c:679:gst_event_new_caps creating caps event audio/x-raw, format=(string)S16LE, layout=(string)interleaved, rate=(int)24000, channels=(int)1
05-09 19:56:16.240  2029  2185 D GStreamer+GST_PADS: 0:05:00.628735094 0xf37ecec0 gstpad.c:3745:push_sticky:<mpegaudioparse0:src> event segment was already received
05-09 19:56:16.240  2029  2175 D GStreamer+GST_PADS: 0:05:00.628779104 0xf3d9e340 gstpad.c:1008:post_activate:<glcolorconvertelement2:src> stopped streaming
05-09 19:56:16.240  2029  2192 D GStreamer+GST_EVENT: 0:05:00.628811709 0xf3ac6890 gstevent.c:302:gst_event_new_custom creating new event 0xf3a085a0 caps 12814
05-09 19:56:16.241  2029  2175 D GStreamer+GST_PADS: 0:05:00.628851344 0xf3d9e340 gstpad.c:1198:gst_pad_activate_mode:<glcolorconvertelement2:src> deactivated in push mode
05-09 19:56:16.241  2029  2185 D GStreamer+GST_EVENT: 0:05:00.628882386 0xf37ecec0 gstpad.c:5496:gst_pad_send_event_unchecked:<amcaudiodec-omxgooglemp3decoder0:sink> have event type tag event: 0xf3d33b80, time 99:99:99.999999999, seq-num 1722, GstTagList-stream, taglist=(taglist)"taglist\,\ audio-codec\=\(string\)\"MPEG-1\\\ Layer\\\ 3\\\ \\\(MP3\\\)\"\,\ maximum-bitrate\=\(uint\)48000\,\ bitrate\=\(uint\)48000\,\ language-code\=\(string\)en\,\ has-crc\=\(boolean\)false\,\ channel-mode\=\(string\)mono\,\ nominal-bitrate\=\(uint\)48000\;";
05-09 19:56:16.241  2029  2192 D GStreamer+GST_PADS: 0:05:00.628908532 0xf3ac6890 gstpad.c:5053:store_sticky_event:<amcaudiodec-omxgooglemp3decoder0:src> notify caps
05-09 19:56:16.241  2029  2175 D GStreamer+GST_PADS: 0:05:00.628943584 0xf3d9e340 gstpad.c:1071:gst_pad_set_active:<glcolorconvertelement2:sink> deactivating pad from push mode
05-09 19:56:16.241  2029  2185 D GStreamer+audiodecoder: 0:05:00.628959157 0xf37ecec0 gstaudiodecoder.c:2327:gst_audio_decoder_sink_event:<amcaudiodec-omxgooglemp3decoder0> received event 20510, tag
05-09 19:56:16.241  2029  2175 D GStreamer+GST_PADS: 0:05:00.628990094 0xf3d9e340 gstpad.c:960:pre_activate:<glcolorconvertelement2:sink> setting PAD_MODE NONE, set flushing
05-09 19:56:16.241  2029  2192 D GStreamer+GST_PADS: 0:05:00.629024782 0xf3ac6890 gstpad.c:3813:check_sticky:<amcaudiodec-omxgooglemp3decoder0:src> pushing all sticky events
05-09 19:56:16.241  2029  2175 D GStreamer+basetransform: 0:05:00.629040927 0xf3d9e340 gstbasetransform.c:2579:gst_base_transform_set_passthrough:<glcolorconvertelement2> set passthrough 0
05-09 19:56:16.241  2029  2192 D GStreamer+GST_PADS: 0:05:00.629068896 0xf3ac6890 gstpad.c:3745:push_sticky:<amcaudiodec-omxgooglemp3decoder0:src> event stream-start was already received
05-09 19:56:16.241  2029  2175 D GStreamer+GST_PADS: 0:05:00.629083844 0xf3d9e340 gstpad.c:1008:post_activate:<glcolorconvertelement2:sink> stopped streaming
05-09 19:56:16.241  2029  2192 D GStreamer+GST_PADS: 0:05:00.629132386 0xf3ac6890 gstpad.c:5053:store_sticky_event:<'':decodepad3> notify caps
05-09 19:56:16.241  2029  2175 D GStreamer+GST_PADS: 0:05:00.629148427 0xf3d9e340 gstpad.c:1198:gst_pad_activate_mode:<glcolorconvertelement2:sink> deactivated in push mode
05-09 19:56:16.241  2029  2192 D GStreamer+GST_PADS: 0:05:00.629173636 0xf3ac6890 gstpad.c:3813:check_sticky:<'':decodepad3> pushing all sticky events
05-09 19:56:16.241  2029  2175 D GStreamer+GST_ELEMENT_PADS: 0:05:00.629198740 0xf3d9e340 gstelement.c:2812:gst_element_pads_activate:<glcolorconvertelement2> pad deactivation successful
05-09 19:56:16.241  2029  2192 D GStreamer+GST_PADS: 0:05:00.629244834 0xf3ac6890 gstpad.c:3745:push_sticky:<'':decodepad3> event stream-start was already received
05-09 19:56:16.241  2029  2175 D GStreamer+GST_STATES: 0:05:00.629260667 0xf3d9e340 gstelement.c:2684:gst_element_change_state:<glcolorconvertelement2> element changed state SUCCESS
05-09 19:56:16.241  2029  2192 D GStreamer+GST_PADS: 0:05:00.629285823 0xf3ac6890 gstpad.c:3650:do_probe_callbacks:<'':decodepad3> data is passed
05-09 19:56:16.241  2029  2175 I GStreamer+GST_STATES: 0:05:00.629306344 0xf3d9e340 gstelement.c:2372:gst_element_continue_state:<glcolorconvertelement2> completed state change to READY
05-09 19:56:16.241  2029  2192 D GStreamer+GST_PADS: 0:05:00.629348427 0xf3ac6890 gstpad.c:3453:probe_hook_marshal:<'':decodepad3> probe returned OK
05-09 19:56:16.241  2029  2175 I GStreamer+GST_STATES: 0:05:00.629364261 0xf3d9e340 gstelement.c:2277:_priv_gst_element_state_changed:<glcolorconvertelement2> notifying about state-changed PAUSED to READY (VOID_PENDING pending)
05-09 19:56:16.241  2029  2192 D GStreamer+GST_PADS: 0:05:00.629387698 0xf3ac6890 gstpad.c:5266:gst_pad_push_event_unchecked:<'':decodepad3> Dropping event caps because pad is not linked
05-09 19:56:16.241  2029  2175 D GStreamer+GST_BUS: 0:05:00.629446552 0xf3d9e340 gstbus.c:309:gst_bus_post:<bus9> [msg 0xf3ac0f20] posting on bus state-changed message: 0xf3ac0f20, time 99:99:99.999999999, seq-num 1724, element 'glcolorconvertelement2', GstMessageStateChanged, old-state=(GstState)GST_STATE_PAUSED, new-state=(GstState)GST_STATE_READY, pending-state=(GstState)GST_STATE_VOID_PENDING;
05-09 19:56:16.241  2029  2192 D GStreamer+GST_PADS: 0:05:00.629432959 0xf3ac6890 gstpad.c:3784:push_sticky:<'':decodepad3> pad was not linked, mark pending
05-09 19:56:16.241  2029  2175 D GStreamer+bin: 0:05:00.629490042 0xf3d9e340 gstbin.c:3528:gst_bin_handle_message_func:<glimagesinkbin2> [msg 0xf3ac0f20] handling child glcolorconvertelement2 message of type state-changed
05-09 19:56:16.241  2029  2192 D GStreamer+decodebin: 0:05:00.629506292 0xf3ac6890 gstdecodebin2.c:3956:gst_decode_chain_is_complete:<decodebin3> Chain 0xf380e808 is complete: 1
05-09 19:56:16.241  2029  2175 D GStreamer+bin: 0:05:00.629529886 0xf3d9e340 gstbin.c:3865:gst_bin_handle_message_func:<glimagesinkbin2> posting message upward
05-09 19:56:16.241  2029  2192 D GStreamer+decodebin: 0:05:00.629574521 0xf3ac6890 gstdecodebin2.c:4555:gst_decode_bin_expose:<decodebin3> Exposing currently active chains/groups
05-09 19:56:16.241  2029  2175 D GStreamer+GST_BUS: 0:05:00.629606448 0xf3d9e340 gstbus.c:309:gst_bus_post:<bus12> [msg 0xf3ac0f20] posting on bus state-changed message: 0xf3ac0f20, time 99:99:99.999999999, seq-num 1724, element 'glcolorconvertelement2', GstMessageStateChanged, old-state=(GstState)GST_STATE_PAUSED, new-state=(GstState)GST_STATE_READY, pending-state=(GstState)GST_STATE_VOID_PENDING;
05-09 19:56:16.241  2029  2192 D GStreamer+decodebin: 0:05:00.629625042 0xf3ac6890 gstdecodebin2.c:4661:gst_decode_bin_expose:<decodebin3> About to expose dpad decodepad3 as src_0
05-09 19:56:16.241  2029  2175 D GStreamer+bin: 0:05:00.629650511 0xf3d9e340 gstbin.c:3528:gst_bin_handle_message_func:<pipeline2> [msg 0xf3ac0f20] handling child glcolorconvertelement2 message of type state-changed
05-09 19:56:16.241  2029  2175 D GStreamer+bin: 0:05:00.629688532 0xf3d9e340 gstbin.c:3865:gst_bin_handle_message_func:<pipeline2> posting message upward
05-09 19:56:16.241  2029  2192 D GStreamer+decodebin: 0:05:00.629704365 0xf3ac6890 gstdecodebin2.c:4531:debug_sticky_event:<'':src_0> sticky event stream-start (0xf3abb9d0)
05-09 19:56:16.241  2029  2175 D GStreamer+GST_BUS: 0:05:00.629779990 0xf3d9e340 gstbus.c:309:gst_bus_post:<bus13> [msg 0xf3ac0f20] posting on bus state-changed message: 0xf3ac0f20, time 99:99:99.999999999, seq-num 1724, element 'glcolorconvertelement2', GstMessageStateChanged, old-state=(GstState)GST_STATE_PAUSED, new-state=(GstState)GST_STATE_READY, pending-state=(GstState)GST_STATE_VOID_PENDING;
05-09 19:56:16.241  2029  2192 D GStreamer+decodebin: 0:05:00.629763011 0xf3ac6890 gstdecodebin2.c:4531:debug_sticky_event:<'':src_0> sticky event caps (0xf3a085a0)
05-09 19:56:16.241  2029  2175 D GStreamer+GST_BUS: 0:05:00.629825354 0xf3d9e340 gstbus.c:348:gst_bus_post:<bus13> [msg 0xf3ac0f20] pushing on async queue
05-09 19:56:16.241  2029  2192 I GStreamer+GST_ELEMENT_PADS: 0:05:00.629841657 0xf3ac6890 gstelement.c:659:gst_element_add_pad:<decodebin3> adding pad 'src_0'
05-09 19:56:16.242  2029  2175 D GStreamer+GST_BUS: 0:05:00.629865511 0xf3d9e340 gstbus.c:351:gst_bus_post:<bus13> [msg 0xf3ac0f20] pushed on async queue
05-09 19:56:16.242  2029  2175 D GStreamer+GST_BUS: 0:05:00.629916292 0xf3d9e340 gstbus.c:344:gst_bus_post:<bus12> [msg 0xf3ac0f20] dropped
05-09 19:56:16.242  2029  2192 D GStreamer+GST_REFCOUNTING: 0:05:00.629931761 0xf3ac6890 gstobject.c:692:gst_object_set_parent:<'':src_0> set parent (ref and sink)
05-09 19:56:16.242  2029  2175 D GStreamer+GST_BUS: 0:05:00.629956188 0xf3d9e340 gstbus.c:344:gst_bus_post:<bus9> [msg 0xf3ac0f20] dropped
05-09 19:56:16.242  2029  2192 I GStreamer+GST_PIPELINE: 0:05:00.630009052 0xf3ac6890 ./grammar.y:518:gst_parse_found_pad trying delayed linking some pad of GstDecodeBin named decodebin3 to some pad of GstQueue named queue7
05-09 19:56:16.242  2029  2175 D GStreamer+GST_STATES: 0:05:00.630025927 0xf3d9e340 gstelement.c:2607:gst_element_set_state_func:<glcolorconvertelement2> returned SUCCESS
05-09 19:56:16.242  2029  2192 I GStreamer+GST_ELEMENT_PADS: 0:05:00.630050094 0xf3ac6890 gstutils.c:1571:gst_element_link_pads_full trying to link element decodebin3:(any) to element queue7:(any)
05-09 19:56:16.242  2029  2175 I GStreamer+GST_STATES: 0:05:00.630077854 0xf3d9e340 gstbin.c:2764:gst_bin_change_state_func:<glimagesinkbin2> child 'glcolorconvertelement2' changed state to 2(READY) successfully
05-09 19:56:16.242  2029  2192 D GStreamer+GST_ELEMENT_PADS: 0:05:00.630086657 0xf3ac6890 gstutils.c:1678:gst_element_link_pads_full looping through allowed src and dest pads
05-09 19:56:16.242  2029  2175 D GStreamer+bin: 0:05:00.630116032 0xf3d9e340 gstbin.c:2182:gst_bin_sort_iterator_next:<glimagesinkbin2> queue head gives gluploadelement2
05-09 19:56:16.242  2029  2192 D GStreamer+GST_ELEMENT_PADS: 0:05:00.630137750 0xf3ac6890 gstutils.c:1681:gst_element_link_pads_full trying src pad decodebin3:sink
05-09 19:56:16.242  2029  2175 D GStreamer+bin: 0:05:00.630149625 0xf3d9e340 gstbin.c:882:find_message:<glimagesinkbin2> no message found matching types 00001000
05-09 19:56:16.242  2029  2192 D GStreamer+GST_ELEMENT_PADS: 0:05:00.630171084 0xf3ac6890 gstutils.c:1681:gst_element_link_pads_full trying src pad decodebin3:src_0
05-09 19:56:16.242  2029  2175 D GStreamer+bin: 0:05:00.630185407 0xf3d9e340 gstbin.c:889:find_message:<glimagesinkbin2>   structure-change
05-09 19:56:16.242  2029  2192 D GStreamer+GST_ELEMENT_PADS: 0:05:00.630229157 0xf3ac6890 gstutils.c:1002:gst_element_get_compatible_pad finding pad in queue7 compatible with decodebin3:src_0
05-09 19:56:16.242  2029  2175 D GStreamer+bin: 0:05:00.630245511 0xf3d9e340 gstbin.c:2121:update_degree:<glimagesinkbin2> element gluploadelement2 not linked on any sinkpads
05-09 19:56:16.242  2029  2192 I GStreamer+GST_PADS: 0:05:00.630269521 0xf3ac6890 gstutils.c:932:gst_pad_check_link trying to link decodebin3:src_0 and queue7:sink
05-09 19:56:16.242  2029  2175 I GStreamer+GST_STATES: 0:05:00.630288479 0xf3d9e340 gstbin.c:2316:gst_bin_element_set_state:<gluploadelement2> current PAUSED pending VOID_PENDING, desired next READY
05-09 19:56:16.242  2029  2192 D GStreamer+GST_CAPS: 0:05:00.630314365 0xf3ac6890 gstutils.c:2838:gst_pad_query_caps:<decodebin3:src_0> get pad caps with filter (NULL)
05-09 19:56:16.242  2029  2175 D GStreamer+bin: 0:05:00.630357386 0xf3d9e340 gstbin.c:882:find_message:<glimagesinkbin2> no message found matching types 00100000
05-09 19:56:16.242  2029  2192 D GStreamer+query: 0:05:00.630378688 0xf3ac6890 gstquery.c:674:gst_query_new_custom creating new query 0xf3d3c460 caps
05-09 19:56:16.242  2029  2175 D GStreamer+bin: 0:05:00.630397854 0xf3d9e340 gstbin.c:889:find_message:<glimagesinkbin2>   async-start
05-09 19:56:16.242  2029  2192 D GStreamer+GST_PADS: 0:05:00.630425302 0xf3ac6890 gstpad.c:3882:gst_pad_query:<decodebin3:src_0> doing query 0xf3d3c460 (caps)
05-09 19:56:16.242  2029  2192 D GStreamer+GST_PADS: 0:05:00.630489521 0xf3ac6890 gstpad.c:3650:do_probe_callbacks:<decodebin3:src_0> data is passed
05-09 19:56:16.242  2029  2175 D GStreamer+bin: 0:05:00.630495719 0xf3d9e340 gstbin.c:2411:gst_bin_element_set_state:<glimagesinkbin2> setting element gluploadelement2 to READY, base_time 0:00:00.000000000
05-09 19:56:16.242  2029  2175 D GStreamer+GST_STATES: 0:05:00.630534417 0xf3d9e340 gstelement.c:2523:gst_element_set_state_func:<gluploadelement2> set_state to READY
05-09 19:56:16.242  2029  2192 D GStreamer+GST_CAPS: 0:05:00.630575979 0xf3ac6890 gstpad.c:3088:gst_pad_query_caps_default:<decodebin3:src_0> query caps caps query: 0xf3d3c460, GstQueryCaps, filter=(GstCaps)"NULL", caps=(GstCaps)"NULL";
05-09 19:56:16.242  2029  2175 D GStreamer+GST_STATES: 0:05:00.630599417 0xf3d9e340 gstelement.c:2548:gst_element_set_state_func:<gluploadelement2> setting target state to READY
05-09 19:56:16.242  2029  2192 D GStreamer+GST_PADS: 0:05:00.630623167 0xf3ac6890 gstutils.c:2599:gst_pad_proxy_query_caps:<decodebin3:src_0> proxying caps query for decodebin3:src_0
05-09 19:56:16.242  2029  2175 D GStreamer+GST_STATES: 0:05:00.630653115 0xf3d9e340 gstelement.c:2561:gst_element_set_state_func:<gluploadelement2> current PAUSED, old_pending VOID_PENDING, next VOID_PENDING, old return SUCCESS
05-09 19:56:16.242  2029  2175 D GStreamer+GST_STATES: 0:05:00.630694469 0xf3d9e340 gstelement.c:2595:gst_element_set_state_func:<gluploadelement2> final: setting state from PAUSED to READY
05-09 19:56:16.242  2029  2192 D GStreamer+GST_PADS: 0:05:00.630710563 0xf3ac6890 gstpad.c:4009:gst_pad_peer_query:<src_0:proxypad11> peer query 0xf3d3c460 (caps)
05-09 19:56:16.242  2029  2175 D GStreamer+glbasefilter: 0:05:00.630734417 0xf3d9e340 gstglbasefilter.c:467:gst_gl_base_filter_change_state:<gluploadelement2> changing state: PAUSED => READY
05-09 19:56:16.242  2029  2192 D GStreamer+GST_PADS: 0:05:00.630781448 0xf3ac6890 gstpad.c:3882:gst_pad_query:<amcaudiodec-omxgooglemp3decoder0:src> doing query 0xf3d3c460 (caps)
05-09 19:56:16.242  2029  2175 D GStreamer+GST_ELEMENT_PADS: 0:05:00.630797073 0xf3d9e340 gstelement.c:2793:gst_element_pads_activate:<gluploadelement2> deactivate pads
05-09 19:56:16.242  2029  2192 D GStreamer+GST_PADS: 0:05:00.630821292 0xf3ac6890 gstpad.c:3650:do_probe_callbacks:<amcaudiodec-omxgooglemp3decoder0:src> data is passed
05-09 19:56:16.242  2029  2175 D GStreamer+GST_PADS: 0:05:00.630846500 0xf3d9e340 gstpad.c:1071:gst_pad_set_active:<gluploadelement2:src> deactivating pad from push mode
05-09 19:56:16.243  2029  2175 D GStreamer+GST_PADS: 0:05:00.630898740 0xf3d9e340 gstpad.c:960:pre_activate:<gluploadelement2:src> setting PAD_MODE NONE, set flushing
05-09 19:56:16.243  2029  2192 D GStreamer+audiodecoder: 0:05:00.630915875 0xf3ac6890 gstaudiodecoder.c:2883:gst_audio_decoder_src_query:<amcaudiodec-omxgooglemp3decoder0:src> received query caps query: 0xf3d3c460, GstQueryCaps, filter=(GstCaps)"NULL", caps=(GstCaps)"NULL";
05-09 19:56:16.243  2029  2175 D GStreamer+GST_PADS: 0:05:00.630941292 0xf3d9e340 gstpad.c:1008:post_activate:<gluploadelement2:src> stopped streaming
05-09 19:56:16.243  2029  2175 D GStreamer+GST_PADS: 0:05:00.630986813 0xf3d9e340 gstpad.c:1198:gst_pad_activate_mode:<gluploadelement2:src> deactivated in push mode
05-09 19:56:16.243  2029  2192 D GStreamer+GST_CAPS: 0:05:00.630977698 0xf3ac6890 gstpad.c:3088:gst_pad_query_caps_default:<amcaudiodec-omxgooglemp3decoder0:src> query caps caps query: 0xf3d3c460, GstQueryCaps, filter=(GstCaps)"NULL", caps=(GstCaps)"NULL";
05-09 19:56:16.243  2029  2175 D GStreamer+GST_PADS: 0:05:00.631033896 0xf3d9e340 gstpad.c:1071:gst_pad_set_active:<gluploadelement2:sink> deactivating pad from push mode
05-09 19:56:16.243  2029  2192 D GStreamer+GST_CAPS: 0:05:00.631048844 0xf3ac6890 gstpad.c:3111:gst_pad_query_caps_default:<amcaudiodec-omxgooglemp3decoder0:src> trying pad template caps
05-09 19:56:16.243  2029  2175 D GStreamer+GST_PADS: 0:05:00.631076084 0xf3d9e340 gstpad.c:960:pre_activate:<gluploadelement2:sink> setting PAD_MODE NONE, set flushing
05-09 19:56:16.243  2029  2175 D GStreamer+basetransform: 0:05:00.631127073 0xf3d9e340 gstbasetransform.c:2579:gst_base_transform_set_passthrough:<gluploadelement2> set passthrough 0
05-09 19:56:16.243  2029  2192 D GStreamer+GST_CAPS: 0:05:00.631150667 0xf3ac6890 gstpad.c:3141:gst_pad_query_caps_default:<amcaudiodec-omxgooglemp3decoder0:src> using caps 0xf375a2f0 audio/x-raw, rate=(int)[ 1, 2147483647 ], channels=(int)[ 1, 2147483647 ], format=(string)S16LE
05-09 19:56:16.243  2029  2175 D GStreamer+GST_PADS: 0:05:00.631174886 0xf3d9e340 gstpad.c:1008:post_activate:<gluploadelement2:sink> stopped streaming
05-09 19:56:16.243  2029  2192 D GStreamer+GST_PADS: 0:05:00.631225198 0xf3ac6890 gstpad.c:3339:gst_pad_query_default:<amcaudiodec-omxgooglemp3decoder0:src> not forwarding 0xf3d3c460 (caps) query
05-09 19:56:16.243  2029  2175 D GStreamer+GST_PADS: 0:05:00.631241761 0xf3d9e340 gstpad.c:1198:gst_pad_activate_mode:<gluploadelement2:sink> deactivated in push mode
05-09 19:56:16.243  2029  2192 D GStreamer+GST_PADS: 0:05:00.631271604 0xf3ac6890 gstpad.c:3905:gst_pad_query:<amcaudiodec-omxgooglemp3decoder0:src> sent query 0xf3d3c460 (caps), result 1
05-09 19:56:16.243  2029  2175 D GStreamer+GST_ELEMENT_PADS: 0:05:00.631295667 0xf3d9e340 gstelement.c:2812:gst_element_pads_activate:<gluploadelement2> pad deactivation successful
05-09 19:56:16.243  2029  2175 D GStreamer+GST_STATES: 0:05:00.631329365 0xf3d9e340 gstelement.c:2684:gst_element_change_state:<gluploadelement2> element changed state SUCCESS
05-09 19:56:16.243  2029  2192 D GStreamer+default: 0:05:00.631365094 0xf3ac6890 gstutils.c:2561:query_caps_func:<src_0:proxypad11> intersect with result audio/x-raw, rate=(int)[ 1, 2147483647 ], channels=(int)[ 1, 2147483647 ], format=(string)S16LE
05-09 19:56:16.243  2029  2175 I GStreamer+GST_STATES: 0:05:00.631381032 0xf3d9e340 gstelement.c:2372:gst_element_continue_state:<gluploadelement2> completed state change to READY
05-09 19:56:16.243  2029  2192 D GStreamer+default: 0:05:00.631451448 0xf3ac6890 gstutils.c:2563:query_caps_func:<src_0:proxypad11> intersected audio/x-raw, rate=(int)[ 1, 2147483647 ], channels=(int)[ 1, 2147483647 ], format=(string)S16LE
05-09 19:56:16.243  2029  2175 I GStreamer+GST_STATES: 0:05:00.631467854 0xf3d9e340 gstelement.c:2277:_priv_gst_element_state_changed:<gluploadelement2> notifying about state-changed PAUSED to READY (VOID_PENDING pending)
05-09 19:56:16.243  2029  2192 D GStreamer+GST_PADS: 0:05:00.631497229 0xf3ac6890 gstpad.c:3339:gst_pad_query_default:<decodebin3:src_0> not forwarding 0xf3d3c460 (caps) query
05-09 19:56:16.243  2029  2192 D GStreamer+GST_PADS: 0:05:00.631568011 0xf3ac6890 gstpad.c:3905:gst_pad_query:<decodebin3:src_0> sent query 0xf3d3c460 (caps), result 1
05-09 19:56:16.243  2029  2175 D GStreamer+GST_BUS: 0:05:00.631578427 0xf3d9e340 gstbus.c:309:gst_bus_post:<bus9> [msg 0xf3abf268] posting on bus state-changed message: 0xf3abf268, time 99:99:99.999999999, seq-num 1725, element 'gluploadelement2', GstMessageStateChanged, old-state=(GstState)GST_STATE_PAUSED, new-state=(GstState)GST_STATE_READY, pending-state=(GstState)GST_STATE_VOID_PENDING;
05-09 19:56:16.243  2029  2175 D GStreamer+bin: 0:05:00.631627907 0xf3d9e340 gstbin.c:3528:gst_bin_handle_message_func:<glimagesinkbin2> [msg 0xf3abf268] handling child gluploadelement2 message of type state-changed
05-09 19:56:16.243  2029  2192 D GStreamer+GST_CAPS: 0:05:00.631643792 0xf3ac6890 gstutils.c:2845:gst_pad_query_caps:<decodebin3:src_0> query returned audio/x-raw, rate=(int)[ 1, 2147483647 ], channels=(int)[ 1, 2147483647 ], format=(string)S16LE
05-09 19:56:16.243  2029  2175 D GStreamer+bin: 0:05:00.631687959 0xf3d9e340 gstbin.c:3865:gst_bin_handle_message_func:<glimagesinkbin2> posting message upward
05-09 19:56:16.243  2029  2192 D GStreamer+GST_CAPS: 0:05:00.631711084 0xf3ac6890 gstutils.c:2838:gst_pad_query_caps:<queue7:sink> get pad caps with filter (NULL)
05-09 19:56:16.243  2029  2192 D GStreamer+query: 0:05:00.631782959 0xf3ac6890 gstquery.c:674:gst_query_new_custom creating new query 0xf3d34180 caps
05-09 19:56:16.243  2029  2175 D GStreamer+GST_BUS: 0:05:00.631799417 0xf3d9e340 gstbus.c:309:gst_bus_post:<bus12> [msg 0xf3abf268] posting on bus state-changed message: 0xf3abf268, time 99:99:99.999999999, seq-num 1725, element 'gluploadelement2', GstMessageStateChanged, old-state=(GstState)GST_STATE_PAUSED, new-state=(GstState)GST_STATE_READY, pending-state=(GstState)GST_STATE_VOID_PENDING;
05-09 19:56:16.243  2029  2192 D GStreamer+GST_PADS: 0:05:00.631827021 0xf3ac6890 gstpad.c:3882:gst_pad_query:<queue7:sink> doing query 0xf3d34180 (caps)
05-09 19:56:16.244  2029  2175 D GStreamer+bin: 0:05:00.631854990 0xf3d9e340 gstbin.c:3528:gst_bin_handle_message_func:<pipeline2> [msg 0xf3abf268] handling child gluploadelement2 message of type state-changed
05-09 19:56:16.244  2029  2175 D GStreamer+bin: 0:05:00.631900979 0xf3d9e340 gstbin.c:3865:gst_bin_handle_message_func:<pipeline2> posting message upward
05-09 19:56:16.244  2029  2192 D GStreamer+GST_CAPS: 0:05:00.631921865 0xf3ac6890 gstpad.c:3088:gst_pad_query_caps_default:<queue7:sink> query caps caps query: 0xf3d34180, GstQueryCaps, filter=(GstCaps)"NULL", caps=(GstCaps)"NULL";
05-09 19:56:16.244  2029  2192 D GStreamer+GST_PADS: 0:05:00.631975407 0xf3ac6890 gstutils.c:2599:gst_pad_proxy_query_caps:<queue7:sink> proxying caps query for queue7:sink
05-09 19:56:16.244  2029  2175 D GStreamer+GST_BUS: 0:05:00.632019834 0xf3d9e340 gstbus.c:309:gst_bus_post:<bus13> [msg 0xf3abf268] posting on bus state-changed message: 0xf3abf268, time 99:99:99.999999999, seq-num 1725, element 'gluploadelement2', GstMessageStateChanged, old-state=(GstState)GST_STATE_PAUSED, new-state=(GstState)GST_STATE_READY, pending-state=(GstState)GST_STATE_VOID_PENDING;
05-09 19:56:16.244  2029  2192 D GStreamer+GST_PADS: 0:05:00.632043792 0xf3ac6890 gstpad.c:2803:gst_pad_iterate_internal_links_default:<queue7:sink> Making iterator
05-09 19:56:16.244  2029  2175 D GStreamer+GST_BUS: 0:05:00.632068063 0xf3d9e340 gstbus.c:348:gst_bus_post:<bus13> [msg 0xf3abf268] pushing on async queue
05-09 19:56:16.244  2029  2192 D GStreamer+GST_PADS: 0:05:00.632113115 0xf3ac6890 gstpad.c:4009:gst_pad_peer_query:<queue7:src> peer query 0xf3d34180 (caps)
05-09 19:56:16.244  2029  2175 D GStreamer+GST_BUS: 0:05:00.632129209 0xf3d9e340 gstbus.c:351:gst_bus_post:<bus13> [msg 0xf3abf268] pushed on async queue
05-09 19:56:16.244  2029  2192 D GStreamer+GST_PADS: 0:05:00.632155667 0xf3ac6890 gstpad.c:3882:gst_pad_query:<autoaudiosink0:sink> doing query 0xf3d34180 (caps)
05-09 19:56:16.244  2029  2175 D GStreamer+GST_BUS: 0:05:00.632167959 0xf3d9e340 gstbus.c:344:gst_bus_post:<bus12> [msg 0xf3abf268] dropped
05-09 19:56:16.244  2029  2175 D GStreamer+GST_BUS: 0:05:00.632205250 0xf3d9e340 gstbus.c:344:gst_bus_post:<bus9> [msg 0xf3abf268] dropped
05-09 19:56:16.244  2029  2192 D GStreamer+GST_CAPS: 0:05:00.632239886 0xf3ac6890 gstpad.c:3088:gst_pad_query_caps_default:<autoaudiosink0:sink> query caps caps query: 0xf3d34180, GstQueryCaps, filter=(GstCaps)"NULL", caps=(GstCaps)"NULL";
05-09 19:56:16.244  2029  2175 D GStreamer+GST_STATES: 0:05:00.632258323 0xf3d9e340 gstelement.c:2607:gst_element_set_state_func:<gluploadelement2> returned SUCCESS
05-09 19:56:16.244  2029  2192 D GStreamer+GST_PADS: 0:05:00.632287542 0xf3ac6890 gstutils.c:2599:gst_pad_proxy_query_caps:<autoaudiosink0:sink> proxying caps query for autoaudiosink0:sink
05-09 19:56:16.244  2029  2175 I GStreamer+GST_STATES: 0:05:00.632309469 0xf3d9e340 gstbin.c:2764:gst_bin_change_state_func:<glimagesinkbin2> child 'gluploadelement2' changed state to 2(READY) successfully
05-09 19:56:16.244  2029  2175 D GStreamer+bin: 0:05:00.632343271 0xf3d9e340 gstbin.c:2171:gst_bin_sort_iterator_next:<glimagesinkbin2> queue empty, elements exhausted
05-09 19:56:16.244  2029  2192 D GStreamer+GST_PADS: 0:05:00.632364469 0xf3ac6890 gstpad.c:4009:gst_pad_peer_query:<sink:proxypad9> peer query 0xf3d34180 (caps)
05-09 19:56:16.244  2029  2175 D GStreamer+GST_STATES: 0:05:00.632388219 0xf3d9e340 gstbin.c:2823:gst_bin_change_state_func:<glimagesinkbin2> iterator done
05-09 19:56:16.244  2029  2175 D GStreamer+GST_ELEMENT_PADS: 0:05:00.632424157 0xf3d9e340 gstelement.c:2793:gst_element_pads_activate:<glimagesinkbin2> deactivate pads
05-09 19:56:16.244  2029  2192 D GStreamer+GST_PADS: 0:05:00.632447229 0xf3ac6890 gstpad.c:3882:gst_pad_query:<fake-audio-sink:sink> doing query 0xf3d34180 (caps)
05-09 19:56:16.244  2029  2175 D GStreamer+GST_PADS: 0:05:00.632470459 0xf3d9e340 gstpad.c:1071:gst_pad_set_active:<glimagesinkbin2:sink> deactivating pad from push mode
05-09 19:56:16.244  2029  2192 D GStreamer+GST_PADS: 0:05:00.632505927 0xf3ac6890 gstpad.c:3905:gst_pad_query:<fake-audio-sink:sink> sent query 0xf3d34180 (caps), result 1
05-09 19:56:16.244  2029  2175 D GStreamer+GST_PADS: 0:05:00.632523167 0xf3d9e340 gstpad.c:960:pre_activate:<glimagesinkbin2:sink> setting PAD_MODE NONE, set flushing
05-09 19:56:16.244  2029  2175 D GStreamer+GST_PADS: 0:05:00.632566813 0xf3d9e340 gstpad.c:960:pre_activate:<sink:proxypad7> setting PAD_MODE NONE, set flushing
05-09 19:56:16.244  2029  2192 D GStreamer+default: 0:05:00.632582594 0xf3ac6890 gstutils.c:2561:query_caps_func:<sink:proxypad9> intersect with result ANY
05-09 19:56:16.244  2029  2175 D GStreamer+GST_PADS: 0:05:00.632609209 0xf3d9e340 gstpad.c:1225:gst_pad_activate_mode:<glimagesinkbin2:sink> already deactivated in push mode
05-09 19:56:16.244  2029  2192 D GStreamer+default: 0:05:00.632630563 0xf3ac6890 gstutils.c:2563:query_caps_func:<sink:proxypad9> intersected ANY
05-09 19:56:16.244  2029  2175 D GStreamer+GST_PADS: 0:05:00.632652386 0xf3d9e340 gstpad.c:1008:post_activate:<sink:proxypad7> stopped streaming
05-09 19:56:16.244  2029  2175 D GStreamer+GST_PADS: 0:05:00.632705146 0xf3d9e340 gstpad.c:1198:gst_pad_activate_mode:<sink:proxypad7> deactivated in push mode
05-09 19:56:16.244  2029  2192 D GStreamer+GST_PADS: 0:05:00.632720667 0xf3ac6890 gstpad.c:3339:gst_pad_query_default:<autoaudiosink0:sink> not forwarding 0xf3d34180 (caps) query
05-09 19:56:16.244  2029  2175 D GStreamer+GST_PADS: 0:05:00.632743532 0xf3d9e340 gstpad.c:1008:post_activate:<glimagesinkbin2:sink> stopped streaming
05-09 19:56:16.244  2029  2192 D GStreamer+GST_PADS: 0:05:00.632792854 0xf3ac6890 gstpad.c:3905:gst_pad_query:<autoaudiosink0:sink> sent query 0xf3d34180 (caps), result 1
05-09 19:56:16.244  2029  2175 D GStreamer+GST_PADS: 0:05:00.632808948 0xf3d9e340 gstpad.c:1198:gst_pad_activate_mode:<glimagesinkbin2:sink> deactivated in push mode
05-09 19:56:16.244  2029  2192 D GStreamer+default: 0:05:00.632835407 0xf3ac6890 gstutils.c:2561:query_caps_func:<queue7:src> intersect with result ANY
05-09 19:56:16.245  2029  2175 D GStreamer+GST_ELEMENT_PADS: 0:05:00.632856657 0xf3d9e340 gstelement.c:2812:gst_element_pads_activate:<glimagesinkbin2> pad deactivation successful
05-09 19:56:16.245  2029  2175 D GStreamer+bin: 0:05:00.632911136 0xf3d9e340 gstbin.c:2213:gst_bin_sort_iterator_free:<glimagesinkbin2> free
05-09 19:56:16.245  2029  2192 D GStreamer+default: 0:05:00.632926396 0xf3ac6890 gstutils.c:2563:query_caps_func:<queue7:src> intersected ANY
05-09 19:56:16.245  2029  2175 D GStreamer+bin: 0:05:00.632947750 0xf3d9e340 gstbin.c:2858:gst_bin_change_state_func:<glimagesinkbin2> no async elements
05-09 19:56:16.245  2029  2175 D GStreamer+GST_STATES: 0:05:00.632989834 0xf3d9e340 gstbin.c:2892:gst_bin_change_state_func:<glimagesinkbin2> done changing bin's state from PAUSED to READY, now in READY, ret SUCCESS
05-09 19:56:16.245  2029  2192 D GStreamer+GST_PADS: 0:05:00.632978532 0xf3ac6890 gstpad.c:3339:gst_pad_query_default:<queue7:sink> not forwarding 0xf3d34180 (caps) query
05-09 19:56:16.245  2029  2175 D GStreamer+GST_STATES: 0:05:00.633023219 0xf3d9e340 gstelement.c:2684:gst_element_change_state:<glimagesinkbin2> element changed state SUCCESS
05-09 19:56:16.245  2029  2192 D GStreamer+GST_PADS: 0:05:00.633048219 0xf3ac6890 gstpad.c:3905:gst_pad_query:<queue7:sink> sent query 0xf3d34180 (caps), result 1
05-09 19:56:16.245  2029  2175 I GStreamer+GST_STATES: 0:05:00.633076500 0xf3d9e340 gstelement.c:2347:gst_element_continue_state:<glimagesinkbin2> committing state from READY to READY, pending NULL, next NULL
05-09 19:56:16.245  2029  2192 D GStreamer+GST_CAPS: 0:05:00.633119938 0xf3ac6890 gstutils.c:2845:gst_pad_query_caps:<queue7:sink> query returned ANY
05-09 19:56:16.245  2029  2175 I GStreamer+GST_STATES: 0:05:00.633136084 0xf3d9e340 gstelement.c:2277:_priv_gst_element_state_changed:<glimagesinkbin2> notifying about state-changed READY to READY (NULL pending)
05-09 19:56:16.245  2029  2192 D GStreamer+GST_ELEMENT_PADS: 0:05:00.633159938 0xf3ac6890 gstutils.c:1061:gst_element_get_compatible_pad found existing unlinked compatible pad queue7:sink
05-09 19:56:16.245  2029  2192 I GStreamer+GST_PADS: 0:05:00.633224886 0xf3ac6890 gstutils.c:1444:prepare_link_maybe_ghosting decodebin3 and queue7 in same bin, no need for ghost pads
05-09 19:56:16.245  2029  2175 D GStreamer+GST_BUS: 0:05:00.633241188 0xf3d9e340 gstbus.c:309:gst_bus_post:<bus12> [msg 0xf3ac0858] posting on bus state-changed message: 0xf3ac0858, time 99:99:99.999999999, seq-num 1726, element 'glimagesinkbin2', GstMessageStateChanged, old-state=(GstState)GST_STATE_READY, new-state=(GstState)GST_STATE_READY, pending-state=(GstState)GST_STATE_NULL;
05-09 19:56:16.245  2029  2175 D GStreamer+bin: 0:05:00.633289209 0xf3d9e340 gstbin.c:3528:gst_bin_handle_message_func:<pipeline2> [msg 0xf3ac0858] handling child glimagesinkbin2 message of type state-changed
05-09 19:56:16.245  2029  2192 D GStreamer+GST_BUS: 0:05:00.633340146 0xf3ac6890 gstbus.c:309:gst_bus_post:<bus12> [msg 0xf3d43b78] posting on bus structure-change message: 0xf3d43b78, time 99:99:99.999999999, seq-num 1727, element 'sink', GstMessageStructureChange, type=(GstStructureChangeType)GST_STRUCTURE_CHANGE_TYPE_PAD_LINK, owner=(GstElement)"\(GstDecodeBin\)\ decodebin3", busy=(boolean)true;
05-09 19:56:16.245  2029  2175 D GStreamer+bin: 0:05:00.633355771 0xf3d9e340 gstbin.c:3865:gst_bin_handle_message_func:<pipeline2> posting message upward
05-09 19:56:16.245  2029  2192 D GStreamer+bin: 0:05:00.633383688 0xf3ac6890 gstbin.c:3528:gst_bin_handle_message_func:<pipeline2> [msg 0xf3d43b78] handling child sink message of type structure-change
05-09 19:56:16.245  2029  2192 D GStreamer+bin: 0:05:00.633448323 0xf3ac6890 gstbin.c:882:find_message:<pipeline2> no message found matching types 00001000
05-09 19:56:16.245  2029  2175 D GStreamer+GST_BUS: 0:05:00.633464157 0xf3d9e340 gstbus.c:309:gst_bus_post:<bus13> [msg 0xf3ac0858] posting on bus state-changed message: 0xf3ac0858, time 99:99:99.999999999, seq-num 1726, element 'glimagesinkbin2', GstMessageStateChanged, old-state=(GstState)GST_STATE_READY, new-state=(GstState)GST_STATE_READY, pending-state=(GstState)GST_STATE_NULL;
05-09 19:56:16.245  2029  2192 D GStreamer+bin: 0:05:00.633485302 0xf3ac6890 gstbin.c:889:find_message:<pipeline2>   structure-change
05-09 19:56:16.245  2029  2175 D GStreamer+GST_BUS: 0:05:00.633509000 0xf3d9e340 gstbus.c:348:gst_bus_post:<bus13> [msg 0xf3ac0858] pushing on async queue
05-09 19:56:16.245  2029  2175 D GStreamer+GST_BUS: 0:05:00.633550354 0xf3d9e340 gstbus.c:351:gst_bus_post:<bus13> [msg 0xf3ac0858] pushed on async queue
05-09 19:56:16.245  2029  2192 D GStreamer+bin: 0:05:00.633533219 0xf3ac6890 gstbin.c:929:bin_replace_message:<pipeline2> got new message 0xf3d43b78, structure-change from sink
05-09 19:56:16.245  2029  2192 D GStreamer+GST_BUS: 0:05:00.633600042 0xf3ac6890 gstbus.c:344:gst_bus_post:<bus12> [msg 0xf3d43b78] dropped
05-09 19:56:16.245  2029  2175 D GStreamer+GST_BUS: 0:05:00.633615719 0xf3d9e340 gstbus.c:344:gst_bus_post:<bus12> [msg 0xf3ac0858] dropped
05-09 19:56:16.245  2029  2175 I GStreamer+GST_STATES: 0:05:00.633659573 0xf3d9e340 gstelement.c:2354:gst_element_continue_state:<glimagesinkbin2> continue state change READY to NULL, final NULL
05-09 19:56:16.245  2029  2192 I GStreamer+GST_PADS: 0:05:00.633639209 0xf3ac6890 gstpad.c:2292:gst_pad_link_prepare trying to link decodebin3:src_0 and queue7:sink
05-09 19:56:16.245  2029  2175 D GStreamer+glimagesink: 0:05:00.633703636 0xf3d9e340 gstglsinkbin.c:374:gst_gl_sink_bin_change_state changing state: READY => NULL
05-09 19:56:16.245  2029  2192 D GStreamer+GST_CAPS: 0:05:00.633719677 0xf3ac6890 gstutils.c:2838:gst_pad_query_caps:<decodebin3:src_0> get pad caps with filter (NULL)
05-09 19:56:16.245  2029  2175 D GStreamer+GST_STATES: 0:05:00.633745875 0xf3d9e340 gstbin.c:2664:gst_bin_change_state_func:<glimagesinkbin2> changing state of children from READY to NULL
05-09 19:56:16.245  2029  2175 D GStreamer+bin: 0:05:00.633785823 0xf3d9e340 gstbin.c:2712:gst_bin_change_state_func:<glimagesinkbin2> clearing all cached messages
05-09 19:56:16.245  2029  2192 D GStreamer+query: 0:05:00.633800979 0xf3ac6890 gstquery.c:674:gst_query_new_custom creating new query 0xf3d341b0 caps
05-09 19:56:16.245  2029  2175 D GStreamer+bin: 0:05:00.633820354 0xf3d9e340 gstbin.c:2509:gst_bin_src_pads_activate:<glimagesinkbin2> deactivate pads
05-09 19:56:16.245  2029  2192 D GStreamer+GST_PADS: 0:05:00.633842646 0xf3ac6890 gstpad.c:3882:gst_pad_query:<decodebin3:src_0> doing query 0xf3d341b0 (caps)
05-09 19:56:16.246  2029  2175 D GStreamer+bin: 0:05:00.633866136 0xf3d9e340 gstbin.c:2517:gst_bin_src_pads_activate:<glimagesinkbin2> pad deactivation successful
05-09 19:56:16.246  2029  2192 D GStreamer+GST_PADS: 0:05:00.633916761 0xf3ac6890 gstpad.c:3650:do_probe_callbacks:<decodebin3:src_0> data is passed
05-09 19:56:16.246  2029  2175 D GStreamer+bin: 0:05:00.633933219 0xf3d9e340 gstbin.c:2195:gst_bin_sort_iterator_resync:<glimagesinkbin2> resync
05-09 19:56:16.246  2029  2175 D GStreamer+bin: 0:05:00.633990198 0xf3d9e340 gstbin.c:1981:add_to_queue:<glimagesinkbin2> adding 'sink' to queue
05-09 19:56:16.246  2029  2192 D GStreamer+GST_CAPS: 0:05:00.633974417 0xf3ac6890 gstpad.c:3088:gst_pad_query_caps_default:<decodebin3:src_0> query caps caps query: 0xf3d341b0, GstQueryCaps, filter=(GstCaps)"NULL", caps=(GstCaps)"NULL";
05-09 19:56:16.246  2029  2175 D GStreamer+bin: 0:05:00.634038063 0xf3d9e340 gstbin.c:882:find_message:<glimagesinkbin2> no message found matching types 00001000
05-09 19:56:16.246  2029  2192 D GStreamer+GST_PADS: 0:05:00.634053323 0xf3ac6890 gstutils.c:2599:gst_pad_proxy_query_caps:<decodebin3:src_0> proxying caps query for decodebin3:src_0
05-09 19:56:16.246  2029  2175 D GStreamer+bin: 0:05:00.634077750 0xf3d9e340 gstbin.c:889:find_message:<glimagesinkbin2>   structure-change
05-09 19:56:16.246  2029  2175 D GStreamer+bin: 0:05:00.634119834 0xf3d9e340 gstbin.c:2098:update_degree:<glimagesinkbin2> change element glcolorbalance2, degree 0->1, linked to sink
05-09 19:56:16.246  2029  2192 D GStreamer+GST_PADS: 0:05:00.634135354 0xf3ac6890 gstpad.c:4009:gst_pad_peer_query:<src_0:proxypad11> peer query 0xf3d341b0 (caps)
05-09 19:56:16.246  2029  2175 D GStreamer+bin: 0:05:00.634160823 0xf3d9e340 gstbin.c:882:find_message:<glimagesinkbin2> no message found matching types 00001000
05-09 19:56:16.246  2029  2175 D GStreamer+bin: 0:05:00.634202438 0xf3d9e340 gstbin.c:889:find_message:<glimagesinkbin2>   structure-change
05-09 19:56:16.246  2029  2192 D GStreamer+GST_PADS: 0:05:00.634189677 0xf3ac6890 gstpad.c:3882:gst_pad_query:<amcaudiodec-omxgooglemp3decoder0:src> doing query 0xf3d341b0 (caps)
05-09 19:56:16.246  2029  2175 D GStreamer+bin: 0:05:00.634243948 0xf3d9e340 gstbin.c:2098:update_degree:<glimagesinkbin2> change element glcolorconvertelement2, degree 0->1, linked to glcolorbalance2
05-09 19:56:16.246  2029  2192 D GStreamer+GST_PADS: 0:05:00.634259834 0xf3ac6890 gstpad.c:3650:do_probe_callbacks:<amcaudiodec-omxgooglemp3decoder0:src> data is passed
05-09 19:56:16.246  2029  2175 D GStreamer+bin: 0:05:00.634284573 0xf3d9e340 gstbin.c:882:find_message:<glimagesinkbin2> no message found matching types 00001000
05-09 19:56:16.246  2029  2175 D GStreamer+bin: 0:05:00.634326084 0xf3d9e340 gstbin.c:889:find_message:<glimagesinkbin2>   structure-change
05-09 19:56:16.246  2029  2192 D GStreamer+audiodecoder: 0:05:00.634344886 0xf3ac6890 gstaudiodecoder.c:2883:gst_audio_decoder_src_query:<amcaudiodec-omxgooglemp3decoder0:src> received query caps query: 0xf3d341b0, GstQueryCaps, filter=(GstCaps)"NULL", caps=(GstCaps)"NULL";
05-09 19:56:16.246  2029  2175 D GStreamer+bin: 0:05:00.634373948 0xf3d9e340 gstbin.c:2098:update_degree:<glimagesinkbin2> change element gluploadelement2, degree 0->1, linked to glcolorconvertelement2
05-09 19:56:16.246  2029  2175 D GStreamer+bin: 0:05:00.634436240 0xf3d9e340 gstbin.c:882:find_message:<glimagesinkbin2> no message found matching types 00001000
05-09 19:56:16.246  2029  2192 D GStreamer+GST_CAPS: 0:05:00.634420615 0xf3ac6890 gstpad.c:3088:gst_pad_query_caps_default:<amcaudiodec-omxgooglemp3decoder0:src> query caps caps query: 0xf3d341b0, GstQueryCaps, filter=(GstCaps)"NULL", caps=(GstCaps)"NULL";
05-09 19:56:16.246  2029  2175 D GStreamer+bin: 0:05:00.634482334 0xf3d9e340 gstbin.c:889:find_message:<glimagesinkbin2>   structure-change
05-09 19:56:16.246  2029  2192 D GStreamer+GST_CAPS: 0:05:00.634497698 0xf3ac6890 gstpad.c:3111:gst_pad_query_caps_default:<amcaudiodec-omxgooglemp3decoder0:src> trying pad template caps
05-09 19:56:16.246  2029  2175 D GStreamer+bin: 0:05:00.634524313 0xf3d9e340 gstbin.c:2121:update_degree:<glimagesinkbin2> element gluploadelement2 not linked on any sinkpads
05-09 19:56:16.246  2029  2175 D GStreamer+bin: 0:05:00.634573532 0xf3d9e340 gstbin.c:2182:gst_bin_sort_iterator_next:<glimagesinkbin2> queue head gives sink
05-09 19:56:16.246  2029  2192 D GStreamer+GST_CAPS: 0:05:00.634595615 0xf3ac6890 gstpad.c:3141:gst_pad_query_caps_default:<amcaudiodec-omxgooglemp3decoder0:src> using caps 0xf375a2f0 audio/x-raw, rate=(int)[ 1, 2147483647 ], channels=(int)[ 1, 2147483647 ], format=(string)S16LE
05-09 19:56:16.246  2029  2175 D GStreamer+bin: 0:05:00.634614261 0xf3d9e340 gstbin.c:882:find_message:<glimagesinkbin2> no message found matching types 00001000
05-09 19:56:16.246  2029  2192 D GStreamer+GST_PADS: 0:05:00.634669417 0xf3ac6890 gstpad.c:3339:gst_pad_query_default:<amcaudiodec-omxgooglemp3decoder0:src> not forwarding 0xf3d341b0 (caps) query
05-09 19:56:16.246  2029  2175 D GStreamer+bin: 0:05:00.634685198 0xf3d9e340 gstbin.c:889:find_message:<glimagesinkbin2>   structure-change
05-09 19:56:16.246  2029  2192 D GStreamer+GST_PADS: 0:05:00.634713323 0xf3ac6890 gstpad.c:3905:gst_pad_query:<amcaudiodec-omxgooglemp3decoder0:src> sent query 0xf3d341b0 (caps), result 1
05-09 19:56:16.246  2029  2175 D GStreamer+bin: 0:05:00.634724886 0xf3d9e340 gstbin.c:2098:update_degree:<glimagesinkbin2> change element glcolorbalance2, degree 1->0, linked to sink
05-09 19:56:16.246  2029  2175 D GStreamer+bin: 0:05:00.634761344 0xf3d9e340 gstbin.c:1981:add_to_queue:<glimagesinkbin2> adding 'glcolorbalance2' to queue
05-09 19:56:16.246  2029  2192 D GStreamer+default: 0:05:00.634799000 0xf3ac6890 gstutils.c:2561:query_caps_func:<src_0:proxypad11> intersect with result audio/x-raw, rate=(int)[ 1, 2147483647 ], channels=(int)[ 1, 2147483647 ], format=(string)S16LE
05-09 19:56:16.246  2029  2175 I GStreamer+GST_STATES: 0:05:00.634814625 0xf3d9e340 gstbin.c:2316:gst_bin_element_set_state:<sink> current READY pending VOID_PENDING, desired next NULL
05-09 19:56:16.247  2029  2175 D GStreamer+bin: 0:05:00.634859625 0xf3d9e340 gstbin.c:882:find_message:<glimagesinkbin2> no message found matching types 00100000
05-09 19:56:16.247  2029  2192 D GStreamer+default: 0:05:00.634902698 0xf3ac6890 gstutils.c:2563:query_caps_func:<src_0:proxypad11> intersected audio/x-raw, rate=(int)[ 1, 2147483647 ], channels=(int)[ 1, 2147483647 ], format=(string)S16LE
