05-09 19:56:16.135  2029  2186 D GStreamer+GST_PARENTAGE: 0:05:00.522939469 0xf37ecf20 gstelement.c:3040:gst_element_set_bus_func:<capsfilter2> setting bus to 0xf39a9668
05-09 19:56:16.135  2029  2187 D GStreamer+GST_SCHEDULING: 0:05:00.522987698 0xf37ecf50 gstpad.c:4159:gst_pad_chain_data_unchecked:<queue6:sink> called chainfunction &gst_queue_chain with buffer 0xf3b6b2a8, returned ok
05-09 19:56:16.135  2029  2185 D GStreamer+decodebin: 0:05:00.523055980 0xf37ecec0 gstdecodebin2.c:1531:analyze_new_pad:<decodebin3> Pad mpegaudioparse0:src caps:audio/mpeg, mpegversion=(int)1, layer=(int)[ 1, 3 ], mpegaudioversion=(int)[ 1, 3 ], rate=(int)[ 8000, 48000 ], channels=(int)[ 1, 2 ], parsed=(boolean)true
05-09 19:56:16.135  2029  2187 D GStreamer+qtdemux: 0:05:00.523074105 0xf37ecf50 qtdemux.c:7675:qtdemux_parse_samples:<q> parsing up to sample 25
05-09 19:56:16.135  2029  2186 D GStreamer+GST_CLOCK: 0:05:00.523091032 0xf37ecf20 gstelement.c:478:gst_element_set_base_time:<capsfilter2> set base_time=0:00:00.000000000, old 0:00:00.000000000
05-09 19:56:16.135  2029  2185 D GStreamer+GST_PADS: 0:05:00.523102073 0xf37ecec0 gstpad.c:1062:gst_pad_set_active:<'':decodepad3> pad was active in push mode
05-09 19:56:16.135  2029  2187 D GStreamer+qtdemux: 0:05:00.523144573 0xf37ecf50 qtdemux.c:7882:qtdemux_parse_samples:<q> sample 25: index 25, timestamp 0:00:00.600000000
05-09 19:56:16.135  2029  2186 D GStreamer+GST_CLOCK: 0:05:00.523159313 0xf37ecf20 gstelement.c:540:gst_element_set_start_time:<capsfilter2> set start_time=0:00:00.000000000, old 0:00:00.000000000
05-09 19:56:16.135  2029  2185 D GStreamer+GST_PADS: 0:05:00.523189782 0xf37ecec0 gstghostpad.c:840:gst_ghost_pad_set_target:<'':decodepad3> set target mpegaudioparse0:src
05-09 19:56:16.135  2029  2187 D GStreamer+qtdemux: 0:05:00.523213636 0xf37ecf50 qtdemux.c:7982:qtdemux_parse_samples:<q> setting all keyframes
05-09 19:56:16.135  2029  2186 D GStreamer+GST_CLOCK: 0:05:00.523249209 0xf37ecf20 gstelement.c:418:gst_element_set_clock:<capsfilter2> setting clock 0x0
05-09 19:56:16.135  2029  2185 D GStreamer+GST_PADS: 0:05:00.523283636 0xf37ecec0 gstghostpad.c:862:gst_ghost_pad_set_target:<'':decodepad3> connecting internal pad to target <mpegaudioparse0:src>
05-09 19:56:16.135  2029  2186 D GStreamer+bin: 0:05:00.523301188 0xf37ecf20 gstbin.c:1215:gst_bin_add_func:<forhwgl> added SUCCESS element
05-09 19:56:16.135  2029  2187 D GStreamer+qtdemux: 0:05:00.523317125 0xf37ecf50 qtdemux.c:5197:gst_qtdemux_loop_state_movie:<q> pushing from stream 0, empty 0 offset 604220, size 42797, dts=0:00:00.278333333, pts=0:00:00.278333333, duration 0:00:00.020000000
05-09 19:56:16.135  2029  2186 D GStreamer+GST_PARENTAGE: 0:05:00.523350459 0xf37ecf20 gstbin.c:1295:gst_bin_add_func:<forhwgl> added element "capsfilter2"
05-09 19:56:16.135  2029  2187 D GStreamer+basesrc: 0:05:00.523437542 0xf37ecf50 gstbasesrc.c:2355:gst_base_src_update_length:<filesrc2> reading offset 604220, length 42797, size 15003960, segment.stop -1, maxsize 15003960
05-09 19:56:16.135  2029  2185 D GStreamer+GST_BUS: 0:05:00.523452177 0xf37ecec0 gstbus.c:309:gst_bus_post:<bus10> [msg 0xf3d438b8] posting on bus structure-change message: 0xf3d438b8, time 99:99:99.999999999, seq-num 1642, element 'proxypad11', GstMessageStructureChange, type=(GstStructureChangeType)GST_STRUCTURE_CHANGE_TYPE_PAD_LINK, owner=(GstElement)"\(GstMpegAudioParse\)\ mpegaudioparse0", busy=(boolean)true;
05-09 19:56:16.135  2029  2186 D GStreamer+GST_PADS: 0:05:00.523468480 0xf37ecf20 gstghostpad.c:842:gst_ghost_pad_set_target:<'':decodepad2> clearing target
05-09 19:56:16.135  2029  2187 D GStreamer+basesrc: 0:05:00.523512646 0xf37ecf50 gstbasesrc.c:2456:gst_base_src_get_range:<filesrc2> calling create offset 604220 length 42797, time 0
05-09 19:56:16.135  2029  2185 D GStreamer+bin: 0:05:00.523523688 0xf37ecec0 gstbin.c:3528:gst_bin_handle_message_func:<decodebin3> [msg 0xf3d438b8] handling child proxypad11 message of type structure-change
05-09 19:56:16.135  2029  2187 D GStreamer+GST_MEMORY: 0:05:00.523561657 0xf37ecf50 gstmemory.c:138:gst_memory_init new memory 0xf3e4d470, maxsize:42800 offset:0 size:42797
05-09 19:56:16.135  2029  2186 I GStreamer+GST_ELEMENT_PADS: 0:05:00.523576865 0xf37ecf20 gstpad.c:2048:gst_pad_unlink unlinking h264parse2:src(0xf3af3190) and decodepad2:proxypad10(0xf3923e58)
05-09 19:56:16.135  2029  2185 D GStreamer+bin: 0:05:00.523617542 0xf37ecec0 gstbin.c:882:find_message:<decodebin3> no message found matching types 00001000
05-09 19:56:16.135  2029  2187 D GStreamer+basesrc: 0:05:00.523634052 0xf37ecf50 gstbasesrc.c:2310:gst_base_src_do_sync:<filesrc2> we have no clock
05-09 19:56:16.135  2029  2187 D GStreamer+basesrc: 0:05:00.523679625 0xf37ecf50 gstbasesrc.c:2520:gst_base_src_get_range:<filesrc2> buffer ok
05-09 19:56:16.135  2029  2186 D GStreamer+GST_BUS: 0:05:00.523708948 0xf37ecf20 gstbus.c:309:gst_bus_post:<bus8> [msg 0xf3d32458] posting on bus structure-change message: 0xf3d32458, time 99:99:99.999999999, seq-num 1643, element 'proxypad10', GstMessageStructureChange, type=(GstStructureChangeType)GST_STRUCTURE_CHANGE_TYPE_PAD_UNLINK, owner=(GstElement)"\(GstH264Parse\)\ h264parse2", busy=(boolean)true;
05-09 19:56:16.135  2029  2185 D GStreamer+bin: 0:05:00.523693011 0xf37ecec0 gstbin.c:889:find_message:<decodebin3>   structure-change
05-09 19:56:16.135  2029  2186 D GStreamer+bin: 0:05:00.523779730 0xf37ecf20 gstbin.c:3528:gst_bin_handle_message_func:<forhwgl> [msg 0xf3d32458] handling child proxypad10 message of type structure-change
05-09 19:56:16.135  2029  2187 D GStreamer+GST_SCHEDULING: 0:05:00.523815198 0xf37ecf50 gstpad.c:4153:gst_pad_chain_data_unchecked:<queue4:sink> calling chainfunction &gst_queue_chain with buffer buffer: 0xf3b72358, pts 0:00:00.278333333, dts 0:00:00.278333333, dur 0:00:00.020000000, size 42797, offset none, offset_end none, flags 0x0
05-09 19:56:16.135  2029  2185 D GStreamer+bin: 0:05:00.523794521 0xf37ecec0 gstbin.c:929:bin_replace_message:<decodebin3> got new message 0xf3d438b8, structure-change from proxypad11
05-09 19:56:16.135  2029  2186 D GStreamer+bin: 0:05:00.523824261 0xf37ecf20 gstbin.c:882:find_message:<forhwgl> no message found matching types 00001000
05-09 19:56:16.136  2029  2186 D GStreamer+bin: 0:05:00.523882438 0xf37ecf20 gstbin.c:889:find_message:<forhwgl>   structure-change
05-09 19:56:16.136  2029  2185 D GStreamer+GST_BUS: 0:05:00.523899625 0xf37ecec0 gstbus.c:344:gst_bus_post:<bus10> [msg 0xf3d438b8] dropped
05-09 19:56:16.136  2029  2187 D GStreamer+GST_SCHEDULING: 0:05:00.523916136 0xf37ecf50 gstpad.c:4159:gst_pad_chain_data_unchecked:<queue4:sink> called chainfunction &gst_queue_chain with buffer 0xf3b72358, returned ok
05-09 19:56:16.136  2029  2186 D GStreamer+bin: 0:05:00.523955823 0xf37ecf20 gstbin.c:929:bin_replace_message:<forhwgl> got new message 0xf3d32458, structure-change from proxypad10
05-09 19:56:16.136  2029  2185 I GStreamer+GST_PADS: 0:05:00.523963636 0xf37ecec0 gstpad.c:2292:gst_pad_link_prepare trying to link mpegaudioparse0:src and decodepad3:proxypad11
05-09 19:56:16.136  2029  2185 I GStreamer+GST_PADS: 0:05:00.524015198 0xf37ecec0 gstpad.c:2498:gst_pad_link_full linked mpegaudioparse0:src and decodepad3:proxypad11, successful
05-09 19:56:16.136  2029  2187 D GStreamer+qtdemux: 0:05:00.523995927 0xf37ecf50 qtdemux.c:7675:qtdemux_parse_samples:<q> parsing up to sample 14
05-09 19:56:16.136  2029  2186 D GStreamer+GST_BUS: 0:05:00.524025667 0xf37ecf20 gstbus.c:344:gst_bus_post:<bus8> [msg 0xf3d32458] dropped
05-09 19:56:16.136  2029  2185 I GStreamer+GST_EVENT: 0:05:00.524080511 0xf37ecec0 gstevent.c:1382:gst_event_new_reconfigure creating reconfigure event
05-09 19:56:16.136  2029  2186 I GStreamer+GST_ELEMENT_PADS: 0:05:00.524097646 0xf37ecf20 gstpad.c:2102:gst_pad_unlink unlinked h264parse2:src and decodepad2:proxypad10
05-09 19:56:16.136  2029  2187 D GStreamer+qtdemux: 0:05:00.524116709 0xf37ecf50 qtdemux.c:7882:qtdemux_parse_samples:<q> sample 14: index 1, timestamp 0:00:00.298333333
05-09 19:56:16.136  2029  2185 D GStreamer+GST_EVENT: 0:05:00.524131709 0xf37ecec0 gstevent.c:302:gst_event_new_custom creating new event 0xf3d338f8 reconfigure 61441
05-09 19:56:16.136  2029  2187 D GStreamer+qtdemux: 0:05:00.524162907 0xf37ecf50 qtdemux.c:7937:qtdemux_parse_samples:<q> samples at 14 is keyframe
05-09 19:56:16.136  2029  2186 D GStreamer+GST_BUS: 0:05:00.524215250 0xf37ecf20 gstbus.c:309:gst_bus_post:<bus8> [msg 0xf37f5f30] posting on bus structure-change message: 0xf37f5f30, time 99:99:99.999999999, seq-num 1644, element 'proxypad10', GstMessageStructureChange, type=(GstStructureChangeType)GST_STRUCTURE_CHANGE_TYPE_PAD_UNLINK, owner=(GstElement)"\(GstH264Parse\)\ h264parse2", busy=(boolean)false;
05-09 19:56:16.136  2029  2185 D GStreamer+GST_EVENT: 0:05:00.524240355 0xf37ecec0 gstpad.c:5496:gst_pad_send_event_unchecked:<mpegaudioparse0:src> have event type reconfigure event: 0xf3d338f8, time 99:99:99.999999999, seq-num 1645, (NULL)
05-09 19:56:16.136  2029  2187 D GStreamer+qtdemux: 0:05:00.524260771 0xf37ecf50 qtdemux.c:5197:gst_qtdemux_loop_state_movie:<q> pushing from stream 1, empty 0 offset 689871, size 144, dts=0:00:00.600000000, pts=0:00:00.600000000, duration 0:00:00.024000000
05-09 19:56:16.136  2029  2186 D GStreamer+bin: 0:05:00.524284000 0xf37ecf20 gstbin.c:3528:gst_bin_handle_message_func:<forhwgl> [msg 0xf37f5f30] handling child proxypad10 message of type structure-change
05-09 19:56:16.136  2029  2185 I GStreamer+GST_EVENT: 0:05:00.524311761 0xf37ecec0 gstpad.c:5601:gst_pad_send_event_unchecked:<mpegaudioparse0:src> Received event on flushing pad. Discarding
05-09 19:56:16.136  2029  2187 D GStreamer+basesrc: 0:05:00.524327125 0xf37ecf50 gstbasesrc.c:2355:gst_base_src_update_length:<filesrc2> reading offset 689871, length 144, size 15003960, segment.stop -1, maxsize 15003960
05-09 19:56:16.136  2029  2186 D GStreamer+bin: 0:05:00.524350146 0xf37ecf20 gstbin.c:957:bin_remove_messages:<decodepad2:proxypad10> deleting message 0xf3d32458 of types 0x00001000
05-09 19:56:16.136  2029  2187 D GStreamer+basesrc: 0:05:00.524385459 0xf37ecf50 gstbasesrc.c:2456:gst_base_src_get_range:<filesrc2> calling create offset 689871 length 144, time 0
05-09 19:56:16.136  2029  2186 D GStreamer+bin: 0:05:00.524445094 0xf37ecf20 gstbin.c:963:bin_remove_messages:<forhwgl> not deleting message 0xf3ab98b8 of type 0x00100000
05-09 19:56:16.136  2029  2187 D GStreamer+GST_MEMORY: 0:05:00.524460771 0xf37ecf50 gstmemory.c:138:gst_memory_init new memory 0xf3af40f0, maxsize:147 offset:0 size:144
05-09 19:56:16.136  2029  2187 D GStreamer+basesrc: 0:05:00.524505823 0xf37ecf50 gstbasesrc.c:2310:gst_base_src_do_sync:<filesrc2> we have no clock
05-09 19:56:16.136  2029  2186 D GStreamer+GST_BUS: 0:05:00.524513792 0xf37ecf20 gstbus.c:344:gst_bus_post:<bus8> [msg 0xf37f5f30] dropped
05-09 19:56:16.136  2029  2185 D GStreamer+GST_BUS: 0:05:00.524529157 0xf37ecec0 gstbus.c:309:gst_bus_post:<bus10> [msg 0xf3d43910] posting on bus structure-change message: 0xf3d43910, time 99:99:99.999999999, seq-num 1646, element 'proxypad11', GstMessageStructureChange, type=(GstStructureChangeType)GST_STRUCTURE_CHANGE_TYPE_PAD_LINK, owner=(GstElement)"\(GstMpegAudioParse\)\ mpegaudioparse0", busy=(boolean)false;
05-09 19:56:16.136  2029  2187 D GStreamer+basesrc: 0:05:00.524539782 0xf37ecf50 gstbasesrc.c:2520:gst_base_src_get_range:<filesrc2> buffer ok
05-09 19:56:16.136  2029  2186 I GStreamer+GST_ELEMENT_PADS: 0:05:00.524554417 0xf37ecf20 gstelement.c:907:gst_element_get_static_pad found pad capsfilter2:sink
05-09 19:56:16.136  2029  2185 D GStreamer+bin: 0:05:00.524604834 0xf37ecec0 gstbin.c:3528:gst_bin_handle_message_func:<decodebin3> [msg 0xf3d43910] handling child proxypad11 message of type structure-change
05-09 19:56:16.136  2029  2187 D GStreamer+GST_SCHEDULING: 0:05:00.524640146 0xf37ecf50 gstpad.c:4153:gst_pad_chain_data_unchecked:<queue6:sink> calling chainfunction &gst_queue_chain with buffer buffer: 0xf39e3dc8, pts 0:00:00.600000000, dts 0:00:00.600000000, dur 0:00:00.024000000, size 144, offset none, offset_end none, flags 0x0
05-09 19:56:16.136  2029  2185 D GStreamer+bin: 0:05:00.524670771 0xf37ecec0 gstbin.c:957:bin_remove_messages:<decodepad3:proxypad11> deleting message 0xf3d438b8 of types 0x00001000
05-09 19:56:16.136  2029  2186 D GStreamer+GST_BUS: 0:05:00.524703844 0xf37ecf20 gstbus.c:309:gst_bus_post:<bus8> [msg 0xf37f5ed8] posting on bus structure-change message: 0xf37f5ed8, time 99:99:99.999999999, seq-num 1647, element 'sink', GstMessageStructureChange, type=(GstStructureChangeType)GST_STRUCTURE_CHANGE_TYPE_PAD_LINK, owner=(GstElement)"\(GstH264Parse\)\ h264parse2", busy=(boolean)true;
05-09 19:56:16.136  2029  2187 D GStreamer+GST_SCHEDULING: 0:05:00.524731761 0xf37ecf50 gstpad.c:4159:gst_pad_chain_data_unchecked:<queue6:sink> called chainfunction &gst_queue_chain with buffer 0xf39e3dc8, returned ok
05-09 19:56:16.136  2029  2185 D GStreamer+bin: 0:05:00.524752334 0xf37ecec0 gstbin.c:963:bin_remove_messages:<decodebin3> not deleting message 0xf3d32560 of type 0x00100000
05-09 19:56:16.136  2029  2186 D GStreamer+bin: 0:05:00.524763896 0xf37ecf20 gstbin.c:3528:gst_bin_handle_message_func:<forhwgl> [msg 0xf37f5ed8] handling child sink message of type structure-change
05-09 19:56:16.136  2029  2187 D GStreamer+qtdemux: 0:05:00.524791761 0xf37ecf50 qtdemux.c:7675:qtdemux_parse_samples:<q> parsing up to sample 26
05-09 19:56:16.136  2029  2186 D GStreamer+bin: 0:05:00.524806188 0xf37ecf20 gstbin.c:882:find_message:<forhwgl> no message found matching types 00001000
05-09 19:56:16.136  2029  2187 D GStreamer+qtdemux: 0:05:00.524847855 0xf37ecf50 qtdemux.c:7882:qtdemux_parse_samples:<q> sample 26: index 26, timestamp 0:00:00.624000000
05-09 19:56:16.136  2029  2185 D GStreamer+GST_BUS: 0:05:00.524853323 0xf37ecec0 gstbus.c:344:gst_bus_post:<bus10> [msg 0xf3d43910] dropped
05-09 19:56:16.137  2029  2186 D GStreamer+bin: 0:05:00.524877073 0xf37ecf20 gstbin.c:889:find_message:<forhwgl>   structure-change
05-09 19:56:16.137  2029  2187 D GStreamer+qtdemux: 0:05:00.524895823 0xf37ecf50 qtdemux.c:7982:qtdemux_parse_samples:<q> setting all keyframes
05-09 19:56:16.137  2029  2185 D GStreamer+decodebin: 0:05:00.524993480 0xf37ecec0 gstdecodebin2.c:1889:analyze_new_pad:<mpegaudioparse0:src> pad has non-fixed caps delay autoplugging
05-09 19:56:16.137  2029  2186 D GStreamer+bin: 0:05:00.525010719 0xf37ecf20 gstbin.c:929:bin_replace_message:<forhwgl> got new message 0xf37f5ed8, structure-change from sink
05-09 19:56:16.137  2029  2187 D GStreamer+qtdemux: 0:05:00.525059105 0xf37ecf50 qtdemux.c:5197:gst_qtdemux_loop_state_movie:<q> pushing from stream 0, empty 0 offset 647161, size 42710, dts=0:00:00.298333333, pts=0:00:00.298333333, duration 0:00:00.020000000
05-09 19:56:16.137  2029  2185 D GStreamer+GST_STATES: 0:05:00.525094625 0xf37ecec0 gstelement.c:2523:gst_element_set_state_func:<mpegaudioparse0> set_state to PAUSED
05-09 19:56:16.137  2029  2187 D GStreamer+basesrc: 0:05:00.525108584 0xf37ecf50 gstbasesrc.c:2355:gst_base_src_update_length:<filesrc2> reading offset 647161, length 42710, size 15003960, segment.stop -1, maxsize 15003960
05-09 19:56:16.137  2029  2185 D GStreamer+GST_STATES: 0:05:00.525134990 0xf37ecec0 gstelement.c:2548:gst_element_set_state_func:<mpegaudioparse0> setting target state to PAUSED
05-09 19:56:16.137  2029  2186 D GStreamer+GST_BUS: 0:05:00.525140250 0xf37ecf20 gstbus.c:344:gst_bus_post:<bus8> [msg 0xf37f5ed8] dropped
05-09 19:56:16.137  2029  2187 D GStreamer+basesrc: 0:05:00.525150927 0xf37ecf50 gstbasesrc.c:2456:gst_base_src_get_range:<filesrc2> calling create offset 647161 length 42710, time 0
05-09 19:56:16.137  2029  2187 D GStreamer+GST_MEMORY: 0:05:00.525203688 0xf37ecf50 gstmemory.c:138:gst_memory_init new memory 0xf3b17950, maxsize:42713 offset:0 size:42710
05-09 19:56:16.137  2029  2186 I GStreamer+GST_PADS: 0:05:00.525220771 0xf37ecf20 gstpad.c:2292:gst_pad_link_prepare trying to link h264parse2:src and capsfilter2:sink
05-09 19:56:16.137  2029  2185 D GStreamer+GST_STATES: 0:05:00.525235511 0xf37ecec0 gstelement.c:2561:gst_element_set_state_func:<mpegaudioparse0> current READY, old_pending VOID_PENDING, next VOID_PENDING, old return SUCCESS
05-09 19:56:16.137  2029  2186 I GStreamer+GST_PADS: 0:05:00.525260146 0xf37ecf20 gstpad.c:2498:gst_pad_link_full linked h264parse2:src and capsfilter2:sink, successful
05-09 19:56:16.137  2029  2185 D GStreamer+GST_STATES: 0:05:00.525280563 0xf37ecec0 gstelement.c:2595:gst_element_set_state_func:<mpegaudioparse0> final: setting state from READY to PAUSED
05-09 19:56:16.137  2029  2185 D GStreamer+baseparse: 0:05:00.525344990 0xf37ecec0 gstbaseparse.c:4782:gst_base_parse_change_state:<mpegaudioparse0> no index provided creating our own
05-09 19:56:16.137  2029  2185 D GStreamer+default: 0:05:00.525387802 0xf37ecec0 gstindex.c:280:gst_index_group_new created new index group 0
05-09 19:56:16.137  2029  2186 I GStreamer+GST_EVENT: 0:05:00.525440198 0xf37ecf20 gstevent.c:1382:gst_event_new_reconfigure creating reconfigure event
05-09 19:56:16.137  2029  2185 D GStreamer+default: 0:05:00.525455927 0xf37ecec0 gstindex.c:193:gst_index_init created new index
05-09 19:56:16.137  2029  2187 D GStreamer+basesrc: 0:05:00.525481969 0xf37ecf50 gstbasesrc.c:2310:gst_base_src_do_sync:<filesrc2> we have no clock
05-09 19:56:16.137  2029  2186 D GStreamer+GST_EVENT: 0:05:00.525502750 0xf37ecf20 gstevent.c:302:gst_event_new_custom creating new event 0xf396bb70 reconfigure 61441
05-09 19:56:16.137  2029  2185 D GStreamer+default: 0:05:00.525536292 0xf37ecec0 gstmemindex.c:128:gst_mem_index_init created new mem index
05-09 19:56:16.137  2029  2187 D GStreamer+basesrc: 0:05:00.525553271 0xf37ecf50 gstbasesrc.c:2520:gst_base_src_get_range:<filesrc2> buffer ok
05-09 19:56:16.137  2029  2186 D GStreamer+GST_EVENT: 0:05:00.525572021 0xf37ecf20 gstpad.c:5496:gst_pad_send_event_unchecked:<h264parse2:src> have event type reconfigure event: 0xf396bb70, time 99:99:99.999999999, seq-num 1648, (NULL)
05-09 19:56:16.137  2029  2186 I GStreamer+GST_EVENT: 0:05:00.525634157 0xf37ecf20 gstpad.c:5601:gst_pad_send_event_unchecked:<h264parse2:src> Received event on flushing pad. Discarding
05-09 19:56:16.137  2029  2185 D GStreamer+GST_ELEMENT_PADS: 0:05:00.525680198 0xf37ecec0 gstelement.c:2793:gst_element_pads_activate:<mpegaudioparse0> activate pads
05-09 19:56:16.137  2029  2187 D GStreamer+GST_SCHEDULING: 0:05:00.525707698 0xf37ecf50 gstpad.c:4153:gst_pad_chain_data_unchecked:<queue4:sink> calling chainfunction &gst_queue_chain with buffer buffer: 0xf39e2d18, pts 0:00:00.298333333, dts 0:00:00.298333333, dur 0:00:00.020000000, size 42710, offset none, offset_end none, flags 0x0
05-09 19:56:16.137  2029  2187 D GStreamer+GST_SCHEDULING: 0:05:00.525762750 0xf37ecf50 gstpad.c:4159:gst_pad_chain_data_unchecked:<queue4:sink> called chainfunction &gst_queue_chain with buffer 0xf39e2d18, returned ok
05-09 19:56:16.137  2029  2185 D GStreamer+GST_PADS: 0:05:00.525786865 0xf37ecec0 gstpad.c:1056:gst_pad_set_active:<mpegaudioparse0:src> activating pad from none
05-09 19:56:16.137  2029  2186 D GStreamer+GST_BUS: 0:05:00.525803636 0xf37ecf20 gstbus.c:309:gst_bus_post:<bus8> [msg 0xf3acf168] posting on bus structure-change message: 0xf3acf168, time 99:99:99.999999999, seq-num 1649, element 'sink', GstMessageStructureChange, type=(GstStructureChangeType)GST_STRUCTURE_CHANGE_TYPE_PAD_LINK, owner=(GstElement)"\(GstH264Parse\)\ h264parse2", busy=(boolean)false;
05-09 19:56:16.137  2029  2187 D GStreamer+qtdemux: 0:05:00.525838636 0xf37ecf50 qtdemux.c:7675:qtdemux_parse_samples:<q> parsing up to sample 15
05-09 19:56:16.138  2029  2185 D GStreamer+GST_PADS: 0:05:00.525892230 0xf37ecec0 gstpad.c:972:pre_activate:<mpegaudioparse0:src> setting pad into push mode, unset flushing
05-09 19:56:16.138  2029  2187 D GStreamer+qtdemux: 0:05:00.525906500 0xf37ecf50 qtdemux.c:7882:qtdemux_parse_samples:<q> sample 15: index 0, timestamp 0:00:00.318333333
05-09 19:56:16.138  2029  2186 D GStreamer+bin: 0:05:00.525922698 0xf37ecf20 gstbin.c:3528:gst_bin_handle_message_func:<forhwgl> [msg 0xf3acf168] handling child sink message of type structure-change
05-09 19:56:16.138  2029  2185 D GStreamer+GST_PADS: 0:05:00.525933480 0xf37ecec0 gstpad.c:1198:gst_pad_activate_mode:<mpegaudioparse0:src> activated in push mode
05-09 19:56:16.138  2029  2187 D GStreamer+qtdemux: 0:05:00.525953115 0xf37ecf50 qtdemux.c:7937:qtdemux_parse_samples:<q> samples at 15 is keyframe
05-09 19:56:16.138  2029  2186 D GStreamer+bin: 0:05:00.525974990 0xf37ecf20 gstbin.c:957:bin_remove_messages:<capsfilter2:sink> deleting message 0xf37f5ed8 of types 0x00001000
05-09 19:56:16.138  2029  2185 D GStreamer+GST_PADS: 0:05:00.526012073 0xf37ecec0 gstpad.c:1056:gst_pad_set_active:<mpegaudioparse0:sink> activating pad from none
05-09 19:56:16.138  2029  2186 D GStreamer+bin: 0:05:00.526043271 0xf37ecf20 gstbin.c:963:bin_remove_messages:<forhwgl> not deleting message 0xf3ab98b8 of type 0x00100000
05-09 19:56:16.138  2029  2187 D GStreamer+qtdemux: 0:05:00.526061761 0xf37ecf50 qtdemux.c:5197:gst_qtdemux_loop_state_movie:<q> pushing from stream 1, empty 0 offset 731614, size 144, dts=0:00:00.624000000, pts=0:00:00.624000000, duration 0:00:00.024000000
05-09 19:56:16.138  2029  2185 D GStreamer+baseparse: 0:05:00.526097907 0xf37ecec0 gstbaseparse.c:3585:gst_base_parse_sink_activate:<mpegaudioparse0> sink activate
05-09 19:56:16.138  2029  2186 D GStreamer+GST_BUS: 0:05:00.526113688 0xf37ecf20 gstbus.c:344:gst_bus_post:<bus8> [msg 0xf3acf168] dropped
05-09 19:56:16.138  2029  2187 D GStreamer+basesrc: 0:05:00.526129938 0xf37ecf50 gstbasesrc.c:2355:gst_base_src_update_length:<filesrc2> reading offset 731614, length 144, size 15003960, segment.stop -1, maxsize 15003960
05-09 19:56:16.138  2029  2185 D GStreamer+query: 0:05:00.526152177 0xf37ecec0 gstquery.c:674:gst_query_new_custom creating new query 0xf3ac69b0 scheduling
05-09 19:56:16.138  2029  2187 D GStreamer+basesrc: 0:05:00.526179938 0xf37ecf50 gstbasesrc.c:2456:gst_base_src_get_range:<filesrc2> calling create offset 731614 length 144, time 0
05-09 19:56:16.138  2029  2186 I GStreamer+GST_ELEMENT_PADS: 0:05:00.526185511 0xf37ecf20 gstelement.c:907:gst_element_get_static_pad found pad capsfilter2:src
05-09 19:56:16.138  2029  2185 D GStreamer+GST_PADS: 0:05:00.526207959 0xf37ecec0 gstpad.c:4009:gst_pad_peer_query:<mpegaudioparse0:sink> peer query 0xf3ac69b0 (scheduling)
05-09 19:56:16.138  2029  2186 D GStreamer+GST_PADS: 0:05:00.526248063 0xf37ecf20 gstghostpad.c:840:gst_ghost_pad_set_target:<'':decodepad2> set target capsfilter2:src
05-09 19:56:16.138  2029  2187 D GStreamer+GST_MEMORY: 0:05:00.526262855 0xf37ecf50 gstmemory.c:138:gst_memory_init new memory 0xf3af41d8, maxsize:147 offset:0 size:144
05-09 19:56:16.138  2029  2185 D GStreamer+GST_PADS: 0:05:00.526278167 0xf37ecec0 gstpad.c:3882:gst_pad_query:<typefind:src> doing query 0xf3ac69b0 (scheduling)
05-09 19:56:16.138  2029  2186 D GStreamer+GST_PADS: 0:05:00.526333740 0xf37ecf20 gstghostpad.c:862:gst_ghost_pad_set_target:<'':decodepad2> connecting internal pad to target <capsfilter2:src>
05-09 19:56:16.138  2029  2187 D GStreamer+basesrc: 0:05:00.526352125 0xf37ecf50 gstbasesrc.c:2310:gst_base_src_do_sync:<filesrc2> we have no clock
05-09 19:56:16.138  2029  2185 D GStreamer+typefind: 0:05:00.526366969 0xf37ecec0 gsttypefindelement.c:365:gst_type_find_handle_src_query:<typefind> Handling src query scheduling
05-09 19:56:16.138  2029  2187 D GStreamer+basesrc: 0:05:00.526394886 0xf37ecf50 gstbasesrc.c:2520:gst_base_src_get_range:<filesrc2> buffer ok
05-09 19:56:16.138  2029  2186 D GStreamer+GST_BUS: 0:05:00.526468844 0xf37ecf20 gstbus.c:309:gst_bus_post:<bus8> [msg 0xf3acf0b8] posting on bus structure-change message: 0xf3acf0b8, time 99:99:99.999999999, seq-num 1650, element 'proxypad10', GstMessageStructureChange, type=(GstStructureChangeType)GST_STRUCTURE_CHANGE_TYPE_PAD_LINK, owner=(GstElement)"\(GstCapsFilter\)\ capsfilter2", busy=(boolean)true;
05-09 19:56:16.138  2029  2185 D GStreamer+GST_PADS: 0:05:00.526480667 0xf37ecec0 gstpad.c:4009:gst_pad_peer_query:<typefind:sink> peer query 0xf3ac69b0 (scheduling)
05-09 19:56:16.138  2029  2187 D GStreamer+GST_SCHEDULING: 0:05:00.526571396 0xf37ecf50 gstpad.c:4153:gst_pad_chain_data_unchecked:<queue6:sink> calling chainfunction &gst_queue_chain with buffer buffer: 0xf3ac3820, pts 0:00:00.624000000, dts 0:00:00.624000000, dur 0:00:00.024000000, size 144, offset none, offset_end none, flags 0x0
05-09 19:56:16.138  2029  2186 D GStreamer+bin: 0:05:00.526588271 0xf37ecf20 gstbin.c:3528:gst_bin_handle_message_func:<forhwgl> [msg 0xf3acf0b8] handling child proxypad10 message of type structure-change
05-09 19:56:16.138  2029  2187 D GStreamer+GST_SCHEDULING: 0:05:00.526630823 0xf37ecf50 gstpad.c:4159:gst_pad_chain_data_unchecked:<queue6:sink> called chainfunction &gst_queue_chain with buffer 0xf3ac3820, returned ok
05-09 19:56:16.138  2029  2185 D GStreamer+GST_PADS: 0:05:00.526602594 0xf37ecec0 gstpad.c:3882:gst_pad_query:<sink:proxypad8> doing query 0xf3ac69b0 (scheduling)
05-09 19:56:16.138  2029  2186 D GStreamer+bin: 0:05:00.526640667 0xf37ecf20 gstbin.c:882:find_message:<forhwgl> no message found matching types 00001000
05-09 19:56:16.138  2029  2185 D GStreamer+GST_PADS: 0:05:00.526693636 0xf37ecec0 gstpad.c:3339:gst_pad_query_default:<sink:proxypad8> forwarding 0xf3ac69b0 (scheduling) query
05-09 19:56:16.138  2029  2187 D GStreamer+qtdemux: 0:05:00.526700823 0xf37ecf50 qtdemux.c:7675:qtdemux_parse_samples:<q> parsing up to sample 27
05-09 19:56:16.138  2029  2186 D GStreamer+bin: 0:05:00.526716084 0xf37ecf20 gstbin.c:889:find_message:<forhwgl>   structure-change
05-09 19:56:16.138  2029  2187 D GStreamer+qtdemux: 0:05:00.526776605 0xf37ecf50 qtdemux.c:7882:qtdemux_parse_samples:<q> sample 27: index 27, timestamp 0:00:00.648000000
05-09 19:56:16.138  2029  2186 D GStreamer+bin: 0:05:00.526788167 0xf37ecf20 gstbin.c:929:bin_replace_message:<forhwgl> got new message 0xf3acf0b8, structure-change from proxypad10
05-09 19:56:16.138  2029  2186 D GStreamer+GST_BUS: 0:05:00.526823063 0xf37ecf20 gstbus.c:344:gst_bus_post:<bus8> [msg 0xf3acf0b8] dropped
05-09 19:56:16.138  2029  2187 D GStreamer+qtdemux: 0:05:00.526830198 0xf37ecf50 qtdemux.c:7982:qtdemux_parse_samples:<q> setting all keyframes
05-09 19:56:16.139  2029  2185 D GStreamer+GST_PADS: 0:05:00.526834105 0xf37ecec0 gstpad.c:4009:gst_pad_peer_query:<decodebin3:sink> peer query 0xf3ac69b0 (scheduling)
05-09 19:56:16.139  2029  2186 I GStreamer+GST_PADS: 0:05:00.526898740 0xf37ecf20 gstpad.c:2292:gst_pad_link_prepare trying to link capsfilter2:src and decodepad2:proxypad10
05-09 19:56:16.139  2029  2185 D GStreamer+GST_PADS: 0:05:00.526929782 0xf37ecec0 gstpad.c:3882:gst_pad_query:<queue6:src> doing query 0xf3ac69b0 (scheduling)
05-09 19:56:16.139  2029  2186 I GStreamer+GST_PADS: 0:05:00.526943011 0xf37ecf20 gstpad.c:2498:gst_pad_link_full linked capsfilter2:src and decodepad2:proxypad10, successful
05-09 19:56:16.139  2029  2187 D GStreamer+qtdemux: 0:05:00.526959000 0xf37ecf50 qtdemux.c:5197:gst_qtdemux_loop_state_movie:<q> pushing from stream 0, empty 0 offset 690015, size 41599, dts=0:00:00.318333333, pts=0:00:00.318333333, duration 0:00:00.019666667
05-09 19:56:16.139  2029  2186 I GStreamer+GST_EVENT: 0:05:00.526972282 0xf37ecf20 gstevent.c:1382:gst_event_new_reconfigure creating reconfigure event
05-09 19:56:16.139  2029  2185 D GStreamer+GST_PADS: 0:05:00.527016917 0xf37ecec0 gstpad.c:3905:gst_pad_query:<queue6:src> sent query 0xf3ac69b0 (scheduling), result 1
05-09 19:56:16.139  2029  2186 D GStreamer+GST_EVENT: 0:05:00.527035302 0xf37ecf20 gstevent.c:302:gst_event_new_custom creating new event 0xf3922418 reconfigure 61441
05-09 19:56:16.139  2029  2187 D GStreamer+basesrc: 0:05:00.527051657 0xf37ecf50 gstbasesrc.c:2355:gst_base_src_update_length:<filesrc2> reading offset 690015, length 41599, size 15003960, segment.stop -1, maxsize 15003960
05-09 19:56:16.139  2029  2185 D GStreamer+GST_PADS: 0:05:00.527100511 0xf37ecec0 gstpad.c:3905:gst_pad_query:<sink:proxypad8> sent query 0xf3ac69b0 (scheduling), result 1
05-09 19:56:16.139  2029  2186 D GStreamer+GST_EVENT: 0:05:00.527118896 0xf37ecf20 gstpad.c:5496:gst_pad_send_event_unchecked:<capsfilter2:src> have event type reconfigure event: 0xf3922418, time 99:99:99.999999999, seq-num 1651, (NULL)
05-09 19:56:16.139  2029  2187 D GStreamer+basesrc: 0:05:00.527135511 0xf37ecf50 gstbasesrc.c:2456:gst_base_src_get_range:<filesrc2> calling create offset 690015 length 41599, time 0
05-09 19:56:16.139  2029  2187 D GStreamer+GST_MEMORY: 0:05:00.527186344 0xf37ecf50 gstmemory.c:138:gst_memory_init new memory 0xf3bcdcd0, maxsize:41602 offset:0 size:41599
05-09 19:56:16.139  2029  2185 D GStreamer+GST_PADS: 0:05:00.527150042 0xf37ecec0 gstpad.c:3905:gst_pad_query:<typefind:src> sent query 0xf3ac69b0 (scheduling), result 1
05-09 19:56:16.139  2029  2186 D GStreamer+basetransform: 0:05:00.527225667 0xf37ecf20 gstbasetransform.c:1989:gst_base_transform_src_eventfunc:<capsfilter2> handling event 0xf3922418 reconfigure event: 0xf3922418, time 99:99:99.999999999, seq-num 1651, (NULL)
05-09 19:56:16.139  2029  2185 D GStreamer+baseparse: 0:05:00.527240823 0xf37ecec0 gstbaseparse.c:3614:gst_base_parse_sink_activate:<mpegaudioparse0> trying to activate in push mode
05-09 19:56:16.139  2029  2187 D GStreamer+basesrc: 0:05:00.527260355 0xf37ecf50 gstbasesrc.c:2310:gst_base_src_do_sync:<filesrc2> we have no clock
05-09 19:56:16.139  2029  2187 D GStreamer+basesrc: 0:05:00.527307386 0xf37ecf50 gstbasesrc.c:2520:gst_base_src_get_range:<filesrc2> buffer ok
05-09 19:56:16.139  2029  2185 D GStreamer+GST_PADS: 0:05:00.527319209 0xf37ecec0 gstpad.c:972:pre_activate:<mpegaudioparse0:sink> setting pad into push mode, unset flushing
05-09 19:56:16.139  2029  2186 D GStreamer+GST_EVENT: 0:05:00.527325459 0xf37ecf20 gstpad.c:5496:gst_pad_send_event_unchecked:<h264parse2:src> have event type reconfigure event: 0xf3922418, time 99:99:99.999999999, seq-num 1651, (NULL)
05-09 19:56:16.139  2029  2186 I GStreamer+GST_EVENT: 0:05:00.527395667 0xf37ecf20 gstpad.c:5601:gst_pad_send_event_unchecked:<h264parse2:src> Received event on flushing pad. Discarding
05-09 19:56:16.139  2029  2185 D GStreamer+GST_PADS: 0:05:00.527371552 0xf37ecec0 gstpad.c:984:pre_activate:<mpegaudioparse0:sink> reschedule events on peer typefind:src
05-09 19:56:16.139  2029  2187 D GStreamer+GST_SCHEDULING: 0:05:00.527439625 0xf37ecf50 gstpad.c:4153:gst_pad_chain_data_unchecked:<queue4:sink> calling chainfunction &gst_queue_chain with buffer buffer: 0xf3dd41f0, pts 0:00:00.318333333, dts 0:00:00.318333333, dur 0:00:00.019666667, size 41599, offset none, offset_end none, flags 0x0
05-09 19:56:16.139  2029  2186 D GStreamer+GST_PADS: 0:05:00.527456813 0xf37ecf20 gstpad.c:5569:gst_pad_send_event_unchecked:<capsfilter2:src> sent event, ret error
05-09 19:56:16.139  2029  2185 D GStreamer+baseparse: 0:05:00.527490407 0xf37ecec0 gstbaseparse.c:3661:gst_base_parse_sink_activate_mode:<mpegaudioparse0> sink activate in push mode
05-09 19:56:16.139  2029  2187 D GStreamer+GST_SCHEDULING: 0:05:00.527508115 0xf37ecf50 gstpad.c:4159:gst_pad_chain_data_unchecked:<queue4:sink> called chainfunction &gst_queue_chain with buffer 0xf3dd41f0, returned ok
05-09 19:56:16.139  2029  2185 D GStreamer+baseparse: 0:05:00.527573480 0xf37ecec0 gstbaseparse.c:3625:gst_base_parse_activate:<mpegaudioparse0> activate 1
05-09 19:56:16.139  2029  2187 D GStreamer+qtdemux: 0:05:00.527580771 0xf37ecf50 qtdemux.c:7675:qtdemux_parse_samples:<q> parsing up to sample 16
05-09 19:56:16.139  2029  2186 D GStreamer+GST_BUS: 0:05:00.527597490 0xf37ecf20 gstbus.c:309:gst_bus_post:<bus8> [msg 0xf3acf060] posting on bus structure-change message: 0xf3acf060, time 99:99:99.999999999, seq-num 1652, element 'proxypad10', GstMessageStructureChange, type=(GstStructureChangeType)GST_STRUCTURE_CHANGE_TYPE_PAD_LINK, owner=(GstElement)"\(GstCapsFilter\)\ capsfilter2", busy=(boolean)false;
05-09 19:56:16.139  2029  2185 D GStreamer+mpegaudioparse: 0:05:00.527610198 0xf37ecec0 gstmpegaudioparse.c:245:gst_mpeg_audio_parse_start:<mpegaudioparse0> starting
05-09 19:56:16.139  2029  2187 D GStreamer+qtdemux: 0:05:00.527638636 0xf37ecf50 qtdemux.c:7882:qtdemux_parse_samples:<q> sample 16: index 0, timestamp 0:00:00.338000000
05-09 19:56:16.139  2029  2186 D GStreamer+bin: 0:05:00.527655355 0xf37ecf20 gstbin.c:3528:gst_bin_handle_message_func:<forhwgl> [msg 0xf3acf060] handling child proxypad10 message of type structure-change
05-09 19:56:16.139  2029  2187 D GStreamer+qtdemux: 0:05:00.527686500 0xf37ecf50 qtdemux.c:7937:qtdemux_parse_samples:<q> samples at 16 is keyframe
05-09 19:56:16.139  2029  2185 D GStreamer+baseparse: 0:05:00.527703011 0xf37ecec0 gstbaseparse.c:3647:gst_base_parse_activate:<mpegaudioparse0> activate return: 1
05-09 19:56:16.139  2029  2186 D GStreamer+bin: 0:05:00.527719573 0xf37ecf20 gstbin.c:957:bin_remove_messages:<decodepad2:proxypad10> deleting message 0xf3acf0b8 of types 0x00001000
05-09 19:56:16.139  2029  2185 D GStreamer+baseparse: 0:05:00.527764157 0xf37ecec0 gstbaseparse.c:3684:gst_base_parse_sink_activate_mode:<mpegaudioparse0> sink activate return: 1
05-09 19:56:16.139  2029  2187 D GStreamer+qtdemux: 0:05:00.527781344 0xf37ecf50 qtdemux.c:5197:gst_qtdemux_loop_state_movie:<q> pushing from stream 1, empty 0 offset 774529, size 144, dts=0:00:00.648000000, pts=0:00:00.648000000, duration 0:00:00.024000000
05-09 19:56:16.139  2029  2186 D GStreamer+bin: 0:05:00.527797073 0xf37ecf20 gstbin.c:963:bin_remove_messages:<forhwgl> not deleting message 0xf3ab98b8 of type 0x00100000
05-09 19:56:16.139  2029  2187 D GStreamer+basesrc: 0:05:00.527843323 0xf37ecf50 gstbasesrc.c:2355:gst_base_src_update_length:<filesrc2> reading offset 774529, length 144, size 15003960, segment.stop -1, maxsize 15003960
05-09 19:56:16.139  2029  2185 D GStreamer+GST_PADS: 0:05:00.527821448 0xf37ecec0 gstpad.c:1198:gst_pad_activate_mode:<mpegaudioparse0:sink> activated in push mode
05-09 19:56:16.140  2029  2186 D GStreamer+GST_BUS: 0:05:00.527859730 0xf37ecf20 gstbus.c:344:gst_bus_post:<bus8> [msg 0xf3acf060] dropped
05-09 19:56:16.140  2029  2185 D GStreamer+GST_ELEMENT_PADS: 0:05:00.527916657 0xf37ecec0 gstelement.c:2812:gst_element_pads_activate:<mpegaudioparse0> pad activation successful
05-09 19:56:16.140  2029  2187 D GStreamer+basesrc: 0:05:00.527934469 0xf37ecf50 gstbasesrc.c:2456:gst_base_src_get_range:<filesrc2> calling create offset 774529 length 144, time 0
05-09 19:56:16.140  2029  2186 D GStreamer+GST_CAPS: 0:05:00.527950146 0xf37ecf20 gstpad.c:2648:gst_pad_get_current_caps:<capsfilter2:src> get current pad caps (NULL)
05-09 19:56:16.140  2029  2187 D GStreamer+GST_MEMORY: 0:05:00.527979938 0xf37ecf50 gstmemory.c:138:gst_memory_init new memory 0xf3af42c0, maxsize:147 offset:0 size:144
05-09 19:56:16.140  2029  2185 D GStreamer+GST_STATES: 0:05:00.527996813 0xf37ecec0 gstelement.c:2684:gst_element_change_state:<mpegaudioparse0> element changed state SUCCESS
05-09 19:56:16.140  2029  2186 D GStreamer+decodebin: 0:05:00.528012698 0xf37ecf20 gstdecodebin2.c:1797:analyze_new_pad:<forhwgl> No final caps set yet, delaying autoplugging
05-09 19:56:16.140  2029  2187 D GStreamer+basesrc: 0:05:00.528025823 0xf37ecf50 gstbasesrc.c:2310:gst_base_src_do_sync:<filesrc2> we have no clock
05-09 19:56:16.140  2029  2185 I GStreamer+GST_STATES: 0:05:00.528044365 0xf37ecec0 gstelement.c:2372:gst_element_continue_state:<mpegaudioparse0> completed state change to PAUSED
05-09 19:56:16.140  2029  2187 D GStreamer+basesrc: 0:05:00.528068480 0xf37ecf50 gstbasesrc.c:2520:gst_base_src_get_range:<filesrc2> buffer ok
05-09 19:56:16.140  2029  2186 D GStreamer+GST_STATES: 0:05:00.528085459 0xf37ecf20 gstelement.c:2523:gst_element_set_state_func:<h264parse2> set_state to PAUSED
05-09 19:56:16.140  2029  2185 I GStreamer+GST_STATES: 0:05:00.528151240 0xf37ecec0 gstelement.c:2277:_priv_gst_element_state_changed:<mpegaudioparse0> notifying about state-changed READY to PAUSED (VOID_PENDING pending)
05-09 19:56:16.140  2029  2186 D GStreamer+GST_STATES: 0:05:00.528165407 0xf37ecf20 gstelement.c:2548:gst_element_set_state_func:<h264parse2> setting target state to PAUSED
05-09 19:56:16.140  2029  2187 D GStreamer+GST_SCHEDULING: 0:05:00.528176292 0xf37ecf50 gstpad.c:4153:gst_pad_chain_data_unchecked:<queue6:sink> calling chainfunction &gst_queue_chain with buffer buffer: 0xf3d19410, pts 0:00:00.648000000, dts 0:00:00.648000000, dur 0:00:00.024000000, size 144, offset none, offset_end none, flags 0x0
05-09 19:56:16.140  2029  2186 D GStreamer+GST_STATES: 0:05:00.528209521 0xf37ecf20 gstelement.c:2561:gst_element_set_state_func:<h264parse2> current READY, old_pending VOID_PENDING, next VOID_PENDING, old return SUCCESS
05-09 19:56:16.140  2029  2187 D GStreamer+GST_SCHEDULING: 0:05:00.528236552 0xf37ecf50 gstpad.c:4159:gst_pad_chain_data_unchecked:<queue6:sink> called chainfunction &gst_queue_chain with buffer 0xf3d19410, returned ok
05-09 19:56:16.140  2029  2186 D GStreamer+GST_STATES: 0:05:00.528279261 0xf37ecf20 gstelement.c:2595:gst_element_set_state_func:<h264parse2> final: setting state from READY to PAUSED
05-09 19:56:16.140  2029  2187 D GStreamer+qtdemux: 0:05:00.528307907 0xf37ecf50 qtdemux.c:7675:qtdemux_parse_samples:<q> parsing up to sample 28
05-09 19:56:16.140  2029  2185 D GStreamer+GST_BUS: 0:05:00.528320980 0xf37ecec0 gstbus.c:309:gst_bus_post:<bus10> [msg 0xf3d43910] posting on bus state-changed message: 0xf3d43910, time 99:99:99.999999999, seq-num 1653, element 'mpegaudioparse0', GstMessageStateChanged, old-state=(GstState)GST_STATE_READY, new-state=(GstState)GST_STATE_PAUSED, pending-state=(GstState)GST_STATE_VOID_PENDING;
05-09 19:56:16.140  2029  2186 D GStreamer+baseparse: 0:05:00.528337438 0xf37ecf20 gstbaseparse.c:4782:gst_base_parse_change_state:<h264parse2> no index provided creating our own
05-09 19:56:16.140  2029  2187 D GStreamer+qtdemux: 0:05:00.528366292 0xf37ecf50 qtdemux.c:7882:qtdemux_parse_samples:<q> sample 28: index 28, timestamp 0:00:00.672000000
05-09 19:56:16.140  2029  2185 D GStreamer+bin: 0:05:00.528383636 0xf37ecec0 gstbin.c:3528:gst_bin_handle_message_func:<decodebin3> [msg 0xf3d43910] handling child mpegaudioparse0 message of type state-changed
05-09 19:56:16.140  2029  2186 D GStreamer+default: 0:05:00.528409469 0xf37ecf20 gstindex.c:280:gst_index_group_new created new index group 0
05-09 19:56:16.140  2029  2187 D GStreamer+qtdemux: 0:05:00.528426292 0xf37ecf50 qtdemux.c:7982:qtdemux_parse_samples:<q> setting all keyframes
05-09 19:56:16.140  2029  2186 D GStreamer+default: 0:05:00.528447959 0xf37ecf20 gstindex.c:193:gst_index_init created new index
05-09 19:56:16.140  2029  2185 D GStreamer+bin: 0:05:00.528464105 0xf37ecec0 gstbin.c:3865:gst_bin_handle_message_func:<decodebin3> posting message upward
05-09 19:56:16.140  2029  2186 D GStreamer+default: 0:05:00.528482073 0xf37ecf20 gstmemindex.c:128:gst_mem_index_init created new mem index
05-09 19:56:16.140  2029  2187 D GStreamer+qtdemux: 0:05:00.528523115 0xf37ecf50 qtdemux.c:5197:gst_qtdemux_loop_state_movie:<q> pushing from stream 0, empty 0 offset 731758, size 42771, dts=0:00:00.338000000, pts=0:00:00.338000000, duration 0:00:00.020000000
05-09 19:56:16.140  2029  2185 D GStreamer+GST_BUS: 0:05:00.528602855 0xf37ecec0 gstbus.c:309:gst_bus_post:<bus12> [msg 0xf3d43910] posting on bus state-changed message: 0xf3d43910, time 99:99:99.999999999, seq-num 1653, element 'mpegaudioparse0', GstMessageStateChanged, old-state=(GstState)GST_STATE_READY, new-state=(GstState)GST_STATE_PAUSED, pending-state=(GstState)GST_STATE_VOID_PENDING;
05-09 19:56:16.140  2029  2187 D GStreamer+basesrc: 0:05:00.528626969 0xf37ecf50 gstbasesrc.c:2355:gst_base_src_update_length:<filesrc2> reading offset 731758, length 42771, size 15003960, segment.stop -1, maxsize 15003960
05-09 19:56:16.140  2029  2186 D GStreamer+GST_ELEMENT_PADS: 0:05:00.528642542 0xf37ecf20 gstelement.c:2793:gst_element_pads_activate:<h264parse2> activate pads
05-09 19:56:16.140  2029  2187 D GStreamer+basesrc: 0:05:00.528680355 0xf37ecf50 gstbasesrc.c:2456:gst_base_src_get_range:<filesrc2> calling create offset 731758 length 42771, time 0
05-09 19:56:16.140  2029  2186 D GStreamer+GST_PADS: 0:05:00.528713271 0xf37ecf20 gstpad.c:1056:gst_pad_set_active:<h264parse2:src> activating pad from none
05-09 19:56:16.140  2029  2185 D GStreamer+bin: 0:05:00.528696344 0xf37ecec0 gstbin.c:3528:gst_bin_handle_message_func:<pipeline2> [msg 0xf3d43910] handling child mpegaudioparse0 message of type state-changed
05-09 19:56:16.140  2029  2187 D GStreamer+GST_MEMORY: 0:05:00.528741552 0xf37ecf50 gstmemory.c:138:gst_memory_init new memory 0xf3b22080, maxsize:42774 offset:0 size:42771
05-09 19:56:16.140  2029  2186 D GStreamer+GST_PADS: 0:05:00.528765042 0xf37ecf20 gstpad.c:972:pre_activate:<h264parse2:src> setting pad into push mode, unset flushing
05-09 19:56:16.140  2029  2185 D GStreamer+bin: 0:05:00.528780042 0xf37ecec0 gstbin.c:3865:gst_bin_handle_message_func:<pipeline2> posting message upward
05-09 19:56:16.140  2029  2186 D GStreamer+GST_PADS: 0:05:00.528815459 0xf37ecf20 gstpad.c:1198:gst_pad_activate_mode:<h264parse2:src> activated in push mode
05-09 19:56:16.140  2029  2187 D GStreamer+basesrc: 0:05:00.528832802 0xf37ecf50 gstbasesrc.c:2310:gst_base_src_do_sync:<filesrc2> we have no clock
05-09 19:56:16.141  2029  2187 D GStreamer+basesrc: 0:05:00.528893480 0xf37ecf50 gstbasesrc.c:2520:gst_base_src_get_range:<filesrc2> buffer ok
05-09 19:56:16.141  2029  2186 D GStreamer+GST_PADS: 0:05:00.528909886 0xf37ecf20 gstpad.c:1056:gst_pad_set_active:<h264parse2:sink> activating pad from none
05-09 19:56:16.141  2029  2185 D GStreamer+GST_BUS: 0:05:00.528926344 0xf37ecec0 gstbus.c:309:gst_bus_post:<bus13> [msg 0xf3d43910] posting on bus state-changed message: 0xf3d43910, time 99:99:99.999999999, seq-num 1653, element 'mpegaudioparse0', GstMessageStateChanged, old-state=(GstState)GST_STATE_READY, new-state=(GstState)GST_STATE_PAUSED, pending-state=(GstState)GST_STATE_VOID_PENDING;
05-09 19:56:16.141  2029  2186 D GStreamer+baseparse: 0:05:00.528972594 0xf37ecf20 gstbaseparse.c:3585:gst_base_parse_sink_activate:<h264parse2> sink activate
05-09 19:56:16.141  2029  2187 D GStreamer+GST_SCHEDULING: 0:05:00.528998844 0xf37ecf50 gstpad.c:4153:gst_pad_chain_data_unchecked:<queue4:sink> calling chainfunction &gst_queue_chain with buffer buffer: 0xf3b632b8, pts 0:00:00.338000000, dts 0:00:00.338000000, dur 0:00:00.020000000, size 42771, offset none, offset_end none, flags 0x0
05-09 19:56:16.141  2029  2185 D GStreamer+GST_BUS: 0:05:00.529008948 0xf37ecec0 gstbus.c:348:gst_bus_post:<bus13> [msg 0xf3d43910] pushing on async queue
05-09 19:56:16.141  2029  2186 D GStreamer+query: 0:05:00.529045198 0xf37ecf20 gstquery.c:674:gst_query_new_custom creating new query 0xf3a08150 scheduling
05-09 19:56:16.141  2029  2185 D GStreamer+GST_BUS: 0:05:00.529054834 0xf37ecec0 gstbus.c:351:gst_bus_post:<bus13> [msg 0xf3d43910] pushed on async queue
05-09 19:56:16.141  2029  2186 D GStreamer+GST_PADS: 0:05:00.529086605 0xf37ecf20 gstpad.c:4009:gst_pad_peer_query:<h264parse2:sink> peer query 0xf3a08150 (scheduling)
05-09 19:56:16.141  2029  2175 D GStreamer+GST_BUS: 0:05:00.529104417 0xf3d9e340 gstbus.c:521:gst_bus_timed_pop_filtered:<bus13> got message 0xf3d43910, state-changed from mpegaudioparse0, type mask is 4294967295
05-09 19:56:16.141  2029  2185 D GStreamer+GST_BUS: 0:05:00.529129261 0xf37ecec0 gstbus.c:344:gst_bus_post:<bus12> [msg 0xf3d43910] dropped
05-09 19:56:16.141  2029  2186 D GStreamer+GST_PADS: 0:05:00.529159417 0xf37ecf20 gstpad.c:3882:gst_pad_query:<typefind:src> doing query 0xf3a08150 (scheduling)
05-09 19:56:16.141  2029  2185 D GStreamer+GST_BUS: 0:05:00.529210094 0xf37ecec0 gstbus.c:344:gst_bus_post:<bus10> [msg 0xf3d43910] dropped
05-09 19:56:16.141  2029  2186 D GStreamer+typefind: 0:05:00.529235042 0xf37ecf20 gsttypefindelement.c:365:gst_type_find_handle_src_query:<typefind> Handling src query scheduling
05-09 19:56:16.141  2029  2175 D GStreamer+GST_BUS: 0:05:00.529256865 0xf3d9e340 gstbus.c:789:gst_bus_source_dispatch:<bus13> source 0xf39ad330 calling dispatch with state-changed message: 0xf3d43910, time 99:99:99.999999999, seq-num 1653, element 'mpegaudioparse0', GstMessageStateChanged, old-state=(GstState)GST_STATE_READY, new-state=(GstState)GST_STATE_PAUSED, pending-state=(GstState)GST_STATE_VOID_PENDING;
05-09 19:56:16.141  2029  2186 D GStreamer+GST_PADS: 0:05:00.529292177 0xf37ecf20 gstpad.c:4009:gst_pad_peer_query:<typefind:sink> peer query 0xf3a08150 (scheduling)
05-09 19:56:16.141  2029  2185 D GStreamer+GST_STATES: 0:05:00.529269417 0xf37ecec0 gstelement.c:2607:gst_element_set_state_func:<mpegaudioparse0> returned SUCCESS
05-09 19:56:16.141  2029  2175 D GStreamer+GST_BUS: 0:05:00.529320250 0xf3d9e340 gstbus.c:794:gst_bus_source_dispatch:<bus13> source 0xf39ad330 handler returns 1
05-09 19:56:16.141  2029  2186 D GStreamer+GST_PADS: 0:05:00.529352698 0xf37ecf20 gstpad.c:3882:gst_pad_query:<sink:proxypad6> doing query 0xf3a08150 (scheduling)
05-09 19:56:16.141  2029  2187 D GStreamer+GST_SCHEDULING: 0:05:00.529406240 0xf37ecf50 gstpad.c:4159:gst_pad_chain_data_unchecked:<queue4:sink> called chainfunction &gst_queue_chain with buffer 0xf3b632b8, returned ok
05-09 19:56:16.141  2029  2185 D GStreamer+GST_EVENT: 0:05:00.529434730 0xf37ecec0 gstpad.c:5496:gst_pad_send_event_unchecked:<mpegaudioparse0:sink> have event type stream-start event: 0xf3abb9d0, time 99:99:99.999999999, seq-num 1583, GstEventStreamStart, stream-id=(string)71ab440d261a1bb43c19b397eec2373651540427aed1e7b0deb4be62a10a7f25/002, flags=(GstStreamFlags)GST_STREAM_FLAG_NONE, group-id=(uint)2;
05-09 19:56:16.141  2029  2186 D GStreamer+GST_PADS: 0:05:00.529440980 0xf37ecf20 gstpad.c:3339:gst_pad_query_default:<sink:proxypad6> forwarding 0xf3a08150 (scheduling) query
05-09 19:56:16.141  2029  2187 D GStreamer+qtdemux: 0:05:00.529475823 0xf37ecf50 qtdemux.c:7675:qtdemux_parse_samples:<q> parsing up to sample 17
05-09 19:56:16.141  2029  2186 D GStreamer+GST_PADS: 0:05:00.529509573 0xf37ecf20 gstpad.c:4009:gst_pad_peer_query:<forhwgl:sink> peer query 0xf3a08150 (scheduling)
05-09 19:56:16.141  2029  2185 D GStreamer+baseparse: 0:05:00.529497073 0xf37ecec0 gstbaseparse.c:1174:gst_base_parse_sink_event_default:<mpegaudioparse0> handling event 10254, stream-start
05-09 19:56:16.141  2029  2187 D GStreamer+qtdemux: 0:05:00.529557750 0xf37ecf50 qtdemux.c:7882:qtdemux_parse_samples:<q> sample 17: index 1, timestamp 0:00:00.358000000
05-09 19:56:16.141  2029  2185 D GStreamer+GST_PADS: 0:05:00.529568896 0xf37ecec0 gstpad.c:3813:check_sticky:<mpegaudioparse0:src> pushing all sticky events
05-09 19:56:16.141  2029  2187 D GStreamer+qtdemux: 0:05:00.529595407 0xf37ecf50 qtdemux.c:7937:qtdemux_parse_samples:<q> samples at 17 is keyframe
05-09 19:56:16.141  2029  2186 D GStreamer+GST_PADS: 0:05:00.529614782 0xf37ecf20 gstpad.c:3882:gst_pad_query:<queue4:src> doing query 0xf3a08150 (scheduling)
05-09 19:56:16.141  2029  2185 D GStreamer+GST_PADS: 0:05:00.529628167 0xf37ecec0 gstpad.c:3650:do_probe_callbacks:<mpegaudioparse0:src> data is passed
05-09 19:56:16.141  2029  2185 D GStreamer+GST_PADS: 0:05:00.529680146 0xf37ecec0 gstpad.c:3453:probe_hook_marshal:<mpegaudioparse0:src> probe returned OK
05-09 19:56:16.141  2029  2187 D GStreamer+qtdemux: 0:05:00.529687802 0xf37ecf50 qtdemux.c:5197:gst_qtdemux_loop_state_movie:<q> pushing from stream 0, empty 0 offset 774673, size 42746, dts=0:00:00.358000000, pts=0:00:00.358000000, duration 0:00:00.020000000
05-09 19:56:16.141  2029  2186 D GStreamer+GST_PADS: 0:05:00.529703219 0xf37ecf20 gstpad.c:3905:gst_pad_query:<queue4:src> sent query 0xf3a08150 (scheduling), result 1
05-09 19:56:16.141  2029  2187 D GStreamer+basesrc: 0:05:00.529748584 0xf37ecf50 gstbasesrc.c:2355:gst_base_src_update_length:<filesrc2> reading offset 774673, length 42746, size 15003960, segment.stop -1, maxsize 15003960
05-09 19:56:16.141  2029  2186 D GStreamer+GST_PADS: 0:05:00.529777698 0xf37ecf20 gstpad.c:3905:gst_pad_query:<sink:proxypad6> sent query 0xf3a08150 (scheduling), result 1
05-09 19:56:16.141  2029  2187 D GStreamer+basesrc: 0:05:00.529813167 0xf37ecf50 gstbasesrc.c:2456:gst_base_src_get_range:<filesrc2> calling create offset 774673 length 42746, time 0
05-09 19:56:16.141  2029  2186 D GStreamer+GST_PADS: 0:05:00.529838792 0xf37ecf20 gstpad.c:3905:gst_pad_query:<typefind:src> sent query 0xf3a08150 (scheduling), result 1
05-09 19:56:16.142  2029  2185 D GStreamer+GST_EVENT: 0:05:00.529853532 0xf37ecec0 gstpad.c:5496:gst_pad_send_event_unchecked:<decodepad3:proxypad11> have event type stream-start event: 0xf3abb9d0, time 99:99:99.999999999, seq-num 1583, GstEventStreamStart, stream-id=(string)71ab440d261a1bb43c19b397eec2373651540427aed1e7b0deb4be62a10a7f25/002, flags=(GstStreamFlags)GST_STREAM_FLAG_NONE, group-id=(uint)2;
05-09 19:56:16.142  2029  2187 D GStreamer+GST_MEMORY: 0:05:00.529888480 0xf37ecf50 gstmemory.c:138:gst_memory_init new memory 0xf3b2c7f0, maxsize:42749 offset:0 size:42746
05-09 19:56:16.142  2029  2186 D GStreamer+baseparse: 0:05:00.529913219 0xf37ecf20 gstbaseparse.c:3614:gst_base_parse_sink_activate:<h264parse2> trying to activate in push mode
05-09 19:56:16.142  2029  2185 D GStreamer+GST_PADS: 0:05:00.529932438 0xf37ecec0 gstpad.c:3813:check_sticky:<'':decodepad3> pushing all sticky events
05-09 19:56:16.142  2029  2185 D GStreamer+GST_PADS: 0:05:00.530000927 0xf37ecec0 gstpad.c:5266:gst_pad_push_event_unchecked:<'':decodepad3> Dropping event stream-start because pad is not linked
05-09 19:56:16.142  2029  2185 D GStreamer+GST_PADS: 0:05:00.530039365 0xf37ecec0 gstpad.c:3784:push_sticky:<'':decodepad3> pad was not linked, mark pending
