05-09 19:56:16.058  2029  2029 D GStreamer+bin: 0:05:00.446403480 0xf35ef400 gstbin.c:2182:gst_bin_sort_iterator_next:<pipeline2> queue head gives forhwgl
05-09 19:56:16.058  2029  2029 D GStreamer+bin: 0:05:00.446436136 0xf35ef400 gstbin.c:882:find_message:<pipeline2> no message found matching types 00001000
05-09 19:56:16.058  2029  2029 D GStreamer+bin: 0:05:00.446467177 0xf35ef400 gstbin.c:889:find_message:<pipeline2>   structure-change
05-09 19:56:16.058  2029  2029 D GStreamer+bin: 0:05:00.446503896 0xf35ef400 gstbin.c:2098:update_degree:<pipeline2> change element queue4, degree 1->0, linked to forhwgl
05-09 19:56:16.058  2029  2029 D GStreamer+bin: 0:05:00.446535927 0xf35ef400 gstbin.c:1981:add_to_queue:<pipeline2> adding 'queue4' to queue
05-09 19:56:16.058  2029  2029 I GStreamer+GST_STATES: 0:05:00.446573115 0xf35ef400 gstbin.c:2316:gst_bin_element_set_state:<forhwgl> current READY pending VOID_PENDING, desired next PAUSED
05-09 19:56:16.058  2029  2029 D GStreamer+bin: 0:05:00.446604834 0xf35ef400 gstbin.c:882:find_message:<pipeline2> no message found matching types 00100000
05-09 19:56:16.058  2029  2029 D GStreamer+bin: 0:05:00.446634938 0xf35ef400 gstbin.c:889:find_message:<pipeline2>   async-start
05-09 19:56:16.058  2029  2029 D GStreamer+bin: 0:05:00.446671292 0xf35ef400 gstbin.c:2411:gst_bin_element_set_state:<pipeline2> setting element forhwgl to PAUSED, base_time 0:00:00.000000000
05-09 19:56:16.058  2029  2029 D GStreamer+GST_STATES: 0:05:00.446702021 0xf35ef400 gstelement.c:2523:gst_element_set_state_func:<forhwgl> set_state to PAUSED
05-09 19:56:16.058  2029  2029 D GStreamer+GST_STATES: 0:05:00.446733011 0xf35ef400 gstelement.c:2548:gst_element_set_state_func:<forhwgl> setting target state to PAUSED
05-09 19:56:16.058  2029  2029 D GStreamer+GST_STATES: 0:05:00.446767594 0xf35ef400 gstelement.c:2561:gst_element_set_state_func:<forhwgl> current READY, old_pending VOID_PENDING, next VOID_PENDING, old return SUCCESS
05-09 19:56:16.058  2029  2029 D GStreamer+GST_STATES: 0:05:00.446801084 0xf35ef400 gstelement.c:2595:gst_element_set_state_func:<forhwgl> final: setting state from READY to PAUSED
05-09 19:56:16.058  2029  2029 D GStreamer+bin: 0:05:00.446839261 0xf35ef400 gstbin.c:3528:gst_bin_handle_message_func:<forhwgl> [msg 0xf3ab98b8] handling child forhwgl message of type async-start
05-09 19:56:16.059  2029  2029 D GStreamer+bin: 0:05:00.446882177 0xf35ef400 gstbin.c:3718:gst_bin_handle_message_func:<forhwgl> ASYNC_START message 0xf3ab98b8, forhwgl
05-09 19:56:16.059  2029  2029 D GStreamer+bin: 0:05:00.446916136 0xf35ef400 gstbin.c:882:find_message:<forhwgl> no message found matching types 00100000
05-09 19:56:16.059  2029  2029 D GStreamer+bin: 0:05:00.446946709 0xf35ef400 gstbin.c:889:find_message:<forhwgl>   async-start
05-09 19:56:16.059  2029  2029 D GStreamer+bin: 0:05:00.446979782 0xf35ef400 gstbin.c:929:bin_replace_message:<forhwgl> got new message 0xf3ab98b8, async-start from forhwgl
05-09 19:56:16.059  2029  2029 D GStreamer+GST_STATES: 0:05:00.447010459 0xf35ef400 gstbin.c:3181:bin_handle_async_start:<forhwgl> state change busy
05-09 19:56:16.059  2029  2029 D GStreamer+bin: 0:05:00.447040198 0xf35ef400 gstbin.c:3167:bin_handle_async_start:<forhwgl> posting ASYNC_START to parent
05-09 19:56:16.059  2029  2029 D GStreamer+GST_BUS: 0:05:00.447091240 0xf35ef400 gstbus.c:309:gst_bus_post:<bus12> [msg 0xf3d329c0] posting on bus async-start message: 0xf3d329c0, time 99:99:99.999999999, seq-num 1567, element 'forhwgl', (NULL)
05-09 19:56:16.059  2029  2029 D GStreamer+bin: 0:05:00.447126761 0xf35ef400 gstbin.c:3528:gst_bin_handle_message_func:<pipeline2> [msg 0xf3d329c0] handling child forhwgl message of type async-start
05-09 19:56:16.059  2029  2029 D GStreamer+bin: 0:05:00.447158896 0xf35ef400 gstbin.c:3718:gst_bin_handle_message_func:<pipeline2> ASYNC_START message 0xf3d329c0, forhwgl
05-09 19:56:16.059  2029  2029 D GStreamer+bin: 0:05:00.447190459 0xf35ef400 gstbin.c:882:find_message:<pipeline2> no message found matching types 00100000
05-09 19:56:16.059  2029  2029 D GStreamer+bin: 0:05:00.447220823 0xf35ef400 gstbin.c:889:find_message:<pipeline2>   async-start
05-09 19:56:16.059  2029  2029 D GStreamer+bin: 0:05:00.447252334 0xf35ef400 gstbin.c:929:bin_replace_message:<pipeline2> got new message 0xf3d329c0, async-start from forhwgl
05-09 19:56:16.059  2029  2029 D GStreamer+GST_STATES: 0:05:00.447281709 0xf35ef400 gstbin.c:3181:bin_handle_async_start:<pipeline2> state change busy
05-09 19:56:16.059  2029  2029 D GStreamer+GST_BUS: 0:05:00.447312959 0xf35ef400 gstbus.c:344:gst_bus_post:<bus12> [msg 0xf3d329c0] dropped
05-09 19:56:16.059  2029  2029 D GStreamer+GST_STATES: 0:05:00.447353271 0xf35ef400 gstbin.c:2664:gst_bin_change_state_func:<forhwgl> changing state of children from READY to PAUSED
05-09 19:56:16.059  2029  2029 D GStreamer+bin: 0:05:00.447383896 0xf35ef400 gstbin.c:2688:gst_bin_change_state_func:<forhwgl> clearing EOS elements
05-09 19:56:16.059  2029  2029 D GStreamer+bin: 0:05:00.447417073 0xf35ef400 gstbin.c:963:bin_remove_messages:<forhwgl> not deleting message 0xf3ab98b8 of type 0x00100000
05-09 19:56:16.059  2029  2029 D GStreamer+bin: 0:05:00.447449365 0xf35ef400 gstbin.c:963:bin_remove_messages:<forhwgl> not deleting message 0xf3ab98b8 of type 0x00100000
05-09 19:56:16.059  2029  2029 D GStreamer+bin: 0:05:00.447481657 0xf35ef400 gstbin.c:2509:gst_bin_src_pads_activate:<forhwgl> activate pads
05-09 19:56:16.059  2029  2029 D GStreamer+bin: 0:05:00.447515511 0xf35ef400 gstbin.c:2517:gst_bin_src_pads_activate:<forhwgl> pad activation successful
05-09 19:56:16.059  2029  2029 D GStreamer+bin: 0:05:00.447547334 0xf35ef400 gstbin.c:2195:gst_bin_sort_iterator_resync:<forhwgl> resync
05-09 19:56:16.059  2029  2029 D GStreamer+bin: 0:05:00.447580094 0xf35ef400 gstbin.c:882:find_message:<forhwgl> no message found matching types 00001000
05-09 19:56:16.059  2029  2029 D GStreamer+bin: 0:05:00.447610407 0xf35ef400 gstbin.c:889:find_message:<forhwgl>   structure-change
05-09 19:56:16.059  2029  2029 D GStreamer+bin: 0:05:00.447643167 0xf35ef400 gstbin.c:2121:update_degree:<forhwgl> element typefind not linked on any sinkpads
05-09 19:56:16.059  2029  2029 D GStreamer+bin: 0:05:00.447676448 0xf35ef400 gstbin.c:2167:gst_bin_sort_iterator_next:<forhwgl> queue empty, next best: typefind
05-09 19:56:16.059  2029  2029 D GStreamer+bin: 0:05:00.447708323 0xf35ef400 gstbin.c:2182:gst_bin_sort_iterator_next:<forhwgl> queue head gives typefind
05-09 19:56:16.059  2029  2029 D GStreamer+bin: 0:05:00.447739157 0xf35ef400 gstbin.c:882:find_message:<forhwgl> no message found matching types 00001000
05-09 19:56:16.059  2029  2029 D GStreamer+bin: 0:05:00.447769261 0xf35ef400 gstbin.c:889:find_message:<forhwgl>   structure-change
05-09 19:56:16.059  2029  2029 D GStreamer+bin: 0:05:00.447801188 0xf35ef400 gstbin.c:2121:update_degree:<forhwgl> element typefind not linked on any sinkpads
05-09 19:56:16.059  2029  2029 I GStreamer+GST_STATES: 0:05:00.447835823 0xf35ef400 gstbin.c:2316:gst_bin_element_set_state:<typefind> current READY pending VOID_PENDING, desired next PAUSED
05-09 19:56:16.060  2029  2029 D GStreamer+bin: 0:05:00.447866969 0xf35ef400 gstbin.c:882:find_message:<forhwgl> no message found matching types 00100000
05-09 19:56:16.060  2029  2029 D GStreamer+bin: 0:05:00.447908532 0xf35ef400 gstbin.c:889:find_message:<forhwgl>   async-start
05-09 19:56:16.060  2029  2029 D GStreamer+bin: 0:05:00.447944521 0xf35ef400 gstbin.c:2411:gst_bin_element_set_state:<forhwgl> setting element typefind to PAUSED, base_time 0:00:00.000000000
05-09 19:56:16.060  2029  2029 D GStreamer+GST_STATES: 0:05:00.447975771 0xf35ef400 gstelement.c:2523:gst_element_set_state_func:<typefind> set_state to PAUSED
05-09 19:56:16.060  2029  2029 D GStreamer+GST_STATES: 0:05:00.448006344 0xf35ef400 gstelement.c:2548:gst_element_set_state_func:<typefind> setting target state to PAUSED
05-09 19:56:16.060  2029  2029 D GStreamer+GST_STATES: 0:05:00.448039573 0xf35ef400 gstelement.c:2561:gst_element_set_state_func:<typefind> current READY, old_pending VOID_PENDING, next VOID_PENDING, old return SUCCESS
05-09 19:56:16.060  2029  2029 D GStreamer+GST_STATES: 0:05:00.448072750 0xf35ef400 gstelement.c:2595:gst_element_set_state_func:<typefind> final: setting state from READY to PAUSED
05-09 19:56:16.060  2029  2029 D GStreamer+GST_ELEMENT_PADS: 0:05:00.448105511 0xf35ef400 gstelement.c:2793:gst_element_pads_activate:<typefind> activate pads
05-09 19:56:16.060  2029  2029 D GStreamer+GST_PADS: 0:05:00.448141344 0xf35ef400 gstpad.c:1056:gst_pad_set_active:<typefind:src> activating pad from none
05-09 19:56:16.060  2029  2029 D GStreamer+GST_PADS: 0:05:00.448176500 0xf35ef400 gstpad.c:972:pre_activate:<typefind:src> setting pad into push mode, unset flushing
05-09 19:56:16.060  2029  2029 D GStreamer+GST_PADS: 0:05:00.448211032 0xf35ef400 gstpad.c:1198:gst_pad_activate_mode:<typefind:src> activated in push mode
05-09 19:56:16.060  2029  2029 D GStreamer+GST_PADS: 0:05:00.448247230 0xf35ef400 gstpad.c:1056:gst_pad_set_active:<typefind:sink> activating pad from none
05-09 19:56:16.060  2029  2029 D GStreamer+query: 0:05:00.448284573 0xf35ef400 gstquery.c:674:gst_query_new_custom creating new query 0xf37ecef0 scheduling
05-09 19:56:16.060  2029  2029 D GStreamer+GST_PADS: 0:05:00.448318427 0xf35ef400 gstpad.c:4009:gst_pad_peer_query:<typefind:sink> peer query 0xf37ecef0 (scheduling)
05-09 19:56:16.060  2029  2029 D GStreamer+GST_PADS: 0:05:00.448355198 0xf35ef400 gstpad.c:3882:gst_pad_query:<sink:proxypad6> doing query 0xf37ecef0 (scheduling)
05-09 19:56:16.060  2029  2029 D GStreamer+GST_PADS: 0:05:00.448392542 0xf35ef400 gstpad.c:3339:gst_pad_query_default:<sink:proxypad6> forwarding 0xf37ecef0 (scheduling) query
05-09 19:56:16.060  2029  2029 D GStreamer+GST_PADS: 0:05:00.448432386 0xf35ef400 gstpad.c:4009:gst_pad_peer_query:<forhwgl:sink> peer query 0xf37ecef0 (scheduling)
05-09 19:56:16.060  2029  2029 D GStreamer+GST_PADS: 0:05:00.448468219 0xf35ef400 gstpad.c:3882:gst_pad_query:<queue4:src> doing query 0xf37ecef0 (scheduling)
05-09 19:56:16.060  2029  2029 D GStreamer+GST_PADS: 0:05:00.448508688 0xf35ef400 gstpad.c:3905:gst_pad_query:<queue4:src> sent query 0xf37ecef0 (scheduling), result 1
05-09 19:56:16.060  2029  2029 D GStreamer+GST_PADS: 0:05:00.448547230 0xf35ef400 gstpad.c:3905:gst_pad_query:<sink:proxypad6> sent query 0xf37ecef0 (scheduling), result 1
05-09 19:56:16.060  2029  2029 D GStreamer+GST_PADS: 0:05:00.448586188 0xf35ef400 gstpad.c:972:pre_activate:<typefind:sink> setting pad into push mode, unset flushing
05-09 19:56:16.060  2029  2029 D GStreamer+GST_PADS: 0:05:00.448621136 0xf35ef400 gstpad.c:984:pre_activate:<typefind:sink> reschedule events on peer sink:proxypad6
05-09 19:56:16.060  2029  2029 D GStreamer+typefind: 0:05:00.448653740 0xf35ef400 gsttypefindelement.c:525:start_typefinding:<typefind> starting typefinding
05-09 19:56:16.060  2029  2029 D GStreamer+GST_PADS: 0:05:00.448687282 0xf35ef400 gstpad.c:1198:gst_pad_activate_mode:<typefind:sink> activated in push mode
05-09 19:56:16.060  2029  2029 D GStreamer+GST_ELEMENT_PADS: 0:05:00.448721813 0xf35ef400 gstelement.c:2812:gst_element_pads_activate:<typefind> pad activation successful
05-09 19:56:16.060  2029  2029 D GStreamer+GST_STATES: 0:05:00.448752855 0xf35ef400 gstelement.c:2684:gst_element_change_state:<typefind> element changed state SUCCESS
05-09 19:56:16.060  2029  2029 I GStreamer+GST_STATES: 0:05:00.448784521 0xf35ef400 gstelement.c:2372:gst_element_continue_state:<typefind> completed state change to PAUSED
05-09 19:56:16.060  2029  2029 I GStreamer+GST_STATES: 0:05:00.448818688 0xf35ef400 gstelement.c:2277:_priv_gst_element_state_changed:<typefind> notifying about state-changed READY to PAUSED (VOID_PENDING pending)
05-09 19:56:16.061  2029  2029 D GStreamer+GST_BUS: 0:05:00.448898948 0xf35ef400 gstbus.c:309:gst_bus_post:<bus8> [msg 0xf3d43968] posting on bus state-changed message: 0xf3d43968, time 99:99:99.999999999, seq-num 1568, element 'typefind', GstMessageStateChanged, old-state=(GstState)GST_STATE_READY, new-state=(GstState)GST_STATE_PAUSED, pending-state=(GstState)GST_STATE_VOID_PENDING;
05-09 19:56:16.061  2029  2029 D GStreamer+bin: 0:05:00.448937907 0xf35ef400 gstbin.c:3528:gst_bin_handle_message_func:<forhwgl> [msg 0xf3d43968] handling child typefind message of type state-changed
05-09 19:56:16.061  2029  2029 D GStreamer+bin: 0:05:00.448968584 0xf35ef400 gstbin.c:3865:gst_bin_handle_message_func:<forhwgl> posting message upward
05-09 19:56:16.061  2029  2029 D GStreamer+GST_BUS: 0:05:00.449028792 0xf35ef400 gstbus.c:309:gst_bus_post:<bus12> [msg 0xf3d43968] posting on bus state-changed message: 0xf3d43968, time 99:99:99.999999999, seq-num 1568, element 'typefind', GstMessageStateChanged, old-state=(GstState)GST_STATE_READY, new-state=(GstState)GST_STATE_PAUSED, pending-state=(GstState)GST_STATE_VOID_PENDING;
05-09 19:56:16.061  2029  2029 D GStreamer+bin: 0:05:00.449064521 0xf35ef400 gstbin.c:3528:gst_bin_handle_message_func:<pipeline2> [msg 0xf3d43968] handling child typefind message of type state-changed
05-09 19:56:16.061  2029  2029 D GStreamer+bin: 0:05:00.449094261 0xf35ef400 gstbin.c:3865:gst_bin_handle_message_func:<pipeline2> posting message upward
05-09 19:56:16.061  2029  2029 D GStreamer+GST_BUS: 0:05:00.449153011 0xf35ef400 gstbus.c:309:gst_bus_post:<bus13> [msg 0xf3d43968] posting on bus state-changed message: 0xf3d43968, time 99:99:99.999999999, seq-num 1568, element 'typefind', GstMessageStateChanged, old-state=(GstState)GST_STATE_READY, new-state=(GstState)GST_STATE_PAUSED, pending-state=(GstState)GST_STATE_VOID_PENDING;
05-09 19:56:16.061  2029  2029 D GStreamer+GST_BUS: 0:05:00.449185719 0xf35ef400 gstbus.c:348:gst_bus_post:<bus13> [msg 0xf3d43968] pushing on async queue
05-09 19:56:16.061  2029  2029 D GStreamer+GST_BUS: 0:05:00.449223011 0xf35ef400 gstbus.c:351:gst_bus_post:<bus13> [msg 0xf3d43968] pushed on async queue
05-09 19:56:16.061  2029  2029 D GStreamer+GST_BUS: 0:05:00.449257334 0xf35ef400 gstbus.c:344:gst_bus_post:<bus12> [msg 0xf3d43968] dropped
05-09 19:56:16.061  2029  2029 D GStreamer+GST_BUS: 0:05:00.449293948 0xf35ef400 gstbus.c:344:gst_bus_post:<bus8> [msg 0xf3d43968] dropped
05-09 19:56:16.061  2029  2175 D GStreamer+GST_BUS: 0:05:00.449306969 0xf3d9e340 gstbus.c:521:gst_bus_timed_pop_filtered:<bus13> got message 0xf3d43968, state-changed from typefind, type mask is 4294967295
05-09 19:56:16.061  2029  2029 D GStreamer+GST_STATES: 0:05:00.449330094 0xf35ef400 gstelement.c:2607:gst_element_set_state_func:<typefind> returned SUCCESS
05-09 19:56:16.061  2029  2029 I GStreamer+GST_STATES: 0:05:00.449385511 0xf35ef400 gstbin.c:2764:gst_bin_change_state_func:<forhwgl> child 'typefind' changed state to 3(PAUSED) successfully
05-09 19:56:16.061  2029  2175 D GStreamer+GST_BUS: 0:05:00.449405250 0xf3d9e340 gstbus.c:789:gst_bus_source_dispatch:<bus13> source 0xf39ad330 calling dispatch with state-changed message: 0xf3d43968, time 99:99:99.999999999, seq-num 1568, element 'typefind', GstMessageStateChanged, old-state=(GstState)GST_STATE_READY, new-state=(GstState)GST_STATE_PAUSED, pending-state=(GstState)GST_STATE_VOID_PENDING;
05-09 19:56:16.061  2029  2029 D GStreamer+bin: 0:05:00.449424521 0xf35ef400 gstbin.c:2171:gst_bin_sort_iterator_next:<forhwgl> queue empty, elements exhausted
05-09 19:56:16.061  2029  2175 D GStreamer+GST_BUS: 0:05:00.449463011 0xf3d9e340 gstbus.c:794:gst_bus_source_dispatch:<bus13> source 0xf39ad330 handler returns 1
05-09 19:56:16.061  2029  2029 D GStreamer+GST_STATES: 0:05:00.449480407 0xf35ef400 gstbin.c:2823:gst_bin_change_state_func:<forhwgl> iterator done
05-09 19:56:16.061  2029  2029 D GStreamer+GST_ELEMENT_PADS: 0:05:00.449516292 0xf35ef400 gstelement.c:2793:gst_element_pads_activate:<forhwgl> activate pads
05-09 19:56:16.061  2029  2029 D GStreamer+GST_PADS: 0:05:00.449554573 0xf35ef400 gstpad.c:1062:gst_pad_set_active:<forhwgl:sink> pad was active in push mode
05-09 19:56:16.061  2029  2029 D GStreamer+GST_ELEMENT_PADS: 0:05:00.449590511 0xf35ef400 gstelement.c:2812:gst_element_pads_activate:<forhwgl> pad activation successful
05-09 19:56:16.061  2029  2029 D GStreamer+bin: 0:05:00.449621657 0xf35ef400 gstbin.c:2213:gst_bin_sort_iterator_free:<forhwgl> free
05-09 19:56:16.061  2029  2029 D GStreamer+bin: 0:05:00.449652907 0xf35ef400 gstbin.c:2858:gst_bin_change_state_func:<forhwgl> no async elements
05-09 19:56:16.061  2029  2029 D GStreamer+GST_STATES: 0:05:00.449688584 0xf35ef400 gstbin.c:2892:gst_bin_change_state_func:<forhwgl> done changing bin's state from READY to PAUSED, now in READY, ret SUCCESS
05-09 19:56:16.061  2029  2029 D GStreamer+GST_STATES: 0:05:00.449718948 0xf35ef400 gstelement.c:2666:gst_element_change_state:<forhwgl> element will change state ASYNC
05-09 19:56:16.061  2029  2029 D GStreamer+GST_STATES: 0:05:00.449750355 0xf35ef400 gstelement.c:2607:gst_element_set_state_func:<forhwgl> returned ASYNC
05-09 19:56:16.061  2029  2029 I GStreamer+GST_STATES: 0:05:00.449783219 0xf35ef400 gstbin.c:2770:gst_bin_change_state_func:<pipeline2> child 'forhwgl' is changing state asynchronously to PAUSED
05-09 19:56:16.061  2029  2029 D GStreamer+bin: 0:05:00.449816605 0xf35ef400 gstbin.c:2182:gst_bin_sort_iterator_next:<pipeline2> queue head gives queue4
05-09 19:56:16.061  2029  2029 D GStreamer+bin: 0:05:00.449849157 0xf35ef400 gstbin.c:882:find_message:<pipeline2> no message found matching types 00001000
05-09 19:56:16.062  2029  2029 D GStreamer+bin: 0:05:00.449889730 0xf35ef400 gstbin.c:889:find_message:<pipeline2>   structure-change
05-09 19:56:16.062  2029  2029 D GStreamer+bin: 0:05:00.449921448 0xf35ef400 gstbin.c:2121:update_degree:<pipeline2> element queue4 not linked on any sinkpads
05-09 19:56:16.062  2029  2029 I GStreamer+GST_STATES: 0:05:00.449957021 0xf35ef400 gstbin.c:2316:gst_bin_element_set_state:<queue4> current READY pending VOID_PENDING, desired next PAUSED
05-09 19:56:16.062  2029  2029 D GStreamer+bin: 0:05:00.449988688 0xf35ef400 gstbin.c:882:find_message:<pipeline2> no message found matching types 00100000
05-09 19:56:16.062  2029  2029 D GStreamer+bin: 0:05:00.450017907 0xf35ef400 gstbin.c:889:find_message:<pipeline2>   async-start
05-09 19:56:16.062  2029  2029 D GStreamer+bin: 0:05:00.450053688 0xf35ef400 gstbin.c:2411:gst_bin_element_set_state:<pipeline2> setting element queue4 to PAUSED, base_time 0:00:00.000000000
05-09 19:56:16.062  2029  2029 D GStreamer+GST_STATES: 0:05:00.450084938 0xf35ef400 gstelement.c:2523:gst_element_set_state_func:<queue4> set_state to PAUSED
05-09 19:56:16.062  2029  2029 D GStreamer+GST_STATES: 0:05:00.450115823 0xf35ef400 gstelement.c:2548:gst_element_set_state_func:<queue4> setting target state to PAUSED
05-09 19:56:16.062  2029  2029 D GStreamer+GST_STATES: 0:05:00.450150771 0xf35ef400 gstelement.c:2561:gst_element_set_state_func:<queue4> current READY, old_pending VOID_PENDING, next VOID_PENDING, old return SUCCESS
05-09 19:56:16.062  2029  2029 D GStreamer+GST_STATES: 0:05:00.450183844 0xf35ef400 gstelement.c:2595:gst_element_set_state_func:<queue4> final: setting state from READY to PAUSED
05-09 19:56:16.062  2029  2029 D GStreamer+GST_ELEMENT_PADS: 0:05:00.450216084 0xf35ef400 gstelement.c:2793:gst_element_pads_activate:<queue4> activate pads
05-09 19:56:16.062  2029  2029 D GStreamer+GST_PADS: 0:05:00.450251605 0xf35ef400 gstpad.c:1056:gst_pad_set_active:<queue4:src> activating pad from none
05-09 19:56:16.062  2029  2029 D GStreamer+GST_PADS: 0:05:00.450286292 0xf35ef400 gstpad.c:972:pre_activate:<queue4:src> setting pad into push mode, unset flushing
05-09 19:56:16.062  2029  2029 D GStreamer+GST_PADS: 0:05:00.450319677 0xf35ef400 gstpad.c:5938:gst_pad_start_task:<queue4:src> start task
05-09 19:56:16.062  2029  2029 D GStreamer+task: 0:05:00.450371136 0xf35ef400 gsttask.c:425:gst_task_new Created task 0xf3d1cc18
05-09 19:56:16.062  2029  2029 I GStreamer+task: 0:05:00.450401344 0xf35ef400 gsttask.c:451:gst_task_set_lock setting stream lock 0xf3cfa5c4 on task 0xf3d1cc18
05-09 19:56:16.062  2029  2029 I GStreamer+GST_PADS: 0:05:00.450433427 0xf35ef400 gstpad.c:5947:gst_pad_start_task:<queue4:src> created task 0xf3d1cc18
05-09 19:56:16.062  2029  2029 D GStreamer+GST_PADS: 0:05:00.450467750 0xf35ef400 gstpad.c:5864:do_stream_status:<queue4:src> doing stream-status 0
05-09 19:56:16.062  2029  2029 D GStreamer+GST_PADS: 0:05:00.450507230 0xf35ef400 gstpad.c:5893:do_stream_status:<queue4:src> posting stream-status 0
05-09 19:56:16.062  2029  2029 D GStreamer+GST_BUS: 0:05:00.450583896 0xf35ef400 gstbus.c:309:gst_bus_post:<bus12> [msg 0xf3d439c0] posting on bus stream-status message: 0xf3d439c0, time 99:99:99.999999999, seq-num 1569, element 'src', GstMessageStreamStatus, type=(GstStreamStatusType)GST_STREAM_STATUS_TYPE_CREATE, owner=(GstElement)"\(GstQueue\)\ queue4", object=(GstTask)"\(GstTask\)\ task11";
05-09 19:56:16.062  2029  2029 D GStreamer+bin: 0:05:00.450621240 0xf35ef400 gstbin.c:3528:gst_bin_handle_message_func:<pipeline2> [msg 0xf3d439c0] handling child src message of type stream-status
05-09 19:56:16.062  2029  2029 D GStreamer+bin: 0:05:00.450652282 0xf35ef400 gstbin.c:3865:gst_bin_handle_message_func:<pipeline2> posting message upward
05-09 19:56:16.062  2029  2029 D GStreamer+GST_BUS: 0:05:00.450723219 0xf35ef400 gstbus.c:309:gst_bus_post:<bus13> [msg 0xf3d439c0] posting on bus stream-status message: 0xf3d439c0, time 99:99:99.999999999, seq-num 1569, element 'src', GstMessageStreamStatus, type=(GstStreamStatusType)GST_STREAM_STATUS_TYPE_CREATE, owner=(GstElement)"\(GstQueue\)\ queue4", object=(GstTask)"\(GstTask\)\ task11";
05-09 19:56:16.062  2029  2029 D GStreamer+GST_BUS: 0:05:00.450756448 0xf35ef400 gstbus.c:348:gst_bus_post:<bus13> [msg 0xf3d439c0] pushing on async queue
05-09 19:56:16.062  2029  2029 D GStreamer+GST_BUS: 0:05:00.450793011 0xf35ef400 gstbus.c:351:gst_bus_post:<bus13> [msg 0xf3d439c0] pushed on async queue
05-09 19:56:16.062  2029  2029 D GStreamer+GST_BUS: 0:05:00.450828844 0xf35ef400 gstbus.c:344:gst_bus_post:<bus12> [msg 0xf3d439c0] dropped
05-09 19:56:16.063  2029  2029 D GStreamer+task: 0:05:00.450881292 0xf35ef400 gsttask.c:682:gst_task_set_state:<task11> Changing task 0xf3d1cc18 to state 0
05-09 19:56:16.063  2029  2175 D GStreamer+GST_BUS: 0:05:00.450900563 0xf3d9e340 gstbus.c:521:gst_bus_timed_pop_filtered:<bus13> got message 0xf3d439c0, stream-status from src, type mask is 4294967295
05-09 19:56:16.063  2029  2029 D GStreamer+GST_PADS: 0:05:00.450971188 0xf35ef400 gstpad.c:1198:gst_pad_activate_mode:<queue4:src> activated in push mode
05-09 19:56:16.063  2029  2175 D GStreamer+GST_BUS: 0:05:00.451002386 0xf3d9e340 gstbus.c:789:gst_bus_source_dispatch:<bus13> source 0xf39ad330 calling dispatch with stream-status message: 0xf3d439c0, time 99:99:99.999999999, seq-num 1569, element 'src', GstMessageStreamStatus, type=(GstStreamStatusType)GST_STREAM_STATUS_TYPE_CREATE, owner=(GstElement)"\(GstQueue\)\ queue4", object=(GstTask)"\(GstTask\)\ task11";
05-09 19:56:16.063  2029  2186 D GStreamer+task: 0:05:00.451049261 0xf37ecf20 gsttask.c:287:gst_task_func Entering task 0xf3d1cc18, thread 0xf37ecf20
05-09 19:56:16.063  2029  2029 D GStreamer+GST_PADS: 0:05:00.451066605 0xf35ef400 gstpad.c:1056:gst_pad_set_active:<queue4:sink> activating pad from none
05-09 19:56:16.063  2029  2175 D GStreamer+GST_BUS: 0:05:00.451076448 0xf3d9e340 gstbus.c:794:gst_bus_source_dispatch:<bus13> source 0xf39ad330 handler returns 1
05-09 19:56:16.063  2029  2186 D GStreamer+GST_PADS: 0:05:00.451098740 0xf37ecf20 gstpad.c:5864:do_stream_status:<queue4:src> doing stream-status 1
05-09 19:56:16.063  2029  2029 D GStreamer+GST_PADS: 0:05:00.451120771 0xf35ef400 gstpad.c:972:pre_activate:<queue4:sink> setting pad into push mode, unset flushing
05-09 19:56:16.063  2029  2186 D GStreamer+GST_PADS: 0:05:00.451168792 0xf37ecf20 gstpad.c:5893:do_stream_status:<queue4:src> posting stream-status 1
05-09 19:56:16.063  2029  2029 D GStreamer+GST_PADS: 0:05:00.451185823 0xf35ef400 gstpad.c:1198:gst_pad_activate_mode:<queue4:sink> activated in push mode
05-09 19:56:16.063  2029  2029 D GStreamer+GST_ELEMENT_PADS: 0:05:00.451243323 0xf35ef400 gstelement.c:2812:gst_element_pads_activate:<queue4> pad activation successful
05-09 19:56:16.063  2029  2186 D GStreamer+GST_BUS: 0:05:00.451268948 0xf37ecf20 gstbus.c:309:gst_bus_post:<bus12> [msg 0xf3d32770] posting on bus stream-status message: 0xf3d32770, time 99:99:99.999999999, seq-num 1570, element 'src', GstMessageStreamStatus, type=(GstStreamStatusType)GST_STREAM_STATUS_TYPE_ENTER, owner=(GstElement)"\(GstQueue\)\ queue4", object=(GstTask)"\(GstTask\)\ queue4:src";
05-09 19:56:16.063  2029  2029 D GStreamer+GST_STATES: 0:05:00.451278167 0xf35ef400 gstelement.c:2684:gst_element_change_state:<queue4> element changed state SUCCESS
05-09 19:56:16.063  2029  2186 D GStreamer+bin: 0:05:00.451314990 0xf37ecf20 gstbin.c:3528:gst_bin_handle_message_func:<pipeline2> [msg 0xf3d32770] handling child src message of type stream-status
05-09 19:56:16.063  2029  2029 I GStreamer+GST_STATES: 0:05:00.451331344 0xf35ef400 gstelement.c:2372:gst_element_continue_state:<queue4> completed state change to PAUSED
05-09 19:56:16.063  2029  2186 D GStreamer+bin: 0:05:00.451356605 0xf37ecf20 gstbin.c:3865:gst_bin_handle_message_func:<pipeline2> posting message upward
05-09 19:56:16.063  2029  2029 I GStreamer+GST_STATES: 0:05:00.451381396 0xf35ef400 gstelement.c:2277:_priv_gst_element_state_changed:<queue4> notifying about state-changed READY to PAUSED (VOID_PENDING pending)
05-09 19:56:16.063  2029  2186 D GStreamer+GST_BUS: 0:05:00.451461917 0xf37ecf20 gstbus.c:309:gst_bus_post:<bus13> [msg 0xf3d32770] posting on bus stream-status message: 0xf3d32770, time 99:99:99.999999999, seq-num 1570, element 'src', GstMessageStreamStatus, type=(GstStreamStatusType)GST_STREAM_STATUS_TYPE_ENTER, owner=(GstElement)"\(GstQueue\)\ queue4", object=(GstTask)"\(GstTask\)\ queue4:src";
05-09 19:56:16.063  2029  2029 D GStreamer+GST_BUS: 0:05:00.451484469 0xf35ef400 gstbus.c:309:gst_bus_post:<bus12> [msg 0xf3ad4668] posting on bus state-changed message: 0xf3ad4668, time 99:99:99.999999999, seq-num 1571, element 'queue4', GstMessageStateChanged, old-state=(GstState)GST_STATE_READY, new-state=(GstState)GST_STATE_PAUSED, pending-state=(GstState)GST_STATE_VOID_PENDING;
05-09 19:56:16.063  2029  2186 D GStreamer+GST_BUS: 0:05:00.451507855 0xf37ecf20 gstbus.c:348:gst_bus_post:<bus13> [msg 0xf3d32770] pushing on async queue
05-09 19:56:16.063  2029  2029 D GStreamer+bin: 0:05:00.451530198 0xf35ef400 gstbin.c:3528:gst_bin_handle_message_func:<pipeline2> [msg 0xf3ad4668] handling child queue4 message of type state-changed
05-09 19:56:16.063  2029  2186 D GStreamer+GST_BUS: 0:05:00.451551448 0xf37ecf20 gstbus.c:351:gst_bus_post:<bus13> [msg 0xf3d32770] pushed on async queue
05-09 19:56:16.063  2029  2029 D GStreamer+bin: 0:05:00.451565719 0xf35ef400 gstbin.c:3865:gst_bin_handle_message_func:<pipeline2> posting message upward
05-09 19:56:16.063  2029  2186 D GStreamer+GST_BUS: 0:05:00.451591344 0xf37ecf20 gstbus.c:344:gst_bus_post:<bus12> [msg 0xf3d32770] dropped
05-09 19:56:16.063  2029  2175 D GStreamer+GST_BUS: 0:05:00.451644938 0xf3d9e340 gstbus.c:521:gst_bus_timed_pop_filtered:<bus13> got message 0xf3d32770, stream-status from src, type mask is 4294967295
05-09 19:56:16.063  2029  2186 D GStreamer+task: 0:05:00.451673375 0xf37ecf20 gsttask.c:249:gst_task_configure_name:<queue4:src> Setting thread name to 'queue4:src'
05-09 19:56:16.063  2029  2029 D GStreamer+GST_BUS: 0:05:00.451689469 0xf35ef400 gstbus.c:309:gst_bus_post:<bus13> [msg 0xf3ad4668] posting on bus state-changed message: 0xf3ad4668, time 99:99:99.999999999, seq-num 1571, element 'queue4', GstMessageStateChanged, old-state=(GstState)GST_STATE_READY, new-state=(GstState)GST_STATE_PAUSED, pending-state=(GstState)GST_STATE_VOID_PENDING;
05-09 19:56:16.063  2029  2186 D GStreamer+queue_dataflow: 0:05:00.451721136 0xf37ecf20 gstqueue.c:1464:gst_queue_loop:<queue4> queue is empty
05-09 19:56:16.063  2029  2029 D GStreamer+GST_BUS: 0:05:00.451738167 0xf35ef400 gstbus.c:348:gst_bus_post:<bus13> [msg 0xf3ad4668] pushing on async queue
05-09 19:56:16.063  2029  2029 D GStreamer+GST_BUS: 0:05:00.451781761 0xf35ef400 gstbus.c:351:gst_bus_post:<bus13> [msg 0xf3ad4668] pushed on async queue
05-09 19:56:16.063  2029  2175 D GStreamer+GST_BUS: 0:05:00.451793688 0xf3d9e340 gstbus.c:789:gst_bus_source_dispatch:<bus13> source 0xf39ad330 calling dispatch with stream-status message: 0xf3d32770, time 99:99:99.999999999, seq-num 1570, element 'src', GstMessageStreamStatus, type=(GstStreamStatusType)GST_STREAM_STATUS_TYPE_ENTER, owner=(GstElement)"\(GstQueue\)\ queue4", object=(GstTask)"\(GstTask\)\ queue4:src";
05-09 19:56:16.063  2029  2029 D GStreamer+GST_BUS: 0:05:00.451816032 0xf35ef400 gstbus.c:344:gst_bus_post:<bus12> [msg 0xf3ad4668] dropped
05-09 19:56:16.063  2029  2175 D GStreamer+GST_BUS: 0:05:00.451839730 0xf3d9e340 gstbus.c:794:gst_bus_source_dispatch:<bus13> source 0xf39ad330 handler returns 1
05-09 19:56:16.064  2029  2029 D GStreamer+GST_STATES: 0:05:00.451860407 0xf35ef400 gstelement.c:2607:gst_element_set_state_func:<queue4> returned SUCCESS
05-09 19:56:16.064  2029  2029 I GStreamer+GST_STATES: 0:05:00.451923480 0xf35ef400 gstbin.c:2764:gst_bin_change_state_func:<pipeline2> child 'queue4' changed state to 3(PAUSED) successfully
05-09 19:56:16.064  2029  2175 D GStreamer+GST_BUS: 0:05:00.451947646 0xf3d9e340 gstbus.c:521:gst_bus_timed_pop_filtered:<bus13> got message 0xf3ad4668, state-changed from queue4, type mask is 4294967295
05-09 19:56:16.064  2029  2029 D GStreamer+bin: 0:05:00.451964886 0xf35ef400 gstbin.c:2167:gst_bin_sort_iterator_next:<pipeline2> queue empty, next best: q
05-09 19:56:16.064  2029  2029 D GStreamer+bin: 0:05:00.452006657 0xf35ef400 gstbin.c:2182:gst_bin_sort_iterator_next:<pipeline2> queue head gives q
05-09 19:56:16.064  2029  2175 D GStreamer+GST_BUS: 0:05:00.452029209 0xf3d9e340 gstbus.c:789:gst_bus_source_dispatch:<bus13> source 0xf39ad330 calling dispatch with state-changed message: 0xf3ad4668, time 99:99:99.999999999, seq-num 1571, element 'queue4', GstMessageStateChanged, old-state=(GstState)GST_STATE_READY, new-state=(GstState)GST_STATE_PAUSED, pending-state=(GstState)GST_STATE_VOID_PENDING;
05-09 19:56:16.064  2029  2029 D GStreamer+bin: 0:05:00.452046344 0xf35ef400 gstbin.c:882:find_message:<pipeline2> no message found matching types 00001000
05-09 19:56:16.064  2029  2029 D GStreamer+bin: 0:05:00.452088219 0xf35ef400 gstbin.c:889:find_message:<pipeline2>   structure-change
05-09 19:56:16.064  2029  2175 D GStreamer+GST_BUS: 0:05:00.452109990 0xf3d9e340 gstbus.c:794:gst_bus_source_dispatch:<bus13> source 0xf39ad330 handler returns 1
05-09 19:56:16.064  2029  2029 D GStreamer+bin: 0:05:00.452134521 0xf35ef400 gstbin.c:2098:update_degree:<pipeline2> change element filesrc2, degree 1->0, linked to q
05-09 19:56:16.064  2029  2029 D GStreamer+bin: 0:05:00.452166552 0xf35ef400 gstbin.c:1981:add_to_queue:<pipeline2> adding 'filesrc2' to queue
05-09 19:56:16.064  2029  2029 I GStreamer+GST_STATES: 0:05:00.452203844 0xf35ef400 gstbin.c:2316:gst_bin_element_set_state:<q> current READY pending VOID_PENDING, desired next PAUSED
05-09 19:56:16.064  2029  2029 D GStreamer+bin: 0:05:00.452236084 0xf35ef400 gstbin.c:882:find_message:<pipeline2> no message found matching types 00100000
05-09 19:56:16.064  2029  2029 D GStreamer+bin: 0:05:00.452266917 0xf35ef400 gstbin.c:889:find_message:<pipeline2>   async-start
05-09 19:56:16.064  2029  2029 D GStreamer+bin: 0:05:00.452303532 0xf35ef400 gstbin.c:2411:gst_bin_element_set_state:<pipeline2> setting element q to PAUSED, base_time 0:00:00.000000000
05-09 19:56:16.064  2029  2029 D GStreamer+GST_STATES: 0:05:00.452335250 0xf35ef400 gstelement.c:2523:gst_element_set_state_func:<q> set_state to PAUSED
05-09 19:56:16.064  2029  2029 D GStreamer+GST_STATES: 0:05:00.452365146 0xf35ef400 gstelement.c:2548:gst_element_set_state_func:<q> setting target state to PAUSED
05-09 19:56:16.064  2029  2029 D GStreamer+GST_STATES: 0:05:00.452400250 0xf35ef400 gstelement.c:2561:gst_element_set_state_func:<q> current READY, old_pending VOID_PENDING, next VOID_PENDING, old return SUCCESS
05-09 19:56:16.064  2029  2029 D GStreamer+GST_STATES: 0:05:00.452434000 0xf35ef400 gstelement.c:2595:gst_element_set_state_func:<q> final: setting state from READY to PAUSED
05-09 19:56:16.064  2029  2029 D GStreamer+GST_ELEMENT_PADS: 0:05:00.452468115 0xf35ef400 gstelement.c:2793:gst_element_pads_activate:<q> activate pads
05-09 19:56:16.064  2029  2029 D GStreamer+GST_PADS: 0:05:00.452505198 0xf35ef400 gstpad.c:1056:gst_pad_set_active:<q:sink> activating pad from none
05-09 19:56:16.064  2029  2029 D GStreamer+query: 0:05:00.452541917 0xf35ef400 gstquery.c:674:gst_query_new_custom creating new query 0xf37ecf50 scheduling
05-09 19:56:16.064  2029  2029 D GStreamer+GST_PADS: 0:05:00.452575094 0xf35ef400 gstpad.c:4009:gst_pad_peer_query:<q:sink> peer query 0xf37ecf50 (scheduling)
05-09 19:56:16.064  2029  2029 D GStreamer+GST_PADS: 0:05:00.452612073 0xf35ef400 gstpad.c:3882:gst_pad_query:<filesrc2:src> doing query 0xf37ecf50 (scheduling)
05-09 19:56:16.064  2029  2029 I GStreamer+filesrc: 0:05:00.452650094 0xf35ef400 gstfilesrc.c:465:gst_file_src_start:<filesrc2> opening file /storage/emulated/0/aiTennis3D/videoaudio/videov.mp4
05-09 19:56:16.064  2029  2029 D GStreamer+basesrc: 0:05:00.452805459 0xf35ef400 gstbasesrc.c:3380:gst_base_src_start_complete:<filesrc2> starting source
05-09 19:56:16.064  2029  2029 D GStreamer+basesrc: 0:05:00.452846240 0xf35ef400 gstbasesrc.c:3393:gst_base_src_start_complete:<filesrc2> setting size 15003960
05-09 19:56:16.065  2029  2029 D GStreamer+basesrc: 0:05:00.452901969 0xf35ef400 gstbasesrc.c:3404:gst_base_src_start_complete:<filesrc2> format: bytes, have size: 1, size: 15003960, duration: 15003960
05-09 19:56:16.065  2029  2029 D GStreamer+basesrc: 0:05:00.452936136 0xf35ef400 gstbasesrc.c:3407:gst_base_src_start_complete:<filesrc2> is seekable: 1
05-09 19:56:16.065  2029  2029 D GStreamer+basesrc: 0:05:00.452968219 0xf35ef400 gstbasesrc.c:3412:gst_base_src_start_complete:<filesrc2> is random_access: 1
05-09 19:56:16.065  2029  2029 D GStreamer+basesrc: 0:05:00.453001917 0xf35ef400 gstbasesrc.c:3575:gst_base_src_set_flushing:<filesrc2> flushing 0, live_play 0
05-09 19:56:16.065  2029  2029 D GStreamer+basesrc: 0:05:00.453035459 0xf35ef400 gstbasesrc.c:3532:gst_base_src_stop:<filesrc2> stopping source
05-09 19:56:16.065  2029  2029 D GStreamer+basesrc: 0:05:00.453068584 0xf35ef400 gstbasesrc.c:3575:gst_base_src_set_flushing:<filesrc2> flushing 1, live_play 0
05-09 19:56:16.065  2029  2029 D GStreamer+GST_PADS: 0:05:00.453101761 0xf35ef400 gstpad.c:6042:gst_pad_stop_task:<filesrc2:src> stop task
05-09 19:56:16.065  2029  2029 D GStreamer+GST_PADS: 0:05:00.453134938 0xf35ef400 gstpad.c:6064:gst_pad_stop_task:<filesrc2:src> no task
05-09 19:56:16.065  2029  2029 W GStreamer+basesrc: 0:05:00.453208271 0xf35ef400 gstbasesrc.c:3486:gst_base_src_start_complete:<filesrc2> pad not activated yet
05-09 19:56:16.065  2029  2029 D GStreamer+basesrc: 0:05:00.453244417 0xf35ef400 gstbasesrc.c:3521:gst_base_src_start_wait:<filesrc2> got error
05-09 19:56:16.065  2029  2029 D GStreamer+basesrc: 0:05:00.453285459 0xf35ef400 gstbasesrc.c:1296:gst_base_src_default_query:<filesrc2> query scheduling returns 1
05-09 19:56:16.065  2029  2029 D GStreamer+GST_PADS: 0:05:00.453322594 0xf35ef400 gstpad.c:3905:gst_pad_query:<filesrc2:src> sent query 0xf37ecf50 (scheduling), result 1
05-09 19:56:16.065  2029  2029 D GStreamer+qtdemux: 0:05:00.453362021 0xf35ef400 qtdemux.c:6307:qtdemux_sink_activate:<q:sink> activating pull
05-09 19:56:16.065  2029  2029 D GStreamer+GST_PADS: 0:05:00.453395771 0xf35ef400 gstpad.c:1158:gst_pad_activate_mode:<q:sink> calling peer
05-09 19:56:16.065  2029  2029 D GStreamer+GST_PADS: 0:05:00.453431084 0xf35ef400 gstpad.c:972:pre_activate:<filesrc2:src> setting pad into pull mode, unset flushing
05-09 19:56:16.065  2029  2029 D GStreamer+basesrc: 0:05:00.453465771 0xf35ef400 gstbasesrc.c:3773:gst_base_src_activate_mode:<filesrc2:src> activating in mode 2
05-09 19:56:16.065  2029  2029 D GStreamer+basesrc: 0:05:00.453497438 0xf35ef400 gstbasesrc.c:3741:gst_base_src_activate_pull:<filesrc2> Activating in pull mode
05-09 19:56:16.065  2029  2029 I GStreamer+filesrc: 0:05:00.453530042 0xf35ef400 gstfilesrc.c:465:gst_file_src_start:<filesrc2> opening file /storage/emulated/0/aiTennis3D/videoaudio/videov.mp4
05-09 19:56:16.065  2029  2029 D GStreamer+basesrc: 0:05:00.453599834 0xf35ef400 gstbasesrc.c:3380:gst_base_src_start_complete:<filesrc2> starting source
05-09 19:56:16.065  2029  2029 D GStreamer+basesrc: 0:05:00.453636032 0xf35ef400 gstbasesrc.c:3393:gst_base_src_start_complete:<filesrc2> setting size 15003960
05-09 19:56:16.065  2029  2029 D GStreamer+basesrc: 0:05:00.453677750 0xf35ef400 gstbasesrc.c:3404:gst_base_src_start_complete:<filesrc2> format: bytes, have size: 1, size: 15003960, duration: 15003960
05-09 19:56:16.065  2029  2029 D GStreamer+basesrc: 0:05:00.453709677 0xf35ef400 gstbasesrc.c:3407:gst_base_src_start_complete:<filesrc2> is seekable: 1
05-09 19:56:16.065  2029  2029 D GStreamer+basesrc: 0:05:00.453741032 0xf35ef400 gstbasesrc.c:3412:gst_base_src_start_complete:<filesrc2> is random_access: 1
05-09 19:56:16.065  2029  2029 D GStreamer+basesrc: 0:05:00.453773427 0xf35ef400 gstbasesrc.c:3575:gst_base_src_set_flushing:<filesrc2> flushing 0, live_play 0
05-09 19:56:16.065  2029  2029 D GStreamer+basesrc: 0:05:00.453806344 0xf35ef400 gstbasesrc.c:3521:gst_base_src_start_wait:<filesrc2> got ok
05-09 19:56:16.065  2029  2029 D GStreamer+GST_PADS: 0:05:00.453840563 0xf35ef400 gstpad.c:1198:gst_pad_activate_mode:<filesrc2:src> activated in pull mode
05-09 19:56:16.066  2029  2029 D GStreamer+GST_PADS: 0:05:00.453886761 0xf35ef400 gstpad.c:972:pre_activate:<q:sink> setting pad into pull mode, unset flushing
05-09 19:56:16.066  2029  2029 D GStreamer+GST_PADS: 0:05:00.453923167 0xf35ef400 gstpad.c:984:pre_activate:<q:sink> reschedule events on peer filesrc2:src
05-09 19:56:16.066  2029  2029 D GStreamer+GST_PADS: 0:05:00.453957021 0xf35ef400 gstpad.c:5938:gst_pad_start_task:<q:sink> start task
05-09 19:56:16.066  2029  2029 D GStreamer+task: 0:05:00.454004209 0xf35ef400 gsttask.c:425:gst_task_new Created task 0xf3d1cb70
05-09 19:56:16.066  2029  2029 I GStreamer+task: 0:05:00.454035094 0xf35ef400 gsttask.c:451:gst_task_set_lock setting stream lock 0xf38aa474 on task 0xf3d1cb70
05-09 19:56:16.066  2029  2029 I GStreamer+GST_PADS: 0:05:00.454066865 0xf35ef400 gstpad.c:5947:gst_pad_start_task:<q:sink> created task 0xf3d1cb70
05-09 19:56:16.066  2029  2029 D GStreamer+GST_PADS: 0:05:00.454101865 0xf35ef400 gstpad.c:5864:do_stream_status:<q:sink> doing stream-status 0
05-09 19:56:16.066  2029  2029 D GStreamer+GST_PADS: 0:05:00.454143740 0xf35ef400 gstpad.c:5893:do_stream_status:<q:sink> posting stream-status 0
05-09 19:56:16.066  2029  2029 D GStreamer+GST_BUS: 0:05:00.454224052 0xf35ef400 gstbus.c:309:gst_bus_post:<bus12> [msg 0xf3ad4610] posting on bus stream-status message: 0xf3ad4610, time 99:99:99.999999999, seq-num 1574, element 'sink', GstMessageStreamStatus, type=(GstStreamStatusType)GST_STREAM_STATUS_TYPE_CREATE, owner=(GstElement)"\(GstQTDemux\)\ q", object=(GstTask)"\(GstTask\)\ task12";
05-09 19:56:16.066  2029  2029 D GStreamer+bin: 0:05:00.454262021 0xf35ef400 gstbin.c:3528:gst_bin_handle_message_func:<pipeline2> [msg 0xf3ad4610] handling child sink message of type stream-status
05-09 19:56:16.066  2029  2029 D GStreamer+bin: 0:05:00.454292802 0xf35ef400 gstbin.c:3865:gst_bin_handle_message_func:<pipeline2> posting message upward
05-09 19:56:16.066  2029  2029 D GStreamer+GST_BUS: 0:05:00.454365042 0xf35ef400 gstbus.c:309:gst_bus_post:<bus13> [msg 0xf3ad4610] posting on bus stream-status message: 0xf3ad4610, time 99:99:99.999999999, seq-num 1574, element 'sink', GstMessageStreamStatus, type=(GstStreamStatusType)GST_STREAM_STATUS_TYPE_CREATE, owner=(GstElement)"\(GstQTDemux\)\ q", object=(GstTask)"\(GstTask\)\ task12";
05-09 19:56:16.066  2029  2029 D GStreamer+GST_BUS: 0:05:00.454398063 0xf35ef400 gstbus.c:348:gst_bus_post:<bus13> [msg 0xf3ad4610] pushing on async queue
05-09 19:56:16.066  2029  2029 D GStreamer+GST_BUS: 0:05:00.454435823 0xf35ef400 gstbus.c:351:gst_bus_post:<bus13> [msg 0xf3ad4610] pushed on async queue
05-09 19:56:16.066  2029  2175 D GStreamer+GST_BUS: 0:05:00.454466344 0xf3d9e340 gstbus.c:521:gst_bus_timed_pop_filtered:<bus13> got message 0xf3ad4610, stream-status from sink, type mask is 4294967295
05-09 19:56:16.066  2029  2029 D GStreamer+GST_BUS: 0:05:00.454476500 0xf35ef400 gstbus.c:344:gst_bus_post:<bus12> [msg 0xf3ad4610] dropped
05-09 19:56:16.066  2029  2029 D GStreamer+task: 0:05:00.454514730 0xf35ef400 gsttask.c:682:gst_task_set_state:<task12> Changing task 0xf3d1cb70 to state 0
05-09 19:56:16.066  2029  2175 D GStreamer+GST_BUS: 0:05:00.454565355 0xf3d9e340 gstbus.c:789:gst_bus_source_dispatch:<bus13> source 0xf39ad330 calling dispatch with stream-status message: 0xf3ad4610, time 99:99:99.999999999, seq-num 1574, element 'sink', GstMessageStreamStatus, type=(GstStreamStatusType)GST_STREAM_STATUS_TYPE_CREATE, owner=(GstElement)"\(GstQTDemux\)\ q", object=(GstTask)"\(GstTask\)\ task12";
05-09 19:56:16.066  2029  2175 D GStreamer+GST_BUS: 0:05:00.454620355 0xf3d9e340 gstbus.c:794:gst_bus_source_dispatch:<bus13> source 0xf39ad330 handler returns 1
05-09 19:56:16.066  2029  2029 D GStreamer+GST_PADS: 0:05:00.454639105 0xf35ef400 gstpad.c:1198:gst_pad_activate_mode:<q:sink> activated in pull mode
05-09 19:56:16.066  2029  2029 D GStreamer+GST_ELEMENT_PADS: 0:05:00.454686136 0xf35ef400 gstelement.c:2812:gst_element_pads_activate:<q> pad activation successful
05-09 19:56:16.066  2029  2187 D GStreamer+task: 0:05:00.454705459 0xf37ecf50 gsttask.c:287:gst_task_func Entering task 0xf3d1cb70, thread 0xf37ecf50
05-09 19:56:16.066  2029  2029 D GStreamer+GST_STATES: 0:05:00.454725094 0xf35ef400 gstelement.c:2684:gst_element_change_state:<q> element changed state SUCCESS
05-09 19:56:16.066  2029  2187 D GStreamer+GST_PADS: 0:05:00.454749938 0xf37ecf50 gstpad.c:5864:do_stream_status:<q:sink> doing stream-status 1
05-09 19:56:16.066  2029  2029 I GStreamer+GST_STATES: 0:05:00.454766136 0xf35ef400 gstelement.c:2372:gst_element_continue_state:<q> completed state change to PAUSED
05-09 19:56:16.066  2029  2029 I GStreamer+GST_STATES: 0:05:00.454803896 0xf35ef400 gstelement.c:2277:_priv_gst_element_state_changed:<q> notifying about state-changed READY to PAUSED (VOID_PENDING pending)
05-09 19:56:16.066  2029  2187 D GStreamer+GST_PADS: 0:05:00.454833219 0xf37ecf50 gstpad.c:5893:do_stream_status:<q:sink> posting stream-status 1
05-09 19:56:16.067  2029  2029 D GStreamer+GST_BUS: 0:05:00.454911292 0xf35ef400 gstbus.c:309:gst_bus_post:<bus12> [msg 0xf3ad45b8] posting on bus state-changed message: 0xf3ad45b8, time 99:99:99.999999999, seq-num 1576, element 'q', GstMessageStateChanged, old-state=(GstState)GST_STATE_READY, new-state=(GstState)GST_STATE_PAUSED, pending-state=(GstState)GST_STATE_VOID_PENDING;
05-09 19:56:16.067  2029  2187 D GStreamer+GST_BUS: 0:05:00.454953948 0xf37ecf50 gstbus.c:309:gst_bus_post:<bus12> [msg 0xf3ab9dc8] posting on bus stream-status message: 0xf3ab9dc8, time 99:99:99.999999999, seq-num 1575, element 'sink', GstMessageStreamStatus, type=(GstStreamStatusType)GST_STREAM_STATUS_TYPE_ENTER, owner=(GstElement)"\(GstQTDemux\)\ q", object=(GstTask)"\(GstTask\)\ q:sink";
05-09 19:56:16.067  2029  2029 D GStreamer+bin: 0:05:00.454973271 0xf35ef400 gstbin.c:3528:gst_bin_handle_message_func:<pipeline2> [msg 0xf3ad45b8] handling child q message of type state-changed
05-09 19:56:16.067  2029  2187 D GStreamer+bin: 0:05:00.455002073 0xf37ecf50 gstbin.c:3528:gst_bin_handle_message_func:<pipeline2> [msg 0xf3ab9dc8] handling child sink message of type stream-status
05-09 19:56:16.067  2029  2029 D GStreamer+bin: 0:05:00.455016709 0xf35ef400 gstbin.c:3865:gst_bin_handle_message_func:<pipeline2> posting message upward
05-09 19:56:16.067  2029  2187 D GStreamer+bin: 0:05:00.455038271 0xf37ecf50 gstbin.c:3865:gst_bin_handle_message_func:<pipeline2> posting message upward
05-09 19:56:16.067  2029  2029 D GStreamer+GST_BUS: 0:05:00.455095250 0xf35ef400 gstbus.c:309:gst_bus_post:<bus13> [msg 0xf3ad45b8] posting on bus state-changed message: 0xf3ad45b8, time 99:99:99.999999999, seq-num 1576, element 'q', GstMessageStateChanged, old-state=(GstState)GST_STATE_READY, new-state=(GstState)GST_STATE_PAUSED, pending-state=(GstState)GST_STATE_VOID_PENDING;
05-09 19:56:16.067  2029  2187 D GStreamer+GST_BUS: 0:05:00.455140459 0xf37ecf50 gstbus.c:309:gst_bus_post:<bus13> [msg 0xf3ab9dc8] posting on bus stream-status message: 0xf3ab9dc8, time 99:99:99.999999999, seq-num 1575, element 'sink', GstMessageStreamStatus, type=(GstStreamStatusType)GST_STREAM_STATUS_TYPE_ENTER, owner=(GstElement)"\(GstQTDemux\)\ q", object=(GstTask)"\(GstTask\)\ q:sink";
05-09 19:56:16.067  2029  2029 D GStreamer+GST_BUS: 0:05:00.455154782 0xf35ef400 gstbus.c:348:gst_bus_post:<bus13> [msg 0xf3ad45b8] pushing on async queue
05-09 19:56:16.067  2029  2187 D GStreamer+GST_BUS: 0:05:00.455178584 0xf37ecf50 gstbus.c:348:gst_bus_post:<bus13> [msg 0xf3ab9dc8] pushing on async queue
05-09 19:56:16.067  2029  2029 D GStreamer+GST_BUS: 0:05:00.455200146 0xf35ef400 gstbus.c:351:gst_bus_post:<bus13> [msg 0xf3ad45b8] pushed on async queue
05-09 19:56:16.067  2029  2187 D GStreamer+GST_BUS: 0:05:00.455218271 0xf37ecf50 gstbus.c:351:gst_bus_post:<bus13> [msg 0xf3ab9dc8] pushed on async queue
05-09 19:56:16.067  2029  2029 D GStreamer+GST_BUS: 0:05:00.455243167 0xf35ef400 gstbus.c:344:gst_bus_post:<bus12> [msg 0xf3ad45b8] dropped
05-09 19:56:16.067  2029  2187 D GStreamer+GST_BUS: 0:05:00.455262907 0xf37ecf50 gstbus.c:344:gst_bus_post:<bus12> [msg 0xf3ab9dc8] dropped
05-09 19:56:16.067  2029  2175 D GStreamer+GST_BUS: 0:05:00.455279365 0xf3d9e340 gstbus.c:521:gst_bus_timed_pop_filtered:<bus13> got message 0xf3ad45b8, state-changed from q, type mask is 4294967295
05-09 19:56:16.067  2029  2029 D GStreamer+GST_STATES: 0:05:00.455289625 0xf35ef400 gstelement.c:2607:gst_element_set_state_func:<q> returned SUCCESS
05-09 19:56:16.067  2029  2187 D GStreamer+task: 0:05:00.455307542 0xf37ecf50 gsttask.c:249:gst_task_configure_name:<q:sink> Setting thread name to 'q:sink'
05-09 19:56:16.067  2029  2029 I GStreamer+GST_STATES: 0:05:00.455348427 0xf35ef400 gstbin.c:2764:gst_bin_change_state_func:<pipeline2> child 'q' changed state to 3(PAUSED) successfully
05-09 19:56:16.067  2029  2175 D GStreamer+GST_BUS: 0:05:00.455412125 0xf3d9e340 gstbus.c:789:gst_bus_source_dispatch:<bus13> source 0xf39ad330 calling dispatch with state-changed message: 0xf3ad45b8, time 99:99:99.999999999, seq-num 1576, element 'q', GstMessageStateChanged, old-state=(GstState)GST_STATE_READY, new-state=(GstState)GST_STATE_PAUSED, pending-state=(GstState)GST_STATE_VOID_PENDING;
05-09 19:56:16.067  2029  2187 D GStreamer+basesrc: 0:05:00.455424313 0xf37ecf50 gstbasesrc.c:2355:gst_base_src_update_length:<filesrc2> reading offset 0, length 16, size 15003960, segment.stop -1, maxsize 15003960
05-09 19:56:16.067  2029  2029 D GStreamer+bin: 0:05:00.455438115 0xf35ef400 gstbin.c:2182:gst_bin_sort_iterator_next:<pipeline2> queue head gives filesrc2
05-09 19:56:16.067  2029  2187 D GStreamer+basesrc: 0:05:00.455483896 0xf37ecf50 gstbasesrc.c:2456:gst_base_src_get_range:<filesrc2> calling create offset 0 length 16, time 0
05-09 19:56:16.067  2029  2175 D GStreamer+GST_BUS: 0:05:00.455495459 0xf3d9e340 gstbus.c:794:gst_bus_source_dispatch:<bus13> source 0xf39ad330 handler returns 1
05-09 19:56:16.067  2029  2029 D GStreamer+bin: 0:05:00.455509990 0xf35ef400 gstbin.c:2121:update_degree:<pipeline2> element filesrc2 not linked on any sinkpads
05-09 19:56:16.067  2029  2187 D GStreamer+GST_MEMORY: 0:05:00.455532907 0xf37ecf50 gstmemory.c:138:gst_memory_init new memory 0xf3d7a750, maxsize:19 offset:0 size:16
05-09 19:56:16.067  2029  2029 I GStreamer+GST_STATES: 0:05:00.455571813 0xf35ef400 gstbin.c:2316:gst_bin_element_set_state:<filesrc2> current READY pending VOID_PENDING, desired next PAUSED
05-09 19:56:16.067  2029  2175 D GStreamer+GST_BUS: 0:05:00.455590250 0xf3d9e340 gstbus.c:521:gst_bus_timed_pop_filtered:<bus13> got message 0xf3ab9dc8, stream-status from sink, type mask is 4294967295
05-09 19:56:16.067  2029  2029 D GStreamer+bin: 0:05:00.455659677 0xf35ef400 gstbin.c:882:find_message:<pipeline2> no message found matching types 00100000
05-09 19:56:16.067  2029  2175 D GStreamer+GST_BUS: 0:05:00.455685459 0xf3d9e340 gstbus.c:789:gst_bus_source_dispatch:<bus13> source 0xf39ad330 calling dispatch with stream-status message: 0xf3ab9dc8, time 99:99:99.999999999, seq-num 1575, element 'sink', GstMessageStreamStatus, type=(GstStreamStatusType)GST_STREAM_STATUS_TYPE_ENTER, owner=(GstElement)"\(GstQTDemux\)\ q", object=(GstTask)"\(GstTask\)\ q:sink";
05-09 19:56:16.067  2029  2029 D GStreamer+bin: 0:05:00.455706396 0xf35ef400 gstbin.c:889:find_message:<pipeline2>   async-start
05-09 19:56:16.067  2029  2187 D GStreamer+basesrc: 0:05:00.455730667 0xf37ecf50 gstbasesrc.c:2501:gst_base_src_get_range:<filesrc2> setting first timestamp to 0
05-09 19:56:16.067  2029  2175 D GStreamer+GST_BUS: 0:05:00.455746709 0xf3d9e340 gstbus.c:794:gst_bus_source_dispatch:<bus13> source 0xf39ad330 handler returns 1
05-09 19:56:16.067  2029  2029 D GStreamer+bin: 0:05:00.455759000 0xf35ef400 gstbin.c:2411:gst_bin_element_set_state:<pipeline2> setting element filesrc2 to PAUSED, base_time 0:00:00.000000000
05-09 19:56:16.067  2029  2187 D GStreamer+basesrc: 0:05:00.455784157 0xf37ecf50 gstbasesrc.c:2310:gst_base_src_do_sync:<filesrc2> we have no clock
