05-09 19:56:16.223  2029  2192 D GStreamer+GST_BUS: 0:05:00.611507542 0xf3ac6890 gstbus.c:309:gst_bus_post:<bus12> [msg 0xf3ad4400] posting on bus stream-status message: 0xf3ad4400, time 99:99:99.999999999, seq-num 1713, element 'src', GstMessageStreamStatus, type=(GstStreamStatusType)GST_STREAM_STATUS_TYPE_ENTER, owner=(GstElement)"\(GstAmcAudioDec-OmxGoogleMp3Decoder\)\ amcaudiodec-omxgooglemp3decoder0", object=(GstTask)"\(GstTask\)\ amcaudiodec-omxgooglemp3decoder0:src";
05-09 19:56:16.223  2029  2175 I GStreamer+GST_STATES: 0:05:00.611451032 0xf3d9e340 gstbin.c:2316:gst_bin_element_set_state:<glimagesinkbin2> current READY pending PAUSED, desired next NULL
05-09 19:56:16.223  2029  2186 D GStreamer+default: 0:05:00.611521761 0xf37ecf20 gstutils.c:2926:gst_pad_query_accept_caps:<capsfilter2:sink> query returned 1
05-09 19:56:16.223  2029  2192 D GStreamer+bin: 0:05:00.611576396 0xf3ac6890 gstbin.c:3528:gst_bin_handle_message_func:<pipeline2> [msg 0xf3ad4400] handling child src message of type stream-status
05-09 19:56:16.223  2029  2175 D GStreamer+bin: 0:05:00.611584209 0xf3d9e340 gstbin.c:882:find_message:<pipeline2> no message found matching types 00100000
05-09 19:56:16.223  2029  2175 D GStreamer+bin: 0:05:00.611622021 0xf3d9e340 gstbin.c:889:find_message:<pipeline2>   async-start
05-09 19:56:16.223  2029  2192 D GStreamer+bin: 0:05:00.611628740 0xf3ac6890 gstbin.c:3865:gst_bin_handle_message_func:<pipeline2> posting message upward
05-09 19:56:16.223  2029  2186 D GStreamer+GST_PADS: 0:05:00.611645979 0xf37ecf20 gstpad.c:1591:gst_pad_check_reconfigure:<capsfilter2:src> remove RECONFIGURE flag
05-09 19:56:16.223  2029  2175 D GStreamer+bin: 0:05:00.611748740 0xf3d9e340 gstbin.c:2411:gst_bin_element_set_state:<pipeline2> setting element glimagesinkbin2 to NULL, base_time 0:00:00.000000000
05-09 19:56:16.223  2029  2192 D GStreamer+GST_BUS: 0:05:00.611799782 0xf3ac6890 gstbus.c:309:gst_bus_post:<bus13> [msg 0xf3ad4400] posting on bus stream-status message: 0xf3ad4400, time 99:99:99.999999999, seq-num 1713, element 'src', GstMessageStreamStatus, type=(GstStreamStatusType)GST_STREAM_STATUS_TYPE_ENTER, owner=(GstElement)"\(GstAmcAudioDec-OmxGoogleMp3Decoder\)\ amcaudiodec-omxgooglemp3decoder0", object=(GstTask)"\(GstTask\)\ amcaudiodec-omxgooglemp3decoder0:src";
05-09 19:56:16.223  2029  2185 D GStreamer+GST_PADS: 0:05:00.611714677 0xf37ecec0 gstpad.c:3882:gst_pad_query:<amcaudiodec-omxgooglemp3decoder0:src> doing query 0xf3d19950 (caps)
05-09 19:56:16.223  2029  2186 D GStreamer+basetransform: 0:05:00.611823844 0xf37ecf20 gstbasetransform.c:1356:gst_base_transform_setcaps:<capsfilter2:sink> have new caps 0xf3d5f3b8 video/x-h264, stream-format=(string)byte-stream, alignment=(string)au, level=(string)4, profile=(string)baseline, width=(int)1280, height=(int)1440, framerate=(fraction)151/3, pixel-aspect-ratio=(fraction)1/1, parsed=(boolean)true
05-09 19:56:16.224  2029  2192 D GStreamer+GST_BUS: 0:05:00.611852386 0xf3ac6890 gstbus.c:348:gst_bus_post:<bus13> [msg 0xf3ad4400] pushing on async queue
05-09 19:56:16.224  2029  2186 D GStreamer+basetransform: 0:05:00.611892386 0xf37ecf20 gstbasetransform.c:533:gst_base_transform_transform_caps:<capsfilter2> transform caps (direction = 2)
05-09 19:56:16.224  2029  2185 D GStreamer+audiodecoder: 0:05:00.611920198 0xf37ecec0 gstaudiodecoder.c:2883:gst_audio_decoder_src_query:<amcaudiodec-omxgooglemp3decoder0:src> received query caps query: 0xf3d19950, GstQueryCaps, filter=(GstCaps)"NULL", caps=(GstCaps)"NULL";
05-09 19:56:16.224  2029  2192 D GStreamer+GST_BUS: 0:05:00.611935667 0xf3ac6890 gstbus.c:351:gst_bus_post:<bus13> [msg 0xf3ad4400] pushed on async queue
05-09 19:56:16.224  2029  2192 D GStreamer+GST_BUS: 0:05:00.612012594 0xf3ac6890 gstbus.c:344:gst_bus_post:<bus12> [msg 0xf3ad4400] dropped
05-09 19:56:16.224  2029  2175 D GStreamer+GST_STATES: 0:05:00.612044261 0xf3d9e340 gstelement.c:2523:gst_element_set_state_func:<glimagesinkbin2> set_state to NULL
05-09 19:56:16.224  2029  2192 D GStreamer+GST_BUS: 0:05:00.612073375 0xf3ac6890 gstbus.c:344:gst_bus_post:<bus10> [msg 0xf3ad4400] dropped
05-09 19:56:16.224  2029  2186 D GStreamer+capsfilter: 0:05:00.612092750 0xf37ecf20 gstcapsfilter.c:295:gst_capsfilter_transform_caps:<capsfilter2> input:     video/x-h264, stream-format=(string)byte-stream, alignment=(string)au, level=(string)4, profile=(string)baseline, width=(int)1280, height=(int)1440, framerate=(fraction)151/3, pixel-aspect-ratio=(fraction)1/1, parsed=(boolean)true
05-09 19:56:16.224  2029  2175 D GStreamer+GST_STATES: 0:05:00.612108063 0xf3d9e340 gstelement.c:2548:gst_element_set_state_func:<glimagesinkbin2> setting target state to NULL
05-09 19:56:16.224  2029  2185 D GStreamer+GST_CAPS: 0:05:00.612032542 0xf37ecec0 gstpad.c:3088:gst_pad_query_caps_default:<amcaudiodec-omxgooglemp3decoder0:src> query caps caps query: 0xf3d19950, GstQueryCaps, filter=(GstCaps)"NULL", caps=(GstCaps)"NULL";
05-09 19:56:16.224  2029  2192 D GStreamer+task: 0:05:00.612145927 0xf3ac6890 gsttask.c:249:gst_task_configure_name:<amcaudiodec-omxgooglemp3decoder0:src> Setting thread name to 'amcaudiodec-omxg'
05-09 19:56:16.224  2029  2185 D GStreamer+GST_CAPS: 0:05:00.612172959 0xf37ecec0 gstpad.c:3111:gst_pad_query_caps_default:<amcaudiodec-omxgooglemp3decoder0:src> trying pad template caps
05-09 19:56:16.224  2029  2192 D GStreamer+amcaudiodec: 0:05:00.612187177 0xf3ac6890 gstamcaudiodec.c:424:gst_amc_audio_dec_loop:<amcaudiodec-omxgooglemp3decoder0> Waiting for available output buffer
05-09 19:56:16.224  2029  2186 D GStreamer+capsfilter: 0:05:00.612192959 0xf37ecf20 gstcapsfilter.c:296:gst_capsfilter_transform_caps:<capsfilter2> filter:    (NULL)
05-09 19:56:16.224  2029  2192 D GStreamer+default: 0:05:00.612245667 0xf3ac6890 gstjniutils.c:476:gst_amc_jni_attach_current_thread Attaching thread 0xf3ac6890
05-09 19:56:16.224  2029  2175 D GStreamer+GST_STATES: 0:05:00.612316292 0xf3d9e340 gstelement.c:2561:gst_element_set_state_func:<glimagesinkbin2> current READY, old_pending PAUSED, next PAUSED, old return ASYNC
05-09 19:56:16.224  2029  2175 D GStreamer+GST_STATES: 0:05:00.612373167 0xf3d9e340 gstelement.c:2595:gst_element_set_state_func:<glimagesinkbin2> intermediate: setting state from PAUSED to READY
05-09 19:56:16.224  2029  2175 D GStreamer+glimagesink: 0:05:00.612421344 0xf3d9e340 gstglsinkbin.c:374:gst_gl_sink_bin_change_state changing state: PAUSED => READY
05-09 19:56:16.224  2029  2186 D GStreamer+capsfilter: 0:05:00.612446813 0xf37ecf20 gstcapsfilter.c:298:gst_capsfilter_transform_caps:<capsfilter2> caps filter:    video/x-h264, width=(int)[ 16, 4096 ], height=(int)[ 16, 4096 ], framerate=(fraction)[ 0/1, 2147483647/1 ], parsed=(boolean)true, stream-format=(string)byte-stream, alignment=(string)au, profile=(string)high; video/x-h264, width=(int)[ 16, 4096 ], height=(int)[ 16, 4096 ], framerate=(fraction)[ 0/1, 2147483647/1 ], parsed=(boolean)true, stream-format=(string)byte-stream, alignment=(string)au, profile=(string)main; video/x-h264, width=(int)[ 16, 4096 ], height=(int)[ 16, 4096 ], framerate=(fraction)[ 0/1, 2147483647/1 ], parsed=(boolean)true, stream-format=(string)byte-stream, alignment=(string)au, profile=(string)baseline; video/x-h264, width=(int)[ 16, 4096 ], height=(int)[ 16, 4096 ], framerate=(fraction)[ 0/1, 2147483647/1 ], parsed=(boolean)true, stream-format=(string)byte-stream, alignment=(string)au, profile=(string)constrained-baseline; video/x-h264, stream-format=(string)byte-stream, alignment
05-09 19:56:16.224  2029  2175 D GStreamer+GST_STATES: 0:05:00.612458011 0xf3d9e340 gstbin.c:2664:gst_bin_change_state_func:<glimagesinkbin2> changing state of children from PAUSED to READY
05-09 19:56:16.224  2029  2175 D GStreamer+bin: 0:05:00.612493427 0xf3d9e340 gstbin.c:2701:gst_bin_change_state_func:<glimagesinkbin2> clearing all cached messages
05-09 19:56:16.224  2029  2186 D GStreamer+capsfilter: 0:05:00.612523271 0xf37ecf20 gstcapsfilter.c:299:gst_capsfilter_transform_caps:<capsfilter2> intersect: video/x-h264, width=(int)1280, height=(int)1440, framerate=(fraction)151/3, parsed=(boolean)true, stream-format=(string)byte-stream, alignment=(string)au, profile=(string)baseline, level=(string)4, pixel-aspect-ratio=(fraction)1/1
05-09 19:56:16.224  2029  2175 D GStreamer+bin: 0:05:00.612589261 0xf3d9e340 gstbin.c:957:bin_remove_messages:<sink> deleting message 0xf3ac0b18 of types 0xffffffff
05-09 19:56:16.224  2029  2175 D GStreamer+bin: 0:05:00.612644782 0xf3d9e340 gstbin.c:2509:gst_bin_src_pads_activate:<glimagesinkbin2> deactivate pads
05-09 19:56:16.224  2029  2186 D GStreamer+basetransform: 0:05:00.612662125 0xf37ecf20 gstbasetransform.c:560:gst_base_transform_transform_caps:<capsfilter2> to: video/x-h264, width=(int)1280, height=(int)1440, framerate=(fraction)151/3, parsed=(boolean)true, stream-format=(string)byte-stream, alignment=(string)au, profile=(string)baseline, level=(string)4, pixel-aspect-ratio=(fraction)1/1
05-09 19:56:16.224  2029  2175 D GStreamer+bin: 0:05:00.612687334 0xf3d9e340 gstbin.c:2517:gst_bin_src_pads_activate:<glimagesinkbin2> pad deactivation successful
05-09 19:56:16.224  2029  2185 D GStreamer+GST_CAPS: 0:05:00.612262282 0xf37ecec0 gstpad.c:3141:gst_pad_query_caps_default:<amcaudiodec-omxgooglemp3decoder0:src> using caps 0xf375a2f0 audio/x-raw, rate=(int)[ 1, 2147483647 ], channels=(int)[ 1, 2147483647 ], format=(string)S16LE
05-09 19:56:16.224  2029  2186 D GStreamer+basetransform: 0:05:00.612713688 0xf37ecf20 gstbasetransform.c:1142:gst_base_transform_find_transform:<capsfilter2> intersecting against padtemplate ANY
05-09 19:56:16.224  2029  2185 D GStreamer+GST_PADS: 0:05:00.612765875 0xf37ecec0 gstpad.c:3339:gst_pad_query_default:<amcaudiodec-omxgooglemp3decoder0:src> not forwarding 0xf3d19950 (caps) query
05-09 19:56:16.224  2029  2186 D GStreamer+basetransform: 0:05:00.612814104 0xf37ecf20 gstbasetransform.c:1217:gst_base_transform_find_transform have fixed caps video/x-h264, width=(int)1280, height=(int)1440, framerate=(fraction)151/3, parsed=(boolean)true, stream-format=(string)byte-stream, alignment=(string)au, profile=(string)baseline, level=(string)4, pixel-aspect-ratio=(fraction)1/1
05-09 19:56:16.224  2029  2175 D GStreamer+bin: 0:05:00.612835354 0xf3d9e340 gstbin.c:2195:gst_bin_sort_iterator_resync:<glimagesinkbin2> resync
05-09 19:56:16.225  2029  2175 D GStreamer+bin: 0:05:00.612899990 0xf3d9e340 gstbin.c:1981:add_to_queue:<glimagesinkbin2> adding 'sink' to queue
05-09 19:56:16.225  2029  2186 D GStreamer+basetransform: 0:05:00.612937438 0xf37ecf20 gstbasetransform.c:1224:gst_base_transform_find_transform:<capsfilter2> calling fixate_caps for video/x-h264, width=(int)1280, height=(int)1440, framerate=(fraction)151/3, parsed=(boolean)true, stream-format=(string)byte-stream, alignment=(string)au, profile=(string)baseline, level=(string)4, pixel-aspect-ratio=(fraction)1/1 using caps video/x-h264, stream-format=(string)byte-stream, alignment=(string)au, level=(string)4, profile=(string)baseline, width=(int)1280, height=(int)1440, framerate=(fraction)151/3, pixel-aspect-ratio=(fraction)1/1, parsed=(boolean)true on pad capsfilter2:src
05-09 19:56:16.225  2029  2175 D GStreamer+bin: 0:05:00.612951552 0xf3d9e340 gstbin.c:882:find_message:<glimagesinkbin2> no message found matching types 00001000
05-09 19:56:16.225  2029  2175 D GStreamer+bin: 0:05:00.612989782 0xf3d9e340 gstbin.c:889:find_message:<glimagesinkbin2>   structure-change
05-09 19:56:16.225  2029  2186 D GStreamer+basetransform: 0:05:00.613015563 0xf37ecf20 gstbasetransform.c:1091:gst_base_transform_default_fixate_caps:<capsfilter2> fixated to video/x-h264, width=(int)1280, height=(int)1440, framerate=(fraction)151/3, parsed=(boolean)true, stream-format=(string)byte-stream, alignment=(string)au, profile=(string)baseline, level=(string)4, pixel-aspect-ratio=(fraction)1/1
05-09 19:56:16.225  2029  2175 D GStreamer+bin: 0:05:00.613041240 0xf3d9e340 gstbin.c:2098:update_degree:<glimagesinkbin2> change element glcolorbalance2, degree 0->1, linked to sink
05-09 19:56:16.225  2029  2175 D GStreamer+bin: 0:05:00.613092073 0xf3d9e340 gstbin.c:882:find_message:<glimagesinkbin2> no message found matching types 00001000
05-09 19:56:16.225  2029  2186 D GStreamer+basetransform: 0:05:00.613108792 0xf37ecf20 gstbasetransform.c:1230:gst_base_transform_find_transform:<capsfilter2> after fixating video/x-h264, width=(int)1280, height=(int)1440, framerate=(fraction)151/3, parsed=(boolean)true, stream-format=(string)byte-stream, alignment=(string)au, profile=(string)baseline, level=(string)4, pixel-aspect-ratio=(fraction)1/1
05-09 19:56:16.225  2029  2175 D GStreamer+bin: 0:05:00.613133063 0xf3d9e340 gstbin.c:889:find_message:<glimagesinkbin2>   structure-change
05-09 19:56:16.225  2029  2175 D GStreamer+bin: 0:05:00.613193532 0xf3d9e340 gstbin.c:2098:update_degree:<glimagesinkbin2> change element glcolorconvertelement2, degree 0->1, linked to glcolorbalance2
05-09 19:56:16.225  2029  2185 D GStreamer+GST_PADS: 0:05:00.613247594 0xf37ecec0 gstpad.c:3905:gst_pad_query:<amcaudiodec-omxgooglemp3decoder0:src> sent query 0xf3d19950 (caps), result 1
05-09 19:56:16.225  2029  2186 D GStreamer+basetransform: 0:05:00.613252542 0xf37ecf20 gstbasetransform.c:1242:gst_base_transform_find_transform:<capsfilter2> Input caps were video/x-h264, stream-format=(string)byte-stream, alignment=(string)au, level=(string)4, profile=(string)baseline, width=(int)1280, height=(int)1440, framerate=(fraction)151/3, pixel-aspect-ratio=(fraction)1/1, parsed=(boolean)true, and got final caps video/x-h264, width=(int)1280, height=(int)1440, framerate=(fraction)151/3, parsed=(boolean)true, stream-format=(string)byte-stream, alignment=(string)au, profile=(string)baseline, level=(string)4, pixel-aspect-ratio=(fraction)1/1
05-09 19:56:16.225  2029  2186 I GStreamer+basetransform: 0:05:00.613297854 0xf37ecf20 gstbasetransform.c:1367:gst_base_transform_setcaps:<capsfilter2> reuse caps
05-09 19:56:16.225  2029  2185 D GStreamer+GST_CAPS: 0:05:00.613315146 0xf37ecec0 gstutils.c:2845:gst_pad_query_caps:<amcaudiodec-omxgooglemp3decoder0:src> query returned audio/x-raw, rate=(int)[ 1, 2147483647 ], channels=(int)[ 1, 2147483647 ], format=(string)S16LE
05-09 19:56:16.225  2029  2185 D GStreamer+decodebin: 0:05:00.613366552 0xf37ecec0 gstdecodebin2.c:2747:expose_pad:<decodebin3> pad amcaudiodec-omxgooglemp3decoder0:src, chain:0xf380e808
05-09 19:56:16.225  2029  2186 D GStreamer+GST_CAPS: 0:05:00.613383532 0xf37ecf20 gstpad.c:2648:gst_pad_get_current_caps:<capsfilter2:sink> get current pad caps video/x-h264, parsed=(boolean)true, stream-format=(string)avc, alignment=(string)au, width=(int)1280, height=(int)1440, framerate=(fraction)151/3, profile=(string)baseline
05-09 19:56:16.225  2029  2185 D GStreamer+GST_PADS: 0:05:00.613410094 0xf37ecec0 gstpad.c:1062:gst_pad_set_active:<'':decodepad3> pad was active in push mode
05-09 19:56:16.225  2029  2185 D GStreamer+decodebin: 0:05:00.613462542 0xf37ecec0 gstdecodebin2.c:4913:gst_decode_pad_set_blocked:<'':decodepad3> blocking pad: 1
05-09 19:56:16.225  2029  2186 D GStreamer+GST_CAPS: 0:05:00.613478792 0xf37ecf20 gstpad.c:2648:gst_pad_get_current_caps:<capsfilter2:src> get current pad caps video/x-h264, parsed=(boolean)true, stream-format=(string)avc, alignment=(string)au, width=(int)1280, height=(int)1440, framerate=(fraction)151/3, profile=(string)baseline
05-09 19:56:16.225  2029  2185 D GStreamer+GST_PADS: 0:05:00.613507542 0xf37ecec0 gstghostpad.c:808:gst_ghost_pad_get_target:<'':decodepad3> get target amcaudiodec-omxgooglemp3decoder0:src
05-09 19:56:16.225  2029  2186 D GStreamer+basetransform: 0:05:00.613559313 0xf37ecf20 gstbasetransform.c:1061:gst_base_transform_configure_caps:<capsfilter2> in caps:  video/x-h264, stream-format=(string)byte-stream, alignment=(string)au, level=(string)4, profile=(string)baseline, width=(int)1280, height=(int)1440, framerate=(fraction)151/3, pixel-aspect-ratio=(fraction)1/1, parsed=(boolean)true
05-09 19:56:16.225  2029  2185 D GStreamer+decodebin: 0:05:00.613579521 0xf37ecec0 gstdecodebin2.c:3956:gst_decode_chain_is_complete:<decodebin3> Chain 0xf380e808 is complete: 0
05-09 19:56:16.225  2029  2186 D GStreamer+basetransform: 0:05:00.613635250 0xf37ecf20 gstbasetransform.c:1062:gst_base_transform_configure_caps:<capsfilter2> out caps: video/x-h264, stream-format=(string)byte-stream, alignment=(string)au, level=(string)4, profile=(string)baseline, width=(int)1280, height=(int)1440, framerate=(fraction)151/3, pixel-aspect-ratio=(fraction)1/1, parsed=(boolean)true
05-09 19:56:16.225  2029  2185 D GStreamer+decodebin: 0:05:00.613653479 0xf37ecec0 gstdecodebin2.c:3956:gst_decode_chain_is_complete:<decodebin3> Chain 0xf380e808 is complete: 0
05-09 19:56:16.225  2029  2186 D GStreamer+basetransform: 0:05:00.613676969 0xf37ecf20 gstbasetransform.c:1070:gst_base_transform_configure_caps:<capsfilter2> have_same_caps: 1
05-09 19:56:16.225  2029  2185 D GStreamer+GST_PADS: 0:05:00.613719521 0xf37ecec0 gstpad.c:3813:check_sticky:<mpegaudioparse0:src> pushing all sticky events
05-09 19:56:16.225  2029  2186 I GStreamer+GST_EVENT: 0:05:00.613748063 0xf37ecf20 gstevent.c:679:gst_event_new_caps creating caps event video/x-h264, stream-format=(string)byte-stream, alignment=(string)au, level=(string)4, profile=(string)baseline, width=(int)1280, height=(int)1440, framerate=(fraction)151/3, pixel-aspect-ratio=(fraction)1/1, parsed=(boolean)true
05-09 19:56:16.225  2029  2186 D GStreamer+GST_EVENT: 0:05:00.613797594 0xf37ecf20 gstevent.c:302:gst_event_new_custom creating new event 0xf396ba50 caps 12814
05-09 19:56:16.225  2029  2185 D GStreamer+GST_EVENT: 0:05:00.613815302 0xf37ecec0 gstpad.c:5496:gst_pad_send_event_unchecked:<amcaudiodec-omxgooglemp3decoder0:sink> have event type stream-start event: 0xf3abb9d0, time 99:99:99.999999999, seq-num 1583, GstEventStreamStart, stream-id=(string)71ab440d261a1bb43c19b397eec2373651540427aed1e7b0deb4be62a10a7f25/002, flags=(GstStreamFlags)GST_STREAM_FLAG_NONE, group-id=(uint)2;
05-09 19:56:16.225  2029  2186 D GStreamer+GST_PADS: 0:05:00.613842386 0xf37ecf20 gstpad.c:5053:store_sticky_event:<capsfilter2:src> notify caps
05-09 19:56:16.226  2029  2185 D GStreamer+audiodecoder: 0:05:00.613881032 0xf37ecec0 gstaudiodecoder.c:2327:gst_audio_decoder_sink_event:<amcaudiodec-omxgooglemp3decoder0> received event 10254, stream-start
05-09 19:56:16.226  2029  2186 D GStreamer+GST_PADS: 0:05:00.613904157 0xf37ecf20 gstpad.c:3813:check_sticky:<capsfilter2:src> pushing all sticky events
05-09 19:56:16.226  2029  2185 D GStreamer+audiodecoder: 0:05:00.613925354 0xf37ecec0 gstaudiodecoder.c:493:gst_audio_decoder_reset:<amcaudiodec-omxgooglemp3decoder0> gst_audio_decoder_reset
05-09 19:56:16.226  2029  2186 D GStreamer+GST_PADS: 0:05:00.613951709 0xf37ecf20 gstpad.c:3745:push_sticky:<capsfilter2:src> event stream-start was already received
05-09 19:56:16.226  2029  2185 D GStreamer+audiodecoder: 0:05:00.613974469 0xf37ecec0 gstaudiodecoder.c:2141:gst_audio_decoder_sink_eventfunc:<amcaudiodec-omxgooglemp3decoder0> received STREAM_START. Clearing taglist
05-09 19:56:16.226  2029  2186 D GStreamer+GST_PADS: 0:05:00.614000094 0xf37ecf20 gstpad.c:5266:gst_pad_push_event_unchecked:<capsfilter2:src> Dropping event caps because pad is not linked
05-09 19:56:16.226  2029  2185 D GStreamer+GST_PADS: 0:05:00.614018532 0xf37ecec0 gstpad.c:5569:gst_pad_send_event_unchecked:<amcaudiodec-omxgooglemp3decoder0:sink> sent event, ret ok
05-09 19:56:16.226  2029  2186 D GStreamer+GST_PADS: 0:05:00.614041188 0xf37ecf20 gstpad.c:3784:push_sticky:<capsfilter2:src> pad was not linked, mark pending
05-09 19:56:16.226  2029  2185 D GStreamer+GST_PADS: 0:05:00.614063948 0xf37ecec0 gstpad.c:3765:push_sticky:<mpegaudioparse0:src> event stream-start marked received
05-09 19:56:16.226  2029  2186 D GStreamer+basetransform: 0:05:00.614086136 0xf37ecf20 gstbasetransform.c:994:gst_base_transform_do_bufferpool:<capsfilter2> we're passthough, delay bufferpool
05-09 19:56:16.226  2029  2186 D GStreamer+GST_PADS: 0:05:00.614133532 0xf37ecf20 gstpad.c:5569:gst_pad_send_event_unchecked:<capsfilter2:sink> sent event, ret ok
05-09 19:56:16.226  2029  2185 D GStreamer+GST_EVENT: 0:05:00.614179365 0xf37ecec0 gstpad.c:5496:gst_pad_send_event_unchecked:<amcaudiodec-omxgooglemp3decoder0:sink> have event type caps event: 0xf3d33988, time 99:99:99.999999999, seq-num 1656, GstEventCaps, caps=(GstCaps)"audio/mpeg\,\ mpegversion\=\(int\)1\,\ mpegaudioversion\=\(int\)2\,\ layer\=\(int\)3\,\ rate\=\(int\)24000\,\ channels\=\(int\)1\,\ parsed\=\(boolean\)true";
05-09 19:56:16.226  2029  2186 D GStreamer+GST_PADS: 0:05:00.614197334 0xf37ecf20 gstpad.c:5053:store_sticky_event:<capsfilter2:sink> notify caps
05-09 19:56:16.226  2029  2185 D GStreamer+GST_CAPS: 0:05:00.614249365 0xf37ecec0 gstutils.c:2921:gst_pad_query_accept_caps:<amcaudiodec-omxgooglemp3decoder0:sink> accept caps of audio/mpeg, mpegversion=(int)1, mpegaudioversion=(int)2, layer=(int)3, rate=(int)24000, channels=(int)1, parsed=(boolean)true
05-09 19:56:16.226  2029  2186 D GStreamer+GST_PADS: 0:05:00.614266500 0xf37ecf20 gstpad.c:3765:push_sticky:<h264parse2:src> event caps marked received
05-09 19:56:16.226  2029  2185 D GStreamer+query: 0:05:00.614291188 0xf37ecec0 gstquery.c:674:gst_query_new_custom creating new query 0xf3ac6cc0 accept-caps
05-09 19:56:16.226  2029  2186 D GStreamer+GST_PADS: 0:05:00.614309052 0xf37ecf20 gstpad.c:3745:push_sticky:<h264parse2:src> event segment was already received
05-09 19:56:16.226  2029  2185 D GStreamer+GST_PADS: 0:05:00.614341657 0xf37ecec0 gstpad.c:3882:gst_pad_query:<amcaudiodec-omxgooglemp3decoder0:sink> doing query 0xf3ac6cc0 (accept-caps)
05-09 19:56:16.226  2029  2186 D GStreamer+GST_PADS: 0:05:00.614368896 0xf37ecf20 gstpad.c:3745:push_sticky:<h264parse2:src> event tag was already received
05-09 19:56:16.226  2029  2186 D GStreamer+GST_PADS: 0:05:00.614418532 0xf37ecf20 gstpad.c:3745:push_sticky:<h264parse2:src> event tag was already received
05-09 19:56:16.226  2029  2185 D GStreamer+audiodecoder: 0:05:00.614450667 0xf37ecec0 gstaudiodecoder.c:2743:gst_audio_decoder_sink_query:<amcaudiodec-omxgooglemp3decoder0:sink> received query accept-caps query: 0xf3ac6cc0, GstQueryAcceptCaps, caps=(GstCaps)"audio/mpeg\,\ mpegversion\=\(int\)1\,\ mpegaudioversion\=\(int\)2\,\ layer\=\(int\)3\,\ rate\=\(int\)24000\,\ channels\=\(int\)1\,\ parsed\=\(boolean\)true", result=(boolean)false;
05-09 19:56:16.226  2029  2186 D GStreamer+h264parse: 0:05:00.614476396 0xf37ecf20 gsth264parse.c:1934:gst_h264_parse_get_timestamp:<h264parse2> unable to compute timestamp: VUI not present
05-09 19:56:16.226  2029  2175 D GStreamer+bin: 0:05:00.614519417 0xf3d9e340 gstbin.c:882:find_message:<glimagesinkbin2> no message found matching types 00001000
05-09 19:56:16.226  2029  2186 D GStreamer+adapter: 0:05:00.614537282 0xf37ecf20 gstadapter.c:296:copy_into_unchecked bsize 14, skip 0, csize 14
05-09 19:56:16.226  2029  2175 D GStreamer+bin: 0:05:00.614561865 0xf3d9e340 gstbin.c:889:find_message:<glimagesinkbin2>   structure-change
05-09 19:56:16.226  2029  2186 D GStreamer+GST_MEMORY: 0:05:00.614611969 0xf37ecf20 gstmemory.c:138:gst_memory_init new memory 0xf3d6f860, maxsize:45550 offset:0 size:45550
05-09 19:56:16.226  2029  2185 D GStreamer+GST_CAPS: 0:05:00.614637854 0xf37ecec0 gstutils.c:2838:gst_pad_query_caps:<amcaudiodec-omxgooglemp3decoder0:sink> get pad caps with filter audio/mpeg, mpegversion=(int)1, mpegaudioversion=(int)2, layer=(int)3, rate=(int)24000, channels=(int)1, parsed=(boolean)true
05-09 19:56:16.226  2029  2186 D GStreamer+GST_MEMORY: 0:05:00.614647177 0xf37ecf20 gstmemory.c:87:_gst_memory_free free memory 0xf3d7a880
05-09 19:56:16.226  2029  2185 D GStreamer+query: 0:05:00.614679365 0xf37ecec0 gstquery.c:674:gst_query_new_custom creating new query 0xf3d19b20 caps
05-09 19:56:16.226  2029  2186 D GStreamer+GST_MEMORY: 0:05:00.614695042 0xf37ecf20 gstmemory.c:87:_gst_memory_free free memory 0xf3a07f00
05-09 19:56:16.226  2029  2185 D GStreamer+GST_PADS: 0:05:00.614720875 0xf37ecec0 gstpad.c:3882:gst_pad_query:<amcaudiodec-omxgooglemp3decoder0:sink> doing query 0xf3d19b20 (caps)
05-09 19:56:16.226  2029  2186 D GStreamer+GST_MEMORY: 0:05:00.614734209 0xf37ecf20 gstmemory.c:87:_gst_memory_free free memory 0xf3d7a8e8
05-09 19:56:16.226  2029  2186 D GStreamer+GST_MEMORY: 0:05:00.614765354 0xf37ecf20 gstmemory.c:87:_gst_memory_free free memory 0xf3b00198
05-09 19:56:16.226  2029  2186 D GStreamer+GST_MEMORY: 0:05:00.614804000 0xf37ecf20 gstmemory.c:87:_gst_memory_free free memory 0xf3c20bb0
05-09 19:56:16.226  2029  2185 D GStreamer+audiodecoder: 0:05:00.614824365 0xf37ecec0 gstaudiodecoder.c:2743:gst_audio_decoder_sink_query:<amcaudiodec-omxgooglemp3decoder0:sink> received query caps query: 0xf3d19b20, GstQueryCaps, filter=(GstCaps)"audio/mpeg\,\ mpegversion\=\(int\)1\,\ mpegaudioversion\=\(int\)2\,\ layer\=\(int\)3\,\ rate\=\(int\)24000\,\ channels\=\(int\)1\,\ parsed\=\(boolean\)true", caps=(GstCaps)"NULL";
05-09 19:56:16.226  2029  2186 D GStreamer+query: 0:05:00.614850979 0xf37ecf20 gstquery.c:674:gst_query_new_custom creating new query 0xf3ac6a90 seeking
05-09 19:56:16.227  2029  2186 D GStreamer+GST_PADS: 0:05:00.614905407 0xf37ecf20 gstpad.c:4009:gst_pad_peer_query:<h264parse2:sink> peer query 0xf3ac6a90 (seeking)
05-09 19:56:16.227  2029  2185 D GStreamer+GST_CAPS: 0:05:00.614921761 0xf37ecec0 gstutils.c:2884:gst_pad_peer_query_caps:<amcaudiodec-omxgooglemp3decoder0:src> get pad peer caps with filter audio/x-raw, rate=(int)24000, channels=(int)1
05-09 19:56:16.227  2029  2175 D GStreamer+bin: 0:05:00.614971500 0xf3d9e340 gstbin.c:2098:update_degree:<glimagesinkbin2> change element gluploadelement2, degree 0->1, linked to glcolorconvertelement2
05-09 19:56:16.227  2029  2186 D GStreamer+GST_PADS: 0:05:00.614977594 0xf37ecf20 gstpad.c:3882:gst_pad_query:<typefind:src> doing query 0xf3ac6a90 (seeking)
05-09 19:56:16.227  2029  2175 D GStreamer+bin: 0:05:00.615015042 0xf3d9e340 gstbin.c:882:find_message:<glimagesinkbin2> no message found matching types 00001000
05-09 19:56:16.227  2029  2186 D GStreamer+typefind: 0:05:00.615031136 0xf37ecf20 gsttypefindelement.c:365:gst_type_find_handle_src_query:<typefind> Handling src query seeking
05-09 19:56:16.227  2029  2175 D GStreamer+bin: 0:05:00.615054625 0xf3d9e340 gstbin.c:889:find_message:<glimagesinkbin2>   structure-change
05-09 19:56:16.227  2029  2186 D GStreamer+GST_PADS: 0:05:00.615082386 0xf37ecf20 gstpad.c:3339:gst_pad_query_default:<typefind:src> forwarding 0xf3ac6a90 (seeking) query
05-09 19:56:16.227  2029  2175 D GStreamer+bin: 0:05:00.615105771 0xf3d9e340 gstbin.c:2121:update_degree:<glimagesinkbin2> element gluploadelement2 not linked on any sinkpads
05-09 19:56:16.227  2029  2175 D GStreamer+bin: 0:05:00.615143584 0xf3d9e340 gstbin.c:2182:gst_bin_sort_iterator_next:<glimagesinkbin2> queue head gives sink
05-09 19:56:16.227  2029  2175 D GStreamer+bin: 0:05:00.615178271 0xf3d9e340 gstbin.c:882:find_message:<glimagesinkbin2> no message found matching types 00001000
05-09 19:56:16.227  2029  2175 D GStreamer+bin: 0:05:00.615215042 0xf3d9e340 gstbin.c:889:find_message:<glimagesinkbin2>   structure-change
05-09 19:56:16.227  2029  2175 D GStreamer+bin: 0:05:00.615255875 0xf3d9e340 gstbin.c:2098:update_degree:<glimagesinkbin2> change element glcolorbalance2, degree 1->0, linked to sink
05-09 19:56:16.227  2029  2186 D GStreamer+GST_PADS: 0:05:00.615273844 0xf37ecf20 gstpad.c:2803:gst_pad_iterate_internal_links_default:<typefind:src> Making iterator
05-09 19:56:16.227  2029  2175 D GStreamer+bin: 0:05:00.615299261 0xf3d9e340 gstbin.c:1981:add_to_queue:<glimagesinkbin2> adding 'glcolorbalance2' to queue
05-09 19:56:16.227  2029  2186 D GStreamer+GST_PADS: 0:05:00.615327073 0xf37ecf20 gstpad.c:4009:gst_pad_peer_query:<typefind:sink> peer query 0xf3ac6a90 (seeking)
05-09 19:56:16.227  2029  2175 I GStreamer+GST_STATES: 0:05:00.615349313 0xf3d9e340 gstbin.c:2316:gst_bin_element_set_state:<sink> current READY pending PAUSED, desired next READY
05-09 19:56:16.227  2029  2186 D GStreamer+GST_PADS: 0:05:00.615373948 0xf37ecf20 gstpad.c:3882:gst_pad_query:<sink:proxypad6> doing query 0xf3ac6a90 (seeking)
05-09 19:56:16.227  2029  2175 D GStreamer+bin: 0:05:00.615383636 0xf3d9e340 gstbin.c:882:find_message:<glimagesinkbin2> no message found matching types 00100000
05-09 19:56:16.227  2029  2186 D GStreamer+GST_PADS: 0:05:00.615422229 0xf37ecf20 gstpad.c:3339:gst_pad_query_default:<sink:proxypad6> forwarding 0xf3ac6a90 (seeking) query
05-09 19:56:16.227  2029  2175 D GStreamer+bin: 0:05:00.615442646 0xf3d9e340 gstbin.c:889:find_message:<glimagesinkbin2>   async-start
05-09 19:56:16.227  2029  2186 D GStreamer+GST_PADS: 0:05:00.615468479 0xf37ecf20 gstpad.c:4009:gst_pad_peer_query:<forhwgl:sink> peer query 0xf3ac6a90 (seeking)
05-09 19:56:16.227  2029  2175 D GStreamer+bin: 0:05:00.615498844 0xf3d9e340 gstbin.c:2411:gst_bin_element_set_state:<glimagesinkbin2> setting element sink to READY, base_time 0:00:00.000000000
05-09 19:56:16.227  2029  2186 D GStreamer+GST_PADS: 0:05:00.615522282 0xf37ecf20 gstpad.c:3882:gst_pad_query:<queue4:src> doing query 0xf3ac6a90 (seeking)
05-09 19:56:16.227  2029  2175 D GStreamer+GST_STATES: 0:05:00.615543948 0xf3d9e340 gstelement.c:2523:gst_element_set_state_func:<sink> set_state to READY
05-09 19:56:16.227  2029  2186 D GStreamer+GST_PADS: 0:05:00.615572021 0xf37ecf20 gstpad.c:3339:gst_pad_query_default:<queue4:src> forwarding 0xf3ac6a90 (seeking) query
05-09 19:56:16.227  2029  2175 D GStreamer+GST_STATES: 0:05:00.615580719 0xf3d9e340 gstelement.c:2548:gst_element_set_state_func:<sink> setting target state to READY
05-09 19:56:16.227  2029  2175 D GStreamer+GST_STATES: 0:05:00.615621761 0xf3d9e340 gstelement.c:2561:gst_element_set_state_func:<sink> current READY, old_pending PAUSED, next PAUSED, old return ASYNC
05-09 19:56:16.227  2029  2186 D GStreamer+GST_PADS: 0:05:00.615628740 0xf37ecf20 gstpad.c:2803:gst_pad_iterate_internal_links_default:<queue4:src> Making iterator
05-09 19:56:16.227  2029  2175 D GStreamer+GST_STATES: 0:05:00.615657490 0xf3d9e340 gstelement.c:2595:gst_element_set_state_func:<sink> final: setting state from PAUSED to READY
05-09 19:56:16.227  2029  2186 D GStreamer+GST_PADS: 0:05:00.615677854 0xf37ecf20 gstpad.c:4009:gst_pad_peer_query:<queue4:sink> peer query 0xf3ac6a90 (seeking)
05-09 19:56:16.227  2029  2175 D GStreamer+glimagesink: 0:05:00.615699729 0xf3d9e340 gstglimagesink.c:990:gst_glimage_sink_change_state changing state: PAUSED => READY
05-09 19:56:16.227  2029  2186 D GStreamer+GST_PADS: 0:05:00.615723167 0xf37ecf20 gstpad.c:3882:gst_pad_query:<q:video_0> doing query 0xf3ac6a90 (seeking)
05-09 19:56:16.227  2029  2175 D GStreamer+GST_ELEMENT_PADS: 0:05:00.615741761 0xf3d9e340 gstelement.c:2793:gst_element_pads_activate:<sink> deactivate pads
05-09 19:56:16.227  2029  2186 D GStreamer+GST_PADS: 0:05:00.615771032 0xf37ecf20 gstpad.c:3339:gst_pad_query_default:<q:video_0> forwarding 0xf3ac6a90 (seeking) query
05-09 19:56:16.227  2029  2175 D GStreamer+GST_PADS: 0:05:00.615793948 0xf3d9e340 gstpad.c:1071:gst_pad_set_active:<sink:sink> deactivating pad from push mode
05-09 19:56:16.227  2029  2186 D GStreamer+GST_PADS: 0:05:00.615820198 0xf37ecf20 gstpad.c:2803:gst_pad_iterate_internal_links_default:<q:video_0> Making iterator
05-09 19:56:16.227  2029  2175 D GStreamer+GST_PADS: 0:05:00.615843792 0xf3d9e340 gstpad.c:960:pre_activate:<sink:sink> setting PAD_MODE NONE, set flushing
05-09 19:56:16.228  2029  2186 D GStreamer+GST_PADS: 0:05:00.615877750 0xf37ecf20 gstpad.c:4009:gst_pad_peer_query:<q:sink> peer query 0xf3ac6a90 (seeking)
05-09 19:56:16.228  2029  2175 D GStreamer+basesink: 0:05:00.615901084 0xf3d9e340 gstbasesink.c:4144:gst_base_sink_set_flushing:<sink> flushing out data thread, need preroll to TRUE
05-09 19:56:16.228  2029  2186 D GStreamer+GST_PADS: 0:05:00.615929365 0xf37ecf20 gstpad.c:3882:gst_pad_query:<filesrc2:src> doing query 0xf3ac6a90 (seeking)
05-09 19:56:16.228  2029  2175 D GStreamer+GST_PADS: 0:05:00.615938323 0xf3d9e340 gstpad.c:1008:post_activate:<sink:sink> stopped streaming
05-09 19:56:16.228  2029  2186 D GStreamer+basesrc: 0:05:00.615979157 0xf37ecf20 gstbasesrc.c:1296:gst_base_src_default_query:<filesrc2> query seeking returns 1
05-09 19:56:16.228  2029  2175 D GStreamer+GST_PADS: 0:05:00.615998271 0xf3d9e340 gstpad.c:1198:gst_pad_activate_mode:<sink:sink> deactivated in push mode
05-09 19:56:16.228  2029  2186 D GStreamer+GST_PADS: 0:05:00.616026500 0xf37ecf20 gstpad.c:3905:gst_pad_query:<filesrc2:src> sent query 0xf3ac6a90 (seeking), result 1
05-09 19:56:16.228  2029  2175 D GStreamer+GST_ELEMENT_PADS: 0:05:00.616050250 0xf3d9e340 gstelement.c:2812:gst_element_pads_activate:<sink> pad deactivation successful
05-09 19:56:16.228  2029  2186 D GStreamer+GST_PADS: 0:05:00.616073740 0xf37ecf20 gstpad.c:3905:gst_pad_query:<q:video_0> sent query 0xf3ac6a90 (seeking), result 1
05-09 19:56:16.228  2029  2175 D GStreamer+basesink: 0:05:00.616093375 0xf3d9e340 gstbasesink.c:5205:gst_base_sink_change_state:<sink> PAUSED to READY, posting async-done
05-09 19:56:16.228  2029  2186 D GStreamer+GST_PADS: 0:05:00.616118584 0xf37ecf20 gstpad.c:3905:gst_pad_query:<queue4:src> sent query 0xf3ac6a90 (seeking), result 1
05-09 19:56:16.228  2029  2186 D GStreamer+GST_PADS: 0:05:00.616177229 0xf37ecf20 gstpad.c:3905:gst_pad_query:<sink:proxypad6> sent query 0xf3ac6a90 (seeking), result 1
05-09 19:56:16.228  2029  2175 D GStreamer+GST_BUS: 0:05:00.616187490 0xf3d9e340 gstbus.c:309:gst_bus_post:<bus9> [msg 0xf3ac0c60] posting on bus state-changed message: 0xf3ac0c60, time 99:99:99.999999999, seq-num 1715, element 'sink', GstMessageStateChanged, old-state=(GstState)GST_STATE_PLAYING, new-state=(GstState)GST_STATE_PAUSED, pending-state=(GstState)GST_STATE_READY;
05-09 19:56:16.228  2029  2186 D GStreamer+GST_PADS: 0:05:00.616227594 0xf37ecf20 gstpad.c:3905:gst_pad_query:<typefind:src> sent query 0xf3ac6a90 (seeking), result 1
05-09 19:56:16.228  2029  2185 D GStreamer+query: 0:05:00.616241969 0xf37ecec0 gstquery.c:674:gst_query_new_custom creating new query 0xf3d03e30 caps
05-09 19:56:16.228  2029  2186 D GStreamer+baseparse: 0:05:00.616268792 0xf37ecf20 gstbaseparse.c:2003:gst_base_parse_check_seekability:<h264parse2> Limiting index entries to 4096, indexing byte interval 3663 bytes
05-09 19:56:16.228  2029  2185 D GStreamer+GST_PADS: 0:05:00.616282386 0xf37ecec0 gstpad.c:4009:gst_pad_peer_query:<amcaudiodec-omxgooglemp3decoder0:src> peer query 0xf3d03e30 (caps)
05-09 19:56:16.228  2029  2186 D GStreamer+baseparse: 0:05:00.616314990 0xf37ecf20 gstbaseparse.c:2010:gst_base_parse_check_seekability:<h264parse2> seekable: 1 (0 - 15003960)
05-09 19:56:16.228  2029  2185 D GStreamer+GST_PADS: 0:05:00.616325042 0xf37ecec0 gstpad.c:3449:probe_hook_marshal:<amcaudiodec-omxgooglemp3decoder0:src> asked to pass item
05-09 19:56:16.228  2029  2186 D GStreamer+baseparse: 0:05:00.616348740 0xf37ecf20 gstbaseparse.c:2014:gst_base_parse_check_seekability:<h264parse2> idx_interval: 500ms
05-09 19:56:16.228  2029  2185 D GStreamer+GST_PADS: 0:05:00.616362646 0xf37ecec0 gstpad.c:3650:do_probe_callbacks:<amcaudiodec-omxgooglemp3decoder0:src> data is passed
05-09 19:56:16.228  2029  2186 D GStreamer+query: 0:05:00.616387907 0xf37ecf20 gstquery.c:674:gst_query_new_custom creating new query 0xf3d04150 duration
05-09 19:56:16.228  2029  2185 D GStreamer+GST_PADS: 0:05:00.616405094 0xf37ecec0 gstpad.c:3882:gst_pad_query:<decodepad3:proxypad11> doing query 0xf3d03e30 (caps)
05-09 19:56:16.228  2029  2186 D GStreamer+GST_PADS: 0:05:00.616433532 0xf37ecf20 gstpad.c:4009:gst_pad_peer_query:<h264parse2:sink> peer query 0xf3d04150 (duration)
05-09 19:56:16.228  2029  2175 D GStreamer+bin: 0:05:00.616504157 0xf3d9e340 gstbin.c:3528:gst_bin_handle_message_func:<glimagesinkbin2> [msg 0xf3ac0c60] handling child sink message of type state-changed
05-09 19:56:16.228  2029  2186 D GStreamer+GST_PADS: 0:05:00.616510875 0xf37ecf20 gstpad.c:3882:gst_pad_query:<typefind:src> doing query 0xf3d04150 (duration)
05-09 19:56:16.228  2029  2186 D GStreamer+typefind: 0:05:00.616550927 0xf37ecf20 gsttypefindelement.c:365:gst_type_find_handle_src_query:<typefind> Handling src query duration
05-09 19:56:16.228  2029  2175 D GStreamer+bin: 0:05:00.616559365 0xf3d9e340 gstbin.c:3865:gst_bin_handle_message_func:<glimagesinkbin2> posting message upward
05-09 19:56:16.228  2029  2186 D GStreamer+GST_PADS: 0:05:00.616588636 0xf37ecf20 gstpad.c:3339:gst_pad_query_default:<typefind:src> forwarding 0xf3d04150 (duration) query
05-09 19:56:16.228  2029  2186 D GStreamer+GST_PADS: 0:05:00.616632542 0xf37ecf20 gstpad.c:2803:gst_pad_iterate_internal_links_default:<typefind:src> Making iterator
05-09 19:56:16.228  2029  2175 D GStreamer+GST_BUS: 0:05:00.616650667 0xf3d9e340 gstbus.c:309:gst_bus_post:<bus12> [msg 0xf3ac0c60] posting on bus state-changed message: 0xf3ac0c60, time 99:99:99.999999999, seq-num 1715, element 'sink', GstMessageStateChanged, old-state=(GstState)GST_STATE_PLAYING, new-state=(GstState)GST_STATE_PAUSED, pending-state=(GstState)GST_STATE_READY;
05-09 19:56:16.228  2029  2186 D GStreamer+GST_PADS: 0:05:00.616677594 0xf37ecf20 gstpad.c:4009:gst_pad_peer_query:<typefind:sink> peer query 0xf3d04150 (duration)
05-09 19:56:16.228  2029  2175 D GStreamer+bin: 0:05:00.616703532 0xf3d9e340 gstbin.c:3528:gst_bin_handle_message_func:<pipeline2> [msg 0xf3ac0c60] handling child sink message of type state-changed
05-09 19:56:16.228  2029  2186 D GStreamer+GST_PADS: 0:05:00.616727438 0xf37ecf20 gstpad.c:3882:gst_pad_query:<sink:proxypad6> doing query 0xf3d04150 (duration)
05-09 19:56:16.228  2029  2175 D GStreamer+bin: 0:05:00.616749052 0xf3d9e340 gstbin.c:3865:gst_bin_handle_message_func:<pipeline2> posting message upward
05-09 19:56:16.228  2029  2186 D GStreamer+GST_PADS: 0:05:00.616773479 0xf37ecf20 gstpad.c:3339:gst_pad_query_default:<sink:proxypad6> forwarding 0xf3d04150 (duration) query
05-09 19:56:16.228  2029  2175 D GStreamer+GST_BUS: 0:05:00.616824729 0xf3d9e340 gstbus.c:309:gst_bus_post:<bus13> [msg 0xf3ac0c60] posting on bus state-changed message: 0xf3ac0c60, time 99:99:99.999999999, seq-num 1715, element 'sink', GstMessageStateChanged, old-state=(GstState)GST_STATE_PLAYING, new-state=(GstState)GST_STATE_PAUSED, pending-state=(GstState)GST_STATE_READY;
05-09 19:56:16.228  2029  2186 D GStreamer+GST_PADS: 0:05:00.616841448 0xf37ecf20 gstpad.c:4009:gst_pad_peer_query:<forhwgl:sink> peer query 0xf3d04150 (duration)
05-09 19:56:16.229  2029  2175 D GStreamer+GST_BUS: 0:05:00.616865615 0xf3d9e340 gstbus.c:348:gst_bus_post:<bus13> [msg 0xf3ac0c60] pushing on async queue
05-09 19:56:16.229  2029  2175 D GStreamer+GST_BUS: 0:05:00.616914209 0xf3d9e340 gstbus.c:351:gst_bus_post:<bus13> [msg 0xf3ac0c60] pushed on async queue
05-09 19:56:16.229  2029  2186 D GStreamer+GST_PADS: 0:05:00.616920459 0xf37ecf20 gstpad.c:3882:gst_pad_query:<queue4:src> doing query 0xf3d04150 (duration)
05-09 19:56:16.229  2029  2175 D GStreamer+GST_BUS: 0:05:00.616947802 0xf3d9e340 gstbus.c:344:gst_bus_post:<bus12> [msg 0xf3ac0c60] dropped
05-09 19:56:16.229  2029  2186 D GStreamer+GST_PADS: 0:05:00.616965719 0xf37ecf20 gstpad.c:3339:gst_pad_query_default:<queue4:src> forwarding 0xf3d04150 (duration) query
05-09 19:56:16.229  2029  2175 D GStreamer+GST_BUS: 0:05:00.616989261 0xf3d9e340 gstbus.c:344:gst_bus_post:<bus9> [msg 0xf3ac0c60] dropped
05-09 19:56:16.229  2029  2186 D GStreamer+GST_PADS: 0:05:00.617013271 0xf37ecf20 gstpad.c:2803:gst_pad_iterate_internal_links_default:<queue4:src> Making iterator
05-09 19:56:16.229  2029  2186 D GStreamer+GST_PADS: 0:05:00.617073323 0xf37ecf20 gstpad.c:4009:gst_pad_peer_query:<queue4:sink> peer query 0xf3d04150 (duration)
05-09 19:56:16.229  2029  2175 D GStreamer+GST_BUS: 0:05:00.617097750 0xf3d9e340 gstbus.c:309:gst_bus_post:<bus9> [msg 0xf3ab9a18] posting on bus async-done message: 0xf3ab9a18, time 99:99:99.999999999, seq-num 1716, element 'sink', GstMessageAsyncDone, running-time=(guint64)18446744073709551615;
05-09 19:56:16.229  2029  2186 D GStreamer+GST_PADS: 0:05:00.617122854 0xf37ecf20 gstpad.c:3882:gst_pad_query:<q:video_0> doing query 0xf3d04150 (duration)
05-09 19:56:16.229  2029  2175 D GStreamer+bin: 0:05:00.617141240 0xf3d9e340 gstbin.c:3528:gst_bin_handle_message_func:<glimagesinkbin2> [msg 0xf3ab9a18] handling child sink message of type async-done
05-09 19:56:16.229  2029  2185 D GStreamer+decodebin: 0:05:00.617187594 0xf37ecec0 gstdecodebin2.c:5033:gst_decode_pad_query:<decodebin3> calling autoplug-query for decodepad3 (element amcaudiodec-omxgooglemp3decoder0): caps query: 0xf3d03e30, GstQueryCaps, filter=(GstCaps)"audio/x-raw\,\ rate\=\(int\)24000\,\ channels\=\(int\)1", caps=(GstCaps)"NULL";
05-09 19:56:16.229  2029  2186 D GStreamer+GST_PADS: 0:05:00.617193740 0xf37ecf20 gstpad.c:3339:gst_pad_query_default:<q:video_0> forwarding 0xf3d04150 (duration) query
05-09 19:56:16.229  2029  2186 D GStreamer+GST_PADS: 0:05:00.617235719 0xf37ecf20 gstpad.c:2803:gst_pad_iterate_internal_links_default:<q:video_0> Making iterator
05-09 19:56:16.229  2029  2185 D GStreamer+decodebin: 0:05:00.617254365 0xf37ecec0 gstdecodebin2.c:5042:gst_decode_pad_query:<decodebin3> autoplug-query returned 0
05-09 19:56:16.229  2029  2186 D GStreamer+GST_PADS: 0:05:00.617280042 0xf37ecf20 gstpad.c:4009:gst_pad_peer_query:<q:sink> peer query 0xf3d04150 (duration)
05-09 19:56:16.229  2029  2186 D GStreamer+GST_PADS: 0:05:00.617339104 0xf37ecf20 gstpad.c:3882:gst_pad_query:<filesrc2:src> doing query 0xf3d04150 (duration)
05-09 19:56:16.229  2029  2185 D GStreamer+GST_CAPS: 0:05:00.617357854 0xf37ecec0 gstpad.c:3088:gst_pad_query_caps_default:<decodepad3:proxypad11> query caps caps query: 0xf3d03e30, GstQueryCaps, filter=(GstCaps)"audio/x-raw\,\ rate\=\(int\)24000\,\ channels\=\(int\)1", caps=(GstCaps)"NULL";
05-09 19:56:16.229  2029  2186 D GStreamer+basesrc: 0:05:00.617380250 0xf37ecf20 gstbasesrc.c:1056:gst_base_src_default_query:<filesrc2> duration query in format time
05-09 19:56:16.229  2029  2185 D GStreamer+GST_PADS: 0:05:00.617405615 0xf37ecec0 gstutils.c:2599:gst_pad_proxy_query_caps:<decodepad3:proxypad11> proxying caps query for decodepad3:proxypad11
05-09 19:56:16.229  2029  2186 D GStreamer+basesrc: 0:05:00.617435563 0xf37ecf20 gstbasesrc.c:2355:gst_base_src_update_length:<filesrc2> reading offset 0, length 0, size 15003960, segment.stop -1, maxsize 15003960
05-09 19:56:16.229  2029  2185 D GStreamer+GST_PADS: 0:05:00.617463219 0xf37ecec0 gstpad.c:4009:gst_pad_peer_query:<'':decodepad3> peer query 0xf3d03e30 (caps)
05-09 19:56:16.229  2029  2185 D GStreamer+GST_PADS: 0:05:00.617499677 0xf37ecec0 gstpad.c:3650:do_probe_callbacks:<'':decodepad3> data is passed
05-09 19:56:16.229  2029  2186 D GStreamer+query: 0:05:00.617538479 0xf37ecf20 gstquery.c:674:gst_query_new_custom creating new query 0xf3d19b50 convert
05-09 19:56:16.229  2029  2185 I GStreamer+GST_PADS: 0:05:00.617557125 0xf37ecec0 gstpad.c:4065:gst_pad_peer_query:<'':decodepad3> pad has no peer
05-09 19:56:16.229  2029  2186 D GStreamer+GST_PADS: 0:05:00.617587646 0xf37ecf20 gstpad.c:3882:gst_pad_query:<filesrc2:src> doing query 0xf3d19b50 (convert)
05-09 19:56:16.229  2029  2185 D GStreamer+GST_PADS: 0:05:00.617618271 0xf37ecec0 gstpad.c:3339:gst_pad_query_default:<decodepad3:proxypad11> not forwarding 0xf3d03e30 (caps) query
05-09 19:56:16.229  2029  2186 D GStreamer+basesrc: 0:05:00.617633115 0xf37ecf20 gstbasesrc.c:1296:gst_base_src_default_query:<filesrc2> query convert returns 0
05-09 19:56:16.229  2029  2185 D GStreamer+GST_PADS: 0:05:00.617667438 0xf37ecec0 gstpad.c:3905:gst_pad_query:<decodepad3:proxypad11> sent query 0xf3d03e30 (caps), result 1
05-09 19:56:16.229  2029  2186 D GStreamer+GST_PADS: 0:05:00.617685250 0xf37ecf20 gstpad.c:3905:gst_pad_query:<filesrc2:src> sent query 0xf3d19b50 (convert), result 0
05-09 19:56:16.229  2029  2185 D GStreamer+GST_CAPS: 0:05:00.617727542 0xf37ecec0 gstutils.c:2891:gst_pad_peer_query_caps:<amcaudiodec-omxgooglemp3decoder0:src> peer query returned audio/x-raw, rate=(int)24000, channels=(int)1
05-09 19:56:16.229  2029  2186 D GStreamer+GST_PADS: 0:05:00.617740927 0xf37ecf20 gstpad.c:3950:gst_pad_query:<filesrc2:src> query failed
05-09 19:56:16.229  2029  2186 D GStreamer+basesrc: 0:05:00.617782698 0xf37ecf20 gstbasesrc.c:1296:gst_base_src_default_query:<filesrc2> query duration returns 0
05-09 19:56:16.229  2029  2185 D GStreamer+GST_PADS: 0:05:00.617826240 0xf37ecec0 gstpad.c:3905:gst_pad_query:<amcaudiodec-omxgooglemp3decoder0:sink> sent query 0xf3d19b20 (caps), result 1
05-09 19:56:16.229  2029  2186 D GStreamer+GST_PADS: 0:05:00.617843167 0xf37ecf20 gstpad.c:3905:gst_pad_query:<filesrc2:src> sent query 0xf3d04150 (duration), result 0
05-09 19:56:16.230  2029  2186 D GStreamer+GST_PADS: 0:05:00.617901500 0xf37ecf20 gstpad.c:3950:gst_pad_query:<filesrc2:src> query failed
05-09 19:56:16.230  2029  2185 D GStreamer+GST_CAPS: 0:05:00.617913636 0xf37ecec0 gstutils.c:2845:gst_pad_query_caps:<amcaudiodec-omxgooglemp3decoder0:sink> query returned audio/mpeg, rate=(int)24000, channels=(int)1, mpegversion=(int)1, layer=(int)3, parsed=(boolean)true, mpegaudioversion=(int)2
05-09 19:56:16.230  2029  2186 D GStreamer+GST_PADS: 0:05:00.617936396 0xf37ecf20 gstpad.c:4071:gst_pad_peer_query:<q:sink> query failed
05-09 19:56:16.230  2029  2185 D GStreamer+GST_PADS: 0:05:00.617966344 0xf37ecec0 gstpad.c:3905:gst_pad_query:<amcaudiodec-omxgooglemp3decoder0:sink> sent query 0xf3ac6cc0 (accept-caps), result 1
05-09 19:56:16.230  2029  2186 D GStreamer+GST_PADS: 0:05:00.617995563 0xf37ecf20 gstpad.c:3905:gst_pad_query:<q:video_0> sent query 0xf3d04150 (duration), result 1
05-09 19:56:16.230  2029  2185 D GStreamer+default: 0:05:00.618021604 0xf37ecec0 gstutils.c:2926:gst_pad_query_accept_caps:<amcaudiodec-omxgooglemp3decoder0:sink> query returned 1
05-09 19:56:16.230  2029  2186 D GStreamer+GST_PADS: 0:05:00.618049209 0xf37ecf20 gstpad.c:3905:gst_pad_query:<queue4:src> sent query 0xf3d04150 (duration), result 1
05-09 19:56:16.230  2029  2185 D GStreamer+audiodecoder: 0:05:00.618075771 0xf37ecec0 gstaudiodecoder.c:2327:gst_audio_decoder_sink_event:<amcaudiodec-omxgooglemp3decoder0> received event 12814, caps
05-09 19:56:16.230  2029  2186 D GStreamer+GST_PADS: 0:05:00.618102854 0xf37ecf20 gstpad.c:3905:gst_pad_query:<sink:proxypad6> sent query 0xf3d04150 (duration), result 1
05-09 19:56:16.230  2029  2185 D GStreamer+audiodecoder: 0:05:00.618151292 0xf37ecec0 gstaudiodecoder.c:842:gst_audio_decoder_sink_setcaps:<amcaudiodec-omxgooglemp3decoder0> caps: audio/mpeg, mpegversion=(int)1, mpegaudioversion=(int)2, layer=(int)3, rate=(int)24000, channels=(int)1, parsed=(boolean)true
05-09 19:56:16.230  2029  2186 D GStreamer+GST_PADS: 0:05:00.618168271 0xf37ecf20 gstpad.c:3905:gst_pad_query:<typefind:src> sent query 0xf3d04150 (duration), result 1
05-09 19:56:16.230  2029  2185 D GStreamer+audiodecoder: 0:05:00.618193063 0xf37ecec0 gstaudiodecoder.c:848:gst_audio_decoder_sink_setcaps:<amcaudiodec-omxgooglemp3decoder0> Caps did not change, not setting again
05-09 19:56:16.230  2029  2185 D GStreamer+GST_PADS: 0:05:00.618239886 0xf37ecec0 gstpad.c:5569:gst_pad_send_event_unchecked:<amcaudiodec-omxgooglemp3decoder0:sink> sent event, ret ok
05-09 19:56:16.230  2029  2186 D GStreamer+GST_BUS: 0:05:00.618256709 0xf37ecf20 gstbus.c:309:gst_bus_post:<bus8> [msg 0xf3d43a70] posting on bus duration-changed message: 0xf3d43a70, time 99:99:99.999999999, seq-num 1717, element 'h264parse2', GstMessageDurationChanged;
05-09 19:56:16.230  2029  2185 D GStreamer+GST_PADS: 0:05:00.618282386 0xf37ecec0 gstpad.c:3765:push_sticky:<mpegaudioparse0:src> event caps marked received
05-09 19:56:16.230  2029  2186 D GStreamer+bin: 0:05:00.618310302 0xf37ecf20 gstbin.c:3528:gst_bin_handle_message_func:<forhwgl> [msg 0xf3d43a70] handling child h264parse2 message of type duration-changed
05-09 19:56:16.230  2029  2185 D GStreamer+query: 0:05:00.618338011 0xf37ecec0 gstquery.c:674:gst_query_new_custom creating new query 0xf3ac6c00 duration
05-09 19:56:16.230  2029  2186 D GStreamer+bin: 0:05:00.618355094 0xf37ecf20 gstbin.c:3865:gst_bin_handle_message_func:<forhwgl> posting message upward
05-09 19:56:16.230  2029  2185 D GStreamer+GST_PADS: 0:05:00.618378948 0xf37ecec0 gstpad.c:4009:gst_pad_peer_query:<mpegaudioparse0:sink> peer query 0xf3ac6c00 (duration)
05-09 19:56:16.230  2029  2175 D GStreamer+bin: 0:05:00.618447073 0xf3d9e340 gstbin.c:3749:gst_bin_handle_message_func:<glimagesinkbin2> ASYNC_DONE message 0xf3ab9a18, sink
05-09 19:56:16.230  2029  2186 D GStreamer+GST_BUS: 0:05:00.618452802 0xf37ecf20 gstbus.c:309:gst_bus_post:<bus12> [msg 0xf3d43a70] posting on bus duration-changed message: 0xf3d43a70, time 99:99:99.999999999, seq-num 1717, element 'h264parse2', GstMessageDurationChanged;
05-09 19:56:16.230  2029  2175 D GStreamer+bin: 0:05:00.618489157 0xf3d9e340 gstbin.c:3784:gst_bin_handle_message_func:<glimagesinkbin2> ignoring message, target NULL
05-09 19:56:16.230  2029  2186 D GStreamer+bin: 0:05:00.618506709 0xf37ecf20 gstbin.c:3528:gst_bin_handle_message_func:<pipeline2> [msg 0xf3d43a70] handling child h264parse2 message of type duration-changed
05-09 19:56:16.230  2029  2175 D GStreamer+GST_BUS: 0:05:00.618530563 0xf3d9e340 gstbus.c:344:gst_bus_post:<bus9> [msg 0xf3ab9a18] dropped
05-09 19:56:16.230  2029  2186 D GStreamer+bin: 0:05:00.618550667 0xf37ecf20 gstbin.c:3865:gst_bin_handle_message_func:<pipeline2> posting message upward
05-09 19:56:16.230  2029  2175 D GStreamer+GST_STATES: 0:05:00.618574573 0xf3d9e340 gstelement.c:2684:gst_element_change_state:<sink> element changed state SUCCESS
