05-09 19:56:16.177  2029  2185 D GStreamer+bin: 0:05:00.565732802 0xf37ecec0 gstbin.c:3528:gst_bin_handle_message_func:<decodebin3> [msg 0xf3ab9808] handling child proxypad11 message of type structure-change
05-09 19:56:16.177  2029  2186 D GStreamer+GST_PADS: 0:05:00.565752750 0xf37ecf20 gstpad.c:3745:push_sticky:<queue4:src> event stream-start was already received
05-09 19:56:16.177  2029  2186 D GStreamer+GST_PADS: 0:05:00.565790355 0xf37ecf20 gstpad.c:3745:push_sticky:<queue4:src> event caps was already received
05-09 19:56:16.177  2029  2185 D GStreamer+bin: 0:05:00.565806552 0xf37ecec0 gstbin.c:882:find_message:<decodebin3> no message found matching types 00001000
05-09 19:56:16.177  2029  2186 D GStreamer+GST_PADS: 0:05:00.565829625 0xf37ecf20 gstpad.c:3745:push_sticky:<queue4:src> event segment was already received
05-09 19:56:16.177  2029  2185 D GStreamer+bin: 0:05:00.565850094 0xf37ecec0 gstbin.c:889:find_message:<decodebin3>   structure-change
05-09 19:56:16.178  2029  2185 D GStreamer+bin: 0:05:00.565914886 0xf37ecec0 gstbin.c:929:bin_replace_message:<decodebin3> got new message 0xf3ab9808, structure-change from proxypad11
05-09 19:56:16.178  2029  2186 D GStreamer+GST_EVENT: 0:05:00.565925407 0xf37ecf20 gstpad.c:5496:gst_pad_send_event_unchecked:<forhwgl:sink> have event type tag event: 0xf3abbaf0, time 99:99:99.999999999, seq-num 1589, GstTagList-stream, taglist=(taglist)"taglist\,\ video-codec\=\(string\)\"H.264\\\ /\\\ AVC\"\,\ bitrate\=\(uint\)16613441\,\ language-code\=\(string\)en\;";
05-09 19:56:16.178  2029  2185 D GStreamer+GST_BUS: 0:05:00.565949990 0xf37ecec0 gstbus.c:344:gst_bus_post:<bus10> [msg 0xf3ab9808] dropped
05-09 19:56:16.178  2029  2186 D GStreamer+GST_PADS: 0:05:00.565971605 0xf37ecf20 gstpad.c:3813:check_sticky:<sink:proxypad6> pushing all sticky events
05-09 19:56:16.178  2029  2185 I GStreamer+GST_PADS: 0:05:00.566017594 0xf37ecec0 gstpad.c:2292:gst_pad_link_prepare trying to link mpegaudioparse0:src and decodepad3:proxypad11
05-09 19:56:16.178  2029  2186 D GStreamer+GST_PADS: 0:05:00.566035875 0xf37ecf20 gstpad.c:3745:push_sticky:<sink:proxypad6> event stream-start was already received
05-09 19:56:16.178  2029  2185 I GStreamer+GST_PADS: 0:05:00.566061396 0xf37ecec0 gstpad.c:2498:gst_pad_link_full linked mpegaudioparse0:src and decodepad3:proxypad11, successful
05-09 19:56:16.178  2029  2186 D GStreamer+GST_PADS: 0:05:00.566085146 0xf37ecf20 gstpad.c:3745:push_sticky:<sink:proxypad6> event caps was already received
05-09 19:56:16.178  2029  2185 I GStreamer+GST_EVENT: 0:05:00.566119573 0xf37ecec0 gstevent.c:1382:gst_event_new_reconfigure creating reconfigure event
05-09 19:56:16.178  2029  2186 D GStreamer+GST_PADS: 0:05:00.566135980 0xf37ecf20 gstpad.c:3745:push_sticky:<sink:proxypad6> event segment was already received
05-09 19:56:16.178  2029  2185 D GStreamer+GST_EVENT: 0:05:00.566159052 0xf37ecec0 gstevent.c:302:gst_event_new_custom creating new event 0xf3d33a60 reconfigure 61441
05-09 19:56:16.178  2029  2186 D GStreamer+GST_EVENT: 0:05:00.566234261 0xf37ecf20 gstpad.c:5496:gst_pad_send_event_unchecked:<typefind:sink> have event type tag event: 0xf3abbaf0, time 99:99:99.999999999, seq-num 1589, GstTagList-stream, taglist=(taglist)"taglist\,\ video-codec\=\(string\)\"H.264\\\ /\\\ AVC\"\,\ bitrate\=\(uint\)16613441\,\ language-code\=\(string\)en\;";
05-09 19:56:16.178  2029  2185 D GStreamer+GST_EVENT: 0:05:00.566247490 0xf37ecec0 gstpad.c:5496:gst_pad_send_event_unchecked:<mpegaudioparse0:src> have event type reconfigure event: 0xf3d33a60, time 99:99:99.999999999, seq-num 1670, (NULL)
05-09 19:56:16.178  2029  2186 D GStreamer+typefind: 0:05:00.566277855 0xf37ecf20 gsttypefindelement.c:613:gst_type_find_element_sink_event:<typefind> got tag event in mode 0
05-09 19:56:16.178  2029  2185 D GStreamer+baseparse: 0:05:00.566288063 0xf37ecec0 gstbaseparse.c:1611:gst_base_parse_src_event:<mpegaudioparse0> event 61441, reconfigure
05-09 19:56:16.178  2029  2186 D GStreamer+GST_PADS: 0:05:00.566312490 0xf37ecf20 gstpad.c:3813:check_sticky:<typefind:src> pushing all sticky events
05-09 19:56:16.178  2029  2186 D GStreamer+GST_PADS: 0:05:00.566353532 0xf37ecf20 gstpad.c:3745:push_sticky:<typefind:src> event stream-start was already received
05-09 19:56:16.178  2029  2185 D GStreamer+GST_PADS: 0:05:00.566359000 0xf37ecec0 gstpad.c:2803:gst_pad_iterate_internal_links_default:<mpegaudioparse0:src> Making iterator
05-09 19:56:16.178  2029  2186 D GStreamer+GST_PADS: 0:05:00.566394834 0xf37ecf20 gstpad.c:3745:push_sticky:<typefind:src> event caps was already received
05-09 19:56:16.178  2029  2185 D GStreamer+GST_EVENT: 0:05:00.566447230 0xf37ecec0 gstpad.c:5496:gst_pad_send_event_unchecked:<typefind:src> have event type reconfigure event: 0xf3d33a60, time 99:99:99.999999999, seq-num 1670, (NULL)
05-09 19:56:16.178  2029  2186 D GStreamer+GST_PADS: 0:05:00.566463271 0xf37ecf20 gstpad.c:3745:push_sticky:<typefind:src> event segment was already received
05-09 19:56:16.178  2029  2185 D GStreamer+GST_EVENT: 0:05:00.566505615 0xf37ecec0 gstpad.c:5496:gst_pad_send_event_unchecked:<sink:proxypad8> have event type reconfigure event: 0xf3d33a60, time 99:99:99.999999999, seq-num 1670, (NULL)
05-09 19:56:16.178  2029  2186 D GStreamer+GST_EVENT: 0:05:00.566546552 0xf37ecf20 gstpad.c:5496:gst_pad_send_event_unchecked:<h264parse2:sink> have event type tag event: 0xf3abbaf0, time 99:99:99.999999999, seq-num 1589, GstTagList-stream, taglist=(taglist)"taglist\,\ video-codec\=\(string\)\"H.264\\\ /\\\ AVC\"\,\ bitrate\=\(uint\)16613441\,\ language-code\=\(string\)en\;";
05-09 19:56:16.178  2029  2186 D GStreamer+baseparse: 0:05:00.566597334 0xf37ecf20 gstbaseparse.c:1174:gst_base_parse_sink_event_default:<h264parse2> handling event 20510, tag
05-09 19:56:16.178  2029  2185 D GStreamer+GST_EVENT: 0:05:00.566612646 0xf37ecec0 gstpad.c:5496:gst_pad_send_event_unchecked:<queue6:src> have event type reconfigure event: 0xf3d33a60, time 99:99:99.999999999, seq-num 1670, (NULL)
05-09 19:56:16.178  2029  2186 I GStreamer+baseparse: 0:05:00.566654105 0xf37ecf20 gstbaseparse.c:4718:gst_base_parse_set_upstream_tags:<h264parse2> upstream tags: taglist, video-codec=(string)"H.264\ /\ AVC", bitrate=(uint)16613441, language-code=(string)en;
05-09 19:56:16.178  2029  2185 D GStreamer+queue_dataflow: 0:05:00.566680615 0xf37ecec0 gstqueue.c:1532:gst_queue_handle_src_event:<queue6> got event 0xf3d33a60 (61441)
05-09 19:56:16.178  2029  2186 D GStreamer+baseparse: 0:05:00.566721188 0xf37ecf20 gstbaseparse.c:944:gst_base_parse_queue_tag_event_update:<h264parse2> merged   : taglist, video-codec=(string)"H.264\ /\ AVC", bitrate=(uint)16613441, language-code=(string)en;
05-09 19:56:16.178  2029  2186 D GStreamer+GST_EVENT: 0:05:00.566766136 0xf37ecf20 gstevent.c:302:gst_event_new_custom creating new event 0xf3922460 tag 20510
05-09 19:56:16.178  2029  2185 D GStreamer+GST_EVENT: 0:05:00.566744105 0xf37ecec0 gstpad.c:5496:gst_pad_send_event_unchecked:<q:audio_0> have event type reconfigure event: 0xf3d33a60, time 99:99:99.999999999, seq-num 1670, (NULL)
05-09 19:56:16.178  2029  2186 D GStreamer+baseparse: 0:05:00.566803219 0xf37ecf20 gstbaseparse.c:1484:gst_base_parse_sink_event_default:<h264parse2> event handled
05-09 19:56:16.178  2029  2185 D GStreamer+GST_PADS: 0:05:00.566818063 0xf37ecec0 gstpad.c:2803:gst_pad_iterate_internal_links_default:<q:audio_0> Making iterator
05-09 19:56:16.178  2029  2186 D GStreamer+GST_PADS: 0:05:00.566844469 0xf37ecf20 gstpad.c:5569:gst_pad_send_event_unchecked:<h264parse2:sink> sent event, ret ok
05-09 19:56:16.179  2029  2185 D GStreamer+GST_EVENT: 0:05:00.566926448 0xf37ecec0 gstpad.c:5496:gst_pad_send_event_unchecked:<filesrc2:src> have event type reconfigure event: 0xf3d33a60, time 99:99:99.999999999, seq-num 1670, (NULL)
05-09 19:56:16.179  2029  2186 D GStreamer+GST_PADS: 0:05:00.566943011 0xf37ecf20 gstpad.c:3765:push_sticky:<typefind:src> event tag marked received
05-09 19:56:16.179  2029  2185 D GStreamer+basesrc: 0:05:00.567004521 0xf37ecec0 gstbasesrc.c:1987:gst_base_src_default_event:<filesrc2> handle event reconfigure event: 0xf3d33a60, time 99:99:99.999999999, seq-num 1670, (NULL)
05-09 19:56:16.179  2029  2186 D GStreamer+GST_PADS: 0:05:00.567020563 0xf37ecf20 gstpad.c:5569:gst_pad_send_event_unchecked:<typefind:sink> sent event, ret ok
05-09 19:56:16.179  2029  2185 D GStreamer+GST_PADS: 0:05:00.567047125 0xf37ecec0 gstpad.c:5569:gst_pad_send_event_unchecked:<filesrc2:src> sent event, ret ok
05-09 19:56:16.179  2029  2186 D GStreamer+GST_PADS: 0:05:00.567074261 0xf37ecf20 gstpad.c:3765:push_sticky:<sink:proxypad6> event tag marked received
05-09 19:56:16.179  2029  2185 D GStreamer+GST_PADS: 0:05:00.567119990 0xf37ecec0 gstpad.c:5569:gst_pad_send_event_unchecked:<q:audio_0> sent event, ret ok
05-09 19:56:16.179  2029  2186 D GStreamer+GST_PADS: 0:05:00.567136240 0xf37ecf20 gstpad.c:5569:gst_pad_send_event_unchecked:<forhwgl:sink> sent event, ret ok
05-09 19:56:16.179  2029  2185 D GStreamer+GST_PADS: 0:05:00.567163896 0xf37ecec0 gstpad.c:5569:gst_pad_send_event_unchecked:<queue6:src> sent event, ret ok
05-09 19:56:16.179  2029  2186 D GStreamer+GST_PADS: 0:05:00.567186500 0xf37ecf20 gstpad.c:3765:push_sticky:<queue4:src> event tag marked received
05-09 19:56:16.179  2029  2185 D GStreamer+GST_PADS: 0:05:00.567233792 0xf37ecec0 gstpad.c:5569:gst_pad_send_event_unchecked:<sink:proxypad8> sent event, ret ok
05-09 19:56:16.179  2029  2186 D GStreamer+GST_PADS: 0:05:00.567259261 0xf37ecf20 gstpad.c:3813:check_sticky:<queue4:src> pushing all sticky events
05-09 19:56:16.179  2029  2185 D GStreamer+GST_PADS: 0:05:00.567284417 0xf37ecec0 gstpad.c:5569:gst_pad_send_event_unchecked:<typefind:src> sent event, ret ok
05-09 19:56:16.179  2029  2186 D GStreamer+GST_PADS: 0:05:00.567309677 0xf37ecf20 gstpad.c:3745:push_sticky:<queue4:src> event stream-start was already received
05-09 19:56:16.179  2029  2186 D GStreamer+GST_PADS: 0:05:00.567356084 0xf37ecf20 gstpad.c:3745:push_sticky:<queue4:src> event caps was already received
05-09 19:56:16.179  2029  2185 D GStreamer+GST_PADS: 0:05:00.567372542 0xf37ecec0 gstpad.c:5569:gst_pad_send_event_unchecked:<mpegaudioparse0:src> sent event, ret ok
05-09 19:56:16.179  2029  2186 D GStreamer+GST_PADS: 0:05:00.567397438 0xf37ecf20 gstpad.c:3745:push_sticky:<queue4:src> event segment was already received
05-09 19:56:16.179  2029  2186 D GStreamer+GST_PADS: 0:05:00.567440511 0xf37ecf20 gstpad.c:3745:push_sticky:<queue4:src> event tag was already received
05-09 19:56:16.179  2029  2185 D GStreamer+GST_BUS: 0:05:00.567494105 0xf37ecec0 gstbus.c:309:gst_bus_post:<bus10> [msg 0xf3d43860] posting on bus structure-change message: 0xf3d43860, time 99:99:99.999999999, seq-num 1672, element 'proxypad11', GstMessageStructureChange, type=(GstStructureChangeType)GST_STRUCTURE_CHANGE_TYPE_PAD_LINK, owner=(GstElement)"\(GstMpegAudioParse\)\ mpegaudioparse0", busy=(boolean)false;
05-09 19:56:16.179  2029  2186 D GStreamer+GST_EVENT: 0:05:00.567545511 0xf37ecf20 gstpad.c:5496:gst_pad_send_event_unchecked:<forhwgl:sink> have event type tag event: 0xf3abba60, time 99:99:99.999999999, seq-num 1590, GstTagList-global, taglist=(taglist)"taglist\,\ datetime\=\(datetime\)2016-05-10T02:46:01Z\,\ container-format\=\(string\)\"ISO\\\ MP4/M4A\"\;";
05-09 19:56:16.179  2029  2185 D GStreamer+bin: 0:05:00.567564990 0xf37ecec0 gstbin.c:3528:gst_bin_handle_message_func:<decodebin3> [msg 0xf3d43860] handling child proxypad11 message of type structure-change
05-09 19:56:16.179  2029  2186 D GStreamer+GST_PADS: 0:05:00.567588584 0xf37ecf20 gstpad.c:3813:check_sticky:<sink:proxypad6> pushing all sticky events
05-09 19:56:16.179  2029  2185 D GStreamer+bin: 0:05:00.567611084 0xf37ecec0 gstbin.c:957:bin_remove_messages:<decodepad3:proxypad11> deleting message 0xf3ab9808 of types 0x00001000
05-09 19:56:16.179  2029  2186 D GStreamer+GST_PADS: 0:05:00.567634365 0xf37ecf20 gstpad.c:3745:push_sticky:<sink:proxypad6> event stream-start was already received
05-09 19:56:16.179  2029  2185 D GStreamer+bin: 0:05:00.567677959 0xf37ecec0 gstbin.c:963:bin_remove_messages:<decodebin3> not deleting message 0xf3d32560 of type 0x00100000
05-09 19:56:16.179  2029  2185 D GStreamer+GST_BUS: 0:05:00.567718271 0xf37ecec0 gstbus.c:344:gst_bus_post:<bus10> [msg 0xf3d43860] dropped
05-09 19:56:16.179  2029  2186 D GStreamer+GST_PADS: 0:05:00.567724365 0xf37ecf20 gstpad.c:3745:push_sticky:<sink:proxypad6> event caps was already received
05-09 19:56:16.179  2029  2186 D GStreamer+GST_PADS: 0:05:00.567766917 0xf37ecf20 gstpad.c:3745:push_sticky:<sink:proxypad6> event segment was already received
05-09 19:56:16.179  2029  2186 D GStreamer+GST_PADS: 0:05:00.567813375 0xf37ecf20 gstpad.c:3745:push_sticky:<sink:proxypad6> event tag was already received
05-09 19:56:16.179  2029  2185 D GStreamer+decodebin: 0:05:00.567829365 0xf37ecec0 gstdecodebin2.c:1487:copy_sticky_events:<'':decodepad3> store sticky event stream-start event: 0xf3abb9d0, time 99:99:99.999999999, seq-num 1583, GstEventStreamStart, stream-id=(string)71ab440d261a1bb43c19b397eec2373651540427aed1e7b0deb4be62a10a7f25/002, flags=(GstStreamFlags)GST_STREAM_FLAG_NONE, group-id=(uint)2;
05-09 19:56:16.180  2029  2186 D GStreamer+GST_EVENT: 0:05:00.567920927 0xf37ecf20 gstpad.c:5496:gst_pad_send_event_unchecked:<typefind:sink> have event type tag event: 0xf3abba60, time 99:99:99.999999999, seq-num 1590, GstTagList-global, taglist=(taglist)"taglist\,\ datetime\=\(datetime\)2016-05-10T02:46:01Z\,\ container-format\=\(string\)\"ISO\\\ MP4/M4A\"\;";
05-09 19:56:16.180  2029  2186 D GStreamer+typefind: 0:05:00.567986761 0xf37ecf20 gsttypefindelement.c:613:gst_type_find_element_sink_event:<typefind> got tag event in mode 0
05-09 19:56:16.180  2029  2185 D GStreamer+decodebin: 0:05:00.567970094 0xf37ecec0 gstdecodebin2.c:1487:copy_sticky_events:<'':decodepad3> store sticky event caps event: 0xf3d33988, time 99:99:99.999999999, seq-num 1656, GstEventCaps, caps=(GstCaps)"audio/mpeg\,\ mpegversion\=\(int\)1\,\ mpegaudioversion\=\(int\)2\,\ layer\=\(int\)3\,\ rate\=\(int\)24000\,\ channels\=\(int\)1\,\ parsed\=\(boolean\)true";
05-09 19:56:16.180  2029  2186 D GStreamer+GST_PADS: 0:05:00.568026344 0xf37ecf20 gstpad.c:3813:check_sticky:<typefind:src> pushing all sticky events
05-09 19:56:16.180  2029  2185 D GStreamer+decodebin: 0:05:00.568052386 0xf37ecec0 gstdecodebin2.c:1433:gst_decode_bin_autoplug_select:<decodebin3> default autoplug-select returns TRY
05-09 19:56:16.180  2029  2186 D GStreamer+GST_PADS: 0:05:00.568076240 0xf37ecf20 gstpad.c:3745:push_sticky:<typefind:src> event stream-start was already received
05-09 19:56:16.180  2029  2185 D GStreamer+decodebin: 0:05:00.568119625 0xf37ecec0 gstdecodebin2.c:2242:connect_pad:<decodebin3> autoplug select requested try
05-09 19:56:16.180  2029  2186 D GStreamer+GST_PADS: 0:05:00.568135719 0xf37ecf20 gstpad.c:3745:push_sticky:<typefind:src> event caps was already received
05-09 19:56:16.180  2029  2185 D GStreamer+GST_PADS: 0:05:00.568161292 0xf37ecec0 gstghostpad.c:842:gst_ghost_pad_set_target:<'':decodepad3> clearing target
05-09 19:56:16.180  2029  2186 D GStreamer+GST_PADS: 0:05:00.568186292 0xf37ecf20 gstpad.c:3745:push_sticky:<typefind:src> event segment was already received
05-09 19:56:16.180  2029  2185 I GStreamer+GST_ELEMENT_PADS: 0:05:00.568239157 0xf37ecec0 gstpad.c:2048:gst_pad_unlink unlinking mpegaudioparse0:src(0xf3af36d0) and decodepad3:proxypad11(0xf3a2c470)
05-09 19:56:16.180  2029  2186 D GStreamer+GST_PADS: 0:05:00.568263740 0xf37ecf20 gstpad.c:3745:push_sticky:<typefind:src> event tag was already received
05-09 19:56:16.180  2029  2185 D GStreamer+GST_BUS: 0:05:00.568358844 0xf37ecec0 gstbus.c:309:gst_bus_post:<bus10> [msg 0xf3d438b8] posting on bus structure-change message: 0xf3d438b8, time 99:99:99.999999999, seq-num 1673, element 'proxypad11', GstMessageStructureChange, type=(GstStructureChangeType)GST_STRUCTURE_CHANGE_TYPE_PAD_UNLINK, owner=(GstElement)"\(GstMpegAudioParse\)\ mpegaudioparse0", busy=(boolean)true;
05-09 19:56:16.180  2029  2186 D GStreamer+GST_EVENT: 0:05:00.568373792 0xf37ecf20 gstpad.c:5496:gst_pad_send_event_unchecked:<h264parse2:sink> have event type tag event: 0xf3abba60, time 99:99:99.999999999, seq-num 1590, GstTagList-global, taglist=(taglist)"taglist\,\ datetime\=\(datetime\)2016-05-10T02:46:01Z\,\ container-format\=\(string\)\"ISO\\\ MP4/M4A\"\;";
05-09 19:56:16.180  2029  2185 D GStreamer+bin: 0:05:00.568400719 0xf37ecec0 gstbin.c:3528:gst_bin_handle_message_func:<decodebin3> [msg 0xf3d438b8] handling child proxypad11 message of type structure-change
05-09 19:56:16.180  2029  2186 D GStreamer+baseparse: 0:05:00.568413063 0xf37ecf20 gstbaseparse.c:1174:gst_base_parse_sink_event_default:<h264parse2> handling event 20510, tag
05-09 19:56:16.180  2029  2186 D GStreamer+baseparse: 0:05:00.568445042 0xf37ecf20 gstbaseparse.c:1484:gst_base_parse_sink_event_default:<h264parse2> event handled
05-09 19:56:16.180  2029  2185 D GStreamer+bin: 0:05:00.568458792 0xf37ecec0 gstbin.c:882:find_message:<decodebin3> no message found matching types 00001000
05-09 19:56:16.180  2029  2186 D GStreamer+GST_PADS: 0:05:00.568484417 0xf37ecf20 gstpad.c:5569:gst_pad_send_event_unchecked:<h264parse2:sink> sent event, ret ok
05-09 19:56:16.180  2029  2185 D GStreamer+bin: 0:05:00.568492594 0xf37ecec0 gstbin.c:889:find_message:<decodebin3>   structure-change
05-09 19:56:16.180  2029  2186 D GStreamer+GST_PADS: 0:05:00.568529313 0xf37ecf20 gstpad.c:3765:push_sticky:<typefind:src> event tag marked received
05-09 19:56:16.180  2029  2185 D GStreamer+bin: 0:05:00.568563011 0xf37ecec0 gstbin.c:929:bin_replace_message:<decodebin3> got new message 0xf3d438b8, structure-change from proxypad11
05-09 19:56:16.180  2029  2186 D GStreamer+GST_PADS: 0:05:00.568579209 0xf37ecf20 gstpad.c:5569:gst_pad_send_event_unchecked:<typefind:sink> sent event, ret ok
05-09 19:56:16.180  2029  2185 D GStreamer+GST_BUS: 0:05:00.568604677 0xf37ecec0 gstbus.c:344:gst_bus_post:<bus10> [msg 0xf3d438b8] dropped
05-09 19:56:16.180  2029  2186 D GStreamer+GST_PADS: 0:05:00.568627750 0xf37ecf20 gstpad.c:3765:push_sticky:<sink:proxypad6> event tag marked received
05-09 19:56:16.180  2029  2185 I GStreamer+GST_ELEMENT_PADS: 0:05:00.568671396 0xf37ecec0 gstpad.c:2102:gst_pad_unlink unlinked mpegaudioparse0:src and decodepad3:proxypad11
05-09 19:56:16.180  2029  2186 D GStreamer+GST_PADS: 0:05:00.568687698 0xf37ecf20 gstpad.c:5569:gst_pad_send_event_unchecked:<forhwgl:sink> sent event, ret ok
05-09 19:56:16.180  2029  2186 D GStreamer+GST_PADS: 0:05:00.568738323 0xf37ecf20 gstpad.c:3765:push_sticky:<queue4:src> event tag marked received
05-09 19:56:16.180  2029  2185 D GStreamer+GST_BUS: 0:05:00.568785615 0xf37ecec0 gstbus.c:309:gst_bus_post:<bus10> [msg 0xf3d43860] posting on bus structure-change message: 0xf3d43860, time 99:99:99.999999999, seq-num 1674, element 'proxypad11', GstMessageStructureChange, type=(GstStructureChangeType)GST_STRUCTURE_CHANGE_TYPE_PAD_UNLINK, owner=(GstElement)"\(GstMpegAudioParse\)\ mpegaudioparse0", busy=(boolean)false;
05-09 19:56:16.180  2029  2186 D GStreamer+GST_EVENT: 0:05:00.568822802 0xf37ecf20 gstpad.c:5496:gst_pad_send_event_unchecked:<forhwgl:sink> have event type gap event: 0xf3abb988, time 99:99:99.999999999, seq-num 1591, GstEventGap, timestamp=(guint64)0, duration=(guint64)311000000;
05-09 19:56:16.180  2029  2187 D GStreamer+queue_dataflow: 0:05:00.568842282 0xf37ecf50 gstqueue.c:1204:gst_queue_chain_buffer_or_list:<queue4> queue is not full
05-09 19:56:16.181  2029  2185 D GStreamer+bin: 0:05:00.568854938 0xf37ecec0 gstbin.c:3528:gst_bin_handle_message_func:<decodebin3> [msg 0xf3d43860] handling child proxypad11 message of type structure-change
05-09 19:56:16.181  2029  2185 D GStreamer+bin: 0:05:00.568929886 0xf37ecec0 gstbin.c:957:bin_remove_messages:<decodepad3:proxypad11> deleting message 0xf3d438b8 of types 0x00001000
05-09 19:56:16.181  2029  2187 D GStreamer+GST_SCHEDULING: 0:05:00.569008532 0xf37ecf50 gstpad.c:4159:gst_pad_chain_data_unchecked:<queue4:sink> called chainfunction &gst_queue_chain with buffer 0xf39e2b38, returned ok
05-09 19:56:16.181  2029  2186 D GStreamer+GST_EVENT: 0:05:00.569039000 0xf37ecf20 gstpad.c:5496:gst_pad_send_event_unchecked:<typefind:sink> have event type gap event: 0xf3abb988, time 99:99:99.999999999, seq-num 1591, GstEventGap, timestamp=(guint64)0, duration=(guint64)311000000;
05-09 19:56:16.181  2029  2185 D GStreamer+bin: 0:05:00.569019521 0xf37ecec0 gstbin.c:963:bin_remove_messages:<decodebin3> not deleting message 0xf3d32560 of type 0x00100000
05-09 19:56:16.181  2029  2187 D GStreamer+qtdemux: 0:05:00.569095355 0xf37ecf50 qtdemux.c:7675:qtdemux_parse_samples:<q> parsing up to sample 35
05-09 19:56:16.181  2029  2186 D GStreamer+typefind: 0:05:00.569105927 0xf37ecf20 gsttypefindelement.c:613:gst_type_find_element_sink_event:<typefind> got gap event in mode 0
05-09 19:56:16.181  2029  2185 D GStreamer+GST_BUS: 0:05:00.569127073 0xf37ecec0 gstbus.c:344:gst_bus_post:<bus10> [msg 0xf3d43860] dropped
05-09 19:56:16.181  2029  2187 D GStreamer+qtdemux: 0:05:00.569174573 0xf37ecf50 qtdemux.c:7882:qtdemux_parse_samples:<q> sample 35: index 0, timestamp 0:00:00.716000000
05-09 19:56:16.181  2029  2186 D GStreamer+GST_EVENT: 0:05:00.569221448 0xf37ecf20 gstpad.c:5496:gst_pad_send_event_unchecked:<h264parse2:sink> have event type gap event: 0xf3abb988, time 99:99:99.999999999, seq-num 1591, GstEventGap, timestamp=(guint64)0, duration=(guint64)311000000;
05-09 19:56:16.181  2029  2187 D GStreamer+qtdemux: 0:05:00.569245250 0xf37ecf50 qtdemux.c:7937:qtdemux_parse_samples:<q> samples at 35 is keyframe
05-09 19:56:16.181  2029  2185 D GStreamer+decodebin: 0:05:00.569278219 0xf37ecec0 gstdecodebin2.c:1476:clear_sticky_events:<'':decodepad3> clearing sticky event stream-start event: 0xf3abb9d0, time 99:99:99.999999999, seq-num 1583, GstEventStreamStart, stream-id=(string)71ab440d261a1bb43c19b397eec2373651540427aed1e7b0deb4be62a10a7f25/002, flags=(GstStreamFlags)GST_STREAM_FLAG_NONE, group-id=(uint)2;
05-09 19:56:16.181  2029  2186 D GStreamer+baseparse: 0:05:00.569288219 0xf37ecf20 gstbaseparse.c:1174:gst_base_parse_sink_event_default:<h264parse2> handling event 40966, gap
05-09 19:56:16.181  2029  2187 D GStreamer+qtdemux: 0:05:00.569343063 0xf37ecf50 qtdemux.c:5197:gst_qtdemux_loop_state_movie:<q> pushing from stream 1, empty 0 offset 1567387, size 144, dts=0:00:01.008000000, pts=0:00:01.008000000, duration 0:00:00.024000000
05-09 19:56:16.181  2029  2186 D GStreamer+baseparse: 0:05:00.569350042 0xf37ecf20 gstbaseparse.c:1400:gst_base_parse_sink_event_default:<h264parse2> draining current data due to gap event
05-09 19:56:16.181  2029  2187 D GStreamer+basesrc: 0:05:00.569412282 0xf37ecf50 gstbasesrc.c:2355:gst_base_src_update_length:<filesrc2> reading offset 1567387, length 144, size 15003960, segment.stop -1, maxsize 15003960
05-09 19:56:16.181  2029  2186 D GStreamer+GST_CAPS: 0:05:00.569430407 0xf37ecf20 gstpad.c:2621:gst_pad_has_current_caps:<h264parse2:src> check current pad caps (NULL)
05-09 19:56:16.181  2029  2185 D GStreamer+decodebin: 0:05:00.569463271 0xf37ecec0 gstdecodebin2.c:1476:clear_sticky_events:<'':decodepad3> clearing sticky event caps event: 0xf3d33988, time 99:99:99.999999999, seq-num 1656, GstEventCaps, caps=(GstCaps)"audio/mpeg\,\ mpegversion\=\(int\)1\,\ mpegaudioversion\=\(int\)2\,\ layer\=\(int\)3\,\ rate\=\(int\)24000\,\ channels\=\(int\)1\,\ parsed\=\(boolean\)true";
05-09 19:56:16.181  2029  2187 D GStreamer+basesrc: 0:05:00.569478011 0xf37ecf50 gstbasesrc.c:2456:gst_base_src_get_range:<filesrc2> calling create offset 1567387 length 144, time 0
05-09 19:56:16.181  2029  2185 D GStreamer+GST_PLUGIN_LOADING: 0:05:00.569510667 0xf37ecec0 gstpluginfeature.c:106:gst_plugin_feature_load loading plugin for feature 0xf374dd10; 'amcauddec-omxgooglemp3decoder'
05-09 19:56:16.181  2029  2186 D GStreamer+GST_CAPS: 0:05:00.569502334 0xf37ecf20 gstutils.c:2884:gst_pad_peer_query_caps:<h264parse2:src> get pad peer caps with filter video/x-h264, parsed=(boolean)true, stream-format=(string){ avc, avc3, byte-stream }, alignment=(string){ au, nal }
05-09 19:56:16.181  2029  2187 D GStreamer+GST_MEMORY: 0:05:00.569541917 0xf37ecf50 gstmemory.c:138:gst_memory_init new memory 0xf3adaa10, maxsize:147 offset:0 size:144
05-09 19:56:16.181  2029  2186 D GStreamer+query: 0:05:00.569565980 0xf37ecf20 gstquery.c:674:gst_query_new_custom creating new query 0xf3d04030 caps
05-09 19:56:16.181  2029  2185 I GStreamer+GST_ELEMENT_FACTORY: 0:05:00.569583740 0xf37ecec0 gstelementfactory.c:364:gst_element_factory_create creating element "amcauddec-omxgooglemp3decoder"
05-09 19:56:16.181  2029  2187 D GStreamer+basesrc: 0:05:00.569601657 0xf37ecf50 gstbasesrc.c:2310:gst_base_src_do_sync:<filesrc2> we have no clock
05-09 19:56:16.181  2029  2186 D GStreamer+GST_PADS: 0:05:00.569618480 0xf37ecf20 gstpad.c:4009:gst_pad_peer_query:<h264parse2:src> peer query 0xf3d04030 (caps)
05-09 19:56:16.181  2029  2185 D GStreamer+audiodecoder: 0:05:00.569672646 0xf37ecec0 gstaudiodecoder.c:438:gst_audio_decoder_init:<GstAudioDecoder@0xf39d7df0> gst_audio_decoder_init
05-09 19:56:16.181  2029  2187 D GStreamer+basesrc: 0:05:00.569690198 0xf37ecf50 gstbasesrc.c:2520:gst_base_src_get_range:<filesrc2> buffer ok
05-09 19:56:16.181  2029  2186 D GStreamer+GST_PADS: 0:05:00.569709052 0xf37ecf20 gstpad.c:3882:gst_pad_query:<capsfilter2:sink> doing query 0xf3d04030 (caps)
05-09 19:56:16.181  2029  2185 D GStreamer+GST_PADS: 0:05:00.569789782 0xf37ecec0 gstpad.c:1826:gst_pad_set_event_function_full:<'':sink> eventfunc for set to gst_audio_decoder_sink_event
05-09 19:56:16.181  2029  2186 D GStreamer+basetransform: 0:05:00.569808063 0xf37ecf20 gstbasetransform.c:704:gst_base_transform_query_caps:<capsfilter2:sink> filter caps  video/x-h264, parsed=(boolean)true, stream-format=(string){ avc, avc3, byte-stream }, alignment=(string){ au, nal }
05-09 19:56:16.181  2029  2187 D GStreamer+GST_SCHEDULING: 0:05:00.569824938 0xf37ecf50 gstpad.c:4153:gst_pad_chain_data_unchecked:<queue6:sink> calling chainfunction &gst_queue_chain with buffer buffer: 0xf3d02dd0, pts 0:00:01.008000000, dts 0:00:01.008000000, dur 0:00:00.024000000, size 144, offset none, offset_end none, flags 0x0
05-09 19:56:16.181  2029  2185 D GStreamer+GST_PADS: 0:05:00.569838115 0xf37ecec0 gstpad.c:1720:gst_pad_set_chain_function_full:<'':sink> chainfunc set to gst_audio_decoder_chain
05-09 19:56:16.182  2029  2186 D GStreamer+basetransform: 0:05:00.569861917 0xf37ecf20 gstbasetransform.c:707:gst_base_transform_query_caps:<capsfilter2:sink> our template  ANY
05-09 19:56:16.182  2029  2187 D GStreamer+GST_SCHEDULING: 0:05:00.569906292 0xf37ecf50 gstpad.c:4159:gst_pad_chain_data_unchecked:<queue6:sink> called chainfunction &gst_queue_chain with buffer 0xf3d02dd0, returned ok
05-09 19:56:16.182  2029  2185 D GStreamer+GST_PADS: 0:05:00.569922125 0xf37ecec0 gstpad.c:1906:gst_pad_set_query_function_full:<'':sink> queryfunc set to gst_audio_decoder_sink_query
05-09 19:56:16.182  2029  2186 D GStreamer+basetransform: 0:05:00.569954677 0xf37ecf20 gstbasetransform.c:709:gst_base_transform_query_caps:<capsfilter2:sink> intersected video/x-h264, parsed=(boolean)true, stream-format=(string){ avc, avc3, byte-stream }, alignment=(string){ au, nal }
05-09 19:56:16.182  2029  2187 D GStreamer+qtdemux: 0:05:00.569985927 0xf37ecf50 qtdemux.c:7675:qtdemux_parse_samples:<q> parsing up to sample 43
05-09 19:56:16.182  2029  2186 D GStreamer+basetransform: 0:05:00.570020875 0xf37ecf20 gstbasetransform.c:533:gst_base_transform_transform_caps:<capsfilter2> transform caps (direction = 2)
05-09 19:56:16.182  2029  2185 I GStreamer+GST_ELEMENT_PADS: 0:05:00.570038636 0xf37ecec0 gstelement.c:659:gst_element_add_pad:<GstAudioDecoder@0xf39d7df0> adding pad 'sink'
05-09 19:56:16.182  2029  2187 D GStreamer+qtdemux: 0:05:00.570054886 0xf37ecf50 qtdemux.c:7882:qtdemux_parse_samples:<q> sample 43: index 43, timestamp 0:00:01.032000000
05-09 19:56:16.182  2029  2185 D GStreamer+GST_REFCOUNTING: 0:05:00.570085250 0xf37ecec0 gstobject.c:692:gst_object_set_parent:<'':sink> set parent (ref and sink)
05-09 19:56:16.182  2029  2187 D GStreamer+qtdemux: 0:05:00.570111240 0xf37ecf50 qtdemux.c:7982:qtdemux_parse_samples:<q> setting all keyframes
05-09 19:56:16.182  2029  2185 D GStreamer+audiodecoder: 0:05:00.570183896 0xf37ecec0 gstaudiodecoder.c:455:gst_audio_decoder_init:<GstAudioDecoder@0xf39d7df0> sinkpad created
05-09 19:56:16.182  2029  2187 D GStreamer+qtdemux: 0:05:00.570212125 0xf37ecf50 qtdemux.c:5197:gst_qtdemux_loop_state_movie:<q> pushing from stream 0, empty 0 offset 1526191, size 41196, dts=0:00:00.716000000, pts=0:00:00.716000000, duration 0:00:00.019666666
05-09 19:56:16.182  2029  2186 D GStreamer+capsfilter: 0:05:00.570218271 0xf37ecf20 gstcapsfilter.c:295:gst_capsfilter_transform_caps:<capsfilter2> input:     video/x-h264, parsed=(boolean)true, stream-format=(string){ avc, avc3, byte-stream }, alignment=(string){ au, nal }
05-09 19:56:16.182  2029  2186 D GStreamer+capsfilter: 0:05:00.570274625 0xf37ecf20 gstcapsfilter.c:296:gst_capsfilter_transform_caps:<capsfilter2> filter:    (NULL)
05-09 19:56:16.182  2029  2185 D GStreamer+GST_PADS: 0:05:00.570287282 0xf37ecec0 gstpad.c:1826:gst_pad_set_event_function_full:<'':src> eventfunc for set to gst_audio_decoder_src_event
05-09 19:56:16.182  2029  2187 D GStreamer+basesrc: 0:05:00.570302959 0xf37ecf50 gstbasesrc.c:2355:gst_base_src_update_length:<filesrc2> reading offset 1526191, length 41196, size 15003960, segment.stop -1, maxsize 15003960
05-09 19:56:16.182  2029  2187 D GStreamer+basesrc: 0:05:00.570374730 0xf37ecf50 gstbasesrc.c:2456:gst_base_src_get_range:<filesrc2> calling create offset 1526191 length 41196, time 0
05-09 19:56:16.182  2029  2185 D GStreamer+GST_PADS: 0:05:00.570391084 0xf37ecec0 gstpad.c:1906:gst_pad_set_query_function_full:<'':src> queryfunc set to gst_audio_decoder_src_query
05-09 19:56:16.182  2029  2187 D GStreamer+GST_MEMORY: 0:05:00.570434990 0xf37ecf50 gstmemory.c:138:gst_memory_init new memory 0xf3c8a8b0, maxsize:41199 offset:0 size:41196
05-09 19:56:16.182  2029  2185 I GStreamer+GST_ELEMENT_PADS: 0:05:00.570488115 0xf37ecec0 gstelement.c:659:gst_element_add_pad:<GstAudioDecoder@0xf39d7df0> adding pad 'src'
05-09 19:56:16.182  2029  2187 D GStreamer+basesrc: 0:05:00.570499000 0xf37ecf50 gstbasesrc.c:2310:gst_base_src_do_sync:<filesrc2> we have no clock
05-09 19:56:16.182  2029  2187 D GStreamer+basesrc: 0:05:00.570545719 0xf37ecf50 gstbasesrc.c:2520:gst_base_src_get_range:<filesrc2> buffer ok
05-09 19:56:16.182  2029  2185 D GStreamer+GST_REFCOUNTING: 0:05:00.570584052 0xf37ecec0 gstobject.c:692:gst_object_set_parent:<'':src> set parent (ref and sink)
05-09 19:56:16.182  2029  2186 D GStreamer+capsfilter: 0:05:00.570601396 0xf37ecf20 gstcapsfilter.c:298:gst_capsfilter_transform_caps:<capsfilter2> caps filter:    video/x-h264, width=(int)[ 16, 4096 ], height=(int)[ 16, 4096 ], framerate=(fraction)[ 0/1, 2147483647/1 ], parsed=(boolean)true, stream-format=(string)byte-stream, alignment=(string)au, profile=(string)high; video/x-h264, width=(int)[ 16, 4096 ], height=(int)[ 16, 4096 ], framerate=(fraction)[ 0/1, 2147483647/1 ], parsed=(boolean)true, stream-format=(string)byte-stream, alignment=(string)au, profile=(string)main; video/x-h264, width=(int)[ 16, 4096 ], height=(int)[ 16, 4096 ], framerate=(fraction)[ 0/1, 2147483647/1 ], parsed=(boolean)true, stream-format=(string)byte-stream, alignment=(string)au, profile=(string)baseline; video/x-h264, width=(int)[ 16, 4096 ], height=(int)[ 16, 4096 ], framerate=(fraction)[ 0/1, 2147483647/1 ], parsed=(boolean)true, stream-format=(string)byte-stream, alignment=(string)au, profile=(string)constrained-baseline; video/x-h264, stream-format=(string)byte-stream, alignment
05-09 19:56:16.182  2029  2185 D GStreamer+audiodecoder: 0:05:00.570678427 0xf37ecec0 gstaudiodecoder.c:468:gst_audio_decoder_init:<GstAudioDecoder@0xf39d7df0> srcpad created
05-09 19:56:16.182  2029  2187 D GStreamer+GST_SCHEDULING: 0:05:00.570699625 0xf37ecf50 gstpad.c:4153:gst_pad_chain_data_unchecked:<queue4:sink> calling chainfunction &gst_queue_chain with buffer buffer: 0xf3ac38c0, pts 0:00:00.716000000, dts 0:00:00.716000000, dur 0:00:00.019666666, size 41196, offset none, offset_end none, flags 0x0
05-09 19:56:16.182  2029  2185 D GStreamer+audiodecoder: 0:05:00.570741552 0xf37ecec0 gstaudiodecoder.c:493:gst_audio_decoder_reset:<GstAudioDecoder@0xf39d7df0> gst_audio_decoder_reset
05-09 19:56:16.182  2029  2187 D GStreamer+GST_SCHEDULING: 0:05:00.570802125 0xf37ecf50 gstpad.c:4159:gst_pad_chain_data_unchecked:<queue4:sink> called chainfunction &gst_queue_chain with buffer 0xf3ac38c0, returned ok
05-09 19:56:16.182  2029  2185 D GStreamer+audiodecoder: 0:05:00.570835511 0xf37ecec0 gstaudiodecoder.c:487:gst_audio_decoder_init:<GstAudioDecoder@0xf39d7df0> init ok
05-09 19:56:16.183  2029  2187 D GStreamer+qtdemux: 0:05:00.570890823 0xf37ecf50 qtdemux.c:7675:qtdemux_parse_samples:<q> parsing up to sample 36
05-09 19:56:16.183  2029  2185 D GStreamer+GST_ELEMENT_FACTORY: 0:05:00.570952855 0xf37ecec0 gstelementfactory.c:390:gst_element_factory_create created element "amcauddec-omxgooglemp3decoder"
05-09 19:56:16.183  2029  2187 D GStreamer+qtdemux: 0:05:00.570976657 0xf37ecf50 qtdemux.c:7882:qtdemux_parse_samples:<q> sample 36: index 0, timestamp 0:00:00.735666666
05-09 19:56:16.183  2029  2186 D GStreamer+capsfilter: 0:05:00.570995823 0xf37ecf20 gstcapsfilter.c:299:gst_capsfilter_transform_caps:<capsfilter2> intersect: video/x-h264, width=(int)[ 16, 4096 ], height=(int)[ 16, 4096 ], framerate=(fraction)[ 0/1, 2147483647/1 ], parsed=(boolean)true, stream-format=(string)byte-stream, alignment=(string)au, profile=(string)high; video/x-h264, width=(int)[ 16, 4096 ], height=(int)[ 16, 4096 ], framerate=(fraction)[ 0/1, 2147483647/1 ], parsed=(boolean)true, stream-format=(string)byte-stream, alignment=(string)au, profile=(string)main; video/x-h264, width=(int)[ 16, 4096 ], height=(int)[ 16, 4096 ], framerate=(fraction)[ 0/1, 2147483647/1 ], parsed=(boolean)true, stream-format=(string)byte-stream, alignment=(string)au, profile=(string)baseline; video/x-h264, width=(int)[ 16, 4096 ], height=(int)[ 16, 4096 ], framerate=(fraction)[ 0/1, 2147483647/1 ], parsed=(boolean)true, stream-format=(string)byte-stream, alignment=(string)au, profile=(string)constrained-baseline; video/x-h264, stream-format=(string)byte-stream, alignment=(str
05-09 19:56:16.183  2029  2185 D GStreamer+GST_STATES: 0:05:00.571027959 0xf37ecec0 gstelement.c:1966:gst_element_set_locked_state locking state of element amcaudiodec-omxgooglemp3decoder0
05-09 19:56:16.183  2029  2187 D GStreamer+qtdemux: 0:05:00.571044782 0xf37ecf50 qtdemux.c:7937:qtdemux_parse_samples:<q> samples at 36 is keyframe
05-09 19:56:16.183  2029  2185 D GStreamer+GST_PARENTAGE: 0:05:00.571072750 0xf37ecec0 gstbin.c:1371:gst_bin_add adding element amcaudiodec-omxgooglemp3decoder0 to bin decodebin3
05-09 19:56:16.183  2029  2187 D GStreamer+qtdemux: 0:05:00.571130146 0xf37ecf50 qtdemux.c:5197:gst_qtdemux_loop_state_movie:<q> pushing from stream 1, empty 0 offset 1608784, size 144, dts=0:00:01.032000000, pts=0:00:01.032000000, duration 0:00:00.024000000
05-09 19:56:16.183  2029  2185 D GStreamer+bin: 0:05:00.571140563 0xf37ecec0 gstbin.c:1100:gst_bin_add_func:<decodebin3> element :amcaudiodec-omxgooglemp3decoder0
05-09 19:56:16.183  2029  2187 D GStreamer+basesrc: 0:05:00.571224677 0xf37ecf50 gstbasesrc.c:2355:gst_base_src_update_length:<filesrc2> reading offset 1608784, length 144, size 15003960, segment.stop -1, maxsize 15003960
05-09 19:56:16.183  2029  2185 D GStreamer+GST_REFCOUNTING: 0:05:00.571240459 0xf37ecec0 gstobject.c:692:gst_object_set_parent:<amcaudiodec-omxgooglemp3decoder0> set parent (ref and sink)
05-09 19:56:16.183  2029  2187 D GStreamer+basesrc: 0:05:00.571302698 0xf37ecf50 gstbasesrc.c:2456:gst_base_src_get_range:<filesrc2> calling create offset 1608784 length 144, time 0
05-09 19:56:16.183  2029  2186 D GStreamer+basetransform: 0:05:00.571322698 0xf37ecf20 gstbasetransform.c:560:gst_base_transform_transform_caps:<capsfilter2> to: video/x-h264, width=(int)[ 16, 4096 ], height=(int)[ 16, 4096 ], framerate=(fraction)[ 0/1, 2147483647/1 ], parsed=(boolean)true, stream-format=(string)byte-stream, alignment=(string)au, profile=(string)high; video/x-h264, width=(int)[ 16, 4096 ], height=(int)[ 16, 4096 ], framerate=(fraction)[ 0/1, 2147483647/1 ], parsed=(boolean)true, stream-format=(string)byte-stream, alignment=(string)au, profile=(string)main; video/x-h264, width=(int)[ 16, 4096 ], height=(int)[ 16, 4096 ], framerate=(fraction)[ 0/1, 2147483647/1 ], parsed=(boolean)true, stream-format=(string)byte-stream, alignment=(string)au, profile=(string)baseline; video/x-h264, width=(int)[ 16, 4096 ], height=(int)[ 16, 4096 ], framerate=(fraction)[ 0/1, 2147483647/1 ], parsed=(boolean)true, stream-format=(string)byte-stream, alignment=(string)au, profile=(string)constrained-baseline; video/x-h264, stream-format=(string)byte-stream, alignment=(str
05-09 19:56:16.183  2029  2185 D GStreamer+GST_PARENTAGE: 0:05:00.571346813 0xf37ecec0 gstelement.c:3040:gst_element_set_bus_func:<amcaudiodec-omxgooglemp3decoder0> setting bus to 0xf37f0788
05-09 19:56:16.183  2029  2187 D GStreamer+GST_MEMORY: 0:05:00.571362334 0xf37ecf50 gstmemory.c:138:gst_memory_init new memory 0xf3adaaf8, maxsize:147 offset:0 size:144
05-09 19:56:16.183  2029  2187 D GStreamer+basesrc: 0:05:00.571414625 0xf37ecf50 gstbasesrc.c:2310:gst_base_src_do_sync:<filesrc2> we have no clock
05-09 19:56:16.183  2029  2187 D GStreamer+basesrc: 0:05:00.571474573 0xf37ecf50 gstbasesrc.c:2520:gst_base_src_get_range:<filesrc2> buffer ok
05-09 19:56:16.183  2029  2185 D GStreamer+GST_CLOCK: 0:05:00.571463896 0xf37ecec0 gstelement.c:478:gst_element_set_base_time:<amcaudiodec-omxgooglemp3decoder0> set base_time=0:00:00.000000000, old 0:00:00.000000000
05-09 19:56:16.183  2029  2187 D GStreamer+GST_SCHEDULING: 0:05:00.571601761 0xf37ecf50 gstpad.c:4153:gst_pad_chain_data_unchecked:<queue6:sink> calling chainfunction &gst_queue_chain with buffer buffer: 0xf3b6b528, pts 0:00:01.032000000, dts 0:00:01.032000000, dur 0:00:00.024000000, size 144, offset none, offset_end none, flags 0x0
05-09 19:56:16.183  2029  2185 D GStreamer+GST_CLOCK: 0:05:00.571616761 0xf37ecec0 gstelement.c:540:gst_element_set_start_time:<amcaudiodec-omxgooglemp3decoder0> set start_time=0:00:00.000000000, old 0:00:00.000000000
05-09 19:56:16.183  2029  2187 D GStreamer+GST_SCHEDULING: 0:05:00.571667073 0xf37ecf50 gstpad.c:4159:gst_pad_chain_data_unchecked:<queue6:sink> called chainfunction &gst_queue_chain with buffer 0xf3b6b528, returned ok
05-09 19:56:16.183  2029  2185 D GStreamer+GST_CLOCK: 0:05:00.571708792 0xf37ecec0 gstelement.c:418:gst_element_set_clock:<amcaudiodec-omxgooglemp3decoder0> setting clock 0x0
05-09 19:56:16.183  2029  2187 D GStreamer+qtdemux: 0:05:00.571719886 0xf37ecf50 qtdemux.c:7675:qtdemux_parse_samples:<q> parsing up to sample 44
05-09 19:56:16.183  2029  2186 D GStreamer+basetransform: 0:05:00.571754157 0xf37ecf20 gstbasetransform.c:714:gst_base_transform_query_caps:<capsfilter2:sink> transformed  video/x-h264, width=(int)[ 16, 4096 ], height=(int)[ 16, 4096 ], framerate=(fraction)[ 0/1, 2147483647/1 ], parsed=(boolean)true, stream-format=(string)byte-stream, alignment=(string)au, profile=(string)high; video/x-h264, width=(int)[ 16, 4096 ], height=(int)[ 16, 4096 ], framerate=(fraction)[ 0/1, 2147483647/1 ], parsed=(boolean)true, stream-format=(string)byte-stream, alignment=(string)au, profile=(string)main; video/x-h264, width=(int)[ 16, 4096 ], height=(int)[ 16, 4096 ], framerate=(fraction)[ 0/1, 2147483647/1 ], parsed=(boolean)true, stream-format=(string)byte-stream, alignment=(string)au, profile=(string)baseline; video/x-h264, width=(int)[ 16, 4096 ], height=(int)[ 16, 4096 ], framerate=(fraction)[ 0/1, 2147483647/1 ], parsed=(boolean)true, stream-format=(string)byte-stream, alignment=(string)au, profile=(string)constrained-baseline; video/x-h264, stream-format=(string)byte-stream, alig
05-09 19:56:16.183  2029  2187 D GStreamer+qtdemux: 0:05:00.571767959 0xf37ecf50 qtdemux.c:7882:qtdemux_parse_samples:<q> sample 44: index 44, timestamp 0:00:01.056000000
05-09 19:56:16.183  2029  2185 D GStreamer+bin: 0:05:00.571747542 0xf37ecec0 gstbin.c:1215:gst_bin_add_func:<decodebin3> added SUCCESS element
05-09 19:56:16.183  2029  2185 D GStreamer+GST_PARENTAGE: 0:05:00.571816552 0xf37ecec0 gstbin.c:1295:gst_bin_add_func:<decodebin3> added element "amcaudiodec-omxgooglemp3decoder0"
05-09 19:56:16.183  2029  2186 D GStreamer+basetransform: 0:05:00.571823896 0xf37ecf20 gstbasetransform.c:719:gst_base_transform_query_caps:<capsfilter2:sink> our template  ANY
05-09 19:56:16.183  2029  2187 D GStreamer+qtdemux: 0:05:00.571839365 0xf37ecf50 qtdemux.c:7982:qtdemux_parse_samples:<q> setting all keyframes
05-09 19:56:16.184  2029  2187 D GStreamer+qtdemux: 0:05:00.571982646 0xf37ecf50 qtdemux.c:5197:gst_qtdemux_loop_state_movie:<q> pushing from stream 0, empty 0 offset 1567531, size 41253, dts=0:00:00.735666666, pts=0:00:00.735666666, duration 0:00:00.020000000
05-09 19:56:16.184  2029  2185 D GStreamer+GST_BUS: 0:05:00.572041917 0xf37ecec0 gstbus.c:309:gst_bus_post:<bus10> [msg 0xf3ab9808] posting on bus structure-change message: 0xf3ab9808, time 99:99:99.999999999, seq-num 1675, element 'sink', GstMessageStructureChange, type=(GstStructureChangeType)GST_STRUCTURE_CHANGE_TYPE_PAD_LINK, owner=(GstElement)"\(GstMpegAudioParse\)\ mpegaudioparse0", busy=(boolean)true;
05-09 19:56:16.184  2029  2187 D GStreamer+basesrc: 0:05:00.572056865 0xf37ecf50 gstbasesrc.c:2355:gst_base_src_update_length:<filesrc2> reading offset 1567531, length 41253, size 15003960, segment.stop -1, maxsize 15003960
05-09 19:56:16.184  2029  2185 D GStreamer+bin: 0:05:00.572130875 0xf37ecec0 gstbin.c:3528:gst_bin_handle_message_func:<decodebin3> [msg 0xf3ab9808] handling child sink message of type structure-change
05-09 19:56:16.184  2029  2187 D GStreamer+basesrc: 0:05:00.572143844 0xf37ecf50 gstbasesrc.c:2456:gst_base_src_get_range:<filesrc2> calling create offset 1567531 length 41253, time 0
05-09 19:56:16.184  2029  2186 D GStreamer+basetransform: 0:05:00.572212438 0xf37ecf20 gstbasetransform.c:724:gst_base_transform_query_caps:<capsfilter2:sink> intersected video/x-h264, width=(int)[ 16, 4096 ], height=(int)[ 16, 4096 ], framerate=(fraction)[ 0/1, 2147483647/1 ], parsed=(boolean)true, stream-format=(string)byte-stream, alignment=(string)au, profile=(string)high; video/x-h264, width=(int)[ 16, 4096 ], height=(int)[ 16, 4096 ], framerate=(fraction)[ 0/1, 2147483647/1 ], parsed=(boolean)true, stream-format=(string)byte-stream, alignment=(string)au, profile=(string)main; video/x-h264, width=(int)[ 16, 4096 ], height=(int)[ 16, 4096 ], framerate=(fraction)[ 0/1, 2147483647/1 ], parsed=(boolean)true, stream-format=(string)byte-stream, alignment=(string)au, profile=(string)baseline; video/x-h264, width=(int)[ 16, 4096 ], height=(int)[ 16, 4096 ], framerate=(fraction)[ 0/1, 2147483647/1 ], parsed=(boolean)true, stream-format=(string)byte-stream, alignment=(string)au, profile=(string)constrained-baseline; video/x-h264, stream-format=(string)byte-stream, align
05-09 19:56:16.184  2029  2185 D GStreamer+bin: 0:05:00.572243948 0xf37ecec0 gstbin.c:882:find_message:<decodebin3> no message found matching types 00001000
05-09 19:56:16.184  2029  2187 D GStreamer+GST_MEMORY: 0:05:00.572257490 0xf37ecf50 gstmemory.c:138:gst_memory_init new memory 0xf3c949f8, maxsize:41256 offset:0 size:41253
05-09 19:56:16.184  2029  2185 D GStreamer+bin: 0:05:00.572300719 0xf37ecec0 gstbin.c:889:find_message:<decodebin3>   structure-change
05-09 19:56:16.184  2029  2185 D GStreamer+bin: 0:05:00.572385875 0xf37ecec0 gstbin.c:929:bin_replace_message:<decodebin3> got new message 0xf3ab9808, structure-change from sink
05-09 19:56:16.184  2029  2186 D GStreamer+basetransform: 0:05:00.572446605 0xf37ecf20 gstbasetransform.c:730:gst_base_transform_query_caps:<capsfilter2:sink> peer filter caps video/x-h264, width=(int)[ 16, 4096 ], height=(int)[ 16, 4096 ], framerate=(fraction)[ 0/1, 2147483647/1 ], parsed=(boolean)true, stream-format=(string)byte-stream, alignment=(string)au, profile=(string)high; video/x-h264, width=(int)[ 16, 4096 ], height=(int)[ 16, 4096 ], framerate=(fraction)[ 0/1, 2147483647/1 ], parsed=(boolean)true, stream-format=(string)byte-stream, alignment=(string)au, profile=(string)main; video/x-h264, width=(int)[ 16, 4096 ], height=(int)[ 16, 4096 ], framerate=(fraction)[ 0/1, 2147483647/1 ], parsed=(boolean)true, stream-format=(string)byte-stream, alignment=(string)au, profile=(string)baseline; video/x-h264, width=(int)[ 16, 4096 ], height=(int)[ 16, 4096 ], framerate=(fraction)[ 0/1, 2147483647/1 ], parsed=(boolean)true, stream-format=(string)byte-stream, alignment=(string)au, profile=(string)constrained-baseline; video/x-h264, stream-format=(string)byte-stream, 
05-09 19:56:16.184  2029  2185 D GStreamer+GST_BUS: 0:05:00.572473636 0xf37ecec0 gstbus.c:344:gst_bus_post:<bus10> [msg 0xf3ab9808] dropped
05-09 19:56:16.184  2029  2187 D GStreamer+basesrc: 0:05:00.572534677 0xf37ecf50 gstbasesrc.c:2310:gst_base_src_do_sync:<filesrc2> we have no clock
05-09 19:56:16.184  2029  2185 I GStreamer+GST_PADS: 0:05:00.572584000 0xf37ecec0 gstpad.c:2292:gst_pad_link_prepare trying to link mpegaudioparse0:src and amcaudiodec-omxgooglemp3decoder0:sink
05-09 19:56:16.184  2029  2187 D GStreamer+basesrc: 0:05:00.572599261 0xf37ecf50 gstbasesrc.c:2520:gst_base_src_get_range:<filesrc2> buffer ok
05-09 19:56:16.184  2029  2185 I GStreamer+GST_PADS: 0:05:00.572638011 0xf37ecec0 gstpad.c:2498:gst_pad_link_full linked mpegaudioparse0:src and amcaudiodec-omxgooglemp3decoder0:sink, successful
05-09 19:56:16.184  2029  2185 I GStreamer+GST_EVENT: 0:05:00.572703740 0xf37ecec0 gstevent.c:1382:gst_event_new_reconfigure creating reconfigure event
05-09 19:56:16.184  2029  2187 D GStreamer+GST_SCHEDULING: 0:05:00.572721240 0xf37ecf50 gstpad.c:4153:gst_pad_chain_data_unchecked:<queue4:sink> calling chainfunction &gst_queue_chain with buffer buffer: 0xf3dd4330, pts 0:00:00.735666666, dts 0:00:00.735666666, dur 0:00:00.020000000, size 41253, offset none, offset_end none, flags 0x0
05-09 19:56:16.184  2029  2186 D GStreamer+GST_CAPS: 0:05:00.572742230 0xf37ecf20 gstutils.c:2884:gst_pad_peer_query_caps:<capsfilter2:src> get pad peer caps with filter video/x-h264, width=(int)[ 16, 4096 ], height=(int)[ 16, 4096 ], framerate=(fraction)[ 0/1, 2147483647/1 ], parsed=(boolean)true, stream-format=(string)byte-stream, alignment=(string)au, profile=(string)high; video/x-h264, width=(int)[ 16, 4096 ], height=(int)[ 16, 4096 ], framerate=(fraction)[ 0/1, 2147483647/1 ], parsed=(boolean)true, stream-format=(string)byte-stream, alignment=(string)au, profile=(string)main; video/x-h264, width=(int)[ 16, 4096 ], height=(int)[ 16, 4096 ], framerate=(fraction)[ 0/1, 2147483647/1 ], parsed=(boolean)true, stream-format=(string)byte-stream, alignment=(string)au, profile=(string)baseline; video/x-h264, width=(int)[ 16, 4096 ], height=(int)[ 16, 4096 ], framerate=(fraction)[ 0/1, 2147483647/1 ], parsed=(boolean)true, stream-format=(string)byte-stream, alignment=(string)au, profile=(string)constrained-baseline; video/x-h264, stream-format=(string)byte-stream, a
05-09 19:56:16.184  2029  2185 D GStreamer+GST_EVENT: 0:05:00.572757386 0xf37ecec0 gstevent.c:302:gst_event_new_custom creating new event 0xf3d33aa8 reconfigure 61441
05-09 19:56:16.184  2029  2187 D GStreamer+GST_SCHEDULING: 0:05:00.572778896 0xf37ecf50 gstpad.c:4159:gst_pad_chain_data_unchecked:<queue4:sink> called chainfunction &gst_queue_chain with buffer 0xf3dd4330, returned ok
05-09 19:56:16.184  2029  2186 D GStreamer+query: 0:05:00.572790302 0xf37ecf20 gstquery.c:674:gst_query_new_custom creating new query 0xf3a080f0 caps
05-09 19:56:16.184  2029  2187 D GStreamer+qtdemux: 0:05:00.572831136 0xf37ecf50 qtdemux.c:7675:qtdemux_parse_samples:<q> parsing up to sample 37
05-09 19:56:16.184  2029  2185 D GStreamer+GST_EVENT: 0:05:00.572842334 0xf37ecec0 gstpad.c:5496:gst_pad_send_event_unchecked:<mpegaudioparse0:src> have event type reconfigure event: 0xf3d33aa8, time 99:99:99.999999999, seq-num 1676, (NULL)
05-09 19:56:16.185  2029  2186 D GStreamer+GST_PADS: 0:05:00.572860355 0xf37ecf20 gstpad.c:4009:gst_pad_peer_query:<capsfilter2:src> peer query 0xf3a080f0 (caps)
05-09 19:56:16.185  2029  2187 D GStreamer+qtdemux: 0:05:00.572942698 0xf37ecf50 qtdemux.c:7882:qtdemux_parse_samples:<q> sample 37: index 1, timestamp 0:00:00.755666666
05-09 19:56:16.185  2029  2186 D GStreamer+GST_PADS: 0:05:00.572987907 0xf37ecf20 gstpad.c:3650:do_probe_callbacks:<capsfilter2:src> data is passed
05-09 19:56:16.185  2029  2185 D GStreamer+baseparse: 0:05:00.572968740 0xf37ecec0 gstbaseparse.c:1611:gst_base_parse_src_event:<mpegaudioparse0> event 61441, reconfigure
05-09 19:56:16.185  2029  2187 D GStreamer+qtdemux: 0:05:00.573005927 0xf37ecf50 qtdemux.c:7937:qtdemux_parse_samples:<q> samples at 37 is keyframe
05-09 19:56:16.185  2029  2186 D GStreamer+GST_PADS: 0:05:00.573043375 0xf37ecf20 gstpad.c:3882:gst_pad_query:<decodepad2:proxypad10> doing query 0xf3a080f0 (caps)
05-09 19:56:16.185  2029  2185 D GStreamer+GST_PADS: 0:05:00.573059000 0xf37ecec0 gstpad.c:2803:gst_pad_iterate_internal_links_default:<mpegaudioparse0:src> Making iterator
05-09 19:56:16.185  2029  2187 D GStreamer+qtdemux: 0:05:00.573080094 0xf37ecf50 qtdemux.c:5197:gst_qtdemux_loop_state_movie:<q> pushing from stream 1, empty 0 offset 1650029, size 144, dts=0:00:01.056000000, pts=0:00:01.056000000, duration 0:00:00.024000000
