05-09 19:56:16.092  2029  2187 D GStreamer+GST_PADS: 0:05:00.479892334 0xf37ecf50 gstutils.c:2541:gst_pad_proxy_query_accept_caps:<forhwgl:sink> proxying accept caps query: 1
05-09 19:56:16.092  2029  2187 D GStreamer+GST_PADS: 0:05:00.479976917 0xf37ecf50 gstpad.c:3065:gst_pad_query_accept_caps_default:<forhwgl:sink> allowed caps subset ANY, caps video/x-h264, stream-format=(string)avc, alignment=(string)au, level=(string)4, profile=(string)baseline, codec_data=(buffer)01428028ffe1000a27428028e54028016b2001000528de01ae20, width=(int)1280, height=(int)1440, framerate=(fraction)151/3, pixel-aspect-ratio=(fraction)1/1
05-09 19:56:16.092  2029  2187 D GStreamer+GST_PADS: 0:05:00.480027386 0xf37ecf50 gstpad.c:3339:gst_pad_query_default:<forhwgl:sink> not forwarding 0xf3ac6d50 (accept-caps) query
05-09 19:56:16.092  2029  2187 D GStreamer+GST_PADS: 0:05:00.480088323 0xf37ecf50 gstpad.c:3905:gst_pad_query:<forhwgl:sink> sent query 0xf3ac6d50 (accept-caps), result 1
05-09 19:56:16.092  2029  2187 D GStreamer+GST_PADS: 0:05:00.480132646 0xf37ecf50 gstutils.c:2541:gst_pad_proxy_query_accept_caps:<queue4:sink> proxying accept caps query: 1
05-09 19:56:16.092  2029  2187 D GStreamer+GST_PADS: 0:05:00.480209105 0xf37ecf50 gstpad.c:3065:gst_pad_query_accept_caps_default:<queue4:sink> allowed caps subset ANY, caps video/x-h264, stream-format=(string)avc, alignment=(string)au, level=(string)4, profile=(string)baseline, codec_data=(buffer)01428028ffe1000a27428028e54028016b2001000528de01ae20, width=(int)1280, height=(int)1440, framerate=(fraction)151/3, pixel-aspect-ratio=(fraction)1/1
05-09 19:56:16.092  2029  2187 D GStreamer+GST_PADS: 0:05:00.480250667 0xf37ecf50 gstpad.c:3339:gst_pad_query_default:<queue4:sink> not forwarding 0xf3ac6d50 (accept-caps) query
05-09 19:56:16.092  2029  2187 D GStreamer+GST_PADS: 0:05:00.480290823 0xf37ecf50 gstpad.c:3905:gst_pad_query:<queue4:sink> sent query 0xf3ac6d50 (accept-caps), result 1
05-09 19:56:16.092  2029  2187 D GStreamer+default: 0:05:00.480330198 0xf37ecf50 gstutils.c:2926:gst_pad_query_accept_caps:<queue4:sink> query returned 1
05-09 19:56:16.092  2029  2187 D GStreamer+GST_PADS: 0:05:00.480372542 0xf37ecf50 gstpad.c:5569:gst_pad_send_event_unchecked:<queue4:sink> sent event, ret ok
05-09 19:56:16.092  2029  2187 D GStreamer+GST_PADS: 0:05:00.480414938 0xf37ecf50 gstpad.c:5053:store_sticky_event:<queue4:sink> notify caps
05-09 19:56:16.092  2029  2187 D GStreamer+GST_PADS: 0:05:00.480466240 0xf37ecf50 gstpad.c:3765:push_sticky:<q:video_0> event caps marked received
05-09 19:56:16.092  2029  2187 D GStreamer+GST_EVENT: 0:05:00.480610355 0xf37ecf50 gstpad.c:5496:gst_pad_send_event_unchecked:<queue4:sink> have event type segment event: 0xf3abbaa8, time 99:99:99.999999999, seq-num 1588, GstEventSegment, segment=(GstSegment)"GstSegment, flags=(GstSegmentFlags)GST_SEGMENT_FLAG_NONE, rate=(double)1, applied-rate=(double)1, format=(GstFormat)GST_FORMAT_TIME, base=(guint64)0, offset=(guint64)0, start=(guint64)0, stop=(guint64)311000000, time=(guint64)0, position=(guint64)0, duration=(guint64)18446744073709551615;";
05-09 19:56:16.092  2029  2187 D GStreamer+queue: 0:05:00.480691188 0xf37ecf50 gstqueue.c:561:apply_segment:<queue4> configured SEGMENT time segment start=0:00:00.000000000, offset=0:00:00.000000000, stop=0:00:00.311000000, rate=1.000000, applied_rate=1.000000, flags=0x00, time=0:00:00.000000000, base=0:00:00.000000000, position 0:00:00.000000000, duration 99:99:99.999999999
05-09 19:56:16.092  2029  2187 D GStreamer+GST_PADS: 0:05:00.480730407 0xf37ecf50 gstpad.c:5569:gst_pad_send_event_unchecked:<queue4:sink> sent event, ret ok
05-09 19:56:16.092  2029  2187 D GStreamer+GST_PADS: 0:05:00.480767855 0xf37ecf50 gstpad.c:3765:push_sticky:<q:video_0> event segment marked received
05-09 19:56:16.092  2029  2187 D GStreamer+qtdemux: 0:05:00.480806136 0xf37ecf50 qtdemux.c:924:gst_qtdemux_push_tags:<q> Checking pad q:video_0 for tags
05-09 19:56:16.092  2029  2187 D GStreamer+qtdemux: 0:05:00.480852646 0xf37ecf50 qtdemux.c:928:gst_qtdemux_push_tags:<q> Sending tags taglist, video-codec=(string)"H.264\ /\ AVC", bitrate=(uint)16613441, language-code=(string)en;
05-09 19:56:16.093  2029  2187 D GStreamer+GST_EVENT: 0:05:00.480917282 0xf37ecf50 gstevent.c:302:gst_event_new_custom creating new event 0xf3abbaf0 tag 20510
05-09 19:56:16.093  2029  2187 D GStreamer+GST_PADS: 0:05:00.480954052 0xf37ecf50 gstpad.c:3813:check_sticky:<q:video_0> pushing all sticky events
05-09 19:56:16.093  2029  2187 D GStreamer+GST_PADS: 0:05:00.480988896 0xf37ecf50 gstpad.c:3745:push_sticky:<q:video_0> event stream-start was already received
05-09 19:56:16.093  2029  2187 D GStreamer+GST_PADS: 0:05:00.481025667 0xf37ecf50 gstpad.c:3745:push_sticky:<q:video_0> event caps was already received
05-09 19:56:16.093  2029  2187 D GStreamer+GST_PADS: 0:05:00.481062438 0xf37ecf50 gstpad.c:3745:push_sticky:<q:video_0> event segment was already received
05-09 19:56:16.093  2029  2187 D GStreamer+GST_EVENT: 0:05:00.481136292 0xf37ecf50 gstpad.c:5496:gst_pad_send_event_unchecked:<queue4:sink> have event type tag event: 0xf3abbaf0, time 99:99:99.999999999, seq-num 1589, GstTagList-stream, taglist=(taglist)"taglist\,\ video-codec\=\(string\)\"H.264\\\ /\\\ AVC\"\,\ bitrate\=\(uint\)16613441\,\ language-code\=\(string\)en\;";
05-09 19:56:16.093  2029  2187 D GStreamer+GST_PADS: 0:05:00.481176917 0xf37ecf50 gstpad.c:5569:gst_pad_send_event_unchecked:<queue4:sink> sent event, ret ok
05-09 19:56:16.093  2029  2187 D GStreamer+GST_PADS: 0:05:00.481215146 0xf37ecf50 gstpad.c:3765:push_sticky:<q:video_0> event tag marked received
05-09 19:56:16.093  2029  2186 D GStreamer+queue_dataflow: 0:05:00.481280094 0xf37ecf20 gstqueue.c:1476:gst_queue_loop:<queue4> queue is not empty
05-09 19:56:16.093  2029  2187 D GStreamer+qtdemux: 0:05:00.481300146 0xf37ecf50 qtdemux.c:936:gst_qtdemux_push_tags:<q> Sending global tags taglist, datetime=(datetime)2016-05-10T02:46:01Z, container-format=(string)"ISO\ MP4/M4A";
05-09 19:56:16.093  2029  2186 D GStreamer+GST_PADS: 0:05:00.481326969 0xf37ecf20 gstpad.c:5053:store_sticky_event:<queue4:src> notify caps
05-09 19:56:16.093  2029  2187 D GStreamer+GST_EVENT: 0:05:00.481349625 0xf37ecf50 gstevent.c:302:gst_event_new_custom creating new event 0xf3abba60 tag 20510
05-09 19:56:16.093  2029  2186 D GStreamer+GST_PADS: 0:05:00.481381969 0xf37ecf20 gstpad.c:3813:check_sticky:<queue4:src> pushing all sticky events
05-09 19:56:16.093  2029  2187 D GStreamer+GST_PADS: 0:05:00.481399625 0xf37ecf50 gstpad.c:3813:check_sticky:<q:video_0> pushing all sticky events
05-09 19:56:16.093  2029  2186 D GStreamer+GST_PADS: 0:05:00.481427855 0xf37ecf20 gstpad.c:3745:push_sticky:<queue4:src> event stream-start was already received
05-09 19:56:16.093  2029  2187 D GStreamer+GST_PADS: 0:05:00.481451292 0xf37ecf50 gstpad.c:3745:push_sticky:<q:video_0> event stream-start was already received
05-09 19:56:16.093  2029  2187 D GStreamer+GST_PADS: 0:05:00.481492855 0xf37ecf50 gstpad.c:3745:push_sticky:<q:video_0> event caps was already received
05-09 19:56:16.093  2029  2187 D GStreamer+GST_PADS: 0:05:00.481552073 0xf37ecf50 gstpad.c:3745:push_sticky:<q:video_0> event segment was already received
05-09 19:56:16.093  2029  2186 D GStreamer+GST_EVENT: 0:05:00.481568323 0xf37ecf20 gstpad.c:5496:gst_pad_send_event_unchecked:<forhwgl:sink> have event type caps event: 0xf3abb940, time 99:99:99.999999999, seq-num 1579, GstEventCaps, caps=(GstCaps)"video/x-h264\,\ stream-format\=\(string\)avc\,\ alignment\=\(string\)au\,\ level\=\(string\)4\,\ profile\=\(string\)baseline\,\ codec_data\=\(buffer\)01428028ffe1000a27428028e54028016b2001000528de01ae20\,\ width\=\(int\)1280\,\ height\=\(int\)1440\,\ framerate\=\(fraction\)151/3\,\ pixel-aspect-ratio\=\(fraction\)1/1";
05-09 19:56:16.093  2029  2187 D GStreamer+GST_PADS: 0:05:00.481593375 0xf37ecf50 gstpad.c:3745:push_sticky:<q:video_0> event tag was already received
05-09 19:56:16.093  2029  2186 D GStreamer+GST_CAPS: 0:05:00.481674313 0xf37ecf20 gstutils.c:2921:gst_pad_query_accept_caps:<forhwgl:sink> accept caps of video/x-h264, stream-format=(string)avc, alignment=(string)au, level=(string)4, profile=(string)baseline, codec_data=(buffer)01428028ffe1000a27428028e54028016b2001000528de01ae20, width=(int)1280, height=(int)1440, framerate=(fraction)151/3, pixel-aspect-ratio=(fraction)1/1
05-09 19:56:16.093  2029  2187 D GStreamer+GST_EVENT: 0:05:00.481698011 0xf37ecf50 gstpad.c:5496:gst_pad_send_event_unchecked:<queue4:sink> have event type tag event: 0xf3abba60, time 99:99:99.999999999, seq-num 1590, GstTagList-global, taglist=(taglist)"taglist\,\ datetime\=\(datetime\)2016-05-10T02:46:01Z\,\ container-format\=\(string\)\"ISO\\\ MP4/M4A\"\;";
05-09 19:56:16.093  2029  2186 D GStreamer+query: 0:05:00.481725355 0xf37ecf20 gstquery.c:674:gst_query_new_custom creating new query 0xf3a080f0 accept-caps
05-09 19:56:16.093  2029  2187 D GStreamer+GST_PADS: 0:05:00.481743532 0xf37ecf50 gstpad.c:5569:gst_pad_send_event_unchecked:<queue4:sink> sent event, ret ok
05-09 19:56:16.093  2029  2186 D GStreamer+GST_PADS: 0:05:00.481774052 0xf37ecf20 gstpad.c:3882:gst_pad_query:<forhwgl:sink> doing query 0xf3a080f0 (accept-caps)
05-09 19:56:16.093  2029  2187 D GStreamer+GST_PADS: 0:05:00.481795250 0xf37ecf50 gstpad.c:3765:push_sticky:<q:video_0> event tag marked received
05-09 19:56:16.093  2029  2187 D GStreamer+qtdemux: 0:05:00.481836500 0xf37ecf50 qtdemux.c:4334:gst_qtdemux_activate_segment:<q:video_0> No need to look for keyframe, this is an empty segment
05-09 19:56:16.094  2029  2186 D GStreamer+GST_PADS: 0:05:00.481914677 0xf37ecf20 gstpad.c:3035:gst_pad_query_accept_caps_default:<forhwgl:sink> query accept-caps accept-caps query: 0xf3a080f0, GstQueryAcceptCaps, caps=(GstCaps)"video/x-h264\,\ stream-format\=\(string\)avc\,\ alignment\=\(string\)au\,\ level\=\(string\)4\,\ profile\=\(string\)baseline\,\ codec_data\=\(buffer\)01428028ffe1000a27428028e54028016b2001000528de01ae20\,\ width\=\(int\)1280\,\ height\=\(int\)1440\,\ framerate\=\(fraction\)151/3\,\ pixel-aspect-ratio\=\(fraction\)1/1", result=(boolean)false;
05-09 19:56:16.094  2029  2187 D GStreamer+qtdemux: 0:05:00.481938896 0xf37ecf50 qtdemux.c:5197:gst_qtdemux_loop_state_movie:<q> pushing from stream 0, empty 1 offset 0, size 0, dts=0:00:00.000000000, pts=0:00:00.000000000, duration 0:00:00.311000000
05-09 19:56:16.094  2029  2186 D GStreamer+GST_PADS: 0:05:00.481963427 0xf37ecf20 gstutils.c:2530:gst_pad_proxy_query_accept_caps:<forhwgl:sink> proxying accept caps query for forhwgl:sink
05-09 19:56:16.094  2029  2187 D GStreamer+GST_EVENT: 0:05:00.481987230 0xf37ecf50 gstevent.c:302:gst_event_new_custom creating new event 0xf3abb988 gap 40966
05-09 19:56:16.094  2029  2186 D GStreamer+GST_PADS: 0:05:00.482011032 0xf37ecf20 gstpad.c:4009:gst_pad_peer_query:<sink:proxypad6> peer query 0xf3a080f0 (accept-caps)
05-09 19:56:16.094  2029  2187 D GStreamer+GST_EVENT: 0:05:00.482065875 0xf37ecf50 gstpad.c:5496:gst_pad_send_event_unchecked:<queue4:sink> have event type gap event: 0xf3abb988, time 99:99:99.999999999, seq-num 1591, GstEventGap, timestamp=(guint64)0, duration=(guint64)311000000;
05-09 19:56:16.094  2029  2187 D GStreamer+GST_PADS: 0:05:00.482111813 0xf37ecf50 gstpad.c:5569:gst_pad_send_event_unchecked:<queue4:sink> sent event, ret ok
05-09 19:56:16.094  2029  2186 D GStreamer+GST_PADS: 0:05:00.482127959 0xf37ecf20 gstpad.c:3882:gst_pad_query:<typefind:sink> doing query 0xf3a080f0 (accept-caps)
05-09 19:56:16.094  2029  2187 D GStreamer+qtdemux: 0:05:00.482149886 0xf37ecf50 qtdemux.c:4500:gst_qtdemux_advance_sample:<q> Empty segment, no samples to advance
05-09 19:56:16.094  2029  2187 D GStreamer+qtdemux: 0:05:00.482185042 0xf37ecf50 qtdemux.c:4549:gst_qtdemux_advance_sample:<q> segment 0 ended 
05-09 19:56:16.094  2029  2186 D GStreamer+GST_PADS: 0:05:00.482270927 0xf37ecf20 gstpad.c:3035:gst_pad_query_accept_caps_default:<typefind:sink> query accept-caps accept-caps query: 0xf3a080f0, GstQueryAcceptCaps, caps=(GstCaps)"video/x-h264\,\ stream-format\=\(string\)avc\,\ alignment\=\(string\)au\,\ level\=\(string\)4\,\ profile\=\(string\)baseline\,\ codec_data\=\(buffer\)01428028ffe1000a27428028e54028016b2001000528de01ae20\,\ width\=\(int\)1280\,\ height\=\(int\)1440\,\ framerate\=\(fraction\)151/3\,\ pixel-aspect-ratio\=\(fraction\)1/1", result=(boolean)false;
05-09 19:56:16.094  2029  2187 D GStreamer+qtdemux: 0:05:00.482294938 0xf37ecf50 qtdemux.c:4264:gst_qtdemux_activate_segment:<q:audio_0> new segment 0 from 0:00:00.000000000 to 0:00:07.176000000, time 0:00:00.000000000
05-09 19:56:16.094  2029  2186 D GStreamer+GST_PERFORMANCE: 0:05:00.482315146 0xf37ecf20 gstpad.c:3050:gst_pad_query_accept_caps_default:<typefind:sink> fallback ACCEPT_CAPS query, consider implementing a specialized version
05-09 19:56:16.094  2029  2187 D GStreamer+qtdemux: 0:05:00.482382907 0xf37ecf50 qtdemux.c:4285:gst_qtdemux_activate_segment:<q:audio_0> New segment: time segment start=0:00:00.000000000, offset=0:00:00.000000000, stop=0:00:07.176000000, rate=1.000000, applied_rate=1.000000, flags=0x00, time=0:00:00.000000000, base=0:00:00.000000000, position 0:00:00.000000000, duration 99:99:99.999999999
05-09 19:56:16.094  2029  2186 D GStreamer+GST_CAPS: 0:05:00.482415771 0xf37ecf20 gstutils.c:2838:gst_pad_query_caps:<typefind:sink> get pad caps with filter video/x-h264, stream-format=(string)avc, alignment=(string)au, level=(string)4, profile=(string)baseline, codec_data=(buffer)01428028ffe1000a27428028e54028016b2001000528de01ae20, width=(int)1280, height=(int)1440, framerate=(fraction)151/3, pixel-aspect-ratio=(fraction)1/1
05-09 19:56:16.094  2029  2187 I GStreamer+GST_EVENT: 0:05:00.482480355 0xf37ecf50 gstevent.c:760:gst_event_new_segment creating segment event time segment start=0:00:00.000000000, offset=0:00:00.000000000, stop=0:00:07.176000000, rate=1.000000, applied_rate=1.000000, flags=0x00, time=0:00:00.000000000, base=0:00:00.000000000, position 0:00:00.000000000, duration 99:99:99.999999999
05-09 19:56:16.094  2029  2186 D GStreamer+query: 0:05:00.482494782 0xf37ecf20 gstquery.c:674:gst_query_new_custom creating new query 0xf3a08150 caps
05-09 19:56:16.094  2029  2187 D GStreamer+GST_EVENT: 0:05:00.482517386 0xf37ecf50 gstevent.c:302:gst_event_new_custom creating new event 0xf39224f0 segment 17934
05-09 19:56:16.094  2029  2186 D GStreamer+GST_PADS: 0:05:00.482534782 0xf37ecf20 gstpad.c:3882:gst_pad_query:<typefind:sink> doing query 0xf3a08150 (caps)
05-09 19:56:16.094  2029  2187 D GStreamer+GST_PADS: 0:05:00.482554000 0xf37ecf50 gstpad.c:3813:check_sticky:<q:audio_0> pushing all sticky events
05-09 19:56:16.094  2029  2187 D GStreamer+GST_EVENT: 0:05:00.482645511 0xf37ecf50 gstpad.c:5496:gst_pad_send_event_unchecked:<queue6:sink> have event type stream-start event: 0xf3abb9d0, time 99:99:99.999999999, seq-num 1583, GstEventStreamStart, stream-id=(string)71ab440d261a1bb43c19b397eec2373651540427aed1e7b0deb4be62a10a7f25/002, flags=(GstStreamFlags)GST_STREAM_FLAG_NONE, group-id=(uint)2;
05-09 19:56:16.094  2029  2186 D GStreamer+GST_CAPS: 0:05:00.482656344 0xf37ecf20 gstpad.c:3088:gst_pad_query_caps_default:<typefind:sink> query caps caps query: 0xf3a08150, GstQueryCaps, filter=(GstCaps)"video/x-h264\,\ stream-format\=\(string\)avc\,\ alignment\=\(string\)au\,\ level\=\(string\)4\,\ profile\=\(string\)baseline\,\ codec_data\=\(buffer\)01428028ffe1000a27428028e54028016b2001000528de01ae20\,\ width\=\(int\)1280\,\ height\=\(int\)1440\,\ framerate\=\(fraction\)151/3\,\ pixel-aspect-ratio\=\(fraction\)1/1", caps=(GstCaps)"NULL";
05-09 19:56:16.094  2029  2185 D GStreamer+queue_dataflow: 0:05:00.482714730 0xf37ecec0 gstqueue.c:1476:gst_queue_loop:<queue6> queue is not empty
05-09 19:56:16.094  2029  2187 D GStreamer+GST_PADS: 0:05:00.482731969 0xf37ecf50 gstpad.c:5569:gst_pad_send_event_unchecked:<queue6:sink> sent event, ret ok
05-09 19:56:16.094  2029  2186 D GStreamer+GST_CAPS: 0:05:00.482748271 0xf37ecf20 gstpad.c:3111:gst_pad_query_caps_default:<typefind:sink> trying pad template caps
05-09 19:56:16.094  2029  2185 D GStreamer+GST_PADS: 0:05:00.482763011 0xf37ecec0 gstpad.c:3813:check_sticky:<queue6:src> pushing all sticky events
05-09 19:56:16.094  2029  2187 D GStreamer+GST_PADS: 0:05:00.482800563 0xf37ecf50 gstpad.c:3765:push_sticky:<q:audio_0> event stream-start marked received
05-09 19:56:16.095  2029  2186 D GStreamer+GST_CAPS: 0:05:00.482965823 0xf37ecf20 gstpad.c:3135:gst_pad_query_caps_default:<typefind:sink> using caps 0xf3610b18 ANY with filter 0xf3cf8b40 video/x-h264, stream-format=(string)avc, alignment=(string)au, level=(string)4, profile=(string)baseline, codec_data=(buffer)01428028ffe1000a27428028e54028016b2001000528de01ae20, width=(int)1280, height=(int)1440, framerate=(fraction)151/3, pixel-aspect-ratio=(fraction)1/1
05-09 19:56:16.095  2029  2185 D GStreamer+GST_EVENT: 0:05:00.482984886 0xf37ecec0 gstpad.c:5496:gst_pad_send_event_unchecked:<decodebin3:sink> have event type stream-start event: 0xf3abb9d0, time 99:99:99.999999999, seq-num 1583, GstEventStreamStart, stream-id=(string)71ab440d261a1bb43c19b397eec2373651540427aed1e7b0deb4be62a10a7f25/002, flags=(GstStreamFlags)GST_STREAM_FLAG_NONE, group-id=(uint)2;
05-09 19:56:16.095  2029  2187 D GStreamer+GST_EVENT: 0:05:00.483000980 0xf37ecf50 gstpad.c:5496:gst_pad_send_event_unchecked:<queue6:sink> have event type caps event: 0xf3abba18, time 99:99:99.999999999, seq-num 1584, GstEventCaps, caps=(GstCaps)"audio/mpeg\,\ mpegversion\=\(int\)1\,\ parsed\=\(boolean\)true\,\ rate\=\(int\)24000\,\ channels\=\(int\)1";
05-09 19:56:16.095  2029  2185 D GStreamer+GST_PADS: 0:05:00.483045355 0xf37ecec0 gstpad.c:3813:check_sticky:<sink:proxypad8> pushing all sticky events
05-09 19:56:16.095  2029  2186 D GStreamer+GST_CAPS: 0:05:00.483089521 0xf37ecf20 gstpad.c:3138:gst_pad_query_caps_default:<typefind:sink> result 0xf3cf8b40 video/x-h264, stream-format=(string)avc, alignment=(string)au, level=(string)4, profile=(string)baseline, codec_data=(buffer)01428028ffe1000a27428028e54028016b2001000528de01ae20, width=(int)1280, height=(int)1440, framerate=(fraction)151/3, pixel-aspect-ratio=(fraction)1/1
05-09 19:56:16.095  2029  2187 D GStreamer+GST_CAPS: 0:05:00.483105823 0xf37ecf50 gstutils.c:2921:gst_pad_query_accept_caps:<queue6:sink> accept caps of audio/mpeg, mpegversion=(int)1, parsed=(boolean)true, rate=(int)24000, channels=(int)1
05-09 19:56:16.095  2029  2186 D GStreamer+GST_PADS: 0:05:00.483178584 0xf37ecf20 gstpad.c:3339:gst_pad_query_default:<typefind:sink> not forwarding 0xf3a08150 (caps) query
05-09 19:56:16.095  2029  2187 D GStreamer+query: 0:05:00.483201292 0xf37ecf50 gstquery.c:674:gst_query_new_custom creating new query 0xf3ac6d50 accept-caps
05-09 19:56:16.095  2029  2185 D GStreamer+GST_EVENT: 0:05:00.483222646 0xf37ecec0 gstpad.c:5496:gst_pad_send_event_unchecked:<typefind:sink> have event type stream-start event: 0xf3abb9d0, time 99:99:99.999999999, seq-num 1583, GstEventStreamStart, stream-id=(string)71ab440d261a1bb43c19b397eec2373651540427aed1e7b0deb4be62a10a7f25/002, flags=(GstStreamFlags)GST_STREAM_FLAG_NONE, group-id=(uint)2;
05-09 19:56:16.095  2029  2186 D GStreamer+GST_PADS: 0:05:00.483237490 0xf37ecf20 gstpad.c:3905:gst_pad_query:<typefind:sink> sent query 0xf3a08150 (caps), result 1
05-09 19:56:16.095  2029  2187 D GStreamer+GST_PADS: 0:05:00.483264261 0xf37ecf50 gstpad.c:3882:gst_pad_query:<queue6:sink> doing query 0xf3ac6d50 (accept-caps)
05-09 19:56:16.095  2029  2185 D GStreamer+typefind: 0:05:00.483295250 0xf37ecec0 gsttypefindelement.c:613:gst_type_find_element_sink_event:<typefind> got stream-start event in mode 1
05-09 19:56:16.095  2029  2185 D GStreamer+GST_PADS: 0:05:00.483379573 0xf37ecec0 gstpad.c:3813:check_sticky:<typefind:src> pushing all sticky events
05-09 19:56:16.095  2029  2186 D GStreamer+GST_CAPS: 0:05:00.483390667 0xf37ecf20 gstutils.c:2845:gst_pad_query_caps:<typefind:sink> query returned video/x-h264, stream-format=(string)avc, alignment=(string)au, level=(string)4, profile=(string)baseline, codec_data=(buffer)01428028ffe1000a27428028e54028016b2001000528de01ae20, width=(int)1280, height=(int)1440, framerate=(fraction)151/3, pixel-aspect-ratio=(fraction)1/1
05-09 19:56:16.095  2029  2187 D GStreamer+GST_PADS: 0:05:00.483407438 0xf37ecf50 gstpad.c:3035:gst_pad_query_accept_caps_default:<queue6:sink> query accept-caps accept-caps query: 0xf3ac6d50, GstQueryAcceptCaps, caps=(GstCaps)"audio/mpeg\,\ mpegversion\=\(int\)1\,\ parsed\=\(boolean\)true\,\ rate\=\(int\)24000\,\ channels\=\(int\)1", result=(boolean)false;
05-09 19:56:16.095  2029  2185 D GStreamer+GST_PADS: 0:05:00.483435563 0xf37ecec0 gstpad.c:5266:gst_pad_push_event_unchecked:<typefind:src> Dropping event stream-start because pad is not linked
05-09 19:56:16.095  2029  2187 D GStreamer+GST_PADS: 0:05:00.483475302 0xf37ecf50 gstutils.c:2530:gst_pad_proxy_query_accept_caps:<queue6:sink> proxying accept caps query for queue6:sink
05-09 19:56:16.095  2029  2185 D GStreamer+GST_PADS: 0:05:00.483485667 0xf37ecec0 gstpad.c:3784:push_sticky:<typefind:src> pad was not linked, mark pending
05-09 19:56:16.095  2029  2187 D GStreamer+GST_PADS: 0:05:00.483537230 0xf37ecf50 gstpad.c:2803:gst_pad_iterate_internal_links_default:<queue6:sink> Making iterator
05-09 19:56:16.095  2029  2187 D GStreamer+GST_PADS: 0:05:00.483617698 0xf37ecf50 gstpad.c:4009:gst_pad_peer_query:<queue6:src> peer query 0xf3ac6d50 (accept-caps)
05-09 19:56:16.095  2029  2185 D GStreamer+GST_PADS: 0:05:00.483625042 0xf37ecec0 gstpad.c:5569:gst_pad_send_event_unchecked:<typefind:sink> sent event, ret ok
05-09 19:56:16.095  2029  2186 D GStreamer+GST_PADS: 0:05:00.483640875 0xf37ecf20 gstpad.c:3065:gst_pad_query_accept_caps_default:<typefind:sink> allowed caps subset video/x-h264, stream-format=(string)avc, alignment=(string)au, level=(string)4, profile=(string)baseline, codec_data=(buffer)01428028ffe1000a27428028e54028016b2001000528de01ae20, width=(int)1280, height=(int)1440, framerate=(fraction)151/3, pixel-aspect-ratio=(fraction)1/1, caps video/x-h264, stream-format=(string)avc, alignment=(string)au, level=(string)4, profile=(string)baseline, codec_data=(buffer)01428028ffe1000a27428028e54028016b2001000528de01ae20, width=(int)1280, height=(int)1440, framerate=(fraction)151/3, pixel-aspect-ratio=(fraction)1/1
05-09 19:56:16.095  2029  2187 D GStreamer+GST_PADS: 0:05:00.483673115 0xf37ecf50 gstpad.c:3882:gst_pad_query:<decodebin3:sink> doing query 0xf3ac6d50 (accept-caps)
05-09 19:56:16.095  2029  2185 D GStreamer+GST_PADS: 0:05:00.483689573 0xf37ecec0 gstpad.c:3765:push_sticky:<sink:proxypad8> event stream-start marked received
05-09 19:56:16.095  2029  2186 D GStreamer+GST_PADS: 0:05:00.483730459 0xf37ecf20 gstpad.c:3339:gst_pad_query_default:<typefind:sink> not forwarding 0xf3a080f0 (accept-caps) query
05-09 19:56:16.095  2029  2187 D GStreamer+GST_PADS: 0:05:00.483782282 0xf37ecf50 gstpad.c:3035:gst_pad_query_accept_caps_default:<decodebin3:sink> query accept-caps accept-caps query: 0xf3ac6d50, GstQueryAcceptCaps, caps=(GstCaps)"audio/mpeg\,\ mpegversion\=\(int\)1\,\ parsed\=\(boolean\)true\,\ rate\=\(int\)24000\,\ channels\=\(int\)1", result=(boolean)false;
05-09 19:56:16.095  2029  2185 D GStreamer+GST_PADS: 0:05:00.483798896 0xf37ecec0 gstpad.c:5569:gst_pad_send_event_unchecked:<decodebin3:sink> sent event, ret ok
05-09 19:56:16.095  2029  2186 D GStreamer+GST_PADS: 0:05:00.483812855 0xf37ecf20 gstpad.c:3905:gst_pad_query:<typefind:sink> sent query 0xf3a080f0 (accept-caps), result 1
05-09 19:56:16.096  2029  2185 D GStreamer+GST_PADS: 0:05:00.483856605 0xf37ecec0 gstpad.c:3765:push_sticky:<queue6:src> event stream-start marked received
05-09 19:56:16.096  2029  2187 D GStreamer+GST_PADS: 0:05:00.483873948 0xf37ecf50 gstutils.c:2530:gst_pad_proxy_query_accept_caps:<decodebin3:sink> proxying accept caps query for decodebin3:sink
05-09 19:56:16.096  2029  2186 D GStreamer+GST_PADS: 0:05:00.483901709 0xf37ecf20 gstutils.c:2541:gst_pad_proxy_query_accept_caps:<forhwgl:sink> proxying accept caps query: 1
05-09 19:56:16.096  2029  2185 D GStreamer+queue_dataflow: 0:05:00.483923219 0xf37ecec0 gstqueue.c:1464:gst_queue_loop:<queue6> queue is empty
05-09 19:56:16.096  2029  2187 D GStreamer+GST_PADS: 0:05:00.483952907 0xf37ecf50 gstpad.c:4009:gst_pad_peer_query:<sink:proxypad8> peer query 0xf3ac6d50 (accept-caps)
05-09 19:56:16.096  2029  2187 D GStreamer+GST_PADS: 0:05:00.484003844 0xf37ecf50 gstpad.c:3882:gst_pad_query:<typefind:sink> doing query 0xf3ac6d50 (accept-caps)
05-09 19:56:16.096  2029  2186 D GStreamer+GST_PADS: 0:05:00.484014417 0xf37ecf20 gstpad.c:3065:gst_pad_query_accept_caps_default:<forhwgl:sink> allowed caps subset ANY, caps video/x-h264, stream-format=(string)avc, alignment=(string)au, level=(string)4, profile=(string)baseline, codec_data=(buffer)01428028ffe1000a27428028e54028016b2001000528de01ae20, width=(int)1280, height=(int)1440, framerate=(fraction)151/3, pixel-aspect-ratio=(fraction)1/1
05-09 19:56:16.096  2029  2186 D GStreamer+GST_PADS: 0:05:00.484061657 0xf37ecf20 gstpad.c:3339:gst_pad_query_default:<forhwgl:sink> not forwarding 0xf3a080f0 (accept-caps) query
05-09 19:56:16.096  2029  2187 D GStreamer+GST_PADS: 0:05:00.484077750 0xf37ecf50 gstpad.c:3035:gst_pad_query_accept_caps_default:<typefind:sink> query accept-caps accept-caps query: 0xf3ac6d50, GstQueryAcceptCaps, caps=(GstCaps)"audio/mpeg\,\ mpegversion\=\(int\)1\,\ parsed\=\(boolean\)true\,\ rate\=\(int\)24000\,\ channels\=\(int\)1", result=(boolean)false;
05-09 19:56:16.096  2029  2186 D GStreamer+GST_PADS: 0:05:00.484102907 0xf37ecf20 gstpad.c:3905:gst_pad_query:<forhwgl:sink> sent query 0xf3a080f0 (accept-caps), result 1
05-09 19:56:16.096  2029  2187 D GStreamer+GST_PERFORMANCE: 0:05:00.484120980 0xf37ecf50 gstpad.c:3050:gst_pad_query_accept_caps_default:<typefind:sink> fallback ACCEPT_CAPS query, consider implementing a specialized version
05-09 19:56:16.096  2029  2186 D GStreamer+default: 0:05:00.484144052 0xf37ecf20 gstutils.c:2926:gst_pad_query_accept_caps:<forhwgl:sink> query returned 1
05-09 19:56:16.096  2029  2187 D GStreamer+GST_CAPS: 0:05:00.484181032 0xf37ecf50 gstutils.c:2838:gst_pad_query_caps:<typefind:sink> get pad caps with filter audio/mpeg, mpegversion=(int)1, parsed=(boolean)true, rate=(int)24000, channels=(int)1
05-09 19:56:16.096  2029  2186 D GStreamer+GST_PADS: 0:05:00.484197490 0xf37ecf20 gstpad.c:5053:store_sticky_event:<sink:proxypad6> notify caps
05-09 19:56:16.096  2029  2187 D GStreamer+query: 0:05:00.484220719 0xf37ecf50 gstquery.c:674:gst_query_new_custom creating new query 0xf3d040f0 caps
05-09 19:56:16.096  2029  2186 D GStreamer+GST_PADS: 0:05:00.484241709 0xf37ecf20 gstpad.c:3813:check_sticky:<sink:proxypad6> pushing all sticky events
05-09 19:56:16.096  2029  2187 D GStreamer+GST_PADS: 0:05:00.484264521 0xf37ecf50 gstpad.c:3882:gst_pad_query:<typefind:sink> doing query 0xf3d040f0 (caps)
05-09 19:56:16.096  2029  2186 D GStreamer+GST_PADS: 0:05:00.484289365 0xf37ecf20 gstpad.c:3745:push_sticky:<sink:proxypad6> event stream-start was already received
05-09 19:56:16.096  2029  2187 D GStreamer+GST_CAPS: 0:05:00.484340042 0xf37ecf50 gstpad.c:3088:gst_pad_query_caps_default:<typefind:sink> query caps caps query: 0xf3d040f0, GstQueryCaps, filter=(GstCaps)"audio/mpeg\,\ mpegversion\=\(int\)1\,\ parsed\=\(boolean\)true\,\ rate\=\(int\)24000\,\ channels\=\(int\)1", caps=(GstCaps)"NULL";
05-09 19:56:16.096  2029  2187 D GStreamer+GST_CAPS: 0:05:00.484381709 0xf37ecf50 gstpad.c:3111:gst_pad_query_caps_default:<typefind:sink> trying pad template caps
05-09 19:56:16.096  2029  2186 D GStreamer+GST_EVENT: 0:05:00.484428792 0xf37ecf20 gstpad.c:5496:gst_pad_send_event_unchecked:<typefind:sink> have event type caps event: 0xf3abb940, time 99:99:99.999999999, seq-num 1579, GstEventCaps, caps=(GstCaps)"video/x-h264\,\ stream-format\=\(string\)avc\,\ alignment\=\(string\)au\,\ level\=\(string\)4\,\ profile\=\(string\)baseline\,\ codec_data\=\(buffer\)01428028ffe1000a27428028e54028016b2001000528de01ae20\,\ width\=\(int\)1280\,\ height\=\(int\)1440\,\ framerate\=\(fraction\)151/3\,\ pixel-aspect-ratio\=\(fraction\)1/1";
05-09 19:56:16.096  2029  2187 D GStreamer+GST_CAPS: 0:05:00.484460875 0xf37ecf50 gstpad.c:3135:gst_pad_query_caps_default:<typefind:sink> using caps 0xf3610b18 ANY with filter 0xf3afec50 audio/mpeg, mpegversion=(int)1, parsed=(boolean)true, rate=(int)24000, channels=(int)1
05-09 19:56:16.096  2029  2186 D GStreamer+GST_CAPS: 0:05:00.484527594 0xf37ecf20 gstutils.c:2921:gst_pad_query_accept_caps:<typefind:sink> accept caps of video/x-h264, stream-format=(string)avc, alignment=(string)au, level=(string)4, profile=(string)baseline, codec_data=(buffer)01428028ffe1000a27428028e54028016b2001000528de01ae20, width=(int)1280, height=(int)1440, framerate=(fraction)151/3, pixel-aspect-ratio=(fraction)1/1
05-09 19:56:16.096  2029  2187 D GStreamer+GST_CAPS: 0:05:00.484545250 0xf37ecf50 gstpad.c:3138:gst_pad_query_caps_default:<typefind:sink> result 0xf3afec50 audio/mpeg, mpegversion=(int)1, parsed=(boolean)true, rate=(int)24000, channels=(int)1
05-09 19:56:16.096  2029  2186 D GStreamer+query: 0:05:00.484568636 0xf37ecf20 gstquery.c:674:gst_query_new_custom creating new query 0xf3d04030 accept-caps
05-09 19:56:16.096  2029  2187 D GStreamer+GST_PADS: 0:05:00.484592073 0xf37ecf50 gstpad.c:3339:gst_pad_query_default:<typefind:sink> not forwarding 0xf3d040f0 (caps) query
05-09 19:56:16.096  2029  2186 D GStreamer+GST_PADS: 0:05:00.484614834 0xf37ecf20 gstpad.c:3882:gst_pad_query:<typefind:sink> doing query 0xf3d04030 (accept-caps)
05-09 19:56:16.096  2029  2187 D GStreamer+GST_PADS: 0:05:00.484640355 0xf37ecf50 gstpad.c:3905:gst_pad_query:<typefind:sink> sent query 0xf3d040f0 (caps), result 1
05-09 19:56:16.096  2029  2187 D GStreamer+GST_CAPS: 0:05:00.484717750 0xf37ecf50 gstutils.c:2845:gst_pad_query_caps:<typefind:sink> query returned audio/mpeg, mpegversion=(int)1, parsed=(boolean)true, rate=(int)24000, channels=(int)1
05-09 19:56:16.096  2029  2186 D GStreamer+GST_PADS: 0:05:00.484736813 0xf37ecf20 gstpad.c:3035:gst_pad_query_accept_caps_default:<typefind:sink> query accept-caps accept-caps query: 0xf3d04030, GstQueryAcceptCaps, caps=(GstCaps)"video/x-h264\,\ stream-format\=\(string\)avc\,\ alignment\=\(string\)au\,\ level\=\(string\)4\,\ profile\=\(string\)baseline\,\ codec_data\=\(buffer\)01428028ffe1000a27428028e54028016b2001000528de01ae20\,\ width\=\(int\)1280\,\ height\=\(int\)1440\,\ framerate\=\(fraction\)151/3\,\ pixel-aspect-ratio\=\(fraction\)1/1", result=(boolean)false;
05-09 19:56:16.096  2029  2186 D GStreamer+GST_PERFORMANCE: 0:05:00.484779625 0xf37ecf20 gstpad.c:3050:gst_pad_query_accept_caps_default:<typefind:sink> fallback ACCEPT_CAPS query, consider implementing a specialized version
05-09 19:56:16.096  2029  2187 D GStreamer+GST_PADS: 0:05:00.484795042 0xf37ecf50 gstpad.c:3065:gst_pad_query_accept_caps_default:<typefind:sink> allowed caps subset audio/mpeg, mpegversion=(int)1, parsed=(boolean)true, rate=(int)24000, channels=(int)1, caps audio/mpeg, mpegversion=(int)1, parsed=(boolean)true, rate=(int)24000, channels=(int)1
05-09 19:56:16.096  2029  2187 D GStreamer+GST_PADS: 0:05:00.484840771 0xf37ecf50 gstpad.c:3339:gst_pad_query_default:<typefind:sink> not forwarding 0xf3ac6d50 (accept-caps) query
05-09 19:56:16.097  2029  2186 D GStreamer+GST_CAPS: 0:05:00.484882334 0xf37ecf20 gstutils.c:2838:gst_pad_query_caps:<typefind:sink> get pad caps with filter video/x-h264, stream-format=(string)avc, alignment=(string)au, level=(string)4, profile=(string)baseline, codec_data=(buffer)01428028ffe1000a27428028e54028016b2001000528de01ae20, width=(int)1280, height=(int)1440, framerate=(fraction)151/3, pixel-aspect-ratio=(fraction)1/1
05-09 19:56:16.097  2029  2187 D GStreamer+GST_PADS: 0:05:00.484905563 0xf37ecf50 gstpad.c:3905:gst_pad_query:<typefind:sink> sent query 0xf3ac6d50 (accept-caps), result 1
05-09 19:56:16.097  2029  2186 D GStreamer+query: 0:05:00.484929938 0xf37ecf20 gstquery.c:674:gst_query_new_custom creating new query 0xf3d03f80 caps
05-09 19:56:16.097  2029  2187 D GStreamer+GST_PADS: 0:05:00.484952490 0xf37ecf50 gstutils.c:2541:gst_pad_proxy_query_accept_caps:<decodebin3:sink> proxying accept caps query: 1
05-09 19:56:16.097  2029  2186 D GStreamer+GST_PADS: 0:05:00.484977646 0xf37ecf20 gstpad.c:3882:gst_pad_query:<typefind:sink> doing query 0xf3d03f80 (caps)
05-09 19:56:16.097  2029  2187 D GStreamer+GST_PADS: 0:05:00.485023480 0xf37ecf50 gstpad.c:3065:gst_pad_query_accept_caps_default:<decodebin3:sink> allowed caps subset ANY, caps audio/mpeg, mpegversion=(int)1, parsed=(boolean)true, rate=(int)24000, channels=(int)1
05-09 19:56:16.097  2029  2187 D GStreamer+GST_PADS: 0:05:00.485072334 0xf37ecf50 gstpad.c:3339:gst_pad_query_default:<decodebin3:sink> not forwarding 0xf3ac6d50 (accept-caps) query
05-09 19:56:16.097  2029  2186 D GStreamer+GST_CAPS: 0:05:00.485087542 0xf37ecf20 gstpad.c:3088:gst_pad_query_caps_default:<typefind:sink> query caps caps query: 0xf3d03f80, GstQueryCaps, filter=(GstCaps)"video/x-h264\,\ stream-format\=\(string\)avc\,\ alignment\=\(string\)au\,\ level\=\(string\)4\,\ profile\=\(string\)baseline\,\ codec_data\=\(buffer\)01428028ffe1000a27428028e54028016b2001000528de01ae20\,\ width\=\(int\)1280\,\ height\=\(int\)1440\,\ framerate\=\(fraction\)151/3\,\ pixel-aspect-ratio\=\(fraction\)1/1", caps=(GstCaps)"NULL";
05-09 19:56:16.097  2029  2187 D GStreamer+GST_PADS: 0:05:00.485113636 0xf37ecf50 gstpad.c:3905:gst_pad_query:<decodebin3:sink> sent query 0xf3ac6d50 (accept-caps), result 1
05-09 19:56:16.097  2029  2186 D GStreamer+GST_CAPS: 0:05:00.485127594 0xf37ecf20 gstpad.c:3111:gst_pad_query_caps_default:<typefind:sink> trying pad template caps
05-09 19:56:16.097  2029  2187 D GStreamer+GST_PADS: 0:05:00.485156344 0xf37ecf50 gstutils.c:2541:gst_pad_proxy_query_accept_caps:<queue6:sink> proxying accept caps query: 1
05-09 19:56:16.097  2029  2186 D GStreamer+GST_CAPS: 0:05:00.485233271 0xf37ecf20 gstpad.c:3135:gst_pad_query_caps_default:<typefind:sink> using caps 0xf3610b18 ANY with filter 0xf3cf8b40 video/x-h264, stream-format=(string)avc, alignment=(string)au, level=(string)4, profile=(string)baseline, codec_data=(buffer)01428028ffe1000a27428028e54028016b2001000528de01ae20, width=(int)1280, height=(int)1440, framerate=(fraction)151/3, pixel-aspect-ratio=(fraction)1/1
05-09 19:56:16.097  2029  2187 D GStreamer+GST_PADS: 0:05:00.485243532 0xf37ecf50 gstpad.c:3065:gst_pad_query_accept_caps_default:<queue6:sink> allowed caps subset ANY, caps audio/mpeg, mpegversion=(int)1, parsed=(boolean)true, rate=(int)24000, channels=(int)1
05-09 19:56:16.097  2029  2187 D GStreamer+GST_PADS: 0:05:00.485288375 0xf37ecf50 gstpad.c:3339:gst_pad_query_default:<queue6:sink> not forwarding 0xf3ac6d50 (accept-caps) query
05-09 19:56:16.097  2029  2186 D GStreamer+GST_CAPS: 0:05:00.485321084 0xf37ecf20 gstpad.c:3138:gst_pad_query_caps_default:<typefind:sink> result 0xf3cf8b40 video/x-h264, stream-format=(string)avc, alignment=(string)au, level=(string)4, profile=(string)baseline, codec_data=(buffer)01428028ffe1000a27428028e54028016b2001000528de01ae20, width=(int)1280, height=(int)1440, framerate=(fraction)151/3, pixel-aspect-ratio=(fraction)1/1
05-09 19:56:16.097  2029  2187 D GStreamer+GST_PADS: 0:05:00.485346240 0xf37ecf50 gstpad.c:3905:gst_pad_query:<queue6:sink> sent query 0xf3ac6d50 (accept-caps), result 1
05-09 19:56:16.097  2029  2186 D GStreamer+GST_PADS: 0:05:00.485374417 0xf37ecf20 gstpad.c:3339:gst_pad_query_default:<typefind:sink> not forwarding 0xf3d03f80 (caps) query
05-09 19:56:16.097  2029  2187 D GStreamer+default: 0:05:00.485400927 0xf37ecf50 gstutils.c:2926:gst_pad_query_accept_caps:<queue6:sink> query returned 1
05-09 19:56:16.097  2029  2186 D GStreamer+GST_PADS: 0:05:00.485429313 0xf37ecf20 gstpad.c:3905:gst_pad_query:<typefind:sink> sent query 0xf3d03f80 (caps), result 1
05-09 19:56:16.097  2029  2187 D GStreamer+GST_PADS: 0:05:00.485460823 0xf37ecf50 gstpad.c:5569:gst_pad_send_event_unchecked:<queue6:sink> sent event, ret ok
05-09 19:56:16.097  2029  2185 D GStreamer+queue_dataflow: 0:05:00.485475719 0xf37ecec0 gstqueue.c:1476:gst_queue_loop:<queue6> queue is not empty
05-09 19:56:16.097  2029  2187 D GStreamer+GST_PADS: 0:05:00.485524990 0xf37ecf50 gstpad.c:5053:store_sticky_event:<queue6:sink> notify caps
05-09 19:56:16.097  2029  2185 D GStreamer+GST_PADS: 0:05:00.485536709 0xf37ecec0 gstpad.c:5053:store_sticky_event:<queue6:src> notify caps
05-09 19:56:16.097  2029  2186 D GStreamer+GST_CAPS: 0:05:00.485575407 0xf37ecf20 gstutils.c:2845:gst_pad_query_caps:<typefind:sink> query returned video/x-h264, stream-format=(string)avc, alignment=(string)au, level=(string)4, profile=(string)baseline, codec_data=(buffer)01428028ffe1000a27428028e54028016b2001000528de01ae20, width=(int)1280, height=(int)1440, framerate=(fraction)151/3, pixel-aspect-ratio=(fraction)1/1
05-09 19:56:16.097  2029  2187 D GStreamer+GST_PADS: 0:05:00.485627125 0xf37ecf50 gstpad.c:3765:push_sticky:<q:audio_0> event caps marked received
05-09 19:56:16.097  2029  2185 D GStreamer+GST_PADS: 0:05:00.485611396 0xf37ecec0 gstpad.c:3813:check_sticky:<queue6:src> pushing all sticky events
05-09 19:56:16.097  2029  2185 D GStreamer+GST_PADS: 0:05:00.485697907 0xf37ecec0 gstpad.c:3745:push_sticky:<queue6:src> event stream-start was already received
05-09 19:56:16.097  2029  2186 D GStreamer+GST_PADS: 0:05:00.485759938 0xf37ecf20 gstpad.c:3065:gst_pad_query_accept_caps_default:<typefind:sink> allowed caps subset video/x-h264, stream-format=(string)avc, alignment=(string)au, level=(string)4, profile=(string)baseline, codec_data=(buffer)01428028ffe1000a27428028e54028016b2001000528de01ae20, width=(int)1280, height=(int)1440, framerate=(fraction)151/3, pixel-aspect-ratio=(fraction)1/1, caps video/x-h264, stream-format=(string)avc, alignment=(string)au, level=(string)4, profile=(string)baseline, codec_data=(buffer)01428028ffe1000a27428028e54028016b2001000528de01ae20, width=(int)1280, height=(int)1440, framerate=(fraction)151/3, pixel-aspect-ratio=(fraction)1/1
05-09 19:56:16.097  2029  2186 D GStreamer+GST_PADS: 0:05:00.485832438 0xf37ecf20 gstpad.c:3339:gst_pad_query_default:<typefind:sink> not forwarding 0xf3d04030 (accept-caps) query
05-09 19:56:16.098  2029  2185 D GStreamer+GST_EVENT: 0:05:00.485852021 0xf37ecec0 gstpad.c:5496:gst_pad_send_event_unchecked:<decodebin3:sink> have event type caps event: 0xf3abba18, time 99:99:99.999999999, seq-num 1584, GstEventCaps, caps=(GstCaps)"audio/mpeg\,\ mpegversion\=\(int\)1\,\ parsed\=\(boolean\)true\,\ rate\=\(int\)24000\,\ channels\=\(int\)1";
05-09 19:56:16.098  2029  2187 D GStreamer+GST_EVENT: 0:05:00.485916552 0xf37ecf50 gstpad.c:5496:gst_pad_send_event_unchecked:<queue6:sink> have event type segment event: 0xf39224f0, time 99:99:99.999999999, seq-num 1592, GstEventSegment, segment=(GstSegment)"GstSegment, flags=(GstSegmentFlags)GST_SEGMENT_FLAG_NONE, rate=(double)1, applied-rate=(double)1, format=(GstFormat)GST_FORMAT_TIME, base=(guint64)0, offset=(guint64)0, start=(guint64)0, stop=(guint64)7176000000, time=(guint64)0, position=(guint64)0, duration=(guint64)18446744073709551615;";
05-09 19:56:16.098  2029  2186 D GStreamer+GST_PADS: 0:05:00.485926448 0xf37ecf20 gstpad.c:3905:gst_pad_query:<typefind:sink> sent query 0xf3d04030 (accept-caps), result 1
05-09 19:56:16.098  2029  2185 D GStreamer+GST_CAPS: 0:05:00.485963480 0xf37ecec0 gstutils.c:2921:gst_pad_query_accept_caps:<decodebin3:sink> accept caps of audio/mpeg, mpegversion=(int)1, parsed=(boolean)true, rate=(int)24000, channels=(int)1
05-09 19:56:16.098  2029  2186 D GStreamer+default: 0:05:00.485978115 0xf37ecf20 gstutils.c:2926:gst_pad_query_accept_caps:<typefind:sink> query returned 1
05-09 19:56:16.098  2029  2185 D GStreamer+query: 0:05:00.486010250 0xf37ecec0 gstquery.c:674:gst_query_new_custom creating new query 0xf3d33cf0 accept-caps
05-09 19:56:16.098  2029  2186 D GStreamer+typefind: 0:05:00.486037073 0xf37ecf20 gsttypefindelement.c:613:gst_type_find_element_sink_event:<typefind> got caps event in mode 1
05-09 19:56:16.098  2029  2187 D GStreamer+queue: 0:05:00.486054261 0xf37ecf50 gstqueue.c:561:apply_segment:<queue6> configured SEGMENT time segment start=0:00:00.000000000, offset=0:00:00.000000000, stop=0:00:07.176000000, rate=1.000000, applied_rate=1.000000, flags=0x00, time=0:00:00.000000000, base=0:00:00.000000000, position 0:00:00.000000000, duration 99:99:99.999999999
05-09 19:56:16.098  2029  2185 D GStreamer+GST_PADS: 0:05:00.486064417 0xf37ecec0 gstpad.c:3882:gst_pad_query:<decodebin3:sink> doing query 0xf3d33cf0 (accept-caps)
05-09 19:56:16.098  2029  2186 D GStreamer+decodebin: 0:05:00.486158427 0xf37ecf20 gstdecodebin2.c:2832:type_found:<forhwgl> typefind found caps video/x-h264, stream-format=(string)avc, alignment=(string)au, level=(string)4, profile=(string)baseline, codec_data=(buffer)01428028ffe1000a27428028e54028016b2001000528de01ae20, width=(int)1280, height=(int)1440, framerate=(fraction)151/3, pixel-aspect-ratio=(fraction)1/1
05-09 19:56:16.098  2029  2187 D GStreamer+queue: 0:05:00.486169990 0xf37ecf50 gstqueue.c:561:apply_segment:<queue6> configured SEGMENT time segment start=0:00:00.000000000, offset=0:00:00.000000000, stop=0:00:07.176000000, rate=1.000000, applied_rate=1.000000, flags=0x00, time=0:00:00.000000000, base=0:00:00.000000000, position 0:00:00.000000000, duration 99:99:99.999999999
05-09 19:56:16.098  2029  2185 D GStreamer+GST_PADS: 0:05:00.486206448 0xf37ecec0 gstpad.c:3035:gst_pad_query_accept_caps_default:<decodebin3:sink> query accept-caps accept-caps query: 0xf3d33cf0, GstQueryAcceptCaps, caps=(GstCaps)"audio/mpeg\,\ mpegversion\=\(int\)1\,\ parsed\=\(boolean\)true\,\ rate\=\(int\)24000\,\ channels\=\(int\)1", result=(boolean)false;
05-09 19:56:16.098  2029  2186 I GStreamer+GST_ELEMENT_PADS: 0:05:00.486223167 0xf37ecf20 gstelement.c:907:gst_element_get_static_pad found pad typefind:src
05-09 19:56:16.098  2029  2187 D GStreamer+GST_PADS: 0:05:00.486240615 0xf37ecf50 gstpad.c:5569:gst_pad_send_event_unchecked:<queue6:sink> sent event, ret ok
05-09 19:56:16.098  2029  2185 D GStreamer+GST_PADS: 0:05:00.486251188 0xf37ecec0 gstutils.c:2530:gst_pad_proxy_query_accept_caps:<decodebin3:sink> proxying accept caps query for decodebin3:sink
05-09 19:56:16.098  2029  2186 I GStreamer+GST_ELEMENT_PADS: 0:05:00.486266188 0xf37ecf20 gstelement.c:907:gst_element_get_static_pad found pad typefind:sink
05-09 19:56:16.098  2029  2187 D GStreamer+GST_PADS: 0:05:00.486289677 0xf37ecf50 gstpad.c:3765:push_sticky:<q:audio_0> event segment marked received
05-09 19:56:16.098  2029  2186 D GStreamer+decodebin: 0:05:00.486328323 0xf37ecf20 gstdecodebin2.c:3511:gst_decode_chain_new:<forhwgl> Creating new chain 0xf3d1dc50 with parent group 0x0
05-09 19:56:16.098  2029  2185 D GStreamer+GST_PADS: 0:05:00.486345407 0xf37ecec0 gstpad.c:4009:gst_pad_peer_query:<sink:proxypad8> peer query 0xf3d33cf0 (accept-caps)
05-09 19:56:16.098  2029  2187 D GStreamer+qtdemux: 0:05:00.486363792 0xf37ecf50 qtdemux.c:924:gst_qtdemux_push_tags:<q> Checking pad q:audio_0 for tags
05-09 19:56:16.098  2029  2185 D GStreamer+GST_PADS: 0:05:00.486395459 0xf37ecec0 gstpad.c:3882:gst_pad_query:<typefind:sink> doing query 0xf3d33cf0 (accept-caps)
05-09 19:56:16.098  2029  2186 D GStreamer+decodebin: 0:05:00.486459469 0xf37ecf20 gstdecodebin2.c:1531:analyze_new_pad:<forhwgl> Pad typefind:src caps:video/x-h264, stream-format=(string)avc, alignment=(string)au, level=(string)4, profile=(string)baseline, codec_data=(buffer)01428028ffe1000a27428028e54028016b2001000528de01ae20, width=(int)1280, height=(int)1440, framerate=(fraction)151/3, pixel-aspect-ratio=(fraction)1/1
05-09 19:56:16.098  2029  2187 D GStreamer+qtdemux: 0:05:00.486466500 0xf37ecf50 qtdemux.c:928:gst_qtdemux_push_tags:<q> Sending tags taglist, audio-codec=(string)"MPEG-1\ audio", maximum-bitrate=(uint)48000, bitrate=(uint)48000, language-code=(string)en;
05-09 19:56:16.098  2029  2186 D GStreamer+decodebin: 0:05:00.486504938 0xf37ecf20 gstdecodebin2.c:5064:gst_decode_pad_new:<forhwgl> making new decodepad
05-09 19:56:16.098  2029  2187 D GStreamer+GST_EVENT: 0:05:00.486514469 0xf37ecf50 gstevent.c:302:gst_event_new_custom creating new event 0xf39225c8 tag 20510
05-09 19:56:16.098  2029  2185 D GStreamer+GST_PADS: 0:05:00.486551292 0xf37ecec0 gstpad.c:3035:gst_pad_query_accept_caps_default:<typefind:sink> query accept-caps accept-caps query: 0xf3d33cf0, GstQueryAcceptCaps, caps=(GstCaps)"audio/mpeg\,\ mpegversion\=\(int\)1\,\ parsed\=\(boolean\)true\,\ rate\=\(int\)24000\,\ channels\=\(int\)1", result=(boolean)false;
05-09 19:56:16.098  2029  2187 D GStreamer+GST_PADS: 0:05:00.486566969 0xf37ecf50 gstpad.c:3813:check_sticky:<q:audio_0> pushing all sticky events
05-09 19:56:16.098  2029  2185 D GStreamer+GST_PERFORMANCE: 0:05:00.486614782 0xf37ecec0 gstpad.c:3050:gst_pad_query_accept_caps_default:<typefind:sink> fallback ACCEPT_CAPS query, consider implementing a specialized version
05-09 19:56:16.098  2029  2186 D GStreamer+GST_PADS: 0:05:00.486644261 0xf37ecf20 gstpad.c:1940:gst_pad_set_iterate_internal_links_function_full:<GstProxyPad@0xf37fc080> internal link iterator set to gst_proxy_pad_iterate_internal_links_default
05-09 19:56:16.098  2029  2187 D GStreamer+GST_PADS: 0:05:00.486660094 0xf37ecf50 gstpad.c:3745:push_sticky:<q:audio_0> event stream-start was already received
05-09 19:56:16.098  2029  2185 D GStreamer+GST_CAPS: 0:05:00.486711292 0xf37ecec0 gstutils.c:2838:gst_pad_query_caps:<typefind:sink> get pad caps with filter audio/mpeg, mpegversion=(int)1, parsed=(boolean)true, rate=(int)24000, channels=(int)1
05-09 19:56:16.098  2029  2186 D GStreamer+GST_PADS: 0:05:00.486728427 0xf37ecf20 gstpad.c:1685:gst_pad_set_activatemode_function_full:<GstGhostPad@0xf37fc080> activatemodefunc set to gst_ghost_pad_activate_mode_default
05-09 19:56:16.098  2029  2187 D GStreamer+GST_PADS: 0:05:00.486744834 0xf37ecf50 gstpad.c:3745:push_sticky:<q:audio_0> event caps was already received
05-09 19:56:16.098  2029  2185 D GStreamer+query: 0:05:00.486758167 0xf37ecec0 gstquery.c:674:gst_query_new_custom creating new query 0xf3d19a60 caps
05-09 19:56:16.098  2029  2187 D GStreamer+GST_PADS: 0:05:00.486788480 0xf37ecf50 gstpad.c:3745:push_sticky:<q:audio_0> event segment was already received
05-09 19:56:16.098  2029  2185 D GStreamer+GST_PADS: 0:05:00.486813271 0xf37ecec0 gstpad.c:3882:gst_pad_query:<typefind:sink> doing query 0xf3d19a60 (caps)
05-09 19:56:16.098  2029  2186 D GStreamer+GST_PADS: 0:05:00.486824105 0xf37ecf20 gstpad.c:1793:gst_pad_set_getrange_function_full:<'':decodepad2> getrangefunc set to gst_proxy_pad_getrange_default
05-09 19:56:16.099  2029  2186 D GStreamer+GST_PADS: 0:05:00.486905355 0xf37ecf20 gstpad.c:1940:gst_pad_set_iterate_internal_links_function_full:<GstProxyPad@0xf3923e58> internal link iterator set to gst_proxy_pad_iterate_internal_links_default
05-09 19:56:16.099  2029  2187 D GStreamer+GST_EVENT: 0:05:00.486979625 0xf37ecf50 gstpad.c:5496:gst_pad_send_event_unchecked:<queue6:sink> have event type tag event: 0xf39225c8, time 99:99:99.999999999, seq-num 1593, GstTagList-stream, taglist=(taglist)"taglist\,\ audio-codec\=\(string\)\"MPEG-1\\\ audio\"\,\ maximum-bitrate\=\(uint\)48000\,\ bitrate\=\(uint\)48000\,\ language-code\=\(string\)en\;";
05-09 19:56:16.099  2029  2185 D GStreamer+GST_CAPS: 0:05:00.487000615 0xf37ecec0 gstpad.c:3088:gst_pad_query_caps_default:<typefind:sink> query caps caps query: 0xf3d19a60, GstQueryCaps, filter=(GstCaps)"audio/mpeg\,\ mpegversion\=\(int\)1\,\ parsed\=\(boolean\)true\,\ rate\=\(int\)24000\,\ channels\=\(int\)1", caps=(GstCaps)"NULL";
05-09 19:56:16.099  2029  2186 D GStreamer+GST_PADS: 0:05:00.487015511 0xf37ecf20 gstpad.c:1720:gst_pad_set_chain_function_full:<'':proxypad10> chainfunc set to gst_proxy_pad_chain_default
05-09 19:56:16.099  2029  2187 D GStreamer+GST_PADS: 0:05:00.487031657 0xf37ecf50 gstpad.c:5569:gst_pad_send_event_unchecked:<queue6:sink> sent event, ret ok
05-09 19:56:16.099  2029  2185 D GStreamer+GST_CAPS: 0:05:00.487050823 0xf37ecec0 gstpad.c:3111:gst_pad_query_caps_default:<typefind:sink> trying pad template caps
05-09 19:56:16.099  2029  2186 D GStreamer+GST_PADS: 0:05:00.487075511 0xf37ecf20 gstpad.c:1757:gst_pad_set_chain_list_function_full:<'':proxypad10> chainlistfunc set to gst_proxy_pad_chain_list_default
05-09 19:56:16.099  2029  2187 D GStreamer+GST_PADS: 0:05:00.487109157 0xf37ecf50 gstpad.c:3765:push_sticky:<q:audio_0> event tag marked received
05-09 19:56:16.099  2029  2186 D GStreamer+GST_REFCOUNTING: 0:05:00.487149782 0xf37ecf20 gstobject.c:692:gst_object_set_parent:<'':proxypad10> set parent (ref and sink)
05-09 19:56:16.099  2029  2185 D GStreamer+GST_CAPS: 0:05:00.487166605 0xf37ecec0 gstpad.c:3135:gst_pad_query_caps_default:<typefind:sink> using caps 0xf3610b18 ANY with filter 0xf3afec50 audio/mpeg, mpegversion=(int)1, parsed=(boolean)true, rate=(int)24000, channels=(int)1
05-09 19:56:16.099  2029  2186 D GStreamer+GST_PADS: 0:05:00.487211969 0xf37ecf20 gstpad.c:1685:gst_pad_set_activatemode_function_full:<decodepad2:proxypad10> activatemodefunc set to gst_ghost_pad_internal_activate_mode_default
05-09 19:56:16.099  2029  2187 D GStreamer+qtdemux: 0:05:00.487245146 0xf37ecf50 qtdemux.c:936:gst_qtdemux_push_tags:<q> Sending global tags taglist, datetime=(datetime)2016-05-10T02:46:01Z, container-format=(string)"ISO\ MP4/M4A";
05-09 19:56:16.099  2029  2186 D GStreamer+GST_PADS: 0:05:00.487279573 0xf37ecf20 gstpad.c:1906:gst_pad_set_query_function_full:<decodepad2:proxypad10> queryfunc set to 0xdab9d991
05-09 19:56:16.099  2029  2185 D GStreamer+GST_CAPS: 0:05:00.487294990 0xf37ecec0 gstpad.c:3138:gst_pad_query_caps_default:<typefind:sink> result 0xf3afec50 audio/mpeg, mpegversion=(int)1, parsed=(boolean)true, rate=(int)24000, channels=(int)1
