05-09 19:56:16.230  2029  2186 D GStreamer+GST_BUS: 0:05:00.618617594 0xf37ecf20 gstbus.c:309:gst_bus_post:<bus13> [msg 0xf3d43a70] posting on bus duration-changed message: 0xf3d43a70, time 99:99:99.999999999, seq-num 1717, element 'h264parse2', GstMessageDurationChanged;
05-09 19:56:16.230  2029  2175 I GStreamer+GST_STATES: 0:05:00.618638740 0xf3d9e340 gstelement.c:2372:gst_element_continue_state:<sink> completed state change to READY
05-09 19:56:16.230  2029  2186 D GStreamer+GST_BUS: 0:05:00.618658115 0xf37ecf20 gstbus.c:348:gst_bus_post:<bus13> [msg 0xf3d43a70] pushing on async queue
05-09 19:56:16.230  2029  2175 I GStreamer+GST_STATES: 0:05:00.618685615 0xf3d9e340 gstelement.c:2277:_priv_gst_element_state_changed:<sink> notifying about state-changed READY to READY (VOID_PENDING pending)
05-09 19:56:16.230  2029  2186 D GStreamer+GST_BUS: 0:05:00.618702594 0xf37ecf20 gstbus.c:351:gst_bus_post:<bus13> [msg 0xf3d43a70] pushed on async queue
05-09 19:56:16.230  2029  2186 D GStreamer+GST_BUS: 0:05:00.618753115 0xf37ecf20 gstbus.c:344:gst_bus_post:<bus12> [msg 0xf3d43a70] dropped
05-09 19:56:16.230  2029  2175 D GStreamer+GST_BUS: 0:05:00.618777282 0xf3d9e340 gstbus.c:309:gst_bus_post:<bus9> [msg 0xf3ab9d70] posting on bus state-changed message: 0xf3ab9d70, time 99:99:99.999999999, seq-num 1718, element 'sink', GstMessageStateChanged, old-state=(GstState)GST_STATE_READY, new-state=(GstState)GST_STATE_READY, pending-state=(GstState)GST_STATE_VOID_PENDING;
05-09 19:56:16.230  2029  2186 D GStreamer+GST_BUS: 0:05:00.618800250 0xf37ecf20 gstbus.c:344:gst_bus_post:<bus8> [msg 0xf3d43a70] dropped
05-09 19:56:16.230  2029  2175 D GStreamer+bin: 0:05:00.618827750 0xf3d9e340 gstbin.c:3528:gst_bin_handle_message_func:<glimagesinkbin2> [msg 0xf3ab9d70] handling child sink message of type state-changed
05-09 19:56:16.230  2029  2186 D GStreamer+baseparse: 0:05:00.618843427 0xf37ecf20 gstbaseparse.c:3730:gst_base_parse_set_duration:<h264parse2> set duration: 7199000000
05-09 19:56:16.231  2029  2175 D GStreamer+bin: 0:05:00.618864104 0xf3d9e340 gstbin.c:3865:gst_bin_handle_message_func:<glimagesinkbin2> posting message upward
05-09 19:56:16.231  2029  2186 D GStreamer+baseparse: 0:05:00.618899834 0xf37ecf20 gstbaseparse.c:3737:gst_base_parse_set_duration:<h264parse2> set update interval: 0
05-09 19:56:16.231  2029  2186 D GStreamer+baseparse: 0:05:00.618947698 0xf37ecf20 gstbaseparse.c:2033:gst_base_parse_check_upstream:<h264parse2> upstream_has_duration: 1
05-09 19:56:16.231  2029  2175 D GStreamer+GST_BUS: 0:05:00.618970875 0xf3d9e340 gstbus.c:309:gst_bus_post:<bus12> [msg 0xf3ab9d70] posting on bus state-changed message: 0xf3ab9d70, time 99:99:99.999999999, seq-num 1718, element 'sink', GstMessageStateChanged, old-state=(GstState)GST_STATE_READY, new-state=(GstState)GST_STATE_READY, pending-state=(GstState)GST_STATE_VOID_PENDING;
05-09 19:56:16.231  2029  2186 D GStreamer+GST_MEMORY: 0:05:00.618992802 0xf37ecf20 gstmemory.c:87:_gst_memory_free free memory 0xf3d04c00
05-09 19:56:16.231  2029  2175 D GStreamer+bin: 0:05:00.619012959 0xf3d9e340 gstbin.c:3528:gst_bin_handle_message_func:<pipeline2> [msg 0xf3ab9d70] handling child sink message of type state-changed
05-09 19:56:16.231  2029  2175 D GStreamer+bin: 0:05:00.619047854 0xf3d9e340 gstbin.c:3865:gst_bin_handle_message_func:<pipeline2> posting message upward
05-09 19:56:16.231  2029  2186 D GStreamer+GST_CAPS: 0:05:00.619074469 0xf37ecf20 gstpad.c:2621:gst_pad_has_current_caps:<h264parse2:src> check current pad caps video/x-h264, stream-format=(string)byte-stream, alignment=(string)au, level=(string)4, profile=(string)baseline, width=(int)1280, height=(int)1440, framerate=(fraction)151/3, pixel-aspect-ratio=(fraction)1/1, parsed=(boolean)true
05-09 19:56:16.231  2029  2175 D GStreamer+GST_BUS: 0:05:00.619131500 0xf3d9e340 gstbus.c:309:gst_bus_post:<bus13> [msg 0xf3ab9d70] posting on bus state-changed message: 0xf3ab9d70, time 99:99:99.999999999, seq-num 1718, element 'sink', GstMessageStateChanged, old-state=(GstState)GST_STATE_READY, new-state=(GstState)GST_STATE_READY, pending-state=(GstState)GST_STATE_VOID_PENDING;
05-09 19:56:16.231  2029  2186 D GStreamer+GST_CAPS: 0:05:00.619159313 0xf37ecf20 gstpad.c:2648:gst_pad_get_current_caps:<h264parse2:src> get current pad caps video/x-h264, stream-format=(string)byte-stream, alignment=(string)au, level=(string)4, profile=(string)baseline, width=(int)1280, height=(int)1440, framerate=(fraction)151/3, pixel-aspect-ratio=(fraction)1/1, parsed=(boolean)true
05-09 19:56:16.231  2029  2175 D GStreamer+GST_BUS: 0:05:00.619170719 0xf3d9e340 gstbus.c:348:gst_bus_post:<bus13> [msg 0xf3ab9d70] pushing on async queue
05-09 19:56:16.231  2029  2186 D GStreamer+baseparse: 0:05:00.619207177 0xf37ecf20 gstbaseparse.c:2056:gst_base_parse_check_media:<h264parse2> media is video: 1
05-09 19:56:16.231  2029  2175 D GStreamer+GST_BUS: 0:05:00.619227959 0xf3d9e340 gstbus.c:351:gst_bus_post:<bus13> [msg 0xf3ab9d70] pushed on async queue
05-09 19:56:16.231  2029  2186 D GStreamer+GST_PADS: 0:05:00.619249417 0xf37ecf20 gstpad.c:3813:check_sticky:<h264parse2:src> pushing all sticky events
05-09 19:56:16.231  2029  2175 D GStreamer+GST_BUS: 0:05:00.619274104 0xf3d9e340 gstbus.c:344:gst_bus_post:<bus12> [msg 0xf3ab9d70] dropped
05-09 19:56:16.231  2029  2186 D GStreamer+GST_PADS: 0:05:00.619293271 0xf37ecf20 gstpad.c:3745:push_sticky:<h264parse2:src> event stream-start was already received
05-09 19:56:16.231  2029  2175 D GStreamer+GST_BUS: 0:05:00.619318740 0xf3d9e340 gstbus.c:344:gst_bus_post:<bus9> [msg 0xf3ab9d70] dropped
05-09 19:56:16.231  2029  2186 D GStreamer+GST_PADS: 0:05:00.619342177 0xf37ecf20 gstpad.c:3745:push_sticky:<h264parse2:src> event caps was already received
05-09 19:56:16.231  2029  2175 D GStreamer+GST_STATES: 0:05:00.619363271 0xf3d9e340 gstelement.c:2607:gst_element_set_state_func:<sink> returned SUCCESS
05-09 19:56:16.231  2029  2175 I GStreamer+GST_STATES: 0:05:00.619407282 0xf3d9e340 gstbin.c:2764:gst_bin_change_state_func:<glimagesinkbin2> child 'sink' changed state to 2(READY) successfully
05-09 19:56:16.231  2029  2175 D GStreamer+bin: 0:05:00.619456240 0xf3d9e340 gstbin.c:2182:gst_bin_sort_iterator_next:<glimagesinkbin2> queue head gives glcolorbalance2
05-09 19:56:16.231  2029  2175 D GStreamer+bin: 0:05:00.619500354 0xf3d9e340 gstbin.c:882:find_message:<glimagesinkbin2> no message found matching types 00001000
05-09 19:56:16.231  2029  2186 D GStreamer+GST_EVENT: 0:05:00.619518011 0xf37ecf20 gstpad.c:5496:gst_pad_send_event_unchecked:<capsfilter2:sink> have event type segment event: 0xf3a36d20, time 99:99:99.999999999, seq-num 1613, GstEventSegment, segment=(GstSegment)"GstSegment, flags=(GstSegmentFlags)GST_SEGMENT_FLAG_NONE, rate=(double)1, applied-rate=(double)1, format=(GstFormat)GST_FORMAT_TIME, base=(guint64)311000000, offset=(guint64)0, start=(guint64)0, stop=(guint64)7199000000, time=(guint64)311000000, position=(guint64)0, duration=(guint64)18446744073709551615;";
05-09 19:56:16.231  2029  2175 D GStreamer+bin: 0:05:00.619541657 0xf3d9e340 gstbin.c:889:find_message:<glimagesinkbin2>   structure-change
05-09 19:56:16.231  2029  2175 D GStreamer+bin: 0:05:00.619601813 0xf3d9e340 gstbin.c:2098:update_degree:<glimagesinkbin2> change element glcolorconvertelement2, degree 1->0, linked to glcolorbalance2
05-09 19:56:16.231  2029  2186 D GStreamer+GST_CAPS: 0:05:00.619619990 0xf37ecf20 gstpad.c:2621:gst_pad_has_current_caps:<capsfilter2:sink> check current pad caps video/x-h264, stream-format=(string)byte-stream, alignment=(string)au, level=(string)4, profile=(string)baseline, width=(int)1280, height=(int)1440, framerate=(fraction)151/3, pixel-aspect-ratio=(fraction)1/1, parsed=(boolean)true
05-09 19:56:16.231  2029  2175 D GStreamer+bin: 0:05:00.619644573 0xf3d9e340 gstbin.c:1981:add_to_queue:<glimagesinkbin2> adding 'glcolorconvertelement2' to queue
05-09 19:56:16.231  2029  2175 I GStreamer+GST_STATES: 0:05:00.619693323 0xf3d9e340 gstbin.c:2316:gst_bin_element_set_state:<glcolorbalance2> current PAUSED pending VOID_PENDING, desired next READY
05-09 19:56:16.231  2029  2186 D GStreamer+basetransform: 0:05:00.619715302 0xf37ecf20 gstbasetransform.c:1950:gst_base_transform_sink_eventfunc:<capsfilter2> received SEGMENT time segment start=0:00:00.000000000, offset=0:00:00.000000000, stop=0:00:07.199000000, rate=1.000000, applied_rate=1.000000, flags=0x00, time=0:00:00.311000000, base=0:00:00.311000000, position 0:00:00.000000000, duration 99:99:99.999999999
05-09 19:56:16.231  2029  2175 D GStreamer+bin: 0:05:00.619734000 0xf3d9e340 gstbin.c:882:find_message:<glimagesinkbin2> no message found matching types 00100000
05-09 19:56:16.231  2029  2185 D GStreamer+GST_PADS: 0:05:00.619776500 0xf37ecec0 gstpad.c:3882:gst_pad_query:<typefind:src> doing query 0xf3ac6c00 (duration)
05-09 19:56:16.231  2029  2186 D GStreamer+GST_PADS: 0:05:00.619782907 0xf37ecf20 gstpad.c:3813:check_sticky:<capsfilter2:src> pushing all sticky events
05-09 19:56:16.231  2029  2185 D GStreamer+typefind: 0:05:00.619821136 0xf37ecec0 gsttypefindelement.c:365:gst_type_find_handle_src_query:<typefind> Handling src query duration
05-09 19:56:16.231  2029  2186 D GStreamer+GST_PADS: 0:05:00.619838427 0xf37ecf20 gstpad.c:3745:push_sticky:<capsfilter2:src> event stream-start was already received
05-09 19:56:16.232  2029  2185 D GStreamer+GST_PADS: 0:05:00.619866709 0xf37ecec0 gstpad.c:3339:gst_pad_query_default:<typefind:src> forwarding 0xf3ac6c00 (duration) query
05-09 19:56:16.232  2029  2186 D GStreamer+GST_PADS: 0:05:00.619897282 0xf37ecf20 gstpad.c:3745:push_sticky:<capsfilter2:src> event caps was already received
05-09 19:56:16.232  2029  2185 D GStreamer+GST_PADS: 0:05:00.619922282 0xf37ecec0 gstpad.c:2803:gst_pad_iterate_internal_links_default:<typefind:src> Making iterator
05-09 19:56:16.232  2029  2186 D GStreamer+GST_PADS: 0:05:00.619948167 0xf37ecf20 gstpad.c:5266:gst_pad_push_event_unchecked:<capsfilter2:src> Dropping event segment because pad is not linked
05-09 19:56:16.232  2029  2185 D GStreamer+GST_PADS: 0:05:00.619974365 0xf37ecec0 gstpad.c:4009:gst_pad_peer_query:<typefind:sink> peer query 0xf3ac6c00 (duration)
05-09 19:56:16.232  2029  2186 D GStreamer+GST_PADS: 0:05:00.619988219 0xf37ecf20 gstpad.c:3784:push_sticky:<capsfilter2:src> pad was not linked, mark pending
05-09 19:56:16.232  2029  2185 D GStreamer+GST_PADS: 0:05:00.620024573 0xf37ecec0 gstpad.c:3882:gst_pad_query:<sink:proxypad8> doing query 0xf3ac6c00 (duration)
05-09 19:56:16.232  2029  2186 D GStreamer+GST_PADS: 0:05:00.620042282 0xf37ecf20 gstpad.c:5569:gst_pad_send_event_unchecked:<capsfilter2:sink> sent event, ret ok
05-09 19:56:16.232  2029  2185 D GStreamer+GST_PADS: 0:05:00.620071552 0xf37ecec0 gstpad.c:3339:gst_pad_query_default:<sink:proxypad8> forwarding 0xf3ac6c00 (duration) query
05-09 19:56:16.232  2029  2186 D GStreamer+GST_PADS: 0:05:00.620093792 0xf37ecf20 gstpad.c:3765:push_sticky:<h264parse2:src> event segment marked received
05-09 19:56:16.232  2029  2185 D GStreamer+GST_PADS: 0:05:00.620122907 0xf37ecec0 gstpad.c:4009:gst_pad_peer_query:<decodebin3:sink> peer query 0xf3ac6c00 (duration)
05-09 19:56:16.232  2029  2186 D GStreamer+GST_PADS: 0:05:00.620136761 0xf37ecf20 gstpad.c:3745:push_sticky:<h264parse2:src> event tag was already received
05-09 19:56:16.232  2029  2186 D GStreamer+GST_PADS: 0:05:00.620178375 0xf37ecf20 gstpad.c:3745:push_sticky:<h264parse2:src> event tag was already received
05-09 19:56:16.232  2029  2185 D GStreamer+GST_PADS: 0:05:00.620187282 0xf37ecec0 gstpad.c:3882:gst_pad_query:<queue6:src> doing query 0xf3ac6c00 (duration)
05-09 19:56:16.232  2029  2185 D GStreamer+GST_PADS: 0:05:00.620235615 0xf37ecec0 gstpad.c:3339:gst_pad_query_default:<queue6:src> forwarding 0xf3ac6c00 (duration) query
05-09 19:56:16.232  2029  2186 D GStreamer+GST_CAPS: 0:05:00.620262282 0xf37ecf20 gstpad.c:2648:gst_pad_get_current_caps:<h264parse2:src> get current pad caps video/x-h264, stream-format=(string)byte-stream, alignment=(string)au, level=(string)4, profile=(string)baseline, width=(int)1280, height=(int)1440, framerate=(fraction)151/3, pixel-aspect-ratio=(fraction)1/1, parsed=(boolean)true
05-09 19:56:16.232  2029  2185 D GStreamer+GST_PADS: 0:05:00.620285823 0xf37ecec0 gstpad.c:2803:gst_pad_iterate_internal_links_default:<queue6:src> Making iterator
05-09 19:56:16.232  2029  2185 D GStreamer+GST_PADS: 0:05:00.620335667 0xf37ecec0 gstpad.c:4009:gst_pad_peer_query:<queue6:sink> peer query 0xf3ac6c00 (duration)
05-09 19:56:16.232  2029  2186 D GStreamer+baseparse: 0:05:00.620364313 0xf37ecf20 gstbaseparse.c:4884:gst_base_parse_merge_tags:<h264parse2> setting parser tags to taglist, video-codec=(string)"H.264\ \(Baseline\ Profile\)"; (mode 2)
05-09 19:56:16.232  2029  2185 D GStreamer+GST_PADS: 0:05:00.620386448 0xf37ecec0 gstpad.c:3882:gst_pad_query:<q:audio_0> doing query 0xf3ac6c00 (duration)
05-09 19:56:16.232  2029  2186 D GStreamer+h264parse: 0:05:00.620407802 0xf37ecf20 gsth264parse.c:184:gst_h264_parse_reset_frame:<h264parse2> reset frame
05-09 19:56:16.232  2029  2185 D GStreamer+GST_PADS: 0:05:00.620431084 0xf37ecec0 gstpad.c:3905:gst_pad_query:<q:audio_0> sent query 0xf3ac6c00 (duration), result 0
05-09 19:56:16.232  2029  2185 D GStreamer+GST_PADS: 0:05:00.620471136 0xf37ecec0 gstpad.c:3950:gst_pad_query:<q:audio_0> query failed
05-09 19:56:16.232  2029  2186 D GStreamer+GST_SCHEDULING: 0:05:00.620491500 0xf37ecf20 gstpad.c:4153:gst_pad_chain_data_unchecked:<capsfilter2:sink> calling chainfunction &gst_base_transform_chain with buffer buffer: 0xf39e40d0, pts 0:00:00.000000000, dts 0:00:00.000000000, dur 0:00:00.019867549, size 45550, offset 0, offset_end none, flags 0x440
05-09 19:56:16.232  2029  2185 D GStreamer+GST_PADS: 0:05:00.620514521 0xf37ecec0 gstpad.c:4071:gst_pad_peer_query:<queue6:sink> query failed
05-09 19:56:16.232  2029  2186 D GStreamer+basetransform: 0:05:00.620537959 0xf37ecf20 gstbasetransform.c:2321:gst_base_transform_chain:<capsfilter2> got DISCONT buffer 0xf39e40d0
05-09 19:56:16.232  2029  2185 D GStreamer+GST_PADS: 0:05:00.620563844 0xf37ecec0 gstpad.c:3905:gst_pad_query:<queue6:src> sent query 0xf3ac6c00 (duration), result 0
05-09 19:56:16.232  2029  2186 D GStreamer+basetransform: 0:05:00.620595615 0xf37ecf20 gstbasetransform.c:2033:default_submit_input_buffer:<capsfilter2> handling buffer 0xf39e40d0 of size 45550, PTS 0:00:00.000000000 and offset 0
05-09 19:56:16.232  2029  2185 D GStreamer+GST_PADS: 0:05:00.620603844 0xf37ecec0 gstpad.c:3950:gst_pad_query:<queue6:src> query failed
05-09 19:56:16.232  2029  2186 D GStreamer+basetransform: 0:05:00.620637594 0xf37ecf20 gstbasetransform.c:2150:default_generate_output:<capsfilter2> calling prepare buffer
05-09 19:56:16.232  2029  2185 D GStreamer+GST_PADS: 0:05:00.620658063 0xf37ecec0 gstpad.c:4071:gst_pad_peer_query:<decodebin3:sink> query failed
05-09 19:56:16.232  2029  2186 D GStreamer+GST_CAPS: 0:05:00.620718167 0xf37ecf20 gstpad.c:2621:gst_pad_has_current_caps:<capsfilter2:sink> check current pad caps video/x-h264, stream-format=(string)byte-stream, alignment=(string)au, level=(string)4, profile=(string)baseline, width=(int)1280, height=(int)1440, framerate=(fraction)151/3, pixel-aspect-ratio=(fraction)1/1, parsed=(boolean)true
05-09 19:56:16.232  2029  2185 D GStreamer+GST_PADS: 0:05:00.620736344 0xf37ecec0 gstpad.c:3905:gst_pad_query:<sink:proxypad8> sent query 0xf3ac6c00 (duration), result 0
05-09 19:56:16.232  2029  2185 D GStreamer+GST_PADS: 0:05:00.620785354 0xf37ecec0 gstpad.c:3950:gst_pad_query:<sink:proxypad8> query failed
05-09 19:56:16.232  2029  2186 D GStreamer+basetransform: 0:05:00.620805407 0xf37ecf20 gstbasetransform.c:1950:gst_base_transform_sink_eventfunc:<capsfilter2> received SEGMENT time segment start=0:00:00.000000000, offset=0:00:00.000000000, stop=0:00:00.311000000, rate=1.000000, applied_rate=1.000000, flags=0x00, time=0:00:00.000000000, base=0:00:00.000000000, position 0:00:00.000000000, duration 99:99:99.999999999
05-09 19:56:16.232  2029  2185 D GStreamer+GST_PADS: 0:05:00.620826240 0xf37ecec0 gstpad.c:4071:gst_pad_peer_query:<typefind:sink> query failed
05-09 19:56:16.233  2029  2186 D GStreamer+GST_PADS: 0:05:00.620855771 0xf37ecf20 gstpad.c:3813:check_sticky:<capsfilter2:src> pushing all sticky events
05-09 19:56:16.233  2029  2185 D GStreamer+GST_PADS: 0:05:00.620893896 0xf37ecec0 gstpad.c:3905:gst_pad_query:<typefind:src> sent query 0xf3ac6c00 (duration), result 0
05-09 19:56:16.233  2029  2186 D GStreamer+GST_PADS: 0:05:00.620924521 0xf37ecf20 gstpad.c:3745:push_sticky:<capsfilter2:src> event stream-start was already received
05-09 19:56:16.233  2029  2185 D GStreamer+GST_PADS: 0:05:00.620949469 0xf37ecec0 gstpad.c:3950:gst_pad_query:<typefind:src> query failed
05-09 19:56:16.233  2029  2186 D GStreamer+GST_PADS: 0:05:00.620976709 0xf37ecf20 gstpad.c:3745:push_sticky:<capsfilter2:src> event caps was already received
05-09 19:56:16.233  2029  2185 D GStreamer+GST_PADS: 0:05:00.621000459 0xf37ecec0 gstpad.c:4071:gst_pad_peer_query:<mpegaudioparse0:sink> query failed
05-09 19:56:16.233  2029  2186 D GStreamer+GST_PADS: 0:05:00.621027073 0xf37ecf20 gstpad.c:5266:gst_pad_push_event_unchecked:<capsfilter2:src> Dropping event segment because pad is not linked
05-09 19:56:16.233  2029  2185 D GStreamer+mpegaudioparse: 0:05:00.621050094 0xf37ecec0 gstmpegaudioparse.c:1132:gst_mpeg_audio_parse_handle_first_frame:<mpegaudioparse0> Xing, LAME or VBRI header not found in first frame
05-09 19:56:16.233  2029  2186 D GStreamer+GST_PADS: 0:05:00.621068427 0xf37ecf20 gstpad.c:3784:push_sticky:<capsfilter2:src> pad was not linked, mark pending
05-09 19:56:16.233  2029  2185 D GStreamer+baseparse: 0:05:00.621091917 0xf37ecec0 gstbaseparse.c:3760:gst_base_parse_set_average_bitrate:<mpegaudioparse0> bitrate 0
05-09 19:56:16.233  2029  2186 D GStreamer+GST_PADS: 0:05:00.621104782 0xf37ecf20 gstpad.c:3813:check_sticky:<capsfilter2:src> pushing all sticky events
05-09 19:56:16.233  2029  2185 D GStreamer+query: 0:05:00.621137334 0xf37ecec0 gstquery.c:674:gst_query_new_custom creating new query 0xf3ac6c90 seeking
05-09 19:56:16.233  2029  2186 D GStreamer+GST_PADS: 0:05:00.621157073 0xf37ecf20 gstpad.c:3745:push_sticky:<capsfilter2:src> event stream-start was already received
05-09 19:56:16.233  2029  2185 D GStreamer+GST_PADS: 0:05:00.621182177 0xf37ecec0 gstpad.c:4009:gst_pad_peer_query:<mpegaudioparse0:sink> peer query 0xf3ac6c90 (seeking)
05-09 19:56:16.233  2029  2186 D GStreamer+GST_PADS: 0:05:00.621209365 0xf37ecf20 gstpad.c:3745:push_sticky:<capsfilter2:src> event caps was already received
05-09 19:56:16.233  2029  2185 D GStreamer+GST_PADS: 0:05:00.621233479 0xf37ecec0 gstpad.c:3882:gst_pad_query:<typefind:src> doing query 0xf3ac6c90 (seeking)
05-09 19:56:16.233  2029  2186 D GStreamer+GST_PADS: 0:05:00.621260667 0xf37ecf20 gstpad.c:3745:push_sticky:<capsfilter2:src> event segment was already received
05-09 19:56:16.233  2029  2185 D GStreamer+typefind: 0:05:00.621284417 0xf37ecec0 gsttypefindelement.c:365:gst_type_find_handle_src_query:<typefind> Handling src query seeking
05-09 19:56:16.233  2029  2186 D GStreamer+GST_PADS: 0:05:00.621313011 0xf37ecf20 gstpad.c:5266:gst_pad_push_event_unchecked:<capsfilter2:src> Dropping event tag because pad is not linked
05-09 19:56:16.233  2029  2185 D GStreamer+GST_PADS: 0:05:00.621339886 0xf37ecec0 gstpad.c:3339:gst_pad_query_default:<typefind:src> forwarding 0xf3ac6c90 (seeking) query
05-09 19:56:16.233  2029  2186 D GStreamer+GST_PADS: 0:05:00.621364469 0xf37ecf20 gstpad.c:3784:push_sticky:<capsfilter2:src> pad was not linked, mark pending
05-09 19:56:16.233  2029  2185 D GStreamer+GST_PADS: 0:05:00.621390511 0xf37ecec0 gstpad.c:2803:gst_pad_iterate_internal_links_default:<typefind:src> Making iterator
05-09 19:56:16.233  2029  2186 D GStreamer+GST_PADS: 0:05:00.621417907 0xf37ecf20 gstpad.c:3813:check_sticky:<capsfilter2:src> pushing all sticky events
05-09 19:56:16.233  2029  2185 D GStreamer+GST_PADS: 0:05:00.621444625 0xf37ecec0 gstpad.c:4009:gst_pad_peer_query:<typefind:sink> peer query 0xf3ac6c90 (seeking)
05-09 19:56:16.233  2029  2186 D GStreamer+GST_PADS: 0:05:00.621465459 0xf37ecf20 gstpad.c:3745:push_sticky:<capsfilter2:src> event stream-start was already received
05-09 19:56:16.233  2029  2185 D GStreamer+GST_PADS: 0:05:00.621492282 0xf37ecec0 gstpad.c:3882:gst_pad_query:<sink:proxypad8> doing query 0xf3ac6c90 (seeking)
05-09 19:56:16.233  2029  2186 D GStreamer+GST_PADS: 0:05:00.621513011 0xf37ecf20 gstpad.c:3745:push_sticky:<capsfilter2:src> event caps was already received
05-09 19:56:16.233  2029  2186 D GStreamer+GST_PADS: 0:05:00.621550667 0xf37ecf20 gstpad.c:3745:push_sticky:<capsfilter2:src> event segment was already received
05-09 19:56:16.233  2029  2185 D GStreamer+GST_PADS: 0:05:00.621559209 0xf37ecec0 gstpad.c:3339:gst_pad_query_default:<sink:proxypad8> forwarding 0xf3ac6c90 (seeking) query
05-09 19:56:16.233  2029  2186 D GStreamer+GST_PADS: 0:05:00.621587386 0xf37ecf20 gstpad.c:3745:push_sticky:<capsfilter2:src> event tag was already received
05-09 19:56:16.233  2029  2185 D GStreamer+GST_PADS: 0:05:00.621611969 0xf37ecec0 gstpad.c:4009:gst_pad_peer_query:<decodebin3:sink> peer query 0xf3ac6c90 (seeking)
05-09 19:56:16.233  2029  2186 D GStreamer+GST_PADS: 0:05:00.621644313 0xf37ecf20 gstpad.c:5266:gst_pad_push_event_unchecked:<capsfilter2:src> Dropping event tag because pad is not linked
05-09 19:56:16.233  2029  2185 D GStreamer+GST_PADS: 0:05:00.621673063 0xf37ecec0 gstpad.c:3882:gst_pad_query:<queue6:src> doing query 0xf3ac6c90 (seeking)
05-09 19:56:16.233  2029  2186 D GStreamer+GST_PADS: 0:05:00.621698271 0xf37ecf20 gstpad.c:3784:push_sticky:<capsfilter2:src> pad was not linked, mark pending
05-09 19:56:16.233  2029  2185 D GStreamer+GST_PADS: 0:05:00.621725979 0xf37ecec0 gstpad.c:3339:gst_pad_query_default:<queue6:src> forwarding 0xf3ac6c90 (seeking) query
05-09 19:56:16.233  2029  2186 D GStreamer+basetransform: 0:05:00.621751604 0xf37ecf20 gstbasetransform.c:2157:default_generate_output:<capsfilter2> using allocated buffer in 0xf39e40d0, out 0xf39e40d0
05-09 19:56:16.233  2029  2185 D GStreamer+GST_PADS: 0:05:00.621776709 0xf37ecec0 gstpad.c:2803:gst_pad_iterate_internal_links_default:<queue6:src> Making iterator
05-09 19:56:16.233  2029  2186 D GStreamer+basetransform: 0:05:00.621799261 0xf37ecf20 gstbasetransform.c:2174:default_generate_output:<capsfilter2> doing inplace transform
05-09 19:56:16.233  2029  2186 D GStreamer+basetransform: 0:05:00.621837594 0xf37ecf20 gstbasetransform.c:2359:gst_base_transform_chain:<capsfilter2> we have a pending DISCONT
05-09 19:56:16.233  2029  2185 D GStreamer+GST_PADS: 0:05:00.621845719 0xf37ecec0 gstpad.c:4009:gst_pad_peer_query:<queue6:sink> peer query 0xf3ac6c90 (seeking)
05-09 19:56:16.234  2029  2186 D GStreamer+GST_PADS: 0:05:00.621883219 0xf37ecf20 gstpad.c:3813:check_sticky:<capsfilter2:src> pushing all sticky events
05-09 19:56:16.234  2029  2185 D GStreamer+GST_PADS: 0:05:00.621898844 0xf37ecec0 gstpad.c:3882:gst_pad_query:<q:audio_0> doing query 0xf3ac6c90 (seeking)
05-09 19:56:16.234  2029  2186 D GStreamer+GST_PADS: 0:05:00.621924573 0xf37ecf20 gstpad.c:3745:push_sticky:<capsfilter2:src> event stream-start was already received
05-09 19:56:16.234  2029  2185 D GStreamer+GST_PADS: 0:05:00.621939938 0xf37ecec0 gstpad.c:3339:gst_pad_query_default:<q:audio_0> forwarding 0xf3ac6c90 (seeking) query
05-09 19:56:16.234  2029  2186 D GStreamer+GST_PADS: 0:05:00.621963636 0xf37ecf20 gstpad.c:3745:push_sticky:<capsfilter2:src> event caps was already received
05-09 19:56:16.234  2029  2185 D GStreamer+GST_PADS: 0:05:00.621972907 0xf37ecec0 gstpad.c:2803:gst_pad_iterate_internal_links_default:<q:audio_0> Making iterator
05-09 19:56:16.234  2029  2186 D GStreamer+GST_PADS: 0:05:00.622000875 0xf37ecf20 gstpad.c:3745:push_sticky:<capsfilter2:src> event segment was already received
05-09 19:56:16.234  2029  2185 D GStreamer+GST_PADS: 0:05:00.622012698 0xf37ecec0 gstpad.c:4009:gst_pad_peer_query:<q:sink> peer query 0xf3ac6c90 (seeking)
05-09 19:56:16.234  2029  2186 D GStreamer+GST_PADS: 0:05:00.622038740 0xf37ecf20 gstpad.c:3745:push_sticky:<capsfilter2:src> event tag was already received
05-09 19:56:16.234  2029  2185 D GStreamer+GST_PADS: 0:05:00.622050771 0xf37ecec0 gstpad.c:3882:gst_pad_query:<filesrc2:src> doing query 0xf3ac6c90 (seeking)
05-09 19:56:16.234  2029  2186 D GStreamer+GST_PADS: 0:05:00.622077438 0xf37ecf20 gstpad.c:3745:push_sticky:<capsfilter2:src> event tag was already received
05-09 19:56:16.234  2029  2185 D GStreamer+basesrc: 0:05:00.622098219 0xf37ecec0 gstbasesrc.c:1296:gst_base_src_default_query:<filesrc2> query seeking returns 1
05-09 19:56:16.234  2029  2186 D GStreamer+GST_MEMORY: 0:05:00.622118792 0xf37ecf20 gstmemory.c:87:_gst_memory_free free memory 0xf3d6f860
05-09 19:56:16.234  2029  2185 D GStreamer+GST_PADS: 0:05:00.622138792 0xf37ecec0 gstpad.c:3905:gst_pad_query:<filesrc2:src> sent query 0xf3ac6c90 (seeking), result 1
05-09 19:56:16.234  2029  2186 D GStreamer+GST_SCHEDULING: 0:05:00.622167959 0xf37ecf20 gstpad.c:4159:gst_pad_chain_data_unchecked:<capsfilter2:sink> called chainfunction &gst_base_transform_chain with buffer 0xf39e40d0, returned not-linked
05-09 19:56:16.234  2029  2185 D GStreamer+GST_PADS: 0:05:00.622200719 0xf37ecec0 gstpad.c:3905:gst_pad_query:<q:audio_0> sent query 0xf3ac6c90 (seeking), result 1
05-09 19:56:16.234  2029  2185 D GStreamer+GST_PADS: 0:05:00.622245250 0xf37ecec0 gstpad.c:3905:gst_pad_query:<queue6:src> sent query 0xf3ac6c90 (seeking), result 1
05-09 19:56:16.234  2029  2186 D GStreamer+baseparse: 0:05:00.622251917 0xf37ecf20 gstbaseparse.c:3153:gst_base_parse_chain:<h264parse2> not enough data available (only 0 bytes)
05-09 19:56:16.234  2029  2185 D GStreamer+GST_PADS: 0:05:00.622290979 0xf37ecec0 gstpad.c:3905:gst_pad_query:<sink:proxypad8> sent query 0xf3ac6c90 (seeking), result 1
05-09 19:56:16.234  2029  2186 D GStreamer+GST_SCHEDULING: 0:05:00.622308375 0xf37ecf20 gstpad.c:4159:gst_pad_chain_data_unchecked:<h264parse2:sink> called chainfunction &gst_base_parse_chain with buffer 0xf3b6b348, returned not-linked
05-09 19:56:16.234  2029  2185 D GStreamer+GST_PADS: 0:05:00.622337594 0xf37ecec0 gstpad.c:3905:gst_pad_query:<typefind:src> sent query 0xf3ac6c90 (seeking), result 1
05-09 19:56:16.234  2029  2186 D GStreamer+GST_SCHEDULING: 0:05:00.622369417 0xf37ecf20 gstpad.c:4159:gst_pad_chain_data_unchecked:<typefind:sink> called chainfunction &gst_type_find_element_chain with buffer 0xf3b6b348, returned not-linked
05-09 19:56:16.234  2029  2185 D GStreamer+baseparse: 0:05:00.622396657 0xf37ecec0 gstbaseparse.c:2003:gst_base_parse_check_seekability:<mpegaudioparse0> Limiting index entries to 4096, indexing byte interval 3663 bytes
05-09 19:56:16.234  2029  2186 D GStreamer+GST_SCHEDULING: 0:05:00.622423844 0xf37ecf20 gstpad.c:4159:gst_pad_chain_data_unchecked:<forhwgl:sink> called chainfunction &gst_proxy_pad_chain_default with buffer 0xf3b6b348, returned not-linked
05-09 19:56:16.234  2029  2185 D GStreamer+baseparse: 0:05:00.622455198 0xf37ecec0 gstbaseparse.c:2010:gst_base_parse_check_seekability:<mpegaudioparse0> seekable: 1 (0 - 15003960)
05-09 19:56:16.234  2029  2186 D GStreamer+GST_PADS: 0:05:00.622476188 0xf37ecf20 gstpad.c:5994:gst_pad_pause_task:<queue4:src> pause task
05-09 19:56:16.234  2029  2185 D GStreamer+baseparse: 0:05:00.622502229 0xf37ecec0 gstbaseparse.c:2014:gst_base_parse_check_seekability:<mpegaudioparse0> idx_interval: 500ms
05-09 19:56:16.234  2029  2186 D GStreamer+task: 0:05:00.622524625 0xf37ecf20 gsttask.c:682:gst_task_set_state:<queue4:src> Changing task 0xf3d1cc18 to state 2
05-09 19:56:16.234  2029  2185 D GStreamer+query: 0:05:00.622546396 0xf37ecec0 gstquery.c:674:gst_query_new_custom creating new query 0xf3d04350 duration
05-09 19:56:16.234  2029  2186 I GStreamer+task: 0:05:00.622564417 0xf37ecf20 gsttask.c:316:gst_task_func:<queue4:src> Task going to paused
05-09 19:56:16.234  2029  2185 D GStreamer+GST_PADS: 0:05:00.622589573 0xf37ecec0 gstpad.c:4009:gst_pad_peer_query:<mpegaudioparse0:sink> peer query 0xf3d04350 (duration)
05-09 19:56:16.234  2029  2185 D GStreamer+GST_PADS: 0:05:00.622626865 0xf37ecec0 gstpad.c:3882:gst_pad_query:<typefind:src> doing query 0xf3d04350 (duration)
05-09 19:56:16.234  2029  2185 D GStreamer+typefind: 0:05:00.622660563 0xf37ecec0 gsttypefindelement.c:365:gst_type_find_handle_src_query:<typefind> Handling src query duration
05-09 19:56:16.234  2029  2185 D GStreamer+GST_PADS: 0:05:00.622695771 0xf37ecec0 gstpad.c:3339:gst_pad_query_default:<typefind:src> forwarding 0xf3d04350 (duration) query
05-09 19:56:16.234  2029  2185 D GStreamer+GST_PADS: 0:05:00.622729625 0xf37ecec0 gstpad.c:2803:gst_pad_iterate_internal_links_default:<typefind:src> Making iterator
05-09 19:56:16.234  2029  2185 D GStreamer+GST_PADS: 0:05:00.622767542 0xf37ecec0 gstpad.c:4009:gst_pad_peer_query:<typefind:sink> peer query 0xf3d04350 (duration)
05-09 19:56:16.234  2029  2185 D GStreamer+GST_PADS: 0:05:00.622804052 0xf37ecec0 gstpad.c:3882:gst_pad_query:<sink:proxypad8> doing query 0xf3d04350 (duration)
05-09 19:56:16.234  2029  2185 D GStreamer+GST_PADS: 0:05:00.622841188 0xf37ecec0 gstpad.c:3339:gst_pad_query_default:<sink:proxypad8> forwarding 0xf3d04350 (duration) query
05-09 19:56:16.235  2029  2185 D GStreamer+GST_PADS: 0:05:00.622890927 0xf37ecec0 gstpad.c:4009:gst_pad_peer_query:<decodebin3:sink> peer query 0xf3d04350 (duration)
05-09 19:56:16.235  2029  2185 D GStreamer+GST_PADS: 0:05:00.622929157 0xf37ecec0 gstpad.c:3882:gst_pad_query:<queue6:src> doing query 0xf3d04350 (duration)
05-09 19:56:16.235  2029  2185 D GStreamer+GST_PADS: 0:05:00.622966865 0xf37ecec0 gstpad.c:3339:gst_pad_query_default:<queue6:src> forwarding 0xf3d04350 (duration) query
05-09 19:56:16.235  2029  2185 D GStreamer+GST_PADS: 0:05:00.623000354 0xf37ecec0 gstpad.c:2803:gst_pad_iterate_internal_links_default:<queue6:src> Making iterator
05-09 19:56:16.235  2029  2185 D GStreamer+GST_PADS: 0:05:00.623038011 0xf37ecec0 gstpad.c:4009:gst_pad_peer_query:<queue6:sink> peer query 0xf3d04350 (duration)
05-09 19:56:16.235  2029  2185 D GStreamer+GST_PADS: 0:05:00.623073532 0xf37ecec0 gstpad.c:3882:gst_pad_query:<q:audio_0> doing query 0xf3d04350 (duration)
05-09 19:56:16.235  2029  2185 D GStreamer+GST_PADS: 0:05:00.623111084 0xf37ecec0 gstpad.c:3339:gst_pad_query_default:<q:audio_0> forwarding 0xf3d04350 (duration) query
05-09 19:56:16.235  2029  2185 D GStreamer+GST_PADS: 0:05:00.623143740 0xf37ecec0 gstpad.c:2803:gst_pad_iterate_internal_links_default:<q:audio_0> Making iterator
05-09 19:56:16.235  2029  2185 D GStreamer+GST_PADS: 0:05:00.623181084 0xf37ecec0 gstpad.c:4009:gst_pad_peer_query:<q:sink> peer query 0xf3d04350 (duration)
05-09 19:56:16.235  2029  2185 D GStreamer+GST_PADS: 0:05:00.623217177 0xf37ecec0 gstpad.c:3882:gst_pad_query:<filesrc2:src> doing query 0xf3d04350 (duration)
05-09 19:56:16.235  2029  2185 D GStreamer+basesrc: 0:05:00.623253323 0xf37ecec0 gstbasesrc.c:1056:gst_base_src_default_query:<filesrc2> duration query in format time
05-09 19:56:16.235  2029  2185 D GStreamer+basesrc: 0:05:00.623296396 0xf37ecec0 gstbasesrc.c:2355:gst_base_src_update_length:<filesrc2> reading offset 0, length 0, size 15003960, segment.stop -1, maxsize 15003960
05-09 19:56:16.235  2029  2185 D GStreamer+query: 0:05:00.623336448 0xf37ecec0 gstquery.c:674:gst_query_new_custom creating new query 0xf3d042c0 convert
05-09 19:56:16.235  2029  2185 D GStreamer+GST_PADS: 0:05:00.623370146 0xf37ecec0 gstpad.c:3882:gst_pad_query:<filesrc2:src> doing query 0xf3d042c0 (convert)
05-09 19:56:16.235  2029  2185 D GStreamer+basesrc: 0:05:00.623408948 0xf37ecec0 gstbasesrc.c:1296:gst_base_src_default_query:<filesrc2> query convert returns 0
05-09 19:56:16.235  2029  2185 D GStreamer+GST_PADS: 0:05:00.623444573 0xf37ecec0 gstpad.c:3905:gst_pad_query:<filesrc2:src> sent query 0xf3d042c0 (convert), result 0
05-09 19:56:16.235  2029  2185 D GStreamer+GST_PADS: 0:05:00.623477282 0xf37ecec0 gstpad.c:3950:gst_pad_query:<filesrc2:src> query failed
05-09 19:56:16.235  2029  2185 D GStreamer+basesrc: 0:05:00.623512907 0xf37ecec0 gstbasesrc.c:1296:gst_base_src_default_query:<filesrc2> query duration returns 0
05-09 19:56:16.235  2029  2185 D GStreamer+GST_PADS: 0:05:00.623548532 0xf37ecec0 gstpad.c:3905:gst_pad_query:<filesrc2:src> sent query 0xf3d04350 (duration), result 0
05-09 19:56:16.235  2029  2185 D GStreamer+GST_PADS: 0:05:00.623580979 0xf37ecec0 gstpad.c:3950:gst_pad_query:<filesrc2:src> query failed
05-09 19:56:16.235  2029  2185 D GStreamer+GST_PADS: 0:05:00.623613323 0xf37ecec0 gstpad.c:4071:gst_pad_peer_query:<q:sink> query failed
05-09 19:56:16.235  2029  2185 D GStreamer+GST_PADS: 0:05:00.623653584 0xf37ecec0 gstpad.c:3905:gst_pad_query:<q:audio_0> sent query 0xf3d04350 (duration), result 1
05-09 19:56:16.235  2029  2185 D GStreamer+GST_PADS: 0:05:00.623692334 0xf37ecec0 gstpad.c:3905:gst_pad_query:<queue6:src> sent query 0xf3d04350 (duration), result 1
05-09 19:56:16.235  2029  2185 D GStreamer+GST_PADS: 0:05:00.623731448 0xf37ecec0 gstpad.c:3905:gst_pad_query:<sink:proxypad8> sent query 0xf3d04350 (duration), result 1
05-09 19:56:16.235  2029  2185 D GStreamer+GST_PADS: 0:05:00.623769938 0xf37ecec0 gstpad.c:3905:gst_pad_query:<typefind:src> sent query 0xf3d04350 (duration), result 1
05-09 19:56:16.235  2029  2185 D GStreamer+GST_BUS: 0:05:00.623829209 0xf37ecec0 gstbus.c:309:gst_bus_post:<bus10> [msg 0xf3d32ac8] posting on bus duration-changed message: 0xf3d32ac8, time 99:99:99.999999999, seq-num 1719, element 'mpegaudioparse0', GstMessageDurationChanged;
05-09 19:56:16.236  2029  2185 D GStreamer+bin: 0:05:00.623867229 0xf37ecec0 gstbin.c:3528:gst_bin_handle_message_func:<decodebin3> [msg 0xf3d32ac8] handling child mpegaudioparse0 message of type duration-changed
05-09 19:56:16.236  2029  2185 D GStreamer+bin: 0:05:00.623911604 0xf37ecec0 gstbin.c:3865:gst_bin_handle_message_func:<decodebin3> posting message upward
05-09 19:56:16.236  2029  2185 D GStreamer+GST_BUS: 0:05:00.623965146 0xf37ecec0 gstbus.c:309:gst_bus_post:<bus12> [msg 0xf3d32ac8] posting on bus duration-changed message: 0xf3d32ac8, time 99:99:99.999999999, seq-num 1719, element 'mpegaudioparse0', GstMessageDurationChanged;
05-09 19:56:16.236  2029  2185 D GStreamer+bin: 0:05:00.624001917 0xf37ecec0 gstbin.c:3528:gst_bin_handle_message_func:<pipeline2> [msg 0xf3d32ac8] handling child mpegaudioparse0 message of type duration-changed
05-09 19:56:16.236  2029  2185 D GStreamer+bin: 0:05:00.624032594 0xf37ecec0 gstbin.c:3865:gst_bin_handle_message_func:<pipeline2> posting message upward
05-09 19:56:16.236  2029  2185 D GStreamer+GST_BUS: 0:05:00.624083584 0xf37ecec0 gstbus.c:309:gst_bus_post:<bus13> [msg 0xf3d32ac8] posting on bus duration-changed message: 0xf3d32ac8, time 99:99:99.999999999, seq-num 1719, element 'mpegaudioparse0', GstMessageDurationChanged;
05-09 19:56:16.236  2029  2185 D GStreamer+GST_BUS: 0:05:00.624116917 0xf37ecec0 gstbus.c:348:gst_bus_post:<bus13> [msg 0xf3d32ac8] pushing on async queue
05-09 19:56:16.236  2029  2185 D GStreamer+GST_BUS: 0:05:00.624149313 0xf37ecec0 gstbus.c:351:gst_bus_post:<bus13> [msg 0xf3d32ac8] pushed on async queue
05-09 19:56:16.236  2029  2185 D GStreamer+GST_BUS: 0:05:00.624181448 0xf37ecec0 gstbus.c:344:gst_bus_post:<bus12> [msg 0xf3d32ac8] dropped
05-09 19:56:16.236  2029  2185 D GStreamer+GST_BUS: 0:05:00.624213375 0xf37ecec0 gstbus.c:344:gst_bus_post:<bus10> [msg 0xf3d32ac8] dropped
05-09 19:56:16.236  2029  2185 D GStreamer+baseparse: 0:05:00.624249469 0xf37ecec0 gstbaseparse.c:3730:gst_base_parse_set_duration:<mpegaudioparse0> set duration: 7199000000
05-09 19:56:16.236  2029  2185 D GStreamer+baseparse: 0:05:00.624282073 0xf37ecec0 gstbaseparse.c:3737:gst_base_parse_set_duration:<mpegaudioparse0> set update interval: 0
05-09 19:56:16.236  2029  2185 D GStreamer+baseparse: 0:05:00.624314782 0xf37ecec0 gstbaseparse.c:2033:gst_base_parse_check_upstream:<mpegaudioparse0> upstream_has_duration: 1
05-09 19:56:16.236  2029  2185 D GStreamer+GST_MEMORY: 0:05:00.624348688 0xf37ecec0 gstmemory.c:87:_gst_memory_free free memory 0xf380e9e8
05-09 19:56:16.236  2029  2185 D GStreamer+GST_CAPS: 0:05:00.624406813 0xf37ecec0 gstpad.c:2621:gst_pad_has_current_caps:<mpegaudioparse0:src> check current pad caps audio/mpeg, mpegversion=(int)1, mpegaudioversion=(int)2, layer=(int)3, rate=(int)24000, channels=(int)1, parsed=(boolean)true
05-09 19:56:16.236  2029  2185 D GStreamer+GST_CAPS: 0:05:00.624462125 0xf37ecec0 gstpad.c:2648:gst_pad_get_current_caps:<mpegaudioparse0:src> get current pad caps audio/mpeg, mpegversion=(int)1, mpegaudioversion=(int)2, layer=(int)3, rate=(int)24000, channels=(int)1, parsed=(boolean)true
05-09 19:56:16.236  2029  2185 D GStreamer+baseparse: 0:05:00.624498584 0xf37ecec0 gstbaseparse.c:2056:gst_base_parse_check_media:<mpegaudioparse0> media is video: 0
05-09 19:56:16.236  2029  2185 D GStreamer+GST_PADS: 0:05:00.624533375 0xf37ecec0 gstpad.c:3813:check_sticky:<mpegaudioparse0:src> pushing all sticky events
05-09 19:56:16.236  2029  2185 D GStreamer+GST_PADS: 0:05:00.624569677 0xf37ecec0 gstpad.c:3745:push_sticky:<mpegaudioparse0:src> event stream-start was already received
05-09 19:56:16.236  2029  2185 D GStreamer+GST_PADS: 0:05:00.624605094 0xf37ecec0 gstpad.c:3745:push_sticky:<mpegaudioparse0:src> event caps was already received
05-09 19:56:16.236  2029  2185 D GStreamer+GST_EVENT: 0:05:00.624730146 0xf37ecec0 gstpad.c:5496:gst_pad_send_event_unchecked:<amcaudiodec-omxgooglemp3decoder0:sink> have event type segment event: 0xf39224f0, time 99:99:99.999999999, seq-num 1592, GstEventSegment, segment=(GstSegment)"GstSegment, flags=(GstSegmentFlags)GST_SEGMENT_FLAG_NONE, rate=(double)1, applied-rate=(double)1, format=(GstFormat)GST_FORMAT_TIME, base=(guint64)0, offset=(guint64)0, start=(guint64)0, stop=(guint64)7176000000, time=(guint64)0, position=(guint64)0, duration=(guint64)18446744073709551615;";
05-09 19:56:16.236  2029  2185 D GStreamer+audiodecoder: 0:05:00.624773011 0xf37ecec0 gstaudiodecoder.c:2327:gst_audio_decoder_sink_event:<amcaudiodec-omxgooglemp3decoder0> received event 17934, segment
05-09 19:56:16.236  2029  2185 D GStreamer+audiodecoder: 0:05:00.624848792 0xf37ecec0 gstaudiodecoder.c:2163:gst_audio_decoder_sink_eventfunc:<amcaudiodec-omxgooglemp3decoder0> received TIME SEGMENT time segment start=0:00:00.000000000, offset=0:00:00.000000000, stop=0:00:07.176000000, rate=1.000000, applied_rate=1.000000, flags=0x00, time=0:00:00.000000000, base=0:00:00.000000000, position 0:00:00.000000000, duration 99:99:99.999999999
05-09 19:56:16.237  2029  2185 D GStreamer+GST_PADS: 0:05:00.624896761 0xf37ecec0 gstpad.c:5569:gst_pad_send_event_unchecked:<amcaudiodec-omxgooglemp3decoder0:sink> sent event, ret ok
05-09 19:56:16.237  2029  2185 D GStreamer+GST_PADS: 0:05:00.624934886 0xf37ecec0 gstpad.c:3765:push_sticky:<mpegaudioparse0:src> event segment marked received
05-09 19:56:16.237  2029  2185 D GStreamer+GST_PADS: 0:05:00.624970354 0xf37ecec0 gstpad.c:3813:check_sticky:<mpegaudioparse0:src> pushing all sticky events
05-09 19:56:16.237  2029  2185 D GStreamer+GST_PADS: 0:05:00.625005719 0xf37ecec0 gstpad.c:3745:push_sticky:<mpegaudioparse0:src> event stream-start was already received
05-09 19:56:16.237  2029  2185 D GStreamer+GST_PADS: 0:05:00.625040459 0xf37ecec0 gstpad.c:3745:push_sticky:<mpegaudioparse0:src> event caps was already received
05-09 19:56:16.237  2029  2185 D GStreamer+GST_PADS: 0:05:00.625075146 0xf37ecec0 gstpad.c:3745:push_sticky:<mpegaudioparse0:src> event segment was already received
05-09 19:56:16.237  2029  2185 D GStreamer+GST_EVENT: 0:05:00.625148323 0xf37ecec0 gstpad.c:5496:gst_pad_send_event_unchecked:<amcaudiodec-omxgooglemp3decoder0:sink> have event type tag event: 0xf3d33940, time 99:99:99.999999999, seq-num 1655, GstTagList-stream, taglist=(taglist)"taglist\,\ audio-codec\=\(string\)\"MPEG-1\\\ audio\"\,\ maximum-bitrate\=\(uint\)48000\,\ bitrate\=\(uint\)48000\,\ language-code\=\(string\)en\;";
05-09 19:56:16.237  2029  2185 D GStreamer+audiodecoder: 0:05:00.625187907 0xf37ecec0 gstaudiodecoder.c:2327:gst_audio_decoder_sink_event:<amcaudiodec-omxgooglemp3decoder0> received event 20510, tag
05-09 19:56:16.237  2029  2185 I GStreamer+audiodecoder: 0:05:00.625236240 0xf37ecec0 gstaudiodecoder.c:2281:gst_audio_decoder_sink_eventfunc:<amcaudiodec-omxgooglemp3decoder0> upstream stream tags: taglist, audio-codec=(string)"MPEG-1\ audio", maximum-bitrate=(uint)48000, bitrate=(uint)48000, language-code=(string)en;
05-09 19:56:16.237  2029  2185 D GStreamer+audiodecoder: 0:05:00.625291188 0xf37ecec0 gstaudiodecoder.c:587:gst_audio_decoder_create_merged_tags_event:<amcaudiodec-omxgooglemp3decoder0> merged   : taglist, audio-codec=(string)"MPEG-1\ audio", maximum-bitrate=(uint)48000, bitrate=(uint)48000, language-code=(string)en;
05-09 19:56:16.237  2029  2185 D GStreamer+GST_EVENT: 0:05:00.625330407 0xf37ecec0 gstevent.c:302:gst_event_new_custom creating new event 0xf3d33b38 tag 20510
05-09 19:56:16.237  2029  2185 D GStreamer+audiodecoder: 0:05:00.625364417 0xf37ecec0 gstaudiodecoder.c:2303:gst_audio_decoder_sink_eventfunc:<amcaudiodec-omxgooglemp3decoder0> Enqueuing event 20510, tag
05-09 19:56:16.237  2029  2185 D GStreamer+GST_PADS: 0:05:00.625399729 0xf37ecec0 gstpad.c:5569:gst_pad_send_event_unchecked:<amcaudiodec-omxgooglemp3decoder0:sink> sent event, ret ok
05-09 19:56:16.237  2029  2185 D GStreamer+GST_PADS: 0:05:00.625437177 0xf37ecec0 gstpad.c:3765:push_sticky:<mpegaudioparse0:src> event tag marked received
05-09 19:56:16.237  2029  2185 D GStreamer+GST_PADS: 0:05:00.625472646 0xf37ecec0 gstpad.c:3813:check_sticky:<mpegaudioparse0:src> pushing all sticky events
05-09 19:56:16.237  2029  2185 D GStreamer+GST_PADS: 0:05:00.625508063 0xf37ecec0 gstpad.c:3745:push_sticky:<mpegaudioparse0:src> event stream-start was already received
05-09 19:56:16.237  2029  2185 D GStreamer+GST_PADS: 0:05:00.625543375 0xf37ecec0 gstpad.c:3745:push_sticky:<mpegaudioparse0:src> event caps was already received
05-09 19:56:16.237  2029  2185 D GStreamer+GST_PADS: 0:05:00.625577386 0xf37ecec0 gstpad.c:3745:push_sticky:<mpegaudioparse0:src> event segment was already received
05-09 19:56:16.237  2029  2185 D GStreamer+GST_PADS: 0:05:00.625613532 0xf37ecec0 gstpad.c:3745:push_sticky:<mpegaudioparse0:src> event tag was already received
05-09 19:56:16.237  2029  2185 D GStreamer+GST_EVENT: 0:05:00.625697282 0xf37ecec0 gstpad.c:5496:gst_pad_send_event_unchecked:<amcaudiodec-omxgooglemp3decoder0:sink> have event type tag event: 0xf3dd1098, time 99:99:99.999999999, seq-num 1594, GstTagList-global, taglist=(taglist)"taglist\,\ datetime\=\(datetime\)2016-05-10T02:46:01Z\,\ container-format\=\(string\)\"ISO\\\ MP4/M4A\"\;";
05-09 19:56:16.237  2029  2185 D GStreamer+audiodecoder: 0:05:00.625736969 0xf37ecec0 gstaudiodecoder.c:2327:gst_audio_decoder_sink_event:<amcaudiodec-omxgooglemp3decoder0> received event 20510, tag
05-09 19:56:16.237  2029  2185 D GStreamer+audiodecoder: 0:05:00.625774469 0xf37ecec0 gstaudiodecoder.c:2303:gst_audio_decoder_sink_eventfunc:<amcaudiodec-omxgooglemp3decoder0> Enqueuing event 20510, tag
05-09 19:56:16.237  2029  2185 D GStreamer+GST_PADS: 0:05:00.625809886 0xf37ecec0 gstpad.c:5569:gst_pad_send_event_unchecked:<amcaudiodec-omxgooglemp3decoder0:sink> sent event, ret ok
05-09 19:56:16.237  2029  2185 D GStreamer+GST_PADS: 0:05:00.625846813 0xf37ecec0 gstpad.c:3765:push_sticky:<mpegaudioparse0:src> event tag marked received
05-09 19:56:16.238  2029  2185 D GStreamer+GST_CAPS: 0:05:00.625923532 0xf37ecec0 gstpad.c:2648:gst_pad_get_current_caps:<mpegaudioparse0:src> get current pad caps audio/mpeg, mpegversion=(int)1, mpegaudioversion=(int)2, layer=(int)3, rate=(int)24000, channels=(int)1, parsed=(boolean)true
05-09 19:56:16.238  2029  2185 D GStreamer+baseparse: 0:05:00.625998427 0xf37ecec0 gstbaseparse.c:4884:gst_base_parse_merge_tags:<mpegaudioparse0> setting parser tags to taglist, has-crc=(boolean)false, channel-mode=(string)mono, audio-codec=(string)"MPEG-1\ Layer\ 3\ \(MP3\)", nominal-bitrate=(uint)48000; (mode 2)
05-09 19:56:16.238  2029  2185 D GStreamer+GST_SCHEDULING: 0:05:00.626068479 0xf37ecec0 gstpad.c:4153:gst_pad_chain_data_unchecked:<amcaudiodec-omxgooglemp3decoder0:sink> calling chainfunction &gst_audio_decoder_chain with buffer buffer: 0xf39e2a98, pts 0:00:00.000000000, dts 0:00:00.000000000, dur 0:00:00.024000000, size 144, offset 0, offset_end none, flags 0x0
05-09 19:56:16.238  2029  2185 D GStreamer+GST_CAPS: 0:05:00.626125511 0xf37ecec0 gstpad.c:2621:gst_pad_has_current_caps:<amcaudiodec-omxgooglemp3decoder0:sink> check current pad caps audio/mpeg, mpegversion=(int)1, mpegaudioversion=(int)2, layer=(int)3, rate=(int)24000, channels=(int)1, parsed=(boolean)true
05-09 19:56:16.238  2029  2185 D GStreamer+audiodecoder: 0:05:00.626165615 0xf37ecec0 gstaudiodecoder.c:1476:gst_audio_decoder_push_buffers:<amcaudiodec-omxgooglemp3decoder0> available: 144
05-09 19:56:16.238  2029  2185 D GStreamer+amcaudiodec: 0:05:00.626202959 0xf37ecec0 gstamcaudiodec.c:1050:gst_amc_audio_dec_handle_frame:<amcaudiodec-omxgooglemp3decoder0> Handling frame
05-09 19:56:16.238  2029  2175 D GStreamer+bin: 0:05:00.626271917 0xf3d9e340 gstbin.c:889:find_message:<glimagesinkbin2>   async-start
05-09 19:56:16.238  2029  2175 D GStreamer+bin: 0:05:00.626323584 0xf3d9e340 gstbin.c:2411:gst_bin_element_set_state:<glimagesinkbin2> setting element glcolorbalance2 to READY, base_time 0:00:00.000000000
05-09 19:56:16.238  2029  2175 D GStreamer+GST_STATES: 0:05:00.626359313 0xf3d9e340 gstelement.c:2523:gst_element_set_state_func:<glcolorbalance2> set_state to READY
05-09 19:56:16.238  2029  2175 D GStreamer+GST_STATES: 0:05:00.626392021 0xf3d9e340 gstelement.c:2548:gst_element_set_state_func:<glcolorbalance2> setting target state to READY
05-09 19:56:16.238  2029  2175 D GStreamer+GST_STATES: 0:05:00.626429104 0xf3d9e340 gstelement.c:2561:gst_element_set_state_func:<glcolorbalance2> current PAUSED, old_pending VOID_PENDING, next VOID_PENDING, old return SUCCESS
05-09 19:56:16.238  2029  2175 D GStreamer+GST_STATES: 0:05:00.626464104 0xf3d9e340 gstelement.c:2595:gst_element_set_state_func:<glcolorbalance2> final: setting state from PAUSED to READY
05-09 19:56:16.238  2029  2175 D GStreamer+glbasefilter: 0:05:00.626500667 0xf3d9e340 gstglbasefilter.c:467:gst_gl_base_filter_change_state:<glcolorbalance2> changing state: PAUSED => READY
05-09 19:56:16.238  2029  2175 D GStreamer+GST_ELEMENT_PADS: 0:05:00.626534625 0xf3d9e340 gstelement.c:2793:gst_element_pads_activate:<glcolorbalance2> deactivate pads
05-09 19:56:16.238  2029  2175 D GStreamer+GST_PADS: 0:05:00.626574573 0xf3d9e340 gstpad.c:1071:gst_pad_set_active:<glcolorbalance2:src> deactivating pad from push mode
05-09 19:56:16.238  2029  2175 D GStreamer+GST_PADS: 0:05:00.626608115 0xf3d9e340 gstpad.c:960:pre_activate:<glcolorbalance2:src> setting PAD_MODE NONE, set flushing
05-09 19:56:16.238  2029  2175 D GStreamer+GST_PADS: 0:05:00.626642542 0xf3d9e340 gstpad.c:1008:post_activate:<glcolorbalance2:src> stopped streaming
05-09 19:56:16.238  2029  2175 D GStreamer+GST_PADS: 0:05:00.626680094 0xf3d9e340 gstpad.c:1198:gst_pad_activate_mode:<glcolorbalance2:src> deactivated in push mode
05-09 19:56:16.238  2029  2175 D GStreamer+GST_PADS: 0:05:00.626719573 0xf3d9e340 gstpad.c:1071:gst_pad_set_active:<glcolorbalance2:sink> deactivating pad from push mode
05-09 19:56:16.238  2029  2175 D GStreamer+GST_PADS: 0:05:00.626754469 0xf3d9e340 gstpad.c:960:pre_activate:<glcolorbalance2:sink> setting PAD_MODE NONE, set flushing
05-09 19:56:16.238  2029  2175 D GStreamer+GST_PADS: 0:05:00.626791865 0xf3d9e340 gstpad.c:1008:post_activate:<glcolorbalance2:sink> stopped streaming
05-09 19:56:16.238  2029  2175 D GStreamer+GST_PADS: 0:05:00.626828636 0xf3d9e340 gstpad.c:1198:gst_pad_activate_mode:<glcolorbalance2:sink> deactivated in push mode
05-09 19:56:16.239  2029  2175 D GStreamer+GST_ELEMENT_PADS: 0:05:00.626863792 0xf3d9e340 gstelement.c:2812:gst_element_pads_activate:<glcolorbalance2> pad deactivation successful
05-09 19:56:16.239  2029  2175 D GStreamer+GST_STATES: 0:05:00.626926240 0xf3d9e340 gstelement.c:2684:gst_element_change_state:<glcolorbalance2> element changed state SUCCESS
05-09 19:56:16.239  2029  2175 I GStreamer+GST_STATES: 0:05:00.626960302 0xf3d9e340 gstelement.c:2372:gst_element_continue_state:<glcolorbalance2> completed state change to READY
05-09 19:56:16.239  2029  2175 I GStreamer+GST_STATES: 0:05:00.626996865 0xf3d9e340 gstelement.c:2277:_priv_gst_element_state_changed:<glcolorbalance2> notifying about state-changed PAUSED to READY (VOID_PENDING pending)
05-09 19:56:16.239  2029  2185 D GStreamer+amcaudiodec: 0:05:00.627030927 0xf37ecec0 gstamcaudiodec.c:1170:gst_amc_audio_dec_handle_frame:<amcaudiodec-omxgooglemp3decoder0> Queueing buffer 0: size 144 time 0 flags 0x00000001
05-09 19:56:16.239  2029  2175 D GStreamer+GST_BUS: 0:05:00.627099469 0xf3d9e340 gstbus.c:309:gst_bus_post:<bus9> [msg 0xf37f5d78] posting on bus state-changed message: 0xf37f5d78, time 99:99:99.999999999, seq-num 1721, element 'glcolorbalance2', GstMessageStateChanged, old-state=(GstState)GST_STATE_PAUSED, new-state=(GstState)GST_STATE_READY, pending-state=(GstState)GST_STATE_VOID_PENDING;
05-09 19:56:16.239  2029  2175 D GStreamer+bin: 0:05:00.627137959 0xf3d9e340 gstbin.c:3528:gst_bin_handle_message_func:<glimagesinkbin2> [msg 0xf37f5d78] handling child glcolorbalance2 message of type state-changed
05-09 19:56:16.239  2029  2175 D GStreamer+bin: 0:05:00.627171969 0xf3d9e340 gstbin.c:3865:gst_bin_handle_message_func:<glimagesinkbin2> posting message upward
