05-09 19:56:16.210  2029  2186 W GStreamer+decodebin: 0:05:00.597939625 0xf37ecf20 gstdecodebin2.c:4581:gst_decode_bin_expose:<forhwgl> error: no suitable plugins found:
05-09 19:56:16.210  2029  2186 W GStreamer+decodebin: Missing decoder: H.264 (Baseline Profile) (video/x-h264, parsed=(boolean)true, stream-format=(string)avc, alignment=(string)au, width=(int)1280, height=(int)1440, framerate=(fraction)151/3, profile=(string)baseline)
05-09 19:56:16.210  2029  2186 W GStreamer+decodebin: 
05-09 19:56:16.210  2029  2175 D GStreamer+bin: 0:05:00.597953532 0xf3d9e340 gstbin.c:882:find_message:<autoaudiosink0> no message found matching types 00001000
05-09 19:56:16.210  2029  2186 D GStreamer+GST_MESSAGE: 0:05:00.597974729 0xf37ecf20 gstelement.c:1848:gst_element_message_full:<forhwgl> start
05-09 19:56:16.210  2029  2175 D GStreamer+bin: 0:05:00.597987073 0xf3d9e340 gstbin.c:889:find_message:<autoaudiosink0>   structure-change
05-09 19:56:16.210  2029  2175 D GStreamer+bin: 0:05:00.598034157 0xf3d9e340 gstbin.c:2121:update_degree:<autoaudiosink0> element autoaudiosink0-actual-sink-opensles not linked on any sinkpads
05-09 19:56:16.210  2029  2175 I GStreamer+GST_STATES: 0:05:00.598086084 0xf3d9e340 gstbin.c:2316:gst_bin_element_set_state:<autoaudiosink0-actual-sink-opensles> current READY pending PAUSED, desired next READY
05-09 19:56:16.210  2029  2175 D GStreamer+bin: 0:05:00.598121188 0xf3d9e340 gstbin.c:882:find_message:<autoaudiosink0> no message found matching types 00100000
05-09 19:56:16.210  2029  2175 D GStreamer+bin: 0:05:00.598154261 0xf3d9e340 gstbin.c:889:find_message:<autoaudiosink0>   async-start
05-09 19:56:16.210  2029  2175 D GStreamer+bin: 0:05:00.598193688 0xf3d9e340 gstbin.c:2411:gst_bin_element_set_state:<autoaudiosink0> setting element autoaudiosink0-actual-sink-opensles to READY, base_time 0:00:00.000000000
05-09 19:56:16.210  2029  2186 I GStreamer+GST_ERROR_SYSTEM: 0:05:00.598065042 0xf37ecf20 gstelement.c:1879:gst_element_message_full:<forhwgl> posting message: Your GStreamer installation is missing a plug-in.
05-09 19:56:16.210  2029  2175 D GStreamer+GST_STATES: 0:05:00.598231240 0xf3d9e340 gstelement.c:2523:gst_element_set_state_func:<autoaudiosink0-actual-sink-opensles> set_state to READY
05-09 19:56:16.210  2029  2175 D GStreamer+GST_STATES: 0:05:00.598264052 0xf3d9e340 gstelement.c:2548:gst_element_set_state_func:<autoaudiosink0-actual-sink-opensles> setting target state to READY
05-09 19:56:16.210  2029  2186 W GStreamer+structure: 0:05:00.598287177 0xf37ecf20 gststructure.c:1935:priv_gst_structure_append_to_gstring No value transform to serialize field 'gerror' of type 'GError'
05-09 19:56:16.210  2029  2175 D GStreamer+GST_STATES: 0:05:00.598313323 0xf3d9e340 gstelement.c:2561:gst_element_set_state_func:<autoaudiosink0-actual-sink-opensles> current READY, old_pending PAUSED, next PAUSED, old return ASYNC
05-09 19:56:16.210  2029  2175 D GStreamer+GST_STATES: 0:05:00.598367959 0xf3d9e340 gstelement.c:2595:gst_element_set_state_func:<autoaudiosink0-actual-sink-opensles> final: setting state from PAUSED to READY
05-09 19:56:16.210  2029  2186 D GStreamer+GST_BUS: 0:05:00.598385875 0xf37ecf20 gstbus.c:309:gst_bus_post:<bus12> [msg 0xf3d32458] posting on bus error message: 0xf3d32458, time 99:99:99.999999999, seq-num 1702, element 'forhwgl', GstMessageError, gerror=(GError)NULL, debug=(string)"gstdecodebin2.c\(4581\):\ gst_decode_bin_expose\ \(\):\ /GstPipeline:pipeline2/GstDecodeBin:forhwgl:\012no\ suitable\ plugins\ found:\012Missing\ decoder:\ H.264\ \(Baseline\ Profile\)\ \(video/x-h264\,\ parsed\=\(boolean\)true\,\ stream-format\=\(string\)avc\,\ alignment\=\(string\)au\,\ width\=\(int\)1280\,\ height\=\(int\)1440\,\ framerate\=\(fraction\)151/3\,\ profile\=\(string\)baseline\)\012";
05-09 19:56:16.210  2029  2186 D GStreamer+bin: 0:05:00.598442854 0xf37ecf20 gstbin.c:3528:gst_bin_handle_message_func:<pipeline2> [msg 0xf3d32458] handling child forhwgl message of type error
05-09 19:56:16.210  2029  2175 D GStreamer+GST_BUS: 0:05:00.598465302 0xf3d9e340 gstbus.c:309:gst_bus_post:<bus11> [msg 0xf3ad4668] posting on bus clock-lost message: 0xf3ad4668, time 99:99:99.999999999, seq-num 1703, element 'autoaudiosink0-actual-sink-opensles', GstMessageClockLost, clock=(GstClock)"\(GstAudioClock\)\ GstAudioSinkClock";
05-09 19:56:16.210  2029  2175 D GStreamer+bin: 0:05:00.598509209 0xf3d9e340 gstbin.c:3528:gst_bin_handle_message_func:<autoaudiosink0> [msg 0xf3ad4668] handling child autoaudiosink0-actual-sink-opensles message of type clock-lost
05-09 19:56:16.210  2029  2186 D GStreamer+bin: 0:05:00.598514938 0xf37ecf20 gstbin.c:3535:gst_bin_handle_message_func:<pipeline2> got ERROR message, unlocking state change
05-09 19:56:16.210  2029  2175 D GStreamer+bin: 0:05:00.598551292 0xf3d9e340 gstbin.c:3685:gst_bin_handle_message_func:<autoaudiosink0> provided 0, playing 0, forward 0
05-09 19:56:16.210  2029  2186 D GStreamer+bin: 0:05:00.598567542 0xf37ecf20 gstbin.c:3865:gst_bin_handle_message_func:<pipeline2> posting message upward
05-09 19:56:16.210  2029  2175 D GStreamer+GST_BUS: 0:05:00.598589938 0xf3d9e340 gstbus.c:344:gst_bus_post:<bus11> [msg 0xf3ad4668] dropped
05-09 19:56:16.210  2029  2186 W GStreamer+structure: 0:05:00.598625979 0xf37ecf20 gststructure.c:1935:priv_gst_structure_append_to_gstring No value transform to serialize field 'gerror' of type 'GError'
05-09 19:56:16.210  2029  2175 D GStreamer+ringbuffer: 0:05:00.598640563 0xf3d9e340 gstaudioringbuffer.c:991:gst_audio_ring_buffer_pause_unlocked:<openslesringbuffer0> pausing ringbuffer
05-09 19:56:16.210  2029  2175 D GStreamer+ringbuffer: 0:05:00.598679521 0xf3d9e340 gstaudioringbuffer.c:1020:gst_audio_ring_buffer_pause_unlocked:<openslesringbuffer0> was not started
05-09 19:56:16.210  2029  2186 D GStreamer+GST_BUS: 0:05:00.598689625 0xf37ecf20 gstbus.c:309:gst_bus_post:<bus13> [msg 0xf3d32458] posting on bus error message: 0xf3d32458, time 99:99:99.999999999, seq-num 1702, element 'forhwgl', GstMessageError, gerror=(GError)NULL, debug=(string)"gstdecodebin2.c\(4581\):\ gst_decode_bin_expose\ \(\):\ /GstPipeline:pipeline2/GstDecodeBin:forhwgl:\012no\ suitable\ plugins\ found:\012Missing\ decoder:\ H.264\ \(Baseline\ Profile\)\ \(video/x-h264\,\ parsed\=\(boolean\)true\,\ stream-format\=\(string\)avc\,\ alignment\=\(string\)au\,\ width\=\(int\)1280\,\ height\=\(int\)1440\,\ framerate\=\(fraction\)151/3\,\ profile\=\(string\)baseline\)\012";
05-09 19:56:16.210  2029  2175 D GStreamer+GST_ELEMENT_PADS: 0:05:00.598719834 0xf3d9e340 gstelement.c:2793:gst_element_pads_activate:<autoaudiosink0-actual-sink-opensles> deactivate pads
05-09 19:56:16.210  2029  2186 D GStreamer+GST_BUS: 0:05:00.598736865 0xf37ecf20 gstbus.c:348:gst_bus_post:<bus13> [msg 0xf3d32458] pushing on async queue
05-09 19:56:16.210  2029  2175 D GStreamer+GST_PADS: 0:05:00.598767594 0xf3d9e340 gstpad.c:1071:gst_pad_set_active:<autoaudiosink0-actual-sink-opensles:sink> deactivating pad from push mode
05-09 19:56:16.210  2029  2186 D GStreamer+GST_BUS: 0:05:00.598776188 0xf37ecf20 gstbus.c:351:gst_bus_post:<bus13> [msg 0xf3d32458] pushed on async queue
05-09 19:56:16.210  2029  2175 D GStreamer+GST_PADS: 0:05:00.598808479 0xf3d9e340 gstpad.c:960:pre_activate:<autoaudiosink0-actual-sink-opensles:sink> setting PAD_MODE NONE, set flushing
05-09 19:56:16.210  2029  2186 D GStreamer+GST_BUS: 0:05:00.598825667 0xf37ecf20 gstbus.c:344:gst_bus_post:<bus12> [msg 0xf3d32458] dropped
05-09 19:56:16.210  2029  2175 D GStreamer+basesink: 0:05:00.598846865 0xf3d9e340 gstbasesink.c:4144:gst_base_sink_set_flushing:<autoaudiosink0-actual-sink-opensles> flushing out data thread, need preroll to TRUE
05-09 19:56:16.211  2029  2186 I GStreamer+GST_ERROR_SYSTEM: 0:05:00.598881448 0xf37ecf20 gstelement.c:1902:gst_element_message_full:<forhwgl> posted error message: Your GStreamer installation is missing a plug-in.
05-09 19:56:16.211  2029  2175 D GStreamer+GST_PADS: 0:05:00.598907021 0xf3d9e340 gstpad.c:1008:post_activate:<autoaudiosink0-actual-sink-opensles:sink> stopped streaming
05-09 19:56:16.211  2029  2186 W GStreamer+decodebin: 0:05:00.598917334 0xf37ecf20 gstdecodebin2.c:2942:pad_added_cb:<forhwgl> Couldn't expose group
05-09 19:56:16.211  2029  2175 D GStreamer+GST_PADS: 0:05:00.598947177 0xf3d9e340 gstpad.c:1198:gst_pad_activate_mode:<autoaudiosink0-actual-sink-opensles:sink> deactivated in push mode
05-09 19:56:16.211  2029  2186 D GStreamer+GST_PADS: 0:05:00.598974365 0xf37ecf20 gstpad.c:3813:check_sticky:<capsfilter2:src> pushing all sticky events
05-09 19:56:16.211  2029  2175 D GStreamer+GST_ELEMENT_PADS: 0:05:00.599000563 0xf3d9e340 gstelement.c:2812:gst_element_pads_activate:<autoaudiosink0-actual-sink-opensles> pad deactivation successful
05-09 19:56:16.211  2029  2186 D GStreamer+GST_PADS: 0:05:00.599027282 0xf37ecf20 gstpad.c:3745:push_sticky:<capsfilter2:src> event stream-start was already received
05-09 19:56:16.211  2029  2175 D GStreamer+basesink: 0:05:00.599054834 0xf3d9e340 gstbasesink.c:5205:gst_base_sink_change_state:<autoaudiosink0-actual-sink-opensles> PAUSED to READY, posting async-done
05-09 19:56:16.211  2029  2186 D GStreamer+GST_PADS: 0:05:00.599080250 0xf37ecf20 gstpad.c:5266:gst_pad_push_event_unchecked:<capsfilter2:src> Dropping event caps because pad is not linked
05-09 19:56:16.211  2029  2186 D GStreamer+GST_PADS: 0:05:00.599127594 0xf37ecf20 gstpad.c:3784:push_sticky:<capsfilter2:src> pad was not linked, mark pending
05-09 19:56:16.211  2029  2175 D GStreamer+GST_BUS: 0:05:00.599155042 0xf3d9e340 gstbus.c:309:gst_bus_post:<bus11> [msg 0xf3d32770] posting on bus state-changed message: 0xf3d32770, time 99:99:99.999999999, seq-num 1704, element 'autoaudiosink0-actual-sink-opensles', GstMessageStateChanged, old-state=(GstState)GST_STATE_PLAYING, new-state=(GstState)GST_STATE_PAUSED, pending-state=(GstState)GST_STATE_READY;
05-09 19:56:16.211  2029  2186 D GStreamer+basetransform: 0:05:00.599168011 0xf37ecf20 gstbasetransform.c:994:gst_base_transform_do_bufferpool:<capsfilter2> we're passthough, delay bufferpool
05-09 19:56:16.211  2029  2186 D GStreamer+GST_PADS: 0:05:00.599207542 0xf37ecf20 gstpad.c:5569:gst_pad_send_event_unchecked:<capsfilter2:sink> sent event, ret ok
05-09 19:56:16.211  2029  2175 D GStreamer+bin: 0:05:00.599212282 0xf3d9e340 gstbin.c:3528:gst_bin_handle_message_func:<autoaudiosink0> [msg 0xf3d32770] handling child autoaudiosink0-actual-sink-opensles message of type state-changed
05-09 19:56:16.211  2029  2186 W GLib+GStreamer: gstpad.c:5031:store_sticky_event:<capsfilter2:sink> Sticky event misordering, got 'segment' before 'caps'
05-09 19:56:16.211  2029  2175 D GStreamer+bin: 0:05:00.599252542 0xf3d9e340 gstbin.c:3865:gst_bin_handle_message_func:<autoaudiosink0> posting message upward
05-09 19:56:16.211  2029  2186 D GStreamer+GST_PADS: 0:05:00.599280927 0xf37ecf20 gstpad.c:5053:store_sticky_event:<capsfilter2:sink> notify caps
05-09 19:56:16.211  2029  2175 D GStreamer+GST_BUS: 0:05:00.599328584 0xf3d9e340 gstbus.c:309:gst_bus_post:<bus12> [msg 0xf3d32770] posting on bus state-changed message: 0xf3d32770, time 99:99:99.999999999, seq-num 1704, element 'autoaudiosink0-actual-sink-opensles', GstMessageStateChanged, old-state=(GstState)GST_STATE_PLAYING, new-state=(GstState)GST_STATE_PAUSED, pending-state=(GstState)GST_STATE_READY;
05-09 19:56:16.211  2029  2186 D GStreamer+GST_PADS: 0:05:00.599346709 0xf37ecf20 gstpad.c:3765:push_sticky:<h264parse2:src> event caps marked received
05-09 19:56:16.211  2029  2175 D GStreamer+bin: 0:05:00.599376136 0xf3d9e340 gstbin.c:3528:gst_bin_handle_message_func:<pipeline2> [msg 0xf3d32770] handling child autoaudiosink0-actual-sink-opensles message of type state-changed
05-09 19:56:16.211  2029  2186 D GStreamer+GST_PADS: 0:05:00.599400146 0xf37ecf20 gstpad.c:3745:push_sticky:<h264parse2:src> event segment was already received
05-09 19:56:16.211  2029  2175 D GStreamer+bin: 0:05:00.599413271 0xf3d9e340 gstbin.c:3865:gst_bin_handle_message_func:<pipeline2> posting message upward
05-09 19:56:16.211  2029  2186 D GStreamer+GST_PADS: 0:05:00.599442646 0xf37ecf20 gstpad.c:3745:push_sticky:<h264parse2:src> event tag was already received
05-09 19:56:16.211  2029  2175 D GStreamer+GST_BUS: 0:05:00.599489729 0xf3d9e340 gstbus.c:309:gst_bus_post:<bus13> [msg 0xf3d32770] posting on bus state-changed message: 0xf3d32770, time 99:99:99.999999999, seq-num 1704, element 'autoaudiosink0-actual-sink-opensles', GstMessageStateChanged, old-state=(GstState)GST_STATE_PLAYING, new-state=(GstState)GST_STATE_PAUSED, pending-state=(GstState)GST_STATE_READY;
05-09 19:56:16.211  2029  2186 D GStreamer+GST_PADS: 0:05:00.599506813 0xf37ecf20 gstpad.c:3745:push_sticky:<h264parse2:src> event tag was already received
05-09 19:56:16.211  2029  2175 D GStreamer+GST_BUS: 0:05:00.599530198 0xf3d9e340 gstbus.c:348:gst_bus_post:<bus13> [msg 0xf3d32770] pushing on async queue
05-09 19:56:16.211  2029  2186 D GStreamer+baseparse: 0:05:00.599557907 0xf37ecf20 gstbaseparse.c:2677:gst_base_parse_drain:<h264parse2> draining
05-09 19:56:16.211  2029  2175 D GStreamer+GST_BUS: 0:05:00.599571917 0xf3d9e340 gstbus.c:351:gst_bus_post:<bus13> [msg 0xf3d32770] pushed on async queue
05-09 19:56:16.211  2029  2175 D GStreamer+GST_BUS: 0:05:00.599607959 0xf3d9e340 gstbus.c:344:gst_bus_post:<bus12> [msg 0xf3d32770] dropped
05-09 19:56:16.211  2029  2186 D GStreamer+GST_EVENT: 0:05:00.599632334 0xf37ecf20 gstpad.c:5496:gst_pad_send_event_unchecked:<capsfilter2:sink> have event type gap event: 0xf3abb988, time 99:99:99.999999999, seq-num 1591, GstEventGap, timestamp=(guint64)0, duration=(guint64)311000000;
05-09 19:56:16.211  2029  2175 D GStreamer+GST_BUS: 0:05:00.599646292 0xf3d9e340 gstbus.c:344:gst_bus_post:<bus11> [msg 0xf3d32770] dropped
05-09 19:56:16.211  2029  2186 D GStreamer+GST_PADS: 0:05:00.599675927 0xf37ecf20 gstpad.c:3813:check_sticky:<capsfilter2:src> pushing all sticky events
05-09 19:56:16.211  2029  2186 D GStreamer+GST_PADS: 0:05:00.599721032 0xf37ecf20 gstpad.c:3745:push_sticky:<capsfilter2:src> event stream-start was already received
05-09 19:56:16.211  2029  2175 D GStreamer+GST_BUS: 0:05:00.599735042 0xf3d9e340 gstbus.c:309:gst_bus_post:<bus11> [msg 0xf3d439c0] posting on bus async-done message: 0xf3d439c0, time 99:99:99.999999999, seq-num 1705, element 'autoaudiosink0-actual-sink-opensles', GstMessageAsyncDone, running-time=(guint64)18446744073709551615;
05-09 19:56:16.211  2029  2186 D GStreamer+GST_PADS: 0:05:00.599759052 0xf37ecf20 gstpad.c:3745:push_sticky:<capsfilter2:src> event caps was already received
05-09 19:56:16.211  2029  2175 D GStreamer+bin: 0:05:00.599775354 0xf3d9e340 gstbin.c:3528:gst_bin_handle_message_func:<autoaudiosink0> [msg 0xf3d439c0] handling child autoaudiosink0-actual-sink-opensles message of type async-done
05-09 19:56:16.211  2029  2186 D GStreamer+GST_PADS: 0:05:00.599798740 0xf37ecf20 gstpad.c:5266:gst_pad_push_event_unchecked:<capsfilter2:src> Dropping event gap because pad is not linked
05-09 19:56:16.211  2029  2175 D GStreamer+bin: 0:05:00.599812073 0xf3d9e340 gstbin.c:3749:gst_bin_handle_message_func:<autoaudiosink0> ASYNC_DONE message 0xf3d439c0, autoaudiosink0-actual-sink-opensles
05-09 19:56:16.211  2029  2186 D GStreamer+GST_PADS: 0:05:00.599841552 0xf37ecf20 gstpad.c:5569:gst_pad_send_event_unchecked:<capsfilter2:sink> sent event, ret error
05-09 19:56:16.211  2029  2175 D GStreamer+bin: 0:05:00.599854938 0xf3d9e340 gstbin.c:3784:gst_bin_handle_message_func:<autoaudiosink0> ignoring message, target NULL
05-09 19:56:16.212  2029  2186 D GStreamer+baseparse: 0:05:00.599884104 0xf37ecf20 gstbaseparse.c:1484:gst_base_parse_sink_event_default:<h264parse2> event handled
05-09 19:56:16.212  2029  2175 D GStreamer+GST_BUS: 0:05:00.599902646 0xf3d9e340 gstbus.c:344:gst_bus_post:<bus11> [msg 0xf3d439c0] dropped
05-09 19:56:16.212  2029  2186 D GStreamer+GST_PADS: 0:05:00.599926917 0xf37ecf20 gstpad.c:5569:gst_pad_send_event_unchecked:<h264parse2:sink> sent event, ret error
05-09 19:56:16.212  2029  2175 D GStreamer+ringbuffer: 0:05:00.599944990 0xf3d9e340 gstaudioringbuffer.c:771:gst_audio_ring_buffer_activate:<openslesringbuffer0> activate device
05-09 19:56:16.212  2029  2186 D GStreamer+GST_PADS: 0:05:00.599973479 0xf37ecf20 gstpad.c:5569:gst_pad_send_event_unchecked:<typefind:sink> sent event, ret error
05-09 19:56:16.212  2029  2175 D GStreamer+ringbuffer: 0:05:00.599986813 0xf3d9e340 gstaudioringbuffer.c:809:gst_audio_ring_buffer_activate:<openslesringbuffer0> device was active in mode 0
05-09 19:56:16.212  2029  2186 D GStreamer+GST_PADS: 0:05:00.600020875 0xf37ecf20 gstpad.c:5569:gst_pad_send_event_unchecked:<forhwgl:sink> sent event, ret error
05-09 19:56:16.212  2029  2175 D GStreamer+ringbuffer: 0:05:00.600034990 0xf3d9e340 gstaudioringbuffer.c:667:gst_audio_ring_buffer_release:<openslesringbuffer0> releasing device
05-09 19:56:16.212  2029  2175 D GStreamer+ringbuffer: 0:05:00.600073063 0xf3d9e340 gstaudioringbuffer.c:1087:gst_audio_ring_buffer_stop:<openslesringbuffer0> stopping
05-09 19:56:16.212  2029  2175 D GStreamer+ringbuffer: 0:05:00.600108636 0xf3d9e340 gstaudioringbuffer.c:1096:gst_audio_ring_buffer_stop:<openslesringbuffer0> was not started, try paused
05-09 19:56:16.212  2029  2186 D GStreamer+queue: 0:05:00.600125459 0xf37ecf20 gstqueue.c:561:apply_segment:<queue4> configured SEGMENT time segment start=0:00:00.000000000, offset=0:00:00.000000000, stop=0:00:07.199000000, rate=1.000000, applied_rate=1.000000, flags=0x00, time=0:00:00.311000000, base=0:00:00.311000000, position 0:00:00.000000000, duration 99:99:99.999999999
05-09 19:56:16.212  2029  2175 D GStreamer+ringbuffer: 0:05:00.600147229 0xf3d9e340 gstaudioringbuffer.c:1104:gst_audio_ring_buffer_stop:<openslesringbuffer0> was not paused, must have been stopped
05-09 19:56:16.212  2029  2186 D GStreamer+GST_PADS: 0:05:00.600176396 0xf37ecf20 gstpad.c:3813:check_sticky:<queue4:src> pushing all sticky events
05-09 19:56:16.212  2029  2175 D GStreamer+ringbuffer: 0:05:00.600189834 0xf3d9e340 gstaudioringbuffer.c:716:gst_audio_ring_buffer_release:<openslesringbuffer0> device was released
05-09 19:56:16.212  2029  2175 D GStreamer+GST_STATES: 0:05:00.600224729 0xf3d9e340 gstelement.c:2684:gst_element_change_state:<autoaudiosink0-actual-sink-opensles> element changed state SUCCESS
05-09 19:56:16.212  2029  2186 D GStreamer+GST_PADS: 0:05:00.600230979 0xf37ecf20 gstpad.c:3745:push_sticky:<queue4:src> event stream-start was already received
05-09 19:56:16.212  2029  2175 I GStreamer+GST_STATES: 0:05:00.600265042 0xf3d9e340 gstelement.c:2372:gst_element_continue_state:<autoaudiosink0-actual-sink-opensles> completed state change to READY
05-09 19:56:16.212  2029  2186 D GStreamer+GST_PADS: 0:05:00.600282282 0xf37ecf20 gstpad.c:3745:push_sticky:<queue4:src> event caps was already received
05-09 19:56:16.212  2029  2175 I GStreamer+GST_STATES: 0:05:00.600310719 0xf3d9e340 gstelement.c:2277:_priv_gst_element_state_changed:<autoaudiosink0-actual-sink-opensles> notifying about state-changed READY to READY (VOID_PENDING pending)
05-09 19:56:16.212  2029  2175 D GStreamer+GST_BUS: 0:05:00.600404313 0xf3d9e340 gstbus.c:309:gst_bus_post:<bus11> [msg 0xf3d43968] posting on bus state-changed message: 0xf3d43968, time 99:99:99.999999999, seq-num 1706, element 'autoaudiosink0-actual-sink-opensles', GstMessageStateChanged, old-state=(GstState)GST_STATE_READY, new-state=(GstState)GST_STATE_READY, pending-state=(GstState)GST_STATE_VOID_PENDING;
05-09 19:56:16.212  2029  2175 D GStreamer+bin: 0:05:00.600456344 0xf3d9e340 gstbin.c:3528:gst_bin_handle_message_func:<autoaudiosink0> [msg 0xf3d43968] handling child autoaudiosink0-actual-sink-opensles message of type state-changed
05-09 19:56:16.212  2029  2186 D GStreamer+GST_EVENT: 0:05:00.600467334 0xf37ecf20 gstpad.c:5496:gst_pad_send_event_unchecked:<forhwgl:sink> have event type segment event: 0xf3a36d20, time 99:99:99.999999999, seq-num 1613, GstEventSegment, segment=(GstSegment)"GstSegment, flags=(GstSegmentFlags)GST_SEGMENT_FLAG_NONE, rate=(double)1, applied-rate=(double)1, format=(GstFormat)GST_FORMAT_TIME, base=(guint64)311000000, offset=(guint64)0, start=(guint64)0, stop=(guint64)7199000000, time=(guint64)311000000, position=(guint64)0, duration=(guint64)18446744073709551615;";
05-09 19:56:16.212  2029  2175 D GStreamer+bin: 0:05:00.600489104 0xf3d9e340 gstbin.c:3865:gst_bin_handle_message_func:<autoaudiosink0> posting message upward
05-09 19:56:16.212  2029  2186 D GStreamer+GST_PADS: 0:05:00.600510979 0xf37ecf20 gstpad.c:3813:check_sticky:<sink:proxypad6> pushing all sticky events
05-09 19:56:16.212  2029  2186 D GStreamer+GST_PADS: 0:05:00.600584886 0xf37ecf20 gstpad.c:3745:push_sticky:<sink:proxypad6> event stream-start was already received
05-09 19:56:16.212  2029  2175 D GStreamer+GST_BUS: 0:05:00.600599209 0xf3d9e340 gstbus.c:309:gst_bus_post:<bus12> [msg 0xf3d43968] posting on bus state-changed message: 0xf3d43968, time 99:99:99.999999999, seq-num 1706, element 'autoaudiosink0-actual-sink-opensles', GstMessageStateChanged, old-state=(GstState)GST_STATE_READY, new-state=(GstState)GST_STATE_READY, pending-state=(GstState)GST_STATE_VOID_PENDING;
05-09 19:56:16.212  2029  2186 D GStreamer+GST_PADS: 0:05:00.600626240 0xf37ecf20 gstpad.c:3745:push_sticky:<sink:proxypad6> event caps was already received
05-09 19:56:16.212  2029  2175 D GStreamer+bin: 0:05:00.600639417 0xf3d9e340 gstbin.c:3528:gst_bin_handle_message_func:<pipeline2> [msg 0xf3d43968] handling child autoaudiosink0-actual-sink-opensles message of type state-changed
05-09 19:56:16.212  2029  2175 D GStreamer+bin: 0:05:00.600671292 0xf3d9e340 gstbin.c:3865:gst_bin_handle_message_func:<pipeline2> posting message upward
05-09 19:56:16.212  2029  2175 D GStreamer+GST_BUS: 0:05:00.600757282 0xf3d9e340 gstbus.c:309:gst_bus_post:<bus13> [msg 0xf3d43968] posting on bus state-changed message: 0xf3d43968, time 99:99:99.999999999, seq-num 1706, element 'autoaudiosink0-actual-sink-opensles', GstMessageStateChanged, old-state=(GstState)GST_STATE_READY, new-state=(GstState)GST_STATE_READY, pending-state=(GstState)GST_STATE_VOID_PENDING;
05-09 19:56:16.212  2029  2186 D GStreamer+GST_EVENT: 0:05:00.600780875 0xf37ecf20 gstpad.c:5496:gst_pad_send_event_unchecked:<typefind:sink> have event type segment event: 0xf3a36d20, time 99:99:99.999999999, seq-num 1613, GstEventSegment, segment=(GstSegment)"GstSegment, flags=(GstSegmentFlags)GST_SEGMENT_FLAG_NONE, rate=(double)1, applied-rate=(double)1, format=(GstFormat)GST_FORMAT_TIME, base=(guint64)311000000, offset=(guint64)0, start=(guint64)0, stop=(guint64)7199000000, time=(guint64)311000000, position=(guint64)0, duration=(guint64)18446744073709551615;";
05-09 19:56:16.212  2029  2175 D GStreamer+GST_BUS: 0:05:00.600799261 0xf3d9e340 gstbus.c:348:gst_bus_post:<bus13> [msg 0xf3d43968] pushing on async queue
05-09 19:56:16.212  2029  2186 D GStreamer+typefind: 0:05:00.600830302 0xf37ecf20 gsttypefindelement.c:613:gst_type_find_element_sink_event:<typefind> got segment event in mode 0
05-09 19:56:16.212  2029  2175 D GStreamer+GST_BUS: 0:05:00.600843636 0xf3d9e340 gstbus.c:351:gst_bus_post:<bus13> [msg 0xf3d43968] pushed on async queue
05-09 19:56:16.213  2029  2186 D GStreamer+GST_PADS: 0:05:00.600866344 0xf37ecf20 gstpad.c:3813:check_sticky:<typefind:src> pushing all sticky events
05-09 19:56:16.213  2029  2175 D GStreamer+GST_BUS: 0:05:00.600893584 0xf3d9e340 gstbus.c:344:gst_bus_post:<bus12> [msg 0xf3d43968] dropped
05-09 19:56:16.213  2029  2186 D GStreamer+GST_PADS: 0:05:00.600922282 0xf37ecf20 gstpad.c:3745:push_sticky:<typefind:src> event stream-start was already received
05-09 19:56:16.213  2029  2175 D GStreamer+GST_BUS: 0:05:00.600935667 0xf3d9e340 gstbus.c:344:gst_bus_post:<bus11> [msg 0xf3d43968] dropped
05-09 19:56:16.213  2029  2186 D GStreamer+GST_PADS: 0:05:00.600959104 0xf37ecf20 gstpad.c:3745:push_sticky:<typefind:src> event caps was already received
05-09 19:56:16.213  2029  2175 D GStreamer+GST_STATES: 0:05:00.600977125 0xf3d9e340 gstelement.c:2607:gst_element_set_state_func:<autoaudiosink0-actual-sink-opensles> returned SUCCESS
05-09 19:56:16.213  2029  2175 I GStreamer+GST_STATES: 0:05:00.601018948 0xf3d9e340 gstbin.c:2764:gst_bin_change_state_func:<autoaudiosink0> child 'autoaudiosink0-actual-sink-opensles' changed state to 2(READY) successfully
05-09 19:56:16.213  2029  2175 D GStreamer+bin: 0:05:00.601060823 0xf3d9e340 gstbin.c:2171:gst_bin_sort_iterator_next:<autoaudiosink0> queue empty, elements exhausted
05-09 19:56:16.213  2029  2175 D GStreamer+GST_STATES: 0:05:00.601109417 0xf3d9e340 gstbin.c:2823:gst_bin_change_state_func:<autoaudiosink0> iterator done
05-09 19:56:16.213  2029  2186 D GStreamer+GST_EVENT: 0:05:00.601127438 0xf37ecf20 gstpad.c:5496:gst_pad_send_event_unchecked:<h264parse2:sink> have event type segment event: 0xf3a36d20, time 99:99:99.999999999, seq-num 1613, GstEventSegment, segment=(GstSegment)"GstSegment, flags=(GstSegmentFlags)GST_SEGMENT_FLAG_NONE, rate=(double)1, applied-rate=(double)1, format=(GstFormat)GST_FORMAT_TIME, base=(guint64)311000000, offset=(guint64)0, start=(guint64)0, stop=(guint64)7199000000, time=(guint64)311000000, position=(guint64)0, duration=(guint64)18446744073709551615;";
05-09 19:56:16.213  2029  2175 D GStreamer+GST_ELEMENT_PADS: 0:05:00.601156813 0xf3d9e340 gstelement.c:2793:gst_element_pads_activate:<autoaudiosink0> deactivate pads
05-09 19:56:16.213  2029  2185 D GStreamer+GST_PADS: 0:05:00.600577282 0xf37ecec0 gstpad.c:4009:gst_pad_peer_query:<'':decodepad3> peer query 0xf3ac6cc0 (caps)
05-09 19:56:16.213  2029  2186 D GStreamer+baseparse: 0:05:00.601200250 0xf37ecf20 gstbaseparse.c:1174:gst_base_parse_sink_event_default:<h264parse2> handling event 17934, segment
05-09 19:56:16.213  2029  2185 I GStreamer+GST_PADS: 0:05:00.601232438 0xf37ecec0 gstpad.c:4065:gst_pad_peer_query:<'':decodepad3> pad has no peer
05-09 19:56:16.213  2029  2186 D GStreamer+baseparse: 0:05:00.601286657 0xf37ecf20 gstbaseparse.c:1206:gst_base_parse_sink_event_default:<h264parse2> segment time segment start=0:00:00.000000000, offset=0:00:00.000000000, stop=0:00:07.199000000, rate=1.000000, applied_rate=1.000000, flags=0x00, time=0:00:00.311000000, base=0:00:00.311000000, position 0:00:00.000000000, duration 99:99:99.999999999
05-09 19:56:16.213  2029  2175 D GStreamer+GST_PADS: 0:05:00.601319052 0xf3d9e340 gstpad.c:1071:gst_pad_set_active:<autoaudiosink0:sink> deactivating pad from push mode
05-09 19:56:16.213  2029  2186 D GStreamer+baseparse: 0:05:00.601335198 0xf37ecf20 gstbaseparse.c:1296:gst_base_parse_sink_event_default:<h264parse2> draining current segment
05-09 19:56:16.213  2029  2175 D GStreamer+GST_PADS: 0:05:00.601359990 0xf3d9e340 gstpad.c:960:pre_activate:<autoaudiosink0:sink> setting PAD_MODE NONE, set flushing
05-09 19:56:16.213  2029  2186 D GStreamer+baseparse: 0:05:00.601373636 0xf37ecf20 gstbaseparse.c:2677:gst_base_parse_drain:<h264parse2> draining
05-09 19:56:16.213  2029  2175 D GStreamer+GST_PADS: 0:05:00.601403323 0xf3d9e340 gstpad.c:960:pre_activate:<sink:proxypad9> setting PAD_MODE NONE, set flushing
05-09 19:56:16.213  2029  2186 D GStreamer+baseparse: 0:05:00.601418896 0xf37ecf20 gstbaseparse.c:1484:gst_base_parse_sink_event_default:<h264parse2> event handled
05-09 19:56:16.213  2029  2175 D GStreamer+GST_PADS: 0:05:00.601445771 0xf3d9e340 gstpad.c:1225:gst_pad_activate_mode:<autoaudiosink0:sink> already deactivated in push mode
05-09 19:56:16.213  2029  2186 D GStreamer+GST_PADS: 0:05:00.601465511 0xf37ecf20 gstpad.c:5569:gst_pad_send_event_unchecked:<h264parse2:sink> sent event, ret ok
05-09 19:56:16.213  2029  2175 D GStreamer+GST_PADS: 0:05:00.601487854 0xf3d9e340 gstpad.c:1008:post_activate:<sink:proxypad9> stopped streaming
05-09 19:56:16.213  2029  2186 D GStreamer+GST_PADS: 0:05:00.601508427 0xf37ecf20 gstpad.c:3765:push_sticky:<typefind:src> event segment marked received
05-09 19:56:16.213  2029  2175 D GStreamer+GST_PADS: 0:05:00.601536032 0xf3d9e340 gstpad.c:1198:gst_pad_activate_mode:<sink:proxypad9> deactivated in push mode
05-09 19:56:16.213  2029  2186 D GStreamer+GST_PADS: 0:05:00.601559886 0xf37ecf20 gstpad.c:3745:push_sticky:<typefind:src> event tag was already received
05-09 19:56:16.213  2029  2175 D GStreamer+GST_PADS: 0:05:00.601583323 0xf3d9e340 gstpad.c:1008:post_activate:<autoaudiosink0:sink> stopped streaming
05-09 19:56:16.213  2029  2186 D GStreamer+GST_PADS: 0:05:00.601611032 0xf37ecf20 gstpad.c:3745:push_sticky:<typefind:src> event tag was already received
05-09 19:56:16.213  2029  2175 D GStreamer+GST_PADS: 0:05:00.601635667 0xf3d9e340 gstpad.c:1198:gst_pad_activate_mode:<autoaudiosink0:sink> deactivated in push mode
05-09 19:56:16.213  2029  2186 D GStreamer+GST_PADS: 0:05:00.601660615 0xf37ecf20 gstpad.c:5569:gst_pad_send_event_unchecked:<typefind:sink> sent event, ret ok
05-09 19:56:16.213  2029  2175 D GStreamer+GST_ELEMENT_PADS: 0:05:00.601685459 0xf3d9e340 gstelement.c:2812:gst_element_pads_activate:<autoaudiosink0> pad deactivation successful
05-09 19:56:16.213  2029  2186 D GStreamer+GST_PADS: 0:05:00.601709417 0xf37ecf20 gstpad.c:3765:push_sticky:<sink:proxypad6> event segment marked received
05-09 19:56:16.213  2029  2175 D GStreamer+bin: 0:05:00.601728271 0xf3d9e340 gstbin.c:2213:gst_bin_sort_iterator_free:<autoaudiosink0> free
05-09 19:56:16.213  2029  2175 D GStreamer+bin: 0:05:00.601763792 0xf3d9e340 gstbin.c:2858:gst_bin_change_state_func:<autoaudiosink0> no async elements
05-09 19:56:16.213  2029  2186 D GStreamer+GST_PADS: 0:05:00.601770823 0xf37ecf20 gstpad.c:3745:push_sticky:<sink:proxypad6> event tag was already received
05-09 19:56:16.213  2029  2175 D GStreamer+GST_STATES: 0:05:00.601809521 0xf3d9e340 gstbin.c:2892:gst_bin_change_state_func:<autoaudiosink0> done changing bin's state from PAUSED to READY, now in READY, ret SUCCESS
05-09 19:56:16.213  2029  2186 D GStreamer+GST_PADS: 0:05:00.601825719 0xf37ecf20 gstpad.c:3745:push_sticky:<sink:proxypad6> event tag was already received
05-09 19:56:16.213  2029  2175 D GStreamer+GST_STATES: 0:05:00.601851188 0xf3d9e340 gstelement.c:2684:gst_element_change_state:<autoaudiosink0> element changed state SUCCESS
05-09 19:56:16.214  2029  2186 D GStreamer+GST_PADS: 0:05:00.601885719 0xf37ecf20 gstpad.c:5569:gst_pad_send_event_unchecked:<forhwgl:sink> sent event, ret ok
05-09 19:56:16.214  2029  2175 I GStreamer+GST_STATES: 0:05:00.601907334 0xf3d9e340 gstelement.c:2347:gst_element_continue_state:<autoaudiosink0> committing state from READY to READY, pending NULL, next NULL
05-09 19:56:16.214  2029  2186 D GStreamer+GST_PADS: 0:05:00.601936344 0xf37ecf20 gstpad.c:3765:push_sticky:<queue4:src> event segment marked received
05-09 19:56:16.214  2029  2175 I GStreamer+GST_STATES: 0:05:00.601946188 0xf3d9e340 gstelement.c:2277:_priv_gst_element_state_changed:<autoaudiosink0> notifying about state-changed READY to READY (NULL pending)
05-09 19:56:16.214  2029  2186 D GStreamer+GST_PADS: 0:05:00.601977802 0xf37ecf20 gstpad.c:3745:push_sticky:<queue4:src> event tag was already received
05-09 19:56:16.214  2029  2175 D GStreamer+GST_BUS: 0:05:00.602027438 0xf3d9e340 gstbus.c:309:gst_bus_post:<bus12> [msg 0xf3925210] posting on bus state-changed message: 0xf3925210, time 99:99:99.999999999, seq-num 1707, element 'autoaudiosink0', GstMessageStateChanged, old-state=(GstState)GST_STATE_READY, new-state=(GstState)GST_STATE_READY, pending-state=(GstState)GST_STATE_NULL;
05-09 19:56:16.214  2029  2186 D GStreamer+GST_PADS: 0:05:00.602043636 0xf37ecf20 gstpad.c:3745:push_sticky:<queue4:src> event tag was already received
05-09 19:56:16.214  2029  2175 D GStreamer+bin: 0:05:00.602070979 0xf3d9e340 gstbin.c:3528:gst_bin_handle_message_func:<pipeline2> [msg 0xf3925210] handling child autoaudiosink0 message of type state-changed
05-09 19:56:16.214  2029  2175 D GStreamer+bin: 0:05:00.602107490 0xf3d9e340 gstbin.c:3865:gst_bin_handle_message_func:<pipeline2> posting message upward
05-09 19:56:16.214  2029  2186 D GStreamer+GST_SCHEDULING: 0:05:00.602129209 0xf37ecf20 gstpad.c:4153:gst_pad_chain_data_unchecked:<forhwgl:sink> calling chainfunction &gst_proxy_pad_chain_default with buffer buffer: 0xf3b6b348, pts 0:00:00.000000000, dts 0:00:00.000000000, dur 0:00:00.043333333, size 45527, offset none, offset_end none, flags 0x40
05-09 19:56:16.214  2029  2175 D GStreamer+GST_BUS: 0:05:00.602188792 0xf3d9e340 gstbus.c:309:gst_bus_post:<bus13> [msg 0xf3925210] posting on bus state-changed message: 0xf3925210, time 99:99:99.999999999, seq-num 1707, element 'autoaudiosink0', GstMessageStateChanged, old-state=(GstState)GST_STATE_READY, new-state=(GstState)GST_STATE_READY, pending-state=(GstState)GST_STATE_NULL;
05-09 19:56:16.214  2029  2186 D GStreamer+GST_SCHEDULING: 0:05:00.602214000 0xf37ecf20 gstpad.c:4153:gst_pad_chain_data_unchecked:<typefind:sink> calling chainfunction &gst_type_find_element_chain with buffer buffer: 0xf3b6b348, pts 0:00:00.000000000, dts 0:00:00.000000000, dur 0:00:00.043333333, size 45527, offset none, offset_end none, flags 0x40
05-09 19:56:16.214  2029  2175 D GStreamer+GST_BUS: 0:05:00.602224000 0xf3d9e340 gstbus.c:348:gst_bus_post:<bus13> [msg 0xf3925210] pushing on async queue
05-09 19:56:16.214  2029  2175 D GStreamer+GST_BUS: 0:05:00.602265927 0xf3d9e340 gstbus.c:351:gst_bus_post:<bus13> [msg 0xf3925210] pushed on async queue
05-09 19:56:16.214  2029  2186 D GStreamer+GST_SCHEDULING: 0:05:00.602291813 0xf37ecf20 gstpad.c:4153:gst_pad_chain_data_unchecked:<h264parse2:sink> calling chainfunction &gst_base_parse_chain with buffer buffer: 0xf3b6b348, pts 0:00:00.000000000, dts 0:00:00.000000000, dur 0:00:00.043333333, size 45527, offset none, offset_end none, flags 0x40
05-09 19:56:16.214  2029  2175 D GStreamer+GST_BUS: 0:05:00.602301500 0xf3d9e340 gstbus.c:344:gst_bus_post:<bus12> [msg 0xf3925210] dropped
05-09 19:56:16.214  2029  2186 D GStreamer+baseparse: 0:05:00.602330094 0xf37ecf20 gstbaseparse.c:2985:gst_base_parse_chain:<h264parse2> chain
05-09 19:56:16.214  2029  2175 I GStreamer+GST_STATES: 0:05:00.602339313 0xf3d9e340 gstelement.c:2354:gst_element_continue_state:<autoaudiosink0> continue state change READY to NULL, final NULL
05-09 19:56:16.214  2029  2186 D GStreamer+baseparse: 0:05:00.602365094 0xf37ecf20 gstbaseparse.c:3016:gst_base_parse_chain:<h264parse2> Looking for streamheader field on caps to prepend to the stream
05-09 19:56:16.214  2029  2175 D GStreamer+GST_STATES: 0:05:00.602376344 0xf3d9e340 gstbin.c:2664:gst_bin_change_state_func:<autoaudiosink0> changing state of children from READY to NULL
05-09 19:56:16.214  2029  2175 D GStreamer+bin: 0:05:00.602412125 0xf3d9e340 gstbin.c:2712:gst_bin_change_state_func:<autoaudiosink0> clearing all cached messages
05-09 19:56:16.214  2029  2175 D GStreamer+bin: 0:05:00.602455094 0xf3d9e340 gstbin.c:2509:gst_bin_src_pads_activate:<autoaudiosink0> deactivate pads
05-09 19:56:16.214  2029  2186 D GStreamer+GST_CAPS: 0:05:00.602473167 0xf37ecf20 gstpad.c:2648:gst_pad_get_current_caps:<h264parse2:sink> get current pad caps video/x-h264, stream-format=(string)avc, alignment=(string)au, level=(string)4, profile=(string)baseline, codec_data=(buffer)01428028ffe1000a27428028e54028016b2001000528de01ae20, width=(int)1280, height=(int)1440, framerate=(fraction)151/3, pixel-aspect-ratio=(fraction)1/1
05-09 19:56:16.214  2029  2175 D GStreamer+bin: 0:05:00.602498688 0xf3d9e340 gstbin.c:2517:gst_bin_src_pads_activate:<autoaudiosink0> pad deactivation successful
05-09 19:56:16.214  2029  2186 D GStreamer+baseparse: 0:05:00.602523427 0xf37ecf20 gstbaseparse.c:2965:gst_base_parse_process_streamheader:<h264parse2> No streamheader on caps
05-09 19:56:16.214  2029  2175 D GStreamer+bin: 0:05:00.602539677 0xf3d9e340 gstbin.c:2195:gst_bin_sort_iterator_resync:<autoaudiosink0> resync
05-09 19:56:16.214  2029  2186 D GStreamer+baseparse: 0:05:00.602560927 0xf37ecf20 gstbaseparse.c:2677:gst_base_parse_drain:<h264parse2> draining
05-09 19:56:16.214  2029  2175 D GStreamer+bin: 0:05:00.602576552 0xf3d9e340 gstbin.c:1981:add_to_queue:<autoaudiosink0> adding 'autoaudiosink0-actual-sink-opensles' to queue
05-09 19:56:16.214  2029  2186 D GStreamer+GST_PERFORMANCE: 0:05:00.602617386 0xf37ecf20 gstminiobject.c:326:gst_mini_object_make_writable copy GstBuffer miniobject 0xf3b6b348 -> 0xf3ac3b40
05-09 19:56:16.214  2029  2175 D GStreamer+bin: 0:05:00.602637854 0xf3d9e340 gstbin.c:882:find_message:<autoaudiosink0> no message found matching types 00001000
05-09 19:56:16.214  2029  2186 D GStreamer+baseparse: 0:05:00.602657334 0xf37ecf20 gstbaseparse.c:792:gst_base_parse_update_frame:<h264parse2> marking DISCONT
05-09 19:56:16.214  2029  2175 D GStreamer+bin: 0:05:00.602679365 0xf3d9e340 gstbin.c:889:find_message:<autoaudiosink0>   structure-change
05-09 19:56:16.214  2029  2186 D GStreamer+codecparsers_h264: 0:05:00.602696552 0xf37ecf20 gsth264parser.c:253:gst_h264_parse_nalu_header Nal type 7, ref_idc 1
05-09 19:56:16.214  2029  2175 D GStreamer+bin: 0:05:00.602719834 0xf3d9e340 gstbin.c:2121:update_degree:<autoaudiosink0> element autoaudiosink0-actual-sink-opensles not linked on any sinkpads
05-09 19:56:16.214  2029  2186 D GStreamer+h264parse: 0:05:00.602730302 0xf37ecf20 gsth264parse.c:981:gst_h264_parse_handle_frame_packetized:<h264parse2> AVC nal offset 14
05-09 19:56:16.214  2029  2175 D GStreamer+bin: 0:05:00.602760198 0xf3d9e340 gstbin.c:2182:gst_bin_sort_iterator_next:<autoaudiosink0> queue head gives autoaudiosink0-actual-sink-opensles
05-09 19:56:16.214  2029  2186 D GStreamer+h264parse: 0:05:00.602770407 0xf37ecf20 gsth264parse.c:716:gst_h264_parse_process_nal:<h264parse2> processing nal of type 7 SPS, size 10
05-09 19:56:16.214  2029  2175 D GStreamer+bin: 0:05:00.602796188 0xf3d9e340 gstbin.c:882:find_message:<autoaudiosink0> no message found matching types 00001000
05-09 19:56:16.214  2029  2186 D GStreamer+codecparsers_h264: 0:05:00.602812386 0xf37ecf20 gsth264parser.c:1776:gst_h264_parse_sps parsing SPS
05-09 19:56:16.214  2029  2175 D GStreamer+bin: 0:05:00.602831552 0xf3d9e340 gstbin.c:889:find_message:<autoaudiosink0>   structure-change
05-09 19:56:16.214  2029  2186 D GStreamer+codecparsers_h264: 0:05:00.602853532 0xf37ecf20 gsth264parser.c:1484:gst_h264_parser_parse_sps adding sequence parameter set with id: 0 to array
05-09 19:56:16.215  2029  2175 D GStreamer+bin: 0:05:00.602884365 0xf3d9e340 gstbin.c:2121:update_degree:<autoaudiosink0> element autoaudiosink0-actual-sink-opensles not linked on any sinkpads
05-09 19:56:16.215  2029  2186 D GStreamer+h264parse: 0:05:00.602904521 0xf37ecf20 gsth264parse.c:737:gst_h264_parse_process_nal:<h264parse2> triggering src caps check
05-09 19:56:16.215  2029  2175 I GStreamer+GST_STATES: 0:05:00.602933167 0xf3d9e340 gstbin.c:2316:gst_bin_element_set_state:<autoaudiosink0-actual-sink-opensles> current READY pending VOID_PENDING, desired next NULL
05-09 19:56:16.215  2029  2186 D GStreamer+h264parse: 0:05:00.602948115 0xf37ecf20 gsth264parse.c:454:gst_h264_parser_store_nal:<h264parse2> storing sps 0
05-09 19:56:16.215  2029  2175 D GStreamer+bin: 0:05:00.602971084 0xf3d9e340 gstbin.c:882:find_message:<autoaudiosink0> no message found matching types 00100000
05-09 19:56:16.215  2029  2186 D GStreamer+GST_MEMORY: 0:05:00.602989104 0xf37ecf20 gstmemory.c:138:gst_memory_init new memory 0xf3b00258, maxsize:13 offset:0 size:10
05-09 19:56:16.215  2029  2175 D GStreamer+bin: 0:05:00.603009990 0xf3d9e340 gstbin.c:889:find_message:<autoaudiosink0>   async-start
05-09 19:56:16.215  2029  2186 D GStreamer+GST_MEMORY: 0:05:00.603028479 0xf37ecf20 gstmemory.c:87:_gst_memory_free free memory 0xf3b00198
05-09 19:56:16.215  2029  2175 D GStreamer+bin: 0:05:00.603054469 0xf3d9e340 gstbin.c:2411:gst_bin_element_set_state:<autoaudiosink0> setting element autoaudiosink0-actual-sink-opensles to NULL, base_time 0:00:00.000000000
05-09 19:56:16.215  2029  2186 D GStreamer+h264parse: 0:05:00.603071396 0xf37ecf20 gsth264parse.c:423:gst_h264_parse_wrap_nal:<h264parse2> nal length 10
05-09 19:56:16.215  2029  2175 D GStreamer+GST_STATES: 0:05:00.603095094 0xf3d9e340 gstelement.c:2523:gst_element_set_state_func:<autoaudiosink0-actual-sink-opensles> set_state to NULL
05-09 19:56:16.215  2029  2186 D GStreamer+GST_MEMORY: 0:05:00.603112542 0xf37ecf20 gstmemory.c:138:gst_memory_init new memory 0xf3d7a8e8, maxsize:17 offset:0 size:14
05-09 19:56:16.215  2029  2175 D GStreamer+GST_STATES: 0:05:00.603135667 0xf3d9e340 gstelement.c:2548:gst_element_set_state_func:<autoaudiosink0-actual-sink-opensles> setting target state to NULL
05-09 19:56:16.215  2029  2186 D GStreamer+codecparsers_h264: 0:05:00.603145667 0xf37ecf20 gsth264parser.c:253:gst_h264_parse_nalu_header Nal type 8, ref_idc 1
05-09 19:56:16.215  2029  2175 D GStreamer+GST_STATES: 0:05:00.603178219 0xf3d9e340 gstelement.c:2561:gst_element_set_state_func:<autoaudiosink0-actual-sink-opensles> current READY, old_pending VOID_PENDING, next VOID_PENDING, old return SUCCESS
05-09 19:56:16.215  2029  2186 D GStreamer+h264parse: 0:05:00.603194729 0xf37ecf20 gsth264parse.c:981:gst_h264_parse_handle_frame_packetized:<h264parse2> AVC nal offset 23
05-09 19:56:16.215  2029  2175 D GStreamer+GST_STATES: 0:05:00.603224417 0xf3d9e340 gstelement.c:2595:gst_element_set_state_func:<autoaudiosink0-actual-sink-opensles> final: setting state from READY to NULL
05-09 19:56:16.215  2029  2186 D GStreamer+h264parse: 0:05:00.603250979 0xf37ecf20 gsth264parse.c:716:gst_h264_parse_process_nal:<h264parse2> processing nal of type 8 PPS, size 5
05-09 19:56:16.215  2029  2175 D GStreamer+GST_ELEMENT_PADS: 0:05:00.603273219 0xf3d9e340 gstelement.c:2793:gst_element_pads_activate:<autoaudiosink0-actual-sink-opensles> deactivate pads
05-09 19:56:16.215  2029  2186 D GStreamer+codecparsers_h264: 0:05:00.603283011 0xf37ecf20 gsth264parser.c:1912:gst_h264_parse_pps parsing PPS
05-09 19:56:16.215  2029  2175 D GStreamer+GST_PADS: 0:05:00.603317490 0xf3d9e340 gstpad.c:1067:gst_pad_set_active:<autoaudiosink0-actual-sink-opensles:sink> pad was inactive
05-09 19:56:16.215  2029  2186 D GStreamer+codecparsers_h264: 0:05:00.603333011 0xf37ecf20 gsth264parser.c:2045:gst_h264_parser_parse_pps adding picture parameter set with id: 0 to array
05-09 19:56:16.215  2029  2175 D GStreamer+GST_ELEMENT_PADS: 0:05:00.603358948 0xf3d9e340 gstelement.c:2812:gst_element_pads_activate:<autoaudiosink0-actual-sink-opensles> pad deactivation successful
05-09 19:56:16.215  2029  2186 D GStreamer+h264parse: 0:05:00.603368896 0xf37ecf20 gsth264parse.c:770:gst_h264_parse_process_nal:<h264parse2> triggering src caps check
05-09 19:56:16.215  2029  2175 D GStreamer+ringbuffer: 0:05:00.603401032 0xf3d9e340 gstaudioringbuffer.c:771:gst_audio_ring_buffer_activate:<openslesringbuffer0> activate device
05-09 19:56:16.215  2029  2186 I GStreamer+h264parse: 0:05:00.603416917 0xf37ecf20 gsth264parse.c:777:gst_h264_parse_process_nal:<h264parse2> have SPS/PPS in stream
05-09 19:56:16.215  2029  2175 D GStreamer+ringbuffer: 0:05:00.603442021 0xf3d9e340 gstaudioringbuffer.c:809:gst_audio_ring_buffer_activate:<openslesringbuffer0> device was active in mode 0
05-09 19:56:16.215  2029  2186 D GStreamer+h264parse: 0:05:00.603462542 0xf37ecf20 gsth264parse.c:458:gst_h264_parser_store_nal:<h264parse2> storing pps 0
05-09 19:56:16.215  2029  2175 D GStreamer+ringbuffer: 0:05:00.603484157 0xf3d9e340 gstaudioringbuffer.c:667:gst_audio_ring_buffer_release:<openslesringbuffer0> releasing device
05-09 19:56:16.215  2029  2186 D GStreamer+GST_MEMORY: 0:05:00.603509417 0xf37ecf20 gstmemory.c:138:gst_memory_init new memory 0xf3d43ac8, maxsize:8 offset:0 size:5
05-09 19:56:16.215  2029  2175 D GStreamer+ringbuffer: 0:05:00.603527594 0xf3d9e340 gstaudioringbuffer.c:1087:gst_audio_ring_buffer_stop:<openslesringbuffer0> stopping
05-09 19:56:16.215  2029  2186 D GStreamer+GST_MEMORY: 0:05:00.603546865 0xf37ecf20 gstmemory.c:87:_gst_memory_free free memory 0xf3d32718
05-09 19:56:16.215  2029  2175 D GStreamer+ringbuffer: 0:05:00.603565563 0xf3d9e340 gstaudioringbuffer.c:1096:gst_audio_ring_buffer_stop:<openslesringbuffer0> was not started, try paused
05-09 19:56:16.215  2029  2186 D GStreamer+h264parse: 0:05:00.603588479 0xf37ecf20 gsth264parse.c:423:gst_h264_parse_wrap_nal:<h264parse2> nal length 5
05-09 19:56:16.215  2029  2175 D GStreamer+ringbuffer: 0:05:00.603598167 0xf3d9e340 gstaudioringbuffer.c:1104:gst_audio_ring_buffer_stop:<openslesringbuffer0> was not paused, must have been stopped
05-09 19:56:16.215  2029  2186 D GStreamer+GST_MEMORY: 0:05:00.603628688 0xf37ecf20 gstmemory.c:138:gst_memory_init new memory 0xf3b00198, maxsize:12 offset:0 size:9
05-09 19:56:16.215  2029  2185 D GStreamer+GST_PADS: 0:05:00.603633271 0xf37ecec0 gstpad.c:3339:gst_pad_query_default:<decodepad3:proxypad11> not forwarding 0xf3ac6cc0 (caps) query
05-09 19:56:16.215  2029  2186 D GStreamer+codecparsers_h264: 0:05:00.603663219 0xf37ecf20 gsth264parser.c:253:gst_h264_parse_nalu_header Nal type 5, ref_idc 1
05-09 19:56:16.215  2029  2185 D GStreamer+GST_PADS: 0:05:00.603675407 0xf37ecec0 gstpad.c:3905:gst_pad_query:<decodepad3:proxypad11> sent query 0xf3ac6cc0 (caps), result 1
05-09 19:56:16.215  2029  2186 D GStreamer+h264parse: 0:05:00.603698479 0xf37ecf20 gsth264parse.c:981:gst_h264_parse_handle_frame_packetized:<h264parse2> AVC nal offset 45527
05-09 19:56:16.215  2029  2185 D GStreamer+GST_CAPS: 0:05:00.603730250 0xf37ecec0 gstutils.c:2891:gst_pad_peer_query_caps:<amcaudiodec-omxgooglemp3decoder0:src> peer query returned audio/x-raw, rate=(int)24000, channels=(int)1
05-09 19:56:16.215  2029  2186 D GStreamer+h264parse: 0:05:00.603744573 0xf37ecf20 gsth264parse.c:716:gst_h264_parse_process_nal:<h264parse2> processing nal of type 5 Slice IDR, size 45500
05-09 19:56:16.215  2029  2186 D GStreamer+h264parse: 0:05:00.603781448 0xf37ecf20 gsth264parse.c:822:gst_h264_parse_process_nal:<h264parse2> first_mb_in_slice = 0
05-09 19:56:16.215  2029  2186 D GStreamer+h264parse: 0:05:00.603827021 0xf37ecf20 gsth264parse.c:825:gst_h264_parse_process_nal:<h264parse2> frame start: 1
05-09 19:56:16.215  2029  2185 D GStreamer+GST_PADS: 0:05:00.603847854 0xf37ecec0 gstpad.c:3905:gst_pad_query:<amcaudiodec-omxgooglemp3decoder0:sink> sent query 0xf3d19950 (caps), result 1
05-09 19:56:16.216  2029  2186 D GStreamer+codecparsers_h264: 0:05:00.603865563 0xf37ecf20 gsth264parser.c:2107:gst_h264_parser_parse_slice_hdr parsing "Slice header", slice type 7
05-09 19:56:16.216  2029  2186 D GStreamer+codecparsers_h264: 0:05:00.603908323 0xf37ecf20 gsth264parser.c:711:gst_h264_slice_parse_dec_ref_pic_marking parsing "Decoded reference picture marking"
05-09 19:56:16.216  2029  2185 D GStreamer+GST_CAPS: 0:05:00.603932959 0xf37ecec0 gstutils.c:2845:gst_pad_query_caps:<amcaudiodec-omxgooglemp3decoder0:sink> query returned audio/mpeg, rate=(int)24000, channels=(int)1, mpegversion=(int)1, layer=(int)3, parsed=(boolean)true, mpegaudioversion=(int)2
05-09 19:56:16.216  2029  2186 D GStreamer+h264parse: 0:05:00.603958688 0xf37ecf20 gsth264parse.c:835:gst_h264_parse_process_nal:<h264parse2> parse result 0, first MB: 0, slice type: 7
05-09 19:56:16.216  2029  2185 D GStreamer+GST_PADS: 0:05:00.604005146 0xf37ecec0 gstpad.c:3905:gst_pad_query:<amcaudiodec-omxgooglemp3decoder0:sink> sent query 0xf3ac6890 (accept-caps), result 1
05-09 19:56:16.216  2029  2186 D GStreamer+h264parse: 0:05:00.604021084 0xf37ecf20 gsth264parse.c:858:gst_h264_parse_process_nal:<h264parse2> marking IDR in frame at offset 46
05-09 19:56:16.216  2029  2185 D GStreamer+default: 0:05:00.604047125 0xf37ecec0 gstutils.c:2926:gst_pad_query_accept_caps:<amcaudiodec-omxgooglemp3decoder0:sink> query returned 1
05-09 19:56:16.216  2029  2186 D GStreamer+h264parse: 0:05:00.604059782 0xf37ecf20 gsth264parse.c:423:gst_h264_parse_wrap_nal:<h264parse2> nal length 45500
05-09 19:56:16.216  2029  2185 D GStreamer+audiodecoder: 0:05:00.604095615 0xf37ecec0 gstaudiodecoder.c:2327:gst_audio_decoder_sink_event:<amcaudiodec-omxgooglemp3decoder0> received event 12814, caps
05-09 19:56:16.216  2029  2186 D GStreamer+GST_MEMORY: 0:05:00.604113427 0xf37ecf20 gstmemory.c:138:gst_memory_init new memory 0xf3c20bb0, maxsize:45507 offset:0 size:45504
05-09 19:56:16.216  2029  2185 D GStreamer+audiodecoder: 0:05:00.604154209 0xf37ecec0 gstaudiodecoder.c:842:gst_audio_decoder_sink_setcaps:<amcaudiodec-omxgooglemp3decoder0> caps: audio/mpeg, mpegversion=(int)1, mpegaudioversion=(int)2, layer=(int)3, rate=(int)24000, channels=(int)1, parsed=(boolean)true
05-09 19:56:16.216  2029  2186 D GStreamer+codecparsers_h264: 0:05:00.604167646 0xf37ecf20 gsth264parser.c:1407:gst_h264_parser_identify_nalu_avc Can't parse, buffer has too small size 45527, offset 45527
05-09 19:56:16.216  2029  2185 D GStreamer+amcaudiodec: 0:05:00.604234834 0xf37ecec0 gstamcaudiodec.c:829:gst_amc_audio_dec_set_format:<amcaudiodec-omxgooglemp3decoder0> Setting new caps audio/mpeg, mpegversion=(int)1, mpegaudioversion=(int)2, layer=(int)3, rate=(int)24000, channels=(int)1, parsed=(boolean)true
05-09 19:56:16.216  2029  2186 D GStreamer+GST_CAPS: 0:05:00.604252959 0xf37ecf20 gstpad.c:2621:gst_pad_has_current_caps:<h264parse2:src> check current pad caps video/x-h264, parsed=(boolean)true, stream-format=(string)avc, alignment=(string)au, width=(int)1280, height=(int)1440, framerate=(fraction)151/3, profile=(string)baseline
05-09 19:56:16.216  2029  2185 D GStreamer+amcaudiodec: 0:05:00.604351084 0xf37ecec0 gstamcaudiodec.c:945:gst_amc_audio_dec_set_format:<amcaudiodec-omxgooglemp3decoder0> Configuring codec with format: {channel-count=1, mime=audio/mpeg, sample-rate=24000}
