05-09 19:56:16.260  2029  2175 D GStreamer+GST_STATES: 0:05:00.648043896 0xf3d9e340 gstelement.c:2548:gst_element_set_state_func:<glcolorconvertelement2> setting target state to NULL
05-09 19:56:16.260  2029  2192 D GStreamer+query: 0:05:00.648066865 0xf3ac6890 gstquery.c:674:gst_query_new_custom creating new query 0xf3ac6ac0 allocation
05-09 19:56:16.260  2029  2175 D GStreamer+GST_STATES: 0:05:00.648116500 0xf3d9e340 gstelement.c:2561:gst_element_set_state_func:<glcolorconvertelement2> current READY, old_pending VOID_PENDING, next VOID_PENDING, old return SUCCESS
05-09 19:56:16.260  2029  2192 D GStreamer+GST_PADS: 0:05:00.648131344 0xf3ac6890 gstpad.c:4009:gst_pad_peer_query:<amcaudiodec-omxgooglemp3decoder0:src> peer query 0xf3ac6ac0 (allocation)
05-09 19:56:16.260  2029  2175 D GStreamer+GST_STATES: 0:05:00.648157177 0xf3d9e340 gstelement.c:2595:gst_element_set_state_func:<glcolorconvertelement2> final: setting state from READY to NULL
05-09 19:56:16.260  2029  2192 D GStreamer+GST_PADS: 0:05:00.648176396 0xf3ac6890 gstpad.c:3882:gst_pad_query:<src_0:proxypad11> doing query 0xf3ac6ac0 (allocation)
05-09 19:56:16.260  2029  2175 D GStreamer+glbasefilter: 0:05:00.648221813 0xf3d9e340 gstglbasefilter.c:467:gst_gl_base_filter_change_state:<glcolorconvertelement2> changing state: READY => NULL
05-09 19:56:16.260  2029  2192 D GStreamer+GST_PADS: 0:05:00.648248948 0xf3ac6890 gstpad.c:3339:gst_pad_query_default:<src_0:proxypad11> forwarding 0xf3ac6ac0 (allocation) query
05-09 19:56:16.260  2029  2175 D GStreamer+GST_ELEMENT_PADS: 0:05:00.648269000 0xf3d9e340 gstelement.c:2793:gst_element_pads_activate:<glcolorconvertelement2> deactivate pads
05-09 19:56:16.260  2029  2192 D GStreamer+GST_PADS: 0:05:00.648299000 0xf3ac6890 gstpad.c:4009:gst_pad_peer_query:<decodebin3:src_0> peer query 0xf3ac6ac0 (allocation)
05-09 19:56:16.260  2029  2175 D GStreamer+GST_PADS: 0:05:00.648326396 0xf3d9e340 gstpad.c:1067:gst_pad_set_active:<glcolorconvertelement2:src> pad was inactive
05-09 19:56:16.260  2029  2192 D GStreamer+GST_PADS: 0:05:00.648335979 0xf3ac6890 gstpad.c:3650:do_probe_callbacks:<decodebin3:src_0> data is passed
05-09 19:56:16.260  2029  2175 D GStreamer+GST_PADS: 0:05:00.648373375 0xf3d9e340 gstpad.c:1067:gst_pad_set_active:<glcolorconvertelement2:sink> pad was inactive
05-09 19:56:16.260  2029  2192 D GStreamer+GST_PADS: 0:05:00.648388792 0xf3ac6890 gstpad.c:3882:gst_pad_query:<queue7:sink> doing query 0xf3ac6ac0 (allocation)
05-09 19:56:16.260  2029  2175 D GStreamer+GST_ELEMENT_PADS: 0:05:00.648427386 0xf3d9e340 gstelement.c:2812:gst_element_pads_activate:<glcolorconvertelement2> pad deactivation successful
05-09 19:56:16.260  2029  2183 D GStreamer+queue_dataflow: 0:05:00.648441657 0xf37ece30 gstqueue.c:1476:gst_queue_loop:<queue7> queue is not empty
05-09 19:56:16.260  2029  2175 D GStreamer+GST_STATES: 0:05:00.648467125 0xf3d9e340 gstelement.c:2684:gst_element_change_state:<glcolorconvertelement2> element changed state SUCCESS
05-09 19:56:16.260  2029  2183 D GStreamer+GST_PADS: 0:05:00.648485250 0xf37ece30 gstpad.c:4009:gst_pad_peer_query:<queue7:src> peer query 0xf3ac6ac0 (allocation)
05-09 19:56:16.260  2029  2183 D GStreamer+GST_PADS: 0:05:00.648522334 0xf37ece30 gstpad.c:3813:check_sticky:<queue7:src> pushing all sticky events
05-09 19:56:16.260  2029  2175 I GStreamer+GST_STATES: 0:05:00.648509573 0xf3d9e340 gstelement.c:2372:gst_element_continue_state:<glcolorconvertelement2> completed state change to NULL
05-09 19:56:16.260  2029  2175 I GStreamer+GST_STATES: 0:05:00.648590094 0xf3d9e340 gstelement.c:2277:_priv_gst_element_state_changed:<glcolorconvertelement2> notifying about state-changed READY to NULL (VOID_PENDING pending)
05-09 19:56:16.260  2029  2183 D GStreamer+GST_EVENT: 0:05:00.648617490 0xf37ece30 gstpad.c:5496:gst_pad_send_event_unchecked:<autoaudiosink0:sink> have event type stream-start event: 0xf3abb9d0, time 99:99:99.999999999, seq-num 1583, GstEventStreamStart, stream-id=(string)71ab440d261a1bb43c19b397eec2373651540427aed1e7b0deb4be62a10a7f25/002, flags=(GstStreamFlags)GST_STREAM_FLAG_NONE, group-id=(uint)2;
05-09 19:56:16.260  2029  2183 I GStreamer+GST_EVENT: 0:05:00.648659417 0xf37ece30 gstpad.c:5601:gst_pad_send_event_unchecked:<autoaudiosink0:sink> Received event on flushing pad. Discarding
05-09 19:56:16.260  2029  2175 D GStreamer+GST_BUS: 0:05:00.648712750 0xf3d9e340 gstbus.c:309:gst_bus_post:<bus9> [msg 0xf3ab9b78] posting on bus state-changed message: 0xf3ab9b78, time 99:99:99.999999999, seq-num 1735, element 'glcolorconvertelement2', GstMessageStateChanged, old-state=(GstState)GST_STATE_READY, new-state=(GstState)GST_STATE_NULL, pending-state=(GstState)GST_STATE_VOID_PENDING;
05-09 19:56:16.260  2029  2183 D GStreamer+GST_PADS: 0:05:00.648727542 0xf37ece30 gstpad.c:3792:push_sticky:<queue7:src> result flushing, mark pending events
05-09 19:56:16.260  2029  2183 W GStreamer+GST_PADS: 0:05:00.648768584 0xf37ece30 gstpad.c:4059:gst_pad_peer_query:<queue7:src> could not send sticky events
05-09 19:56:16.260  2029  2175 D GStreamer+bin: 0:05:00.648783375 0xf3d9e340 gstbin.c:3528:gst_bin_handle_message_func:<glimagesinkbin2> [msg 0xf3ab9b78] handling child glcolorconvertelement2 message of type state-changed
05-09 19:56:16.260  2029  2183 D GStreamer+queue_dataflow: 0:05:00.648805823 0xf37ece30 gstqueue.c:1464:gst_queue_loop:<queue7> queue is empty
05-09 19:56:16.260  2029  2175 D GStreamer+bin: 0:05:00.648824000 0xf3d9e340 gstbin.c:3865:gst_bin_handle_message_func:<glimagesinkbin2> posting message upward
05-09 19:56:16.261  2029  2192 D GStreamer+GST_PADS: 0:05:00.648855094 0xf3ac6890 gstpad.c:3905:gst_pad_query:<queue7:sink> sent query 0xf3ac6ac0 (allocation), result 0
05-09 19:56:16.261  2029  2192 D GStreamer+GST_PADS: 0:05:00.648914521 0xf3ac6890 gstpad.c:3950:gst_pad_query:<queue7:sink> query failed
05-09 19:56:16.261  2029  2175 D GStreamer+GST_BUS: 0:05:00.648930719 0xf3d9e340 gstbus.c:309:gst_bus_post:<bus12> [msg 0xf3ab9b78] posting on bus state-changed message: 0xf3ab9b78, time 99:99:99.999999999, seq-num 1735, element 'glcolorconvertelement2', GstMessageStateChanged, old-state=(GstState)GST_STATE_READY, new-state=(GstState)GST_STATE_NULL, pending-state=(GstState)GST_STATE_VOID_PENDING;
05-09 19:56:16.261  2029  2192 D GStreamer+GST_PADS: 0:05:00.648952386 0xf3ac6890 gstpad.c:4071:gst_pad_peer_query:<decodebin3:src_0> query failed
05-09 19:56:16.261  2029  2175 D GStreamer+bin: 0:05:00.648983323 0xf3d9e340 gstbin.c:3528:gst_bin_handle_message_func:<pipeline2> [msg 0xf3ab9b78] handling child glcolorconvertelement2 message of type state-changed
05-09 19:56:16.261  2029  2192 D GStreamer+GST_PADS: 0:05:00.648992698 0xf3ac6890 gstpad.c:3905:gst_pad_query:<src_0:proxypad11> sent query 0xf3ac6ac0 (allocation), result 0
05-09 19:56:16.261  2029  2175 D GStreamer+bin: 0:05:00.649017073 0xf3d9e340 gstbin.c:3865:gst_bin_handle_message_func:<pipeline2> posting message upward
05-09 19:56:16.261  2029  2192 D GStreamer+GST_PADS: 0:05:00.649026865 0xf3ac6890 gstpad.c:3950:gst_pad_query:<src_0:proxypad11> query failed
05-09 19:56:16.261  2029  2192 D GStreamer+GST_PADS: 0:05:00.649076865 0xf3ac6890 gstpad.c:4071:gst_pad_peer_query:<amcaudiodec-omxgooglemp3decoder0:src> query failed
05-09 19:56:16.261  2029  2175 D GStreamer+GST_BUS: 0:05:00.649103479 0xf3d9e340 gstbus.c:309:gst_bus_post:<bus13> [msg 0xf3ab9b78] posting on bus state-changed message: 0xf3ab9b78, time 99:99:99.999999999, seq-num 1735, element 'glcolorconvertelement2', GstMessageStateChanged, old-state=(GstState)GST_STATE_READY, new-state=(GstState)GST_STATE_NULL, pending-state=(GstState)GST_STATE_VOID_PENDING;
05-09 19:56:16.261  2029  2192 D GStreamer+audiodecoder: 0:05:00.649124052 0xf3ac6890 gstaudiodecoder.c:678:gst_audio_decoder_negotiate_default:<amcaudiodec-omxgooglemp3decoder0> didn't get downstream ALLOCATION hints
05-09 19:56:16.261  2029  2175 D GStreamer+GST_BUS: 0:05:00.649150250 0xf3d9e340 gstbus.c:348:gst_bus_post:<bus13> [msg 0xf3ab9b78] pushing on async queue
05-09 19:56:16.261  2029  2175 D GStreamer+GST_BUS: 0:05:00.649205302 0xf3d9e340 gstbus.c:351:gst_bus_post:<bus13> [msg 0xf3ab9b78] pushed on async queue
05-09 19:56:16.261  2029  2175 D GStreamer+GST_BUS: 0:05:00.649240979 0xf3d9e340 gstbus.c:344:gst_bus_post:<bus12> [msg 0xf3ab9b78] dropped
05-09 19:56:16.261  2029  2175 D GStreamer+GST_BUS: 0:05:00.649274729 0xf3d9e340 gstbus.c:344:gst_bus_post:<bus9> [msg 0xf3ab9b78] dropped
05-09 19:56:16.261  2029  2175 D GStreamer+GST_STATES: 0:05:00.649333167 0xf3d9e340 gstelement.c:2607:gst_element_set_state_func:<glcolorconvertelement2> returned SUCCESS
05-09 19:56:16.261  2029  2192 W GStreamer+structure: 0:05:00.649357073 0xf3ac6890 gststructure.c:1935:priv_gst_structure_append_to_gstring No value transform to serialize field 'allocator' of type 'GArray'
05-09 19:56:16.261  2029  2175 I GStreamer+GST_STATES: 0:05:00.649379729 0xf3d9e340 gstbin.c:2764:gst_bin_change_state_func:<glimagesinkbin2> child 'glcolorconvertelement2' changed state to 1(NULL) successfully
05-09 19:56:16.261  2029  2192 D GStreamer+audiodecoder: 0:05:00.649410407 0xf3ac6890 gstaudiodecoder.c:685:gst_audio_decoder_negotiate_default:<amcaudiodec-omxgooglemp3decoder0> ALLOCATION (1) params: allocation query: 0xf3ac6ac0, GstQueryAllocation, caps=(GstCaps)"audio/x-raw\,\ format\=\(string\)S16LE\,\ layout\=\(string\)interleaved\,\ rate\=\(int\)24000\,\ channels\=\(int\)1", need-pool=(boolean)true, allocator=(GArray)NULL;
05-09 19:56:16.261  2029  2175 D GStreamer+bin: 0:05:00.649439313 0xf3d9e340 gstbin.c:2182:gst_bin_sort_iterator_next:<glimagesinkbin2> queue head gives gluploadelement2
05-09 19:56:16.261  2029  2192 D GStreamer+GST_MEMORY: 0:05:00.649468115 0xf3ac6890 gstmemory.c:138:gst_memory_init new memory 0xf37f45c0, maxsize:97 offset:0 size:94
05-09 19:56:16.261  2029  2175 D GStreamer+bin: 0:05:00.649489677 0xf3d9e340 gstbin.c:882:find_message:<glimagesinkbin2> no message found matching types 00001000
05-09 19:56:16.261  2029  2175 D GStreamer+bin: 0:05:00.649540771 0xf3d9e340 gstbin.c:889:find_message:<glimagesinkbin2>   structure-change
05-09 19:56:16.261  2029  2192 D GStreamer+amcaudiodec: 0:05:00.649603011 0xf3ac6890 gstamcaudiodec.c:600:gst_amc_audio_dec_loop:<amcaudiodec-omxgooglemp3decoder0> Finished frame: ok
05-09 19:56:16.261  2029  2175 D GStreamer+bin: 0:05:00.649582073 0xf3d9e340 gstbin.c:2121:update_degree:<glimagesinkbin2> element gluploadelement2 not linked on any sinkpads
05-09 19:56:16.261  2029  2192 D GStreamer+amcaudiodec: 0:05:00.649656292 0xf3ac6890 gstamcaudiodec.c:424:gst_amc_audio_dec_loop:<amcaudiodec-omxgooglemp3decoder0> Waiting for available output buffer
05-09 19:56:16.261  2029  2175 I GStreamer+GST_STATES: 0:05:00.649670875 0xf3d9e340 gstbin.c:2316:gst_bin_element_set_state:<gluploadelement2> current READY pending VOID_PENDING, desired next NULL
05-09 19:56:16.261  2029  2175 D GStreamer+bin: 0:05:00.649740354 0xf3d9e340 gstbin.c:882:find_message:<glimagesinkbin2> no message found matching types 00100000
05-09 19:56:16.261  2029  2185 I GStreamer+audiodecoder: 0:05:00.649761084 0xf37ecec0 gstaudiodecoder.c:2281:gst_audio_decoder_sink_eventfunc:<amcaudiodec-omxgooglemp3decoder0> upstream stream tags: taglist, audio-codec=(string)"MPEG-1\ Layer\ 3\ \(MP3\)", maximum-bitrate=(uint)48000, bitrate=(uint)48000, language-code=(string)en, has-crc=(boolean)false, channel-mode=(string)mono, nominal-bitrate=(uint)48000;
05-09 19:56:16.261  2029  2175 D GStreamer+bin: 0:05:00.649784469 0xf3d9e340 gstbin.c:889:find_message:<glimagesinkbin2>   async-start
05-09 19:56:16.261  2029  2175 D GStreamer+bin: 0:05:00.649849000 0xf3d9e340 gstbin.c:2411:gst_bin_element_set_state:<glimagesinkbin2> setting element gluploadelement2 to NULL, base_time 0:00:00.000000000
05-09 19:56:16.262  2029  2185 D GStreamer+audiodecoder: 0:05:00.649889782 0xf37ecec0 gstaudiodecoder.c:587:gst_audio_decoder_create_merged_tags_event:<amcaudiodec-omxgooglemp3decoder0> merged   : taglist, audio-codec=(string)"MPEG-1\ Layer\ 3\ \(MP3\)", maximum-bitrate=(uint)48000, bitrate=(uint)48000, language-code=(string)en, has-crc=(boolean)false, channel-mode=(string)mono, nominal-bitrate=(uint)48000;
05-09 19:56:16.262  2029  2175 D GStreamer+GST_STATES: 0:05:00.649902021 0xf3d9e340 gstelement.c:2523:gst_element_set_state_func:<gluploadelement2> set_state to NULL
05-09 19:56:16.262  2029  2175 D GStreamer+GST_STATES: 0:05:00.649953844 0xf3d9e340 gstelement.c:2548:gst_element_set_state_func:<gluploadelement2> setting target state to NULL
05-09 19:56:16.262  2029  2185 D GStreamer+GST_EVENT: 0:05:00.649970823 0xf37ecec0 gstevent.c:302:gst_event_new_custom creating new event 0xf3ae0c28 tag 20510
05-09 19:56:16.262  2029  2175 D GStreamer+GST_STATES: 0:05:00.649996136 0xf3d9e340 gstelement.c:2561:gst_element_set_state_func:<gluploadelement2> current READY, old_pending VOID_PENDING, next VOID_PENDING, old return SUCCESS
05-09 19:56:16.262  2029  2185 D GStreamer+audiodecoder: 0:05:00.650009417 0xf37ecec0 gstaudiodecoder.c:2303:gst_audio_decoder_sink_eventfunc:<amcaudiodec-omxgooglemp3decoder0> Enqueuing event 20510, tag
05-09 19:56:16.262  2029  2175 D GStreamer+GST_STATES: 0:05:00.650035459 0xf3d9e340 gstelement.c:2595:gst_element_set_state_func:<gluploadelement2> final: setting state from READY to NULL
05-09 19:56:16.262  2029  2185 D GStreamer+GST_PADS: 0:05:00.650056240 0xf37ecec0 gstpad.c:5569:gst_pad_send_event_unchecked:<amcaudiodec-omxgooglemp3decoder0:sink> sent event, ret ok
05-09 19:56:16.262  2029  2185 D GStreamer+GST_PADS: 0:05:00.650110771 0xf37ecec0 gstpad.c:3765:push_sticky:<mpegaudioparse0:src> event tag marked received
05-09 19:56:16.262  2029  2175 D GStreamer+glbasefilter: 0:05:00.650116344 0xf3d9e340 gstglbasefilter.c:467:gst_gl_base_filter_change_state:<gluploadelement2> changing state: READY => NULL
05-09 19:56:16.262  2029  2185 D GStreamer+GST_PADS: 0:05:00.650151969 0xf37ecec0 gstpad.c:3745:push_sticky:<mpegaudioparse0:src> event tag was already received
05-09 19:56:16.262  2029  2175 D GStreamer+GST_ELEMENT_PADS: 0:05:00.650179104 0xf3d9e340 gstelement.c:2793:gst_element_pads_activate:<gluploadelement2> deactivate pads
05-09 19:56:16.262  2029  2175 D GStreamer+GST_PADS: 0:05:00.650230615 0xf3d9e340 gstpad.c:1067:gst_pad_set_active:<gluploadelement2:src> pad was inactive
05-09 19:56:16.262  2029  2185 D GStreamer+GST_SCHEDULING: 0:05:00.650244886 0xf37ecec0 gstpad.c:4153:gst_pad_chain_data_unchecked:<amcaudiodec-omxgooglemp3decoder0:sink> calling chainfunction &gst_audio_decoder_chain with buffer buffer: 0xf3b63718, pts 0:00:00.024000000, dts 0:00:00.024000000, dur 0:00:00.024000000, size 144, offset 144, offset_end none, flags 0x0
05-09 19:56:16.262  2029  2175 D GStreamer+GST_PADS: 0:05:00.650288584 0xf3d9e340 gstpad.c:1067:gst_pad_set_active:<gluploadelement2:sink> pad was inactive
05-09 19:56:16.262  2029  2185 D GStreamer+GST_CAPS: 0:05:00.650318271 0xf37ecec0 gstpad.c:2621:gst_pad_has_current_caps:<amcaudiodec-omxgooglemp3decoder0:sink> check current pad caps audio/mpeg, mpegversion=(int)1, mpegaudioversion=(int)2, layer=(int)3, rate=(int)24000, channels=(int)1, parsed=(boolean)true
05-09 19:56:16.262  2029  2175 D GStreamer+GST_ELEMENT_PADS: 0:05:00.650345979 0xf3d9e340 gstelement.c:2812:gst_element_pads_activate:<gluploadelement2> pad deactivation successful
05-09 19:56:16.262  2029  2185 D GStreamer+audiodecoder: 0:05:00.650374782 0xf37ecec0 gstaudiodecoder.c:1476:gst_audio_decoder_push_buffers:<amcaudiodec-omxgooglemp3decoder0> available: 144
05-09 19:56:16.262  2029  2175 D GStreamer+GST_STATES: 0:05:00.650399104 0xf3d9e340 gstelement.c:2684:gst_element_change_state:<gluploadelement2> element changed state SUCCESS
05-09 19:56:16.262  2029  2185 D GStreamer+amcaudiodec: 0:05:00.650421604 0xf37ecec0 gstamcaudiodec.c:1050:gst_amc_audio_dec_handle_frame:<amcaudiodec-omxgooglemp3decoder0> Handling frame
05-09 19:56:16.262  2029  2175 I GStreamer+GST_STATES: 0:05:00.650446865 0xf3d9e340 gstelement.c:2372:gst_element_continue_state:<gluploadelement2> completed state change to NULL
05-09 19:56:16.262  2029  2175 I GStreamer+GST_STATES: 0:05:00.650502021 0xf3d9e340 gstelement.c:2277:_priv_gst_element_state_changed:<gluploadelement2> notifying about state-changed READY to NULL (VOID_PENDING pending)
05-09 19:56:16.262  2029  2175 D GStreamer+GST_BUS: 0:05:00.650581552 0xf3d9e340 gstbus.c:309:gst_bus_post:<bus9> [msg 0xf3ac0e70] posting on bus state-changed message: 0xf3ac0e70, time 99:99:99.999999999, seq-num 1737, element 'gluploadelement2', GstMessageStateChanged, old-state=(GstState)GST_STATE_READY, new-state=(GstState)GST_STATE_NULL, pending-state=(GstState)GST_STATE_VOID_PENDING;
05-09 19:56:16.262  2029  2185 D GStreamer+amcaudiodec: 0:05:00.650595875 0xf37ecec0 gstamcaudiodec.c:1170:gst_amc_audio_dec_handle_frame:<amcaudiodec-omxgooglemp3decoder0> Queueing buffer 1: size 144 time 24000 flags 0x00000001
05-09 19:56:16.262  2029  2175 D GStreamer+bin: 0:05:00.650641292 0xf3d9e340 gstbin.c:3528:gst_bin_handle_message_func:<glimagesinkbin2> [msg 0xf3ac0e70] handling child gluploadelement2 message of type state-changed
05-09 19:56:16.262  2029  2175 D GStreamer+bin: 0:05:00.650677490 0xf3d9e340 gstbin.c:3865:gst_bin_handle_message_func:<glimagesinkbin2> posting message upward
05-09 19:56:16.262  2029  2175 D GStreamer+GST_BUS: 0:05:00.650763375 0xf3d9e340 gstbus.c:309:gst_bus_post:<bus12> [msg 0xf3ac0e70] posting on bus state-changed message: 0xf3ac0e70, time 99:99:99.999999999, seq-num 1737, element 'gluploadelement2', GstMessageStateChanged, old-state=(GstState)GST_STATE_READY, new-state=(GstState)GST_STATE_NULL, pending-state=(GstState)GST_STATE_VOID_PENDING;
05-09 19:56:16.262  2029  2175 D GStreamer+bin: 0:05:00.650832594 0xf3d9e340 gstbin.c:3528:gst_bin_handle_message_func:<pipeline2> [msg 0xf3ac0e70] handling child gluploadelement2 message of type state-changed
05-09 19:56:16.262  2029  2185 D GStreamer+GST_SCHEDULING: 0:05:00.650849052 0xf37ecec0 gstpad.c:4159:gst_pad_chain_data_unchecked:<amcaudiodec-omxgooglemp3decoder0:sink> called chainfunction &gst_audio_decoder_chain with buffer 0xf3b63718, returned ok
05-09 19:56:16.263  2029  2175 D GStreamer+bin: 0:05:00.650879573 0xf3d9e340 gstbin.c:3865:gst_bin_handle_message_func:<pipeline2> posting message upward
05-09 19:56:16.263  2029  2185 D GStreamer+GST_PERFORMANCE: 0:05:00.650917907 0xf37ecec0 gstminiobject.c:326:gst_mini_object_make_writable copy GstBuffer miniobject 0xf3dd4290 -> 0xf3d19730
05-09 19:56:16.263  2029  2185 D GStreamer+mpegaudioparse: 0:05:00.650971552 0xf37ecec0 gstmpegaudioparse.c:456:gst_mpeg_audio_parse_head_check:<mpegaudioparse0> checking mp3 header 0xfff364c0
05-09 19:56:16.263  2029  2175 D GStreamer+GST_BUS: 0:05:00.650987021 0xf3d9e340 gstbus.c:309:gst_bus_post:<bus13> [msg 0xf3ac0e70] posting on bus state-changed message: 0xf3ac0e70, time 99:99:99.999999999, seq-num 1737, element 'gluploadelement2', GstMessageStateChanged, old-state=(GstState)GST_STATE_READY, new-state=(GstState)GST_STATE_NULL, pending-state=(GstState)GST_STATE_VOID_PENDING;
05-09 19:56:16.263  2029  2185 D GStreamer+mpegaudioparse: 0:05:00.651014104 0xf37ecec0 gstmpegaudioparse.c:337:mp3_type_frame_length_from_header:<mpegaudioparse0> Calculated mp3 frame length of 144 bytes
05-09 19:56:16.263  2029  2175 D GStreamer+GST_BUS: 0:05:00.651048948 0xf3d9e340 gstbus.c:348:gst_bus_post:<bus13> [msg 0xf3ac0e70] pushing on async queue
05-09 19:56:16.263  2029  2185 D GStreamer+mpegaudioparse: 0:05:00.651069209 0xf37ecec0 gstmpegaudioparse.c:340:mp3_type_frame_length_from_header:<mpegaudioparse0> samplerate = 24000, bitrate = 48000, version = 2, layer = 3, channels = 1, mode = mono
05-09 19:56:16.263  2029  2175 D GStreamer+GST_BUS: 0:05:00.651096188 0xf3d9e340 gstbus.c:351:gst_bus_post:<bus13> [msg 0xf3ac0e70] pushed on async queue
05-09 19:56:16.263  2029  2185 D GStreamer+GST_CAPS: 0:05:00.651153271 0xf37ecec0 gstpad.c:2621:gst_pad_has_current_caps:<mpegaudioparse0:src> check current pad caps audio/mpeg, mpegversion=(int)1, mpegaudioversion=(int)2, layer=(int)3, rate=(int)24000, channels=(int)1, parsed=(boolean)true
05-09 19:56:16.263  2029  2175 D GStreamer+GST_BUS: 0:05:00.651155719 0xf3d9e340 gstbus.c:344:gst_bus_post:<bus12> [msg 0xf3ac0e70] dropped
05-09 19:56:16.263  2029  2175 D GStreamer+GST_BUS: 0:05:00.651198636 0xf3d9e340 gstbus.c:344:gst_bus_post:<bus9> [msg 0xf3ac0e70] dropped
05-09 19:56:16.263  2029  2185 D GStreamer+GST_SCHEDULING: 0:05:00.651253271 0xf37ecec0 gstpad.c:4153:gst_pad_chain_data_unchecked:<amcaudiodec-omxgooglemp3decoder0:sink> calling chainfunction &gst_audio_decoder_chain with buffer buffer: 0xf3dd4290, pts 0:00:00.048000000, dts 0:00:00.048000000, dur 0:00:00.024000000, size 144, offset 288, offset_end none, flags 0x0
05-09 19:56:16.263  2029  2175 D GStreamer+GST_STATES: 0:05:00.651278375 0xf3d9e340 gstelement.c:2607:gst_element_set_state_func:<gluploadelement2> returned SUCCESS
05-09 19:56:16.263  2029  2185 D GStreamer+GST_CAPS: 0:05:00.651326552 0xf37ecec0 gstpad.c:2621:gst_pad_has_current_caps:<amcaudiodec-omxgooglemp3decoder0:sink> check current pad caps audio/mpeg, mpegversion=(int)1, mpegaudioversion=(int)2, layer=(int)3, rate=(int)24000, channels=(int)1, parsed=(boolean)true
05-09 19:56:16.263  2029  2175 I GStreamer+GST_STATES: 0:05:00.651341917 0xf3d9e340 gstbin.c:2764:gst_bin_change_state_func:<glimagesinkbin2> child 'gluploadelement2' changed state to 1(NULL) successfully
05-09 19:56:16.263  2029  2185 D GStreamer+audiodecoder: 0:05:00.651368323 0xf37ecec0 gstaudiodecoder.c:1476:gst_audio_decoder_push_buffers:<amcaudiodec-omxgooglemp3decoder0> available: 144
05-09 19:56:16.263  2029  2175 D GStreamer+bin: 0:05:00.651394625 0xf3d9e340 gstbin.c:2171:gst_bin_sort_iterator_next:<glimagesinkbin2> queue empty, elements exhausted
05-09 19:56:16.263  2029  2185 D GStreamer+amcaudiodec: 0:05:00.651410459 0xf37ecec0 gstamcaudiodec.c:1050:gst_amc_audio_dec_handle_frame:<amcaudiodec-omxgooglemp3decoder0> Handling frame
05-09 19:56:16.263  2029  2175 D GStreamer+GST_STATES: 0:05:00.651431500 0xf3d9e340 gstbin.c:2823:gst_bin_change_state_func:<glimagesinkbin2> iterator done
05-09 19:56:16.263  2029  2175 D GStreamer+GST_ELEMENT_PADS: 0:05:00.651468479 0xf3d9e340 gstelement.c:2793:gst_element_pads_activate:<glimagesinkbin2> deactivate pads
05-09 19:56:16.263  2029  2175 D GStreamer+GST_PADS: 0:05:00.651536396 0xf3d9e340 gstpad.c:1067:gst_pad_set_active:<glimagesinkbin2:sink> pad was inactive
05-09 19:56:16.263  2029  2175 D GStreamer+GST_ELEMENT_PADS: 0:05:00.651580146 0xf3d9e340 gstelement.c:2812:gst_element_pads_activate:<glimagesinkbin2> pad deactivation successful
05-09 19:56:16.263  2029  2185 D GStreamer+amcaudiodec: 0:05:00.651638688 0xf37ecec0 gstamcaudiodec.c:1170:gst_amc_audio_dec_handle_frame:<amcaudiodec-omxgooglemp3decoder0> Queueing buffer 2: size 144 time 48000 flags 0x00000001
05-09 19:56:16.263  2029  2175 D GStreamer+bin: 0:05:00.651653688 0xf3d9e340 gstbin.c:2213:gst_bin_sort_iterator_free:<glimagesinkbin2> free
05-09 19:56:16.263  2029  2175 D GStreamer+bin: 0:05:00.651703063 0xf3d9e340 gstbin.c:2858:gst_bin_change_state_func:<glimagesinkbin2> no async elements
05-09 19:56:16.263  2029  2175 D GStreamer+GST_STATES: 0:05:00.651748375 0xf3d9e340 gstbin.c:2892:gst_bin_change_state_func:<glimagesinkbin2> done changing bin's state from READY to NULL, now in READY, ret SUCCESS
05-09 19:56:16.263  2029  2175 D GStreamer+GST_STATES: 0:05:00.651781084 0xf3d9e340 gstelement.c:2684:gst_element_change_state:<glimagesinkbin2> element changed state SUCCESS
05-09 19:56:16.264  2029  2185 D GStreamer+GST_SCHEDULING: 0:05:00.651904469 0xf37ecec0 gstpad.c:4159:gst_pad_chain_data_unchecked:<amcaudiodec-omxgooglemp3decoder0:sink> called chainfunction &gst_audio_decoder_chain with buffer 0xf3dd4290, returned ok
05-09 19:56:16.264  2029  2192 D GStreamer+amcaudiodec: 0:05:00.651920823 0xf3ac6890 gstamcaudiodec.c:491:gst_amc_audio_dec_loop:<amcaudiodec-omxgooglemp3decoder0> Got output buffer at index 1: offset 0 size 1152 time 24000 flags 0x00000000
05-09 19:56:16.264  2029  2175 I GStreamer+GST_STATES: 0:05:00.651936657 0xf3d9e340 gstelement.c:2372:gst_element_continue_state:<glimagesinkbin2> completed state change to NULL
05-09 19:56:16.264  2029  2185 D GStreamer+baseparse: 0:05:00.651958063 0xf37ecec0 gstbaseparse.c:3153:gst_base_parse_chain:<mpegaudioparse0> not enough data available (only 0 bytes)
05-09 19:56:16.264  2029  2192 D GStreamer+audiodecoder: 0:05:00.652005459 0xf3ac6890 gstaudiodecoder.c:3550:gst_audio_decoder_allocate_output_buffer alloc src buffer
05-09 19:56:16.264  2029  2175 I GStreamer+GST_STATES: 0:05:00.652032698 0xf3d9e340 gstelement.c:2277:_priv_gst_element_state_changed:<glimagesinkbin2> notifying about state-changed READY to NULL (VOID_PENDING pending)
05-09 19:56:16.264  2029  2185 D GStreamer+GST_SCHEDULING: 0:05:00.652059157 0xf37ecec0 gstpad.c:4159:gst_pad_chain_data_unchecked:<mpegaudioparse0:sink> called chainfunction &gst_base_parse_chain with buffer 0xf3dd4290, returned ok
05-09 19:56:16.264  2029  2192 D GStreamer+GST_PADS: 0:05:00.652075354 0xf3ac6890 gstpad.c:1591:gst_pad_check_reconfigure:<amcaudiodec-omxgooglemp3decoder0:src> remove RECONFIGURE flag
05-09 19:56:16.264  2029  2185 D GStreamer+GST_SCHEDULING: 0:05:00.652121552 0xf37ecec0 gstpad.c:4159:gst_pad_chain_data_unchecked:<typefind:sink> called chainfunction &gst_type_find_element_chain with buffer 0xf3dd4290, returned ok
05-09 19:56:16.264  2029  2175 D GStreamer+GST_BUS: 0:05:00.652170250 0xf3d9e340 gstbus.c:309:gst_bus_post:<bus12> [msg 0xf3ab9a18] posting on bus state-changed message: 0xf3ab9a18, time 99:99:99.999999999, seq-num 1738, element 'glimagesinkbin2', GstMessageStateChanged, old-state=(GstState)GST_STATE_READY, new-state=(GstState)GST_STATE_NULL, pending-state=(GstState)GST_STATE_VOID_PENDING;
05-09 19:56:16.264  2029  2192 D GStreamer+audiodecoder: 0:05:00.652181813 0xf3ac6890 gstaudiodecoder.c:643:gst_audio_decoder_negotiate_default:<amcaudiodec-omxgooglemp3decoder0> setting src caps audio/x-raw, format=(string)S16LE, layout=(string)interleaved, rate=(int)24000, channels=(int)1
05-09 19:56:16.264  2029  2185 D GStreamer+GST_SCHEDULING: 0:05:00.652209886 0xf37ecec0 gstpad.c:4159:gst_pad_chain_data_unchecked:<decodebin3:sink> called chainfunction &gst_proxy_pad_chain_default with buffer 0xf3dd4290, returned ok
05-09 19:56:16.264  2029  2175 D GStreamer+bin: 0:05:00.652245407 0xf3d9e340 gstbin.c:3528:gst_bin_handle_message_func:<pipeline2> [msg 0xf3ab9a18] handling child glimagesinkbin2 message of type state-changed
05-09 19:56:16.264  2029  2192 D GStreamer+audiodecoder: 0:05:00.652267698 0xf3ac6890 gstaudiodecoder.c:650:gst_audio_decoder_negotiate_default:<amcaudiodec-omxgooglemp3decoder0> Pushing pending events
05-09 19:56:16.264  2029  2187 D GStreamer+queue_dataflow: 0:05:00.652326188 0xf37ecf50 gstqueue.c:1204:gst_queue_chain_buffer_or_list:<queue6> queue is not full
05-09 19:56:16.264  2029  2175 D GStreamer+bin: 0:05:00.652312854 0xf3d9e340 gstbin.c:3865:gst_bin_handle_message_func:<pipeline2> posting message upward
05-09 19:56:16.264  2029  2185 D GStreamer+GST_SCHEDULING: 0:05:00.652367334 0xf37ecec0 gstpad.c:4153:gst_pad_chain_data_unchecked:<decodebin3:sink> calling chainfunction &gst_proxy_pad_chain_default with buffer buffer: 0xf3d02bf0, pts 0:00:00.072000000, dts 0:00:00.072000000, dur 0:00:00.024000000, size 144, offset none, offset_end none, flags 0x0
05-09 19:56:16.264  2029  2187 D GStreamer+GST_SCHEDULING: 0:05:00.652394677 0xf37ecf50 gstpad.c:4159:gst_pad_chain_data_unchecked:<queue6:sink> called chainfunction &gst_queue_chain with buffer 0xf3b720d8, returned ok
05-09 19:56:16.264  2029  2175 D GStreamer+GST_BUS: 0:05:00.652451084 0xf3d9e340 gstbus.c:309:gst_bus_post:<bus13> [msg 0xf3ab9a18] posting on bus state-changed message: 0xf3ab9a18, time 99:99:99.999999999, seq-num 1738, element 'glimagesinkbin2', GstMessageStateChanged, old-state=(GstState)GST_STATE_READY, new-state=(GstState)GST_STATE_NULL, pending-state=(GstState)GST_STATE_VOID_PENDING;
05-09 19:56:16.264  2029  2187 D GStreamer+qtdemux: 0:05:00.652497698 0xf37ecf50 qtdemux.c:7675:qtdemux_parse_samples:<q> parsing up to sample 46
05-09 19:56:16.264  2029  2185 D GStreamer+GST_SCHEDULING: 0:05:00.652498636 0xf37ecec0 gstpad.c:4153:gst_pad_chain_data_unchecked:<typefind:sink> calling chainfunction &gst_type_find_element_chain with buffer buffer: 0xf3d02bf0, pts 0:00:00.072000000, dts 0:00:00.072000000, dur 0:00:00.024000000, size 144, offset none, offset_end none, flags 0x0
05-09 19:56:16.264  2029  2175 D GStreamer+GST_BUS: 0:05:00.652516188 0xf3d9e340 gstbus.c:348:gst_bus_post:<bus13> [msg 0xf3ab9a18] pushing on async queue
05-09 19:56:16.264  2029  2187 D GStreamer+qtdemux: 0:05:00.652597802 0xf37ecf50 qtdemux.c:7882:qtdemux_parse_samples:<q> sample 46: index 46, timestamp 0:00:01.104000000
05-09 19:56:16.264  2029  2175 D GStreamer+GST_BUS: 0:05:00.652610771 0xf3d9e340 gstbus.c:351:gst_bus_post:<bus13> [msg 0xf3ab9a18] pushed on async queue
05-09 19:56:16.264  2029  2185 D GStreamer+GST_SCHEDULING: 0:05:00.652643271 0xf37ecec0 gstpad.c:4153:gst_pad_chain_data_unchecked:<mpegaudioparse0:sink> calling chainfunction &gst_base_parse_chain with buffer buffer: 0xf3d02bf0, pts 0:00:00.072000000, dts 0:00:00.072000000, dur 0:00:00.024000000, size 144, offset none, offset_end none, flags 0x0
05-09 19:56:16.264  2029  2187 D GStreamer+qtdemux: 0:05:00.652656813 0xf37ecf50 qtdemux.c:7982:qtdemux_parse_samples:<q> setting all keyframes
05-09 19:56:16.264  2029  2175 D GStreamer+GST_BUS: 0:05:00.652678636 0xf3d9e340 gstbus.c:344:gst_bus_post:<bus12> [msg 0xf3ab9a18] dropped
05-09 19:56:16.264  2029  2185 D GStreamer+baseparse: 0:05:00.652689261 0xf37ecec0 gstbaseparse.c:2985:gst_base_parse_chain:<mpegaudioparse0> chain
05-09 19:56:16.264  2029  2175 D GStreamer+GST_STATES: 0:05:00.652736969 0xf3d9e340 gstelement.c:2607:gst_element_set_state_func:<glimagesinkbin2> returned SUCCESS
05-09 19:56:16.264  2029  2187 D GStreamer+qtdemux: 0:05:00.652755563 0xf37ecf50 qtdemux.c:5197:gst_qtdemux_loop_state_movie:<q> pushing from stream 0, empty 0 offset 1650173, size 41469, dts=0:00:00.775666666, pts=0:00:00.775666666, duration 0:00:00.019666667
05-09 19:56:16.264  2029  2175 I GStreamer+GST_STATES: 0:05:00.652793688 0xf3d9e340 gstbin.c:2764:gst_bin_change_state_func:<pipeline2> child 'glimagesinkbin2' changed state to 1(NULL) successfully
05-09 19:56:16.264  2029  2187 D GStreamer+basesrc: 0:05:00.652818115 0xf37ecf50 gstbasesrc.c:2355:gst_base_src_update_length:<filesrc2> reading offset 1650173, length 41469, size 15003960, segment.stop -1, maxsize 15003960
05-09 19:56:16.264  2029  2175 D GStreamer+GST_STATES: 0:05:00.652837490 0xf3d9e340 gstbin.c:2818:gst_bin_change_state_func:<pipeline2> iterator doing resync
05-09 19:56:16.265  2029  2187 D GStreamer+basesrc: 0:05:00.652864157 0xf37ecf50 gstbasesrc.c:2456:gst_base_src_get_range:<filesrc2> calling create offset 1650173 length 41469, time 0
05-09 19:56:16.265  2029  2175 D GStreamer+bin: 0:05:00.652897229 0xf3d9e340 gstbin.c:2195:gst_bin_sort_iterator_resync:<pipeline2> resync
05-09 19:56:16.265  2029  2187 D GStreamer+GST_MEMORY: 0:05:00.652925459 0xf37ecf50 gstmemory.c:138:gst_memory_init new memory 0xf3d04c00, maxsize:41472 offset:0 size:41469
05-09 19:56:16.265  2029  2175 D GStreamer+bin: 0:05:00.652948375 0xf3d9e340 gstbin.c:1981:add_to_queue:<pipeline2> adding 'autoaudiosink0' to queue
05-09 19:56:16.265  2029  2187 D GStreamer+basesrc: 0:05:00.652992490 0xf37ecf50 gstbasesrc.c:2310:gst_base_src_do_sync:<filesrc2> we have no clock
05-09 19:56:16.265  2029  2175 D GStreamer+bin: 0:05:00.653009625 0xf3d9e340 gstbin.c:1981:add_to_queue:<pipeline2> adding 'glimagesinkbin2' to queue
05-09 19:56:16.265  2029  2185 D GStreamer+GST_PERFORMANCE: 0:05:00.653026448 0xf37ecec0 gstminiobject.c:326:gst_mini_object_make_writable copy GstBuffer miniobject 0xf3d02bf0 -> 0xf3d02d30
05-09 19:56:16.265  2029  2187 D GStreamer+basesrc: 0:05:00.653046084 0xf37ecf50 gstbasesrc.c:2520:gst_base_src_get_range:<filesrc2> buffer ok
05-09 19:56:16.265  2029  2175 D GStreamer+bin: 0:05:00.653056136 0xf3d9e340 gstbin.c:882:find_message:<pipeline2> no message found matching types 00001000
05-09 19:56:16.265  2029  2185 D GStreamer+mpegaudioparse: 0:05:00.653074677 0xf37ecec0 gstmpegaudioparse.c:456:gst_mpeg_audio_parse_head_check:<mpegaudioparse0> checking mp3 header 0xfff364c0
05-09 19:56:16.265  2029  2175 D GStreamer+bin: 0:05:00.653116657 0xf3d9e340 gstbin.c:889:find_message:<pipeline2>   structure-change
05-09 19:56:16.265  2029  2187 D GStreamer+GST_SCHEDULING: 0:05:00.653144782 0xf37ecf50 gstpad.c:4153:gst_pad_chain_data_unchecked:<queue4:sink> calling chainfunction &gst_queue_chain with buffer buffer: 0xf3ac3d20, pts 0:00:00.775666666, dts 0:00:00.775666666, dur 0:00:00.019666667, size 41469, offset none, offset_end none, flags 0x0
05-09 19:56:16.265  2029  2185 D GStreamer+mpegaudioparse: 0:05:00.653160146 0xf37ecec0 gstmpegaudioparse.c:337:mp3_type_frame_length_from_header:<mpegaudioparse0> Calculated mp3 frame length of 144 bytes
05-09 19:56:16.265  2029  2175 D GStreamer+bin: 0:05:00.653173636 0xf3d9e340 gstbin.c:2098:update_degree:<pipeline2> change element queue7, degree 0->1, linked to autoaudiosink0
05-09 19:56:16.265  2029  2187 D GStreamer+GST_MEMORY: 0:05:00.653185823 0xf37ecf50 gstmemory.c:87:_gst_memory_free free memory 0xf3d04c00
05-09 19:56:16.265  2029  2192 D GStreamer+GST_CAPS: 0:05:00.653250927 0xf3ac6890 gstpad.c:2648:gst_pad_get_current_caps:<amcaudiodec-omxgooglemp3decoder0:src> get current pad caps audio/x-raw, format=(string)S16LE, layout=(string)interleaved, rate=(int)24000, channels=(int)1
05-09 19:56:16.265  2029  2185 D GStreamer+mpegaudioparse: 0:05:00.653267282 0xf37ecec0 gstmpegaudioparse.c:340:mp3_type_frame_length_from_header:<mpegaudioparse0> samplerate = 24000, bitrate = 48000, version = 2, layer = 3, channels = 1, mode = mono
05-09 19:56:16.265  2029  2175 D GStreamer+bin: 0:05:00.653284261 0xf3d9e340 gstbin.c:882:find_message:<pipeline2> no message found matching types 00001000
05-09 19:56:16.265  2029  2187 D GStreamer+GST_SCHEDULING: 0:05:00.653300719 0xf37ecf50 gstpad.c:4159:gst_pad_chain_data_unchecked:<queue4:sink> called chainfunction &gst_queue_chain with buffer 0xf3ac3d20, returned not-linked
05-09 19:56:16.265  2029  2175 D GStreamer+bin: 0:05:00.653347750 0xf3d9e340 gstbin.c:889:find_message:<pipeline2>   structure-change
05-09 19:56:16.265  2029  2187 D GStreamer+default: 0:05:00.653374469 0xf37ecf50 gstflowcombiner.c:193:gst_flow_combiner_get_flow Combining flow returns
05-09 19:56:16.265  2029  2185 D GStreamer+GST_CAPS: 0:05:00.653390198 0xf37ecec0 gstpad.c:2621:gst_pad_has_current_caps:<mpegaudioparse0:src> check current pad caps audio/mpeg, mpegversion=(int)1, mpegaudioversion=(int)2, layer=(int)3, rate=(int)24000, channels=(int)1, parsed=(boolean)true
05-09 19:56:16.265  2029  2175 D GStreamer+bin: 0:05:00.653403479 0xf3d9e340 gstbin.c:2098:update_degree:<pipeline2> change element decodebin3, degree 0->1, linked to queue7
05-09 19:56:16.265  2029  2187 D GStreamer+default: 0:05:00.653415563 0xf37ecf50 gstflowcombiner.c:216:gst_flow_combiner_get_flow Combined flow return: ok (0)
05-09 19:56:16.265  2029  2187 D GStreamer+qtdemux: 0:05:00.653470459 0xf37ecf50 qtdemux.c:7675:qtdemux_parse_samples:<q> parsing up to sample 39
05-09 19:56:16.265  2029  2175 D GStreamer+bin: 0:05:00.653486396 0xf3d9e340 gstbin.c:882:find_message:<pipeline2> no message found matching types 00001000
05-09 19:56:16.265  2029  2185 D GStreamer+GST_SCHEDULING: 0:05:00.653503584 0xf37ecec0 gstpad.c:4153:gst_pad_chain_data_unchecked:<amcaudiodec-omxgooglemp3decoder0:sink> calling chainfunction &gst_audio_decoder_chain with buffer buffer: 0xf3d02bf0, pts 0:00:00.072000000, dts 0:00:00.072000000, dur 0:00:00.024000000, size 144, offset 432, offset_end none, flags 0x0
05-09 19:56:16.265  2029  2187 D GStreamer+qtdemux: 0:05:00.653530094 0xf37ecf50 qtdemux.c:7882:qtdemux_parse_samples:<q> sample 39: index 0, timestamp 0:00:00.795333333
05-09 19:56:16.265  2029  2175 D GStreamer+bin: 0:05:00.653558115 0xf3d9e340 gstbin.c:889:find_message:<pipeline2>   structure-change
05-09 19:56:16.265  2029  2187 D GStreamer+qtdemux: 0:05:00.653576240 0xf37ecf50 qtdemux.c:7937:qtdemux_parse_samples:<q> samples at 39 is keyframe
05-09 19:56:16.265  2029  2185 D GStreamer+GST_CAPS: 0:05:00.653605042 0xf37ecec0 gstpad.c:2621:gst_pad_has_current_caps:<amcaudiodec-omxgooglemp3decoder0:sink> check current pad caps audio/mpeg, mpegversion=(int)1, mpegaudioversion=(int)2, layer=(int)3, rate=(int)24000, channels=(int)1, parsed=(boolean)true
05-09 19:56:16.265  2029  2175 D GStreamer+bin: 0:05:00.653616917 0xf3d9e340 gstbin.c:2098:update_degree:<pipeline2> change element queue6, degree 0->1, linked to decodebin3
05-09 19:56:16.265  2029  2187 D GStreamer+qtdemux: 0:05:00.653669157 0xf37ecf50 qtdemux.c:5197:gst_qtdemux_loop_state_movie:<q> pushing from stream 1, empty 0 offset 1732616, size 144, dts=0:00:01.104000000, pts=0:00:01.104000000, duration 0:00:00.024000000
05-09 19:56:16.265  2029  2175 D GStreamer+bin: 0:05:00.653691136 0xf3d9e340 gstbin.c:882:find_message:<pipeline2> no message found matching types 00001000
05-09 19:56:16.265  2029  2187 D GStreamer+basesrc: 0:05:00.653725823 0xf37ecf50 gstbasesrc.c:2355:gst_base_src_update_length:<filesrc2> reading offset 1732616, length 144, size 15003960, segment.stop -1, maxsize 15003960
05-09 19:56:16.265  2029  2175 D GStreamer+bin: 0:05:00.653741188 0xf3d9e340 gstbin.c:889:find_message:<pipeline2>   structure-change
05-09 19:56:16.265  2029  2187 D GStreamer+basesrc: 0:05:00.653767386 0xf37ecf50 gstbasesrc.c:2456:gst_base_src_get_range:<filesrc2> calling create offset 1732616 length 144, time 0
05-09 19:56:16.265  2029  2175 D GStreamer+bin: 0:05:00.653830979 0xf3d9e340 gstbin.c:2098:update_degree:<pipeline2> change element q, degree 0->1, linked to queue6
05-09 19:56:16.265  2029  2187 D GStreamer+GST_MEMORY: 0:05:00.653843948 0xf37ecf50 gstmemory.c:138:gst_memory_init new memory 0xf3adadb0, maxsize:147 offset:0 size:144
05-09 19:56:16.266  2029  2192 D GStreamer+query: 0:05:00.653824417 0xf3ac6890 gstquery.c:674:gst_query_new_custom creating new query 0xf3ac6a60 allocation
05-09 19:56:16.266  2029  2175 D GStreamer+bin: 0:05:00.653892907 0xf3d9e340 gstbin.c:882:find_message:<pipeline2> no message found matching types 00001000
05-09 19:56:16.266  2029  2187 D GStreamer+basesrc: 0:05:00.653907177 0xf37ecf50 gstbasesrc.c:2310:gst_base_src_do_sync:<filesrc2> we have no clock
05-09 19:56:16.266  2029  2175 D GStreamer+bin: 0:05:00.653928479 0xf3d9e340 gstbin.c:889:find_message:<pipeline2>   structure-change
05-09 19:56:16.266  2029  2187 D GStreamer+basesrc: 0:05:00.653941709 0xf37ecf50 gstbasesrc.c:2520:gst_base_src_get_range:<filesrc2> buffer ok
05-09 19:56:16.266  2029  2175 D GStreamer+bin: 0:05:00.653971552 0xf3d9e340 gstbin.c:2098:update_degree:<pipeline2> change element forhalffps, degree 0->1, linked to glimagesinkbin2
05-09 19:56:16.266  2029  2187 D GStreamer+GST_SCHEDULING: 0:05:00.654015511 0xf37ecf50 gstpad.c:4153:gst_pad_chain_data_unchecked:<queue6:sink> calling chainfunction &gst_queue_chain with buffer buffer: 0xf3ac3be0, pts 0:00:01.104000000, dts 0:00:01.104000000, dur 0:00:00.024000000, size 144, offset none, offset_end none, flags 0x0
05-09 19:56:16.266  2029  2175 D GStreamer+bin: 0:05:00.654025198 0xf3d9e340 gstbin.c:882:find_message:<pipeline2> no message found matching types 00001000
05-09 19:56:16.266  2029  2187 D GStreamer+queue_dataflow: 0:05:00.654058063 0xf37ecf50 gstqueue.c:1196:gst_queue_chain_buffer_or_list:<queue6> queue is full, waiting for free space
05-09 19:56:16.266  2029  2175 D GStreamer+bin: 0:05:00.654073375 0xf3d9e340 gstbin.c:889:find_message:<pipeline2>   structure-change
05-09 19:56:16.266  2029  2192 D GStreamer+GST_PADS: 0:05:00.654105719 0xf3ac6890 gstpad.c:4009:gst_pad_peer_query:<amcaudiodec-omxgooglemp3decoder0:src> peer query 0xf3ac6a60 (allocation)
05-09 19:56:16.266  2029  2175 D GStreamer+bin: 0:05:00.654133479 0xf3d9e340 gstbin.c:2098:update_degree:<pipeline2> change element queue5, degree 0->1, linked to forhalffps
05-09 19:56:16.266  2029  2192 D GStreamer+GST_PADS: 0:05:00.654159782 0xf3ac6890 gstpad.c:3882:gst_pad_query:<src_0:proxypad11> doing query 0xf3ac6a60 (allocation)
05-09 19:56:16.266  2029  2175 D GStreamer+bin: 0:05:00.654185302 0xf3d9e340 gstbin.c:882:find_message:<pipeline2> no message found matching types 00001000
05-09 19:56:16.266  2029  2192 D GStreamer+GST_PADS: 0:05:00.654213584 0xf3ac6890 gstpad.c:3339:gst_pad_query_default:<src_0:proxypad11> forwarding 0xf3ac6a60 (allocation) query
05-09 19:56:16.266  2029  2175 D GStreamer+bin: 0:05:00.654241813 0xf3d9e340 gstbin.c:889:find_message:<pipeline2>   structure-change
05-09 19:56:16.266  2029  2192 D GStreamer+GST_PADS: 0:05:00.654260875 0xf3ac6890 gstpad.c:4009:gst_pad_peer_query:<decodebin3:src_0> peer query 0xf3ac6a60 (allocation)
05-09 19:56:16.266  2029  2175 D GStreamer+bin: 0:05:00.654283271 0xf3d9e340 gstbin.c:2121:update_degree:<pipeline2> element queue5 not linked on any sinkpads
05-09 19:56:16.266  2029  2192 D GStreamer+GST_PADS: 0:05:00.654305667 0xf3ac6890 gstpad.c:3650:do_probe_callbacks:<decodebin3:src_0> data is passed
05-09 19:56:16.266  2029  2175 D GStreamer+bin: 0:05:00.654335615 0xf3d9e340 gstbin.c:882:find_message:<pipeline2> no message found matching types 00001000
05-09 19:56:16.266  2029  2192 D GStreamer+GST_PADS: 0:05:00.654343740 0xf3ac6890 gstpad.c:3882:gst_pad_query:<queue7:sink> doing query 0xf3ac6a60 (allocation)
05-09 19:56:16.266  2029  2175 D GStreamer+bin: 0:05:00.654369625 0xf3d9e340 gstbin.c:889:find_message:<pipeline2>   structure-change
05-09 19:56:16.266  2029  2183 D GStreamer+queue_dataflow: 0:05:00.654392177 0xf37ece30 gstqueue.c:1476:gst_queue_loop:<queue7> queue is not empty
05-09 19:56:16.266  2029  2175 D GStreamer+bin: 0:05:00.654413375 0xf3d9e340 gstbin.c:2098:update_degree:<pipeline2> change element queue4, degree 0->1, linked to forhwgl
05-09 19:56:16.266  2029  2183 D GStreamer+GST_PADS: 0:05:00.654443636 0xf37ece30 gstpad.c:4009:gst_pad_peer_query:<queue7:src> peer query 0xf3ac6a60 (allocation)
05-09 19:56:16.266  2029  2175 D GStreamer+bin: 0:05:00.654468688 0xf3d9e340 gstbin.c:882:find_message:<pipeline2> no message found matching types 00001000
05-09 19:56:16.266  2029  2183 D GStreamer+GST_PADS: 0:05:00.654478636 0xf37ece30 gstpad.c:3813:check_sticky:<queue7:src> pushing all sticky events
05-09 19:56:16.266  2029  2175 D GStreamer+bin: 0:05:00.654501604 0xf3d9e340 gstbin.c:889:find_message:<pipeline2>   structure-change
05-09 19:56:16.266  2029  2175 D GStreamer+bin: 0:05:00.654567021 0xf3d9e340 gstbin.c:2098:update_degree:<pipeline2> change element q, degree 1->2, linked to queue4
05-09 19:56:16.266  2029  2183 D GStreamer+GST_EVENT: 0:05:00.654583479 0xf37ece30 gstpad.c:5496:gst_pad_send_event_unchecked:<autoaudiosink0:sink> have event type stream-start event: 0xf3abb9d0, time 99:99:99.999999999, seq-num 1583, GstEventStreamStart, stream-id=(string)71ab440d261a1bb43c19b397eec2373651540427aed1e7b0deb4be62a10a7f25/002, flags=(GstStreamFlags)GST_STREAM_FLAG_NONE, group-id=(uint)2;
05-09 19:56:16.266  2029  2175 D GStreamer+bin: 0:05:00.654608896 0xf3d9e340 gstbin.c:882:find_message:<pipeline2> no message found matching types 00001000
05-09 19:56:16.266  2029  2183 I GStreamer+GST_EVENT: 0:05:00.654628427 0xf37ece30 gstpad.c:5601:gst_pad_send_event_unchecked:<autoaudiosink0:sink> Received event on flushing pad. Discarding
05-09 19:56:16.266  2029  2175 D GStreamer+bin: 0:05:00.654669209 0xf3d9e340 gstbin.c:889:find_message:<pipeline2>   structure-change
05-09 19:56:16.266  2029  2183 D GStreamer+GST_PADS: 0:05:00.654683688 0xf37ece30 gstpad.c:3792:push_sticky:<queue7:src> result flushing, mark pending events
05-09 19:56:16.266  2029  2175 D GStreamer+bin: 0:05:00.654710979 0xf3d9e340 gstbin.c:2098:update_degree:<pipeline2> change element filesrc2, degree 0->1, linked to q
05-09 19:56:16.266  2029  2183 W GStreamer+GST_PADS: 0:05:00.654731344 0xf37ece30 gstpad.c:4059:gst_pad_peer_query:<queue7:src> could not send sticky events
05-09 19:56:16.266  2029  2175 D GStreamer+bin: 0:05:00.654775198 0xf3d9e340 gstbin.c:2121:update_degree:<pipeline2> element filesrc2 not linked on any sinkpads
05-09 19:56:16.266  2029  2183 D GStreamer+queue_dataflow: 0:05:00.654789677 0xf37ece30 gstqueue.c:1464:gst_queue_loop:<queue7> queue is empty
05-09 19:56:16.266  2029  2175 D GStreamer+bin: 0:05:00.654815459 0xf3d9e340 gstbin.c:2182:gst_bin_sort_iterator_next:<pipeline2> queue head gives autoaudiosink0
05-09 19:56:16.266  2029  2192 D GStreamer+GST_PADS: 0:05:00.654842802 0xf3ac6890 gstpad.c:3905:gst_pad_query:<queue7:sink> sent query 0xf3ac6a60 (allocation), result 0
05-09 19:56:16.267  2029  2175 D GStreamer+bin: 0:05:00.654851657 0xf3d9e340 gstbin.c:882:find_message:<pipeline2> no message found matching types 00001000
05-09 19:56:16.267  2029  2192 D GStreamer+GST_PADS: 0:05:00.654909365 0xf3ac6890 gstpad.c:3950:gst_pad_query:<queue7:sink> query failed
05-09 19:56:16.267  2029  2175 D GStreamer+bin: 0:05:00.654924521 0xf3d9e340 gstbin.c:889:find_message:<pipeline2>   structure-change
05-09 19:56:16.267  2029  2192 D GStreamer+GST_PADS: 0:05:00.654945459 0xf3ac6890 gstpad.c:4071:gst_pad_peer_query:<decodebin3:src_0> query failed
05-09 19:56:16.267  2029  2175 D GStreamer+bin: 0:05:00.654988323 0xf3d9e340 gstbin.c:2098:update_degree:<pipeline2> change element queue7, degree 1->0, linked to autoaudiosink0
05-09 19:56:16.267  2029  2192 D GStreamer+GST_PADS: 0:05:00.655006604 0xf3ac6890 gstpad.c:3905:gst_pad_query:<src_0:proxypad11> sent query 0xf3ac6a60 (allocation), result 0
05-09 19:56:16.267  2029  2175 D GStreamer+bin: 0:05:00.655027438 0xf3d9e340 gstbin.c:1981:add_to_queue:<pipeline2> adding 'queue7' to queue
05-09 19:56:16.267  2029  2192 D GStreamer+GST_PADS: 0:05:00.655048323 0xf3ac6890 gstpad.c:3950:gst_pad_query:<src_0:proxypad11> query failed
05-09 19:56:16.267  2029  2175 I GStreamer+GST_STATES: 0:05:00.655091396 0xf3d9e340 gstbin.c:2316:gst_bin_element_set_state:<autoaudiosink0> current NULL pending VOID_PENDING, desired next NULL
05-09 19:56:16.267  2029  2192 D GStreamer+GST_PADS: 0:05:00.655107750 0xf3ac6890 gstpad.c:4071:gst_pad_peer_query:<amcaudiodec-omxgooglemp3decoder0:src> query failed
05-09 19:56:16.267  2029  2175 D GStreamer+bin: 0:05:00.655132177 0xf3d9e340 gstbin.c:882:find_message:<pipeline2> no message found matching types 00100000
05-09 19:56:16.267  2029  2192 D GStreamer+audiodecoder: 0:05:00.655152542 0xf3ac6890 gstaudiodecoder.c:678:gst_audio_decoder_negotiate_default:<amcaudiodec-omxgooglemp3decoder0> didn't get downstream ALLOCATION hints
05-09 19:56:16.267  2029  2175 D GStreamer+bin: 0:05:00.655174677 0xf3d9e340 gstbin.c:889:find_message:<pipeline2>   async-start
05-09 19:56:16.267  2029  2192 W GStreamer+structure: 0:05:00.655234104 0xf3ac6890 gststructure.c:1935:priv_gst_structure_append_to_gstring No value transform to serialize field 'allocator' of type 'GArray'
05-09 19:56:16.267  2029  2175 D GStreamer+bin: 0:05:00.655250146 0xf3d9e340 gstbin.c:2411:gst_bin_element_set_state:<pipeline2> setting element autoaudiosink0 to NULL, base_time 0:00:00.000000000
05-09 19:56:16.267  2029  2192 D GStreamer+audiodecoder: 0:05:00.655279469 0xf3ac6890 gstaudiodecoder.c:685:gst_audio_decoder_negotiate_default:<amcaudiodec-omxgooglemp3decoder0> ALLOCATION (1) params: allocation query: 0xf3ac6a60, GstQueryAllocation, caps=(GstCaps)"audio/x-raw\,\ format\=\(string\)S16LE\,\ layout\=\(string\)interleaved\,\ rate\=\(int\)24000\,\ channels\=\(int\)1", need-pool=(boolean)true, allocator=(GArray)NULL;
05-09 19:56:16.267  2029  2175 D GStreamer+GST_STATES: 0:05:00.655306657 0xf3d9e340 gstelement.c:2523:gst_element_set_state_func:<autoaudiosink0> set_state to NULL
05-09 19:56:16.267  2029  2192 D GStreamer+GST_MEMORY: 0:05:00.655331657 0xf3ac6890 gstmemory.c:138:gst_memory_init new memory 0xf392aee0, maxsize:1155 offset:0 size:1152
05-09 19:56:16.267  2029  2175 D GStreamer+GST_STATES: 0:05:00.655356865 0xf3d9e340 gstelement.c:2561:gst_element_set_state_func:<autoaudiosink0> current NULL, old_pending VOID_PENDING, next VOID_PENDING, old return SUCCESS
05-09 19:56:16.267  2029  2192 D GStreamer+adapter: 0:05:00.655382177 0xf3ac6890 gstadapter.c:296:copy_into_unchecked bsize 94, skip 0, csize 94
05-09 19:56:16.267  2029  2175 D GStreamer+GST_STATES: 0:05:00.655420615 0xf3d9e340 gstelement.c:2595:gst_element_set_state_func:<autoaudiosink0> final: setting state from NULL to NULL
05-09 19:56:16.267  2029  2192 D GStreamer+GST_MEMORY: 0:05:00.655437542 0xf3ac6890 gstmemory.c:138:gst_memory_init new memory 0xf3abc240, maxsize:1152 offset:0 size:1152
05-09 19:56:16.267  2029  2175 D GStreamer+GST_STATES: 0:05:00.655464677 0xf3d9e340 gstbin.c:2664:gst_bin_change_state_func:<autoaudiosink0> changing state of children from NULL to NULL
05-09 19:56:16.267  2029  2192 D GStreamer+GST_MEMORY: 0:05:00.655481344 0xf3ac6890 gstmemory.c:87:_gst_memory_free free memory 0xf37f45c0
05-09 19:56:16.267  2029  2175 D GStreamer+bin: 0:05:00.655502282 0xf3d9e340 gstbin.c:2712:gst_bin_change_state_func:<autoaudiosink0> clearing all cached messages
05-09 19:56:16.267  2029  2192 D GStreamer+audiodecoder: 0:05:00.655523427 0xf3ac6890 gstaudiodecoder.c:1076:send_pending_events:<amcaudiodec-omxgooglemp3decoder0> Pushing pending events
05-09 19:56:16.267  2029  2175 D GStreamer+bin: 0:05:00.655559521 0xf3d9e340 gstbin.c:2195:gst_bin_sort_iterator_resync:<autoaudiosink0> resync
05-09 19:56:16.267  2029  2175 D GStreamer+bin: 0:05:00.655601136 0xf3d9e340 gstbin.c:1981:add_to_queue:<autoaudiosink0> adding 'fake-audio-sink' to queue
