05-09 19:56:16.142  2029  2186 D GStreamer+GST_PADS: 0:05:00.529959261 0xf37ecf20 gstpad.c:972:pre_activate:<h264parse2:sink> setting pad into push mode, unset flushing
05-09 19:56:16.142  2029  2185 D GStreamer+GST_PADS: 0:05:00.530108271 0xf37ecec0 gstpad.c:5569:gst_pad_send_event_unchecked:<decodepad3:proxypad11> sent event, ret ok
05-09 19:56:16.142  2029  2186 D GStreamer+GST_PADS: 0:05:00.530161552 0xf37ecf20 gstpad.c:984:pre_activate:<h264parse2:sink> reschedule events on peer typefind:src
05-09 19:56:16.142  2029  2185 D GStreamer+GST_PADS: 0:05:00.530199573 0xf37ecec0 gstpad.c:3765:push_sticky:<mpegaudioparse0:src> event stream-start marked received
05-09 19:56:16.142  2029  2187 D GStreamer+basesrc: 0:05:00.530217646 0xf37ecf50 gstbasesrc.c:2310:gst_base_src_do_sync:<filesrc2> we have no clock
05-09 19:56:16.142  2029  2185 D GStreamer+baseparse: 0:05:00.530240302 0xf37ecec0 gstbaseparse.c:1484:gst_base_parse_sink_event_default:<mpegaudioparse0> event handled
05-09 19:56:16.142  2029  2187 D GStreamer+basesrc: 0:05:00.530261292 0xf37ecf50 gstbasesrc.c:2520:gst_base_src_get_range:<filesrc2> buffer ok
05-09 19:56:16.142  2029  2185 D GStreamer+GST_PADS: 0:05:00.530311865 0xf37ecec0 gstpad.c:5569:gst_pad_send_event_unchecked:<mpegaudioparse0:sink> sent event, ret ok
05-09 19:56:16.142  2029  2187 D GStreamer+GST_SCHEDULING: 0:05:00.530343271 0xf37ecf50 gstpad.c:4153:gst_pad_chain_data_unchecked:<queue4:sink> calling chainfunction &gst_queue_chain with buffer buffer: 0xf3d195f0, pts 0:00:00.358000000, dts 0:00:00.358000000, dur 0:00:00.020000000, size 42746, offset none, offset_end none, flags 0x0
05-09 19:56:16.142  2029  2186 D GStreamer+baseparse: 0:05:00.530386709 0xf37ecf20 gstbaseparse.c:3661:gst_base_parse_sink_activate_mode:<h264parse2> sink activate in push mode
05-09 19:56:16.142  2029  2187 D GStreamer+GST_SCHEDULING: 0:05:00.530409886 0xf37ecf50 gstpad.c:4159:gst_pad_chain_data_unchecked:<queue4:sink> called chainfunction &gst_queue_chain with buffer 0xf3d195f0, returned ok
05-09 19:56:16.142  2029  2185 D GStreamer+GST_EVENT: 0:05:00.530469938 0xf37ecec0 gstpad.c:5496:gst_pad_send_event_unchecked:<mpegaudioparse0:sink> have event type caps event: 0xf3a08798, time 99:99:99.999999999, seq-num 1607, GstEventCaps, caps=(GstCaps)"audio/mpeg\,\ mpegversion\=\(int\)1\,\ parsed\=\(boolean\)true\,\ rate\=\(int\)24000\,\ channels\=\(int\)1";
05-09 19:56:16.142  2029  2186 D GStreamer+baseparse: 0:05:00.530488323 0xf37ecf20 gstbaseparse.c:3625:gst_base_parse_activate:<h264parse2> activate 1
05-09 19:56:16.142  2029  2187 D GStreamer+qtdemux: 0:05:00.530504886 0xf37ecf50 qtdemux.c:7675:qtdemux_parse_samples:<q> parsing up to sample 18
05-09 19:56:16.142  2029  2186 D GStreamer+h264parse: 0:05:00.530528792 0xf37ecf20 gsth264parse.c:262:gst_h264_parse_start:<h264parse2> start
05-09 19:56:16.142  2029  2186 D GStreamer+h264parse: 0:05:00.530571344 0xf37ecf20 gsth264parse.c:184:gst_h264_parse_reset_frame:<h264parse2> reset frame
05-09 19:56:16.142  2029  2187 D GStreamer+qtdemux: 0:05:00.530590198 0xf37ecf50 qtdemux.c:7882:qtdemux_parse_samples:<q> sample 18: index 0, timestamp 0:00:00.378000000
05-09 19:56:16.142  2029  2185 D GStreamer+GST_CAPS: 0:05:00.530606396 0xf37ecec0 gstutils.c:2921:gst_pad_query_accept_caps:<mpegaudioparse0:sink> accept caps of audio/mpeg, mpegversion=(int)1, parsed=(boolean)true, rate=(int)24000, channels=(int)1
05-09 19:56:16.142  2029  2186 D GStreamer+baseparse: 0:05:00.530664313 0xf37ecf20 gstbaseparse.c:3647:gst_base_parse_activate:<h264parse2> activate return: 1
05-09 19:56:16.142  2029  2187 D GStreamer+qtdemux: 0:05:00.530684157 0xf37ecf50 qtdemux.c:7937:qtdemux_parse_samples:<q> samples at 18 is keyframe
05-09 19:56:16.142  2029  2185 D GStreamer+query: 0:05:00.530700980 0xf37ecec0 gstquery.c:674:gst_query_new_custom creating new query 0xf3ac6920 accept-caps
05-09 19:56:16.142  2029  2186 D GStreamer+baseparse: 0:05:00.530720042 0xf37ecf20 gstbaseparse.c:3684:gst_base_parse_sink_activate_mode:<h264parse2> sink activate return: 1
05-09 19:56:16.142  2029  2187 D GStreamer+qtdemux: 0:05:00.530773688 0xf37ecf50 qtdemux.c:5197:gst_qtdemux_loop_state_movie:<q> pushing from stream 1, empty 0 offset 859088, size 144, dts=0:00:00.672000000, pts=0:00:00.672000000, duration 0:00:00.024000000
05-09 19:56:16.142  2029  2186 D GStreamer+GST_PADS: 0:05:00.530784365 0xf37ecf20 gstpad.c:1198:gst_pad_activate_mode:<h264parse2:sink> activated in push mode
05-09 19:56:16.142  2029  2185 D GStreamer+GST_PADS: 0:05:00.530799573 0xf37ecec0 gstpad.c:3882:gst_pad_query:<mpegaudioparse0:sink> doing query 0xf3ac6920 (accept-caps)
05-09 19:56:16.143  2029  2185 D GStreamer+baseparse: 0:05:00.530867282 0xf37ecec0 gstbaseparse.c:1555:gst_base_parse_sink_query:<mpegaudioparse0> accept-caps query
05-09 19:56:16.143  2029  2186 D GStreamer+GST_ELEMENT_PADS: 0:05:00.530879573 0xf37ecf20 gstelement.c:2812:gst_element_pads_activate:<h264parse2> pad activation successful
05-09 19:56:16.143  2029  2187 D GStreamer+basesrc: 0:05:00.530894730 0xf37ecf50 gstbasesrc.c:2355:gst_base_src_update_length:<filesrc2> reading offset 859088, length 144, size 15003960, segment.stop -1, maxsize 15003960
05-09 19:56:16.143  2029  2186 D GStreamer+GST_STATES: 0:05:00.530929209 0xf37ecf20 gstelement.c:2684:gst_element_change_state:<h264parse2> element changed state SUCCESS
05-09 19:56:16.143  2029  2187 D GStreamer+basesrc: 0:05:00.530975771 0xf37ecf50 gstbasesrc.c:2456:gst_base_src_get_range:<filesrc2> calling create offset 859088 length 144, time 0
05-09 19:56:16.143  2029  2185 D GStreamer+GST_PADS: 0:05:00.531027646 0xf37ecec0 gstpad.c:3035:gst_pad_query_accept_caps_default:<mpegaudioparse0:sink> query accept-caps accept-caps query: 0xf3ac6920, GstQueryAcceptCaps, caps=(GstCaps)"audio/mpeg\,\ mpegversion\=\(int\)1\,\ parsed\=\(boolean\)true\,\ rate\=\(int\)24000\,\ channels\=\(int\)1", result=(boolean)false;
05-09 19:56:16.143  2029  2186 I GStreamer+GST_STATES: 0:05:00.531035146 0xf37ecf20 gstelement.c:2372:gst_element_continue_state:<h264parse2> completed state change to PAUSED
05-09 19:56:16.143  2029  2187 D GStreamer+GST_MEMORY: 0:05:00.531052334 0xf37ecf50 gstmemory.c:138:gst_memory_init new memory 0xf3af43a8, maxsize:147 offset:0 size:144
05-09 19:56:16.143  2029  2185 D GStreamer+GST_PERFORMANCE: 0:05:00.531099000 0xf37ecec0 gstpad.c:3050:gst_pad_query_accept_caps_default:<mpegaudioparse0:sink> fallback ACCEPT_CAPS query, consider implementing a specialized version
05-09 19:56:16.143  2029  2187 D GStreamer+basesrc: 0:05:00.531111344 0xf37ecf50 gstbasesrc.c:2310:gst_base_src_do_sync:<filesrc2> we have no clock
05-09 19:56:16.143  2029  2186 I GStreamer+GST_STATES: 0:05:00.531116865 0xf37ecf20 gstelement.c:2277:_priv_gst_element_state_changed:<h264parse2> notifying about state-changed READY to PAUSED (VOID_PENDING pending)
05-09 19:56:16.143  2029  2187 D GStreamer+basesrc: 0:05:00.531148011 0xf37ecf50 gstbasesrc.c:2520:gst_base_src_get_range:<filesrc2> buffer ok
05-09 19:56:16.143  2029  2185 D GStreamer+GST_PADS: 0:05:00.531224521 0xf37ecec0 gstpad.c:3061:gst_pad_query_accept_caps_default:<mpegaudioparse0:sink> allowed caps intersect audio/mpeg, mpegversion=(int)1, caps audio/mpeg, mpegversion=(int)1, parsed=(boolean)true, rate=(int)24000, channels=(int)1
05-09 19:56:16.143  2029  2186 D GStreamer+GST_BUS: 0:05:00.531270198 0xf37ecf20 gstbus.c:309:gst_bus_post:<bus8> [msg 0xf3ad46c0] posting on bus state-changed message: 0xf3ad46c0, time 99:99:99.999999999, seq-num 1654, element 'h264parse2', GstMessageStateChanged, old-state=(GstState)GST_STATE_READY, new-state=(GstState)GST_STATE_PAUSED, pending-state=(GstState)GST_STATE_VOID_PENDING;
05-09 19:56:16.143  2029  2185 D GStreamer+GST_PADS: 0:05:00.531321552 0xf37ecec0 gstpad.c:3339:gst_pad_query_default:<mpegaudioparse0:sink> not forwarding 0xf3ac6920 (accept-caps) query
05-09 19:56:16.143  2029  2187 D GStreamer+GST_SCHEDULING: 0:05:00.531339105 0xf37ecf50 gstpad.c:4153:gst_pad_chain_data_unchecked:<queue6:sink> calling chainfunction &gst_queue_chain with buffer buffer: 0xf3d19690, pts 0:00:00.672000000, dts 0:00:00.672000000, dur 0:00:00.024000000, size 144, offset none, offset_end none, flags 0x0
05-09 19:56:16.143  2029  2186 D GStreamer+bin: 0:05:00.531385927 0xf37ecf20 gstbin.c:3528:gst_bin_handle_message_func:<forhwgl> [msg 0xf3ad46c0] handling child h264parse2 message of type state-changed
05-09 19:56:16.143  2029  2185 D GStreamer+GST_PADS: 0:05:00.531420719 0xf37ecec0 gstpad.c:3905:gst_pad_query:<mpegaudioparse0:sink> sent query 0xf3ac6920 (accept-caps), result 1
05-09 19:56:16.143  2029  2187 D GStreamer+GST_SCHEDULING: 0:05:00.531438011 0xf37ecf50 gstpad.c:4159:gst_pad_chain_data_unchecked:<queue6:sink> called chainfunction &gst_queue_chain with buffer 0xf3d19690, returned ok
05-09 19:56:16.143  2029  2186 D GStreamer+bin: 0:05:00.531454938 0xf37ecf20 gstbin.c:3865:gst_bin_handle_message_func:<forhwgl> posting message upward
05-09 19:56:16.143  2029  2185 D GStreamer+default: 0:05:00.531469938 0xf37ecec0 gstutils.c:2926:gst_pad_query_accept_caps:<mpegaudioparse0:sink> query returned 1
05-09 19:56:16.143  2029  2187 D GStreamer+qtdemux: 0:05:00.531493792 0xf37ecf50 qtdemux.c:7675:qtdemux_parse_samples:<q> parsing up to sample 29
05-09 19:56:16.143  2029  2186 D GStreamer+GST_BUS: 0:05:00.531561292 0xf37ecf20 gstbus.c:309:gst_bus_post:<bus12> [msg 0xf3ad46c0] posting on bus state-changed message: 0xf3ad46c0, time 99:99:99.999999999, seq-num 1654, element 'h264parse2', GstMessageStateChanged, old-state=(GstState)GST_STATE_READY, new-state=(GstState)GST_STATE_PAUSED, pending-state=(GstState)GST_STATE_VOID_PENDING;
05-09 19:56:16.143  2029  2187 D GStreamer+qtdemux: 0:05:00.531577698 0xf37ecf50 qtdemux.c:7882:qtdemux_parse_samples:<q> sample 29: index 29, timestamp 0:00:00.696000000
05-09 19:56:16.143  2029  2186 D GStreamer+bin: 0:05:00.531620511 0xf37ecf20 gstbin.c:3528:gst_bin_handle_message_func:<pipeline2> [msg 0xf3ad46c0] handling child h264parse2 message of type state-changed
05-09 19:56:16.143  2029  2185 D GStreamer+baseparse: 0:05:00.531592125 0xf37ecec0 gstbaseparse.c:1174:gst_base_parse_sink_event_default:<mpegaudioparse0> handling event 12814, caps
05-09 19:56:16.143  2029  2187 D GStreamer+qtdemux: 0:05:00.531636292 0xf37ecf50 qtdemux.c:7982:qtdemux_parse_samples:<q> setting all keyframes
05-09 19:56:16.143  2029  2186 D GStreamer+bin: 0:05:00.531673480 0xf37ecf20 gstbin.c:3865:gst_bin_handle_message_func:<pipeline2> posting message upward
05-09 19:56:16.143  2029  2185 D GStreamer+baseparse: 0:05:00.531689000 0xf37ecec0 gstbaseparse.c:1182:gst_base_parse_sink_event_default:<mpegaudioparse0> caps: audio/mpeg, mpegversion=(int)1, parsed=(boolean)true, rate=(int)24000, channels=(int)1
05-09 19:56:16.143  2029  2187 D GStreamer+qtdemux: 0:05:00.531758219 0xf37ecf50 qtdemux.c:5197:gst_qtdemux_loop_state_movie:<q> pushing from stream 0, empty 0 offset 817419, size 41669, dts=0:00:00.378000000, pts=0:00:00.378000000, duration 0:00:00.019666666
05-09 19:56:16.143  2029  2185 D GStreamer+baseparse: 0:05:00.531772698 0xf37ecec0 gstbaseparse.c:1484:gst_base_parse_sink_event_default:<mpegaudioparse0> event handled
05-09 19:56:16.143  2029  2186 D GStreamer+GST_BUS: 0:05:00.531788063 0xf37ecf20 gstbus.c:309:gst_bus_post:<bus13> [msg 0xf3ad46c0] posting on bus state-changed message: 0xf3ad46c0, time 99:99:99.999999999, seq-num 1654, element 'h264parse2', GstMessageStateChanged, old-state=(GstState)GST_STATE_READY, new-state=(GstState)GST_STATE_PAUSED, pending-state=(GstState)GST_STATE_VOID_PENDING;
05-09 19:56:16.143  2029  2187 D GStreamer+basesrc: 0:05:00.531848271 0xf37ecf50 gstbasesrc.c:2355:gst_base_src_update_length:<filesrc2> reading offset 817419, length 41669, size 15003960, segment.stop -1, maxsize 15003960
05-09 19:56:16.143  2029  2185 D GStreamer+GST_PADS: 0:05:00.531830615 0xf37ecec0 gstpad.c:5569:gst_pad_send_event_unchecked:<mpegaudioparse0:sink> sent event, ret ok
05-09 19:56:16.144  2029  2186 D GStreamer+GST_BUS: 0:05:00.531864469 0xf37ecf20 gstbus.c:348:gst_bus_post:<bus13> [msg 0xf3ad46c0] pushing on async queue
05-09 19:56:16.144  2029  2187 D GStreamer+basesrc: 0:05:00.531956032 0xf37ecf50 gstbasesrc.c:2456:gst_base_src_get_range:<filesrc2> calling create offset 817419 length 41669, time 0
05-09 19:56:16.144  2029  2185 D GStreamer+GST_PADS: 0:05:00.531981292 0xf37ecec0 gstpad.c:5053:store_sticky_event:<mpegaudioparse0:sink> notify caps
05-09 19:56:16.144  2029  2186 D GStreamer+GST_BUS: 0:05:00.532022177 0xf37ecf20 gstbus.c:351:gst_bus_post:<bus13> [msg 0xf3ad46c0] pushed on async queue
05-09 19:56:16.144  2029  2175 D GStreamer+GST_BUS: 0:05:00.532037438 0xf3d9e340 gstbus.c:521:gst_bus_timed_pop_filtered:<bus13> got message 0xf3ad46c0, state-changed from h264parse2, type mask is 4294967295
05-09 19:56:16.144  2029  2186 D GStreamer+GST_BUS: 0:05:00.532062490 0xf37ecf20 gstbus.c:344:gst_bus_post:<bus12> [msg 0xf3ad46c0] dropped
05-09 19:56:16.144  2029  2185 D GStreamer+GST_STATES: 0:05:00.532053219 0xf37ecec0 gstelement.c:1970:gst_element_set_locked_state unlocking state of element mpegaudioparse0
05-09 19:56:16.144  2029  2186 D GStreamer+GST_BUS: 0:05:00.532109261 0xf37ecf20 gstbus.c:344:gst_bus_post:<bus8> [msg 0xf3ad46c0] dropped
05-09 19:56:16.144  2029  2185 D GStreamer+decodebin: 0:05:00.532129677 0xf37ecec0 gstdecodebin2.c:3956:gst_decode_chain_is_complete:<decodebin3> Chain 0xf380e808 is complete: 0
05-09 19:56:16.144  2029  2175 D GStreamer+GST_BUS: 0:05:00.532143636 0xf3d9e340 gstbus.c:789:gst_bus_source_dispatch:<bus13> source 0xf39ad330 calling dispatch with state-changed message: 0xf3ad46c0, time 99:99:99.999999999, seq-num 1654, element 'h264parse2', GstMessageStateChanged, old-state=(GstState)GST_STATE_READY, new-state=(GstState)GST_STATE_PAUSED, pending-state=(GstState)GST_STATE_VOID_PENDING;
05-09 19:56:16.144  2029  2186 D GStreamer+GST_STATES: 0:05:00.532169730 0xf37ecf20 gstelement.c:2607:gst_element_set_state_func:<h264parse2> returned SUCCESS
05-09 19:56:16.144  2029  2175 D GStreamer+GST_BUS: 0:05:00.532195355 0xf3d9e340 gstbus.c:794:gst_bus_source_dispatch:<bus13> source 0xf39ad330 handler returns 1
05-09 19:56:16.144  2029  2185 D GStreamer+GST_PADS: 0:05:00.532217855 0xf37ecec0 gstpad.c:3813:check_sticky:<typefind:src> pushing all sticky events
05-09 19:56:16.144  2029  2187 D GStreamer+GST_MEMORY: 0:05:00.532015146 0xf37ecf50 gstmemory.c:138:gst_memory_init new memory 0xf3d50330, maxsize:41672 offset:0 size:41669
05-09 19:56:16.144  2029  2186 D GStreamer+GST_EVENT: 0:05:00.532265667 0xf37ecf20 gstpad.c:5496:gst_pad_send_event_unchecked:<h264parse2:sink> have event type stream-start event: 0xf3abb8f8, time 99:99:99.999999999, seq-num 1578, GstEventStreamStart, stream-id=(string)71ab440d261a1bb43c19b397eec2373651540427aed1e7b0deb4be62a10a7f25/001, flags=(GstStreamFlags)GST_STREAM_FLAG_NONE, group-id=(uint)2;
05-09 19:56:16.144  2029  2186 D GStreamer+baseparse: 0:05:00.532331709 0xf37ecf20 gstbaseparse.c:1174:gst_base_parse_sink_event_default:<h264parse2> handling event 10254, stream-start
05-09 19:56:16.144  2029  2187 D GStreamer+basesrc: 0:05:00.532313532 0xf37ecf50 gstbasesrc.c:2310:gst_base_src_do_sync:<filesrc2> we have no clock
05-09 19:56:16.144  2029  2185 D GStreamer+GST_EVENT: 0:05:00.532366865 0xf37ecec0 gstpad.c:5496:gst_pad_send_event_unchecked:<mpegaudioparse0:sink> have event type stream-start event: 0xf3abb9d0, time 99:99:99.999999999, seq-num 1583, GstEventStreamStart, stream-id=(string)71ab440d261a1bb43c19b397eec2373651540427aed1e7b0deb4be62a10a7f25/002, flags=(GstStreamFlags)GST_STREAM_FLAG_NONE, group-id=(uint)2;
05-09 19:56:16.144  2029  2187 D GStreamer+basesrc: 0:05:00.532396813 0xf37ecf50 gstbasesrc.c:2520:gst_base_src_get_range:<filesrc2> buffer ok
05-09 19:56:16.144  2029  2186 D GStreamer+GST_PADS: 0:05:00.532414000 0xf37ecf20 gstpad.c:3813:check_sticky:<h264parse2:src> pushing all sticky events
05-09 19:56:16.144  2029  2185 D GStreamer+baseparse: 0:05:00.532444677 0xf37ecec0 gstbaseparse.c:1174:gst_base_parse_sink_event_default:<mpegaudioparse0> handling event 10254, stream-start
05-09 19:56:16.144  2029  2185 D GStreamer+baseparse: 0:05:00.532497490 0xf37ecec0 gstbaseparse.c:1484:gst_base_parse_sink_event_default:<mpegaudioparse0> event handled
05-09 19:56:16.144  2029  2186 D GStreamer+GST_EVENT: 0:05:00.532550198 0xf37ecf20 gstpad.c:5496:gst_pad_send_event_unchecked:<capsfilter2:sink> have event type stream-start event: 0xf3abb8f8, time 99:99:99.999999999, seq-num 1578, GstEventStreamStart, stream-id=(string)71ab440d261a1bb43c19b397eec2373651540427aed1e7b0deb4be62a10a7f25/001, flags=(GstStreamFlags)GST_STREAM_FLAG_NONE, group-id=(uint)2;
05-09 19:56:16.144  2029  2187 D GStreamer+GST_SCHEDULING: 0:05:00.532565355 0xf37ecf50 gstpad.c:4153:gst_pad_chain_data_unchecked:<queue4:sink> calling chainfunction &gst_queue_chain with buffer buffer: 0xf3b6b028, pts 0:00:00.378000000, dts 0:00:00.378000000, dur 0:00:00.019666666, size 41669, offset none, offset_end none, flags 0x0
05-09 19:56:16.144  2029  2185 D GStreamer+GST_PADS: 0:05:00.532581709 0xf37ecec0 gstpad.c:5569:gst_pad_send_event_unchecked:<mpegaudioparse0:sink> sent event, ret ok
05-09 19:56:16.144  2029  2186 D GStreamer+GST_PADS: 0:05:00.532621344 0xf37ecf20 gstpad.c:3813:check_sticky:<capsfilter2:src> pushing all sticky events
05-09 19:56:16.144  2029  2187 D GStreamer+GST_SCHEDULING: 0:05:00.532639730 0xf37ecf50 gstpad.c:4159:gst_pad_chain_data_unchecked:<queue4:sink> called chainfunction &gst_queue_chain with buffer 0xf3b6b028, returned ok
05-09 19:56:16.144  2029  2185 D GStreamer+GST_PADS: 0:05:00.532673532 0xf37ecec0 gstpad.c:3765:push_sticky:<typefind:src> event stream-start marked received
05-09 19:56:16.144  2029  2186 D GStreamer+GST_PADS: 0:05:00.532690771 0xf37ecf20 gstpad.c:3650:do_probe_callbacks:<capsfilter2:src> data is passed
05-09 19:56:16.144  2029  2187 D GStreamer+qtdemux: 0:05:00.532709157 0xf37ecf50 qtdemux.c:7675:qtdemux_parse_samples:<q> parsing up to sample 19
05-09 19:56:16.144  2029  2186 D GStreamer+GST_PADS: 0:05:00.532737125 0xf37ecf20 gstpad.c:3453:probe_hook_marshal:<capsfilter2:src> probe returned OK
05-09 19:56:16.144  2029  2187 D GStreamer+qtdemux: 0:05:00.532800563 0xf37ecf50 qtdemux.c:7882:qtdemux_parse_samples:<q> sample 19: index 0, timestamp 0:00:00.397666666
05-09 19:56:16.145  2029  2185 D GStreamer+GST_EVENT: 0:05:00.532862490 0xf37ecec0 gstpad.c:5496:gst_pad_send_event_unchecked:<mpegaudioparse0:sink> have event type caps event: 0xf3a08798, time 99:99:99.999999999, seq-num 1607, GstEventCaps, caps=(GstCaps)"audio/mpeg\,\ mpegversion\=\(int\)1\,\ parsed\=\(boolean\)true\,\ rate\=\(int\)24000\,\ channels\=\(int\)1";
05-09 19:56:16.145  2029  2187 D GStreamer+qtdemux: 0:05:00.532882282 0xf37ecf50 qtdemux.c:7937:qtdemux_parse_samples:<q> samples at 19 is keyframe
05-09 19:56:16.145  2029  2186 D GStreamer+GST_EVENT: 0:05:00.532898740 0xf37ecf20 gstpad.c:5496:gst_pad_send_event_unchecked:<decodepad2:proxypad10> have event type stream-start event: 0xf3abb8f8, time 99:99:99.999999999, seq-num 1578, GstEventStreamStart, stream-id=(string)71ab440d261a1bb43c19b397eec2373651540427aed1e7b0deb4be62a10a7f25/001, flags=(GstStreamFlags)GST_STREAM_FLAG_NONE, group-id=(uint)2;
05-09 19:56:16.145  2029  2186 D GStreamer+GST_PADS: 0:05:00.532971657 0xf37ecf20 gstpad.c:3813:check_sticky:<'':decodepad2> pushing all sticky events
05-09 19:56:16.145  2029  2187 D GStreamer+qtdemux: 0:05:00.532989990 0xf37ecf50 qtdemux.c:5197:gst_qtdemux_loop_state_movie:<q> pushing from stream 1, empty 0 offset 902022, size 144, dts=0:00:00.696000000, pts=0:00:00.696000000, duration 0:00:00.024000000
05-09 19:56:16.145  2029  2185 D GStreamer+GST_CAPS: 0:05:00.533007177 0xf37ecec0 gstutils.c:2921:gst_pad_query_accept_caps:<mpegaudioparse0:sink> accept caps of audio/mpeg, mpegversion=(int)1, parsed=(boolean)true, rate=(int)24000, channels=(int)1
05-09 19:56:16.145  2029  2186 D GStreamer+GST_PADS: 0:05:00.533017334 0xf37ecf20 gstpad.c:5266:gst_pad_push_event_unchecked:<'':decodepad2> Dropping event stream-start because pad is not linked
05-09 19:56:16.145  2029  2186 D GStreamer+GST_PADS: 0:05:00.533062959 0xf37ecf20 gstpad.c:3784:push_sticky:<'':decodepad2> pad was not linked, mark pending
05-09 19:56:16.145  2029  2185 D GStreamer+query: 0:05:00.533086188 0xf37ecec0 gstquery.c:674:gst_query_new_custom creating new query 0xf3d042c0 accept-caps
05-09 19:56:16.145  2029  2187 D GStreamer+basesrc: 0:05:00.533081240 0xf37ecf50 gstbasesrc.c:2355:gst_base_src_update_length:<filesrc2> reading offset 902022, length 144, size 15003960, segment.stop -1, maxsize 15003960
05-09 19:56:16.145  2029  2185 D GStreamer+GST_PADS: 0:05:00.533149730 0xf37ecec0 gstpad.c:3882:gst_pad_query:<mpegaudioparse0:sink> doing query 0xf3d042c0 (accept-caps)
05-09 19:56:16.145  2029  2187 D GStreamer+basesrc: 0:05:00.533167698 0xf37ecf50 gstbasesrc.c:2456:gst_base_src_get_range:<filesrc2> calling create offset 902022 length 144, time 0
05-09 19:56:16.145  2029  2186 D GStreamer+GST_PADS: 0:05:00.533183271 0xf37ecf20 gstpad.c:5569:gst_pad_send_event_unchecked:<decodepad2:proxypad10> sent event, ret ok
05-09 19:56:16.145  2029  2185 D GStreamer+baseparse: 0:05:00.533220719 0xf37ecec0 gstbaseparse.c:1555:gst_base_parse_sink_query:<mpegaudioparse0> accept-caps query
05-09 19:56:16.145  2029  2187 D GStreamer+GST_MEMORY: 0:05:00.533237855 0xf37ecf50 gstmemory.c:138:gst_memory_init new memory 0xf3af4490, maxsize:147 offset:0 size:144
05-09 19:56:16.145  2029  2186 D GStreamer+GST_PADS: 0:05:00.533255094 0xf37ecf20 gstpad.c:3765:push_sticky:<capsfilter2:src> event stream-start marked received
05-09 19:56:16.145  2029  2187 D GStreamer+basesrc: 0:05:00.533292386 0xf37ecf50 gstbasesrc.c:2310:gst_base_src_do_sync:<filesrc2> we have no clock
05-09 19:56:16.145  2029  2187 D GStreamer+basesrc: 0:05:00.533343063 0xf37ecf50 gstbasesrc.c:2520:gst_base_src_get_range:<filesrc2> buffer ok
05-09 19:56:16.145  2029  2186 D GStreamer+GST_PADS: 0:05:00.533311917 0xf37ecf20 gstpad.c:5569:gst_pad_send_event_unchecked:<capsfilter2:sink> sent event, ret ok
05-09 19:56:16.145  2029  2186 D GStreamer+GST_PADS: 0:05:00.533404625 0xf37ecf20 gstpad.c:3765:push_sticky:<h264parse2:src> event stream-start marked received
05-09 19:56:16.145  2029  2185 D GStreamer+GST_PADS: 0:05:00.533375719 0xf37ecec0 gstpad.c:3035:gst_pad_query_accept_caps_default:<mpegaudioparse0:sink> query accept-caps accept-caps query: 0xf3d042c0, GstQueryAcceptCaps, caps=(GstCaps)"audio/mpeg\,\ mpegversion\=\(int\)1\,\ parsed\=\(boolean\)true\,\ rate\=\(int\)24000\,\ channels\=\(int\)1", result=(boolean)false;
05-09 19:56:16.145  2029  2187 D GStreamer+GST_SCHEDULING: 0:05:00.533438427 0xf37ecf50 gstpad.c:4153:gst_pad_chain_data_unchecked:<queue6:sink> calling chainfunction &gst_queue_chain with buffer buffer: 0xf39e3d28, pts 0:00:00.696000000, dts 0:00:00.696000000, dur 0:00:00.024000000, size 144, offset none, offset_end none, flags 0x0
05-09 19:56:16.145  2029  2186 D GStreamer+baseparse: 0:05:00.533450146 0xf37ecf20 gstbaseparse.c:1484:gst_base_parse_sink_event_default:<h264parse2> event handled
05-09 19:56:16.145  2029  2187 D GStreamer+GST_SCHEDULING: 0:05:00.533505980 0xf37ecf50 gstpad.c:4159:gst_pad_chain_data_unchecked:<queue6:sink> called chainfunction &gst_queue_chain with buffer 0xf39e3d28, returned ok
05-09 19:56:16.145  2029  2185 D GStreamer+GST_PERFORMANCE: 0:05:00.533469573 0xf37ecec0 gstpad.c:3050:gst_pad_query_accept_caps_default:<mpegaudioparse0:sink> fallback ACCEPT_CAPS query, consider implementing a specialized version
05-09 19:56:16.145  2029  2186 D GStreamer+GST_PADS: 0:05:00.533519052 0xf37ecf20 gstpad.c:5569:gst_pad_send_event_unchecked:<h264parse2:sink> sent event, ret ok
05-09 19:56:16.145  2029  2187 D GStreamer+qtdemux: 0:05:00.533575250 0xf37ecf50 qtdemux.c:7675:qtdemux_parse_samples:<q> parsing up to sample 30
05-09 19:56:16.145  2029  2185 D GStreamer+GST_PADS: 0:05:00.533648219 0xf37ecec0 gstpad.c:3061:gst_pad_query_accept_caps_default:<mpegaudioparse0:sink> allowed caps intersect audio/mpeg, mpegversion=(int)1, caps audio/mpeg, mpegversion=(int)1, parsed=(boolean)true, rate=(int)24000, channels=(int)1
05-09 19:56:16.145  2029  2187 D GStreamer+qtdemux: 0:05:00.533658427 0xf37ecf50 qtdemux.c:7882:qtdemux_parse_samples:<q> sample 30: index 30, timestamp 0:00:00.720000000
05-09 19:56:16.145  2029  2186 D GStreamer+GST_EVENT: 0:05:00.533708688 0xf37ecf20 gstpad.c:5496:gst_pad_send_event_unchecked:<h264parse2:sink> have event type caps event: 0xf396b9c0, time 99:99:99.999999999, seq-num 1598, GstEventCaps, caps=(GstCaps)"video/x-h264\,\ stream-format\=\(string\)avc\,\ alignment\=\(string\)au\,\ level\=\(string\)4\,\ profile\=\(string\)baseline\,\ codec_data\=\(buffer\)01428028ffe1000a27428028e54028016b2001000528de01ae20\,\ width\=\(int\)1280\,\ height\=\(int\)1440\,\ framerate\=\(fraction\)151/3\,\ pixel-aspect-ratio\=\(fraction\)1/1";
05-09 19:56:16.145  2029  2187 D GStreamer+qtdemux: 0:05:00.533726240 0xf37ecf50 qtdemux.c:7982:qtdemux_parse_samples:<q> setting all keyframes
05-09 19:56:16.145  2029  2185 D GStreamer+GST_PADS: 0:05:00.533754000 0xf37ecec0 gstpad.c:3339:gst_pad_query_default:<mpegaudioparse0:sink> not forwarding 0xf3d042c0 (accept-caps) query
05-09 19:56:16.145  2029  2187 D GStreamer+qtdemux: 0:05:00.533819782 0xf37ecf50 qtdemux.c:5197:gst_qtdemux_loop_state_movie:<q> pushing from stream 0, empty 0 offset 859232, size 42790, dts=0:00:00.397666666, pts=0:00:00.397666666, duration 0:00:00.020000000
05-09 19:56:16.145  2029  2186 D GStreamer+GST_CAPS: 0:05:00.533837490 0xf37ecf20 gstutils.c:2921:gst_pad_query_accept_caps:<h264parse2:sink> accept caps of video/x-h264, stream-format=(string)avc, alignment=(string)au, level=(string)4, profile=(string)baseline, codec_data=(buffer)01428028ffe1000a27428028e54028016b2001000528de01ae20, width=(int)1280, height=(int)1440, framerate=(fraction)151/3, pixel-aspect-ratio=(fraction)1/1
05-09 19:56:16.146  2029  2187 D GStreamer+basesrc: 0:05:00.533895146 0xf37ecf50 gstbasesrc.c:2355:gst_base_src_update_length:<filesrc2> reading offset 859232, length 42790, size 15003960, segment.stop -1, maxsize 15003960
05-09 19:56:16.146  2029  2185 D GStreamer+GST_PADS: 0:05:00.533864625 0xf37ecec0 gstpad.c:3905:gst_pad_query:<mpegaudioparse0:sink> sent query 0xf3d042c0 (accept-caps), result 1
05-09 19:56:16.146  2029  2186 D GStreamer+query: 0:05:00.533910407 0xf37ecf20 gstquery.c:674:gst_query_new_custom creating new query 0xf3a08150 accept-caps
05-09 19:56:16.146  2029  2187 D GStreamer+basesrc: 0:05:00.533957177 0xf37ecf50 gstbasesrc.c:2456:gst_base_src_get_range:<filesrc2> calling create offset 859232 length 42790, time 0
05-09 19:56:16.146  2029  2186 D GStreamer+GST_PADS: 0:05:00.533976761 0xf37ecf20 gstpad.c:3882:gst_pad_query:<h264parse2:sink> doing query 0xf3a08150 (accept-caps)
05-09 19:56:16.146  2029  2185 D GStreamer+default: 0:05:00.533993688 0xf37ecec0 gstutils.c:2926:gst_pad_query_accept_caps:<mpegaudioparse0:sink> query returned 1
05-09 19:56:16.146  2029  2187 D GStreamer+GST_MEMORY: 0:05:00.534008792 0xf37ecf50 gstmemory.c:138:gst_memory_init new memory 0xf3bee820, maxsize:42793 offset:0 size:42790
05-09 19:56:16.146  2029  2186 D GStreamer+baseparse: 0:05:00.534024677 0xf37ecf20 gstbaseparse.c:1555:gst_base_parse_sink_query:<h264parse2> accept-caps query
05-09 19:56:16.146  2029  2185 D GStreamer+baseparse: 0:05:00.534046344 0xf37ecec0 gstbaseparse.c:1174:gst_base_parse_sink_event_default:<mpegaudioparse0> handling event 12814, caps
05-09 19:56:16.146  2029  2187 D GStreamer+basesrc: 0:05:00.534078844 0xf37ecf50 gstbasesrc.c:2310:gst_base_src_do_sync:<filesrc2> we have no clock
05-09 19:56:16.146  2029  2187 D GStreamer+basesrc: 0:05:00.534121396 0xf37ecf50 gstbasesrc.c:2520:gst_base_src_get_range:<filesrc2> buffer ok
05-09 19:56:16.146  2029  2186 D GStreamer+GST_PADS: 0:05:00.534180094 0xf37ecf20 gstpad.c:3035:gst_pad_query_accept_caps_default:<h264parse2:sink> query accept-caps accept-caps query: 0xf3a08150, GstQueryAcceptCaps, caps=(GstCaps)"video/x-h264\,\ stream-format\=\(string\)avc\,\ alignment\=\(string\)au\,\ level\=\(string\)4\,\ profile\=\(string\)baseline\,\ codec_data\=\(buffer\)01428028ffe1000a27428028e54028016b2001000528de01ae20\,\ width\=\(int\)1280\,\ height\=\(int\)1440\,\ framerate\=\(fraction\)151/3\,\ pixel-aspect-ratio\=\(fraction\)1/1", result=(boolean)false;
05-09 19:56:16.146  2029  2185 D GStreamer+baseparse: 0:05:00.534188011 0xf37ecec0 gstbaseparse.c:1182:gst_base_parse_sink_event_default:<mpegaudioparse0> caps: audio/mpeg, mpegversion=(int)1, parsed=(boolean)true, rate=(int)24000, channels=(int)1
05-09 19:56:16.146  2029  2186 D GStreamer+GST_PERFORMANCE: 0:05:00.534238740 0xf37ecf20 gstpad.c:3050:gst_pad_query_accept_caps_default:<h264parse2:sink> fallback ACCEPT_CAPS query, consider implementing a specialized version
05-09 19:56:16.146  2029  2185 D GStreamer+baseparse: 0:05:00.534248011 0xf37ecec0 gstbaseparse.c:1484:gst_base_parse_sink_event_default:<mpegaudioparse0> event handled
05-09 19:56:16.146  2029  2187 D GStreamer+GST_SCHEDULING: 0:05:00.534286865 0xf37ecf50 gstpad.c:4153:gst_pad_chain_data_unchecked:<queue4:sink> calling chainfunction &gst_queue_chain with buffer buffer: 0xf39e6980, pts 0:00:00.397666666, dts 0:00:00.397666666, dur 0:00:00.020000000, size 42790, offset none, offset_end none, flags 0x0
05-09 19:56:16.146  2029  2185 D GStreamer+GST_PADS: 0:05:00.534340146 0xf37ecec0 gstpad.c:5569:gst_pad_send_event_unchecked:<mpegaudioparse0:sink> sent event, ret ok
05-09 19:56:16.146  2029  2186 D GStreamer+GST_PADS: 0:05:00.534367907 0xf37ecf20 gstpad.c:3061:gst_pad_query_accept_caps_default:<h264parse2:sink> allowed caps intersect video/x-h264, caps video/x-h264, stream-format=(string)avc, alignment=(string)au, level=(string)4, profile=(string)baseline, codec_data=(buffer)01428028ffe1000a27428028e54028016b2001000528de01ae20, width=(int)1280, height=(int)1440, framerate=(fraction)151/3, pixel-aspect-ratio=(fraction)1/1
05-09 19:56:16.146  2029  2187 D GStreamer+GST_SCHEDULING: 0:05:00.534384313 0xf37ecf50 gstpad.c:4159:gst_pad_chain_data_unchecked:<queue4:sink> called chainfunction &gst_queue_chain with buffer 0xf39e6980, returned ok
05-09 19:56:16.146  2029  2185 D GStreamer+GST_PADS: 0:05:00.534420094 0xf37ecec0 gstpad.c:3765:push_sticky:<typefind:src> event caps marked received
05-09 19:56:16.146  2029  2186 D GStreamer+GST_PADS: 0:05:00.534466396 0xf37ecf20 gstpad.c:3339:gst_pad_query_default:<h264parse2:sink> not forwarding 0xf3a08150 (accept-caps) query
05-09 19:56:16.146  2029  2187 D GStreamer+qtdemux: 0:05:00.534484000 0xf37ecf50 qtdemux.c:7675:qtdemux_parse_samples:<q> parsing up to sample 20
05-09 19:56:16.146  2029  2186 D GStreamer+GST_PADS: 0:05:00.534516084 0xf37ecf20 gstpad.c:3905:gst_pad_query:<h264parse2:sink> sent query 0xf3a08150 (accept-caps), result 1
05-09 19:56:16.146  2029  2185 D GStreamer+typefind: 0:05:00.534560302 0xf37ecec0 gsttypefindelement.c:737:gst_type_find_element_setcaps:<typefind> Skipping typefinding, using caps from upstream: audio/mpeg, mpegversion=(int)1, parsed=(boolean)true, rate=(int)24000, channels=(int)1
05-09 19:56:16.146  2029  2187 D GStreamer+qtdemux: 0:05:00.534577334 0xf37ecf50 qtdemux.c:7882:qtdemux_parse_samples:<q> sample 20: index 1, timestamp 0:00:00.417666666
05-09 19:56:16.146  2029  2186 D GStreamer+default: 0:05:00.534586032 0xf37ecf20 gstutils.c:2926:gst_pad_query_accept_caps:<h264parse2:sink> query returned 1
05-09 19:56:16.146  2029  2186 D GStreamer+baseparse: 0:05:00.534639469 0xf37ecf20 gstbaseparse.c:1174:gst_base_parse_sink_event_default:<h264parse2> handling event 12814, caps
05-09 19:56:16.146  2029  2187 D GStreamer+qtdemux: 0:05:00.534646709 0xf37ecf50 qtdemux.c:7937:qtdemux_parse_samples:<q> samples at 20 is keyframe
05-09 19:56:16.146  2029  2185 D GStreamer+GST_STATES: 0:05:00.534661865 0xf37ecec0 gstelement.c:2062:gst_element_get_state_func:<typefind> getting state, timeout 0:00:00.000000000
05-09 19:56:16.146  2029  2185 D GStreamer+GST_STATES: 0:05:00.534743636 0xf37ecec0 gstelement.c:2067:gst_element_get_state_func:<typefind> RETURN is SUCCESS
05-09 19:56:16.146  2029  2187 D GStreamer+qtdemux: 0:05:00.534761188 0xf37ecf50 qtdemux.c:5197:gst_qtdemux_loop_state_movie:<q> pushing from stream 1, empty 0 offset 945238, size 144, dts=0:00:00.720000000, pts=0:00:00.720000000, duration 0:00:00.024000000
05-09 19:56:16.146  2029  2186 D GStreamer+baseparse: 0:05:00.534778167 0xf37ecf20 gstbaseparse.c:1182:gst_base_parse_sink_event_default:<h264parse2> caps: video/x-h264, stream-format=(string)avc, alignment=(string)au, level=(string)4, profile=(string)baseline, codec_data=(buffer)01428028ffe1000a27428028e54028016b2001000528de01ae20, width=(int)1280, height=(int)1440, framerate=(fraction)151/3, pixel-aspect-ratio=(fraction)1/1
05-09 19:56:16.146  2029  2185 D GStreamer+GST_STATES: 0:05:00.534792542 0xf37ecec0 gstelement.c:2137:gst_element_get_state_func:<typefind> state current: PAUSED, pending: VOID_PENDING, result: SUCCESS
05-09 19:56:16.146  2029  2186 D GStreamer+GST_CAPS: 0:05:00.534837490 0xf37ecf20 gstpad.c:2648:gst_pad_get_current_caps:<h264parse2:sink> get current pad caps (NULL)
05-09 19:56:16.147  2029  2187 D GStreamer+basesrc: 0:05:00.534855459 0xf37ecf50 gstbasesrc.c:2355:gst_base_src_update_length:<filesrc2> reading offset 945238, length 144, size 15003960, segment.stop -1, maxsize 15003960
05-09 19:56:16.147  2029  2185 D GStreamer+typefind: 0:05:00.534889157 0xf37ecec0 gsttypefindelement.c:550:stop_typefinding:<typefind> stopping typefinding and pushing cached events and buffers
05-09 19:56:16.147  2029  2187 D GStreamer+basesrc: 0:05:00.534920511 0xf37ecf50 gstbasesrc.c:2456:gst_base_src_get_range:<filesrc2> calling create offset 945238 length 144, time 0
05-09 19:56:16.147  2029  2185 D GStreamer+typefind: 0:05:00.534968375 0xf37ecec0 gsttypefindelement.c:599:stop_typefinding:<typefind> we have no data to typefind
05-09 19:56:16.147  2029  2186 D GStreamer+h264parse: 0:05:00.534986448 0xf37ecf20 gsth264parse.c:328:gst_h264_parse_format_from_caps parsing caps: video/x-h264, stream-format=(string)avc, alignment=(string)au, level=(string)4, profile=(string)baseline, codec_data=(buffer)01428028ffe1000a27428028e54028016b2001000528de01ae20, width=(int)1280, height=(int)1440, framerate=(fraction)151/3, pixel-aspect-ratio=(fraction)1/1
05-09 19:56:16.147  2029  2187 D GStreamer+GST_MEMORY: 0:05:00.535005198 0xf37ecf50 gstmemory.c:138:gst_memory_init new memory 0xf3af4578, maxsize:147 offset:0 size:144
05-09 19:56:16.147  2029  2185 D GStreamer+GST_PADS: 0:05:00.535023844 0xf37ecec0 gstpad.c:5569:gst_pad_send_event_unchecked:<typefind:sink> sent event, ret ok
05-09 19:56:16.147  2029  2186 D GStreamer+h264parse: 0:05:00.535041240 0xf37ecf20 gsth264parse.c:2478:gst_h264_parse_set_caps:<h264parse2> have packetized h264
05-09 19:56:16.147  2029  2187 D GStreamer+basesrc: 0:05:00.535058532 0xf37ecf50 gstbasesrc.c:2310:gst_base_src_do_sync:<filesrc2> we have no clock
05-09 19:56:16.147  2029  2187 D GStreamer+basesrc: 0:05:00.535096448 0xf37ecf50 gstbasesrc.c:2520:gst_base_src_get_range:<filesrc2> buffer ok
05-09 19:56:16.147  2029  2185 D GStreamer+GST_PADS: 0:05:00.535102907 0xf37ecec0 gstpad.c:5053:store_sticky_event:<typefind:sink> notify caps
05-09 19:56:16.147  2029  2186 D GStreamer+h264parse: 0:05:00.535118323 0xf37ecf20 gsth264parse.c:2508:gst_h264_parse_set_caps:<h264parse2> profile 428028
05-09 19:56:16.147  2029  2186 D GStreamer+h264parse: 0:05:00.535175719 0xf37ecf20 gsth264parse.c:2516:gst_h264_parse_set_caps:<h264parse2> nal length size 4
05-09 19:56:16.147  2029  2185 D GStreamer+GST_PADS: 0:05:00.535200459 0xf37ecec0 gstpad.c:3765:push_sticky:<sink:proxypad8> event caps marked received
05-09 19:56:16.147  2029  2186 D GStreamer+codecparsers_h264: 0:05:00.535211865 0xf37ecf20 gsth264parser.c:253:gst_h264_parse_nalu_header Nal type 7, ref_idc 1
05-09 19:56:16.147  2029  2187 D GStreamer+GST_SCHEDULING: 0:05:00.535228271 0xf37ecf50 gstpad.c:4153:gst_pad_chain_data_unchecked:<queue6:sink> calling chainfunction &gst_queue_chain with buffer buffer: 0xf39e6840, pts 0:00:00.720000000, dts 0:00:00.720000000, dur 0:00:00.024000000, size 144, offset none, offset_end none, flags 0x0
05-09 19:56:16.147  2029  2185 D GStreamer+GST_PADS: 0:05:00.535252230 0xf37ecec0 gstpad.c:5569:gst_pad_send_event_unchecked:<decodebin3:sink> sent event, ret ok
05-09 19:56:16.147  2029  2186 D GStreamer+h264parse: 0:05:00.535264261 0xf37ecf20 gsth264parse.c:716:gst_h264_parse_process_nal:<h264parse2> processing nal of type 7 SPS, size 10
05-09 19:56:16.147  2029  2187 D GStreamer+GST_SCHEDULING: 0:05:00.535296084 0xf37ecf50 gstpad.c:4159:gst_pad_chain_data_unchecked:<queue6:sink> called chainfunction &gst_queue_chain with buffer 0xf39e6840, returned ok
05-09 19:56:16.147  2029  2185 D GStreamer+GST_PADS: 0:05:00.535323167 0xf37ecec0 gstpad.c:5053:store_sticky_event:<decodebin3:sink> notify caps
05-09 19:56:16.147  2029  2186 D GStreamer+codecparsers_h264: 0:05:00.535340719 0xf37ecf20 gsth264parser.c:1776:gst_h264_parse_sps parsing SPS
05-09 19:56:16.147  2029  2187 D GStreamer+qtdemux: 0:05:00.535359052 0xf37ecf50 qtdemux.c:7675:qtdemux_parse_samples:<q> parsing up to sample 31
05-09 19:56:16.147  2029  2186 D GStreamer+codecparsers_h264: 0:05:00.535392646 0xf37ecf20 gsth264parser.c:1484:gst_h264_parser_parse_sps adding sequence parameter set with id: 0 to array
05-09 19:56:16.147  2029  2185 D GStreamer+GST_PADS: 0:05:00.535375719 0xf37ecec0 gstpad.c:3765:push_sticky:<queue6:src> event caps marked received
05-09 19:56:16.147  2029  2187 D GStreamer+qtdemux: 0:05:00.535419052 0xf37ecf50 qtdemux.c:7882:qtdemux_parse_samples:<q> sample 31: index 31, timestamp 0:00:00.744000000
05-09 19:56:16.147  2029  2186 D GStreamer+h264parse: 0:05:00.535431657 0xf37ecf20 gsth264parse.c:737:gst_h264_parse_process_nal:<h264parse2> triggering src caps check
05-09 19:56:16.147  2029  2185 D GStreamer+GST_PADS: 0:05:00.535444677 0xf37ecec0 gstpad.c:3813:check_sticky:<queue6:src> pushing all sticky events
05-09 19:56:16.147  2029  2187 D GStreamer+qtdemux: 0:05:00.535466136 0xf37ecf50 qtdemux.c:7982:qtdemux_parse_samples:<q> setting all keyframes
05-09 19:56:16.147  2029  2186 D GStreamer+h264parse: 0:05:00.535474417 0xf37ecf20 gsth264parse.c:454:gst_h264_parser_store_nal:<h264parse2> storing sps 0
05-09 19:56:16.147  2029  2187 D GStreamer+qtdemux: 0:05:00.535534834 0xf37ecf50 qtdemux.c:5197:gst_qtdemux_loop_state_movie:<q> pushing from stream 0, empty 0 offset 902166, size 43072, dts=0:00:00.417666666, pts=0:00:00.417666666, duration 0:00:00.020000000
05-09 19:56:16.147  2029  2186 D GStreamer+GST_MEMORY: 0:05:00.535542177 0xf37ecf20 gstmemory.c:138:gst_memory_init new memory 0xf3b00318, maxsize:13 offset:0 size:10
05-09 19:56:16.147  2029  2185 D GStreamer+GST_PADS: 0:05:00.535558584 0xf37ecec0 gstpad.c:3745:push_sticky:<queue6:src> event stream-start was already received
05-09 19:56:16.147  2029  2186 D GStreamer+codecparsers_h264: 0:05:00.535593896 0xf37ecf20 gsth264parser.c:253:gst_h264_parse_nalu_header Nal type 8, ref_idc 1
05-09 19:56:16.147  2029  2185 D GStreamer+GST_PADS: 0:05:00.535637750 0xf37ecec0 gstpad.c:3745:push_sticky:<queue6:src> event caps was already received
05-09 19:56:16.147  2029  2187 D GStreamer+basesrc: 0:05:00.535641813 0xf37ecf50 gstbasesrc.c:2355:gst_base_src_update_length:<filesrc2> reading offset 902166, length 43072, size 15003960, segment.stop -1, maxsize 15003960
05-09 19:56:16.147  2029  2186 D GStreamer+h264parse: 0:05:00.535679782 0xf37ecf20 gsth264parse.c:716:gst_h264_parse_process_nal:<h264parse2> processing nal of type 8 PPS, size 5
05-09 19:56:16.147  2029  2187 D GStreamer+basesrc: 0:05:00.535720719 0xf37ecf50 gstbasesrc.c:2456:gst_base_src_get_range:<filesrc2> calling create offset 902166 length 43072, time 0
05-09 19:56:16.147  2029  2186 D GStreamer+codecparsers_h264: 0:05:00.535736657 0xf37ecf20 gsth264parser.c:1912:gst_h264_parse_pps parsing PPS
05-09 19:56:16.147  2029  2187 D GStreamer+GST_MEMORY: 0:05:00.535768063 0xf37ecf50 gstmemory.c:138:gst_memory_init new memory 0xf3bf8fa0, maxsize:43075 offset:0 size:43072
05-09 19:56:16.147  2029  2186 D GStreamer+codecparsers_h264: 0:05:00.535777855 0xf37ecf20 gsth264parser.c:2045:gst_h264_parser_parse_pps adding picture parameter set with id: 0 to array
05-09 19:56:16.147  2029  2186 D GStreamer+h264parse: 0:05:00.535815771 0xf37ecf20 gsth264parse.c:770:gst_h264_parse_process_nal:<h264parse2> triggering src caps check
05-09 19:56:16.148  2029  2185 D GStreamer+GST_EVENT: 0:05:00.535922855 0xf37ecec0 gstpad.c:5496:gst_pad_send_event_unchecked:<decodebin3:sink> have event type segment event: 0xf39224f0, time 99:99:99.999999999, seq-num 1592, GstEventSegment, segment=(GstSegment)"GstSegment, flags=(GstSegmentFlags)GST_SEGMENT_FLAG_NONE, rate=(double)1, applied-rate=(double)1, format=(GstFormat)GST_FORMAT_TIME, base=(guint64)0, offset=(guint64)0, start=(guint64)0, stop=(guint64)7176000000, time=(guint64)0, position=(guint64)0, duration=(guint64)18446744073709551615;";
05-09 19:56:16.148  2029  2185 D GStreamer+GST_PADS: 0:05:00.536005302 0xf37ecec0 gstpad.c:3813:check_sticky:<sink:proxypad8> pushing all sticky events
05-09 19:56:16.148  2029  2186 D GStreamer+h264parse: 0:05:00.536029261 0xf37ecf20 gsth264parse.c:458:gst_h264_parser_store_nal:<h264parse2> storing pps 0
05-09 19:56:16.148  2029  2187 D GStreamer+basesrc: 0:05:00.536056292 0xf37ecf50 gstbasesrc.c:2310:gst_base_src_do_sync:<filesrc2> we have no clock
05-09 19:56:16.148  2029  2186 D GStreamer+GST_MEMORY: 0:05:00.536085198 0xf37ecf20 gstmemory.c:138:gst_memory_init new memory 0xf3acf008, maxsize:8 offset:0 size:5
05-09 19:56:16.148  2029  2185 D GStreamer+GST_PADS: 0:05:00.536104209 0xf37ecec0 gstpad.c:3745:push_sticky:<sink:proxypad8> event stream-start was already received
05-09 19:56:16.148  2029  2187 D GStreamer+basesrc: 0:05:00.536120511 0xf37ecf50 gstbasesrc.c:2520:gst_base_src_get_range:<filesrc2> buffer ok
05-09 19:56:16.148  2029  2186 D GStreamer+GST_PROPERTIES: 0:05:00.536142230 0xf37ecf20 gstpad.c:2732:gst_pad_get_allowed_caps:<h264parse2:src> getting allowed caps
05-09 19:56:16.148  2029  2185 D GStreamer+GST_PADS: 0:05:00.536156709 0xf37ecec0 gstpad.c:3745:push_sticky:<sink:proxypad8> event caps was already received
05-09 19:56:16.148  2029  2186 D GStreamer+GST_CAPS: 0:05:00.536214209 0xf37ecf20 gstutils.c:2838:gst_pad_query_caps:<h264parse2:src> get pad caps with filter (NULL)
05-09 19:56:16.148  2029  2187 D GStreamer+GST_SCHEDULING: 0:05:00.536250719 0xf37ecf50 gstpad.c:4153:gst_pad_chain_data_unchecked:<queue4:sink> calling chainfunction &gst_queue_chain with buffer buffer: 0xf3b63358, pts 0:00:00.417666666, dts 0:00:00.417666666, dur 0:00:00.020000000, size 43072, offset none, offset_end none, flags 0x0
05-09 19:56:16.148  2029  2186 D GStreamer+query: 0:05:00.536275407 0xf37ecf20 gstquery.c:674:gst_query_new_custom creating new query 0xf3a080f0 caps
05-09 19:56:16.148  2029  2187 D GStreamer+GST_SCHEDULING: 0:05:00.536357594 0xf37ecf50 gstpad.c:4159:gst_pad_chain_data_unchecked:<queue4:sink> called chainfunction &gst_queue_chain with buffer 0xf3b63358, returned ok
05-09 19:56:16.148  2029  2186 D GStreamer+GST_PADS: 0:05:00.536374573 0xf37ecf20 gstpad.c:3882:gst_pad_query:<h264parse2:src> doing query 0xf3a080f0 (caps)
05-09 19:56:16.148  2029  2185 D GStreamer+GST_EVENT: 0:05:00.536434782 0xf37ecec0 gstpad.c:5496:gst_pad_send_event_unchecked:<typefind:sink> have event type segment event: 0xf39224f0, time 99:99:99.999999999, seq-num 1592, GstEventSegment, segment=(GstSegment)"GstSegment, flags=(GstSegmentFlags)GST_SEGMENT_FLAG_NONE, rate=(double)1, applied-rate=(double)1, format=(GstFormat)GST_FORMAT_TIME, base=(guint64)0, offset=(guint64)0, start=(guint64)0, stop=(guint64)7176000000, time=(guint64)0, position=(guint64)0, duration=(guint64)18446744073709551615;";
05-09 19:56:16.148  2029  2187 D GStreamer+qtdemux: 0:05:00.536460094 0xf37ecf50 qtdemux.c:7675:qtdemux_parse_samples:<q> parsing up to sample 21
05-09 19:56:16.148  2029  2186 D GStreamer+baseparse: 0:05:00.536518323 0xf37ecf20 gstbaseparse.c:1579:gst_base_parse_src_query:<h264parse2> caps query: caps query: 0xf3a080f0, GstQueryCaps, filter=(GstCaps)"NULL", caps=(GstCaps)"NULL";
05-09 19:56:16.148  2029  2185 D GStreamer+typefind: 0:05:00.536495407 0xf37ecec0 gsttypefindelement.c:613:gst_type_find_element_sink_event:<typefind> got segment event in mode 0
05-09 19:56:16.148  2029  2187 D GStreamer+qtdemux: 0:05:00.536535927 0xf37ecf50 qtdemux.c:7882:qtdemux_parse_samples:<q> sample 21: index 2, timestamp 0:00:00.437666666
05-09 19:56:16.148  2029  2185 D GStreamer+GST_PADS: 0:05:00.536566032 0xf37ecec0 gstpad.c:3813:check_sticky:<typefind:src> pushing all sticky events
05-09 19:56:16.148  2029  2187 D GStreamer+qtdemux: 0:05:00.536582698 0xf37ecf50 qtdemux.c:7937:qtdemux_parse_samples:<q> samples at 21 is keyframe
05-09 19:56:16.148  2029  2186 D GStreamer+GST_CAPS: 0:05:00.536611605 0xf37ecf20 gstpad.c:3088:gst_pad_query_caps_default:<h264parse2:src> query caps caps query: 0xf3a080f0, GstQueryCaps, filter=(GstCaps)"NULL", caps=(GstCaps)"NULL";
05-09 19:56:16.148  2029  2185 D GStreamer+GST_PADS: 0:05:00.536640563 0xf37ecec0 gstpad.c:3745:push_sticky:<typefind:src> event stream-start was already received
05-09 19:56:16.148  2029  2187 D GStreamer+qtdemux: 0:05:00.536661084 0xf37ecf50 qtdemux.c:5197:gst_qtdemux_loop_state_movie:<q> pushing from stream 1, empty 0 offset 988430, size 144, dts=0:00:00.744000000, pts=0:00:00.744000000, duration 0:00:00.024000000
05-09 19:56:16.148  2029  2186 D GStreamer+GST_CAPS: 0:05:00.536677386 0xf37ecf20 gstpad.c:3105:gst_pad_query_caps_default:<h264parse2:src> fixed pad caps: trying pad caps
05-09 19:56:16.148  2029  2185 D GStreamer+GST_PADS: 0:05:00.536687646 0xf37ecec0 gstpad.c:3745:push_sticky:<typefind:src> event caps was already received
05-09 19:56:16.148  2029  2187 D GStreamer+basesrc: 0:05:00.536717282 0xf37ecf50 gstbasesrc.c:2355:gst_base_src_update_length:<filesrc2> reading offset 988430, length 144, size 15003960, segment.stop -1, maxsize 15003960
05-09 19:56:16.148  2029  2186 D GStreamer+GST_CAPS: 0:05:00.536733375 0xf37ecf20 gstpad.c:3111:gst_pad_query_caps_default:<h264parse2:src> trying pad template caps
05-09 19:56:16.148  2029  2187 D GStreamer+basesrc: 0:05:00.536791084 0xf37ecf50 gstbasesrc.c:2456:gst_base_src_get_range:<filesrc2> calling create offset 988430 length 144, time 0
05-09 19:56:16.148  2029  2186 D GStreamer+GST_CAPS: 0:05:00.536826136 0xf37ecf20 gstpad.c:3141:gst_pad_query_caps_default:<h264parse2:src> using caps 0xf36e2fb8 video/x-h264, parsed=(boolean)true, stream-format=(string){ avc, avc3, byte-stream }, alignment=(string){ au, nal }
05-09 19:56:16.148  2029  2187 D GStreamer+GST_MEMORY: 0:05:00.536849261 0xf37ecf50 gstmemory.c:138:gst_memory_init new memory 0xf3af4660, maxsize:147 offset:0 size:144
05-09 19:56:16.149  2029  2186 D GStreamer+GST_PADS: 0:05:00.536941396 0xf37ecf20 gstpad.c:3339:gst_pad_query_default:<h264parse2:src> not forwarding 0xf3a080f0 (caps) query
05-09 19:56:16.149  2029  2187 D GStreamer+basesrc: 0:05:00.536955355 0xf37ecf50 gstbasesrc.c:2310:gst_base_src_do_sync:<filesrc2> we have no clock
05-09 19:56:16.149  2029  2185 D GStreamer+GST_EVENT: 0:05:00.536979782 0xf37ecec0 gstpad.c:5496:gst_pad_send_event_unchecked:<mpegaudioparse0:sink> have event type segment event: 0xf39224f0, time 99:99:99.999999999, seq-num 1592, GstEventSegment, segment=(GstSegment)"GstSegment, flags=(GstSegmentFlags)GST_SEGMENT_FLAG_NONE, rate=(double)1, applied-rate=(double)1, format=(GstFormat)GST_FORMAT_TIME, base=(guint64)0, offset=(guint64)0, start=(guint64)0, stop=(guint64)7176000000, time=(guint64)0, position=(guint64)0, duration=(guint64)18446744073709551615;";
05-09 19:56:16.149  2029  2187 D GStreamer+basesrc: 0:05:00.536994157 0xf37ecf50 gstbasesrc.c:2520:gst_base_src_get_range:<filesrc2> buffer ok
05-09 19:56:16.149  2029  2186 D GStreamer+GST_PADS: 0:05:00.537010302 0xf37ecf20 gstpad.c:3905:gst_pad_query:<h264parse2:src> sent query 0xf3a080f0 (caps), result 1
05-09 19:56:16.149  2029  2185 D GStreamer+baseparse: 0:05:00.537040042 0xf37ecec0 gstbaseparse.c:1174:gst_base_parse_sink_event_default:<mpegaudioparse0> handling event 17934, segment
05-09 19:56:16.149  2029  2187 D GStreamer+GST_SCHEDULING: 0:05:00.537096969 0xf37ecf50 gstpad.c:4153:gst_pad_chain_data_unchecked:<queue6:sink> calling chainfunction &gst_queue_chain with buffer buffer: 0xf39e3f08, pts 0:00:00.744000000, dts 0:00:00.744000000, dur 0:00:00.024000000, size 144, offset none, offset_end none, flags 0x0
05-09 19:56:16.149  2029  2186 D GStreamer+GST_CAPS: 0:05:00.537136917 0xf37ecf20 gstutils.c:2845:gst_pad_query_caps:<h264parse2:src> query returned video/x-h264, parsed=(boolean)true, stream-format=(string){ avc, avc3, byte-stream }, alignment=(string){ au, nal }
05-09 19:56:16.149  2029  2187 D GStreamer+GST_SCHEDULING: 0:05:00.537192282 0xf37ecf50 gstpad.c:4159:gst_pad_chain_data_unchecked:<queue6:sink> called chainfunction &gst_queue_chain with buffer 0xf39e3f08, returned ok
05-09 19:56:16.149  2029  2186 D GStreamer+query: 0:05:00.537221969 0xf37ecf20 gstquery.c:674:gst_query_new_custom creating new query 0xf3d04030 caps
05-09 19:56:16.149  2029  2185 D GStreamer+baseparse: 0:05:00.537241240 0xf37ecec0 gstbaseparse.c:1206:gst_base_parse_sink_event_default:<mpegaudioparse0> segment time segment start=0:00:00.000000000, offset=0:00:00.000000000, stop=0:00:07.176000000, rate=1.000000, applied_rate=1.000000, flags=0x00, time=0:00:00.000000000, base=0:00:00.000000000, position 0:00:00.000000000, duration 99:99:99.999999999
05-09 19:56:16.149  2029  2187 D GStreamer+qtdemux: 0:05:00.537258167 0xf37ecf50 qtdemux.c:7675:qtdemux_parse_samples:<q> parsing up to sample 32
