05-09 19:56:16.202  2029  2186 D GStreamer+basetransform: 0:05:00.590772490 0xf37ecf20 gstbasetransform.c:1989:gst_base_transform_src_eventfunc:<capsfilter2> handling event 0xf396bae0 reconfigure event: 0xf396bae0, time 99:99:99.999999999, seq-num 1691, (NULL)
05-09 19:56:16.202  2029  2185 D GStreamer+GST_BUS: 0:05:00.590834886 0xf37ecec0 gstbus.c:309:gst_bus_post:<bus10> [msg 0xf3d32a18] posting on bus structure-change message: 0xf3d32a18, time 99:99:99.999999999, seq-num 1692, element 'proxypad11', GstMessageStructureChange, type=(GstStructureChangeType)GST_STRUCTURE_CHANGE_TYPE_PAD_LINK, owner=(GstElement)"\(GstAmcAudioDec-OmxGoogleMp3Decoder\)\ amcaudiodec-omxgooglemp3decoder0", busy=(boolean)false;
05-09 19:56:16.203  2029  2186 D GStreamer+GST_EVENT: 0:05:00.590851032 0xf37ecf20 gstpad.c:5496:gst_pad_send_event_unchecked:<h264parse2:src> have event type reconfigure event: 0xf396bae0, time 99:99:99.999999999, seq-num 1691, (NULL)
05-09 19:56:16.203  2029  2185 D GStreamer+bin: 0:05:00.590889209 0xf37ecec0 gstbin.c:3528:gst_bin_handle_message_func:<decodebin3> [msg 0xf3d32a18] handling child proxypad11 message of type structure-change
05-09 19:56:16.203  2029  2186 D GStreamer+baseparse: 0:05:00.590915615 0xf37ecf20 gstbaseparse.c:1611:gst_base_parse_src_event:<h264parse2> event 61441, reconfigure
05-09 19:56:16.203  2029  2185 D GStreamer+bin: 0:05:00.590938740 0xf37ecec0 gstbin.c:957:bin_remove_messages:<decodepad3:proxypad11> deleting message 0xf3d32a70 of types 0x00001000
05-09 19:56:16.203  2029  2186 D GStreamer+GST_PADS: 0:05:00.590964052 0xf37ecf20 gstpad.c:2803:gst_pad_iterate_internal_links_default:<h264parse2:src> Making iterator
05-09 19:56:16.203  2029  2185 D GStreamer+bin: 0:05:00.590990302 0xf37ecec0 gstbin.c:963:bin_remove_messages:<decodebin3> not deleting message 0xf3d32560 of type 0x00100000
05-09 19:56:16.203  2029  2186 D GStreamer+GST_EVENT: 0:05:00.591033480 0xf37ecf20 gstpad.c:5496:gst_pad_send_event_unchecked:<typefind:src> have event type reconfigure event: 0xf396bae0, time 99:99:99.999999999, seq-num 1691, (NULL)
05-09 19:56:16.203  2029  2185 D GStreamer+GST_BUS: 0:05:00.591050094 0xf37ecec0 gstbus.c:344:gst_bus_post:<bus10> [msg 0xf3d32a18] dropped
05-09 19:56:16.203  2029  2186 D GStreamer+GST_EVENT: 0:05:00.591096969 0xf37ecf20 gstpad.c:5496:gst_pad_send_event_unchecked:<sink:proxypad6> have event type reconfigure event: 0xf396bae0, time 99:99:99.999999999, seq-num 1691, (NULL)
05-09 19:56:16.203  2029  2185 D GStreamer+GST_STATES: 0:05:00.591113271 0xf37ecec0 gstelement.c:2523:gst_element_set_state_func:<amcaudiodec-omxgooglemp3decoder0> set_state to PAUSED
05-09 19:56:16.203  2029  2185 D GStreamer+GST_STATES: 0:05:00.591157802 0xf37ecec0 gstelement.c:2548:gst_element_set_state_func:<amcaudiodec-omxgooglemp3decoder0> setting target state to PAUSED
05-09 19:56:16.203  2029  2186 D GStreamer+GST_EVENT: 0:05:00.591172750 0xf37ecf20 gstpad.c:5496:gst_pad_send_event_unchecked:<queue4:src> have event type reconfigure event: 0xf396bae0, time 99:99:99.999999999, seq-num 1691, (NULL)
05-09 19:56:16.203  2029  2185 D GStreamer+GST_STATES: 0:05:00.591203427 0xf37ecec0 gstelement.c:2561:gst_element_set_state_func:<amcaudiodec-omxgooglemp3decoder0> current READY, old_pending VOID_PENDING, next VOID_PENDING, old return SUCCESS
05-09 19:56:16.203  2029  2186 D GStreamer+queue_dataflow: 0:05:00.591223896 0xf37ecf20 gstqueue.c:1532:gst_queue_handle_src_event:<queue4> got event 0xf396bae0 (61441)
05-09 19:56:16.203  2029  2185 D GStreamer+GST_STATES: 0:05:00.591249521 0xf37ecec0 gstelement.c:2595:gst_element_set_state_func:<amcaudiodec-omxgooglemp3decoder0> final: setting state from READY to PAUSED
05-09 19:56:16.203  2029  2186 D GStreamer+GST_EVENT: 0:05:00.591289625 0xf37ecf20 gstpad.c:5496:gst_pad_send_event_unchecked:<q:video_0> have event type reconfigure event: 0xf396bae0, time 99:99:99.999999999, seq-num 1691, (NULL)
05-09 19:56:16.203  2029  2185 D GStreamer+audiodecoder: 0:05:00.591306240 0xf37ecec0 gstaudiodecoder.c:2920:gst_audio_decoder_start:<amcaudiodec-omxgooglemp3decoder0> gst_audio_decoder_start
05-09 19:56:16.203  2029  2186 D GStreamer+GST_PADS: 0:05:00.591332386 0xf37ecf20 gstpad.c:2803:gst_pad_iterate_internal_links_default:<q:video_0> Making iterator
05-09 19:56:16.203  2029  2185 D GStreamer+audiodecoder: 0:05:00.591353792 0xf37ecec0 gstaudiodecoder.c:493:gst_audio_decoder_reset:<amcaudiodec-omxgooglemp3decoder0> gst_audio_decoder_reset
05-09 19:56:16.203  2029  2186 D GStreamer+GST_EVENT: 0:05:00.591400250 0xf37ecf20 gstpad.c:5496:gst_pad_send_event_unchecked:<filesrc2:src> have event type reconfigure event: 0xf396bae0, time 99:99:99.999999999, seq-num 1691, (NULL)
05-09 19:56:16.203  2029  2185 D GStreamer+GST_ELEMENT_PADS: 0:05:00.591416761 0xf37ecec0 gstelement.c:2793:gst_element_pads_activate:<amcaudiodec-omxgooglemp3decoder0> activate pads
05-09 19:56:16.203  2029  2186 D GStreamer+basesrc: 0:05:00.591461969 0xf37ecf20 gstbasesrc.c:1987:gst_base_src_default_event:<filesrc2> handle event reconfigure event: 0xf396bae0, time 99:99:99.999999999, seq-num 1691, (NULL)
05-09 19:56:16.203  2029  2185 D GStreamer+GST_PADS: 0:05:00.591477230 0xf37ecec0 gstpad.c:1056:gst_pad_set_active:<amcaudiodec-omxgooglemp3decoder0:src> activating pad from none
05-09 19:56:16.203  2029  2186 D GStreamer+GST_PADS: 0:05:00.591502698 0xf37ecf20 gstpad.c:5569:gst_pad_send_event_unchecked:<filesrc2:src> sent event, ret ok
05-09 19:56:16.203  2029  2185 D GStreamer+GST_PADS: 0:05:00.591528584 0xf37ecec0 gstpad.c:972:pre_activate:<amcaudiodec-omxgooglemp3decoder0:src> setting pad into push mode, unset flushing
05-09 19:56:16.203  2029  2186 D GStreamer+GST_PADS: 0:05:00.591553584 0xf37ecf20 gstpad.c:5569:gst_pad_send_event_unchecked:<q:video_0> sent event, ret ok
05-09 19:56:16.203  2029  2185 D GStreamer+GST_PADS: 0:05:00.591580511 0xf37ecec0 gstpad.c:1198:gst_pad_activate_mode:<amcaudiodec-omxgooglemp3decoder0:src> activated in push mode
05-09 19:56:16.203  2029  2186 D GStreamer+GST_PADS: 0:05:00.591602802 0xf37ecf20 gstpad.c:5569:gst_pad_send_event_unchecked:<queue4:src> sent event, ret ok
05-09 19:56:16.203  2029  2185 D GStreamer+GST_PADS: 0:05:00.591627594 0xf37ecec0 gstpad.c:1056:gst_pad_set_active:<amcaudiodec-omxgooglemp3decoder0:sink> activating pad from none
05-09 19:56:16.203  2029  2186 D GStreamer+GST_PADS: 0:05:00.591651917 0xf37ecf20 gstpad.c:5569:gst_pad_send_event_unchecked:<sink:proxypad6> sent event, ret ok
05-09 19:56:16.203  2029  2185 D GStreamer+GST_PADS: 0:05:00.591679365 0xf37ecec0 gstpad.c:972:pre_activate:<amcaudiodec-omxgooglemp3decoder0:sink> setting pad into push mode, unset flushing
05-09 19:56:16.203  2029  2186 D GStreamer+GST_PADS: 0:05:00.591703167 0xf37ecf20 gstpad.c:5569:gst_pad_send_event_unchecked:<typefind:src> sent event, ret ok
05-09 19:56:16.203  2029  2185 D GStreamer+GST_PADS: 0:05:00.591731552 0xf37ecec0 gstpad.c:984:pre_activate:<amcaudiodec-omxgooglemp3decoder0:sink> reschedule events on peer mpegaudioparse0:src
05-09 19:56:16.203  2029  2186 D GStreamer+GST_PADS: 0:05:00.591756240 0xf37ecf20 gstpad.c:5569:gst_pad_send_event_unchecked:<h264parse2:src> sent event, ret ok
05-09 19:56:16.203  2029  2185 D GStreamer+GST_PADS: 0:05:00.591782334 0xf37ecec0 gstpad.c:1198:gst_pad_activate_mode:<amcaudiodec-omxgooglemp3decoder0:sink> activated in push mode
05-09 19:56:16.203  2029  2186 D GStreamer+GST_PADS: 0:05:00.591804469 0xf37ecf20 gstpad.c:5569:gst_pad_send_event_unchecked:<capsfilter2:src> sent event, ret ok
05-09 19:56:16.203  2029  2185 D GStreamer+GST_ELEMENT_PADS: 0:05:00.591829677 0xf37ecec0 gstelement.c:2812:gst_element_pads_activate:<amcaudiodec-omxgooglemp3decoder0> pad activation successful
05-09 19:56:16.204  2029  2185 D GStreamer+GST_STATES: 0:05:00.591889417 0xf37ecec0 gstelement.c:2684:gst_element_change_state:<amcaudiodec-omxgooglemp3decoder0> element changed state SUCCESS
05-09 19:56:16.204  2029  2186 D GStreamer+GST_BUS: 0:05:00.591917177 0xf37ecf20 gstbus.c:309:gst_bus_post:<bus8> [msg 0xf3925000] posting on bus structure-change message: 0xf3925000, time 99:99:99.999999999, seq-num 1693, element 'proxypad10', GstMessageStructureChange, type=(GstStructureChangeType)GST_STRUCTURE_CHANGE_TYPE_PAD_LINK, owner=(GstElement)"\(GstCapsFilter\)\ capsfilter2", busy=(boolean)false;
05-09 19:56:16.204  2029  2185 I GStreamer+GST_STATES: 0:05:00.591938271 0xf37ecec0 gstelement.c:2372:gst_element_continue_state:<amcaudiodec-omxgooglemp3decoder0> completed state change to PAUSED
05-09 19:56:16.204  2029  2186 D GStreamer+bin: 0:05:00.591967490 0xf37ecf20 gstbin.c:3528:gst_bin_handle_message_func:<forhwgl> [msg 0xf3925000] handling child proxypad10 message of type structure-change
05-09 19:56:16.204  2029  2185 I GStreamer+GST_STATES: 0:05:00.591980146 0xf37ecec0 gstelement.c:2277:_priv_gst_element_state_changed:<amcaudiodec-omxgooglemp3decoder0> notifying about state-changed READY to PAUSED (VOID_PENDING pending)
05-09 19:56:16.204  2029  2186 D GStreamer+bin: 0:05:00.592008375 0xf37ecf20 gstbin.c:957:bin_remove_messages:<decodepad2:proxypad10> deleting message 0xf3d43b20 of types 0x00001000
05-09 19:56:16.204  2029  2186 D GStreamer+bin: 0:05:00.592058948 0xf37ecf20 gstbin.c:963:bin_remove_messages:<forhwgl> not deleting message 0xf3ab98b8 of type 0x00100000
05-09 19:56:16.204  2029  2185 D GStreamer+GST_BUS: 0:05:00.592075667 0xf37ecec0 gstbus.c:309:gst_bus_post:<bus10> [msg 0xf3d32a18] posting on bus state-changed message: 0xf3d32a18, time 99:99:99.999999999, seq-num 1694, element 'amcaudiodec-omxgooglemp3decoder0', GstMessageStateChanged, old-state=(GstState)GST_STATE_READY, new-state=(GstState)GST_STATE_PAUSED, pending-state=(GstState)GST_STATE_VOID_PENDING;
05-09 19:56:16.204  2029  2186 D GStreamer+GST_BUS: 0:05:00.592097073 0xf37ecf20 gstbus.c:344:gst_bus_post:<bus8> [msg 0xf3925000] dropped
05-09 19:56:16.204  2029  2185 D GStreamer+bin: 0:05:00.592124313 0xf37ecec0 gstbin.c:3528:gst_bin_handle_message_func:<decodebin3> [msg 0xf3d32a18] handling child amcaudiodec-omxgooglemp3decoder0 message of type state-changed
05-09 19:56:16.204  2029  2185 D GStreamer+bin: 0:05:00.592169105 0xf37ecec0 gstbin.c:3865:gst_bin_handle_message_func:<decodebin3> posting message upward
05-09 19:56:16.204  2029  2186 D GStreamer+decodebin: 0:05:00.592189782 0xf37ecf20 gstdecodebin2.c:1487:copy_sticky_events:<'':decodepad2> store sticky event stream-start event: 0xf3abb8f8, time 99:99:99.999999999, seq-num 1578, GstEventStreamStart, stream-id=(string)71ab440d261a1bb43c19b397eec2373651540427aed1e7b0deb4be62a10a7f25/001, flags=(GstStreamFlags)GST_STREAM_FLAG_NONE, group-id=(uint)2;
05-09 19:56:16.204  2029  2185 D GStreamer+GST_BUS: 0:05:00.592264209 0xf37ecec0 gstbus.c:309:gst_bus_post:<bus12> [msg 0xf3d32a18] posting on bus state-changed message: 0xf3d32a18, time 99:99:99.999999999, seq-num 1694, element 'amcaudiodec-omxgooglemp3decoder0', GstMessageStateChanged, old-state=(GstState)GST_STATE_READY, new-state=(GstState)GST_STATE_PAUSED, pending-state=(GstState)GST_STATE_VOID_PENDING;
05-09 19:56:16.204  2029  2186 D GStreamer+decodebin: 0:05:00.592287021 0xf37ecf20 gstdecodebin2.c:1487:copy_sticky_events:<'':decodepad2> store sticky event caps event: 0xf396bb70, time 99:99:99.999999999, seq-num 1679, GstEventCaps, caps=(GstCaps)"video/x-h264\,\ parsed\=\(boolean\)true\,\ stream-format\=\(string\)avc\,\ alignment\=\(string\)au\,\ width\=\(int\)1280\,\ height\=\(int\)1440\,\ framerate\=\(fraction\)151/3\,\ profile\=\(string\)baseline";
05-09 19:56:16.204  2029  2185 D GStreamer+bin: 0:05:00.592313688 0xf37ecec0 gstbin.c:3528:gst_bin_handle_message_func:<pipeline2> [msg 0xf3d32a18] handling child amcaudiodec-omxgooglemp3decoder0 message of type state-changed
05-09 19:56:16.204  2029  2186 D GStreamer+decodebin: 0:05:00.592344990 0xf37ecf20 gstdecodebin2.c:2229:connect_pad:<forhwgl> Skipping factory 'h264parse' because it was already used in this chain
05-09 19:56:16.204  2029  2185 D GStreamer+bin: 0:05:00.592361240 0xf37ecec0 gstbin.c:3865:gst_bin_handle_message_func:<pipeline2> posting message upward
05-09 19:56:16.204  2029  2186 D GStreamer+GST_PADS: 0:05:00.592385146 0xf37ecf20 gstghostpad.c:490:gst_ghost_pad_dispose:<'':decodepad2> dispose
05-09 19:56:16.204  2029  2186 D GStreamer+GST_PADS: 0:05:00.592432802 0xf37ecf20 gstghostpad.c:842:gst_ghost_pad_set_target:<'':decodepad2> clearing target
05-09 19:56:16.204  2029  2185 D GStreamer+GST_BUS: 0:05:00.592449313 0xf37ecec0 gstbus.c:309:gst_bus_post:<bus13> [msg 0xf3d32a18] posting on bus state-changed message: 0xf3d32a18, time 99:99:99.999999999, seq-num 1694, element 'amcaudiodec-omxgooglemp3decoder0', GstMessageStateChanged, old-state=(GstState)GST_STATE_READY, new-state=(GstState)GST_STATE_PAUSED, pending-state=(GstState)GST_STATE_VOID_PENDING;
05-09 19:56:16.204  2029  2186 I GStreamer+GST_ELEMENT_PADS: 0:05:00.592473115 0xf37ecf20 gstpad.c:2048:gst_pad_unlink unlinking capsfilter2:src(0xf3af3430) and decodepad2:proxypad10(0xf3923e58)
05-09 19:56:16.204  2029  2185 D GStreamer+GST_BUS: 0:05:00.592491709 0xf37ecec0 gstbus.c:348:gst_bus_post:<bus13> [msg 0xf3d32a18] pushing on async queue
05-09 19:56:16.204  2029  2175 D GStreamer+GST_BUS: 0:05:00.592576084 0xf3d9e340 gstbus.c:521:gst_bus_timed_pop_filtered:<bus13> got message 0xf3d32a18, state-changed from amcaudiodec-omxgooglemp3decoder0, type mask is 4294967295
05-09 19:56:16.204  2029  2186 D GStreamer+GST_BUS: 0:05:00.592581344 0xf37ecf20 gstbus.c:309:gst_bus_post:<bus8> [msg 0xf3ac0ac0] posting on bus structure-change message: 0xf3ac0ac0, time 99:99:99.999999999, seq-num 1695, element 'proxypad10', GstMessageStructureChange, type=(GstStructureChangeType)GST_STRUCTURE_CHANGE_TYPE_PAD_UNLINK, owner=(GstElement)"\(GstCapsFilter\)\ capsfilter2", busy=(boolean)true;
05-09 19:56:16.204  2029  2186 D GStreamer+bin: 0:05:00.592626500 0xf37ecf20 gstbin.c:3528:gst_bin_handle_message_func:<forhwgl> [msg 0xf3ac0ac0] handling child proxypad10 message of type structure-change
05-09 19:56:16.204  2029  2175 D GStreamer+GST_BUS: 0:05:00.592649365 0xf3d9e340 gstbus.c:789:gst_bus_source_dispatch:<bus13> source 0xf39ad330 calling dispatch with state-changed message: 0xf3d32a18, time 99:99:99.999999999, seq-num 1694, element 'amcaudiodec-omxgooglemp3decoder0', GstMessageStateChanged, old-state=(GstState)GST_STATE_READY, new-state=(GstState)GST_STATE_PAUSED, pending-state=(GstState)GST_STATE_VOID_PENDING;
05-09 19:56:16.204  2029  2186 D GStreamer+bin: 0:05:00.592666032 0xf37ecf20 gstbin.c:882:find_message:<forhwgl> no message found matching types 00001000
05-09 19:56:16.204  2029  2175 D GStreamer+GST_BUS: 0:05:00.592703948 0xf3d9e340 gstbus.c:794:gst_bus_source_dispatch:<bus13> source 0xf39ad330 handler returns 1
05-09 19:56:16.204  2029  2186 D GStreamer+bin: 0:05:00.592718011 0xf37ecf20 gstbin.c:889:find_message:<forhwgl>   structure-change
05-09 19:56:16.204  2029  2186 D GStreamer+bin: 0:05:00.592759209 0xf37ecf20 gstbin.c:929:bin_replace_message:<forhwgl> got new message 0xf3ac0ac0, structure-change from proxypad10
05-09 19:56:16.204  2029  2185 D GStreamer+GST_BUS: 0:05:00.592775667 0xf37ecec0 gstbus.c:351:gst_bus_post:<bus13> [msg 0xf3d32a18] pushed on async queue
05-09 19:56:16.204  2029  2186 D GStreamer+GST_BUS: 0:05:00.592797177 0xf37ecf20 gstbus.c:344:gst_bus_post:<bus8> [msg 0xf3ac0ac0] dropped
05-09 19:56:16.204  2029  2185 D GStreamer+GST_BUS: 0:05:00.592819730 0xf37ecec0 gstbus.c:344:gst_bus_post:<bus12> [msg 0xf3d32a18] dropped
05-09 19:56:16.204  2029  2186 I GStreamer+GST_ELEMENT_PADS: 0:05:00.592836865 0xf37ecf20 gstpad.c:2102:gst_pad_unlink unlinked capsfilter2:src and decodepad2:proxypad10
05-09 19:56:16.205  2029  2185 D GStreamer+GST_BUS: 0:05:00.592861396 0xf37ecec0 gstbus.c:344:gst_bus_post:<bus10> [msg 0xf3d32a18] dropped
05-09 19:56:16.205  2029  2185 D GStreamer+GST_STATES: 0:05:00.592924677 0xf37ecec0 gstelement.c:2607:gst_element_set_state_func:<amcaudiodec-omxgooglemp3decoder0> returned SUCCESS
05-09 19:56:16.205  2029  2186 D GStreamer+GST_BUS: 0:05:00.592951292 0xf37ecf20 gstbus.c:309:gst_bus_post:<bus8> [msg 0xf3acf008] posting on bus structure-change message: 0xf3acf008, time 99:99:99.999999999, seq-num 1696, element 'proxypad10', GstMessageStructureChange, type=(GstStructureChangeType)GST_STRUCTURE_CHANGE_TYPE_PAD_UNLINK, owner=(GstElement)"\(GstCapsFilter\)\ capsfilter2", busy=(boolean)false;
05-09 19:56:16.205  2029  2186 D GStreamer+bin: 0:05:00.593006761 0xf37ecf20 gstbin.c:3528:gst_bin_handle_message_func:<forhwgl> [msg 0xf3acf008] handling child proxypad10 message of type structure-change
05-09 19:56:16.205  2029  2185 D GStreamer+GST_EVENT: 0:05:00.593023948 0xf37ecec0 gstpad.c:5496:gst_pad_send_event_unchecked:<amcaudiodec-omxgooglemp3decoder0:sink> have event type stream-start event: 0xf3abb9d0, time 99:99:99.999999999, seq-num 1583, GstEventStreamStart, stream-id=(string)71ab440d261a1bb43c19b397eec2373651540427aed1e7b0deb4be62a10a7f25/002, flags=(GstStreamFlags)GST_STREAM_FLAG_NONE, group-id=(uint)2;
05-09 19:56:16.205  2029  2186 D GStreamer+bin: 0:05:00.593054105 0xf37ecf20 gstbin.c:957:bin_remove_messages:<decodepad2:proxypad10> deleting message 0xf3ac0ac0 of types 0x00001000
05-09 19:56:16.205  2029  2185 D GStreamer+audiodecoder: 0:05:00.593082177 0xf37ecec0 gstaudiodecoder.c:2327:gst_audio_decoder_sink_event:<amcaudiodec-omxgooglemp3decoder0> received event 10254, stream-start
05-09 19:56:16.205  2029  2186 D GStreamer+bin: 0:05:00.593106448 0xf37ecf20 gstbin.c:963:bin_remove_messages:<forhwgl> not deleting message 0xf3ab98b8 of type 0x00100000
05-09 19:56:16.205  2029  2185 D GStreamer+audiodecoder: 0:05:00.593129000 0xf37ecec0 gstaudiodecoder.c:493:gst_audio_decoder_reset:<amcaudiodec-omxgooglemp3decoder0> gst_audio_decoder_reset
05-09 19:56:16.205  2029  2186 D GStreamer+GST_BUS: 0:05:00.593149990 0xf37ecf20 gstbus.c:344:gst_bus_post:<bus8> [msg 0xf3acf008] dropped
05-09 19:56:16.205  2029  2185 D GStreamer+audiodecoder: 0:05:00.593172855 0xf37ecec0 gstaudiodecoder.c:2141:gst_audio_decoder_sink_eventfunc:<amcaudiodec-omxgooglemp3decoder0> received STREAM_START. Clearing taglist
05-09 19:56:16.205  2029  2186 D GStreamer+GST_PADS: 0:05:00.593198375 0xf37ecf20 gstpad.c:1685:gst_pad_set_activatemode_function_full:<decodepad2:proxypad10> activatemodefunc set to (NULL)
05-09 19:56:16.205  2029  2185 D GStreamer+GST_PADS: 0:05:00.593215980 0xf37ecec0 gstpad.c:3813:check_sticky:<amcaudiodec-omxgooglemp3decoder0:src> pushing all sticky events
05-09 19:56:16.205  2029  2186 D GStreamer+GST_REFCOUNTING: 0:05:00.593240042 0xf37ecf20 gstpad.c:697:gst_pad_dispose:<'':proxypad10> dispose
05-09 19:56:16.205  2029  2185 D GStreamer+GST_EVENT: 0:05:00.593292282 0xf37ecec0 gstpad.c:5496:gst_pad_send_event_unchecked:<decodepad3:proxypad11> have event type stream-start event: 0xf3abb9d0, time 99:99:99.999999999, seq-num 1583, GstEventStreamStart, stream-id=(string)71ab440d261a1bb43c19b397eec2373651540427aed1e7b0deb4be62a10a7f25/002, flags=(GstStreamFlags)GST_STREAM_FLAG_NONE, group-id=(uint)2;
05-09 19:56:16.205  2029  2186 D GStreamer+GST_REFCOUNTING: 0:05:00.593308636 0xf37ecf20 gstpad.c:697:gst_pad_dispose:<'':decodepad2> dispose
05-09 19:56:16.205  2029  2185 D GStreamer+GST_PADS: 0:05:00.593341084 0xf37ecec0 gstpad.c:3813:check_sticky:<'':decodepad3> pushing all sticky events
05-09 19:56:16.205  2029  2186 D GStreamer+GST_PADS: 0:05:00.593363375 0xf37ecf20 gstpad.c:448:remove_events:<'':decodepad2> notify caps
05-09 19:56:16.205  2029  2185 D GStreamer+GST_PADS: 0:05:00.593387646 0xf37ecec0 gstpad.c:5266:gst_pad_push_event_unchecked:<'':decodepad3> Dropping event stream-start because pad is not linked
05-09 19:56:16.205  2029  2185 D GStreamer+GST_PADS: 0:05:00.593436552 0xf37ecec0 gstpad.c:3784:push_sticky:<'':decodepad3> pad was not linked, mark pending
05-09 19:56:16.205  2029  2186 D GStreamer+GST_PERFORMANCE: 0:05:00.593453896 0xf37ecf20 gstcaps.c:169:_gst_caps_copy:<0xf3d5f678> doing copy 0xf3d5f678 -> 0xf3d5f600
05-09 19:56:16.205  2029  2185 D GStreamer+GST_PADS: 0:05:00.593480302 0xf37ecec0 gstpad.c:5569:gst_pad_send_event_unchecked:<decodepad3:proxypad11> sent event, ret ok
05-09 19:56:16.205  2029  2185 D GStreamer+GST_PADS: 0:05:00.593521605 0xf37ecec0 gstpad.c:3765:push_sticky:<amcaudiodec-omxgooglemp3decoder0:src> event stream-start marked received
05-09 19:56:16.205  2029  2186 D GStreamer+GST_PERFORMANCE: 0:05:00.593531240 0xf37ecf20 gstcaps.c:169:_gst_caps_copy:<0xf3d5f600> doing copy 0xf3d5f600 -> 0xf3d5f6a0
05-09 19:56:16.205  2029  2185 D GStreamer+GST_PADS: 0:05:00.593564157 0xf37ecec0 gstpad.c:5569:gst_pad_send_event_unchecked:<amcaudiodec-omxgooglemp3decoder0:sink> sent event, ret ok
05-09 19:56:16.205  2029  2186 D GStreamer+GST_PERFORMANCE: 0:05:00.593661396 0xf37ecf20 gstcaps.c:169:_gst_caps_copy:<0xf3d5f678> doing copy 0xf3d5f678 -> 0xf3d5f600
05-09 19:56:16.205  2029  2185 D GStreamer+GST_EVENT: 0:05:00.593676084 0xf37ecec0 gstpad.c:5496:gst_pad_send_event_unchecked:<amcaudiodec-omxgooglemp3decoder0:sink> have event type caps event: 0xf3d33988, time 99:99:99.999999999, seq-num 1656, GstEventCaps, caps=(GstCaps)"audio/mpeg\,\ mpegversion\=\(int\)1\,\ mpegaudioversion\=\(int\)2\,\ layer\=\(int\)3\,\ rate\=\(int\)24000\,\ channels\=\(int\)1\,\ parsed\=\(boolean\)true";
05-09 19:56:16.205  2029  2185 D GStreamer+GST_CAPS: 0:05:00.593751813 0xf37ecec0 gstutils.c:2921:gst_pad_query_accept_caps:<amcaudiodec-omxgooglemp3decoder0:sink> accept caps of audio/mpeg, mpegversion=(int)1, mpegaudioversion=(int)2, layer=(int)3, rate=(int)24000, channels=(int)1, parsed=(boolean)true
05-09 19:56:16.205  2029  2186 D GStreamer+GST_BUS: 0:05:00.593778011 0xf37ecf20 gstbus.c:309:gst_bus_post:<bus12> [msg 0xf3acf060] posting on bus element message: 0xf3acf060, time 99:99:99.999999999, seq-num 1697, element 'forhwgl', missing-plugin, type=(string)decoder, detail=(GstCaps)"video/x-h264\,\ parsed\=\(boolean\)true\,\ stream-format\=\(string\)avc\,\ alignment\=\(string\)au\,\ profile\=\(string\)baseline", name=(string)"H.264\ \(Baseline\ Profile\)\ decoder";
05-09 19:56:16.205  2029  2185 D GStreamer+query: 0:05:00.593797334 0xf37ecec0 gstquery.c:674:gst_query_new_custom creating new query 0xf3ac6890 accept-caps
05-09 19:56:16.205  2029  2186 D GStreamer+bin: 0:05:00.593821552 0xf37ecf20 gstbin.c:3528:gst_bin_handle_message_func:<pipeline2> [msg 0xf3acf060] handling child forhwgl message of type element
05-09 19:56:16.205  2029  2185 D GStreamer+GST_PADS: 0:05:00.593832073 0xf37ecec0 gstpad.c:3882:gst_pad_query:<amcaudiodec-omxgooglemp3decoder0:sink> doing query 0xf3ac6890 (accept-caps)
05-09 19:56:16.206  2029  2186 D GStreamer+bin: 0:05:00.593855250 0xf37ecf20 gstbin.c:3865:gst_bin_handle_message_func:<pipeline2> posting message upward
05-09 19:56:16.206  2029  2185 D GStreamer+audiodecoder: 0:05:00.593930511 0xf37ecec0 gstaudiodecoder.c:2743:gst_audio_decoder_sink_query:<amcaudiodec-omxgooglemp3decoder0:sink> received query accept-caps query: 0xf3ac6890, GstQueryAcceptCaps, caps=(GstCaps)"audio/mpeg\,\ mpegversion\=\(int\)1\,\ mpegaudioversion\=\(int\)2\,\ layer\=\(int\)3\,\ rate\=\(int\)24000\,\ channels\=\(int\)1\,\ parsed\=\(boolean\)true", result=(boolean)false;
05-09 19:56:16.206  2029  2186 D GStreamer+GST_BUS: 0:05:00.593955927 0xf37ecf20 gstbus.c:309:gst_bus_post:<bus13> [msg 0xf3acf060] posting on bus element message: 0xf3acf060, time 99:99:99.999999999, seq-num 1697, element 'forhwgl', missing-plugin, type=(string)decoder, detail=(GstCaps)"video/x-h264\,\ parsed\=\(boolean\)true\,\ stream-format\=\(string\)avc\,\ alignment\=\(string\)au\,\ profile\=\(string\)baseline", name=(string)"H.264\ \(Baseline\ Profile\)\ decoder";
05-09 19:56:16.206  2029  2186 D GStreamer+GST_BUS: 0:05:00.594003219 0xf37ecf20 gstbus.c:348:gst_bus_post:<bus13> [msg 0xf3acf060] pushing on async queue
05-09 19:56:16.206  2029  2186 D GStreamer+GST_BUS: 0:05:00.594046344 0xf37ecf20 gstbus.c:351:gst_bus_post:<bus13> [msg 0xf3acf060] pushed on async queue
05-09 19:56:16.206  2029  2175 D GStreamer+GST_BUS: 0:05:00.594074000 0xf3d9e340 gstbus.c:521:gst_bus_timed_pop_filtered:<bus13> got message 0xf3acf060, element from forhwgl, type mask is 4294967295
05-09 19:56:16.206  2029  2186 D GStreamer+GST_BUS: 0:05:00.594085927 0xf37ecf20 gstbus.c:344:gst_bus_post:<bus12> [msg 0xf3acf060] dropped
05-09 19:56:16.206  2029  2186 D GStreamer+decodebin: 0:05:00.594128011 0xf37ecf20 gstdecodebin2.c:3956:gst_decode_chain_is_complete:<forhwgl> Chain 0xf3d1dc50 is complete: 1
05-09 19:56:16.206  2029  2175 D GStreamer+GST_BUS: 0:05:00.594158948 0xf3d9e340 gstbus.c:789:gst_bus_source_dispatch:<bus13> source 0xf39ad330 calling dispatch with element message: 0xf3acf060, time 99:99:99.999999999, seq-num 1697, element 'forhwgl', missing-plugin, type=(string)decoder, detail=(GstCaps)"video/x-h264\,\ parsed\=\(boolean\)true\,\ stream-format\=\(string\)avc\,\ alignment\=\(string\)au\,\ profile\=\(string\)baseline", name=(string)"H.264\ \(Baseline\ Profile\)\ decoder";
05-09 19:56:16.206  2029  2186 D GStreamer+decodebin: 0:05:00.594177490 0xf37ecf20 gstdecodebin2.c:4555:gst_decode_bin_expose:<forhwgl> Exposing currently active chains/groups
05-09 19:56:16.206  2029  2175 D GStreamer+GST_BUS: 0:05:00.594204521 0xf3d9e340 gstbus.c:794:gst_bus_source_dispatch:<bus13> source 0xf39ad330 handler returns 1
05-09 19:56:16.206  2029  2186 D GStreamer+GST_PERFORMANCE: 0:05:00.594239365 0xf37ecf20 gstcaps.c:169:_gst_caps_copy:<0xf3d5f678> doing copy 0xf3d5f678 -> 0xf3d5f6a0
05-09 19:56:16.206  2029  2185 D GStreamer+GST_CAPS: 0:05:00.594020823 0xf37ecec0 gstutils.c:2838:gst_pad_query_caps:<amcaudiodec-omxgooglemp3decoder0:sink> get pad caps with filter audio/mpeg, mpegversion=(int)1, mpegaudioversion=(int)2, layer=(int)3, rate=(int)24000, channels=(int)1, parsed=(boolean)true
05-09 19:56:16.206  2029  2185 D GStreamer+query: 0:05:00.594279417 0xf37ecec0 gstquery.c:674:gst_query_new_custom creating new query 0xf3d19950 caps
05-09 19:56:16.206  2029  2185 D GStreamer+GST_PADS: 0:05:00.594325719 0xf37ecec0 gstpad.c:3882:gst_pad_query:<amcaudiodec-omxgooglemp3decoder0:sink> doing query 0xf3d19950 (caps)
05-09 19:56:16.206  2029  2186 W GStreamer+decodebin: 0:05:00.594354521 0xf37ecf20 gstdecodebin2.c:4581:gst_decode_bin_expose:<forhwgl> error: no suitable plugins found:
05-09 19:56:16.206  2029  2186 W GStreamer+decodebin: Missing decoder: H.264 (Baseline Profile) (video/x-h264, parsed=(boolean)true, stream-format=(string)avc, alignment=(string)au, width=(int)1280, height=(int)1440, framerate=(fraction)151/3, profile=(string)baseline)
05-09 19:56:16.206  2029  2186 W GStreamer+decodebin: 
05-09 19:56:16.206  2029  2186 D GStreamer+GST_MESSAGE: 0:05:00.594400875 0xf37ecf20 gstelement.c:1848:gst_element_message_full:<forhwgl> start
05-09 19:56:16.206  2029  2185 D GStreamer+audiodecoder: 0:05:00.594428063 0xf37ecec0 gstaudiodecoder.c:2743:gst_audio_decoder_sink_query:<amcaudiodec-omxgooglemp3decoder0:sink> received query caps query: 0xf3d19950, GstQueryCaps, filter=(GstCaps)"audio/mpeg\,\ mpegversion\=\(int\)1\,\ mpegaudioversion\=\(int\)2\,\ layer\=\(int\)3\,\ rate\=\(int\)24000\,\ channels\=\(int\)1\,\ parsed\=\(boolean\)true", caps=(GstCaps)"NULL";
05-09 19:56:16.206  2029  2186 I GStreamer+GST_ERROR_SYSTEM: 0:05:00.594481084 0xf37ecf20 gstelement.c:1879:gst_element_message_full:<forhwgl> posting message: Your GStreamer installation is missing a plug-in.
05-09 19:56:16.206  2029  2185 D GStreamer+GST_CAPS: 0:05:00.594505146 0xf37ecec0 gstutils.c:2884:gst_pad_peer_query_caps:<amcaudiodec-omxgooglemp3decoder0:src> get pad peer caps with filter audio/x-raw, rate=(int)24000, channels=(int)1
05-09 19:56:16.206  2029  2186 W GStreamer+structure: 0:05:00.594548427 0xf37ecf20 gststructure.c:1935:priv_gst_structure_append_to_gstring No value transform to serialize field 'gerror' of type 'GError'
05-09 19:56:16.206  2029  2185 D GStreamer+query: 0:05:00.594564834 0xf37ecec0 gstquery.c:674:gst_query_new_custom creating new query 0xf3ac6cc0 caps
05-09 19:56:16.206  2029  2186 D GStreamer+GST_BUS: 0:05:00.594621240 0xf37ecf20 gstbus.c:309:gst_bus_post:<bus12> [msg 0xf3acf0b8] posting on bus error message: 0xf3acf0b8, time 99:99:99.999999999, seq-num 1698, element 'forhwgl', GstMessageError, gerror=(GError)NULL, debug=(string)"gstdecodebin2.c\(4581\):\ gst_decode_bin_expose\ \(\):\ /GstPipeline:pipeline2/GstDecodeBin:forhwgl:\012no\ suitable\ plugins\ found:\012Missing\ decoder:\ H.264\ \(Baseline\ Profile\)\ \(video/x-h264\,\ parsed\=\(boolean\)true\,\ stream-format\=\(string\)avc\,\ alignment\=\(string\)au\,\ width\=\(int\)1280\,\ height\=\(int\)1440\,\ framerate\=\(fraction\)151/3\,\ profile\=\(string\)baseline\)\012";
05-09 19:56:16.206  2029  2185 D GStreamer+GST_PADS: 0:05:00.594636761 0xf37ecec0 gstpad.c:4009:gst_pad_peer_query:<amcaudiodec-omxgooglemp3decoder0:src> peer query 0xf3ac6cc0 (caps)
05-09 19:56:16.206  2029  2186 D GStreamer+bin: 0:05:00.594667646 0xf37ecf20 gstbin.c:3528:gst_bin_handle_message_func:<pipeline2> [msg 0xf3acf0b8] handling child forhwgl message of type error
05-09 19:56:16.206  2029  2185 D GStreamer+GST_PADS: 0:05:00.594690511 0xf37ecec0 gstpad.c:3882:gst_pad_query:<decodepad3:proxypad11> doing query 0xf3ac6cc0 (caps)
05-09 19:56:16.206  2029  2186 D GStreamer+bin: 0:05:00.594714104 0xf37ecf20 gstbin.c:3535:gst_bin_handle_message_func:<pipeline2> got ERROR message, unlocking state change
05-09 19:56:16.206  2029  2186 D GStreamer+bin: 0:05:00.594760875 0xf37ecf20 gstbin.c:3865:gst_bin_handle_message_func:<pipeline2> posting message upward
05-09 19:56:16.206  2029  2185 D GStreamer+decodebin: 0:05:00.594771709 0xf37ecec0 gstdecodebin2.c:5033:gst_decode_pad_query:<decodebin3> calling autoplug-query for decodepad3 (element amcaudiodec-omxgooglemp3decoder0): caps query: 0xf3ac6cc0, GstQueryCaps, filter=(GstCaps)"audio/x-raw\,\ rate\=\(int\)24000\,\ channels\=\(int\)1", caps=(GstCaps)"NULL";
05-09 19:56:16.206  2029  2186 W GStreamer+structure: 0:05:00.594804938 0xf37ecf20 gststructure.c:1935:priv_gst_structure_append_to_gstring No value transform to serialize field 'gerror' of type 'GError'
05-09 19:56:16.206  2029  2185 D GStreamer+decodebin: 0:05:00.594816917 0xf37ecec0 gstdecodebin2.c:5042:gst_decode_pad_query:<decodebin3> autoplug-query returned 0
05-09 19:56:16.207  2029  2186 D GStreamer+GST_BUS: 0:05:00.594888532 0xf37ecf20 gstbus.c:309:gst_bus_post:<bus13> [msg 0xf3acf0b8] posting on bus error message: 0xf3acf0b8, time 99:99:99.999999999, seq-num 1698, element 'forhwgl', GstMessageError, gerror=(GError)NULL, debug=(string)"gstdecodebin2.c\(4581\):\ gst_decode_bin_expose\ \(\):\ /GstPipeline:pipeline2/GstDecodeBin:forhwgl:\012no\ suitable\ plugins\ found:\012Missing\ decoder:\ H.264\ \(Baseline\ Profile\)\ \(video/x-h264\,\ parsed\=\(boolean\)true\,\ stream-format\=\(string\)avc\,\ alignment\=\(string\)au\,\ width\=\(int\)1280\,\ height\=\(int\)1440\,\ framerate\=\(fraction\)151/3\,\ profile\=\(string\)baseline\)\012";
05-09 19:56:16.207  2029  2185 D GStreamer+GST_CAPS: 0:05:00.594906344 0xf37ecec0 gstpad.c:3088:gst_pad_query_caps_default:<decodepad3:proxypad11> query caps caps query: 0xf3ac6cc0, GstQueryCaps, filter=(GstCaps)"audio/x-raw\,\ rate\=\(int\)24000\,\ channels\=\(int\)1", caps=(GstCaps)"NULL";
05-09 19:56:16.207  2029  2186 D GStreamer+GST_BUS: 0:05:00.594929938 0xf37ecf20 gstbus.c:348:gst_bus_post:<bus13> [msg 0xf3acf0b8] pushing on async queue
05-09 19:56:16.207  2029  2186 D GStreamer+GST_BUS: 0:05:00.594978219 0xf37ecf20 gstbus.c:351:gst_bus_post:<bus13> [msg 0xf3acf0b8] pushed on async queue
05-09 19:56:16.207  2029  2175 D GStreamer+GST_BUS: 0:05:00.595006240 0xf3d9e340 gstbus.c:521:gst_bus_timed_pop_filtered:<bus13> got message 0xf3acf0b8, error from forhwgl, type mask is 4294967295
05-09 19:56:16.207  2029  2186 D GStreamer+GST_BUS: 0:05:00.595019573 0xf37ecf20 gstbus.c:344:gst_bus_post:<bus12> [msg 0xf3acf0b8] dropped
05-09 19:56:16.207  2029  2175 W GStreamer+structure: 0:05:00.595064313 0xf3d9e340 gststructure.c:1935:priv_gst_structure_append_to_gstring No value transform to serialize field 'gerror' of type 'GError'
05-09 19:56:16.207  2029  2186 I GStreamer+GST_ERROR_SYSTEM: 0:05:00.595081709 0xf37ecf20 gstelement.c:1902:gst_element_message_full:<forhwgl> posted error message: Your GStreamer installation is missing a plug-in.
05-09 19:56:16.207  2029  2175 D GStreamer+GST_BUS: 0:05:00.595134573 0xf3d9e340 gstbus.c:789:gst_bus_source_dispatch:<bus13> source 0xf39ad330 calling dispatch with error message: 0xf3acf0b8, time 99:99:99.999999999, seq-num 1698, element 'forhwgl', GstMessageError, gerror=(GError)NULL, debug=(string)"gstdecodebin2.c\(4581\):\ gst_decode_bin_expose\ \(\):\ /GstPipeline:pipeline2/GstDecodeBin:forhwgl:\012no\ suitable\ plugins\ found:\012Missing\ decoder:\ H.264\ \(Baseline\ Profile\)\ \(video/x-h264\,\ parsed\=\(boolean\)true\,\ stream-format\=\(string\)avc\,\ alignment\=\(string\)au\,\ width\=\(int\)1280\,\ height\=\(int\)1440\,\ framerate\=\(fraction\)151/3\,\ profile\=\(string\)baseline\)\012";
05-09 19:56:16.207  2029  2186 D GStreamer+bin: 0:05:00.595151136 0xf37ecf20 gstbin.c:3528:gst_bin_handle_message_func:<forhwgl> [msg 0xf3acf168] handling child forhwgl message of type async-done
05-09 19:56:16.207  2029  2186 D GStreamer+bin: 0:05:00.595190198 0xf37ecf20 gstbin.c:3749:gst_bin_handle_message_func:<forhwgl> ASYNC_DONE message 0xf3acf168, forhwgl
05-09 19:56:16.207  2029  2175 I System.out: Gst setMessage (0) Error received from element forhwgl: Your GStreamer installation is missing a plug-in.
05-09 19:56:16.207  2029  2186 D GStreamer+bin: 0:05:00.595228688 0xf37ecf20 gstbin.c:880:find_message:<forhwgl> we found a message 0xf3ab98b8 from forhwgl matching types 00100000
05-09 19:56:16.207  2029  2175 D GStreamer+GST_STATES: 0:05:00.595244313 0xf3d9e340 gstelement.c:2523:gst_element_set_state_func:<pipeline2> set_state to NULL
05-09 19:56:16.207  2029  2186 D GStreamer+bin: 0:05:00.595269104 0xf37ecf20 gstbin.c:921:bin_replace_message:<forhwgl> replace old message async-start from forhwgl with async-done message
05-09 19:56:16.207  2029  2175 D GStreamer+GST_STATES: 0:05:00.595280979 0xf3d9e340 gstelement.c:2548:gst_element_set_state_func:<pipeline2> setting target state to NULL
05-09 19:56:16.207  2029  2186 D GStreamer+bin: 0:05:00.595311136 0xf37ecf20 gstbin.c:882:find_message:<forhwgl> no message found matching types 00100000
05-09 19:56:16.207  2029  2175 D GStreamer+GST_STATES: 0:05:00.595320823 0xf3d9e340 gstelement.c:2561:gst_element_set_state_func:<pipeline2> current READY, old_pending VOID_PENDING, next VOID_PENDING, old return FAILURE
05-09 19:56:16.207  2029  2186 D GStreamer+bin: 0:05:00.595344469 0xf37ecf20 gstbin.c:889:find_message:<forhwgl>   async-start
05-09 19:56:16.207  2029  2175 D GStreamer+GST_STATES: 0:05:00.595358792 0xf3d9e340 gstelement.c:2595:gst_element_set_state_func:<pipeline2> final: setting state from READY to NULL
05-09 19:56:16.207  2029  2186 D GStreamer+bin: 0:05:00.595382646 0xf37ecf20 gstbin.c:957:bin_remove_messages:<forhwgl> deleting message 0xf3acf168 of types 0x00200000
05-09 19:56:16.207  2029  2175 D GStreamer+GST_STATES: 0:05:00.595395459 0xf3d9e340 gstbin.c:2664:gst_bin_change_state_func:<pipeline2> changing state of children from READY to NULL
05-09 19:56:16.207  2029  2186 D GStreamer+bin: 0:05:00.595422282 0xf37ecf20 gstbin.c:3768:gst_bin_handle_message_func:<forhwgl> async elements commited
05-09 19:56:16.207  2029  2175 D GStreamer+bin: 0:05:00.595437594 0xf3d9e340 gstbin.c:2712:gst_bin_change_state_func:<pipeline2> clearing all cached messages
05-09 19:56:16.207  2029  2186 I GStreamer+GST_STATES: 0:05:00.595462334 0xf37ecf20 gstbin.c:3238:bin_handle_async_done:<forhwgl> committing state from READY to PAUSED, old pending PAUSED
05-09 19:56:16.207  2029  2175 D GStreamer+bin: 0:05:00.595481917 0xf3d9e340 gstbin.c:957:bin_remove_messages:<forhwgl> deleting message 0xf3d329c0 of types 0xffffffff
05-09 19:56:16.207  2029  2186 I GStreamer+GST_STATES: 0:05:00.595501657 0xf37ecf20 gstbin.c:3258:bin_handle_async_done:<forhwgl> completed state change, pending VOID
05-09 19:56:16.207  2029  2175 D GStreamer+bin: 0:05:00.595525250 0xf3d9e340 gstbin.c:957:bin_remove_messages:<decodebin3> deleting message 0xf3abf160 of types 0xffffffff
05-09 19:56:16.207  2029  2186 I GStreamer+GST_STATES: 0:05:00.595549782 0xf37ecf20 gstelement.c:2277:_priv_gst_element_state_changed:<forhwgl> notifying about state-changed READY to PAUSED (VOID_PENDING pending)
05-09 19:56:16.207  2029  2175 D GStreamer+bin: 0:05:00.595573219 0xf3d9e340 gstbin.c:957:bin_remove_messages:<glimagesinkbin2> deleting message 0xf37f5a20 of types 0xffffffff
05-09 19:56:16.207  2029  2175 D GStreamer+bin: 0:05:00.595623740 0xf3d9e340 gstbin.c:957:bin_remove_messages:<autoaudiosink0> deleting message 0xf3ad4770 of types 0xffffffff
05-09 19:56:16.207  2029  2186 D GStreamer+GST_BUS: 0:05:00.595646865 0xf37ecf20 gstbus.c:309:gst_bus_post:<bus12> [msg 0xf37f5f30] posting on bus state-changed message: 0xf37f5f30, time 99:99:99.999999999, seq-num 1701, element 'forhwgl', GstMessageStateChanged, old-state=(GstState)GST_STATE_READY, new-state=(GstState)GST_STATE_PAUSED, pending-state=(GstState)GST_STATE_VOID_PENDING;
05-09 19:56:16.207  2029  2175 D GStreamer+bin: 0:05:00.595675146 0xf3d9e340 gstbin.c:2509:gst_bin_src_pads_activate:<pipeline2> deactivate pads
05-09 19:56:16.207  2029  2186 D GStreamer+bin: 0:05:00.595685719 0xf37ecf20 gstbin.c:3528:gst_bin_handle_message_func:<pipeline2> [msg 0xf37f5f30] handling child forhwgl message of type state-changed
05-09 19:56:16.207  2029  2175 D GStreamer+bin: 0:05:00.595714990 0xf3d9e340 gstbin.c:2517:gst_bin_src_pads_activate:<pipeline2> pad deactivation successful
05-09 19:56:16.207  2029  2186 D GStreamer+bin: 0:05:00.595731396 0xf37ecf20 gstbin.c:3865:gst_bin_handle_message_func:<pipeline2> posting message upward
05-09 19:56:16.207  2029  2175 D GStreamer+bin: 0:05:00.595753584 0xf3d9e340 gstbin.c:2195:gst_bin_sort_iterator_resync:<pipeline2> resync
05-09 19:56:16.207  2029  2175 D GStreamer+bin: 0:05:00.595787542 0xf3d9e340 gstbin.c:1981:add_to_queue:<pipeline2> adding 'autoaudiosink0' to queue
05-09 19:56:16.207  2029  2175 D GStreamer+bin: 0:05:00.595823271 0xf3d9e340 gstbin.c:1981:add_to_queue:<pipeline2> adding 'glimagesinkbin2' to queue
05-09 19:56:16.208  2029  2175 D GStreamer+bin: 0:05:00.595862594 0xf3d9e340 gstbin.c:882:find_message:<pipeline2> no message found matching types 00001000
05-09 19:56:16.208  2029  2175 D GStreamer+bin: 0:05:00.595909104 0xf3d9e340 gstbin.c:889:find_message:<pipeline2>   structure-change
05-09 19:56:16.208  2029  2175 D GStreamer+bin: 0:05:00.595948532 0xf3d9e340 gstbin.c:2098:update_degree:<pipeline2> change element queue7, degree 0->1, linked to autoaudiosink0
05-09 19:56:16.208  2029  2175 D GStreamer+bin: 0:05:00.595981761 0xf3d9e340 gstbin.c:882:find_message:<pipeline2> no message found matching types 00001000
05-09 19:56:16.208  2029  2175 D GStreamer+bin: 0:05:00.596012177 0xf3d9e340 gstbin.c:889:find_message:<pipeline2>   structure-change
05-09 19:56:16.208  2029  2175 D GStreamer+bin: 0:05:00.596043792 0xf3d9e340 gstbin.c:2121:update_degree:<pipeline2> element queue7 not linked on any sinkpads
05-09 19:56:16.208  2029  2175 D GStreamer+bin: 0:05:00.596076032 0xf3d9e340 gstbin.c:882:find_message:<pipeline2> no message found matching types 00001000
05-09 19:56:16.208  2029  2175 D GStreamer+bin: 0:05:00.596105979 0xf3d9e340 gstbin.c:889:find_message:<pipeline2>   structure-change
05-09 19:56:16.208  2029  2175 D GStreamer+bin: 0:05:00.596142907 0xf3d9e340 gstbin.c:2098:update_degree:<pipeline2> change element queue6, degree 0->1, linked to decodebin3
05-09 19:56:16.208  2029  2175 D GStreamer+bin: 0:05:00.596175459 0xf3d9e340 gstbin.c:882:find_message:<pipeline2> no message found matching types 00001000
05-09 19:56:16.208  2029  2175 D GStreamer+bin: 0:05:00.596205823 0xf3d9e340 gstbin.c:889:find_message:<pipeline2>   structure-change
05-09 19:56:16.208  2029  2175 D GStreamer+bin: 0:05:00.596243271 0xf3d9e340 gstbin.c:2098:update_degree:<pipeline2> change element q, degree 0->1, linked to queue6
05-09 19:56:16.208  2029  2175 D GStreamer+bin: 0:05:00.596275719 0xf3d9e340 gstbin.c:882:find_message:<pipeline2> no message found matching types 00001000
05-09 19:56:16.208  2029  2175 D GStreamer+bin: 0:05:00.596306032 0xf3d9e340 gstbin.c:889:find_message:<pipeline2>   structure-change
05-09 19:56:16.208  2029  2175 D GStreamer+bin: 0:05:00.596343792 0xf3d9e340 gstbin.c:2098:update_degree:<pipeline2> change element forhalffps, degree 0->1, linked to glimagesinkbin2
05-09 19:56:16.208  2029  2175 D GStreamer+bin: 0:05:00.596376709 0xf3d9e340 gstbin.c:882:find_message:<pipeline2> no message found matching types 00001000
05-09 19:56:16.208  2029  2175 D GStreamer+bin: 0:05:00.596406813 0xf3d9e340 gstbin.c:889:find_message:<pipeline2>   structure-change
05-09 19:56:16.208  2029  2175 D GStreamer+bin: 0:05:00.596443479 0xf3d9e340 gstbin.c:2098:update_degree:<pipeline2> change element queue5, degree 0->1, linked to forhalffps
05-09 19:56:16.208  2029  2175 D GStreamer+bin: 0:05:00.596475875 0xf3d9e340 gstbin.c:882:find_message:<pipeline2> no message found matching types 00001000
05-09 19:56:16.208  2029  2175 D GStreamer+bin: 0:05:00.596506084 0xf3d9e340 gstbin.c:889:find_message:<pipeline2>   structure-change
05-09 19:56:16.208  2029  2175 D GStreamer+bin: 0:05:00.596538271 0xf3d9e340 gstbin.c:2121:update_degree:<pipeline2> element queue5 not linked on any sinkpads
05-09 19:56:16.208  2029  2175 D GStreamer+bin: 0:05:00.596569157 0xf3d9e340 gstbin.c:882:find_message:<pipeline2> no message found matching types 00001000
05-09 19:56:16.208  2029  2175 D GStreamer+bin: 0:05:00.596599157 0xf3d9e340 gstbin.c:889:find_message:<pipeline2>   structure-change
05-09 19:56:16.208  2029  2175 D GStreamer+bin: 0:05:00.596634052 0xf3d9e340 gstbin.c:2098:update_degree:<pipeline2> change element queue4, degree 0->1, linked to forhwgl
05-09 19:56:16.208  2029  2175 D GStreamer+bin: 0:05:00.596667229 0xf3d9e340 gstbin.c:882:find_message:<pipeline2> no message found matching types 00001000
05-09 19:56:16.208  2029  2175 D GStreamer+bin: 0:05:00.596697438 0xf3d9e340 gstbin.c:889:find_message:<pipeline2>   structure-change
05-09 19:56:16.208  2029  2175 D GStreamer+bin: 0:05:00.596733375 0xf3d9e340 gstbin.c:2098:update_degree:<pipeline2> change element q, degree 1->2, linked to queue4
05-09 19:56:16.208  2029  2175 D GStreamer+bin: 0:05:00.596765511 0xf3d9e340 gstbin.c:882:find_message:<pipeline2> no message found matching types 00001000
05-09 19:56:16.208  2029  2175 D GStreamer+bin: 0:05:00.596795927 0xf3d9e340 gstbin.c:889:find_message:<pipeline2>   structure-change
05-09 19:56:16.208  2029  2175 D GStreamer+bin: 0:05:00.596830979 0xf3d9e340 gstbin.c:2098:update_degree:<pipeline2> change element filesrc2, degree 0->1, linked to q
05-09 19:56:16.209  2029  2175 D GStreamer+bin: 0:05:00.596863636 0xf3d9e340 gstbin.c:2121:update_degree:<pipeline2> element filesrc2 not linked on any sinkpads
05-09 19:56:16.209  2029  2175 D GStreamer+bin: 0:05:00.596912907 0xf3d9e340 gstbin.c:2182:gst_bin_sort_iterator_next:<pipeline2> queue head gives autoaudiosink0
05-09 19:56:16.209  2029  2175 D GStreamer+bin: 0:05:00.596944677 0xf3d9e340 gstbin.c:882:find_message:<pipeline2> no message found matching types 00001000
05-09 19:56:16.209  2029  2175 D GStreamer+bin: 0:05:00.596975459 0xf3d9e340 gstbin.c:889:find_message:<pipeline2>   structure-change
05-09 19:56:16.209  2029  2175 D GStreamer+bin: 0:05:00.597010927 0xf3d9e340 gstbin.c:2098:update_degree:<pipeline2> change element queue7, degree 1->0, linked to autoaudiosink0
05-09 19:56:16.209  2029  2175 D GStreamer+bin: 0:05:00.597042177 0xf3d9e340 gstbin.c:1981:add_to_queue:<pipeline2> adding 'queue7' to queue
05-09 19:56:16.209  2029  2175 I GStreamer+GST_STATES: 0:05:00.597088115 0xf3d9e340 gstbin.c:2316:gst_bin_element_set_state:<autoaudiosink0> current READY pending PAUSED, desired next NULL
05-09 19:56:16.209  2029  2186 D GStreamer+GST_BUS: 0:05:00.597140875 0xf37ecf20 gstbus.c:309:gst_bus_post:<bus13> [msg 0xf37f5f30] posting on bus state-changed message: 0xf37f5f30, time 99:99:99.999999999, seq-num 1701, element 'forhwgl', GstMessageStateChanged, old-state=(GstState)GST_STATE_READY, new-state=(GstState)GST_STATE_PAUSED, pending-state=(GstState)GST_STATE_VOID_PENDING;
05-09 19:56:16.209  2029  2175 D GStreamer+bin: 0:05:00.597154104 0xf3d9e340 gstbin.c:882:find_message:<pipeline2> no message found matching types 00100000
05-09 19:56:16.209  2029  2175 D GStreamer+bin: 0:05:00.597189052 0xf3d9e340 gstbin.c:889:find_message:<pipeline2>   async-start
05-09 19:56:16.209  2029  2186 D GStreamer+GST_BUS: 0:05:00.597196292 0xf37ecf20 gstbus.c:348:gst_bus_post:<bus13> [msg 0xf37f5f30] pushing on async queue
05-09 19:56:16.209  2029  2175 D GStreamer+bin: 0:05:00.597235042 0xf3d9e340 gstbin.c:2411:gst_bin_element_set_state:<pipeline2> setting element autoaudiosink0 to NULL, base_time 0:00:00.000000000
05-09 19:56:16.209  2029  2186 D GStreamer+GST_BUS: 0:05:00.597250875 0xf37ecf20 gstbus.c:351:gst_bus_post:<bus13> [msg 0xf37f5f30] pushed on async queue
05-09 19:56:16.209  2029  2175 D GStreamer+GST_STATES: 0:05:00.597274261 0xf3d9e340 gstelement.c:2523:gst_element_set_state_func:<autoaudiosink0> set_state to NULL
05-09 19:56:16.209  2029  2186 D GStreamer+GST_BUS: 0:05:00.597298063 0xf37ecf20 gstbus.c:344:gst_bus_post:<bus12> [msg 0xf37f5f30] dropped
05-09 19:56:16.209  2029  2175 D GStreamer+GST_STATES: 0:05:00.597316448 0xf3d9e340 gstelement.c:2548:gst_element_set_state_func:<autoaudiosink0> setting target state to NULL
05-09 19:56:16.209  2029  2186 D GStreamer+bin: 0:05:00.597339521 0xf37ecf20 gstbin.c:3295:bin_handle_async_done:<forhwgl> posting ASYNC_DONE to parent
05-09 19:56:16.209  2029  2175 D GStreamer+GST_STATES: 0:05:00.597363896 0xf3d9e340 gstelement.c:2561:gst_element_set_state_func:<autoaudiosink0> current READY, old_pending PAUSED, next PAUSED, old return ASYNC
05-09 19:56:16.209  2029  2175 D GStreamer+GST_STATES: 0:05:00.597417594 0xf3d9e340 gstelement.c:2595:gst_element_set_state_func:<autoaudiosink0> intermediate: setting state from PAUSED to READY
05-09 19:56:16.209  2029  2186 D GStreamer+GST_BUS: 0:05:00.597440563 0xf37ecf20 gstbus.c:309:gst_bus_post:<bus12> [msg 0xf37f5ed8] posting on bus async-done message: 0xf37f5ed8, time 99:99:99.999999999, seq-num 1700, element 'forhwgl', GstMessageAsyncDone, running-time=(guint64)18446744073709551615;
05-09 19:56:16.209  2029  2175 D GStreamer+GST_STATES: 0:05:00.597464104 0xf3d9e340 gstbin.c:2664:gst_bin_change_state_func:<autoaudiosink0> changing state of children from PAUSED to READY
05-09 19:56:16.209  2029  2186 D GStreamer+bin: 0:05:00.597486396 0xf37ecf20 gstbin.c:3528:gst_bin_handle_message_func:<pipeline2> [msg 0xf37f5ed8] handling child forhwgl message of type async-done
05-09 19:56:16.209  2029  2175 D GStreamer+bin: 0:05:00.597507750 0xf3d9e340 gstbin.c:2701:gst_bin_change_state_func:<autoaudiosink0> clearing all cached messages
05-09 19:56:16.209  2029  2186 D GStreamer+bin: 0:05:00.597531344 0xf37ecf20 gstbin.c:3749:gst_bin_handle_message_func:<pipeline2> ASYNC_DONE message 0xf37f5ed8, forhwgl
05-09 19:56:16.209  2029  2175 D GStreamer+bin: 0:05:00.597550979 0xf3d9e340 gstbin.c:957:bin_remove_messages:<autoaudiosink0-actual-sink-opensles> deleting message 0xf3acf110 of types 0xffffffff
05-09 19:56:16.209  2029  2186 D GStreamer+bin: 0:05:00.597575927 0xf37ecf20 gstbin.c:3784:gst_bin_handle_message_func:<pipeline2> ignoring message, target NULL
05-09 19:56:16.209  2029  2175 D GStreamer+bin: 0:05:00.597596240 0xf3d9e340 gstbin.c:2509:gst_bin_src_pads_activate:<autoaudiosink0> deactivate pads
05-09 19:56:16.209  2029  2186 D GStreamer+GST_BUS: 0:05:00.597621084 0xf37ecf20 gstbus.c:344:gst_bus_post:<bus12> [msg 0xf37f5ed8] dropped
05-09 19:56:16.209  2029  2175 D GStreamer+bin: 0:05:00.597646240 0xf3d9e340 gstbin.c:2517:gst_bin_src_pads_activate:<autoaudiosink0> pad deactivation successful
05-09 19:56:16.209  2029  2186 D GStreamer+bin: 0:05:00.597665511 0xf37ecf20 gstbin.c:3305:bin_handle_async_done:<forhwgl> state change complete
05-09 19:56:16.209  2029  2175 D GStreamer+bin: 0:05:00.597687750 0xf3d9e340 gstbin.c:2195:gst_bin_sort_iterator_resync:<autoaudiosink0> resync
05-09 19:56:16.209  2029  2186 D GStreamer+decodebin: 0:05:00.597711188 0xf37ecf20 gstdecodebin2.c:3956:gst_decode_chain_is_complete:<forhwgl> Chain 0xf3d1dc50 is complete: 1
05-09 19:56:16.209  2029  2175 D GStreamer+bin: 0:05:00.597729157 0xf3d9e340 gstbin.c:1981:add_to_queue:<autoaudiosink0> adding 'autoaudiosink0-actual-sink-opensles' to queue
05-09 19:56:16.209  2029  2186 D GStreamer+decodebin: 0:05:00.597750407 0xf37ecf20 gstdecodebin2.c:4555:gst_decode_bin_expose:<forhwgl> Exposing currently active chains/groups
05-09 19:56:16.209  2029  2175 D GStreamer+bin: 0:05:00.597767177 0xf3d9e340 gstbin.c:882:find_message:<autoaudiosink0> no message found matching types 00001000
05-09 19:56:16.209  2029  2175 D GStreamer+bin: 0:05:00.597803688 0xf3d9e340 gstbin.c:889:find_message:<autoaudiosink0>   structure-change
05-09 19:56:16.209  2029  2186 D GStreamer+GST_PERFORMANCE: 0:05:00.597814677 0xf37ecf20 gstcaps.c:169:_gst_caps_copy:<0xf3d5f678> doing copy 0xf3d5f678 -> 0xf3d5f4f0
05-09 19:56:16.209  2029  2175 D GStreamer+bin: 0:05:00.597841084 0xf3d9e340 gstbin.c:2121:update_degree:<autoaudiosink0> element autoaudiosink0-actual-sink-opensles not linked on any sinkpads
05-09 19:56:16.210  2029  2175 D GStreamer+bin: 0:05:00.597896917 0xf3d9e340 gstbin.c:2182:gst_bin_sort_iterator_next:<autoaudiosink0> queue head gives autoaudiosink0-actual-sink-opensles
05-09 19:56:16.210  2029  2185 D GStreamer+GST_PADS: 0:05:00.594952698 0xf37ecec0 gstutils.c:2599:gst_pad_proxy_query_caps:<decodepad3:proxypad11> proxying caps query for decodepad3:proxypad11
