05-09 19:56:16.247  2029  2175 D GStreamer+bin: 0:05:00.634918427 0xf3d9e340 gstbin.c:889:find_message:<glimagesinkbin2>   async-start
05-09 19:56:16.247  2029  2192 D GStreamer+GST_PADS: 0:05:00.634958948 0xf3ac6890 gstpad.c:3339:gst_pad_query_default:<decodebin3:src_0> not forwarding 0xf3d341b0 (caps) query
05-09 19:56:16.247  2029  2175 D GStreamer+bin: 0:05:00.634976188 0xf3d9e340 gstbin.c:2411:gst_bin_element_set_state:<glimagesinkbin2> setting element sink to NULL, base_time 0:00:00.000000000
05-09 19:56:16.247  2029  2175 D GStreamer+GST_STATES: 0:05:00.635019365 0xf3d9e340 gstelement.c:2523:gst_element_set_state_func:<sink> set_state to NULL
05-09 19:56:16.247  2029  2192 D GStreamer+GST_PADS: 0:05:00.635035927 0xf3ac6890 gstpad.c:3905:gst_pad_query:<decodebin3:src_0> sent query 0xf3d341b0 (caps), result 1
05-09 19:56:16.247  2029  2175 D GStreamer+GST_STATES: 0:05:00.635058375 0xf3d9e340 gstelement.c:2548:gst_element_set_state_func:<sink> setting target state to NULL
05-09 19:56:16.247  2029  2175 D GStreamer+GST_STATES: 0:05:00.635102542 0xf3d9e340 gstelement.c:2561:gst_element_set_state_func:<sink> current READY, old_pending VOID_PENDING, next VOID_PENDING, old return SUCCESS
05-09 19:56:16.247  2029  2192 D GStreamer+GST_CAPS: 0:05:00.635125927 0xf3ac6890 gstutils.c:2845:gst_pad_query_caps:<decodebin3:src_0> query returned audio/x-raw, rate=(int)[ 1, 2147483647 ], channels=(int)[ 1, 2147483647 ], format=(string)S16LE
05-09 19:56:16.247  2029  2175 D GStreamer+GST_STATES: 0:05:00.635141136 0xf3d9e340 gstelement.c:2595:gst_element_set_state_func:<sink> final: setting state from READY to NULL
05-09 19:56:16.247  2029  2192 D GStreamer+GST_CAPS: 0:05:00.635172594 0xf3ac6890 gstutils.c:2838:gst_pad_query_caps:<queue7:sink> get pad caps with filter (NULL)
05-09 19:56:16.247  2029  2175 D GStreamer+glimagesink: 0:05:00.635189573 0xf3d9e340 gstglimagesink.c:990:gst_glimage_sink_change_state changing state: READY => NULL
05-09 19:56:16.247  2029  2192 D GStreamer+query: 0:05:00.635231396 0xf3ac6890 gstquery.c:674:gst_query_new_custom creating new query 0xf3d34150 caps
05-09 19:56:16.247  2029  2175 D GStreamer+GST_ELEMENT_PADS: 0:05:00.635247386 0xf3d9e340 gstelement.c:2793:gst_element_pads_activate:<sink> deactivate pads
05-09 19:56:16.247  2029  2192 D GStreamer+GST_PADS: 0:05:00.635276240 0xf3ac6890 gstpad.c:3882:gst_pad_query:<queue7:sink> doing query 0xf3d34150 (caps)
05-09 19:56:16.247  2029  2175 D GStreamer+GST_PADS: 0:05:00.635300146 0xf3d9e340 gstpad.c:1067:gst_pad_set_active:<sink:sink> pad was inactive
05-09 19:56:16.247  2029  2175 D GStreamer+GST_ELEMENT_PADS: 0:05:00.635343688 0xf3d9e340 gstelement.c:2812:gst_element_pads_activate:<sink> pad deactivation successful
05-09 19:56:16.247  2029  2192 D GStreamer+GST_CAPS: 0:05:00.635364990 0xf3ac6890 gstpad.c:3088:gst_pad_query_caps_default:<queue7:sink> query caps caps query: 0xf3d34150, GstQueryCaps, filter=(GstCaps)"NULL", caps=(GstCaps)"NULL";
05-09 19:56:16.247  2029  2175 I GStreamer+glcontext: 0:05:00.635439157 0xf3d9e340 gstglcontext.c:645:gst_gl_context_finalize:<glcontextegl2> send quit gl window loop
05-09 19:56:16.247  2029  2175 I GStreamer+glwindow: 0:05:00.635499886 0xf3d9e340 gstglwindow.c:586:gst_gl_window_quit quit sent to gl window loop
05-09 19:56:16.247  2029  2177 I GStreamer+glcontext: 0:05:00.635513948 0xf3affc90 gstglcontext.c:1228:gst_gl_context_create_thread:<glcontextegl2> loop exited
05-09 19:56:16.247  2029  2175 I GStreamer+glcontext: 0:05:00.635534313 0xf3d9e340 gstglcontext.c:648:gst_gl_context_finalize:<glcontextegl2> joining gl thread
05-09 19:56:16.247  2029  2177 D GStreamer+glcontext: 0:05:00.635563844 0xf3affc90 gstglcontext.c:703:gst_gl_context_activate:<glcontextegl2> activate:0
05-09 19:56:16.247  2029  2192 D GStreamer+GST_PADS: 0:05:00.635459625 0xf3ac6890 gstutils.c:2599:gst_pad_proxy_query_caps:<queue7:sink> proxying caps query for queue7:sink
05-09 19:56:16.248  2029  2192 D GStreamer+GST_PADS: 0:05:00.635925615 0xf3ac6890 gstpad.c:2803:gst_pad_iterate_internal_links_default:<queue7:sink> Making iterator
05-09 19:56:16.248  2029  2192 D GStreamer+GST_PADS: 0:05:00.636001500 0xf3ac6890 gstpad.c:4009:gst_pad_peer_query:<queue7:src> peer query 0xf3d34150 (caps)
05-09 19:56:16.248  2029  2192 D GStreamer+GST_PADS: 0:05:00.636089990 0xf3ac6890 gstpad.c:3882:gst_pad_query:<autoaudiosink0:sink> doing query 0xf3d34150 (caps)
05-09 19:56:16.248  2029  2192 D GStreamer+GST_CAPS: 0:05:00.636183219 0xf3ac6890 gstpad.c:3088:gst_pad_query_caps_default:<autoaudiosink0:sink> query caps caps query: 0xf3d34150, GstQueryCaps, filter=(GstCaps)"NULL", caps=(GstCaps)"NULL";
05-09 19:56:16.249  2029  2192 D GStreamer+GST_PADS: 0:05:00.636303896 0xf3ac6890 gstutils.c:2599:gst_pad_proxy_query_caps:<autoaudiosink0:sink> proxying caps query for autoaudiosink0:sink
05-09 19:56:16.249  2029  2192 D GStreamer+GST_PADS: 0:05:00.637073896 0xf3ac6890 gstpad.c:4009:gst_pad_peer_query:<sink:proxypad9> peer query 0xf3d34150 (caps)
05-09 19:56:16.249  2029  2192 D GStreamer+GST_PADS: 0:05:00.637176188 0xf3ac6890 gstpad.c:3882:gst_pad_query:<fake-audio-sink:sink> doing query 0xf3d34150 (caps)
05-09 19:56:16.249  2029  2192 D GStreamer+GST_PADS: 0:05:00.637258427 0xf3ac6890 gstpad.c:3905:gst_pad_query:<fake-audio-sink:sink> sent query 0xf3d34150 (caps), result 1
05-09 19:56:16.249  2029  2192 D GStreamer+default: 0:05:00.637300354 0xf3ac6890 gstutils.c:2561:query_caps_func:<sink:proxypad9> intersect with result ANY
05-09 19:56:16.249  2029  2192 D GStreamer+default: 0:05:00.637378375 0xf3ac6890 gstutils.c:2563:query_caps_func:<sink:proxypad9> intersected ANY
05-09 19:56:16.249  2029  2192 D GStreamer+GST_PADS: 0:05:00.637423792 0xf3ac6890 gstpad.c:3339:gst_pad_query_default:<autoaudiosink0:sink> not forwarding 0xf3d34150 (caps) query
05-09 19:56:16.249  2029  2192 D GStreamer+GST_PADS: 0:05:00.637500823 0xf3ac6890 gstpad.c:3905:gst_pad_query:<autoaudiosink0:sink> sent query 0xf3d34150 (caps), result 1
05-09 19:56:16.249  2029  2192 D GStreamer+default: 0:05:00.637537750 0xf3ac6890 gstutils.c:2561:query_caps_func:<queue7:src> intersect with result ANY
05-09 19:56:16.249  2029  2192 D GStreamer+default: 0:05:00.637617438 0xf3ac6890 gstutils.c:2563:query_caps_func:<queue7:src> intersected ANY
05-09 19:56:16.249  2029  2192 D GStreamer+GST_PADS: 0:05:00.637699886 0xf3ac6890 gstpad.c:3339:gst_pad_query_default:<queue7:sink> not forwarding 0xf3d34150 (caps) query
05-09 19:56:16.249  2029  2192 D GStreamer+GST_PADS: 0:05:00.637740719 0xf3ac6890 gstpad.c:3905:gst_pad_query:<queue7:sink> sent query 0xf3d34150 (caps), result 1
05-09 19:56:16.249  2029  2192 D GStreamer+GST_CAPS: 0:05:00.637817907 0xf3ac6890 gstutils.c:2845:gst_pad_query_caps:<queue7:sink> query returned ANY
05-09 19:56:16.250  2029  2192 D GStreamer+GST_CAPS: 0:05:00.637920719 0xf3ac6890 gstpad.c:2192:gst_pad_link_check_compatible_unlocked:<decodebin3:src_0> src caps audio/x-raw, rate=(int)[ 1, 2147483647 ], channels=(int)[ 1, 2147483647 ], format=(string)S16LE
05-09 19:56:16.250  2029  2192 D GStreamer+GST_CAPS: 0:05:00.637960250 0xf3ac6890 gstpad.c:2194:gst_pad_link_check_compatible_unlocked:<queue7:sink> sink caps ANY
05-09 19:56:16.250  2029  2192 D GStreamer+GST_CAPS: 0:05:00.638031657 0xf3ac6890 gstpad.c:2212:gst_pad_link_check_compatible_unlocked caps are compatible
05-09 19:56:16.250  2029  2192 I GStreamer+GST_PADS: 0:05:00.638071292 0xf3ac6890 gstpad.c:2498:gst_pad_link_full linked decodebin3:src_0 and queue7:sink, successful
05-09 19:56:16.250  2029  2192 I GStreamer+GST_EVENT: 0:05:00.638143063 0xf3ac6890 gstevent.c:1382:gst_event_new_reconfigure creating reconfigure event
05-09 19:56:16.250  2029  2192 D GStreamer+GST_EVENT: 0:05:00.638178948 0xf3ac6890 gstevent.c:302:gst_event_new_custom creating new event 0xf3d5ac78 reconfigure 61441
05-09 19:56:16.250  2029  2192 D GStreamer+GST_EVENT: 0:05:00.638270302 0xf3ac6890 gstpad.c:5496:gst_pad_send_event_unchecked:<decodebin3:src_0> have event type reconfigure event: 0xf3d5ac78, time 99:99:99.999999999, seq-num 1728, (NULL)
05-09 19:56:16.250  2029  2192 D GStreamer+GST_PADS: 0:05:00.638309573 0xf3ac6890 gstpad.c:3650:do_probe_callbacks:<decodebin3:src_0> data is passed
05-09 19:56:16.250  2029  2192 D GStreamer+GST_EVENT: 0:05:00.638404000 0xf3ac6890 gstpad.c:5496:gst_pad_send_event_unchecked:<amcaudiodec-omxgooglemp3decoder0:src> have event type reconfigure event: 0xf3d5ac78, time 99:99:99.999999999, seq-num 1728, (NULL)
05-09 19:56:16.250  2029  2192 D GStreamer+GST_PADS: 0:05:00.638483688 0xf3ac6890 gstpad.c:3650:do_probe_callbacks:<amcaudiodec-omxgooglemp3decoder0:src> data is passed
05-09 19:56:16.250  2029  2192 D GStreamer+audiodecoder: 0:05:00.638526396 0xf3ac6890 gstaudiodecoder.c:2472:gst_audio_decoder_src_event:<amcaudiodec-omxgooglemp3decoder0> received event 61441, reconfigure
05-09 19:56:16.250  2029  2192 D GStreamer+GST_PADS: 0:05:00.638598115 0xf3ac6890 gstpad.c:2803:gst_pad_iterate_internal_links_default:<amcaudiodec-omxgooglemp3decoder0:src> Making iterator
05-09 19:56:16.250  2029  2192 D GStreamer+GST_EVENT: 0:05:00.638671761 0xf3ac6890 gstpad.c:5496:gst_pad_send_event_unchecked:<mpegaudioparse0:src> have event type reconfigure event: 0xf3d5ac78, time 99:99:99.999999999, seq-num 1728, (NULL)
05-09 19:56:16.250  2029  2192 D GStreamer+baseparse: 0:05:00.638713479 0xf3ac6890 gstbaseparse.c:1611:gst_base_parse_src_event:<mpegaudioparse0> event 61441, reconfigure
05-09 19:56:16.250  2029  2192 D GStreamer+GST_PADS: 0:05:00.638746657 0xf3ac6890 gstpad.c:2803:gst_pad_iterate_internal_links_default:<mpegaudioparse0:src> Making iterator
05-09 19:56:16.251  2029  2192 D GStreamer+GST_EVENT: 0:05:00.638857698 0xf3ac6890 gstpad.c:5496:gst_pad_send_event_unchecked:<typefind:src> have event type reconfigure event: 0xf3d5ac78, time 99:99:99.999999999, seq-num 1728, (NULL)
05-09 19:56:16.251  2029  2192 D GStreamer+GST_EVENT: 0:05:00.638945979 0xf3ac6890 gstpad.c:5496:gst_pad_send_event_unchecked:<sink:proxypad8> have event type reconfigure event: 0xf3d5ac78, time 99:99:99.999999999, seq-num 1728, (NULL)
05-09 19:56:16.251  2029  2192 D GStreamer+GST_EVENT: 0:05:00.639065250 0xf3ac6890 gstpad.c:5496:gst_pad_send_event_unchecked:<queue6:src> have event type reconfigure event: 0xf3d5ac78, time 99:99:99.999999999, seq-num 1728, (NULL)
05-09 19:56:16.251  2029  2192 D GStreamer+queue_dataflow: 0:05:00.639126813 0xf3ac6890 gstqueue.c:1532:gst_queue_handle_src_event:<queue6> got event 0xf3d5ac78 (61441)
05-09 19:56:16.251  2029  2192 D GStreamer+GST_EVENT: 0:05:00.639184886 0xf3ac6890 gstpad.c:5496:gst_pad_send_event_unchecked:<q:audio_0> have event type reconfigure event: 0xf3d5ac78, time 99:99:99.999999999, seq-num 1728, (NULL)
05-09 19:56:16.251  2029  2192 D GStreamer+GST_PADS: 0:05:00.639241709 0xf3ac6890 gstpad.c:2803:gst_pad_iterate_internal_links_default:<q:audio_0> Making iterator
05-09 19:56:16.251  2029  2192 D GStreamer+GST_EVENT: 0:05:00.639295407 0xf3ac6890 gstpad.c:5496:gst_pad_send_event_unchecked:<filesrc2:src> have event type reconfigure event: 0xf3d5ac78, time 99:99:99.999999999, seq-num 1728, (NULL)
05-09 19:56:16.251  2029  2192 D GStreamer+basesrc: 0:05:00.639368115 0xf3ac6890 gstbasesrc.c:1987:gst_base_src_default_event:<filesrc2> handle event reconfigure event: 0xf3d5ac78, time 99:99:99.999999999, seq-num 1728, (NULL)
05-09 19:56:16.251  2029  2192 D GStreamer+GST_PADS: 0:05:00.639404573 0xf3ac6890 gstpad.c:5569:gst_pad_send_event_unchecked:<filesrc2:src> sent event, ret ok
05-09 19:56:16.251  2029  2192 D GStreamer+GST_PADS: 0:05:00.639460615 0xf3ac6890 gstpad.c:5569:gst_pad_send_event_unchecked:<q:audio_0> sent event, ret ok
05-09 19:56:16.251  2029  2192 D GStreamer+GST_PADS: 0:05:00.639497594 0xf3ac6890 gstpad.c:5569:gst_pad_send_event_unchecked:<queue6:src> sent event, ret ok
05-09 19:56:16.251  2029  2192 D GStreamer+GST_PADS: 0:05:00.639534938 0xf3ac6890 gstpad.c:5569:gst_pad_send_event_unchecked:<sink:proxypad8> sent event, ret ok
05-09 19:56:16.251  2029  2192 D GStreamer+GST_PADS: 0:05:00.639590250 0xf3ac6890 gstpad.c:5569:gst_pad_send_event_unchecked:<typefind:src> sent event, ret ok
05-09 19:56:16.251  2029  2192 D GStreamer+GST_PADS: 0:05:00.639627125 0xf3ac6890 gstpad.c:5569:gst_pad_send_event_unchecked:<mpegaudioparse0:src> sent event, ret ok
05-09 19:56:16.251  2029  2192 D GStreamer+GST_PADS: 0:05:00.639686761 0xf3ac6890 gstpad.c:5569:gst_pad_send_event_unchecked:<amcaudiodec-omxgooglemp3decoder0:src> sent event, ret ok
05-09 19:56:16.251  2029  2192 D GStreamer+GST_PADS: 0:05:00.639724886 0xf3ac6890 gstpad.c:5569:gst_pad_send_event_unchecked:<decodebin3:src_0> sent event, ret ok
05-09 19:56:16.251  2029  2192 D GStreamer+GST_BUS: 0:05:00.639829782 0xf3ac6890 gstbus.c:309:gst_bus_post:<bus12> [msg 0xf39252c0] posting on bus structure-change message: 0xf39252c0, time 99:99:99.999999999, seq-num 1729, element 'sink', GstMessageStructureChange, type=(GstStructureChangeType)GST_STRUCTURE_CHANGE_TYPE_PAD_LINK, owner=(GstElement)"\(GstDecodeBin\)\ decodebin3", busy=(boolean)false;
05-09 19:56:16.252  2029  2192 D GStreamer+bin: 0:05:00.639899729 0xf3ac6890 gstbin.c:3528:gst_bin_handle_message_func:<pipeline2> [msg 0xf39252c0] handling child sink message of type structure-change
05-09 19:56:16.252  2029  2192 D GStreamer+bin: 0:05:00.639939261 0xf3ac6890 gstbin.c:957:bin_remove_messages:<queue7:sink> deleting message 0xf3d43b78 of types 0x00001000
05-09 19:56:16.252  2029  2192 D GStreamer+GST_BUS: 0:05:00.639976761 0xf3ac6890 gstbus.c:344:gst_bus_post:<bus12> [msg 0xf39252c0] dropped
05-09 19:56:16.252  2029  2192 D GStreamer+GST_ELEMENT_PADS: 0:05:00.640034000 0xf3ac6890 gstutils.c:1701:gst_element_link_pads_full linked pad decodebin3:src_0 to pad queue7:sink
05-09 19:56:16.252  2029  2192 D GStreamer+GST_PIPELINE: 0:05:00.640073636 0xf3ac6890 ./grammar.y:527:gst_parse_found_pad delayed linking some pad of GstDecodeBin named decodebin3 to some pad of GstQueue named queue7 worked
05-09 19:56:16.252  2029  2192 I GStreamer+decodebin: 0:05:00.640134834 0xf3ac6890 gstdecodebin2.c:4680:gst_decode_bin_expose:<decodebin3:src_0> added new decoded pad
05-09 19:56:16.252  2029  2192 D GStreamer+decodebin: 0:05:00.640172073 0xf3ac6890 gstdecodebin2.c:4697:gst_decode_bin_expose:<decodebin3:src_0> unblocking
05-09 19:56:16.252  2029  2192 D GStreamer+decodebin: 0:05:00.640208427 0xf3ac6890 gstdecodebin2.c:4913:gst_decode_pad_set_blocked:<decodebin3:src_0> blocking pad: 0
05-09 19:56:16.252  2029  2192 D GStreamer+GST_PADS: 0:05:00.640267125 0xf3ac6890 gstghostpad.c:808:gst_ghost_pad_get_target:<decodebin3:src_0> get target amcaudiodec-omxgooglemp3decoder0:src
05-09 19:56:16.252  2029  2192 D GStreamer+GST_PADS: 0:05:00.640303427 0xf3ac6890 gstpad.c:1301:cleanup_hook:<amcaudiodec-omxgooglemp3decoder0:src> remove blocking probe, now 0 left
05-09 19:56:16.252  2029  2192 D GStreamer+GST_PADS: 0:05:00.640357438 0xf3ac6890 gstpad.c:1307:cleanup_hook:<amcaudiodec-omxgooglemp3decoder0:src> last blocking probe removed, unblocking
05-09 19:56:16.252  2029  2192 D GStreamer+decodebin: 0:05:00.640392854 0xf3ac6890 gstdecodebin2.c:4699:gst_decode_bin_expose:<decodebin3:src_0> unblocked
05-09 19:56:16.252  2029  2192 D GStreamer+bin: 0:05:00.640454052 0xf3ac6890 gstbin.c:3528:gst_bin_handle_message_func:<decodebin3> [msg 0xf3d324b0] handling child decodebin3 message of type async-done
05-09 19:56:16.252  2029  2192 D GStreamer+bin: 0:05:00.640490771 0xf3ac6890 gstbin.c:3749:gst_bin_handle_message_func:<decodebin3> ASYNC_DONE message 0xf3d324b0, decodebin3
05-09 19:56:16.252  2029  2192 D GStreamer+bin: 0:05:00.640528219 0xf3ac6890 gstbin.c:880:find_message:<decodebin3> we found a message 0xf3d32560 from decodebin3 matching types 00100000
05-09 19:56:16.252  2029  2192 D GStreamer+bin: 0:05:00.640582334 0xf3ac6890 gstbin.c:921:bin_replace_message:<decodebin3> replace old message async-start from decodebin3 with async-done message
05-09 19:56:16.252  2029  2192 D GStreamer+bin: 0:05:00.640616657 0xf3ac6890 gstbin.c:882:find_message:<decodebin3> no message found matching types 00100000
05-09 19:56:16.252  2029  2192 D GStreamer+bin: 0:05:00.640648271 0xf3ac6890 gstbin.c:889:find_message:<decodebin3>   async-start
05-09 19:56:16.252  2029  2192 D GStreamer+bin: 0:05:00.640702021 0xf3ac6890 gstbin.c:957:bin_remove_messages:<decodebin3> deleting message 0xf3d324b0 of types 0x00200000
05-09 19:56:16.252  2029  2192 D GStreamer+bin: 0:05:00.640735667 0xf3ac6890 gstbin.c:3768:gst_bin_handle_message_func:<decodebin3> async elements commited
05-09 19:56:16.252  2029  2192 I GStreamer+GST_STATES: 0:05:00.640792490 0xf3ac6890 gstbin.c:3238:bin_handle_async_done:<decodebin3> committing state from READY to PAUSED, old pending PAUSED
05-09 19:56:16.252  2029  2192 I GStreamer+GST_STATES: 0:05:00.640825354 0xf3ac6890 gstbin.c:3258:bin_handle_async_done:<decodebin3> completed state change, pending VOID
05-09 19:56:16.253  2029  2192 I GStreamer+GST_STATES: 0:05:00.640861709 0xf3ac6890 gstelement.c:2277:_priv_gst_element_state_changed:<decodebin3> notifying about state-changed READY to PAUSED (VOID_PENDING pending)
05-09 19:56:16.253  2029  2192 D GStreamer+GST_BUS: 0:05:00.640957698 0xf3ac6890 gstbus.c:309:gst_bus_post:<bus12> [msg 0xf3ac0ec8] posting on bus state-changed message: 0xf3ac0ec8, time 99:99:99.999999999, seq-num 1732, element 'decodebin3', GstMessageStateChanged, old-state=(GstState)GST_STATE_READY, new-state=(GstState)GST_STATE_PAUSED, pending-state=(GstState)GST_STATE_VOID_PENDING;
05-09 19:56:16.253  2029  2192 D GStreamer+bin: 0:05:00.641016552 0xf3ac6890 gstbin.c:3528:gst_bin_handle_message_func:<pipeline2> [msg 0xf3ac0ec8] handling child decodebin3 message of type state-changed
05-09 19:56:16.253  2029  2192 D GStreamer+bin: 0:05:00.641048427 0xf3ac6890 gstbin.c:3865:gst_bin_handle_message_func:<pipeline2> posting message upward
05-09 19:56:16.253  2029  2192 D GStreamer+GST_BUS: 0:05:00.641131917 0xf3ac6890 gstbus.c:309:gst_bus_post:<bus13> [msg 0xf3ac0ec8] posting on bus state-changed message: 0xf3ac0ec8, time 99:99:99.999999999, seq-num 1732, element 'decodebin3', GstMessageStateChanged, old-state=(GstState)GST_STATE_READY, new-state=(GstState)GST_STATE_PAUSED, pending-state=(GstState)GST_STATE_VOID_PENDING;
05-09 19:56:16.253  2029  2192 D GStreamer+GST_BUS: 0:05:00.641166865 0xf3ac6890 gstbus.c:348:gst_bus_post:<bus13> [msg 0xf3ac0ec8] pushing on async queue
05-09 19:56:16.253  2029  2192 D GStreamer+GST_BUS: 0:05:00.641199417 0xf3ac6890 gstbus.c:351:gst_bus_post:<bus13> [msg 0xf3ac0ec8] pushed on async queue
05-09 19:56:16.253  2029  2192 D GStreamer+GST_BUS: 0:05:00.641251448 0xf3ac6890 gstbus.c:344:gst_bus_post:<bus12> [msg 0xf3ac0ec8] dropped
05-09 19:56:16.253  2029  2192 D GStreamer+bin: 0:05:00.641284625 0xf3ac6890 gstbin.c:3295:bin_handle_async_done:<decodebin3> posting ASYNC_DONE to parent
05-09 19:56:16.253  2029  2192 D GStreamer+GST_BUS: 0:05:00.641374886 0xf3ac6890 gstbus.c:309:gst_bus_post:<bus12> [msg 0xf3ac0d68] posting on bus async-done message: 0xf3ac0d68, time 99:99:99.999999999, seq-num 1731, element 'decodebin3', GstMessageAsyncDone, running-time=(guint64)18446744073709551615;
05-09 19:56:16.253  2029  2192 D GStreamer+bin: 0:05:00.641413792 0xf3ac6890 gstbin.c:3528:gst_bin_handle_message_func:<pipeline2> [msg 0xf3ac0d68] handling child decodebin3 message of type async-done
05-09 19:56:16.253  2029  2192 D GStreamer+bin: 0:05:00.641467750 0xf3ac6890 gstbin.c:3749:gst_bin_handle_message_func:<pipeline2> ASYNC_DONE message 0xf3ac0d68, decodebin3
05-09 19:56:16.253  2029  2192 D GStreamer+bin: 0:05:00.641500979 0xf3ac6890 gstbin.c:3784:gst_bin_handle_message_func:<pipeline2> ignoring message, target NULL
05-09 19:56:16.253  2029  2192 D GStreamer+GST_BUS: 0:05:00.641532907 0xf3ac6890 gstbus.c:344:gst_bus_post:<bus12> [msg 0xf3ac0d68] dropped
05-09 19:56:16.253  2029  2192 D GStreamer+bin: 0:05:00.641586865 0xf3ac6890 gstbin.c:3305:bin_handle_async_done:<decodebin3> state change complete
05-09 19:56:16.253  2029  2192 D GStreamer+decodebin: 0:05:00.641620198 0xf3ac6890 gstdecodebin2.c:4705:gst_decode_bin_expose:<decodebin3> Exposed everything
05-09 19:56:16.253  2029  2192 D GStreamer+GST_PADS: 0:05:00.641674157 0xf3ac6890 gstpad.c:3449:probe_hook_marshal:<amcaudiodec-omxgooglemp3decoder0:src> asked to pass item
05-09 19:56:16.253  2029  2192 D GStreamer+GST_PADS: 0:05:00.641710667 0xf3ac6890 gstpad.c:3650:do_probe_callbacks:<amcaudiodec-omxgooglemp3decoder0:src> data is passed
05-09 19:56:16.253  2029  2192 D GStreamer+GST_EVENT: 0:05:00.641803167 0xf3ac6890 gstpad.c:5496:gst_pad_send_event_unchecked:<src_0:proxypad11> have event type caps event: 0xf3a085a0, time 99:99:99.999999999, seq-num 1723, GstEventCaps, caps=(GstCaps)"audio/x-raw\,\ format\=\(string\)S16LE\,\ layout\=\(string\)interleaved\,\ rate\=\(int\)24000\,\ channels\=\(int\)1";
05-09 19:56:16.254  2029  2192 D GStreamer+GST_CAPS: 0:05:00.641854886 0xf3ac6890 gstutils.c:2921:gst_pad_query_accept_caps:<src_0:proxypad11> accept caps of audio/x-raw, format=(string)S16LE, layout=(string)interleaved, rate=(int)24000, channels=(int)1
05-09 19:56:16.254  2029  2192 D GStreamer+query: 0:05:00.641928115 0xf3ac6890 gstquery.c:674:gst_query_new_custom creating new query 0xf3ac6af0 accept-caps
05-09 19:56:16.254  2029  2192 D GStreamer+GST_PADS: 0:05:00.641962907 0xf3ac6890 gstpad.c:3882:gst_pad_query:<src_0:proxypad11> doing query 0xf3ac6af0 (accept-caps)
05-09 19:56:16.254  2029  2192 D GStreamer+GST_PADS: 0:05:00.642043896 0xf3ac6890 gstpad.c:3035:gst_pad_query_accept_caps_default:<src_0:proxypad11> query accept-caps accept-caps query: 0xf3ac6af0, GstQueryAcceptCaps, caps=(GstCaps)"audio/x-raw\,\ format\=\(string\)S16LE\,\ layout\=\(string\)interleaved\,\ rate\=\(int\)24000\,\ channels\=\(int\)1", result=(boolean)false;
05-09 19:56:16.254  2029  2192 D GStreamer+GST_PADS: 0:05:00.642082438 0xf3ac6890 gstutils.c:2530:gst_pad_proxy_query_accept_caps:<src_0:proxypad11> proxying accept caps query for src_0:proxypad11
05-09 19:56:16.254  2029  2192 D GStreamer+GST_PADS: 0:05:00.642145198 0xf3ac6890 gstpad.c:4009:gst_pad_peer_query:<decodebin3:src_0> peer query 0xf3ac6af0 (accept-caps)
05-09 19:56:16.254  2029  2192 D GStreamer+GST_PADS: 0:05:00.642180094 0xf3ac6890 gstpad.c:3650:do_probe_callbacks:<decodebin3:src_0> data is passed
05-09 19:56:16.254  2029  2192 D GStreamer+GST_PADS: 0:05:00.642236084 0xf3ac6890 gstpad.c:3882:gst_pad_query:<queue7:sink> doing query 0xf3ac6af0 (accept-caps)
05-09 19:56:16.254  2029  2192 D GStreamer+GST_PADS: 0:05:00.642296604 0xf3ac6890 gstpad.c:3035:gst_pad_query_accept_caps_default:<queue7:sink> query accept-caps accept-caps query: 0xf3ac6af0, GstQueryAcceptCaps, caps=(GstCaps)"audio/x-raw\,\ format\=\(string\)S16LE\,\ layout\=\(string\)interleaved\,\ rate\=\(int\)24000\,\ channels\=\(int\)1", result=(boolean)false;
05-09 19:56:16.254  2029  2192 D GStreamer+GST_PADS: 0:05:00.642354052 0xf3ac6890 gstutils.c:2530:gst_pad_proxy_query_accept_caps:<queue7:sink> proxying accept caps query for queue7:sink
05-09 19:56:16.254  2029  2192 D GStreamer+GST_PADS: 0:05:00.642388740 0xf3ac6890 gstpad.c:2803:gst_pad_iterate_internal_links_default:<queue7:sink> Making iterator
05-09 19:56:16.254  2029  2192 D GStreamer+GST_PADS: 0:05:00.642446136 0xf3ac6890 gstpad.c:4009:gst_pad_peer_query:<queue7:src> peer query 0xf3ac6af0 (accept-caps)
05-09 19:56:16.254  2029  2192 D GStreamer+GST_PADS: 0:05:00.642485094 0xf3ac6890 gstpad.c:3882:gst_pad_query:<autoaudiosink0:sink> doing query 0xf3ac6af0 (accept-caps)
05-09 19:56:16.254  2029  2192 D GStreamer+GST_PADS: 0:05:00.642561500 0xf3ac6890 gstpad.c:3035:gst_pad_query_accept_caps_default:<autoaudiosink0:sink> query accept-caps accept-caps query: 0xf3ac6af0, GstQueryAcceptCaps, caps=(GstCaps)"audio/x-raw\,\ format\=\(string\)S16LE\,\ layout\=\(string\)interleaved\,\ rate\=\(int\)24000\,\ channels\=\(int\)1", result=(boolean)false;
05-09 19:56:16.254  2029  2192 D GStreamer+GST_PADS: 0:05:00.642599625 0xf3ac6890 gstutils.c:2530:gst_pad_proxy_query_accept_caps:<autoaudiosink0:sink> proxying accept caps query for autoaudiosink0:sink
05-09 19:56:16.254  2029  2192 D GStreamer+GST_PADS: 0:05:00.642639990 0xf3ac6890 gstpad.c:4009:gst_pad_peer_query:<sink:proxypad9> peer query 0xf3ac6af0 (accept-caps)
05-09 19:56:16.254  2029  2192 D GStreamer+GST_PADS: 0:05:00.642697802 0xf3ac6890 gstpad.c:3882:gst_pad_query:<fake-audio-sink:sink> doing query 0xf3ac6af0 (accept-caps)
05-09 19:56:16.254  2029  2192 D GStreamer+basesink: 0:05:00.642749834 0xf3ac6890 gstbasesink.c:4978:gst_base_sink_default_query:<fake-audio-sink> Checking if requested caps audio/x-raw, format=(string)S16LE, layout=(string)interleaved, rate=(int)24000, channels=(int)1 are a subset of pad caps ANY result 1
05-09 19:56:16.254  2029  2192 D GStreamer+GST_PADS: 0:05:00.642809417 0xf3ac6890 gstpad.c:3905:gst_pad_query:<fake-audio-sink:sink> sent query 0xf3ac6af0 (accept-caps), result 1
05-09 19:56:16.254  2029  2192 D GStreamer+GST_PADS: 0:05:00.642848219 0xf3ac6890 gstutils.c:2541:gst_pad_proxy_query_accept_caps:<autoaudiosink0:sink> proxying accept caps query: 1
05-09 19:56:16.255  2029  2192 D GStreamer+GST_PADS: 0:05:00.642928115 0xf3ac6890 gstpad.c:3065:gst_pad_query_accept_caps_default:<autoaudiosink0:sink> allowed caps subset ANY, caps audio/x-raw, format=(string)S16LE, layout=(string)interleaved, rate=(int)24000, channels=(int)1
05-09 19:56:16.255  2029  2192 D GStreamer+GST_PADS: 0:05:00.642969365 0xf3ac6890 gstpad.c:3339:gst_pad_query_default:<autoaudiosink0:sink> not forwarding 0xf3ac6af0 (accept-caps) query
05-09 19:56:16.255  2029  2192 D GStreamer+GST_PADS: 0:05:00.643027646 0xf3ac6890 gstpad.c:3905:gst_pad_query:<autoaudiosink0:sink> sent query 0xf3ac6af0 (accept-caps), result 1
05-09 19:56:16.255  2029  2192 D GStreamer+GST_PADS: 0:05:00.643066969 0xf3ac6890 gstutils.c:2541:gst_pad_proxy_query_accept_caps:<queue7:sink> proxying accept caps query: 1
05-09 19:56:16.255  2029  2192 D GStreamer+GST_PADS: 0:05:00.643137438 0xf3ac6890 gstpad.c:3065:gst_pad_query_accept_caps_default:<queue7:sink> allowed caps subset ANY, caps audio/x-raw, format=(string)S16LE, layout=(string)interleaved, rate=(int)24000, channels=(int)1
05-09 19:56:16.255  2029  2192 D GStreamer+GST_PADS: 0:05:00.643176865 0xf3ac6890 gstpad.c:3339:gst_pad_query_default:<queue7:sink> not forwarding 0xf3ac6af0 (accept-caps) query
05-09 19:56:16.255  2029  2192 D GStreamer+GST_PADS: 0:05:00.643234157 0xf3ac6890 gstpad.c:3905:gst_pad_query:<queue7:sink> sent query 0xf3ac6af0 (accept-caps), result 1
05-09 19:56:16.255  2029  2192 D GStreamer+GST_PADS: 0:05:00.643274886 0xf3ac6890 gstutils.c:2541:gst_pad_proxy_query_accept_caps:<src_0:proxypad11> proxying accept caps query: 1
05-09 19:56:16.255  2029  2192 D GStreamer+GST_PADS: 0:05:00.643342907 0xf3ac6890 gstpad.c:3065:gst_pad_query_accept_caps_default:<src_0:proxypad11> allowed caps subset ANY, caps audio/x-raw, format=(string)S16LE, layout=(string)interleaved, rate=(int)24000, channels=(int)1
05-09 19:56:16.255  2029  2192 D GStreamer+GST_PADS: 0:05:00.643383792 0xf3ac6890 gstpad.c:3339:gst_pad_query_default:<src_0:proxypad11> not forwarding 0xf3ac6af0 (accept-caps) query
05-09 19:56:16.255  2029  2192 D GStreamer+GST_PADS: 0:05:00.643420719 0xf3ac6890 gstpad.c:3905:gst_pad_query:<src_0:proxypad11> sent query 0xf3ac6af0 (accept-caps), result 1
05-09 19:56:16.255  2029  2192 D GStreamer+default: 0:05:00.643476917 0xf3ac6890 gstutils.c:2926:gst_pad_query_accept_caps:<src_0:proxypad11> query returned 1
05-09 19:56:16.255  2029  2192 D GStreamer+GST_PADS: 0:05:00.643517646 0xf3ac6890 gstpad.c:3813:check_sticky:<decodebin3:src_0> pushing all sticky events
05-09 19:56:16.255  2029  2192 D GStreamer+GST_PADS: 0:05:00.643571500 0xf3ac6890 gstpad.c:3650:do_probe_callbacks:<decodebin3:src_0> data is passed
05-09 19:56:16.255  2029  2192 D GStreamer+GST_PADS: 0:05:00.643606188 0xf3ac6890 gstpad.c:3453:probe_hook_marshal:<decodebin3:src_0> probe returned OK
05-09 19:56:16.255  2029  2192 D GStreamer+GST_EVENT: 0:05:00.643692229 0xf3ac6890 gstpad.c:5496:gst_pad_send_event_unchecked:<queue7:sink> have event type stream-start event: 0xf3abb9d0, time 99:99:99.999999999, seq-num 1583, GstEventStreamStart, stream-id=(string)71ab440d261a1bb43c19b397eec2373651540427aed1e7b0deb4be62a10a7f25/002, flags=(GstStreamFlags)GST_STREAM_FLAG_NONE, group-id=(uint)2;
05-09 19:56:16.255  2029  2183 D GStreamer+queue_dataflow: 0:05:00.643747594 0xf37ece30 gstqueue.c:1476:gst_queue_loop:<queue7> queue is not empty
05-09 19:56:16.255  2029  2183 D GStreamer+GST_PADS: 0:05:00.643797125 0xf37ece30 gstpad.c:3813:check_sticky:<queue7:src> pushing all sticky events
05-09 19:56:16.256  2029  2183 D GStreamer+GST_EVENT: 0:05:00.643861969 0xf37ece30 gstpad.c:5496:gst_pad_send_event_unchecked:<autoaudiosink0:sink> have event type stream-start event: 0xf3abb9d0, time 99:99:99.999999999, seq-num 1583, GstEventStreamStart, stream-id=(string)71ab440d261a1bb43c19b397eec2373651540427aed1e7b0deb4be62a10a7f25/002, flags=(GstStreamFlags)GST_STREAM_FLAG_NONE, group-id=(uint)2;
05-09 19:56:16.256  2029  2183 I GStreamer+GST_EVENT: 0:05:00.643913532 0xf37ece30 gstpad.c:5601:gst_pad_send_event_unchecked:<autoaudiosink0:sink> Received event on flushing pad. Discarding
05-09 19:56:16.256  2029  2183 D GStreamer+GST_PADS: 0:05:00.643965354 0xf37ece30 gstpad.c:3792:push_sticky:<queue7:src> result flushing, mark pending events
05-09 19:56:16.256  2029  2183 D GStreamer+queue_dataflow: 0:05:00.644383532 0xf37ece30 gstqueue.c:1464:gst_queue_loop:<queue7> queue is empty
05-09 19:56:16.256  2029  2175 I GStreamer+glcontext: 0:05:00.644404990 0xf3d9e340 gstglcontext.c:650:gst_gl_context_finalize:<glcontextegl2> gl thread joined
05-09 19:56:16.256  2029  2175 I GStreamer+glwindow: 0:05:00.644444573 0xf3d9e340 gstglwindow.c:332:gst_gl_window_finalize quit navigation loop
05-09 19:56:16.256  2029  2176 I GStreamer+glwindow: 0:05:00.644522698 0xf3b00db0 gstglwindow.c:948:gst_gl_window_navigation_thread navigation loop exited
05-09 19:56:16.256  2029  2176 I GStreamer+glwindow: 
05-09 19:56:16.256  2029  2175 D GStreamer+glcontext: 0:05:00.644672907 0xf3d9e340 gstglcontext.c:675:gst_gl_context_finalize:<glcontextegl2> End of finalize
05-09 19:56:16.256  2029  2175 D GStreamer+GST_STATES: 0:05:00.644711084 0xf3d9e340 gstelement.c:2684:gst_element_change_state:<sink> element changed state SUCCESS
05-09 19:56:16.256  2029  2175 I GStreamer+GST_STATES: 0:05:00.644761552 0xf3d9e340 gstelement.c:2372:gst_element_continue_state:<sink> completed state change to NULL
05-09 19:56:16.256  2029  2175 I GStreamer+GST_STATES: 0:05:00.644804782 0xf3d9e340 gstelement.c:2277:_priv_gst_element_state_changed:<sink> notifying about state-changed READY to NULL (VOID_PENDING pending)
05-09 19:56:16.256  2029  2192 D GStreamer+GST_PADS: 0:05:00.644833271 0xf3ac6890 gstpad.c:5569:gst_pad_send_event_unchecked:<queue7:sink> sent event, ret ok
05-09 19:56:16.257  2029  2175 D GStreamer+GST_BUS: 0:05:00.644910875 0xf3d9e340 gstbus.c:309:gst_bus_post:<bus9> [msg 0xf37f5b28] posting on bus state-changed message: 0xf37f5b28, time 99:99:99.999999999, seq-num 1733, element 'sink', GstMessageStateChanged, old-state=(GstState)GST_STATE_READY, new-state=(GstState)GST_STATE_NULL, pending-state=(GstState)GST_STATE_VOID_PENDING;
05-09 19:56:16.257  2029  2175 D GStreamer+bin: 0:05:00.644966292 0xf3d9e340 gstbin.c:3528:gst_bin_handle_message_func:<glimagesinkbin2> [msg 0xf37f5b28] handling child sink message of type state-changed
05-09 19:56:16.257  2029  2175 D GStreamer+bin: 0:05:00.644999469 0xf3d9e340 gstbin.c:3865:gst_bin_handle_message_func:<glimagesinkbin2> posting message upward
05-09 19:56:16.257  2029  2175 D GStreamer+GST_BUS: 0:05:00.645077229 0xf3d9e340 gstbus.c:309:gst_bus_post:<bus12> [msg 0xf37f5b28] posting on bus state-changed message: 0xf37f5b28, time 99:99:99.999999999, seq-num 1733, element 'sink', GstMessageStateChanged, old-state=(GstState)GST_STATE_READY, new-state=(GstState)GST_STATE_NULL, pending-state=(GstState)GST_STATE_VOID_PENDING;
05-09 19:56:16.257  2029  2175 D GStreamer+bin: 0:05:00.645115875 0xf3d9e340 gstbin.c:3528:gst_bin_handle_message_func:<pipeline2> [msg 0xf37f5b28] handling child sink message of type state-changed
05-09 19:56:16.257  2029  2175 D GStreamer+bin: 0:05:00.645146448 0xf3d9e340 gstbin.c:3865:gst_bin_handle_message_func:<pipeline2> posting message upward
05-09 19:56:16.257  2029  2175 D GStreamer+GST_BUS: 0:05:00.645220979 0xf3d9e340 gstbus.c:309:gst_bus_post:<bus13> [msg 0xf37f5b28] posting on bus state-changed message: 0xf37f5b28, time 99:99:99.999999999, seq-num 1733, element 'sink', GstMessageStateChanged, old-state=(GstState)GST_STATE_READY, new-state=(GstState)GST_STATE_NULL, pending-state=(GstState)GST_STATE_VOID_PENDING;
05-09 19:56:16.257  2029  2175 D GStreamer+GST_BUS: 0:05:00.645254625 0xf3d9e340 gstbus.c:348:gst_bus_post:<bus13> [msg 0xf37f5b28] pushing on async queue
05-09 19:56:16.257  2029  2175 D GStreamer+GST_BUS: 0:05:00.645304417 0xf3d9e340 gstbus.c:351:gst_bus_post:<bus13> [msg 0xf37f5b28] pushed on async queue
05-09 19:56:16.257  2029  2175 D GStreamer+GST_BUS: 0:05:00.645337438 0xf3d9e340 gstbus.c:344:gst_bus_post:<bus12> [msg 0xf37f5b28] dropped
05-09 19:56:16.257  2029  2175 D GStreamer+GST_BUS: 0:05:00.645368896 0xf3d9e340 gstbus.c:344:gst_bus_post:<bus9> [msg 0xf37f5b28] dropped
05-09 19:56:16.257  2029  2175 D GStreamer+GST_STATES: 0:05:00.645416865 0xf3d9e340 gstelement.c:2607:gst_element_set_state_func:<sink> returned SUCCESS
05-09 19:56:16.257  2029  2175 I GStreamer+GST_STATES: 0:05:00.645452073 0xf3d9e340 gstbin.c:2764:gst_bin_change_state_func:<glimagesinkbin2> child 'sink' changed state to 1(NULL) successfully
05-09 19:56:16.257  2029  2175 D GStreamer+bin: 0:05:00.645491604 0xf3d9e340 gstbin.c:2182:gst_bin_sort_iterator_next:<glimagesinkbin2> queue head gives glcolorbalance2
05-09 19:56:16.257  2029  2192 D GStreamer+GST_PADS: 0:05:00.645532542 0xf3ac6890 gstpad.c:3765:push_sticky:<decodebin3:src_0> event stream-start marked received
05-09 19:56:16.257  2029  2175 D GStreamer+bin: 0:05:00.645543063 0xf3d9e340 gstbin.c:882:find_message:<glimagesinkbin2> no message found matching types 00001000
05-09 19:56:16.257  2029  2192 D GStreamer+GST_PADS: 0:05:00.645595875 0xf3ac6890 gstpad.c:3650:do_probe_callbacks:<decodebin3:src_0> data is passed
05-09 19:56:16.257  2029  2175 D GStreamer+bin: 0:05:00.645622542 0xf3d9e340 gstbin.c:889:find_message:<glimagesinkbin2>   structure-change
05-09 19:56:16.257  2029  2192 D GStreamer+GST_PADS: 0:05:00.645633323 0xf3ac6890 gstpad.c:3453:probe_hook_marshal:<decodebin3:src_0> probe returned OK
05-09 19:56:16.257  2029  2175 D GStreamer+bin: 0:05:00.645667490 0xf3d9e340 gstbin.c:2098:update_degree:<glimagesinkbin2> change element glcolorconvertelement2, degree 1->0, linked to glcolorbalance2
05-09 19:56:16.257  2029  2175 D GStreamer+bin: 0:05:00.645724938 0xf3d9e340 gstbin.c:1981:add_to_queue:<glimagesinkbin2> adding 'glcolorconvertelement2' to queue
05-09 19:56:16.257  2029  2192 D GStreamer+GST_EVENT: 0:05:00.645741084 0xf3ac6890 gstpad.c:5496:gst_pad_send_event_unchecked:<queue7:sink> have event type caps event: 0xf3a085a0, time 99:99:99.999999999, seq-num 1723, GstEventCaps, caps=(GstCaps)"audio/x-raw\,\ format\=\(string\)S16LE\,\ layout\=\(string\)interleaved\,\ rate\=\(int\)24000\,\ channels\=\(int\)1";
05-09 19:56:16.257  2029  2175 I GStreamer+GST_STATES: 0:05:00.645772229 0xf3d9e340 gstbin.c:2316:gst_bin_element_set_state:<glcolorbalance2> current READY pending VOID_PENDING, desired next NULL
05-09 19:56:16.257  2029  2192 D GStreamer+GST_CAPS: 0:05:00.645816865 0xf3ac6890 gstutils.c:2921:gst_pad_query_accept_caps:<queue7:sink> accept caps of audio/x-raw, format=(string)S16LE, layout=(string)interleaved, rate=(int)24000, channels=(int)1
05-09 19:56:16.257  2029  2175 D GStreamer+bin: 0:05:00.645844313 0xf3d9e340 gstbin.c:882:find_message:<glimagesinkbin2> no message found matching types 00100000
05-09 19:56:16.258  2029  2192 D GStreamer+query: 0:05:00.645866657 0xf3ac6890 gstquery.c:674:gst_query_new_custom creating new query 0xf3ac6b20 accept-caps
05-09 19:56:16.258  2029  2175 D GStreamer+bin: 0:05:00.645911240 0xf3d9e340 gstbin.c:889:find_message:<glimagesinkbin2>   async-start
05-09 19:56:16.258  2029  2192 D GStreamer+GST_PADS: 0:05:00.645932438 0xf3ac6890 gstpad.c:3882:gst_pad_query:<queue7:sink> doing query 0xf3ac6b20 (accept-caps)
05-09 19:56:16.258  2029  2175 D GStreamer+bin: 0:05:00.645981969 0xf3d9e340 gstbin.c:2411:gst_bin_element_set_state:<glimagesinkbin2> setting element glcolorbalance2 to NULL, base_time 0:00:00.000000000
05-09 19:56:16.258  2029  2175 D GStreamer+GST_STATES: 0:05:00.646030615 0xf3d9e340 gstelement.c:2523:gst_element_set_state_func:<glcolorbalance2> set_state to NULL
05-09 19:56:16.258  2029  2175 D GStreamer+GST_STATES: 0:05:00.646078479 0xf3d9e340 gstelement.c:2548:gst_element_set_state_func:<glcolorbalance2> setting target state to NULL
05-09 19:56:16.258  2029  2175 D GStreamer+GST_STATES: 0:05:00.646116084 0xf3d9e340 gstelement.c:2561:gst_element_set_state_func:<glcolorbalance2> current READY, old_pending VOID_PENDING, next VOID_PENDING, old return SUCCESS
05-09 19:56:16.258  2029  2192 D GStreamer+GST_PADS: 0:05:00.646132854 0xf3ac6890 gstpad.c:3035:gst_pad_query_accept_caps_default:<queue7:sink> query accept-caps accept-caps query: 0xf3ac6b20, GstQueryAcceptCaps, caps=(GstCaps)"audio/x-raw\,\ format\=\(string\)S16LE\,\ layout\=\(string\)interleaved\,\ rate\=\(int\)24000\,\ channels\=\(int\)1", result=(boolean)false;
05-09 19:56:16.258  2029  2175 D GStreamer+GST_STATES: 0:05:00.646174834 0xf3d9e340 gstelement.c:2595:gst_element_set_state_func:<glcolorbalance2> final: setting state from READY to NULL
05-09 19:56:16.258  2029  2192 D GStreamer+GST_PADS: 0:05:00.646190563 0xf3ac6890 gstutils.c:2530:gst_pad_proxy_query_accept_caps:<queue7:sink> proxying accept caps query for queue7:sink
05-09 19:56:16.258  2029  2175 D GStreamer+glbasefilter: 0:05:00.646216813 0xf3d9e340 gstglbasefilter.c:467:gst_gl_base_filter_change_state:<glcolorbalance2> changing state: READY => NULL
05-09 19:56:16.258  2029  2192 D GStreamer+GST_PADS: 0:05:00.646251969 0xf3ac6890 gstpad.c:2803:gst_pad_iterate_internal_links_default:<queue7:sink> Making iterator
05-09 19:56:16.258  2029  2175 D GStreamer+GST_ELEMENT_PADS: 0:05:00.646279104 0xf3d9e340 gstelement.c:2793:gst_element_pads_activate:<glcolorbalance2> deactivate pads
05-09 19:56:16.258  2029  2192 D GStreamer+GST_PADS: 0:05:00.646296032 0xf3ac6890 gstpad.c:4009:gst_pad_peer_query:<queue7:src> peer query 0xf3ac6b20 (accept-caps)
05-09 19:56:16.258  2029  2175 D GStreamer+GST_PADS: 0:05:00.646323375 0xf3d9e340 gstpad.c:1067:gst_pad_set_active:<glcolorbalance2:src> pad was inactive
05-09 19:56:16.258  2029  2192 D GStreamer+GST_PADS: 0:05:00.646353323 0xf3ac6890 gstpad.c:3882:gst_pad_query:<autoaudiosink0:sink> doing query 0xf3ac6b20 (accept-caps)
05-09 19:56:16.258  2029  2175 D GStreamer+GST_PADS: 0:05:00.646386657 0xf3d9e340 gstpad.c:1067:gst_pad_set_active:<glcolorbalance2:sink> pad was inactive
05-09 19:56:16.258  2029  2175 D GStreamer+GST_ELEMENT_PADS: 0:05:00.646436813 0xf3d9e340 gstelement.c:2812:gst_element_pads_activate:<glcolorbalance2> pad deactivation successful
05-09 19:56:16.258  2029  2192 D GStreamer+GST_PADS: 0:05:00.646447594 0xf3ac6890 gstpad.c:3035:gst_pad_query_accept_caps_default:<autoaudiosink0:sink> query accept-caps accept-caps query: 0xf3ac6b20, GstQueryAcceptCaps, caps=(GstCaps)"audio/x-raw\,\ format\=\(string\)S16LE\,\ layout\=\(string\)interleaved\,\ rate\=\(int\)24000\,\ channels\=\(int\)1", result=(boolean)false;
05-09 19:56:16.258  2029  2175 D GStreamer+GST_STATES: 0:05:00.646471709 0xf3d9e340 gstelement.c:2684:gst_element_change_state:<glcolorbalance2> element changed state SUCCESS
05-09 19:56:16.258  2029  2192 D GStreamer+GST_PADS: 0:05:00.646491761 0xf3ac6890 gstutils.c:2530:gst_pad_proxy_query_accept_caps:<autoaudiosink0:sink> proxying accept caps query for autoaudiosink0:sink
05-09 19:56:16.258  2029  2175 I GStreamer+GST_STATES: 0:05:00.646533948 0xf3d9e340 gstelement.c:2372:gst_element_continue_state:<glcolorbalance2> completed state change to NULL
05-09 19:56:16.258  2029  2192 D GStreamer+GST_PADS: 0:05:00.646560094 0xf3ac6890 gstpad.c:4009:gst_pad_peer_query:<sink:proxypad9> peer query 0xf3ac6b20 (accept-caps)
05-09 19:56:16.258  2029  2175 I GStreamer+GST_STATES: 0:05:00.646577177 0xf3d9e340 gstelement.c:2277:_priv_gst_element_state_changed:<glcolorbalance2> notifying about state-changed READY to NULL (VOID_PENDING pending)
05-09 19:56:16.258  2029  2192 D GStreamer+GST_PADS: 0:05:00.646602750 0xf3ac6890 gstpad.c:3882:gst_pad_query:<fake-audio-sink:sink> doing query 0xf3ac6b20 (accept-caps)
05-09 19:56:16.258  2029  2175 D GStreamer+GST_BUS: 0:05:00.646690354 0xf3d9e340 gstbus.c:309:gst_bus_post:<bus9> [msg 0xf37f5970] posting on bus state-changed message: 0xf37f5970, time 99:99:99.999999999, seq-num 1734, element 'glcolorbalance2', GstMessageStateChanged, old-state=(GstState)GST_STATE_READY, new-state=(GstState)GST_STATE_NULL, pending-state=(GstState)GST_STATE_VOID_PENDING;
05-09 19:56:16.258  2029  2192 D GStreamer+basesink: 0:05:00.646706032 0xf3ac6890 gstbasesink.c:4978:gst_base_sink_default_query:<fake-audio-sink> Checking if requested caps audio/x-raw, format=(string)S16LE, layout=(string)interleaved, rate=(int)24000, channels=(int)1 are a subset of pad caps ANY result 1
05-09 19:56:16.258  2029  2175 D GStreamer+bin: 0:05:00.646756552 0xf3d9e340 gstbin.c:3528:gst_bin_handle_message_func:<glimagesinkbin2> [msg 0xf37f5970] handling child glcolorbalance2 message of type state-changed
05-09 19:56:16.258  2029  2192 D GStreamer+GST_PADS: 0:05:00.646776188 0xf3ac6890 gstpad.c:3905:gst_pad_query:<fake-audio-sink:sink> sent query 0xf3ac6b20 (accept-caps), result 1
05-09 19:56:16.258  2029  2175 D GStreamer+bin: 0:05:00.646794729 0xf3d9e340 gstbin.c:3865:gst_bin_handle_message_func:<glimagesinkbin2> posting message upward
05-09 19:56:16.258  2029  2192 D GStreamer+GST_PADS: 0:05:00.646823896 0xf3ac6890 gstutils.c:2541:gst_pad_proxy_query_accept_caps:<autoaudiosink0:sink> proxying accept caps query: 1
05-09 19:56:16.259  2029  2175 D GStreamer+GST_BUS: 0:05:00.646915407 0xf3d9e340 gstbus.c:309:gst_bus_post:<bus12> [msg 0xf37f5970] posting on bus state-changed message: 0xf37f5970, time 99:99:99.999999999, seq-num 1734, element 'glcolorbalance2', GstMessageStateChanged, old-state=(GstState)GST_STATE_READY, new-state=(GstState)GST_STATE_NULL, pending-state=(GstState)GST_STATE_VOID_PENDING;
05-09 19:56:16.259  2029  2192 D GStreamer+GST_PADS: 0:05:00.646930823 0xf3ac6890 gstpad.c:3065:gst_pad_query_accept_caps_default:<autoaudiosink0:sink> allowed caps subset ANY, caps audio/x-raw, format=(string)S16LE, layout=(string)interleaved, rate=(int)24000, channels=(int)1
05-09 19:56:16.259  2029  2175 D GStreamer+bin: 0:05:00.646956188 0xf3d9e340 gstbin.c:3528:gst_bin_handle_message_func:<pipeline2> [msg 0xf37f5970] handling child glcolorbalance2 message of type state-changed
05-09 19:56:16.259  2029  2192 D GStreamer+GST_PADS: 0:05:00.646996500 0xf3ac6890 gstpad.c:3339:gst_pad_query_default:<autoaudiosink0:sink> not forwarding 0xf3ac6b20 (accept-caps) query
05-09 19:56:16.259  2029  2175 D GStreamer+bin: 0:05:00.647010302 0xf3d9e340 gstbin.c:3865:gst_bin_handle_message_func:<pipeline2> posting message upward
05-09 19:56:16.259  2029  2192 D GStreamer+GST_PADS: 0:05:00.647038323 0xf3ac6890 gstpad.c:3905:gst_pad_query:<autoaudiosink0:sink> sent query 0xf3ac6b20 (accept-caps), result 1
05-09 19:56:16.259  2029  2175 D GStreamer+GST_BUS: 0:05:00.647105771 0xf3d9e340 gstbus.c:309:gst_bus_post:<bus13> [msg 0xf37f5970] posting on bus state-changed message: 0xf37f5970, time 99:99:99.999999999, seq-num 1734, element 'glcolorbalance2', GstMessageStateChanged, old-state=(GstState)GST_STATE_READY, new-state=(GstState)GST_STATE_NULL, pending-state=(GstState)GST_STATE_VOID_PENDING;
05-09 19:56:16.259  2029  2192 D GStreamer+GST_PADS: 0:05:00.647120094 0xf3ac6890 gstutils.c:2541:gst_pad_proxy_query_accept_caps:<queue7:sink> proxying accept caps query: 1
05-09 19:56:16.259  2029  2175 D GStreamer+GST_BUS: 0:05:00.647147125 0xf3d9e340 gstbus.c:348:gst_bus_post:<bus13> [msg 0xf37f5970] pushing on async queue
05-09 19:56:16.259  2029  2192 D GStreamer+GST_PADS: 0:05:00.647192490 0xf3ac6890 gstpad.c:3065:gst_pad_query_accept_caps_default:<queue7:sink> allowed caps subset ANY, caps audio/x-raw, format=(string)S16LE, layout=(string)interleaved, rate=(int)24000, channels=(int)1
05-09 19:56:16.259  2029  2175 D GStreamer+GST_BUS: 0:05:00.647220719 0xf3d9e340 gstbus.c:351:gst_bus_post:<bus13> [msg 0xf37f5970] pushed on async queue
05-09 19:56:16.259  2029  2192 D GStreamer+GST_PADS: 0:05:00.647247542 0xf3ac6890 gstpad.c:3339:gst_pad_query_default:<queue7:sink> not forwarding 0xf3ac6b20 (accept-caps) query
05-09 19:56:16.259  2029  2175 D GStreamer+GST_BUS: 0:05:00.647263271 0xf3d9e340 gstbus.c:344:gst_bus_post:<bus12> [msg 0xf37f5970] dropped
05-09 19:56:16.259  2029  2192 D GStreamer+GST_PADS: 0:05:00.647293271 0xf3ac6890 gstpad.c:3905:gst_pad_query:<queue7:sink> sent query 0xf3ac6b20 (accept-caps), result 1
05-09 19:56:16.259  2029  2175 D GStreamer+GST_BUS: 0:05:00.647321136 0xf3d9e340 gstbus.c:344:gst_bus_post:<bus9> [msg 0xf37f5970] dropped
05-09 19:56:16.259  2029  2192 D GStreamer+default: 0:05:00.647346396 0xf3ac6890 gstutils.c:2926:gst_pad_query_accept_caps:<queue7:sink> query returned 1
05-09 19:56:16.259  2029  2175 D GStreamer+GST_STATES: 0:05:00.647364677 0xf3d9e340 gstelement.c:2607:gst_element_set_state_func:<glcolorbalance2> returned SUCCESS
05-09 19:56:16.259  2029  2175 I GStreamer+GST_STATES: 0:05:00.647414886 0xf3d9e340 gstbin.c:2764:gst_bin_change_state_func:<glimagesinkbin2> child 'glcolorbalance2' changed state to 1(NULL) successfully
05-09 19:56:16.259  2029  2192 D GStreamer+GST_PADS: 0:05:00.647433167 0xf3ac6890 gstpad.c:5569:gst_pad_send_event_unchecked:<queue7:sink> sent event, ret ok
05-09 19:56:16.259  2029  2183 D GStreamer+queue_dataflow: 0:05:00.647441396 0xf37ece30 gstqueue.c:1476:gst_queue_loop:<queue7> queue is not empty
05-09 19:56:16.259  2029  2183 D GStreamer+GST_PADS: 0:05:00.647496761 0xf37ece30 gstpad.c:5053:store_sticky_event:<queue7:src> notify caps
05-09 19:56:16.259  2029  2175 D GStreamer+bin: 0:05:00.647502854 0xf3d9e340 gstbin.c:2182:gst_bin_sort_iterator_next:<glimagesinkbin2> queue head gives glcolorconvertelement2
05-09 19:56:16.259  2029  2175 D GStreamer+bin: 0:05:00.647562907 0xf3d9e340 gstbin.c:882:find_message:<glimagesinkbin2> no message found matching types 00001000
05-09 19:56:16.259  2029  2183 D GStreamer+GST_PADS: 0:05:00.647577334 0xf37ece30 gstpad.c:3813:check_sticky:<queue7:src> pushing all sticky events
05-09 19:56:16.259  2029  2175 D GStreamer+bin: 0:05:00.647598792 0xf3d9e340 gstbin.c:889:find_message:<glimagesinkbin2>   structure-change
05-09 19:56:16.259  2029  2183 D GStreamer+GST_EVENT: 0:05:00.647672854 0xf37ece30 gstpad.c:5496:gst_pad_send_event_unchecked:<autoaudiosink0:sink> have event type stream-start event: 0xf3abb9d0, time 99:99:99.999999999, seq-num 1583, GstEventStreamStart, stream-id=(string)71ab440d261a1bb43c19b397eec2373651540427aed1e7b0deb4be62a10a7f25/002, flags=(GstStreamFlags)GST_STREAM_FLAG_NONE, group-id=(uint)2;
05-09 19:56:16.259  2029  2175 D GStreamer+bin: 0:05:00.647687750 0xf3d9e340 gstbin.c:2098:update_degree:<glimagesinkbin2> change element gluploadelement2, degree 1->0, linked to glcolorconvertelement2
05-09 19:56:16.259  2029  2183 I GStreamer+GST_EVENT: 0:05:00.647712229 0xf37ece30 gstpad.c:5601:gst_pad_send_event_unchecked:<autoaudiosink0:sink> Received event on flushing pad. Discarding
05-09 19:56:16.259  2029  2175 D GStreamer+bin: 0:05:00.647734573 0xf3d9e340 gstbin.c:1981:add_to_queue:<glimagesinkbin2> adding 'gluploadelement2' to queue
05-09 19:56:16.259  2029  2183 D GStreamer+GST_PADS: 0:05:00.647758948 0xf37ece30 gstpad.c:3792:push_sticky:<queue7:src> result flushing, mark pending events
05-09 19:56:16.259  2029  2183 D GStreamer+queue_dataflow: 0:05:00.647799990 0xf37ece30 gstqueue.c:1464:gst_queue_loop:<queue7> queue is empty
05-09 19:56:16.259  2029  2175 I GStreamer+GST_STATES: 0:05:00.647814938 0xf3d9e340 gstbin.c:2316:gst_bin_element_set_state:<glcolorconvertelement2> current READY pending VOID_PENDING, desired next NULL
05-09 19:56:16.259  2029  2192 D GStreamer+GST_PADS: 0:05:00.647518948 0xf3ac6890 gstpad.c:5053:store_sticky_event:<queue7:sink> notify caps
05-09 19:56:16.260  2029  2175 D GStreamer+bin: 0:05:00.647850354 0xf3d9e340 gstbin.c:882:find_message:<glimagesinkbin2> no message found matching types 00100000
05-09 19:56:16.260  2029  2192 D GStreamer+GST_PADS: 0:05:00.647875719 0xf3ac6890 gstpad.c:3765:push_sticky:<decodebin3:src_0> event caps marked received
05-09 19:56:16.260  2029  2175 D GStreamer+bin: 0:05:00.647912334 0xf3d9e340 gstbin.c:889:find_message:<glimagesinkbin2>   async-start
05-09 19:56:16.260  2029  2192 D GStreamer+GST_PADS: 0:05:00.647922646 0xf3ac6890 gstpad.c:5569:gst_pad_send_event_unchecked:<src_0:proxypad11> sent event, ret ok
05-09 19:56:16.260  2029  2175 D GStreamer+bin: 0:05:00.647954313 0xf3d9e340 gstbin.c:2411:gst_bin_element_set_state:<glimagesinkbin2> setting element glcolorconvertelement2 to NULL, base_time 0:00:00.000000000
05-09 19:56:16.260  2029  2192 D GStreamer+GST_PADS: 0:05:00.647971032 0xf3ac6890 gstpad.c:5053:store_sticky_event:<src_0:proxypad11> notify caps
05-09 19:56:16.260  2029  2175 D GStreamer+GST_STATES: 0:05:00.648005198 0xf3d9e340 gstelement.c:2523:gst_element_set_state_func:<glcolorconvertelement2> set_state to NULL
05-09 19:56:16.260  2029  2192 D GStreamer+GST_PADS: 0:05:00.648021709 0xf3ac6890 gstpad.c:3765:push_sticky:<amcaudiodec-omxgooglemp3decoder0:src> event caps marked received
