05-09 19:56:16.067  2029  2029 D GStreamer+GST_STATES: 0:05:00.455803167 0xf35ef400 gstelement.c:2523:gst_element_set_state_func:<filesrc2> set_state to PAUSED
05-09 19:56:16.067  2029  2187 D GStreamer+basesrc: 0:05:00.455824417 0xf37ecf50 gstbasesrc.c:2520:gst_base_src_get_range:<filesrc2> buffer ok
05-09 19:56:16.067  2029  2029 D GStreamer+GST_STATES: 0:05:00.455840667 0xf35ef400 gstelement.c:2548:gst_element_set_state_func:<filesrc2> setting target state to PAUSED
05-09 19:56:16.068  2029  2187 D GStreamer+qtdemux: 0:05:00.455863115 0xf37ecf50 qtdemux.c:2530:extract_initial_length_and_fourcc length 0x00000020
05-09 19:56:16.068  2029  2029 D GStreamer+GST_STATES: 0:05:00.455889417 0xf35ef400 gstelement.c:2561:gst_element_set_state_func:<filesrc2> current READY, old_pending VOID_PENDING, next VOID_PENDING, old return SUCCESS
05-09 19:56:16.068  2029  2187 D GStreamer+qtdemux: 0:05:00.455923740 0xf37ecf50 qtdemux.c:2532:extract_initial_length_and_fourcc atom type ftyp
05-09 19:56:16.068  2029  2029 D GStreamer+GST_STATES: 0:05:00.455938792 0xf35ef400 gstelement.c:2595:gst_element_set_state_func:<filesrc2> final: setting state from READY to PAUSED
05-09 19:56:16.068  2029  2187 D GStreamer+GST_MEMORY: 0:05:00.455957490 0xf37ecf50 gstmemory.c:87:_gst_memory_free free memory 0xf3d7a750
05-09 19:56:16.068  2029  2029 D GStreamer+GST_ELEMENT_PADS: 0:05:00.455978323 0xf35ef400 gstelement.c:2793:gst_element_pads_activate:<filesrc2> activate pads
05-09 19:56:16.068  2029  2187 D GStreamer+basesrc: 0:05:00.456011605 0xf37ecf50 gstbasesrc.c:2355:gst_base_src_update_length:<filesrc2> reading offset 0, length 32, size 15003960, segment.stop -1, maxsize 15003960
05-09 19:56:16.068  2029  2029 D GStreamer+GST_PADS: 0:05:00.456025511 0xf35ef400 gstpad.c:1062:gst_pad_set_active:<filesrc2:src> pad was active in pull mode
05-09 19:56:16.068  2029  2187 D GStreamer+basesrc: 0:05:00.456054209 0xf37ecf50 gstbasesrc.c:2456:gst_base_src_get_range:<filesrc2> calling create offset 0 length 32, time 0
05-09 19:56:16.068  2029  2029 D GStreamer+GST_ELEMENT_PADS: 0:05:00.456068427 0xf35ef400 gstelement.c:2812:gst_element_pads_activate:<filesrc2> pad activation successful
05-09 19:56:16.068  2029  2187 D GStreamer+GST_MEMORY: 0:05:00.456099469 0xf37ecf50 gstmemory.c:138:gst_memory_init new memory 0xf3a6e1e0, maxsize:35 offset:0 size:32
05-09 19:56:16.068  2029  2029 D GStreamer+GST_STATES: 0:05:00.456114521 0xf35ef400 gstelement.c:2684:gst_element_change_state:<filesrc2> element changed state SUCCESS
05-09 19:56:16.068  2029  2187 D GStreamer+basesrc: 0:05:00.456138688 0xf37ecf50 gstbasesrc.c:2501:gst_base_src_get_range:<filesrc2> setting first timestamp to 0
05-09 19:56:16.068  2029  2029 I GStreamer+GST_STATES: 0:05:00.456154677 0xf35ef400 gstelement.c:2372:gst_element_continue_state:<filesrc2> completed state change to PAUSED
05-09 19:56:16.068  2029  2029 I GStreamer+GST_STATES: 0:05:00.456196500 0xf35ef400 gstelement.c:2277:_priv_gst_element_state_changed:<filesrc2> notifying about state-changed READY to PAUSED (VOID_PENDING pending)
05-09 19:56:16.068  2029  2187 D GStreamer+basesrc: 0:05:00.456212386 0xf37ecf50 gstbasesrc.c:2310:gst_base_src_do_sync:<filesrc2> we have no clock
05-09 19:56:16.068  2029  2187 D GStreamer+basesrc: 0:05:00.456246917 0xf37ecf50 gstbasesrc.c:2520:gst_base_src_get_range:<filesrc2> buffer ok
05-09 19:56:16.068  2029  2029 D GStreamer+GST_BUS: 0:05:00.456296032 0xf35ef400 gstbus.c:309:gst_bus_post:<bus12> [msg 0xf3ad4560] posting on bus state-changed message: 0xf3ad4560, time 99:99:99.999999999, seq-num 1577, element 'filesrc2', GstMessageStateChanged, old-state=(GstState)GST_STATE_READY, new-state=(GstState)GST_STATE_PAUSED, pending-state=(GstState)GST_STATE_VOID_PENDING;
05-09 19:56:16.068  2029  2187 D GStreamer+qtdemux: 0:05:00.456312177 0xf37ecf50 qtdemux.c:2414:qtdemux_parse_ftyp:<q> major brand: mp42
05-09 19:56:16.068  2029  2029 D GStreamer+bin: 0:05:00.456341188 0xf35ef400 gstbin.c:3528:gst_bin_handle_message_func:<pipeline2> [msg 0xf3ad4560] handling child filesrc2 message of type state-changed
05-09 19:56:16.068  2029  2187 D GStreamer+GST_MEMORY: 0:05:00.456357594 0xf37ecf50 gstmemory.c:138:gst_memory_init new memory 0xf3d7a6e8, maxsize:19 offset:0 size:16
05-09 19:56:16.068  2029  2187 D GStreamer+GST_MEMORY: 0:05:00.456390719 0xf37ecf50 gstmemory.c:87:_gst_memory_free free memory 0xf3a6e1e0
05-09 19:56:16.068  2029  2029 D GStreamer+bin: 0:05:00.456395719 0xf35ef400 gstbin.c:3865:gst_bin_handle_message_func:<pipeline2> posting message upward
05-09 19:56:16.068  2029  2187 D GStreamer+basesrc: 0:05:00.456442282 0xf37ecf50 gstbasesrc.c:2355:gst_base_src_update_length:<filesrc2> reading offset 32, length 16, size 15003960, segment.stop -1, maxsize 15003960
05-09 19:56:16.068  2029  2029 D GStreamer+GST_BUS: 0:05:00.456464261 0xf35ef400 gstbus.c:309:gst_bus_post:<bus13> [msg 0xf3ad4560] posting on bus state-changed message: 0xf3ad4560, time 99:99:99.999999999, seq-num 1577, element 'filesrc2', GstMessageStateChanged, old-state=(GstState)GST_STATE_READY, new-state=(GstState)GST_STATE_PAUSED, pending-state=(GstState)GST_STATE_VOID_PENDING;
05-09 19:56:16.068  2029  2187 D GStreamer+basesrc: 0:05:00.456486969 0xf37ecf50 gstbasesrc.c:2456:gst_base_src_get_range:<filesrc2> calling create offset 32 length 16, time 0
05-09 19:56:16.068  2029  2029 D GStreamer+GST_BUS: 0:05:00.456508948 0xf35ef400 gstbus.c:348:gst_bus_post:<bus13> [msg 0xf3ad4560] pushing on async queue
05-09 19:56:16.068  2029  2187 D GStreamer+GST_MEMORY: 0:05:00.456534313 0xf37ecf50 gstmemory.c:138:gst_memory_init new memory 0xf3d7a680, maxsize:19 offset:0 size:16
05-09 19:56:16.068  2029  2029 D GStreamer+GST_BUS: 0:05:00.456557282 0xf35ef400 gstbus.c:351:gst_bus_post:<bus13> [msg 0xf3ad4560] pushed on async queue
05-09 19:56:16.068  2029  2187 D GStreamer+basesrc: 0:05:00.456574677 0xf37ecf50 gstbasesrc.c:2310:gst_base_src_do_sync:<filesrc2> we have no clock
05-09 19:56:16.068  2029  2029 D GStreamer+GST_BUS: 0:05:00.456608063 0xf35ef400 gstbus.c:344:gst_bus_post:<bus12> [msg 0xf3ad4560] dropped
05-09 19:56:16.068  2029  2175 D GStreamer+GST_BUS: 0:05:00.456626396 0xf3d9e340 gstbus.c:521:gst_bus_timed_pop_filtered:<bus13> got message 0xf3ad4560, state-changed from filesrc2, type mask is 4294967295
05-09 19:56:16.068  2029  2187 D GStreamer+basesrc: 0:05:00.456643219 0xf37ecf50 gstbasesrc.c:2520:gst_base_src_get_range:<filesrc2> buffer ok
05-09 19:56:16.068  2029  2029 D GStreamer+GST_STATES: 0:05:00.456659209 0xf35ef400 gstelement.c:2607:gst_element_set_state_func:<filesrc2> returned SUCCESS
05-09 19:56:16.068  2029  2187 D GStreamer+qtdemux: 0:05:00.456680407 0xf37ecf50 qtdemux.c:2530:extract_initial_length_and_fourcc length 0x00000008
05-09 19:56:16.068  2029  2029 I GStreamer+GST_STATES: 0:05:00.456709938 0xf35ef400 gstbin.c:2764:gst_bin_change_state_func:<pipeline2> child 'filesrc2' changed state to 3(PAUSED) successfully
05-09 19:56:16.068  2029  2187 D GStreamer+qtdemux: 0:05:00.456721188 0xf37ecf50 qtdemux.c:2532:extract_initial_length_and_fourcc atom type free
05-09 19:56:16.068  2029  2175 D GStreamer+GST_BUS: 0:05:00.456737021 0xf3d9e340 gstbus.c:789:gst_bus_source_dispatch:<bus13> source 0xf39ad330 calling dispatch with state-changed message: 0xf3ad4560, time 99:99:99.999999999, seq-num 1577, element 'filesrc2', GstMessageStateChanged, old-state=(GstState)GST_STATE_READY, new-state=(GstState)GST_STATE_PAUSED, pending-state=(GstState)GST_STATE_VOID_PENDING;
05-09 19:56:16.068  2029  2029 D GStreamer+bin: 0:05:00.456751240 0xf35ef400 gstbin.c:2171:gst_bin_sort_iterator_next:<pipeline2> queue empty, elements exhausted
05-09 19:56:16.068  2029  2187 D GStreamer+GST_MEMORY: 0:05:00.456766969 0xf37ecf50 gstmemory.c:87:_gst_memory_free free memory 0xf3d7a680
05-09 19:56:16.068  2029  2175 D GStreamer+GST_BUS: 0:05:00.456802802 0xf3d9e340 gstbus.c:794:gst_bus_source_dispatch:<bus13> source 0xf39ad330 handler returns 1
05-09 19:56:16.068  2029  2029 D GStreamer+GST_STATES: 0:05:00.456817490 0xf35ef400 gstbin.c:2823:gst_bin_change_state_func:<pipeline2> iterator done
05-09 19:56:16.068  2029  2187 D GStreamer+basesrc: 0:05:00.456837073 0xf37ecf50 gstbasesrc.c:2355:gst_base_src_update_length:<filesrc2> reading offset 40, length 16, size 15003960, segment.stop -1, maxsize 15003960
05-09 19:56:16.069  2029  2029 D GStreamer+GST_ELEMENT_PADS: 0:05:00.456859521 0xf35ef400 gstelement.c:2793:gst_element_pads_activate:<pipeline2> activate pads
05-09 19:56:16.069  2029  2187 D GStreamer+basesrc: 0:05:00.456892125 0xf37ecf50 gstbasesrc.c:2456:gst_base_src_get_range:<filesrc2> calling create offset 40 length 16, time 0
05-09 19:56:16.069  2029  2187 D GStreamer+GST_MEMORY: 0:05:00.456937438 0xf37ecf50 gstmemory.c:138:gst_memory_init new memory 0xf3d7a5b0, maxsize:19 offset:0 size:16
05-09 19:56:16.069  2029  2029 D GStreamer+GST_ELEMENT_PADS: 0:05:00.456952177 0xf35ef400 gstelement.c:2812:gst_element_pads_activate:<pipeline2> pad activation successful
05-09 19:56:16.069  2029  2187 D GStreamer+basesrc: 0:05:00.456972907 0xf37ecf50 gstbasesrc.c:2310:gst_base_src_do_sync:<filesrc2> we have no clock
05-09 19:56:16.069  2029  2029 D GStreamer+GST_STATES: 0:05:00.456992021 0xf35ef400 gstbin.c:2841:gst_bin_change_state_func:<pipeline2> we have ASYNC elements SUCCESS -> ASYNC
05-09 19:56:16.069  2029  2187 D GStreamer+basesrc: 0:05:00.457009677 0xf37ecf50 gstbasesrc.c:2520:gst_base_src_get_range:<filesrc2> buffer ok
05-09 19:56:16.069  2029  2029 D GStreamer+bin: 0:05:00.457028427 0xf35ef400 gstbin.c:2213:gst_bin_sort_iterator_free:<pipeline2> free
05-09 19:56:16.069  2029  2187 D GStreamer+qtdemux: 0:05:00.457046136 0xf37ecf50 qtdemux.c:2530:extract_initial_length_and_fourcc length 0x00e4c804
05-09 19:56:16.069  2029  2029 D GStreamer+bin: 0:05:00.457068323 0xf35ef400 gstbin.c:2869:gst_bin_change_state_func:<pipeline2> check async elements
05-09 19:56:16.069  2029  2187 D GStreamer+qtdemux: 0:05:00.457090980 0xf37ecf50 qtdemux.c:2532:extract_initial_length_and_fourcc atom type mdat
05-09 19:56:16.069  2029  2029 D GStreamer+bin: 0:05:00.457118740 0xf35ef400 gstbin.c:880:find_message:<pipeline2> we found a message 0xf3d329c0 from forhwgl matching types 00100000
05-09 19:56:16.069  2029  2187 D GStreamer+GST_MEMORY: 0:05:00.457134365 0xf37ecf50 gstmemory.c:87:_gst_memory_free free memory 0xf3d7a5b0
05-09 19:56:16.069  2029  2029 D GStreamer+GST_STATES: 0:05:00.457161084 0xf35ef400 gstbin.c:2892:gst_bin_change_state_func:<pipeline2> done changing bin's state from READY to PAUSED, now in READY, ret ASYNC
05-09 19:56:16.069  2029  2187 D GStreamer+basesrc: 0:05:00.457192646 0xf37ecf50 gstbasesrc.c:2355:gst_base_src_update_length:<filesrc2> reading offset 14993452, length 16, size 15003960, segment.stop -1, maxsize 15003960
05-09 19:56:16.069  2029  2029 D GStreamer+GST_STATES: 0:05:00.457208271 0xf35ef400 gstelement.c:2666:gst_element_change_state:<pipeline2> element will change state ASYNC
05-09 19:56:16.069  2029  2187 D GStreamer+basesrc: 0:05:00.457233115 0xf37ecf50 gstbasesrc.c:2456:gst_base_src_get_range:<filesrc2> calling create offset 14993452 length 16, time 0
05-09 19:56:16.069  2029  2029 D GStreamer+GST_STATES: 0:05:00.457244990 0xf35ef400 gstelement.c:2607:gst_element_set_state_func:<pipeline2> returned ASYNC
05-09 19:56:16.069  2029  2187 D GStreamer+GST_MEMORY: 0:05:00.457271709 0xf37ecf50 gstmemory.c:138:gst_memory_init new memory 0xf3d7a5b0, maxsize:19 offset:0 size:16
05-09 19:56:16.069  2029  2187 D GStreamer+basesrc: 0:05:00.457345355 0xf37ecf50 gstbasesrc.c:2310:gst_base_src_do_sync:<filesrc2> we have no clock
05-09 19:56:16.069  2029  2187 D GStreamer+basesrc: 0:05:00.457378688 0xf37ecf50 gstbasesrc.c:2520:gst_base_src_get_range:<filesrc2> buffer ok
05-09 19:56:16.069  2029  2187 D GStreamer+qtdemux: 0:05:00.457411917 0xf37ecf50 qtdemux.c:2530:extract_initial_length_and_fourcc length 0x00002631
05-09 19:56:16.069  2029  2187 D GStreamer+qtdemux: 0:05:00.457536344 0xf37ecf50 qtdemux.c:2532:extract_initial_length_and_fourcc atom type moov
05-09 19:56:16.069  2029  2187 D GStreamer+GST_MEMORY: 0:05:00.457576969 0xf37ecf50 gstmemory.c:87:_gst_memory_free free memory 0xf3d7a5b0
05-09 19:56:16.069  2029  2187 D GStreamer+basesrc: 0:05:00.457627230 0xf37ecf50 gstbasesrc.c:2355:gst_base_src_update_length:<filesrc2> reading offset 14993452, length 9777, size 15003960, segment.stop -1, maxsize 15003960
05-09 19:56:16.069  2029  2187 D GStreamer+basesrc: 0:05:00.457668063 0xf37ecf50 gstbasesrc.c:2456:gst_base_src_get_range:<filesrc2> calling create offset 14993452 length 9777, time 0
05-09 19:56:16.069  2029  2187 D GStreamer+GST_MEMORY: 0:05:00.457706032 0xf37ecf50 gstmemory.c:138:gst_memory_init new memory 0xf3af2418, maxsize:9780 offset:0 size:9777
05-09 19:56:16.069  2029  2187 D GStreamer+basesrc: 0:05:00.457809834 0xf37ecf50 gstbasesrc.c:2310:gst_base_src_do_sync:<filesrc2> we have no clock
05-09 19:56:16.069  2029  2187 D GStreamer+basesrc: 0:05:00.457843115 0xf37ecf50 gstbasesrc.c:2520:gst_base_src_get_range:<filesrc2> buffer ok
05-09 19:56:16.070  2029  2187 D GStreamer+qtdemux: 0:05:00.457894886 0xf37ecf50 qtdemux.c:6405:qtdemux_parse_moov:<q> parsing 'moov' atom
05-09 19:56:16.070  2029  2187 D GStreamer+qtdemux: 0:05:00.457938011 0xf37ecf50 qtdemux.c:6600:qtdemux_parse_node:<q> parsing stsd (sample table, sample description) atom
05-09 19:56:16.071  2029  2187 D GStreamer+qtdemux: 0:05:00.459139938 0xf37ecf50 qtdemux.c:6600:qtdemux_parse_node:<q> parsing stsd (sample table, sample description) atom
05-09 19:56:16.071  2029  2187 D GStreamer+qtdemux: 0:05:00.459192073 0xf37ecf50 qtdemux.c:6636:qtdemux_parse_node:<q> mp4a version 0x00000000
05-09 19:56:16.071  2029  2187 I GStreamer+qtdemux: 0:05:00.459256240 0xf37ecf50 qtdemux.c:11935:qtdemux_parse_tree:<q> timescale: 1000
05-09 19:56:16.071  2029  2187 I GStreamer+qtdemux: 0:05:00.459292386 0xf37ecf50 qtdemux.c:11936:qtdemux_parse_tree:<q> duration: 7199
05-09 19:56:16.071  2029  2187 D GStreamer+qtdemux: 0:05:00.459325875 0xf37ecf50 qtdemux.c:8706:qtdemux_parse_trak:<q> parse_trak
05-09 19:56:16.071  2029  2187 W GStreamer+qtdemux: 0:05:00.459363636 0xf37ecf50 qtdemux.c:2638:qtdemux_parse_trex:<q> failed to find fragment defaults for stream 1
05-09 19:56:16.071  2029  2187 D GStreamer+qtdemux: 0:05:00.459398948 0xf37ecf50 qtdemux_lang.c:200:qtdemux_lang_map_qt_code_to_iso mapped quicktime language code 0 to ISO 639-2T code 'eng'
05-09 19:56:16.071  2029  2187 D GStreamer+qtdemux: 0:05:00.459432646 0xf37ecf50 qtdemux.c:8507:qtdemux_parse_transformation_matrix:<q> Transformation matrix from atom tkhd
05-09 19:56:16.071  2029  2187 D GStreamer+qtdemux: 0:05:00.459469938 0xf37ecf50 qtdemux.c:8510:qtdemux_parse_transformation_matrix:<q> 1.0 0.0 0.0
05-09 19:56:16.071  2029  2187 D GStreamer+qtdemux: 0:05:00.459505927 0xf37ecf50 qtdemux.c:8513:qtdemux_parse_transformation_matrix:<q> 0.0 1.0 0.0
05-09 19:56:16.071  2029  2187 D GStreamer+qtdemux: 0:05:00.459542907 0xf37ecf50 qtdemux.c:8516:qtdemux_parse_transformation_matrix:<q> 0.0 0.0 16384.0
05-09 19:56:16.071  2029  2187 D GStreamer+qtdemux: 0:05:00.459576396 0xf37ecf50 qtdemux.c:8554:qtdemux_inspect_transformation_matrix:<q> Transformation matrix rotation (null)
05-09 19:56:16.071  2029  2187 D GStreamer+qtdemux: 0:05:00.459678584 0xf37ecf50 qtdemux.c:9172:qtdemux_parse_trak:<q> found avcC codec_data in stsd
05-09 19:56:16.071  2029  2187 D GStreamer+GST_MEMORY: 0:05:00.459845146 0xf37ecf50 gstmemory.c:138:gst_memory_init new memory 0xf3ac9528, maxsize:29 offset:0 size:26
05-09 19:56:16.072  2029  2187 I GStreamer+qtdemux: 0:05:00.459953948 0xf37ecf50 qtdemux.c:9645:qtdemux_parse_trak:<q> type avc1 caps video/x-h264, stream-format=(string)avc, alignment=(string)au, level=(string)4, profile=(string)baseline, codec_data=(buffer)01428028ffe1000a27428028e54028016b2001000528de01ae20
05-09 19:56:16.072  2029  2187 D GStreamer+qtdemux: 0:05:00.459997594 0xf37ecf50 qtdemux.c:7502:qtdemux_stbl_init:<q> n_samples_per_chunk 1
05-09 19:56:16.072  2029  2187 D GStreamer+qtdemux: 0:05:00.460039157 0xf37ecf50 qtdemux.c:7547:qtdemux_stbl_init:<q> allocating n_samples 361 * 32 (0.01 MB)
05-09 19:56:16.072  2029  2187 D GStreamer+qtdemux: 0:05:00.460075667 0xf37ecf50 qtdemux.c:8085:qtdemux_parse_segments:<q> looking for edit list container
05-09 19:56:16.072  2029  2187 D GStreamer+qtdemux: 0:05:00.460105459 0xf37ecf50 qtdemux.c:8096:qtdemux_parse_segments:<q> looking for edit list
05-09 19:56:16.072  2029  2187 D GStreamer+qtdemux: 0:05:00.460179730 0xf37ecf50 qtdemux.c:8177:qtdemux_parse_segments:<q> created segment 0 time 0:00:00.000000000, duration 0:00:00.311000000, media_start 99:99:99.999999999 (4294967295) , media_stop 99:99:99.999999999 stop_time 0:00:00.311000000 rate 1, (65536) timescale 3000
05-09 19:56:16.072  2029  2187 D GStreamer+qtdemux: 0:05:00.460247490 0xf37ecf50 qtdemux.c:8177:qtdemux_parse_segments:<q> created segment 1 time 0:00:00.311000000, duration 0:00:07.199000000, media_start 0:00:00.000000000 (0) , media_stop 0:00:07.199000000 stop_time 0:00:07.510000000 rate 1, (65536) timescale 3000
05-09 19:56:16.072  2029  2187 W GStreamer+qtdemux: 0:05:00.460300198 0xf37ecf50 qtdemux.c:8183:qtdemux_parse_segments:<q> Segment 1  extends to 0:00:07.510000000 past the end of the file duration 0:00:07.199000000 it will be truncated
05-09 19:56:16.072  2029  2187 D GStreamer+qtdemux: 0:05:00.460336344 0xf37ecf50 qtdemux.c:8187:qtdemux_parse_segments:<q> found 2 segments
05-09 19:56:16.072  2029  2187 D GStreamer+qtdemux: 0:05:00.460401709 0xf37ecf50 qtdemux.c:8229:qtdemux_parse_segments:<q> using 2 segments
05-09 19:56:16.072  2029  2187 D GStreamer+qtdemux: 0:05:00.460448584 0xf37ecf50 qtdemux.c:10401:qtdemux_parse_trak:<q> n_streams is now 1
05-09 19:56:16.072  2029  2187 D GStreamer+qtdemux: 0:05:00.460479990 0xf37ecf50 qtdemux.c:8706:qtdemux_parse_trak:<q> parse_trak
05-09 19:56:16.072  2029  2187 W GStreamer+qtdemux: 0:05:00.460513844 0xf37ecf50 qtdemux.c:2638:qtdemux_parse_trex:<q> failed to find fragment defaults for stream 2
05-09 19:56:16.072  2029  2187 D GStreamer+qtdemux: 0:05:00.460548896 0xf37ecf50 qtdemux_lang.c:200:qtdemux_lang_map_qt_code_to_iso mapped quicktime language code 0 to ISO 639-2T code 'eng'
05-09 19:56:16.072  2029  2187 D GStreamer+qtdemux: 0:05:00.460583375 0xf37ecf50 qtdemux.c:12713:qtdemux_audio_caps:<q> resolve fourcc 0x6d703461
05-09 19:56:16.072  2029  2187 D GStreamer+qtdemux: 0:05:00.460710094 0xf37ecf50 qtdemux.c:12048:gst_qtdemux_handle_esds:<q> version/flags = 00000000
05-09 19:56:16.072  2029  2187 D GStreamer+qtdemux: 0:05:00.460744313 0xf37ecf50 qtdemux.c:12052:gst_qtdemux_handle_esds:<q> tag = 03
05-09 19:56:16.072  2029  2187 D GStreamer+qtdemux: 0:05:00.460776188 0xf37ecf50 qtdemux.c:12055:gst_qtdemux_handle_esds:<q> len = 21
05-09 19:56:16.072  2029  2187 D GStreamer+qtdemux: 0:05:00.460806761 0xf37ecf50 qtdemux.c:12063:gst_qtdemux_handle_esds:<q> ID 0002
05-09 19:56:16.072  2029  2187 D GStreamer+qtdemux: 0:05:00.460837698 0xf37ecf50 qtdemux.c:12064:gst_qtdemux_handle_esds:<q> priority 0000
05-09 19:56:16.073  2029  2187 D GStreamer+qtdemux: 0:05:00.460879886 0xf37ecf50 qtdemux.c:12052:gst_qtdemux_handle_esds:<q> tag = 04
05-09 19:56:16.073  2029  2187 D GStreamer+qtdemux: 0:05:00.460914834 0xf37ecf50 qtdemux.c:12055:gst_qtdemux_handle_esds:<q> len = 13
05-09 19:56:16.073  2029  2187 D GStreamer+qtdemux: 0:05:00.460946761 0xf37ecf50 qtdemux.c:12073:gst_qtdemux_handle_esds:<q> object_type_id 6b
05-09 19:56:16.073  2029  2187 D GStreamer+qtdemux: 0:05:00.460978896 0xf37ecf50 qtdemux.c:12074:gst_qtdemux_handle_esds:<q> stream_type 15
05-09 19:56:16.073  2029  2187 D GStreamer+qtdemux: 0:05:00.461012177 0xf37ecf50 qtdemux.c:12075:gst_qtdemux_handle_esds:<q> buffer_size_db 00
05-09 19:56:16.073  2029  2187 D GStreamer+qtdemux: 0:05:00.461043948 0xf37ecf50 qtdemux.c:12076:gst_qtdemux_handle_esds:<q> max bitrate 48000
05-09 19:56:16.073  2029  2187 D GStreamer+qtdemux: 0:05:00.461075459 0xf37ecf50 qtdemux.c:12077:gst_qtdemux_handle_esds:<q> avg bitrate 48000
05-09 19:56:16.073  2029  2187 D GStreamer+qtdemux: 0:05:00.461117230 0xf37ecf50 qtdemux.c:12052:gst_qtdemux_handle_esds:<q> tag = 06
05-09 19:56:16.073  2029  2187 D GStreamer+qtdemux: 0:05:00.461150875 0xf37ecf50 qtdemux.c:12055:gst_qtdemux_handle_esds:<q> len = 1
05-09 19:56:16.073  2029  2187 D GStreamer+qtdemux: 0:05:00.461183063 0xf37ecf50 qtdemux.c:12130:gst_qtdemux_handle_esds:<q> data 02
05-09 19:56:16.073  2029  2187 I GStreamer+qtdemux: 0:05:00.461249573 0xf37ecf50 qtdemux.c:10263:qtdemux_parse_trak:<q> type mp4a caps audio/mpeg, mpegversion=(int)1, parsed=(boolean)true
05-09 19:56:16.073  2029  2187 D GStreamer+qtdemux: 0:05:00.461292386 0xf37ecf50 qtdemux.c:7502:qtdemux_stbl_init:<q> n_samples_per_chunk 1
05-09 19:56:16.073  2029  2187 D GStreamer+qtdemux: 0:05:00.461333792 0xf37ecf50 qtdemux.c:7547:qtdemux_stbl_init:<q> allocating n_samples 299 * 32 (0.01 MB)
05-09 19:56:16.073  2029  2187 D GStreamer+qtdemux: 0:05:00.461369365 0xf37ecf50 qtdemux.c:8085:qtdemux_parse_segments:<q> looking for edit list container
05-09 19:56:16.073  2029  2187 D GStreamer+qtdemux: 0:05:00.461409938 0xf37ecf50 qtdemux.c:8225:qtdemux_parse_segments:<q> created dummy segment 0:00:07.176000000
05-09 19:56:16.073  2029  2187 D GStreamer+qtdemux: 0:05:00.461442073 0xf37ecf50 qtdemux.c:8229:qtdemux_parse_segments:<q> using 1 segments
05-09 19:56:16.073  2029  2187 D GStreamer+qtdemux: 0:05:00.461481865 0xf37ecf50 qtdemux.c:10401:qtdemux_parse_trak:<q> n_streams is now 2
05-09 19:56:16.073  2029  2187 D GStreamer+GST_MEMORY: 0:05:00.461529000 0xf37ecf50 gstmemory.c:87:_gst_memory_free free memory 0xf3af2418
05-09 19:56:16.073  2029  2187 D GStreamer+basesrc: 0:05:00.461586657 0xf37ecf50 gstbasesrc.c:2355:gst_base_src_update_length:<filesrc2> reading offset 15003229, length 16, size 15003960, segment.stop -1, maxsize 15003960
05-09 19:56:16.073  2029  2187 D GStreamer+basesrc: 0:05:00.461626552 0xf37ecf50 gstbasesrc.c:2456:gst_base_src_get_range:<filesrc2> calling create offset 15003229 length 16, time 0
05-09 19:56:16.073  2029  2187 D GStreamer+GST_MEMORY: 0:05:00.461664417 0xf37ecf50 gstmemory.c:138:gst_memory_init new memory 0xf3d7a680, maxsize:19 offset:0 size:16
05-09 19:56:16.073  2029  2187 D GStreamer+basesrc: 0:05:00.461705615 0xf37ecf50 gstbasesrc.c:2310:gst_base_src_do_sync:<filesrc2> we have no clock
05-09 19:56:16.073  2029  2187 D GStreamer+basesrc: 0:05:00.461737594 0xf37ecf50 gstbasesrc.c:2520:gst_base_src_get_range:<filesrc2> buffer ok
05-09 19:56:16.073  2029  2187 D GStreamer+qtdemux: 0:05:00.461770407 0xf37ecf50 qtdemux.c:2530:extract_initial_length_and_fourcc length 0x000002db
05-09 19:56:16.073  2029  2187 D GStreamer+qtdemux: 0:05:00.461803011 0xf37ecf50 qtdemux.c:2532:extract_initial_length_and_fourcc atom type uuid
05-09 19:56:16.073  2029  2187 D GStreamer+GST_MEMORY: 0:05:00.461831969 0xf37ecf50 gstmemory.c:87:_gst_memory_free free memory 0xf3d7a680
05-09 19:56:16.074  2029  2187 D GStreamer+basesrc: 0:05:00.461892021 0xf37ecf50 gstbasesrc.c:2355:gst_base_src_update_length:<filesrc2> reading offset 15003229, length 731, size 15003960, segment.stop -1, maxsize 15003960
05-09 19:56:16.074  2029  2187 D GStreamer+basesrc: 0:05:00.461998375 0xf37ecf50 gstbasesrc.c:2456:gst_base_src_get_range:<filesrc2> calling create offset 15003229 length 731, time 0
05-09 19:56:16.074  2029  2187 D GStreamer+GST_MEMORY: 0:05:00.462044677 0xf37ecf50 gstmemory.c:138:gst_memory_init new memory 0xf3a2a000, maxsize:734 offset:0 size:731
05-09 19:56:16.074  2029  2187 D GStreamer+basesrc: 0:05:00.462087646 0xf37ecf50 gstbasesrc.c:2310:gst_base_src_do_sync:<filesrc2> we have no clock
05-09 19:56:16.074  2029  2187 D GStreamer+basesrc: 0:05:00.462120980 0xf37ecf50 gstbasesrc.c:2520:gst_base_src_get_range:<filesrc2> buffer ok
05-09 19:56:16.074  2029  2187 D GStreamer+GST_MEMORY: 0:05:00.462161188 0xf37ecf50 gstmemory.c:138:gst_memory_init new memory 0xf37feee0, maxsize:707 offset:0 size:707
05-09 19:56:16.074  2029  2187 I GStreamer+xmp-tags: 0:05:00.462327334 0xf37ecf50 gstxmptag.c:1244:gst_tag_list_from_xmp_buffer xmp header okay
05-09 19:56:16.074  2029  2187 I GStreamer+xmp-tags: 0:05:00.462367125 0xf37ecf50 gstxmptag.c:1280:gst_tag_list_from_xmp_buffer xml: x:xmpmeta xmlns:x="adobe:ns:meta/" x:xmptk="GStreamer"
05-09 19:56:16.074  2029  2187 I GStreamer+xmp-tags: 0:05:00.462398063 0xf37ecf50 gstxmptag.c:1304:gst_tag_list_from_xmp_buffer    : [xmlns:x][adobe:ns:meta/]
05-09 19:56:16.074  2029  2187 I GStreamer+xmp-tags: 0:05:00.462450511 0xf37ecf50 gstxmptag.c:1304:gst_tag_list_from_xmp_buffer    : [x:xmptk][GStreamer]
05-09 19:56:16.074  2029  2187 I GStreamer+xmp-tags: 0:05:00.462512750 0xf37ecf50 gstxmptag.c:1280:gst_tag_list_from_xmp_buffer xml: rdf:RDF xmlns:rdf="http://www.w3.org/1999/02/22-rdf-syntax-ns#" xmlns:dc="http://purl.org/dc/elements/1.1/" xmlns:exif="http://ns.adobe.com/exif/1.0/" xmlns:tiff="http://ns.adobe.com/tiff/1.0/" xmlns:xap="http://ns.adobe.com/xap/1.0/" xmlns:photoshop="http://ns.adobe.com/photoshop/1.0/" xmlns:Iptc4xmpCore="http://iptc.org/std/Iptc4xmpCore/1.0/xmlns/" xmlns:Iptc4xmpExt="http://iptc.org/std/Iptc4xmpExt/2008-02-29/" xmlns:LocationDetails="http://iptc.org/std/Iptc4xmpExt/2008-02-29/LocationDetails/"
05-09 19:56:16.074  2029  2187 I GStreamer+xmp-tags: 0:05:00.462550615 0xf37ecf50 gstxmptag.c:1304:gst_tag_list_from_xmp_buffer    : [xmlns:rdf][http://www.w3.org/1999/02/22-rdf-syntax-ns#]
05-09 19:56:16.074  2029  2187 I GStreamer+xmp-tags: 0:05:00.462584521 0xf37ecf50 gstxmptag.c:1304:gst_tag_list_from_xmp_buffer    : [xmlns:dc][http://purl.org/dc/elements/1.1/]
05-09 19:56:16.074  2029  2187 I GStreamer+xmp-tags: 0:05:00.462615459 0xf37ecf50 gstxmptag.c:1304:gst_tag_list_from_xmp_buffer    : [xmlns:exif][http://ns.adobe.com/exif/1.0/]
05-09 19:56:16.074  2029  2187 I GStreamer+xmp-tags: 0:05:00.462643896 0xf37ecf50 gstxmptag.c:1304:gst_tag_list_from_xmp_buffer    : [xmlns:tiff][http://ns.adobe.com/tiff/1.0/]
05-09 19:56:16.074  2029  2187 I GStreamer+xmp-tags: 0:05:00.462674938 0xf37ecf50 gstxmptag.c:1304:gst_tag_list_from_xmp_buffer    : [xmlns:xap][http://ns.adobe.com/xap/1.0/]
05-09 19:56:16.074  2029  2187 I GStreamer+xmp-tags: 0:05:00.462704105 0xf37ecf50 gstxmptag.c:1304:gst_tag_list_from_xmp_buffer    : [xmlns:photoshop][http://ns.adobe.com/photoshop/1.0/]
05-09 19:56:16.074  2029  2187 I GStreamer+xmp-tags: 0:05:00.462733271 0xf37ecf50 gstxmptag.c:1304:gst_tag_list_from_xmp_buffer    : [xmlns:Iptc4xmpCore][http://iptc.org/std/Iptc4xmpCore/1.0/xmlns/]
05-09 19:56:16.074  2029  2187 I GStreamer+xmp-tags: 0:05:00.462762750 0xf37ecf50 gstxmptag.c:1304:gst_tag_list_from_xmp_buffer    : [xmlns:Iptc4xmpExt][http://iptc.org/std/Iptc4xmpExt/2008-02-29/]
05-09 19:56:16.074  2029  2187 I GStreamer+xmp-tags: 0:05:00.462791917 0xf37ecf50 gstxmptag.c:1304:gst_tag_list_from_xmp_buffer    : [xmlns:LocationDetails][http://iptc.org/std/Iptc4xmpExt/2008-02-29/LocationDetails/]
05-09 19:56:16.074  2029  2187 I GStreamer+xmp-tags: 0:05:00.462820511 0xf37ecf50 gstxmptag.c:1280:gst_tag_list_from_xmp_buffer xml: rdf:Description rdf:about=""
05-09 19:56:16.074  2029  2187 I GStreamer+xmp-tags: 0:05:00.462847542 0xf37ecf50 gstxmptag.c:1304:gst_tag_list_from_xmp_buffer    : [rdf:about][]
05-09 19:56:16.075  2029  2187 I GStreamer+xmp-tags: 0:05:00.462902542 0xf37ecf50 gstxmptag.c:1280:gst_tag_list_from_xmp_buffer xml: /rdf:Description
05-09 19:56:16.075  2029  2187 I GStreamer+xmp-tags: 0:05:00.462939886 0xf37ecf50 gstxmptag.c:1280:gst_tag_list_from_xmp_buffer xml: /rdf:RDF
05-09 19:56:16.075  2029  2187 I GStreamer+xmp-tags: 0:05:00.462969886 0xf37ecf50 gstxmptag.c:1280:gst_tag_list_from_xmp_buffer xml: /x:xmpmeta
05-09 19:56:16.075  2029  2187 D GStreamer+xmp-tags: 0:05:00.462998011 0xf37ecf50 gstxmptag.c:1464:gst_tag_list_from_xmp_buffer Done accumulating tags, now handling them
05-09 19:56:16.075  2029  2187 I GStreamer+xmp-tags: 0:05:00.463026657 0xf37ecf50 gstxmptag.c:1477:gst_tag_list_from_xmp_buffer xmp packet parsed, 0 entries
05-09 19:56:16.075  2029  2187 D GStreamer+GST_MEMORY: 0:05:00.463062073 0xf37ecf50 gstmemory.c:87:_gst_memory_free free memory 0xf37feee0
05-09 19:56:16.075  2029  2187 D GStreamer+qtdemux: 0:05:00.463110927 0xf37ecf50 qtdemux.c:2435:qtdemux_handle_xmp_taglist:<q> Found XMP tags taglist;
05-09 19:56:16.075  2029  2187 D GStreamer+GST_MEMORY: 0:05:00.463158167 0xf37ecf50 gstmemory.c:87:_gst_memory_free free memory 0xf3a2a000
05-09 19:56:16.075  2029  2187 D GStreamer+basesrc: 0:05:00.463209677 0xf37ecf50 gstbasesrc.c:2355:gst_base_src_update_length:<filesrc2> reading offset 15003960, length 16, size 15003960, segment.stop -1, maxsize 15003960
05-09 19:56:16.075  2029  2187 W GStreamer+basesrc: 0:05:00.463246761 0xf37ecf50 gstbasesrc.c:2396:gst_base_src_update_length:<filesrc2> processing at or past EOS
05-09 19:56:16.075  2029  2187 D GStreamer+basesrc: 0:05:00.463285042 0xf37ecf50 gstbasesrc.c:2593:gst_base_src_get_range:<filesrc2> unexpected length 16 (offset=15003960, size=15003960)
05-09 19:56:16.075  2029  2187 I GStreamer+GST_SCHEDULING: 0:05:00.463320250 0xf37ecf50 gstpad.c:4724:gst_pad_get_range_unchecked:<filesrc2:src> getrange failed, flow: eos
05-09 19:56:16.075  2029  2187 I GStreamer+GST_SCHEDULING: 0:05:00.463356500 0xf37ecf50 gstpad.c:4939:gst_pad_pull_range:<q:sink> pullrange failed, flow: eos
05-09 19:56:16.075  2029  2187 D GStreamer+qtdemux: 0:05:00.463388792 0xf37ecf50 qtdemux.c:10573:qtdemux_prepare_streams:<q> prepare streams
05-09 19:56:16.075  2029  2187 D GStreamer+qtdemux: 0:05:00.463427490 0xf37ecf50 qtdemux.c:10580:qtdemux_prepare_streams:<q> stream 0, id 1, fourcc avc1
05-09 19:56:16.075  2029  2187 D GStreamer+qtdemux: 0:05:00.463460042 0xf37ecf50 qtdemux.c:7675:qtdemux_parse_samples:<q> parsing up to sample 0
05-09 19:56:16.075  2029  2187 D GStreamer+qtdemux: 0:05:00.463501240 0xf37ecf50 qtdemux.c:7882:qtdemux_parse_samples:<q> sample 0: index 0, timestamp 0:00:00.000000000
05-09 19:56:16.075  2029  2187 D GStreamer+qtdemux: 0:05:00.463534938 0xf37ecf50 qtdemux.c:7937:qtdemux_parse_samples:<q> samples at 0 is keyframe
05-09 19:56:16.075  2029  2187 D GStreamer+qtdemux: 0:05:00.463571084 0xf37ecf50 qtdemux.c:10580:qtdemux_prepare_streams:<q> stream 1, id 2, fourcc mp4a
05-09 19:56:16.075  2029  2187 D GStreamer+qtdemux: 0:05:00.463603115 0xf37ecf50 qtdemux.c:7675:qtdemux_parse_samples:<q> parsing up to sample 0
05-09 19:56:16.075  2029  2187 D GStreamer+qtdemux: 0:05:00.463641969 0xf37ecf50 qtdemux.c:7882:qtdemux_parse_samples:<q> sample 0: index 0, timestamp 0:00:00.000000000
05-09 19:56:16.075  2029  2187 D GStreamer+qtdemux: 0:05:00.463672750 0xf37ecf50 qtdemux.c:7982:qtdemux_parse_samples:<q> setting all keyframes
05-09 19:56:16.075  2029  2187 D GStreamer+qtdemux: 0:05:00.463703792 0xf37ecf50 qtdemux.c:10632:qtdemux_expose_streams:<q> exposing streams
05-09 19:56:16.075  2029  2187 D GStreamer+qtdemux: 0:05:00.463739625 0xf37ecf50 qtdemux.c:10640:qtdemux_expose_streams:<q> stream 0, id 1, fourcc avc1
05-09 19:56:16.075  2029  2187 D GStreamer+qtdemux: 0:05:00.463846240 0xf37ecf50 qtdemux.c:7034:gst_qtdemux_configure_stream:<q> Calculating framerate, timescale 3000 gave fps_n 151 fps_d 3
05-09 19:56:16.076  2029  2187 D GStreamer+qtdemux: 0:05:00.463909938 0xf37ecf50 qtdemux.c:7048:gst_qtdemux_configure_stream:<q> video size 1280x1440, target display size 1280x1440
05-09 19:56:16.076  2029  2187 D GStreamer+qtdemux: 0:05:00.463955146 0xf37ecf50 qtdemux.c:7063:gst_qtdemux_configure_stream:<q> setting PAR to 1/1
05-09 19:56:16.076  2029  2187 D GStreamer+GST_PADS: 0:05:00.463999677 0xf37ecf50 gstpad.c:1826:gst_pad_set_event_function_full:<'':video_0> eventfunc for set to 0xdaa97e71
05-09 19:56:16.076  2029  2187 D GStreamer+GST_PADS: 0:05:00.464037021 0xf37ecf50 gstpad.c:1906:gst_pad_set_query_function_full:<'':video_0> queryfunc set to 0xdaa978e1
05-09 19:56:16.076  2029  2187 D GStreamer+GST_PADS: 0:05:00.464070198 0xf37ecf50 gstpad.c:1056:gst_pad_set_active:<'':video_0> activating pad from none
05-09 19:56:16.076  2029  2187 D GStreamer+GST_PADS: 0:05:00.464109261 0xf37ecf50 gstpad.c:972:pre_activate:<'':video_0> setting pad into push mode, unset flushing
05-09 19:56:16.076  2029  2187 D GStreamer+GST_PADS: 0:05:00.464144938 0xf37ecf50 gstpad.c:1198:gst_pad_activate_mode:<'':video_0> activated in push mode
05-09 19:56:16.076  2029  2187 D GStreamer+qtdemux: 0:05:00.464232959 0xf37ecf50 qtdemux.c:7127:gst_qtdemux_configure_stream:<q> setting caps video/x-h264, stream-format=(string)avc, alignment=(string)au, level=(string)4, profile=(string)baseline, codec_data=(buffer)01428028ffe1000a27428028e54028016b2001000528de01ae20, width=(int)1280, height=(int)1440, framerate=(fraction)151/3, pixel-aspect-ratio=(fraction)1/1
05-09 19:56:16.076  2029  2187 I GStreamer+GST_ELEMENT_PADS: 0:05:00.464276032 0xf37ecf50 gstelement.c:907:gst_element_get_static_pad found pad q:sink
05-09 19:56:16.076  2029  2187 D GStreamer+query: 0:05:00.464311657 0xf37ecf50 gstquery.c:674:gst_query_new_custom creating new query 0xf3d040f0 uri
05-09 19:56:16.076  2029  2187 D GStreamer+GST_ELEMENT_PADS: 0:05:00.464341084 0xf37ecf50 gstelement.c:1698:gst_element_query send query on element q
05-09 19:56:16.076  2029  2187 D GStreamer+GST_ELEMENT_PADS: 0:05:00.464367855 0xf37ecf50 gstelement.c:1482:gst_element_get_random_pad getting a random pad
05-09 19:56:16.076  2029  2187 D GStreamer+GST_ELEMENT_PADS: 0:05:00.464395615 0xf37ecf50 gstelement.c:1482:gst_element_get_random_pad getting a random pad
05-09 19:56:16.076  2029  2187 D GStreamer+GST_ELEMENT_PADS: 0:05:00.464427386 0xf37ecf50 gstelement.c:1501:gst_element_get_random_pad checking pad q:sink
05-09 19:56:16.076  2029  2187 D GStreamer+GST_ELEMENT_PADS: 0:05:00.464458636 0xf37ecf50 gstelement.c:1513:gst_element_get_random_pad found pad q:sink
05-09 19:56:16.076  2029  2187 D GStreamer+GST_PADS: 0:05:00.464496605 0xf37ecf50 gstpad.c:3882:gst_pad_query:<filesrc2:src> doing query 0xf3d040f0 (uri)
05-09 19:56:16.076  2029  2187 D GStreamer+basesrc: 0:05:00.464542230 0xf37ecf50 gstbasesrc.c:1296:gst_base_src_default_query:<filesrc2> query uri returns 1
05-09 19:56:16.076  2029  2187 D GStreamer+GST_PADS: 0:05:00.464581084 0xf37ecf50 gstpad.c:3905:gst_pad_query:<filesrc2:src> sent query 0xf3d040f0 (uri), result 1
05-09 19:56:16.076  2029  2187 D GStreamer+GST_EVENT: 0:05:00.464644105 0xf37ecf50 gstevent.c:302:gst_event_new_custom creating new event 0xf3abb8f8 stream-start 10254
05-09 19:56:16.076  2029  2187 D GStreamer+GST_PADS: 0:05:00.464683167 0xf37ecf50 gstpad.c:3813:check_sticky:<'':video_0> pushing all sticky events
05-09 19:56:16.076  2029  2187 D GStreamer+GST_PADS: 0:05:00.464721448 0xf37ecf50 gstpad.c:5266:gst_pad_push_event_unchecked:<'':video_0> Dropping event stream-start because pad is not linked
05-09 19:56:16.076  2029  2187 D GStreamer+GST_PADS: 0:05:00.464756084 0xf37ecf50 gstpad.c:3784:push_sticky:<'':video_0> pad was not linked, mark pending
05-09 19:56:16.076  2029  2187 I GStreamer+GST_EVENT: 0:05:00.464836552 0xf37ecf50 gstevent.c:679:gst_event_new_caps creating caps event video/x-h264, stream-format=(string)avc, alignment=(string)au, level=(string)4, profile=(string)baseline, codec_data=(buffer)01428028ffe1000a27428028e54028016b2001000528de01ae20, width=(int)1280, height=(int)1440, framerate=(fraction)151/3, pixel-aspect-ratio=(fraction)1/1
05-09 19:56:16.077  2029  2187 D GStreamer+GST_EVENT: 0:05:00.464886084 0xf37ecf50 gstevent.c:302:gst_event_new_custom creating new event 0xf3abb940 caps 12814
05-09 19:56:16.077  2029  2187 D GStreamer+GST_PADS: 0:05:00.464921709 0xf37ecf50 gstpad.c:5053:store_sticky_event:<'':video_0> notify caps
05-09 19:56:16.077  2029  2187 D GStreamer+GST_PADS: 0:05:00.464961240 0xf37ecf50 gstpad.c:3813:check_sticky:<'':video_0> pushing all sticky events
05-09 19:56:16.077  2029  2187 D GStreamer+GST_PADS: 0:05:00.464997438 0xf37ecf50 gstpad.c:3745:push_sticky:<'':video_0> event stream-start was already received
05-09 19:56:16.077  2029  2187 D GStreamer+GST_PADS: 0:05:00.465032959 0xf37ecf50 gstpad.c:5266:gst_pad_push_event_unchecked:<'':video_0> Dropping event caps because pad is not linked
05-09 19:56:16.077  2029  2187 D GStreamer+GST_PADS: 0:05:00.465067386 0xf37ecf50 gstpad.c:3784:push_sticky:<'':video_0> pad was not linked, mark pending
05-09 19:56:16.077  2029  2187 D GStreamer+qtdemux: 0:05:00.465105407 0xf37ecf50 qtdemux.c:7243:gst_qtdemux_add_stream:<q> adding pad video_0 0xf3956428 to qtdemux 0xf39f8018
05-09 19:56:16.077  2029  2187 I GStreamer+GST_ELEMENT_PADS: 0:05:00.465140042 0xf37ecf50 gstelement.c:659:gst_element_add_pad:<q> adding pad 'video_0'
05-09 19:56:16.077  2029  2187 D GStreamer+GST_REFCOUNTING: 0:05:00.465173480 0xf37ecf50 gstobject.c:692:gst_object_set_parent:<'':video_0> set parent (ref and sink)
05-09 19:56:16.077  2029  2187 I GStreamer+GST_PIPELINE: 0:05:00.465229990 0xf37ecf50 ./grammar.y:518:gst_parse_found_pad trying delayed linking pad  video_0 of GstQTDemux named q to some pad of GstQueue named queue4
05-09 19:56:16.077  2029  2187 I GStreamer+GST_ELEMENT_PADS: 0:05:00.465265042 0xf37ecf50 gstutils.c:1571:gst_element_link_pads_full trying to link element q:video_0 to element queue4:(any)
05-09 19:56:16.077  2029  2187 I GStreamer+GST_ELEMENT_PADS: 0:05:00.465296657 0xf37ecf50 gstelement.c:907:gst_element_get_static_pad found pad q:video_0
05-09 19:56:16.077  2029  2187 D GStreamer+GST_ELEMENT_PADS: 0:05:00.465325875 0xf37ecf50 gstutils.c:1678:gst_element_link_pads_full looping through allowed src and dest pads
05-09 19:56:16.077  2029  2187 D GStreamer+GST_ELEMENT_PADS: 0:05:00.465355563 0xf37ecf50 gstutils.c:1681:gst_element_link_pads_full trying src pad q:video_0
05-09 19:56:16.077  2029  2187 D GStreamer+GST_ELEMENT_PADS: 0:05:00.465387959 0xf37ecf50 gstutils.c:1002:gst_element_get_compatible_pad finding pad in queue4 compatible with q:video_0
05-09 19:56:16.077  2029  2187 I GStreamer+GST_PADS: 0:05:00.465425146 0xf37ecf50 gstutils.c:932:gst_pad_check_link trying to link q:video_0 and queue4:sink
05-09 19:56:16.077  2029  2187 D GStreamer+GST_CAPS: 0:05:00.465458948 0xf37ecf50 gstutils.c:2838:gst_pad_query_caps:<q:video_0> get pad caps with filter (NULL)
05-09 19:56:16.077  2029  2187 D GStreamer+query: 0:05:00.465498167 0xf37ecf50 gstquery.c:674:gst_query_new_custom creating new query 0xf3d040f0 caps
05-09 19:56:16.077  2029  2187 D GStreamer+GST_PADS: 0:05:00.465555094 0xf37ecf50 gstpad.c:3882:gst_pad_query:<q:video_0> doing query 0xf3d040f0 (caps)
05-09 19:56:16.077  2029  2187 D GStreamer+GST_CAPS: 0:05:00.465633427 0xf37ecf50 gstpad.c:3088:gst_pad_query_caps_default:<q:video_0> query caps caps query: 0xf3d040f0, GstQueryCaps, filter=(GstCaps)"NULL", caps=(GstCaps)"NULL";
05-09 19:56:16.077  2029  2187 D GStreamer+GST_CAPS: 0:05:00.465672386 0xf37ecf50 gstpad.c:3105:gst_pad_query_caps_default:<q:video_0> fixed pad caps: trying pad caps
05-09 19:56:16.077  2029  2187 D GStreamer+GST_CAPS: 0:05:00.465765615 0xf37ecf50 gstpad.c:3141:gst_pad_query_caps_default:<q:video_0> using caps 0xf3cf8b40 video/x-h264, stream-format=(string)avc, alignment=(string)au, level=(string)4, profile=(string)baseline, codec_data=(buffer)01428028ffe1000a27428028e54028016b2001000528de01ae20, width=(int)1280, height=(int)1440, framerate=(fraction)151/3, pixel-aspect-ratio=(fraction)1/1
05-09 19:56:16.077  2029  2187 D GStreamer+GST_PADS: 0:05:00.465808636 0xf37ecf50 gstpad.c:3339:gst_pad_query_default:<q:video_0> not forwarding 0xf3d040f0 (caps) query
05-09 19:56:16.077  2029  2187 D GStreamer+GST_PADS: 0:05:00.465847646 0xf37ecf50 gstpad.c:3905:gst_pad_query:<q:video_0> sent query 0xf3d040f0 (caps), result 1
05-09 19:56:16.078  2029  2187 D GStreamer+GST_CAPS: 0:05:00.465947907 0xf37ecf50 gstutils.c:2845:gst_pad_query_caps:<q:video_0> query returned video/x-h264, stream-format=(string)avc, alignment=(string)au, level=(string)4, profile=(string)baseline, codec_data=(buffer)01428028ffe1000a27428028e54028016b2001000528de01ae20, width=(int)1280, height=(int)1440, framerate=(fraction)151/3, pixel-aspect-ratio=(fraction)1/1
05-09 19:56:16.078  2029  2187 D GStreamer+GST_CAPS: 0:05:00.465995980 0xf37ecf50 gstutils.c:2838:gst_pad_query_caps:<queue4:sink> get pad caps with filter (NULL)
05-09 19:56:16.078  2029  2187 D GStreamer+query: 0:05:00.466032073 0xf37ecf50 gstquery.c:674:gst_query_new_custom creating new query 0xf3ac6d50 caps
05-09 19:56:16.078  2029  2187 D GStreamer+GST_PADS: 0:05:00.466065771 0xf37ecf50 gstpad.c:3882:gst_pad_query:<queue4:sink> doing query 0xf3ac6d50 (caps)
05-09 19:56:16.078  2029  2187 D GStreamer+GST_CAPS: 0:05:00.466115407 0xf37ecf50 gstpad.c:3088:gst_pad_query_caps_default:<queue4:sink> query caps caps query: 0xf3ac6d50, GstQueryCaps, filter=(GstCaps)"NULL", caps=(GstCaps)"NULL";
05-09 19:56:16.078  2029  2187 D GStreamer+GST_PADS: 0:05:00.466154886 0xf37ecf50 gstutils.c:2599:gst_pad_proxy_query_caps:<queue4:sink> proxying caps query for queue4:sink
05-09 19:56:16.078  2029  2187 D GStreamer+GST_PADS: 0:05:00.466192438 0xf37ecf50 gstpad.c:2803:gst_pad_iterate_internal_links_default:<queue4:sink> Making iterator
05-09 19:56:16.078  2029  2187 D GStreamer+GST_PADS: 0:05:00.466264105 0xf37ecf50 gstpad.c:4009:gst_pad_peer_query:<queue4:src> peer query 0xf3ac6d50 (caps)
05-09 19:56:16.078  2029  2187 D GStreamer+GST_PADS: 0:05:00.466315250 0xf37ecf50 gstpad.c:3882:gst_pad_query:<forhwgl:sink> doing query 0xf3ac6d50 (caps)
05-09 19:56:16.078  2029  2187 D GStreamer+GST_CAPS: 0:05:00.466371032 0xf37ecf50 gstpad.c:3088:gst_pad_query_caps_default:<forhwgl:sink> query caps caps query: 0xf3ac6d50, GstQueryCaps, filter=(GstCaps)"NULL", caps=(GstCaps)"NULL";
05-09 19:56:16.078  2029  2187 D GStreamer+GST_PADS: 0:05:00.466410667 0xf37ecf50 gstutils.c:2599:gst_pad_proxy_query_caps:<forhwgl:sink> proxying caps query for forhwgl:sink
05-09 19:56:16.078  2029  2187 D GStreamer+GST_PADS: 0:05:00.466456917 0xf37ecf50 gstpad.c:4009:gst_pad_peer_query:<sink:proxypad6> peer query 0xf3ac6d50 (caps)
05-09 19:56:16.078  2029  2187 D GStreamer+GST_PADS: 0:05:00.466500615 0xf37ecf50 gstpad.c:3882:gst_pad_query:<typefind:sink> doing query 0xf3ac6d50 (caps)
05-09 19:56:16.078  2029  2187 D GStreamer+GST_CAPS: 0:05:00.466572959 0xf37ecf50 gstpad.c:3088:gst_pad_query_caps_default:<typefind:sink> query caps caps query: 0xf3ac6d50, GstQueryCaps, filter=(GstCaps)"NULL", caps=(GstCaps)"NULL";
05-09 19:56:16.078  2029  2187 D GStreamer+GST_CAPS: 0:05:00.466619730 0xf37ecf50 gstpad.c:3111:gst_pad_query_caps_default:<typefind:sink> trying pad template caps
05-09 19:56:16.078  2029  2187 D GStreamer+GST_CAPS: 0:05:00.466672438 0xf37ecf50 gstpad.c:3141:gst_pad_query_caps_default:<typefind:sink> using caps 0xf3610b18 ANY
05-09 19:56:16.078  2029  2187 D GStreamer+GST_PADS: 0:05:00.466734105 0xf37ecf50 gstpad.c:3339:gst_pad_query_default:<typefind:sink> not forwarding 0xf3ac6d50 (caps) query
05-09 19:56:16.078  2029  2187 D GStreamer+GST_PADS: 0:05:00.466777907 0xf37ecf50 gstpad.c:3905:gst_pad_query:<typefind:sink> sent query 0xf3ac6d50 (caps), result 1
05-09 19:56:16.078  2029  2187 D GStreamer+default: 0:05:00.466825042 0xf37ecf50 gstutils.c:2561:query_caps_func:<sink:proxypad6> intersect with result ANY
05-09 19:56:16.079  2029  2187 D GStreamer+default: 0:05:00.466886240 0xf37ecf50 gstutils.c:2563:query_caps_func:<sink:proxypad6> intersected ANY
05-09 19:56:16.079  2029  2187 D GStreamer+GST_PADS: 0:05:00.466964521 0xf37ecf50 gstpad.c:3339:gst_pad_query_default:<forhwgl:sink> not forwarding 0xf3ac6d50 (caps) query
05-09 19:56:16.079  2029  2187 D GStreamer+GST_PADS: 0:05:00.467012125 0xf37ecf50 gstpad.c:3905:gst_pad_query:<forhwgl:sink> sent query 0xf3ac6d50 (caps), result 1
05-09 19:56:16.079  2029  2187 D GStreamer+default: 0:05:00.467057750 0xf37ecf50 gstutils.c:2561:query_caps_func:<queue4:src> intersect with result ANY
05-09 19:56:16.079  2029  2187 D GStreamer+default: 0:05:00.467094573 0xf37ecf50 gstutils.c:2563:query_caps_func:<queue4:src> intersected ANY
05-09 19:56:16.079  2029  2187 D GStreamer+GST_PADS: 0:05:00.467159834 0xf37ecf50 gstpad.c:3339:gst_pad_query_default:<queue4:sink> not forwarding 0xf3ac6d50 (caps) query
05-09 19:56:16.079  2029  2187 D GStreamer+GST_PADS: 0:05:00.467230823 0xf37ecf50 gstpad.c:3905:gst_pad_query:<queue4:sink> sent query 0xf3ac6d50 (caps), result 1
05-09 19:56:16.079  2029  2187 D GStreamer+GST_CAPS: 0:05:00.467272698 0xf37ecf50 gstutils.c:2845:gst_pad_query_caps:<queue4:sink> query returned ANY
05-09 19:56:16.079  2029  2187 D GStreamer+GST_ELEMENT_PADS: 0:05:00.467312230 0xf37ecf50 gstutils.c:1061:gst_element_get_compatible_pad found existing unlinked compatible pad queue4:sink
05-09 19:56:16.079  2029  2187 I GStreamer+GST_PADS: 0:05:00.467346605 0xf37ecf50 gstutils.c:1444:prepare_link_maybe_ghosting q and queue4 in same bin, no need for ghost pads
05-09 19:56:16.079  2029  2187 D GStreamer+GST_BUS: 0:05:00.467447907 0xf37ecf50 gstbus.c:309:gst_bus_post:<bus12> [msg 0xf3abf108] posting on bus structure-change message: 0xf3abf108, time 99:99:99.999999999, seq-num 1580, element 'sink', GstMessageStructureChange, type=(GstStructureChangeType)GST_STRUCTURE_CHANGE_TYPE_PAD_LINK, owner=(GstElement)"\(GstQTDemux\)\ q", busy=(boolean)true;
05-09 19:56:16.079  2029  2187 D GStreamer+bin: 0:05:00.467493584 0xf37ecf50 gstbin.c:3528:gst_bin_handle_message_func:<pipeline2> [msg 0xf3abf108] handling child sink message of type structure-change
05-09 19:56:16.079  2029  2187 D GStreamer+bin: 0:05:00.467537073 0xf37ecf50 gstbin.c:882:find_message:<pipeline2> no message found matching types 00001000
05-09 19:56:16.079  2029  2187 D GStreamer+bin: 0:05:00.467580719 0xf37ecf50 gstbin.c:889:find_message:<pipeline2>   structure-change
05-09 19:56:16.079  2029  2187 D GStreamer+bin: 0:05:00.467618740 0xf37ecf50 gstbin.c:929:bin_replace_message:<pipeline2> got new message 0xf3abf108, structure-change from sink
05-09 19:56:16.079  2029  2187 D GStreamer+GST_BUS: 0:05:00.467653532 0xf37ecf50 gstbus.c:344:gst_bus_post:<bus12> [msg 0xf3abf108] dropped
05-09 19:56:16.079  2029  2187 I GStreamer+GST_PADS: 0:05:00.467718115 0xf37ecf50 gstpad.c:2292:gst_pad_link_prepare trying to link q:video_0 and queue4:sink
05-09 19:56:16.079  2029  2187 D GStreamer+GST_CAPS: 0:05:00.467778063 0xf37ecf50 gstutils.c:2838:gst_pad_query_caps:<q:video_0> get pad caps with filter (NULL)
05-09 19:56:16.079  2029  2187 D GStreamer+query: 0:05:00.467825927 0xf37ecf50 gstquery.c:674:gst_query_new_custom creating new query 0xf3ac6d50 caps
05-09 19:56:16.080  2029  2187 D GStreamer+GST_PADS: 0:05:00.467861657 0xf37ecf50 gstpad.c:3882:gst_pad_query:<q:video_0> doing query 0xf3ac6d50 (caps)
05-09 19:56:16.080  2029  2187 D GStreamer+GST_CAPS: 0:05:00.467998584 0xf37ecf50 gstpad.c:3088:gst_pad_query_caps_default:<q:video_0> query caps caps query: 0xf3ac6d50, GstQueryCaps, filter=(GstCaps)"NULL", caps=(GstCaps)"NULL";
05-09 19:56:16.080  2029  2187 D GStreamer+GST_CAPS: 0:05:00.468084000 0xf37ecf50 gstpad.c:3105:gst_pad_query_caps_default:<q:video_0> fixed pad caps: trying pad caps
05-09 19:56:16.080  2029  2187 D GStreamer+GST_CAPS: 0:05:00.468184261 0xf37ecf50 gstpad.c:3141:gst_pad_query_caps_default:<q:video_0> using caps 0xf3cf8b40 video/x-h264, stream-format=(string)avc, alignment=(string)au, level=(string)4, profile=(string)baseline, codec_data=(buffer)01428028ffe1000a27428028e54028016b2001000528de01ae20, width=(int)1280, height=(int)1440, framerate=(fraction)151/3, pixel-aspect-ratio=(fraction)1/1
05-09 19:56:16.080  2029  2187 D GStreamer+GST_PADS: 0:05:00.468229886 0xf37ecf50 gstpad.c:3339:gst_pad_query_default:<q:video_0> not forwarding 0xf3ac6d50 (caps) query
05-09 19:56:16.080  2029  2187 D GStreamer+GST_PADS: 0:05:00.468269677 0xf37ecf50 gstpad.c:3905:gst_pad_query:<q:video_0> sent query 0xf3ac6d50 (caps), result 1
05-09 19:56:16.080  2029  2187 D GStreamer+GST_CAPS: 0:05:00.468348480 0xf37ecf50 gstutils.c:2845:gst_pad_query_caps:<q:video_0> query returned video/x-h264, stream-format=(string)avc, alignment=(string)au, level=(string)4, profile=(string)baseline, codec_data=(buffer)01428028ffe1000a27428028e54028016b2001000528de01ae20, width=(int)1280, height=(int)1440, framerate=(fraction)151/3, pixel-aspect-ratio=(fraction)1/1
05-09 19:56:16.080  2029  2187 D GStreamer+GST_CAPS: 0:05:00.468394209 0xf37ecf50 gstutils.c:2838:gst_pad_query_caps:<queue4:sink> get pad caps with filter (NULL)
05-09 19:56:16.080  2029  2187 D GStreamer+query: 0:05:00.468432750 0xf37ecf50 gstquery.c:674:gst_query_new_custom creating new query 0xf3d040f0 caps
05-09 19:56:16.080  2029  2187 D GStreamer+GST_PADS: 0:05:00.468470771 0xf37ecf50 gstpad.c:3882:gst_pad_query:<queue4:sink> doing query 0xf3d040f0 (caps)
05-09 19:56:16.080  2029  2187 D GStreamer+GST_CAPS: 0:05:00.468545302 0xf37ecf50 gstpad.c:3088:gst_pad_query_caps_default:<queue4:sink> query caps caps query: 0xf3d040f0, GstQueryCaps, filter=(GstCaps)"NULL", caps=(GstCaps)"NULL";
05-09 19:56:16.080  2029  2187 D GStreamer+GST_PADS: 0:05:00.468592073 0xf37ecf50 gstutils.c:2599:gst_pad_proxy_query_caps:<queue4:sink> proxying caps query for queue4:sink
05-09 19:56:16.080  2029  2187 D GStreamer+GST_PADS: 0:05:00.468632073 0xf37ecf50 gstpad.c:2803:gst_pad_iterate_internal_links_default:<queue4:sink> Making iterator
05-09 19:56:16.080  2029  2187 D GStreamer+GST_PADS: 0:05:00.468694677 0xf37ecf50 gstpad.c:4009:gst_pad_peer_query:<queue4:src> peer query 0xf3d040f0 (caps)
05-09 19:56:16.080  2029  2187 D GStreamer+GST_PADS: 0:05:00.468735563 0xf37ecf50 gstpad.c:3882:gst_pad_query:<forhwgl:sink> doing query 0xf3d040f0 (caps)
05-09 19:56:16.080  2029  2187 D GStreamer+GST_CAPS: 0:05:00.468787698 0xf37ecf50 gstpad.c:3088:gst_pad_query_caps_default:<forhwgl:sink> query caps caps query: 0xf3d040f0, GstQueryCaps, filter=(GstCaps)"NULL", caps=(GstCaps)"NULL";
