05-09 19:56:16.194  2029  2186 D GStreamer+bin: 0:05:00.582590198 0xf37ecf20 gstbin.c:3528:gst_bin_handle_message_func:<forhwgl> [msg 0xf3d43b20] handling child proxypad10 message of type structure-change
05-09 19:56:16.194  2029  2186 D GStreamer+bin: 0:05:00.582623323 0xf37ecf20 gstbin.c:882:find_message:<forhwgl> no message found matching types 00001000
05-09 19:56:16.194  2029  2186 D GStreamer+bin: 0:05:00.582654052 0xf37ecf20 gstbin.c:889:find_message:<forhwgl>   structure-change
05-09 19:56:16.194  2029  2186 D GStreamer+bin: 0:05:00.582687230 0xf37ecf20 gstbin.c:929:bin_replace_message:<forhwgl> got new message 0xf3d43b20, structure-change from proxypad10
05-09 19:56:16.194  2029  2186 D GStreamer+GST_BUS: 0:05:00.582717698 0xf37ecf20 gstbus.c:344:gst_bus_post:<bus8> [msg 0xf3d43b20] dropped
05-09 19:56:16.194  2029  2186 I GStreamer+GST_PADS: 0:05:00.582751813 0xf37ecf20 gstpad.c:2292:gst_pad_link_prepare trying to link capsfilter2:src and decodepad2:proxypad10
05-09 19:56:16.194  2029  2186 I GStreamer+GST_PADS: 0:05:00.582818636 0xf37ecf20 gstpad.c:2498:gst_pad_link_full linked capsfilter2:src and decodepad2:proxypad10, successful
05-09 19:56:16.194  2029  2186 I GStreamer+GST_EVENT: 0:05:00.582854000 0xf37ecf20 gstevent.c:1382:gst_event_new_reconfigure creating reconfigure event
05-09 19:56:16.195  2029  2186 D GStreamer+GST_EVENT: 0:05:00.582912073 0xf37ecf20 gstevent.c:302:gst_event_new_custom creating new event 0xf396bb28 reconfigure 61441
05-09 19:56:16.195  2029  2186 D GStreamer+GST_EVENT: 0:05:00.582985980 0xf37ecf20 gstpad.c:5496:gst_pad_send_event_unchecked:<capsfilter2:src> have event type reconfigure event: 0xf396bb28, time 99:99:99.999999999, seq-num 1683, (NULL)
05-09 19:56:16.195  2029  2186 D GStreamer+basetransform: 0:05:00.583065771 0xf37ecf20 gstbasetransform.c:1989:gst_base_transform_src_eventfunc:<capsfilter2> handling event 0xf396bb28 reconfigure event: 0xf396bb28, time 99:99:99.999999999, seq-num 1683, (NULL)
05-09 19:56:16.195  2029  2186 D GStreamer+GST_EVENT: 0:05:00.583124782 0xf37ecf20 gstpad.c:5496:gst_pad_send_event_unchecked:<h264parse2:src> have event type reconfigure event: 0xf396bb28, time 99:99:99.999999999, seq-num 1683, (NULL)
05-09 19:56:16.195  2029  2186 D GStreamer+baseparse: 0:05:00.583171448 0xf37ecf20 gstbaseparse.c:1611:gst_base_parse_src_event:<h264parse2> event 61441, reconfigure
05-09 19:56:16.195  2029  2186 D GStreamer+GST_PADS: 0:05:00.583209834 0xf37ecf20 gstpad.c:2803:gst_pad_iterate_internal_links_default:<h264parse2:src> Making iterator
05-09 19:56:16.195  2029  2186 D GStreamer+GST_EVENT: 0:05:00.583274573 0xf37ecf20 gstpad.c:5496:gst_pad_send_event_unchecked:<typefind:src> have event type reconfigure event: 0xf396bb28, time 99:99:99.999999999, seq-num 1683, (NULL)
05-09 19:56:16.195  2029  2186 D GStreamer+GST_EVENT: 0:05:00.583369886 0xf37ecf20 gstpad.c:5496:gst_pad_send_event_unchecked:<sink:proxypad6> have event type reconfigure event: 0xf396bb28, time 99:99:99.999999999, seq-num 1683, (NULL)
05-09 19:56:16.195  2029  2186 D GStreamer+GST_EVENT: 0:05:00.583459938 0xf37ecf20 gstpad.c:5496:gst_pad_send_event_unchecked:<queue4:src> have event type reconfigure event: 0xf396bb28, time 99:99:99.999999999, seq-num 1683, (NULL)
05-09 19:56:16.195  2029  2186 D GStreamer+queue_dataflow: 0:05:00.583534677 0xf37ecf20 gstqueue.c:1532:gst_queue_handle_src_event:<queue4> got event 0xf396bb28 (61441)
05-09 19:56:16.195  2029  2186 D GStreamer+GST_EVENT: 0:05:00.583622490 0xf37ecf20 gstpad.c:5496:gst_pad_send_event_unchecked:<q:video_0> have event type reconfigure event: 0xf396bb28, time 99:99:99.999999999, seq-num 1683, (NULL)
05-09 19:56:16.195  2029  2186 D GStreamer+GST_PADS: 0:05:00.583687438 0xf37ecf20 gstpad.c:2803:gst_pad_iterate_internal_links_default:<q:video_0> Making iterator
05-09 19:56:16.195  2029  2186 D GStreamer+GST_EVENT: 0:05:00.583785719 0xf37ecf20 gstpad.c:5496:gst_pad_send_event_unchecked:<filesrc2:src> have event type reconfigure event: 0xf396bb28, time 99:99:99.999999999, seq-num 1683, (NULL)
05-09 19:56:16.195  2029  2188 D NvOsDebugPrintf: Inside NvxLiteH264DecoderLowLatencyInit
05-09 19:56:16.195  2029  2188 D NvOsDebugPrintf: NvxLiteH264DecoderLowLatencyInit set DPB and Mjstreaming
05-09 19:56:16.196  2029  2186 D GStreamer+basesrc: 0:05:00.583860563 0xf37ecf20 gstbasesrc.c:1987:gst_base_src_default_event:<filesrc2> handle event reconfigure event: 0xf396bb28, time 99:99:99.999999999, seq-num 1683, (NULL)
05-09 19:56:16.196  2029  2186 D GStreamer+GST_PADS: 0:05:00.583970250 0xf37ecf20 gstpad.c:5569:gst_pad_send_event_unchecked:<filesrc2:src> sent event, ret ok
05-09 19:56:16.196  2029  2186 D GStreamer+GST_PADS: 0:05:00.584032490 0xf37ecf20 gstpad.c:5569:gst_pad_send_event_unchecked:<q:video_0> sent event, ret ok
05-09 19:56:16.196  2029  2186 D GStreamer+GST_PADS: 0:05:00.584083688 0xf37ecf20 gstpad.c:5569:gst_pad_send_event_unchecked:<queue4:src> sent event, ret ok
05-09 19:56:16.196  2029  2186 D GStreamer+GST_PADS: 0:05:00.584136969 0xf37ecf20 gstpad.c:5569:gst_pad_send_event_unchecked:<sink:proxypad6> sent event, ret ok
05-09 19:56:16.196  2029  2186 D GStreamer+GST_PADS: 0:05:00.584190250 0xf37ecf20 gstpad.c:5569:gst_pad_send_event_unchecked:<typefind:src> sent event, ret ok
05-09 19:56:16.196  2029  2186 D GStreamer+GST_PADS: 0:05:00.584254625 0xf37ecf20 gstpad.c:5569:gst_pad_send_event_unchecked:<h264parse2:src> sent event, ret ok
05-09 19:56:16.196  2029  2186 D GStreamer+GST_PADS: 0:05:00.584303480 0xf37ecf20 gstpad.c:5569:gst_pad_send_event_unchecked:<capsfilter2:src> sent event, ret ok
05-09 19:56:16.196  2029  2186 D GStreamer+GST_BUS: 0:05:00.584386761 0xf37ecf20 gstbus.c:309:gst_bus_post:<bus8> [msg 0xf3ad4458] posting on bus structure-change message: 0xf3ad4458, time 99:99:99.999999999, seq-num 1684, element 'proxypad10', GstMessageStructureChange, type=(GstStructureChangeType)GST_STRUCTURE_CHANGE_TYPE_PAD_LINK, owner=(GstElement)"\(GstCapsFilter\)\ capsfilter2", busy=(boolean)false;
05-09 19:56:16.196  2029  2186 D GStreamer+bin: 0:05:00.584426188 0xf37ecf20 gstbin.c:3528:gst_bin_handle_message_func:<forhwgl> [msg 0xf3ad4458] handling child proxypad10 message of type structure-change
05-09 19:56:16.196  2029  2186 D GStreamer+bin: 0:05:00.584464625 0xf37ecf20 gstbin.c:957:bin_remove_messages:<decodepad2:proxypad10> deleting message 0xf3d43b20 of types 0x00001000
05-09 19:56:16.196  2029  2186 D GStreamer+bin: 0:05:00.584504730 0xf37ecf20 gstbin.c:963:bin_remove_messages:<forhwgl> not deleting message 0xf3ab98b8 of type 0x00100000
05-09 19:56:16.196  2029  2186 D GStreamer+GST_BUS: 0:05:00.584540563 0xf37ecf20 gstbus.c:344:gst_bus_post:<bus8> [msg 0xf3ad4458] dropped
05-09 19:56:16.196  2029  2186 D GStreamer+decodebin: 0:05:00.584607230 0xf37ecf20 gstdecodebin2.c:1487:copy_sticky_events:<'':decodepad2> store sticky event stream-start event: 0xf3abb8f8, time 99:99:99.999999999, seq-num 1578, GstEventStreamStart, stream-id=(string)71ab440d261a1bb43c19b397eec2373651540427aed1e7b0deb4be62a10a7f25/001, flags=(GstStreamFlags)GST_STREAM_FLAG_NONE, group-id=(uint)2;
05-09 19:56:16.196  2029  2186 D GStreamer+decodebin: 0:05:00.584688896 0xf37ecf20 gstdecodebin2.c:1487:copy_sticky_events:<'':decodepad2> store sticky event caps event: 0xf396bb70, time 99:99:99.999999999, seq-num 1679, GstEventCaps, caps=(GstCaps)"video/x-h264\,\ parsed\=\(boolean\)true\,\ stream-format\=\(string\)avc\,\ alignment\=\(string\)au\,\ width\=\(int\)1280\,\ height\=\(int\)1440\,\ framerate\=\(fraction\)151/3\,\ profile\=\(string\)baseline";
05-09 19:56:16.196  2029  2186 D GStreamer+GST_PADS: 0:05:00.584726605 0xf37ecf20 gstpad.c:5053:store_sticky_event:<'':decodepad2> notify caps
05-09 19:56:16.196  2029  2186 D GStreamer+decodebin: 0:05:00.584772802 0xf37ecf20 gstdecodebin2.c:1381:gst_decode_bin_autoplug_continue:<forhwgl> autoplug-continue returns TRUE
05-09 19:56:16.196  2029  2186 D GStreamer+GST_CAPS: 0:05:00.584837177 0xf37ecf20 gstpad.c:2648:gst_pad_get_current_caps:<capsfilter2:src> get current pad caps video/x-h264, parsed=(boolean)true, stream-format=(string)avc, alignment=(string)au, width=(int)1280, height=(int)1440, framerate=(fraction)151/3, profile=(string)baseline
05-09 19:56:16.197  2029  2186 D GStreamer+decodebin: 0:05:00.584891344 0xf37ecf20 gstdecodebin2.c:1395:gst_decode_bin_autoplug_factories:<forhwgl> finding factories
05-09 19:56:16.197  2029  2186 D GStreamer+GST_ELEMENT_FACTORY: 0:05:00.584924469 0xf37ecf20 gstelementfactory.c:837:gst_element_factory_list_filter finding factories
05-09 19:56:16.197  2029  2186 D GStreamer+GST_ELEMENT_FACTORY: 0:05:00.584954105 0xf37ecf20 gstelementfactory.c:848:gst_element_factory_list_filter Trying mpegaudioparse
05-09 19:56:16.197  2029  2186 D GStreamer+GST_ELEMENT_FACTORY: 0:05:00.584984886 0xf37ecf20 gstelementfactory.c:848:gst_element_factory_list_filter Trying aacparse
05-09 19:56:16.197  2029  2186 D GStreamer+GST_ELEMENT_FACTORY: 0:05:00.585014730 0xf37ecf20 gstelementfactory.c:848:gst_element_factory_list_filter Trying ac3parse
05-09 19:56:16.197  2029  2186 D GStreamer+GST_ELEMENT_FACTORY: 0:05:00.585047542 0xf37ecf20 gstelementfactory.c:848:gst_element_factory_list_filter Trying amrparse
05-09 19:56:16.197  2029  2186 D GStreamer+GST_ELEMENT_FACTORY: 0:05:00.585079105 0xf37ecf20 gstelementfactory.c:848:gst_element_factory_list_filter Trying dcaparse
05-09 19:56:16.197  2029  2186 D GStreamer+GST_ELEMENT_FACTORY: 0:05:00.585112959 0xf37ecf20 gstelementfactory.c:848:gst_element_factory_list_filter Trying flacparse
05-09 19:56:16.197  2029  2186 D GStreamer+GST_ELEMENT_FACTORY: 0:05:00.585158271 0xf37ecf20 gstelementfactory.c:848:gst_element_factory_list_filter Trying h263parse
05-09 19:56:16.197  2029  2186 D GStreamer+GST_ELEMENT_FACTORY: 0:05:00.585195771 0xf37ecf20 gstelementfactory.c:848:gst_element_factory_list_filter Trying h264parse
05-09 19:56:16.197  2029  2186 D GStreamer+GST_ELEMENT_FACTORY: 0:05:00.585228219 0xf37ecf20 gstelementfactory.c:848:gst_element_factory_list_filter Trying mpeg4videoparse
05-09 19:56:16.197  2029  2185 D GStreamer+amcaudiodec: 0:05:00.585259157 0xf37ecec0 gstamcaudiodec.c:253:gst_amc_audio_dec_open:<amcaudiodec-omxgooglemp3decoder0> Opened decoder
05-09 19:56:16.197  2029  2186 D GStreamer+GST_ELEMENT_FACTORY: 0:05:00.585276344 0xf37ecf20 gstelementfactory.c:848:gst_element_factory_list_filter Trying mpegvideoparse
05-09 19:56:16.197  2029  2185 D GStreamer+GST_STATES: 0:05:00.585305980 0xf37ecec0 gstelement.c:2684:gst_element_change_state:<amcaudiodec-omxgooglemp3decoder0> element changed state SUCCESS
05-09 19:56:16.197  2029  2186 D GStreamer+GST_ELEMENT_FACTORY: 0:05:00.585321500 0xf37ecf20 gstelementfactory.c:848:gst_element_factory_list_filter Trying sbcparse
05-09 19:56:16.197  2029  2186 D GStreamer+GST_ELEMENT_FACTORY: 0:05:00.585356396 0xf37ecf20 gstelementfactory.c:848:gst_element_factory_list_filter Trying wavpackparse
05-09 19:56:16.197  2029  2185 I GStreamer+GST_STATES: 0:05:00.585362334 0xf37ecec0 gstelement.c:2372:gst_element_continue_state:<amcaudiodec-omxgooglemp3decoder0> completed state change to READY
05-09 19:56:16.197  2029  2186 D GStreamer+GST_ELEMENT_FACTORY: 0:05:00.585387125 0xf37ecf20 gstelementfactory.c:848:gst_element_factory_list_filter Trying avisubtitle
05-09 19:56:16.197  2029  2185 I GStreamer+GST_STATES: 0:05:00.585411396 0xf37ecec0 gstelement.c:2277:_priv_gst_element_state_changed:<amcaudiodec-omxgooglemp3decoder0> notifying about state-changed NULL to READY (VOID_PENDING pending)
05-09 19:56:16.197  2029  2186 D GStreamer+GST_ELEMENT_FACTORY: 0:05:00.585423896 0xf37ecf20 gstelementfactory.c:848:gst_element_factory_list_filter Trying oggaviparse
05-09 19:56:16.197  2029  2186 D GStreamer+GST_ELEMENT_FACTORY: 0:05:00.585453532 0xf37ecf20 gstelementfactory.c:848:gst_element_factory_list_filter Trying pngparse
05-09 19:56:16.197  2029  2186 D GStreamer+GST_ELEMENT_FACTORY: 0:05:00.585485042 0xf37ecf20 gstelementfactory.c:848:gst_element_factory_list_filter Trying ssaparse
05-09 19:56:16.197  2029  2185 D GStreamer+GST_BUS: 0:05:00.585501240 0xf37ecec0 gstbus.c:309:gst_bus_post:<bus10> [msg 0xf3d32ac8] posting on bus state-changed message: 0xf3d32ac8, time 99:99:99.999999999, seq-num 1685, element 'amcaudiodec-omxgooglemp3decoder0', GstMessageStateChanged, old-state=(GstState)GST_STATE_NULL, new-state=(GstState)GST_STATE_READY, pending-state=(GstState)GST_STATE_VOID_PENDING;
05-09 19:56:16.197  2029  2186 D GStreamer+GST_ELEMENT_FACTORY: 0:05:00.585520823 0xf37ecf20 gstelementfactory.c:848:gst_element_factory_list_filter Trying subparse
05-09 19:56:16.197  2029  2185 D GStreamer+bin: 0:05:00.585554365 0xf37ecec0 gstbin.c:3528:gst_bin_handle_message_func:<decodebin3> [msg 0xf3d32ac8] handling child amcaudiodec-omxgooglemp3decoder0 message of type state-changed
05-09 19:56:16.197  2029  2186 D GStreamer+GST_ELEMENT_FACTORY: 0:05:00.585571084 0xf37ecf20 gstelementfactory.c:848:gst_element_factory_list_filter Trying h265parse
05-09 19:56:16.197  2029  2185 D GStreamer+bin: 0:05:00.585594052 0xf37ecec0 gstbin.c:3865:gst_bin_handle_message_func:<decodebin3> posting message upward
05-09 19:56:16.197  2029  2186 D GStreamer+GST_ELEMENT_FACTORY: 0:05:00.585609105 0xf37ecf20 gstelementfactory.c:848:gst_element_factory_list_filter Trying adpcmdec
05-09 19:56:16.197  2029  2186 D GStreamer+GST_ELEMENT_FACTORY: 0:05:00.585639417 0xf37ecf20 gstelementfactory.c:848:gst_element_factory_list_filter Trying alawdec
05-09 19:56:16.197  2029  2185 D GStreamer+GST_BUS: 0:05:00.585670511 0xf37ecec0 gstbus.c:309:gst_bus_post:<bus12> [msg 0xf3d32ac8] posting on bus state-changed message: 0xf3d32ac8, time 99:99:99.999999999, seq-num 1685, element 'amcaudiodec-omxgooglemp3decoder0', GstMessageStateChanged, old-state=(GstState)GST_STATE_NULL, new-state=(GstState)GST_STATE_READY, pending-state=(GstState)GST_STATE_VOID_PENDING;
05-09 19:56:16.197  2029  2186 D GStreamer+GST_ELEMENT_FACTORY: 0:05:00.585685355 0xf37ecf20 gstelementfactory.c:848:gst_element_factory_list_filter Trying amcauddec-omxgoogleaacdecoder
05-09 19:56:16.197  2029  2185 D GStreamer+bin: 0:05:00.585713011 0xf37ecec0 gstbin.c:3528:gst_bin_handle_message_func:<pipeline2> [msg 0xf3d32ac8] handling child amcaudiodec-omxgooglemp3decoder0 message of type state-changed
05-09 19:56:16.197  2029  2186 D GStreamer+GST_ELEMENT_FACTORY: 0:05:00.585728115 0xf37ecf20 gstelementfactory.c:848:gst_element_factory_list_filter Trying amcauddec-omxgoogleamrnbdecoder
05-09 19:56:16.197  2029  2185 D GStreamer+bin: 0:05:00.585748011 0xf37ecec0 gstbin.c:3865:gst_bin_handle_message_func:<pipeline2> posting message upward
05-09 19:56:16.197  2029  2186 D GStreamer+GST_ELEMENT_FACTORY: 0:05:00.585764105 0xf37ecf20 gstelementfactory.c:848:gst_element_factory_list_filter Trying amcauddec-omxgoogleamrwbdecoder
05-09 19:56:16.197  2029  2186 D GStreamer+GST_ELEMENT_FACTORY: 0:05:00.585799261 0xf37ecf20 gstelementfactory.c:848:gst_element_factory_list_filter Trying amcauddec-omxgooglemp3decoder
05-09 19:56:16.197  2029  2185 D GStreamer+GST_BUS: 0:05:00.585821188 0xf37ecec0 gstbus.c:309:gst_bus_post:<bus13> [msg 0xf3d32ac8] posting on bus state-changed message: 0xf3d32ac8, time 99:99:99.999999999, seq-num 1685, element 'amcaudiodec-omxgooglemp3decoder0', GstMessageStateChanged, old-state=(GstState)GST_STATE_NULL, new-state=(GstState)GST_STATE_READY, pending-state=(GstState)GST_STATE_VOID_PENDING;
05-09 19:56:16.197  2029  2186 D GStreamer+GST_ELEMENT_FACTORY: 0:05:00.585835042 0xf37ecf20 gstelementfactory.c:848:gst_element_factory_list_filter Trying amcauddec-omxgoogleopusdecoder
05-09 19:56:16.198  2029  2185 D GStreamer+GST_BUS: 0:05:00.585862334 0xf37ecec0 gstbus.c:348:gst_bus_post:<bus13> [msg 0xf3d32ac8] pushing on async queue
05-09 19:56:16.198  2029  2186 D GStreamer+GST_ELEMENT_FACTORY: 0:05:00.585888011 0xf37ecf20 gstelementfactory.c:848:gst_element_factory_list_filter Trying amcviddec-omxnvidiah263decode
05-09 19:56:16.198  2029  2185 D GStreamer+GST_BUS: 0:05:00.585920198 0xf37ecec0 gstbus.c:351:gst_bus_post:<bus13> [msg 0xf3d32ac8] pushed on async queue
05-09 19:56:16.198  2029  2175 D GStreamer+GST_BUS: 0:05:00.585975250 0xf3d9e340 gstbus.c:521:gst_bus_timed_pop_filtered:<bus13> got message 0xf3d32ac8, state-changed from amcaudiodec-omxgooglemp3decoder0, type mask is 4294967295
05-09 19:56:16.198  2029  2186 D GStreamer+GST_ELEMENT_FACTORY: 0:05:00.585993375 0xf37ecf20 gstelementfactory.c:848:gst_element_factory_list_filter Trying amcviddec-omxnvidiah264decode
05-09 19:56:16.198  2029  2186 D GStreamer+GST_ELEMENT_FACTORY: 0:05:00.586044886 0xf37ecf20 gstelementfactory.c:848:gst_element_factory_list_filter Trying amcviddec-omxnvidiah265decode
05-09 19:56:16.198  2029  2175 D GStreamer+GST_BUS: 0:05:00.586063948 0xf3d9e340 gstbus.c:789:gst_bus_source_dispatch:<bus13> source 0xf39ad330 calling dispatch with state-changed message: 0xf3d32ac8, time 99:99:99.999999999, seq-num 1685, element 'amcaudiodec-omxgooglemp3decoder0', GstMessageStateChanged, old-state=(GstState)GST_STATE_NULL, new-state=(GstState)GST_STATE_READY, pending-state=(GstState)GST_STATE_VOID_PENDING;
05-09 19:56:16.198  2029  2186 D GStreamer+GST_ELEMENT_FACTORY: 0:05:00.586083115 0xf37ecf20 gstelementfactory.c:848:gst_element_factory_list_filter Trying amcviddec-omxnvidiamp4decode
05-09 19:56:16.198  2029  2186 D GStreamer+GST_ELEMENT_FACTORY: 0:05:00.586119365 0xf37ecf20 gstelementfactory.c:848:gst_element_factory_list_filter Trying amcviddec-omxnvidiavp8decode
05-09 19:56:16.198  2029  2175 D GStreamer+GST_BUS: 0:05:00.586136344 0xf3d9e340 gstbus.c:794:gst_bus_source_dispatch:<bus13> source 0xf39ad330 handler returns 1
05-09 19:56:16.198  2029  2186 D GStreamer+GST_ELEMENT_FACTORY: 0:05:00.586153115 0xf37ecf20 gstelementfactory.c:848:gst_element_factory_list_filter Trying amcviddec-omxnvidiavp9decode
05-09 19:56:16.198  2029  2186 D GStreamer+GST_ELEMENT_FACTORY: 0:05:00.586181500 0xf37ecf20 gstelementfactory.c:848:gst_element_factory_list_filter Trying apedemux
05-09 19:56:16.198  2029  2186 D GStreamer+GST_ELEMENT_FACTORY: 0:05:00.586210615 0xf37ecf20 gstelementfactory.c:848:gst_element_factory_list_filter Trying avidemux
05-09 19:56:16.198  2029  2186 D GStreamer+GST_ELEMENT_FACTORY: 0:05:00.586240094 0xf37ecf20 gstelementfactory.c:848:gst_element_factory_list_filter Trying dashdemux
05-09 19:56:16.198  2029  2186 D GStreamer+GST_ELEMENT_FACTORY: 0:05:00.586269052 0xf37ecf20 gstelementfactory.c:848:gst_element_factory_list_filter Trying dvdemux
05-09 19:56:16.198  2029  2186 D GStreamer+GST_ELEMENT_FACTORY: 0:05:00.586298948 0xf37ecf20 gstelementfactory.c:848:gst_element_factory_list_filter Trying flacdec
05-09 19:56:16.198  2029  2186 D GStreamer+GST_ELEMENT_FACTORY: 0:05:00.586328844 0xf37ecf20 gstelementfactory.c:848:gst_element_factory_list_filter Trying flvdemux
05-09 19:56:16.198  2029  2186 D GStreamer+GST_ELEMENT_FACTORY: 0:05:00.586358219 0xf37ecf20 gstelementfactory.c:848:gst_element_factory_list_filter Trying flxdec
05-09 19:56:16.198  2029  2186 D GStreamer+GST_ELEMENT_FACTORY: 0:05:00.586387490 0xf37ecf20 gstelementfactory.c:848:gst_element_factory_list_filter Trying hlsdemux
05-09 19:56:16.198  2029  2186 D GStreamer+GST_ELEMENT_FACTORY: 0:05:00.586416500 0xf37ecf20 gstelementfactory.c:848:gst_element_factory_list_filter Trying icydemux
05-09 19:56:16.198  2029  2186 D GStreamer+GST_ELEMENT_FACTORY: 0:05:00.586445511 0xf37ecf20 gstelementfactory.c:848:gst_element_factory_list_filter Trying id3demux
05-09 19:56:16.198  2029  2186 D GStreamer+GST_ELEMENT_FACTORY: 0:05:00.586474782 0xf37ecf20 gstelementfactory.c:848:gst_element_factory_list_filter Trying jpegdec
05-09 19:56:16.198  2029  2186 D GStreamer+GST_ELEMENT_FACTORY: 0:05:00.586504105 0xf37ecf20 gstelementfactory.c:848:gst_element_factory_list_filter Trying katedec
05-09 19:56:16.198  2029  2186 D GStreamer+GST_ELEMENT_FACTORY: 0:05:00.586533063 0xf37ecf20 gstelementfactory.c:848:gst_element_factory_list_filter Trying matroskademux
05-09 19:56:16.198  2029  2186 D GStreamer+GST_ELEMENT_FACTORY: 0:05:00.586564313 0xf37ecf20 gstelementfactory.c:848:gst_element_factory_list_filter Trying midiparse
05-09 19:56:16.198  2029  2186 D GStreamer+GST_ELEMENT_FACTORY: 0:05:00.586594313 0xf37ecf20 gstelementfactory.c:848:gst_element_factory_list_filter Trying mssdemux
05-09 19:56:16.198  2029  2186 D GStreamer+GST_ELEMENT_FACTORY: 0:05:00.586622855 0xf37ecf20 gstelementfactory.c:848:gst_element_factory_list_filter Trying mulawdec
05-09 19:56:16.198  2029  2186 D GStreamer+GST_ELEMENT_FACTORY: 0:05:00.586651292 0xf37ecf20 gstelementfactory.c:848:gst_element_factory_list_filter Trying multipartdemux
05-09 19:56:16.198  2029  2186 D GStreamer+GST_ELEMENT_FACTORY: 0:05:00.586680459 0xf37ecf20 gstelementfactory.c:848:gst_element_factory_list_filter Trying mxfdemux
05-09 19:56:16.198  2029  2186 D GStreamer+GST_ELEMENT_FACTORY: 0:05:00.586710042 0xf37ecf20 gstelementfactory.c:848:gst_element_factory_list_filter Trying oggdemux
05-09 19:56:16.198  2029  2186 D GStreamer+GST_ELEMENT_FACTORY: 0:05:00.586739209 0xf37ecf20 gstelementfactory.c:848:gst_element_factory_list_filter Trying ogmaudioparse
05-09 19:56:16.198  2029  2186 D GStreamer+GST_ELEMENT_FACTORY: 0:05:00.586767802 0xf37ecf20 gstelementfactory.c:848:gst_element_factory_list_filter Trying ogmtextparse
05-09 19:56:16.198  2029  2186 D GStreamer+GST_ELEMENT_FACTORY: 0:05:00.586797125 0xf37ecf20 gstelementfactory.c:848:gst_element_factory_list_filter Trying ogmvideoparse
05-09 19:56:16.198  2029  2186 D GStreamer+GST_ELEMENT_FACTORY: 0:05:00.586826448 0xf37ecf20 gstelementfactory.c:848:gst_element_factory_list_filter Trying openjpegdec
05-09 19:56:16.198  2029  2186 D GStreamer+GST_ELEMENT_FACTORY: 0:05:00.586855667 0xf37ecf20 gstelementfactory.c:848:gst_element_factory_list_filter Trying opusdec
05-09 19:56:16.199  2029  2186 D GStreamer+GST_ELEMENT_FACTORY: 0:05:00.586895875 0xf37ecf20 gstelementfactory.c:848:gst_element_factory_list_filter Trying pngdec
05-09 19:56:16.199  2029  2186 D GStreamer+GST_ELEMENT_FACTORY: 0:05:00.586926448 0xf37ecf20 gstelementfactory.c:848:gst_element_factory_list_filter Trying pnmdec
05-09 19:56:16.199  2029  2186 D GStreamer+GST_ELEMENT_FACTORY: 0:05:00.586955615 0xf37ecf20 gstelementfactory.c:848:gst_element_factory_list_filter Trying qtdemux
05-09 19:56:16.199  2029  2186 D GStreamer+GST_ELEMENT_FACTORY: 0:05:00.586984782 0xf37ecf20 gstelementfactory.c:848:gst_element_factory_list_filter Trying rsvgdec
05-09 19:56:16.199  2029  2186 D GStreamer+GST_ELEMENT_FACTORY: 0:05:00.587014365 0xf37ecf20 gstelementfactory.c:848:gst_element_factory_list_filter Trying rtpopusdepay
05-09 19:56:16.199  2029  2186 D GStreamer+GST_ELEMENT_FACTORY: 0:05:00.587043740 0xf37ecf20 gstelementfactory.c:848:gst_element_factory_list_filter Trying schrodec
05-09 19:56:16.199  2029  2186 D GStreamer+GST_ELEMENT_FACTORY: 0:05:00.587072907 0xf37ecf20 gstelementfactory.c:848:gst_element_factory_list_filter Trying speexdec
05-09 19:56:16.199  2029  2186 D GStreamer+GST_ELEMENT_FACTORY: 0:05:00.587101969 0xf37ecf20 gstelementfactory.c:848:gst_element_factory_list_filter Trying theoradec
05-09 19:56:16.199  2029  2186 D GStreamer+GST_ELEMENT_FACTORY: 0:05:00.587131292 0xf37ecf20 gstelementfactory.c:848:gst_element_factory_list_filter Trying vorbisdec
05-09 19:56:16.199  2029  2186 D GStreamer+GST_ELEMENT_FACTORY: 0:05:00.587160823 0xf37ecf20 gstelementfactory.c:848:gst_element_factory_list_filter Trying vp8dec
05-09 19:56:16.199  2029  2186 D GStreamer+GST_ELEMENT_FACTORY: 0:05:00.587189834 0xf37ecf20 gstelementfactory.c:848:gst_element_factory_list_filter Trying vp9dec
05-09 19:56:16.199  2029  2186 D GStreamer+GST_ELEMENT_FACTORY: 0:05:00.587218844 0xf37ecf20 gstelementfactory.c:848:gst_element_factory_list_filter Trying wavpackdec
05-09 19:56:16.199  2029  2186 D GStreamer+GST_ELEMENT_FACTORY: 0:05:00.587247386 0xf37ecf20 gstelementfactory.c:848:gst_element_factory_list_filter Trying wavparse
05-09 19:56:16.199  2029  2186 D GStreamer+GST_ELEMENT_FACTORY: 0:05:00.587276709 0xf37ecf20 gstelementfactory.c:848:gst_element_factory_list_filter Trying amcviddec-omxgoogleh263decoder
05-09 19:56:16.199  2029  2186 D GStreamer+GST_ELEMENT_FACTORY: 0:05:00.587306552 0xf37ecf20 gstelementfactory.c:848:gst_element_factory_list_filter Trying amcviddec-omxgoogleh264decoder
05-09 19:56:16.199  2029  2186 D GStreamer+GST_ELEMENT_FACTORY: 0:05:00.587346709 0xf37ecf20 gstelementfactory.c:848:gst_element_factory_list_filter Trying amcviddec-omxgooglehevcdecoder
05-09 19:56:16.199  2029  2186 D GStreamer+GST_ELEMENT_FACTORY: 0:05:00.587377230 0xf37ecf20 gstelementfactory.c:848:gst_element_factory_list_filter Trying amcviddec-omxgooglempeg4decoder
05-09 19:56:16.199  2029  2186 D GStreamer+GST_ELEMENT_FACTORY: 0:05:00.587406813 0xf37ecf20 gstelementfactory.c:848:gst_element_factory_list_filter Trying amcviddec-omxgooglevp8decoder
05-09 19:56:16.199  2029  2186 D GStreamer+GST_ELEMENT_FACTORY: 0:05:00.587436552 0xf37ecf20 gstelementfactory.c:848:gst_element_factory_list_filter Trying amcviddec-omxgooglevp9decoder
05-09 19:56:16.199  2029  2186 D GStreamer+GST_ELEMENT_FACTORY: 0:05:00.587465146 0xf37ecf20 gstelementfactory.c:848:gst_element_factory_list_filter Trying auparse
05-09 19:56:16.199  2029  2186 D GStreamer+GST_ELEMENT_FACTORY: 0:05:00.587493480 0xf37ecf20 gstelementfactory.c:848:gst_element_factory_list_filter Trying ivorbisdec
05-09 19:56:16.199  2029  2186 D GStreamer+GST_ELEMENT_FACTORY: 0:05:00.587522855 0xf37ecf20 gstelementfactory.c:848:gst_element_factory_list_filter Trying rtpL16depay
05-09 19:56:16.199  2029  2186 D GStreamer+GST_ELEMENT_FACTORY: 0:05:00.587552021 0xf37ecf20 gstelementfactory.c:848:gst_element_factory_list_filter Trying rtpL24depay
05-09 19:56:16.199  2029  2186 D GStreamer+GST_ELEMENT_FACTORY: 0:05:00.587581709 0xf37ecf20 gstelementfactory.c:848:gst_element_factory_list_filter Trying rtpac3depay
05-09 19:56:16.199  2029  2186 D GStreamer+GST_ELEMENT_FACTORY: 0:05:00.587611500 0xf37ecf20 gstelementfactory.c:848:gst_element_factory_list_filter Trying rtpamrdepay
05-09 19:56:16.199  2029  2186 D GStreamer+GST_ELEMENT_FACTORY: 0:05:00.587640511 0xf37ecf20 gstelementfactory.c:848:gst_element_factory_list_filter Trying rtpbvdepay
05-09 19:56:16.199  2029  2186 D GStreamer+GST_ELEMENT_FACTORY: 0:05:00.587669886 0xf37ecf20 gstelementfactory.c:848:gst_element_factory_list_filter Trying rtpceltdepay
05-09 19:56:16.199  2029  2186 D GStreamer+GST_ELEMENT_FACTORY: 0:05:00.587698584 0xf37ecf20 gstelementfactory.c:848:gst_element_factory_list_filter Trying rtpdvdepay
05-09 19:56:16.199  2029  2186 D GStreamer+GST_ELEMENT_FACTORY: 0:05:00.587727907 0xf37ecf20 gstelementfactory.c:848:gst_element_factory_list_filter Trying rtpg722depay
05-09 19:56:16.199  2029  2186 D GStreamer+GST_ELEMENT_FACTORY: 0:05:00.587757594 0xf37ecf20 gstelementfactory.c:848:gst_element_factory_list_filter Trying rtpg723depay
05-09 19:56:16.199  2029  2186 D GStreamer+GST_ELEMENT_FACTORY: 0:05:00.587785927 0xf37ecf20 gstelementfactory.c:848:gst_element_factory_list_filter Trying rtpg726depay
05-09 19:56:16.199  2029  2186 D GStreamer+GST_ELEMENT_FACTORY: 0:05:00.587815563 0xf37ecf20 gstelementfactory.c:848:gst_element_factory_list_filter Trying rtpg729depay
05-09 19:56:16.199  2029  2186 D GStreamer+GST_ELEMENT_FACTORY: 0:05:00.587844417 0xf37ecf20 gstelementfactory.c:848:gst_element_factory_list_filter Trying rtpgsmdepay
05-09 19:56:16.200  2029  2186 D GStreamer+GST_ELEMENT_FACTORY: 0:05:00.587882959 0xf37ecf20 gstelementfactory.c:848:gst_element_factory_list_filter Trying rtph261depay
05-09 19:56:16.200  2029  2185 D GStreamer+GST_BUS: 0:05:00.587886500 0xf37ecec0 gstbus.c:344:gst_bus_post:<bus12> [msg 0xf3d32ac8] dropped
05-09 19:56:16.200  2029  2186 D GStreamer+GST_ELEMENT_FACTORY: 0:05:00.587918271 0xf37ecf20 gstelementfactory.c:848:gst_element_factory_list_filter Trying rtph263depay
05-09 19:56:16.200  2029  2185 D GStreamer+GST_BUS: 0:05:00.587934730 0xf37ecec0 gstbus.c:344:gst_bus_post:<bus10> [msg 0xf3d32ac8] dropped
05-09 19:56:16.200  2029  2186 D GStreamer+GST_ELEMENT_FACTORY: 0:05:00.587953688 0xf37ecf20 gstelementfactory.c:848:gst_element_factory_list_filter Trying rtph263pdepay
05-09 19:56:16.200  2029  2186 D GStreamer+GST_ELEMENT_FACTORY: 0:05:00.587986292 0xf37ecf20 gstelementfactory.c:848:gst_element_factory_list_filter Trying rtph264depay
05-09 19:56:16.200  2029  2185 D GStreamer+GST_STATES: 0:05:00.587992646 0xf37ecec0 gstelement.c:2607:gst_element_set_state_func:<amcaudiodec-omxgooglemp3decoder0> returned SUCCESS
05-09 19:56:16.200  2029  2186 D GStreamer+GST_ELEMENT_FACTORY: 0:05:00.588017021 0xf37ecf20 gstelementfactory.c:848:gst_element_factory_list_filter Trying rtph265depay
05-09 19:56:16.200  2029  2186 D GStreamer+GST_ELEMENT_FACTORY: 0:05:00.588053271 0xf37ecf20 gstelementfactory.c:848:gst_element_factory_list_filter Trying rtpilbcdepay
05-09 19:56:16.200  2029  2185 D GStreamer+GST_CAPS: 0:05:00.588065771 0xf37ecec0 gstutils.c:2921:gst_pad_query_accept_caps:<amcaudiodec-omxgooglemp3decoder0:sink> accept caps of audio/mpeg, mpegversion=(int)1, mpegaudioversion=(int)2, layer=(int)3, rate=(int)24000, channels=(int)1, parsed=(boolean)true
05-09 19:56:16.200  2029  2186 D GStreamer+GST_ELEMENT_FACTORY: 0:05:00.588087230 0xf37ecf20 gstelementfactory.c:848:gst_element_factory_list_filter Trying rtpj2kdepay
05-09 19:56:16.200  2029  2185 D GStreamer+query: 0:05:00.588117177 0xf37ecec0 gstquery.c:674:gst_query_new_custom creating new query 0xf3d03e30 accept-caps
05-09 19:56:16.200  2029  2186 D GStreamer+GST_ELEMENT_FACTORY: 0:05:00.588134521 0xf37ecf20 gstelementfactory.c:848:gst_element_factory_list_filter Trying rtpjpegdepay
05-09 19:56:16.200  2029  2185 D GStreamer+GST_PADS: 0:05:00.588159105 0xf37ecec0 gstpad.c:3882:gst_pad_query:<amcaudiodec-omxgooglemp3decoder0:sink> doing query 0xf3d03e30 (accept-caps)
05-09 19:56:16.200  2029  2186 D GStreamer+GST_ELEMENT_FACTORY: 0:05:00.588173792 0xf37ecf20 gstelementfactory.c:848:gst_element_factory_list_filter Trying rtpklvdepay
05-09 19:56:16.200  2029  2186 D GStreamer+GST_ELEMENT_FACTORY: 0:05:00.588205771 0xf37ecf20 gstelementfactory.c:848:gst_element_factory_list_filter Trying rtpmp1sdepay
05-09 19:56:16.200  2029  2186 D GStreamer+GST_ELEMENT_FACTORY: 0:05:00.588244105 0xf37ecf20 gstelementfactory.c:848:gst_element_factory_list_filter Trying rtpmp2tdepay
05-09 19:56:16.200  2029  2185 D GStreamer+audiodecoder: 0:05:00.588262282 0xf37ecec0 gstaudiodecoder.c:2743:gst_audio_decoder_sink_query:<amcaudiodec-omxgooglemp3decoder0:sink> received query accept-caps query: 0xf3d03e30, GstQueryAcceptCaps, caps=(GstCaps)"audio/mpeg\,\ mpegversion\=\(int\)1\,\ mpegaudioversion\=\(int\)2\,\ layer\=\(int\)3\,\ rate\=\(int\)24000\,\ channels\=\(int\)1\,\ parsed\=\(boolean\)true", result=(boolean)false;
05-09 19:56:16.200  2029  2186 D GStreamer+GST_ELEMENT_FACTORY: 0:05:00.588275719 0xf37ecf20 gstelementfactory.c:848:gst_element_factory_list_filter Trying rtpmp4adepay
05-09 19:56:16.200  2029  2186 D GStreamer+GST_ELEMENT_FACTORY: 0:05:00.588307959 0xf37ecf20 gstelementfactory.c:848:gst_element_factory_list_filter Trying rtpmp4gdepay
05-09 19:56:16.200  2029  2185 D GStreamer+GST_CAPS: 0:05:00.588346448 0xf37ecec0 gstutils.c:2838:gst_pad_query_caps:<amcaudiodec-omxgooglemp3decoder0:sink> get pad caps with filter audio/mpeg, mpegversion=(int)1, mpegaudioversion=(int)2, layer=(int)3, rate=(int)24000, channels=(int)1, parsed=(boolean)true
05-09 19:56:16.200  2029  2186 D GStreamer+GST_ELEMENT_FACTORY: 0:05:00.588360355 0xf37ecf20 gstelementfactory.c:848:gst_element_factory_list_filter Trying rtpmp4vdepay
05-09 19:56:16.200  2029  2185 D GStreamer+query: 0:05:00.588387438 0xf37ecec0 gstquery.c:674:gst_query_new_custom creating new query 0xf3ac6c00 caps
05-09 19:56:16.200  2029  2186 D GStreamer+GST_ELEMENT_FACTORY: 0:05:00.588401292 0xf37ecf20 gstelementfactory.c:848:gst_element_factory_list_filter Trying rtpmpadepay
05-09 19:56:16.200  2029  2185 D GStreamer+GST_PADS: 0:05:00.588426969 0xf37ecec0 gstpad.c:3882:gst_pad_query:<amcaudiodec-omxgooglemp3decoder0:sink> doing query 0xf3ac6c00 (caps)
05-09 19:56:16.200  2029  2186 D GStreamer+GST_ELEMENT_FACTORY: 0:05:00.588435719 0xf37ecf20 gstelementfactory.c:848:gst_element_factory_list_filter Trying rtpmparobustdepay
05-09 19:56:16.200  2029  2186 D GStreamer+GST_ELEMENT_FACTORY: 0:05:00.588467073 0xf37ecf20 gstelementfactory.c:848:gst_element_factory_list_filter Trying rtpmpvdepay
05-09 19:56:16.200  2029  2186 D GStreamer+GST_ELEMENT_FACTORY: 0:05:00.588502230 0xf37ecf20 gstelementfactory.c:848:gst_element_factory_list_filter Trying rtppcmadepay
05-09 19:56:16.200  2029  2185 D GStreamer+audiodecoder: 0:05:00.588519573 0xf37ecec0 gstaudiodecoder.c:2743:gst_audio_decoder_sink_query:<amcaudiodec-omxgooglemp3decoder0:sink> received query caps query: 0xf3ac6c00, GstQueryCaps, filter=(GstCaps)"audio/mpeg\,\ mpegversion\=\(int\)1\,\ mpegaudioversion\=\(int\)2\,\ layer\=\(int\)3\,\ rate\=\(int\)24000\,\ channels\=\(int\)1\,\ parsed\=\(boolean\)true", caps=(GstCaps)"NULL";
05-09 19:56:16.200  2029  2186 D GStreamer+GST_ELEMENT_FACTORY: 0:05:00.588539209 0xf37ecf20 gstelementfactory.c:848:gst_element_factory_list_filter Trying rtppcmudepay
05-09 19:56:16.200  2029  2186 D GStreamer+GST_ELEMENT_FACTORY: 0:05:00.588569886 0xf37ecf20 gstelementfactory.c:848:gst_element_factory_list_filter Trying rtpqcelpdepay
05-09 19:56:16.200  2029  2185 D GStreamer+GST_CAPS: 0:05:00.588604209 0xf37ecec0 gstutils.c:2884:gst_pad_peer_query_caps:<amcaudiodec-omxgooglemp3decoder0:src> get pad peer caps with filter audio/x-raw, rate=(int)24000, channels=(int)1
05-09 19:56:16.200  2029  2186 D GStreamer+GST_ELEMENT_FACTORY: 0:05:00.588619157 0xf37ecf20 gstelementfactory.c:848:gst_element_factory_list_filter Trying rtpqdm2depay
05-09 19:56:16.200  2029  2185 D GStreamer+query: 0:05:00.588644313 0xf37ecec0 gstquery.c:674:gst_query_new_custom creating new query 0xf3ac6c90 caps
05-09 19:56:16.200  2029  2186 D GStreamer+GST_ELEMENT_FACTORY: 0:05:00.588659625 0xf37ecf20 gstelementfactory.c:848:gst_element_factory_list_filter Trying rtpsbcdepay
05-09 19:56:16.200  2029  2185 D GStreamer+GST_PADS: 0:05:00.588685667 0xf37ecec0 gstpad.c:4009:gst_pad_peer_query:<amcaudiodec-omxgooglemp3decoder0:src> peer query 0xf3ac6c90 (caps)
05-09 19:56:16.200  2029  2186 D GStreamer+GST_ELEMENT_FACTORY: 0:05:00.588695980 0xf37ecf20 gstelementfactory.c:848:gst_element_factory_list_filter Trying rtpsirendepay
05-09 19:56:16.200  2029  2185 I GStreamer+GST_PADS: 0:05:00.588726500 0xf37ecec0 gstpad.c:4065:gst_pad_peer_query:<amcaudiodec-omxgooglemp3decoder0:src> pad has no peer
05-09 19:56:16.200  2029  2186 D GStreamer+GST_ELEMENT_FACTORY: 0:05:00.588740146 0xf37ecf20 gstelementfactory.c:848:gst_element_factory_list_filter Trying rtpspeexdepay
05-09 19:56:16.200  2029  2186 D GStreamer+GST_ELEMENT_FACTORY: 0:05:00.588771552 0xf37ecf20 gstelementfactory.c:848:gst_element_factory_list_filter Trying rtpsv3vdepay
05-09 19:56:16.200  2029  2186 D GStreamer+GST_ELEMENT_FACTORY: 0:05:00.588811813 0xf37ecf20 gstelementfactory.c:848:gst_element_factory_list_filter Trying rtptheoradepay
05-09 19:56:16.200  2029  2185 D GStreamer+GST_PADS: 0:05:00.588822594 0xf37ecec0 gstpad.c:3905:gst_pad_query:<amcaudiodec-omxgooglemp3decoder0:sink> sent query 0xf3ac6c00 (caps), result 1
05-09 19:56:16.200  2029  2186 D GStreamer+GST_ELEMENT_FACTORY: 0:05:00.588844209 0xf37ecf20 gstelementfactory.c:848:gst_element_factory_list_filter Trying rtpvorbisdepay
05-09 19:56:16.201  2029  2186 D GStreamer+GST_ELEMENT_FACTORY: 0:05:00.588896292 0xf37ecf20 gstelementfactory.c:848:gst_element_factory_list_filter Trying rtpvrawdepay
05-09 19:56:16.201  2029  2185 D GStreamer+GST_CAPS: 0:05:00.588914313 0xf37ecec0 gstutils.c:2845:gst_pad_query_caps:<amcaudiodec-omxgooglemp3decoder0:sink> query returned audio/mpeg, rate=(int)24000, channels=(int)1, mpegversion=(int)1, layer=(int)3, parsed=(boolean)true, mpegaudioversion=(int)2
05-09 19:56:16.201  2029  2186 D GStreamer+GST_ELEMENT_FACTORY: 0:05:00.588932542 0xf37ecf20 gstelementfactory.c:848:gst_element_factory_list_filter Trying y4mdec
05-09 19:56:16.201  2029  2186 D GStreamer+GST_ELEMENT_FACTORY: 0:05:00.588964730 0xf37ecf20 gstelementfactory.c:848:gst_element_factory_list_filter Trying dvdec
05-09 19:56:16.201  2029  2185 D GStreamer+GST_PADS: 0:05:00.588981500 0xf37ecec0 gstpad.c:3905:gst_pad_query:<amcaudiodec-omxgooglemp3decoder0:sink> sent query 0xf3d03e30 (accept-caps), result 1
05-09 19:56:16.201  2029  2186 D GStreamer+GST_ELEMENT_FACTORY: 0:05:00.589002282 0xf37ecf20 gstelementfactory.c:848:gst_element_factory_list_filter Trying openh264dec
05-09 19:56:16.201  2029  2185 D GStreamer+default: 0:05:00.589031500 0xf37ecec0 gstutils.c:2926:gst_pad_query_accept_caps:<amcaudiodec-omxgooglemp3decoder0:sink> query returned 1
05-09 19:56:16.201  2029  2186 D GStreamer+GST_ELEMENT_FACTORY: 0:05:00.589046136 0xf37ecf20 gstelementfactory.c:848:gst_element_factory_list_filter Trying rtpgstdepay
05-09 19:56:16.201  2029  2186 D GStreamer+GST_ELEMENT_FACTORY: 0:05:00.589078688 0xf37ecf20 gstelementfactory.c:848:gst_element_factory_list_filter Trying rtpvp8depay
05-09 19:56:16.201  2029  2185 D GStreamer+decodebin: 0:05:00.589094938 0xf37ecec0 gstdecodebin2.c:2658:connect_element:<decodebin3> Attempting to connect element amcaudiodec-omxgooglemp3decoder0 [chain:0xf380e808] further
05-09 19:56:16.201  2029  2186 D GStreamer+GST_ELEMENT_FACTORY: 0:05:00.589111917 0xf37ecf20 gstelementfactory.c:848:gst_element_factory_list_filter Trying rtpvp9depay
05-09 19:56:16.201  2029  2185 D GStreamer+decodebin: 0:05:00.589135927 0xf37ecec0 gstdecodebin2.c:2671:connect_element:<decodebin3> got a source pad template src
05-09 19:56:16.201  2029  2186 D GStreamer+GST_ELEMENT_FACTORY: 0:05:00.589149000 0xf37ecf20 gstelementfactory.c:848:gst_element_factory_list_filter Trying rtpxqtdepay
05-09 19:56:16.201  2029  2185 I GStreamer+GST_ELEMENT_PADS: 0:05:00.589174313 0xf37ecec0 gstelement.c:907:gst_element_get_static_pad found pad amcaudiodec-omxgooglemp3decoder0:src
05-09 19:56:16.201  2029  2186 D GStreamer+GST_ELEMENT_FACTORY: 0:05:00.589188688 0xf37ecf20 gstelementfactory.c:848:gst_element_factory_list_filter Trying sirendec
05-09 19:56:16.201  2029  2185 D GStreamer+decodebin: 0:05:00.589208167 0xf37ecec0 gstdecodebin2.c:2682:connect_element:<decodebin3> got the pad for always template src
05-09 19:56:16.201  2029  2186 D GStreamer+decodebin: 0:05:00.589230302 0xf37ecf20 gstdecodebin2.c:1417:gst_decode_bin_autoplug_factories:<forhwgl> autoplug-factories returns 0xf3589980
05-09 19:56:16.201  2029  2185 D GStreamer+GST_CAPS: 0:05:00.589257594 0xf37ecec0 gstpad.c:2648:gst_pad_get_current_caps:<amcaudiodec-omxgooglemp3decoder0:src> get current pad caps (NULL)
05-09 19:56:16.201  2029  2185 D GStreamer+GST_CAPS: 0:05:00.589307177 0xf37ecec0 gstutils.c:2838:gst_pad_query_caps:<amcaudiodec-omxgooglemp3decoder0:src> get pad caps with filter (NULL)
05-09 19:56:16.201  2029  2186 D GStreamer+decodebin: 0:05:00.589336240 0xf37ecf20 gstdecodebin2.c:2100:connect_pad:<forhwgl> pad capsfilter2:src , chain:0xf3d1dc50, 1 factories, caps video/x-h264, parsed=(boolean)true, stream-format=(string)avc, alignment=(string)au, width=(int)1280, height=(int)1440, framerate=(fraction)151/3, profile=(string)baseline
05-09 19:56:16.201  2029  2185 D GStreamer+query: 0:05:00.589349313 0xf37ecec0 gstquery.c:674:gst_query_new_custom creating new query 0xf3d19b20 caps
05-09 19:56:16.201  2029  2186 D GStreamer+GST_PADS: 0:05:00.589387959 0xf37ecf20 gstghostpad.c:840:gst_ghost_pad_set_target:<'':decodepad2> set target capsfilter2:src
05-09 19:56:16.201  2029  2185 D GStreamer+GST_PADS: 0:05:00.589405407 0xf37ecec0 gstpad.c:3882:gst_pad_query:<amcaudiodec-omxgooglemp3decoder0:src> doing query 0xf3d19b20 (caps)
05-09 19:56:16.201  2029  2186 I GStreamer+GST_ELEMENT_PADS: 0:05:00.589432125 0xf37ecf20 gstpad.c:2048:gst_pad_unlink unlinking capsfilter2:src(0xf3af3430) and decodepad2:proxypad10(0xf3923e58)
05-09 19:56:16.201  2029  2185 D GStreamer+audiodecoder: 0:05:00.589465615 0xf37ecec0 gstaudiodecoder.c:2883:gst_audio_decoder_src_query:<amcaudiodec-omxgooglemp3decoder0:src> received query caps query: 0xf3d19b20, GstQueryCaps, filter=(GstCaps)"NULL", caps=(GstCaps)"NULL";
05-09 19:56:16.201  2029  2186 D GStreamer+GST_BUS: 0:05:00.589545823 0xf37ecf20 gstbus.c:309:gst_bus_post:<bus8> [msg 0xf3d43a18] posting on bus structure-change message: 0xf3d43a18, time 99:99:99.999999999, seq-num 1686, element 'proxypad10', GstMessageStructureChange, type=(GstStructureChangeType)GST_STRUCTURE_CHANGE_TYPE_PAD_UNLINK, owner=(GstElement)"\(GstCapsFilter\)\ capsfilter2", busy=(boolean)true;
05-09 19:56:16.201  2029  2185 D GStreamer+GST_CAPS: 0:05:00.589561448 0xf37ecec0 gstpad.c:3088:gst_pad_query_caps_default:<amcaudiodec-omxgooglemp3decoder0:src> query caps caps query: 0xf3d19b20, GstQueryCaps, filter=(GstCaps)"NULL", caps=(GstCaps)"NULL";
05-09 19:56:16.201  2029  2186 D GStreamer+bin: 0:05:00.589591552 0xf37ecf20 gstbin.c:3528:gst_bin_handle_message_func:<forhwgl> [msg 0xf3d43a18] handling child proxypad10 message of type structure-change
05-09 19:56:16.201  2029  2185 D GStreamer+GST_CAPS: 0:05:00.589613480 0xf37ecec0 gstpad.c:3111:gst_pad_query_caps_default:<amcaudiodec-omxgooglemp3decoder0:src> trying pad template caps
05-09 19:56:16.201  2029  2186 D GStreamer+bin: 0:05:00.589638532 0xf37ecf20 gstbin.c:882:find_message:<forhwgl> no message found matching types 00001000
05-09 19:56:16.201  2029  2186 D GStreamer+bin: 0:05:00.589683271 0xf37ecf20 gstbin.c:889:find_message:<forhwgl>   structure-change
05-09 19:56:16.201  2029  2185 D GStreamer+GST_CAPS: 0:05:00.589699782 0xf37ecec0 gstpad.c:3141:gst_pad_query_caps_default:<amcaudiodec-omxgooglemp3decoder0:src> using caps 0xf375a2f0 audio/x-raw, rate=(int)[ 1, 2147483647 ], channels=(int)[ 1, 2147483647 ], format=(string)S16LE
05-09 19:56:16.201  2029  2186 D GStreamer+bin: 0:05:00.589731709 0xf37ecf20 gstbin.c:929:bin_replace_message:<forhwgl> got new message 0xf3d43a18, structure-change from proxypad10
05-09 19:56:16.201  2029  2185 D GStreamer+GST_PADS: 0:05:00.589762230 0xf37ecec0 gstpad.c:3339:gst_pad_query_default:<amcaudiodec-omxgooglemp3decoder0:src> not forwarding 0xf3d19b20 (caps) query
05-09 19:56:16.201  2029  2186 D GStreamer+GST_BUS: 0:05:00.589772334 0xf37ecf20 gstbus.c:344:gst_bus_post:<bus8> [msg 0xf3d43a18] dropped
05-09 19:56:16.201  2029  2185 D GStreamer+GST_PADS: 0:05:00.589805667 0xf37ecec0 gstpad.c:3905:gst_pad_query:<amcaudiodec-omxgooglemp3decoder0:src> sent query 0xf3d19b20 (caps), result 1
05-09 19:56:16.201  2029  2186 I GStreamer+GST_ELEMENT_PADS: 0:05:00.589821500 0xf37ecf20 gstpad.c:2102:gst_pad_unlink unlinked capsfilter2:src and decodepad2:proxypad10
05-09 19:56:16.202  2029  2185 D GStreamer+GST_CAPS: 0:05:00.589880042 0xf37ecec0 gstutils.c:2845:gst_pad_query_caps:<amcaudiodec-omxgooglemp3decoder0:src> query returned audio/x-raw, rate=(int)[ 1, 2147483647 ], channels=(int)[ 1, 2147483647 ], format=(string)S16LE
05-09 19:56:16.202  2029  2186 D GStreamer+GST_BUS: 0:05:00.589929677 0xf37ecf20 gstbus.c:309:gst_bus_post:<bus8> [msg 0xf3ad4458] posting on bus structure-change message: 0xf3ad4458, time 99:99:99.999999999, seq-num 1687, element 'proxypad10', GstMessageStructureChange, type=(GstStructureChangeType)GST_STRUCTURE_CHANGE_TYPE_PAD_UNLINK, owner=(GstElement)"\(GstCapsFilter\)\ capsfilter2", busy=(boolean)false;
05-09 19:56:16.202  2029  2185 D GStreamer+decodebin: 0:05:00.589958948 0xf37ecec0 gstdecodebin2.c:1531:analyze_new_pad:<decodebin3> Pad amcaudiodec-omxgooglemp3decoder0:src caps:audio/x-raw, rate=(int)[ 1, 2147483647 ], channels=(int)[ 1, 2147483647 ], format=(string)S16LE
05-09 19:56:16.202  2029  2186 D GStreamer+bin: 0:05:00.589975615 0xf37ecf20 gstbin.c:3528:gst_bin_handle_message_func:<forhwgl> [msg 0xf3ad4458] handling child proxypad10 message of type structure-change
05-09 19:56:16.202  2029  2185 D GStreamer+GST_PADS: 0:05:00.590004000 0xf37ecec0 gstpad.c:1062:gst_pad_set_active:<'':decodepad3> pad was active in push mode
05-09 19:56:16.202  2029  2186 D GStreamer+bin: 0:05:00.590017802 0xf37ecf20 gstbin.c:957:bin_remove_messages:<decodepad2:proxypad10> deleting message 0xf3d43a18 of types 0x00001000
05-09 19:56:16.202  2029  2185 D GStreamer+GST_PADS: 0:05:00.590047073 0xf37ecec0 gstghostpad.c:840:gst_ghost_pad_set_target:<'':decodepad3> set target amcaudiodec-omxgooglemp3decoder0:src
05-09 19:56:16.202  2029  2186 D GStreamer+bin: 0:05:00.590056032 0xf37ecf20 gstbin.c:963:bin_remove_messages:<forhwgl> not deleting message 0xf3ab98b8 of type 0x00100000
05-09 19:56:16.202  2029  2185 D GStreamer+GST_PADS: 0:05:00.590096188 0xf37ecec0 gstghostpad.c:862:gst_ghost_pad_set_target:<'':decodepad3> connecting internal pad to target <amcaudiodec-omxgooglemp3decoder0:src>
05-09 19:56:16.202  2029  2186 D GStreamer+GST_BUS: 0:05:00.590110980 0xf37ecf20 gstbus.c:344:gst_bus_post:<bus8> [msg 0xf3ad4458] dropped
05-09 19:56:16.202  2029  2186 D GStreamer+GST_PADS: 0:05:00.590166136 0xf37ecf20 gstghostpad.c:862:gst_ghost_pad_set_target:<'':decodepad2> connecting internal pad to target <capsfilter2:src>
05-09 19:56:16.202  2029  2185 D GStreamer+GST_BUS: 0:05:00.590191500 0xf37ecec0 gstbus.c:309:gst_bus_post:<bus10> [msg 0xf3d32a70] posting on bus structure-change message: 0xf3d32a70, time 99:99:99.999999999, seq-num 1688, element 'proxypad11', GstMessageStructureChange, type=(GstStructureChangeType)GST_STRUCTURE_CHANGE_TYPE_PAD_LINK, owner=(GstElement)"\(GstAmcAudioDec-OmxGoogleMp3Decoder\)\ amcaudiodec-omxgooglemp3decoder0", busy=(boolean)true;
05-09 19:56:16.202  2029  2185 D GStreamer+bin: 0:05:00.590249573 0xf37ecec0 gstbin.c:3528:gst_bin_handle_message_func:<decodebin3> [msg 0xf3d32a70] handling child proxypad11 message of type structure-change
05-09 19:56:16.202  2029  2186 D GStreamer+GST_BUS: 0:05:00.590272802 0xf37ecf20 gstbus.c:309:gst_bus_post:<bus8> [msg 0xf3d43b20] posting on bus structure-change message: 0xf3d43b20, time 99:99:99.999999999, seq-num 1689, element 'proxypad10', GstMessageStructureChange, type=(GstStructureChangeType)GST_STRUCTURE_CHANGE_TYPE_PAD_LINK, owner=(GstElement)"\(GstCapsFilter\)\ capsfilter2", busy=(boolean)true;
05-09 19:56:16.202  2029  2185 D GStreamer+bin: 0:05:00.590309625 0xf37ecec0 gstbin.c:882:find_message:<decodebin3> no message found matching types 00001000
05-09 19:56:16.202  2029  2186 D GStreamer+bin: 0:05:00.590325615 0xf37ecf20 gstbin.c:3528:gst_bin_handle_message_func:<forhwgl> [msg 0xf3d43b20] handling child proxypad10 message of type structure-change
05-09 19:56:16.202  2029  2185 D GStreamer+bin: 0:05:00.590347021 0xf37ecec0 gstbin.c:889:find_message:<decodebin3>   structure-change
05-09 19:56:16.202  2029  2186 D GStreamer+bin: 0:05:00.590369782 0xf37ecf20 gstbin.c:882:find_message:<forhwgl> no message found matching types 00001000
05-09 19:56:16.202  2029  2185 D GStreamer+bin: 0:05:00.590395511 0xf37ecec0 gstbin.c:929:bin_replace_message:<decodebin3> got new message 0xf3d32a70, structure-change from proxypad11
05-09 19:56:16.202  2029  2186 D GStreamer+bin: 0:05:00.590415250 0xf37ecf20 gstbin.c:889:find_message:<forhwgl>   structure-change
05-09 19:56:16.202  2029  2185 D GStreamer+GST_BUS: 0:05:00.590438532 0xf37ecec0 gstbus.c:344:gst_bus_post:<bus10> [msg 0xf3d32a70] dropped
05-09 19:56:16.202  2029  2186 D GStreamer+bin: 0:05:00.590460927 0xf37ecf20 gstbin.c:929:bin_replace_message:<forhwgl> got new message 0xf3d43b20, structure-change from proxypad10
05-09 19:56:16.202  2029  2185 I GStreamer+GST_PADS: 0:05:00.590483948 0xf37ecec0 gstpad.c:2292:gst_pad_link_prepare trying to link amcaudiodec-omxgooglemp3decoder0:src and decodepad3:proxypad11
05-09 19:56:16.202  2029  2186 D GStreamer+GST_BUS: 0:05:00.590499105 0xf37ecf20 gstbus.c:344:gst_bus_post:<bus8> [msg 0xf3d43b20] dropped
05-09 19:56:16.202  2029  2185 I GStreamer+GST_PADS: 0:05:00.590527073 0xf37ecec0 gstpad.c:2498:gst_pad_link_full linked amcaudiodec-omxgooglemp3decoder0:src and decodepad3:proxypad11, successful
05-09 19:56:16.202  2029  2186 I GStreamer+GST_PADS: 0:05:00.590536761 0xf37ecf20 gstpad.c:2292:gst_pad_link_prepare trying to link capsfilter2:src and decodepad2:proxypad10
05-09 19:56:16.202  2029  2185 I GStreamer+GST_EVENT: 0:05:00.590556396 0xf37ecec0 gstevent.c:1382:gst_event_new_reconfigure creating reconfigure event
05-09 19:56:16.202  2029  2186 I GStreamer+GST_PADS: 0:05:00.590572334 0xf37ecf20 gstpad.c:2498:gst_pad_link_full linked capsfilter2:src and decodepad2:proxypad10, successful
05-09 19:56:16.202  2029  2185 D GStreamer+GST_EVENT: 0:05:00.590592073 0xf37ecec0 gstevent.c:302:gst_event_new_custom creating new event 0xf3d33af0 reconfigure 61441
05-09 19:56:16.202  2029  2186 I GStreamer+GST_EVENT: 0:05:00.590606292 0xf37ecf20 gstevent.c:1382:gst_event_new_reconfigure creating reconfigure event
05-09 19:56:16.202  2029  2186 D GStreamer+GST_EVENT: 0:05:00.590647750 0xf37ecf20 gstevent.c:302:gst_event_new_custom creating new event 0xf396bae0 reconfigure 61441
05-09 19:56:16.202  2029  2185 D GStreamer+GST_EVENT: 0:05:00.590664573 0xf37ecec0 gstpad.c:5496:gst_pad_send_event_unchecked:<amcaudiodec-omxgooglemp3decoder0:src> have event type reconfigure event: 0xf3d33af0, time 99:99:99.999999999, seq-num 1690, (NULL)
05-09 19:56:16.202  2029  2186 D GStreamer+GST_EVENT: 0:05:00.590712698 0xf37ecf20 gstpad.c:5496:gst_pad_send_event_unchecked:<capsfilter2:src> have event type reconfigure event: 0xf396bae0, time 99:99:99.999999999, seq-num 1691, (NULL)
05-09 19:56:16.202  2029  2185 I GStreamer+GST_EVENT: 0:05:00.590730355 0xf37ecec0 gstpad.c:5601:gst_pad_send_event_unchecked:<amcaudiodec-omxgooglemp3decoder0:src> Received event on flushing pad. Discarding
