05-09 19:56:16.275  2029  2192 D GStreamer+GST_PADS: 0:05:00.663255719 0xf3ac6890 gstpad.c:3905:gst_pad_query:<sink:proxypad8> sent query 0xf3b67f50 (latency), result 1
05-09 19:56:16.275  2029  2175 D GStreamer+GST_STATES: 0:05:00.663268375 0xf3d9e340 gstelement.c:2684:gst_element_change_state:<queue7> element changed state SUCCESS
05-09 19:56:16.275  2029  2175 I GStreamer+GST_STATES: 0:05:00.663309052 0xf3d9e340 gstelement.c:2372:gst_element_continue_state:<queue7> completed state change to NULL
05-09 19:56:16.275  2029  2192 D GStreamer+GST_PADS: 0:05:00.663326084 0xf3ac6890 gstpad.c:3339:gst_pad_query_default:<typefind:src> not forwarding 0xf3ac6a00 (latency) query
05-09 19:56:16.275  2029  2175 I GStreamer+GST_STATES: 0:05:00.663373844 0xf3d9e340 gstelement.c:2277:_priv_gst_element_state_changed:<queue7> notifying about state-changed READY to NULL (VOID_PENDING pending)
05-09 19:56:16.275  2029  2192 D GStreamer+GST_PADS: 0:05:00.663389990 0xf3ac6890 gstpad.c:3905:gst_pad_query:<typefind:src> sent query 0xf3ac6a00 (latency), result 1
05-09 19:56:16.275  2029  2192 D GStreamer+baseparse: 0:05:00.663452386 0xf3ac6890 gstbaseparse.c:4104:gst_base_parse_src_query_default:<mpegaudioparse0> Peer latency: live 0, min 0:00:00.000000000 max 99:99:99.999999999
05-09 19:56:16.275  2029  2175 D GStreamer+GST_BUS: 0:05:00.663475823 0xf3d9e340 gstbus.c:309:gst_bus_post:<bus12> [msg 0xf3d439c0] posting on bus state-changed message: 0xf3d439c0, time 99:99:99.999999999, seq-num 1741, element 'queue7', GstMessageStateChanged, old-state=(GstState)GST_STATE_READY, new-state=(GstState)GST_STATE_NULL, pending-state=(GstState)GST_STATE_VOID_PENDING;
05-09 19:56:16.275  2029  2192 D GStreamer+GST_PADS: 0:05:00.663502750 0xf3ac6890 gstpad.c:3905:gst_pad_query:<mpegaudioparse0:src> sent query 0xf3ac6a00 (latency), result 1
05-09 19:56:16.275  2029  2175 D GStreamer+bin: 0:05:00.663523011 0xf3d9e340 gstbin.c:3528:gst_bin_handle_message_func:<pipeline2> [msg 0xf3d439c0] handling child queue7 message of type state-changed
05-09 19:56:16.275  2029  2175 D GStreamer+bin: 0:05:00.663570250 0xf3d9e340 gstbin.c:3865:gst_bin_handle_message_func:<pipeline2> posting message upward
05-09 19:56:16.275  2029  2192 D GStreamer+audio: 0:05:00.663619782 0xf3ac6890 audio.c:108:gst_audio_buffer_clip timestamp 0:00:00.000000000
05-09 19:56:16.275  2029  2175 D GStreamer+GST_BUS: 0:05:00.663655667 0xf3d9e340 gstbus.c:309:gst_bus_post:<bus13> [msg 0xf3d439c0] posting on bus state-changed message: 0xf3d439c0, time 99:99:99.999999999, seq-num 1741, element 'queue7', GstMessageStateChanged, old-state=(GstState)GST_STATE_READY, new-state=(GstState)GST_STATE_NULL, pending-state=(GstState)GST_STATE_VOID_PENDING;
05-09 19:56:16.275  2029  2192 D GStreamer+GST_SCHEDULING: 0:05:00.663699313 0xf3ac6890 gstpad.c:4153:gst_pad_chain_data_unchecked:<src_0:proxypad11> calling chainfunction &gst_proxy_pad_chain_default with buffer buffer: 0xf39e3be8, pts 0:00:00.000000000, dts 99:99:99.999999999, dur 0:00:00.024000000, size 1152, offset none, offset_end none, flags 0x40
05-09 19:56:16.275  2029  2175 D GStreamer+GST_BUS: 0:05:00.663716136 0xf3d9e340 gstbus.c:348:gst_bus_post:<bus13> [msg 0xf3d439c0] pushing on async queue
05-09 19:56:16.275  2029  2192 D GStreamer+GST_PADS: 0:05:00.663739313 0xf3ac6890 gstpad.c:3650:do_probe_callbacks:<decodebin3:src_0> data is passed
05-09 19:56:16.275  2029  2175 D GStreamer+GST_BUS: 0:05:00.663774313 0xf3d9e340 gstbus.c:351:gst_bus_post:<bus13> [msg 0xf3d439c0] pushed on async queue
05-09 19:56:16.275  2029  2192 D GStreamer+GST_MEMORY: 0:05:00.663792021 0xf3ac6890 gstmemory.c:87:_gst_memory_free free memory 0xf3abc240
05-09 19:56:16.275  2029  2175 D GStreamer+GST_BUS: 0:05:00.663814938 0xf3d9e340 gstbus.c:344:gst_bus_post:<bus12> [msg 0xf3d439c0] dropped
05-09 19:56:16.275  2029  2192 D GStreamer+GST_SCHEDULING: 0:05:00.663840511 0xf3ac6890 gstpad.c:4159:gst_pad_chain_data_unchecked:<src_0:proxypad11> called chainfunction &gst_proxy_pad_chain_default with buffer 0xf39e3be8, returned flushing
05-09 19:56:16.276  2029  2175 D GStreamer+GST_STATES: 0:05:00.663886709 0xf3d9e340 gstelement.c:2607:gst_element_set_state_func:<queue7> returned SUCCESS
05-09 19:56:16.276  2029  2192 D GStreamer+GST_MEMORY: 0:05:00.663902802 0xf3ac6890 gstmemory.c:87:_gst_memory_free free memory 0xf39b4038
05-09 19:56:16.276  2029  2175 I GStreamer+GST_STATES: 0:05:00.663926604 0xf3d9e340 gstbin.c:2764:gst_bin_change_state_func:<pipeline2> child 'queue7' changed state to 1(NULL) successfully
05-09 19:56:16.276  2029  2175 D GStreamer+bin: 0:05:00.663978740 0xf3d9e340 gstbin.c:2182:gst_bin_sort_iterator_next:<pipeline2> queue head gives forhalffps
05-09 19:56:16.276  2029  2192 D GStreamer+amcaudiodec: 0:05:00.664021084 0xf3ac6890 gstamcaudiodec.c:600:gst_amc_audio_dec_loop:<amcaudiodec-omxgooglemp3decoder0> Finished frame: flushing
05-09 19:56:16.276  2029  2175 D GStreamer+bin: 0:05:00.664035771 0xf3d9e340 gstbin.c:882:find_message:<pipeline2> no message found matching types 00001000
05-09 19:56:16.276  2029  2192 D GStreamer+amcaudiodec: 0:05:00.664065302 0xf3ac6890 gstamcaudiodec.c:680:gst_amc_audio_dec_loop:<amcaudiodec-omxgooglemp3decoder0> Flushing -- stopping task
05-09 19:56:16.276  2029  2175 D GStreamer+bin: 0:05:00.664095667 0xf3d9e340 gstbin.c:889:find_message:<pipeline2>   structure-change
05-09 19:56:16.276  2029  2192 D GStreamer+GST_PADS: 0:05:00.664114157 0xf3ac6890 gstpad.c:5994:gst_pad_pause_task:<amcaudiodec-omxgooglemp3decoder0:src> pause task
05-09 19:56:16.276  2029  2175 D GStreamer+bin: 0:05:00.664143219 0xf3d9e340 gstbin.c:2098:update_degree:<pipeline2> change element queue5, degree 1->0, linked to forhalffps
05-09 19:56:16.276  2029  2192 D GStreamer+task: 0:05:00.664166084 0xf3ac6890 gsttask.c:682:gst_task_set_state:<amcaudiodec-omxgooglemp3decoder0:src> Changing task 0xf3aceeb8 to state 2
05-09 19:56:16.276  2029  2192 I GStreamer+task: 0:05:00.664215719 0xf3ac6890 gsttask.c:316:gst_task_func:<amcaudiodec-omxgooglemp3decoder0:src> Task going to paused
05-09 19:56:16.276  2029  2185 D GStreamer+audiodecoder: 0:05:00.664230407 0xf37ecec0 gstaudiodecoder.c:1476:gst_audio_decoder_push_buffers:<amcaudiodec-omxgooglemp3decoder0> available: 144
05-09 19:56:16.276  2029  2175 D GStreamer+bin: 0:05:00.664234938 0xf3d9e340 gstbin.c:1981:add_to_queue:<pipeline2> adding 'queue5' to queue
05-09 19:56:16.276  2029  2185 D GStreamer+amcaudiodec: 0:05:00.664283323 0xf37ecec0 gstamcaudiodec.c:1050:gst_amc_audio_dec_handle_frame:<amcaudiodec-omxgooglemp3decoder0> Handling frame
05-09 19:56:16.276  2029  2185 E GStreamer+amcaudiodec: 0:05:00.664323011 0xf37ecec0 gstamcaudiodec.c:1189:gst_amc_audio_dec_handle_frame:<amcaudiodec-omxgooglemp3decoder0> Downstream returned flushing
05-09 19:56:16.276  2029  2175 I GStreamer+GST_STATES: 0:05:00.664329521 0xf3d9e340 gstbin.c:2316:gst_bin_element_set_state:<forhalffps> current PAUSED pending VOID_PENDING, desired next NULL
05-09 19:56:16.276  2029  2175 D GStreamer+bin: 0:05:00.664374261 0xf3d9e340 gstbin.c:882:find_message:<pipeline2> no message found matching types 00100000
05-09 19:56:16.276  2029  2185 D GStreamer+GST_SCHEDULING: 0:05:00.664393896 0xf37ecec0 gstpad.c:4159:gst_pad_chain_data_unchecked:<amcaudiodec-omxgooglemp3decoder0:sink> called chainfunction &gst_audio_decoder_chain with buffer 0xf3d02bf0, returned flushing
05-09 19:56:16.276  2029  2175 D GStreamer+bin: 0:05:00.664428427 0xf3d9e340 gstbin.c:889:find_message:<pipeline2>   async-start
05-09 19:56:16.276  2029  2185 D GStreamer+GST_SCHEDULING: 0:05:00.664452802 0xf37ecec0 gstpad.c:4159:gst_pad_chain_data_unchecked:<mpegaudioparse0:sink> called chainfunction &gst_base_parse_chain with buffer 0xf3d02bf0, returned flushing
05-09 19:56:16.276  2029  2175 D GStreamer+bin: 0:05:00.664486448 0xf3d9e340 gstbin.c:2411:gst_bin_element_set_state:<pipeline2> setting element forhalffps to NULL, base_time 0:00:00.000000000
05-09 19:56:16.276  2029  2185 D GStreamer+GST_SCHEDULING: 0:05:00.664533375 0xf37ecec0 gstpad.c:4159:gst_pad_chain_data_unchecked:<typefind:sink> called chainfunction &gst_type_find_element_chain with buffer 0xf3d02bf0, returned flushing
05-09 19:56:16.276  2029  2175 D GStreamer+GST_STATES: 0:05:00.664543844 0xf3d9e340 gstelement.c:2523:gst_element_set_state_func:<forhalffps> set_state to NULL
05-09 19:56:16.276  2029  2175 D GStreamer+GST_STATES: 0:05:00.664585823 0xf3d9e340 gstelement.c:2548:gst_element_set_state_func:<forhalffps> setting target state to NULL
05-09 19:56:16.276  2029  2185 D GStreamer+GST_SCHEDULING: 0:05:00.664602646 0xf37ecec0 gstpad.c:4159:gst_pad_chain_data_unchecked:<decodebin3:sink> called chainfunction &gst_proxy_pad_chain_default with buffer 0xf3d02bf0, returned flushing
05-09 19:56:16.276  2029  2175 D GStreamer+GST_STATES: 0:05:00.664652021 0xf3d9e340 gstelement.c:2561:gst_element_set_state_func:<forhalffps> current PAUSED, old_pending VOID_PENDING, next VOID_PENDING, old return SUCCESS
05-09 19:56:16.276  2029  2185 D GStreamer+GST_PADS: 0:05:00.664669209 0xf37ecec0 gstpad.c:5994:gst_pad_pause_task:<queue6:src> pause task
05-09 19:56:16.276  2029  2175 D GStreamer+GST_STATES: 0:05:00.664697073 0xf3d9e340 gstelement.c:2595:gst_element_set_state_func:<forhalffps> intermediate: setting state from PAUSED to READY
05-09 19:56:16.276  2029  2185 D GStreamer+task: 0:05:00.664721657 0xf37ecec0 gsttask.c:682:gst_task_set_state:<queue6:src> Changing task 0xf3abe568 to state 2
05-09 19:56:16.276  2029  2175 D GStreamer+GST_ELEMENT_PADS: 0:05:00.664763167 0xf3d9e340 gstelement.c:2793:gst_element_pads_activate:<forhalffps> deactivate pads
05-09 19:56:16.276  2029  2185 D GStreamer+GST_MEMORY: 0:05:00.664778636 0xf37ecec0 gstmemory.c:87:_gst_memory_free free memory 0xf39b43d8
05-09 19:56:16.276  2029  2175 D GStreamer+GST_PADS: 0:05:00.664807021 0xf3d9e340 gstpad.c:1071:gst_pad_set_active:<forhalffps:src> deactivating pad from push mode
05-09 19:56:16.276  2029  2185 D GStreamer+GST_MEMORY: 0:05:00.664821917 0xf37ecec0 gstmemory.c:87:_gst_memory_free free memory 0xf39b44c0
05-09 19:56:16.277  2029  2175 D GStreamer+GST_PADS: 0:05:00.664857438 0xf3d9e340 gstpad.c:960:pre_activate:<forhalffps:src> setting PAD_MODE NONE, set flushing
05-09 19:56:16.277  2029  2185 D GStreamer+GST_MEMORY: 0:05:00.664882698 0xf37ecec0 gstmemory.c:87:_gst_memory_free free memory 0xf39b45a8
05-09 19:56:16.277  2029  2175 D GStreamer+GST_PADS: 0:05:00.664908479 0xf3d9e340 gstpad.c:1008:post_activate:<forhalffps:src> stopped streaming
05-09 19:56:16.277  2029  2185 D GStreamer+GST_MEMORY: 0:05:00.664924261 0xf37ecec0 gstmemory.c:87:_gst_memory_free free memory 0xf39b4690
05-09 19:56:16.277  2029  2185 D GStreamer+GST_MEMORY: 0:05:00.664970250 0xf37ecec0 gstmemory.c:87:_gst_memory_free free memory 0xf3a1e840
05-09 19:56:16.277  2029  2175 D GStreamer+GST_PADS: 0:05:00.664975407 0xf3d9e340 gstpad.c:1198:gst_pad_activate_mode:<forhalffps:src> deactivated in push mode
05-09 19:56:16.277  2029  2185 D GStreamer+GST_MEMORY: 0:05:00.665001500 0xf37ecec0 gstmemory.c:87:_gst_memory_free free memory 0xf3a1e928
05-09 19:56:16.277  2029  2175 D GStreamer+GST_PADS: 0:05:00.665023323 0xf3d9e340 gstpad.c:1071:gst_pad_set_active:<forhalffps:sink> deactivating pad from push mode
05-09 19:56:16.277  2029  2185 D GStreamer+GST_MEMORY: 0:05:00.665042490 0xf37ecec0 gstmemory.c:87:_gst_memory_free free memory 0xf3a1ea10
05-09 19:56:16.277  2029  2175 D GStreamer+GST_PADS: 0:05:00.665081500 0xf3d9e340 gstpad.c:960:pre_activate:<forhalffps:sink> setting PAD_MODE NONE, set flushing
05-09 19:56:16.277  2029  2185 D GStreamer+GST_MEMORY: 0:05:00.665096188 0xf37ecec0 gstmemory.c:87:_gst_memory_free free memory 0xf3a1eaf8
05-09 19:56:16.277  2029  2175 D GStreamer+GST_PADS: 0:05:00.665124261 0xf3d9e340 gstpad.c:1008:post_activate:<forhalffps:sink> stopped streaming
05-09 19:56:16.277  2029  2185 D GStreamer+GST_MEMORY: 0:05:00.665138792 0xf37ecec0 gstmemory.c:87:_gst_memory_free free memory 0xf3a1ebe0
05-09 19:56:16.277  2029  2185 D GStreamer+GST_MEMORY: 0:05:00.665178896 0xf37ecec0 gstmemory.c:87:_gst_memory_free free memory 0xf3a1ecc8
05-09 19:56:16.277  2029  2175 D GStreamer+GST_PADS: 0:05:00.665164313 0xf3d9e340 gstpad.c:1198:gst_pad_activate_mode:<forhalffps:sink> deactivated in push mode
05-09 19:56:16.277  2029  2185 D GStreamer+GST_MEMORY: 0:05:00.665213636 0xf37ecec0 gstmemory.c:87:_gst_memory_free free memory 0xf3a1edb0
05-09 19:56:16.277  2029  2175 D GStreamer+GST_ELEMENT_PADS: 0:05:00.665229365 0xf3d9e340 gstelement.c:2812:gst_element_pads_activate:<forhalffps> pad deactivation successful
05-09 19:56:16.277  2029  2185 D GStreamer+GST_MEMORY: 0:05:00.665251188 0xf37ecec0 gstmemory.c:87:_gst_memory_free free memory 0xf3a1ee98
05-09 19:56:16.277  2029  2175 D GStreamer+GST_STATES: 0:05:00.665275563 0xf3d9e340 gstelement.c:2684:gst_element_change_state:<forhalffps> element changed state SUCCESS
05-09 19:56:16.277  2029  2185 D GStreamer+GST_MEMORY: 0:05:00.665290823 0xf37ecec0 gstmemory.c:87:_gst_memory_free free memory 0xf389f898
05-09 19:56:16.277  2029  2185 D GStreamer+GST_MEMORY: 0:05:00.665337542 0xf37ecec0 gstmemory.c:87:_gst_memory_free free memory 0xf389f980
05-09 19:56:16.277  2029  2175 I GStreamer+GST_STATES: 0:05:00.665353584 0xf3d9e340 gstelement.c:2347:gst_element_continue_state:<forhalffps> committing state from PAUSED to READY, pending NULL, next NULL
05-09 19:56:16.277  2029  2185 D GStreamer+GST_MEMORY: 0:05:00.665370042 0xf37ecec0 gstmemory.c:87:_gst_memory_free free memory 0xf389fa68
05-09 19:56:16.277  2029  2175 I GStreamer+GST_STATES: 0:05:00.665411657 0xf3d9e340 gstelement.c:2277:_priv_gst_element_state_changed:<forhalffps> notifying about state-changed PAUSED to READY (NULL pending)
05-09 19:56:16.277  2029  2185 D GStreamer+GST_MEMORY: 0:05:00.665426761 0xf37ecec0 gstmemory.c:87:_gst_memory_free free memory 0xf389fb50
05-09 19:56:16.277  2029  2185 D GStreamer+GST_MEMORY: 0:05:00.665457490 0xf37ecec0 gstmemory.c:87:_gst_memory_free free memory 0xf389fc38
05-09 19:56:16.277  2029  2185 D GStreamer+GST_MEMORY: 0:05:00.665505979 0xf37ecec0 gstmemory.c:87:_gst_memory_free free memory 0xf389fd20
05-09 19:56:16.277  2029  2175 D GStreamer+GST_BUS: 0:05:00.665491240 0xf3d9e340 gstbus.c:309:gst_bus_post:<bus12> [msg 0xf3ad4668] posting on bus state-changed message: 0xf3ad4668, time 99:99:99.999999999, seq-num 1742, element 'forhalffps', GstMessageStateChanged, old-state=(GstState)GST_STATE_PAUSED, new-state=(GstState)GST_STATE_READY, pending-state=(GstState)GST_STATE_NULL;
05-09 19:56:16.277  2029  2175 D GStreamer+bin: 0:05:00.665552073 0xf3d9e340 gstbin.c:3528:gst_bin_handle_message_func:<pipeline2> [msg 0xf3ad4668] handling child forhalffps message of type state-changed
05-09 19:56:16.277  2029  2185 D GStreamer+GST_MEMORY: 0:05:00.665557698 0xf37ecec0 gstmemory.c:87:_gst_memory_free free memory 0xf389fe08
05-09 19:56:16.277  2029  2175 D GStreamer+bin: 0:05:00.665586917 0xf3d9e340 gstbin.c:3865:gst_bin_handle_message_func:<pipeline2> posting message upward
05-09 19:56:16.277  2029  2185 D GStreamer+GST_MEMORY: 0:05:00.665602125 0xf37ecec0 gstmemory.c:87:_gst_memory_free free memory 0xf389fef0
05-09 19:56:16.277  2029  2185 D GStreamer+GST_MEMORY: 0:05:00.665635146 0xf37ecec0 gstmemory.c:87:_gst_memory_free free memory 0xf3af4008
05-09 19:56:16.277  2029  2185 D GStreamer+GST_MEMORY: 0:05:00.665675615 0xf37ecec0 gstmemory.c:87:_gst_memory_free free memory 0xf3af40f0
05-09 19:56:16.277  2029  2175 D GStreamer+GST_BUS: 0:05:00.665691396 0xf3d9e340 gstbus.c:309:gst_bus_post:<bus13> [msg 0xf3ad4668] posting on bus state-changed message: 0xf3ad4668, time 99:99:99.999999999, seq-num 1742, element 'forhalffps', GstMessageStateChanged, old-state=(GstState)GST_STATE_PAUSED, new-state=(GstState)GST_STATE_READY, pending-state=(GstState)GST_STATE_NULL;
05-09 19:56:16.277  2029  2185 D GStreamer+GST_MEMORY: 0:05:00.665710563 0xf37ecec0 gstmemory.c:87:_gst_memory_free free memory 0xf3af41d8
05-09 19:56:16.277  2029  2175 D GStreamer+GST_BUS: 0:05:00.665752073 0xf3d9e340 gstbus.c:348:gst_bus_post:<bus13> [msg 0xf3ad4668] pushing on async queue
05-09 19:56:16.277  2029  2185 D GStreamer+GST_MEMORY: 0:05:00.665766969 0xf37ecec0 gstmemory.c:87:_gst_memory_free free memory 0xf3af42c0
05-09 19:56:16.277  2029  2175 D GStreamer+GST_BUS: 0:05:00.665788844 0xf3d9e340 gstbus.c:351:gst_bus_post:<bus13> [msg 0xf3ad4668] pushed on async queue
05-09 19:56:16.277  2029  2185 D GStreamer+GST_MEMORY: 0:05:00.665796448 0xf37ecec0 gstmemory.c:87:_gst_memory_free free memory 0xf3af43a8
05-09 19:56:16.277  2029  2185 D GStreamer+GST_MEMORY: 0:05:00.665840094 0xf37ecec0 gstmemory.c:87:_gst_memory_free free memory 0xf3af4490
05-09 19:56:16.277  2029  2175 D GStreamer+GST_BUS: 0:05:00.665825459 0xf3d9e340 gstbus.c:344:gst_bus_post:<bus12> [msg 0xf3ad4668] dropped
05-09 19:56:16.278  2029  2185 D GStreamer+GST_MEMORY: 0:05:00.665892750 0xf37ecec0 gstmemory.c:87:_gst_memory_free free memory 0xf3af4578
05-09 19:56:16.278  2029  2175 I GStreamer+GST_STATES: 0:05:00.665908948 0xf3d9e340 gstelement.c:2354:gst_element_continue_state:<forhalffps> continue state change READY to NULL, final NULL
05-09 19:56:16.278  2029  2185 D GStreamer+GST_MEMORY: 0:05:00.665926761 0xf37ecec0 gstmemory.c:87:_gst_memory_free free memory 0xf3af4660
05-09 19:56:16.278  2029  2185 D GStreamer+GST_MEMORY: 0:05:00.665956188 0xf37ecec0 gstmemory.c:87:_gst_memory_free free memory 0xf39d6838
05-09 19:56:16.278  2029  2175 D GStreamer+GST_ELEMENT_PADS: 0:05:00.665971396 0xf3d9e340 gstelement.c:2793:gst_element_pads_activate:<forhalffps> deactivate pads
05-09 19:56:16.278  2029  2185 D GStreamer+GST_MEMORY: 0:05:00.665987334 0xf37ecec0 gstmemory.c:87:_gst_memory_free free memory 0xf39d6920
05-09 19:56:16.278  2029  2175 D GStreamer+GST_PADS: 0:05:00.666014729 0xf3d9e340 gstpad.c:1067:gst_pad_set_active:<forhalffps:src> pad was inactive
05-09 19:56:16.278  2029  2185 D GStreamer+GST_MEMORY: 0:05:00.666029052 0xf37ecec0 gstmemory.c:87:_gst_memory_free free memory 0xf39d6a08
05-09 19:56:16.278  2029  2175 D GStreamer+GST_PADS: 0:05:00.666069052 0xf3d9e340 gstpad.c:1067:gst_pad_set_active:<forhalffps:sink> pad was inactive
05-09 19:56:16.278  2029  2185 D GStreamer+GST_MEMORY: 0:05:00.666083427 0xf37ecec0 gstmemory.c:87:_gst_memory_free free memory 0xf39d6af0
05-09 19:56:16.278  2029  2175 D GStreamer+GST_ELEMENT_PADS: 0:05:00.666112021 0xf3d9e340 gstelement.c:2812:gst_element_pads_activate:<forhalffps> pad deactivation successful
05-09 19:56:16.278  2029  2185 D GStreamer+GST_MEMORY: 0:05:00.666126240 0xf37ecec0 gstmemory.c:87:_gst_memory_free free memory 0xf39d6bd8
05-09 19:56:16.278  2029  2175 D GStreamer+GST_STATES: 0:05:00.666146292 0xf3d9e340 gstelement.c:2684:gst_element_change_state:<forhalffps> element changed state SUCCESS
05-09 19:56:16.278  2029  2175 I GStreamer+GST_STATES: 0:05:00.666197542 0xf3d9e340 gstelement.c:2372:gst_element_continue_state:<forhalffps> completed state change to NULL
05-09 19:56:16.278  2029  2185 D GStreamer+GST_MEMORY: 0:05:00.666222854 0xf37ecec0 gstmemory.c:87:_gst_memory_free free memory 0xf39d6cc0
05-09 19:56:16.278  2029  2175 I GStreamer+GST_STATES: 0:05:00.666236657 0xf3d9e340 gstelement.c:2277:_priv_gst_element_state_changed:<forhalffps> notifying about state-changed READY to NULL (VOID_PENDING pending)
05-09 19:56:16.278  2029  2185 D GStreamer+GST_MEMORY: 0:05:00.666261188 0xf37ecec0 gstmemory.c:87:_gst_memory_free free memory 0xf39d6da8
05-09 19:56:16.278  2029  2185 D GStreamer+GST_MEMORY: 0:05:00.666297073 0xf37ecec0 gstmemory.c:87:_gst_memory_free free memory 0xf39d6e90
05-09 19:56:16.278  2029  2175 D GStreamer+GST_BUS: 0:05:00.666331865 0xf3d9e340 gstbus.c:309:gst_bus_post:<bus12> [msg 0xf3acf110] posting on bus state-changed message: 0xf3acf110, time 99:99:99.999999999, seq-num 1743, element 'forhalffps', GstMessageStateChanged, old-state=(GstState)GST_STATE_READY, new-state=(GstState)GST_STATE_NULL, pending-state=(GstState)GST_STATE_VOID_PENDING;
05-09 19:56:16.278  2029  2175 D GStreamer+bin: 0:05:00.666390823 0xf3d9e340 gstbin.c:3528:gst_bin_handle_message_func:<pipeline2> [msg 0xf3acf110] handling child forhalffps message of type state-changed
05-09 19:56:16.278  2029  2185 D GStreamer+GST_MEMORY: 0:05:00.666412490 0xf37ecec0 gstmemory.c:87:_gst_memory_free free memory 0xf3ada840
05-09 19:56:16.278  2029  2175 D GStreamer+bin: 0:05:00.666431032 0xf3d9e340 gstbin.c:3865:gst_bin_handle_message_func:<pipeline2> posting message upward
05-09 19:56:16.278  2029  2185 D GStreamer+GST_MEMORY: 0:05:00.666448479 0xf37ecec0 gstmemory.c:87:_gst_memory_free free memory 0xf3ada928
05-09 19:56:16.278  2029  2185 D GStreamer+GST_MEMORY: 0:05:00.666488011 0xf37ecec0 gstmemory.c:87:_gst_memory_free free memory 0xf3adaa10
05-09 19:56:16.278  2029  2185 D GStreamer+GST_MEMORY: 0:05:00.666523584 0xf37ecec0 gstmemory.c:87:_gst_memory_free free memory 0xf3adaaf8
05-09 19:56:16.278  2029  2175 D GStreamer+GST_BUS: 0:05:00.666539938 0xf3d9e340 gstbus.c:309:gst_bus_post:<bus13> [msg 0xf3acf110] posting on bus state-changed message: 0xf3acf110, time 99:99:99.999999999, seq-num 1743, element 'forhalffps', GstMessageStateChanged, old-state=(GstState)GST_STATE_READY, new-state=(GstState)GST_STATE_NULL, pending-state=(GstState)GST_STATE_VOID_PENDING;
05-09 19:56:16.278  2029  2185 D GStreamer+GST_MEMORY: 0:05:00.666554782 0xf37ecec0 gstmemory.c:87:_gst_memory_free free memory 0xf3adabe0
05-09 19:56:16.278  2029  2175 D GStreamer+GST_BUS: 0:05:00.666581865 0xf3d9e340 gstbus.c:348:gst_bus_post:<bus13> [msg 0xf3acf110] pushing on async queue
05-09 19:56:16.278  2029  2185 D GStreamer+GST_MEMORY: 0:05:00.666596865 0xf37ecec0 gstmemory.c:87:_gst_memory_free free memory 0xf3adacc8
05-09 19:56:16.278  2029  2187 D GStreamer+GST_MEMORY: 0:05:00.666646917 0xf37ecf50 gstmemory.c:87:_gst_memory_free free memory 0xf3adadb0
05-09 19:56:16.278  2029  2175 D GStreamer+GST_BUS: 0:05:00.666653688 0xf3d9e340 gstbus.c:351:gst_bus_post:<bus13> [msg 0xf3acf110] pushed on async queue
05-09 19:56:16.278  2029  2185 I GStreamer+task: 0:05:00.666669782 0xf37ecec0 gsttask.c:316:gst_task_func:<queue6:src> Task going to paused
05-09 19:56:16.278  2029  2175 D GStreamer+GST_BUS: 0:05:00.666719938 0xf3d9e340 gstbus.c:344:gst_bus_post:<bus12> [msg 0xf3acf110] dropped
05-09 19:56:16.278  2029  2187 D GStreamer+GST_SCHEDULING: 0:05:00.666736188 0xf37ecf50 gstpad.c:4159:gst_pad_chain_data_unchecked:<queue6:sink> called chainfunction &gst_queue_chain with buffer 0xf3ac3be0, returned flushing
05-09 19:56:16.278  2029  2175 D GStreamer+GST_STATES: 0:05:00.666762750 0xf3d9e340 gstelement.c:2607:gst_element_set_state_func:<forhalffps> returned SUCCESS
05-09 19:56:16.278  2029  2187 D GStreamer+qtdemux: 0:05:00.666785042 0xf37ecf50 qtdemux.c:7675:qtdemux_parse_samples:<q> parsing up to sample 47
05-09 19:56:16.278  2029  2175 I GStreamer+GST_STATES: 0:05:00.666805771 0xf3d9e340 gstbin.c:2764:gst_bin_change_state_func:<pipeline2> child 'forhalffps' changed state to 1(NULL) successfully
05-09 19:56:16.278  2029  2187 D GStreamer+qtdemux: 0:05:00.666835615 0xf37ecf50 qtdemux.c:7882:qtdemux_parse_samples:<q> sample 47: index 47, timestamp 0:00:01.128000000
05-09 19:56:16.279  2029  2175 D GStreamer+bin: 0:05:00.666859521 0xf3d9e340 gstbin.c:2182:gst_bin_sort_iterator_next:<pipeline2> queue head gives decodebin3
05-09 19:56:16.279  2029  2187 D GStreamer+qtdemux: 0:05:00.666884104 0xf37ecf50 qtdemux.c:7982:qtdemux_parse_samples:<q> setting all keyframes
05-09 19:56:16.279  2029  2175 D GStreamer+bin: 0:05:00.666909417 0xf3d9e340 gstbin.c:882:find_message:<pipeline2> no message found matching types 00001000
05-09 19:56:16.279  2029  2187 D GStreamer+GST_PADS: 0:05:00.666924677 0xf37ecf50 gstpad.c:5994:gst_pad_pause_task:<q:sink> pause task
05-09 19:56:16.279  2029  2175 D GStreamer+bin: 0:05:00.666973532 0xf3d9e340 gstbin.c:889:find_message:<pipeline2>   structure-change
05-09 19:56:16.279  2029  2187 D GStreamer+task: 0:05:00.666990563 0xf37ecf50 gsttask.c:682:gst_task_set_state:<q:sink> Changing task 0xf3d1cb70 to state 2
05-09 19:56:16.279  2029  2175 D GStreamer+bin: 0:05:00.667016500 0xf3d9e340 gstbin.c:2098:update_degree:<pipeline2> change element queue6, degree 1->0, linked to decodebin3
05-09 19:56:16.279  2029  2187 I GStreamer+task: 0:05:00.667028532 0xf37ecf50 gsttask.c:316:gst_task_func:<q:sink> Task going to paused
05-09 19:56:16.279  2029  2175 D GStreamer+bin: 0:05:00.667066813 0xf3d9e340 gstbin.c:1981:add_to_queue:<pipeline2> adding 'queue6' to queue
05-09 19:56:16.279  2029  2175 I GStreamer+GST_STATES: 0:05:00.667107229 0xf3d9e340 gstbin.c:2316:gst_bin_element_set_state:<decodebin3> current PAUSED pending VOID_PENDING, desired next NULL
05-09 19:56:16.279  2029  2175 D GStreamer+bin: 0:05:00.667140979 0xf3d9e340 gstbin.c:882:find_message:<pipeline2> no message found matching types 00100000
05-09 19:56:16.279  2029  2175 D GStreamer+bin: 0:05:00.667187802 0xf3d9e340 gstbin.c:889:find_message:<pipeline2>   async-start
05-09 19:56:16.279  2029  2175 D GStreamer+bin: 0:05:00.667225875 0xf3d9e340 gstbin.c:2411:gst_bin_element_set_state:<pipeline2> setting element decodebin3 to NULL, base_time 0:00:00.000000000
05-09 19:56:16.279  2029  2175 D GStreamer+GST_STATES: 0:05:00.667272698 0xf3d9e340 gstelement.c:2523:gst_element_set_state_func:<decodebin3> set_state to NULL
05-09 19:56:16.279  2029  2175 D GStreamer+GST_STATES: 0:05:00.667307907 0xf3d9e340 gstelement.c:2548:gst_element_set_state_func:<decodebin3> setting target state to NULL
05-09 19:56:16.279  2029  2175 D GStreamer+GST_STATES: 0:05:00.667344677 0xf3d9e340 gstelement.c:2561:gst_element_set_state_func:<decodebin3> current PAUSED, old_pending VOID_PENDING, next VOID_PENDING, old return SUCCESS
05-09 19:56:16.279  2029  2175 D GStreamer+GST_STATES: 0:05:00.667396084 0xf3d9e340 gstelement.c:2595:gst_element_set_state_func:<decodebin3> intermediate: setting state from PAUSED to READY
05-09 19:56:16.279  2029  2175 D GStreamer+GST_STATES: 0:05:00.667438896 0xf3d9e340 gstbin.c:2664:gst_bin_change_state_func:<decodebin3> changing state of children from PAUSED to READY
05-09 19:56:16.279  2029  2175 D GStreamer+bin: 0:05:00.667483896 0xf3d9e340 gstbin.c:2701:gst_bin_change_state_func:<decodebin3> clearing all cached messages
05-09 19:56:16.279  2029  2175 D GStreamer+bin: 0:05:00.667519886 0xf3d9e340 gstbin.c:2509:gst_bin_src_pads_activate:<decodebin3> deactivate pads
05-09 19:56:16.279  2029  2175 D GStreamer+GST_PADS: 0:05:00.667558271 0xf3d9e340 gstpad.c:1071:gst_pad_set_active:<decodebin3:src_0> deactivating pad from push mode
05-09 19:56:16.279  2029  2175 D GStreamer+GST_PADS: 0:05:00.667607125 0xf3d9e340 gstpad.c:960:pre_activate:<decodebin3:src_0> setting PAD_MODE NONE, set flushing
05-09 19:56:16.279  2029  2175 D GStreamer+GST_PADS: 0:05:00.667645146 0xf3d9e340 gstpad.c:960:pre_activate:<src_0:proxypad11> setting PAD_MODE NONE, set flushing
05-09 19:56:16.279  2029  2175 D GStreamer+GST_PADS: 0:05:00.667684521 0xf3d9e340 gstpad.c:1225:gst_pad_activate_mode:<decodebin3:src_0> already deactivated in push mode
05-09 19:56:16.279  2029  2175 D GStreamer+GST_PADS: 0:05:00.667734313 0xf3d9e340 gstpad.c:1008:post_activate:<src_0:proxypad11> stopped streaming
05-09 19:56:16.279  2029  2175 D GStreamer+GST_PADS: 0:05:00.667769261 0xf3d9e340 gstpad.c:448:remove_events:<src_0:proxypad11> notify caps
05-09 19:56:16.279  2029  2175 D GStreamer+GST_PADS: 0:05:00.667828427 0xf3d9e340 gstpad.c:1198:gst_pad_activate_mode:<src_0:proxypad11> deactivated in push mode
05-09 19:56:16.280  2029  2175 D GStreamer+GST_PADS: 0:05:00.667864104 0xf3d9e340 gstpad.c:1008:post_activate:<decodebin3:src_0> stopped streaming
05-09 19:56:16.280  2029  2175 D GStreamer+GST_PADS: 0:05:00.667918323 0xf3d9e340 gstpad.c:448:remove_events:<decodebin3:src_0> notify caps
05-09 19:56:16.280  2029  2175 D GStreamer+GST_PADS: 0:05:00.667958636 0xf3d9e340 gstpad.c:1198:gst_pad_activate_mode:<decodebin3:src_0> deactivated in push mode
05-09 19:56:16.280  2029  2175 D GStreamer+bin: 0:05:00.668009677 0xf3d9e340 gstbin.c:2517:gst_bin_src_pads_activate:<decodebin3> pad deactivation successful
05-09 19:56:16.280  2029  2175 D GStreamer+bin: 0:05:00.668045198 0xf3d9e340 gstbin.c:2195:gst_bin_sort_iterator_resync:<decodebin3> resync
05-09 19:56:16.280  2029  2175 D GStreamer+bin: 0:05:00.668081657 0xf3d9e340 gstbin.c:882:find_message:<decodebin3> no message found matching types 00001000
05-09 19:56:16.280  2029  2175 D GStreamer+bin: 0:05:00.668129729 0xf3d9e340 gstbin.c:889:find_message:<decodebin3>   structure-change
05-09 19:56:16.280  2029  2175 D GStreamer+bin: 0:05:00.668167959 0xf3d9e340 gstbin.c:2098:update_degree:<decodebin3> change element mpegaudioparse0, degree 0->1, linked to amcaudiodec-omxgooglemp3decoder0
05-09 19:56:16.280  2029  2175 D GStreamer+bin: 0:05:00.668214104 0xf3d9e340 gstbin.c:882:find_message:<decodebin3> no message found matching types 00001000
05-09 19:56:16.280  2029  2175 D GStreamer+bin: 0:05:00.668249000 0xf3d9e340 gstbin.c:889:find_message:<decodebin3>   structure-change
05-09 19:56:16.280  2029  2175 D GStreamer+bin: 0:05:00.668286865 0xf3d9e340 gstbin.c:2098:update_degree:<decodebin3> change element typefind, degree 0->1, linked to mpegaudioparse0
05-09 19:56:16.280  2029  2175 D GStreamer+bin: 0:05:00.668335094 0xf3d9e340 gstbin.c:882:find_message:<decodebin3> no message found matching types 00001000
05-09 19:56:16.280  2029  2175 D GStreamer+bin: 0:05:00.668368427 0xf3d9e340 gstbin.c:889:find_message:<decodebin3>   structure-change
05-09 19:56:16.280  2029  2175 D GStreamer+bin: 0:05:00.668402698 0xf3d9e340 gstbin.c:2121:update_degree:<decodebin3> element typefind not linked on any sinkpads
05-09 19:56:16.280  2029  2175 D GStreamer+bin: 0:05:00.668452386 0xf3d9e340 gstbin.c:2167:gst_bin_sort_iterator_next:<decodebin3> queue empty, next best: amcaudiodec-omxgooglemp3decoder0
05-09 19:56:16.280  2029  2175 D GStreamer+bin: 0:05:00.668488688 0xf3d9e340 gstbin.c:2182:gst_bin_sort_iterator_next:<decodebin3> queue head gives amcaudiodec-omxgooglemp3decoder0
05-09 19:56:16.280  2029  2175 D GStreamer+bin: 0:05:00.668521240 0xf3d9e340 gstbin.c:882:find_message:<decodebin3> no message found matching types 00001000
05-09 19:56:16.280  2029  2175 D GStreamer+bin: 0:05:00.668568271 0xf3d9e340 gstbin.c:889:find_message:<decodebin3>   structure-change
05-09 19:56:16.280  2029  2175 D GStreamer+bin: 0:05:00.668605563 0xf3d9e340 gstbin.c:2098:update_degree:<decodebin3> change element mpegaudioparse0, degree 1->0, linked to amcaudiodec-omxgooglemp3decoder0
05-09 19:56:16.280  2029  2175 D GStreamer+bin: 0:05:00.668638323 0xf3d9e340 gstbin.c:1981:add_to_queue:<decodebin3> adding 'mpegaudioparse0' to queue
05-09 19:56:16.280  2029  2175 I GStreamer+GST_STATES: 0:05:00.668692282 0xf3d9e340 gstbin.c:2316:gst_bin_element_set_state:<amcaudiodec-omxgooglemp3decoder0> current PAUSED pending VOID_PENDING, desired next READY
05-09 19:56:16.280  2029  2175 D GStreamer+bin: 0:05:00.668726552 0xf3d9e340 gstbin.c:882:find_message:<decodebin3> no message found matching types 00100000
05-09 19:56:16.280  2029  2175 D GStreamer+bin: 0:05:00.668772750 0xf3d9e340 gstbin.c:889:find_message:<decodebin3>   async-start
05-09 19:56:16.280  2029  2175 D GStreamer+bin: 0:05:00.668812282 0xf3d9e340 gstbin.c:2411:gst_bin_element_set_state:<decodebin3> setting element amcaudiodec-omxgooglemp3decoder0 to READY, base_time 0:00:00.000000000
05-09 19:56:16.281  2029  2175 D GStreamer+GST_STATES: 0:05:00.668845979 0xf3d9e340 gstelement.c:2523:gst_element_set_state_func:<amcaudiodec-omxgooglemp3decoder0> set_state to READY
05-09 19:56:16.281  2029  2175 D GStreamer+GST_STATES: 0:05:00.668902594 0xf3d9e340 gstelement.c:2548:gst_element_set_state_func:<amcaudiodec-omxgooglemp3decoder0> setting target state to READY
05-09 19:56:16.281  2029  2175 D GStreamer+GST_STATES: 0:05:00.668940563 0xf3d9e340 gstelement.c:2561:gst_element_set_state_func:<amcaudiodec-omxgooglemp3decoder0> current PAUSED, old_pending VOID_PENDING, next VOID_PENDING, old return SUCCESS
05-09 19:56:16.281  2029  2175 D GStreamer+GST_STATES: 0:05:00.668989677 0xf3d9e340 gstelement.c:2595:gst_element_set_state_func:<amcaudiodec-omxgooglemp3decoder0> final: setting state from PAUSED to READY
05-09 19:56:16.281  2029  2175 D GStreamer+default: 0:05:00.669027229 0xf3d9e340 gstjniutils.c:476:gst_amc_jni_attach_current_thread Attaching thread 0xf3d9e340
05-09 19:56:16.281  2029  2175 D GStreamer+GST_ELEMENT_PADS: 0:05:00.669323844 0xf3d9e340 gstelement.c:2793:gst_element_pads_activate:<amcaudiodec-omxgooglemp3decoder0> deactivate pads
05-09 19:56:16.281  2029  2175 D GStreamer+GST_PADS: 0:05:00.669376344 0xf3d9e340 gstpad.c:1071:gst_pad_set_active:<amcaudiodec-omxgooglemp3decoder0:src> deactivating pad from push mode
05-09 19:56:16.281  2029  2175 D GStreamer+GST_PADS: 0:05:00.669427229 0xf3d9e340 gstpad.c:960:pre_activate:<amcaudiodec-omxgooglemp3decoder0:src> setting PAD_MODE NONE, set flushing
05-09 19:56:16.281  2029  2175 D GStreamer+GST_PADS: 0:05:00.669465094 0xf3d9e340 gstpad.c:1008:post_activate:<amcaudiodec-omxgooglemp3decoder0:src> stopped streaming
05-09 19:56:16.281  2029  2175 D GStreamer+GST_PADS: 0:05:00.669508584 0xf3d9e340 gstpad.c:448:remove_events:<amcaudiodec-omxgooglemp3decoder0:src> notify caps
05-09 19:56:16.281  2029  2175 D GStreamer+GST_PADS: 0:05:00.669570094 0xf3d9e340 gstpad.c:1198:gst_pad_activate_mode:<amcaudiodec-omxgooglemp3decoder0:src> deactivated in push mode
05-09 19:56:16.281  2029  2175 D GStreamer+GST_PADS: 0:05:00.669610511 0xf3d9e340 gstpad.c:1071:gst_pad_set_active:<amcaudiodec-omxgooglemp3decoder0:sink> deactivating pad from push mode
05-09 19:56:16.281  2029  2175 D GStreamer+GST_PADS: 0:05:00.669658479 0xf3d9e340 gstpad.c:960:pre_activate:<amcaudiodec-omxgooglemp3decoder0:sink> setting PAD_MODE NONE, set flushing
05-09 19:56:16.281  2029  2175 D GStreamer+GST_PADS: 0:05:00.669694886 0xf3d9e340 gstpad.c:1008:post_activate:<amcaudiodec-omxgooglemp3decoder0:sink> stopped streaming
05-09 19:56:16.281  2029  2175 D GStreamer+GST_PADS: 0:05:00.669729000 0xf3d9e340 gstpad.c:448:remove_events:<amcaudiodec-omxgooglemp3decoder0:sink> notify caps
05-09 19:56:16.281  2029  2175 D GStreamer+GST_PADS: 0:05:00.669784782 0xf3d9e340 gstpad.c:1198:gst_pad_activate_mode:<amcaudiodec-omxgooglemp3decoder0:sink> deactivated in push mode
05-09 19:56:16.281  2029  2175 D GStreamer+GST_ELEMENT_PADS: 0:05:00.669821136 0xf3d9e340 gstelement.c:2812:gst_element_pads_activate:<amcaudiodec-omxgooglemp3decoder0> pad deactivation successful
05-09 19:56:16.282  2029  2175 D GStreamer+audiodecoder: 0:05:00.669878167 0xf3d9e340 gstaudiodecoder.c:2897:gst_audio_decoder_stop:<amcaudiodec-omxgooglemp3decoder0> gst_audio_decoder_stop
05-09 19:56:16.282  2029  2175 D GStreamer+amcaudiodec: 0:05:00.669914000 0xf3d9e340 gstamcaudiodec.c:781:gst_amc_audio_dec_stop:<amcaudiodec-omxgooglemp3decoder0> Stopping decoder
05-09 19:56:16.282  2029  2175 D GStreamer+GST_PADS: 0:05:00.670685250 0xf3d9e340 gstpad.c:6042:gst_pad_stop_task:<amcaudiodec-omxgooglemp3decoder0:src> stop task
05-09 19:56:16.282  2029  2175 D GStreamer+task: 0:05:00.670729990 0xf3d9e340 gsttask.c:682:gst_task_set_state:<amcaudiodec-omxgooglemp3decoder0:src> Changing task 0xf3aceeb8 to state 1
05-09 19:56:16.282  2029  2175 D GStreamer+task: 0:05:00.670794052 0xf3d9e340 gsttask.c:809:gst_task_join:<amcaudiodec-omxgooglemp3decoder0:src> Joining task 0xf3aceeb8, thread 0xf3d9e340
05-09 19:56:16.282  2029  2192 I GStreamer+task: 0:05:00.670811448 0xf3ac6890 gsttask.c:318:gst_task_func:<amcaudiodec-omxgooglemp3decoder0:src> Task resume from paused
05-09 19:56:16.282  2029  2192 D GStreamer+GST_PADS: 0:05:00.670851344 0xf3ac6890 gstpad.c:5864:do_stream_status:<amcaudiodec-omxgooglemp3decoder0:src> doing stream-status 2
05-09 19:56:16.283  2029  2192 D GStreamer+GST_PADS: 0:05:00.670907750 0xf3ac6890 gstpad.c:5893:do_stream_status:<amcaudiodec-omxgooglemp3decoder0:src> posting stream-status 2
05-09 19:56:16.283  2029  2192 D GStreamer+GST_BUS: 0:05:00.670995927 0xf3ac6890 gstbus.c:309:gst_bus_post:<bus10> [msg 0xf37f5b80] posting on bus stream-status message: 0xf37f5b80, time 99:99:99.999999999, seq-num 1744, element 'src', GstMessageStreamStatus, type=(GstStreamStatusType)GST_STREAM_STATUS_TYPE_LEAVE, owner=(GstElement)"\(GstAmcAudioDec-OmxGoogleMp3Decoder\)\ amcaudiodec-omxgooglemp3decoder0", object=(GstTask)"\(GstTask\)\ amcaudiodec-omxgooglemp3decoder0:src";
05-09 19:56:16.283  2029  2192 D GStreamer+bin: 0:05:00.671037334 0xf3ac6890 gstbin.c:3528:gst_bin_handle_message_func:<decodebin3> [msg 0xf37f5b80] handling child src message of type stream-status
05-09 19:56:16.283  2029  2192 D GStreamer+bin: 0:05:00.671069261 0xf3ac6890 gstbin.c:3865:gst_bin_handle_message_func:<decodebin3> posting message upward
05-09 19:56:16.283  2029  2192 D GStreamer+GST_BUS: 0:05:00.671146032 0xf3ac6890 gstbus.c:309:gst_bus_post:<bus12> [msg 0xf37f5b80] posting on bus stream-status message: 0xf37f5b80, time 99:99:99.999999999, seq-num 1744, element 'src', GstMessageStreamStatus, type=(GstStreamStatusType)GST_STREAM_STATUS_TYPE_LEAVE, owner=(GstElement)"\(GstAmcAudioDec-OmxGoogleMp3Decoder\)\ amcaudiodec-omxgooglemp3decoder0", object=(GstTask)"\(GstTask\)\ amcaudiodec-omxgooglemp3decoder0:src";
05-09 19:56:16.283  2029  2192 D GStreamer+bin: 0:05:00.671184261 0xf3ac6890 gstbin.c:3528:gst_bin_handle_message_func:<pipeline2> [msg 0xf37f5b80] handling child src message of type stream-status
05-09 19:56:16.283  2029  2192 D GStreamer+bin: 0:05:00.671215146 0xf3ac6890 gstbin.c:3865:gst_bin_handle_message_func:<pipeline2> posting message upward
05-09 19:56:16.283  2029  2192 D GStreamer+GST_BUS: 0:05:00.671289782 0xf3ac6890 gstbus.c:309:gst_bus_post:<bus13> [msg 0xf37f5b80] posting on bus stream-status message: 0xf37f5b80, time 99:99:99.999999999, seq-num 1744, element 'src', GstMessageStreamStatus, type=(GstStreamStatusType)GST_STREAM_STATUS_TYPE_LEAVE, owner=(GstElement)"\(GstAmcAudioDec-OmxGoogleMp3Decoder\)\ amcaudiodec-omxgooglemp3decoder0", object=(GstTask)"\(GstTask\)\ amcaudiodec-omxgooglemp3decoder0:src";
05-09 19:56:16.283  2029  2192 D GStreamer+GST_BUS: 0:05:00.671323323 0xf3ac6890 gstbus.c:348:gst_bus_post:<bus13> [msg 0xf37f5b80] pushing on async queue
05-09 19:56:16.283  2029  2192 D GStreamer+GST_BUS: 0:05:00.671356448 0xf3ac6890 gstbus.c:351:gst_bus_post:<bus13> [msg 0xf37f5b80] pushed on async queue
05-09 19:56:16.283  2029  2192 D GStreamer+GST_BUS: 0:05:00.671388896 0xf3ac6890 gstbus.c:344:gst_bus_post:<bus12> [msg 0xf37f5b80] dropped
05-09 19:56:16.283  2029  2192 D GStreamer+GST_BUS: 0:05:00.671421084 0xf3ac6890 gstbus.c:344:gst_bus_post:<bus10> [msg 0xf37f5b80] dropped
05-09 19:56:16.283  2029  2192 D GStreamer+task: 0:05:00.671455094 0xf3ac6890 gsttask.c:359:gst_task_func Exit task 0xf3aceeb8, thread 0xf3ac6890
05-09 19:56:16.283  2029  2175 D GStreamer+task: 0:05:00.671465250 0xf3d9e340 gsttask.c:839:gst_task_join:<amcaudiodec-omxgooglemp3decoder0:src> Joined task 0xf3aceeb8
05-09 19:56:16.283  2029  2175 D GStreamer+GST_MEMORY: 0:05:00.671499625 0xf3d9e340 gstmemory.c:87:_gst_memory_free free memory 0xf392aee0
05-09 19:56:16.283  2029  2175 D GStreamer+amcaudiodec: 0:05:00.671548219 0xf3d9e340 gstamcaudiodec.c:810:gst_amc_audio_dec_stop:<amcaudiodec-omxgooglemp3decoder0> Stopped decoder
05-09 19:56:16.283  2029  2175 D GStreamer+audiodecoder: 0:05:00.671583740 0xf3d9e340 gstaudiodecoder.c:493:gst_audio_decoder_reset:<amcaudiodec-omxgooglemp3decoder0> gst_audio_decoder_reset
05-09 19:56:16.283  2029  2175 D GStreamer+GST_MEMORY: 0:05:00.671617386 0xf3d9e340 gstmemory.c:87:_gst_memory_free free memory 0xf39b4120
05-09 19:56:16.283  2029  2175 D GStreamer+GST_MEMORY: 0:05:00.671660979 0xf3d9e340 gstmemory.c:87:_gst_memory_free free memory 0xf39b4208
05-09 19:56:16.283  2029  2175 D GStreamer+GST_MEMORY: 0:05:00.671690094 0xf3d9e340 gstmemory.c:87:_gst_memory_free free memory 0xf39b42f0
05-09 19:56:16.283  2029  2175 D GStreamer+GST_STATES: 0:05:00.671722907 0xf3d9e340 gstelement.c:2684:gst_element_change_state:<amcaudiodec-omxgooglemp3decoder0> element changed state SUCCESS
05-09 19:56:16.283  2029  2175 I GStreamer+GST_STATES: 0:05:00.671772125 0xf3d9e340 gstelement.c:2372:gst_element_continue_state:<amcaudiodec-omxgooglemp3decoder0> completed state change to READY
05-09 19:56:16.283  2029  2175 I GStreamer+GST_STATES: 0:05:00.671808844 0xf3d9e340 gstelement.c:2277:_priv_gst_element_state_changed:<amcaudiodec-omxgooglemp3decoder0> notifying about state-changed PAUSED to READY (VOID_PENDING pending)
05-09 19:56:16.284  2029  2175 D GStreamer+GST_BUS: 0:05:00.671907073 0xf3d9e340 gstbus.c:309:gst_bus_post:<bus10> [msg 0xf3ad4770] posting on bus state-changed message: 0xf3ad4770, time 99:99:99.999999999, seq-num 1745, element 'amcaudiodec-omxgooglemp3decoder0', GstMessageStateChanged, old-state=(GstState)GST_STATE_PAUSED, new-state=(GstState)GST_STATE_READY, pending-state=(GstState)GST_STATE_VOID_PENDING;
05-09 19:56:16.284  2029  2175 D GStreamer+bin: 0:05:00.671947542 0xf3d9e340 gstbin.c:3528:gst_bin_handle_message_func:<decodebin3> [msg 0xf3ad4770] handling child amcaudiodec-omxgooglemp3decoder0 message of type state-changed
05-09 19:56:16.284  2029  2175 D GStreamer+bin: 0:05:00.671993896 0xf3d9e340 gstbin.c:3865:gst_bin_handle_message_func:<decodebin3> posting message upward
05-09 19:56:16.284  2029  2175 D GStreamer+GST_BUS: 0:05:00.672057594 0xf3d9e340 gstbus.c:309:gst_bus_post:<bus12> [msg 0xf3ad4770] posting on bus state-changed message: 0xf3ad4770, time 99:99:99.999999999, seq-num 1745, element 'amcaudiodec-omxgooglemp3decoder0', GstMessageStateChanged, old-state=(GstState)GST_STATE_PAUSED, new-state=(GstState)GST_STATE_READY, pending-state=(GstState)GST_STATE_VOID_PENDING;
05-09 19:56:16.284  2029  2175 D GStreamer+bin: 0:05:00.672109729 0xf3d9e340 gstbin.c:3528:gst_bin_handle_message_func:<pipeline2> [msg 0xf3ad4770] handling child amcaudiodec-omxgooglemp3decoder0 message of type state-changed
05-09 19:56:16.284  2029  2175 D GStreamer+bin: 0:05:00.672140875 0xf3d9e340 gstbin.c:3865:gst_bin_handle_message_func:<pipeline2> posting message upward
05-09 19:56:16.284  2029  2175 D GStreamer+GST_BUS: 0:05:00.672217386 0xf3d9e340 gstbus.c:309:gst_bus_post:<bus13> [msg 0xf3ad4770] posting on bus state-changed message: 0xf3ad4770, time 99:99:99.999999999, seq-num 1745, element 'amcaudiodec-omxgooglemp3decoder0', GstMessageStateChanged, old-state=(GstState)GST_STATE_PAUSED, new-state=(GstState)GST_STATE_READY, pending-state=(GstState)GST_STATE_VOID_PENDING;
05-09 19:56:16.284  2029  2175 D GStreamer+GST_BUS: 0:05:00.672251032 0xf3d9e340 gstbus.c:348:gst_bus_post:<bus13> [msg 0xf3ad4770] pushing on async queue
05-09 19:56:16.284  2029  2175 D GStreamer+GST_BUS: 0:05:00.672297386 0xf3d9e340 gstbus.c:351:gst_bus_post:<bus13> [msg 0xf3ad4770] pushed on async queue
05-09 19:56:16.284  2029  2175 D GStreamer+GST_BUS: 0:05:00.672332282 0xf3d9e340 gstbus.c:344:gst_bus_post:<bus12> [msg 0xf3ad4770] dropped
05-09 19:56:16.284  2029  2175 D GStreamer+GST_BUS: 0:05:00.672364157 0xf3d9e340 gstbus.c:344:gst_bus_post:<bus10> [msg 0xf3ad4770] dropped
05-09 19:56:16.284  2029  2175 D GStreamer+GST_STATES: 0:05:00.672412125 0xf3d9e340 gstelement.c:2607:gst_element_set_state_func:<amcaudiodec-omxgooglemp3decoder0> returned SUCCESS
05-09 19:56:16.284  2029  2175 I GStreamer+GST_STATES: 0:05:00.672451032 0xf3d9e340 gstbin.c:2764:gst_bin_change_state_func:<decodebin3> child 'amcaudiodec-omxgooglemp3decoder0' changed state to 2(READY) successfully
05-09 19:56:16.284  2029  2175 D GStreamer+bin: 0:05:00.672487959 0xf3d9e340 gstbin.c:2182:gst_bin_sort_iterator_next:<decodebin3> queue head gives mpegaudioparse0
05-09 19:56:16.284  2029  2175 D GStreamer+bin: 0:05:00.672536761 0xf3d9e340 gstbin.c:882:find_message:<decodebin3> no message found matching types 00001000
05-09 19:56:16.284  2029  2175 D GStreamer+bin: 0:05:00.672568688 0xf3d9e340 gstbin.c:889:find_message:<decodebin3>   structure-change
05-09 19:56:16.284  2029  2175 D GStreamer+bin: 0:05:00.672607177 0xf3d9e340 gstbin.c:2098:update_degree:<decodebin3> change element typefind, degree 1->0, linked to mpegaudioparse0
05-09 19:56:16.284  2029  2175 D GStreamer+bin: 0:05:00.672655146 0xf3d9e340 gstbin.c:1981:add_to_queue:<decodebin3> adding 'typefind' to queue
05-09 19:56:16.284  2029  2175 I GStreamer+GST_STATES: 0:05:00.672694261 0xf3d9e340 gstbin.c:2316:gst_bin_element_set_state:<mpegaudioparse0> current PAUSED pending VOID_PENDING, desired next READY
05-09 19:56:16.284  2029  2175 D GStreamer+bin: 0:05:00.672740198 0xf3d9e340 gstbin.c:882:find_message:<decodebin3> no message found matching types 00100000
05-09 19:56:16.284  2029  2175 D GStreamer+bin: 0:05:00.672773063 0xf3d9e340 gstbin.c:889:find_message:<decodebin3>   async-start
05-09 19:56:16.284  2029  2175 D GStreamer+bin: 0:05:00.672811448 0xf3d9e340 gstbin.c:2411:gst_bin_element_set_state:<decodebin3> setting element mpegaudioparse0 to READY, base_time 0:00:00.000000000
05-09 19:56:16.285  2029  2175 D GStreamer+GST_STATES: 0:05:00.672857490 0xf3d9e340 gstelement.c:2523:gst_element_set_state_func:<mpegaudioparse0> set_state to READY
05-09 19:56:16.285  2029  2175 D GStreamer+GST_STATES: 0:05:00.672900094 0xf3d9e340 gstelement.c:2548:gst_element_set_state_func:<mpegaudioparse0> setting target state to READY
05-09 19:56:16.285  2029  2175 D GStreamer+GST_STATES: 0:05:00.672950407 0xf3d9e340 gstelement.c:2561:gst_element_set_state_func:<mpegaudioparse0> current PAUSED, old_pending VOID_PENDING, next VOID_PENDING, old return SUCCESS
05-09 19:56:16.285  2029  2175 D GStreamer+GST_STATES: 0:05:00.672987386 0xf3d9e340 gstelement.c:2595:gst_element_set_state_func:<mpegaudioparse0> final: setting state from PAUSED to READY
05-09 19:56:16.285  2029  2175 D GStreamer+GST_ELEMENT_PADS: 0:05:00.673022907 0xf3d9e340 gstelement.c:2793:gst_element_pads_activate:<mpegaudioparse0> deactivate pads
05-09 19:56:16.285  2029  2175 D GStreamer+GST_PADS: 0:05:00.673075875 0xf3d9e340 gstpad.c:1071:gst_pad_set_active:<mpegaudioparse0:src> deactivating pad from push mode
05-09 19:56:16.285  2029  2175 D GStreamer+GST_PADS: 0:05:00.673110875 0xf3d9e340 gstpad.c:960:pre_activate:<mpegaudioparse0:src> setting PAD_MODE NONE, set flushing
05-09 19:56:16.285  2029  2175 D GStreamer+GST_PADS: 0:05:00.673146448 0xf3d9e340 gstpad.c:1008:post_activate:<mpegaudioparse0:src> stopped streaming
05-09 19:56:16.285  2029  2175 D GStreamer+GST_PADS: 0:05:00.673204417 0xf3d9e340 gstpad.c:448:remove_events:<mpegaudioparse0:src> notify caps
05-09 19:56:16.285  2029  2175 D GStreamer+GST_PADS: 0:05:00.673248896 0xf3d9e340 gstpad.c:1198:gst_pad_activate_mode:<mpegaudioparse0:src> deactivated in push mode
05-09 19:56:16.285  2029  2175 D GStreamer+GST_PADS: 0:05:00.673304209 0xf3d9e340 gstpad.c:1071:gst_pad_set_active:<mpegaudioparse0:sink> deactivating pad from push mode
05-09 19:56:16.285  2029  2175 D GStreamer+GST_PADS: 0:05:00.673337802 0xf3d9e340 gstpad.c:960:pre_activate:<mpegaudioparse0:sink> setting PAD_MODE NONE, set flushing
05-09 19:56:16.285  2029  2175 D GStreamer+baseparse: 0:05:00.673388688 0xf3d9e340 gstbaseparse.c:3661:gst_base_parse_sink_activate_mode:<mpegaudioparse0> sink deactivate in push mode
05-09 19:56:16.285  2029  2175 D GStreamer+baseparse: 0:05:00.673423115 0xf3d9e340 gstbaseparse.c:3625:gst_base_parse_activate:<mpegaudioparse0> activate 0
05-09 19:56:16.285  2029  2175 D GStreamer+mpegaudioparse: 0:05:00.673455302 0xf3d9e340 gstmpegaudioparse.c:257:gst_mpeg_audio_parse_stop:<mpegaudioparse0> stopping
05-09 19:56:16.285  2029  2175 D GStreamer+baseparse: 0:05:00.673501865 0xf3d9e340 gstbaseparse.c:3647:gst_base_parse_activate:<mpegaudioparse0> activate return: 1
05-09 19:56:16.285  2029  2175 D GStreamer+baseparse: 0:05:00.673535094 0xf3d9e340 gstbaseparse.c:3684:gst_base_parse_sink_activate_mode:<mpegaudioparse0> sink activate return: 1
05-09 19:56:16.285  2029  2175 D GStreamer+GST_PADS: 0:05:00.673566865 0xf3d9e340 gstpad.c:1008:post_activate:<mpegaudioparse0:sink> stopped streaming
05-09 19:56:16.285  2029  2175 D GStreamer+GST_PADS: 0:05:00.673614417 0xf3d9e340 gstpad.c:448:remove_events:<mpegaudioparse0:sink> notify caps
05-09 19:56:16.285  2029  2175 D GStreamer+GST_PADS: 0:05:00.673657334 0xf3d9e340 gstpad.c:1198:gst_pad_activate_mode:<mpegaudioparse0:sink> deactivated in push mode
05-09 19:56:16.285  2029  2175 D GStreamer+GST_ELEMENT_PADS: 0:05:00.673693219 0xf3d9e340 gstelement.c:2812:gst_element_pads_activate:<mpegaudioparse0> pad deactivation successful
05-09 19:56:16.285  2029  2175 I GStreamer+baseparse: 0:05:00.673744938 0xf3d9e340 gstbaseparse.c:4718:gst_base_parse_set_upstream_tags:<mpegaudioparse0> upstream tags: (NULL)
05-09 19:56:16.285  2029  2175 D GStreamer+GST_STATES: 0:05:00.673784886 0xf3d9e340 gstelement.c:2684:gst_element_change_state:<mpegaudioparse0> element changed state SUCCESS
05-09 19:56:16.285  2029  2175 I GStreamer+GST_STATES: 0:05:00.673832282 0xf3d9e340 gstelement.c:2372:gst_element_continue_state:<mpegaudioparse0> completed state change to READY
05-09 19:56:16.286  2029  2175 I GStreamer+GST_STATES: 0:05:00.673877073 0xf3d9e340 gstelement.c:2277:_priv_gst_element_state_changed:<mpegaudioparse0> notifying about state-changed PAUSED to READY (VOID_PENDING pending)
05-09 19:56:16.286  2029  2175 D GStreamer+GST_BUS: 0:05:00.673962334 0xf3d9e340 gstbus.c:309:gst_bus_post:<bus10> [msg 0xf37f5a20] posting on bus state-changed message: 0xf37f5a20, time 99:99:99.999999999, seq-num 1746, element 'mpegaudioparse0', GstMessageStateChanged, old-state=(GstState)GST_STATE_PAUSED, new-state=(GstState)GST_STATE_READY, pending-state=(GstState)GST_STATE_VOID_PENDING;
05-09 19:56:16.286  2029  2175 D GStreamer+bin: 0:05:00.674000354 0xf3d9e340 gstbin.c:3528:gst_bin_handle_message_func:<decodebin3> [msg 0xf37f5a20] handling child mpegaudioparse0 message of type state-changed
