05-09 19:56:16.048  2029  2029 D GStreamer+bin: 0:05:00.436806657 0xf35ef400 gstbin.c:2411:gst_bin_element_set_state:<pipeline2> setting element forhalffps to PAUSED, base_time 0:00:00.000000000
05-09 19:56:16.048  2029  2029 D GStreamer+GST_STATES: 0:05:00.436839625 0xf35ef400 gstelement.c:2523:gst_element_set_state_func:<forhalffps> set_state to PAUSED
05-09 19:56:16.049  2029  2029 D GStreamer+GST_STATES: 0:05:00.436884834 0xf35ef400 gstelement.c:2548:gst_element_set_state_func:<forhalffps> setting target state to PAUSED
05-09 19:56:16.049  2029  2029 D GStreamer+GST_STATES: 0:05:00.436922959 0xf35ef400 gstelement.c:2561:gst_element_set_state_func:<forhalffps> current READY, old_pending VOID_PENDING, next VOID_PENDING, old return SUCCESS
05-09 19:56:16.049  2029  2029 D GStreamer+GST_STATES: 0:05:00.436957021 0xf35ef400 gstelement.c:2595:gst_element_set_state_func:<forhalffps> final: setting state from READY to PAUSED
05-09 19:56:16.049  2029  2029 D GStreamer+GST_ELEMENT_PADS: 0:05:00.436991865 0xf35ef400 gstelement.c:2793:gst_element_pads_activate:<forhalffps> activate pads
05-09 19:56:16.049  2029  2029 D GStreamer+GST_PADS: 0:05:00.437026813 0xf35ef400 gstpad.c:1056:gst_pad_set_active:<forhalffps:src> activating pad from none
05-09 19:56:16.049  2029  2029 D GStreamer+GST_PADS: 0:05:00.437061084 0xf35ef400 gstpad.c:972:pre_activate:<forhalffps:src> setting pad into push mode, unset flushing
05-09 19:56:16.049  2029  2029 D GStreamer+GST_PADS: 0:05:00.437096396 0xf35ef400 gstpad.c:1198:gst_pad_activate_mode:<forhalffps:src> activated in push mode
05-09 19:56:16.049  2029  2029 D GStreamer+GST_PADS: 0:05:00.437131448 0xf35ef400 gstpad.c:1056:gst_pad_set_active:<forhalffps:sink> activating pad from none
05-09 19:56:16.049  2029  2029 D GStreamer+GST_PADS: 0:05:00.437165563 0xf35ef400 gstpad.c:972:pre_activate:<forhalffps:sink> setting pad into push mode, unset flushing
05-09 19:56:16.049  2029  2029 D GStreamer+GST_PADS: 0:05:00.437200511 0xf35ef400 gstpad.c:984:pre_activate:<forhalffps:sink> reschedule events on peer queue5:src
05-09 19:56:16.049  2029  2029 D GStreamer+GST_CAPS: 0:05:00.437236136 0xf35ef400 gstpad.c:2648:gst_pad_get_current_caps:<forhalffps:sink> get current pad caps (NULL)
05-09 19:56:16.049  2029  2029 D GStreamer+GST_CAPS: 0:05:00.437269730 0xf35ef400 gstpad.c:2648:gst_pad_get_current_caps:<forhalffps:src> get current pad caps (NULL)
05-09 19:56:16.049  2029  2029 D GStreamer+basetransform: 0:05:00.437303115 0xf35ef400 gstbasetransform.c:2449:gst_base_transform_activate:<forhalffps> have_same_caps 1
05-09 19:56:16.049  2029  2029 D GStreamer+GST_PADS: 0:05:00.437336813 0xf35ef400 gstpad.c:1198:gst_pad_activate_mode:<forhalffps:sink> activated in push mode
05-09 19:56:16.049  2029  2029 D GStreamer+GST_ELEMENT_PADS: 0:05:00.437371865 0xf35ef400 gstelement.c:2812:gst_element_pads_activate:<forhalffps> pad activation successful
05-09 19:56:16.049  2029  2029 D GStreamer+GST_STATES: 0:05:00.437402855 0xf35ef400 gstelement.c:2684:gst_element_change_state:<forhalffps> element changed state SUCCESS
05-09 19:56:16.049  2029  2029 I GStreamer+GST_STATES: 0:05:00.437434469 0xf35ef400 gstelement.c:2372:gst_element_continue_state:<forhalffps> completed state change to PAUSED
05-09 19:56:16.049  2029  2029 I GStreamer+GST_STATES: 0:05:00.437468115 0xf35ef400 gstelement.c:2277:_priv_gst_element_state_changed:<forhalffps> notifying about state-changed READY to PAUSED (VOID_PENDING pending)
05-09 19:56:16.049  2029  2029 D GStreamer+GST_BUS: 0:05:00.437536813 0xf35ef400 gstbus.c:309:gst_bus_post:<bus12> [msg 0xf3ac0f20] posting on bus state-changed message: 0xf3ac0f20, time 99:99:99.999999999, seq-num 1556, element 'forhalffps', GstMessageStateChanged, old-state=(GstState)GST_STATE_READY, new-state=(GstState)GST_STATE_PAUSED, pending-state=(GstState)GST_STATE_VOID_PENDING;
05-09 19:56:16.049  2029  2029 D GStreamer+bin: 0:05:00.437573740 0xf35ef400 gstbin.c:3528:gst_bin_handle_message_func:<pipeline2> [msg 0xf3ac0f20] handling child forhalffps message of type state-changed
05-09 19:56:16.049  2029  2029 D GStreamer+bin: 0:05:00.437603375 0xf35ef400 gstbin.c:3865:gst_bin_handle_message_func:<pipeline2> posting message upward
05-09 19:56:16.049  2029  2029 D GStreamer+GST_BUS: 0:05:00.437663271 0xf35ef400 gstbus.c:309:gst_bus_post:<bus13> [msg 0xf3ac0f20] posting on bus state-changed message: 0xf3ac0f20, time 99:99:99.999999999, seq-num 1556, element 'forhalffps', GstMessageStateChanged, old-state=(GstState)GST_STATE_READY, new-state=(GstState)GST_STATE_PAUSED, pending-state=(GstState)GST_STATE_VOID_PENDING;
05-09 19:56:16.049  2029  2029 D GStreamer+GST_BUS: 0:05:00.437695980 0xf35ef400 gstbus.c:348:gst_bus_post:<bus13> [msg 0xf3ac0f20] pushing on async queue
05-09 19:56:16.049  2029  2029 D GStreamer+GST_BUS: 0:05:00.437732594 0xf35ef400 gstbus.c:351:gst_bus_post:<bus13> [msg 0xf3ac0f20] pushed on async queue
05-09 19:56:16.049  2029  2029 D GStreamer+GST_BUS: 0:05:00.437767542 0xf35ef400 gstbus.c:344:gst_bus_post:<bus12> [msg 0xf3ac0f20] dropped
05-09 19:56:16.049  2029  2029 D GStreamer+GST_STATES: 0:05:00.437816709 0xf35ef400 gstelement.c:2607:gst_element_set_state_func:<forhalffps> returned SUCCESS
05-09 19:56:16.049  2029  2175 D GStreamer+GST_BUS: 0:05:00.437838167 0xf3d9e340 gstbus.c:521:gst_bus_timed_pop_filtered:<bus13> got message 0xf3ac0f20, state-changed from forhalffps, type mask is 4294967295
05-09 19:56:16.050  2029  2029 I GStreamer+GST_STATES: 0:05:00.437862438 0xf35ef400 gstbin.c:2764:gst_bin_change_state_func:<pipeline2> child 'forhalffps' changed state to 3(PAUSED) successfully
05-09 19:56:16.050  2029  2029 D GStreamer+bin: 0:05:00.437913636 0xf35ef400 gstbin.c:2182:gst_bin_sort_iterator_next:<pipeline2> queue head gives queue5
05-09 19:56:16.050  2029  2175 D GStreamer+GST_BUS: 0:05:00.437940719 0xf3d9e340 gstbus.c:789:gst_bus_source_dispatch:<bus13> source 0xf39ad330 calling dispatch with state-changed message: 0xf3ac0f20, time 99:99:99.999999999, seq-num 1556, element 'forhalffps', GstMessageStateChanged, old-state=(GstState)GST_STATE_READY, new-state=(GstState)GST_STATE_PAUSED, pending-state=(GstState)GST_STATE_VOID_PENDING;
05-09 19:56:16.050  2029  2029 D GStreamer+bin: 0:05:00.437949209 0xf35ef400 gstbin.c:882:find_message:<pipeline2> no message found matching types 00001000
05-09 19:56:16.050  2029  2029 D GStreamer+bin: 0:05:00.437986605 0xf35ef400 gstbin.c:889:find_message:<pipeline2>   structure-change
05-09 19:56:16.050  2029  2175 D GStreamer+GST_BUS: 0:05:00.438006292 0xf3d9e340 gstbus.c:794:gst_bus_source_dispatch:<bus13> source 0xf39ad330 handler returns 1
05-09 19:56:16.050  2029  2029 D GStreamer+bin: 0:05:00.438027855 0xf35ef400 gstbin.c:2121:update_degree:<pipeline2> element queue5 not linked on any sinkpads
05-09 19:56:16.050  2029  2029 I GStreamer+GST_STATES: 0:05:00.438063063 0xf35ef400 gstbin.c:2316:gst_bin_element_set_state:<queue5> current READY pending VOID_PENDING, desired next PAUSED
05-09 19:56:16.050  2029  2029 D GStreamer+bin: 0:05:00.438094782 0xf35ef400 gstbin.c:882:find_message:<pipeline2> no message found matching types 00100000
05-09 19:56:16.050  2029  2029 D GStreamer+bin: 0:05:00.438125355 0xf35ef400 gstbin.c:889:find_message:<pipeline2>   async-start
05-09 19:56:16.050  2029  2029 D GStreamer+bin: 0:05:00.438161292 0xf35ef400 gstbin.c:2411:gst_bin_element_set_state:<pipeline2> setting element queue5 to PAUSED, base_time 0:00:00.000000000
05-09 19:56:16.050  2029  2029 D GStreamer+GST_STATES: 0:05:00.438192230 0xf35ef400 gstelement.c:2523:gst_element_set_state_func:<queue5> set_state to PAUSED
05-09 19:56:16.050  2029  2029 D GStreamer+GST_STATES: 0:05:00.438222855 0xf35ef400 gstelement.c:2548:gst_element_set_state_func:<queue5> setting target state to PAUSED
05-09 19:56:16.050  2029  2029 D GStreamer+GST_STATES: 0:05:00.438258480 0xf35ef400 gstelement.c:2561:gst_element_set_state_func:<queue5> current READY, old_pending VOID_PENDING, next VOID_PENDING, old return SUCCESS
05-09 19:56:16.050  2029  2029 D GStreamer+GST_STATES: 0:05:00.438291396 0xf35ef400 gstelement.c:2595:gst_element_set_state_func:<queue5> final: setting state from READY to PAUSED
05-09 19:56:16.050  2029  2029 D GStreamer+GST_ELEMENT_PADS: 0:05:00.438324209 0xf35ef400 gstelement.c:2793:gst_element_pads_activate:<queue5> activate pads
05-09 19:56:16.050  2029  2029 D GStreamer+GST_PADS: 0:05:00.438359573 0xf35ef400 gstpad.c:1056:gst_pad_set_active:<queue5:src> activating pad from none
05-09 19:56:16.050  2029  2029 D GStreamer+GST_PADS: 0:05:00.438393948 0xf35ef400 gstpad.c:972:pre_activate:<queue5:src> setting pad into push mode, unset flushing
05-09 19:56:16.050  2029  2029 D GStreamer+GST_PADS: 0:05:00.438427230 0xf35ef400 gstpad.c:5938:gst_pad_start_task:<queue5:src> start task
05-09 19:56:16.050  2029  2029 D GStreamer+task: 0:05:00.438476709 0xf35ef400 gsttask.c:425:gst_task_new Created task 0xf3abe4c0
05-09 19:56:16.050  2029  2029 I GStreamer+task: 0:05:00.438507959 0xf35ef400 gsttask.c:451:gst_task_set_lock setting stream lock 0xf38aa9b4 on task 0xf3abe4c0
05-09 19:56:16.050  2029  2029 I GStreamer+GST_PADS: 0:05:00.438539417 0xf35ef400 gstpad.c:5947:gst_pad_start_task:<queue5:src> created task 0xf3abe4c0
05-09 19:56:16.050  2029  2029 D GStreamer+GST_PADS: 0:05:00.438575042 0xf35ef400 gstpad.c:5864:do_stream_status:<queue5:src> doing stream-status 0
05-09 19:56:16.050  2029  2029 D GStreamer+GST_PADS: 0:05:00.438615511 0xf35ef400 gstpad.c:5893:do_stream_status:<queue5:src> posting stream-status 0
05-09 19:56:16.050  2029  2029 D GStreamer+GST_BUS: 0:05:00.438691188 0xf35ef400 gstbus.c:309:gst_bus_post:<bus12> [msg 0xf37f5d78] posting on bus stream-status message: 0xf37f5d78, time 99:99:99.999999999, seq-num 1557, element 'src', GstMessageStreamStatus, type=(GstStreamStatusType)GST_STREAM_STATUS_TYPE_CREATE, owner=(GstElement)"\(GstQueue\)\ queue5", object=(GstTask)"\(GstTask\)\ task9";
05-09 19:56:16.050  2029  2029 D GStreamer+bin: 0:05:00.438728063 0xf35ef400 gstbin.c:3528:gst_bin_handle_message_func:<pipeline2> [msg 0xf37f5d78] handling child src message of type stream-status
05-09 19:56:16.050  2029  2029 D GStreamer+bin: 0:05:00.438758271 0xf35ef400 gstbin.c:3865:gst_bin_handle_message_func:<pipeline2> posting message upward
05-09 19:56:16.050  2029  2029 D GStreamer+GST_BUS: 0:05:00.438829000 0xf35ef400 gstbus.c:309:gst_bus_post:<bus13> [msg 0xf37f5d78] posting on bus stream-status message: 0xf37f5d78, time 99:99:99.999999999, seq-num 1557, element 'src', GstMessageStreamStatus, type=(GstStreamStatusType)GST_STREAM_STATUS_TYPE_CREATE, owner=(GstElement)"\(GstQueue\)\ queue5", object=(GstTask)"\(GstTask\)\ task9";
05-09 19:56:16.051  2029  2029 D GStreamer+GST_BUS: 0:05:00.438862646 0xf35ef400 gstbus.c:348:gst_bus_post:<bus13> [msg 0xf37f5d78] pushing on async queue
05-09 19:56:16.051  2029  2029 D GStreamer+GST_BUS: 0:05:00.438910719 0xf35ef400 gstbus.c:351:gst_bus_post:<bus13> [msg 0xf37f5d78] pushed on async queue
05-09 19:56:16.051  2029  2029 D GStreamer+GST_BUS: 0:05:00.438946813 0xf35ef400 gstbus.c:344:gst_bus_post:<bus12> [msg 0xf37f5d78] dropped
05-09 19:56:16.051  2029  2029 D GStreamer+task: 0:05:00.438994313 0xf35ef400 gsttask.c:682:gst_task_set_state:<task9> Changing task 0xf3abe4c0 to state 0
05-09 19:56:16.051  2029  2175 D GStreamer+GST_BUS: 0:05:00.439017646 0xf3d9e340 gstbus.c:521:gst_bus_timed_pop_filtered:<bus13> got message 0xf37f5d78, stream-status from src, type mask is 4294967295
05-09 19:56:16.051  2029  2029 D GStreamer+GST_PADS: 0:05:00.439078792 0xf35ef400 gstpad.c:1198:gst_pad_activate_mode:<queue5:src> activated in push mode
05-09 19:56:16.051  2029  2175 D GStreamer+GST_BUS: 0:05:00.439119469 0xf3d9e340 gstbus.c:789:gst_bus_source_dispatch:<bus13> source 0xf39ad330 calling dispatch with stream-status message: 0xf37f5d78, time 99:99:99.999999999, seq-num 1557, element 'src', GstMessageStreamStatus, type=(GstStreamStatusType)GST_STREAM_STATUS_TYPE_CREATE, owner=(GstElement)"\(GstQueue\)\ queue5", object=(GstTask)"\(GstTask\)\ task9";
05-09 19:56:16.051  2029  2029 D GStreamer+GST_PADS: 0:05:00.439141500 0xf35ef400 gstpad.c:1056:gst_pad_set_active:<queue5:sink> activating pad from none
05-09 19:56:16.051  2029  2184 D GStreamer+task: 0:05:00.439153584 0xf37ece60 gsttask.c:287:gst_task_func Entering task 0xf3abe4c0, thread 0xf37ece60
05-09 19:56:16.051  2029  2175 D GStreamer+GST_BUS: 0:05:00.439183688 0xf3d9e340 gstbus.c:794:gst_bus_source_dispatch:<bus13> source 0xf39ad330 handler returns 1
05-09 19:56:16.051  2029  2029 D GStreamer+GST_PADS: 0:05:00.439206605 0xf35ef400 gstpad.c:972:pre_activate:<queue5:sink> setting pad into push mode, unset flushing
05-09 19:56:16.051  2029  2184 D GStreamer+GST_PADS: 0:05:00.439226448 0xf37ece60 gstpad.c:5864:do_stream_status:<queue5:src> doing stream-status 1
05-09 19:56:16.051  2029  2029 D GStreamer+GST_PADS: 0:05:00.439256188 0xf35ef400 gstpad.c:1198:gst_pad_activate_mode:<queue5:sink> activated in push mode
05-09 19:56:16.051  2029  2184 D GStreamer+GST_PADS: 0:05:00.439295146 0xf37ece60 gstpad.c:5893:do_stream_status:<queue5:src> posting stream-status 1
05-09 19:56:16.051  2029  2029 D GStreamer+GST_ELEMENT_PADS: 0:05:00.439312855 0xf35ef400 gstelement.c:2812:gst_element_pads_activate:<queue5> pad activation successful
05-09 19:56:16.051  2029  2029 D GStreamer+GST_STATES: 0:05:00.439356292 0xf35ef400 gstelement.c:2684:gst_element_change_state:<queue5> element changed state SUCCESS
05-09 19:56:16.051  2029  2184 D GStreamer+GST_BUS: 0:05:00.439395198 0xf37ece60 gstbus.c:309:gst_bus_post:<bus12> [msg 0xf3ab9d70] posting on bus stream-status message: 0xf3ab9d70, time 99:99:99.999999999, seq-num 1558, element 'src', GstMessageStreamStatus, type=(GstStreamStatusType)GST_STREAM_STATUS_TYPE_ENTER, owner=(GstElement)"\(GstQueue\)\ queue5", object=(GstTask)"\(GstTask\)\ queue5:src";
05-09 19:56:16.051  2029  2029 I GStreamer+GST_STATES: 0:05:00.439417490 0xf35ef400 gstelement.c:2372:gst_element_continue_state:<queue5> completed state change to PAUSED
05-09 19:56:16.051  2029  2184 D GStreamer+bin: 0:05:00.439444782 0xf37ece60 gstbin.c:3528:gst_bin_handle_message_func:<pipeline2> [msg 0xf3ab9d70] handling child src message of type stream-status
05-09 19:56:16.051  2029  2029 I GStreamer+GST_STATES: 0:05:00.439461240 0xf35ef400 gstelement.c:2277:_priv_gst_element_state_changed:<queue5> notifying about state-changed READY to PAUSED (VOID_PENDING pending)
05-09 19:56:16.051  2029  2184 D GStreamer+bin: 0:05:00.439481813 0xf37ece60 gstbin.c:3865:gst_bin_handle_message_func:<pipeline2> posting message upward
05-09 19:56:16.051  2029  2029 D GStreamer+GST_BUS: 0:05:00.439549365 0xf35ef400 gstbus.c:309:gst_bus_post:<bus12> [msg 0xf3ab9a18] posting on bus state-changed message: 0xf3ab9a18, time 99:99:99.999999999, seq-num 1559, element 'queue5', GstMessageStateChanged, old-state=(GstState)GST_STATE_READY, new-state=(GstState)GST_STATE_PAUSED, pending-state=(GstState)GST_STATE_VOID_PENDING;
05-09 19:56:16.051  2029  2184 D GStreamer+GST_BUS: 0:05:00.439584938 0xf37ece60 gstbus.c:309:gst_bus_post:<bus13> [msg 0xf3ab9d70] posting on bus stream-status message: 0xf3ab9d70, time 99:99:99.999999999, seq-num 1558, element 'src', GstMessageStreamStatus, type=(GstStreamStatusType)GST_STREAM_STATUS_TYPE_ENTER, owner=(GstElement)"\(GstQueue\)\ queue5", object=(GstTask)"\(GstTask\)\ queue5:src";
05-09 19:56:16.051  2029  2029 D GStreamer+bin: 0:05:00.439596240 0xf35ef400 gstbin.c:3528:gst_bin_handle_message_func:<pipeline2> [msg 0xf3ab9a18] handling child queue5 message of type state-changed
05-09 19:56:16.051  2029  2184 D GStreamer+GST_BUS: 0:05:00.439622959 0xf37ece60 gstbus.c:348:gst_bus_post:<bus13> [msg 0xf3ab9d70] pushing on async queue
05-09 19:56:16.051  2029  2029 D GStreamer+bin: 0:05:00.439639886 0xf35ef400 gstbin.c:3865:gst_bin_handle_message_func:<pipeline2> posting message upward
05-09 19:56:16.051  2029  2184 D GStreamer+GST_BUS: 0:05:00.439660927 0xf37ece60 gstbus.c:351:gst_bus_post:<bus13> [msg 0xf3ab9d70] pushed on async queue
05-09 19:56:16.051  2029  2029 D GStreamer+GST_BUS: 0:05:00.439719834 0xf35ef400 gstbus.c:309:gst_bus_post:<bus13> [msg 0xf3ab9a18] posting on bus state-changed message: 0xf3ab9a18, time 99:99:99.999999999, seq-num 1559, element 'queue5', GstMessageStateChanged, old-state=(GstState)GST_STATE_READY, new-state=(GstState)GST_STATE_PAUSED, pending-state=(GstState)GST_STATE_VOID_PENDING;
05-09 19:56:16.051  2029  2175 D GStreamer+GST_BUS: 0:05:00.439742490 0xf3d9e340 gstbus.c:521:gst_bus_timed_pop_filtered:<bus13> got message 0xf3ab9d70, stream-status from src, type mask is 4294967295
05-09 19:56:16.051  2029  2029 D GStreamer+GST_BUS: 0:05:00.439762698 0xf35ef400 gstbus.c:348:gst_bus_post:<bus13> [msg 0xf3ab9a18] pushing on async queue
05-09 19:56:16.051  2029  2029 D GStreamer+GST_BUS: 0:05:00.439807334 0xf35ef400 gstbus.c:351:gst_bus_post:<bus13> [msg 0xf3ab9a18] pushed on async queue
05-09 19:56:16.051  2029  2184 D GStreamer+GST_BUS: 0:05:00.439825042 0xf37ece60 gstbus.c:344:gst_bus_post:<bus12> [msg 0xf3ab9d70] dropped
05-09 19:56:16.052  2029  2175 D GStreamer+GST_BUS: 0:05:00.439867021 0xf3d9e340 gstbus.c:789:gst_bus_source_dispatch:<bus13> source 0xf39ad330 calling dispatch with stream-status message: 0xf3ab9d70, time 99:99:99.999999999, seq-num 1558, element 'src', GstMessageStreamStatus, type=(GstStreamStatusType)GST_STREAM_STATUS_TYPE_ENTER, owner=(GstElement)"\(GstQueue\)\ queue5", object=(GstTask)"\(GstTask\)\ queue5:src";
05-09 19:56:16.052  2029  2029 D GStreamer+GST_BUS: 0:05:00.439891344 0xf35ef400 gstbus.c:344:gst_bus_post:<bus12> [msg 0xf3ab9a18] dropped
05-09 19:56:16.052  2029  2184 D GStreamer+task: 0:05:00.439908271 0xf37ece60 gsttask.c:249:gst_task_configure_name:<queue5:src> Setting thread name to 'queue5:src'
05-09 19:56:16.052  2029  2175 D GStreamer+GST_BUS: 0:05:00.439942855 0xf3d9e340 gstbus.c:794:gst_bus_source_dispatch:<bus13> source 0xf39ad330 handler returns 1
05-09 19:56:16.052  2029  2029 D GStreamer+GST_STATES: 0:05:00.439964990 0xf35ef400 gstelement.c:2607:gst_element_set_state_func:<queue5> returned SUCCESS
05-09 19:56:16.052  2029  2184 D GStreamer+queue_dataflow: 0:05:00.439980823 0xf37ece60 gstqueue.c:1464:gst_queue_loop:<queue5> queue is empty
05-09 19:56:16.052  2029  2175 D GStreamer+GST_BUS: 0:05:00.440014834 0xf3d9e340 gstbus.c:521:gst_bus_timed_pop_filtered:<bus13> got message 0xf3ab9a18, state-changed from queue5, type mask is 4294967295
05-09 19:56:16.052  2029  2029 I GStreamer+GST_STATES: 0:05:00.440037021 0xf35ef400 gstbin.c:2764:gst_bin_change_state_func:<pipeline2> child 'queue5' changed state to 3(PAUSED) successfully
05-09 19:56:16.052  2029  2029 D GStreamer+bin: 0:05:00.440084313 0xf35ef400 gstbin.c:2167:gst_bin_sort_iterator_next:<pipeline2> queue empty, next best: decodebin3
05-09 19:56:16.052  2029  2175 D GStreamer+GST_BUS: 0:05:00.440109261 0xf3d9e340 gstbus.c:789:gst_bus_source_dispatch:<bus13> source 0xf39ad330 calling dispatch with state-changed message: 0xf3ab9a18, time 99:99:99.999999999, seq-num 1559, element 'queue5', GstMessageStateChanged, old-state=(GstState)GST_STATE_READY, new-state=(GstState)GST_STATE_PAUSED, pending-state=(GstState)GST_STATE_VOID_PENDING;
05-09 19:56:16.052  2029  2029 D GStreamer+bin: 0:05:00.440119469 0xf35ef400 gstbin.c:2182:gst_bin_sort_iterator_next:<pipeline2> queue head gives decodebin3
05-09 19:56:16.052  2029  2029 D GStreamer+bin: 0:05:00.440159000 0xf35ef400 gstbin.c:882:find_message:<pipeline2> no message found matching types 00001000
05-09 19:56:16.052  2029  2175 D GStreamer+GST_BUS: 0:05:00.440180459 0xf3d9e340 gstbus.c:794:gst_bus_source_dispatch:<bus13> source 0xf39ad330 handler returns 1
05-09 19:56:16.052  2029  2029 D GStreamer+bin: 0:05:00.440193167 0xf35ef400 gstbin.c:889:find_message:<pipeline2>   structure-change
05-09 19:56:16.052  2029  2029 D GStreamer+bin: 0:05:00.440230511 0xf35ef400 gstbin.c:2098:update_degree:<pipeline2> change element queue6, degree 1->0, linked to decodebin3
05-09 19:56:16.052  2029  2029 D GStreamer+bin: 0:05:00.440262542 0xf35ef400 gstbin.c:1981:add_to_queue:<pipeline2> adding 'queue6' to queue
05-09 19:56:16.052  2029  2029 I GStreamer+GST_STATES: 0:05:00.440300250 0xf35ef400 gstbin.c:2316:gst_bin_element_set_state:<decodebin3> current READY pending VOID_PENDING, desired next PAUSED
05-09 19:56:16.052  2029  2029 D GStreamer+bin: 0:05:00.440332750 0xf35ef400 gstbin.c:882:find_message:<pipeline2> no message found matching types 00100000
05-09 19:56:16.052  2029  2029 D GStreamer+bin: 0:05:00.440363480 0xf35ef400 gstbin.c:889:find_message:<pipeline2>   async-start
05-09 19:56:16.052  2029  2029 D GStreamer+bin: 0:05:00.440400146 0xf35ef400 gstbin.c:2411:gst_bin_element_set_state:<pipeline2> setting element decodebin3 to PAUSED, base_time 0:00:00.000000000
05-09 19:56:16.052  2029  2029 D GStreamer+GST_STATES: 0:05:00.440432125 0xf35ef400 gstelement.c:2523:gst_element_set_state_func:<decodebin3> set_state to PAUSED
05-09 19:56:16.052  2029  2029 D GStreamer+GST_STATES: 0:05:00.440463844 0xf35ef400 gstelement.c:2548:gst_element_set_state_func:<decodebin3> setting target state to PAUSED
05-09 19:56:16.052  2029  2029 D GStreamer+GST_STATES: 0:05:00.440499209 0xf35ef400 gstelement.c:2561:gst_element_set_state_func:<decodebin3> current READY, old_pending VOID_PENDING, next VOID_PENDING, old return SUCCESS
05-09 19:56:16.052  2029  2029 D GStreamer+GST_STATES: 0:05:00.440532802 0xf35ef400 gstelement.c:2595:gst_element_set_state_func:<decodebin3> final: setting state from READY to PAUSED
05-09 19:56:16.052  2029  2029 D GStreamer+bin: 0:05:00.440573271 0xf35ef400 gstbin.c:3528:gst_bin_handle_message_func:<decodebin3> [msg 0xf3d32560] handling child decodebin3 message of type async-start
05-09 19:56:16.052  2029  2029 D GStreamer+bin: 0:05:00.440607438 0xf35ef400 gstbin.c:3718:gst_bin_handle_message_func:<decodebin3> ASYNC_START message 0xf3d32560, decodebin3
05-09 19:56:16.052  2029  2029 D GStreamer+bin: 0:05:00.440640250 0xf35ef400 gstbin.c:882:find_message:<decodebin3> no message found matching types 00100000
05-09 19:56:16.052  2029  2029 D GStreamer+bin: 0:05:00.440671500 0xf35ef400 gstbin.c:889:find_message:<decodebin3>   async-start
05-09 19:56:16.052  2029  2029 D GStreamer+bin: 0:05:00.440705615 0xf35ef400 gstbin.c:929:bin_replace_message:<decodebin3> got new message 0xf3d32560, async-start from decodebin3
05-09 19:56:16.052  2029  2029 D GStreamer+GST_STATES: 0:05:00.440737125 0xf35ef400 gstbin.c:3181:bin_handle_async_start:<decodebin3> state change busy
05-09 19:56:16.052  2029  2029 D GStreamer+bin: 0:05:00.440767855 0xf35ef400 gstbin.c:3167:bin_handle_async_start:<decodebin3> posting ASYNC_START to parent
05-09 19:56:16.052  2029  2029 D GStreamer+GST_BUS: 0:05:00.440817542 0xf35ef400 gstbus.c:309:gst_bus_post:<bus12> [msg 0xf3abf160] posting on bus async-start message: 0xf3abf160, time 99:99:99.999999999, seq-num 1561, element 'decodebin3', (NULL)
05-09 19:56:16.052  2029  2029 D GStreamer+bin: 0:05:00.440852855 0xf35ef400 gstbin.c:3528:gst_bin_handle_message_func:<pipeline2> [msg 0xf3abf160] handling child decodebin3 message of type async-start
05-09 19:56:16.053  2029  2029 D GStreamer+bin: 0:05:00.440896865 0xf35ef400 gstbin.c:3718:gst_bin_handle_message_func:<pipeline2> ASYNC_START message 0xf3abf160, decodebin3
05-09 19:56:16.053  2029  2029 D GStreamer+bin: 0:05:00.440929469 0xf35ef400 gstbin.c:882:find_message:<pipeline2> no message found matching types 00100000
05-09 19:56:16.053  2029  2029 D GStreamer+bin: 0:05:00.440960250 0xf35ef400 gstbin.c:889:find_message:<pipeline2>   async-start
05-09 19:56:16.053  2029  2029 D GStreamer+bin: 0:05:00.440994261 0xf35ef400 gstbin.c:929:bin_replace_message:<pipeline2> got new message 0xf3abf160, async-start from decodebin3
05-09 19:56:16.053  2029  2029 D GStreamer+GST_STATES: 0:05:00.441024105 0xf35ef400 gstbin.c:3181:bin_handle_async_start:<pipeline2> state change busy
05-09 19:56:16.053  2029  2029 D GStreamer+GST_BUS: 0:05:00.441055407 0xf35ef400 gstbus.c:344:gst_bus_post:<bus12> [msg 0xf3abf160] dropped
05-09 19:56:16.053  2029  2029 D GStreamer+GST_STATES: 0:05:00.441098584 0xf35ef400 gstbin.c:2664:gst_bin_change_state_func:<decodebin3> changing state of children from READY to PAUSED
05-09 19:56:16.053  2029  2029 D GStreamer+bin: 0:05:00.441129990 0xf35ef400 gstbin.c:2688:gst_bin_change_state_func:<decodebin3> clearing EOS elements
05-09 19:56:16.053  2029  2029 D GStreamer+bin: 0:05:00.441163167 0xf35ef400 gstbin.c:963:bin_remove_messages:<decodebin3> not deleting message 0xf3d32560 of type 0x00100000
05-09 19:56:16.053  2029  2029 D GStreamer+bin: 0:05:00.441196448 0xf35ef400 gstbin.c:963:bin_remove_messages:<decodebin3> not deleting message 0xf3d32560 of type 0x00100000
05-09 19:56:16.053  2029  2029 D GStreamer+bin: 0:05:00.441229000 0xf35ef400 gstbin.c:2509:gst_bin_src_pads_activate:<decodebin3> activate pads
05-09 19:56:16.053  2029  2029 D GStreamer+bin: 0:05:00.441262959 0xf35ef400 gstbin.c:2517:gst_bin_src_pads_activate:<decodebin3> pad activation successful
05-09 19:56:16.053  2029  2029 D GStreamer+bin: 0:05:00.441295823 0xf35ef400 gstbin.c:2195:gst_bin_sort_iterator_resync:<decodebin3> resync
05-09 19:56:16.053  2029  2029 D GStreamer+bin: 0:05:00.441330146 0xf35ef400 gstbin.c:882:find_message:<decodebin3> no message found matching types 00001000
05-09 19:56:16.053  2029  2029 D GStreamer+bin: 0:05:00.441361657 0xf35ef400 gstbin.c:889:find_message:<decodebin3>   structure-change
05-09 19:56:16.053  2029  2029 D GStreamer+bin: 0:05:00.441396344 0xf35ef400 gstbin.c:2121:update_degree:<decodebin3> element typefind not linked on any sinkpads
05-09 19:56:16.053  2029  2029 D GStreamer+bin: 0:05:00.441430667 0xf35ef400 gstbin.c:2167:gst_bin_sort_iterator_next:<decodebin3> queue empty, next best: typefind
05-09 19:56:16.053  2029  2029 D GStreamer+bin: 0:05:00.441464469 0xf35ef400 gstbin.c:2182:gst_bin_sort_iterator_next:<decodebin3> queue head gives typefind
05-09 19:56:16.053  2029  2029 D GStreamer+bin: 0:05:00.441496448 0xf35ef400 gstbin.c:882:find_message:<decodebin3> no message found matching types 00001000
05-09 19:56:16.053  2029  2029 D GStreamer+bin: 0:05:00.441527542 0xf35ef400 gstbin.c:889:find_message:<decodebin3>   structure-change
05-09 19:56:16.053  2029  2029 D GStreamer+bin: 0:05:00.441560042 0xf35ef400 gstbin.c:2121:update_degree:<decodebin3> element typefind not linked on any sinkpads
05-09 19:56:16.053  2029  2029 I GStreamer+GST_STATES: 0:05:00.441595875 0xf35ef400 gstbin.c:2316:gst_bin_element_set_state:<typefind> current READY pending VOID_PENDING, desired next PAUSED
05-09 19:56:16.053  2029  2029 D GStreamer+bin: 0:05:00.441628115 0xf35ef400 gstbin.c:882:find_message:<decodebin3> no message found matching types 00100000
05-09 19:56:16.053  2029  2029 D GStreamer+bin: 0:05:00.441658948 0xf35ef400 gstbin.c:889:find_message:<decodebin3>   async-start
05-09 19:56:16.053  2029  2029 D GStreamer+bin: 0:05:00.441694782 0xf35ef400 gstbin.c:2411:gst_bin_element_set_state:<decodebin3> setting element typefind to PAUSED, base_time 0:00:00.000000000
05-09 19:56:16.053  2029  2029 D GStreamer+GST_STATES: 0:05:00.441726813 0xf35ef400 gstelement.c:2523:gst_element_set_state_func:<typefind> set_state to PAUSED
05-09 19:56:16.053  2029  2029 D GStreamer+GST_STATES: 0:05:00.441757855 0xf35ef400 gstelement.c:2548:gst_element_set_state_func:<typefind> setting target state to PAUSED
05-09 19:56:16.053  2029  2029 D GStreamer+GST_STATES: 0:05:00.441793167 0xf35ef400 gstelement.c:2561:gst_element_set_state_func:<typefind> current READY, old_pending VOID_PENDING, next VOID_PENDING, old return SUCCESS
05-09 19:56:16.053  2029  2029 D GStreamer+GST_STATES: 0:05:00.441827230 0xf35ef400 gstelement.c:2595:gst_element_set_state_func:<typefind> final: setting state from READY to PAUSED
05-09 19:56:16.054  2029  2029 D GStreamer+GST_ELEMENT_PADS: 0:05:00.441860875 0xf35ef400 gstelement.c:2793:gst_element_pads_activate:<typefind> activate pads
05-09 19:56:16.054  2029  2029 D GStreamer+GST_PADS: 0:05:00.441908323 0xf35ef400 gstpad.c:1056:gst_pad_set_active:<typefind:src> activating pad from none
05-09 19:56:16.054  2029  2029 D GStreamer+GST_PADS: 0:05:00.441945459 0xf35ef400 gstpad.c:972:pre_activate:<typefind:src> setting pad into push mode, unset flushing
05-09 19:56:16.054  2029  2029 D GStreamer+GST_PADS: 0:05:00.441980927 0xf35ef400 gstpad.c:1198:gst_pad_activate_mode:<typefind:src> activated in push mode
05-09 19:56:16.054  2029  2029 D GStreamer+GST_PADS: 0:05:00.442017698 0xf35ef400 gstpad.c:1056:gst_pad_set_active:<typefind:sink> activating pad from none
05-09 19:56:16.054  2029  2029 D GStreamer+query: 0:05:00.442055875 0xf35ef400 gstquery.c:674:gst_query_new_custom creating new query 0xf37ece90 scheduling
05-09 19:56:16.054  2029  2029 D GStreamer+GST_PADS: 0:05:00.442091240 0xf35ef400 gstpad.c:4009:gst_pad_peer_query:<typefind:sink> peer query 0xf37ece90 (scheduling)
05-09 19:56:16.054  2029  2029 D GStreamer+GST_PADS: 0:05:00.442129261 0xf35ef400 gstpad.c:3882:gst_pad_query:<sink:proxypad8> doing query 0xf37ece90 (scheduling)
05-09 19:56:16.054  2029  2029 D GStreamer+GST_PADS: 0:05:00.442167334 0xf35ef400 gstpad.c:3339:gst_pad_query_default:<sink:proxypad8> forwarding 0xf37ece90 (scheduling) query
05-09 19:56:16.054  2029  2029 D GStreamer+GST_PADS: 0:05:00.442208011 0xf35ef400 gstpad.c:4009:gst_pad_peer_query:<decodebin3:sink> peer query 0xf37ece90 (scheduling)
05-09 19:56:16.054  2029  2029 D GStreamer+GST_PADS: 0:05:00.442246032 0xf35ef400 gstpad.c:3882:gst_pad_query:<queue6:src> doing query 0xf37ece90 (scheduling)
05-09 19:56:16.054  2029  2029 D GStreamer+GST_PADS: 0:05:00.442287386 0xf35ef400 gstpad.c:3905:gst_pad_query:<queue6:src> sent query 0xf37ece90 (scheduling), result 1
05-09 19:56:16.054  2029  2029 D GStreamer+GST_PADS: 0:05:00.442326865 0xf35ef400 gstpad.c:3905:gst_pad_query:<sink:proxypad8> sent query 0xf37ece90 (scheduling), result 1
05-09 19:56:16.054  2029  2029 D GStreamer+GST_PADS: 0:05:00.442368063 0xf35ef400 gstpad.c:972:pre_activate:<typefind:sink> setting pad into push mode, unset flushing
05-09 19:56:16.054  2029  2029 D GStreamer+GST_PADS: 0:05:00.442405563 0xf35ef400 gstpad.c:984:pre_activate:<typefind:sink> reschedule events on peer sink:proxypad8
05-09 19:56:16.054  2029  2029 D GStreamer+typefind: 0:05:00.442439521 0xf35ef400 gsttypefindelement.c:525:start_typefinding:<typefind> starting typefinding
05-09 19:56:16.054  2029  2029 D GStreamer+GST_PADS: 0:05:00.442473063 0xf35ef400 gstpad.c:1198:gst_pad_activate_mode:<typefind:sink> activated in push mode
05-09 19:56:16.054  2029  2029 D GStreamer+GST_ELEMENT_PADS: 0:05:00.442507177 0xf35ef400 gstelement.c:2812:gst_element_pads_activate:<typefind> pad activation successful
05-09 19:56:16.054  2029  2029 D GStreamer+GST_STATES: 0:05:00.442539886 0xf35ef400 gstelement.c:2684:gst_element_change_state:<typefind> element changed state SUCCESS
05-09 19:56:16.054  2029  2029 I GStreamer+GST_STATES: 0:05:00.442572334 0xf35ef400 gstelement.c:2372:gst_element_continue_state:<typefind> completed state change to PAUSED
05-09 19:56:16.054  2029  2029 I GStreamer+GST_STATES: 0:05:00.442607386 0xf35ef400 gstelement.c:2277:_priv_gst_element_state_changed:<typefind> notifying about state-changed READY to PAUSED (VOID_PENDING pending)
05-09 19:56:16.054  2029  2029 D GStreamer+GST_BUS: 0:05:00.442679105 0xf35ef400 gstbus.c:309:gst_bus_post:<bus10> [msg 0xf3ac0c60] posting on bus state-changed message: 0xf3ac0c60, time 99:99:99.999999999, seq-num 1562, element 'typefind', GstMessageStateChanged, old-state=(GstState)GST_STATE_READY, new-state=(GstState)GST_STATE_PAUSED, pending-state=(GstState)GST_STATE_VOID_PENDING;
05-09 19:56:16.054  2029  2029 D GStreamer+bin: 0:05:00.442717177 0xf35ef400 gstbin.c:3528:gst_bin_handle_message_func:<decodebin3> [msg 0xf3ac0c60] handling child typefind message of type state-changed
05-09 19:56:16.054  2029  2029 D GStreamer+bin: 0:05:00.442749782 0xf35ef400 gstbin.c:3865:gst_bin_handle_message_func:<decodebin3> posting message upward
05-09 19:56:16.054  2029  2029 D GStreamer+GST_BUS: 0:05:00.442811500 0xf35ef400 gstbus.c:309:gst_bus_post:<bus12> [msg 0xf3ac0c60] posting on bus state-changed message: 0xf3ac0c60, time 99:99:99.999999999, seq-num 1562, element 'typefind', GstMessageStateChanged, old-state=(GstState)GST_STATE_READY, new-state=(GstState)GST_STATE_PAUSED, pending-state=(GstState)GST_STATE_VOID_PENDING;
05-09 19:56:16.054  2029  2029 D GStreamer+bin: 0:05:00.442847750 0xf35ef400 gstbin.c:3528:gst_bin_handle_message_func:<pipeline2> [msg 0xf3ac0c60] handling child typefind message of type state-changed
05-09 19:56:16.055  2029  2029 D GStreamer+bin: 0:05:00.442892021 0xf35ef400 gstbin.c:3865:gst_bin_handle_message_func:<pipeline2> posting message upward
05-09 19:56:16.055  2029  2029 D GStreamer+GST_BUS: 0:05:00.442956605 0xf35ef400 gstbus.c:309:gst_bus_post:<bus13> [msg 0xf3ac0c60] posting on bus state-changed message: 0xf3ac0c60, time 99:99:99.999999999, seq-num 1562, element 'typefind', GstMessageStateChanged, old-state=(GstState)GST_STATE_READY, new-state=(GstState)GST_STATE_PAUSED, pending-state=(GstState)GST_STATE_VOID_PENDING;
05-09 19:56:16.055  2029  2029 D GStreamer+GST_BUS: 0:05:00.442991188 0xf35ef400 gstbus.c:348:gst_bus_post:<bus13> [msg 0xf3ac0c60] pushing on async queue
05-09 19:56:16.055  2029  2029 D GStreamer+GST_BUS: 0:05:00.443032177 0xf35ef400 gstbus.c:351:gst_bus_post:<bus13> [msg 0xf3ac0c60] pushed on async queue
05-09 19:56:16.055  2029  2029 D GStreamer+GST_BUS: 0:05:00.443069209 0xf35ef400 gstbus.c:344:gst_bus_post:<bus12> [msg 0xf3ac0c60] dropped
05-09 19:56:16.055  2029  2029 D GStreamer+GST_BUS: 0:05:00.443106136 0xf35ef400 gstbus.c:344:gst_bus_post:<bus10> [msg 0xf3ac0c60] dropped
05-09 19:56:16.055  2029  2175 D GStreamer+GST_BUS: 0:05:00.443130771 0xf3d9e340 gstbus.c:521:gst_bus_timed_pop_filtered:<bus13> got message 0xf3ac0c60, state-changed from typefind, type mask is 4294967295
05-09 19:56:16.055  2029  2029 D GStreamer+GST_STATES: 0:05:00.443153740 0xf35ef400 gstelement.c:2607:gst_element_set_state_func:<typefind> returned SUCCESS
05-09 19:56:16.055  2029  2029 I GStreamer+GST_STATES: 0:05:00.443210250 0xf35ef400 gstbin.c:2764:gst_bin_change_state_func:<decodebin3> child 'typefind' changed state to 3(PAUSED) successfully
05-09 19:56:16.055  2029  2175 D GStreamer+GST_BUS: 0:05:00.443230615 0xf3d9e340 gstbus.c:789:gst_bus_source_dispatch:<bus13> source 0xf39ad330 calling dispatch with state-changed message: 0xf3ac0c60, time 99:99:99.999999999, seq-num 1562, element 'typefind', GstMessageStateChanged, old-state=(GstState)GST_STATE_READY, new-state=(GstState)GST_STATE_PAUSED, pending-state=(GstState)GST_STATE_VOID_PENDING;
05-09 19:56:16.055  2029  2029 D GStreamer+bin: 0:05:00.443254834 0xf35ef400 gstbin.c:2171:gst_bin_sort_iterator_next:<decodebin3> queue empty, elements exhausted
05-09 19:56:16.055  2029  2175 D GStreamer+GST_BUS: 0:05:00.443285407 0xf3d9e340 gstbus.c:794:gst_bus_source_dispatch:<bus13> source 0xf39ad330 handler returns 1
05-09 19:56:16.055  2029  2029 D GStreamer+GST_STATES: 0:05:00.443304000 0xf35ef400 gstbin.c:2823:gst_bin_change_state_func:<decodebin3> iterator done
05-09 19:56:16.055  2029  2029 D GStreamer+GST_ELEMENT_PADS: 0:05:00.443339417 0xf35ef400 gstelement.c:2793:gst_element_pads_activate:<decodebin3> activate pads
05-09 19:56:16.055  2029  2029 D GStreamer+GST_PADS: 0:05:00.443380927 0xf35ef400 gstpad.c:1062:gst_pad_set_active:<decodebin3:sink> pad was active in push mode
05-09 19:56:16.055  2029  2029 D GStreamer+GST_ELEMENT_PADS: 0:05:00.443416657 0xf35ef400 gstelement.c:2812:gst_element_pads_activate:<decodebin3> pad activation successful
05-09 19:56:16.055  2029  2029 D GStreamer+bin: 0:05:00.443448167 0xf35ef400 gstbin.c:2213:gst_bin_sort_iterator_free:<decodebin3> free
05-09 19:56:16.055  2029  2029 D GStreamer+bin: 0:05:00.443479521 0xf35ef400 gstbin.c:2858:gst_bin_change_state_func:<decodebin3> no async elements
05-09 19:56:16.055  2029  2029 D GStreamer+GST_STATES: 0:05:00.443515094 0xf35ef400 gstbin.c:2892:gst_bin_change_state_func:<decodebin3> done changing bin's state from READY to PAUSED, now in READY, ret SUCCESS
05-09 19:56:16.055  2029  2029 D GStreamer+GST_STATES: 0:05:00.443546344 0xf35ef400 gstelement.c:2666:gst_element_change_state:<decodebin3> element will change state ASYNC
05-09 19:56:16.055  2029  2029 D GStreamer+GST_STATES: 0:05:00.443577021 0xf35ef400 gstelement.c:2607:gst_element_set_state_func:<decodebin3> returned ASYNC
05-09 19:56:16.055  2029  2029 I GStreamer+GST_STATES: 0:05:00.443609469 0xf35ef400 gstbin.c:2770:gst_bin_change_state_func:<pipeline2> child 'decodebin3' is changing state asynchronously to PAUSED
05-09 19:56:16.055  2029  2029 D GStreamer+bin: 0:05:00.443644365 0xf35ef400 gstbin.c:2182:gst_bin_sort_iterator_next:<pipeline2> queue head gives queue6
05-09 19:56:16.055  2029  2029 D GStreamer+bin: 0:05:00.443676396 0xf35ef400 gstbin.c:882:find_message:<pipeline2> no message found matching types 00001000
05-09 19:56:16.055  2029  2029 D GStreamer+bin: 0:05:00.443707750 0xf35ef400 gstbin.c:889:find_message:<pipeline2>   structure-change
05-09 19:56:16.055  2029  2029 D GStreamer+bin: 0:05:00.443739886 0xf35ef400 gstbin.c:2121:update_degree:<pipeline2> element queue6 not linked on any sinkpads
05-09 19:56:16.055  2029  2029 I GStreamer+GST_STATES: 0:05:00.443773948 0xf35ef400 gstbin.c:2316:gst_bin_element_set_state:<queue6> current READY pending VOID_PENDING, desired next PAUSED
05-09 19:56:16.055  2029  2029 D GStreamer+bin: 0:05:00.443805823 0xf35ef400 gstbin.c:882:find_message:<pipeline2> no message found matching types 00100000
05-09 19:56:16.055  2029  2029 D GStreamer+bin: 0:05:00.443836084 0xf35ef400 gstbin.c:889:find_message:<pipeline2>   async-start
05-09 19:56:16.056  2029  2029 D GStreamer+bin: 0:05:00.443885719 0xf35ef400 gstbin.c:2411:gst_bin_element_set_state:<pipeline2> setting element queue6 to PAUSED, base_time 0:00:00.000000000
05-09 19:56:16.056  2029  2029 D GStreamer+GST_STATES: 0:05:00.443918636 0xf35ef400 gstelement.c:2523:gst_element_set_state_func:<queue6> set_state to PAUSED
05-09 19:56:16.056  2029  2029 D GStreamer+GST_STATES: 0:05:00.443950719 0xf35ef400 gstelement.c:2548:gst_element_set_state_func:<queue6> setting target state to PAUSED
05-09 19:56:16.056  2029  2029 D GStreamer+GST_STATES: 0:05:00.443986396 0xf35ef400 gstelement.c:2561:gst_element_set_state_func:<queue6> current READY, old_pending VOID_PENDING, next VOID_PENDING, old return SUCCESS
05-09 19:56:16.056  2029  2029 D GStreamer+GST_STATES: 0:05:00.444020771 0xf35ef400 gstelement.c:2595:gst_element_set_state_func:<queue6> final: setting state from READY to PAUSED
05-09 19:56:16.056  2029  2029 D GStreamer+GST_ELEMENT_PADS: 0:05:00.444054313 0xf35ef400 gstelement.c:2793:gst_element_pads_activate:<queue6> activate pads
05-09 19:56:16.056  2029  2029 D GStreamer+GST_PADS: 0:05:00.444091136 0xf35ef400 gstpad.c:1056:gst_pad_set_active:<queue6:src> activating pad from none
05-09 19:56:16.056  2029  2029 D GStreamer+GST_PADS: 0:05:00.444127125 0xf35ef400 gstpad.c:972:pre_activate:<queue6:src> setting pad into push mode, unset flushing
05-09 19:56:16.056  2029  2029 D GStreamer+GST_PADS: 0:05:00.444160980 0xf35ef400 gstpad.c:5938:gst_pad_start_task:<queue6:src> start task
05-09 19:56:16.056  2029  2029 D GStreamer+task: 0:05:00.444214052 0xf35ef400 gsttask.c:425:gst_task_new Created task 0xf3abe568
05-09 19:56:16.056  2029  2029 I GStreamer+task: 0:05:00.444244730 0xf35ef400 gsttask.c:451:gst_task_set_lock setting stream lock 0xf39561d4 on task 0xf3abe568
05-09 19:56:16.056  2029  2029 I GStreamer+GST_PADS: 0:05:00.444276396 0xf35ef400 gstpad.c:5947:gst_pad_start_task:<queue6:src> created task 0xf3abe568
05-09 19:56:16.056  2029  2029 D GStreamer+GST_PADS: 0:05:00.444311032 0xf35ef400 gstpad.c:5864:do_stream_status:<queue6:src> doing stream-status 0
05-09 19:56:16.056  2029  2029 D GStreamer+GST_PADS: 0:05:00.444352802 0xf35ef400 gstpad.c:5893:do_stream_status:<queue6:src> posting stream-status 0
05-09 19:56:16.056  2029  2029 D GStreamer+GST_BUS: 0:05:00.444437125 0xf35ef400 gstbus.c:309:gst_bus_post:<bus12> [msg 0xf3ab9910] posting on bus stream-status message: 0xf3ab9910, time 99:99:99.999999999, seq-num 1563, element 'src', GstMessageStreamStatus, type=(GstStreamStatusType)GST_STREAM_STATUS_TYPE_CREATE, owner=(GstElement)"\(GstQueue\)\ queue6", object=(GstTask)"\(GstTask\)\ task10";
05-09 19:56:16.056  2029  2029 D GStreamer+bin: 0:05:00.444474261 0xf35ef400 gstbin.c:3528:gst_bin_handle_message_func:<pipeline2> [msg 0xf3ab9910] handling child src message of type stream-status
05-09 19:56:16.056  2029  2029 D GStreamer+bin: 0:05:00.444504730 0xf35ef400 gstbin.c:3865:gst_bin_handle_message_func:<pipeline2> posting message upward
05-09 19:56:16.056  2029  2029 D GStreamer+GST_BUS: 0:05:00.444576084 0xf35ef400 gstbus.c:309:gst_bus_post:<bus13> [msg 0xf3ab9910] posting on bus stream-status message: 0xf3ab9910, time 99:99:99.999999999, seq-num 1563, element 'src', GstMessageStreamStatus, type=(GstStreamStatusType)GST_STREAM_STATUS_TYPE_CREATE, owner=(GstElement)"\(GstQueue\)\ queue6", object=(GstTask)"\(GstTask\)\ task10";
05-09 19:56:16.056  2029  2029 D GStreamer+GST_BUS: 0:05:00.444609417 0xf35ef400 gstbus.c:348:gst_bus_post:<bus13> [msg 0xf3ab9910] pushing on async queue
05-09 19:56:16.056  2029  2029 D GStreamer+GST_BUS: 0:05:00.444647125 0xf35ef400 gstbus.c:351:gst_bus_post:<bus13> [msg 0xf3ab9910] pushed on async queue
05-09 19:56:16.056  2029  2029 D GStreamer+GST_BUS: 0:05:00.444682802 0xf35ef400 gstbus.c:344:gst_bus_post:<bus12> [msg 0xf3ab9910] dropped
05-09 19:56:16.056  2029  2029 D GStreamer+task: 0:05:00.444736188 0xf35ef400 gsttask.c:682:gst_task_set_state:<task10> Changing task 0xf3abe568 to state 0
05-09 19:56:16.056  2029  2175 D GStreamer+GST_BUS: 0:05:00.444755875 0xf3d9e340 gstbus.c:521:gst_bus_timed_pop_filtered:<bus13> got message 0xf3ab9910, stream-status from src, type mask is 4294967295
05-09 19:56:16.057  2029  2185 D GStreamer+task: 0:05:00.444898844 0xf37ecec0 gsttask.c:287:gst_task_func Entering task 0xf3abe568, thread 0xf37ecec0
05-09 19:56:16.057  2029  2175 D GStreamer+GST_BUS: 0:05:00.444899157 0xf3d9e340 gstbus.c:789:gst_bus_source_dispatch:<bus13> source 0xf39ad330 calling dispatch with stream-status message: 0xf3ab9910, time 99:99:99.999999999, seq-num 1563, element 'src', GstMessageStreamStatus, type=(GstStreamStatusType)GST_STREAM_STATUS_TYPE_CREATE, owner=(GstElement)"\(GstQueue\)\ queue6", object=(GstTask)"\(GstTask\)\ task10";
05-09 19:56:16.057  2029  2029 D GStreamer+GST_PADS: 0:05:00.444931657 0xf35ef400 gstpad.c:1198:gst_pad_activate_mode:<queue6:src> activated in push mode
05-09 19:56:16.057  2029  2175 D GStreamer+GST_BUS: 0:05:00.444974990 0xf3d9e340 gstbus.c:794:gst_bus_source_dispatch:<bus13> source 0xf39ad330 handler returns 1
05-09 19:56:16.057  2029  2029 D GStreamer+GST_PADS: 0:05:00.445002438 0xf35ef400 gstpad.c:1056:gst_pad_set_active:<queue6:sink> activating pad from none
05-09 19:56:16.057  2029  2029 D GStreamer+GST_PADS: 0:05:00.445040667 0xf35ef400 gstpad.c:972:pre_activate:<queue6:sink> setting pad into push mode, unset flushing
05-09 19:56:16.057  2029  2185 D GStreamer+GST_PADS: 0:05:00.445055250 0xf37ecec0 gstpad.c:5864:do_stream_status:<queue6:src> doing stream-status 1
05-09 19:56:16.057  2029  2029 D GStreamer+GST_PADS: 0:05:00.445098011 0xf35ef400 gstpad.c:1198:gst_pad_activate_mode:<queue6:sink> activated in push mode
05-09 19:56:16.057  2029  2185 D GStreamer+GST_PADS: 0:05:00.445175511 0xf37ecec0 gstpad.c:5893:do_stream_status:<queue6:src> posting stream-status 1
05-09 19:56:16.057  2029  2029 D GStreamer+GST_ELEMENT_PADS: 0:05:00.445235302 0xf35ef400 gstelement.c:2812:gst_element_pads_activate:<queue6> pad activation successful
05-09 19:56:16.057  2029  2029 D GStreamer+GST_STATES: 0:05:00.445290042 0xf35ef400 gstelement.c:2684:gst_element_change_state:<queue6> element changed state SUCCESS
05-09 19:56:16.057  2029  2029 I GStreamer+GST_STATES: 0:05:00.445338427 0xf35ef400 gstelement.c:2372:gst_element_continue_state:<queue6> completed state change to PAUSED
05-09 19:56:16.057  2029  2029 I GStreamer+GST_STATES: 0:05:00.445373896 0xf35ef400 gstelement.c:2277:_priv_gst_element_state_changed:<queue6> notifying about state-changed READY to PAUSED (VOID_PENDING pending)
05-09 19:56:16.057  2029  2185 D GStreamer+GST_BUS: 0:05:00.445393011 0xf37ecec0 gstbus.c:309:gst_bus_post:<bus12> [msg 0xf3925210] posting on bus stream-status message: 0xf3925210, time 99:99:99.999999999, seq-num 1564, element 'src', GstMessageStreamStatus, type=(GstStreamStatusType)GST_STREAM_STATUS_TYPE_ENTER, owner=(GstElement)"\(GstQueue\)\ queue6", object=(GstTask)"\(GstTask\)\ queue6:src";
05-09 19:56:16.057  2029  2029 D GStreamer+GST_BUS: 0:05:00.445461084 0xf35ef400 gstbus.c:309:gst_bus_post:<bus12> [msg 0xf3ab9860] posting on bus state-changed message: 0xf3ab9860, time 99:99:99.999999999, seq-num 1565, element 'queue6', GstMessageStateChanged, old-state=(GstState)GST_STATE_READY, new-state=(GstState)GST_STATE_PAUSED, pending-state=(GstState)GST_STATE_VOID_PENDING;
05-09 19:56:16.057  2029  2029 D GStreamer+bin: 0:05:00.445507907 0xf35ef400 gstbin.c:3528:gst_bin_handle_message_func:<pipeline2> [msg 0xf3ab9860] handling child queue6 message of type state-changed
05-09 19:56:16.057  2029  2185 D GStreamer+bin: 0:05:00.445518792 0xf37ecec0 gstbin.c:3528:gst_bin_handle_message_func:<pipeline2> [msg 0xf3925210] handling child src message of type stream-status
05-09 19:56:16.057  2029  2185 D GStreamer+bin: 0:05:00.445605563 0xf37ecec0 gstbin.c:3865:gst_bin_handle_message_func:<pipeline2> posting message upward
05-09 19:56:16.057  2029  2029 D GStreamer+bin: 0:05:00.445541813 0xf35ef400 gstbin.c:3865:gst_bin_handle_message_func:<pipeline2> posting message upward
05-09 19:56:16.057  2029  2029 D GStreamer+GST_BUS: 0:05:00.445714157 0xf35ef400 gstbus.c:309:gst_bus_post:<bus13> [msg 0xf3ab9860] posting on bus state-changed message: 0xf3ab9860, time 99:99:99.999999999, seq-num 1565, element 'queue6', GstMessageStateChanged, old-state=(GstState)GST_STATE_READY, new-state=(GstState)GST_STATE_PAUSED, pending-state=(GstState)GST_STATE_VOID_PENDING;
05-09 19:56:16.057  2029  2185 D GStreamer+GST_BUS: 0:05:00.445743219 0xf37ecec0 gstbus.c:309:gst_bus_post:<bus13> [msg 0xf3925210] posting on bus stream-status message: 0xf3925210, time 99:99:99.999999999, seq-num 1564, element 'src', GstMessageStreamStatus, type=(GstStreamStatusType)GST_STREAM_STATUS_TYPE_ENTER, owner=(GstElement)"\(GstQueue\)\ queue6", object=(GstTask)"\(GstTask\)\ queue6:src";
05-09 19:56:16.057  2029  2029 D GStreamer+GST_BUS: 0:05:00.445753219 0xf35ef400 gstbus.c:348:gst_bus_post:<bus13> [msg 0xf3ab9860] pushing on async queue
05-09 19:56:16.057  2029  2185 D GStreamer+GST_BUS: 0:05:00.445837438 0xf37ecec0 gstbus.c:348:gst_bus_post:<bus13> [msg 0xf3925210] pushing on async queue
05-09 19:56:16.058  2029  2185 D GStreamer+GST_BUS: 0:05:00.445931500 0xf37ecec0 gstbus.c:351:gst_bus_post:<bus13> [msg 0xf3925210] pushed on async queue
05-09 19:56:16.058  2029  2175 D GStreamer+GST_BUS: 0:05:00.445962334 0xf3d9e340 gstbus.c:521:gst_bus_timed_pop_filtered:<bus13> got message 0xf3ab9860, state-changed from queue6, type mask is 4294967295
05-09 19:56:16.058  2029  2185 D GStreamer+GST_BUS: 0:05:00.445978584 0xf37ecec0 gstbus.c:344:gst_bus_post:<bus12> [msg 0xf3925210] dropped
05-09 19:56:16.058  2029  2029 D GStreamer+GST_BUS: 0:05:00.446040615 0xf35ef400 gstbus.c:351:gst_bus_post:<bus13> [msg 0xf3ab9860] pushed on async queue
05-09 19:56:16.058  2029  2175 D GStreamer+GST_BUS: 0:05:00.446063740 0xf3d9e340 gstbus.c:789:gst_bus_source_dispatch:<bus13> source 0xf39ad330 calling dispatch with state-changed message: 0xf3ab9860, time 99:99:99.999999999, seq-num 1565, element 'queue6', GstMessageStateChanged, old-state=(GstState)GST_STATE_READY, new-state=(GstState)GST_STATE_PAUSED, pending-state=(GstState)GST_STATE_VOID_PENDING;
05-09 19:56:16.058  2029  2185 D GStreamer+task: 0:05:00.446077438 0xf37ecec0 gsttask.c:249:gst_task_configure_name:<queue6:src> Setting thread name to 'queue6:src'
05-09 19:56:16.058  2029  2029 D GStreamer+GST_BUS: 0:05:00.446104677 0xf35ef400 gstbus.c:344:gst_bus_post:<bus12> [msg 0xf3ab9860] dropped
05-09 19:56:16.058  2029  2175 D GStreamer+GST_BUS: 0:05:00.446118740 0xf3d9e340 gstbus.c:794:gst_bus_source_dispatch:<bus13> source 0xf39ad330 handler returns 1
05-09 19:56:16.058  2029  2029 D GStreamer+GST_STATES: 0:05:00.446140667 0xf35ef400 gstelement.c:2607:gst_element_set_state_func:<queue6> returned SUCCESS
05-09 19:56:16.058  2029  2175 D GStreamer+GST_BUS: 0:05:00.446209625 0xf3d9e340 gstbus.c:521:gst_bus_timed_pop_filtered:<bus13> got message 0xf3925210, stream-status from src, type mask is 4294967295
05-09 19:56:16.058  2029  2185 D GStreamer+queue_dataflow: 0:05:00.446249782 0xf37ecec0 gstqueue.c:1464:gst_queue_loop:<queue6> queue is empty
05-09 19:56:16.058  2029  2175 D GStreamer+GST_BUS: 0:05:00.446302750 0xf3d9e340 gstbus.c:789:gst_bus_source_dispatch:<bus13> source 0xf39ad330 calling dispatch with stream-status message: 0xf3925210, time 99:99:99.999999999, seq-num 1564, element 'src', GstMessageStreamStatus, type=(GstStreamStatusType)GST_STREAM_STATUS_TYPE_ENTER, owner=(GstElement)"\(GstQueue\)\ queue6", object=(GstTask)"\(GstTask\)\ queue6:src";
05-09 19:56:16.058  2029  2029 I GStreamer+GST_STATES: 0:05:00.446316865 0xf35ef400 gstbin.c:2764:gst_bin_change_state_func:<pipeline2> child 'queue6' changed state to 3(PAUSED) successfully
05-09 19:56:16.058  2029  2175 D GStreamer+GST_BUS: 0:05:00.446344938 0xf3d9e340 gstbus.c:794:gst_bus_source_dispatch:<bus13> source 0xf39ad330 handler returns 1
05-09 19:56:16.058  2029  2029 D GStreamer+bin: 0:05:00.446367907 0xf35ef400 gstbin.c:2167:gst_bin_sort_iterator_next:<pipeline2> queue empty, next best: forhwgl
