05-09 19:56:16.099  2029  2187 D GStreamer+GST_EVENT: 0:05:00.487310927 0xf37ecf50 gstevent.c:302:gst_event_new_custom creating new event 0xf3dd1098 tag 20510
05-09 19:56:16.099  2029  2186 D GStreamer+GST_PADS: 0:05:00.487323063 0xf37ecf20 gstpad.c:1826:gst_pad_set_event_function_full:<'':decodepad2> eventfunc for set to 0xdab9d7d9
05-09 19:56:16.099  2029  2185 D GStreamer+GST_PADS: 0:05:00.487357386 0xf37ecec0 gstpad.c:3339:gst_pad_query_default:<typefind:sink> not forwarding 0xf3d19a60 (caps) query
05-09 19:56:16.099  2029  2187 D GStreamer+GST_PADS: 0:05:00.487377334 0xf37ecf50 gstpad.c:3813:check_sticky:<q:audio_0> pushing all sticky events
05-09 19:56:16.099  2029  2186 D GStreamer+GST_PADS: 0:05:00.487392021 0xf37ecf20 gstpad.c:1056:gst_pad_set_active:<'':decodepad2> activating pad from none
05-09 19:56:16.099  2029  2185 D GStreamer+GST_PADS: 0:05:00.487405771 0xf37ecec0 gstpad.c:3905:gst_pad_query:<typefind:sink> sent query 0xf3d19a60 (caps), result 1
05-09 19:56:16.099  2029  2187 D GStreamer+GST_PADS: 0:05:00.487425719 0xf37ecf50 gstpad.c:3745:push_sticky:<q:audio_0> event stream-start was already received
05-09 19:56:16.099  2029  2186 D GStreamer+GST_PADS: 0:05:00.487439365 0xf37ecf20 gstpad.c:972:pre_activate:<'':decodepad2> setting pad into push mode, unset flushing
05-09 19:56:16.099  2029  2187 D GStreamer+GST_PADS: 0:05:00.487476344 0xf37ecf50 gstpad.c:3745:push_sticky:<q:audio_0> event caps was already received
05-09 19:56:16.099  2029  2185 D GStreamer+GST_CAPS: 0:05:00.487490042 0xf37ecec0 gstutils.c:2845:gst_pad_query_caps:<typefind:sink> query returned audio/mpeg, mpegversion=(int)1, parsed=(boolean)true, rate=(int)24000, channels=(int)1
05-09 19:56:16.099  2029  2186 D GStreamer+GST_PADS: 0:05:00.487503792 0xf37ecf20 gstpad.c:972:pre_activate:<decodepad2:proxypad10> setting pad into push mode, unset flushing
05-09 19:56:16.099  2029  2187 D GStreamer+GST_PADS: 0:05:00.487537542 0xf37ecf50 gstpad.c:3745:push_sticky:<q:audio_0> event segment was already received
05-09 19:56:16.099  2029  2186 D GStreamer+GST_PADS: 0:05:00.487578532 0xf37ecf20 gstpad.c:1225:gst_pad_activate_mode:<'':decodepad2> already activated in push mode
05-09 19:56:16.099  2029  2185 D GStreamer+GST_PADS: 0:05:00.487597282 0xf37ecec0 gstpad.c:3065:gst_pad_query_accept_caps_default:<typefind:sink> allowed caps subset audio/mpeg, mpegversion=(int)1, parsed=(boolean)true, rate=(int)24000, channels=(int)1, caps audio/mpeg, mpegversion=(int)1, parsed=(boolean)true, rate=(int)24000, channels=(int)1
05-09 19:56:16.099  2029  2187 D GStreamer+GST_PADS: 0:05:00.487612125 0xf37ecf50 gstpad.c:3745:push_sticky:<q:audio_0> event tag was already received
05-09 19:56:16.099  2029  2186 D GStreamer+GST_PADS: 0:05:00.487639677 0xf37ecf20 gstpad.c:1198:gst_pad_activate_mode:<decodepad2:proxypad10> activated in push mode
05-09 19:56:16.099  2029  2185 D GStreamer+GST_PADS: 0:05:00.487650250 0xf37ecec0 gstpad.c:3339:gst_pad_query_default:<typefind:sink> not forwarding 0xf3d33cf0 (accept-caps) query
05-09 19:56:16.099  2029  2186 D GStreamer+GST_PADS: 0:05:00.487718219 0xf37ecf20 gstpad.c:1198:gst_pad_activate_mode:<'':decodepad2> activated in push mode
05-09 19:56:16.099  2029  2185 D GStreamer+GST_PADS: 0:05:00.487743219 0xf37ecec0 gstpad.c:3905:gst_pad_query:<typefind:sink> sent query 0xf3d33cf0 (accept-caps), result 1
05-09 19:56:16.099  2029  2187 D GStreamer+GST_EVENT: 0:05:00.487761605 0xf37ecf50 gstpad.c:5496:gst_pad_send_event_unchecked:<queue6:sink> have event type tag event: 0xf3dd1098, time 99:99:99.999999999, seq-num 1594, GstTagList-global, taglist=(taglist)"taglist\,\ datetime\=\(datetime\)2016-05-10T02:46:01Z\,\ container-format\=\(string\)\"ISO\\\ MP4/M4A\"\;";
05-09 19:56:16.099  2029  2186 D GStreamer+GST_PADS: 0:05:00.487776657 0xf37ecf20 gstghostpad.c:840:gst_ghost_pad_set_target:<'':decodepad2> set target typefind:src
05-09 19:56:16.099  2029  2187 D GStreamer+GST_PADS: 0:05:00.487812386 0xf37ecf50 gstpad.c:5569:gst_pad_send_event_unchecked:<queue6:sink> sent event, ret ok
05-09 19:56:16.099  2029  2186 D GStreamer+GST_PADS: 0:05:00.487824052 0xf37ecf20 gstghostpad.c:862:gst_ghost_pad_set_target:<'':decodepad2> connecting internal pad to target <typefind:src>
05-09 19:56:16.100  2029  2187 D GStreamer+GST_PADS: 0:05:00.487852802 0xf37ecf50 gstpad.c:3765:push_sticky:<q:audio_0> event tag marked received
05-09 19:56:16.100  2029  2185 D GStreamer+GST_PADS: 0:05:00.487862959 0xf37ecec0 gstutils.c:2541:gst_pad_proxy_query_accept_caps:<decodebin3:sink> proxying accept caps query: 1
05-09 19:56:16.100  2029  2185 D GStreamer+GST_PADS: 0:05:00.488095198 0xf37ecec0 gstpad.c:3339:gst_pad_query_default:<decodebin3:sink> not forwarding 0xf3d33cf0 (accept-caps) query
05-09 19:56:16.100  2029  2186 D GStreamer+bin: 0:05:00.488090146 0xf37ecf20 gstbin.c:882:find_message:<forhwgl> no message found matching types 00001000
05-09 19:56:16.100  2029  2187 D GStreamer+qtdemux: 0:05:00.488251032 0xf37ecf50 qtdemux.c:4376:gst_qtdemux_activate_segment:<q:audio_0> moving backwards to keyframe at 0 (pts 0:00:00.000000000 dts 0:00:00.000000000 )
05-09 19:56:16.100  2029  2186 D GStreamer+bin: 0:05:00.488270407 0xf37ecf20 gstbin.c:889:find_message:<forhwgl>   structure-change
05-09 19:56:16.100  2029  2185 D GStreamer+GST_PADS: 0:05:00.488283740 0xf37ecec0 gstpad.c:3905:gst_pad_query:<decodebin3:sink> sent query 0xf3d33cf0 (accept-caps), result 1
05-09 19:56:16.100  2029  2187 D GStreamer+qtdemux: 0:05:00.488316084 0xf37ecf50 qtdemux.c:1218:gst_qtdemux_move_stream:<q> moving to sample 0 of 299
05-09 19:56:16.100  2029  2186 D GStreamer+bin: 0:05:00.488330563 0xf37ecf20 gstbin.c:929:bin_replace_message:<forhwgl> got new message 0xf3d43a18, structure-change from proxypad10
05-09 19:56:16.100  2029  2185 D GStreamer+default: 0:05:00.488403896 0xf37ecec0 gstutils.c:2926:gst_pad_query_accept_caps:<decodebin3:sink> query returned 1
05-09 19:56:16.100  2029  2186 D GStreamer+GST_BUS: 0:05:00.488436865 0xf37ecf20 gstbus.c:344:gst_bus_post:<bus8> [msg 0xf3d43a18] dropped
05-09 19:56:16.100  2029  2187 D GStreamer+qtdemux: 0:05:00.488436605 0xf37ecf50 qtdemux.c:5197:gst_qtdemux_loop_state_movie:<q> pushing from stream 1, empty 0 offset 48, size 144, dts=0:00:00.000000000, pts=0:00:00.000000000, duration 0:00:00.024000000
05-09 19:56:16.100  2029  2185 D GStreamer+GST_PADS: 0:05:00.488473480 0xf37ecec0 gstpad.c:5053:store_sticky_event:<sink:proxypad8> notify caps
05-09 19:56:16.100  2029  2186 I GStreamer+GST_PADS: 0:05:00.488485198 0xf37ecf20 gstpad.c:2292:gst_pad_link_prepare trying to link typefind:src and decodepad2:proxypad10
05-09 19:56:16.100  2029  2187 D GStreamer+basesrc: 0:05:00.488514261 0xf37ecf50 gstbasesrc.c:2355:gst_base_src_update_length:<filesrc2> reading offset 48, length 144, size 15003960, segment.stop -1, maxsize 15003960
05-09 19:56:16.100  2029  2186 I GStreamer+GST_PADS: 0:05:00.488539313 0xf37ecf20 gstpad.c:2498:gst_pad_link_full linked typefind:src and decodepad2:proxypad10, successful
05-09 19:56:16.100  2029  2186 I GStreamer+GST_EVENT: 0:05:00.488579573 0xf37ecf20 gstevent.c:1382:gst_event_new_reconfigure creating reconfigure event
05-09 19:56:16.100  2029  2185 D GStreamer+GST_PADS: 0:05:00.488586084 0xf37ecec0 gstpad.c:3813:check_sticky:<sink:proxypad8> pushing all sticky events
05-09 19:56:16.100  2029  2187 D GStreamer+basesrc: 0:05:00.488601917 0xf37ecf50 gstbasesrc.c:2456:gst_base_src_get_range:<filesrc2> calling create offset 48 length 144, time 0
05-09 19:56:16.100  2029  2186 D GStreamer+GST_EVENT: 0:05:00.488613688 0xf37ecf20 gstevent.c:302:gst_event_new_custom creating new event 0xf396b978 reconfigure 61441
05-09 19:56:16.100  2029  2187 D GStreamer+GST_MEMORY: 0:05:00.488650927 0xf37ecf50 gstmemory.c:138:gst_memory_init new memory 0xf39b4038, maxsize:147 offset:0 size:144
05-09 19:56:16.100  2029  2185 D GStreamer+GST_PADS: 0:05:00.488652594 0xf37ecec0 gstpad.c:3745:push_sticky:<sink:proxypad8> event stream-start was already received
05-09 19:56:16.103  2029  2185 I GStreamer+GST_ELEMENT_PADS: 0:05:00.491125250 0xf37ecec0 gstelement.c:907:gst_element_get_static_pad found pad typefind:sink
05-09 19:56:16.103  2029  2185 D GStreamer+decodebin: 0:05:00.491201865 0xf37ecec0 gstdecodebin2.c:3511:gst_decode_chain_new:<decodebin3> Creating new chain 0xf380e808 with parent group 0x0
05-09 19:56:16.103  2029  2187 D GStreamer+basesrc: 0:05:00.491219677 0xf37ecf50 gstbasesrc.c:2520:gst_base_src_get_range:<filesrc2> buffer ok
05-09 19:56:16.103  2029  2186 D GStreamer+bin: 0:05:00.491235198 0xf37ecf20 gstbin.c:3528:gst_bin_handle_message_func:<forhwgl> [msg 0xf3925000] handling child proxypad10 message of type structure-change
05-09 19:56:16.103  2029  2185 D GStreamer+decodebin: 0:05:00.491313115 0xf37ecec0 gstdecodebin2.c:1531:analyze_new_pad:<decodebin3> Pad typefind:src caps:audio/mpeg, mpegversion=(int)1, parsed=(boolean)true, rate=(int)24000, channels=(int)1
05-09 19:56:16.104  2029  2187 D GStreamer+basesrc: 0:05:00.492563271 0xf37ecf50 gstbasesrc.c:2456:gst_base_src_get_range:<filesrc2> calling create offset 768 length 144, time 0
05-09 19:56:16.106  2029  2185 D GStreamer+GST_BUS: 0:05:00.494350459 0xf37ecec0 gstbus.c:344:gst_bus_post:<bus10> [msg 0xf3d43910] dropped
05-09 19:56:16.106  2029  2187 D GStreamer+GST_SCHEDULING: 0:05:00.494366500 0xf37ecf50 gstpad.c:4159:gst_pad_chain_data_unchecked:<queue6:sink> called chainfunction &gst_queue_chain with buffer 0xf3b72218, returned ok
05-09 19:56:16.106  2029  2186 D GStreamer+GST_ELEMENT_FACTORY: 0:05:00.494385146 0xf37ecf20 gstelementfactory.c:837:gst_element_factory_list_filter finding factories
05-09 19:56:16.106  2029  2185 I GStreamer+GST_PADS: 0:05:00.494450615 0xf37ecec0 gstpad.c:2292:gst_pad_link_prepare trying to link typefind:src and decodepad3:proxypad11
05-09 19:56:16.106  2029  2186 D GStreamer+GST_ELEMENT_FACTORY: 0:05:00.494464000 0xf37ecf20 gstelementfactory.c:848:gst_element_factory_list_filter Trying mpegaudioparse
05-09 19:56:16.106  2029  2187 D GStreamer+qtdemux: 0:05:00.494481917 0xf37ecf50 qtdemux.c:7675:qtdemux_parse_samples:<q> parsing up to sample 7
05-09 19:56:16.106  2029  2185 I GStreamer+GST_PADS: 0:05:00.494511605 0xf37ecec0 gstpad.c:2498:gst_pad_link_full linked typefind:src and decodepad3:proxypad11, successful
05-09 19:56:16.106  2029  2186 D GStreamer+GST_ELEMENT_FACTORY: 0:05:00.494612438 0xf37ecf20 gstelementfactory.c:848:gst_element_factory_list_filter Trying aacparse
05-09 19:56:16.106  2029  2187 D GStreamer+qtdemux: 0:05:00.494630094 0xf37ecf50 qtdemux.c:7882:qtdemux_parse_samples:<q> sample 7: index 7, timestamp 0:00:00.168000000
05-09 19:56:16.106  2029  2186 D GStreamer+GST_ELEMENT_FACTORY: 0:05:00.494652125 0xf37ecf20 gstelementfactory.c:848:gst_element_factory_list_filter Trying ac3parse
05-09 19:56:16.106  2029  2187 D GStreamer+qtdemux: 0:05:00.494668688 0xf37ecf50 qtdemux.c:7982:qtdemux_parse_samples:<q> setting all keyframes
05-09 19:56:16.106  2029  2186 D GStreamer+GST_ELEMENT_FACTORY: 0:05:00.494688011 0xf37ecf20 gstelementfactory.c:848:gst_element_factory_list_filter Trying amrparse
05-09 19:56:16.106  2029  2185 I GStreamer+GST_EVENT: 0:05:00.494709730 0xf37ecec0 gstevent.c:1382:gst_event_new_reconfigure creating reconfigure event
05-09 19:56:16.106  2029  2186 D GStreamer+GST_ELEMENT_FACTORY: 0:05:00.494735094 0xf37ecf20 gstelementfactory.c:848:gst_element_factory_list_filter Trying dcaparse
05-09 19:56:16.106  2029  2187 D GStreamer+qtdemux: 0:05:00.494752698 0xf37ecf50 qtdemux.c:5197:gst_qtdemux_loop_state_movie:<q> pushing from stream 1, empty 0 offset 1056, size 144, dts=0:00:00.168000000, pts=0:00:00.168000000, duration 0:00:00.024000000
05-09 19:56:16.106  2029  2185 D GStreamer+GST_EVENT: 0:05:00.494768896 0xf37ecec0 gstevent.c:302:gst_event_new_custom creating new event 0xf3a08750 reconfigure 61441
05-09 19:56:16.106  2029  2186 D GStreamer+GST_ELEMENT_FACTORY: 0:05:00.494782959 0xf37ecf20 gstelementfactory.c:848:gst_element_factory_list_filter Trying flacparse
05-09 19:56:16.106  2029  2187 D GStreamer+basesrc: 0:05:00.494817750 0xf37ecf50 gstbasesrc.c:2355:gst_base_src_update_length:<filesrc2> reading offset 1056, length 144, size 15003960, segment.stop -1, maxsize 15003960
05-09 19:56:16.106  2029  2186 D GStreamer+GST_ELEMENT_FACTORY: 0:05:00.494831240 0xf37ecf20 gstelementfactory.c:848:gst_element_factory_list_filter Trying h263parse
05-09 19:56:16.107  2029  2186 D GStreamer+GST_ELEMENT_FACTORY: 0:05:00.495245407 0xf37ecf20 gstelementfactory.c:848:gst_element_factory_list_filter Trying pngparse
05-09 19:56:16.108  2029  2187 D GStreamer+basesrc: 0:05:00.495894157 0xf37ecf50 gstbasesrc.c:2520:gst_base_src_get_range:<filesrc2> buffer ok
05-09 19:56:16.108  2029  2185 D GStreamer+decodebin: 0:05:00.495919469 0xf37ecec0 gstdecodebin2.c:1381:gst_decode_bin_autoplug_continue:<decodebin3> autoplug-continue returns TRUE
05-09 19:56:16.108  2029  2185 D GStreamer+GST_CAPS: 0:05:00.496021084 0xf37ecec0 gstpad.c:2648:gst_pad_get_current_caps:<typefind:src> get current pad caps (NULL)
05-09 19:56:16.108  2029  2187 D GStreamer+qtdemux: 0:05:00.496326917 0xf37ecf50 qtdemux.c:5197:gst_qtdemux_loop_state_movie:<q> pushing from stream 1, empty 0 offset 1344, size 144, dts=0:00:00.216000000, pts=0:00:00.216000000, duration 0:00:00.024000000
05-09 19:56:16.108  2029  2187 D GStreamer+GST_SCHEDULING: 0:05:00.496764730 0xf37ecf50 gstpad.c:4153:gst_pad_chain_data_unchecked:<queue6:sink> calling chainfunction &gst_queue_chain with buffer buffer: 0xf39e6f20, pts 0:00:00.216000000, dts 0:00:00.216000000, dur 0:00:00.024000000, size 144, offset none, offset_end none, flags 0x0
05-09 19:56:16.108  2029  2186 D GStreamer+GST_ELEMENT_FACTORY: 0:05:00.496811032 0xf37ecf20 gstelementfactory.c:848:gst_element_factory_list_filter Trying midiparse
05-09 19:56:16.108  2029  2185 D GStreamer+decodebin: 0:05:00.496816084 0xf37ecec0 gstdecodebin2.c:1531:analyze_new_pad:<decodebin3> Pad typefind:src caps:audio/mpeg, mpegversion=(int)1, parsed=(boolean)true, rate=(int)24000, channels=(int)1
05-09 19:56:16.109  2029  2185 I GStreamer+GST_ELEMENT_PADS: 0:05:00.497028271 0xf37ecec0 gstpad.c:2048:gst_pad_unlink unlinking typefind:src(0xf38aac08) and decodepad3:proxypad11(0xf3a2c470)
05-09 19:56:16.109  2029  2187 D GStreamer+qtdemux: 0:05:00.497046136 0xf37ecf50 qtdemux.c:7882:qtdemux_parse_samples:<q> sample 10: index 10, timestamp 0:00:00.240000000
05-09 19:56:16.109  2029  2186 D GStreamer+GST_ELEMENT_FACTORY: 0:05:00.497060771 0xf37ecf20 gstelementfactory.c:848:gst_element_factory_list_filter Trying mxfdemux
05-09 19:56:16.110  2029  2187 D GStreamer+basesrc: 0:05:00.498342646 0xf37ecf50 gstbasesrc.c:2520:gst_base_src_get_range:<filesrc2> buffer ok
05-09 19:56:16.110  2029  2185 D GStreamer+bin: 0:05:00.498449938 0xf37ecec0 gstbin.c:3528:gst_bin_handle_message_func:<decodebin3> [msg 0xf3ab9808] handling child proxypad11 message of type structure-change
05-09 19:56:16.110  2029  2187 D GStreamer+GST_SCHEDULING: 0:05:00.498468271 0xf37ecf50 gstpad.c:4153:gst_pad_chain_data_unchecked:<queue6:sink> calling chainfunction &gst_queue_chain with buffer buffer: 0xf3dd4150, pts 0:00:00.264000000, dts 0:00:00.264000000, dur 0:00:00.024000000, size 144, offset none, offset_end none, flags 0x0
05-09 19:56:16.111  2029  2186 D GStreamer+GST_ELEMENT_FACTORY: 0:05:00.498861396 0xf37ecf20 gstelementfactory.c:848:gst_element_factory_list_filter Trying rtpg723depay
05-09 19:56:16.111  2029  2185 I GStreamer+GST_EVENT: 0:05:00.498921917 0xf37ecec0 gstevent.c:1382:gst_event_new_reconfigure creating reconfigure event
05-09 19:56:16.111  2029  2186 D GStreamer+GST_ELEMENT_FACTORY: 0:05:00.498954677 0xf37ecf20 gstelementfactory.c:848:gst_element_factory_list_filter Trying rtpg726depay
05-09 19:56:16.111  2029  2185 D GStreamer+GST_PADS: 0:05:00.499239782 0xf37ecec0 gstpad.c:5569:gst_pad_send_event_unchecked:<typefind:src> sent event, ret error
05-09 19:56:16.111  2029  2187 D GStreamer+GST_SCHEDULING: 0:05:00.499257490 0xf37ecf50 gstpad.c:4153:gst_pad_chain_data_unchecked:<queue6:sink> calling chainfunction &gst_queue_chain with buffer buffer: 0xf39e2e58, pts 0:00:00.288000000, dts 0:00:00.288000000, dur 0:00:00.024000000, size 144, offset none, offset_end none, flags 0x0
05-09 19:56:16.111  2029  2185 D GStreamer+decodebin: 0:05:00.499787802 0xf37ecec0 gstdecodebin2.c:1487:copy_sticky_events:<'':decodepad3> store sticky event stream-start event: 0xf3abb9d0, time 99:99:99.999999999, seq-num 1583, GstEventStreamStart, stream-id=(string)71ab440d261a1bb43c19b397eec2373651540427aed1e7b0deb4be62a10a7f25/002, flags=(GstStreamFlags)GST_STREAM_FLAG_NONE, group-id=(uint)2;
05-09 19:56:16.113  2029  2185 D GStreamer+GST_ELEMENT_FACTORY: 0:05:00.501679886 0xf37ecec0 gstelementfactory.c:848:gst_element_factory_list_filter Trying h264parse
05-09 19:56:16.113  2029  2185 D GStreamer+GST_ELEMENT_FACTORY: 0:05:00.501788792 0xf37ecec0 gstelementfactory.c:848:gst_element_factory_list_filter Trying mpegvideoparse
05-09 19:56:16.113  2029  2187 D GStreamer+GST_SCHEDULING: 0:05:00.501807021 0xf37ecf50 gstpad.c:4159:gst_pad_chain_data_unchecked:<queue4:sink> called chainfunction &gst_queue_chain with buffer 0xf3b6b348, returned ok
05-09 19:56:16.114  2029  2185 D GStreamer+GST_ELEMENT_FACTORY: 0:05:00.502230407 0xf37ecec0 gstelementfactory.c:848:gst_element_factory_list_filter Trying h265parse
05-09 19:56:16.114  2029  2186 D GStreamer+GST_EVENT: 0:05:00.502236605 0xf37ecf20 gstevent.c:302:gst_event_new_custom creating new event 0xf396ba50 reconfigure 61441
05-09 19:56:16.114  2029  2187 D GStreamer+basesrc: 0:05:00.502252490 0xf37ecf50 gstbasesrc.c:2355:gst_base_src_update_length:<filesrc2> reading offset 47447, length 144, size 15003960, segment.stop -1, maxsize 15003960
05-09 19:56:16.114  2029  2185 D GStreamer+GST_ELEMENT_FACTORY: 0:05:00.502776344 0xf37ecec0 gstelementfactory.c:848:gst_element_factory_list_filter Trying amcviddec-omxnvidiah264decode
05-09 19:56:16.114  2029  2187 D GStreamer+qtdemux: 0:05:00.502788480 0xf37ecf50 qtdemux.c:7882:qtdemux_parse_samples:<q> sample 14: index 14, timestamp 0:00:00.336000000
05-09 19:56:16.115  2029  2185 D GStreamer+GST_ELEMENT_FACTORY: 0:05:00.503676188 0xf37ecec0 gstelementfactory.c:848:gst_element_factory_list_filter Trying jpegdec
05-09 19:56:16.115  2029  2186 D GStreamer+GST_BUS: 0:05:00.503693271 0xf37ecf20 gstbus.c:344:gst_bus_post:<bus8> [msg 0xf3acf168] dropped
05-09 19:56:16.116  2029  2185 D GStreamer+GST_ELEMENT_FACTORY: 0:05:00.504304052 0xf37ecec0 gstelementfactory.c:848:gst_element_factory_list_filter Trying ogmvideoparse
05-09 19:56:16.116  2029  2187 D GStreamer+GST_SCHEDULING: 0:05:00.504349000 0xf37ecf50 gstpad.c:4159:gst_pad_chain_data_unchecked:<queue4:sink> called chainfunction &gst_queue_chain with buffer 0xf39e6ca0, returned ok
05-09 19:56:16.116  2029  2185 D GStreamer+GST_ELEMENT_FACTORY: 0:05:00.504370042 0xf37ecec0 gstelementfactory.c:848:gst_element_factory_list_filter Trying openjpegdec
05-09 19:56:16.116  2029  2185 D GStreamer+GST_ELEMENT_FACTORY: 0:05:00.504440719 0xf37ecec0 gstelementfactory.c:848:gst_element_factory_list_filter Trying opusdec
05-09 19:56:16.117  2029  2186 D GStreamer+GST_PADS: 0:05:00.504851552 0xf37ecf20 gstpad.c:1650:gst_pad_set_activate_function_full:<'':sink> activatefunc set to gst_base_parse_sink_activate
05-09 19:56:16.117  2029  2187 D GStreamer+GST_MEMORY: 0:05:00.504861657 0xf37ecf50 gstmemory.c:138:gst_memory_init new memory 0xf3e77e58, maxsize:60157 offset:0 size:60154
05-09 19:56:16.117  2029  2185 D GStreamer+GST_ELEMENT_FACTORY: 0:05:00.504902750 0xf37ecec0 gstelementfactory.c:848:gst_element_factory_list_filter Trying speexdec
05-09 19:56:16.117  2029  2185 D GStreamer+GST_ELEMENT_FACTORY: 0:05:00.505362594 0xf37ecec0 gstelementfactory.c:848:gst_element_factory_list_filter Trying wavparse
05-09 19:56:16.118  2029  2187 D GStreamer+basesrc: 0:05:00.506580563 0xf37ecf50 gstbasesrc.c:2456:gst_base_src_get_range:<filesrc2> calling create offset 196179 length 144, time 0
05-09 19:56:16.118  2029  2185 D GStreamer+GST_ELEMENT_FACTORY: 0:05:00.506585875 0xf37ecec0 gstelementfactory.c:848:gst_element_factory_list_filter Trying rtpgsmdepay
05-09 19:56:16.119  2029  2185 D GStreamer+GST_ELEMENT_FACTORY: 0:05:00.506915927 0xf37ecec0 gstelementfactory.c:848:gst_element_factory_list_filter Trying rtph265depay
05-09 19:56:16.119  2029  2185 D GStreamer+GST_ELEMENT_FACTORY: 0:05:00.507126136 0xf37ecec0 gstelementfactory.c:848:gst_element_factory_list_filter Trying rtpjpegdepay
05-09 19:56:16.119  2029  2187 D GStreamer+qtdemux: 0:05:00.507143480 0xf37ecf50 qtdemux.c:7982:qtdemux_parse_samples:<q> setting all keyframes
05-09 19:56:16.120  2029  2185 D GStreamer+GST_ELEMENT_FACTORY: 0:05:00.508488844 0xf37ecec0 gstelementfactory.c:848:gst_element_factory_list_filter Trying rtpgstdepay
05-09 19:56:16.120  2029  2185 D GStreamer+GST_ELEMENT_FACTORY: 0:05:00.508688375 0xf37ecec0 gstelementfactory.c:848:gst_element_factory_list_filter Trying rtpxqtdepay
05-09 19:56:16.120  2029  2186 D GStreamer+GST_CAPS: 0:05:00.508706917 0xf37ecf20 gstutils.c:2921:gst_pad_query_accept_caps:<h264parse2:sink> accept caps of video/x-h264, stream-format=(string)avc, alignment=(string)au, level=(string)4, profile=(string)baseline, codec_data=(buffer)01428028ffe1000a27428028e54028016b2001000528de01ae20, width=(int)1280, height=(int)1440, framerate=(fraction)151/3, pixel-aspect-ratio=(fraction)1/1
05-09 19:56:16.120  2029  2187 D GStreamer+basesrc: 0:05:00.508725615 0xf37ecf50 gstbasesrc.c:2310:gst_base_src_do_sync:<filesrc2> we have no clock
05-09 19:56:16.120  2029  2185 D GStreamer+GST_ELEMENT_FACTORY: 0:05:00.508740667 0xf37ecec0 gstelementfactory.c:848:gst_element_factory_list_filter Trying sirendec
05-09 19:56:16.120  2029  2187 D GStreamer+basesrc: 0:05:00.508766761 0xf37ecf50 gstbasesrc.c:2520:gst_base_src_get_range:<filesrc2> buffer ok
05-09 19:56:16.120  2029  2186 D GStreamer+query: 0:05:00.508782021 0xf37ecf20 gstquery.c:674:gst_query_new_custom creating new query 0xf3a08060 accept-caps
05-09 19:56:16.121  2029  2187 D GStreamer+GST_SCHEDULING: 0:05:00.509744000 0xf37ecf50 gstpad.c:4153:gst_pad_chain_data_unchecked:<queue4:sink> calling chainfunction &gst_queue_chain with buffer buffer: 0xf39e3e68, pts 0:00:00.099333333, dts 0:00:00.099333333, dur 0:00:00.020000000, size 51816, offset none, offset_end none, flags 0x0
05-09 19:56:16.121  2029  2185 I GStreamer+GST_ELEMENT_PADS: 0:05:00.509801396 0xf37ecec0 gstpad.c:2102:gst_pad_unlink unlinked typefind:src and decodepad3:proxypad11
05-09 19:56:16.124  2029  2187 D GStreamer+basesrc: 0:05:00.511976032 0xf37ecf50 gstbasesrc.c:2456:gst_base_src_get_range:<filesrc2> calling create offset 299375 length 42944, time 0
05-09 19:56:16.124  2029  2185 D GStreamer+GST_EVENT: 0:05:00.511981657 0xf37ecec0 gstevent.c:302:gst_event_new_custom creating new event 0xf3d33868 reconfigure 61441
05-09 19:56:16.124  2029  2187 D GStreamer+basesrc: 0:05:00.512714365 0xf37ecf50 gstbasesrc.c:2355:gst_base_src_update_length:<filesrc2> reading offset 386891, length 144, size 15003960, segment.stop -1, maxsize 15003960
05-09 19:56:16.124  2029  2186 D GStreamer+GST_ELEMENT_FACTORY: 0:05:00.512723532 0xf37ecf20 gstelementfactory.c:848:gst_element_factory_list_filter Trying avisubtitle
05-09 19:56:16.126  2029  2187 D GStreamer+qtdemux: 0:05:00.514162230 0xf37ecf50 qtdemux.c:5197:gst_qtdemux_loop_state_movie:<q> pushing from stream 1, empty 0 offset 430493, size 144, dts=0:00:00.480000000, pts=0:00:00.480000000, duration 0:00:00.024000000
05-09 19:56:16.126  2029  2185 D GStreamer+decodebin: 0:05:00.514418688 0xf37ecec0 gstdecodebin2.c:1476:clear_sticky_events:<'':decodepad3> clearing sticky event stream-start event: 0xf3abb9d0, time 99:99:99.999999999, seq-num 1583, GstEventStreamStart, stream-id=(string)71ab440d261a1bb43c19b397eec2373651540427aed1e7b0deb4be62a10a7f25/002, flags=(GstStreamFlags)GST_STREAM_FLAG_NONE, group-id=(uint)2;
05-09 19:56:16.127  2029  2186 D GStreamer+GST_ELEMENT_FACTORY: 0:05:00.515147073 0xf37ecf20 gstelementfactory.c:848:gst_element_factory_list_filter Trying speexdec
05-09 19:56:16.128  2029  2185 D GStreamer+GST_PARENTAGE: 0:05:00.516257125 0xf37ecec0 gstbin.c:1371:gst_bin_add adding element mpegaudioparse0 to bin decodebin3
05-09 19:56:16.128  2029  2187 D GStreamer+basesrc: 0:05:00.516522073 0xf37ecf50 gstbasesrc.c:2520:gst_base_src_get_range:<filesrc2> buffer ok
05-09 19:56:16.128  2029  2186 D GStreamer+GST_ELEMENT_FACTORY: 0:05:00.516498167 0xf37ecf20 gstelementfactory.c:848:gst_element_factory_list_filter Trying rtph265depay
05-09 19:56:16.128  2029  2185 D GStreamer+GST_CLOCK: 0:05:00.516569990 0xf37ecec0 gstelement.c:478:gst_element_set_base_time:<mpegaudioparse0> set base_time=0:00:00.000000000, old 0:00:00.000000000
05-09 19:56:16.128  2029  2186 D GStreamer+GST_ELEMENT_FACTORY: 0:05:00.516589261 0xf37ecf20 gstelementfactory.c:848:gst_element_factory_list_filter Trying rtpilbcdepay
05-09 19:56:16.128  2029  2187 D GStreamer+GST_SCHEDULING: 0:05:00.516625355 0xf37ecf50 gstpad.c:4153:gst_pad_chain_data_unchecked:<queue6:sink> calling chainfunction &gst_queue_chain with buffer buffer: 0xf3b72178, pts 0:00:00.504000000, dts 0:00:00.504000000, dur 0:00:00.024000000, size 144, offset none, offset_end none, flags 0x0
05-09 19:56:16.128  2029  2187 D GStreamer+GST_SCHEDULING: 0:05:00.516675459 0xf37ecf50 gstpad.c:4159:gst_pad_chain_data_unchecked:<queue6:sink> called chainfunction &gst_queue_chain with buffer 0xf3b72178, returned ok
05-09 19:56:16.128  2029  2185 D GStreamer+GST_CLOCK: 0:05:00.516682073 0xf37ecec0 gstelement.c:540:gst_element_set_start_time:<mpegaudioparse0> set start_time=0:00:00.000000000, old 0:00:00.000000000
05-09 19:56:16.128  2029  2186 D GStreamer+GST_ELEMENT_FACTORY: 0:05:00.516696605 0xf37ecf20 gstelementfactory.c:848:gst_element_factory_list_filter Trying rtpj2kdepay
05-09 19:56:16.128  2029  2187 D GStreamer+qtdemux: 0:05:00.516721969 0xf37ecf50 qtdemux.c:7675:qtdemux_parse_samples:<q> parsing up to sample 22
05-09 19:56:16.129  2029  2185 D GStreamer+GST_PARENTAGE: 0:05:00.516935823 0xf37ecec0 gstbin.c:1295:gst_bin_add_func:<decodebin3> added element "mpegaudioparse0"
05-09 19:56:16.129  2029  2186 D GStreamer+GST_ELEMENT_FACTORY: 0:05:00.516960823 0xf37ecf20 gstelementfactory.c:848:gst_element_factory_list_filter Trying rtpmp4gdepay
05-09 19:56:16.129  2029  2187 D GStreamer+basesrc: 0:05:00.517107021 0xf37ecf50 gstbasesrc.c:2456:gst_base_src_get_range:<filesrc2> calling create offset 430637 length 43246, time 0
05-09 19:56:16.129  2029  2185 D GStreamer+bin: 0:05:00.517453375 0xf37ecec0 gstbin.c:889:find_message:<decodebin3>   structure-change
05-09 19:56:16.129  2029  2187 D GStreamer+GST_SCHEDULING: 0:05:00.517471240 0xf37ecf50 gstpad.c:4159:gst_pad_chain_data_unchecked:<queue4:sink> called chainfunction &gst_queue_chain with buffer 0xf39e4030, returned ok
05-09 19:56:16.129  2029  2186 D GStreamer+GST_ELEMENT_FACTORY: 0:05:00.517620355 0xf37ecf20 gstelementfactory.c:848:gst_element_factory_list_filter Trying rtptheoradepay
05-09 19:56:16.129  2029  2185 D GStreamer+GST_EVENT: 0:05:00.517843636 0xf37ecec0 gstevent.c:302:gst_event_new_custom creating new event 0xf3d338b0 reconfigure 61441
05-09 19:56:16.130  2029  2187 D GStreamer+qtdemux: 0:05:00.518421761 0xf37ecf50 qtdemux.c:5197:gst_qtdemux_loop_state_movie:<q> pushing from stream 0, empty 0 offset 474027, size 43223, dts=0:00:00.218666666, pts=0:00:00.218666666, duration 0:00:00.020000000
05-09 19:56:16.130  2029  2185 D GStreamer+GST_STATES: 0:05:00.518655302 0xf37ecec0 gstelement.c:2523:gst_element_set_state_func:<mpegaudioparse0> set_state to READY
05-09 19:56:16.130  2029  2187 D GStreamer+basesrc: 0:05:00.518724782 0xf37ecf50 gstbasesrc.c:2310:gst_base_src_do_sync:<filesrc2> we have no clock
05-09 19:56:16.130  2029  2187 D GStreamer+basesrc: 0:05:00.518797802 0xf37ecf50 gstbasesrc.c:2520:gst_base_src_get_range:<filesrc2> buffer ok
05-09 19:56:16.130  2029  2186 D GStreamer+decodebin: 0:05:00.518778532 0xf37ecf20 gstdecodebin2.c:1754:analyze_new_pad Trying factory openh264dec
05-09 19:56:16.131  2029  2185 D GStreamer+GST_BUS: 0:05:00.519238167 0xf37ecec0 gstbus.c:309:gst_bus_post:<bus10> [msg 0xf3d43808] posting on bus state-changed message: 0xf3d43808, time 99:99:99.999999999, seq-num 1638, element 'mpegaudioparse0', GstMessageStateChanged, old-state=(GstState)GST_STATE_NULL, new-state=(GstState)GST_STATE_READY, pending-state=(GstState)GST_STATE_VOID_PENDING;
05-09 19:56:16.131  2029  2185 D GStreamer+bin: 0:05:00.519351969 0xf37ecec0 gstbin.c:3528:gst_bin_handle_message_func:<decodebin3> [msg 0xf3d43808] handling child mpegaudioparse0 message of type state-changed
05-09 19:56:16.131  2029  2186 D GStreamer+GST_PADS: 0:05:00.519422282 0xf37ecf20 gstpad.c:1685:gst_pad_set_activatemode_function_full:<'':sink> activatemodefunc set to gst_base_transform_sink_activate_mode
05-09 19:56:16.131  2029  2187 D GStreamer+basesrc: 0:05:00.519495875 0xf37ecf50 gstbasesrc.c:2355:gst_base_src_update_length:<filesrc2> reading offset 517394, length 43384, size 15003960, segment.stop -1, maxsize 15003960
05-09 19:56:16.132  2029  2185 D GStreamer+GST_BUS: 0:05:00.520009000 0xf37ecec0 gstbus.c:344:gst_bus_post:<bus12> [msg 0xf3d43808] dropped
05-09 19:56:16.132  2029  2175 D GStreamer+GST_BUS: 0:05:00.520028844 0xf3d9e340 gstbus.c:521:gst_bus_timed_pop_filtered:<bus13> got message 0xf3d43808, state-changed from mpegaudioparse0, type mask is 4294967295
05-09 19:56:16.132  2029  2185 D GStreamer+GST_BUS: 0:05:00.520049834 0xf37ecec0 gstbus.c:344:gst_bus_post:<bus10> [msg 0xf3d43808] dropped
05-09 19:56:16.132  2029  2185 D GStreamer+GST_STATES: 0:05:00.520086657 0xf37ecec0 gstelement.c:2607:gst_element_set_state_func:<mpegaudioparse0> returned SUCCESS
05-09 19:56:16.132  2029  2175 D GStreamer+GST_BUS: 0:05:00.520114209 0xf3d9e340 gstbus.c:789:gst_bus_source_dispatch:<bus13> source 0xf39ad330 calling dispatch with state-changed message: 0xf3d43808, time 99:99:99.999999999, seq-num 1638, element 'mpegaudioparse0', GstMessageStateChanged, old-state=(GstState)GST_STATE_NULL, new-state=(GstState)GST_STATE_READY, pending-state=(GstState)GST_STATE_VOID_PENDING;
05-09 19:56:16.132  2029  2185 D GStreamer+GST_CAPS: 0:05:00.520171032 0xf37ecec0 gstutils.c:2921:gst_pad_query_accept_caps:<mpegaudioparse0:sink> accept caps of audio/mpeg, mpegversion=(int)1, parsed=(boolean)true, rate=(int)24000, channels=(int)1
05-09 19:56:16.132  2029  2175 D GStreamer+GST_BUS: 0:05:00.520187073 0xf3d9e340 gstbus.c:794:gst_bus_source_dispatch:<bus13> source 0xf39ad330 handler returns 1
05-09 19:56:16.132  2029  2185 D GStreamer+query: 0:05:00.520238948 0xf37ecec0 gstquery.c:674:gst_query_new_custom creating new query 0xf3d19920 accept-caps
05-09 19:56:16.132  2029  2187 D GStreamer+basesrc: 0:05:00.520278427 0xf37ecf50 gstbasesrc.c:2520:gst_base_src_get_range:<filesrc2> buffer ok
05-09 19:56:16.132  2029  2186 D GStreamer+basetransform: 0:05:00.520257282 0xf37ecf20 gstbasetransform.c:485:gst_base_transform_init:<GstBaseTransform@0xf3db4090> setting in_place TRUE
05-09 19:56:16.132  2029  2185 D GStreamer+GST_PADS: 0:05:00.520296396 0xf37ecec0 gstpad.c:3882:gst_pad_query:<mpegaudioparse0:sink> doing query 0xf3d19920 (accept-caps)
05-09 19:56:16.132  2029  2186 D GStreamer+basetransform: 0:05:00.520332334 0xf37ecf20 gstbasetransform.c:2768:gst_base_transform_set_gap_aware:<GstCapsFilter@0xf3db4090> set gap aware 1
05-09 19:56:16.132  2029  2185 D GStreamer+baseparse: 0:05:00.520371605 0xf37ecec0 gstbaseparse.c:1555:gst_base_parse_sink_query:<mpegaudioparse0> accept-caps query
05-09 19:56:16.132  2029  2187 D GStreamer+GST_SCHEDULING: 0:05:00.520390563 0xf37ecf50 gstpad.c:4153:gst_pad_chain_data_unchecked:<queue4:sink> calling chainfunction &gst_queue_chain with buffer buffer: 0xf39e3a08, pts 0:00:00.238666666, dts 0:00:00.238666666, dur 0:00:00.020000000, size 43384, offset none, offset_end none, flags 0x0
05-09 19:56:16.132  2029  2186 D GStreamer+basetransform: 0:05:00.520399365 0xf37ecf20 gstbasetransform.c:2799:gst_base_transform_set_prefer_passthrough:<GstCapsFilter@0xf3db4090> prefer passthrough 0
05-09 19:56:16.132  2029  2187 D GStreamer+GST_SCHEDULING: 0:05:00.520481136 0xf37ecf50 gstpad.c:4159:gst_pad_chain_data_unchecked:<queue4:sink> called chainfunction &gst_queue_chain with buffer 0xf39e3a08, returned ok
05-09 19:56:16.132  2029  2186 D GStreamer+GST_ELEMENT_FACTORY: 0:05:00.520491240 0xf37ecf20 gstelementfactory.c:390:gst_element_factory_create created element "capsfilter"
05-09 19:56:16.132  2029  2187 D GStreamer+qtdemux: 0:05:00.520549209 0xf37ecf50 qtdemux.c:7675:qtdemux_parse_samples:<q> parsing up to sample 12
05-09 19:56:16.132  2029  2185 D GStreamer+GST_PADS: 0:05:00.520522282 0xf37ecec0 gstpad.c:3035:gst_pad_query_accept_caps_default:<mpegaudioparse0:sink> query accept-caps accept-caps query: 0xf3d19920, GstQueryAcceptCaps, caps=(GstCaps)"audio/mpeg\,\ mpegversion\=\(int\)1\,\ parsed\=\(boolean\)true\,\ rate\=\(int\)24000\,\ channels\=\(int\)1", result=(boolean)false;
05-09 19:56:16.132  2029  2187 D GStreamer+qtdemux: 0:05:00.520619625 0xf37ecf50 qtdemux.c:7882:qtdemux_parse_samples:<q> sample 12: index 0, timestamp 0:00:00.258666666
05-09 19:56:16.132  2029  2185 D GStreamer+GST_PERFORMANCE: 0:05:00.520635042 0xf37ecec0 gstpad.c:3050:gst_pad_query_accept_caps_default:<mpegaudioparse0:sink> fallback ACCEPT_CAPS query, consider implementing a specialized version
05-09 19:56:16.132  2029  2187 D GStreamer+qtdemux: 0:05:00.520670927 0xf37ecf50 qtdemux.c:7937:qtdemux_parse_samples:<q> samples at 12 is keyframe
05-09 19:56:16.132  2029  2187 D GStreamer+qtdemux: 0:05:00.520793219 0xf37ecf50 qtdemux.c:5197:gst_qtdemux_loop_state_movie:<q> pushing from stream 1, empty 0 offset 604076, size 144, dts=0:00:00.552000000, pts=0:00:00.552000000, duration 0:00:00.024000000
05-09 19:56:16.132  2029  2186 D GStreamer+capsfilter: 0:05:00.520830407 0xf37ecf20 gstcapsfilter.c:211:gst_capsfilter_set_property:<capsfilter2> set new caps video/x-h264, width=(int)[ 16, 4096 ], height=(int)[ 16, 4096 ], framerate=(fraction)[ 0/1, 2147483647/1 ], parsed=(boolean)true, stream-format=(string)byte-stream, alignment=(string)au, profile=(string)high; video/x-h264, width=(int)[ 16, 4096 ], height=(int)[ 16, 4096 ], framerate=(fraction)[ 0/1, 2147483647/1 ], parsed=(boolean)true, stream-format=(string)byte-stream, alignment=(string)au, profile=(string)main; video/x-h264, width=(int)[ 16, 4096 ], height=(int)[ 16, 4096 ], framerate=(fraction)[ 0/1, 2147483647/1 ], parsed=(boolean)true, stream-format=(string)byte-stream, alignment=(string)au, profile=(string)baseline; video/x-h264, width=(int)[ 16, 4096 ], height=(int)[ 16, 4096 ], framerate=(fraction)[ 0/1, 2147483647/1 ], parsed=(boolean)true, stream-format=(string)byte-stream, alignment=(string)au, profile=(string)constrained-baseline; video/x-h264, stream-format=(string)byte-stream, alignment=(str
05-09 19:56:16.133  2029  2185 D GStreamer+GST_PADS: 0:05:00.520845823 0xf37ecec0 gstpad.c:3061:gst_pad_query_accept_caps_default:<mpegaudioparse0:sink> allowed caps intersect audio/mpeg, mpegversion=(int)1, caps audio/mpeg, mpegversion=(int)1, parsed=(boolean)true, rate=(int)24000, channels=(int)1
05-09 19:56:16.133  2029  2186 I GStreamer+GST_EVENT: 0:05:00.520882282 0xf37ecf20 gstevent.c:1382:gst_event_new_reconfigure creating reconfigure event
05-09 19:56:16.133  2029  2187 D GStreamer+basesrc: 0:05:00.520900094 0xf37ecf50 gstbasesrc.c:2355:gst_base_src_update_length:<filesrc2> reading offset 604076, length 144, size 15003960, segment.stop -1, maxsize 15003960
05-09 19:56:16.133  2029  2187 D GStreamer+basesrc: 0:05:00.520967177 0xf37ecf50 gstbasesrc.c:2456:gst_base_src_get_range:<filesrc2> calling create offset 604076 length 144, time 0
05-09 19:56:16.133  2029  2186 D GStreamer+GST_EVENT: 0:05:00.520975042 0xf37ecf20 gstevent.c:302:gst_event_new_custom creating new event 0xf396bb28 reconfigure 61441
05-09 19:56:16.133  2029  2185 D GStreamer+GST_PADS: 0:05:00.521010563 0xf37ecec0 gstpad.c:3339:gst_pad_query_default:<mpegaudioparse0:sink> not forwarding 0xf3d19920 (accept-caps) query
05-09 19:56:16.133  2029  2187 D GStreamer+GST_MEMORY: 0:05:00.521028480 0xf37ecf50 gstmemory.c:138:gst_memory_init new memory 0xf389fef0, maxsize:147 offset:0 size:144
05-09 19:56:16.133  2029  2185 D GStreamer+GST_PADS: 0:05:00.521056292 0xf37ecec0 gstpad.c:3905:gst_pad_query:<mpegaudioparse0:sink> sent query 0xf3d19920 (accept-caps), result 1
05-09 19:56:16.133  2029  2186 D GStreamer+GST_PADS: 0:05:00.521066813 0xf37ecf20 gstpad.c:5234:gst_pad_push_event_unchecked:<capsfilter2:sink> We're flushing
05-09 19:56:16.133  2029  2187 D GStreamer+basesrc: 0:05:00.521086448 0xf37ecf50 gstbasesrc.c:2310:gst_base_src_do_sync:<filesrc2> we have no clock
05-09 19:56:16.133  2029  2186 D GStreamer+basetransform: 0:05:00.521117021 0xf37ecf20 gstbasetransform.c:2819:gst_base_transform_reconfigure_sink:<capsfilter2> Renegotiate event wasn't handled
05-09 19:56:16.133  2029  2185 D GStreamer+default: 0:05:00.521151344 0xf37ecec0 gstutils.c:2926:gst_pad_query_accept_caps:<mpegaudioparse0:sink> query returned 1
05-09 19:56:16.133  2029  2187 D GStreamer+basesrc: 0:05:00.521168636 0xf37ecf50 gstbasesrc.c:2520:gst_base_src_get_range:<filesrc2> buffer ok
05-09 19:56:16.133  2029  2186 D GStreamer+GST_STATES: 0:05:00.521189209 0xf37ecf20 gstelement.c:2523:gst_element_set_state_func:<capsfilter2> set_state to PAUSED
05-09 19:56:16.133  2029  2185 D GStreamer+decodebin: 0:05:00.521238948 0xf37ecec0 gstdecodebin2.c:2658:connect_element:<decodebin3> Attempting to connect element mpegaudioparse0 [chain:0xf380e808] further
05-09 19:56:16.133  2029  2186 D GStreamer+GST_STATES: 0:05:00.521258948 0xf37ecf20 gstelement.c:2548:gst_element_set_state_func:<capsfilter2> setting target state to PAUSED
05-09 19:56:16.133  2029  2187 D GStreamer+GST_SCHEDULING: 0:05:00.521293115 0xf37ecf50 gstpad.c:4153:gst_pad_chain_data_unchecked:<queue6:sink> calling chainfunction &gst_queue_chain with buffer buffer: 0xf3b63538, pts 0:00:00.552000000, dts 0:00:00.552000000, dur 0:00:00.024000000, size 144, offset none, offset_end none, flags 0x0
05-09 19:56:16.133  2029  2185 D GStreamer+decodebin: 0:05:00.521286605 0xf37ecec0 gstdecodebin2.c:2671:connect_element:<decodebin3> got a source pad template src
05-09 19:56:16.133  2029  2186 D GStreamer+GST_STATES: 0:05:00.521328948 0xf37ecf20 gstelement.c:2561:gst_element_set_state_func:<capsfilter2> current NULL, old_pending VOID_PENDING, next VOID_PENDING, old return SUCCESS
05-09 19:56:16.133  2029  2187 D GStreamer+GST_SCHEDULING: 0:05:00.521355198 0xf37ecf50 gstpad.c:4159:gst_pad_chain_data_unchecked:<queue6:sink> called chainfunction &gst_queue_chain with buffer 0xf3b63538, returned ok
05-09 19:56:16.133  2029  2185 I GStreamer+GST_ELEMENT_PADS: 0:05:00.521382334 0xf37ecec0 gstelement.c:907:gst_element_get_static_pad found pad mpegaudioparse0:src
05-09 19:56:16.133  2029  2186 D GStreamer+GST_STATES: 0:05:00.521395250 0xf37ecf20 gstelement.c:2595:gst_element_set_state_func:<capsfilter2> intermediate: setting state from NULL to READY
05-09 19:56:16.133  2029  2187 D GStreamer+qtdemux: 0:05:00.521423844 0xf37ecf50 qtdemux.c:7675:qtdemux_parse_samples:<q> parsing up to sample 24
05-09 19:56:16.133  2029  2185 D GStreamer+decodebin: 0:05:00.521460250 0xf37ecec0 gstdecodebin2.c:2682:connect_element:<decodebin3> got the pad for always template src
05-09 19:56:16.133  2029  2187 D GStreamer+qtdemux: 0:05:00.521474052 0xf37ecf50 qtdemux.c:7882:qtdemux_parse_samples:<q> sample 24: index 24, timestamp 0:00:00.576000000
05-09 19:56:16.133  2029  2186 D GStreamer+GST_STATES: 0:05:00.521489677 0xf37ecf20 gstelement.c:2684:gst_element_change_state:<capsfilter2> element changed state SUCCESS
05-09 19:56:16.133  2029  2185 D GStreamer+GST_CAPS: 0:05:00.521511813 0xf37ecec0 gstpad.c:2648:gst_pad_get_current_caps:<mpegaudioparse0:src> get current pad caps (NULL)
05-09 19:56:16.133  2029  2187 D GStreamer+qtdemux: 0:05:00.521522386 0xf37ecf50 qtdemux.c:7982:qtdemux_parse_samples:<q> setting all keyframes
05-09 19:56:16.133  2029  2186 I GStreamer+GST_STATES: 0:05:00.521554834 0xf37ecf20 gstelement.c:2347:gst_element_continue_state:<capsfilter2> committing state from NULL to READY, pending PAUSED, next PAUSED
05-09 19:56:16.133  2029  2185 D GStreamer+GST_CAPS: 0:05:00.521583896 0xf37ecec0 gstutils.c:2838:gst_pad_query_caps:<mpegaudioparse0:src> get pad caps with filter (NULL)
05-09 19:56:16.133  2029  2186 I GStreamer+GST_STATES: 0:05:00.521630875 0xf37ecf20 gstelement.c:2277:_priv_gst_element_state_changed:<capsfilter2> notifying about state-changed NULL to READY (PAUSED pending)
05-09 19:56:16.133  2029  2187 D GStreamer+qtdemux: 0:05:00.521651032 0xf37ecf50 qtdemux.c:5197:gst_qtdemux_loop_state_movie:<q> pushing from stream 0, empty 0 offset 560778, size 43298, dts=0:00:00.258666666, pts=0:00:00.258666666, duration 0:00:00.019666667
05-09 19:56:16.133  2029  2186 D GStreamer+GST_MESSAGE: 0:05:00.521683115 0xf37ecf20 gstelement.c:1735:gst_element_post_message_default:<capsfilter2> not posting message 0xf3d43a70: no bus
05-09 19:56:16.133  2029  2187 D GStreamer+basesrc: 0:05:00.521708740 0xf37ecf50 gstbasesrc.c:2355:gst_base_src_update_length:<filesrc2> reading offset 560778, length 43298, size 15003960, segment.stop -1, maxsize 15003960
05-09 19:56:16.133  2029  2185 D GStreamer+query: 0:05:00.521713532 0xf37ecec0 gstquery.c:674:gst_query_new_custom creating new query 0xf3d19ac0 caps
05-09 19:56:16.133  2029  2186 I GStreamer+GST_STATES: 0:05:00.521745615 0xf37ecf20 gstelement.c:2354:gst_element_continue_state:<capsfilter2> continue state change READY to PAUSED, final PAUSED
05-09 19:56:16.133  2029  2187 D GStreamer+basesrc: 0:05:00.521768480 0xf37ecf50 gstbasesrc.c:2456:gst_base_src_get_range:<filesrc2> calling create offset 560778 length 43298, time 0
05-09 19:56:16.133  2029  2186 D GStreamer+GST_ELEMENT_PADS: 0:05:00.521790823 0xf37ecf20 gstelement.c:2793:gst_element_pads_activate:<capsfilter2> activate pads
05-09 19:56:16.133  2029  2185 D GStreamer+GST_PADS: 0:05:00.521810927 0xf37ecec0 gstpad.c:3882:gst_pad_query:<mpegaudioparse0:src> doing query 0xf3d19ac0 (caps)
05-09 19:56:16.133  2029  2187 D GStreamer+GST_MEMORY: 0:05:00.521828271 0xf37ecf50 gstmemory.c:138:gst_memory_init new memory 0xf3e42af0, maxsize:43301 offset:0 size:43298
05-09 19:56:16.133  2029  2186 D GStreamer+GST_PADS: 0:05:00.521839677 0xf37ecf20 gstpad.c:1056:gst_pad_set_active:<capsfilter2:src> activating pad from none
05-09 19:56:16.134  2029  2185 D GStreamer+baseparse: 0:05:00.521910511 0xf37ecec0 gstbaseparse.c:1579:gst_base_parse_src_query:<mpegaudioparse0> caps query: caps query: 0xf3d19ac0, GstQueryCaps, filter=(GstCaps)"NULL", caps=(GstCaps)"NULL";
05-09 19:56:16.134  2029  2187 D GStreamer+basesrc: 0:05:00.521930355 0xf37ecf50 gstbasesrc.c:2310:gst_base_src_do_sync:<filesrc2> we have no clock
05-09 19:56:16.134  2029  2186 D GStreamer+GST_PADS: 0:05:00.521946657 0xf37ecf20 gstpad.c:972:pre_activate:<capsfilter2:src> setting pad into push mode, unset flushing
05-09 19:56:16.134  2029  2186 D GStreamer+GST_PADS: 0:05:00.522003948 0xf37ecf20 gstpad.c:1198:gst_pad_activate_mode:<capsfilter2:src> activated in push mode
05-09 19:56:16.134  2029  2187 D GStreamer+basesrc: 0:05:00.522025042 0xf37ecf50 gstbasesrc.c:2520:gst_base_src_get_range:<filesrc2> buffer ok
05-09 19:56:16.134  2029  2185 D GStreamer+GST_CAPS: 0:05:00.522018740 0xf37ecec0 gstpad.c:3088:gst_pad_query_caps_default:<mpegaudioparse0:src> query caps caps query: 0xf3d19ac0, GstQueryCaps, filter=(GstCaps)"NULL", caps=(GstCaps)"NULL";
05-09 19:56:16.134  2029  2186 D GStreamer+GST_PADS: 0:05:00.522066500 0xf37ecf20 gstpad.c:1056:gst_pad_set_active:<capsfilter2:sink> activating pad from none
05-09 19:56:16.134  2029  2185 D GStreamer+GST_CAPS: 0:05:00.522092386 0xf37ecec0 gstpad.c:3105:gst_pad_query_caps_default:<mpegaudioparse0:src> fixed pad caps: trying pad caps
05-09 19:56:16.134  2029  2186 D GStreamer+GST_PADS: 0:05:00.522135042 0xf37ecf20 gstpad.c:972:pre_activate:<capsfilter2:sink> setting pad into push mode, unset flushing
05-09 19:56:16.134  2029  2187 D GStreamer+GST_SCHEDULING: 0:05:00.522162750 0xf37ecf50 gstpad.c:4153:gst_pad_chain_data_unchecked:<queue4:sink> calling chainfunction &gst_queue_chain with buffer buffer: 0xf39e6b60, pts 0:00:00.258666666, dts 0:00:00.258666666, dur 0:00:00.019666667, size 43298, offset none, offset_end none, flags 0x0
05-09 19:56:16.134  2029  2186 D GStreamer+GST_CAPS: 0:05:00.522193271 0xf37ecf20 gstpad.c:2648:gst_pad_get_current_caps:<capsfilter2:sink> get current pad caps (NULL)
05-09 19:56:16.134  2029  2187 D GStreamer+GST_SCHEDULING: 0:05:00.522222073 0xf37ecf50 gstpad.c:4159:gst_pad_chain_data_unchecked:<queue4:sink> called chainfunction &gst_queue_chain with buffer 0xf39e6b60, returned ok
05-09 19:56:16.134  2029  2186 D GStreamer+GST_CAPS: 0:05:00.522239417 0xf37ecf20 gstpad.c:2648:gst_pad_get_current_caps:<capsfilter2:src> get current pad caps (NULL)
05-09 19:56:16.134  2029  2186 D GStreamer+basetransform: 0:05:00.522278844 0xf37ecf20 gstbasetransform.c:2449:gst_base_transform_activate:<capsfilter2> have_same_caps 0
05-09 19:56:16.134  2029  2187 D GStreamer+qtdemux: 0:05:00.522300302 0xf37ecf50 qtdemux.c:7675:qtdemux_parse_samples:<q> parsing up to sample 13
05-09 19:56:16.134  2029  2186 D GStreamer+GST_PADS: 0:05:00.522358584 0xf37ecf20 gstpad.c:1198:gst_pad_activate_mode:<capsfilter2:sink> activated in push mode
05-09 19:56:16.134  2029  2187 D GStreamer+qtdemux: 0:05:00.522373323 0xf37ecf50 qtdemux.c:7882:qtdemux_parse_samples:<q> sample 13: index 0, timestamp 0:00:00.278333333
05-09 19:56:16.134  2029  2185 D GStreamer+GST_CAPS: 0:05:00.522294730 0xf37ecec0 gstpad.c:3111:gst_pad_query_caps_default:<mpegaudioparse0:src> trying pad template caps
05-09 19:56:16.134  2029  2186 D GStreamer+GST_ELEMENT_PADS: 0:05:00.522405875 0xf37ecf20 gstelement.c:2812:gst_element_pads_activate:<capsfilter2> pad activation successful
05-09 19:56:16.134  2029  2187 D GStreamer+qtdemux: 0:05:00.522430198 0xf37ecf50 qtdemux.c:7937:qtdemux_parse_samples:<q> samples at 13 is keyframe
05-09 19:56:16.134  2029  2186 D GStreamer+GST_STATES: 0:05:00.522475094 0xf37ecf20 gstelement.c:2684:gst_element_change_state:<capsfilter2> element changed state SUCCESS
05-09 19:56:16.134  2029  2185 D GStreamer+GST_CAPS: 0:05:00.522511136 0xf37ecec0 gstpad.c:3141:gst_pad_query_caps_default:<mpegaudioparse0:src> using caps 0xf369d390 audio/mpeg, mpegversion=(int)1, layer=(int)[ 1, 3 ], mpegaudioversion=(int)[ 1, 3 ], rate=(int)[ 8000, 48000 ], channels=(int)[ 1, 2 ], parsed=(boolean)true
05-09 19:56:16.134  2029  2187 D GStreamer+qtdemux: 0:05:00.522525563 0xf37ecf50 qtdemux.c:5197:gst_qtdemux_loop_state_movie:<q> pushing from stream 1, empty 0 offset 647017, size 144, dts=0:00:00.576000000, pts=0:00:00.576000000, duration 0:00:00.024000000
05-09 19:56:16.134  2029  2186 I GStreamer+GST_STATES: 0:05:00.522538375 0xf37ecf20 gstelement.c:2372:gst_element_continue_state:<capsfilter2> completed state change to PAUSED
05-09 19:56:16.134  2029  2187 D GStreamer+basesrc: 0:05:00.522598011 0xf37ecf50 gstbasesrc.c:2355:gst_base_src_update_length:<filesrc2> reading offset 647017, length 144, size 15003960, segment.stop -1, maxsize 15003960
05-09 19:56:16.134  2029  2186 I GStreamer+GST_STATES: 0:05:00.522616136 0xf37ecf20 gstelement.c:2277:_priv_gst_element_state_changed:<capsfilter2> notifying about state-changed READY to PAUSED (VOID_PENDING pending)
05-09 19:56:16.134  2029  2185 D GStreamer+GST_PADS: 0:05:00.522631709 0xf37ecec0 gstpad.c:3339:gst_pad_query_default:<mpegaudioparse0:src> not forwarding 0xf3d19ac0 (caps) query
05-09 19:56:16.134  2029  2187 D GStreamer+basesrc: 0:05:00.522640980 0xf37ecf50 gstbasesrc.c:2456:gst_base_src_get_range:<filesrc2> calling create offset 647017 length 144, time 0
05-09 19:56:16.134  2029  2186 D GStreamer+GST_MESSAGE: 0:05:00.522669209 0xf37ecf20 gstelement.c:1735:gst_element_post_message_default:<capsfilter2> not posting message 0xf3d43ac8: no bus
05-09 19:56:16.134  2029  2187 D GStreamer+GST_MEMORY: 0:05:00.522709730 0xf37ecf50 gstmemory.c:138:gst_memory_init new memory 0xf3af4008, maxsize:147 offset:0 size:144
05-09 19:56:16.134  2029  2185 D GStreamer+GST_PADS: 0:05:00.522694209 0xf37ecec0 gstpad.c:3905:gst_pad_query:<mpegaudioparse0:src> sent query 0xf3d19ac0 (caps), result 1
05-09 19:56:16.134  2029  2186 D GStreamer+GST_STATES: 0:05:00.522722073 0xf37ecf20 gstelement.c:2607:gst_element_set_state_func:<capsfilter2> returned SUCCESS
05-09 19:56:16.134  2029  2187 D GStreamer+basesrc: 0:05:00.522760146 0xf37ecf50 gstbasesrc.c:2310:gst_base_src_do_sync:<filesrc2> we have no clock
05-09 19:56:16.134  2029  2186 D GStreamer+GST_PARENTAGE: 0:05:00.522778740 0xf37ecf20 gstbin.c:1371:gst_bin_add adding element capsfilter2 to bin forhwgl
05-09 19:56:16.134  2029  2186 D GStreamer+bin: 0:05:00.522816917 0xf37ecf20 gstbin.c:1100:gst_bin_add_func:<forhwgl> element :capsfilter2
05-09 19:56:16.134  2029  2187 D GStreamer+basesrc: 0:05:00.522824886 0xf37ecf50 gstbasesrc.c:2520:gst_base_src_get_range:<filesrc2> buffer ok
05-09 19:56:16.135  2029  2186 D GStreamer+GST_REFCOUNTING: 0:05:00.522855355 0xf37ecf20 gstobject.c:692:gst_object_set_parent:<capsfilter2> set parent (ref and sink)
05-09 19:56:16.135  2029  2185 D GStreamer+GST_CAPS: 0:05:00.522859677 0xf37ecec0 gstutils.c:2845:gst_pad_query_caps:<mpegaudioparse0:src> query returned audio/mpeg, mpegversion=(int)1, layer=(int)[ 1, 3 ], mpegaudioversion=(int)[ 1, 3 ], rate=(int)[ 8000, 48000 ], channels=(int)[ 1, 2 ], parsed=(boolean)true
05-09 19:56:16.135  2029  2187 D GStreamer+GST_SCHEDULING: 0:05:00.522922386 0xf37ecf50 gstpad.c:4153:gst_pad_chain_data_unchecked:<queue6:sink> calling chainfunction &gst_queue_chain with buffer buffer: 0xf3b6b2a8, pts 0:00:00.576000000, dts 0:00:00.576000000, dur 0:00:00.024000000, size 144, offset none, offset_end none, flags 0x0
