05-09 19:57:51.142  2029  2224 D GStreamer+GST_PADS: 0:06:35.529937870 0xf3d043b0 gstpad.c:3882:gst_pad_query:<decodepad4:proxypad14> doing query 0xf3b67ef0 (allocation)
05-09 19:57:51.142  2029  2224 D GStreamer+decodebin: 0:06:35.530015214 0xf3d043b0 gstdecodebin2.c:5033:gst_decode_pad_query:<forhwgl> calling autoplug-query for decodepad4 (element amcvideodec-omxnvidiah264decode2): allocation query: 0xf3b67ef0, GstQueryAllocation, caps=(GstCaps)"video/x-raw\(memory:GLMemory\)\,\ format\=\(string\)RGBA\,\ width\=\(int\)1280\,\ height\=\(int\)1440\,\ interlace-mode\=\(string\)progressive\,\ pixel-aspect-ratio\=\(fraction\)1/1\,\ colorimetry\=\(string\)sRGB\,\ framerate\=\(fraction\)151/3", need-pool=(boolean)true;
05-09 19:57:51.142  2029  2224 D GStreamer+decodebin: 0:06:35.530059016 0xf3d043b0 gstdecodebin2.c:5042:gst_decode_pad_query:<forhwgl> autoplug-query returned 0
05-09 19:57:51.142  2029  2224 D GStreamer+GST_PADS: 0:06:35.530097662 0xf3d043b0 gstpad.c:3339:gst_pad_query_default:<decodepad4:proxypad14> forwarding 0xf3b67ef0 (allocation) query
05-09 19:57:51.142  2029  2224 D GStreamer+GST_PADS: 0:06:35.530139172 0xf3d043b0 gstpad.c:4009:gst_pad_peer_query:<'':decodepad4> peer query 0xf3b67ef0 (allocation)
05-09 19:57:51.142  2029  2224 D GStreamer+GST_PADS: 0:06:35.530173391 0xf3d043b0 gstpad.c:3813:check_sticky:<'':decodepad4> pushing all sticky events
05-09 19:57:51.142  2029  2224 D GStreamer+GST_PADS: 0:06:35.530208495 0xf3d043b0 gstpad.c:3745:push_sticky:<'':decodepad4> event stream-start was already received
05-09 19:57:51.142  2029  2224 D GStreamer+GST_PADS: 0:06:35.530244329 0xf3d043b0 gstpad.c:3745:push_sticky:<'':decodepad4> event caps was already received
05-09 19:57:51.142  2029  2224 I GStreamer+GST_PADS: 0:06:35.530278183 0xf3d043b0 gstpad.c:4065:gst_pad_peer_query:<'':decodepad4> pad has no peer
05-09 19:57:51.142  2029  2224 D GStreamer+GST_PADS: 0:06:35.530317975 0xf3d043b0 gstpad.c:3905:gst_pad_query:<decodepad4:proxypad14> sent query 0xf3b67ef0 (allocation), result 0
05-09 19:57:51.142  2029  2224 D GStreamer+GST_PADS: 0:06:35.530352245 0xf3d043b0 gstpad.c:3950:gst_pad_query:<decodepad4:proxypad14> query failed
05-09 19:57:51.142  2029  2224 D GStreamer+GST_PADS: 0:06:35.530386620 0xf3d043b0 gstpad.c:4071:gst_pad_peer_query:<amcvideodec-omxnvidiah264decode2:src> query failed
05-09 19:57:51.142  2029  2224 D GStreamer+videodecoder: 0:06:35.530420735 0xf3d043b0 gstvideodecoder.c:3710:gst_video_decoder_negotiate_pool:<amcvideodec-omxnvidiah264decode2> didn't get downstream ALLOCATION hints
05-09 19:57:51.142  2029  2224 D GStreamer+video-info: 0:06:35.530477610 0xf3d043b0 video-info.c:300:gst_video_info_from_caps parsing caps video/x-raw(memory:GLMemory), format=(string)RGBA, width=(int)1280, height=(int)1440, interlace-mode=(string)progressive, pixel-aspect-ratio=(fraction)1/1, colorimetry=(string)sRGB, framerate=(fraction)151/3
05-09 19:57:51.142  2029  2224 D GStreamer+videodecoder: 0:06:35.530522193 0xf3d043b0 gstvideodecoder.c:3628:gst_video_decoder_decide_allocation_default:<amcvideodec-omxnvidiah264decode2> no pool, making new pool
05-09 19:57:51.142  2029  2224 D GStreamer+GST_POLL: 0:06:35.530571412 0xf3d043b0 gstpoll.c:557:gst_poll_new 0xf392b4c8: new controllable : 1
05-09 19:57:51.142  2029  2224 D GStreamer+GST_POLL: 0:06:35.530649225 0xf3d043b0 gstpoll.c:726:gst_poll_add_fd_unlocked 0xf392b4c8: fd (fd:109, idx:0)
05-09 19:57:51.142  2029  2224 D GStreamer+GST_POLL: 0:06:35.530683964 0xf3d043b0 gstpoll.c:893:gst_poll_fd_ctl_read_unlocked 0xf392b4c8: fd (fd:109, idx:0), active : 1
05-09 19:57:51.142  2029  2224 D GStreamer+bufferpool: 0:06:35.530727245 0xf3d043b0 gstbufferpool.c:178:gst_buffer_pool_init:<GstBufferPool@0xf3d861c8> created
05-09 19:57:51.142  2029  2224 W GStreamer+structure: 0:06:35.530840683 0xf3d043b0 gststructure.c:1935:priv_gst_structure_append_to_gstring No value transform to serialize field 'params' of type 'GstAllocationParams'
05-09 19:57:51.143  2029  2224 D GStreamer+videodecoder: 0:06:35.530885579 0xf3d043b0 gstvideodecoder.c:3639:gst_video_decoder_decide_allocation_default:<amcvideodec-omxnvidiah264decode2> setting config GstBufferPoolConfig, caps=(GstCaps)"video/x-raw\(memory:GLMemory\)\,\ format\=\(string\)RGBA\,\ width\=\(int\)1280\,\ height\=\(int\)1440\,\ interlace-mode\=\(string\)progressive\,\ pixel-aspect-ratio\=\(fraction\)1/1\,\ colorimetry\=\(string\)sRGB\,\ framerate\=\(fraction\)151/3", size=(uint)7372800, min-buffers=(uint)0, max-buffers=(uint)0, allocator=(GstAllocator)"NULL", params=(GstAllocationParams)NULL; in pool <videobufferpool4>
05-09 19:57:51.143  2029  2224 D GStreamer+video-info: 0:06:35.530945891 0xf3d043b0 video-info.c:300:gst_video_info_from_caps parsing caps video/x-raw(memory:GLMemory), format=(string)RGBA, width=(int)1280, height=(int)1440, interlace-mode=(string)progressive, pixel-aspect-ratio=(fraction)1/1, colorimetry=(string)sRGB, framerate=(fraction)151/3
05-09 19:57:51.143  2029  2224 W GStreamer+structure: 0:06:35.531039797 0xf3d043b0 gststructure.c:1935:priv_gst_structure_append_to_gstring No value transform to serialize field 'params' of type 'GstAllocationParams'
05-09 19:57:51.143  2029  2224 D GStreamer+bufferpool: 0:06:35.531069329 0xf3d043b0 gstbufferpool.c:581:default_set_config:<videobufferpool4> config GstBufferPoolConfig, caps=(GstCaps)"video/x-raw\(memory:GLMemory\)\,\ format\=\(string\)RGBA\,\ width\=\(int\)1280\,\ height\=\(int\)1440\,\ interlace-mode\=\(string\)progressive\,\ pixel-aspect-ratio\=\(fraction\)1/1\,\ colorimetry\=\(string\)sRGB\,\ framerate\=\(fraction\)151/3", size=(uint)7372800, min-buffers=(uint)0, max-buffers=(uint)0, allocator=(GstAllocator)"NULL", params=(GstAllocationParams)NULL;
05-09 19:57:51.143  2029  2224 D GStreamer+video-info: 0:06:35.531129225 0xf3d043b0 video-info.c:300:gst_video_info_from_caps parsing caps video/x-raw(memory:GLMemory), format=(string)RGBA, width=(int)1280, height=(int)1440, interlace-mode=(string)progressive, pixel-aspect-ratio=(fraction)1/1, colorimetry=(string)sRGB, framerate=(fraction)151/3
05-09 19:57:51.143  2029  2224 D GStreamer+query: 0:06:35.531169589 0xf3d043b0 gstquery.c:674:gst_query_new_custom creating new query 0xf3b00cc0 context
05-09 19:57:51.143  2029  2224 D GStreamer+GST_PADS: 0:06:35.531208079 0xf3d043b0 gstpad.c:4009:gst_pad_peer_query:<amcvideodec-omxnvidiah264decode2:src> peer query 0xf3b00cc0 (context)
05-09 19:57:51.143  2029  2224 D GStreamer+GST_PADS: 0:06:35.531247141 0xf3d043b0 gstpad.c:3882:gst_pad_query:<decodepad4:proxypad14> doing query 0xf3b00cc0 (context)
05-09 19:57:51.143  2029  2224 D GStreamer+decodebin: 0:06:35.531295318 0xf3d043b0 gstdecodebin2.c:5033:gst_decode_pad_query:<forhwgl> calling autoplug-query for decodepad4 (element amcvideodec-omxnvidiah264decode2): context query: 0xf3b00cc0, GstQueryContext, context-type=(string)gst.gl.GLDisplay;
05-09 19:57:51.143  2029  2224 I GStreamer+GST_ELEMENT_PADS: 0:06:35.531336568 0xf3d043b0 gstelement.c:907:gst_element_get_static_pad found pad glimagesinkbin3:sink
05-09 19:57:51.143  2029  2224 D GStreamer+GST_PADS: 0:06:35.531372350 0xf3d043b0 gstpad.c:3882:gst_pad_query:<glimagesinkbin3:sink> doing query 0xf3b00cc0 (context)
05-09 19:57:51.143  2029  2224 D GStreamer+GST_PADS: 0:06:35.531411308 0xf3d043b0 gstpad.c:3339:gst_pad_query_default:<glimagesinkbin3:sink> forwarding 0xf3b00cc0 (context) query
05-09 19:57:51.143  2029  2224 D GStreamer+GST_PADS: 0:06:35.531454381 0xf3d043b0 gstpad.c:4009:gst_pad_peer_query:<sink:proxypad13> peer query 0xf3b00cc0 (context)
05-09 19:57:51.143  2029  2224 D GStreamer+GST_PADS: 0:06:35.531493860 0xf3d043b0 gstpad.c:3882:gst_pad_query:<gluploadelement3:sink> doing query 0xf3b00cc0 (context)
05-09 19:57:51.143  2029  2224 D GStreamer+GST_PADS: 0:06:35.531545214 0xf3d043b0 gstpad.c:3905:gst_pad_query:<gluploadelement3:sink> sent query 0xf3b00cc0 (context), result 1
05-09 19:57:51.143  2029  2224 D GStreamer+GST_PADS: 0:06:35.531586881 0xf3d043b0 gstpad.c:3905:gst_pad_query:<glimagesinkbin3:sink> sent query 0xf3b00cc0 (context), result 1
05-09 19:57:51.143  2029  2224 W GStreamer+structure: 0:06:35.531636725 0xf3d043b0 gststructure.c:1935:priv_gst_structure_append_to_gstring No value transform to serialize field 'context' of type 'GstContext'
05-09 19:57:51.143  2029  2224 D GStreamer+decodebin: 0:06:35.531672506 0xf3d043b0 gstdecodebin2.c:5040:gst_decode_pad_query:<forhwgl> autoplug-query returned 1: context query: 0xf3b00cc0, GstQueryContext, context-type=(string)gst.gl.GLDisplay, context=(GstContext)NULL;
05-09 19:57:51.143  2029  2224 D GStreamer+GST_PADS: 0:06:35.531710735 0xf3d043b0 gstpad.c:3905:gst_pad_query:<decodepad4:proxypad14> sent query 0xf3b00cc0 (context), result 1
05-09 19:57:51.143  2029  2224 I GStreamer+GST_CONTEXT: 0:06:35.531747506 0xf3d043b0 gstglutils.c:573:_gst_context_query:<amcvideodec-omxnvidiah264decode2> found context (0xf3ac6920) in downstream query
05-09 19:57:51.143  2029  2224 D GStreamer+GST_CONTEXT: 0:06:35.531796568 0xf3d043b0 gstelement.c:3149:gst_element_set_context:<amcvideodec-omxnvidiah264decode2> set context 0xf3ac6920 context, gst.gl.GLDisplay=(GstGLDisplay)"\(GstGLDisplayEGL\)\ gldisplayegl3";
05-09 19:57:51.143  2029  2224 D GStreamer+query: 0:06:35.531836568 0xf3d043b0 gstquery.c:674:gst_query_new_custom creating new query 0xf3d34180 context
05-09 19:57:51.144  2029  2224 D GStreamer+GST_PADS: 0:06:35.531884902 0xf3d043b0 gstpad.c:4009:gst_pad_peer_query:<amcvideodec-omxnvidiah264decode2:src> peer query 0xf3d34180 (context)
05-09 19:57:51.144  2029  2224 D GStreamer+GST_PADS: 0:06:35.531923912 0xf3d043b0 gstpad.c:3882:gst_pad_query:<decodepad4:proxypad14> doing query 0xf3d34180 (context)
05-09 19:57:51.144  2029  2224 D GStreamer+decodebin: 0:06:35.531973183 0xf3d043b0 gstdecodebin2.c:5033:gst_decode_pad_query:<forhwgl> calling autoplug-query for decodepad4 (element amcvideodec-omxnvidiah264decode2): context query: 0xf3d34180, GstQueryContext, context-type=(string)gst.gl.app_context;
05-09 19:57:51.144  2029  2224 I GStreamer+GST_ELEMENT_PADS: 0:06:35.532012245 0xf3d043b0 gstelement.c:907:gst_element_get_static_pad found pad glimagesinkbin3:sink
05-09 19:57:51.144  2029  2224 D GStreamer+GST_PADS: 0:06:35.532045943 0xf3d043b0 gstpad.c:3882:gst_pad_query:<glimagesinkbin3:sink> doing query 0xf3d34180 (context)
05-09 19:57:51.144  2029  2224 D GStreamer+GST_PADS: 0:06:35.532084693 0xf3d043b0 gstpad.c:3339:gst_pad_query_default:<glimagesinkbin3:sink> forwarding 0xf3d34180 (context) query
05-09 19:57:51.144  2029  2224 D GStreamer+GST_PADS: 0:06:35.532125527 0xf3d043b0 gstpad.c:4009:gst_pad_peer_query:<sink:proxypad13> peer query 0xf3d34180 (context)
05-09 19:57:51.144  2029  2224 D GStreamer+GST_PADS: 0:06:35.532162766 0xf3d043b0 gstpad.c:3882:gst_pad_query:<gluploadelement3:sink> doing query 0xf3d34180 (context)
05-09 19:57:51.144  2029  2224 D GStreamer+GST_PADS: 0:06:35.532208912 0xf3d043b0 gstpad.c:4009:gst_pad_peer_query:<gluploadelement3:src> peer query 0xf3d34180 (context)
05-09 19:57:51.144  2029  2224 D GStreamer+GST_PADS: 0:06:35.532248495 0xf3d043b0 gstpad.c:3882:gst_pad_query:<glcolorconvertelement3:sink> doing query 0xf3d34180 (context)
05-09 19:57:51.144  2029  2224 D GStreamer+GST_PADS: 0:06:35.532297714 0xf3d043b0 gstpad.c:4009:gst_pad_peer_query:<glcolorconvertelement3:src> peer query 0xf3d34180 (context)
05-09 19:57:51.144  2029  2224 D GStreamer+GST_PADS: 0:06:35.532336933 0xf3d043b0 gstpad.c:3882:gst_pad_query:<glcolorbalance3:sink> doing query 0xf3d34180 (context)
05-09 19:57:51.144  2029  2224 D GStreamer+GST_PADS: 0:06:35.532384641 0xf3d043b0 gstpad.c:4009:gst_pad_peer_query:<glcolorbalance3:src> peer query 0xf3d34180 (context)
05-09 19:57:51.144  2029  2224 D GStreamer+GST_PADS: 0:06:35.532422350 0xf3d043b0 gstpad.c:3882:gst_pad_query:<sink:sink> doing query 0xf3d34180 (context)
05-09 19:57:51.144  2029  2224 D GStreamer+GST_PADS: 0:06:35.532470995 0xf3d043b0 gstpad.c:3905:gst_pad_query:<sink:sink> sent query 0xf3d34180 (context), result 0
05-09 19:57:51.144  2029  2224 D GStreamer+GST_PADS: 0:06:35.532504329 0xf3d043b0 gstpad.c:3950:gst_pad_query:<sink:sink> query failed
05-09 19:57:51.144  2029  2224 D GStreamer+GST_PADS: 0:06:35.532537297 0xf3d043b0 gstpad.c:4071:gst_pad_peer_query:<glcolorbalance3:src> query failed
05-09 19:57:51.144  2029  2224 D GStreamer+GST_PADS: 0:06:35.532574485 0xf3d043b0 gstpad.c:3905:gst_pad_query:<glcolorbalance3:sink> sent query 0xf3d34180 (context), result 0
05-09 19:57:51.144  2029  2224 D GStreamer+GST_PADS: 0:06:35.532606672 0xf3d043b0 gstpad.c:3950:gst_pad_query:<glcolorbalance3:sink> query failed
05-09 19:57:51.144  2029  2224 D GStreamer+GST_PADS: 0:06:35.532639537 0xf3d043b0 gstpad.c:4071:gst_pad_peer_query:<glcolorconvertelement3:src> query failed
05-09 19:57:51.144  2029  2224 D GStreamer+GST_PADS: 0:06:35.532677454 0xf3d043b0 gstpad.c:3905:gst_pad_query:<glcolorconvertelement3:sink> sent query 0xf3d34180 (context), result 0
05-09 19:57:51.144  2029  2224 D GStreamer+GST_PADS: 0:06:35.532710370 0xf3d043b0 gstpad.c:3950:gst_pad_query:<glcolorconvertelement3:sink> query failed
05-09 19:57:51.144  2029  2224 D GStreamer+GST_PADS: 0:06:35.532742870 0xf3d043b0 gstpad.c:4071:gst_pad_peer_query:<gluploadelement3:src> query failed
05-09 19:57:51.144  2029  2224 D GStreamer+GST_PADS: 0:06:35.532779641 0xf3d043b0 gstpad.c:3905:gst_pad_query:<gluploadelement3:sink> sent query 0xf3d34180 (context), result 0
05-09 19:57:51.144  2029  2224 D GStreamer+GST_PADS: 0:06:35.532811672 0xf3d043b0 gstpad.c:3950:gst_pad_query:<gluploadelement3:sink> query failed
05-09 19:57:51.144  2029  2224 D GStreamer+GST_PADS: 0:06:35.532844797 0xf3d043b0 gstpad.c:4071:gst_pad_peer_query:<sink:proxypad13> query failed
05-09 19:57:51.145  2029  2224 D GStreamer+GST_PADS: 0:06:35.532894381 0xf3d043b0 gstpad.c:3905:gst_pad_query:<glimagesinkbin3:sink> sent query 0xf3d34180 (context), result 0
05-09 19:57:51.145  2029  2224 D GStreamer+GST_PADS: 0:06:35.532928495 0xf3d043b0 gstpad.c:3950:gst_pad_query:<glimagesinkbin3:sink> query failed
05-09 19:57:51.145  2029  2224 D GStreamer+decodebin: 0:06:35.532966620 0xf3d043b0 gstdecodebin2.c:5042:gst_decode_pad_query:<forhwgl> autoplug-query returned 0
05-09 19:57:51.145  2029  2224 D GStreamer+GST_PADS: 0:06:35.533003235 0xf3d043b0 gstpad.c:3339:gst_pad_query_default:<decodepad4:proxypad14> forwarding 0xf3d34180 (context) query
05-09 19:57:51.145  2029  2224 D GStreamer+GST_PADS: 0:06:35.533043443 0xf3d043b0 gstpad.c:4009:gst_pad_peer_query:<'':decodepad4> peer query 0xf3d34180 (context)
05-09 19:57:51.145  2029  2224 I GStreamer+GST_PADS: 0:06:35.533076777 0xf3d043b0 gstpad.c:4065:gst_pad_peer_query:<'':decodepad4> pad has no peer
05-09 19:57:51.145  2029  2224 D GStreamer+GST_PADS: 0:06:35.533115527 0xf3d043b0 gstpad.c:3905:gst_pad_query:<decodepad4:proxypad14> sent query 0xf3d34180 (context), result 0
05-09 19:57:51.145  2029  2224 D GStreamer+GST_PADS: 0:06:35.533147870 0xf3d043b0 gstpad.c:3950:gst_pad_query:<decodepad4:proxypad14> query failed
05-09 19:57:51.145  2029  2224 D GStreamer+GST_PADS: 0:06:35.533181360 0xf3d043b0 gstpad.c:4071:gst_pad_peer_query:<amcvideodec-omxnvidiah264decode2:src> query failed
05-09 19:57:51.145  2029  2224 I GStreamer+GST_CONTEXT: 0:06:35.533214902 0xf3d043b0 gstglutils.c:528:pad_query:<amcvideodec-omxnvidiah264decode2:src> pad peer query failed
05-09 19:57:51.145  2029  2224 D GStreamer+GST_PADS: 0:06:35.533255266 0xf3d043b0 gstpad.c:4009:gst_pad_peer_query:<amcvideodec-omxnvidiah264decode2:sink> peer query 0xf3d34180 (context)
05-09 19:57:51.145  2029  2224 D GStreamer+GST_PADS: 0:06:35.533293235 0xf3d043b0 gstpad.c:3882:gst_pad_query:<capsfilter3:src> doing query 0xf3d34180 (context)
05-09 19:57:51.145  2029  2224 D GStreamer+GST_PADS: 0:06:35.533331725 0xf3d043b0 gstpad.c:4009:gst_pad_peer_query:<capsfilter3:sink> peer query 0xf3d34180 (context)
05-09 19:57:51.145  2029  2224 D GStreamer+GST_PADS: 0:06:35.533368704 0xf3d043b0 gstpad.c:3882:gst_pad_query:<h264parse3:src> doing query 0xf3d34180 (context)
05-09 19:57:51.145  2029  2224 W GStreamer+structure: 0:06:35.533416933 0xf3d043b0 gststructure.c:1935:priv_gst_structure_append_to_gstring No value transform to serialize field 'context' of type 'GstContext'
05-09 19:57:51.145  2029  2224 D GStreamer+baseparse: 0:06:35.533452818 0xf3d043b0 gstbaseparse.c:1579:gst_base_parse_src_query:<h264parse3> context query: context query: 0xf3d34180, GstQueryContext, context-type=(string)gst.gl.app_context, context=(GstContext)NULL;
05-09 19:57:51.145  2029  2224 D GStreamer+GST_PADS: 0:06:35.533489902 0xf3d043b0 gstpad.c:3339:gst_pad_query_default:<h264parse3:src> forwarding 0xf3d34180 (context) query
05-09 19:57:51.145  2029  2224 D GStreamer+GST_PADS: 0:06:35.533524120 0xf3d043b0 gstpad.c:2803:gst_pad_iterate_internal_links_default:<h264parse3:src> Making iterator
05-09 19:57:51.145  2029  2224 D GStreamer+GST_PADS: 0:06:35.533563652 0xf3d043b0 gstpad.c:4009:gst_pad_peer_query:<h264parse3:sink> peer query 0xf3d34180 (context)
05-09 19:57:51.145  2029  2224 D GStreamer+GST_PADS: 0:06:35.533602975 0xf3d043b0 gstpad.c:3882:gst_pad_query:<typefind:src> doing query 0xf3d34180 (context)
05-09 19:57:51.145  2029  2224 D GStreamer+typefind: 0:06:35.533638443 0xf3d043b0 gsttypefindelement.c:365:gst_type_find_handle_src_query:<typefind> Handling src query context
05-09 19:57:51.145  2029  2224 D GStreamer+GST_PADS: 0:06:35.533673756 0xf3d043b0 gstpad.c:3339:gst_pad_query_default:<typefind:src> forwarding 0xf3d34180 (context) query
05-09 19:57:51.145  2029  2224 D GStreamer+GST_PADS: 0:06:35.533706672 0xf3d043b0 gstpad.c:2803:gst_pad_iterate_internal_links_default:<typefind:src> Making iterator
05-09 19:57:51.145  2029  2224 D GStreamer+GST_PADS: 0:06:35.533745214 0xf3d043b0 gstpad.c:4009:gst_pad_peer_query:<typefind:sink> peer query 0xf3d34180 (context)
05-09 19:57:51.145  2029  2224 D GStreamer+GST_PADS: 0:06:35.533784277 0xf3d043b0 gstpad.c:3882:gst_pad_query:<sink:proxypad12> doing query 0xf3d34180 (context)
05-09 19:57:51.145  2029  2224 D GStreamer+GST_PADS: 0:06:35.533821777 0xf3d043b0 gstpad.c:3339:gst_pad_query_default:<sink:proxypad12> forwarding 0xf3d34180 (context) query
05-09 19:57:51.146  2029  2224 D GStreamer+GST_PADS: 0:06:35.533862402 0xf3d043b0 gstpad.c:4009:gst_pad_peer_query:<forhwgl:sink> peer query 0xf3d34180 (context)
05-09 19:57:51.146  2029  2224 D GStreamer+GST_PADS: 0:06:35.533911256 0xf3d043b0 gstpad.c:3882:gst_pad_query:<queue8:src> doing query 0xf3d34180 (context)
05-09 19:57:51.146  2029  2224 D GStreamer+GST_PADS: 0:06:35.533950995 0xf3d043b0 gstpad.c:3339:gst_pad_query_default:<queue8:src> forwarding 0xf3d34180 (context) query
05-09 19:57:51.146  2029  2224 D GStreamer+GST_PADS: 0:06:35.533984693 0xf3d043b0 gstpad.c:2803:gst_pad_iterate_internal_links_default:<queue8:src> Making iterator
05-09 19:57:51.146  2029  2224 D GStreamer+GST_PADS: 0:06:35.534024589 0xf3d043b0 gstpad.c:4009:gst_pad_peer_query:<queue8:sink> peer query 0xf3d34180 (context)
05-09 19:57:51.146  2029  2224 D GStreamer+GST_PADS: 0:06:35.534062402 0xf3d043b0 gstpad.c:3882:gst_pad_query:<q:video_0> doing query 0xf3d34180 (context)
05-09 19:57:51.146  2029  2224 D GStreamer+GST_PADS: 0:06:35.534100475 0xf3d043b0 gstpad.c:3339:gst_pad_query_default:<q:video_0> forwarding 0xf3d34180 (context) query
05-09 19:57:51.146  2029  2224 D GStreamer+GST_PADS: 0:06:35.534133183 0xf3d043b0 gstpad.c:2803:gst_pad_iterate_internal_links_default:<q:video_0> Making iterator
05-09 19:57:51.146  2029  2224 D GStreamer+GST_PADS: 0:06:35.534172350 0xf3d043b0 gstpad.c:4009:gst_pad_peer_query:<q:sink> peer query 0xf3d34180 (context)
05-09 19:57:51.146  2029  2224 D GStreamer+GST_PADS: 0:06:35.534209485 0xf3d043b0 gstpad.c:3882:gst_pad_query:<filesrc3:src> doing query 0xf3d34180 (context)
05-09 19:57:51.146  2029  2224 D GStreamer+basesrc: 0:06:35.534246568 0xf3d043b0 gstbasesrc.c:1296:gst_base_src_default_query:<filesrc3> query context returns 0
05-09 19:57:51.146  2029  2224 D GStreamer+GST_PADS: 0:06:35.534283079 0xf3d043b0 gstpad.c:3905:gst_pad_query:<filesrc3:src> sent query 0xf3d34180 (context), result 0
05-09 19:57:51.146  2029  2224 D GStreamer+GST_PADS: 0:06:35.534315995 0xf3d043b0 gstpad.c:3950:gst_pad_query:<filesrc3:src> query failed
05-09 19:57:51.146  2029  2224 D GStreamer+GST_PADS: 0:06:35.534349329 0xf3d043b0 gstpad.c:4071:gst_pad_peer_query:<q:sink> query failed
05-09 19:57:51.146  2029  2224 D GStreamer+GST_PADS: 0:06:35.534387662 0xf3d043b0 gstpad.c:3905:gst_pad_query:<q:video_0> sent query 0xf3d34180 (context), result 0
05-09 19:57:51.146  2029  2224 D GStreamer+GST_PADS: 0:06:35.534419589 0xf3d043b0 gstpad.c:3950:gst_pad_query:<q:video_0> query failed
05-09 19:57:51.146  2029  2224 D GStreamer+GST_PADS: 0:06:35.534451152 0xf3d043b0 gstpad.c:4071:gst_pad_peer_query:<queue8:sink> query failed
05-09 19:57:51.146  2029  2224 D GStreamer+GST_PADS: 0:06:35.534490266 0xf3d043b0 gstpad.c:3905:gst_pad_query:<queue8:src> sent query 0xf3d34180 (context), result 0
05-09 19:57:51.146  2029  2224 D GStreamer+GST_PADS: 0:06:35.534522766 0xf3d043b0 gstpad.c:3950:gst_pad_query:<queue8:src> query failed
05-09 19:57:51.146  2029  2224 D GStreamer+GST_PADS: 0:06:35.534555110 0xf3d043b0 gstpad.c:4071:gst_pad_peer_query:<forhwgl:sink> query failed
05-09 19:57:51.146  2029  2224 D GStreamer+GST_PADS: 0:06:35.534593547 0xf3d043b0 gstpad.c:3905:gst_pad_query:<sink:proxypad12> sent query 0xf3d34180 (context), result 0
05-09 19:57:51.146  2029  2224 D GStreamer+GST_PADS: 0:06:35.534625995 0xf3d043b0 gstpad.c:3950:gst_pad_query:<sink:proxypad12> query failed
05-09 19:57:51.146  2029  2224 D GStreamer+GST_PADS: 0:06:35.534658704 0xf3d043b0 gstpad.c:4071:gst_pad_peer_query:<typefind:sink> query failed
05-09 19:57:51.146  2029  2224 D GStreamer+GST_PADS: 0:06:35.534697297 0xf3d043b0 gstpad.c:3905:gst_pad_query:<typefind:src> sent query 0xf3d34180 (context), result 0
05-09 19:57:51.146  2029  2224 D GStreamer+GST_PADS: 0:06:35.534729381 0xf3d043b0 gstpad.c:3950:gst_pad_query:<typefind:src> query failed
05-09 19:57:51.146  2029  2224 D GStreamer+GST_PADS: 0:06:35.534761412 0xf3d043b0 gstpad.c:4071:gst_pad_peer_query:<h264parse3:sink> query failed
05-09 19:57:51.146  2029  2224 D GStreamer+GST_PADS: 0:06:35.534799850 0xf3d043b0 gstpad.c:3905:gst_pad_query:<h264parse3:src> sent query 0xf3d34180 (context), result 0
05-09 19:57:51.146  2029  2224 D GStreamer+GST_PADS: 0:06:35.534831985 0xf3d043b0 gstpad.c:3950:gst_pad_query:<h264parse3:src> query failed
05-09 19:57:51.147  2029  2224 D GStreamer+GST_PADS: 0:06:35.534865214 0xf3d043b0 gstpad.c:4071:gst_pad_peer_query:<capsfilter3:sink> query failed
05-09 19:57:51.147  2029  2224 D GStreamer+GST_PADS: 0:06:35.534911360 0xf3d043b0 gstpad.c:3905:gst_pad_query:<capsfilter3:src> sent query 0xf3d34180 (context), result 0
05-09 19:57:51.147  2029  2224 D GStreamer+GST_PADS: 0:06:35.534943183 0xf3d043b0 gstpad.c:3950:gst_pad_query:<capsfilter3:src> query failed
05-09 19:57:51.147  2029  2224 D GStreamer+GST_PADS: 0:06:35.534976152 0xf3d043b0 gstpad.c:4071:gst_pad_peer_query:<amcvideodec-omxnvidiah264decode2:sink> query failed
05-09 19:57:51.147  2029  2224 I GStreamer+GST_CONTEXT: 0:06:35.535008652 0xf3d043b0 gstglutils.c:528:pad_query:<amcvideodec-omxnvidiah264decode2:sink> pad peer query failed
05-09 19:57:51.147  2029  2224 I GStreamer+GST_CONTEXT: 0:06:35.535042402 0xf3d043b0 gstglutils.c:590:_gst_context_query:<amcvideodec-omxnvidiah264decode2> posting need context message
05-09 19:57:51.147  2029  2224 D GStreamer+GST_BUS: 0:06:35.535101568 0xf3d043b0 gstbus.c:309:gst_bus_post:<bus16> [msg 0xf3ad4508] posting on bus need-context message: 0xf3ad4508, time 99:99:99.999999999, seq-num 2070, element 'amcvideodec-omxnvidiah264decode2', GstMessageNeedContext, context-type=(string)gst.gl.app_context;
05-09 19:57:51.147  2029  2224 D GStreamer+bin: 0:06:35.535140683 0xf3d043b0 gstbin.c:3528:gst_bin_handle_message_func:<forhwgl> [msg 0xf3ad4508] handling child amcvideodec-omxnvidiah264decode2 message of type need-context
05-09 19:57:51.147  2029  2224 D GStreamer+bin: 0:06:35.535173183 0xf3d043b0 gstbin.c:3865:gst_bin_handle_message_func:<forhwgl> posting message upward
05-09 19:57:51.147  2029  2224 D GStreamer+GST_BUS: 0:06:35.535227506 0xf3d043b0 gstbus.c:309:gst_bus_post:<bus18> [msg 0xf3ad4508] posting on bus need-context message: 0xf3ad4508, time 99:99:99.999999999, seq-num 2070, element 'amcvideodec-omxnvidiah264decode2', GstMessageNeedContext, context-type=(string)gst.gl.app_context;
05-09 19:57:51.147  2029  2224 D GStreamer+bin: 0:06:35.535264537 0xf3d043b0 gstbin.c:3528:gst_bin_handle_message_func:<pipeline3> [msg 0xf3ad4508] handling child amcvideodec-omxnvidiah264decode2 message of type need-context
05-09 19:57:51.147  2029  2224 D GStreamer+bin: 0:06:35.535296516 0xf3d043b0 gstbin.c:3865:gst_bin_handle_message_func:<pipeline3> posting message upward
05-09 19:57:51.147  2029  2224 D GStreamer+GST_BUS: 0:06:35.535348079 0xf3d043b0 gstbus.c:309:gst_bus_post:<bus19> [msg 0xf3ad4508] posting on bus need-context message: 0xf3ad4508, time 99:99:99.999999999, seq-num 2070, element 'amcvideodec-omxnvidiah264decode2', GstMessageNeedContext, context-type=(string)gst.gl.app_context;
05-09 19:57:51.147  2029  2224 D GStreamer+GST_BUS: 0:06:35.535380631 0xf3d043b0 gstbus.c:348:gst_bus_post:<bus19> [msg 0xf3ad4508] pushing on async queue
05-09 19:57:51.147  2029  2224 D GStreamer+GST_BUS: 0:06:35.535418704 0xf3d043b0 gstbus.c:351:gst_bus_post:<bus19> [msg 0xf3ad4508] pushed on async queue
05-09 19:57:51.147  2029  2216 D GStreamer+GST_BUS: 0:06:35.535456725 0xf3d321c0 gstbus.c:521:gst_bus_timed_pop_filtered:<bus19> got message 0xf3ad4508, need-context from amcvideodec-omxnvidiah264decode2, type mask is 4294967295
05-09 19:57:51.147  2029  2224 D GStreamer+GST_BUS: 0:06:35.535476725 0xf3d043b0 gstbus.c:344:gst_bus_post:<bus18> [msg 0xf3ad4508] dropped
05-09 19:57:51.147  2029  2216 D GStreamer+GST_BUS: 0:06:35.535533808 0xf3d321c0 gstbus.c:789:gst_bus_source_dispatch:<bus19> source 0xf39d9b18 calling dispatch with need-context message: 0xf3ad4508, time 99:99:99.999999999, seq-num 2070, element 'amcvideodec-omxnvidiah264decode2', GstMessageNeedContext, context-type=(string)gst.gl.app_context;
05-09 19:57:51.147  2029  2224 D GStreamer+GST_BUS: 0:06:35.535558912 0xf3d043b0 gstbus.c:344:gst_bus_post:<bus16> [msg 0xf3ad4508] dropped
05-09 19:57:51.147  2029  2216 D GStreamer+GST_BUS: 0:06:35.535581152 0xf3d321c0 gstbus.c:794:gst_bus_source_dispatch:<bus19> source 0xf39d9b18 handler returns 1
05-09 19:57:51.147  2029  2224 D GStreamer+query: 0:06:35.535610787 0xf3d043b0 gstquery.c:674:gst_query_new_custom creating new query 0xf3dd00c0 context
05-09 19:57:51.147  2029  2224 D GStreamer+GST_PADS: 0:06:35.535650839 0xf3d043b0 gstpad.c:4009:gst_pad_peer_query:<amcvideodec-omxnvidiah264decode2:src> peer query 0xf3dd00c0 (context)
05-09 19:57:51.147  2029  2224 D GStreamer+GST_PADS: 0:06:35.535690891 0xf3d043b0 gstpad.c:3882:gst_pad_query:<decodepad4:proxypad14> doing query 0xf3dd00c0 (context)
05-09 19:57:51.147  2029  2224 D GStreamer+decodebin: 0:06:35.535739589 0xf3d043b0 gstdecodebin2.c:5033:gst_decode_pad_query:<forhwgl> calling autoplug-query for decodepad4 (element amcvideodec-omxnvidiah264decode2): context query: 0xf3dd00c0, GstQueryContext, context-type=(string)gst.gl.local_context;
05-09 19:57:51.147  2029  2224 I GStreamer+GST_ELEMENT_PADS: 0:06:35.535780527 0xf3d043b0 gstelement.c:907:gst_element_get_static_pad found pad glimagesinkbin3:sink
05-09 19:57:51.147  2029  2224 D GStreamer+GST_PADS: 0:06:35.535815891 0xf3d043b0 gstpad.c:3882:gst_pad_query:<glimagesinkbin3:sink> doing query 0xf3dd00c0 (context)
05-09 19:57:51.148  2029  2224 D GStreamer+GST_PADS: 0:06:35.535855266 0xf3d043b0 gstpad.c:3339:gst_pad_query_default:<glimagesinkbin3:sink> forwarding 0xf3dd00c0 (context) query
05-09 19:57:51.148  2029  2224 D GStreamer+GST_PADS: 0:06:35.535909068 0xf3d043b0 gstpad.c:4009:gst_pad_peer_query:<sink:proxypad13> peer query 0xf3dd00c0 (context)
05-09 19:57:51.148  2029  2224 D GStreamer+GST_PADS: 0:06:35.535947037 0xf3d043b0 gstpad.c:3882:gst_pad_query:<gluploadelement3:sink> doing query 0xf3dd00c0 (context)
05-09 19:57:51.148  2029  2224 D GStreamer+GST_PADS: 0:06:35.535992870 0xf3d043b0 gstpad.c:4009:gst_pad_peer_query:<gluploadelement3:src> peer query 0xf3dd00c0 (context)
05-09 19:57:51.148  2029  2224 D GStreamer+GST_PADS: 0:06:35.536031360 0xf3d043b0 gstpad.c:3882:gst_pad_query:<glcolorconvertelement3:sink> doing query 0xf3dd00c0 (context)
05-09 19:57:51.148  2029  2224 D GStreamer+GST_PADS: 0:06:35.536080058 0xf3d043b0 gstpad.c:4009:gst_pad_peer_query:<glcolorconvertelement3:src> peer query 0xf3dd00c0 (context)
05-09 19:57:51.148  2029  2224 D GStreamer+GST_PADS: 0:06:35.536118339 0xf3d043b0 gstpad.c:3882:gst_pad_query:<glcolorbalance3:sink> doing query 0xf3dd00c0 (context)
05-09 19:57:51.148  2029  2224 D GStreamer+GST_PADS: 0:06:35.536164693 0xf3d043b0 gstpad.c:4009:gst_pad_peer_query:<glcolorbalance3:src> peer query 0xf3dd00c0 (context)
05-09 19:57:51.148  2029  2224 D GStreamer+GST_PADS: 0:06:35.536202975 0xf3d043b0 gstpad.c:3882:gst_pad_query:<sink:sink> doing query 0xf3dd00c0 (context)
05-09 19:57:51.148  2029  2224 D GStreamer+GST_PADS: 0:06:35.536251360 0xf3d043b0 gstpad.c:3905:gst_pad_query:<sink:sink> sent query 0xf3dd00c0 (context), result 1
05-09 19:57:51.148  2029  2224 D GStreamer+GST_PADS: 0:06:35.536290579 0xf3d043b0 gstpad.c:3905:gst_pad_query:<glcolorbalance3:sink> sent query 0xf3dd00c0 (context), result 1
05-09 19:57:51.148  2029  2224 D GStreamer+GST_PADS: 0:06:35.536329172 0xf3d043b0 gstpad.c:3905:gst_pad_query:<glcolorconvertelement3:sink> sent query 0xf3dd00c0 (context), result 1
05-09 19:57:51.148  2029  2224 D GStreamer+GST_PADS: 0:06:35.536367350 0xf3d043b0 gstpad.c:3905:gst_pad_query:<gluploadelement3:sink> sent query 0xf3dd00c0 (context), result 1
05-09 19:57:51.148  2029  2224 D GStreamer+GST_PADS: 0:06:35.536406308 0xf3d043b0 gstpad.c:3905:gst_pad_query:<glimagesinkbin3:sink> sent query 0xf3dd00c0 (context), result 1
05-09 19:57:51.148  2029  2224 W GStreamer+structure: 0:06:35.536456256 0xf3d043b0 gststructure.c:1935:priv_gst_structure_append_to_gstring No value transform to serialize field 'context' of type 'GstContext'
05-09 19:57:51.148  2029  2224 D GStreamer+decodebin: 0:06:35.536492297 0xf3d043b0 gstdecodebin2.c:5040:gst_decode_pad_query:<forhwgl> autoplug-query returned 1: context query: 0xf3dd00c0, GstQueryContext, context-type=(string)gst.gl.local_context, context=(GstContext)NULL;
05-09 19:57:51.148  2029  2224 D GStreamer+GST_PADS: 0:06:35.536529745 0xf3d043b0 gstpad.c:3905:gst_pad_query:<decodepad4:proxypad14> sent query 0xf3dd00c0 (context), result 1
05-09 19:57:51.148  2029  2224 D GStreamer+amcvideodec: 0:06:35.536569016 0xf3d043b0 gstamcvideodec.c:2496:_find_local_gl_context:<amcvideodec-omxnvidiah264decode2> found local context 0xf3a44aa0
05-09 19:57:51.148  2029  2224 W GStreamer+structure: 0:06:35.536646568 0xf3d043b0 gststructure.c:1935:priv_gst_structure_append_to_gstring No value transform to serialize field 'allocator' of type 'GArray'
05-09 19:57:51.148  2029  2224 W GStreamer+structure: 0:06:35.536681412 0xf3d043b0 gststructure.c:1935:priv_gst_structure_append_to_gstring No value transform to serialize field 'pool' of type 'GArray'
05-09 19:57:51.148  2029  2224 D GStreamer+videodecoder: 0:06:35.536719329 0xf3d043b0 gstvideodecoder.c:3717:gst_video_decoder_negotiate_pool:<amcvideodec-omxnvidiah264decode2> ALLOCATION (1) params: allocation query: 0xf3b67ef0, GstQueryAllocation, caps=(GstCaps)"video/x-raw\(memory:GLMemory\)\,\ format\=\(string\)RGBA\,\ width\=\(int\)1280\,\ height\=\(int\)1440\,\ interlace-mode\=\(string\)progressive\,\ pixel-aspect-ratio\=\(fraction\)1/1\,\ colorimetry\=\(string\)sRGB\,\ framerate\=\(fraction\)151/3", need-pool=(boolean)true, allocator=(GArray)NULL, pool=(GArray)NULL;
05-09 19:57:51.148  2029  2224 D GStreamer+videodecoder: 0:06:35.536758600 0xf3d043b0 gstvideodecoder.c:3759:gst_video_decoder_negotiate_pool:<amcvideodec-omxnvidiah264decode2> activate pool <videobufferpool4>
05-09 19:57:51.148  2029  2224 I GStreamer+amcvideodec: 0:06:35.536798235 0xf3d043b0 gstamcvideodec.c:1974:gst_amc_video_dec_set_format:<amcvideodec-omxnvidiah264decode2> GL output: enabled
05-09 19:57:51.149  2029  2224 D GStreamer+amcvideodec: 0:06:35.537230891 0xf3d043b0 gstamcvideodec.c:2033:gst_amc_video_dec_set_format:<amcvideodec-omxnvidiah264decode2> Configuring codec with format: {height=1440, width=1280, mime=video/avc}
05-09 19:57:51.149  2029  2226 I MediaCodec: [OMX.Nvidia.h264.decode] setting surface generation to 2077698
05-09 19:57:51.150   993  1814 E OMXNodeInstance: getConfig(1b1:Nvidia.h264.decode, ConfigCommonOutputCrop(0x700000f)) ERROR: BadParameter(0x80001005)
05-09 19:57:51.152  2029  2227 D SurfaceUtils: set up nativeWindow 0xf3d9d220 for 1280x1440, color 0x106, rotation 0, usage 0x2b00
05-09 19:57:51.154   993  2228 D NvOsDebugPrintf: NvMMLiteOpen : Block : BlockType = 261 
05-09 19:57:51.154   993  2228 D NvOsDebugPrintf: TVMR: NvMMLiteTVMRDecBlockOpen: 6595: NvMMLiteBlockOpen 
05-09 19:57:51.154  2029  2224 D GStreamer+GST_PADS: 0:06:35.542747141 0xf3d043b0 gstpad.c:5938:gst_pad_start_task:<amcvideodec-omxnvidiah264decode2:src> start task
05-09 19:57:51.154  2029  2224 D GStreamer+task: 0:06:35.542819745 0xf3d043b0 gsttask.c:425:gst_task_new Created task 0xf3d30610
05-09 19:57:51.154  2029  2224 I GStreamer+task: 0:06:35.542853808 0xf3d043b0 gsttask.c:451:gst_task_set_lock setting stream lock 0xf3af332c on task 0xf3d30610
05-09 19:57:51.155  2029  2224 I GStreamer+GST_PADS: 0:06:35.542903600 0xf3d043b0 gstpad.c:5947:gst_pad_start_task:<amcvideodec-omxnvidiah264decode2:src> created task 0xf3d30610
05-09 19:57:51.155  2029  2224 D GStreamer+GST_PADS: 0:06:35.542941985 0xf3d043b0 gstpad.c:5864:do_stream_status:<amcvideodec-omxnvidiah264decode2:src> doing stream-status 0
05-09 19:57:51.155  2029  2224 D GStreamer+GST_PADS: 0:06:35.542990318 0xf3d043b0 gstpad.c:5893:do_stream_status:<amcvideodec-omxnvidiah264decode2:src> posting stream-status 0
05-09 19:57:51.155  2029  2224 D GStreamer+GST_BUS: 0:06:35.543079172 0xf3d043b0 gstbus.c:309:gst_bus_post:<bus16> [msg 0xf3d32910] posting on bus stream-status message: 0xf3d32910, time 99:99:99.999999999, seq-num 2071, element 'src', GstMessageStreamStatus, type=(GstStreamStatusType)GST_STREAM_STATUS_TYPE_CREATE, owner=(GstElement)"\(GstAmcVideoDec-OmxNvidiaH264Decode\)\ amcvideodec-omxnvidiah264decode2", object=(GstTask)"\(GstTask\)\ task22";
05-09 19:57:51.155  2029  2224 D GStreamer+bin: 0:06:35.543121100 0xf3d043b0 gstbin.c:3528:gst_bin_handle_message_func:<forhwgl> [msg 0xf3d32910] handling child src message of type stream-status
05-09 19:57:51.155  2029  2224 D GStreamer+bin: 0:06:35.543153443 0xf3d043b0 gstbin.c:3865:gst_bin_handle_message_func:<forhwgl> posting message upward
05-09 19:57:51.155  2029  2224 D GStreamer+GST_BUS: 0:06:35.543225527 0xf3d043b0 gstbus.c:309:gst_bus_post:<bus18> [msg 0xf3d32910] posting on bus stream-status message: 0xf3d32910, time 99:99:99.999999999, seq-num 2071, element 'src', GstMessageStreamStatus, type=(GstStreamStatusType)GST_STREAM_STATUS_TYPE_CREATE, owner=(GstElement)"\(GstAmcVideoDec-OmxNvidiaH264Decode\)\ amcvideodec-omxnvidiah264decode2", object=(GstTask)"\(GstTask\)\ task22";
05-09 19:57:51.155  2029  2224 D GStreamer+bin: 0:06:35.543262922 0xf3d043b0 gstbin.c:3528:gst_bin_handle_message_func:<pipeline3> [msg 0xf3d32910] handling child src message of type stream-status
05-09 19:57:51.155  2029  2224 D GStreamer+bin: 0:06:35.543294120 0xf3d043b0 gstbin.c:3865:gst_bin_handle_message_func:<pipeline3> posting message upward
05-09 19:57:51.155  2029  2224 D GStreamer+GST_BUS: 0:06:35.543362402 0xf3d043b0 gstbus.c:309:gst_bus_post:<bus19> [msg 0xf3d32910] posting on bus stream-status message: 0xf3d32910, time 99:99:99.999999999, seq-num 2071, element 'src', GstMessageStreamStatus, type=(GstStreamStatusType)GST_STREAM_STATUS_TYPE_CREATE, owner=(GstElement)"\(GstAmcVideoDec-OmxNvidiaH264Decode\)\ amcvideodec-omxnvidiah264decode2", object=(GstTask)"\(GstTask\)\ task22";
05-09 19:57:51.155  2029  2224 D GStreamer+GST_BUS: 0:06:35.543397089 0xf3d043b0 gstbus.c:348:gst_bus_post:<bus19> [msg 0xf3d32910] pushing on async queue
05-09 19:57:51.155  2029  2224 D GStreamer+GST_BUS: 0:06:35.543438600 0xf3d043b0 gstbus.c:351:gst_bus_post:<bus19> [msg 0xf3d32910] pushed on async queue
05-09 19:57:51.155  2029  2216 D GStreamer+GST_BUS: 0:06:35.543483756 0xf3d321c0 gstbus.c:521:gst_bus_timed_pop_filtered:<bus19> got message 0xf3d32910, stream-status from src, type mask is 4294967295
05-09 19:57:51.155  2029  2224 D GStreamer+GST_BUS: 0:06:35.543503079 0xf3d043b0 gstbus.c:344:gst_bus_post:<bus18> [msg 0xf3d32910] dropped
05-09 19:57:51.155  2029  2224 D GStreamer+GST_BUS: 0:06:35.543541412 0xf3d043b0 gstbus.c:344:gst_bus_post:<bus16> [msg 0xf3d32910] dropped
05-09 19:57:51.155  2029  2224 D GStreamer+task: 0:06:35.543585006 0xf3d043b0 gsttask.c:682:gst_task_set_state:<task22> Changing task 0xf3d30610 to state 0
05-09 19:57:51.155  2029  2216 D GStreamer+GST_BUS: 0:06:35.543599902 0xf3d321c0 gstbus.c:789:gst_bus_source_dispatch:<bus19> source 0xf39d9b18 calling dispatch with stream-status message: 0xf3d32910, time 99:99:99.999999999, seq-num 2071, element 'src', GstMessageStreamStatus, type=(GstStreamStatusType)GST_STREAM_STATUS_TYPE_CREATE, owner=(GstElement)"\(GstAmcVideoDec-OmxNvidiaH264Decode\)\ amcvideodec-omxnvidiah264decode2", object=(GstTask)"\(GstTask\)\ task22";
05-09 19:57:51.155  2029  2216 D GStreamer+GST_BUS: 0:06:35.543649485 0xf3d321c0 gstbus.c:794:gst_bus_source_dispatch:<bus19> source 0xf39d9b18 handler returns 1
05-09 19:57:51.155  2029  2224 D GStreamer+GST_PADS: 0:06:35.543677610 0xf3d043b0 gstpad.c:5569:gst_pad_send_event_unchecked:<amcvideodec-omxnvidiah264decode2:sink> sent event, ret ok
05-09 19:57:51.155  2029  2230 D GStreamer+task: 0:06:35.543711881 0xf3ac6830 gsttask.c:287:gst_task_func Entering task 0xf3d30610, thread 0xf3ac6830
05-09 19:57:51.155  2029  2224 D GStreamer+GST_PADS: 0:06:35.543722245 0xf3d043b0 gstpad.c:5053:store_sticky_event:<amcvideodec-omxnvidiah264decode2:sink> notify caps
05-09 19:57:51.155  2029  2230 D GStreamer+GST_PADS: 0:06:35.543753391 0xf3ac6830 gstpad.c:5864:do_stream_status:<amcvideodec-omxnvidiah264decode2:src> doing stream-status 1
05-09 19:57:51.155  2029  2224 D GStreamer+GST_STATES: 0:06:35.543774277 0xf3d043b0 gstelement.c:1970:gst_element_set_locked_state unlocking state of element amcvideodec-omxnvidiah264decode2
05-09 19:57:51.155  2029  2224 D GStreamer+GST_CAPS: 0:06:35.543842037 0xf3d043b0 gstpad.c:2648:gst_pad_get_current_caps:<amcvideodec-omxnvidiah264decode2:src> get current pad caps video/x-raw(memory:GLMemory), format=(string)RGBA, width=(int)1280, height=(int)1440, interlace-mode=(string)progressive, pixel-aspect-ratio=(fraction)1/1, colorimetry=(string)sRGB, framerate=(fraction)151/3
05-09 19:57:51.156  2029  2224 D GStreamer+decodebin: 0:06:35.543921100 0xf3d043b0 gstdecodebin2.c:2747:expose_pad:<forhwgl> pad amcvideodec-omxnvidiah264decode2:src, chain:0xf3d6f9f0
05-09 19:57:51.156  2029  2230 D GStreamer+GST_PADS: 0:06:35.543950683 0xf3ac6830 gstpad.c:5893:do_stream_status:<amcvideodec-omxnvidiah264decode2:src> posting stream-status 1
05-09 19:57:51.156  2029  2224 D GStreamer+GST_PADS: 0:06:35.543977297 0xf3d043b0 gstpad.c:1062:gst_pad_set_active:<'':decodepad4> pad was active in push mode
05-09 19:57:51.156  2029  2224 D GStreamer+decodebin: 0:06:35.544020579 0xf3d043b0 gstdecodebin2.c:4913:gst_decode_pad_set_blocked:<'':decodepad4> blocking pad: 1
05-09 19:57:51.156  2029  2224 D GStreamer+GST_PADS: 0:06:35.544073652 0xf3d043b0 gstghostpad.c:808:gst_ghost_pad_get_target:<'':decodepad4> get target amcvideodec-omxnvidiah264decode2:src
05-09 19:57:51.156  2029  2224 D GStreamer+decodebin: 0:06:35.544118391 0xf3d043b0 gstdecodebin2.c:3956:gst_decode_chain_is_complete:<forhwgl> Chain 0xf3d6f9f0 is complete: 0
05-09 19:57:51.156  2029  2230 D GStreamer+GST_BUS: 0:06:35.544133808 0xf3ac6830 gstbus.c:309:gst_bus_post:<bus16> [msg 0xf3acf110] posting on bus stream-status message: 0xf3acf110, time 99:99:99.999999999, seq-num 2072, element 'src', GstMessageStreamStatus, type=(GstStreamStatusType)GST_STREAM_STATUS_TYPE_ENTER, owner=(GstElement)"\(GstAmcVideoDec-OmxNvidiaH264Decode\)\ amcvideodec-omxnvidiah264decode2", object=(GstTask)"\(GstTask\)\ amcvideodec-omxnvidiah264decode2:src";
05-09 19:57:51.156  2029  2224 D GStreamer+decodebin: 0:06:35.544180891 0xf3d043b0 gstdecodebin2.c:3956:gst_decode_chain_is_complete:<forhwgl> Chain 0xf3d6f9f0 is complete: 0
05-09 19:57:51.156  2029  2230 D GStreamer+bin: 0:06:35.544224485 0xf3ac6830 gstbin.c:3528:gst_bin_handle_message_func:<forhwgl> [msg 0xf3acf110] handling child src message of type stream-status
05-09 19:57:51.156  2029  2224 D GStreamer+GST_PADS: 0:06:35.544243339 0xf3d043b0 gstpad.c:3813:check_sticky:<capsfilter3:src> pushing all sticky events
05-09 19:57:51.156  2029  2230 D GStreamer+bin: 0:06:35.544266777 0xf3ac6830 gstbin.c:3865:gst_bin_handle_message_func:<forhwgl> posting message upward
05-09 19:57:51.156  2029  2224 D GStreamer+GST_EVENT: 0:06:35.544337089 0xf3d043b0 gstpad.c:5496:gst_pad_send_event_unchecked:<amcvideodec-omxnvidiah264decode2:sink> have event type stream-start event: 0xf3d338f8, time 99:99:99.999999999, seq-num 1998, GstEventStreamStart, stream-id=(string)f053c058b440b43524b277045893b30df4e765b8d037f3d09e4ccd970feb850c/001, flags=(GstStreamFlags)GST_STREAM_FLAG_NONE, group-id=(uint)4;
05-09 19:57:51.156  2029  2230 D GStreamer+GST_BUS: 0:06:35.544380370 0xf3ac6830 gstbus.c:309:gst_bus_post:<bus18> [msg 0xf3acf110] posting on bus stream-status message: 0xf3acf110, time 99:99:99.999999999, seq-num 2072, element 'src', GstMessageStreamStatus, type=(GstStreamStatusType)GST_STREAM_STATUS_TYPE_ENTER, owner=(GstElement)"\(GstAmcVideoDec-OmxNvidiaH264Decode\)\ amcvideodec-omxnvidiah264decode2", object=(GstTask)"\(GstTask\)\ amcvideodec-omxnvidiah264decode2:src";
05-09 19:57:51.156  2029  2224 D GStreamer+videodecoder: 0:06:35.544400110 0xf3d043b0 gstvideodecoder.c:1486:gst_video_decoder_sink_event:<amcvideodec-omxnvidiah264decode2> received event 10254, stream-start
05-09 19:57:51.156  2029  2230 D GStreamer+bin: 0:06:35.544428287 0xf3ac6830 gstbin.c:3528:gst_bin_handle_message_func:<pipeline3> [msg 0xf3acf110] handling child src message of type stream-status
05-09 19:57:51.156  2029  2224 V GStreamer+videodecoder: 0:06:35.544447714 0xf3d043b0 gstvideodecoder.c:1057:gst_video_decoder_drain_out:<amcvideodec-omxnvidiah264decode2> Sub-class should implement drain()
05-09 19:57:51.156  2029  2230 D GStreamer+bin: 0:06:35.544469850 0xf3ac6830 gstbin.c:3865:gst_bin_handle_message_func:<pipeline3> posting message upward
05-09 19:57:51.156  2029  2224 D GStreamer+videodecoder: 0:06:35.544491933 0xf3d043b0 gstvideodecoder.c:1208:gst_video_decoder_sink_event_default:<amcvideodec-omxnvidiah264decode2> received STREAM_START. Clearing taglist
05-09 19:57:51.156  2029  2224 D GStreamer+videodecoder: 0:06:35.544541256 0xf3d043b0 gstvideodecoder.c:980:gst_video_decoder_push_event:<amcvideodec-omxnvidiah264decode2> pushing event stream-start
05-09 19:57:51.156  2029  2230 D GStreamer+GST_BUS: 0:06:35.544572350 0xf3ac6830 gstbus.c:309:gst_bus_post:<bus19> [msg 0xf3acf110] posting on bus stream-status message: 0xf3acf110, time 99:99:99.999999999, seq-num 2072, element 'src', GstMessageStreamStatus, type=(GstStreamStatusType)GST_STREAM_STATUS_TYPE_ENTER, owner=(GstElement)"\(GstAmcVideoDec-OmxNvidiaH264Decode\)\ amcvideodec-omxnvidiah264decode2", object=(GstTask)"\(GstTask\)\ amcvideodec-omxnvidiah264decode2:src";
05-09 19:57:51.156  2029  2224 D GStreamer+GST_PADS: 0:06:35.544586516 0xf3d043b0 gstpad.c:5569:gst_pad_send_event_unchecked:<amcvideodec-omxnvidiah264decode2:sink> sent event, ret ok
05-09 19:57:51.156  2029  2230 D GStreamer+GST_BUS: 0:06:35.544610475 0xf3ac6830 gstbus.c:348:gst_bus_post:<bus19> [msg 0xf3acf110] pushing on async queue
05-09 19:57:51.156  2029  2224 D GStreamer+GST_PADS: 0:06:35.544627818 0xf3d043b0 gstpad.c:3765:push_sticky:<capsfilter3:src> event stream-start marked received
05-09 19:57:51.156  2029  2216 D GStreamer+GST_BUS: 0:06:35.544704068 0xf3d321c0 gstbus.c:521:gst_bus_timed_pop_filtered:<bus19> got message 0xf3acf110, stream-status from src, type mask is 4294967295
05-09 19:57:51.156  2029  2224 D GStreamer+GST_EVENT: 0:06:35.544731568 0xf3d043b0 gstpad.c:5496:gst_pad_send_event_unchecked:<amcvideodec-omxnvidiah264decode2:sink> have event type caps event: 0xf3a40478, time 99:99:99.999999999, seq-num 2043, GstEventCaps, caps=(GstCaps)"video/x-h264\,\ stream-format\=\(string\)byte-stream\,\ alignment\=\(string\)au\,\ level\=\(string\)4\,\ profile\=\(string\)baseline\,\ width\=\(int\)1280\,\ height\=\(int\)1440\,\ framerate\=\(fraction\)151/3\,\ pixel-aspect-ratio\=\(fraction\)1/1\,\ parsed\=\(boolean\)true";
05-09 19:57:51.156  2029  2216 D GStreamer+GST_BUS: 0:06:35.544813183 0xf3d321c0 gstbus.c:789:gst_bus_source_dispatch:<bus19> source 0xf39d9b18 calling dispatch with stream-status message: 0xf3acf110, time 99:99:99.999999999, seq-num 2072, element 'src', GstMessageStreamStatus, type=(GstStreamStatusType)GST_STREAM_STATUS_TYPE_ENTER, owner=(GstElement)"\(GstAmcVideoDec-OmxNvidiaH264Decode\)\ amcvideodec-omxnvidiah264decode2", object=(GstTask)"\(GstTask\)\ amcvideodec-omxnvidiah264decode2:src";
05-09 19:57:51.156  2029  2230 D GStreamer+GST_BUS: 0:06:35.544654902 0xf3ac6830 gstbus.c:351:gst_bus_post:<bus19> [msg 0xf3acf110] pushed on async queue
05-09 19:57:51.156  2029  2224 D GStreamer+GST_CAPS: 0:06:35.544833235 0xf3d043b0 gstutils.c:2921:gst_pad_query_accept_caps:<amcvideodec-omxnvidiah264decode2:sink> accept caps of video/x-h264, stream-format=(string)byte-stream, alignment=(string)au, level=(string)4, profile=(string)baseline, width=(int)1280, height=(int)1440, framerate=(fraction)151/3, pixel-aspect-ratio=(fraction)1/1, parsed=(boolean)true
05-09 19:57:51.157  2029  2224 D GStreamer+query: 0:06:35.544895318 0xf3d043b0 gstquery.c:674:gst_query_new_custom creating new query 0xf3ac6800 accept-caps
05-09 19:57:51.157  2029  2216 D GStreamer+GST_BUS: 0:06:35.544899954 0xf3d321c0 gstbus.c:794:gst_bus_source_dispatch:<bus19> source 0xf39d9b18 handler returns 1
05-09 19:57:51.157  2029  2230 D GStreamer+GST_BUS: 0:06:35.544937193 0xf3ac6830 gstbus.c:344:gst_bus_post:<bus18> [msg 0xf3acf110] dropped
05-09 19:57:51.157  2029  2224 D GStreamer+GST_PADS: 0:06:35.544953756 0xf3d043b0 gstpad.c:3882:gst_pad_query:<amcvideodec-omxnvidiah264decode2:sink> doing query 0xf3ac6800 (accept-caps)
05-09 19:57:51.157  2029  2230 D GStreamer+GST_BUS: 0:06:35.544981672 0xf3ac6830 gstbus.c:344:gst_bus_post:<bus16> [msg 0xf3acf110] dropped
05-09 19:57:51.157  2029  2224 D GStreamer+videodecoder: 0:06:35.545009485 0xf3d043b0 gstvideodecoder.c:1963:gst_video_decoder_sink_query:<amcvideodec-omxnvidiah264decode2> received query 40963, accept-caps
05-09 19:57:51.157  2029  2230 D GStreamer+task: 0:06:35.545035370 0xf3ac6830 gsttask.c:249:gst_task_configure_name:<amcvideodec-omxnvidiah264decode2:src> Setting thread name to 'amcvideodec-omxn'
05-09 19:57:51.157  2029  2230 D GStreamer+amcvideodec: 0:06:35.545079797 0xf3ac6830 gstamcvideodec.c:1240:gst_amc_video_dec_loop:<amcvideodec-omxnvidiah264decode2> Waiting for available output buffer
05-09 19:57:51.157  2029  2224 D GStreamer+GST_CAPS: 0:06:35.545115058 0xf3d043b0 gstutils.c:2838:gst_pad_query_caps:<amcvideodec-omxnvidiah264decode2:sink> get pad caps with filter video/x-h264, stream-format=(string)byte-stream, alignment=(string)au, level=(string)4, profile=(string)baseline, width=(int)1280, height=(int)1440, framerate=(fraction)151/3, pixel-aspect-ratio=(fraction)1/1, parsed=(boolean)true
05-09 19:57:51.157  2029  2224 D GStreamer+query: 0:06:35.545152193 0xf3d043b0 gstquery.c:674:gst_query_new_custom creating new query 0xf3b00cc0 caps
05-09 19:57:51.157  2029  2224 D GStreamer+GST_PADS: 0:06:35.545186308 0xf3d043b0 gstpad.c:3882:gst_pad_query:<amcvideodec-omxnvidiah264decode2:sink> doing query 0xf3b00cc0 (caps)
05-09 19:57:51.157  2029  2230 D GStreamer+default: 0:06:35.545200839 0xf3ac6830 gstjniutils.c:476:gst_amc_jni_attach_current_thread Attaching thread 0xf3ac6830
05-09 19:57:51.157  2029  2224 D GStreamer+videodecoder: 0:06:35.545226256 0xf3d043b0 gstvideodecoder.c:1963:gst_video_decoder_sink_query:<amcvideodec-omxnvidiah264decode2> received query 43523, caps
05-09 19:57:51.157  2029  2224 D GStreamer+GST_CAPS: 0:06:35.545330318 0xf3d043b0 gstutils.c:2884:gst_pad_peer_query_caps:<amcvideodec-omxnvidiah264decode2:src> get pad peer caps with filter video/x-raw(memory:GLMemory), width=(int)1280, height=(int)1440, framerate=(fraction)151/3, pixel-aspect-ratio=(fraction)1/1; video/x-raw, width=(int)1280, height=(int)1440, framerate=(fraction)151/3, pixel-aspect-ratio=(fraction)1/1
05-09 19:57:51.157  2029  2224 D GStreamer+query: 0:06:35.545367506 0xf3d043b0 gstquery.c:674:gst_query_new_custom creating new query 0xf3b67f50 caps
05-09 19:57:51.157  2029  2224 D GStreamer+GST_PADS: 0:06:35.545403339 0xf3d043b0 gstpad.c:4009:gst_pad_peer_query:<amcvideodec-omxnvidiah264decode2:src> peer query 0xf3b67f50 (caps)
05-09 19:57:51.157  2029  2224 D GStreamer+GST_PADS: 0:06:35.545442610 0xf3d043b0 gstpad.c:3449:probe_hook_marshal:<amcvideodec-omxnvidiah264decode2:src> asked to pass item
05-09 19:57:51.157  2029  2224 D GStreamer+GST_PADS: 0:06:35.545476933 0xf3d043b0 gstpad.c:3650:do_probe_callbacks:<amcvideodec-omxnvidiah264decode2:src> data is passed
05-09 19:57:51.157  2029  2224 D GStreamer+GST_PADS: 0:06:35.545519485 0xf3d043b0 gstpad.c:3882:gst_pad_query:<decodepad4:proxypad14> doing query 0xf3b67f50 (caps)
