05-09 19:57:51.017  2029  2216 D GStreamer+GST_BUS: 0:06:35.404978079 0xf3d321c0 gstbus.c:794:gst_bus_source_dispatch:<bus19> source 0xf39d9b18 handler returns 1
05-09 19:57:51.017  2029  2029 D GStreamer+bin: 0:06:35.404997089 0xf35ef400 gstbin.c:889:find_message:<pipeline3>   structure-change
05-09 19:57:51.017  2029  2029 D GStreamer+bin: 0:06:35.405035058 0xf35ef400 gstbin.c:2121:update_degree:<pipeline3> element queue9 not linked on any sinkpads
05-09 19:57:51.017  2029  2029 I GStreamer+GST_STATES: 0:06:35.405072766 0xf35ef400 gstbin.c:2316:gst_bin_element_set_state:<queue9> current READY pending VOID_PENDING, desired next PAUSED
05-09 19:57:51.017  2029  2029 D GStreamer+bin: 0:06:35.405106464 0xf35ef400 gstbin.c:882:find_message:<pipeline3> no message found matching types 00100000
05-09 19:57:51.017  2029  2029 D GStreamer+bin: 0:06:35.405137975 0xf35ef400 gstbin.c:889:find_message:<pipeline3>   async-start
05-09 19:57:51.017  2029  2029 D GStreamer+bin: 0:06:35.405176412 0xf35ef400 gstbin.c:2411:gst_bin_element_set_state:<pipeline3> setting element queue9 to PAUSED, base_time 0:00:00.000000000
05-09 19:57:51.017  2029  2029 D GStreamer+GST_STATES: 0:06:35.405209433 0xf35ef400 gstelement.c:2523:gst_element_set_state_func:<queue9> set_state to PAUSED
05-09 19:57:51.017  2029  2029 D GStreamer+GST_STATES: 0:06:35.405240683 0xf35ef400 gstelement.c:2548:gst_element_set_state_func:<queue9> setting target state to PAUSED
05-09 19:57:51.017  2029  2029 D GStreamer+GST_STATES: 0:06:35.405275579 0xf35ef400 gstelement.c:2561:gst_element_set_state_func:<queue9> current READY, old_pending VOID_PENDING, next VOID_PENDING, old return SUCCESS
05-09 19:57:51.017  2029  2029 D GStreamer+GST_STATES: 0:06:35.405309329 0xf35ef400 gstelement.c:2595:gst_element_set_state_func:<queue9> final: setting state from READY to PAUSED
05-09 19:57:51.017  2029  2029 D GStreamer+GST_ELEMENT_PADS: 0:06:35.405343652 0xf35ef400 gstelement.c:2793:gst_element_pads_activate:<queue9> activate pads
05-09 19:57:51.017  2029  2029 D GStreamer+GST_PADS: 0:06:35.405410839 0xf35ef400 gstpad.c:1056:gst_pad_set_active:<queue9:src> activating pad from none
05-09 19:57:51.017  2029  2029 D GStreamer+GST_PADS: 0:06:35.405448235 0xf35ef400 gstpad.c:972:pre_activate:<queue9:src> setting pad into push mode, unset flushing
05-09 19:57:51.017  2029  2029 D GStreamer+GST_PADS: 0:06:35.405484693 0xf35ef400 gstpad.c:5938:gst_pad_start_task:<queue9:src> start task
05-09 19:57:51.017  2029  2029 D GStreamer+task: 0:06:35.405540995 0xf35ef400 gsttask.c:425:gst_task_new Created task 0xf3d30760
05-09 19:57:51.017  2029  2029 I GStreamer+task: 0:06:35.405571620 0xf35ef400 gsttask.c:451:gst_task_set_lock setting stream lock 0xf3cfac54 on task 0xf3d30760
05-09 19:57:51.017  2029  2029 I GStreamer+GST_PADS: 0:06:35.405603027 0xf35ef400 gstpad.c:5947:gst_pad_start_task:<queue9:src> created task 0xf3d30760
05-09 19:57:51.017  2029  2029 D GStreamer+GST_PADS: 0:06:35.405638339 0xf35ef400 gstpad.c:5864:do_stream_status:<queue9:src> doing stream-status 0
05-09 19:57:51.017  2029  2029 D GStreamer+GST_PADS: 0:06:35.405679850 0xf35ef400 gstpad.c:5893:do_stream_status:<queue9:src> posting stream-status 0
05-09 19:57:51.017  2029  2029 D GStreamer+GST_BUS: 0:06:35.405765787 0xf35ef400 gstbus.c:309:gst_bus_post:<bus18> [msg 0xf37f5f88] posting on bus stream-status message: 0xf37f5f88, time 99:99:99.999999999, seq-num 1983, element 'src', GstMessageStreamStatus, type=(GstStreamStatusType)GST_STREAM_STATUS_TYPE_CREATE, owner=(GstElement)"\(GstQueue\)\ queue9", object=(GstTask)"\(GstTask\)\ task19";
05-09 19:57:51.017  2029  2029 D GStreamer+bin: 0:06:35.405802558 0xf35ef400 gstbin.c:3528:gst_bin_handle_message_func:<pipeline3> [msg 0xf37f5f88] handling child src message of type stream-status
05-09 19:57:51.017  2029  2029 D GStreamer+bin: 0:06:35.405833704 0xf35ef400 gstbin.c:3865:gst_bin_handle_message_func:<pipeline3> posting message upward
05-09 19:57:51.018  2029  2029 D GStreamer+GST_BUS: 0:06:35.405933183 0xf35ef400 gstbus.c:309:gst_bus_post:<bus19> [msg 0xf37f5f88] posting on bus stream-status message: 0xf37f5f88, time 99:99:99.999999999, seq-num 1983, element 'src', GstMessageStreamStatus, type=(GstStreamStatusType)GST_STREAM_STATUS_TYPE_CREATE, owner=(GstElement)"\(GstQueue\)\ queue9", object=(GstTask)"\(GstTask\)\ task19";
05-09 19:57:51.018  2029  2029 D GStreamer+GST_BUS: 0:06:35.405969172 0xf35ef400 gstbus.c:348:gst_bus_post:<bus19> [msg 0xf37f5f88] pushing on async queue
05-09 19:57:51.018  2029  2029 D GStreamer+GST_BUS: 0:06:35.406007193 0xf35ef400 gstbus.c:351:gst_bus_post:<bus19> [msg 0xf37f5f88] pushed on async queue
05-09 19:57:51.018  2029  2029 D GStreamer+GST_BUS: 0:06:35.406042870 0xf35ef400 gstbus.c:344:gst_bus_post:<bus18> [msg 0xf37f5f88] dropped
05-09 19:57:51.018  2029  2029 D GStreamer+task: 0:06:35.406079068 0xf35ef400 gsttask.c:682:gst_task_set_state:<task19> Changing task 0xf3d30760 to state 0
05-09 19:57:51.018  2029  2216 D GStreamer+GST_BUS: 0:06:35.406091672 0xf3d321c0 gstbus.c:521:gst_bus_timed_pop_filtered:<bus19> got message 0xf37f5f88, stream-status from src, type mask is 4294967295
05-09 19:57:51.018  2029  2216 D GStreamer+GST_BUS: 0:06:35.406174902 0xf3d321c0 gstbus.c:789:gst_bus_source_dispatch:<bus19> source 0xf39d9b18 calling dispatch with stream-status message: 0xf37f5f88, time 99:99:99.999999999, seq-num 1983, element 'src', GstMessageStreamStatus, type=(GstStreamStatusType)GST_STREAM_STATUS_TYPE_CREATE, owner=(GstElement)"\(GstQueue\)\ queue9", object=(GstTask)"\(GstTask\)\ task19";
05-09 19:57:51.018  2029  2029 D GStreamer+GST_PADS: 0:06:35.406184954 0xf35ef400 gstpad.c:1198:gst_pad_activate_mode:<queue9:src> activated in push mode
05-09 19:57:51.018  2029  2223 D GStreamer+task: 0:06:35.406229745 0xf3d03e90 gsttask.c:287:gst_task_func Entering task 0xf3d30760, thread 0xf3d03e90
05-09 19:57:51.018  2029  2029 D GStreamer+GST_PADS: 0:06:35.406242506 0xf35ef400 gstpad.c:1056:gst_pad_set_active:<queue9:sink> activating pad from none
05-09 19:57:51.018  2029  2216 D GStreamer+GST_BUS: 0:06:35.406258912 0xf3d321c0 gstbus.c:794:gst_bus_source_dispatch:<bus19> source 0xf39d9b18 handler returns 1
05-09 19:57:51.018  2029  2223 D GStreamer+GST_PADS: 0:06:35.406270527 0xf3d03e90 gstpad.c:5864:do_stream_status:<queue9:src> doing stream-status 1
05-09 19:57:51.018  2029  2029 D GStreamer+GST_PADS: 0:06:35.406288964 0xf35ef400 gstpad.c:972:pre_activate:<queue9:sink> setting pad into push mode, unset flushing
05-09 19:57:51.018  2029  2029 D GStreamer+GST_PADS: 0:06:35.406334745 0xf35ef400 gstpad.c:1198:gst_pad_activate_mode:<queue9:sink> activated in push mode
05-09 19:57:51.018  2029  2029 D GStreamer+GST_ELEMENT_PADS: 0:06:35.406371152 0xf35ef400 gstelement.c:2812:gst_element_pads_activate:<queue9> pad activation successful
05-09 19:57:51.018  2029  2029 D GStreamer+GST_STATES: 0:06:35.406402297 0xf35ef400 gstelement.c:2684:gst_element_change_state:<queue9> element changed state SUCCESS
05-09 19:57:51.018  2029  2223 D GStreamer+GST_PADS: 0:06:35.406435318 0xf3d03e90 gstpad.c:5893:do_stream_status:<queue9:src> posting stream-status 1
05-09 19:57:51.018  2029  2029 I GStreamer+GST_STATES: 0:06:35.406453547 0xf35ef400 gstelement.c:2372:gst_element_continue_state:<queue9> completed state change to PAUSED
05-09 19:57:51.018  2029  2029 I GStreamer+GST_STATES: 0:06:35.406492245 0xf35ef400 gstelement.c:2277:_priv_gst_element_state_changed:<queue9> notifying about state-changed READY to PAUSED (VOID_PENDING pending)
05-09 19:57:51.018  2029  2223 D GStreamer+GST_BUS: 0:06:35.406597297 0xf3d03e90 gstbus.c:309:gst_bus_post:<bus18> [msg 0xf3ac08b0] posting on bus stream-status message: 0xf3ac08b0, time 99:99:99.999999999, seq-num 1984, element 'src', GstMessageStreamStatus, type=(GstStreamStatusType)GST_STREAM_STATUS_TYPE_ENTER, owner=(GstElement)"\(GstQueue\)\ queue9", object=(GstTask)"\(GstTask\)\ queue9:src";
05-09 19:57:51.018  2029  2029 D GStreamer+GST_BUS: 0:06:35.406622089 0xf35ef400 gstbus.c:309:gst_bus_post:<bus18> [msg 0xf3ac0e18] posting on bus state-changed message: 0xf3ac0e18, time 99:99:99.999999999, seq-num 1985, element 'queue9', GstMessageStateChanged, old-state=(GstState)GST_STATE_READY, new-state=(GstState)GST_STATE_PAUSED, pending-state=(GstState)GST_STATE_VOID_PENDING;
05-09 19:57:51.018  2029  2223 D GStreamer+bin: 0:06:35.406643183 0xf3d03e90 gstbin.c:3528:gst_bin_handle_message_func:<pipeline3> [msg 0xf3ac08b0] handling child src message of type stream-status
05-09 19:57:51.018  2029  2029 D GStreamer+bin: 0:06:35.406669172 0xf35ef400 gstbin.c:3528:gst_bin_handle_message_func:<pipeline3> [msg 0xf3ac0e18] handling child queue9 message of type state-changed
05-09 19:57:51.018  2029  2223 D GStreamer+bin: 0:06:35.406683287 0xf3d03e90 gstbin.c:3865:gst_bin_handle_message_func:<pipeline3> posting message upward
05-09 19:57:51.018  2029  2029 D GStreamer+bin: 0:06:35.406704172 0xf35ef400 gstbin.c:3865:gst_bin_handle_message_func:<pipeline3> posting message upward
05-09 19:57:51.018  2029  2223 D GStreamer+GST_BUS: 0:06:35.406776100 0xf3d03e90 gstbus.c:309:gst_bus_post:<bus19> [msg 0xf3ac08b0] posting on bus stream-status message: 0xf3ac08b0, time 99:99:99.999999999, seq-num 1984, element 'src', GstMessageStreamStatus, type=(GstStreamStatusType)GST_STREAM_STATUS_TYPE_ENTER, owner=(GstElement)"\(GstQueue\)\ queue9", object=(GstTask)"\(GstTask\)\ queue9:src";
05-09 19:57:51.018  2029  2029 D GStreamer+GST_BUS: 0:06:35.406793339 0xf35ef400 gstbus.c:309:gst_bus_post:<bus19> [msg 0xf3ac0e18] posting on bus state-changed message: 0xf3ac0e18, time 99:99:99.999999999, seq-num 1985, element 'queue9', GstMessageStateChanged, old-state=(GstState)GST_STATE_READY, new-state=(GstState)GST_STATE_PAUSED, pending-state=(GstState)GST_STATE_VOID_PENDING;
05-09 19:57:51.018  2029  2223 D GStreamer+GST_BUS: 0:06:35.406815266 0xf3d03e90 gstbus.c:348:gst_bus_post:<bus19> [msg 0xf3ac08b0] pushing on async queue
05-09 19:57:51.018  2029  2029 D GStreamer+GST_BUS: 0:06:35.406835735 0xf35ef400 gstbus.c:348:gst_bus_post:<bus19> [msg 0xf3ac0e18] pushing on async queue
05-09 19:57:51.019  2029  2223 D GStreamer+GST_BUS: 0:06:35.406859016 0xf3d03e90 gstbus.c:351:gst_bus_post:<bus19> [msg 0xf3ac08b0] pushed on async queue
05-09 19:57:51.019  2029  2029 D GStreamer+GST_BUS: 0:06:35.406891360 0xf35ef400 gstbus.c:351:gst_bus_post:<bus19> [msg 0xf3ac0e18] pushed on async queue
05-09 19:57:51.019  2029  2223 D GStreamer+GST_BUS: 0:06:35.406921100 0xf3d03e90 gstbus.c:344:gst_bus_post:<bus18> [msg 0xf3ac08b0] dropped
05-09 19:57:51.019  2029  2029 D GStreamer+GST_BUS: 0:06:35.406950422 0xf35ef400 gstbus.c:344:gst_bus_post:<bus18> [msg 0xf3ac0e18] dropped
05-09 19:57:51.019  2029  2223 D GStreamer+task: 0:06:35.406974693 0xf3d03e90 gsttask.c:249:gst_task_configure_name:<queue9:src> Setting thread name to 'queue9:src'
05-09 19:57:51.019  2029  2216 D GStreamer+GST_BUS: 0:06:35.406996725 0xf3d321c0 gstbus.c:521:gst_bus_timed_pop_filtered:<bus19> got message 0xf3ac08b0, stream-status from src, type mask is 4294967295
05-09 19:57:51.019  2029  2029 D GStreamer+GST_STATES: 0:06:35.407017662 0xf35ef400 gstelement.c:2607:gst_element_set_state_func:<queue9> returned SUCCESS
05-09 19:57:51.019  2029  2029 I GStreamer+GST_STATES: 0:06:35.407064381 0xf35ef400 gstbin.c:2764:gst_bin_change_state_func:<pipeline3> child 'queue9' changed state to 3(PAUSED) successfully
05-09 19:57:51.019  2029  2216 D GStreamer+GST_BUS: 0:06:35.407089172 0xf3d321c0 gstbus.c:789:gst_bus_source_dispatch:<bus19> source 0xf39d9b18 calling dispatch with stream-status message: 0xf3ac08b0, time 99:99:99.999999999, seq-num 1984, element 'src', GstMessageStreamStatus, type=(GstStreamStatusType)GST_STREAM_STATUS_TYPE_ENTER, owner=(GstElement)"\(GstQueue\)\ queue9", object=(GstTask)"\(GstTask\)\ queue9:src";
05-09 19:57:51.019  2029  2029 D GStreamer+bin: 0:06:35.407108652 0xf35ef400 gstbin.c:2167:gst_bin_sort_iterator_next:<pipeline3> queue empty, next best: forhwgl
05-09 19:57:51.019  2029  2216 D GStreamer+GST_BUS: 0:06:35.407136620 0xf3d321c0 gstbus.c:794:gst_bus_source_dispatch:<bus19> source 0xf39d9b18 handler returns 1
05-09 19:57:51.019  2029  2029 D GStreamer+bin: 0:06:35.407145475 0xf35ef400 gstbin.c:2182:gst_bin_sort_iterator_next:<pipeline3> queue head gives forhwgl
05-09 19:57:51.019  2029  2029 D GStreamer+bin: 0:06:35.407180891 0xf35ef400 gstbin.c:882:find_message:<pipeline3> no message found matching types 00001000
05-09 19:57:51.019  2029  2216 D GStreamer+GST_BUS: 0:06:35.407194693 0xf3d321c0 gstbus.c:521:gst_bus_timed_pop_filtered:<bus19> got message 0xf3ac0e18, state-changed from queue9, type mask is 4294967295
05-09 19:57:51.019  2029  2223 D GStreamer+queue_dataflow: 0:06:35.407216256 0xf3d03e90 gstqueue.c:1464:gst_queue_loop:<queue9> queue is empty
05-09 19:57:51.019  2029  2029 D GStreamer+bin: 0:06:35.407232975 0xf35ef400 gstbin.c:889:find_message:<pipeline3>   structure-change
05-09 19:57:51.019  2029  2216 D GStreamer+GST_BUS: 0:06:35.407269381 0xf3d321c0 gstbus.c:789:gst_bus_source_dispatch:<bus19> source 0xf39d9b18 calling dispatch with state-changed message: 0xf3ac0e18, time 99:99:99.999999999, seq-num 1985, element 'queue9', GstMessageStateChanged, old-state=(GstState)GST_STATE_READY, new-state=(GstState)GST_STATE_PAUSED, pending-state=(GstState)GST_STATE_VOID_PENDING;
05-09 19:57:51.019  2029  2029 D GStreamer+bin: 0:06:35.407283652 0xf35ef400 gstbin.c:2098:update_degree:<pipeline3> change element queue8, degree 1->0, linked to forhwgl
05-09 19:57:51.019  2029  2216 D GStreamer+GST_BUS: 0:06:35.407319902 0xf3d321c0 gstbus.c:794:gst_bus_source_dispatch:<bus19> source 0xf39d9b18 handler returns 1
05-09 19:57:51.019  2029  2029 D GStreamer+bin: 0:06:35.407335891 0xf35ef400 gstbin.c:1981:add_to_queue:<pipeline3> adding 'queue8' to queue
05-09 19:57:51.019  2029  2029 I GStreamer+GST_STATES: 0:06:35.407380110 0xf35ef400 gstbin.c:2316:gst_bin_element_set_state:<forhwgl> current READY pending VOID_PENDING, desired next PAUSED
05-09 19:57:51.019  2029  2029 D GStreamer+bin: 0:06:35.407411933 0xf35ef400 gstbin.c:882:find_message:<pipeline3> no message found matching types 00100000
05-09 19:57:51.019  2029  2029 D GStreamer+bin: 0:06:35.407442350 0xf35ef400 gstbin.c:889:find_message:<pipeline3>   async-start
05-09 19:57:51.019  2029  2029 D GStreamer+bin: 0:06:35.407479016 0xf35ef400 gstbin.c:2411:gst_bin_element_set_state:<pipeline3> setting element forhwgl to PAUSED, base_time 0:00:00.000000000
05-09 19:57:51.019  2029  2029 D GStreamer+GST_STATES: 0:06:35.407510110 0xf35ef400 gstelement.c:2523:gst_element_set_state_func:<forhwgl> set_state to PAUSED
05-09 19:57:51.019  2029  2029 D GStreamer+GST_STATES: 0:06:35.407540683 0xf35ef400 gstelement.c:2548:gst_element_set_state_func:<forhwgl> setting target state to PAUSED
05-09 19:57:51.019  2029  2029 D GStreamer+GST_STATES: 0:06:35.407575162 0xf35ef400 gstelement.c:2561:gst_element_set_state_func:<forhwgl> current READY, old_pending VOID_PENDING, next VOID_PENDING, old return SUCCESS
05-09 19:57:51.019  2029  2029 D GStreamer+GST_STATES: 0:06:35.407608808 0xf35ef400 gstelement.c:2595:gst_element_set_state_func:<forhwgl> final: setting state from READY to PAUSED
05-09 19:57:51.019  2029  2029 D GStreamer+bin: 0:06:35.407648027 0xf35ef400 gstbin.c:3528:gst_bin_handle_message_func:<forhwgl> [msg 0xf3ab9f80] handling child forhwgl message of type async-start
05-09 19:57:51.019  2029  2029 D GStreamer+bin: 0:06:35.407680891 0xf35ef400 gstbin.c:3718:gst_bin_handle_message_func:<forhwgl> ASYNC_START message 0xf3ab9f80, forhwgl
05-09 19:57:51.019  2029  2029 D GStreamer+bin: 0:06:35.407712193 0xf35ef400 gstbin.c:882:find_message:<forhwgl> no message found matching types 00100000
05-09 19:57:51.019  2029  2029 D GStreamer+bin: 0:06:35.407742245 0xf35ef400 gstbin.c:889:find_message:<forhwgl>   async-start
05-09 19:57:51.019  2029  2029 D GStreamer+bin: 0:06:35.407775527 0xf35ef400 gstbin.c:929:bin_replace_message:<forhwgl> got new message 0xf3ab9f80, async-start from forhwgl
05-09 19:57:51.019  2029  2029 D GStreamer+GST_STATES: 0:06:35.407806412 0xf35ef400 gstbin.c:3181:bin_handle_async_start:<forhwgl> state change busy
05-09 19:57:51.019  2029  2029 D GStreamer+bin: 0:06:35.407836360 0xf35ef400 gstbin.c:3167:bin_handle_async_start:<forhwgl> posting ASYNC_START to parent
05-09 19:57:51.020  2029  2029 D GStreamer+GST_BUS: 0:06:35.407893704 0xf35ef400 gstbus.c:309:gst_bus_post:<bus18> [msg 0xf3ab99c0] posting on bus async-start message: 0xf3ab99c0, time 99:99:99.999999999, seq-num 1987, element 'forhwgl', (NULL)
05-09 19:57:51.020  2029  2029 D GStreamer+bin: 0:06:35.407930370 0xf35ef400 gstbin.c:3528:gst_bin_handle_message_func:<pipeline3> [msg 0xf3ab99c0] handling child forhwgl message of type async-start
05-09 19:57:51.020  2029  2029 D GStreamer+bin: 0:06:35.407962714 0xf35ef400 gstbin.c:3718:gst_bin_handle_message_func:<pipeline3> ASYNC_START message 0xf3ab99c0, forhwgl
05-09 19:57:51.020  2029  2029 D GStreamer+bin: 0:06:35.407993860 0xf35ef400 gstbin.c:882:find_message:<pipeline3> no message found matching types 00100000
05-09 19:57:51.020  2029  2029 D GStreamer+bin: 0:06:35.408024172 0xf35ef400 gstbin.c:889:find_message:<pipeline3>   async-start
05-09 19:57:51.020  2029  2029 D GStreamer+bin: 0:06:35.408057297 0xf35ef400 gstbin.c:929:bin_replace_message:<pipeline3> got new message 0xf3ab99c0, async-start from forhwgl
05-09 19:57:51.020  2029  2029 D GStreamer+GST_STATES: 0:06:35.408086672 0xf35ef400 gstbin.c:3181:bin_handle_async_start:<pipeline3> state change busy
05-09 19:57:51.020  2029  2029 D GStreamer+GST_BUS: 0:06:35.408117297 0xf35ef400 gstbus.c:344:gst_bus_post:<bus18> [msg 0xf3ab99c0] dropped
05-09 19:57:51.020  2029  2029 D GStreamer+GST_STATES: 0:06:35.408160370 0xf35ef400 gstbin.c:2664:gst_bin_change_state_func:<forhwgl> changing state of children from READY to PAUSED
05-09 19:57:51.020  2029  2029 D GStreamer+bin: 0:06:35.408192245 0xf35ef400 gstbin.c:2688:gst_bin_change_state_func:<forhwgl> clearing EOS elements
05-09 19:57:51.020  2029  2029 D GStreamer+bin: 0:06:35.408227037 0xf35ef400 gstbin.c:963:bin_remove_messages:<forhwgl> not deleting message 0xf3ab9f80 of type 0x00100000
05-09 19:57:51.020  2029  2029 D GStreamer+bin: 0:06:35.408260631 0xf35ef400 gstbin.c:963:bin_remove_messages:<forhwgl> not deleting message 0xf3ab9f80 of type 0x00100000
05-09 19:57:51.020  2029  2029 D GStreamer+bin: 0:06:35.408293547 0xf35ef400 gstbin.c:2509:gst_bin_src_pads_activate:<forhwgl> activate pads
05-09 19:57:51.020  2029  2029 D GStreamer+bin: 0:06:35.408329537 0xf35ef400 gstbin.c:2517:gst_bin_src_pads_activate:<forhwgl> pad activation successful
05-09 19:57:51.020  2029  2029 D GStreamer+bin: 0:06:35.408363495 0xf35ef400 gstbin.c:2195:gst_bin_sort_iterator_resync:<forhwgl> resync
05-09 19:57:51.020  2029  2029 D GStreamer+bin: 0:06:35.408397089 0xf35ef400 gstbin.c:882:find_message:<forhwgl> no message found matching types 00001000
05-09 19:57:51.020  2029  2029 D GStreamer+bin: 0:06:35.408428495 0xf35ef400 gstbin.c:889:find_message:<forhwgl>   structure-change
05-09 19:57:51.020  2029  2029 D GStreamer+bin: 0:06:35.408463495 0xf35ef400 gstbin.c:2121:update_degree:<forhwgl> element typefind not linked on any sinkpads
05-09 19:57:51.020  2029  2029 D GStreamer+bin: 0:06:35.408497975 0xf35ef400 gstbin.c:2167:gst_bin_sort_iterator_next:<forhwgl> queue empty, next best: typefind
05-09 19:57:51.020  2029  2029 D GStreamer+bin: 0:06:35.408531516 0xf35ef400 gstbin.c:2182:gst_bin_sort_iterator_next:<forhwgl> queue head gives typefind
05-09 19:57:51.020  2029  2029 D GStreamer+bin: 0:06:35.408562818 0xf35ef400 gstbin.c:882:find_message:<forhwgl> no message found matching types 00001000
05-09 19:57:51.020  2029  2029 D GStreamer+bin: 0:06:35.408594068 0xf35ef400 gstbin.c:889:find_message:<forhwgl>   structure-change
05-09 19:57:51.020  2029  2029 D GStreamer+bin: 0:06:35.408626777 0xf35ef400 gstbin.c:2121:update_degree:<forhwgl> element typefind not linked on any sinkpads
05-09 19:57:51.020  2029  2029 I GStreamer+GST_STATES: 0:06:35.408663183 0xf35ef400 gstbin.c:2316:gst_bin_element_set_state:<typefind> current READY pending VOID_PENDING, desired next PAUSED
05-09 19:57:51.020  2029  2029 D GStreamer+bin: 0:06:35.408695527 0xf35ef400 gstbin.c:882:find_message:<forhwgl> no message found matching types 00100000
05-09 19:57:51.020  2029  2029 D GStreamer+bin: 0:06:35.408726412 0xf35ef400 gstbin.c:889:find_message:<forhwgl>   async-start
05-09 19:57:51.020  2029  2029 D GStreamer+bin: 0:06:35.408763964 0xf35ef400 gstbin.c:2411:gst_bin_element_set_state:<forhwgl> setting element typefind to PAUSED, base_time 0:00:00.000000000
05-09 19:57:51.020  2029  2029 D GStreamer+GST_STATES: 0:06:35.408796516 0xf35ef400 gstelement.c:2523:gst_element_set_state_func:<typefind> set_state to PAUSED
05-09 19:57:51.020  2029  2029 D GStreamer+GST_STATES: 0:06:35.408828704 0xf35ef400 gstelement.c:2548:gst_element_set_state_func:<typefind> setting target state to PAUSED
05-09 19:57:51.021  2029  2029 D GStreamer+GST_STATES: 0:06:35.408864225 0xf35ef400 gstelement.c:2561:gst_element_set_state_func:<typefind> current READY, old_pending VOID_PENDING, next VOID_PENDING, old return SUCCESS
05-09 19:57:51.021  2029  2029 D GStreamer+GST_STATES: 0:06:35.408919954 0xf35ef400 gstelement.c:2595:gst_element_set_state_func:<typefind> final: setting state from READY to PAUSED
05-09 19:57:51.021  2029  2029 D GStreamer+GST_ELEMENT_PADS: 0:06:35.408955631 0xf35ef400 gstelement.c:2793:gst_element_pads_activate:<typefind> activate pads
05-09 19:57:51.021  2029  2029 D GStreamer+GST_PADS: 0:06:35.408991620 0xf35ef400 gstpad.c:1056:gst_pad_set_active:<typefind:src> activating pad from none
05-09 19:57:51.021  2029  2029 D GStreamer+GST_PADS: 0:06:35.409027193 0xf35ef400 gstpad.c:972:pre_activate:<typefind:src> setting pad into push mode, unset flushing
05-09 19:57:51.021  2029  2029 D GStreamer+GST_PADS: 0:06:35.409062402 0xf35ef400 gstpad.c:1198:gst_pad_activate_mode:<typefind:src> activated in push mode
05-09 19:57:51.021  2029  2029 D GStreamer+GST_PADS: 0:06:35.409100422 0xf35ef400 gstpad.c:1056:gst_pad_set_active:<typefind:sink> activating pad from none
05-09 19:57:51.021  2029  2029 D GStreamer+query: 0:06:35.409138704 0xf35ef400 gstquery.c:674:gst_query_new_custom creating new query 0xf3d03ec0 scheduling
05-09 19:57:51.021  2029  2029 D GStreamer+GST_PADS: 0:06:35.409172402 0xf35ef400 gstpad.c:4009:gst_pad_peer_query:<typefind:sink> peer query 0xf3d03ec0 (scheduling)
05-09 19:57:51.021  2029  2029 D GStreamer+GST_PADS: 0:06:35.409211725 0xf35ef400 gstpad.c:3882:gst_pad_query:<sink:proxypad12> doing query 0xf3d03ec0 (scheduling)
05-09 19:57:51.021  2029  2029 D GStreamer+GST_PADS: 0:06:35.409251152 0xf35ef400 gstpad.c:3339:gst_pad_query_default:<sink:proxypad12> forwarding 0xf3d03ec0 (scheduling) query
05-09 19:57:51.021  2029  2029 D GStreamer+GST_PADS: 0:06:35.409293079 0xf35ef400 gstpad.c:4009:gst_pad_peer_query:<forhwgl:sink> peer query 0xf3d03ec0 (scheduling)
05-09 19:57:51.021  2029  2029 D GStreamer+GST_PADS: 0:06:35.409331152 0xf35ef400 gstpad.c:3882:gst_pad_query:<queue8:src> doing query 0xf3d03ec0 (scheduling)
05-09 19:57:51.021  2029  2029 D GStreamer+GST_PADS: 0:06:35.409373339 0xf35ef400 gstpad.c:3905:gst_pad_query:<queue8:src> sent query 0xf3d03ec0 (scheduling), result 1
05-09 19:57:51.021  2029  2029 D GStreamer+GST_PADS: 0:06:35.409413652 0xf35ef400 gstpad.c:3905:gst_pad_query:<sink:proxypad12> sent query 0xf3d03ec0 (scheduling), result 1
05-09 19:57:51.021  2029  2029 D GStreamer+GST_PADS: 0:06:35.409454537 0xf35ef400 gstpad.c:972:pre_activate:<typefind:sink> setting pad into push mode, unset flushing
05-09 19:57:51.021  2029  2029 D GStreamer+GST_PADS: 0:06:35.409490475 0xf35ef400 gstpad.c:984:pre_activate:<typefind:sink> reschedule events on peer sink:proxypad12
05-09 19:57:51.021  2029  2029 D GStreamer+typefind: 0:06:35.409524433 0xf35ef400 gsttypefindelement.c:525:start_typefinding:<typefind> starting typefinding
05-09 19:57:51.021  2029  2029 D GStreamer+GST_PADS: 0:06:35.409558600 0xf35ef400 gstpad.c:1198:gst_pad_activate_mode:<typefind:sink> activated in push mode
05-09 19:57:51.021  2029  2029 D GStreamer+GST_ELEMENT_PADS: 0:06:35.409594329 0xf35ef400 gstelement.c:2812:gst_element_pads_activate:<typefind> pad activation successful
05-09 19:57:51.021  2029  2029 D GStreamer+GST_STATES: 0:06:35.409625787 0xf35ef400 gstelement.c:2684:gst_element_change_state:<typefind> element changed state SUCCESS
05-09 19:57:51.021  2029  2029 I GStreamer+GST_STATES: 0:06:35.409657141 0xf35ef400 gstelement.c:2372:gst_element_continue_state:<typefind> completed state change to PAUSED
05-09 19:57:51.021  2029  2029 I GStreamer+GST_STATES: 0:06:35.409691360 0xf35ef400 gstelement.c:2277:_priv_gst_element_state_changed:<typefind> notifying about state-changed READY to PAUSED (VOID_PENDING pending)
05-09 19:57:51.021  2029  2029 D GStreamer+GST_BUS: 0:06:35.409757141 0xf35ef400 gstbus.c:309:gst_bus_post:<bus16> [msg 0xf37f5e28] posting on bus state-changed message: 0xf37f5e28, time 99:99:99.999999999, seq-num 1988, element 'typefind', GstMessageStateChanged, old-state=(GstState)GST_STATE_READY, new-state=(GstState)GST_STATE_PAUSED, pending-state=(GstState)GST_STATE_VOID_PENDING;
05-09 19:57:51.021  2029  2029 D GStreamer+bin: 0:06:35.409793964 0xf35ef400 gstbin.c:3528:gst_bin_handle_message_func:<forhwgl> [msg 0xf37f5e28] handling child typefind message of type state-changed
05-09 19:57:51.021  2029  2029 D GStreamer+bin: 0:06:35.409824537 0xf35ef400 gstbin.c:3865:gst_bin_handle_message_func:<forhwgl> posting message upward
05-09 19:57:51.022  2029  2029 D GStreamer+GST_BUS: 0:06:35.409890527 0xf35ef400 gstbus.c:309:gst_bus_post:<bus18> [msg 0xf37f5e28] posting on bus state-changed message: 0xf37f5e28, time 99:99:99.999999999, seq-num 1988, element 'typefind', GstMessageStateChanged, old-state=(GstState)GST_STATE_READY, new-state=(GstState)GST_STATE_PAUSED, pending-state=(GstState)GST_STATE_VOID_PENDING;
05-09 19:57:51.022  2029  2029 D GStreamer+bin: 0:06:35.409927089 0xf35ef400 gstbin.c:3528:gst_bin_handle_message_func:<pipeline3> [msg 0xf37f5e28] handling child typefind message of type state-changed
05-09 19:57:51.022  2029  2029 D GStreamer+bin: 0:06:35.409957558 0xf35ef400 gstbin.c:3865:gst_bin_handle_message_func:<pipeline3> posting message upward
05-09 19:57:51.022  2029  2029 D GStreamer+GST_BUS: 0:06:35.410014225 0xf35ef400 gstbus.c:309:gst_bus_post:<bus19> [msg 0xf37f5e28] posting on bus state-changed message: 0xf37f5e28, time 99:99:99.999999999, seq-num 1988, element 'typefind', GstMessageStateChanged, old-state=(GstState)GST_STATE_READY, new-state=(GstState)GST_STATE_PAUSED, pending-state=(GstState)GST_STATE_VOID_PENDING;
05-09 19:57:51.022  2029  2029 D GStreamer+GST_BUS: 0:06:35.410047297 0xf35ef400 gstbus.c:348:gst_bus_post:<bus19> [msg 0xf37f5e28] pushing on async queue
05-09 19:57:51.022  2029  2029 D GStreamer+GST_BUS: 0:06:35.410087037 0xf35ef400 gstbus.c:351:gst_bus_post:<bus19> [msg 0xf37f5e28] pushed on async queue
05-09 19:57:51.022  2029  2029 D GStreamer+GST_BUS: 0:06:35.410123495 0xf35ef400 gstbus.c:344:gst_bus_post:<bus18> [msg 0xf37f5e28] dropped
05-09 19:57:51.022  2029  2029 D GStreamer+GST_BUS: 0:06:35.410170787 0xf35ef400 gstbus.c:344:gst_bus_post:<bus16> [msg 0xf37f5e28] dropped
05-09 19:57:51.022  2029  2216 D GStreamer+GST_BUS: 0:06:35.410190683 0xf3d321c0 gstbus.c:521:gst_bus_timed_pop_filtered:<bus19> got message 0xf37f5e28, state-changed from typefind, type mask is 4294967295
05-09 19:57:51.022  2029  2029 D GStreamer+GST_STATES: 0:06:35.410210058 0xf35ef400 gstelement.c:2607:gst_element_set_state_func:<typefind> returned SUCCESS
05-09 19:57:51.022  2029  2029 I GStreamer+GST_STATES: 0:06:35.410254537 0xf35ef400 gstbin.c:2764:gst_bin_change_state_func:<forhwgl> child 'typefind' changed state to 3(PAUSED) successfully
05-09 19:57:51.022  2029  2216 D GStreamer+GST_BUS: 0:06:35.410274850 0xf3d321c0 gstbus.c:789:gst_bus_source_dispatch:<bus19> source 0xf39d9b18 calling dispatch with state-changed message: 0xf37f5e28, time 99:99:99.999999999, seq-num 1988, element 'typefind', GstMessageStateChanged, old-state=(GstState)GST_STATE_READY, new-state=(GstState)GST_STATE_PAUSED, pending-state=(GstState)GST_STATE_VOID_PENDING;
05-09 19:57:51.022  2029  2029 D GStreamer+bin: 0:06:35.410295787 0xf35ef400 gstbin.c:2171:gst_bin_sort_iterator_next:<forhwgl> queue empty, elements exhausted
05-09 19:57:51.022  2029  2216 D GStreamer+GST_BUS: 0:06:35.410323600 0xf3d321c0 gstbus.c:794:gst_bus_source_dispatch:<bus19> source 0xf39d9b18 handler returns 1
05-09 19:57:51.022  2029  2029 D GStreamer+GST_STATES: 0:06:35.410342193 0xf35ef400 gstbin.c:2823:gst_bin_change_state_func:<forhwgl> iterator done
05-09 19:57:51.022  2029  2029 D GStreamer+GST_ELEMENT_PADS: 0:06:35.410377141 0xf35ef400 gstelement.c:2793:gst_element_pads_activate:<forhwgl> activate pads
05-09 19:57:51.022  2029  2029 D GStreamer+GST_PADS: 0:06:35.410415162 0xf35ef400 gstpad.c:1062:gst_pad_set_active:<forhwgl:sink> pad was active in push mode
05-09 19:57:51.022  2029  2029 D GStreamer+GST_ELEMENT_PADS: 0:06:35.410451256 0xf35ef400 gstelement.c:2812:gst_element_pads_activate:<forhwgl> pad activation successful
05-09 19:57:51.022  2029  2029 D GStreamer+bin: 0:06:35.410483443 0xf35ef400 gstbin.c:2213:gst_bin_sort_iterator_free:<forhwgl> free
05-09 19:57:51.022  2029  2029 D GStreamer+bin: 0:06:35.410515579 0xf35ef400 gstbin.c:2858:gst_bin_change_state_func:<forhwgl> no async elements
05-09 19:57:51.022  2029  2029 D GStreamer+GST_STATES: 0:06:35.410551308 0xf35ef400 gstbin.c:2892:gst_bin_change_state_func:<forhwgl> done changing bin's state from READY to PAUSED, now in READY, ret SUCCESS
05-09 19:57:51.022  2029  2029 D GStreamer+GST_STATES: 0:06:35.410582193 0xf35ef400 gstelement.c:2666:gst_element_change_state:<forhwgl> element will change state ASYNC
05-09 19:57:51.022  2029  2029 D GStreamer+GST_STATES: 0:06:35.410613912 0xf35ef400 gstelement.c:2607:gst_element_set_state_func:<forhwgl> returned ASYNC
05-09 19:57:51.022  2029  2029 I GStreamer+GST_STATES: 0:06:35.410646985 0xf35ef400 gstbin.c:2770:gst_bin_change_state_func:<pipeline3> child 'forhwgl' is changing state asynchronously to PAUSED
05-09 19:57:51.022  2029  2029 D GStreamer+bin: 0:06:35.410681725 0xf35ef400 gstbin.c:2182:gst_bin_sort_iterator_next:<pipeline3> queue head gives queue8
05-09 19:57:51.022  2029  2029 D GStreamer+bin: 0:06:35.410714902 0xf35ef400 gstbin.c:882:find_message:<pipeline3> no message found matching types 00001000
05-09 19:57:51.022  2029  2029 D GStreamer+bin: 0:06:35.410746881 0xf35ef400 gstbin.c:889:find_message:<pipeline3>   structure-change
05-09 19:57:51.022  2029  2029 D GStreamer+bin: 0:06:35.410779537 0xf35ef400 gstbin.c:2121:update_degree:<pipeline3> element queue8 not linked on any sinkpads
05-09 19:57:51.022  2029  2029 I GStreamer+GST_STATES: 0:06:35.410815787 0xf35ef400 gstbin.c:2316:gst_bin_element_set_state:<queue8> current READY pending VOID_PENDING, desired next PAUSED
05-09 19:57:51.022  2029  2029 D GStreamer+bin: 0:06:35.410848600 0xf35ef400 gstbin.c:882:find_message:<pipeline3> no message found matching types 00100000
05-09 19:57:51.023  2029  2029 D GStreamer+bin: 0:06:35.410891308 0xf35ef400 gstbin.c:889:find_message:<pipeline3>   async-start
05-09 19:57:51.023  2029  2029 D GStreamer+bin: 0:06:35.410929537 0xf35ef400 gstbin.c:2411:gst_bin_element_set_state:<pipeline3> setting element queue8 to PAUSED, base_time 0:00:00.000000000
05-09 19:57:51.023  2029  2029 D GStreamer+GST_STATES: 0:06:35.410962193 0xf35ef400 gstelement.c:2523:gst_element_set_state_func:<queue8> set_state to PAUSED
05-09 19:57:51.023  2029  2029 D GStreamer+GST_STATES: 0:06:35.410994225 0xf35ef400 gstelement.c:2548:gst_element_set_state_func:<queue8> setting target state to PAUSED
05-09 19:57:51.023  2029  2029 D GStreamer+GST_STATES: 0:06:35.411029745 0xf35ef400 gstelement.c:2561:gst_element_set_state_func:<queue8> current READY, old_pending VOID_PENDING, next VOID_PENDING, old return SUCCESS
05-09 19:57:51.023  2029  2029 D GStreamer+GST_STATES: 0:06:35.411064433 0xf35ef400 gstelement.c:2595:gst_element_set_state_func:<queue8> final: setting state from READY to PAUSED
05-09 19:57:51.023  2029  2029 D GStreamer+GST_ELEMENT_PADS: 0:06:35.411098600 0xf35ef400 gstelement.c:2793:gst_element_pads_activate:<queue8> activate pads
05-09 19:57:51.023  2029  2029 D GStreamer+GST_PADS: 0:06:35.411134172 0xf35ef400 gstpad.c:1056:gst_pad_set_active:<queue8:src> activating pad from none
05-09 19:57:51.023  2029  2029 D GStreamer+GST_PADS: 0:06:35.411170214 0xf35ef400 gstpad.c:972:pre_activate:<queue8:src> setting pad into push mode, unset flushing
05-09 19:57:51.023  2029  2029 D GStreamer+GST_PADS: 0:06:35.411204537 0xf35ef400 gstpad.c:5938:gst_pad_start_task:<queue8:src> start task
05-09 19:57:51.023  2029  2029 D GStreamer+task: 0:06:35.411253547 0xf35ef400 gsttask.c:425:gst_task_new Created task 0xf3d30568
05-09 19:57:51.023  2029  2029 I GStreamer+task: 0:06:35.411283391 0xf35ef400 gsttask.c:451:gst_task_set_lock setting stream lock 0xf38aa084 on task 0xf3d30568
05-09 19:57:51.023  2029  2029 I GStreamer+GST_PADS: 0:06:35.411315318 0xf35ef400 gstpad.c:5947:gst_pad_start_task:<queue8:src> created task 0xf3d30568
05-09 19:57:51.023  2029  2029 D GStreamer+GST_PADS: 0:06:35.411350110 0xf35ef400 gstpad.c:5864:do_stream_status:<queue8:src> doing stream-status 0
05-09 19:57:51.023  2029  2029 D GStreamer+GST_PADS: 0:06:35.411391881 0xf35ef400 gstpad.c:5893:do_stream_status:<queue8:src> posting stream-status 0
05-09 19:57:51.023  2029  2029 D GStreamer+GST_BUS: 0:06:35.411465370 0xf35ef400 gstbus.c:309:gst_bus_post:<bus18> [msg 0xf37f5dd0] posting on bus stream-status message: 0xf37f5dd0, time 99:99:99.999999999, seq-num 1989, element 'src', GstMessageStreamStatus, type=(GstStreamStatusType)GST_STREAM_STATUS_TYPE_CREATE, owner=(GstElement)"\(GstQueue\)\ queue8", object=(GstTask)"\(GstTask\)\ task20";
05-09 19:57:51.023  2029  2029 D GStreamer+bin: 0:06:35.411502297 0xf35ef400 gstbin.c:3528:gst_bin_handle_message_func:<pipeline3> [msg 0xf37f5dd0] handling child src message of type stream-status
05-09 19:57:51.023  2029  2029 D GStreamer+bin: 0:06:35.411533235 0xf35ef400 gstbin.c:3865:gst_bin_handle_message_func:<pipeline3> posting message upward
05-09 19:57:51.023  2029  2029 D GStreamer+GST_BUS: 0:06:35.411602089 0xf35ef400 gstbus.c:309:gst_bus_post:<bus19> [msg 0xf37f5dd0] posting on bus stream-status message: 0xf37f5dd0, time 99:99:99.999999999, seq-num 1989, element 'src', GstMessageStreamStatus, type=(GstStreamStatusType)GST_STREAM_STATUS_TYPE_CREATE, owner=(GstElement)"\(GstQueue\)\ queue8", object=(GstTask)"\(GstTask\)\ task20";
05-09 19:57:51.023  2029  2029 D GStreamer+GST_BUS: 0:06:35.411635683 0xf35ef400 gstbus.c:348:gst_bus_post:<bus19> [msg 0xf37f5dd0] pushing on async queue
05-09 19:57:51.023  2029  2029 D GStreamer+GST_BUS: 0:06:35.411672297 0xf35ef400 gstbus.c:351:gst_bus_post:<bus19> [msg 0xf37f5dd0] pushed on async queue
05-09 19:57:51.023  2029  2029 D GStreamer+GST_BUS: 0:06:35.411707454 0xf35ef400 gstbus.c:344:gst_bus_post:<bus18> [msg 0xf37f5dd0] dropped
05-09 19:57:51.023  2029  2029 D GStreamer+task: 0:06:35.411755162 0xf35ef400 gsttask.c:682:gst_task_set_state:<task20> Changing task 0xf3d30568 to state 0
05-09 19:57:51.023  2029  2216 D GStreamer+GST_BUS: 0:06:35.411774172 0xf3d321c0 gstbus.c:521:gst_bus_timed_pop_filtered:<bus19> got message 0xf37f5dd0, stream-status from src, type mask is 4294967295
05-09 19:57:51.023  2029  2029 D GStreamer+GST_PADS: 0:06:35.411836152 0xf35ef400 gstpad.c:1198:gst_pad_activate_mode:<queue8:src> activated in push mode
05-09 19:57:51.024  2029  2216 D GStreamer+GST_BUS: 0:06:35.411859329 0xf3d321c0 gstbus.c:789:gst_bus_source_dispatch:<bus19> source 0xf39d9b18 calling dispatch with stream-status message: 0xf37f5dd0, time 99:99:99.999999999, seq-num 1989, element 'src', GstMessageStreamStatus, type=(GstStreamStatusType)GST_STREAM_STATUS_TYPE_CREATE, owner=(GstElement)"\(GstQueue\)\ queue8", object=(GstTask)"\(GstTask\)\ task20";
05-09 19:57:51.024  2029  2029 D GStreamer+GST_PADS: 0:06:35.411904745 0xf35ef400 gstpad.c:1056:gst_pad_set_active:<queue8:sink> activating pad from none
05-09 19:57:51.024  2029  2216 D GStreamer+GST_BUS: 0:06:35.411935995 0xf3d321c0 gstbus.c:794:gst_bus_source_dispatch:<bus19> source 0xf39d9b18 handler returns 1
05-09 19:57:51.024  2029  2224 D GStreamer+task: 0:06:35.411910631 0xf3d043b0 gsttask.c:287:gst_task_func Entering task 0xf3d30568, thread 0xf3d043b0
05-09 19:57:51.024  2029  2029 D GStreamer+GST_PADS: 0:06:35.411962766 0xf35ef400 gstpad.c:972:pre_activate:<queue8:sink> setting pad into push mode, unset flushing
05-09 19:57:51.024  2029  2224 D GStreamer+GST_PADS: 0:06:35.411992245 0xf3d043b0 gstpad.c:5864:do_stream_status:<queue8:src> doing stream-status 1
05-09 19:57:51.024  2029  2029 D GStreamer+GST_PADS: 0:06:35.412017402 0xf35ef400 gstpad.c:1198:gst_pad_activate_mode:<queue8:sink> activated in push mode
05-09 19:57:51.024  2029  2224 D GStreamer+GST_PADS: 0:06:35.412085839 0xf3d043b0 gstpad.c:5893:do_stream_status:<queue8:src> posting stream-status 1
05-09 19:57:51.024  2029  2029 D GStreamer+GST_ELEMENT_PADS: 0:06:35.412101620 0xf35ef400 gstelement.c:2812:gst_element_pads_activate:<queue8> pad activation successful
05-09 19:57:51.024  2029  2029 D GStreamer+GST_STATES: 0:06:35.412134850 0xf35ef400 gstelement.c:2684:gst_element_change_state:<queue8> element changed state SUCCESS
05-09 19:57:51.024  2029  2029 I GStreamer+GST_STATES: 0:06:35.412174120 0xf35ef400 gstelement.c:2372:gst_element_continue_state:<queue8> completed state change to PAUSED
05-09 19:57:51.024  2029  2224 D GStreamer+GST_BUS: 0:06:35.412201100 0xf3d043b0 gstbus.c:309:gst_bus_post:<bus18> [msg 0xf37f5f30] posting on bus stream-status message: 0xf37f5f30, time 99:99:99.999999999, seq-num 1990, element 'src', GstMessageStreamStatus, type=(GstStreamStatusType)GST_STREAM_STATUS_TYPE_ENTER, owner=(GstElement)"\(GstQueue\)\ queue8", object=(GstTask)"\(GstTask\)\ queue8:src";
05-09 19:57:51.024  2029  2029 I GStreamer+GST_STATES: 0:06:35.412212714 0xf35ef400 gstelement.c:2277:_priv_gst_element_state_changed:<queue8> notifying about state-changed READY to PAUSED (VOID_PENDING pending)
05-09 19:57:51.024  2029  2224 D GStreamer+bin: 0:06:35.412253235 0xf3d043b0 gstbin.c:3528:gst_bin_handle_message_func:<pipeline3> [msg 0xf37f5f30] handling child src message of type stream-status
05-09 19:57:51.024  2029  2029 D GStreamer+GST_BUS: 0:06:35.412288600 0xf35ef400 gstbus.c:309:gst_bus_post:<bus18> [msg 0xf3d32400] posting on bus state-changed message: 0xf3d32400, time 99:99:99.999999999, seq-num 1991, element 'queue8', GstMessageStateChanged, old-state=(GstState)GST_STATE_READY, new-state=(GstState)GST_STATE_PAUSED, pending-state=(GstState)GST_STATE_VOID_PENDING;
05-09 19:57:51.024  2029  2224 D GStreamer+bin: 0:06:35.412312922 0xf3d043b0 gstbin.c:3865:gst_bin_handle_message_func:<pipeline3> posting message upward
05-09 19:57:51.024  2029  2029 D GStreamer+bin: 0:06:35.412328600 0xf35ef400 gstbin.c:3528:gst_bin_handle_message_func:<pipeline3> [msg 0xf3d32400] handling child queue8 message of type state-changed
05-09 19:57:51.024  2029  2029 D GStreamer+bin: 0:06:35.412359277 0xf35ef400 gstbin.c:3865:gst_bin_handle_message_func:<pipeline3> posting message upward
05-09 19:57:51.024  2029  2224 D GStreamer+GST_BUS: 0:06:35.412447766 0xf3d043b0 gstbus.c:309:gst_bus_post:<bus19> [msg 0xf37f5f30] posting on bus stream-status message: 0xf37f5f30, time 99:99:99.999999999, seq-num 1990, element 'src', GstMessageStreamStatus, type=(GstStreamStatusType)GST_STREAM_STATUS_TYPE_ENTER, owner=(GstElement)"\(GstQueue\)\ queue8", object=(GstTask)"\(GstTask\)\ queue8:src";
05-09 19:57:51.024  2029  2029 D GStreamer+GST_BUS: 0:06:35.412464381 0xf35ef400 gstbus.c:309:gst_bus_post:<bus19> [msg 0xf3d32400] posting on bus state-changed message: 0xf3d32400, time 99:99:99.999999999, seq-num 1991, element 'queue8', GstMessageStateChanged, old-state=(GstState)GST_STATE_READY, new-state=(GstState)GST_STATE_PAUSED, pending-state=(GstState)GST_STATE_VOID_PENDING;
05-09 19:57:51.024  2029  2029 D GStreamer+GST_BUS: 0:06:35.412509902 0xf35ef400 gstbus.c:348:gst_bus_post:<bus19> [msg 0xf3d32400] pushing on async queue
05-09 19:57:51.024  2029  2224 D GStreamer+GST_BUS: 0:06:35.412526308 0xf3d043b0 gstbus.c:348:gst_bus_post:<bus19> [msg 0xf37f5f30] pushing on async queue
05-09 19:57:51.024  2029  2029 D GStreamer+GST_BUS: 0:06:35.412552558 0xf35ef400 gstbus.c:351:gst_bus_post:<bus19> [msg 0xf3d32400] pushed on async queue
05-09 19:57:51.024  2029  2029 D GStreamer+GST_BUS: 0:06:35.412600631 0xf35ef400 gstbus.c:344:gst_bus_post:<bus18> [msg 0xf3d32400] dropped
05-09 19:57:51.024  2029  2224 D GStreamer+GST_BUS: 0:06:35.412576412 0xf3d043b0 gstbus.c:351:gst_bus_post:<bus19> [msg 0xf37f5f30] pushed on async queue
05-09 19:57:51.024  2029  2216 D GStreamer+GST_BUS: 0:06:35.412623860 0xf3d321c0 gstbus.c:521:gst_bus_timed_pop_filtered:<bus19> got message 0xf3d32400, state-changed from queue8, type mask is 4294967295
05-09 19:57:51.024  2029  2029 D GStreamer+GST_STATES: 0:06:35.412658391 0xf35ef400 gstelement.c:2607:gst_element_set_state_func:<queue8> returned SUCCESS
05-09 19:57:51.024  2029  2029 I GStreamer+GST_STATES: 0:06:35.412706412 0xf35ef400 gstbin.c:2764:gst_bin_change_state_func:<pipeline3> child 'queue8' changed state to 3(PAUSED) successfully
05-09 19:57:51.024  2029  2224 D GStreamer+GST_BUS: 0:06:35.412680631 0xf3d043b0 gstbus.c:344:gst_bus_post:<bus18> [msg 0xf37f5f30] dropped
05-09 19:57:51.024  2029  2216 D GStreamer+GST_BUS: 0:06:35.412764068 0xf3d321c0 gstbus.c:789:gst_bus_source_dispatch:<bus19> source 0xf39d9b18 calling dispatch with state-changed message: 0xf3d32400, time 99:99:99.999999999, seq-num 1991, element 'queue8', GstMessageStateChanged, old-state=(GstState)GST_STATE_READY, new-state=(GstState)GST_STATE_PAUSED, pending-state=(GstState)GST_STATE_VOID_PENDING;
05-09 19:57:51.024  2029  2224 D GStreamer+task: 0:06:35.412782818 0xf3d043b0 gsttask.c:249:gst_task_configure_name:<queue8:src> Setting thread name to 'queue8:src'
05-09 19:57:51.024  2029  2029 D GStreamer+bin: 0:06:35.412799068 0xf35ef400 gstbin.c:2167:gst_bin_sort_iterator_next:<pipeline3> queue empty, next best: q
05-09 19:57:51.024  2029  2216 D GStreamer+GST_BUS: 0:06:35.412815058 0xf3d321c0 gstbus.c:794:gst_bus_source_dispatch:<bus19> source 0xf39d9b18 handler returns 1
05-09 19:57:51.025  2029  2224 D GStreamer+queue_dataflow: 0:06:35.412849172 0xf3d043b0 gstqueue.c:1464:gst_queue_loop:<queue8> queue is empty
05-09 19:57:51.025  2029  2029 D GStreamer+bin: 0:06:35.412865214 0xf35ef400 gstbin.c:2182:gst_bin_sort_iterator_next:<pipeline3> queue head gives q
05-09 19:57:51.025  2029  2216 D GStreamer+GST_BUS: 0:06:35.412889329 0xf3d321c0 gstbus.c:521:gst_bus_timed_pop_filtered:<bus19> got message 0xf37f5f30, stream-status from src, type mask is 4294967295
05-09 19:57:51.025  2029  2029 D GStreamer+bin: 0:06:35.412914537 0xf35ef400 gstbin.c:882:find_message:<pipeline3> no message found matching types 00001000
05-09 19:57:51.025  2029  2029 D GStreamer+bin: 0:06:35.412964277 0xf35ef400 gstbin.c:889:find_message:<pipeline3>   structure-change
05-09 19:57:51.025  2029  2216 D GStreamer+GST_BUS: 0:06:35.412988079 0xf3d321c0 gstbus.c:789:gst_bus_source_dispatch:<bus19> source 0xf39d9b18 calling dispatch with stream-status message: 0xf37f5f30, time 99:99:99.999999999, seq-num 1990, element 'src', GstMessageStreamStatus, type=(GstStreamStatusType)GST_STREAM_STATUS_TYPE_ENTER, owner=(GstElement)"\(GstQueue\)\ queue8", object=(GstTask)"\(GstTask\)\ queue8:src";
05-09 19:57:51.025  2029  2029 D GStreamer+bin: 0:06:35.413013547 0xf35ef400 gstbin.c:2098:update_degree:<pipeline3> change element filesrc3, degree 1->0, linked to q
05-09 19:57:51.025  2029  2216 D GStreamer+GST_BUS: 0:06:35.413038860 0xf3d321c0 gstbus.c:794:gst_bus_source_dispatch:<bus19> source 0xf39d9b18 handler returns 1
05-09 19:57:51.025  2029  2029 D GStreamer+bin: 0:06:35.413063235 0xf35ef400 gstbin.c:1981:add_to_queue:<pipeline3> adding 'filesrc3' to queue
05-09 19:57:51.025  2029  2029 I GStreamer+GST_STATES: 0:06:35.413102454 0xf35ef400 gstbin.c:2316:gst_bin_element_set_state:<q> current READY pending VOID_PENDING, desired next PAUSED
05-09 19:57:51.025  2029  2029 D GStreamer+bin: 0:06:35.413136047 0xf35ef400 gstbin.c:882:find_message:<pipeline3> no message found matching types 00100000
05-09 19:57:51.025  2029  2029 D GStreamer+bin: 0:06:35.413167870 0xf35ef400 gstbin.c:889:find_message:<pipeline3>   async-start
05-09 19:57:51.025  2029  2029 D GStreamer+bin: 0:06:35.413205683 0xf35ef400 gstbin.c:2411:gst_bin_element_set_state:<pipeline3> setting element q to PAUSED, base_time 0:00:00.000000000
05-09 19:57:51.025  2029  2029 D GStreamer+GST_STATES: 0:06:35.413238808 0xf35ef400 gstelement.c:2523:gst_element_set_state_func:<q> set_state to PAUSED
05-09 19:57:51.025  2029  2029 D GStreamer+GST_STATES: 0:06:35.413271100 0xf35ef400 gstelement.c:2548:gst_element_set_state_func:<q> setting target state to PAUSED
05-09 19:57:51.025  2029  2029 D GStreamer+GST_STATES: 0:06:35.413306881 0xf35ef400 gstelement.c:2561:gst_element_set_state_func:<q> current READY, old_pending VOID_PENDING, next VOID_PENDING, old return SUCCESS
05-09 19:57:51.025  2029  2029 D GStreamer+GST_STATES: 0:06:35.413340527 0xf35ef400 gstelement.c:2595:gst_element_set_state_func:<q> final: setting state from READY to PAUSED
05-09 19:57:51.025  2029  2029 D GStreamer+GST_ELEMENT_PADS: 0:06:35.413375266 0xf35ef400 gstelement.c:2793:gst_element_pads_activate:<q> activate pads
05-09 19:57:51.025  2029  2029 D GStreamer+GST_PADS: 0:06:35.413412975 0xf35ef400 gstpad.c:1056:gst_pad_set_active:<q:sink> activating pad from none
05-09 19:57:51.025  2029  2029 D GStreamer+query: 0:06:35.413450370 0xf35ef400 gstquery.c:674:gst_query_new_custom creating new query 0xf3d198f0 scheduling
05-09 19:57:51.025  2029  2029 D GStreamer+GST_PADS: 0:06:35.413484225 0xf35ef400 gstpad.c:4009:gst_pad_peer_query:<q:sink> peer query 0xf3d198f0 (scheduling)
05-09 19:57:51.025  2029  2029 D GStreamer+GST_PADS: 0:06:35.413521725 0xf35ef400 gstpad.c:3882:gst_pad_query:<filesrc3:src> doing query 0xf3d198f0 (scheduling)
05-09 19:57:51.025  2029  2029 I GStreamer+filesrc: 0:06:35.413560943 0xf35ef400 gstfilesrc.c:465:gst_file_src_start:<filesrc3> opening file /storage/emulated/0/aiTennis3D/video/videov.mp4
05-09 19:57:51.025  2029  2029 D GStreamer+basesrc: 0:06:35.413781100 0xf35ef400 gstbasesrc.c:3380:gst_base_src_start_complete:<filesrc3> starting source
05-09 19:57:51.025  2029  2029 D GStreamer+basesrc: 0:06:35.413822141 0xf35ef400 gstbasesrc.c:3393:gst_base_src_start_complete:<filesrc3> setting size 16031303
05-09 19:57:51.026  2029  2029 D GStreamer+basesrc: 0:06:35.413866516 0xf35ef400 gstbasesrc.c:3404:gst_base_src_start_complete:<filesrc3> format: bytes, have size: 1, size: 16031303, duration: 16031303
05-09 19:57:51.026  2029  2029 D GStreamer+basesrc: 0:06:35.413913287 0xf35ef400 gstbasesrc.c:3407:gst_base_src_start_complete:<filesrc3> is seekable: 1
05-09 19:57:51.026  2029  2029 D GStreamer+basesrc: 0:06:35.413945839 0xf35ef400 gstbasesrc.c:3412:gst_base_src_start_complete:<filesrc3> is random_access: 1
05-09 19:57:51.026  2029  2029 D GStreamer+basesrc: 0:06:35.413980631 0xf35ef400 gstbasesrc.c:3575:gst_base_src_set_flushing:<filesrc3> flushing 0, live_play 0
05-09 19:57:51.026  2029  2029 D GStreamer+basesrc: 0:06:35.414015370 0xf35ef400 gstbasesrc.c:3532:gst_base_src_stop:<filesrc3> stopping source
05-09 19:57:51.026  2029  2029 D GStreamer+basesrc: 0:06:35.414047870 0xf35ef400 gstbasesrc.c:3575:gst_base_src_set_flushing:<filesrc3> flushing 1, live_play 0
05-09 19:57:51.026  2029  2029 D GStreamer+GST_PADS: 0:06:35.414083339 0xf35ef400 gstpad.c:6042:gst_pad_stop_task:<filesrc3:src> stop task
05-09 19:57:51.026  2029  2029 D GStreamer+GST_PADS: 0:06:35.414116985 0xf35ef400 gstpad.c:6064:gst_pad_stop_task:<filesrc3:src> no task
05-09 19:57:51.026  2029  2029 W GStreamer+basesrc: 0:06:35.414191933 0xf35ef400 gstbasesrc.c:3486:gst_base_src_start_complete:<filesrc3> pad not activated yet
05-09 19:57:51.026  2029  2029 D GStreamer+basesrc: 0:06:35.414227245 0xf35ef400 gstbasesrc.c:3521:gst_base_src_start_wait:<filesrc3> got error
05-09 19:57:51.026  2029  2029 D GStreamer+basesrc: 0:06:35.414269225 0xf35ef400 gstbasesrc.c:1296:gst_base_src_default_query:<filesrc3> query scheduling returns 1
05-09 19:57:51.026  2029  2029 D GStreamer+GST_PADS: 0:06:35.414306152 0xf35ef400 gstpad.c:3905:gst_pad_query:<filesrc3:src> sent query 0xf3d198f0 (scheduling), result 1
05-09 19:57:51.026  2029  2029 D GStreamer+qtdemux: 0:06:35.414345422 0xf35ef400 qtdemux.c:6307:qtdemux_sink_activate:<q:sink> activating pull
05-09 19:57:51.026  2029  2029 D GStreamer+GST_PADS: 0:06:35.414379225 0xf35ef400 gstpad.c:1158:gst_pad_activate_mode:<q:sink> calling peer
05-09 19:57:51.026  2029  2029 D GStreamer+GST_PADS: 0:06:35.414413964 0xf35ef400 gstpad.c:972:pre_activate:<filesrc3:src> setting pad into pull mode, unset flushing
05-09 19:57:51.026  2029  2029 D GStreamer+basesrc: 0:06:35.414448391 0xf35ef400 gstbasesrc.c:3773:gst_base_src_activate_mode:<filesrc3:src> activating in mode 2
05-09 19:57:51.026  2029  2029 D GStreamer+basesrc: 0:06:35.414480579 0xf35ef400 gstbasesrc.c:3741:gst_base_src_activate_pull:<filesrc3> Activating in pull mode
05-09 19:57:51.026  2029  2029 I GStreamer+filesrc: 0:06:35.414513912 0xf35ef400 gstfilesrc.c:465:gst_file_src_start:<filesrc3> opening file /storage/emulated/0/aiTennis3D/video/videov.mp4
05-09 19:57:51.026  2029  2029 D GStreamer+basesrc: 0:06:35.414588027 0xf35ef400 gstbasesrc.c:3380:gst_base_src_start_complete:<filesrc3> starting source
