05-09 19:57:51.314  2029  2235 D GStreamer+bin: 0:06:35.702427193 0xf3d04180 gstbin.c:889:find_message:<pipeline3>   structure-change
05-09 19:57:51.314  2029  2235 D GStreamer+bin: 0:06:35.702464485 0xf3d04180 gstbin.c:2098:update_degree:<pipeline3> change element queue9, degree 0->1, linked to forhalffps
05-09 19:57:51.314  2029  2235 D GStreamer+bin: 0:06:35.702497818 0xf3d04180 gstbin.c:882:find_message:<pipeline3> no message found matching types 00001000
05-09 19:57:51.314  2029  2235 D GStreamer+bin: 0:06:35.702529485 0xf3d04180 gstbin.c:889:find_message:<pipeline3>   structure-change
05-09 19:57:51.314  2029  2235 D GStreamer+bin: 0:06:35.702566464 0xf3d04180 gstbin.c:2098:update_degree:<pipeline3> change element forhwgl, degree 0->1, linked to queue9
05-09 19:57:51.314  2029  2235 D GStreamer+bin: 0:06:35.702600006 0xf3d04180 gstbin.c:882:find_message:<pipeline3> no message found matching types 00001000
05-09 19:57:51.314  2029  2235 D GStreamer+bin: 0:06:35.702631777 0xf3d04180 gstbin.c:889:find_message:<pipeline3>   structure-change
05-09 19:57:51.314  2029  2235 D GStreamer+bin: 0:06:35.702669172 0xf3d04180 gstbin.c:2098:update_degree:<pipeline3> change element queue8, degree 0->1, linked to forhwgl
05-09 19:57:51.314  2029  2235 D GStreamer+bin: 0:06:35.702702974 0xf3d04180 gstbin.c:882:find_message:<pipeline3> no message found matching types 00001000
05-09 19:57:51.314  2029  2235 D GStreamer+bin: 0:06:35.702734589 0xf3d04180 gstbin.c:889:find_message:<pipeline3>   structure-change
05-09 19:57:51.314  2029  2235 D GStreamer+bin: 0:06:35.702771360 0xf3d04180 gstbin.c:2098:update_degree:<pipeline3> change element q, degree 0->1, linked to queue8
05-09 19:57:51.314  2029  2235 D GStreamer+bin: 0:06:35.702804224 0xf3d04180 gstbin.c:882:find_message:<pipeline3> no message found matching types 00001000
05-09 19:57:51.314  2029  2235 D GStreamer+bin: 0:06:35.702835943 0xf3d04180 gstbin.c:889:find_message:<pipeline3>   structure-change
05-09 19:57:51.315  2029  2235 D GStreamer+bin: 0:06:35.702883652 0xf3d04180 gstbin.c:2098:update_degree:<pipeline3> change element filesrc3, degree 0->1, linked to q
05-09 19:57:51.315  2029  2235 D GStreamer+bin: 0:06:35.702918860 0xf3d04180 gstbin.c:2121:update_degree:<pipeline3> element filesrc3 not linked on any sinkpads
05-09 19:57:51.315  2029  2235 D GStreamer+bin: 0:06:35.702956256 0xf3d04180 gstbin.c:2182:gst_bin_sort_iterator_next:<pipeline3> queue head gives glimagesinkbin3
05-09 19:57:51.315  2029  2235 D GStreamer+bin: 0:06:35.702988652 0xf3d04180 gstbin.c:882:find_message:<pipeline3> no message found matching types 00001000
05-09 19:57:51.315  2029  2235 D GStreamer+bin: 0:06:35.703019641 0xf3d04180 gstbin.c:889:find_message:<pipeline3>   structure-change
05-09 19:57:51.315  2029  2235 D GStreamer+bin: 0:06:35.703056204 0xf3d04180 gstbin.c:2098:update_degree:<pipeline3> change element forhalffps, degree 1->0, linked to glimagesinkbin3
05-09 19:57:51.315  2029  2235 D GStreamer+bin: 0:06:35.703088235 0xf3d04180 gstbin.c:1981:add_to_queue:<pipeline3> adding 'forhalffps' to queue
05-09 19:57:51.315  2029  2235 I GStreamer+GST_STATES: 0:06:35.703127141 0xf3d04180 gstbin.c:2316:gst_bin_element_set_state:<glimagesinkbin3> current PAUSED pending VOID_PENDING, desired next PLAYING
05-09 19:57:51.315  2029  2235 D GStreamer+bin: 0:06:35.703160683 0xf3d04180 gstbin.c:882:find_message:<pipeline3> no message found matching types 00100000
05-09 19:57:51.315  2029  2235 D GStreamer+bin: 0:06:35.703192297 0xf3d04180 gstbin.c:889:find_message:<pipeline3>   async-start
05-09 19:57:51.315  2029  2235 D GStreamer+bin: 0:06:35.703232870 0xf3d04180 gstbin.c:2411:gst_bin_element_set_state:<pipeline3> setting element glimagesinkbin3 to PLAYING, base_time 70:05:58.376609981
05-09 19:57:51.315  2029  2235 D GStreamer+GST_STATES: 0:06:35.703267818 0xf3d04180 gstelement.c:2523:gst_element_set_state_func:<glimagesinkbin3> set_state to PLAYING
05-09 19:57:51.315  2029  2235 D GStreamer+GST_STATES: 0:06:35.703300579 0xf3d04180 gstelement.c:2548:gst_element_set_state_func:<glimagesinkbin3> setting target state to PLAYING
05-09 19:57:51.315  2029  2235 D GStreamer+GST_STATES: 0:06:35.703338079 0xf3d04180 gstelement.c:2561:gst_element_set_state_func:<glimagesinkbin3> current PAUSED, old_pending VOID_PENDING, next VOID_PENDING, old return SUCCESS
05-09 19:57:51.315  2029  2235 D GStreamer+GST_STATES: 0:06:35.703374797 0xf3d04180 gstelement.c:2595:gst_element_set_state_func:<glimagesinkbin3> final: setting state from PAUSED to PLAYING
05-09 19:57:51.315  2029  2235 D GStreamer+glimagesink: 0:06:35.703410943 0xf3d04180 gstglsinkbin.c:374:gst_gl_sink_bin_change_state changing state: PAUSED => PLAYING
05-09 19:57:51.315  2029  2235 D GStreamer+GST_STATES: 0:06:35.703443547 0xf3d04180 gstbin.c:2664:gst_bin_change_state_func:<glimagesinkbin3> changing state of children from PAUSED to PLAYING
05-09 19:57:51.315  2029  2235 D GStreamer+bin: 0:06:35.703477870 0xf3d04180 gstbin.c:2195:gst_bin_sort_iterator_resync:<glimagesinkbin3> resync
05-09 19:57:51.315  2029  2235 D GStreamer+bin: 0:06:35.703511099 0xf3d04180 gstbin.c:1981:add_to_queue:<glimagesinkbin3> adding 'sink' to queue
05-09 19:57:51.315  2029  2235 D GStreamer+bin: 0:06:35.703551412 0xf3d04180 gstbin.c:882:find_message:<glimagesinkbin3> no message found matching types 00001000
05-09 19:57:51.315  2029  2235 D GStreamer+bin: 0:06:35.703582870 0xf3d04180 gstbin.c:889:find_message:<glimagesinkbin3>   structure-change
05-09 19:57:51.315  2029  2235 D GStreamer+bin: 0:06:35.703620422 0xf3d04180 gstbin.c:2098:update_degree:<glimagesinkbin3> change element glcolorbalance3, degree 0->1, linked to sink
05-09 19:57:51.315  2029  2235 D GStreamer+bin: 0:06:35.703656412 0xf3d04180 gstbin.c:882:find_message:<glimagesinkbin3> no message found matching types 00001000
05-09 19:57:51.315  2029  2235 D GStreamer+bin: 0:06:35.703688183 0xf3d04180 gstbin.c:889:find_message:<glimagesinkbin3>   structure-change
05-09 19:57:51.315  2029  2235 D GStreamer+bin: 0:06:35.703725943 0xf3d04180 gstbin.c:2098:update_degree:<glimagesinkbin3> change element glcolorconvertelement3, degree 0->1, linked to glcolorbalance3
05-09 19:57:51.315  2029  2235 D GStreamer+bin: 0:06:35.703760943 0xf3d04180 gstbin.c:882:find_message:<glimagesinkbin3> no message found matching types 00001000
05-09 19:57:51.315  2029  2235 D GStreamer+bin: 0:06:35.703793547 0xf3d04180 gstbin.c:889:find_message:<glimagesinkbin3>   structure-change
05-09 19:57:51.315  2029  2235 D GStreamer+bin: 0:06:35.703830422 0xf3d04180 gstbin.c:2098:update_degree:<glimagesinkbin3> change element gluploadelement3, degree 0->1, linked to glcolorconvertelement3
05-09 19:57:51.316  2029  2235 D GStreamer+bin: 0:06:35.703864224 0xf3d04180 gstbin.c:882:find_message:<glimagesinkbin3> no message found matching types 00001000
05-09 19:57:51.316  2029  2235 D GStreamer+bin: 0:06:35.703911308 0xf3d04180 gstbin.c:889:find_message:<glimagesinkbin3>   structure-change
05-09 19:57:51.316  2029  2235 D GStreamer+bin: 0:06:35.703946152 0xf3d04180 gstbin.c:2121:update_degree:<glimagesinkbin3> element gluploadelement3 not linked on any sinkpads
05-09 19:57:51.316  2029  2235 D GStreamer+bin: 0:06:35.703983704 0xf3d04180 gstbin.c:2182:gst_bin_sort_iterator_next:<glimagesinkbin3> queue head gives sink
05-09 19:57:51.316  2029  2235 D GStreamer+bin: 0:06:35.704016724 0xf3d04180 gstbin.c:882:find_message:<glimagesinkbin3> no message found matching types 00001000
05-09 19:57:51.316  2029  2235 D GStreamer+bin: 0:06:35.704049068 0xf3d04180 gstbin.c:889:find_message:<glimagesinkbin3>   structure-change
05-09 19:57:51.316  2029  2235 D GStreamer+bin: 0:06:35.704087506 0xf3d04180 gstbin.c:2098:update_degree:<glimagesinkbin3> change element glcolorbalance3, degree 1->0, linked to sink
05-09 19:57:51.316  2029  2235 D GStreamer+bin: 0:06:35.704120110 0xf3d04180 gstbin.c:1981:add_to_queue:<glimagesinkbin3> adding 'glcolorbalance3' to queue
05-09 19:57:51.316  2029  2235 I GStreamer+GST_STATES: 0:06:35.704158495 0xf3d04180 gstbin.c:2316:gst_bin_element_set_state:<sink> current PAUSED pending VOID_PENDING, desired next PLAYING
05-09 19:57:51.316  2029  2235 D GStreamer+bin: 0:06:35.704192454 0xf3d04180 gstbin.c:882:find_message:<glimagesinkbin3> no message found matching types 00100000
05-09 19:57:51.316  2029  2235 D GStreamer+bin: 0:06:35.704224589 0xf3d04180 gstbin.c:889:find_message:<glimagesinkbin3>   async-start
05-09 19:57:51.316  2029  2235 D GStreamer+bin: 0:06:35.704263287 0xf3d04180 gstbin.c:2411:gst_bin_element_set_state:<glimagesinkbin3> setting element sink to PLAYING, base_time 70:05:58.376609981
05-09 19:57:51.316  2029  2235 D GStreamer+GST_STATES: 0:06:35.704296620 0xf3d04180 gstelement.c:2523:gst_element_set_state_func:<sink> set_state to PLAYING
05-09 19:57:51.316  2029  2235 D GStreamer+GST_STATES: 0:06:35.704329224 0xf3d04180 gstelement.c:2548:gst_element_set_state_func:<sink> setting target state to PLAYING
05-09 19:57:51.316  2029  2235 D GStreamer+GST_STATES: 0:06:35.704364329 0xf3d04180 gstelement.c:2561:gst_element_set_state_func:<sink> current PAUSED, old_pending VOID_PENDING, next VOID_PENDING, old return SUCCESS
05-09 19:57:51.316  2029  2235 D GStreamer+GST_STATES: 0:06:35.704399433 0xf3d04180 gstelement.c:2595:gst_element_set_state_func:<sink> final: setting state from PAUSED to PLAYING
05-09 19:57:51.316  2029  2235 D GStreamer+glimagesink: 0:06:35.704433391 0xf3d04180 gstglimagesink.c:990:gst_glimage_sink_change_state changing state: PAUSED => PLAYING
05-09 19:57:51.316  2029  2235 D GStreamer+basesink: 0:06:35.704468547 0xf3d04180 gstbasesink.c:3321:gst_base_sink_needs_preroll:<sink> have_preroll: 1, EOS: 0 => needs preroll: 0
05-09 19:57:51.316  2029  2235 D GStreamer+basesink: 0:06:35.704500579 0xf3d04180 gstbasesink.c:5080:gst_base_sink_change_state:<sink> PAUSED to PLAYING, don't need preroll
05-09 19:57:51.316  2029  2235 D GStreamer+basesink: 0:06:35.704531620 0xf3d04180 gstbasesink.c:5093:gst_base_sink_change_state:<sink> signal preroll
05-09 19:57:51.316  2029  2235 D GStreamer+GST_STATES: 0:06:35.704568339 0xf3d04180 gstelement.c:2684:gst_element_change_state:<sink> element changed state SUCCESS
05-09 19:57:51.316  2029  2223 D GStreamer+basesink: 0:06:35.704591047 0xf3d03e90 gstbasesink.c:2218:gst_base_sink_wait_preroll:<sink> continue after preroll
05-09 19:57:51.316  2029  2235 I GStreamer+GST_STATES: 0:06:35.704616360 0xf3d04180 gstelement.c:2372:gst_element_continue_state:<sink> completed state change to PLAYING
05-09 19:57:51.316  2029  2235 I GStreamer+GST_STATES: 0:06:35.704657922 0xf3d04180 gstelement.c:2277:_priv_gst_element_state_changed:<sink> notifying about state-changed PAUSED to PLAYING (VOID_PENDING pending)
05-09 19:57:51.316  2029  2223 D GStreamer+basesink: 0:06:35.704672297 0xf3d03e90 gstbasesink.c:2535:gst_base_sink_do_sync:<sink> reset rc_time to time 0:00:00.000000000
05-09 19:57:51.316  2029  2223 D GStreamer+basesink: 0:06:35.704722818 0xf3d03e90 gstbasesink.c:2547:gst_base_sink_do_sync:<sink> possibly waiting for clock to reach 0:00:00.000000000, adjusted 0:00:00.000000000
05-09 19:57:51.316  2029  2235 D GStreamer+GST_BUS: 0:06:35.704758964 0xf3d04180 gstbus.c:309:gst_bus_post:<bus17> [msg 0xf3ac0e18] posting on bus state-changed message: 0xf3ac0e18, time 99:99:99.999999999, seq-num 2101, element 'sink', GstMessageStateChanged, old-state=(GstState)GST_STATE_PAUSED, new-state=(GstState)GST_STATE_PLAYING, pending-state=(GstState)GST_STATE_VOID_PENDING;
05-09 19:57:51.316  2029  2223 D GStreamer+GST_CLOCK: 0:06:35.704785839 0xf3d03e90 gstclock.c:253:gst_clock_entry_new:<GstSystemClock> created entry 0xf37cf9e8, time 70:05:58.376609981
05-09 19:57:51.316  2029  2235 D GStreamer+bin: 0:06:35.704814068 0xf3d04180 gstbin.c:3528:gst_bin_handle_message_func:<glimagesinkbin3> [msg 0xf3ac0e18] handling child sink message of type state-changed
05-09 19:57:51.316  2029  2223 D GStreamer+GST_CLOCK: 0:06:35.704836568 0xf3d03e90 gstclock.c:542:gst_clock_id_wait:<GstSystemClock> waiting on clock entry 0xf37cf9e8
05-09 19:57:51.317  2029  2235 D GStreamer+bin: 0:06:35.704859485 0xf3d04180 gstbin.c:3865:gst_bin_handle_message_func:<glimagesinkbin3> posting message upward
05-09 19:57:51.317  2029  2223 D GStreamer+GST_CLOCK: 0:06:35.704899329 0xf3d03e90 gstclock.c:1056:gst_clock_get_internal_time:<GstSystemClock> internal time 70:05:58.393988523
05-09 19:57:51.317  2029  2235 D GStreamer+GST_BUS: 0:06:35.704954224 0xf3d04180 gstbus.c:309:gst_bus_post:<bus18> [msg 0xf3ac0e18] posting on bus state-changed message: 0xf3ac0e18, time 99:99:99.999999999, seq-num 2101, element 'sink', GstMessageStateChanged, old-state=(GstState)GST_STATE_PAUSED, new-state=(GstState)GST_STATE_PLAYING, pending-state=(GstState)GST_STATE_VOID_PENDING;
05-09 19:57:51.317  2029  2223 D GStreamer+GST_CLOCK: 0:06:35.704970110 0xf3d03e90 gstclock.c:1101:gst_clock_get_time:<GstSystemClock> adjusted time 70:05:58.393988523
05-09 19:57:51.317  2029  2235 D GStreamer+bin: 0:06:35.704997662 0xf3d04180 gstbin.c:3528:gst_bin_handle_message_func:<pipeline3> [msg 0xf3ac0e18] handling child sink message of type state-changed
05-09 19:57:51.317  2029  2223 D GStreamer+GST_CLOCK: 0:06:35.705038339 0xf3d03e90 gstsystemclock.c:727:gst_system_clock_id_wait_jitter_unlocked entry 0xf37cf9e8 time 70:05:58.376609981 now 70:05:58.393988523 diff (time-now) -17378542
05-09 19:57:51.317  2029  2235 D GStreamer+bin: 0:06:35.705055370 0xf3d04180 gstbin.c:3865:gst_bin_handle_message_func:<pipeline3> posting message upward
05-09 19:57:51.317  2029  2223 D GStreamer+GST_CLOCK: 0:06:35.705082714 0xf3d03e90 gstclock.c:552:gst_clock_id_wait:<GstSystemClock> done waiting entry 0xf37cf9e8, res: 1 (early)
05-09 19:57:51.317  2029  2223 D GStreamer+basesink: 0:06:35.705138808 0xf3d03e90 gstbasesink.c:2554:gst_base_sink_do_sync:<sink> clock returned 1, jitter  0:00:00.017378542
05-09 19:57:51.317  2029  2235 D GStreamer+GST_BUS: 0:06:35.705153756 0xf3d04180 gstbus.c:309:gst_bus_post:<bus19> [msg 0xf3ac0e18] posting on bus state-changed message: 0xf3ac0e18, time 99:99:99.999999999, seq-num 2101, element 'sink', GstMessageStateChanged, old-state=(GstState)GST_STATE_PAUSED, new-state=(GstState)GST_STATE_PLAYING, pending-state=(GstState)GST_STATE_VOID_PENDING;
05-09 19:57:51.317  2029  2223 D GStreamer+basesink: 0:06:35.705179485 0xf3d03e90 gstbasesink.c:3520:gst_base_sink_chain_unlocked:<sink> rendering object 0xf3ac3960
05-09 19:57:51.317  2029  2235 D GStreamer+GST_BUS: 0:06:35.705198495 0xf3d04180 gstbus.c:348:gst_bus_post:<bus19> [msg 0xf3ac0e18] pushing on async queue
05-09 19:57:51.317  2029  2223 D GStreamer+glimagesink: 0:06:35.705229693 0xf3d03e90 gstglimagesink.c:2206:gst_glimage_sink_redisplay Recreating output after mode/size change
05-09 19:57:51.317  2029  2235 D GStreamer+GST_BUS: 0:06:35.705247922 0xf3d04180 gstbus.c:351:gst_bus_post:<bus19> [msg 0xf3ac0e18] pushed on async queue
05-09 19:57:51.317  2029  2223 D GStreamer+glimagesink: 0:06:35.705268287 0xf3d03e90 gstglimagesink.c:1200:configure_display_from_info keeping video height
05-09 19:57:51.317  2029  2216 D GStreamer+GST_BUS: 0:06:35.705315266 0xf3d321c0 gstbus.c:521:gst_bus_timed_pop_filtered:<bus19> got message 0xf3ac0e18, state-changed from sink, type mask is 4294967295
05-09 19:57:51.317  2029  2223 D GStreamer+glimagesink: 0:06:35.705327818 0xf3d03e90 gstglimagesink.c:1218:configure_display_from_info scaling to 1280x1440
05-09 19:57:51.317  2029  2235 D GStreamer+GST_BUS: 0:06:35.705341777 0xf3d04180 gstbus.c:344:gst_bus_post:<bus18> [msg 0xf3ac0e18] dropped
05-09 19:57:51.317  2029  2235 D GStreamer+GST_BUS: 0:06:35.705406933 0xf3d04180 gstbus.c:344:gst_bus_post:<bus17> [msg 0xf3ac0e18] dropped
05-09 19:57:51.317  2029  2216 D GStreamer+GST_BUS: 0:06:35.705439849 0xf3d321c0 gstbus.c:789:gst_bus_source_dispatch:<bus19> source 0xf39d9b18 calling dispatch with state-changed message: 0xf3ac0e18, time 99:99:99.999999999, seq-num 2101, element 'sink', GstMessageStateChanged, old-state=(GstState)GST_STATE_PAUSED, new-state=(GstState)GST_STATE_PLAYING, pending-state=(GstState)GST_STATE_VOID_PENDING;
05-09 19:57:51.317  2029  2235 D GStreamer+GST_STATES: 0:06:35.705465995 0xf3d04180 gstelement.c:2607:gst_element_set_state_func:<sink> returned SUCCESS
05-09 19:57:51.317  2029  2216 D GStreamer+GST_BUS: 0:06:35.705502714 0xf3d321c0 gstbus.c:794:gst_bus_source_dispatch:<bus19> source 0xf39d9b18 handler returns 1
05-09 19:57:51.317  2029  2235 I GStreamer+GST_STATES: 0:06:35.705517974 0xf3d04180 gstbin.c:2764:gst_bin_change_state_func:<glimagesinkbin3> child 'sink' changed state to 4(PLAYING) successfully
05-09 19:57:51.317  2029  2235 D GStreamer+bin: 0:06:35.705557922 0xf3d04180 gstbin.c:2182:gst_bin_sort_iterator_next:<glimagesinkbin3> queue head gives glcolorbalance3
05-09 19:57:51.317  2029  2235 D GStreamer+bin: 0:06:35.705594329 0xf3d04180 gstbin.c:882:find_message:<glimagesinkbin3> no message found matching types 00001000
05-09 19:57:51.317  2029  2235 D GStreamer+bin: 0:06:35.705628964 0xf3d04180 gstbin.c:889:find_message:<glimagesinkbin3>   structure-change
05-09 19:57:51.317  2029  2218 D GStreamer+glimagesink: 0:06:35.705678079 0xf3d33d80 gstglimagesink.c:1933:gst_glimage_sink_on_resize:<sink> GL Window resized to 1280x1800
05-09 19:57:51.317  2029  2235 D GStreamer+bin: 0:06:35.705693599 0xf3d04180 gstbin.c:2098:update_degree:<glimagesinkbin3> change element glcolorconvertelement3, degree 1->0, linked to glcolorbalance3
05-09 19:57:51.317  2029  2235 D GStreamer+bin: 0:06:35.705728183 0xf3d04180 gstbin.c:1981:add_to_queue:<glimagesinkbin3> adding 'glcolorconvertelement3' to queue
05-09 19:57:51.317  2029  2218 D GStreamer+glimagesink: 0:06:35.705755162 0xf3d33d80 gstglimagesink.c:1989:gst_glimage_sink_on_resize:<sink> GL output area now 0,0 1280x1800
05-09 19:57:51.317  2029  2235 I GStreamer+GST_STATES: 0:06:35.705773287 0xf3d04180 gstbin.c:2316:gst_bin_element_set_state:<glcolorbalance3> current PAUSED pending VOID_PENDING, desired next PLAYING
05-09 19:57:51.317  2029  2235 D GStreamer+bin: 0:06:35.705807454 0xf3d04180 gstbin.c:882:find_message:<glimagesinkbin3> no message found matching types 00100000
05-09 19:57:51.317  2029  2235 D GStreamer+bin: 0:06:35.705840787 0xf3d04180 gstbin.c:889:find_message:<glimagesinkbin3>   async-start
05-09 19:57:51.318  2029  2235 D GStreamer+bin: 0:06:35.705900058 0xf3d04180 gstbin.c:2411:gst_bin_element_set_state:<glimagesinkbin3> setting element glcolorbalance3 to PLAYING, base_time 70:05:58.376609981
05-09 19:57:51.318  2029  2235 D GStreamer+GST_STATES: 0:06:35.705939224 0xf3d04180 gstelement.c:2523:gst_element_set_state_func:<glcolorbalance3> set_state to PLAYING
05-09 19:57:51.318  2029  2235 D GStreamer+GST_STATES: 0:06:35.705973235 0xf3d04180 gstelement.c:2548:gst_element_set_state_func:<glcolorbalance3> setting target state to PLAYING
05-09 19:57:51.318  2029  2235 D GStreamer+GST_STATES: 0:06:35.706010318 0xf3d04180 gstelement.c:2561:gst_element_set_state_func:<glcolorbalance3> current PAUSED, old_pending VOID_PENDING, next VOID_PENDING, old return SUCCESS
05-09 19:57:51.318  2029  2235 D GStreamer+GST_STATES: 0:06:35.706045943 0xf3d04180 gstelement.c:2595:gst_element_set_state_func:<glcolorbalance3> final: setting state from PAUSED to PLAYING
05-09 19:57:51.318  2029  2235 D GStreamer+glbasefilter: 0:06:35.706082089 0xf3d04180 gstglbasefilter.c:467:gst_gl_base_filter_change_state:<glcolorbalance3> changing state: PAUSED => PLAYING
05-09 19:57:51.318  2029  2235 D GStreamer+GST_STATES: 0:06:35.706115006 0xf3d04180 gstelement.c:2684:gst_element_change_state:<glcolorbalance3> element changed state SUCCESS
05-09 19:57:51.318  2029  2235 I GStreamer+GST_STATES: 0:06:35.706147714 0xf3d04180 gstelement.c:2372:gst_element_continue_state:<glcolorbalance3> completed state change to PLAYING
05-09 19:57:51.318  2029  2235 I GStreamer+GST_STATES: 0:06:35.706183287 0xf3d04180 gstelement.c:2277:_priv_gst_element_state_changed:<glcolorbalance3> notifying about state-changed PAUSED to PLAYING (VOID_PENDING pending)
05-09 19:57:51.318  2029  2235 D GStreamer+GST_BUS: 0:06:35.706262297 0xf3d04180 gstbus.c:309:gst_bus_post:<bus17> [msg 0xf3ac08b0] posting on bus state-changed message: 0xf3ac08b0, time 99:99:99.999999999, seq-num 2102, element 'glcolorbalance3', GstMessageStateChanged, old-state=(GstState)GST_STATE_PAUSED, new-state=(GstState)GST_STATE_PLAYING, pending-state=(GstState)GST_STATE_VOID_PENDING;
05-09 19:57:51.318  2029  2235 D GStreamer+bin: 0:06:35.706301464 0xf3d04180 gstbin.c:3528:gst_bin_handle_message_func:<glimagesinkbin3> [msg 0xf3ac08b0] handling child glcolorbalance3 message of type state-changed
05-09 19:57:51.318  2029  2235 D GStreamer+bin: 0:06:35.706332662 0xf3d04180 gstbin.c:3865:gst_bin_handle_message_func:<glimagesinkbin3> posting message upward
05-09 19:57:51.318  2029  2235 D GStreamer+GST_BUS: 0:06:35.706401777 0xf3d04180 gstbus.c:309:gst_bus_post:<bus18> [msg 0xf3ac08b0] posting on bus state-changed message: 0xf3ac08b0, time 99:99:99.999999999, seq-num 2102, element 'glcolorbalance3', GstMessageStateChanged, old-state=(GstState)GST_STATE_PAUSED, new-state=(GstState)GST_STATE_PLAYING, pending-state=(GstState)GST_STATE_VOID_PENDING;
05-09 19:57:51.318  2029  2235 D GStreamer+bin: 0:06:35.706441568 0xf3d04180 gstbin.c:3528:gst_bin_handle_message_func:<pipeline3> [msg 0xf3ac08b0] handling child glcolorbalance3 message of type state-changed
05-09 19:57:51.318  2029  2235 D GStreamer+bin: 0:06:35.706472193 0xf3d04180 gstbin.c:3865:gst_bin_handle_message_func:<pipeline3> posting message upward
05-09 19:57:51.318  2029  2235 D GStreamer+GST_BUS: 0:06:35.706535527 0xf3d04180 gstbus.c:309:gst_bus_post:<bus19> [msg 0xf3ac08b0] posting on bus state-changed message: 0xf3ac08b0, time 99:99:99.999999999, seq-num 2102, element 'glcolorbalance3', GstMessageStateChanged, old-state=(GstState)GST_STATE_PAUSED, new-state=(GstState)GST_STATE_PLAYING, pending-state=(GstState)GST_STATE_VOID_PENDING;
05-09 19:57:51.318  2029  2235 D GStreamer+GST_BUS: 0:06:35.706571568 0xf3d04180 gstbus.c:348:gst_bus_post:<bus19> [msg 0xf3ac08b0] pushing on async queue
05-09 19:57:51.318  2029  2235 D GStreamer+GST_BUS: 0:06:35.706613027 0xf3d04180 gstbus.c:351:gst_bus_post:<bus19> [msg 0xf3ac08b0] pushed on async queue
05-09 19:57:51.318  2029  2235 D GStreamer+GST_BUS: 0:06:35.706647402 0xf3d04180 gstbus.c:344:gst_bus_post:<bus18> [msg 0xf3ac08b0] dropped
05-09 19:57:51.318  2029  2235 D GStreamer+GST_BUS: 0:06:35.706679849 0xf3d04180 gstbus.c:344:gst_bus_post:<bus17> [msg 0xf3ac08b0] dropped
05-09 19:57:51.318  2029  2235 D GStreamer+GST_STATES: 0:06:35.706716308 0xf3d04180 gstelement.c:2607:gst_element_set_state_func:<glcolorbalance3> returned SUCCESS
05-09 19:57:51.318  2029  2235 I GStreamer+GST_STATES: 0:06:35.706754120 0xf3d04180 gstbin.c:2764:gst_bin_change_state_func:<glimagesinkbin3> child 'glcolorbalance3' changed state to 4(PLAYING) successfully
05-09 19:57:51.318  2029  2235 D GStreamer+bin: 0:06:35.706794224 0xf3d04180 gstbin.c:2182:gst_bin_sort_iterator_next:<glimagesinkbin3> queue head gives glcolorconvertelement3
05-09 19:57:51.318  2029  2235 D GStreamer+bin: 0:06:35.706830735 0xf3d04180 gstbin.c:882:find_message:<glimagesinkbin3> no message found matching types 00001000
05-09 19:57:51.319  2029  2235 D GStreamer+bin: 0:06:35.706933547 0xf3d04180 gstbin.c:889:find_message:<glimagesinkbin3>   structure-change
05-09 19:57:51.319  2029  2235 D GStreamer+bin: 0:06:35.706980839 0xf3d04180 gstbin.c:2098:update_degree:<glimagesinkbin3> change element gluploadelement3, degree 1->0, linked to glcolorconvertelement3
05-09 19:57:51.319  2029  2235 D GStreamer+bin: 0:06:35.707014537 0xf3d04180 gstbin.c:1981:add_to_queue:<glimagesinkbin3> adding 'gluploadelement3' to queue
05-09 19:57:51.319  2029  2235 I GStreamer+GST_STATES: 0:06:35.707060995 0xf3d04180 gstbin.c:2316:gst_bin_element_set_state:<glcolorconvertelement3> current PAUSED pending VOID_PENDING, desired next PLAYING
05-09 19:57:51.319  2029  2235 D GStreamer+bin: 0:06:35.707097454 0xf3d04180 gstbin.c:882:find_message:<glimagesinkbin3> no message found matching types 00100000
05-09 19:57:51.319  2029  2235 D GStreamer+bin: 0:06:35.707131933 0xf3d04180 gstbin.c:889:find_message:<glimagesinkbin3>   async-start
05-09 19:57:51.319  2029  2235 D GStreamer+bin: 0:06:35.707175266 0xf3d04180 gstbin.c:2411:gst_bin_element_set_state:<glimagesinkbin3> setting element glcolorconvertelement3 to PLAYING, base_time 70:05:58.376609981
05-09 19:57:51.319  2029  2235 D GStreamer+GST_STATES: 0:06:35.707210474 0xf3d04180 gstelement.c:2523:gst_element_set_state_func:<glcolorconvertelement3> set_state to PLAYING
05-09 19:57:51.319  2029  2235 D GStreamer+GST_STATES: 0:06:35.707244224 0xf3d04180 gstelement.c:2548:gst_element_set_state_func:<glcolorconvertelement3> setting target state to PLAYING
05-09 19:57:51.319  2029  2235 D GStreamer+GST_STATES: 0:06:35.707291047 0xf3d04180 gstelement.c:2561:gst_element_set_state_func:<glcolorconvertelement3> current PAUSED, old_pending VOID_PENDING, next VOID_PENDING, old return SUCCESS
05-09 19:57:51.319  2029  2235 D GStreamer+GST_STATES: 0:06:35.707331568 0xf3d04180 gstelement.c:2595:gst_element_set_state_func:<glcolorconvertelement3> final: setting state from PAUSED to PLAYING
05-09 19:57:51.319  2029  2216 D GStreamer+GST_BUS: 0:06:35.707348443 0xf3d321c0 gstbus.c:521:gst_bus_timed_pop_filtered:<bus19> got message 0xf3ac08b0, state-changed from glcolorbalance3, type mask is 4294967295
05-09 19:57:51.319  2029  2223 D GStreamer+GST_QOS: 0:06:35.707370787 0xf3d03e90 gstbasesink.c:2918:gst_base_sink_do_render_stats:<sink> avg_render: 0:00:00.002129636
05-09 19:57:51.319  2029  2235 D GStreamer+glbasefilter: 0:06:35.707381620 0xf3d04180 gstglbasefilter.c:467:gst_gl_base_filter_change_state:<glcolorconvertelement3> changing state: PAUSED => PLAYING
05-09 19:57:51.319  2029  2235 D GStreamer+GST_STATES: 0:06:35.707442922 0xf3d04180 gstelement.c:2684:gst_element_change_state:<glcolorconvertelement3> element changed state SUCCESS
05-09 19:57:51.319  2029  2223 D GStreamer+GST_QOS: 0:06:35.707460995 0xf3d03e90 gstbasesink.c:2695:gst_base_sink_perform_qos:<sink> start: 0:00:00.000000000, stop 0:00:00.019867549, entered 0:00:00.017378542, left 0:00:00.017378542, pt: 99:99:99.999999999, duration 0:00:00.019867549,jitter 17378542
05-09 19:57:51.319  2029  2216 D GStreamer+GST_BUS: 0:06:35.707495839 0xf3d321c0 gstbus.c:789:gst_bus_source_dispatch:<bus19> source 0xf39d9b18 calling dispatch with state-changed message: 0xf3ac08b0, time 99:99:99.999999999, seq-num 2102, element 'glcolorbalance3', GstMessageStateChanged, old-state=(GstState)GST_STATE_PAUSED, new-state=(GstState)GST_STATE_PLAYING, pending-state=(GstState)GST_STATE_VOID_PENDING;
05-09 19:57:51.319  2029  2235 I GStreamer+GST_STATES: 0:06:35.707507402 0xf3d04180 gstelement.c:2372:gst_element_continue_state:<glcolorconvertelement3> completed state change to PLAYING
05-09 19:57:51.319  2029  2223 D GStreamer+GST_QOS: 0:06:35.707540370 0xf3d03e90 gstbasesink.c:2700:gst_base_sink_perform_qos:<sink> avg_duration: 99:99:99.999999999, avg_pt: 99:99:99.999999999, avg_rate: -1
05-09 19:57:51.319  2029  2235 I GStreamer+GST_STATES: 0:06:35.707565735 0xf3d04180 gstelement.c:2277:_priv_gst_element_state_changed:<glcolorconvertelement3> notifying about state-changed PAUSED to PLAYING (VOID_PENDING pending)
05-09 19:57:51.319  2029  2216 D GStreamer+GST_BUS: 0:06:35.707587089 0xf3d321c0 gstbus.c:794:gst_bus_source_dispatch:<bus19> source 0xf39d9b18 handler returns 1
05-09 19:57:51.319  2029  2223 D GStreamer+GST_QOS: 0:06:35.707609954 0xf3d03e90 gstbasesink.c:2735:gst_base_sink_perform_qos:<sink> updated: avg_duration: 0:00:00.019867549, avg_pt: 99:99:99.999999999, avg_rate: -1
05-09 19:57:51.319  2029  2223 D GStreamer+basesink: 0:06:35.707650110 0xf3d03e90 gstbasesink.c:3566:gst_base_sink_chain_unlocked:<sink> object unref after render 0xf3ac3960
05-09 19:57:51.319  2029  2235 D GStreamer+GST_BUS: 0:06:35.707669277 0xf3d04180 gstbus.c:309:gst_bus_post:<bus17> [msg 0xf37f5f88] posting on bus state-changed message: 0xf37f5f88, time 99:99:99.999999999, seq-num 2103, element 'glcolorconvertelement3', GstMessageStateChanged, old-state=(GstState)GST_STATE_PAUSED, new-state=(GstState)GST_STATE_PLAYING, pending-state=(GstState)GST_STATE_VOID_PENDING;
05-09 19:57:51.319  2029  2223 D GStreamer+GST_SCHEDULING: 0:06:35.707700006 0xf3d03e90 gstpad.c:4159:gst_pad_chain_data_unchecked:<sink:sink> called chainfunction &gst_base_sink_chain with buffer 0xf3ac3960, returned ok
05-09 19:57:51.319  2029  2235 D GStreamer+bin: 0:06:35.707722870 0xf3d04180 gstbin.c:3528:gst_bin_handle_message_func:<glimagesinkbin3> [msg 0xf37f5f88] handling child glcolorconvertelement3 message of type state-changed
05-09 19:57:51.319  2029  2223 D GStreamer+GST_SCHEDULING: 0:06:35.707766152 0xf3d03e90 gstpad.c:4159:gst_pad_chain_data_unchecked:<glcolorbalance3:sink> called chainfunction &gst_base_transform_chain with buffer 0xf3ac3960, returned ok
05-09 19:57:51.319  2029  2235 D GStreamer+bin: 0:06:35.707780891 0xf3d04180 gstbin.c:3865:gst_bin_handle_message_func:<glimagesinkbin3> posting message upward
05-09 19:57:51.319  2029  2223 D GStreamer+GST_SCHEDULING: 0:06:35.707814224 0xf3d03e90 gstpad.c:4159:gst_pad_chain_data_unchecked:<glcolorconvertelement3:sink> called chainfunction &gst_base_transform_chain with buffer 0xf3ac3f00, returned ok
05-09 19:57:51.320  2029  2235 D GStreamer+GST_BUS: 0:06:35.707880943 0xf3d04180 gstbus.c:309:gst_bus_post:<bus18> [msg 0xf37f5f88] posting on bus state-changed message: 0xf37f5f88, time 99:99:99.999999999, seq-num 2103, element 'glcolorconvertelement3', GstMessageStateChanged, old-state=(GstState)GST_STATE_PAUSED, new-state=(GstState)GST_STATE_PLAYING, pending-state=(GstState)GST_STATE_VOID_PENDING;
05-09 19:57:51.320  2029  2223 D GStreamer+GST_SCHEDULING: 0:06:35.707894954 0xf3d03e90 gstpad.c:4159:gst_pad_chain_data_unchecked:<gluploadelement3:sink> called chainfunction &gst_base_transform_chain with buffer 0xf3ac3f00, returned ok
05-09 19:57:51.320  2029  2235 D GStreamer+bin: 0:06:35.707923443 0xf3d04180 gstbin.c:3528:gst_bin_handle_message_func:<pipeline3> [msg 0xf37f5f88] handling child glcolorconvertelement3 message of type state-changed
05-09 19:57:51.320  2029  2223 D GStreamer+GST_SCHEDULING: 0:06:35.707946672 0xf3d03e90 gstpad.c:4159:gst_pad_chain_data_unchecked:<glimagesinkbin3:sink> called chainfunction &gst_proxy_pad_chain_default with buffer 0xf3ac3f00, returned ok
05-09 19:57:51.320  2029  2235 D GStreamer+bin: 0:06:35.707971047 0xf3d04180 gstbin.c:3865:gst_bin_handle_message_func:<pipeline3> posting message upward
05-09 19:57:51.320  2029  2223 D GStreamer+GST_SCHEDULING: 0:06:35.708006933 0xf3d03e90 gstpad.c:4159:gst_pad_chain_data_unchecked:<forhalffps:sink> called chainfunction &gst_base_transform_chain with buffer 0xf3ac3f00, returned ok
05-09 19:57:51.320  2029  2235 D GStreamer+GST_BUS: 0:06:35.708052714 0xf3d04180 gstbus.c:309:gst_bus_post:<bus19> [msg 0xf37f5f88] posting on bus state-changed message: 0xf37f5f88, time 99:99:99.999999999, seq-num 2103, element 'glcolorconvertelement3', GstMessageStateChanged, old-state=(GstState)GST_STATE_PAUSED, new-state=(GstState)GST_STATE_PLAYING, pending-state=(GstState)GST_STATE_VOID_PENDING;
05-09 19:57:51.320  2029  2223 D GStreamer+GST_PADS: 0:06:35.708092297 0xf3d03e90 gstpad.c:3813:check_sticky:<queue9:src> pushing all sticky events
05-09 19:57:51.320  2029  2235 D GStreamer+GST_BUS: 0:06:35.708108808 0xf3d04180 gstbus.c:348:gst_bus_post:<bus19> [msg 0xf37f5f88] pushing on async queue
05-09 19:57:51.320  2029  2223 D GStreamer+GST_PADS: 0:06:35.708134849 0xf3d03e90 gstpad.c:3745:push_sticky:<queue9:src> event stream-start was already received
05-09 19:57:51.320  2029  2235 D GStreamer+GST_BUS: 0:06:35.708159954 0xf3d04180 gstbus.c:351:gst_bus_post:<bus19> [msg 0xf37f5f88] pushed on async queue
05-09 19:57:51.320  2029  2235 D GStreamer+GST_BUS: 0:06:35.708212037 0xf3d04180 gstbus.c:344:gst_bus_post:<bus18> [msg 0xf37f5f88] dropped
05-09 19:57:51.320  2029  2223 D GStreamer+GST_PADS: 0:06:35.708218599 0xf3d03e90 gstpad.c:3745:push_sticky:<queue9:src> event caps was already received
05-09 19:57:51.320  2029  2216 D GStreamer+GST_BUS: 0:06:35.708244277 0xf3d321c0 gstbus.c:521:gst_bus_timed_pop_filtered:<bus19> got message 0xf37f5f88, state-changed from glcolorconvertelement3, type mask is 4294967295
05-09 19:57:51.320  2029  2235 D GStreamer+GST_BUS: 0:06:35.708260839 0xf3d04180 gstbus.c:344:gst_bus_post:<bus17> [msg 0xf37f5f88] dropped
05-09 19:57:51.320  2029  2223 D GStreamer+GST_PADS: 0:06:35.708277037 0xf3d03e90 gstpad.c:3745:push_sticky:<queue9:src> event segment was already received
05-09 19:57:51.320  2029  2235 D GStreamer+GST_STATES: 0:06:35.708310214 0xf3d04180 gstelement.c:2607:gst_element_set_state_func:<glcolorconvertelement3> returned SUCCESS
05-09 19:57:51.320  2029  2216 D GStreamer+GST_BUS: 0:06:35.708344537 0xf3d321c0 gstbus.c:789:gst_bus_source_dispatch:<bus19> source 0xf39d9b18 calling dispatch with state-changed message: 0xf37f5f88, time 99:99:99.999999999, seq-num 2103, element 'glcolorconvertelement3', GstMessageStateChanged, old-state=(GstState)GST_STATE_PAUSED, new-state=(GstState)GST_STATE_PLAYING, pending-state=(GstState)GST_STATE_VOID_PENDING;
05-09 19:57:51.320  2029  2235 I GStreamer+GST_STATES: 0:06:35.708379797 0xf3d04180 gstbin.c:2764:gst_bin_change_state_func:<glimagesinkbin3> child 'glcolorconvertelement3' changed state to 4(PLAYING) successfully
05-09 19:57:51.320  2029  2216 D GStreamer+GST_BUS: 0:06:35.708413287 0xf3d321c0 gstbus.c:794:gst_bus_source_dispatch:<bus19> source 0xf39d9b18 handler returns 1
05-09 19:57:51.320  2029  2235 D GStreamer+bin: 0:06:35.708443235 0xf3d04180 gstbin.c:2182:gst_bin_sort_iterator_next:<glimagesinkbin3> queue head gives gluploadelement3
05-09 19:57:51.320  2029  2223 D GStreamer+GST_EVENT: 0:06:35.708448599 0xf3d03e90 gstpad.c:5496:gst_pad_send_event_unchecked:<forhalffps:sink> have event type tag event: 0xf3d5ad08, time 99:99:99.999999999, seq-num 2076, GstTagList-stream, taglist=(taglist)"taglist\,\ video-codec\=\(string\)\"H.264\\\ \\\(Baseline\\\ Profile\\\)\"\,\ bitrate\=\(uint\)16613142\,\ language-code\=\(string\)en\;";
05-09 19:57:51.320  2029  2235 D GStreamer+bin: 0:06:35.708479068 0xf3d04180 gstbin.c:882:find_message:<glimagesinkbin3> no message found matching types 00001000
05-09 19:57:51.320  2029  2223 D GStreamer+GST_PADS: 0:06:35.708497454 0xf3d03e90 gstpad.c:3650:do_probe_callbacks:<forhalffps:sink> data is passed
05-09 19:57:51.320  2029  2235 D GStreamer+bin: 0:06:35.708521464 0xf3d04180 gstbin.c:889:find_message:<glimagesinkbin3>   structure-change
05-09 19:57:51.320  2029  2223 D GStreamer+GST_PADS: 0:06:35.708544120 0xf3d03e90 gstpad.c:3813:check_sticky:<forhalffps:src> pushing all sticky events
05-09 19:57:51.320  2029  2235 D GStreamer+bin: 0:06:35.708565162 0xf3d04180 gstbin.c:2121:update_degree:<glimagesinkbin3> element gluploadelement3 not linked on any sinkpads
05-09 19:57:51.320  2029  2223 D GStreamer+GST_PADS: 0:06:35.708589172 0xf3d03e90 gstpad.c:3745:push_sticky:<forhalffps:src> event stream-start was already received
05-09 19:57:51.320  2029  2235 I GStreamer+GST_STATES: 0:06:35.708614902 0xf3d04180 gstbin.c:2316:gst_bin_element_set_state:<gluploadelement3> current PAUSED pending VOID_PENDING, desired next PLAYING
05-09 19:57:51.320  2029  2235 D GStreamer+bin: 0:06:35.708657922 0xf3d04180 gstbin.c:882:find_message:<glimagesinkbin3> no message found matching types 00100000
05-09 19:57:51.320  2029  2223 D GStreamer+GST_PADS: 0:06:35.708640839 0xf3d03e90 gstpad.c:3745:push_sticky:<forhalffps:src> event caps was already received
05-09 19:57:51.320  2029  2235 D GStreamer+bin: 0:06:35.708693704 0xf3d04180 gstbin.c:889:find_message:<glimagesinkbin3>   async-start
05-09 19:57:51.320  2029  2235 D GStreamer+bin: 0:06:35.708742141 0xf3d04180 gstbin.c:2411:gst_bin_element_set_state:<glimagesinkbin3> setting element gluploadelement3 to PLAYING, base_time 70:05:58.376609981
05-09 19:57:51.320  2029  2235 D GStreamer+GST_STATES: 0:06:35.708777402 0xf3d04180 gstelement.c:2523:gst_element_set_state_func:<gluploadelement3> set_state to PLAYING
05-09 19:57:51.320  2029  2235 D GStreamer+GST_STATES: 0:06:35.708812766 0xf3d04180 gstelement.c:2548:gst_element_set_state_func:<gluploadelement3> setting target state to PLAYING
05-09 19:57:51.320  2029  2235 D GStreamer+GST_STATES: 0:06:35.708850631 0xf3d04180 gstelement.c:2561:gst_element_set_state_func:<gluploadelement3> current PAUSED, old_pending VOID_PENDING, next VOID_PENDING, old return SUCCESS
05-09 19:57:51.321  2029  2235 D GStreamer+GST_STATES: 0:06:35.708935162 0xf3d04180 gstelement.c:2595:gst_element_set_state_func:<gluploadelement3> final: setting state from PAUSED to PLAYING
05-09 19:57:51.321  2029  2235 D GStreamer+glbasefilter: 0:06:35.708978287 0xf3d04180 gstglbasefilter.c:467:gst_gl_base_filter_change_state:<gluploadelement3> changing state: PAUSED => PLAYING
05-09 19:57:51.321  2029  2235 D GStreamer+GST_STATES: 0:06:35.709010891 0xf3d04180 gstelement.c:2684:gst_element_change_state:<gluploadelement3> element changed state SUCCESS
05-09 19:57:51.321  2029  2235 I GStreamer+GST_STATES: 0:06:35.709046308 0xf3d04180 gstelement.c:2372:gst_element_continue_state:<gluploadelement3> completed state change to PLAYING
05-09 19:57:51.321  2029  2235 I GStreamer+GST_STATES: 0:06:35.709084589 0xf3d04180 gstelement.c:2277:_priv_gst_element_state_changed:<gluploadelement3> notifying about state-changed PAUSED to PLAYING (VOID_PENDING pending)
05-09 19:57:51.321  2029  2235 D GStreamer+GST_BUS: 0:06:35.709174068 0xf3d04180 gstbus.c:309:gst_bus_post:<bus17> [msg 0xf37f5e80] posting on bus state-changed message: 0xf37f5e80, time 99:99:99.999999999, seq-num 2104, element 'gluploadelement3', GstMessageStateChanged, old-state=(GstState)GST_STATE_PAUSED, new-state=(GstState)GST_STATE_PLAYING, pending-state=(GstState)GST_STATE_VOID_PENDING;
05-09 19:57:51.321  2029  2235 D GStreamer+bin: 0:06:35.709220058 0xf3d04180 gstbin.c:3528:gst_bin_handle_message_func:<glimagesinkbin3> [msg 0xf37f5e80] handling child gluploadelement3 message of type state-changed
05-09 19:57:51.321  2029  2235 D GStreamer+bin: 0:06:35.709253756 0xf3d04180 gstbin.c:3865:gst_bin_handle_message_func:<glimagesinkbin3> posting message upward
05-09 19:57:51.321  2029  2235 D GStreamer+GST_BUS: 0:06:35.709317922 0xf3d04180 gstbus.c:309:gst_bus_post:<bus18> [msg 0xf37f5e80] posting on bus state-changed message: 0xf37f5e80, time 99:99:99.999999999, seq-num 2104, element 'gluploadelement3', GstMessageStateChanged, old-state=(GstState)GST_STATE_PAUSED, new-state=(GstState)GST_STATE_PLAYING, pending-state=(GstState)GST_STATE_VOID_PENDING;
05-09 19:57:51.321  2029  2235 D GStreamer+bin: 0:06:35.709356881 0xf3d04180 gstbin.c:3528:gst_bin_handle_message_func:<pipeline3> [msg 0xf37f5e80] handling child gluploadelement3 message of type state-changed
05-09 19:57:51.321  2029  2235 D GStreamer+bin: 0:06:35.709388079 0xf3d04180 gstbin.c:3865:gst_bin_handle_message_func:<pipeline3> posting message upward
05-09 19:57:51.321  2029  2235 D GStreamer+GST_BUS: 0:06:35.709448912 0xf3d04180 gstbus.c:309:gst_bus_post:<bus19> [msg 0xf37f5e80] posting on bus state-changed message: 0xf37f5e80, time 99:99:99.999999999, seq-num 2104, element 'gluploadelement3', GstMessageStateChanged, old-state=(GstState)GST_STATE_PAUSED, new-state=(GstState)GST_STATE_PLAYING, pending-state=(GstState)GST_STATE_VOID_PENDING;
05-09 19:57:51.321  2029  2235 D GStreamer+GST_BUS: 0:06:35.709484641 0xf3d04180 gstbus.c:348:gst_bus_post:<bus19> [msg 0xf37f5e80] pushing on async queue
05-09 19:57:51.321  2029  2235 D GStreamer+GST_BUS: 0:06:35.709524381 0xf3d04180 gstbus.c:351:gst_bus_post:<bus19> [msg 0xf37f5e80] pushed on async queue
05-09 19:57:51.321  2029  2235 D GStreamer+GST_BUS: 0:06:35.709565214 0xf3d04180 gstbus.c:344:gst_bus_post:<bus18> [msg 0xf37f5e80] dropped
05-09 19:57:51.321  2029  2216 D GStreamer+GST_BUS: 0:06:35.709596464 0xf3d321c0 gstbus.c:521:gst_bus_timed_pop_filtered:<bus19> got message 0xf37f5e80, state-changed from gluploadelement3, type mask is 4294967295
05-09 19:57:51.321  2029  2235 D GStreamer+GST_BUS: 0:06:35.709613756 0xf3d04180 gstbus.c:344:gst_bus_post:<bus17> [msg 0xf37f5e80] dropped
05-09 19:57:51.321  2029  2235 D GStreamer+GST_STATES: 0:06:35.709657402 0xf3d04180 gstelement.c:2607:gst_element_set_state_func:<gluploadelement3> returned SUCCESS
05-09 19:57:51.321  2029  2216 D GStreamer+GST_BUS: 0:06:35.709692870 0xf3d321c0 gstbus.c:789:gst_bus_source_dispatch:<bus19> source 0xf39d9b18 calling dispatch with state-changed message: 0xf37f5e80, time 99:99:99.999999999, seq-num 2104, element 'gluploadelement3', GstMessageStateChanged, old-state=(GstState)GST_STATE_PAUSED, new-state=(GstState)GST_STATE_PLAYING, pending-state=(GstState)GST_STATE_VOID_PENDING;
05-09 19:57:51.321  2029  2235 I GStreamer+GST_STATES: 0:06:35.709710162 0xf3d04180 gstbin.c:2764:gst_bin_change_state_func:<glimagesinkbin3> child 'gluploadelement3' changed state to 4(PLAYING) successfully
05-09 19:57:51.321  2029  2216 D GStreamer+GST_BUS: 0:06:35.709746047 0xf3d321c0 gstbus.c:794:gst_bus_source_dispatch:<bus19> source 0xf39d9b18 handler returns 1
05-09 19:57:51.321  2029  2235 D GStreamer+bin: 0:06:35.709763391 0xf3d04180 gstbin.c:2171:gst_bin_sort_iterator_next:<glimagesinkbin3> queue empty, elements exhausted
05-09 19:57:51.321  2029  2235 D GStreamer+GST_STATES: 0:06:35.709795370 0xf3d04180 gstbin.c:2823:gst_bin_change_state_func:<glimagesinkbin3> iterator done
05-09 19:57:51.321  2029  2235 D GStreamer+bin: 0:06:35.709827870 0xf3d04180 gstbin.c:2213:gst_bin_sort_iterator_free:<glimagesinkbin3> free
05-09 19:57:51.322  2029  2235 D GStreamer+bin: 0:06:35.709861829 0xf3d04180 gstbin.c:2858:gst_bin_change_state_func:<glimagesinkbin3> no async elements
05-09 19:57:51.322  2029  2235 D GStreamer+GST_STATES: 0:06:35.709915527 0xf3d04180 gstbin.c:2892:gst_bin_change_state_func:<glimagesinkbin3> done changing bin's state from PAUSED to PLAYING, now in PAUSED, ret SUCCESS
05-09 19:57:51.322  2029  2235 D GStreamer+GST_STATES: 0:06:35.709949589 0xf3d04180 gstelement.c:2684:gst_element_change_state:<glimagesinkbin3> element changed state SUCCESS
05-09 19:57:51.322  2029  2235 I GStreamer+GST_STATES: 0:06:35.709982610 0xf3d04180 gstelement.c:2372:gst_element_continue_state:<glimagesinkbin3> completed state change to PLAYING
05-09 19:57:51.322  2029  2223 D GStreamer+GST_PADS: 0:06:35.710032402 0xf3d03e90 gstpad.c:3745:push_sticky:<forhalffps:src> event segment was already received
05-09 19:57:51.322  2029  2235 I GStreamer+GST_STATES: 0:06:35.710050162 0xf3d04180 gstelement.c:2277:_priv_gst_element_state_changed:<glimagesinkbin3> notifying about state-changed PAUSED to PLAYING (VOID_PENDING pending)
05-09 19:57:51.322  2029  2235 D GStreamer+GST_BUS: 0:06:35.710127870 0xf3d04180 gstbus.c:309:gst_bus_post:<bus18> [msg 0xf37f59c8] posting on bus state-changed message: 0xf37f59c8, time 99:99:99.999999999, seq-num 2105, element 'glimagesinkbin3', GstMessageStateChanged, old-state=(GstState)GST_STATE_PAUSED, new-state=(GstState)GST_STATE_PLAYING, pending-state=(GstState)GST_STATE_VOID_PENDING;
05-09 19:57:51.322  2029  2235 D GStreamer+bin: 0:06:35.710168860 0xf3d04180 gstbin.c:3528:gst_bin_handle_message_func:<pipeline3> [msg 0xf37f59c8] handling child glimagesinkbin3 message of type state-changed
05-09 19:57:51.322  2029  2235 D GStreamer+bin: 0:06:35.710200110 0xf3d04180 gstbin.c:3865:gst_bin_handle_message_func:<pipeline3> posting message upward
05-09 19:57:51.322  2029  2235 D GStreamer+GST_BUS: 0:06:35.710307089 0xf3d04180 gstbus.c:309:gst_bus_post:<bus19> [msg 0xf37f59c8] posting on bus state-changed message: 0xf37f59c8, time 99:99:99.999999999, seq-num 2105, element 'glimagesinkbin3', GstMessageStateChanged, old-state=(GstState)GST_STATE_PAUSED, new-state=(GstState)GST_STATE_PLAYING, pending-state=(GstState)GST_STATE_VOID_PENDING;
05-09 19:57:51.322  2029  2223 D GStreamer+GST_EVENT: 0:06:35.710326204 0xf3d03e90 gstpad.c:5496:gst_pad_send_event_unchecked:<glimagesinkbin3:sink> have event type tag event: 0xf3d5ad08, time 99:99:99.999999999, seq-num 2076, GstTagList-stream, taglist=(taglist)"taglist\,\ video-codec\=\(string\)\"H.264\\\ \\\(Baseline\\\ Profile\\\)\"\,\ bitrate\=\(uint\)16613142\,\ language-code\=\(string\)en\;";
05-09 19:57:51.322  2029  2235 D GStreamer+GST_BUS: 0:06:35.710353756 0xf3d04180 gstbus.c:348:gst_bus_post:<bus19> [msg 0xf37f59c8] pushing on async queue
05-09 19:57:51.322  2029  2235 D GStreamer+GST_BUS: 0:06:35.710401829 0xf3d04180 gstbus.c:351:gst_bus_post:<bus19> [msg 0xf37f59c8] pushed on async queue
05-09 19:57:51.322  2029  2223 D GStreamer+GST_PADS: 0:06:35.710408027 0xf3d03e90 gstpad.c:3813:check_sticky:<sink:proxypad13> pushing all sticky events
05-09 19:57:51.322  2029  2235 D GStreamer+GST_BUS: 0:06:35.710437245 0xf3d04180 gstbus.c:344:gst_bus_post:<bus18> [msg 0xf37f59c8] dropped
05-09 19:57:51.322  2029  2223 D GStreamer+GST_PADS: 0:06:35.710453704 0xf3d03e90 gstpad.c:3745:push_sticky:<sink:proxypad13> event stream-start was already received
05-09 19:57:51.322  2029  2235 D GStreamer+GST_STATES: 0:06:35.710479485 0xf3d04180 gstbin.c:1797:bin_element_is_sink:<glimagesinkbin3> child sink is sink
05-09 19:57:51.322  2029  2223 D GStreamer+GST_PADS: 0:06:35.710495787 0xf3d03e90 gstpad.c:3745:push_sticky:<sink:proxypad13> event caps was already received
05-09 19:57:51.322  2029  2235 D GStreamer+bin: 0:06:35.710518131 0xf3d04180 gstbin.c:882:find_message:<glimagesinkbin3> no message found matching types 00000001
05-09 19:57:51.322  2029  2223 D GStreamer+GST_PADS: 0:06:35.710541829 0xf3d03e90 gstpad.c:3745:push_sticky:<sink:proxypad13> event segment was already received
05-09 19:57:51.322  2029  2235 D GStreamer+bin: 0:06:35.710564745 0xf3d04180 gstbin.c:889:find_message:<glimagesinkbin3>   eos
05-09 19:57:51.322  2029  2235 D GStreamer+bin: 0:06:35.710604172 0xf3d04180 gstbin.c:994:is_eos sink 'sink' did not post EOS yet
05-09 19:57:51.322  2029  2223 D GStreamer+GST_EVENT: 0:06:35.710628027 0xf3d03e90 gstpad.c:5496:gst_pad_send_event_unchecked:<gluploadelement3:sink> have event type tag event: 0xf3d5ad08, time 99:99:99.999999999, seq-num 2076, GstTagList-stream, taglist=(taglist)"taglist\,\ video-codec\=\(string\)\"H.264\\\ \\\(Baseline\\\ Profile\\\)\"\,\ bitrate\=\(uint\)16613142\,\ language-code\=\(string\)en\;";
05-09 19:57:51.322  2029  2235 D GStreamer+GST_STATES: 0:06:35.710640422 0xf3d04180 gstelement.c:2607:gst_element_set_state_func:<glimagesinkbin3> returned SUCCESS
05-09 19:57:51.322  2029  2223 D GStreamer+GST_PADS: 0:06:35.710683443 0xf3d03e90 gstpad.c:3813:check_sticky:<gluploadelement3:src> pushing all sticky events
05-09 19:57:51.322  2029  2235 I GStreamer+GST_STATES: 0:06:35.710701724 0xf3d04180 gstbin.c:2764:gst_bin_change_state_func:<pipeline3> child 'glimagesinkbin3' changed state to 4(PLAYING) successfully
05-09 19:57:51.322  2029  2223 D GStreamer+GST_PADS: 0:06:35.710728027 0xf3d03e90 gstpad.c:3745:push_sticky:<gluploadelement3:src> event stream-start was already received
05-09 19:57:51.322  2029  2235 D GStreamer+bin: 0:06:35.710750735 0xf3d04180 gstbin.c:2182:gst_bin_sort_iterator_next:<pipeline3> queue head gives forhalffps
05-09 19:57:51.322  2029  2223 D GStreamer+GST_PADS: 0:06:35.710777402 0xf3d03e90 gstpad.c:3745:push_sticky:<gluploadelement3:src> event caps was already received
05-09 19:57:51.322  2029  2235 D GStreamer+bin: 0:06:35.710796204 0xf3d04180 gstbin.c:882:find_message:<pipeline3> no message found matching types 00001000
05-09 19:57:51.322  2029  2223 D GStreamer+GST_PADS: 0:06:35.710826256 0xf3d03e90 gstpad.c:3745:push_sticky:<gluploadelement3:src> event segment was already received
05-09 19:57:51.322  2029  2235 D GStreamer+bin: 0:06:35.710844693 0xf3d04180 gstbin.c:889:find_message:<pipeline3>   structure-change
05-09 19:57:51.323  2029  2235 D GStreamer+bin: 0:06:35.710930839 0xf3d04180 gstbin.c:2098:update_degree:<pipeline3> change element queue9, degree 1->0, linked to forhalffps
05-09 19:57:51.323  2029  2216 D GStreamer+GST_BUS: 0:06:35.710952818 0xf3d321c0 gstbus.c:521:gst_bus_timed_pop_filtered:<bus19> got message 0xf37f59c8, state-changed from glimagesinkbin3, type mask is 4294967295
05-09 19:57:51.323  2029  2223 D GStreamer+GST_EVENT: 0:06:35.710968912 0xf3d03e90 gstpad.c:5496:gst_pad_send_event_unchecked:<glcolorconvertelement3:sink> have event type tag event: 0xf3d5ad08, time 99:99:99.999999999, seq-num 2076, GstTagList-stream, taglist=(taglist)"taglist\,\ video-codec\=\(string\)\"H.264\\\ \\\(Baseline\\\ Profile\\\)\"\,\ bitrate\=\(uint\)16613142\,\ language-code\=\(string\)en\;";
05-09 19:57:51.323  2029  2235 D GStreamer+bin: 0:06:35.710977974 0xf3d04180 gstbin.c:1981:add_to_queue:<pipeline3> adding 'queue9' to queue
05-09 19:57:51.323  2029  2223 D GStreamer+GST_PADS: 0:06:35.711042818 0xf3d03e90 gstpad.c:3813:check_sticky:<glcolorconvertelement3:src> pushing all sticky events
05-09 19:57:51.323  2029  2216 D GStreamer+GST_BUS: 0:06:35.711078599 0xf3d321c0 gstbus.c:789:gst_bus_source_dispatch:<bus19> source 0xf39d9b18 calling dispatch with state-changed message: 0xf37f59c8, time 99:99:99.999999999, seq-num 2105, element 'glimagesinkbin3', GstMessageStateChanged, old-state=(GstState)GST_STATE_PAUSED, new-state=(GstState)GST_STATE_PLAYING, pending-state=(GstState)GST_STATE_VOID_PENDING;
05-09 19:57:51.323  2029  2235 I GStreamer+GST_STATES: 0:06:35.711094693 0xf3d04180 gstbin.c:2316:gst_bin_element_set_state:<forhalffps> current PAUSED pending VOID_PENDING, desired next PLAYING
05-09 19:57:51.323  2029  2223 D GStreamer+GST_PADS: 0:06:35.711104433 0xf3d03e90 gstpad.c:3745:push_sticky:<glcolorconvertelement3:src> event stream-start was already received
