05-09 19:57:51.051  2029  2224 D GStreamer+GST_PADS: 0:06:35.439670318 0xf3d043b0 gstpad.c:1940:gst_pad_set_iterate_internal_links_function_full:<GstProxyPad@0xf39234b8> internal link iterator set to gst_proxy_pad_iterate_internal_links_default
05-09 19:57:51.051  2029  2224 D GStreamer+GST_PADS: 0:06:35.439745527 0xf3d043b0 gstpad.c:1720:gst_pad_set_chain_function_full:<'':proxypad14> chainfunc set to gst_proxy_pad_chain_default
05-09 19:57:51.051  2029  2224 D GStreamer+GST_PADS: 0:06:35.439795787 0xf3d043b0 gstpad.c:1757:gst_pad_set_chain_list_function_full:<'':proxypad14> chainlistfunc set to gst_proxy_pad_chain_list_default
05-09 19:57:51.051  2029  2224 D GStreamer+GST_REFCOUNTING: 0:06:35.439839850 0xf3d043b0 gstobject.c:692:gst_object_set_parent:<'':proxypad14> set parent (ref and sink)
05-09 19:57:51.052  2029  2224 D GStreamer+GST_PADS: 0:06:35.439904172 0xf3d043b0 gstpad.c:1685:gst_pad_set_activatemode_function_full:<decodepad4:proxypad14> activatemodefunc set to gst_ghost_pad_internal_activate_mode_default
05-09 19:57:51.052  2029  2224 D GStreamer+GST_PADS: 0:06:35.439950318 0xf3d043b0 gstpad.c:1906:gst_pad_set_query_function_full:<decodepad4:proxypad14> queryfunc set to 0xdab9d991
05-09 19:57:51.052  2029  2224 D GStreamer+GST_PADS: 0:06:35.440000943 0xf3d043b0 gstpad.c:1826:gst_pad_set_event_function_full:<'':decodepad4> eventfunc for set to 0xdab9d7d9
05-09 19:57:51.052  2029  2224 D GStreamer+GST_PADS: 0:06:35.440036308 0xf3d043b0 gstpad.c:1056:gst_pad_set_active:<'':decodepad4> activating pad from none
05-09 19:57:51.052  2029  2224 D GStreamer+GST_PADS: 0:06:35.440074277 0xf3d043b0 gstpad.c:972:pre_activate:<'':decodepad4> setting pad into push mode, unset flushing
05-09 19:57:51.052  2029  2224 D GStreamer+GST_PADS: 0:06:35.440112454 0xf3d043b0 gstpad.c:972:pre_activate:<decodepad4:proxypad14> setting pad into push mode, unset flushing
05-09 19:57:51.052  2029  2224 D GStreamer+GST_PADS: 0:06:35.440150214 0xf3d043b0 gstpad.c:1225:gst_pad_activate_mode:<'':decodepad4> already activated in push mode
05-09 19:57:51.052  2029  2224 D GStreamer+GST_PADS: 0:06:35.440189016 0xf3d043b0 gstpad.c:1198:gst_pad_activate_mode:<decodepad4:proxypad14> activated in push mode
05-09 19:57:51.052  2029  2224 D GStreamer+GST_PADS: 0:06:35.440228079 0xf3d043b0 gstpad.c:1198:gst_pad_activate_mode:<'':decodepad4> activated in push mode
05-09 19:57:51.052  2029  2224 D GStreamer+GST_PADS: 0:06:35.440265006 0xf3d043b0 gstghostpad.c:840:gst_ghost_pad_set_target:<'':decodepad4> set target typefind:src
05-09 19:57:51.052  2029  2224 D GStreamer+GST_PADS: 0:06:35.440305735 0xf3d043b0 gstghostpad.c:862:gst_ghost_pad_set_target:<'':decodepad4> connecting internal pad to target <typefind:src>
05-09 19:57:51.052  2029  2224 D GStreamer+GST_BUS: 0:06:35.440401204 0xf3d043b0 gstbus.c:309:gst_bus_post:<bus16> [msg 0xf3ab9d70] posting on bus structure-change message: 0xf3ab9d70, time 99:99:99.999999999, seq-num 2006, element 'proxypad14', GstMessageStructureChange, type=(GstStructureChangeType)GST_STRUCTURE_CHANGE_TYPE_PAD_LINK, owner=(GstElement)"\(GstTypeFindElement\)\ typefind", busy=(boolean)true;
05-09 19:57:51.052  2029  2224 D GStreamer+bin: 0:06:35.440445422 0xf3d043b0 gstbin.c:3528:gst_bin_handle_message_func:<forhwgl> [msg 0xf3ab9d70] handling child proxypad14 message of type structure-change
05-09 19:57:51.052  2029  2224 D GStreamer+bin: 0:06:35.440481620 0xf3d043b0 gstbin.c:882:find_message:<forhwgl> no message found matching types 00001000
05-09 19:57:51.052  2029  2224 D GStreamer+bin: 0:06:35.440514016 0xf3d043b0 gstbin.c:889:find_message:<forhwgl>   structure-change
05-09 19:57:51.052  2029  2224 D GStreamer+bin: 0:06:35.440548443 0xf3d043b0 gstbin.c:929:bin_replace_message:<forhwgl> got new message 0xf3ab9d70, structure-change from proxypad14
05-09 19:57:51.052  2029  2224 D GStreamer+GST_BUS: 0:06:35.440579902 0xf3d043b0 gstbus.c:344:gst_bus_post:<bus16> [msg 0xf3ab9d70] dropped
05-09 19:57:51.052  2029  2224 I GStreamer+GST_PADS: 0:06:35.440614954 0xf3d043b0 gstpad.c:2292:gst_pad_link_prepare trying to link typefind:src and decodepad4:proxypad14
05-09 19:57:51.052  2029  2224 I GStreamer+GST_PADS: 0:06:35.440649954 0xf3d043b0 gstpad.c:2498:gst_pad_link_full linked typefind:src and decodepad4:proxypad14, successful
05-09 19:57:51.052  2029  2224 I GStreamer+GST_EVENT: 0:06:35.440677193 0xf3d043b0 gstevent.c:1382:gst_event_new_reconfigure creating reconfigure event
05-09 19:57:51.052  2029  2224 D GStreamer+GST_EVENT: 0:06:35.440709954 0xf3d043b0 gstevent.c:302:gst_event_new_custom creating new event 0xf3abbaa8 reconfigure 61441
05-09 19:57:51.052  2029  2224 D GStreamer+GST_EVENT: 0:06:35.440757922 0xf3d043b0 gstpad.c:5496:gst_pad_send_event_unchecked:<typefind:src> have event type reconfigure event: 0xf3abbaa8, time 99:99:99.999999999, seq-num 2007, (NULL)
05-09 19:57:51.052  2029  2224 D GStreamer+GST_PADS: 0:06:35.440796360 0xf3d043b0 gstpad.c:5569:gst_pad_send_event_unchecked:<typefind:src> sent event, ret error
05-09 19:57:51.053  2029  2224 D GStreamer+GST_BUS: 0:06:35.440904225 0xf3d043b0 gstbus.c:309:gst_bus_post:<bus16> [msg 0xf3acf0b8] posting on bus structure-change message: 0xf3acf0b8, time 99:99:99.999999999, seq-num 2008, element 'proxypad14', GstMessageStructureChange, type=(GstStructureChangeType)GST_STRUCTURE_CHANGE_TYPE_PAD_LINK, owner=(GstElement)"\(GstTypeFindElement\)\ typefind", busy=(boolean)false;
05-09 19:57:51.053  2029  2224 D GStreamer+bin: 0:06:35.440944433 0xf3d043b0 gstbin.c:3528:gst_bin_handle_message_func:<forhwgl> [msg 0xf3acf0b8] handling child proxypad14 message of type structure-change
05-09 19:57:51.053  2029  2224 D GStreamer+bin: 0:06:35.440983131 0xf3d043b0 gstbin.c:957:bin_remove_messages:<decodepad4:proxypad14> deleting message 0xf3ab9d70 of types 0x00001000
05-09 19:57:51.053  2029  2224 D GStreamer+bin: 0:06:35.441024329 0xf3d043b0 gstbin.c:963:bin_remove_messages:<forhwgl> not deleting message 0xf3ab9f80 of type 0x00100000
05-09 19:57:51.053  2029  2224 D GStreamer+GST_BUS: 0:06:35.441068495 0xf3d043b0 gstbus.c:344:gst_bus_post:<bus16> [msg 0xf3acf0b8] dropped
05-09 19:57:51.053  2029  2224 D GStreamer+decodebin: 0:06:35.441138756 0xf3d043b0 gstdecodebin2.c:1487:copy_sticky_events:<'':decodepad4> store sticky event stream-start event: 0xf3d338f8, time 99:99:99.999999999, seq-num 1998, GstEventStreamStart, stream-id=(string)f053c058b440b43524b277045893b30df4e765b8d037f3d09e4ccd970feb850c/001, flags=(GstStreamFlags)GST_STREAM_FLAG_NONE, group-id=(uint)4;
05-09 19:57:51.053  2029  2224 D GStreamer+decodebin: 0:06:35.441189381 0xf3d043b0 gstdecodebin2.c:1381:gst_decode_bin_autoplug_continue:<forhwgl> autoplug-continue returns TRUE
05-09 19:57:51.053  2029  2224 D GStreamer+GST_CAPS: 0:06:35.441242662 0xf3d043b0 gstpad.c:2648:gst_pad_get_current_caps:<typefind:src> get current pad caps (NULL)
05-09 19:57:51.053  2029  2225 D GStreamer+qtdemux: 0:06:35.441261725 0xf3d19ac0 qtdemux.c:1160:gst_qtdemux_find_keyframe:<q> searching for keyframe index before index 0 gave 0
05-09 19:57:51.053  2029  2224 D GStreamer+decodebin: 0:06:35.441282037 0xf3d043b0 gstdecodebin2.c:1632:analyze_new_pad:<forhwgl> No final caps set yet, delaying autoplugging
05-09 19:57:51.053  2029  2225 D GStreamer+qtdemux: 0:06:35.441334225 0xf3d19ac0 qtdemux.c:4376:gst_qtdemux_activate_segment:<q:video_0> moving backwards to keyframe at 0 (pts 0:00:00.000000000 dts 0:00:00.000000000 )
05-09 19:57:51.053  2029  2225 D GStreamer+qtdemux: 0:06:35.441378495 0xf3d19ac0 qtdemux.c:1218:gst_qtdemux_move_stream:<q> moving to sample 0 of 387
05-09 19:57:51.053  2029  2224 I GStreamer+typefind: 0:06:35.441400370 0xf3d043b0 gsttypefindelement.c:178:gst_type_find_element_have_type:<typefind> found caps video/x-h264, stream-format=(string)avc, alignment=(string)au, level=(string)4, profile=(string)baseline, codec_data=(buffer)01428028ffe1000a27428028e54028016b2001000528de01ae20, width=(int)1280, height=(int)1440, framerate=(fraction)151/3, pixel-aspect-ratio=(fraction)1/1, probability=100
05-09 19:57:51.053  2029  2225 D GStreamer+qtdemux: 0:06:35.441446620 0xf3d19ac0 qtdemux.c:5197:gst_qtdemux_loop_state_movie:<q> pushing from stream 0, empty 0 offset 48, size 45231, dts=0:00:00.000000000, pts=0:00:00.000000000, duration 0:00:00.042666666
05-09 19:57:51.053  2029  2224 I GStreamer+GST_EVENT: 0:06:35.441483183 0xf3d043b0 gstevent.c:679:gst_event_new_caps creating caps event video/x-h264, stream-format=(string)avc, alignment=(string)au, level=(string)4, profile=(string)baseline, codec_data=(buffer)01428028ffe1000a27428028e54028016b2001000528de01ae20, width=(int)1280, height=(int)1440, framerate=(fraction)151/3, pixel-aspect-ratio=(fraction)1/1
05-09 19:57:51.053  2029  2225 D GStreamer+basesrc: 0:06:35.441512662 0xf3d19ac0 gstbasesrc.c:2355:gst_base_src_update_length:<filesrc3> reading offset 48, length 45231, size 16031303, segment.stop -1, maxsize 16031303
05-09 19:57:51.053  2029  2224 D GStreamer+GST_EVENT: 0:06:35.441528079 0xf3d043b0 gstevent.c:302:gst_event_new_custom creating new event 0xf396ba50 caps 12814
05-09 19:57:51.053  2029  2225 D GStreamer+basesrc: 0:06:35.441558912 0xf3d19ac0 gstbasesrc.c:2456:gst_base_src_get_range:<filesrc3> calling create offset 48 length 45231, time 0
05-09 19:57:51.053  2029  2224 D GStreamer+GST_PADS: 0:06:35.441586777 0xf3d043b0 gstpad.c:5053:store_sticky_event:<typefind:src> notify caps
05-09 19:57:51.053  2029  2225 D GStreamer+GST_MEMORY: 0:06:35.441608131 0xf3d19ac0 gstmemory.c:138:gst_memory_init new memory 0xf3d04800, maxsize:45234 offset:0 size:45231
05-09 19:57:51.053  2029  2224 D GStreamer+decodebin: 0:06:35.441642037 0xf3d043b0 gstdecodebin2.c:2921:pad_added_cb:<typefind:src> pad added, chain:0xf3d6f9f0
05-09 19:57:51.053  2029  2224 D GStreamer+GST_CAPS: 0:06:35.441719433 0xf3d043b0 gstpad.c:2648:gst_pad_get_current_caps:<typefind:src> get current pad caps video/x-h264, stream-format=(string)avc, alignment=(string)au, level=(string)4, profile=(string)baseline, codec_data=(buffer)01428028ffe1000a27428028e54028016b2001000528de01ae20, width=(int)1280, height=(int)1440, framerate=(fraction)151/3, pixel-aspect-ratio=(fraction)1/1
05-09 19:57:51.053  2029  2224 D GStreamer+decodebin: 0:06:35.441804745 0xf3d043b0 gstdecodebin2.c:1531:analyze_new_pad:<forhwgl> Pad typefind:src caps:video/x-h264, stream-format=(string)avc, alignment=(string)au, level=(string)4, profile=(string)baseline, codec_data=(buffer)01428028ffe1000a27428028e54028016b2001000528de01ae20, width=(int)1280, height=(int)1440, framerate=(fraction)151/3, pixel-aspect-ratio=(fraction)1/1
05-09 19:57:51.053  2029  2224 D GStreamer+GST_PADS: 0:06:35.441846100 0xf3d043b0 gstpad.c:1062:gst_pad_set_active:<'':decodepad4> pad was active in push mode
05-09 19:57:51.054  2029  2224 D GStreamer+GST_PADS: 0:06:35.441899589 0xf3d043b0 gstghostpad.c:840:gst_ghost_pad_set_target:<'':decodepad4> set target typefind:src
05-09 19:57:51.054  2029  2224 I GStreamer+GST_ELEMENT_PADS: 0:06:35.441942714 0xf3d043b0 gstpad.c:2048:gst_pad_unlink unlinking typefind:src(0xf3cfa428) and decodepad4:proxypad14(0xf39234b8)
05-09 19:57:51.054  2029  2224 D GStreamer+GST_BUS: 0:06:35.442034225 0xf3d043b0 gstbus.c:309:gst_bus_post:<bus16> [msg 0xf39251b8] posting on bus structure-change message: 0xf39251b8, time 99:99:99.999999999, seq-num 2010, element 'proxypad14', GstMessageStructureChange, type=(GstStructureChangeType)GST_STRUCTURE_CHANGE_TYPE_PAD_UNLINK, owner=(GstElement)"\(GstTypeFindElement\)\ typefind", busy=(boolean)true;
05-09 19:57:51.054  2029  2224 D GStreamer+bin: 0:06:35.442077870 0xf3d043b0 gstbin.c:3528:gst_bin_handle_message_func:<forhwgl> [msg 0xf39251b8] handling child proxypad14 message of type structure-change
05-09 19:57:51.054  2029  2225 D GStreamer+basesrc: 0:06:35.442117141 0xf3d19ac0 gstbasesrc.c:2310:gst_base_src_do_sync:<filesrc3> we have no clock
05-09 19:57:51.054  2029  2224 D GStreamer+bin: 0:06:35.442135162 0xf3d043b0 gstbin.c:882:find_message:<forhwgl> no message found matching types 00001000
05-09 19:57:51.054  2029  2225 D GStreamer+basesrc: 0:06:35.442156933 0xf3d19ac0 gstbasesrc.c:2520:gst_base_src_get_range:<filesrc3> buffer ok
05-09 19:57:51.054  2029  2224 D GStreamer+bin: 0:06:35.442178079 0xf3d043b0 gstbin.c:889:find_message:<forhwgl>   structure-change
05-09 19:57:51.054  2029  2224 D GStreamer+bin: 0:06:35.442235266 0xf3d043b0 gstbin.c:929:bin_replace_message:<forhwgl> got new message 0xf39251b8, structure-change from proxypad14
05-09 19:57:51.054  2029  2225 D GStreamer+GST_SCHEDULING: 0:06:35.442252037 0xf3d19ac0 gstpad.c:4153:gst_pad_chain_data_unchecked:<queue8:sink> calling chainfunction &gst_queue_chain with buffer buffer: 0xf39e38c8, pts 0:00:00.000000000, dts 0:00:00.000000000, dur 0:00:00.042666666, size 45231, offset none, offset_end none, flags 0x40
05-09 19:57:51.054  2029  2224 D GStreamer+GST_BUS: 0:06:35.442275110 0xf3d043b0 gstbus.c:344:gst_bus_post:<bus16> [msg 0xf39251b8] dropped
05-09 19:57:51.054  2029  2225 D GStreamer+GST_SCHEDULING: 0:06:35.442301100 0xf3d19ac0 gstpad.c:4159:gst_pad_chain_data_unchecked:<queue8:sink> called chainfunction &gst_queue_chain with buffer 0xf39e38c8, returned ok
05-09 19:57:51.054  2029  2224 I GStreamer+GST_ELEMENT_PADS: 0:06:35.442316516 0xf3d043b0 gstpad.c:2102:gst_pad_unlink unlinked typefind:src and decodepad4:proxypad14
05-09 19:57:51.054  2029  2225 D GStreamer+qtdemux: 0:06:35.442344589 0xf3d19ac0 qtdemux.c:7675:qtdemux_parse_samples:<q> parsing up to sample 1
05-09 19:57:51.054  2029  2225 D GStreamer+qtdemux: 0:06:35.442401829 0xf3d19ac0 qtdemux.c:7882:qtdemux_parse_samples:<q> sample 1: index 0, timestamp 0:00:00.042666666
05-09 19:57:51.054  2029  2224 D GStreamer+GST_BUS: 0:06:35.442417558 0xf3d043b0 gstbus.c:309:gst_bus_post:<bus16> [msg 0xf3abf318] posting on bus structure-change message: 0xf3abf318, time 99:99:99.999999999, seq-num 2011, element 'proxypad14', GstMessageStructureChange, type=(GstStructureChangeType)GST_STRUCTURE_CHANGE_TYPE_PAD_UNLINK, owner=(GstElement)"\(GstTypeFindElement\)\ typefind", busy=(boolean)false;
05-09 19:57:51.054  2029  2225 D GStreamer+qtdemux: 0:06:35.442440995 0xf3d19ac0 qtdemux.c:7937:qtdemux_parse_samples:<q> samples at 1 is keyframe
05-09 19:57:51.054  2029  2224 D GStreamer+bin: 0:06:35.442465631 0xf3d043b0 gstbin.c:3528:gst_bin_handle_message_func:<forhwgl> [msg 0xf3abf318] handling child proxypad14 message of type structure-change
05-09 19:57:51.054  2029  2225 D GStreamer+qtdemux: 0:06:35.442508495 0xf3d19ac0 qtdemux.c:5197:gst_qtdemux_loop_state_movie:<q> pushing from stream 0, empty 0 offset 45279, size 32685, dts=0:00:00.042666666, pts=0:00:00.042666666, duration 0:00:00.000000000
05-09 19:57:51.054  2029  2224 D GStreamer+bin: 0:06:35.442523756 0xf3d043b0 gstbin.c:957:bin_remove_messages:<decodepad4:proxypad14> deleting message 0xf39251b8 of types 0x00001000
05-09 19:57:51.054  2029  2225 D GStreamer+basesrc: 0:06:35.442562245 0xf3d19ac0 gstbasesrc.c:2355:gst_base_src_update_length:<filesrc3> reading offset 45279, length 32685, size 16031303, segment.stop -1, maxsize 16031303
05-09 19:57:51.054  2029  2224 D GStreamer+bin: 0:06:35.442577506 0xf3d043b0 gstbin.c:963:bin_remove_messages:<forhwgl> not deleting message 0xf3ab9f80 of type 0x00100000
05-09 19:57:51.054  2029  2225 D GStreamer+basesrc: 0:06:35.442604745 0xf3d19ac0 gstbasesrc.c:2456:gst_base_src_get_range:<filesrc3> calling create offset 45279 length 32685, time 0
05-09 19:57:51.054  2029  2224 D GStreamer+GST_BUS: 0:06:35.442624016 0xf3d043b0 gstbus.c:344:gst_bus_post:<bus16> [msg 0xf3abf318] dropped
05-09 19:57:51.054  2029  2225 D GStreamer+GST_MEMORY: 0:06:35.442655579 0xf3d19ac0 gstmemory.c:138:gst_memory_init new memory 0xf3ceb300, maxsize:32688 offset:0 size:32685
05-09 19:57:51.054  2029  2224 D GStreamer+GST_PADS: 0:06:35.442683964 0xf3d043b0 gstghostpad.c:862:gst_ghost_pad_set_target:<'':decodepad4> connecting internal pad to target <typefind:src>
05-09 19:57:51.054  2029  2225 D GStreamer+basesrc: 0:06:35.442709902 0xf3d19ac0 gstbasesrc.c:2310:gst_base_src_do_sync:<filesrc3> we have no clock
05-09 19:57:51.054  2029  2225 D GStreamer+basesrc: 0:06:35.442749172 0xf3d19ac0 gstbasesrc.c:2520:gst_base_src_get_range:<filesrc3> buffer ok
05-09 19:57:51.054  2029  2224 D GStreamer+GST_BUS: 0:06:35.442774381 0xf3d043b0 gstbus.c:309:gst_bus_post:<bus16> [msg 0xf3ab9c10] posting on bus structure-change message: 0xf3ab9c10, time 99:99:99.999999999, seq-num 2012, element 'proxypad14', GstMessageStructureChange, type=(GstStructureChangeType)GST_STRUCTURE_CHANGE_TYPE_PAD_LINK, owner=(GstElement)"\(GstTypeFindElement\)\ typefind", busy=(boolean)true;
05-09 19:57:51.054  2029  2224 D GStreamer+bin: 0:06:35.442822454 0xf3d043b0 gstbin.c:3528:gst_bin_handle_message_func:<forhwgl> [msg 0xf3ab9c10] handling child proxypad14 message of type structure-change
05-09 19:57:51.054  2029  2225 D GStreamer+GST_SCHEDULING: 0:06:35.442838704 0xf3d19ac0 gstpad.c:4153:gst_pad_chain_data_unchecked:<queue8:sink> calling chainfunction &gst_queue_chain with buffer buffer: 0xf3d02b50, pts 0:00:00.042666666, dts 0:00:00.042666666, dur 0:00:00.000000000, size 32685, offset none, offset_end none, flags 0x0
05-09 19:57:51.055  2029  2224 D GStreamer+bin: 0:06:35.442860422 0xf3d043b0 gstbin.c:882:find_message:<forhwgl> no message found matching types 00001000
05-09 19:57:51.055  2029  2225 D GStreamer+GST_SCHEDULING: 0:06:35.442907766 0xf3d19ac0 gstpad.c:4159:gst_pad_chain_data_unchecked:<queue8:sink> called chainfunction &gst_queue_chain with buffer 0xf3d02b50, returned ok
05-09 19:57:51.055  2029  2224 D GStreamer+bin: 0:06:35.442922870 0xf3d043b0 gstbin.c:889:find_message:<forhwgl>   structure-change
05-09 19:57:51.055  2029  2225 D GStreamer+qtdemux: 0:06:35.442947610 0xf3d19ac0 qtdemux.c:7675:qtdemux_parse_samples:<q> parsing up to sample 2
05-09 19:57:51.055  2029  2224 D GStreamer+bin: 0:06:35.442970006 0xf3d043b0 gstbin.c:929:bin_replace_message:<forhwgl> got new message 0xf3ab9c10, structure-change from proxypad14
05-09 19:57:51.055  2029  2225 D GStreamer+qtdemux: 0:06:35.443001516 0xf3d19ac0 qtdemux.c:7882:qtdemux_parse_samples:<q> sample 2: index 0, timestamp 0:00:00.042666666
05-09 19:57:51.055  2029  2224 D GStreamer+GST_BUS: 0:06:35.443015995 0xf3d043b0 gstbus.c:344:gst_bus_post:<bus16> [msg 0xf3ab9c10] dropped
05-09 19:57:51.055  2029  2225 D GStreamer+qtdemux: 0:06:35.443037454 0xf3d19ac0 qtdemux.c:7937:qtdemux_parse_samples:<q> samples at 2 is keyframe
05-09 19:57:51.055  2029  2224 I GStreamer+GST_PADS: 0:06:35.443063652 0xf3d043b0 gstpad.c:2292:gst_pad_link_prepare trying to link typefind:src and decodepad4:proxypad14
05-09 19:57:51.055  2029  2224 I GStreamer+GST_PADS: 0:06:35.443106725 0xf3d043b0 gstpad.c:2498:gst_pad_link_full linked typefind:src and decodepad4:proxypad14, successful
05-09 19:57:51.055  2029  2225 D GStreamer+qtdemux: 0:06:35.443122245 0xf3d19ac0 qtdemux.c:5197:gst_qtdemux_loop_state_movie:<q> pushing from stream 0, empty 0 offset 77964, size 60083, dts=0:00:00.042666666, pts=0:00:00.042666666, duration 0:00:00.036666667
05-09 19:57:51.055  2029  2224 I GStreamer+GST_EVENT: 0:06:35.443135943 0xf3d043b0 gstevent.c:1382:gst_event_new_reconfigure creating reconfigure event
05-09 19:57:51.055  2029  2224 D GStreamer+GST_EVENT: 0:06:35.443174589 0xf3d043b0 gstevent.c:302:gst_event_new_custom creating new event 0xf3a08798 reconfigure 61441
05-09 19:57:51.055  2029  2225 D GStreamer+basesrc: 0:06:35.443190579 0xf3d19ac0 gstbasesrc.c:2355:gst_base_src_update_length:<filesrc3> reading offset 77964, length 60083, size 16031303, segment.stop -1, maxsize 16031303
05-09 19:57:51.055  2029  2224 D GStreamer+GST_EVENT: 0:06:35.443235735 0xf3d043b0 gstpad.c:5496:gst_pad_send_event_unchecked:<typefind:src> have event type reconfigure event: 0xf3a08798, time 99:99:99.999999999, seq-num 2013, (NULL)
05-09 19:57:51.055  2029  2225 D GStreamer+basesrc: 0:06:35.443249693 0xf3d19ac0 gstbasesrc.c:2456:gst_base_src_get_range:<filesrc3> calling create offset 77964 length 60083, time 0
05-09 19:57:51.055  2029  2224 D GStreamer+GST_PADS: 0:06:35.443274745 0xf3d043b0 gstpad.c:5569:gst_pad_send_event_unchecked:<typefind:src> sent event, ret error
05-09 19:57:51.055  2029  2225 D GStreamer+GST_MEMORY: 0:06:35.443293495 0xf3d19ac0 gstmemory.c:138:gst_memory_init new memory 0xf3da4c08, maxsize:60086 offset:0 size:60083
05-09 19:57:51.055  2029  2224 D GStreamer+GST_BUS: 0:06:35.443358704 0xf3d043b0 gstbus.c:309:gst_bus_post:<bus16> [msg 0xf3abf000] posting on bus structure-change message: 0xf3abf000, time 99:99:99.999999999, seq-num 2014, element 'proxypad14', GstMessageStructureChange, type=(GstStructureChangeType)GST_STRUCTURE_CHANGE_TYPE_PAD_LINK, owner=(GstElement)"\(GstTypeFindElement\)\ typefind", busy=(boolean)false;
05-09 19:57:51.055  2029  2224 D GStreamer+bin: 0:06:35.443397506 0xf3d043b0 gstbin.c:3528:gst_bin_handle_message_func:<forhwgl> [msg 0xf3abf000] handling child proxypad14 message of type structure-change
05-09 19:57:51.055  2029  2224 D GStreamer+bin: 0:06:35.443436412 0xf3d043b0 gstbin.c:957:bin_remove_messages:<decodepad4:proxypad14> deleting message 0xf3ab9c10 of types 0x00001000
05-09 19:57:51.055  2029  2224 D GStreamer+bin: 0:06:35.443478704 0xf3d043b0 gstbin.c:963:bin_remove_messages:<forhwgl> not deleting message 0xf3ab9f80 of type 0x00100000
05-09 19:57:51.055  2029  2224 D GStreamer+GST_BUS: 0:06:35.443516308 0xf3d043b0 gstbus.c:344:gst_bus_post:<bus16> [msg 0xf3abf000] dropped
05-09 19:57:51.055  2029  2225 D GStreamer+basesrc: 0:06:35.443571777 0xf3d19ac0 gstbasesrc.c:2310:gst_base_src_do_sync:<filesrc3> we have no clock
05-09 19:57:51.055  2029  2224 D GStreamer+decodebin: 0:06:35.443594485 0xf3d043b0 gstdecodebin2.c:1487:copy_sticky_events:<'':decodepad4> store sticky event stream-start event: 0xf3d338f8, time 99:99:99.999999999, seq-num 1998, GstEventStreamStart, stream-id=(string)f053c058b440b43524b277045893b30df4e765b8d037f3d09e4ccd970feb850c/001, flags=(GstStreamFlags)GST_STREAM_FLAG_NONE, group-id=(uint)4;
05-09 19:57:51.055  2029  2225 D GStreamer+basesrc: 0:06:35.443615735 0xf3d19ac0 gstbasesrc.c:2520:gst_base_src_get_range:<filesrc3> buffer ok
05-09 19:57:51.055  2029  2225 D GStreamer+GST_SCHEDULING: 0:06:35.443691308 0xf3d19ac0 gstpad.c:4153:gst_pad_chain_data_unchecked:<queue8:sink> calling chainfunction &gst_queue_chain with buffer buffer: 0xf39e42b0, pts 0:00:00.042666666, dts 0:00:00.042666666, dur 0:00:00.036666667, size 60083, offset none, offset_end none, flags 0x0
05-09 19:57:51.055  2029  2224 D GStreamer+decodebin: 0:06:35.443717766 0xf3d043b0 gstdecodebin2.c:1487:copy_sticky_events:<'':decodepad4> store sticky event caps event: 0xf396ba50, time 99:99:99.999999999, seq-num 2009, GstEventCaps, caps=(GstCaps)"video/x-h264\,\ stream-format\=\(string\)avc\,\ alignment\=\(string\)au\,\ level\=\(string\)4\,\ profile\=\(string\)baseline\,\ codec_data\=\(buffer\)01428028ffe1000a27428028e54028016b2001000528de01ae20\,\ width\=\(int\)1280\,\ height\=\(int\)1440\,\ framerate\=\(fraction\)151/3\,\ pixel-aspect-ratio\=\(fraction\)1/1";
05-09 19:57:51.055  2029  2225 D GStreamer+GST_SCHEDULING: 0:06:35.443747297 0xf3d19ac0 gstpad.c:4159:gst_pad_chain_data_unchecked:<queue8:sink> called chainfunction &gst_queue_chain with buffer 0xf39e42b0, returned ok
05-09 19:57:51.055  2029  2224 D GStreamer+GST_PADS: 0:06:35.443760318 0xf3d043b0 gstpad.c:5053:store_sticky_event:<'':decodepad4> notify caps
05-09 19:57:51.055  2029  2225 D GStreamer+qtdemux: 0:06:35.443786152 0xf3d19ac0 qtdemux.c:7675:qtdemux_parse_samples:<q> parsing up to sample 3
05-09 19:57:51.055  2029  2224 D GStreamer+decodebin: 0:06:35.443807245 0xf3d043b0 gstdecodebin2.c:1381:gst_decode_bin_autoplug_continue:<forhwgl> autoplug-continue returns TRUE
05-09 19:57:51.055  2029  2225 D GStreamer+qtdemux: 0:06:35.443834641 0xf3d19ac0 qtdemux.c:7882:qtdemux_parse_samples:<q> sample 3: index 0, timestamp 0:00:00.079333333
05-09 19:57:51.056  2029  2225 D GStreamer+qtdemux: 0:06:35.443885110 0xf3d19ac0 qtdemux.c:7937:qtdemux_parse_samples:<q> samples at 3 is keyframe
05-09 19:57:51.056  2029  2224 D GStreamer+GST_CAPS: 0:06:35.443917610 0xf3d043b0 gstpad.c:2648:gst_pad_get_current_caps:<typefind:src> get current pad caps video/x-h264, stream-format=(string)avc, alignment=(string)au, level=(string)4, profile=(string)baseline, codec_data=(buffer)01428028ffe1000a27428028e54028016b2001000528de01ae20, width=(int)1280, height=(int)1440, framerate=(fraction)151/3, pixel-aspect-ratio=(fraction)1/1
05-09 19:57:51.056  2029  2225 D GStreamer+qtdemux: 0:06:35.443967297 0xf3d19ac0 qtdemux.c:5197:gst_qtdemux_loop_state_movie:<q> pushing from stream 0, empty 0 offset 138047, size 55669, dts=0:00:00.079333333, pts=0:00:00.079333333, duration 0:00:00.020000000
05-09 19:57:51.056  2029  2224 D GStreamer+decodebin: 0:06:35.443985683 0xf3d043b0 gstdecodebin2.c:1395:gst_decode_bin_autoplug_factories:<forhwgl> finding factories
05-09 19:57:51.056  2029  2225 D GStreamer+basesrc: 0:06:35.444019329 0xf3d19ac0 gstbasesrc.c:2355:gst_base_src_update_length:<filesrc3> reading offset 138047, length 55669, size 16031303, segment.stop -1, maxsize 16031303
05-09 19:57:51.056  2029  2225 D GStreamer+basesrc: 0:06:35.444055527 0xf3d19ac0 gstbasesrc.c:2456:gst_base_src_get_range:<filesrc3> calling create offset 138047 length 55669, time 0
05-09 19:57:51.056  2029  2225 D GStreamer+GST_MEMORY: 0:06:35.444093391 0xf3d19ac0 gstmemory.c:138:gst_memory_init new memory 0xf3c612c0, maxsize:55672 offset:0 size:55669
05-09 19:57:51.056  2029  2225 D GStreamer+basesrc: 0:06:35.444151308 0xf3d19ac0 gstbasesrc.c:2310:gst_base_src_do_sync:<filesrc3> we have no clock
05-09 19:57:51.056  2029  2225 D GStreamer+basesrc: 0:06:35.444182766 0xf3d19ac0 gstbasesrc.c:2520:gst_base_src_get_range:<filesrc3> buffer ok
05-09 19:57:51.056  2029  2225 D GStreamer+GST_SCHEDULING: 0:06:35.444249068 0xf3d19ac0 gstpad.c:4153:gst_pad_chain_data_unchecked:<queue8:sink> calling chainfunction &gst_queue_chain with buffer buffer: 0xf39e6ac0, pts 0:00:00.079333333, dts 0:00:00.079333333, dur 0:00:00.020000000, size 55669, offset none, offset_end none, flags 0x0
05-09 19:57:51.056  2029  2225 D GStreamer+GST_SCHEDULING: 0:06:35.444290422 0xf3d19ac0 gstpad.c:4159:gst_pad_chain_data_unchecked:<queue8:sink> called chainfunction &gst_queue_chain with buffer 0xf39e6ac0, returned ok
05-09 19:57:51.056  2029  2225 D GStreamer+qtdemux: 0:06:35.444326568 0xf3d19ac0 qtdemux.c:7675:qtdemux_parse_samples:<q> parsing up to sample 4
05-09 19:57:51.056  2029  2225 D GStreamer+qtdemux: 0:06:35.444369589 0xf3d19ac0 qtdemux.c:7882:qtdemux_parse_samples:<q> sample 4: index 1, timestamp 0:00:00.099333333
05-09 19:57:51.056  2029  2225 D GStreamer+qtdemux: 0:06:35.444401412 0xf3d19ac0 qtdemux.c:7937:qtdemux_parse_samples:<q> samples at 4 is keyframe
05-09 19:57:51.056  2029  2225 D GStreamer+qtdemux: 0:06:35.444458652 0xf3d19ac0 qtdemux.c:5197:gst_qtdemux_loop_state_movie:<q> pushing from stream 0, empty 0 offset 193716, size 51701, dts=0:00:00.099333333, pts=0:00:00.099333333, duration 0:00:00.020000000
05-09 19:57:51.056  2029  2225 D GStreamer+basesrc: 0:06:35.444504381 0xf3d19ac0 gstbasesrc.c:2355:gst_base_src_update_length:<filesrc3> reading offset 193716, length 51701, size 16031303, segment.stop -1, maxsize 16031303
05-09 19:57:51.056  2029  2225 D GStreamer+basesrc: 0:06:35.444540527 0xf3d19ac0 gstbasesrc.c:2456:gst_base_src_get_range:<filesrc3> calling create offset 193716 length 51701, time 0
05-09 19:57:51.056  2029  2225 D GStreamer+GST_MEMORY: 0:06:35.444576933 0xf3d19ac0 gstmemory.c:138:gst_memory_init new memory 0xf3ca7ea0, maxsize:51704 offset:0 size:51701
05-09 19:57:51.056  2029  2225 D GStreamer+basesrc: 0:06:35.444635318 0xf3d19ac0 gstbasesrc.c:2310:gst_base_src_do_sync:<filesrc3> we have no clock
05-09 19:57:51.056  2029  2225 D GStreamer+basesrc: 0:06:35.444665943 0xf3d19ac0 gstbasesrc.c:2520:gst_base_src_get_range:<filesrc3> buffer ok
05-09 19:57:51.056  2029  2225 D GStreamer+GST_SCHEDULING: 0:06:35.444731516 0xf3d19ac0 gstpad.c:4153:gst_pad_chain_data_unchecked:<queue8:sink> calling chainfunction &gst_queue_chain with buffer buffer: 0xf3ac38c0, pts 0:00:00.099333333, dts 0:00:00.099333333, dur 0:00:00.020000000, size 51701, offset none, offset_end none, flags 0x0
05-09 19:57:51.056  2029  2225 D GStreamer+GST_SCHEDULING: 0:06:35.444773235 0xf3d19ac0 gstpad.c:4159:gst_pad_chain_data_unchecked:<queue8:sink> called chainfunction &gst_queue_chain with buffer 0xf3ac38c0, returned ok
05-09 19:57:51.056  2029  2225 D GStreamer+qtdemux: 0:06:35.444808131 0xf3d19ac0 qtdemux.c:7675:qtdemux_parse_samples:<q> parsing up to sample 5
05-09 19:57:51.056  2029  2225 D GStreamer+qtdemux: 0:06:35.444849693 0xf3d19ac0 qtdemux.c:7882:qtdemux_parse_samples:<q> sample 5: index 0, timestamp 0:00:00.119333333
05-09 19:57:51.057  2029  2224 D GStreamer+GST_ELEMENT_FACTORY: 0:06:35.444894797 0xf3d043b0 gstelementfactory.c:837:gst_element_factory_list_filter finding factories
05-09 19:57:51.057  2029  2225 D GStreamer+qtdemux: 0:06:35.444910370 0xf3d19ac0 qtdemux.c:7937:qtdemux_parse_samples:<q> samples at 5 is keyframe
05-09 19:57:51.057  2029  2224 D GStreamer+GST_ELEMENT_FACTORY: 0:06:35.444930839 0xf3d043b0 gstelementfactory.c:848:gst_element_factory_list_filter Trying mpegaudioparse
05-09 19:57:51.057  2029  2224 D GStreamer+GST_ELEMENT_FACTORY: 0:06:35.444966933 0xf3d043b0 gstelementfactory.c:848:gst_element_factory_list_filter Trying aacparse
05-09 19:57:51.057  2029  2225 D GStreamer+qtdemux: 0:06:35.444981620 0xf3d19ac0 qtdemux.c:5197:gst_qtdemux_loop_state_movie:<q> pushing from stream 0, empty 0 offset 245417, size 51191, dts=0:00:00.119333333, pts=0:00:00.119333333, duration 0:00:00.019666667
05-09 19:57:51.057  2029  2224 D GStreamer+GST_ELEMENT_FACTORY: 0:06:35.445001568 0xf3d043b0 gstelementfactory.c:848:gst_element_factory_list_filter Trying ac3parse
05-09 19:57:51.057  2029  2224 D GStreamer+GST_ELEMENT_FACTORY: 0:06:35.445033079 0xf3d043b0 gstelementfactory.c:848:gst_element_factory_list_filter Trying amrparse
05-09 19:57:51.057  2029  2225 D GStreamer+basesrc: 0:06:35.445048079 0xf3d19ac0 gstbasesrc.c:2355:gst_base_src_update_length:<filesrc3> reading offset 245417, length 51191, size 16031303, segment.stop -1, maxsize 16031303
05-09 19:57:51.057  2029  2224 D GStreamer+GST_ELEMENT_FACTORY: 0:06:35.445065475 0xf3d043b0 gstelementfactory.c:848:gst_element_factory_list_filter Trying dcaparse
05-09 19:57:51.057  2029  2225 D GStreamer+basesrc: 0:06:35.445092506 0xf3d19ac0 gstbasesrc.c:2456:gst_base_src_get_range:<filesrc3> calling create offset 245417 length 51191, time 0
05-09 19:57:51.057  2029  2224 D GStreamer+GST_ELEMENT_FACTORY: 0:06:35.445108704 0xf3d043b0 gstelementfactory.c:848:gst_element_factory_list_filter Trying flacparse
05-09 19:57:51.057  2029  2225 D GStreamer+GST_MEMORY: 0:06:35.445133391 0xf3d19ac0 gstmemory.c:138:gst_memory_init new memory 0xf3c4d260, maxsize:51194 offset:0 size:51191
05-09 19:57:51.057  2029  2224 D GStreamer+GST_ELEMENT_FACTORY: 0:06:35.445148131 0xf3d043b0 gstelementfactory.c:848:gst_element_factory_list_filter Trying h263parse
05-09 19:57:51.057  2029  2224 D GStreamer+GST_ELEMENT_FACTORY: 0:06:35.445178235 0xf3d043b0 gstelementfactory.c:848:gst_element_factory_list_filter Trying h264parse
05-09 19:57:51.057  2029  2224 D GStreamer+GST_ELEMENT_FACTORY: 0:06:35.445207454 0xf3d043b0 gstelementfactory.c:848:gst_element_factory_list_filter Trying mpeg4videoparse
05-09 19:57:51.057  2029  2224 D GStreamer+GST_ELEMENT_FACTORY: 0:06:35.445235943 0xf3d043b0 gstelementfactory.c:848:gst_element_factory_list_filter Trying mpegvideoparse
05-09 19:57:51.057  2029  2224 D GStreamer+GST_ELEMENT_FACTORY: 0:06:35.445265839 0xf3d043b0 gstelementfactory.c:848:gst_element_factory_list_filter Trying sbcparse
05-09 19:57:51.057  2029  2224 D GStreamer+GST_ELEMENT_FACTORY: 0:06:35.445296464 0xf3d043b0 gstelementfactory.c:848:gst_element_factory_list_filter Trying wavpackparse
05-09 19:57:51.057  2029  2224 D GStreamer+GST_ELEMENT_FACTORY: 0:06:35.445323964 0xf3d043b0 gstelementfactory.c:848:gst_element_factory_list_filter Trying avisubtitle
05-09 19:57:51.057  2029  2224 D GStreamer+GST_ELEMENT_FACTORY: 0:06:35.445351829 0xf3d043b0 gstelementfactory.c:848:gst_element_factory_list_filter Trying oggaviparse
05-09 19:57:51.057  2029  2224 D GStreamer+GST_ELEMENT_FACTORY: 0:06:35.445380735 0xf3d043b0 gstelementfactory.c:848:gst_element_factory_list_filter Trying pngparse
05-09 19:57:51.057  2029  2225 D GStreamer+basesrc: 0:06:35.445409381 0xf3d19ac0 gstbasesrc.c:2310:gst_base_src_do_sync:<filesrc3> we have no clock
05-09 19:57:51.057  2029  2224 D GStreamer+GST_ELEMENT_FACTORY: 0:06:35.445425735 0xf3d043b0 gstelementfactory.c:848:gst_element_factory_list_filter Trying ssaparse
05-09 19:57:51.057  2029  2225 D GStreamer+basesrc: 0:06:35.445445839 0xf3d19ac0 gstbasesrc.c:2520:gst_base_src_get_range:<filesrc3> buffer ok
05-09 19:57:51.057  2029  2224 D GStreamer+GST_ELEMENT_FACTORY: 0:06:35.445462193 0xf3d043b0 gstelementfactory.c:848:gst_element_factory_list_filter Trying subparse
05-09 19:57:51.057  2029  2224 D GStreamer+GST_ELEMENT_FACTORY: 0:06:35.445495579 0xf3d043b0 gstelementfactory.c:848:gst_element_factory_list_filter Trying h265parse
05-09 19:57:51.057  2029  2225 D GStreamer+GST_SCHEDULING: 0:06:35.445535110 0xf3d19ac0 gstpad.c:4153:gst_pad_chain_data_unchecked:<queue8:sink> calling chainfunction &gst_queue_chain with buffer buffer: 0xf39e2b38, pts 0:00:00.119333333, dts 0:00:00.119333333, dur 0:00:00.019666667, size 51191, offset none, offset_end none, flags 0x0
05-09 19:57:51.057  2029  2224 D GStreamer+GST_ELEMENT_FACTORY: 0:06:35.445548756 0xf3d043b0 gstelementfactory.c:848:gst_element_factory_list_filter Trying adpcmdec
05-09 19:57:51.057  2029  2225 D GStreamer+GST_SCHEDULING: 0:06:35.445584589 0xf3d19ac0 gstpad.c:4159:gst_pad_chain_data_unchecked:<queue8:sink> called chainfunction &gst_queue_chain with buffer 0xf39e2b38, returned ok
05-09 19:57:51.057  2029  2224 D GStreamer+GST_ELEMENT_FACTORY: 0:06:35.445598756 0xf3d043b0 gstelementfactory.c:848:gst_element_factory_list_filter Trying alawdec
05-09 19:57:51.057  2029  2225 D GStreamer+qtdemux: 0:06:35.445625370 0xf3d19ac0 qtdemux.c:7675:qtdemux_parse_samples:<q> parsing up to sample 6
05-09 19:57:51.057  2029  2224 D GStreamer+GST_ELEMENT_FACTORY: 0:06:35.445640058 0xf3d043b0 gstelementfactory.c:848:gst_element_factory_list_filter Trying amcauddec-omxgoogleaacdecoder
05-09 19:57:51.057  2029  2224 D GStreamer+GST_ELEMENT_FACTORY: 0:06:35.445677402 0xf3d043b0 gstelementfactory.c:848:gst_element_factory_list_filter Trying amcauddec-omxgoogleamrnbdecoder
05-09 19:57:51.057  2029  2225 D GStreamer+qtdemux: 0:06:35.445693495 0xf3d19ac0 qtdemux.c:7882:qtdemux_parse_samples:<q> sample 6: index 0, timestamp 0:00:00.139000000
05-09 19:57:51.057  2029  2224 D GStreamer+GST_ELEMENT_FACTORY: 0:06:35.445712350 0xf3d043b0 gstelementfactory.c:848:gst_element_factory_list_filter Trying amcauddec-omxgoogleamrwbdecoder
05-09 19:57:51.057  2029  2225 D GStreamer+qtdemux: 0:06:35.445734225 0xf3d19ac0 qtdemux.c:7937:qtdemux_parse_samples:<q> samples at 6 is keyframe
05-09 19:57:51.057  2029  2224 D GStreamer+GST_ELEMENT_FACTORY: 0:06:35.445748391 0xf3d043b0 gstelementfactory.c:848:gst_element_factory_list_filter Trying amcauddec-omxgooglemp3decoder
05-09 19:57:51.057  2029  2224 D GStreamer+GST_ELEMENT_FACTORY: 0:06:35.445795787 0xf3d043b0 gstelementfactory.c:848:gst_element_factory_list_filter Trying amcauddec-omxgoogleopusdecoder
05-09 19:57:51.057  2029  2225 D GStreamer+qtdemux: 0:06:35.445810943 0xf3d19ac0 qtdemux.c:5197:gst_qtdemux_loop_state_movie:<q> pushing from stream 0, empty 0 offset 296608, size 42510, dts=0:00:00.139000000, pts=0:00:00.139000000, duration 0:00:00.020000000
05-09 19:57:51.057  2029  2224 D GStreamer+GST_ELEMENT_FACTORY: 0:06:35.445829537 0xf3d043b0 gstelementfactory.c:848:gst_element_factory_list_filter Trying amcviddec-omxnvidiah263decode
05-09 19:57:51.058  2029  2224 D GStreamer+GST_ELEMENT_FACTORY: 0:06:35.445863600 0xf3d043b0 gstelementfactory.c:848:gst_element_factory_list_filter Trying amcviddec-omxnvidiah264decode
05-09 19:57:51.058  2029  2225 D GStreamer+basesrc: 0:06:35.445903079 0xf3d19ac0 gstbasesrc.c:2355:gst_base_src_update_length:<filesrc3> reading offset 296608, length 42510, size 16031303, segment.stop -1, maxsize 16031303
05-09 19:57:51.058  2029  2224 D GStreamer+GST_ELEMENT_FACTORY: 0:06:35.445929954 0xf3d043b0 gstelementfactory.c:848:gst_element_factory_list_filter Trying amcviddec-omxnvidiah265decode
05-09 19:57:51.058  2029  2225 D GStreamer+basesrc: 0:06:35.445946100 0xf3d19ac0 gstbasesrc.c:2456:gst_base_src_get_range:<filesrc3> calling create offset 296608 length 42510, time 0
05-09 19:57:51.058  2029  2224 D GStreamer+GST_ELEMENT_FACTORY: 0:06:35.445963287 0xf3d043b0 gstelementfactory.c:848:gst_element_factory_list_filter Trying amcviddec-omxnvidiamp4decode
05-09 19:57:51.058  2029  2225 D GStreamer+GST_MEMORY: 0:06:35.445994850 0xf3d19ac0 gstmemory.c:138:gst_memory_init new memory 0xf3e97b78, maxsize:42513 offset:0 size:42510
05-09 19:57:51.058  2029  2224 D GStreamer+GST_ELEMENT_FACTORY: 0:06:35.446010162 0xf3d043b0 gstelementfactory.c:848:gst_element_factory_list_filter Trying amcviddec-omxnvidiavp8decode
05-09 19:57:51.058  2029  2224 D GStreamer+GST_ELEMENT_FACTORY: 0:06:35.446041256 0xf3d043b0 gstelementfactory.c:848:gst_element_factory_list_filter Trying amcviddec-omxnvidiavp9decode
05-09 19:57:51.058  2029  2225 D GStreamer+basesrc: 0:06:35.446051412 0xf3d19ac0 gstbasesrc.c:2310:gst_base_src_do_sync:<filesrc3> we have no clock
05-09 19:57:51.058  2029  2224 D GStreamer+GST_ELEMENT_FACTORY: 0:06:35.446069745 0xf3d043b0 gstelementfactory.c:848:gst_element_factory_list_filter Trying apedemux
05-09 19:57:51.058  2029  2225 D GStreamer+basesrc: 0:06:35.446084589 0xf3d19ac0 gstbasesrc.c:2520:gst_base_src_get_range:<filesrc3> buffer ok
05-09 19:57:51.058  2029  2224 D GStreamer+GST_ELEMENT_FACTORY: 0:06:35.446101777 0xf3d043b0 gstelementfactory.c:848:gst_element_factory_list_filter Trying avidemux
05-09 19:57:51.058  2029  2224 D GStreamer+GST_ELEMENT_FACTORY: 0:06:35.446137506 0xf3d043b0 gstelementfactory.c:848:gst_element_factory_list_filter Trying dashdemux
05-09 19:57:51.058  2029  2225 D GStreamer+GST_SCHEDULING: 0:06:35.446165787 0xf3d19ac0 gstpad.c:4153:gst_pad_chain_data_unchecked:<queue8:sink> calling chainfunction &gst_queue_chain with buffer buffer: 0xf39e3968, pts 0:00:00.139000000, dts 0:00:00.139000000, dur 0:00:00.020000000, size 42510, offset none, offset_end none, flags 0x0
05-09 19:57:51.058  2029  2224 D GStreamer+GST_ELEMENT_FACTORY: 0:06:35.446180058 0xf3d043b0 gstelementfactory.c:848:gst_element_factory_list_filter Trying dvdemux
05-09 19:57:51.058  2029  2225 D GStreamer+GST_SCHEDULING: 0:06:35.446211308 0xf3d19ac0 gstpad.c:4159:gst_pad_chain_data_unchecked:<queue8:sink> called chainfunction &gst_queue_chain with buffer 0xf39e3968, returned ok
05-09 19:57:51.058  2029  2224 D GStreamer+GST_ELEMENT_FACTORY: 0:06:35.446224954 0xf3d043b0 gstelementfactory.c:848:gst_element_factory_list_filter Trying flacdec
05-09 19:57:51.058  2029  2225 D GStreamer+qtdemux: 0:06:35.446249954 0xf3d19ac0 qtdemux.c:7675:qtdemux_parse_samples:<q> parsing up to sample 7
05-09 19:57:51.058  2029  2224 D GStreamer+GST_ELEMENT_FACTORY: 0:06:35.446264641 0xf3d043b0 gstelementfactory.c:848:gst_element_factory_list_filter Trying flvdemux
05-09 19:57:51.058  2029  2225 D GStreamer+qtdemux: 0:06:35.446296777 0xf3d19ac0 qtdemux.c:7882:qtdemux_parse_samples:<q> sample 7: index 1, timestamp 0:00:00.159000000
05-09 19:57:51.058  2029  2224 D GStreamer+GST_ELEMENT_FACTORY: 0:06:35.446310370 0xf3d043b0 gstelementfactory.c:848:gst_element_factory_list_filter Trying flxdec
05-09 19:57:51.058  2029  2225 D GStreamer+qtdemux: 0:06:35.446333547 0xf3d19ac0 qtdemux.c:7937:qtdemux_parse_samples:<q> samples at 7 is keyframe
05-09 19:57:51.058  2029  2224 D GStreamer+GST_ELEMENT_FACTORY: 0:06:35.446352610 0xf3d043b0 gstelementfactory.c:848:gst_element_factory_list_filter Trying hlsdemux
05-09 19:57:51.058  2029  2224 D GStreamer+GST_ELEMENT_FACTORY: 0:06:35.446384641 0xf3d043b0 gstelementfactory.c:848:gst_element_factory_list_filter Trying icydemux
05-09 19:57:51.058  2029  2225 D GStreamer+qtdemux: 0:06:35.446399016 0xf3d19ac0 qtdemux.c:5197:gst_qtdemux_loop_state_movie:<q> pushing from stream 0, empty 0 offset 339118, size 49125, dts=0:00:00.159000000, pts=0:00:00.159000000, duration 0:00:00.020000000
05-09 19:57:51.058  2029  2224 D GStreamer+GST_ELEMENT_FACTORY: 0:06:35.446415891 0xf3d043b0 gstelementfactory.c:848:gst_element_factory_list_filter Trying id3demux
05-09 19:57:51.058  2029  2225 D GStreamer+basesrc: 0:06:35.446449225 0xf3d19ac0 gstbasesrc.c:2355:gst_base_src_update_length:<filesrc3> reading offset 339118, length 49125, size 16031303, segment.stop -1, maxsize 16031303
05-09 19:57:51.058  2029  2224 D GStreamer+GST_ELEMENT_FACTORY: 0:06:35.446463443 0xf3d043b0 gstelementfactory.c:848:gst_element_factory_list_filter Trying jpegdec
05-09 19:57:51.058  2029  2225 D GStreamer+basesrc: 0:06:35.446487141 0xf3d19ac0 gstbasesrc.c:2456:gst_base_src_get_range:<filesrc3> calling create offset 339118 length 49125, time 0
05-09 19:57:51.058  2029  2224 D GStreamer+GST_ELEMENT_FACTORY: 0:06:35.446498079 0xf3d043b0 gstelementfactory.c:848:gst_element_factory_list_filter Trying katedec
05-09 19:57:51.058  2029  2225 D GStreamer+GST_MEMORY: 0:06:35.446526516 0xf3d19ac0 gstmemory.c:138:gst_memory_init new memory 0xf3de0e60, maxsize:49128 offset:0 size:49125
05-09 19:57:51.058  2029  2224 D GStreamer+GST_ELEMENT_FACTORY: 0:06:35.446540475 0xf3d043b0 gstelementfactory.c:848:gst_element_factory_list_filter Trying matroskademux
05-09 19:57:51.058  2029  2225 D GStreamer+basesrc: 0:06:35.446584329 0xf3d19ac0 gstbasesrc.c:2310:gst_base_src_do_sync:<filesrc3> we have no clock
05-09 19:57:51.058  2029  2224 D GStreamer+GST_ELEMENT_FACTORY: 0:06:35.446589016 0xf3d043b0 gstelementfactory.c:848:gst_element_factory_list_filter Trying midiparse
05-09 19:57:51.058  2029  2225 D GStreamer+basesrc: 0:06:35.446616829 0xf3d19ac0 gstbasesrc.c:2520:gst_base_src_get_range:<filesrc3> buffer ok
05-09 19:57:51.058  2029  2224 D GStreamer+GST_ELEMENT_FACTORY: 0:06:35.446631985 0xf3d043b0 gstelementfactory.c:848:gst_element_factory_list_filter Trying mssdemux
05-09 19:57:51.058  2029  2224 D GStreamer+GST_ELEMENT_FACTORY: 0:06:35.446668391 0xf3d043b0 gstelementfactory.c:848:gst_element_factory_list_filter Trying mulawdec
05-09 19:57:51.058  2029  2225 D GStreamer+GST_SCHEDULING: 0:06:35.446692350 0xf3d19ac0 gstpad.c:4153:gst_pad_chain_data_unchecked:<queue8:sink> calling chainfunction &gst_queue_chain with buffer buffer: 0xf39e2958, pts 0:00:00.159000000, dts 0:00:00.159000000, dur 0:00:00.020000000, size 49125, offset none, offset_end none, flags 0x0
05-09 19:57:51.058  2029  2224 D GStreamer+GST_ELEMENT_FACTORY: 0:06:35.446706881 0xf3d043b0 gstelementfactory.c:848:gst_element_factory_list_filter Trying multipartdemux
05-09 19:57:51.058  2029  2225 D GStreamer+GST_SCHEDULING: 0:06:35.446736725 0xf3d19ac0 gstpad.c:4159:gst_pad_chain_data_unchecked:<queue8:sink> called chainfunction &gst_queue_chain with buffer 0xf39e2958, returned ok
05-09 19:57:51.058  2029  2224 D GStreamer+GST_ELEMENT_FACTORY: 0:06:35.446750162 0xf3d043b0 gstelementfactory.c:848:gst_element_factory_list_filter Trying mxfdemux
05-09 19:57:51.058  2029  2224 D GStreamer+GST_ELEMENT_FACTORY: 0:06:35.446783912 0xf3d043b0 gstelementfactory.c:848:gst_element_factory_list_filter Trying oggdemux
05-09 19:57:51.058  2029  2225 D GStreamer+qtdemux: 0:06:35.446789172 0xf3d19ac0 qtdemux.c:7675:qtdemux_parse_samples:<q> parsing up to sample 8
05-09 19:57:51.058  2029  2224 D GStreamer+GST_ELEMENT_FACTORY: 0:06:35.446812558 0xf3d043b0 gstelementfactory.c:848:gst_element_factory_list_filter Trying ogmaudioparse
05-09 19:57:51.058  2029  2225 D GStreamer+qtdemux: 0:06:35.446838808 0xf3d19ac0 qtdemux.c:7882:qtdemux_parse_samples:<q> sample 8: index 0, timestamp 0:00:00.179000000
05-09 19:57:51.058  2029  2224 D GStreamer+GST_ELEMENT_FACTORY: 0:06:35.446853912 0xf3d043b0 gstelementfactory.c:848:gst_element_factory_list_filter Trying ogmtextparse
05-09 19:57:51.059  2029  2225 D GStreamer+qtdemux: 0:06:35.446887558 0xf3d19ac0 qtdemux.c:7937:qtdemux_parse_samples:<q> samples at 8 is keyframe
05-09 19:57:51.059  2029  2224 D GStreamer+GST_ELEMENT_FACTORY: 0:06:35.446897402 0xf3d043b0 gstelementfactory.c:848:gst_element_factory_list_filter Trying ogmvideoparse
05-09 19:57:51.059  2029  2224 D GStreamer+GST_ELEMENT_FACTORY: 0:06:35.446931047 0xf3d043b0 gstelementfactory.c:848:gst_element_factory_list_filter Trying openjpegdec
05-09 19:57:51.059  2029  2225 D GStreamer+qtdemux: 0:06:35.446956829 0xf3d19ac0 qtdemux.c:5197:gst_qtdemux_loop_state_movie:<q> pushing from stream 0, empty 0 offset 388243, size 43543, dts=0:00:00.179000000, pts=0:00:00.179000000, duration 0:00:00.019666666
05-09 19:57:51.059  2029  2224 D GStreamer+GST_ELEMENT_FACTORY: 0:06:35.446971412 0xf3d043b0 gstelementfactory.c:848:gst_element_factory_list_filter Trying opusdec
05-09 19:57:51.059  2029  2225 D GStreamer+basesrc: 0:06:35.447005579 0xf3d19ac0 gstbasesrc.c:2355:gst_base_src_update_length:<filesrc3> reading offset 388243, length 43543, size 16031303, segment.stop -1, maxsize 16031303
05-09 19:57:51.059  2029  2224 D GStreamer+GST_ELEMENT_FACTORY: 0:06:35.447019485 0xf3d043b0 gstelementfactory.c:848:gst_element_factory_list_filter Trying pngdec
05-09 19:57:51.059  2029  2225 D GStreamer+basesrc: 0:06:35.447046100 0xf3d19ac0 gstbasesrc.c:2456:gst_base_src_get_range:<filesrc3> calling create offset 388243 length 43543, time 0
05-09 19:57:51.059  2029  2224 D GStreamer+GST_ELEMENT_FACTORY: 0:06:35.447060318 0xf3d043b0 gstelementfactory.c:848:gst_element_factory_list_filter Trying pnmdec
05-09 19:57:51.059  2029  2225 D GStreamer+GST_MEMORY: 0:06:35.447088391 0xf3d19ac0 gstmemory.c:138:gst_memory_init new memory 0xf3bbbd40, maxsize:43546 offset:0 size:43543
05-09 19:57:51.059  2029  2224 D GStreamer+GST_ELEMENT_FACTORY: 0:06:35.447101881 0xf3d043b0 gstelementfactory.c:848:gst_element_factory_list_filter Trying qtdemux
05-09 19:57:51.059  2029  2224 D GStreamer+GST_ELEMENT_FACTORY: 0:06:35.447132141 0xf3d043b0 gstelementfactory.c:848:gst_element_factory_list_filter Trying rsvgdec
05-09 19:57:51.059  2029  2224 D GStreamer+GST_ELEMENT_FACTORY: 0:06:35.447161308 0xf3d043b0 gstelementfactory.c:848:gst_element_factory_list_filter Trying rtpopusdepay
05-09 19:57:51.059  2029  2224 D GStreamer+GST_ELEMENT_FACTORY: 0:06:35.447189589 0xf3d043b0 gstelementfactory.c:848:gst_element_factory_list_filter Trying schrodec
05-09 19:57:51.059  2029  2224 D GStreamer+GST_ELEMENT_FACTORY: 0:06:35.447219589 0xf3d043b0 gstelementfactory.c:848:gst_element_factory_list_filter Trying speexdec
05-09 19:57:51.059  2029  2224 D GStreamer+GST_ELEMENT_FACTORY: 0:06:35.447248391 0xf3d043b0 gstelementfactory.c:848:gst_element_factory_list_filter Trying theoradec
05-09 19:57:51.059  2029  2224 D GStreamer+GST_ELEMENT_FACTORY: 0:06:35.447275579 0xf3d043b0 gstelementfactory.c:848:gst_element_factory_list_filter Trying vorbisdec
05-09 19:57:51.059  2029  2224 D GStreamer+GST_ELEMENT_FACTORY: 0:06:35.447305735 0xf3d043b0 gstelementfactory.c:848:gst_element_factory_list_filter Trying vp8dec
05-09 19:57:51.059  2029  2224 D GStreamer+GST_ELEMENT_FACTORY: 0:06:35.447334589 0xf3d043b0 gstelementfactory.c:848:gst_element_factory_list_filter Trying vp9dec
05-09 19:57:51.059  2029  2225 D GStreamer+basesrc: 0:06:35.447346672 0xf3d19ac0 gstbasesrc.c:2310:gst_base_src_do_sync:<filesrc3> we have no clock
05-09 19:57:51.059  2029  2224 D GStreamer+GST_ELEMENT_FACTORY: 0:06:35.447365683 0xf3d043b0 gstelementfactory.c:848:gst_element_factory_list_filter Trying wavpackdec
05-09 19:57:51.059  2029  2225 D GStreamer+basesrc: 0:06:35.447383495 0xf3d19ac0 gstbasesrc.c:2520:gst_base_src_get_range:<filesrc3> buffer ok
05-09 19:57:51.059  2029  2224 D GStreamer+GST_ELEMENT_FACTORY: 0:06:35.447400891 0xf3d043b0 gstelementfactory.c:848:gst_element_factory_list_filter Trying wavparse
05-09 19:57:51.059  2029  2224 D GStreamer+GST_ELEMENT_FACTORY: 0:06:35.447436620 0xf3d043b0 gstelementfactory.c:848:gst_element_factory_list_filter Trying amcviddec-omxgoogleh263decoder
05-09 19:57:51.059  2029  2225 D GStreamer+GST_SCHEDULING: 0:06:35.447473131 0xf3d19ac0 gstpad.c:4153:gst_pad_chain_data_unchecked:<queue8:sink> calling chainfunction &gst_queue_chain with buffer buffer: 0xf3b72038, pts 0:00:00.179000000, dts 0:00:00.179000000, dur 0:00:00.019666666, size 43543, offset none, offset_end none, flags 0x0
05-09 19:57:51.059  2029  2224 D GStreamer+GST_ELEMENT_FACTORY: 0:06:35.447487870 0xf3d043b0 gstelementfactory.c:848:gst_element_factory_list_filter Trying amcviddec-omxgoogleh264decoder
05-09 19:57:51.059  2029  2225 D GStreamer+GST_SCHEDULING: 0:06:35.447519641 0xf3d19ac0 gstpad.c:4159:gst_pad_chain_data_unchecked:<queue8:sink> called chainfunction &gst_queue_chain with buffer 0xf3b72038, returned ok
05-09 19:57:51.059  2029  2224 D GStreamer+GST_ELEMENT_FACTORY: 0:06:35.447536308 0xf3d043b0 gstelementfactory.c:848:gst_element_factory_list_filter Trying amcviddec-omxgooglehevcdecoder
05-09 19:57:51.059  2029  2225 D GStreamer+qtdemux: 0:06:35.447563860 0xf3d19ac0 qtdemux.c:7675:qtdemux_parse_samples:<q> parsing up to sample 9
05-09 19:57:51.059  2029  2224 D GStreamer+GST_ELEMENT_FACTORY: 0:06:35.447577662 0xf3d043b0 gstelementfactory.c:848:gst_element_factory_list_filter Trying amcviddec-omxgooglempeg4decoder
05-09 19:57:51.059  2029  2224 D GStreamer+GST_ELEMENT_FACTORY: 0:06:35.447610579 0xf3d043b0 gstelementfactory.c:848:gst_element_factory_list_filter Trying amcviddec-omxgooglevp8decoder
