05-09 19:57:51.262  2029  2230 D GStreamer+GST_EVENT: 0:06:35.649990318 0xf3ac6830 gstpad.c:5496:gst_pad_send_event_unchecked:<src_0:proxypad14> have event type tag event: 0xf39224f0, time 99:99:99.999999999, seq-num 2005, GstTagList-global, taglist=(taglist)"taglist\,\ datetime\=\(datetime\)2016-05-10T02:45:45Z\,\ container-format\=\(string\)\"ISO\\\ MP4/M4A\"\;";
05-09 19:57:51.262  2029  2230 D GStreamer+GST_PADS: 0:06:35.650042922 0xf3ac6830 gstpad.c:3813:check_sticky:<forhwgl:src_0> pushing all sticky events
05-09 19:57:51.262  2029  2223 D GStreamer+basetransform: 0:06:35.650061412 0xf3d03e90 gstbasetransform.c:1950:gst_base_transform_sink_eventfunc:<glcolorconvertelement3> received SEGMENT time segment start=0:00:00.000000000, offset=0:00:00.000000000, stop=0:00:07.716000000, rate=1.000000, applied_rate=1.000000, flags=0x00, time=0:00:00.000000000, base=0:00:00.000000000, position 0:00:00.000000000, duration 99:99:99.999999999
05-09 19:57:51.262  2029  2230 D GStreamer+GST_PADS: 0:06:35.650090474 0xf3ac6830 gstpad.c:3745:push_sticky:<forhwgl:src_0> event stream-start was already received
05-09 19:57:51.262  2029  2223 D GStreamer+GST_PADS: 0:06:35.650118547 0xf3d03e90 gstpad.c:3813:check_sticky:<glcolorconvertelement3:src> pushing all sticky events
05-09 19:57:51.262  2029  2230 D GStreamer+GST_PADS: 0:06:35.650145162 0xf3ac6830 gstpad.c:3745:push_sticky:<forhwgl:src_0> event caps was already received
05-09 19:57:51.262  2029  2223 D GStreamer+GST_PADS: 0:06:35.650176308 0xf3d03e90 gstpad.c:3745:push_sticky:<glcolorconvertelement3:src> event stream-start was already received
05-09 19:57:51.262  2029  2230 D GStreamer+GST_PADS: 0:06:35.650198131 0xf3ac6830 gstpad.c:3745:push_sticky:<forhwgl:src_0> event segment was already received
05-09 19:57:51.262  2029  2223 D GStreamer+GST_PADS: 0:06:35.650223131 0xf3d03e90 gstpad.c:3745:push_sticky:<glcolorconvertelement3:src> event caps was already received
05-09 19:57:51.262  2029  2230 D GStreamer+GST_PADS: 0:06:35.650244433 0xf3ac6830 gstpad.c:3745:push_sticky:<forhwgl:src_0> event tag was already received
05-09 19:57:51.262  2029  2230 D GStreamer+GST_PADS: 0:06:35.650284120 0xf3ac6830 gstpad.c:3650:do_probe_callbacks:<forhwgl:src_0> data is passed
05-09 19:57:51.262  2029  2230 D GStreamer+GST_PADS: 0:06:35.650326724 0xf3ac6830 gstpad.c:3453:probe_hook_marshal:<forhwgl:src_0> probe returned OK
05-09 19:57:51.262  2029  2223 D GStreamer+GST_EVENT: 0:06:35.650376881 0xf3d03e90 gstpad.c:5496:gst_pad_send_event_unchecked:<glcolorbalance3:sink> have event type segment event: 0xf3dd1098, time 99:99:99.999999999, seq-num 2003, GstEventSegment, segment=(GstSegment)"GstSegment, flags=(GstSegmentFlags)GST_SEGMENT_FLAG_NONE, rate=(double)1, applied-rate=(double)1, format=(GstFormat)GST_FORMAT_TIME, base=(guint64)0, offset=(guint64)0, start=(guint64)0, stop=(guint64)7716000000, time=(guint64)0, position=(guint64)0, duration=(guint64)18446744073709551615;";
05-09 19:57:51.262  2029  2230 D GStreamer+GST_EVENT: 0:06:35.650441047 0xf3ac6830 gstpad.c:5496:gst_pad_send_event_unchecked:<queue9:sink> have event type tag event: 0xf39224f0, time 99:99:99.999999999, seq-num 2005, GstTagList-global, taglist=(taglist)"taglist\,\ datetime\=\(datetime\)2016-05-10T02:45:45Z\,\ container-format\=\(string\)\"ISO\\\ MP4/M4A\"\;";
05-09 19:57:51.262  2029  2223 D GStreamer+basetransform: 0:06:35.650471672 0xf3d03e90 gstbasetransform.c:1950:gst_base_transform_sink_eventfunc:<glcolorbalance3> received SEGMENT time segment start=0:00:00.000000000, offset=0:00:00.000000000, stop=0:00:07.716000000, rate=1.000000, applied_rate=1.000000, flags=0x00, time=0:00:00.000000000, base=0:00:00.000000000, position 0:00:00.000000000, duration 99:99:99.999999999
05-09 19:57:51.262  2029  2230 D GStreamer+GST_PADS: 0:06:35.650481933 0xf3ac6830 gstpad.c:5569:gst_pad_send_event_unchecked:<queue9:sink> sent event, ret ok
05-09 19:57:51.262  2029  2223 D GStreamer+GST_PADS: 0:06:35.650512245 0xf3d03e90 gstpad.c:3813:check_sticky:<glcolorbalance3:src> pushing all sticky events
05-09 19:57:51.262  2029  2230 D GStreamer+GST_PADS: 0:06:35.650522245 0xf3ac6830 gstpad.c:3765:push_sticky:<forhwgl:src_0> event tag marked received
05-09 19:57:51.262  2029  2223 D GStreamer+GST_PADS: 0:06:35.650556412 0xf3d03e90 gstpad.c:3745:push_sticky:<glcolorbalance3:src> event stream-start was already received
05-09 19:57:51.262  2029  2230 D GStreamer+GST_PADS: 0:06:35.650573079 0xf3ac6830 gstpad.c:5569:gst_pad_send_event_unchecked:<src_0:proxypad14> sent event, ret ok
05-09 19:57:51.262  2029  2223 D GStreamer+GST_PADS: 0:06:35.650597245 0xf3d03e90 gstpad.c:3745:push_sticky:<glcolorbalance3:src> event caps was already received
05-09 19:57:51.262  2029  2230 D GStreamer+GST_PADS: 0:06:35.650626724 0xf3ac6830 gstpad.c:3765:push_sticky:<amcvideodec-omxnvidiah264decode2:src> event tag marked received
05-09 19:57:51.262  2029  2230 D GStreamer+videodecoder: 0:06:35.650689381 0xf3ac6830 gstvideodecoder.c:2714:gst_video_decoder_prepare_finish_frame:<amcvideodec-omxnvidiah264decode2> sync timestamp 0:00:00.000000000 diff +0:00:00.000000000
05-09 19:57:51.262  2029  2230 D GStreamer+default: 0:06:35.650737610 0xf3ac6830 gstvideoutils.c:40:_gst_video_codec_frame_free free frame 0xf3acede8
05-09 19:57:51.262  2029  2223 D GStreamer+GST_EVENT: 0:06:35.650757714 0xf3d03e90 gstpad.c:5496:gst_pad_send_event_unchecked:<sink:sink> have event type segment event: 0xf3dd1098, time 99:99:99.999999999, seq-num 2003, GstEventSegment, segment=(GstSegment)"GstSegment, flags=(GstSegmentFlags)GST_SEGMENT_FLAG_NONE, rate=(double)1, applied-rate=(double)1, format=(GstFormat)GST_FORMAT_TIME, base=(guint64)0, offset=(guint64)0, start=(guint64)0, stop=(guint64)7716000000, time=(guint64)0, position=(guint64)0, duration=(guint64)18446744073709551615;";
05-09 19:57:51.262  2029  2230 D GStreamer+GST_MEMORY: 0:06:35.650777870 0xf3ac6830 gstmemory.c:87:_gst_memory_free free memory 0xf3abc418
05-09 19:57:51.262  2029  2230 D GStreamer+videodecoder: 0:06:35.650837714 0xf3ac6830 gstvideodecoder.c:3208:gst_video_decoder_clip_and_push_buf:<amcvideodec-omxnvidiah264decode2> pushing buffer 0xf3ac3f00 of size 7372800, PTS 0:00:00.000000000, dur 0:00:00.019867549
05-09 19:57:51.263  2029  2223 D GStreamer+basesink: 0:06:35.650948183 0xf3d03e90 gstbasesink.c:3232:gst_base_sink_event:<sink> received event 0xf3dd1098 segment event: 0xf3dd1098, time 99:99:99.999999999, seq-num 2003, GstEventSegment, segment=(GstSegment)"GstSegment, flags=(GstSegmentFlags)GST_SEGMENT_FLAG_NONE, rate=(double)1, applied-rate=(double)1, format=(GstFormat)GST_FORMAT_TIME, base=(guint64)0, offset=(guint64)0, start=(guint64)0, stop=(guint64)7716000000, time=(guint64)0, position=(guint64)0, duration=(guint64)18446744073709551615;";
05-09 19:57:51.263  2029  2230 D GStreamer+GST_SCHEDULING: 0:06:35.650964224 0xf3ac6830 gstpad.c:4153:gst_pad_chain_data_unchecked:<src_0:proxypad14> calling chainfunction &gst_proxy_pad_chain_default with buffer buffer: 0xf3ac3f00, pts 0:00:00.000000000, dts 99:99:99.999999999, dur 0:00:00.019867549, size 7372800, offset none, offset_end none, flags 0x4040
05-09 19:57:51.263  2029  2230 D GStreamer+GST_PADS: 0:06:35.651009693 0xf3ac6830 gstpad.c:3650:do_probe_callbacks:<forhwgl:src_0> data is passed
05-09 19:57:51.263  2029  2223 D GStreamer+basesink: 0:06:35.651031204 0xf3d03e90 gstbasesink.c:3167:gst_base_sink_default_event:<sink> configured segment time segment start=0:00:00.000000000, offset=0:00:00.000000000, stop=0:00:07.716000000, rate=1.000000, applied_rate=1.000000, flags=0x00, time=0:00:00.000000000, base=0:00:00.000000000, position 0:00:00.000000000, duration 99:99:99.999999999
05-09 19:57:51.263  2029  2223 D GStreamer+GST_PADS: 0:06:35.651079277 0xf3d03e90 gstpad.c:5569:gst_pad_send_event_unchecked:<sink:sink> sent event, ret ok
05-09 19:57:51.263  2029  2230 D GStreamer+GST_SCHEDULING: 0:06:35.651096256 0xf3ac6830 gstpad.c:4153:gst_pad_chain_data_unchecked:<queue9:sink> calling chainfunction &gst_queue_chain with buffer buffer: 0xf3ac3f00, pts 0:00:00.000000000, dts 99:99:99.999999999, dur 0:00:00.019867549, size 7372800, offset none, offset_end none, flags 0x4040
05-09 19:57:51.263  2029  2230 D GStreamer+GST_SCHEDULING: 0:06:35.651151152 0xf3ac6830 gstpad.c:4159:gst_pad_chain_data_unchecked:<queue9:sink> called chainfunction &gst_queue_chain with buffer 0xf3ac3f00, returned ok
05-09 19:57:51.263  2029  2223 D GStreamer+GST_PADS: 0:06:35.651122714 0xf3d03e90 gstpad.c:3765:push_sticky:<glcolorbalance3:src> event segment marked received
05-09 19:57:51.263  2029  2230 D GStreamer+GST_SCHEDULING: 0:06:35.651203495 0xf3ac6830 gstpad.c:4159:gst_pad_chain_data_unchecked:<src_0:proxypad14> called chainfunction &gst_proxy_pad_chain_default with buffer 0xf3ac3f00, returned ok
05-09 19:57:51.263  2029  2223 D GStreamer+GST_PADS: 0:06:35.651220943 0xf3d03e90 gstpad.c:5569:gst_pad_send_event_unchecked:<glcolorbalance3:sink> sent event, ret ok
05-09 19:57:51.263  2029  2230 D GStreamer+amcvideodec: 0:06:35.651253756 0xf3ac6830 gstamcvideodec.c:1519:gst_amc_video_dec_loop:<amcvideodec-omxnvidiah264decode2> Finished frame: ok
05-09 19:57:51.263  2029  2223 D GStreamer+GST_PADS: 0:06:35.651268443 0xf3d03e90 gstpad.c:3765:push_sticky:<glcolorconvertelement3:src> event segment marked received
05-09 19:57:51.263  2029  2230 D GStreamer+amcvideodec: 0:06:35.651296412 0xf3ac6830 gstamcvideodec.c:1240:gst_amc_video_dec_loop:<amcvideodec-omxnvidiah264decode2> Waiting for available output buffer
05-09 19:57:51.263  2029  2223 D GStreamer+GST_PADS: 0:06:35.651308339 0xf3d03e90 gstpad.c:5569:gst_pad_send_event_unchecked:<glcolorconvertelement3:sink> sent event, ret ok
05-09 19:57:51.263  2029  2223 D GStreamer+GST_PADS: 0:06:35.651346777 0xf3d03e90 gstpad.c:3765:push_sticky:<gluploadelement3:src> event segment marked received
05-09 19:57:51.263  2029  2223 D GStreamer+GST_PADS: 0:06:35.651392558 0xf3d03e90 gstpad.c:5569:gst_pad_send_event_unchecked:<gluploadelement3:sink> sent event, ret ok
05-09 19:57:51.263  2029  2223 D GStreamer+GST_PADS: 0:06:35.651435318 0xf3d03e90 gstpad.c:3765:push_sticky:<sink:proxypad13> event segment marked received
05-09 19:57:51.263  2029  2223 D GStreamer+GST_PADS: 0:06:35.651477245 0xf3d03e90 gstpad.c:5569:gst_pad_send_event_unchecked:<glimagesinkbin3:sink> sent event, ret ok
05-09 19:57:51.263  2029  2224 D GStreamer+amcvideodec: 0:06:35.651497297 0xf3d043b0 gstamcvideodec.c:2239:gst_amc_video_dec_handle_frame:<amcvideodec-omxnvidiah264decode2> Queueing buffer 3: size 55669 time 79333 flags 0x00000001
05-09 19:57:51.263  2029  2223 D GStreamer+GST_PADS: 0:06:35.651522349 0xf3d03e90 gstpad.c:3765:push_sticky:<forhalffps:src> event segment marked received
05-09 19:57:51.263  2029  2223 D GStreamer+GST_PADS: 0:06:35.651566516 0xf3d03e90 gstpad.c:5569:gst_pad_send_event_unchecked:<forhalffps:sink> sent event, ret ok
05-09 19:57:51.263  2029  2223 D GStreamer+GST_PADS: 0:06:35.651608547 0xf3d03e90 gstpad.c:3765:push_sticky:<queue9:src> event segment marked received
05-09 19:57:51.263  2029  2224 D GStreamer+GST_SCHEDULING: 0:06:35.651637922 0xf3d043b0 gstpad.c:4159:gst_pad_chain_data_unchecked:<amcvideodec-omxnvidiah264decode2:sink> called chainfunction &gst_video_decoder_chain with buffer 0xf39e6b60, returned ok
05-09 19:57:51.263  2029  2223 D GStreamer+GST_PADS: 0:06:35.651662245 0xf3d03e90 gstpad.c:3813:check_sticky:<queue9:src> pushing all sticky events
05-09 19:57:51.263  2029  2224 D GStreamer+GST_SCHEDULING: 0:06:35.651692610 0xf3d043b0 gstpad.c:4159:gst_pad_chain_data_unchecked:<capsfilter3:sink> called chainfunction &gst_base_transform_chain with buffer 0xf39e6b60, returned ok
05-09 19:57:51.263  2029  2223 D GStreamer+GST_PADS: 0:06:35.651707089 0xf3d03e90 gstpad.c:3745:push_sticky:<queue9:src> event stream-start was already received
05-09 19:57:51.263  2029  2224 D GStreamer+baseparse: 0:06:35.651744016 0xf3d043b0 gstbaseparse.c:3153:gst_base_parse_chain:<h264parse3> not enough data available (only 0 bytes)
05-09 19:57:51.263  2029  2223 D GStreamer+GST_PADS: 0:06:35.651761724 0xf3d03e90 gstpad.c:3745:push_sticky:<queue9:src> event caps was already received
05-09 19:57:51.263  2029  2224 D GStreamer+GST_SCHEDULING: 0:06:35.651795214 0xf3d043b0 gstpad.c:4159:gst_pad_chain_data_unchecked:<h264parse3:sink> called chainfunction &gst_base_parse_chain with buffer 0xf39e6ac0, returned ok
05-09 19:57:51.263  2029  2223 D GStreamer+GST_PADS: 0:06:35.651818027 0xf3d03e90 gstpad.c:3745:push_sticky:<queue9:src> event segment was already received
05-09 19:57:51.264  2029  2224 D GStreamer+GST_SCHEDULING: 0:06:35.651848547 0xf3d043b0 gstpad.c:4159:gst_pad_chain_data_unchecked:<typefind:sink> called chainfunction &gst_type_find_element_chain with buffer 0xf39e6ac0, returned ok
05-09 19:57:51.264  2029  2223 D GStreamer+GST_EVENT: 0:06:35.651919589 0xf3d03e90 gstpad.c:5496:gst_pad_send_event_unchecked:<forhalffps:sink> have event type tag event: 0xf3a08480, time 99:99:99.999999999, seq-num 2074, GstTagList-stream, taglist=(taglist)"taglist\,\ video-codec\=\(string\)\"H.264\\\ /\\\ AVC\"\,\ bitrate\=\(uint\)16613142\,\ language-code\=\(string\)en\;";
05-09 19:57:51.264  2029  2224 D GStreamer+GST_SCHEDULING: 0:06:35.651935995 0xf3d043b0 gstpad.c:4159:gst_pad_chain_data_unchecked:<forhwgl:sink> called chainfunction &gst_proxy_pad_chain_default with buffer 0xf39e6ac0, returned ok
05-09 19:57:51.264  2029  2223 D GStreamer+GST_PADS: 0:06:35.651965058 0xf3d03e90 gstpad.c:3650:do_probe_callbacks:<forhalffps:sink> data is passed
05-09 19:57:51.264  2029  2223 D GStreamer+GST_PADS: 0:06:35.652009589 0xf3d03e90 gstpad.c:3813:check_sticky:<forhalffps:src> pushing all sticky events
05-09 19:57:51.264  2029  2224 D GStreamer+GST_SCHEDULING: 0:06:35.652032974 0xf3d043b0 gstpad.c:4153:gst_pad_chain_data_unchecked:<forhwgl:sink> calling chainfunction &gst_proxy_pad_chain_default with buffer buffer: 0xf3ac38c0, pts 0:00:00.099333333, dts 0:00:00.099333333, dur 0:00:00.020000000, size 51701, offset none, offset_end none, flags 0x0
05-09 19:57:51.264  2029  2223 D GStreamer+GST_PADS: 0:06:35.652060318 0xf3d03e90 gstpad.c:3745:push_sticky:<forhalffps:src> event stream-start was already received
05-09 19:57:51.264  2029  2223 D GStreamer+GST_PADS: 0:06:35.652109172 0xf3d03e90 gstpad.c:3745:push_sticky:<forhalffps:src> event caps was already received
05-09 19:57:51.264  2029  2225 D GStreamer+queue_dataflow: 0:06:35.652132297 0xf3d19ac0 gstqueue.c:1204:gst_queue_chain_buffer_or_list:<queue8> queue is not full
05-09 19:57:51.264  2029  2225 D GStreamer+GST_SCHEDULING: 0:06:35.652202297 0xf3d19ac0 gstpad.c:4159:gst_pad_chain_data_unchecked:<queue8:sink> called chainfunction &gst_queue_chain with buffer 0xf39e6ca0, returned ok
05-09 19:57:51.264  2029  2225 D GStreamer+qtdemux: 0:06:35.652246047 0xf3d19ac0 qtdemux.c:7675:qtdemux_parse_samples:<q> parsing up to sample 56
05-09 19:57:51.264  2029  2223 D GStreamer+GST_PADS: 0:06:35.652161099 0xf3d03e90 gstpad.c:3745:push_sticky:<forhalffps:src> event segment was already received
05-09 19:57:51.264  2029  2224 D GStreamer+GST_SCHEDULING: 0:06:35.652308079 0xf3d043b0 gstpad.c:4153:gst_pad_chain_data_unchecked:<typefind:sink> calling chainfunction &gst_type_find_element_chain with buffer buffer: 0xf3ac38c0, pts 0:00:00.099333333, dts 0:00:00.099333333, dur 0:00:00.020000000, size 51701, offset none, offset_end none, flags 0x0
05-09 19:57:51.264  2029  2223 D GStreamer+GST_EVENT: 0:06:35.652358964 0xf3d03e90 gstpad.c:5496:gst_pad_send_event_unchecked:<glimagesinkbin3:sink> have event type tag event: 0xf3a08480, time 99:99:99.999999999, seq-num 2074, GstTagList-stream, taglist=(taglist)"taglist\,\ video-codec\=\(string\)\"H.264\\\ /\\\ AVC\"\,\ bitrate\=\(uint\)16613142\,\ language-code\=\(string\)en\;";
05-09 19:57:51.264  2029  2224 D GStreamer+GST_SCHEDULING: 0:06:35.652404693 0xf3d043b0 gstpad.c:4153:gst_pad_chain_data_unchecked:<h264parse3:sink> calling chainfunction &gst_base_parse_chain with buffer buffer: 0xf3ac38c0, pts 0:00:00.099333333, dts 0:00:00.099333333, dur 0:00:00.020000000, size 51701, offset none, offset_end none, flags 0x0
05-09 19:57:51.264  2029  2224 D GStreamer+baseparse: 0:06:35.652443547 0xf3d043b0 gstbaseparse.c:2985:gst_base_parse_chain:<h264parse3> chain
05-09 19:57:51.264  2029  2224 D GStreamer+GST_PERFORMANCE: 0:06:35.652486568 0xf3d043b0 gstminiobject.c:326:gst_mini_object_make_writable copy GstBuffer miniobject 0xf3ac38c0 -> 0xf3d02970
05-09 19:57:51.264  2029  2223 D GStreamer+GST_PADS: 0:06:35.652515422 0xf3d03e90 gstpad.c:3813:check_sticky:<sink:proxypad13> pushing all sticky events
05-09 19:57:51.264  2029  2224 D GStreamer+codecparsers_h264: 0:06:35.652539329 0xf3d043b0 gsth264parser.c:253:gst_h264_parse_nalu_header Nal type 7, ref_idc 1
05-09 19:57:51.264  2029  2223 D GStreamer+GST_PADS: 0:06:35.652572818 0xf3d03e90 gstpad.c:3745:push_sticky:<sink:proxypad13> event stream-start was already received
05-09 19:57:51.264  2029  2225 D GStreamer+qtdemux: 0:06:35.652586777 0xf3d19ac0 qtdemux.c:7882:qtdemux_parse_samples:<q> sample 56: index 0, timestamp 0:00:01.133666666
05-09 19:57:51.264  2029  2225 D GStreamer+qtdemux: 0:06:35.652625422 0xf3d19ac0 qtdemux.c:7937:qtdemux_parse_samples:<q> samples at 56 is keyframe
05-09 19:57:51.264  2029  2223 D GStreamer+GST_PADS: 0:06:35.652632870 0xf3d03e90 gstpad.c:3745:push_sticky:<sink:proxypad13> event caps was already received
05-09 19:57:51.264  2029  2223 D GStreamer+GST_PADS: 0:06:35.652685735 0xf3d03e90 gstpad.c:3745:push_sticky:<sink:proxypad13> event segment was already received
05-09 19:57:51.264  2029  2225 D GStreamer+qtdemux: 0:06:35.652701672 0xf3d19ac0 qtdemux.c:5197:gst_qtdemux_loop_state_movie:<q> pushing from stream 0, empty 0 offset 2376352, size 39805, dts=0:00:01.133666666, pts=0:00:01.133666666, duration 0:00:00.019666667
05-09 19:57:51.264   993  2231 D NvOsDebugPrintf: TVMR: cctx->bAbortInputBuffer = 0, cctx->bEOSAbortOutputBuffer = 0 
05-09 19:57:51.264  2029  2225 D GStreamer+basesrc: 0:06:35.652764433 0xf3d19ac0 gstbasesrc.c:2355:gst_base_src_update_length:<filesrc3> reading offset 2376352, length 39805, size 16031303, segment.stop -1, maxsize 16031303
05-09 19:57:51.264  2029  2223 D GStreamer+GST_EVENT: 0:06:35.652785995 0xf3d03e90 gstpad.c:5496:gst_pad_send_event_unchecked:<gluploadelement3:sink> have event type tag event: 0xf3a08480, time 99:99:99.999999999, seq-num 2074, GstTagList-stream, taglist=(taglist)"taglist\,\ video-codec\=\(string\)\"H.264\\\ /\\\ AVC\"\,\ bitrate\=\(uint\)16613142\,\ language-code\=\(string\)en\;";
05-09 19:57:51.264  2029  2225 D GStreamer+basesrc: 0:06:35.652813079 0xf3d19ac0 gstbasesrc.c:2456:gst_base_src_get_range:<filesrc3> calling create offset 2376352 length 39805, time 0
05-09 19:57:51.265  2029  2223 D GStreamer+GST_PADS: 0:06:35.653035370 0xf3d03e90 gstpad.c:3813:check_sticky:<gluploadelement3:src> pushing all sticky events
05-09 19:57:51.265  2029  2225 D GStreamer+GST_MEMORY: 0:06:35.653058808 0xf3d19ac0 gstmemory.c:138:gst_memory_init new memory 0xf3f32618, maxsize:39808 offset:0 size:39805
05-09 19:57:51.265  2029  2223 D GStreamer+GST_PADS: 0:06:35.653090162 0xf3d03e90 gstpad.c:3745:push_sticky:<gluploadelement3:src> event stream-start was already received
05-09 19:57:51.265  2029  2225 D GStreamer+basesrc: 0:06:35.653133079 0xf3d19ac0 gstbasesrc.c:2310:gst_base_src_do_sync:<filesrc3> we have no clock
05-09 19:57:51.265  2029  2223 D GStreamer+GST_PADS: 0:06:35.653152141 0xf3d03e90 gstpad.c:3745:push_sticky:<gluploadelement3:src> event caps was already received
05-09 19:57:51.265  2029  2225 D GStreamer+basesrc: 0:06:35.653174329 0xf3d19ac0 gstbasesrc.c:2520:gst_base_src_get_range:<filesrc3> buffer ok
05-09 19:57:51.265  2029  2223 D GStreamer+GST_PADS: 0:06:35.653200214 0xf3d03e90 gstpad.c:3745:push_sticky:<gluploadelement3:src> event segment was already received
05-09 19:57:51.265  2029  2225 D GStreamer+GST_SCHEDULING: 0:06:35.653266881 0xf3d19ac0 gstpad.c:4153:gst_pad_chain_data_unchecked:<queue8:sink> calling chainfunction &gst_queue_chain with buffer buffer: 0xf39e6c00, pts 0:00:01.133666666, dts 0:00:01.133666666, dur 0:00:00.019666667, size 39805, offset none, offset_end none, flags 0x0
05-09 19:57:51.265  2029  2223 D GStreamer+GST_EVENT: 0:06:35.653288599 0xf3d03e90 gstpad.c:5496:gst_pad_send_event_unchecked:<glcolorconvertelement3:sink> have event type tag event: 0xf3a08480, time 99:99:99.999999999, seq-num 2074, GstTagList-stream, taglist=(taglist)"taglist\,\ video-codec\=\(string\)\"H.264\\\ /\\\ AVC\"\,\ bitrate\=\(uint\)16613142\,\ language-code\=\(string\)en\;";
05-09 19:57:51.265  2029  2225 D GStreamer+queue_dataflow: 0:06:35.653313652 0xf3d19ac0 gstqueue.c:1196:gst_queue_chain_buffer_or_list:<queue8> queue is full, waiting for free space
05-09 19:57:51.265  2029  2223 D GStreamer+GST_PADS: 0:06:35.653340006 0xf3d03e90 gstpad.c:3813:check_sticky:<glcolorconvertelement3:src> pushing all sticky events
05-09 19:57:51.265  2029  2223 D GStreamer+GST_PADS: 0:06:35.653379433 0xf3d03e90 gstpad.c:3745:push_sticky:<glcolorconvertelement3:src> event stream-start was already received
05-09 19:57:51.265  2029  2224 D GStreamer+h264parse: 0:06:35.653448027 0xf3d043b0 gsth264parse.c:981:gst_h264_parse_handle_frame_packetized:<h264parse3> AVC nal offset 14
05-09 19:57:51.265  2029  2223 D GStreamer+GST_PADS: 0:06:35.653417245 0xf3d03e90 gstpad.c:3745:push_sticky:<glcolorconvertelement3:src> event caps was already received
05-09 19:57:51.265  2029  2224 D GStreamer+h264parse: 0:06:35.653507349 0xf3d043b0 gsth264parse.c:716:gst_h264_parse_process_nal:<h264parse3> processing nal of type 7 SPS, size 10
05-09 19:57:51.265  2029  2224 D GStreamer+codecparsers_h264: 0:06:35.653537714 0xf3d043b0 gsth264parser.c:1776:gst_h264_parse_sps parsing SPS
05-09 19:57:51.265  2029  2224 D GStreamer+codecparsers_h264: 0:06:35.653572610 0xf3d043b0 gsth264parser.c:1484:gst_h264_parser_parse_sps adding sequence parameter set with id: 0 to array
05-09 19:57:51.265  2029  2224 D GStreamer+h264parse: 0:06:35.653605631 0xf3d043b0 gsth264parse.c:737:gst_h264_parse_process_nal:<h264parse3> triggering src caps check
05-09 19:57:51.265  2029  2224 D GStreamer+h264parse: 0:06:35.653641308 0xf3d043b0 gsth264parse.c:454:gst_h264_parser_store_nal:<h264parse3> storing sps 0
05-09 19:57:51.265  2029  2223 D GStreamer+GST_PADS: 0:06:35.653659016 0xf3d03e90 gstpad.c:3745:push_sticky:<glcolorconvertelement3:src> event segment was already received
05-09 19:57:51.265  2029  2224 D GStreamer+GST_MEMORY: 0:06:35.653687974 0xf3d043b0 gstmemory.c:138:gst_memory_init new memory 0xf3b001f8, maxsize:13 offset:0 size:10
05-09 19:57:51.265  2029  2224 D GStreamer+GST_MEMORY: 0:06:35.653724589 0xf3d043b0 gstmemory.c:87:_gst_memory_free free memory 0xf3b00378
05-09 19:57:51.265  2029  2224 D GStreamer+h264parse: 0:06:35.653758704 0xf3d043b0 gsth264parse.c:423:gst_h264_parse_wrap_nal:<h264parse3> nal length 10
05-09 19:57:51.265  2029  2224 D GStreamer+GST_MEMORY: 0:06:35.653806516 0xf3d043b0 gstmemory.c:138:gst_memory_init new memory 0xf3d04740, maxsize:17 offset:0 size:14
05-09 19:57:51.265  2029  2223 D GStreamer+GST_EVENT: 0:06:35.653831152 0xf3d03e90 gstpad.c:5496:gst_pad_send_event_unchecked:<glcolorbalance3:sink> have event type tag event: 0xf3a08480, time 99:99:99.999999999, seq-num 2074, GstTagList-stream, taglist=(taglist)"taglist\,\ video-codec\=\(string\)\"H.264\\\ /\\\ AVC\"\,\ bitrate\=\(uint\)16613142\,\ language-code\=\(string\)en\;";
05-09 19:57:51.266  2029  2224 D GStreamer+codecparsers_h264: 0:06:35.653880214 0xf3d043b0 gsth264parser.c:253:gst_h264_parse_nalu_header Nal type 8, ref_idc 1
05-09 19:57:51.266  2029  2223 D GStreamer+GST_PADS: 0:06:35.653904381 0xf3d03e90 gstpad.c:3813:check_sticky:<glcolorbalance3:src> pushing all sticky events
05-09 19:57:51.266  2029  2224 D GStreamer+h264parse: 0:06:35.653930318 0xf3d043b0 gsth264parse.c:981:gst_h264_parse_handle_frame_packetized:<h264parse3> AVC nal offset 23
05-09 19:57:51.266  2029  2223 D GStreamer+GST_PADS: 0:06:35.653957558 0xf3d03e90 gstpad.c:3745:push_sticky:<glcolorbalance3:src> event stream-start was already received
05-09 19:57:51.266  2029  2224 D GStreamer+h264parse: 0:06:35.654095266 0xf3d043b0 gsth264parse.c:716:gst_h264_parse_process_nal:<h264parse3> processing nal of type 8 PPS, size 5
05-09 19:57:51.266  2029  2224 D GStreamer+codecparsers_h264: 0:06:35.654178391 0xf3d043b0 gsth264parser.c:1912:gst_h264_parse_pps parsing PPS
05-09 19:57:51.266  2029  2224 D GStreamer+codecparsers_h264: 0:06:35.654213704 0xf3d043b0 gsth264parser.c:2045:gst_h264_parser_parse_pps adding picture parameter set with id: 0 to array
05-09 19:57:51.266  2029  2223 D GStreamer+GST_PADS: 0:06:35.654141412 0xf3d03e90 gstpad.c:3745:push_sticky:<glcolorbalance3:src> event caps was already received
05-09 19:57:51.266  2029  2224 D GStreamer+h264parse: 0:06:35.654258443 0xf3d043b0 gsth264parse.c:458:gst_h264_parser_store_nal:<h264parse3> storing pps 0
05-09 19:57:51.266  2029  2223 D GStreamer+GST_PADS: 0:06:35.654314277 0xf3d03e90 gstpad.c:3745:push_sticky:<glcolorbalance3:src> event segment was already received
05-09 19:57:51.266  2029  2224 D GStreamer+GST_MEMORY: 0:06:35.654328339 0xf3d043b0 gstmemory.c:138:gst_memory_init new memory 0xf3abf318, maxsize:8 offset:0 size:5
05-09 19:57:51.266  2029  2224 D GStreamer+GST_MEMORY: 0:06:35.654361829 0xf3d043b0 gstmemory.c:87:_gst_memory_free free memory 0xf3abf000
05-09 19:57:51.266  2029  2223 D GStreamer+GST_EVENT: 0:06:35.654505631 0xf3d03e90 gstpad.c:5496:gst_pad_send_event_unchecked:<sink:sink> have event type tag event: 0xf3a08480, time 99:99:99.999999999, seq-num 2074, GstTagList-stream, taglist=(taglist)"taglist\,\ video-codec\=\(string\)\"H.264\\\ /\\\ AVC\"\,\ bitrate\=\(uint\)16613142\,\ language-code\=\(string\)en\;";
05-09 19:57:51.266  2029  2224 D GStreamer+h264parse: 0:06:35.654522193 0xf3d043b0 gsth264parse.c:423:gst_h264_parse_wrap_nal:<h264parse3> nal length 5
05-09 19:57:51.266  2029  2224 D GStreamer+GST_MEMORY: 0:06:35.654568547 0xf3d043b0 gstmemory.c:138:gst_memory_init new memory 0xf3b000d8, maxsize:12 offset:0 size:9
05-09 19:57:51.266  2029  2223 D GStreamer+basesink: 0:06:35.654641724 0xf3d03e90 gstbasesink.c:3232:gst_base_sink_event:<sink> received event 0xf3a08480 tag event: 0xf3a08480, time 99:99:99.999999999, seq-num 2074, GstTagList-stream, taglist=(taglist)"taglist\,\ video-codec\=\(string\)\"H.264\\\ /\\\ AVC\"\,\ bitrate\=\(uint\)16613142\,\ language-code\=\(string\)en\;";
05-09 19:57:51.266  2029  2224 D GStreamer+codecparsers_h264: 0:06:35.654657974 0xf3d043b0 gsth264parser.c:253:gst_h264_parse_nalu_header Nal type 5, ref_idc 1
05-09 19:57:51.266  2029  2224 D GStreamer+h264parse: 0:06:35.654691724 0xf3d043b0 gsth264parse.c:981:gst_h264_parse_handle_frame_packetized:<h264parse3> AVC nal offset 51701
05-09 19:57:51.266  2029  2224 D GStreamer+h264parse: 0:06:35.654727818 0xf3d043b0 gsth264parse.c:716:gst_h264_parse_process_nal:<h264parse3> processing nal of type 5 Slice IDR, size 51674
05-09 19:57:51.266  2029  2224 D GStreamer+h264parse: 0:06:35.654759902 0xf3d043b0 gsth264parse.c:822:gst_h264_parse_process_nal:<h264parse3> first_mb_in_slice = 0
05-09 19:57:51.266  2029  2224 D GStreamer+h264parse: 0:06:35.654791412 0xf3d043b0 gsth264parse.c:825:gst_h264_parse_process_nal:<h264parse3> frame start: 1
05-09 19:57:51.266  2029  2224 D GStreamer+codecparsers_h264: 0:06:35.654825839 0xf3d043b0 gsth264parser.c:2107:gst_h264_parser_parse_slice_hdr parsing "Slice header", slice type 7
05-09 19:57:51.267  2029  2224 D GStreamer+codecparsers_h264: 0:06:35.654859120 0xf3d043b0 gsth264parser.c:711:gst_h264_slice_parse_dec_ref_pic_marking parsing "Decoded reference picture marking"
05-09 19:57:51.267  2029  2223 D GStreamer+GST_BUS: 0:06:35.654896204 0xf3d03e90 gstbus.c:309:gst_bus_post:<bus17> [msg 0xf3ab9ed0] posting on bus tag message: 0xf3ab9ed0, time 99:99:99.999999999, seq-num 2091, element 'sink', GstMessageTag, taglist=(taglist)"taglist\,\ video-codec\=\(string\)\"H.264\\\ /\\\ AVC\"\,\ bitrate\=\(uint\)16613142\,\ language-code\=\(string\)en\;";
05-09 19:57:51.267  2029  2224 D GStreamer+h264parse: 0:06:35.654915058 0xf3d043b0 gsth264parse.c:835:gst_h264_parse_process_nal:<h264parse3> parse result 0, first MB: 0, slice type: 7
05-09 19:57:51.267  2029  2224 D GStreamer+h264parse: 0:06:35.654949016 0xf3d043b0 gsth264parse.c:858:gst_h264_parse_process_nal:<h264parse3> marking IDR in frame at offset 23
05-09 19:57:51.267  2029  2224 D GStreamer+h264parse: 0:06:35.654982349 0xf3d043b0 gsth264parse.c:423:gst_h264_parse_wrap_nal:<h264parse3> nal length 51674
05-09 19:57:51.267  2029  2224 D GStreamer+GST_MEMORY: 0:06:35.655018808 0xf3d043b0 gstmemory.c:138:gst_memory_init new memory 0xf3c612c0, maxsize:51681 offset:0 size:51678
05-09 19:57:51.267  2029  2223 D GStreamer+bin: 0:06:35.655060891 0xf3d03e90 gstbin.c:3528:gst_bin_handle_message_func:<glimagesinkbin3> [msg 0xf3ab9ed0] handling child sink message of type tag
05-09 19:57:51.267  2029  2224 D GStreamer+codecparsers_h264: 0:06:35.655070006 0xf3d043b0 gsth264parser.c:1407:gst_h264_parser_identify_nalu_avc Can't parse, buffer has too small size 51701, offset 51701
05-09 19:57:51.267  2029  2223 D GStreamer+bin: 0:06:35.655100631 0xf3d03e90 gstbin.c:3865:gst_bin_handle_message_func:<glimagesinkbin3> posting message upward
05-09 19:57:51.267  2029  2224 D GStreamer+GST_CAPS: 0:06:35.655146256 0xf3d043b0 gstpad.c:2621:gst_pad_has_current_caps:<h264parse3:src> check current pad caps video/x-h264, stream-format=(string)byte-stream, alignment=(string)au, level=(string)4, profile=(string)baseline, width=(int)1280, height=(int)1440, framerate=(fraction)151/3, pixel-aspect-ratio=(fraction)1/1, parsed=(boolean)true
05-09 19:57:51.267  2029  2223 D GStreamer+GST_BUS: 0:06:35.655252141 0xf3d03e90 gstbus.c:309:gst_bus_post:<bus18> [msg 0xf3ab9ed0] posting on bus tag message: 0xf3ab9ed0, time 99:99:99.999999999, seq-num 2091, element 'sink', GstMessageTag, taglist=(taglist)"taglist\,\ video-codec\=\(string\)\"H.264\\\ /\\\ AVC\"\,\ bitrate\=\(uint\)16613142\,\ language-code\=\(string\)en\;";
05-09 19:57:51.267  2029  2224 D GStreamer+GST_CAPS: 0:06:35.655275370 0xf3d043b0 gstpad.c:2648:gst_pad_get_current_caps:<h264parse3:sink> get current pad caps video/x-h264, stream-format=(string)avc, alignment=(string)au, level=(string)4, profile=(string)baseline, codec_data=(buffer)01428028ffe1000a27428028e54028016b2001000528de01ae20, width=(int)1280, height=(int)1440, framerate=(fraction)151/3, pixel-aspect-ratio=(fraction)1/1
05-09 19:57:51.267  2029  2223 D GStreamer+bin: 0:06:35.655300683 0xf3d03e90 gstbin.c:3528:gst_bin_handle_message_func:<pipeline3> [msg 0xf3ab9ed0] handling child sink message of type tag
05-09 19:57:51.267  2029  2224 D GStreamer+h264parse: 0:06:35.655324120 0xf3d043b0 gsth264parse.c:1692:gst_h264_parse_update_src_caps:<h264parse3> sps: 0xf3ea6670
05-09 19:57:51.267  2029  2223 D GStreamer+bin: 0:06:35.655343756 0xf3d03e90 gstbin.c:3865:gst_bin_handle_message_func:<pipeline3> posting message upward
05-09 19:57:51.267  2029  2224 D GStreamer+GST_PERFORMANCE: 0:06:35.655431620 0xf3d043b0 gstcaps.c:169:_gst_caps_copy:<0xf3b49450> doing copy 0xf3b49450 -> 0xf3d1c2a0
05-09 19:57:51.267  2029  2223 D GStreamer+GST_BUS: 0:06:35.655454277 0xf3d03e90 gstbus.c:309:gst_bus_post:<bus19> [msg 0xf3ab9ed0] posting on bus tag message: 0xf3ab9ed0, time 99:99:99.999999999, seq-num 2091, element 'sink', GstMessageTag, taglist=(taglist)"taglist\,\ video-codec\=\(string\)\"H.264\\\ /\\\ AVC\"\,\ bitrate\=\(uint\)16613142\,\ language-code\=\(string\)en\;";
05-09 19:57:51.267  2029  2223 D GStreamer+GST_BUS: 0:06:35.655509797 0xf3d03e90 gstbus.c:348:gst_bus_post:<bus19> [msg 0xf3ab9ed0] pushing on async queue
05-09 19:57:51.267  2029  2224 I GStreamer+baseparse: 0:06:35.655519849 0xf3d043b0 gstbaseparse.c:3945:gst_base_parse_set_latency:<h264parse3> min/max latency 0:00:00.019867549, 0:00:00.019867549
05-09 19:57:51.267  2029  2223 D GStreamer+GST_BUS: 0:06:35.655558339 0xf3d03e90 gstbus.c:351:gst_bus_post:<bus19> [msg 0xf3ab9ed0] pushed on async queue
05-09 19:57:51.267  2029  2223 D GStreamer+GST_BUS: 0:06:35.655622974 0xf3d03e90 gstbus.c:344:gst_bus_post:<bus18> [msg 0xf3ab9ed0] dropped
05-09 19:57:51.267  2029  2224 D GStreamer+GST_CAPS: 0:06:35.655651985 0xf3d043b0 gstpad.c:2648:gst_pad_get_current_caps:<h264parse3:src> get current pad caps video/x-h264, stream-format=(string)byte-stream, alignment=(string)au, level=(string)4, profile=(string)baseline, width=(int)1280, height=(int)1440, framerate=(fraction)151/3, pixel-aspect-ratio=(fraction)1/1, parsed=(boolean)true
05-09 19:57:51.267  2029  2216 D GStreamer+GST_BUS: 0:06:35.655671256 0xf3d321c0 gstbus.c:521:gst_bus_timed_pop_filtered:<bus19> got message 0xf3ab9ed0, tag from sink, type mask is 4294967295
05-09 19:57:51.267  2029  2223 D GStreamer+GST_BUS: 0:06:35.655687089 0xf3d03e90 gstbus.c:344:gst_bus_post:<bus17> [msg 0xf3ab9ed0] dropped
05-09 19:57:51.267  2029  2224 D GStreamer+GST_CAPS: 0:06:35.655753027 0xf3d043b0 gstpad.c:2648:gst_pad_get_current_caps:<h264parse3:src> get current pad caps video/x-h264, stream-format=(string)byte-stream, alignment=(string)au, level=(string)4, profile=(string)baseline, width=(int)1280, height=(int)1440, framerate=(fraction)151/3, pixel-aspect-ratio=(fraction)1/1, parsed=(boolean)true
05-09 19:57:51.267  2029  2223 D GStreamer+GST_PADS: 0:06:35.655768652 0xf3d03e90 gstpad.c:5569:gst_pad_send_event_unchecked:<sink:sink> sent event, ret ok
05-09 19:57:51.267  2029  2216 D GStreamer+GST_BUS: 0:06:35.655794797 0xf3d321c0 gstbus.c:789:gst_bus_source_dispatch:<bus19> source 0xf39d9b18 calling dispatch with tag message: 0xf3ab9ed0, time 99:99:99.999999999, seq-num 2091, element 'sink', GstMessageTag, taglist=(taglist)"taglist\,\ video-codec\=\(string\)\"H.264\\\ /\\\ AVC\"\,\ bitrate\=\(uint\)16613142\,\ language-code\=\(string\)en\;";
05-09 19:57:51.267  2029  2224 D GStreamer+h264parse: 0:06:35.655826777 0xf3d043b0 gsth264parse.c:1934:gst_h264_parse_get_timestamp:<h264parse3> unable to compute timestamp: VUI not present
05-09 19:57:51.267  2029  2223 D GStreamer+GST_PADS: 0:06:35.655843079 0xf3d03e90 gstpad.c:3765:push_sticky:<glcolorbalance3:src> event tag marked received
05-09 19:57:51.268  2029  2216 D GStreamer+GST_BUS: 0:06:35.655853235 0xf3d321c0 gstbus.c:794:gst_bus_source_dispatch:<bus19> source 0xf39d9b18 handler returns 1
05-09 19:57:51.268  2029  2224 D GStreamer+adapter: 0:06:35.655892349 0xf3d043b0 gstadapter.c:296:copy_into_unchecked bsize 14, skip 0, csize 14
05-09 19:57:51.268  2029  2223 D GStreamer+GST_PADS: 0:06:35.655910995 0xf3d03e90 gstpad.c:5569:gst_pad_send_event_unchecked:<glcolorbalance3:sink> sent event, ret ok
05-09 19:57:51.268  2029  2224 D GStreamer+GST_MEMORY: 0:06:35.655956724 0xf3d043b0 gstmemory.c:138:gst_memory_init new memory 0xf3abc380, maxsize:51701 offset:0 size:51701
05-09 19:57:51.268  2029  2223 D GStreamer+GST_PADS: 0:06:35.655973756 0xf3d03e90 gstpad.c:3765:push_sticky:<glcolorconvertelement3:src> event tag marked received
05-09 19:57:51.268  2029  2224 D GStreamer+GST_MEMORY: 0:06:35.655993079 0xf3d043b0 gstmemory.c:87:_gst_memory_free free memory 0xf3d04740
05-09 19:57:51.268  2029  2223 D GStreamer+GST_PADS: 0:06:35.656019485 0xf3d03e90 gstpad.c:5569:gst_pad_send_event_unchecked:<glcolorconvertelement3:sink> sent event, ret ok
05-09 19:57:51.268  2029  2224 D GStreamer+GST_MEMORY: 0:06:35.656038339 0xf3d043b0 gstmemory.c:87:_gst_memory_free free memory 0xf3b000d8
05-09 19:57:51.268  2029  2223 D GStreamer+GST_PADS: 0:06:35.656063547 0xf3d03e90 gstpad.c:3765:push_sticky:<gluploadelement3:src> event tag marked received
05-09 19:57:51.268  2029  2224 D GStreamer+GST_MEMORY: 0:06:35.656078599 0xf3d043b0 gstmemory.c:87:_gst_memory_free free memory 0xf3c612c0
05-09 19:57:51.268  2029  2223 D GStreamer+GST_PADS: 0:06:35.656109381 0xf3d03e90 gstpad.c:5569:gst_pad_send_event_unchecked:<gluploadelement3:sink> sent event, ret ok
05-09 19:57:51.268  2029  2224 D GStreamer+GST_MEMORY: 0:06:35.656123235 0xf3d043b0 gstmemory.c:87:_gst_memory_free free memory 0xf3ca7ea0
05-09 19:57:51.268  2029  2223 D GStreamer+GST_PADS: 0:06:35.656149849 0xf3d03e90 gstpad.c:3765:push_sticky:<sink:proxypad13> event tag marked received
05-09 19:57:51.268  2029  2224 D GStreamer+GST_CAPS: 0:06:35.656205474 0xf3d043b0 gstpad.c:2621:gst_pad_has_current_caps:<h264parse3:src> check current pad caps video/x-h264, stream-format=(string)byte-stream, alignment=(string)au, level=(string)4, profile=(string)baseline, width=(int)1280, height=(int)1440, framerate=(fraction)151/3, pixel-aspect-ratio=(fraction)1/1, parsed=(boolean)true
05-09 19:57:51.268  2029  2223 D GStreamer+GST_PADS: 0:06:35.656221620 0xf3d03e90 gstpad.c:5569:gst_pad_send_event_unchecked:<glimagesinkbin3:sink> sent event, ret ok
05-09 19:57:51.268  2029  2224 D GStreamer+h264parse: 0:06:35.656244849 0xf3d043b0 gsth264parse.c:184:gst_h264_parse_reset_frame:<h264parse3> reset frame
05-09 19:57:51.268  2029  2223 D GStreamer+GST_PADS: 0:06:35.656268704 0xf3d03e90 gstpad.c:3765:push_sticky:<forhalffps:src> event tag marked received
05-09 19:57:51.268  2029  2223 D GStreamer+GST_PADS: 0:06:35.656315370 0xf3d03e90 gstpad.c:5569:gst_pad_send_event_unchecked:<forhalffps:sink> sent event, ret ok
05-09 19:57:51.268  2029  2224 D GStreamer+GST_SCHEDULING: 0:06:35.656331724 0xf3d043b0 gstpad.c:4153:gst_pad_chain_data_unchecked:<capsfilter3:sink> calling chainfunction &gst_base_transform_chain with buffer buffer: 0xf39e4670, pts 0:00:00.099333333, dts 0:00:00.099333333, dur 0:00:00.019867549, size 51701, offset 193668, offset_end none, flags 0x400
05-09 19:57:51.268  2029  2223 D GStreamer+GST_PADS: 0:06:35.656358756 0xf3d03e90 gstpad.c:3765:push_sticky:<queue9:src> event tag marked received
05-09 19:57:51.268  2029  2224 D GStreamer+GST_PADS: 0:06:35.656368964 0xf3d043b0 gstpad.c:1591:gst_pad_check_reconfigure:<capsfilter3:src> remove RECONFIGURE flag
05-09 19:57:51.268  2029  2223 D GStreamer+GST_PADS: 0:06:35.656402402 0xf3d03e90 gstpad.c:3813:check_sticky:<queue9:src> pushing all sticky events
05-09 19:57:51.268  2029  2224 D GStreamer+basetransform: 0:06:35.656417089 0xf3d043b0 gstbasetransform.c:1464:gst_base_transform_reconfigure:<capsfilter3> we had a pending reconfigure
05-09 19:57:51.268  2029  2223 D GStreamer+GST_PADS: 0:06:35.656441047 0xf3d03e90 gstpad.c:3745:push_sticky:<queue9:src> event stream-start was already received
05-09 19:57:51.268  2029  2223 D GStreamer+GST_PADS: 0:06:35.656499849 0xf3d03e90 gstpad.c:3745:push_sticky:<queue9:src> event caps was already received
05-09 19:57:51.268  2029  2224 D GStreamer+GST_CAPS: 0:06:35.656514693 0xf3d043b0 gstpad.c:2648:gst_pad_get_current_caps:<capsfilter3:sink> get current pad caps video/x-h264, stream-format=(string)byte-stream, alignment=(string)au, level=(string)4, profile=(string)baseline, width=(int)1280, height=(int)1440, framerate=(fraction)151/3, pixel-aspect-ratio=(fraction)1/1, parsed=(boolean)true
05-09 19:57:51.268  2029  2223 D GStreamer+GST_PADS: 0:06:35.656540943 0xf3d03e90 gstpad.c:3745:push_sticky:<queue9:src> event segment was already received
05-09 19:57:51.268  2029  2224 D GStreamer+basetransform: 0:06:35.656605110 0xf3d043b0 gstbasetransform.c:1356:gst_base_transform_setcaps:<capsfilter3:sink> have new caps 0xf3d1c228 video/x-h264, stream-format=(string)byte-stream, alignment=(string)au, level=(string)4, profile=(string)baseline, width=(int)1280, height=(int)1440, framerate=(fraction)151/3, pixel-aspect-ratio=(fraction)1/1, parsed=(boolean)true
05-09 19:57:51.268  2029  2223 D GStreamer+GST_PADS: 0:06:35.656611047 0xf3d03e90 gstpad.c:3745:push_sticky:<queue9:src> event tag was already received
05-09 19:57:51.268  2029  2224 D GStreamer+basetransform: 0:06:35.656649277 0xf3d043b0 gstbasetransform.c:533:gst_base_transform_transform_caps:<capsfilter3> transform caps (direction = 2)
05-09 19:57:51.268  2029  2223 D GStreamer+GST_EVENT: 0:06:35.656717870 0xf3d03e90 gstpad.c:5496:gst_pad_send_event_unchecked:<forhalffps:sink> have event type tag event: 0xf39224f0, time 99:99:99.999999999, seq-num 2005, GstTagList-global, taglist=(taglist)"taglist\,\ datetime\=\(datetime\)2016-05-10T02:45:45Z\,\ container-format\=\(string\)\"ISO\\\ MP4/M4A\"\;";
05-09 19:57:51.268  2029  2223 D GStreamer+GST_PADS: 0:06:35.656763547 0xf3d03e90 gstpad.c:3650:do_probe_callbacks:<forhalffps:sink> data is passed
05-09 19:57:51.268  2029  2224 D GStreamer+capsfilter: 0:06:35.656816881 0xf3d043b0 gstcapsfilter.c:295:gst_capsfilter_transform_caps:<capsfilter3> input:     video/x-h264, stream-format=(string)byte-stream, alignment=(string)au, level=(string)4, profile=(string)baseline, width=(int)1280, height=(int)1440, framerate=(fraction)151/3, pixel-aspect-ratio=(fraction)1/1, parsed=(boolean)true
05-09 19:57:51.268  2029  2223 D GStreamer+GST_PADS: 0:06:35.656833235 0xf3d03e90 gstpad.c:3813:check_sticky:<forhalffps:src> pushing all sticky events
05-09 19:57:51.269  2029  2224 D GStreamer+capsfilter: 0:06:35.656858599 0xf3d043b0 gstcapsfilter.c:296:gst_capsfilter_transform_caps:<capsfilter3> filter:    (NULL)
05-09 19:57:51.269  2029  2223 D GStreamer+GST_PADS: 0:06:35.656909589 0xf3d03e90 gstpad.c:3745:push_sticky:<forhalffps:src> event stream-start was already received
05-09 19:57:51.269  2029  2230 D GStreamer+amcvideodec: 0:06:35.656107818 0xf3ac6830 gstamcvideodec.c:1250:gst_amc_video_dec_loop:<amcvideodec-omxnvidiah264decode2> dequeueOutputBuffer() returned 10 (0xa)
05-09 19:57:51.269  2029  2223 D GStreamer+GST_PADS: 0:06:35.657167141 0xf3d03e90 gstpad.c:3745:push_sticky:<forhalffps:src> event caps was already received
05-09 19:57:51.269  2029  2224 D GStreamer+capsfilter: 0:06:35.657189485 0xf3d043b0 gstcapsfilter.c:298:gst_capsfilter_transform_caps:<capsfilter3> caps filter:    video/x-h264, width=(int)[ 16, 4096 ], height=(int)[ 16, 4096 ], framerate=(fraction)[ 0/1, 2147483647/1 ], parsed=(boolean)true, stream-format=(string)byte-stream, alignment=(string)au, profile=(string)high; video/x-h264, width=(int)[ 16, 4096 ], height=(int)[ 16, 4096 ], framerate=(fraction)[ 0/1, 2147483647/1 ], parsed=(boolean)true, stream-format=(string)byte-stream, alignment=(string)au, profile=(string)main; video/x-h264, width=(int)[ 16, 4096 ], height=(int)[ 16, 4096 ], framerate=(fraction)[ 0/1, 2147483647/1 ], parsed=(boolean)true, stream-format=(string)byte-stream, alignment=(string)au, profile=(string)baseline; video/x-h264, width=(int)[ 16, 4096 ], height=(int)[ 16, 4096 ], framerate=(fraction)[ 0/1, 2147483647/1 ], parsed=(boolean)true, stream-format=(string)byte-stream, alignment=(string)au, profile=(string)constrained-baseline; video/x-h264, stream-format=(string)byte-stream, alignment
05-09 19:57:51.269  2029  2223 D GStreamer+GST_PADS: 0:06:35.657212141 0xf3d03e90 gstpad.c:3745:push_sticky:<forhalffps:src> event segment was already received
05-09 19:57:51.269  2029  2223 D GStreamer+GST_PADS: 0:06:35.657297141 0xf3d03e90 gstpad.c:3745:push_sticky:<forhalffps:src> event tag was already received
05-09 19:57:51.269  2029  2224 D GStreamer+capsfilter: 0:06:35.657311308 0xf3d043b0 gstcapsfilter.c:299:gst_capsfilter_transform_caps:<capsfilter3> intersect: video/x-h264, width=(int)1280, height=(int)1440, framerate=(fraction)151/3, parsed=(boolean)true, stream-format=(string)byte-stream, alignment=(string)au, profile=(string)baseline, level=(string)4, pixel-aspect-ratio=(fraction)1/1
05-09 19:57:51.269  2029  2230 D GStreamer+amcvideodec: 0:06:35.657289954 0xf3ac6830 gstamcvideodec.c:1306:gst_amc_video_dec_loop:<amcvideodec-omxnvidiah264decode2> Got output buffer at index 10: offset 0 size 8 time 42666 flags 0x00000000
05-09 19:57:51.269  2029  2223 D GStreamer+GST_EVENT: 0:06:35.657414745 0xf3d03e90 gstpad.c:5496:gst_pad_send_event_unchecked:<glimagesinkbin3:sink> have event type tag event: 0xf39224f0, time 99:99:99.999999999, seq-num 2005, GstTagList-global, taglist=(taglist)"taglist\,\ datetime\=\(datetime\)2016-05-10T02:45:45Z\,\ container-format\=\(string\)\"ISO\\\ MP4/M4A\"\;";
05-09 19:57:51.269  2029  2224 D GStreamer+basetransform: 0:06:35.657420683 0xf3d043b0 gstbasetransform.c:560:gst_base_transform_transform_caps:<capsfilter3> to: video/x-h264, width=(int)1280, height=(int)1440, framerate=(fraction)151/3, parsed=(boolean)true, stream-format=(string)byte-stream, alignment=(string)au, profile=(string)baseline, level=(string)4, pixel-aspect-ratio=(fraction)1/1
05-09 19:57:51.269  2029  2224 D GStreamer+basetransform: 0:06:35.657463495 0xf3d043b0 gstbasetransform.c:1142:gst_base_transform_find_transform:<capsfilter3> intersecting against padtemplate ANY
05-09 19:57:51.269  2029  2223 D GStreamer+GST_PADS: 0:06:35.657480266 0xf3d03e90 gstpad.c:3813:check_sticky:<sink:proxypad13> pushing all sticky events
05-09 19:57:51.269  2029  2223 D GStreamer+GST_PADS: 0:06:35.657534120 0xf3d03e90 gstpad.c:3745:push_sticky:<sink:proxypad13> event stream-start was already received
05-09 19:57:51.269  2029  2224 D GStreamer+basetransform: 0:06:35.657548704 0xf3d043b0 gstbasetransform.c:1217:gst_base_transform_find_transform have fixed caps video/x-h264, width=(int)1280, height=(int)1440, framerate=(fraction)151/3, parsed=(boolean)true, stream-format=(string)byte-stream, alignment=(string)au, profile=(string)baseline, level=(string)4, pixel-aspect-ratio=(fraction)1/1
05-09 19:57:51.269  2029  2223 D GStreamer+GST_PADS: 0:06:35.657572245 0xf3d03e90 gstpad.c:3745:push_sticky:<sink:proxypad13> event caps was already received
05-09 19:57:51.269  2029  2223 D GStreamer+GST_PADS: 0:06:35.657625006 0xf3d03e90 gstpad.c:3745:push_sticky:<sink:proxypad13> event segment was already received
05-09 19:57:51.269  2029  2224 D GStreamer+basetransform: 0:06:35.657651412 0xf3d043b0 gstbasetransform.c:1224:gst_base_transform_find_transform:<capsfilter3> calling fixate_caps for video/x-h264, width=(int)1280, height=(int)1440, framerate=(fraction)151/3, parsed=(boolean)true, stream-format=(string)byte-stream, alignment=(string)au, profile=(string)baseline, level=(string)4, pixel-aspect-ratio=(fraction)1/1 using caps video/x-h264, stream-format=(string)byte-stream, alignment=(string)au, level=(string)4, profile=(string)baseline, width=(int)1280, height=(int)1440, framerate=(fraction)151/3, pixel-aspect-ratio=(fraction)1/1, parsed=(boolean)true on pad capsfilter3:src
05-09 19:57:51.269  2029  2223 D GStreamer+GST_PADS: 0:06:35.657673339 0xf3d03e90 gstpad.c:3745:push_sticky:<sink:proxypad13> event tag was already received
05-09 19:57:51.269  2029  2224 D GStreamer+basetransform: 0:06:35.657733547 0xf3d043b0 gstbasetransform.c:1091:gst_base_transform_default_fixate_caps:<capsfilter3> fixated to video/x-h264, width=(int)1280, height=(int)1440, framerate=(fraction)151/3, parsed=(boolean)true, stream-format=(string)byte-stream, alignment=(string)au, profile=(string)baseline, level=(string)4, pixel-aspect-ratio=(fraction)1/1
05-09 19:57:51.269  2029  2223 D GStreamer+GST_EVENT: 0:06:35.657777037 0xf3d03e90 gstpad.c:5496:gst_pad_send_event_unchecked:<gluploadelement3:sink> have event type tag event: 0xf39224f0, time 99:99:99.999999999, seq-num 2005, GstTagList-global, taglist=(taglist)"taglist\,\ datetime\=\(datetime\)2016-05-10T02:45:45Z\,\ container-format\=\(string\)\"ISO\\\ MP4/M4A\"\;";
05-09 19:57:51.269  2029  2224 D GStreamer+basetransform: 0:06:35.657809693 0xf3d043b0 gstbasetransform.c:1230:gst_base_transform_find_transform:<capsfilter3> after fixating video/x-h264, width=(int)1280, height=(int)1440, framerate=(fraction)151/3, parsed=(boolean)true, stream-format=(string)byte-stream, alignment=(string)au, profile=(string)baseline, level=(string)4, pixel-aspect-ratio=(fraction)1/1
05-09 19:57:51.269  2029  2223 D GStreamer+GST_PADS: 0:06:35.657828547 0xf3d03e90 gstpad.c:3813:check_sticky:<gluploadelement3:src> pushing all sticky events
05-09 19:57:51.270  2029  2223 D GStreamer+GST_PADS: 0:06:35.657884381 0xf3d03e90 gstpad.c:3745:push_sticky:<gluploadelement3:src> event stream-start was already received
05-09 19:57:51.270  2029  2224 D GStreamer+GST_CAPS: 0:06:35.657900266 0xf3d043b0 gstutils.c:2921:gst_pad_query_accept_caps:<amcvideodec-omxnvidiah264decode2:sink> accept caps of video/x-h264, width=(int)1280, height=(int)1440, framerate=(fraction)151/3, parsed=(boolean)true, stream-format=(string)byte-stream, alignment=(string)au, profile=(string)baseline, level=(string)4, pixel-aspect-ratio=(fraction)1/1
05-09 19:57:51.270  2029  2223 D GStreamer+GST_PADS: 0:06:35.657926412 0xf3d03e90 gstpad.c:3745:push_sticky:<gluploadelement3:src> event caps was already received
05-09 19:57:51.270  2029  2224 D GStreamer+query: 0:06:35.657948860 0xf3d043b0 gstquery.c:674:gst_query_new_custom creating new query 0xf3d34150 accept-caps
05-09 19:57:51.270  2029  2223 D GStreamer+GST_PADS: 0:06:35.657971464 0xf3d03e90 gstpad.c:3745:push_sticky:<gluploadelement3:src> event segment was already received
05-09 19:57:51.270  2029  2224 D GStreamer+GST_PADS: 0:06:35.657995943 0xf3d043b0 gstpad.c:3882:gst_pad_query:<amcvideodec-omxnvidiah264decode2:sink> doing query 0xf3d34150 (accept-caps)
05-09 19:57:51.270  2029  2223 D GStreamer+GST_PADS: 0:06:35.658019797 0xf3d03e90 gstpad.c:3745:push_sticky:<gluploadelement3:src> event tag was already received
05-09 19:57:51.270  2029  2224 D GStreamer+videodecoder: 0:06:35.658051464 0xf3d043b0 gstvideodecoder.c:1963:gst_video_decoder_sink_query:<amcvideodec-omxnvidiah264decode2> received query 40963, accept-caps
05-09 19:57:51.270  2029  2223 D GStreamer+GST_EVENT: 0:06:35.658118495 0xf3d03e90 gstpad.c:5496:gst_pad_send_event_unchecked:<glcolorconvertelement3:sink> have event type tag event: 0xf39224f0, time 99:99:99.999999999, seq-num 2005, GstTagList-global, taglist=(taglist)"taglist\,\ datetime\=\(datetime\)2016-05-10T02:45:45Z\,\ container-format\=\(string\)\"ISO\\\ MP4/M4A\"\;";
