05-09 19:57:51.270  2029  2224 D GStreamer+GST_CAPS: 0:06:35.658151568 0xf3d043b0 gstutils.c:2838:gst_pad_query_caps:<amcvideodec-omxnvidiah264decode2:sink> get pad caps with filter video/x-h264, width=(int)1280, height=(int)1440, framerate=(fraction)151/3, parsed=(boolean)true, stream-format=(string)byte-stream, alignment=(string)au, profile=(string)baseline, level=(string)4, pixel-aspect-ratio=(fraction)1/1
05-09 19:57:51.270  2029  2223 D GStreamer+GST_PADS: 0:06:35.658215474 0xf3d03e90 gstpad.c:3813:check_sticky:<glcolorconvertelement3:src> pushing all sticky events
05-09 19:57:51.270  2029  2224 D GStreamer+query: 0:06:35.658220318 0xf3d043b0 gstquery.c:674:gst_query_new_custom creating new query 0xf3ac6860 caps
05-09 19:57:51.270  2029  2223 D GStreamer+GST_PADS: 0:06:35.658275110 0xf3d03e90 gstpad.c:3745:push_sticky:<glcolorconvertelement3:src> event stream-start was already received
05-09 19:57:51.270  2029  2224 D GStreamer+GST_PADS: 0:06:35.658290162 0xf3d043b0 gstpad.c:3882:gst_pad_query:<amcvideodec-omxnvidiah264decode2:sink> doing query 0xf3ac6860 (caps)
05-09 19:57:51.270  2029  2223 D GStreamer+GST_PADS: 0:06:35.658316412 0xf3d03e90 gstpad.c:3745:push_sticky:<glcolorconvertelement3:src> event caps was already received
05-09 19:57:51.270  2029  2224 D GStreamer+videodecoder: 0:06:35.658340266 0xf3d043b0 gstvideodecoder.c:1963:gst_video_decoder_sink_query:<amcvideodec-omxnvidiah264decode2> received query 43523, caps
05-09 19:57:51.270  2029  2223 D GStreamer+GST_PADS: 0:06:35.658369329 0xf3d03e90 gstpad.c:3745:push_sticky:<glcolorconvertelement3:src> event segment was already received
05-09 19:57:51.270  2029  2223 D GStreamer+GST_PADS: 0:06:35.658415266 0xf3d03e90 gstpad.c:3745:push_sticky:<glcolorconvertelement3:src> event tag was already received
05-09 19:57:51.270  2029  2224 D GStreamer+GST_CAPS: 0:06:35.658485943 0xf3d043b0 gstutils.c:2884:gst_pad_peer_query_caps:<amcvideodec-omxnvidiah264decode2:src> get pad peer caps with filter video/x-raw(memory:GLMemory), width=(int)1280, height=(int)1440, framerate=(fraction)151/3, pixel-aspect-ratio=(fraction)1/1; video/x-raw, width=(int)1280, height=(int)1440, framerate=(fraction)151/3, pixel-aspect-ratio=(fraction)1/1
05-09 19:57:51.270  2029  2223 D GStreamer+GST_EVENT: 0:06:35.658527245 0xf3d03e90 gstpad.c:5496:gst_pad_send_event_unchecked:<glcolorbalance3:sink> have event type tag event: 0xf39224f0, time 99:99:99.999999999, seq-num 2005, GstTagList-global, taglist=(taglist)"taglist\,\ datetime\=\(datetime\)2016-05-10T02:45:45Z\,\ container-format\=\(string\)\"ISO\\\ MP4/M4A\"\;";
05-09 19:57:51.270  2029  2224 D GStreamer+query: 0:06:35.658537974 0xf3d043b0 gstquery.c:674:gst_query_new_custom creating new query 0xf3dd0030 caps
05-09 19:57:51.270  2029  2223 D GStreamer+GST_PADS: 0:06:35.658573547 0xf3d03e90 gstpad.c:3813:check_sticky:<glcolorbalance3:src> pushing all sticky events
05-09 19:57:51.270  2029  2224 D GStreamer+GST_PADS: 0:06:35.658587974 0xf3d043b0 gstpad.c:4009:gst_pad_peer_query:<amcvideodec-omxnvidiah264decode2:src> peer query 0xf3dd0030 (caps)
05-09 19:57:51.270  2029  2223 D GStreamer+GST_PADS: 0:06:35.658615162 0xf3d03e90 gstpad.c:3745:push_sticky:<glcolorbalance3:src> event stream-start was already received
05-09 19:57:51.270  2029  2224 D GStreamer+GST_PADS: 0:06:35.658642297 0xf3d043b0 gstpad.c:3882:gst_pad_query:<src_0:proxypad14> doing query 0xf3dd0030 (caps)
05-09 19:57:51.270  2029  2223 D GStreamer+GST_PADS: 0:06:35.658662766 0xf3d03e90 gstpad.c:3745:push_sticky:<glcolorbalance3:src> event caps was already received
05-09 19:57:51.270  2029  2223 D GStreamer+GST_PADS: 0:06:35.658710683 0xf3d03e90 gstpad.c:3745:push_sticky:<glcolorbalance3:src> event segment was already received
05-09 19:57:51.270  2029  2223 D GStreamer+GST_PADS: 0:06:35.658758860 0xf3d03e90 gstpad.c:3745:push_sticky:<glcolorbalance3:src> event tag was already received
05-09 19:57:51.270  2029  2224 D GStreamer+GST_CAPS: 0:06:35.658769537 0xf3d043b0 gstpad.c:3088:gst_pad_query_caps_default:<src_0:proxypad14> query caps caps query: 0xf3dd0030, GstQueryCaps, filter=(GstCaps)"video/x-raw\(memory:GLMemory\)\,\ width\=\(int\)1280\,\ height\=\(int\)1440\,\ framerate\=\(fraction\)151/3\,\ pixel-aspect-ratio\=\(fraction\)1/1\;\ video/x-raw\,\ width\=\(int\)1280\,\ height\=\(int\)1440\,\ framerate\=\(fraction\)151/3\,\ pixel-aspect-ratio\=\(fraction\)1/1", caps=(GstCaps)"NULL";
05-09 19:57:51.270  2029  2224 D GStreamer+GST_PADS: 0:06:35.658822245 0xf3d043b0 gstutils.c:2599:gst_pad_proxy_query_caps:<src_0:proxypad14> proxying caps query for src_0:proxypad14
05-09 19:57:51.271  2029  2223 D GStreamer+GST_EVENT: 0:06:35.658860422 0xf3d03e90 gstpad.c:5496:gst_pad_send_event_unchecked:<sink:sink> have event type tag event: 0xf39224f0, time 99:99:99.999999999, seq-num 2005, GstTagList-global, taglist=(taglist)"taglist\,\ datetime\=\(datetime\)2016-05-10T02:45:45Z\,\ container-format\=\(string\)\"ISO\\\ MP4/M4A\"\;";
05-09 19:57:51.271  2029  2224 D GStreamer+GST_PADS: 0:06:35.658905579 0xf3d043b0 gstpad.c:4009:gst_pad_peer_query:<forhwgl:src_0> peer query 0xf3dd0030 (caps)
05-09 19:57:51.271  2029  2224 D GStreamer+GST_PADS: 0:06:35.658962245 0xf3d043b0 gstpad.c:3650:do_probe_callbacks:<forhwgl:src_0> data is passed
05-09 19:57:51.271  2029  2223 D GStreamer+basesink: 0:06:35.658977662 0xf3d03e90 gstbasesink.c:3232:gst_base_sink_event:<sink> received event 0xf39224f0 tag event: 0xf39224f0, time 99:99:99.999999999, seq-num 2005, GstTagList-global, taglist=(taglist)"taglist\,\ datetime\=\(datetime\)2016-05-10T02:45:45Z\,\ container-format\=\(string\)\"ISO\\\ MP4/M4A\"\;";
05-09 19:57:51.271  2029  2224 D GStreamer+GST_PADS: 0:06:35.659006308 0xf3d043b0 gstpad.c:3882:gst_pad_query:<queue9:sink> doing query 0xf3dd0030 (caps)
05-09 19:57:51.271  2029  2223 D GStreamer+GST_BUS: 0:06:35.659094797 0xf3d03e90 gstbus.c:309:gst_bus_post:<bus17> [msg 0xf3925160] posting on bus tag message: 0xf3925160, time 99:99:99.999999999, seq-num 2092, element 'sink', GstMessageTag, taglist=(taglist)"taglist\,\ datetime\=\(datetime\)2016-05-10T02:45:45Z\,\ container-format\=\(string\)\"ISO\\\ MP4/M4A\"\;";
05-09 19:57:51.271  2029  2224 D GStreamer+GST_CAPS: 0:06:35.659153131 0xf3d043b0 gstpad.c:3088:gst_pad_query_caps_default:<queue9:sink> query caps caps query: 0xf3dd0030, GstQueryCaps, filter=(GstCaps)"video/x-raw\(memory:GLMemory\)\,\ width\=\(int\)1280\,\ height\=\(int\)1440\,\ framerate\=\(fraction\)151/3\,\ pixel-aspect-ratio\=\(fraction\)1/1\;\ video/x-raw\,\ width\=\(int\)1280\,\ height\=\(int\)1440\,\ framerate\=\(fraction\)151/3\,\ pixel-aspect-ratio\=\(fraction\)1/1", caps=(GstCaps)"NULL";
05-09 19:57:51.271  2029  2223 D GStreamer+bin: 0:06:35.659171256 0xf3d03e90 gstbin.c:3528:gst_bin_handle_message_func:<glimagesinkbin3> [msg 0xf3925160] handling child sink message of type tag
05-09 19:57:51.271  2029  2224 D GStreamer+GST_PADS: 0:06:35.659198443 0xf3d043b0 gstutils.c:2599:gst_pad_proxy_query_caps:<queue9:sink> proxying caps query for queue9:sink
05-09 19:57:51.271  2029  2223 D GStreamer+bin: 0:06:35.659220214 0xf3d03e90 gstbin.c:3865:gst_bin_handle_message_func:<glimagesinkbin3> posting message upward
05-09 19:57:51.271  2029  2224 D GStreamer+GST_PADS: 0:06:35.659243339 0xf3d043b0 gstpad.c:2803:gst_pad_iterate_internal_links_default:<queue9:sink> Making iterator
05-09 19:57:51.271  2029  2224 D GStreamer+GST_PADS: 0:06:35.659307037 0xf3d043b0 gstpad.c:4009:gst_pad_peer_query:<queue9:src> peer query 0xf3dd0030 (caps)
05-09 19:57:51.271  2029  2223 D GStreamer+GST_BUS: 0:06:35.659317714 0xf3d03e90 gstbus.c:309:gst_bus_post:<bus18> [msg 0xf3925160] posting on bus tag message: 0xf3925160, time 99:99:99.999999999, seq-num 2092, element 'sink', GstMessageTag, taglist=(taglist)"taglist\,\ datetime\=\(datetime\)2016-05-10T02:45:45Z\,\ container-format\=\(string\)\"ISO\\\ MP4/M4A\"\;";
05-09 19:57:51.271  2029  2224 D GStreamer+GST_PADS: 0:06:35.659357037 0xf3d043b0 gstpad.c:3882:gst_pad_query:<forhalffps:sink> doing query 0xf3dd0030 (caps)
05-09 19:57:51.271  2029  2223 D GStreamer+bin: 0:06:35.659374537 0xf3d03e90 gstbin.c:3528:gst_bin_handle_message_func:<pipeline3> [msg 0xf3925160] handling child sink message of type tag
05-09 19:57:51.271  2029  2224 D GStreamer+GST_PADS: 0:06:35.659396568 0xf3d043b0 gstpad.c:3650:do_probe_callbacks:<forhalffps:sink> data is passed
05-09 19:57:51.271  2029  2223 D GStreamer+bin: 0:06:35.659416985 0xf3d03e90 gstbin.c:3865:gst_bin_handle_message_func:<pipeline3> posting message upward
05-09 19:57:51.271  2029  2224 D GStreamer+basetransform: 0:06:35.659509172 0xf3d043b0 gstbasetransform.c:704:gst_base_transform_query_caps:<forhalffps:sink> filter caps  video/x-raw(memory:GLMemory), width=(int)1280, height=(int)1440, framerate=(fraction)151/3, pixel-aspect-ratio=(fraction)1/1; video/x-raw, width=(int)1280, height=(int)1440, framerate=(fraction)151/3, pixel-aspect-ratio=(fraction)1/1
05-09 19:57:51.271  2029  2223 D GStreamer+GST_BUS: 0:06:35.659528287 0xf3d03e90 gstbus.c:309:gst_bus_post:<bus19> [msg 0xf3925160] posting on bus tag message: 0xf3925160, time 99:99:99.999999999, seq-num 2092, element 'sink', GstMessageTag, taglist=(taglist)"taglist\,\ datetime\=\(datetime\)2016-05-10T02:45:45Z\,\ container-format\=\(string\)\"ISO\\\ MP4/M4A\"\;";
05-09 19:57:51.271  2029  2224 D GStreamer+basetransform: 0:06:35.659557245 0xf3d043b0 gstbasetransform.c:707:gst_base_transform_query_caps:<forhalffps:sink> our template  ANY
05-09 19:57:51.271  2029  2223 D GStreamer+GST_BUS: 0:06:35.659574016 0xf3d03e90 gstbus.c:348:gst_bus_post:<bus19> [msg 0xf3925160] pushing on async queue
05-09 19:57:51.271  2029  2223 D GStreamer+GST_BUS: 0:06:35.659624589 0xf3d03e90 gstbus.c:351:gst_bus_post:<bus19> [msg 0xf3925160] pushed on async queue
05-09 19:57:51.271  2029  2224 D GStreamer+basetransform: 0:06:35.659647037 0xf3d043b0 gstbasetransform.c:709:gst_base_transform_query_caps:<forhalffps:sink> intersected video/x-raw(memory:GLMemory), width=(int)1280, height=(int)1440, framerate=(fraction)151/3, pixel-aspect-ratio=(fraction)1/1; video/x-raw, width=(int)1280, height=(int)1440, framerate=(fraction)151/3, pixel-aspect-ratio=(fraction)1/1
05-09 19:57:51.271  2029  2216 D GStreamer+GST_BUS: 0:06:35.659666099 0xf3d321c0 gstbus.c:521:gst_bus_timed_pop_filtered:<bus19> got message 0xf3925160, tag from sink, type mask is 4294967295
05-09 19:57:51.271  2029  2223 D GStreamer+GST_BUS: 0:06:35.659677089 0xf3d03e90 gstbus.c:344:gst_bus_post:<bus18> [msg 0xf3925160] dropped
05-09 19:57:51.271  2029  2224 D GStreamer+basetransform: 0:06:35.659693912 0xf3d043b0 gstbasetransform.c:533:gst_base_transform_transform_caps:<forhalffps> transform caps (direction = 2)
05-09 19:57:51.271  2029  2223 D GStreamer+GST_BUS: 0:06:35.659724797 0xf3d03e90 gstbus.c:344:gst_bus_post:<bus17> [msg 0xf3925160] dropped
05-09 19:57:51.271  2029  2223 D GStreamer+GST_PADS: 0:06:35.659792714 0xf3d03e90 gstpad.c:5569:gst_pad_send_event_unchecked:<sink:sink> sent event, ret ok
05-09 19:57:51.271  2029  2216 D GStreamer+GST_BUS: 0:06:35.659809329 0xf3d321c0 gstbus.c:789:gst_bus_source_dispatch:<bus19> source 0xf39d9b18 calling dispatch with tag message: 0xf3925160, time 99:99:99.999999999, seq-num 2092, element 'sink', GstMessageTag, taglist=(taglist)"taglist\,\ datetime\=\(datetime\)2016-05-10T02:45:45Z\,\ container-format\=\(string\)\"ISO\\\ MP4/M4A\"\;";
05-09 19:57:51.271  2029  2223 D GStreamer+GST_PADS: 0:06:35.659835370 0xf3d03e90 gstpad.c:3765:push_sticky:<glcolorbalance3:src> event tag marked received
05-09 19:57:51.272  2029  2216 D GStreamer+GST_BUS: 0:06:35.659866829 0xf3d321c0 gstbus.c:794:gst_bus_source_dispatch:<bus19> source 0xf39d9b18 handler returns 1
05-09 19:57:51.272  2029  2223 D GStreamer+GST_PADS: 0:06:35.659911152 0xf3d03e90 gstpad.c:5569:gst_pad_send_event_unchecked:<glcolorbalance3:sink> sent event, ret ok
05-09 19:57:51.272  2029  2224 D GStreamer+basetransform: 0:06:35.659961047 0xf3d043b0 gstbasetransform.c:504:gst_base_transform_default_transform_caps:<forhalffps> identity from: video/x-raw(memory:GLMemory), width=(int)1280, height=(int)1440, framerate=(fraction)151/3, pixel-aspect-ratio=(fraction)1/1; video/x-raw, width=(int)1280, height=(int)1440, framerate=(fraction)151/3, pixel-aspect-ratio=(fraction)1/1
05-09 19:57:51.272  2029  2223 D GStreamer+GST_PADS: 0:06:35.659977870 0xf3d03e90 gstpad.c:3765:push_sticky:<glcolorconvertelement3:src> event tag marked received
05-09 19:57:51.272  2029  2224 D GStreamer+basetransform: 0:06:35.660060995 0xf3d043b0 gstbasetransform.c:560:gst_base_transform_transform_caps:<forhalffps> to: video/x-raw(memory:GLMemory), width=(int)1280, height=(int)1440, framerate=(fraction)151/3, pixel-aspect-ratio=(fraction)1/1; video/x-raw, width=(int)1280, height=(int)1440, framerate=(fraction)151/3, pixel-aspect-ratio=(fraction)1/1
05-09 19:57:51.272  2029  2223 D GStreamer+GST_PADS: 0:06:35.660033183 0xf3d03e90 gstpad.c:5569:gst_pad_send_event_unchecked:<glcolorconvertelement3:sink> sent event, ret ok
05-09 19:57:51.272  2029  2223 D GStreamer+GST_PADS: 0:06:35.660126256 0xf3d03e90 gstpad.c:3765:push_sticky:<gluploadelement3:src> event tag marked received
05-09 19:57:51.272  2029  2224 D GStreamer+basetransform: 0:06:35.660158599 0xf3d043b0 gstbasetransform.c:714:gst_base_transform_query_caps:<forhalffps:sink> transformed  video/x-raw(memory:GLMemory), width=(int)1280, height=(int)1440, framerate=(fraction)151/3, pixel-aspect-ratio=(fraction)1/1; video/x-raw, width=(int)1280, height=(int)1440, framerate=(fraction)151/3, pixel-aspect-ratio=(fraction)1/1
05-09 19:57:51.272  2029  2223 D GStreamer+GST_PADS: 0:06:35.660189016 0xf3d03e90 gstpad.c:5569:gst_pad_send_event_unchecked:<gluploadelement3:sink> sent event, ret ok
05-09 19:57:51.272  2029  2224 D GStreamer+basetransform: 0:06:35.660215058 0xf3d043b0 gstbasetransform.c:719:gst_base_transform_query_caps:<forhalffps:sink> our template  ANY
05-09 19:57:51.272  2029  2223 D GStreamer+GST_PADS: 0:06:35.660238599 0xf3d03e90 gstpad.c:3765:push_sticky:<sink:proxypad13> event tag marked received
05-09 19:57:51.272  2029  2224 D GStreamer+basetransform: 0:06:35.660306360 0xf3d043b0 gstbasetransform.c:724:gst_base_transform_query_caps:<forhalffps:sink> intersected video/x-raw(memory:GLMemory), width=(int)1280, height=(int)1440, framerate=(fraction)151/3, pixel-aspect-ratio=(fraction)1/1; video/x-raw, width=(int)1280, height=(int)1440, framerate=(fraction)151/3, pixel-aspect-ratio=(fraction)1/1
05-09 19:57:51.272  2029  2223 D GStreamer+GST_PADS: 0:06:35.660336516 0xf3d03e90 gstpad.c:5569:gst_pad_send_event_unchecked:<glimagesinkbin3:sink> sent event, ret ok
05-09 19:57:51.272  2029  2224 D GStreamer+basetransform: 0:06:35.660391516 0xf3d043b0 gstbasetransform.c:730:gst_base_transform_query_caps:<forhalffps:sink> peer filter caps video/x-raw(memory:GLMemory), width=(int)1280, height=(int)1440, framerate=(fraction)151/3, pixel-aspect-ratio=(fraction)1/1; video/x-raw, width=(int)1280, height=(int)1440, framerate=(fraction)151/3, pixel-aspect-ratio=(fraction)1/1
05-09 19:57:51.272  2029  2223 D GStreamer+GST_PADS: 0:06:35.660409016 0xf3d03e90 gstpad.c:3765:push_sticky:<forhalffps:src> event tag marked received
05-09 19:57:51.272  2029  2223 D GStreamer+GST_PADS: 0:06:35.660466933 0xf3d03e90 gstpad.c:5569:gst_pad_send_event_unchecked:<forhalffps:sink> sent event, ret ok
05-09 19:57:51.272  2029  2224 D GStreamer+GST_CAPS: 0:06:35.660486777 0xf3d043b0 gstutils.c:2884:gst_pad_peer_query_caps:<forhalffps:src> get pad peer caps with filter video/x-raw(memory:GLMemory), width=(int)1280, height=(int)1440, framerate=(fraction)151/3, pixel-aspect-ratio=(fraction)1/1; video/x-raw, width=(int)1280, height=(int)1440, framerate=(fraction)151/3, pixel-aspect-ratio=(fraction)1/1
05-09 19:57:51.272  2029  2223 D GStreamer+GST_PADS: 0:06:35.660514277 0xf3d03e90 gstpad.c:3765:push_sticky:<queue9:src> event tag marked received
05-09 19:57:51.272  2029  2224 D GStreamer+query: 0:06:35.660533964 0xf3d043b0 gstquery.c:674:gst_query_new_custom creating new query 0xf3dd0000 caps
05-09 19:57:51.272  2029  2223 D GStreamer+GST_PADS: 0:06:35.660577506 0xf3d03e90 gstpad.c:3650:do_probe_callbacks:<forhalffps:sink> data is passed
05-09 19:57:51.272  2029  2224 D GStreamer+GST_PADS: 0:06:35.660599016 0xf3d043b0 gstpad.c:4009:gst_pad_peer_query:<forhalffps:src> peer query 0xf3dd0000 (caps)
05-09 19:57:51.272  2029  2224 D GStreamer+GST_PADS: 0:06:35.660659277 0xf3d043b0 gstpad.c:3882:gst_pad_query:<glimagesinkbin3:sink> doing query 0xf3dd0000 (caps)
05-09 19:57:51.272  2029  2223 D GStreamer+GST_CAPS: 0:06:35.660676985 0xf3d03e90 gstpad.c:2648:gst_pad_get_current_caps:<forhalffps:sink> get current pad caps video/x-raw(memory:GLMemory), format=(string)RGBA, width=(int)1280, height=(int)1440, interlace-mode=(string)progressive, pixel-aspect-ratio=(fraction)1/1, colorimetry=(string)sRGB, framerate=(fraction)151/3, texture-target=(string)external-oes
05-09 19:57:51.272  2029  2223 D GStreamer+query: 0:06:35.660733183 0xf3d03e90 gstquery.c:674:gst_query_new_custom creating new query 0xf3d34000 position
05-09 19:57:51.272  2029  2223 D GStreamer+GST_ELEMENT_PADS: 0:06:35.660779485 0xf3d03e90 gstelement.c:1698:gst_element_query send query on element pipeline3
05-09 19:57:51.272  2029  2224 D GStreamer+GST_CAPS: 0:06:35.660800631 0xf3d043b0 gstpad.c:3088:gst_pad_query_caps_default:<glimagesinkbin3:sink> query caps caps query: 0xf3dd0000, GstQueryCaps, filter=(GstCaps)"video/x-raw\(memory:GLMemory\)\,\ width\=\(int\)1280\,\ height\=\(int\)1440\,\ framerate\=\(fraction\)151/3\,\ pixel-aspect-ratio\=\(fraction\)1/1\;\ video/x-raw\,\ width\=\(int\)1280\,\ height\=\(int\)1440\,\ framerate\=\(fraction\)151/3\,\ pixel-aspect-ratio\=\(fraction\)1/1", caps=(GstCaps)"NULL";
05-09 19:57:51.272  2029  2223 D GStreamer+bin: 0:06:35.660830943 0xf3d03e90 gstbin.c:4176:gst_bin_query:<pipeline3> Sending query 0xf3d34000 (type position) to sink children
05-09 19:57:51.273  2029  2224 D GStreamer+GST_PADS: 0:06:35.660853079 0xf3d043b0 gstutils.c:2599:gst_pad_proxy_query_caps:<glimagesinkbin3:sink> proxying caps query for glimagesinkbin3:sink
05-09 19:57:51.273  2029  2223 D GStreamer+GST_STATES: 0:06:35.660894693 0xf3d03e90 gstbin.c:1797:bin_element_is_sink:<pipeline3> child glimagesinkbin3 is sink
05-09 19:57:51.273  2029  2224 D GStreamer+GST_PADS: 0:06:35.660913652 0xf3d043b0 gstpad.c:4009:gst_pad_peer_query:<sink:proxypad13> peer query 0xf3dd0000 (caps)
05-09 19:57:51.273  2029  2223 D GStreamer+GST_ELEMENT_PADS: 0:06:35.660937818 0xf3d03e90 gstelement.c:1698:gst_element_query send query on element glimagesinkbin3
05-09 19:57:51.273  2029  2224 D GStreamer+GST_PADS: 0:06:35.660963860 0xf3d043b0 gstpad.c:3882:gst_pad_query:<gluploadelement3:sink> doing query 0xf3dd0000 (caps)
05-09 19:57:51.273  2029  2223 D GStreamer+bin: 0:06:35.660990370 0xf3d03e90 gstbin.c:4176:gst_bin_query:<glimagesinkbin3> Sending query 0xf3d34000 (type position) to sink children
05-09 19:57:51.273  2029  2223 D GStreamer+GST_STATES: 0:06:35.661042974 0xf3d03e90 gstbin.c:1797:bin_element_is_sink:<glimagesinkbin3> child sink is sink
05-09 19:57:51.273  2029  2224 D GStreamer+basetransform: 0:06:35.661071256 0xf3d043b0 gstbasetransform.c:704:gst_base_transform_query_caps:<gluploadelement3:sink> filter caps  video/x-raw(memory:GLMemory), width=(int)1280, height=(int)1440, framerate=(fraction)151/3, pixel-aspect-ratio=(fraction)1/1; video/x-raw, width=(int)1280, height=(int)1440, framerate=(fraction)151/3, pixel-aspect-ratio=(fraction)1/1
05-09 19:57:51.273  2029  2223 D GStreamer+GST_ELEMENT_PADS: 0:06:35.661091568 0xf3d03e90 gstelement.c:1698:gst_element_query send query on element sink
05-09 19:57:51.273  2029  2223 D GStreamer+basesink: 0:06:35.661132402 0xf3d03e90 gstbasesink.c:4795:default_element_query:<sink> position query in format default
05-09 19:57:51.273  2029  2223 D GStreamer+basesink: 0:06:35.661188235 0xf3d03e90 gstbasesink.c:4582:gst_base_sink_get_position:<sink> in paused, using start time 0:00:00.000000000
05-09 19:57:51.273  2029  2223 D GStreamer+basesink: 0:06:35.661241099 0xf3d03e90 gstbasesink.c:4622:gst_base_sink_get_position:<sink> in PLAYING using last 99:99:99.999999999
05-09 19:57:51.273  2029  2223 D GStreamer+basesink: 0:06:35.661328808 0xf3d03e90 gstbasesink.c:4704:gst_base_sink_get_position:<sink> now 0:00:00.000000000 - base_time 0:00:00.000000000 - base 0:00:00.000000000 + time 0:00:00.000000000  last 99:99:99.999999999
05-09 19:57:51.273  2029  2223 D GStreamer+query: 0:06:35.661380214 0xf3d03e90 gstquery.c:674:gst_query_new_custom creating new query 0xf3b00d20 convert
05-09 19:57:51.273  2029  2223 D GStreamer+GST_PADS: 0:06:35.661427037 0xf3d03e90 gstpad.c:3882:gst_pad_query:<sink:sink> doing query 0xf3b00d20 (convert)
05-09 19:57:51.273  2029  2223 D GStreamer+GST_PADS: 0:06:35.661483912 0xf3d03e90 gstpad.c:3339:gst_pad_query_default:<sink:sink> forwarding 0xf3b00d20 (convert) query
05-09 19:57:51.273  2029  2224 D GStreamer+basetransform: 0:06:35.661515891 0xf3d043b0 gstbasetransform.c:707:gst_base_transform_query_caps:<gluploadelement3:sink> our template  video/x-raw(memory:GLMemory, meta:GstVideoOverlayComposition), format=(string){ RGBA, BGRA, RGBx, BGRx, ARGB, ABGR, xRGB, xBGR, RGB, BGR, RGB16, BGR16, AYUV, I420, YV12, NV12, NV21, YUY2, UYVY, Y41B, Y42B, Y444, GRAY8, GRAY16_LE, GRAY16_BE }, width=(int)[ 1, 2147483647 ], height=(int)[ 1, 2147483647 ], framerate=(fraction)[ 0/1, 2147483647/1 ]; video/x-raw(memory:EGLImage, meta:GstVideoOverlayComposition), format=(string)RGBA, width=(int)[ 1, 2147483647 ], height=(int)[ 1, 2147483647 ], framerate=(fraction)[ 0/1, 2147483647/1 ]; video/x-raw(meta:GstVideoGLTextureUploadMeta, meta:GstVideoOverlayComposition), format=(string)RGBA, width=(int)[ 1, 2147483647 ], height=(int)[ 1, 2147483647 ], framerate=(fraction)[ 0/1, 2147483647/1 ]; video/x-raw(memory:SystemMemory, meta:GstVideoOverlayComposition), format=(string){ RGBA, BGRA, RGBx, BGRx, ARGB, ABGR, xRGB, xBGR, RGB, BGR, RGB16, BGR16, AYUV, I
05-09 19:57:51.273  2029  2223 D GStreamer+GST_PADS: 0:06:35.661527402 0xf3d03e90 gstpad.c:2803:gst_pad_iterate_internal_links_default:<sink:sink> Making iterator
05-09 19:57:51.273  2029  2223 D GStreamer+GST_PADS: 0:06:35.661575474 0xf3d03e90 gstpad.c:3905:gst_pad_query:<sink:sink> sent query 0xf3b00d20 (convert), result 0
05-09 19:57:51.273  2029  2223 D GStreamer+GST_PADS: 0:06:35.661631829 0xf3d03e90 gstpad.c:3950:gst_pad_query:<sink:sink> query failed
05-09 19:57:51.273  2029  2223 D GStreamer+basesink: 0:06:35.661680683 0xf3d03e90 gstbasesink.c:4736:gst_base_sink_get_position:<sink> convert failed, try upstream
05-09 19:57:51.273  2029  2224 D GStreamer+basetransform: 0:06:35.661709537 0xf3d043b0 gstbasetransform.c:709:gst_base_transform_query_caps:<gluploadelement3:sink> intersected video/x-raw(memory:GLMemory), width=(int)1280, height=(int)1440, framerate=(fraction)151/3, pixel-aspect-ratio=(fraction)1/1, format=(string){ RGBA, BGRA, RGBx, BGRx, ARGB, ABGR, xRGB, xBGR, RGB, BGR, RGB16, BGR16, AYUV, I420, YV12, NV12, NV21, YUY2, UYVY, Y41B, Y42B, Y444, GRAY8, GRAY16_LE, GRAY16_BE }; video/x-raw, width=(int)1280, height=(int)1440, framerate=(fraction)151/3, pixel-aspect-ratio=(fraction)1/1, format=(string){ RGBA, BGRA, RGBx, BGRx, ARGB, ABGR, xRGB, xBGR, RGB, BGR, RGB16, BGR16, AYUV, I420, YV12, NV12, NV21, YUY2, UYVY, Y41B, Y42B, Y444, GRAY8, GRAY16_LE, GRAY16_BE }
05-09 19:57:51.273  2029  2223 D GStreamer+basesink: 0:06:35.661734745 0xf3d03e90 gstbasesink.c:4717:gst_base_sink_get_position:<sink> res: 0, POSITION: 0:00:00.000000000
05-09 19:57:51.273  2029  2224 D GStreamer+basetransform: 0:06:35.661758756 0xf3d043b0 gstbasetransform.c:533:gst_base_transform_transform_caps:<gluploadelement3> transform caps (direction = 2)
05-09 19:57:51.273  2029  2223 D GStreamer+GST_PADS: 0:06:35.661780370 0xf3d03e90 gstpad.c:4009:gst_pad_peer_query:<sink:sink> peer query 0xf3d34000 (position)
05-09 19:57:51.273  2029  2223 D GStreamer+GST_PADS: 0:06:35.661834120 0xf3d03e90 gstpad.c:3882:gst_pad_query:<glcolorbalance3:src> doing query 0xf3d34000 (position)
05-09 19:57:51.274  2029  2223 D GStreamer+GST_PADS: 0:06:35.661898964 0xf3d03e90 gstpad.c:4009:gst_pad_peer_query:<glcolorbalance3:sink> peer query 0xf3d34000 (position)
05-09 19:57:51.274  2029  2224 D GStreamer+GST_PERFORMANCE: 0:06:35.661917454 0xf3d043b0 gstcaps.c:169:_gst_caps_copy:<0xf3d1c250> doing copy 0xf3d1c250 -> 0xf3b494a0
05-09 19:57:51.274  2029  2223 D GStreamer+GST_PADS: 0:06:35.661947193 0xf3d03e90 gstpad.c:3882:gst_pad_query:<glcolorconvertelement3:src> doing query 0xf3d34000 (position)
05-09 19:57:51.274  2029  2223 D GStreamer+GST_PADS: 0:06:35.662005943 0xf3d03e90 gstpad.c:4009:gst_pad_peer_query:<glcolorconvertelement3:sink> peer query 0xf3d34000 (position)
05-09 19:57:51.274  2029  2223 D GStreamer+GST_PADS: 0:06:35.662064016 0xf3d03e90 gstpad.c:3882:gst_pad_query:<gluploadelement3:src> doing query 0xf3d34000 (position)
05-09 19:57:51.274  2029  2224 D GStreamer+GST_PERFORMANCE: 0:06:35.662084745 0xf3d043b0 gstcaps.c:169:_gst_caps_copy:<0xf3b494a0> doing copy 0xf3b494a0 -> 0xf3d1c2f0
05-09 19:57:51.274  2029  2223 D GStreamer+GST_PADS: 0:06:35.662111152 0xf3d03e90 gstpad.c:4009:gst_pad_peer_query:<gluploadelement3:sink> peer query 0xf3d34000 (position)
05-09 19:57:51.274  2029  2223 D GStreamer+GST_PADS: 0:06:35.662165995 0xf3d03e90 gstpad.c:3882:gst_pad_query:<sink:proxypad13> doing query 0xf3d34000 (position)
05-09 19:57:51.274  2029  2223 D GStreamer+GST_PADS: 0:06:35.662208912 0xf3d03e90 gstpad.c:3339:gst_pad_query_default:<sink:proxypad13> forwarding 0xf3d34000 (position) query
05-09 19:57:51.274  2029  2223 D GStreamer+GST_PADS: 0:06:35.662255683 0xf3d03e90 gstpad.c:4009:gst_pad_peer_query:<glimagesinkbin3:sink> peer query 0xf3d34000 (position)
05-09 19:57:51.274  2029  2223 D GStreamer+GST_PADS: 0:06:35.662300474 0xf3d03e90 gstpad.c:3882:gst_pad_query:<forhalffps:src> doing query 0xf3d34000 (position)
05-09 19:57:51.274  2029  2223 D GStreamer+GST_PADS: 0:06:35.662349589 0xf3d03e90 gstpad.c:4009:gst_pad_peer_query:<forhalffps:sink> peer query 0xf3d34000 (position)
05-09 19:57:51.274  2029  2223 D GStreamer+GST_PADS: 0:06:35.662386620 0xf3d03e90 gstpad.c:3650:do_probe_callbacks:<forhalffps:sink> data is passed
05-09 19:57:51.274  2029  2223 D GStreamer+GST_PADS: 0:06:35.662428599 0xf3d03e90 gstpad.c:3882:gst_pad_query:<queue9:src> doing query 0xf3d34000 (position)
05-09 19:57:51.274  2029  2223 D GStreamer+GST_PADS: 0:06:35.662481777 0xf3d03e90 gstpad.c:3339:gst_pad_query_default:<queue9:src> forwarding 0xf3d34000 (position) query
05-09 19:57:51.274  2029  2223 D GStreamer+GST_PADS: 0:06:35.662519329 0xf3d03e90 gstpad.c:2803:gst_pad_iterate_internal_links_default:<queue9:src> Making iterator
05-09 19:57:51.274  2029  2223 D GStreamer+GST_PADS: 0:06:35.662564537 0xf3d03e90 gstpad.c:4009:gst_pad_peer_query:<queue9:sink> peer query 0xf3d34000 (position)
05-09 19:57:51.274  2029  2223 D GStreamer+GST_PADS: 0:06:35.662607037 0xf3d03e90 gstpad.c:3882:gst_pad_query:<forhwgl:src_0> doing query 0xf3d34000 (position)
05-09 19:57:51.274  2029  2223 D GStreamer+GST_PADS: 0:06:35.662648339 0xf3d03e90 gstpad.c:3650:do_probe_callbacks:<forhwgl:src_0> data is passed
05-09 19:57:51.274  2029  2223 D GStreamer+GST_PADS: 0:06:35.662694954 0xf3d03e90 gstpad.c:3339:gst_pad_query_default:<forhwgl:src_0> forwarding 0xf3d34000 (position) query
05-09 19:57:51.274  2029  2223 D GStreamer+GST_PADS: 0:06:35.662738547 0xf3d03e90 gstpad.c:4009:gst_pad_peer_query:<src_0:proxypad14> peer query 0xf3d34000 (position)
05-09 19:57:51.274  2029  2223 D GStreamer+GST_PADS: 0:06:35.662785370 0xf3d03e90 gstpad.c:3882:gst_pad_query:<amcvideodec-omxnvidiah264decode2:src> doing query 0xf3d34000 (position)
05-09 19:57:51.274  2029  2223 D GStreamer+videodecoder: 0:06:35.662842870 0xf3d03e90 gstvideodecoder.c:1812:gst_video_decoder_src_query:<amcvideodec-omxnvidiah264decode2> received query 2563, position
05-09 19:57:51.275  2029  2223 D GStreamer+GST_PADS: 0:06:35.662916464 0xf3d03e90 gstpad.c:4009:gst_pad_peer_query:<amcvideodec-omxnvidiah264decode2:sink> peer query 0xf3d34000 (position)
05-09 19:57:51.275  2029  2224 D GStreamer+GST_PERFORMANCE: 0:06:35.662942870 0xf3d043b0 gstcaps.c:169:_gst_caps_copy:<0xf3d1c250> doing copy 0xf3d1c250 -> 0xf3d1c2c8
05-09 19:57:51.275  2029  2223 D GStreamer+GST_PADS: 0:06:35.662973547 0xf3d03e90 gstpad.c:3882:gst_pad_query:<capsfilter3:src> doing query 0xf3d34000 (position)
05-09 19:57:51.275  2029  2223 D GStreamer+GST_PADS: 0:06:35.663025527 0xf3d03e90 gstpad.c:4009:gst_pad_peer_query:<capsfilter3:sink> peer query 0xf3d34000 (position)
05-09 19:57:51.275  2029  2223 D GStreamer+GST_PADS: 0:06:35.663085266 0xf3d03e90 gstpad.c:3882:gst_pad_query:<h264parse3:src> doing query 0xf3d34000 (position)
05-09 19:57:51.275  2029  2224 D GStreamer+GST_PERFORMANCE: 0:06:35.663122037 0xf3d043b0 gstcaps.c:169:_gst_caps_copy:<0xf3d1c2c8> doing copy 0xf3d1c2c8 -> 0xf39c1000
05-09 19:57:51.275  2029  2223 D GStreamer+baseparse: 0:06:35.663183704 0xf3d03e90 gstbaseparse.c:1579:gst_base_parse_src_query:<h264parse3> position query: position query: 0xf3d34000, GstQueryPosition, format=(GstFormat)GST_FORMAT_DEFAULT, current=(gint64)-1;
05-09 19:57:51.275  2029  2223 D GStreamer+baseparse: 0:06:35.663222037 0xf3d03e90 gstbaseparse.c:3992:gst_base_parse_src_query_default:<h264parse3> position query
05-09 19:57:51.275  2029  2223 D GStreamer+GST_PADS: 0:06:35.663263339 0xf3d03e90 gstpad.c:3339:gst_pad_query_default:<h264parse3:src> forwarding 0xf3d34000 (position) query
05-09 19:57:51.275  2029  2223 D GStreamer+GST_PADS: 0:06:35.663300422 0xf3d03e90 gstpad.c:2803:gst_pad_iterate_internal_links_default:<h264parse3:src> Making iterator
05-09 19:57:51.275  2029  2223 D GStreamer+GST_PADS: 0:06:35.663345839 0xf3d03e90 gstpad.c:4009:gst_pad_peer_query:<h264parse3:sink> peer query 0xf3d34000 (position)
05-09 19:57:51.275  2029  2223 D GStreamer+GST_PADS: 0:06:35.663390683 0xf3d03e90 gstpad.c:3882:gst_pad_query:<typefind:src> doing query 0xf3d34000 (position)
05-09 19:57:51.275  2029  2223 D GStreamer+typefind: 0:06:35.663431516 0xf3d03e90 gsttypefindelement.c:365:gst_type_find_handle_src_query:<typefind> Handling src query position
05-09 19:57:51.275  2029  2223 D GStreamer+GST_PADS: 0:06:35.663483599 0xf3d03e90 gstpad.c:4009:gst_pad_peer_query:<typefind:sink> peer query 0xf3d34000 (position)
05-09 19:57:51.275  2029  2223 D GStreamer+GST_PADS: 0:06:35.663528704 0xf3d03e90 gstpad.c:3882:gst_pad_query:<sink:proxypad12> doing query 0xf3d34000 (position)
05-09 19:57:51.275  2029  2223 D GStreamer+GST_PADS: 0:06:35.663569589 0xf3d03e90 gstpad.c:3339:gst_pad_query_default:<sink:proxypad12> forwarding 0xf3d34000 (position) query
05-09 19:57:51.275  2029  2223 D GStreamer+GST_PADS: 0:06:35.663621777 0xf3d03e90 gstpad.c:4009:gst_pad_peer_query:<forhwgl:sink> peer query 0xf3d34000 (position)
05-09 19:57:51.275  2029  2223 D GStreamer+GST_PADS: 0:06:35.663668183 0xf3d03e90 gstpad.c:3882:gst_pad_query:<queue8:src> doing query 0xf3d34000 (position)
05-09 19:57:51.275  2029  2223 D GStreamer+GST_PADS: 0:06:35.663710162 0xf3d03e90 gstpad.c:3339:gst_pad_query_default:<queue8:src> forwarding 0xf3d34000 (position) query
05-09 19:57:51.275  2029  2223 D GStreamer+GST_PADS: 0:06:35.663750266 0xf3d03e90 gstpad.c:2803:gst_pad_iterate_internal_links_default:<queue8:src> Making iterator
05-09 19:57:51.275  2029  2223 D GStreamer+GST_PADS: 0:06:35.663810787 0xf3d03e90 gstpad.c:4009:gst_pad_peer_query:<queue8:sink> peer query 0xf3d34000 (position)
05-09 19:57:51.276  2029  2223 D GStreamer+GST_PADS: 0:06:35.663879849 0xf3d03e90 gstpad.c:3882:gst_pad_query:<q:video_0> doing query 0xf3d34000 (position)
05-09 19:57:51.276  2029  2224 D GStreamer+GST_PERFORMANCE: 0:06:35.663921568 0xf3d043b0 gstcaps.c:169:_gst_caps_copy:<0xf3d1c250> doing copy 0xf3d1c250 -> 0xf3b494a0
05-09 19:57:51.276  2029  2223 D GStreamer+GST_PADS: 0:06:35.663943547 0xf3d03e90 gstpad.c:3905:gst_pad_query:<q:video_0> sent query 0xf3d34000 (position), result 0
05-09 19:57:51.276  2029  2223 D GStreamer+GST_PADS: 0:06:35.663980579 0xf3d03e90 gstpad.c:3950:gst_pad_query:<q:video_0> query failed
05-09 19:57:51.276  2029  2223 D GStreamer+GST_PADS: 0:06:35.664027506 0xf3d03e90 gstpad.c:4071:gst_pad_peer_query:<queue8:sink> query failed
05-09 19:57:51.276  2029  2223 D GStreamer+GST_PADS: 0:06:35.664084849 0xf3d03e90 gstpad.c:3905:gst_pad_query:<queue8:src> sent query 0xf3d34000 (position), result 0
05-09 19:57:51.276  2029  2224 D GStreamer+GST_PERFORMANCE: 0:06:35.664105058 0xf3d043b0 gstcaps.c:169:_gst_caps_copy:<0xf3b494a0> doing copy 0xf3b494a0 -> 0xf3d1c2f0
05-09 19:57:51.276  2029  2223 D GStreamer+GST_PADS: 0:06:35.664128027 0xf3d03e90 gstpad.c:3950:gst_pad_query:<queue8:src> query failed
05-09 19:57:51.276  2029  2223 D GStreamer+GST_PADS: 0:06:35.664170214 0xf3d03e90 gstpad.c:4071:gst_pad_peer_query:<forhwgl:sink> query failed
05-09 19:57:51.276  2029  2223 D GStreamer+GST_PADS: 0:06:35.664217193 0xf3d03e90 gstpad.c:3905:gst_pad_query:<sink:proxypad12> sent query 0xf3d34000 (position), result 0
05-09 19:57:51.276  2029  2223 D GStreamer+GST_PADS: 0:06:35.664252870 0xf3d03e90 gstpad.c:3950:gst_pad_query:<sink:proxypad12> query failed
05-09 19:57:51.276  2029  2223 D GStreamer+GST_PADS: 0:06:35.664288287 0xf3d03e90 gstpad.c:4071:gst_pad_peer_query:<typefind:sink> query failed
05-09 19:57:51.276  2029  2223 D GStreamer+GST_PADS: 0:06:35.664331047 0xf3d03e90 gstpad.c:3905:gst_pad_query:<typefind:src> sent query 0xf3d34000 (position), result 0
05-09 19:57:51.276  2029  2223 D GStreamer+GST_PADS: 0:06:35.664368704 0xf3d03e90 gstpad.c:3950:gst_pad_query:<typefind:src> query failed
05-09 19:57:51.276  2029  2223 D GStreamer+GST_PADS: 0:06:35.664405370 0xf3d03e90 gstpad.c:4071:gst_pad_peer_query:<h264parse3:sink> query failed
05-09 19:57:51.276  2029  2223 D GStreamer+baseparse: 0:06:35.664450162 0xf3d03e90 gstbaseparse.c:1711:gst_base_parse_convert_default:<h264parse3> converting bytes -> other not implemented
05-09 19:57:51.276  2029  2223 D GStreamer+baseparse: 0:06:35.664487141 0xf3d03e90 gstbaseparse.c:1050:gst_base_parse_convert:<h264parse3> conversion failed
05-09 19:57:51.276  2029  2223 D GStreamer+GST_PADS: 0:06:35.664527349 0xf3d03e90 gstpad.c:3905:gst_pad_query:<h264parse3:src> sent query 0xf3d34000 (position), result 0
05-09 19:57:51.276  2029  2223 D GStreamer+GST_PADS: 0:06:35.664564485 0xf3d03e90 gstpad.c:3950:gst_pad_query:<h264parse3:src> query failed
05-09 19:57:51.276  2029  2223 D GStreamer+GST_PADS: 0:06:35.664610318 0xf3d03e90 gstpad.c:4071:gst_pad_peer_query:<capsfilter3:sink> query failed
05-09 19:57:51.276  2029  2223 D GStreamer+GST_PADS: 0:06:35.664649068 0xf3d03e90 gstpad.c:3905:gst_pad_query:<capsfilter3:src> sent query 0xf3d34000 (position), result 0
05-09 19:57:51.276  2029  2223 D GStreamer+GST_PADS: 0:06:35.664686308 0xf3d03e90 gstpad.c:3950:gst_pad_query:<capsfilter3:src> query failed
05-09 19:57:51.276  2029  2223 D GStreamer+GST_PADS: 0:06:35.664736412 0xf3d03e90 gstpad.c:4071:gst_pad_peer_query:<amcvideodec-omxnvidiah264decode2:sink> query failed
05-09 19:57:51.276  2029  2223 D GStreamer+query: 0:06:35.664787662 0xf3d03e90 gstquery.c:674:gst_query_new_custom creating new query 0xf3d04090 convert
05-09 19:57:51.276  2029  2223 D GStreamer+GST_PADS: 0:06:35.664845474 0xf3d03e90 gstpad.c:3882:gst_pad_query:<amcvideodec-omxnvidiah264decode2:src> doing query 0xf3d04090 (convert)
05-09 19:57:51.277  2029  2224 D GStreamer+GST_PERFORMANCE: 0:06:35.664903183 0xf3d043b0 gstcaps.c:169:_gst_caps_copy:<0xf3d1c250> doing copy 0xf3d1c250 -> 0xf3d1c200
05-09 19:57:51.277  2029  2223 D GStreamer+videodecoder: 0:06:35.664934277 0xf3d03e90 gstvideodecoder.c:1812:gst_video_decoder_src_query:<amcvideodec-omxnvidiah264decode2> received query 20483, convert
05-09 19:57:51.277  2029  2223 D GStreamer+videodecoder: 0:06:35.664978912 0xf3d03e90 gstvideodecoder.c:1751:gst_video_decoder_src_query_default:<amcvideodec-omxnvidiah264decode2> convert query
05-09 19:57:51.277  2029  2223 D GStreamer+GST_PADS: 0:06:35.665044068 0xf3d03e90 gstpad.c:3905:gst_pad_query:<amcvideodec-omxnvidiah264decode2:src> sent query 0xf3d04090 (convert), result 1
05-09 19:57:51.277  2029  2224 D GStreamer+GST_PERFORMANCE: 0:06:35.665083027 0xf3d043b0 gstcaps.c:169:_gst_caps_copy:<0xf3d1c200> doing copy 0xf3d1c200 -> 0xf3afecc8
05-09 19:57:51.277  2029  2223 D GStreamer+GST_PADS: 0:06:35.665110318 0xf3d03e90 gstpad.c:3905:gst_pad_query:<amcvideodec-omxnvidiah264decode2:src> sent query 0xf3d34000 (position), result 1
05-09 19:57:51.277  2029  2223 D GStreamer+GST_PADS: 0:06:35.665171672 0xf3d03e90 gstpad.c:3905:gst_pad_query:<forhwgl:src_0> sent query 0xf3d34000 (position), result 1
05-09 19:57:51.277  2029  2223 D GStreamer+queue: 0:06:35.665217297 0xf3d03e90 gstqueue.c:1597:gst_queue_handle_src_query:<queue9> Can't adjust query in default format, don't know how to adjust value
05-09 19:57:51.277  2029  2223 D GStreamer+GST_PADS: 0:06:35.665259485 0xf3d03e90 gstpad.c:3905:gst_pad_query:<queue9:src> sent query 0xf3d34000 (position), result 1
05-09 19:57:51.277  2029  2223 D GStreamer+GST_PADS: 0:06:35.665307037 0xf3d03e90 gstpad.c:3905:gst_pad_query:<forhalffps:src> sent query 0xf3d34000 (position), result 1
05-09 19:57:51.277  2029  2223 D GStreamer+GST_PADS: 0:06:35.665350839 0xf3d03e90 gstpad.c:3905:gst_pad_query:<sink:proxypad13> sent query 0xf3d34000 (position), result 1
05-09 19:57:51.277  2029  2223 D GStreamer+GST_PADS: 0:06:35.665393235 0xf3d03e90 gstpad.c:3905:gst_pad_query:<gluploadelement3:src> sent query 0xf3d34000 (position), result 1
05-09 19:57:51.277  2029  2223 D GStreamer+GST_PADS: 0:06:35.665450266 0xf3d03e90 gstpad.c:3905:gst_pad_query:<glcolorconvertelement3:src> sent query 0xf3d34000 (position), result 1
05-09 19:57:51.277  2029  2223 D GStreamer+GST_PADS: 0:06:35.665494537 0xf3d03e90 gstpad.c:3905:gst_pad_query:<glcolorbalance3:src> sent query 0xf3d34000 (position), result 1
05-09 19:57:51.277  2029  2223 D GStreamer+basesink: 0:06:35.665535995 0xf3d03e90 gstbasesink.c:4914:default_element_query:<sink> query position returns 1
05-09 19:57:51.277  2029  2223 D GStreamer+bin: 0:06:35.665573183 0xf3d03e90 gstbin.c:3963:bin_query_position_fold:<sink> got position 0
05-09 19:57:51.277  2029  2223 D GStreamer+GST_STATES: 0:06:35.665615058 0xf3d03e90 gstbin.c:1797:bin_element_is_sink:<glimagesinkbin3> child glcolorbalance3 is not sink
05-09 19:57:51.277  2029  2223 D GStreamer+GST_STATES: 0:06:35.665656308 0xf3d03e90 gstbin.c:1797:bin_element_is_sink:<glimagesinkbin3> child glcolorconvertelement3 is not sink
05-09 19:57:51.277  2029  2223 D GStreamer+GST_STATES: 0:06:35.665697454 0xf3d03e90 gstbin.c:1797:bin_element_is_sink:<glimagesinkbin3> child gluploadelement3 is not sink
05-09 19:57:51.277  2029  2223 D GStreamer+bin: 0:06:35.665758027 0xf3d03e90 gstbin.c:3981:bin_query_position_done:<glimagesinkbin3> max position 0
05-09 19:57:51.277  2029  2223 D GStreamer+bin: 0:06:35.665822766 0xf3d03e90 gstbin.c:4198:gst_bin_query:<glimagesinkbin3> query 0xf3d34000 result 1
05-09 19:57:51.278  2029  2224 D GStreamer+basetransform: 0:06:35.665849433 0xf3d043b0 gstbasetransform.c:560:gst_base_transform_transform_caps:<gluploadelement3> to: video/x-raw(memory:GLMemory), width=(int)1280, height=(int)1440, framerate=(fraction)151/3, pixel-aspect-ratio=(fraction)1/1, format=(string){ RGBA, BGRA, RGBx, BGRx, ARGB, ABGR, xRGB, xBGR, RGB, BGR, RGB16, BGR16, AYUV, I420, YV12, NV12, NV21, YUY2, UYVY, Y41B, Y42B, Y444, GRAY8, GRAY16_LE, GRAY16_BE }, texture-target=(string){ 2D, rectangle, external-oes }
05-09 19:57:51.278  2029  2223 D GStreamer+bin: 0:06:35.665885735 0xf3d03e90 gstbin.c:3963:bin_query_position_fold:<glimagesinkbin3> got position 0
05-09 19:57:51.278  2029  2223 D GStreamer+GST_STATES: 0:06:35.665943912 0xf3d03e90 gstbin.c:1797:bin_element_is_sink:<pipeline3> child forhalffps is not sink
05-09 19:57:51.278  2029  2224 D GStreamer+basetransform: 0:06:35.665966724 0xf3d043b0 gstbasetransform.c:714:gst_base_transform_query_caps:<gluploadelement3:sink> transformed  video/x-raw(memory:GLMemory), width=(int)1280, height=(int)1440, framerate=(fraction)151/3, pixel-aspect-ratio=(fraction)1/1, format=(string){ RGBA, BGRA, RGBx, BGRx, ARGB, ABGR, xRGB, xBGR, RGB, BGR, RGB16, BGR16, AYUV, I420, YV12, NV12, NV21, YUY2, UYVY, Y41B, Y42B, Y444, GRAY8, GRAY16_LE, GRAY16_BE }, texture-target=(string){ 2D, rectangle, external-oes }
05-09 19:57:51.278  2029  2223 D GStreamer+GST_STATES: 0:06:35.665991516 0xf3d03e90 gstbin.c:1797:bin_element_is_sink:<pipeline3> child queue9 is not sink
05-09 19:57:51.278  2029  2224 D GStreamer+basetransform: 0:06:35.666039537 0xf3d043b0 gstbasetransform.c:719:gst_base_transform_query_caps:<gluploadelement3:sink> our template  video/x-raw(ANY)
05-09 19:57:51.278  2029  2223 D GStreamer+GST_STATES: 0:06:35.666055370 0xf3d03e90 gstbin.c:1797:bin_element_is_sink:<pipeline3> child forhwgl is not sink
05-09 19:57:51.278  2029  2223 D GStreamer+GST_STATES: 0:06:35.666102870 0xf3d03e90 gstbin.c:1797:bin_element_is_sink:<pipeline3> child queue8 is not sink
05-09 19:57:51.278  2029  2230 D GStreamer+GST_BUFFER: 0:06:35.664897558 0xf3ac6830 gstbuffer.c:2101:gst_buffer_add_meta alloc metadata 0xf3d2d65c (GstGLSyncMeta) of size 52
05-09 19:57:51.278  2029  2223 D GStreamer+GST_STATES: 0:06:35.666164954 0xf3d03e90 gstbin.c:1797:bin_element_is_sink:<pipeline3> child q is not sink
05-09 19:57:51.278  2029  2230 D GStreamer+GST_BUFFER: 0:06:35.666200631 0xf3ac6830 gstbuffer.c:2101:gst_buffer_add_meta alloc metadata 0xf3925004 (GstVideoAffineTransformationMeta) of size 72
05-09 19:57:51.278  2029  2223 D GStreamer+GST_STATES: 0:06:35.666216516 0xf3d03e90 gstbin.c:1797:bin_element_is_sink:<pipeline3> child filesrc3 is not sink
05-09 19:57:51.278  2029  2230 D GStreamer+amcvideodec: 0:06:35.666239016 0xf3ac6830 gstamcvideodec.c:1418:gst_amc_video_dec_loop:<amcvideodec-omxnvidiah264decode2> push GL frame 2
05-09 19:57:51.278  2029  2223 D GStreamer+bin: 0:06:35.666263287 0xf3d03e90 gstbin.c:3981:bin_query_position_done:<pipeline3> max position 0
05-09 19:57:51.278  2029  2230 D GStreamer+videodecoder: 0:06:35.666286412 0xf3ac6830 gstvideodecoder.c:980:gst_video_decoder_push_event:<amcvideodec-omxnvidiah264decode2> pushing event tag
05-09 19:57:51.278  2029  2223 D GStreamer+bin: 0:06:35.666307974 0xf3d03e90 gstbin.c:4198:gst_bin_query:<pipeline3> query 0xf3d34000 result 1
05-09 19:57:51.278  2029  2230 D GStreamer+GST_PADS: 0:06:35.666331933 0xf3ac6830 gstpad.c:3813:check_sticky:<amcvideodec-omxnvidiah264decode2:src> pushing all sticky events
05-09 19:57:51.278  2029  2223 D GStreamer+aiTennis3D: 0:06:35.666349068 0xf3d03e90 gstreamer/aigstreamer.c:149:attach_current_thread Attaching thread 0xf3d03e90
05-09 19:57:51.278  2029  2230 D GStreamer+GST_PADS: 0:06:35.666376099 0xf3ac6830 gstpad.c:3745:push_sticky:<amcvideodec-omxnvidiah264decode2:src> event stream-start was already received
05-09 19:57:51.278  2029  2230 D GStreamer+GST_PADS: 0:06:35.666414589 0xf3ac6830 gstpad.c:3745:push_sticky:<amcvideodec-omxnvidiah264decode2:src> event caps was already received
05-09 19:57:51.278  2029  2230 D GStreamer+GST_PADS: 0:06:35.666451360 0xf3ac6830 gstpad.c:3745:push_sticky:<amcvideodec-omxnvidiah264decode2:src> event segment was already received
05-09 19:57:51.278  2029  2230 D GStreamer+GST_EVENT: 0:06:35.666523808 0xf3ac6830 gstpad.c:5496:gst_pad_send_event_unchecked:<src_0:proxypad14> have event type tag event: 0xf3d5ad08, time 99:99:99.999999999, seq-num 2076, GstTagList-stream, taglist=(taglist)"taglist\,\ video-codec\=\(string\)\"H.264\\\ \\\(Baseline\\\ Profile\\\)\"\,\ bitrate\=\(uint\)16613142\,\ language-code\=\(string\)en\;";
05-09 19:57:51.278  2029  2230 D GStreamer+GST_PADS: 0:06:35.666570787 0xf3ac6830 gstpad.c:3813:check_sticky:<forhwgl:src_0> pushing all sticky events
05-09 19:57:51.278  2029  2230 D GStreamer+GST_PADS: 0:06:35.666608860 0xf3ac6830 gstpad.c:3745:push_sticky:<forhwgl:src_0> event stream-start was already received
05-09 19:57:51.278  2029  2230 D GStreamer+GST_PADS: 0:06:35.666646933 0xf3ac6830 gstpad.c:3745:push_sticky:<forhwgl:src_0> event caps was already received
05-09 19:57:51.278  2029  2230 D GStreamer+GST_PADS: 0:06:35.666690058 0xf3ac6830 gstpad.c:3745:push_sticky:<forhwgl:src_0> event segment was already received
05-09 19:57:51.278  2029  2230 D GStreamer+GST_PADS: 0:06:35.666728704 0xf3ac6830 gstpad.c:3650:do_probe_callbacks:<forhwgl:src_0> data is passed
05-09 19:57:51.278  2029  2230 D GStreamer+GST_PADS: 0:06:35.666766568 0xf3ac6830 gstpad.c:3453:probe_hook_marshal:<forhwgl:src_0> probe returned OK
05-09 19:57:51.278  2029  2223 D GStreamer+GST_PADS: 0:06:35.666797402 0xf3d03e90 gstpad.c:3453:probe_hook_marshal:<forhalffps:sink> probe returned OK
05-09 19:57:51.279  2029  2230 D GStreamer+GST_EVENT: 0:06:35.666856256 0xf3ac6830 gstpad.c:5496:gst_pad_send_event_unchecked:<queue9:sink> have event type tag event: 0xf3d5ad08, time 99:99:99.999999999, seq-num 2076, GstTagList-stream, taglist=(taglist)"taglist\,\ video-codec\=\(string\)\"H.264\\\ \\\(Baseline\\\ Profile\\\)\"\,\ bitrate\=\(uint\)16613142\,\ language-code\=\(string\)en\;";
05-09 19:57:51.279  2029  2223 D GStreamer+GST_SCHEDULING: 0:06:35.666905631 0xf3d03e90 gstpad.c:4153:gst_pad_chain_data_unchecked:<forhalffps:sink> calling chainfunction &gst_base_transform_chain with buffer buffer: 0xf3ac3f00, pts 0:00:00.000000000, dts 99:99:99.999999999, dur 0:00:00.019867549, size 7372800, offset none, offset_end none, flags 0x4040
05-09 19:57:51.279  2029  2230 D GStreamer+GST_PADS: 0:06:35.666925891 0xf3ac6830 gstpad.c:5569:gst_pad_send_event_unchecked:<queue9:sink> sent event, ret ok
05-09 19:57:51.279  2029  2223 D GStreamer+basetransform: 0:06:35.666951464 0xf3d03e90 gstbasetransform.c:2321:gst_base_transform_chain:<forhalffps> got DISCONT buffer 0xf3ac3f00
05-09 19:57:51.279  2029  2230 D GStreamer+GST_PADS: 0:06:35.666972245 0xf3ac6830 gstpad.c:3765:push_sticky:<forhwgl:src_0> event tag marked received
05-09 19:57:51.279  2029  2224 D GStreamer+basetransform: 0:06:35.667029693 0xf3d043b0 gstbasetransform.c:724:gst_base_transform_query_caps:<gluploadelement3:sink> intersected video/x-raw(memory:GLMemory), width=(int)1280, height=(int)1440, framerate=(fraction)151/3, pixel-aspect-ratio=(fraction)1/1, format=(string){ RGBA, BGRA, RGBx, BGRx, ARGB, ABGR, xRGB, xBGR, RGB, BGR, RGB16, BGR16, AYUV, I420, YV12, NV12, NV21, YUY2, UYVY, Y41B, Y42B, Y444, GRAY8, GRAY16_LE, GRAY16_BE }, texture-target=(string){ 2D, rectangle, external-oes }
05-09 19:57:51.279  2029  2223 D GStreamer+basetransform: 0:06:35.667034589 0xf3d03e90 gstbasetransform.c:2038:default_submit_input_buffer:<forhalffps> handling buffer 0xf3ac3f00 of size 7372800, PTS 0:00:00.000000000 and offset NONE
05-09 19:57:51.279  2029  2223 D GStreamer+basetransform: 0:06:35.667082297 0xf3d03e90 gstbasetransform.c:2150:default_generate_output:<forhalffps> calling prepare buffer
05-09 19:57:51.279  2029  2223 D GStreamer+basetransform: 0:06:35.667130943 0xf3d03e90 gstbasetransform.c:1647:default_prepare_output_buffer:<forhalffps> passthrough: reusing input buffer
05-09 19:57:51.279  2029  2224 D GStreamer+basetransform: 0:06:35.667149641 0xf3d043b0 gstbasetransform.c:730:gst_base_transform_query_caps:<gluploadelement3:sink> peer filter caps video/x-raw(memory:GLMemory), width=(int)1280, height=(int)1440, framerate=(fraction)151/3, pixel-aspect-ratio=(fraction)1/1, format=(string){ RGBA, BGRA, RGBx, BGRx, ARGB, ABGR, xRGB, xBGR, RGB, BGR, RGB16, BGR16, AYUV, I420, YV12, NV12, NV21, YUY2, UYVY, Y41B, Y42B, Y444, GRAY8, GRAY16_LE, GRAY16_BE }, texture-target=(string){ 2D, rectangle, external-oes }
05-09 19:57:51.279  2029  2223 D GStreamer+basetransform: 0:06:35.667179068 0xf3d03e90 gstbasetransform.c:2157:default_generate_output:<forhalffps> using allocated buffer in 0xf3ac3f00, out 0xf3ac3f00
05-09 19:57:51.279  2029  2223 D GStreamer+basetransform: 0:06:35.667223756 0xf3d03e90 gstbasetransform.c:2165:default_generate_output:<forhalffps> doing passthrough transform_ip
05-09 19:57:51.279  2029  2224 D GStreamer+GST_CAPS: 0:06:35.667250995 0xf3d043b0 gstutils.c:2884:gst_pad_peer_query_caps:<gluploadelement3:src> get pad peer caps with filter video/x-raw(memory:GLMemory), width=(int)1280, height=(int)1440, framerate=(fraction)151/3, pixel-aspect-ratio=(fraction)1/1, format=(string){ RGBA, BGRA, RGBx, BGRx, ARGB, ABGR, xRGB, xBGR, RGB, BGR, RGB16, BGR16, AYUV, I420, YV12, NV12, NV21, YUY2, UYVY, Y41B, Y42B, Y444, GRAY8, GRAY16_LE, GRAY16_BE }, texture-target=(string){ 2D, rectangle, external-oes }
05-09 19:57:51.279  2029  2223 D GStreamer+default: 0:06:35.667291256 0xf3d03e90 gstsegment.c:841:gst_segment_to_running_time position(18446744073709551615) > stop(7716000000)
05-09 19:57:51.279  2029  2224 D GStreamer+query: 0:06:35.667308652 0xf3d043b0 gstquery.c:674:gst_query_new_custom creating new query 0xf3ac6800 caps
05-09 19:57:51.279  2029  2223 D GStreamer+basetransform: 0:06:35.667328808 0xf3d03e90 gstbasetransform.c:2359:gst_base_transform_chain:<forhalffps> we have a pending DISCONT
05-09 19:57:51.279  2029  2224 D GStreamer+GST_PADS: 0:06:35.667357558 0xf3d043b0 gstpad.c:4009:gst_pad_peer_query:<gluploadelement3:src> peer query 0xf3ac6800 (caps)
05-09 19:57:51.279  2029  2223 D GStreamer+GST_SCHEDULING: 0:06:35.667420683 0xf3d03e90 gstpad.c:4153:gst_pad_chain_data_unchecked:<glimagesinkbin3:sink> calling chainfunction &gst_proxy_pad_chain_default with buffer buffer: 0xf3ac3f00, pts 0:00:00.000000000, dts 99:99:99.999999999, dur 0:00:00.019867549, size 7372800, offset none, offset_end none, flags 0x4040
05-09 19:57:51.279  2029  2224 D GStreamer+GST_PADS: 0:06:35.667437870 0xf3d043b0 gstpad.c:3882:gst_pad_query:<glcolorconvertelement3:sink> doing query 0xf3ac6800 (caps)
