05-09 19:57:51.251  2029  2223 D GStreamer+video-info: 0:06:35.639653652 0xf3d03e90 video-info.c:300:gst_video_info_from_caps parsing caps video/x-raw(memory:GLMemory), width=(int)1280, height=(int)1440, interlace-mode=(string)progressive, pixel-aspect-ratio=(fraction)1/1, framerate=(fraction)151/3, format=(string)RGBA, texture-target=(string)2D
05-09 19:57:51.251  2029  2223 D GStreamer+video-info: 0:06:35.639686829 0xf3d03e90 video-info.c:403:gst_video_info_from_caps no colorimetry, using default
05-09 19:57:51.251  2029  2223 D GStreamer+video-info: 0:06:35.639758912 0xf3d03e90 video-info.c:300:gst_video_info_from_caps parsing caps video/x-raw(memory:GLMemory), width=(int)1280, height=(int)1440, interlace-mode=(string)progressive, pixel-aspect-ratio=(fraction)1/1, framerate=(fraction)151/3, format=(string)RGBA, texture-target=(string)2D
05-09 19:57:51.251  2029  2223 D GStreamer+video-info: 0:06:35.639792454 0xf3d03e90 video-info.c:403:gst_video_info_from_caps no colorimetry, using default
05-09 19:57:51.252  2029  2223 W GStreamer+structure: 0:06:35.639896985 0xf3d03e90 gststructure.c:1935:priv_gst_structure_append_to_gstring No value transform to serialize field 'params' of type 'GstAllocationParams'
05-09 19:57:51.252  2029  2223 W GStreamer+structure: 0:06:35.639936829 0xf3d03e90 gststructure.c:1935:priv_gst_structure_append_to_gstring No value transform to serialize field 'gl-allocation-params' of type 'GstGLAllocationParams'
05-09 19:57:51.252  2029  2223 D GStreamer+bufferpool: 0:06:35.639966724 0xf3d03e90 gstbufferpool.c:581:default_set_config:<glbufferpool4> config GstBufferPoolConfig, caps=(GstCaps)"video/x-raw\(memory:GLMemory\)\,\ width\=\(int\)1280\,\ height\=\(int\)1440\,\ interlace-mode\=\(string\)progressive\,\ pixel-aspect-ratio\=\(fraction\)1/1\,\ framerate\=\(fraction\)151/3\,\ format\=\(string\)RGBA\,\ texture-target\=\(string\)2D", size=(uint)7372800, min-buffers=(uint)2, max-buffers=(uint)0, allocator=(GstAllocator)"NULL", params=(GstAllocationParams)NULL, options=(string)< GstBufferPoolOptionGLSyncMeta, GstBufferPoolOptionVideoMeta >, gl-allocation-params=(GstGLAllocationParams)NULL;
05-09 19:57:51.252  2029  2223 W GStreamer+structure: 0:06:35.640041985 0xf3d03e90 gststructure.c:1935:priv_gst_structure_append_to_gstring No value transform to serialize field 'pool' of type 'GArray'
05-09 19:57:51.252  2029  2223 W GStreamer+structure: 0:06:35.640077245 0xf3d03e90 gststructure.c:1935:priv_gst_structure_append_to_gstring No value transform to serialize field 'meta' of type 'GArray'
05-09 19:57:51.252  2029  2223 W GStreamer+structure: 0:06:35.640111152 0xf3d03e90 gststructure.c:1935:priv_gst_structure_append_to_gstring No value transform to serialize field 'allocator' of type 'GArray'
05-09 19:57:51.252  2029  2223 D GStreamer+basetransform: 0:06:35.640148391 0xf3d03e90 gstbasetransform.c:1015:gst_base_transform_do_bufferpool:<glcolorconvertelement3> ALLOCATION (1) params: allocation query: 0xf37ecf50, GstQueryAllocation, caps=(GstCaps)"video/x-raw\(memory:GLMemory\)\,\ width\=\(int\)1280\,\ height\=\(int\)1440\,\ interlace-mode\=\(string\)progressive\,\ pixel-aspect-ratio\=\(fraction\)1/1\,\ framerate\=\(fraction\)151/3\,\ format\=\(string\)RGBA\,\ texture-target\=\(string\)2D", need-pool=(boolean)true, pool=(GArray)NULL, meta=(GArray)NULL, allocator=(GArray)NULL;
05-09 19:57:51.252  2029  2223 D GStreamer+GST_PADS: 0:06:35.640188339 0xf3d03e90 gstpad.c:5569:gst_pad_send_event_unchecked:<glcolorconvertelement3:sink> sent event, ret ok
05-09 19:57:51.252  2029  2223 D GStreamer+GST_PADS: 0:06:35.640227089 0xf3d03e90 gstpad.c:5053:store_sticky_event:<glcolorconvertelement3:sink> notify caps
05-09 19:57:51.252  2029  2223 D GStreamer+GST_PADS: 0:06:35.640273912 0xf3d03e90 gstpad.c:3765:push_sticky:<gluploadelement3:src> event caps marked received
05-09 19:57:51.252  2029  2223 D GStreamer+basetransform: 0:06:35.640308860 0xf3d03e90 gstbasetransform.c:994:gst_base_transform_do_bufferpool:<gluploadelement3> we're passthough, delay bufferpool
05-09 19:57:51.252  2029  2223 D GStreamer+GST_PADS: 0:06:35.640345995 0xf3d03e90 gstpad.c:5569:gst_pad_send_event_unchecked:<gluploadelement3:sink> sent event, ret ok
05-09 19:57:51.252  2029  2223 D GStreamer+GST_PADS: 0:06:35.640380683 0xf3d03e90 gstpad.c:5053:store_sticky_event:<gluploadelement3:sink> notify caps
05-09 19:57:51.252  2029  2223 D GStreamer+GST_PADS: 0:06:35.640423183 0xf3d03e90 gstpad.c:3765:push_sticky:<sink:proxypad13> event caps marked received
05-09 19:57:51.252  2029  2223 D GStreamer+GST_PADS: 0:06:35.640463235 0xf3d03e90 gstpad.c:5569:gst_pad_send_event_unchecked:<glimagesinkbin3:sink> sent event, ret ok
05-09 19:57:51.252  2029  2223 D GStreamer+GST_PADS: 0:06:35.640498756 0xf3d03e90 gstpad.c:5053:store_sticky_event:<glimagesinkbin3:sink> notify caps
05-09 19:57:51.252  2029  2223 D GStreamer+GST_PADS: 0:06:35.640538808 0xf3d03e90 gstpad.c:3765:push_sticky:<forhalffps:src> event caps marked received
05-09 19:57:51.252  2029  2223 D GStreamer+basetransform: 0:06:35.640573547 0xf3d03e90 gstbasetransform.c:994:gst_base_transform_do_bufferpool:<forhalffps> we're passthough, delay bufferpool
05-09 19:57:51.252  2029  2223 D GStreamer+GST_PADS: 0:06:35.640608756 0xf3d03e90 gstpad.c:5569:gst_pad_send_event_unchecked:<forhalffps:sink> sent event, ret ok
05-09 19:57:51.252  2029  2223 D GStreamer+GST_PADS: 0:06:35.640642922 0xf3d03e90 gstpad.c:5053:store_sticky_event:<forhalffps:sink> notify caps
05-09 19:57:51.252  2029  2223 D GStreamer+GST_PADS: 0:06:35.640683652 0xf3d03e90 gstpad.c:3765:push_sticky:<queue9:src> event caps marked received
05-09 19:57:51.252  2029  2223 D GStreamer+GST_PADS: 0:06:35.640725058 0xf3d03e90 gstpad.c:4009:gst_pad_peer_query:<queue9:src> peer query 0xf3a080c0 (allocation)
05-09 19:57:51.252  2029  2223 D GStreamer+GST_PADS: 0:06:35.640764224 0xf3d03e90 gstpad.c:3882:gst_pad_query:<forhalffps:sink> doing query 0xf3a080c0 (allocation)
05-09 19:57:51.252  2029  2223 D GStreamer+GST_PADS: 0:06:35.640800006 0xf3d03e90 gstpad.c:3650:do_probe_callbacks:<forhalffps:sink> data is passed
05-09 19:57:51.252  2029  2223 D GStreamer+basetransform: 0:06:35.640837037 0xf3d03e90 gstbasetransform.c:1531:gst_base_transform_default_query:<forhalffps> calling propose allocation with query (NULL)
05-09 19:57:51.253  2029  2223 D GStreamer+basetransform: 0:06:35.640878964 0xf3d03e90 gstbasetransform.c:1434:gst_base_transform_default_propose_allocation:<forhalffps> doing passthrough query
05-09 19:57:51.253  2029  2223 D GStreamer+GST_PADS: 0:06:35.640917714 0xf3d03e90 gstpad.c:4009:gst_pad_peer_query:<forhalffps:src> peer query 0xf3a080c0 (allocation)
05-09 19:57:51.253  2029  2223 D GStreamer+GST_PADS: 0:06:35.640956099 0xf3d03e90 gstpad.c:3882:gst_pad_query:<glimagesinkbin3:sink> doing query 0xf3a080c0 (allocation)
05-09 19:57:51.253  2029  2223 D GStreamer+GST_PADS: 0:06:35.640994537 0xf3d03e90 gstpad.c:3339:gst_pad_query_default:<glimagesinkbin3:sink> forwarding 0xf3a080c0 (allocation) query
05-09 19:57:51.253  2029  2223 D GStreamer+GST_PADS: 0:06:35.641035735 0xf3d03e90 gstpad.c:4009:gst_pad_peer_query:<sink:proxypad13> peer query 0xf3a080c0 (allocation)
05-09 19:57:51.253  2029  2223 D GStreamer+GST_PADS: 0:06:35.641071464 0xf3d03e90 gstpad.c:3882:gst_pad_query:<gluploadelement3:sink> doing query 0xf3a080c0 (allocation)
05-09 19:57:51.253  2029  2223 D GStreamer+query: 0:06:35.641106777 0xf3d03e90 gstquery.c:674:gst_query_new_custom creating new query 0xf37ece00 context
05-09 19:57:51.253  2029  2223 D GStreamer+GST_PADS: 0:06:35.641144589 0xf3d03e90 gstpad.c:4009:gst_pad_peer_query:<gluploadelement3:src> peer query 0xf37ece00 (context)
05-09 19:57:51.253  2029  2223 D GStreamer+GST_PADS: 0:06:35.641184016 0xf3d03e90 gstpad.c:3882:gst_pad_query:<glcolorconvertelement3:sink> doing query 0xf37ece00 (context)
05-09 19:57:51.253  2029  2223 D GStreamer+GST_PADS: 0:06:35.641231256 0xf3d03e90 gstpad.c:3905:gst_pad_query:<glcolorconvertelement3:sink> sent query 0xf37ece00 (context), result 1
05-09 19:57:51.253  2029  2223 D GStreamer+glbasefilter: 0:06:35.641270370 0xf3d03e90 gstglbasefilter.c:205:_find_local_gl_context:<gluploadelement3> found local context 0xf3a44aa0
05-09 19:57:51.253  2029  2223 D GStreamer+GST_PADS: 0:06:35.641309693 0xf3d03e90 gstpad.c:4009:gst_pad_peer_query:<gluploadelement3:src> peer query 0xf3a080c0 (allocation)
05-09 19:57:51.253  2029  2223 D GStreamer+GST_PADS: 0:06:35.641347870 0xf3d03e90 gstpad.c:3882:gst_pad_query:<glcolorconvertelement3:sink> doing query 0xf3a080c0 (allocation)
05-09 19:57:51.253  2029  2223 W GStreamer+structure: 0:06:35.641420214 0xf3d03e90 gststructure.c:1935:priv_gst_structure_append_to_gstring No value transform to serialize field 'pool' of type 'GArray'
05-09 19:57:51.253  2029  2223 W GStreamer+structure: 0:06:35.641454381 0xf3d03e90 gststructure.c:1935:priv_gst_structure_append_to_gstring No value transform to serialize field 'meta' of type 'GArray'
05-09 19:57:51.253  2029  2223 W GStreamer+structure: 0:06:35.641489277 0xf3d03e90 gststructure.c:1935:priv_gst_structure_append_to_gstring No value transform to serialize field 'allocator' of type 'GArray'
05-09 19:57:51.253  2029  2223 D GStreamer+basetransform: 0:06:35.641525110 0xf3d03e90 gstbasetransform.c:1531:gst_base_transform_default_query:<glcolorconvertelement3> calling propose allocation with query allocation query: 0xf37ecf50, GstQueryAllocation, caps=(GstCaps)"video/x-raw\(memory:GLMemory\)\,\ width\=\(int\)1280\,\ height\=\(int\)1440\,\ interlace-mode\=\(string\)progressive\,\ pixel-aspect-ratio\=\(fraction\)1/1\,\ framerate\=\(fraction\)151/3\,\ format\=\(string\)RGBA\,\ texture-target\=\(string\)2D", need-pool=(boolean)true, pool=(GArray)NULL, meta=(GArray)NULL, allocator=(GArray)NULL;
05-09 19:57:51.253  2029  2223 D GStreamer+basetransform: 0:06:35.641560422 0xf3d03e90 gstbasetransform.c:1446:gst_base_transform_default_propose_allocation:<glcolorconvertelement3> proposing metadata GstVideoOverlayCompositionMetaAPI
05-09 19:57:51.253  2029  2223 W GStreamer+structure: 0:06:35.641633495 0xf3d03e90 gststructure.c:1935:priv_gst_structure_append_to_gstring No value transform to serialize field 'meta' of type 'GArray'
05-09 19:57:51.253  2029  2223 D GStreamer+basetransform: 0:06:35.641669172 0xf3d03e90 gstbasetransform.c:1551:gst_base_transform_default_query:<glcolorconvertelement3> ALLOCATION ret 1, allocation query: 0xf3a080c0, GstQueryAllocation, caps=(GstCaps)"video/x-raw\(memory:GLMemory\)\,\ format\=\(string\)RGBA\,\ width\=\(int\)1280\,\ height\=\(int\)1440\,\ interlace-mode\=\(string\)progressive\,\ pixel-aspect-ratio\=\(fraction\)1/1\,\ colorimetry\=\(string\)sRGB\,\ framerate\=\(fraction\)151/3\,\ texture-target\=\(string\)external-oes", need-pool=(boolean)true, meta=(GArray)NULL;
05-09 19:57:51.253  2029  2223 D GStreamer+GST_PADS: 0:06:35.641706829 0xf3d03e90 gstpad.c:3905:gst_pad_query:<glcolorconvertelement3:sink> sent query 0xf3a080c0 (allocation), result 1
05-09 19:57:51.253  2029  2223 D GStreamer+GST_PADS: 0:06:35.641744537 0xf3d03e90 gstpad.c:3905:gst_pad_query:<gluploadelement3:sink> sent query 0xf3a080c0 (allocation), result 1
05-09 19:57:51.253  2029  2223 D GStreamer+GST_PADS: 0:06:35.641785162 0xf3d03e90 gstpad.c:3905:gst_pad_query:<glimagesinkbin3:sink> sent query 0xf3a080c0 (allocation), result 1
05-09 19:57:51.253  2029  2223 W GStreamer+structure: 0:06:35.641854693 0xf3d03e90 gststructure.c:1935:priv_gst_structure_append_to_gstring No value transform to serialize field 'meta' of type 'GArray'
05-09 19:57:51.254  2029  2223 D GStreamer+basetransform: 0:06:35.641899641 0xf3d03e90 gstbasetransform.c:1551:gst_base_transform_default_query:<forhalffps> ALLOCATION ret 1, allocation query: 0xf3a080c0, GstQueryAllocation, caps=(GstCaps)"video/x-raw\(memory:GLMemory\)\,\ format\=\(string\)RGBA\,\ width\=\(int\)1280\,\ height\=\(int\)1440\,\ interlace-mode\=\(string\)progressive\,\ pixel-aspect-ratio\=\(fraction\)1/1\,\ colorimetry\=\(string\)sRGB\,\ framerate\=\(fraction\)151/3\,\ texture-target\=\(string\)external-oes", need-pool=(boolean)true, meta=(GArray)NULL;
05-09 19:57:51.254  2029  2223 D GStreamer+GST_PADS: 0:06:35.641937922 0xf3d03e90 gstpad.c:3905:gst_pad_query:<forhalffps:sink> sent query 0xf3a080c0 (allocation), result 1
05-09 19:57:51.254  2029  2223 D GStreamer+queue_dataflow: 0:06:35.641979537 0xf3d03e90 gstqueue.c:1464:gst_queue_loop:<queue9> queue is empty
05-09 19:57:51.254  2029  2230 D GStreamer+GST_PADS: 0:06:35.642038652 0xf3ac6830 gstpad.c:3905:gst_pad_query:<queue9:sink> sent query 0xf3a080c0 (allocation), result 1
05-09 19:57:51.254  2029  2230 D GStreamer+GST_PADS: 0:06:35.642085422 0xf3ac6830 gstpad.c:3905:gst_pad_query:<src_0:proxypad14> sent query 0xf3a080c0 (allocation), result 1
05-09 19:57:51.254  2029  2230 D GStreamer+video-info: 0:06:35.642146933 0xf3ac6830 video-info.c:300:gst_video_info_from_caps parsing caps video/x-raw(memory:GLMemory), format=(string)RGBA, width=(int)1280, height=(int)1440, interlace-mode=(string)progressive, pixel-aspect-ratio=(fraction)1/1, colorimetry=(string)sRGB, framerate=(fraction)151/3, texture-target=(string)external-oes
05-09 19:57:51.254  2029  2230 D GStreamer+videodecoder: 0:06:35.642190162 0xf3ac6830 gstvideodecoder.c:3628:gst_video_decoder_decide_allocation_default:<amcvideodec-omxnvidiah264decode2> no pool, making new pool
05-09 19:57:51.254  2029  2230 D GStreamer+GST_POLL: 0:06:35.642236829 0xf3ac6830 gstpoll.c:557:gst_poll_new 0xf3d2d798: new controllable : 1
05-09 19:57:51.254  2029  2230 D GStreamer+GST_POLL: 0:06:35.642307193 0xf3ac6830 gstpoll.c:726:gst_poll_add_fd_unlocked 0xf3d2d798: fd (fd:145, idx:0)
05-09 19:57:51.254  2029  2230 D GStreamer+GST_POLL: 0:06:35.642338547 0xf3ac6830 gstpoll.c:893:gst_poll_fd_ctl_read_unlocked 0xf3d2d798: fd (fd:145, idx:0), active : 1
05-09 19:57:51.254  2029  2230 D GStreamer+bufferpool: 0:06:35.642377662 0xf3ac6830 gstbufferpool.c:178:gst_buffer_pool_init:<GstBufferPool@0xf3d867c8> created
05-09 19:57:51.254  2029  2230 W GStreamer+structure: 0:06:35.642485891 0xf3ac6830 gststructure.c:1935:priv_gst_structure_append_to_gstring No value transform to serialize field 'params' of type 'GstAllocationParams'
05-09 19:57:51.254  2029  2230 D GStreamer+videodecoder: 0:06:35.642521256 0xf3ac6830 gstvideodecoder.c:3639:gst_video_decoder_decide_allocation_default:<amcvideodec-omxnvidiah264decode2> setting config GstBufferPoolConfig, caps=(GstCaps)"video/x-raw\(memory:GLMemory\)\,\ format\=\(string\)RGBA\,\ width\=\(int\)1280\,\ height\=\(int\)1440\,\ interlace-mode\=\(string\)progressive\,\ pixel-aspect-ratio\=\(fraction\)1/1\,\ colorimetry\=\(string\)sRGB\,\ framerate\=\(fraction\)151/3\,\ texture-target\=\(string\)external-oes", size=(uint)7372800, min-buffers=(uint)0, max-buffers=(uint)0, allocator=(GstAllocator)"NULL", params=(GstAllocationParams)NULL; in pool <videobufferpool5>
05-09 19:57:51.254  2029  2230 D GStreamer+video-info: 0:06:35.642578183 0xf3ac6830 video-info.c:300:gst_video_info_from_caps parsing caps video/x-raw(memory:GLMemory), format=(string)RGBA, width=(int)1280, height=(int)1440, interlace-mode=(string)progressive, pixel-aspect-ratio=(fraction)1/1, colorimetry=(string)sRGB, framerate=(fraction)151/3, texture-target=(string)external-oes
05-09 19:57:51.254  2029  2230 W GStreamer+structure: 0:06:35.642670370 0xf3ac6830 gststructure.c:1935:priv_gst_structure_append_to_gstring No value transform to serialize field 'params' of type 'GstAllocationParams'
05-09 19:57:51.254  2029  2230 D GStreamer+bufferpool: 0:06:35.642702454 0xf3ac6830 gstbufferpool.c:581:default_set_config:<videobufferpool5> config GstBufferPoolConfig, caps=(GstCaps)"video/x-raw\(memory:GLMemory\)\,\ format\=\(string\)RGBA\,\ width\=\(int\)1280\,\ height\=\(int\)1440\,\ interlace-mode\=\(string\)progressive\,\ pixel-aspect-ratio\=\(fraction\)1/1\,\ colorimetry\=\(string\)sRGB\,\ framerate\=\(fraction\)151/3\,\ texture-target\=\(string\)external-oes", size=(uint)7372800, min-buffers=(uint)0, max-buffers=(uint)0, allocator=(GstAllocator)"NULL", params=(GstAllocationParams)NULL;
05-09 19:57:51.254  2029  2230 D GStreamer+video-info: 0:06:35.642760422 0xf3ac6830 video-info.c:300:gst_video_info_from_caps parsing caps video/x-raw(memory:GLMemory), format=(string)RGBA, width=(int)1280, height=(int)1440, interlace-mode=(string)progressive, pixel-aspect-ratio=(fraction)1/1, colorimetry=(string)sRGB, framerate=(fraction)151/3, texture-target=(string)external-oes
05-09 19:57:51.254  2029  2230 W GStreamer+structure: 0:06:35.642836620 0xf3ac6830 gststructure.c:1935:priv_gst_structure_append_to_gstring No value transform to serialize field 'meta' of type 'GArray'
05-09 19:57:51.255  2029  2230 W GStreamer+structure: 0:06:35.642880943 0xf3ac6830 gststructure.c:1935:priv_gst_structure_append_to_gstring No value transform to serialize field 'allocator' of type 'GArray'
05-09 19:57:51.255  2029  2230 W GStreamer+structure: 0:06:35.642915266 0xf3ac6830 gststructure.c:1935:priv_gst_structure_append_to_gstring No value transform to serialize field 'pool' of type 'GArray'
05-09 19:57:51.255  2029  2230 D GStreamer+videodecoder: 0:06:35.642951204 0xf3ac6830 gstvideodecoder.c:3717:gst_video_decoder_negotiate_pool:<amcvideodec-omxnvidiah264decode2> ALLOCATION (1) params: allocation query: 0xf3a080c0, GstQueryAllocation, caps=(GstCaps)"video/x-raw\(memory:GLMemory\)\,\ format\=\(string\)RGBA\,\ width\=\(int\)1280\,\ height\=\(int\)1440\,\ interlace-mode\=\(string\)progressive\,\ pixel-aspect-ratio\=\(fraction\)1/1\,\ colorimetry\=\(string\)sRGB\,\ framerate\=\(fraction\)151/3\,\ texture-target\=\(string\)external-oes", need-pool=(boolean)true, meta=(GArray)NULL, allocator=(GArray)NULL, pool=(GArray)NULL;
05-09 19:57:51.255  2029  2230 D GStreamer+videodecoder: 0:06:35.642990058 0xf3ac6830 gstvideodecoder.c:3753:gst_video_decoder_negotiate_pool:<amcvideodec-omxnvidiah264decode2> unref pool <videobufferpool4>
05-09 19:57:51.255  2029  2230 D GStreamer+bufferpool: 0:06:35.643026204 0xf3ac6830 gstbufferpool.c:190:gst_buffer_pool_finalize:<videobufferpool4> finalize
05-09 19:57:51.255  2029  2230 D GStreamer+GST_POLL: 0:06:35.643058756 0xf3ac6830 gstpoll.c:650:gst_poll_free 0xf392b4c8: freeing
05-09 19:57:51.255  2029  2230 D GStreamer+videodecoder: 0:06:35.643132349 0xf3ac6830 gstvideodecoder.c:3759:gst_video_decoder_negotiate_pool:<amcvideodec-omxnvidiah264decode2> activate pool <videobufferpool5>
05-09 19:57:51.255  2029  2230 D GStreamer+amcvideodec: 0:06:35.643180579 0xf3ac6830 gstamcvideodec.c:1240:gst_amc_video_dec_loop:<amcvideodec-omxnvidiah264decode2> Waiting for available output buffer
05-09 19:57:51.255  2029  2224 D GStreamer+videodecoder: 0:06:35.643266881 0xf3d043b0 gstvideodecoder.c:3394:gst_video_decoder_decode_frame:<amcvideodec-omxnvidiah264decode2> PTS delta 0 ms
05-09 19:57:51.255  2029  2224 D GStreamer+amcvideodec: 0:06:35.643315318 0xf3d043b0 gstamcvideodec.c:2125:gst_amc_video_dec_handle_frame:<amcvideodec-omxnvidiah264decode2> Handling frame
05-09 19:57:51.255  2029  2230 D GStreamer+amcvideodec: 0:06:35.643394641 0xf3ac6830 gstamcvideodec.c:1250:gst_amc_video_dec_loop:<amcvideodec-omxnvidiah264decode2> dequeueOutputBuffer() returned 11 (0xb)
05-09 19:57:51.255  2029  2230 D GStreamer+amcvideodec: 0:06:35.643440579 0xf3ac6830 gstamcvideodec.c:1306:gst_amc_video_dec_loop:<amcvideodec-omxnvidiah264decode2> Got output buffer at index 11: offset 0 size 8 time 0 flags 0x00000000
05-09 19:57:51.255  2029  2230 D GStreamer+GST_MEMORY: 0:06:35.643560422 0xf3ac6830 gstmemory.c:138:gst_memory_init new memory 0xf3d88b58, maxsize:7372800 offset:0 size:7372800
05-09 19:57:51.255  2029  2230 D GStreamer+glbasememory: 0:06:35.643671047 0xf3ac6830 gstglbasememory.c:170:gst_gl_base_memory_init new GL buffer memory:0xf3d88b58 size:7372800
05-09 19:57:51.255  2029  2230 D GStreamer+glbasetexture: 0:06:35.643718287 0xf3ac6830 gstglmemory.c:326:gst_gl_memory_init new GL texture context:<glcontextegl4> memory:0xf3d88b58 target:external-oes format:4 dimensions:1280x1440 stride:5120 size:7372800
05-09 19:57:51.255  2029  2218 D GStreamer+default: 0:06:35.643773079 0xf3d33d80 gstjniutils.c:476:gst_amc_jni_attach_current_thread Attaching thread 0xf3d33d80
05-09 19:57:51.256  2029  2230 D GStreamer+GST_BUFFER: 0:06:35.644258964 0xf3ac6830 gstbuffer.c:2101:gst_buffer_add_meta alloc metadata 0xf3d2d5dc (GstGLSyncMeta) of size 52
05-09 19:57:51.256  2029  2230 D GStreamer+GST_BUFFER: 0:06:35.644296412 0xf3ac6830 gstbuffer.c:2101:gst_buffer_add_meta alloc metadata 0xf39252c4 (GstVideoAffineTransformationMeta) of size 72
05-09 19:57:51.256  2029  2230 D GStreamer+amcvideodec: 0:06:35.644396256 0xf3ac6830 gstamcvideodec.c:1418:gst_amc_video_dec_loop:<amcvideodec-omxnvidiah264decode2> push GL frame 1
05-09 19:57:51.256  2029  2230 D GStreamer+GST_PADS: 0:06:35.644436152 0xf3ac6830 gstpad.c:1591:gst_pad_check_reconfigure:<amcvideodec-omxnvidiah264decode2:src> remove RECONFIGURE flag
05-09 19:57:51.256  2029  2230 D GStreamer+videodecoder: 0:06:35.644477245 0xf3ac6830 gstvideodecoder.c:3796:gst_video_decoder_negotiate_default:<amcvideodec-omxnvidiah264decode2> output_state par 1/1 fps 151/3
05-09 19:57:51.256  2029  2230 D GStreamer+videodecoder: 0:06:35.644543391 0xf3ac6830 gstvideodecoder.c:3801:gst_video_decoder_negotiate_default:<amcvideodec-omxnvidiah264decode2> setting caps video/x-raw(memory:GLMemory), format=(string)RGBA, width=(int)1280, height=(int)1440, interlace-mode=(string)progressive, pixel-aspect-ratio=(fraction)1/1, colorimetry=(string)sRGB, framerate=(fraction)151/3, texture-target=(string)external-oes
05-09 19:57:51.256  2029  2230 D GStreamer+GST_CAPS: 0:06:35.644608235 0xf3ac6830 gstpad.c:2648:gst_pad_get_current_caps:<amcvideodec-omxnvidiah264decode2:src> get current pad caps video/x-raw(memory:GLMemory), format=(string)RGBA, width=(int)1280, height=(int)1440, interlace-mode=(string)progressive, pixel-aspect-ratio=(fraction)1/1, colorimetry=(string)sRGB, framerate=(fraction)151/3, texture-target=(string)external-oes
05-09 19:57:51.256  2029  2230 D GStreamer+videodecoder: 0:06:35.644646620 0xf3ac6830 gstvideodecoder.c:3839:gst_video_decoder_negotiate_default:<amcvideodec-omxnvidiah264decode2> current src pad and output state caps are the same
05-09 19:57:51.256  2029  2230 D GStreamer+query: 0:06:35.644688339 0xf3ac6830 gstquery.c:674:gst_query_new_custom creating new query 0xf3d19980 allocation
05-09 19:57:51.256  2029  2230 D GStreamer+videodecoder: 0:06:35.644720527 0xf3ac6830 gstvideodecoder.c:3707:gst_video_decoder_negotiate_pool:<amcvideodec-omxnvidiah264decode2> do query ALLOCATION
05-09 19:57:51.256  2029  2230 D GStreamer+GST_PADS: 0:06:35.644760995 0xf3ac6830 gstpad.c:4009:gst_pad_peer_query:<amcvideodec-omxnvidiah264decode2:src> peer query 0xf3d19980 (allocation)
05-09 19:57:51.256  2029  2230 D GStreamer+GST_PADS: 0:06:35.644801516 0xf3ac6830 gstpad.c:3882:gst_pad_query:<src_0:proxypad14> doing query 0xf3d19980 (allocation)
05-09 19:57:51.256  2029  2230 D GStreamer+GST_PADS: 0:06:35.644841933 0xf3ac6830 gstpad.c:3339:gst_pad_query_default:<src_0:proxypad14> forwarding 0xf3d19980 (allocation) query
05-09 19:57:51.257  2029  2230 D GStreamer+GST_PADS: 0:06:35.644899797 0xf3ac6830 gstpad.c:4009:gst_pad_peer_query:<forhwgl:src_0> peer query 0xf3d19980 (allocation)
05-09 19:57:51.257  2029  2230 D GStreamer+GST_PADS: 0:06:35.644946047 0xf3ac6830 gstpad.c:3650:do_probe_callbacks:<forhwgl:src_0> data is passed
05-09 19:57:51.257  2029  2230 D GStreamer+GST_PADS: 0:06:35.644983964 0xf3ac6830 gstpad.c:3882:gst_pad_query:<queue9:sink> doing query 0xf3d19980 (allocation)
05-09 19:57:51.257  2029  2223 D GStreamer+queue_dataflow: 0:06:35.645035943 0xf3d03e90 gstqueue.c:1476:gst_queue_loop:<queue9> queue is not empty
05-09 19:57:51.257  2029  2223 D GStreamer+GST_PADS: 0:06:35.645081568 0xf3d03e90 gstpad.c:4009:gst_pad_peer_query:<queue9:src> peer query 0xf3d19980 (allocation)
05-09 19:57:51.257  2029  2223 D GStreamer+GST_PADS: 0:06:35.645121620 0xf3d03e90 gstpad.c:3882:gst_pad_query:<forhalffps:sink> doing query 0xf3d19980 (allocation)
05-09 19:57:51.257  2029  2223 D GStreamer+GST_PADS: 0:06:35.645157610 0xf3d03e90 gstpad.c:3650:do_probe_callbacks:<forhalffps:sink> data is passed
05-09 19:57:51.257  2029  2223 D GStreamer+basetransform: 0:06:35.645196724 0xf3d03e90 gstbasetransform.c:1531:gst_base_transform_default_query:<forhalffps> calling propose allocation with query (NULL)
05-09 19:57:51.257  2029  2223 D GStreamer+basetransform: 0:06:35.645230579 0xf3d03e90 gstbasetransform.c:1434:gst_base_transform_default_propose_allocation:<forhalffps> doing passthrough query
05-09 19:57:51.257  2029  2223 D GStreamer+GST_PADS: 0:06:35.645266204 0xf3d03e90 gstpad.c:4009:gst_pad_peer_query:<forhalffps:src> peer query 0xf3d19980 (allocation)
05-09 19:57:51.257  2029  2223 D GStreamer+GST_PADS: 0:06:35.645303287 0xf3d03e90 gstpad.c:3882:gst_pad_query:<glimagesinkbin3:sink> doing query 0xf3d19980 (allocation)
05-09 19:57:51.257  2029  2223 D GStreamer+GST_PADS: 0:06:35.645344902 0xf3d03e90 gstpad.c:3339:gst_pad_query_default:<glimagesinkbin3:sink> forwarding 0xf3d19980 (allocation) query
05-09 19:57:51.257  2029  2223 D GStreamer+GST_PADS: 0:06:35.645391724 0xf3d03e90 gstpad.c:4009:gst_pad_peer_query:<sink:proxypad13> peer query 0xf3d19980 (allocation)
05-09 19:57:51.257  2029  2223 D GStreamer+GST_PADS: 0:06:35.645430474 0xf3d03e90 gstpad.c:3882:gst_pad_query:<gluploadelement3:sink> doing query 0xf3d19980 (allocation)
05-09 19:57:51.257  2029  2223 D GStreamer+GST_PADS: 0:06:35.645469433 0xf3d03e90 gstpad.c:4009:gst_pad_peer_query:<gluploadelement3:src> peer query 0xf3d19980 (allocation)
05-09 19:57:51.257  2029  2223 D GStreamer+GST_PADS: 0:06:35.645506829 0xf3d03e90 gstpad.c:3882:gst_pad_query:<glcolorconvertelement3:sink> doing query 0xf3d19980 (allocation)
05-09 19:57:51.257  2029  2223 W GStreamer+structure: 0:06:35.645604277 0xf3d03e90 gststructure.c:1935:priv_gst_structure_append_to_gstring No value transform to serialize field 'pool' of type 'GArray'
05-09 19:57:51.257  2029  2223 W GStreamer+structure: 0:06:35.645644797 0xf3d03e90 gststructure.c:1935:priv_gst_structure_append_to_gstring No value transform to serialize field 'meta' of type 'GArray'
05-09 19:57:51.257  2029  2223 W GStreamer+structure: 0:06:35.645682922 0xf3d03e90 gststructure.c:1935:priv_gst_structure_append_to_gstring No value transform to serialize field 'allocator' of type 'GArray'
05-09 19:57:51.257  2029  2223 D GStreamer+basetransform: 0:06:35.645724120 0xf3d03e90 gstbasetransform.c:1531:gst_base_transform_default_query:<glcolorconvertelement3> calling propose allocation with query allocation query: 0xf37ecf50, GstQueryAllocation, caps=(GstCaps)"video/x-raw\(memory:GLMemory\)\,\ width\=\(int\)1280\,\ height\=\(int\)1440\,\ interlace-mode\=\(string\)progressive\,\ pixel-aspect-ratio\=\(fraction\)1/1\,\ framerate\=\(fraction\)151/3\,\ format\=\(string\)RGBA\,\ texture-target\=\(string\)2D", need-pool=(boolean)true, pool=(GArray)NULL, meta=(GArray)NULL, allocator=(GArray)NULL;
05-09 19:57:51.257  2029  2223 D GStreamer+basetransform: 0:06:35.645762402 0xf3d03e90 gstbasetransform.c:1446:gst_base_transform_default_propose_allocation:<glcolorconvertelement3> proposing metadata GstVideoOverlayCompositionMetaAPI
05-09 19:57:51.257  2029  2223 W GStreamer+structure: 0:06:35.645843964 0xf3d03e90 gststructure.c:1935:priv_gst_structure_append_to_gstring No value transform to serialize field 'meta' of type 'GArray'
05-09 19:57:51.258  2029  2223 D GStreamer+basetransform: 0:06:35.645908339 0xf3d03e90 gstbasetransform.c:1551:gst_base_transform_default_query:<glcolorconvertelement3> ALLOCATION ret 1, allocation query: 0xf3d19980, GstQueryAllocation, caps=(GstCaps)"video/x-raw\(memory:GLMemory\)\,\ format\=\(string\)RGBA\,\ width\=\(int\)1280\,\ height\=\(int\)1440\,\ interlace-mode\=\(string\)progressive\,\ pixel-aspect-ratio\=\(fraction\)1/1\,\ colorimetry\=\(string\)sRGB\,\ framerate\=\(fraction\)151/3\,\ texture-target\=\(string\)external-oes", need-pool=(boolean)true, meta=(GArray)NULL;
05-09 19:57:51.258  2029  2223 D GStreamer+GST_PADS: 0:06:35.645949745 0xf3d03e90 gstpad.c:3905:gst_pad_query:<glcolorconvertelement3:sink> sent query 0xf3d19980 (allocation), result 1
05-09 19:57:51.258  2029  2223 D GStreamer+GST_PADS: 0:06:35.645989068 0xf3d03e90 gstpad.c:3905:gst_pad_query:<gluploadelement3:sink> sent query 0xf3d19980 (allocation), result 1
05-09 19:57:51.258  2029  2223 D GStreamer+GST_PADS: 0:06:35.646030787 0xf3d03e90 gstpad.c:3905:gst_pad_query:<glimagesinkbin3:sink> sent query 0xf3d19980 (allocation), result 1
05-09 19:57:51.258  2029  2223 W GStreamer+structure: 0:06:35.646104172 0xf3d03e90 gststructure.c:1935:priv_gst_structure_append_to_gstring No value transform to serialize field 'meta' of type 'GArray'
05-09 19:57:51.258  2029  2223 D GStreamer+basetransform: 0:06:35.646150839 0xf3d03e90 gstbasetransform.c:1551:gst_base_transform_default_query:<forhalffps> ALLOCATION ret 1, allocation query: 0xf3d19980, GstQueryAllocation, caps=(GstCaps)"video/x-raw\(memory:GLMemory\)\,\ format\=\(string\)RGBA\,\ width\=\(int\)1280\,\ height\=\(int\)1440\,\ interlace-mode\=\(string\)progressive\,\ pixel-aspect-ratio\=\(fraction\)1/1\,\ colorimetry\=\(string\)sRGB\,\ framerate\=\(fraction\)151/3\,\ texture-target\=\(string\)external-oes", need-pool=(boolean)true, meta=(GArray)NULL;
05-09 19:57:51.258  2029  2223 D GStreamer+GST_PADS: 0:06:35.646208547 0xf3d03e90 gstpad.c:3905:gst_pad_query:<forhalffps:sink> sent query 0xf3d19980 (allocation), result 1
05-09 19:57:51.258  2029  2223 D GStreamer+queue_dataflow: 0:06:35.646256152 0xf3d03e90 gstqueue.c:1464:gst_queue_loop:<queue9> queue is empty
05-09 19:57:51.258  2029  2230 D GStreamer+GST_PADS: 0:06:35.646314537 0xf3ac6830 gstpad.c:3905:gst_pad_query:<queue9:sink> sent query 0xf3d19980 (allocation), result 1
05-09 19:57:51.258  2029  2230 D GStreamer+GST_PADS: 0:06:35.646358860 0xf3ac6830 gstpad.c:3905:gst_pad_query:<src_0:proxypad14> sent query 0xf3d19980 (allocation), result 1
05-09 19:57:51.258  2029  2230 D GStreamer+video-info: 0:06:35.646421099 0xf3ac6830 video-info.c:300:gst_video_info_from_caps parsing caps video/x-raw(memory:GLMemory), format=(string)RGBA, width=(int)1280, height=(int)1440, interlace-mode=(string)progressive, pixel-aspect-ratio=(fraction)1/1, colorimetry=(string)sRGB, framerate=(fraction)151/3, texture-target=(string)external-oes
05-09 19:57:51.258   993  2231 D NvOsDebugPrintf: TVMR: cctx->bAbortInputBuffer = 0, cctx->bEOSAbortOutputBuffer = 0 
05-09 19:57:51.258  2029  2230 D GStreamer+videodecoder: 0:06:35.646471204 0xf3ac6830 gstvideodecoder.c:3628:gst_video_decoder_decide_allocation_default:<amcvideodec-omxnvidiah264decode2> no pool, making new pool
05-09 19:57:51.258  2029  2230 D GStreamer+GST_POLL: 0:06:35.646514537 0xf3ac6830 gstpoll.c:557:gst_poll_new 0xf3d2d618: new controllable : 1
05-09 19:57:51.258  2029  2230 D GStreamer+GST_POLL: 0:06:35.646590631 0xf3ac6830 gstpoll.c:726:gst_poll_add_fd_unlocked 0xf3d2d618: fd (fd:109, idx:0)
05-09 19:57:51.258  2029  2230 D GStreamer+GST_POLL: 0:06:35.646624329 0xf3ac6830 gstpoll.c:893:gst_poll_fd_ctl_read_unlocked 0xf3d2d618: fd (fd:109, idx:0), active : 1
05-09 19:57:51.258  2029  2230 D GStreamer+bufferpool: 0:06:35.646668756 0xf3ac6830 gstbufferpool.c:178:gst_buffer_pool_init:<GstBufferPool@0xf3d86948> created
05-09 19:57:51.258  2029  2230 W GStreamer+structure: 0:06:35.646782818 0xf3ac6830 gststructure.c:1935:priv_gst_structure_append_to_gstring No value transform to serialize field 'params' of type 'GstAllocationParams'
05-09 19:57:51.258  2029  2230 D GStreamer+videodecoder: 0:06:35.646817766 0xf3ac6830 gstvideodecoder.c:3639:gst_video_decoder_decide_allocation_default:<amcvideodec-omxnvidiah264decode2> setting config GstBufferPoolConfig, caps=(GstCaps)"video/x-raw\(memory:GLMemory\)\,\ format\=\(string\)RGBA\,\ width\=\(int\)1280\,\ height\=\(int\)1440\,\ interlace-mode\=\(string\)progressive\,\ pixel-aspect-ratio\=\(fraction\)1/1\,\ colorimetry\=\(string\)sRGB\,\ framerate\=\(fraction\)151/3\,\ texture-target\=\(string\)external-oes", size=(uint)7372800, min-buffers=(uint)0, max-buffers=(uint)0, allocator=(GstAllocator)"NULL", params=(GstAllocationParams)NULL; in pool <videobufferpool6>
05-09 19:57:51.259  2029  2230 D GStreamer+video-info: 0:06:35.646900214 0xf3ac6830 video-info.c:300:gst_video_info_from_caps parsing caps video/x-raw(memory:GLMemory), format=(string)RGBA, width=(int)1280, height=(int)1440, interlace-mode=(string)progressive, pixel-aspect-ratio=(fraction)1/1, colorimetry=(string)sRGB, framerate=(fraction)151/3, texture-target=(string)external-oes
05-09 19:57:51.259  2029  2230 W GStreamer+structure: 0:06:35.647001256 0xf3ac6830 gststructure.c:1935:priv_gst_structure_append_to_gstring No value transform to serialize field 'params' of type 'GstAllocationParams'
05-09 19:57:51.259  2029  2230 D GStreamer+bufferpool: 0:06:35.647032193 0xf3ac6830 gstbufferpool.c:581:default_set_config:<videobufferpool6> config GstBufferPoolConfig, caps=(GstCaps)"video/x-raw\(memory:GLMemory\)\,\ format\=\(string\)RGBA\,\ width\=\(int\)1280\,\ height\=\(int\)1440\,\ interlace-mode\=\(string\)progressive\,\ pixel-aspect-ratio\=\(fraction\)1/1\,\ colorimetry\=\(string\)sRGB\,\ framerate\=\(fraction\)151/3\,\ texture-target\=\(string\)external-oes", size=(uint)7372800, min-buffers=(uint)0, max-buffers=(uint)0, allocator=(GstAllocator)"NULL", params=(GstAllocationParams)NULL;
05-09 19:57:51.259  2029  2230 D GStreamer+video-info: 0:06:35.647094068 0xf3ac6830 video-info.c:300:gst_video_info_from_caps parsing caps video/x-raw(memory:GLMemory), format=(string)RGBA, width=(int)1280, height=(int)1440, interlace-mode=(string)progressive, pixel-aspect-ratio=(fraction)1/1, colorimetry=(string)sRGB, framerate=(fraction)151/3, texture-target=(string)external-oes
05-09 19:57:51.259  2029  2230 W GStreamer+structure: 0:06:35.647234537 0xf3ac6830 gststructure.c:1935:priv_gst_structure_append_to_gstring No value transform to serialize field 'meta' of type 'GArray'
05-09 19:57:51.259  2029  2230 W GStreamer+structure: 0:06:35.647291777 0xf3ac6830 gststructure.c:1935:priv_gst_structure_append_to_gstring No value transform to serialize field 'allocator' of type 'GArray'
05-09 19:57:51.259  2029  2230 W GStreamer+structure: 0:06:35.647324381 0xf3ac6830 gststructure.c:1935:priv_gst_structure_append_to_gstring No value transform to serialize field 'pool' of type 'GArray'
05-09 19:57:51.259  2029  2230 D GStreamer+videodecoder: 0:06:35.647361464 0xf3ac6830 gstvideodecoder.c:3717:gst_video_decoder_negotiate_pool:<amcvideodec-omxnvidiah264decode2> ALLOCATION (1) params: allocation query: 0xf3d19980, GstQueryAllocation, caps=(GstCaps)"video/x-raw\(memory:GLMemory\)\,\ format\=\(string\)RGBA\,\ width\=\(int\)1280\,\ height\=\(int\)1440\,\ interlace-mode\=\(string\)progressive\,\ pixel-aspect-ratio\=\(fraction\)1/1\,\ colorimetry\=\(string\)sRGB\,\ framerate\=\(fraction\)151/3\,\ texture-target\=\(string\)external-oes", need-pool=(boolean)true, meta=(GArray)NULL, allocator=(GArray)NULL, pool=(GArray)NULL;
05-09 19:57:51.259  2029  2230 D GStreamer+videodecoder: 0:06:35.647402714 0xf3ac6830 gstvideodecoder.c:3753:gst_video_decoder_negotiate_pool:<amcvideodec-omxnvidiah264decode2> unref pool <videobufferpool5>
05-09 19:57:51.259  2029  2230 D GStreamer+bufferpool: 0:06:35.647440943 0xf3ac6830 gstbufferpool.c:190:gst_buffer_pool_finalize:<videobufferpool5> finalize
05-09 19:57:51.259  2029  2230 D GStreamer+GST_POLL: 0:06:35.647474068 0xf3ac6830 gstpoll.c:650:gst_poll_free 0xf3d2d798: freeing
05-09 19:57:51.259  2029  2230 D GStreamer+videodecoder: 0:06:35.647547141 0xf3ac6830 gstvideodecoder.c:3759:gst_video_decoder_negotiate_pool:<amcvideodec-omxnvidiah264decode2> activate pool <videobufferpool6>
05-09 19:57:51.259  2029  2230 D GStreamer+videodecoder: 0:06:35.647629381 0xf3ac6830 gstvideodecoder.c:960:gst_video_decoder_push_event:<amcvideodec-omxnvidiah264decode2> segment time segment start=0:00:00.000000000, offset=0:00:00.000000000, stop=0:00:07.716000000, rate=1.000000, applied_rate=1.000000, flags=0x00, time=0:00:00.000000000, base=0:00:00.000000000, position 0:00:00.000000000, duration 99:99:99.999999999
05-09 19:57:51.259  2029  2230 D GStreamer+videodecoder: 0:06:35.647666099 0xf3ac6830 gstvideodecoder.c:980:gst_video_decoder_push_event:<amcvideodec-omxnvidiah264decode2> pushing event segment
05-09 19:57:51.259  2029  2230 D GStreamer+GST_PADS: 0:06:35.647702610 0xf3ac6830 gstpad.c:3813:check_sticky:<amcvideodec-omxnvidiah264decode2:src> pushing all sticky events
05-09 19:57:51.259  2029  2230 D GStreamer+GST_PADS: 0:06:35.647739485 0xf3ac6830 gstpad.c:3745:push_sticky:<amcvideodec-omxnvidiah264decode2:src> event stream-start was already received
05-09 19:57:51.259  2029  2230 D GStreamer+GST_PADS: 0:06:35.647774902 0xf3ac6830 gstpad.c:3745:push_sticky:<amcvideodec-omxnvidiah264decode2:src> event caps was already received
05-09 19:57:51.260  2029  2230 D GStreamer+GST_EVENT: 0:06:35.647937662 0xf3ac6830 gstpad.c:5496:gst_pad_send_event_unchecked:<src_0:proxypad14> have event type segment event: 0xf3dd1098, time 99:99:99.999999999, seq-num 2003, GstEventSegment, segment=(GstSegment)"GstSegment, flags=(GstSegmentFlags)GST_SEGMENT_FLAG_NONE, rate=(double)1, applied-rate=(double)1, format=(GstFormat)GST_FORMAT_TIME, base=(guint64)0, offset=(guint64)0, start=(guint64)0, stop=(guint64)7716000000, time=(guint64)0, position=(guint64)0, duration=(guint64)18446744073709551615;";
05-09 19:57:51.260  2029  2230 D GStreamer+GST_PADS: 0:06:35.647984589 0xf3ac6830 gstpad.c:3813:check_sticky:<forhwgl:src_0> pushing all sticky events
05-09 19:57:51.260  2029  2230 D GStreamer+GST_PADS: 0:06:35.648021360 0xf3ac6830 gstpad.c:3745:push_sticky:<forhwgl:src_0> event stream-start was already received
05-09 19:57:51.260  2029  2230 D GStreamer+GST_PADS: 0:06:35.648057349 0xf3ac6830 gstpad.c:3745:push_sticky:<forhwgl:src_0> event caps was already received
05-09 19:57:51.260  2029  2230 D GStreamer+GST_PADS: 0:06:35.648092349 0xf3ac6830 gstpad.c:3650:do_probe_callbacks:<forhwgl:src_0> data is passed
05-09 19:57:51.260  2029  2230 D GStreamer+GST_PADS: 0:06:35.648126777 0xf3ac6830 gstpad.c:3453:probe_hook_marshal:<forhwgl:src_0> probe returned OK
05-09 19:57:51.260  2029  2230 D GStreamer+GST_EVENT: 0:06:35.648242037 0xf3ac6830 gstpad.c:5496:gst_pad_send_event_unchecked:<queue9:sink> have event type segment event: 0xf3dd1098, time 99:99:99.999999999, seq-num 2003, GstEventSegment, segment=(GstSegment)"GstSegment, flags=(GstSegmentFlags)GST_SEGMENT_FLAG_NONE, rate=(double)1, applied-rate=(double)1, format=(GstFormat)GST_FORMAT_TIME, base=(guint64)0, offset=(guint64)0, start=(guint64)0, stop=(guint64)7716000000, time=(guint64)0, position=(guint64)0, duration=(guint64)18446744073709551615;";
05-09 19:57:51.260  2029  2230 D GStreamer+queue: 0:06:35.648315891 0xf3ac6830 gstqueue.c:561:apply_segment:<queue9> configured SEGMENT time segment start=0:00:00.000000000, offset=0:00:00.000000000, stop=0:00:07.716000000, rate=1.000000, applied_rate=1.000000, flags=0x00, time=0:00:00.000000000, base=0:00:00.000000000, position 0:00:00.000000000, duration 99:99:99.999999999
05-09 19:57:51.260  2029  2230 D GStreamer+queue: 0:06:35.648384068 0xf3ac6830 gstqueue.c:561:apply_segment:<queue9> configured SEGMENT time segment start=0:00:00.000000000, offset=0:00:00.000000000, stop=0:00:07.716000000, rate=1.000000, applied_rate=1.000000, flags=0x00, time=0:00:00.000000000, base=0:00:00.000000000, position 0:00:00.000000000, duration 99:99:99.999999999
05-09 19:57:51.260  2029  2230 D GStreamer+GST_PADS: 0:06:35.648425735 0xf3ac6830 gstpad.c:5569:gst_pad_send_event_unchecked:<queue9:sink> sent event, ret ok
05-09 19:57:51.260  2029  2223 D GStreamer+queue_dataflow: 0:06:35.648442402 0xf3d03e90 gstqueue.c:1476:gst_queue_loop:<queue9> queue is not empty
05-09 19:57:51.260  2029  2230 D GStreamer+GST_PADS: 0:06:35.648467714 0xf3ac6830 gstpad.c:3765:push_sticky:<forhwgl:src_0> event segment marked received
05-09 19:57:51.260  2029  2223 D GStreamer+GST_PADS: 0:06:35.648495735 0xf3d03e90 gstpad.c:3813:check_sticky:<queue9:src> pushing all sticky events
05-09 19:57:51.260  2029  2230 D GStreamer+GST_PADS: 0:06:35.648524954 0xf3ac6830 gstpad.c:5569:gst_pad_send_event_unchecked:<src_0:proxypad14> sent event, ret ok
05-09 19:57:51.260  2029  2223 D GStreamer+GST_PADS: 0:06:35.648552402 0xf3d03e90 gstpad.c:3745:push_sticky:<queue9:src> event stream-start was already received
05-09 19:57:51.260  2029  2230 D GStreamer+GST_PADS: 0:06:35.648579485 0xf3ac6830 gstpad.c:3765:push_sticky:<amcvideodec-omxnvidiah264decode2:src> event segment marked received
05-09 19:57:51.260  2029  2223 D GStreamer+GST_PADS: 0:06:35.648601777 0xf3d03e90 gstpad.c:3745:push_sticky:<queue9:src> event caps was already received
05-09 19:57:51.260  2029  2230 D GStreamer+videodecoder: 0:06:35.648627714 0xf3ac6830 gstvideodecoder.c:980:gst_video_decoder_push_event:<amcvideodec-omxnvidiah264decode2> pushing event tag
05-09 19:57:51.260  2029  2230 D GStreamer+GST_PADS: 0:06:35.648677245 0xf3ac6830 gstpad.c:3813:check_sticky:<amcvideodec-omxnvidiah264decode2:src> pushing all sticky events
05-09 19:57:51.260  2029  2230 D GStreamer+GST_PADS: 0:06:35.648728860 0xf3ac6830 gstpad.c:3745:push_sticky:<amcvideodec-omxnvidiah264decode2:src> event stream-start was already received
05-09 19:57:51.260  2029  2223 D GStreamer+GST_EVENT: 0:06:35.648763235 0xf3d03e90 gstpad.c:5496:gst_pad_send_event_unchecked:<forhalffps:sink> have event type segment event: 0xf3dd1098, time 99:99:99.999999999, seq-num 2003, GstEventSegment, segment=(GstSegment)"GstSegment, flags=(GstSegmentFlags)GST_SEGMENT_FLAG_NONE, rate=(double)1, applied-rate=(double)1, format=(GstFormat)GST_FORMAT_TIME, base=(guint64)0, offset=(guint64)0, start=(guint64)0, stop=(guint64)7716000000, time=(guint64)0, position=(guint64)0, duration=(guint64)18446744073709551615;";
05-09 19:57:51.260  2029  2230 D GStreamer+GST_PADS: 0:06:35.648772402 0xf3ac6830 gstpad.c:3745:push_sticky:<amcvideodec-omxnvidiah264decode2:src> event caps was already received
05-09 19:57:51.260  2029  2223 D GStreamer+GST_PADS: 0:06:35.648809120 0xf3d03e90 gstpad.c:3650:do_probe_callbacks:<forhalffps:sink> data is passed
05-09 19:57:51.260  2029  2230 D GStreamer+GST_PADS: 0:06:35.648824849 0xf3ac6830 gstpad.c:3745:push_sticky:<amcvideodec-omxnvidiah264decode2:src> event segment was already received
05-09 19:57:51.261  2029  2223 D GStreamer+basetransform: 0:06:35.648909589 0xf3d03e90 gstbasetransform.c:1950:gst_base_transform_sink_eventfunc:<forhalffps> received SEGMENT time segment start=0:00:00.000000000, offset=0:00:00.000000000, stop=0:00:07.716000000, rate=1.000000, applied_rate=1.000000, flags=0x00, time=0:00:00.000000000, base=0:00:00.000000000, position 0:00:00.000000000, duration 99:99:99.999999999
05-09 19:57:51.261  2029  2230 D GStreamer+GST_EVENT: 0:06:35.648927506 0xf3ac6830 gstpad.c:5496:gst_pad_send_event_unchecked:<src_0:proxypad14> have event type tag event: 0xf3a08480, time 99:99:99.999999999, seq-num 2074, GstTagList-stream, taglist=(taglist)"taglist\,\ video-codec\=\(string\)\"H.264\\\ /\\\ AVC\"\,\ bitrate\=\(uint\)16613142\,\ language-code\=\(string\)en\;";
05-09 19:57:51.261  2029  2223 D GStreamer+GST_PADS: 0:06:35.648953964 0xf3d03e90 gstpad.c:3813:check_sticky:<forhalffps:src> pushing all sticky events
05-09 19:57:51.261  2029  2230 D GStreamer+GST_PADS: 0:06:35.648978027 0xf3ac6830 gstpad.c:3813:check_sticky:<forhwgl:src_0> pushing all sticky events
05-09 19:57:51.261  2029  2223 D GStreamer+GST_PADS: 0:06:35.649004902 0xf3d03e90 gstpad.c:3745:push_sticky:<forhalffps:src> event stream-start was already received
05-09 19:57:51.261  2029  2230 D GStreamer+GST_PADS: 0:06:35.649030735 0xf3ac6830 gstpad.c:3745:push_sticky:<forhwgl:src_0> event stream-start was already received
05-09 19:57:51.261  2029  2223 D GStreamer+GST_PADS: 0:06:35.649059172 0xf3d03e90 gstpad.c:3745:push_sticky:<forhalffps:src> event caps was already received
05-09 19:57:51.261  2029  2230 D GStreamer+GST_PADS: 0:06:35.649083860 0xf3ac6830 gstpad.c:3745:push_sticky:<forhwgl:src_0> event caps was already received
05-09 19:57:51.261  2029  2230 D GStreamer+GST_PADS: 0:06:35.649130422 0xf3ac6830 gstpad.c:3745:push_sticky:<forhwgl:src_0> event segment was already received
05-09 19:57:51.261  2029  2230 D GStreamer+GST_PADS: 0:06:35.649177714 0xf3ac6830 gstpad.c:3650:do_probe_callbacks:<forhwgl:src_0> data is passed
05-09 19:57:51.261  2029  2223 D GStreamer+GST_EVENT: 0:06:35.649221777 0xf3d03e90 gstpad.c:5496:gst_pad_send_event_unchecked:<glimagesinkbin3:sink> have event type segment event: 0xf3dd1098, time 99:99:99.999999999, seq-num 2003, GstEventSegment, segment=(GstSegment)"GstSegment, flags=(GstSegmentFlags)GST_SEGMENT_FLAG_NONE, rate=(double)1, applied-rate=(double)1, format=(GstFormat)GST_FORMAT_TIME, base=(guint64)0, offset=(guint64)0, start=(guint64)0, stop=(guint64)7716000000, time=(guint64)0, position=(guint64)0, duration=(guint64)18446744073709551615;";
05-09 19:57:51.261  2029  2230 D GStreamer+GST_PADS: 0:06:35.649238652 0xf3ac6830 gstpad.c:3453:probe_hook_marshal:<forhwgl:src_0> probe returned OK
05-09 19:57:51.261  2029  2223 D GStreamer+GST_PADS: 0:06:35.649268443 0xf3d03e90 gstpad.c:3813:check_sticky:<sink:proxypad13> pushing all sticky events
05-09 19:57:51.261  2029  2223 D GStreamer+GST_PADS: 0:06:35.649321047 0xf3d03e90 gstpad.c:3745:push_sticky:<sink:proxypad13> event stream-start was already received
05-09 19:57:51.261  2029  2230 D GStreamer+GST_EVENT: 0:06:35.649336204 0xf3ac6830 gstpad.c:5496:gst_pad_send_event_unchecked:<queue9:sink> have event type tag event: 0xf3a08480, time 99:99:99.999999999, seq-num 2074, GstTagList-stream, taglist=(taglist)"taglist\,\ video-codec\=\(string\)\"H.264\\\ /\\\ AVC\"\,\ bitrate\=\(uint\)16613142\,\ language-code\=\(string\)en\;";
05-09 19:57:51.261  2029  2223 D GStreamer+GST_PADS: 0:06:35.649365943 0xf3d03e90 gstpad.c:3745:push_sticky:<sink:proxypad13> event caps was already received
05-09 19:57:51.261  2029  2230 D GStreamer+GST_PADS: 0:06:35.649391881 0xf3ac6830 gstpad.c:5569:gst_pad_send_event_unchecked:<queue9:sink> sent event, ret ok
05-09 19:57:51.261  2029  2230 D GStreamer+GST_PADS: 0:06:35.649449954 0xf3ac6830 gstpad.c:3765:push_sticky:<forhwgl:src_0> event tag marked received
05-09 19:57:51.261  2029  2230 D GStreamer+GST_PADS: 0:06:35.649501516 0xf3ac6830 gstpad.c:5569:gst_pad_send_event_unchecked:<src_0:proxypad14> sent event, ret ok
05-09 19:57:51.261  2029  2223 D GStreamer+GST_EVENT: 0:06:35.649526464 0xf3d03e90 gstpad.c:5496:gst_pad_send_event_unchecked:<gluploadelement3:sink> have event type segment event: 0xf3dd1098, time 99:99:99.999999999, seq-num 2003, GstEventSegment, segment=(GstSegment)"GstSegment, flags=(GstSegmentFlags)GST_SEGMENT_FLAG_NONE, rate=(double)1, applied-rate=(double)1, format=(GstFormat)GST_FORMAT_TIME, base=(guint64)0, offset=(guint64)0, start=(guint64)0, stop=(guint64)7716000000, time=(guint64)0, position=(guint64)0, duration=(guint64)18446744073709551615;";
05-09 19:57:51.261  2029  2230 D GStreamer+GST_PADS: 0:06:35.649553183 0xf3ac6830 gstpad.c:3765:push_sticky:<amcvideodec-omxnvidiah264decode2:src> event tag marked received
05-09 19:57:51.261  2029  2230 D GStreamer+videodecoder: 0:06:35.649595787 0xf3ac6830 gstvideodecoder.c:980:gst_video_decoder_push_event:<amcvideodec-omxnvidiah264decode2> pushing event tag
05-09 19:57:51.261  2029  2223 D GStreamer+basetransform: 0:06:35.649615787 0xf3d03e90 gstbasetransform.c:1950:gst_base_transform_sink_eventfunc:<gluploadelement3> received SEGMENT time segment start=0:00:00.000000000, offset=0:00:00.000000000, stop=0:00:07.716000000, rate=1.000000, applied_rate=1.000000, flags=0x00, time=0:00:00.000000000, base=0:00:00.000000000, position 0:00:00.000000000, duration 99:99:99.999999999
05-09 19:57:51.261  2029  2230 D GStreamer+GST_PADS: 0:06:35.649641308 0xf3ac6830 gstpad.c:3813:check_sticky:<amcvideodec-omxnvidiah264decode2:src> pushing all sticky events
05-09 19:57:51.261  2029  2223 D GStreamer+GST_PADS: 0:06:35.649666724 0xf3d03e90 gstpad.c:3813:check_sticky:<gluploadelement3:src> pushing all sticky events
05-09 19:57:51.261  2029  2230 D GStreamer+GST_PADS: 0:06:35.649696204 0xf3ac6830 gstpad.c:3745:push_sticky:<amcvideodec-omxnvidiah264decode2:src> event stream-start was already received
05-09 19:57:51.261  2029  2223 D GStreamer+GST_PADS: 0:06:35.649722089 0xf3d03e90 gstpad.c:3745:push_sticky:<gluploadelement3:src> event stream-start was already received
05-09 19:57:51.261  2029  2230 D GStreamer+GST_PADS: 0:06:35.649752870 0xf3ac6830 gstpad.c:3745:push_sticky:<amcvideodec-omxnvidiah264decode2:src> event caps was already received
05-09 19:57:51.261  2029  2223 D GStreamer+GST_PADS: 0:06:35.649784485 0xf3d03e90 gstpad.c:3745:push_sticky:<gluploadelement3:src> event caps was already received
05-09 19:57:51.261  2029  2230 D GStreamer+GST_PADS: 0:06:35.649811881 0xf3ac6830 gstpad.c:3745:push_sticky:<amcvideodec-omxnvidiah264decode2:src> event segment was already received
05-09 19:57:51.262  2029  2230 D GStreamer+GST_PADS: 0:06:35.649855110 0xf3ac6830 gstpad.c:3745:push_sticky:<amcvideodec-omxnvidiah264decode2:src> event tag was already received
05-09 19:57:51.262  2029  2223 D GStreamer+GST_EVENT: 0:06:35.649954381 0xf3d03e90 gstpad.c:5496:gst_pad_send_event_unchecked:<glcolorconvertelement3:sink> have event type segment event: 0xf3dd1098, time 99:99:99.999999999, seq-num 2003, GstEventSegment, segment=(GstSegment)"GstSegment, flags=(GstSegmentFlags)GST_SEGMENT_FLAG_NONE, rate=(double)1, applied-rate=(double)1, format=(GstFormat)GST_FORMAT_TIME, base=(guint64)0, offset=(guint64)0, start=(guint64)0, stop=(guint64)7716000000, time=(guint64)0, position=(guint64)0, duration=(guint64)18446744073709551615;";
