05-09 19:57:51.183  2029  2224 D GStreamer+codecparsers_h264: 0:06:35.570907350 0xf3d043b0 gsth264parser.c:1776:gst_h264_parse_sps parsing SPS
05-09 19:57:51.183  2029  2224 D GStreamer+codecparsers_h264: 0:06:35.570941464 0xf3d043b0 gsth264parser.c:1484:gst_h264_parser_parse_sps adding sequence parameter set with id: 0 to array
05-09 19:57:51.183  2029  2224 D GStreamer+h264parse: 0:06:35.570974277 0xf3d043b0 gsth264parse.c:737:gst_h264_parse_process_nal:<h264parse3> triggering src caps check
05-09 19:57:51.183  2029  2224 D GStreamer+h264parse: 0:06:35.571008652 0xf3d043b0 gsth264parse.c:454:gst_h264_parser_store_nal:<h264parse3> storing sps 0
05-09 19:57:51.183  2029  2224 D GStreamer+GST_MEMORY: 0:06:35.571100735 0xf3d043b0 gstmemory.c:138:gst_memory_init new memory 0xf3b00378, maxsize:13 offset:0 size:10
05-09 19:57:51.183  2029  2224 D GStreamer+GST_MEMORY: 0:06:35.571138183 0xf3d043b0 gstmemory.c:87:_gst_memory_free free memory 0xf3b00138
05-09 19:57:51.183  2029  2224 D GStreamer+h264parse: 0:06:35.571172975 0xf3d043b0 gsth264parse.c:423:gst_h264_parse_wrap_nal:<h264parse3> nal length 10
05-09 19:57:51.183  2029  2224 D GStreamer+GST_MEMORY: 0:06:35.571245527 0xf3d043b0 gstmemory.c:138:gst_memory_init new memory 0xf3d04670, maxsize:17 offset:0 size:14
05-09 19:57:51.183  2029  2224 D GStreamer+codecparsers_h264: 0:06:35.571309954 0xf3d043b0 gsth264parser.c:253:gst_h264_parse_nalu_header Nal type 8, ref_idc 1
05-09 19:57:51.183  2029  2224 D GStreamer+h264parse: 0:06:35.571344225 0xf3d043b0 gsth264parse.c:981:gst_h264_parse_handle_frame_packetized:<h264parse3> AVC nal offset 23
05-09 19:57:51.183  2029  2224 D GStreamer+h264parse: 0:06:35.571379485 0xf3d043b0 gsth264parse.c:716:gst_h264_parse_process_nal:<h264parse3> processing nal of type 8 PPS, size 5
05-09 19:57:51.183  2029  2224 D GStreamer+codecparsers_h264: 0:06:35.571408235 0xf3d043b0 gsth264parser.c:1912:gst_h264_parse_pps parsing PPS
05-09 19:57:51.183  2029  2224 D GStreamer+codecparsers_h264: 0:06:35.571460318 0xf3d043b0 gsth264parser.c:2045:gst_h264_parser_parse_pps adding picture parameter set with id: 0 to array
05-09 19:57:51.183  2029  2230 D GStreamer+amcvideodec: 0:06:35.571483339 0xf3ac6830 gstamcvideodec.c:1250:gst_amc_video_dec_loop:<amcvideodec-omxnvidiah264decode2> dequeueOutputBuffer() returned -2 (0xfffffffe)
05-09 19:57:51.183  2029  2224 D GStreamer+h264parse: 0:06:35.571500995 0xf3d043b0 gsth264parse.c:458:gst_h264_parser_store_nal:<h264parse3> storing pps 0
05-09 19:57:51.183  2029  2230 D GStreamer+amcvideodec: 0:06:35.571538235 0xf3ac6830 gstamcvideodec.c:1267:gst_amc_video_dec_loop:<amcvideodec-omxnvidiah264decode2> Output format has changed
05-09 19:57:51.183  2029  2224 D GStreamer+GST_MEMORY: 0:06:35.571557037 0xf3d043b0 gstmemory.c:138:gst_memory_init new memory 0xf3abf000, maxsize:8 offset:0 size:5
05-09 19:57:51.183  2029  2224 D GStreamer+GST_MEMORY: 0:06:35.571615370 0xf3d043b0 gstmemory.c:87:_gst_memory_free free memory 0xf3d32860
05-09 19:57:51.183  2029  2224 D GStreamer+h264parse: 0:06:35.571650891 0xf3d043b0 gsth264parse.c:423:gst_h264_parse_wrap_nal:<h264parse3> nal length 5
05-09 19:57:51.183  2029  2224 D GStreamer+GST_MEMORY: 0:06:35.571687245 0xf3d043b0 gstmemory.c:138:gst_memory_init new memory 0xf3b00540, maxsize:12 offset:0 size:9
05-09 19:57:51.183  2029  2224 D GStreamer+codecparsers_h264: 0:06:35.571728079 0xf3d043b0 gsth264parser.c:253:gst_h264_parse_nalu_header Nal type 5, ref_idc 1
05-09 19:57:51.183  2029  2224 D GStreamer+h264parse: 0:06:35.571763704 0xf3d043b0 gsth264parse.c:981:gst_h264_parse_handle_frame_packetized:<h264parse3> AVC nal offset 55669
05-09 19:57:51.183  2029  2224 D GStreamer+h264parse: 0:06:35.571800891 0xf3d043b0 gsth264parse.c:716:gst_h264_parse_process_nal:<h264parse3> processing nal of type 5 Slice IDR, size 55642
05-09 19:57:51.183  2029  2224 D GStreamer+h264parse: 0:06:35.571841829 0xf3d043b0 gsth264parse.c:822:gst_h264_parse_process_nal:<h264parse3> first_mb_in_slice = 0
05-09 19:57:51.184  2029  2230 D GStreamer+amcvideodec: 0:06:35.571893079 0xf3ac6830 gstamcvideodec.c:1278:gst_amc_video_dec_loop:<amcvideodec-omxnvidiah264decode2> Got new output format: {mime=video/raw, crop-top=0, crop-right=1279, slice-height=1440, color-format=262, height=1440, width=1280, what=1869968451, crop-bottom=1439, crop-left=0, stride=1280}
05-09 19:57:51.184  2029  2224 D GStreamer+h264parse: 0:06:35.571911204 0xf3d043b0 gsth264parse.c:825:gst_h264_parse_process_nal:<h264parse3> frame start: 1
05-09 19:57:51.184  2029  2224 D GStreamer+codecparsers_h264: 0:06:35.571944745 0xf3d043b0 gsth264parser.c:2107:gst_h264_parser_parse_slice_hdr parsing "Slice header", slice type 7
05-09 19:57:51.184  2029  2230 D GStreamer+videodecoder: 0:06:35.571978027 0xf3ac6830 gstvideodecoder.c:3482:gst_video_decoder_set_output_state:<amcvideodec-omxnvidiah264decode2> fmt:11, width:1280, height:1440, reference:0xf3aff008
05-09 19:57:51.184  2029  2224 D GStreamer+codecparsers_h264: 0:06:35.572006672 0xf3d043b0 gsth264parser.c:711:gst_h264_slice_parse_dec_ref_pic_marking parsing "Decoded reference picture marking"
05-09 19:57:51.184  2029  2230 D GStreamer+videodecoder: 0:06:35.572024693 0xf3ac6830 gstvideodecoder.c:778:_new_output_state reference par 1/1 fps 151/3
05-09 19:57:51.184  2029  2224 D GStreamer+h264parse: 0:06:35.572052922 0xf3d043b0 gsth264parse.c:835:gst_h264_parse_process_nal:<h264parse3> parse result 0, first MB: 0, slice type: 7
05-09 19:57:51.184  2029  2230 D GStreamer+videodecoder: 0:06:35.572075214 0xf3ac6830 gstvideodecoder.c:793:_new_output_state reference par 1/1 fps 151/3
05-09 19:57:51.184  2029  2224 D GStreamer+h264parse: 0:06:35.572091777 0xf3d043b0 gsth264parse.c:858:gst_h264_parse_process_nal:<h264parse3> marking IDR in frame at offset 23
05-09 19:57:51.184  2029  2224 D GStreamer+h264parse: 0:06:35.572134850 0xf3d043b0 gsth264parse.c:423:gst_h264_parse_wrap_nal:<h264parse3> nal length 55642
05-09 19:57:51.184  2029  2230 D GStreamer+amcvideodec: 0:06:35.572161516 0xf3ac6830 gstamcvideodec.c:839:gst_amc_video_dec_set_src_caps:<amcvideodec-omxnvidiah264decode2> Configuring for Surface output
05-09 19:57:51.184  2029  2224 D GStreamer+GST_MEMORY: 0:06:35.572185266 0xf3d043b0 gstmemory.c:138:gst_memory_init new memory 0xf3f15068, maxsize:55649 offset:0 size:55646
05-09 19:57:51.184  2029  2230 D GStreamer+videodecoder: 0:06:35.572213339 0xf3ac6830 gstvideodecoder.c:3796:gst_video_decoder_negotiate_default:<amcvideodec-omxnvidiah264decode2> output_state par 1/1 fps 151/3
05-09 19:57:51.184  2029  2224 D GStreamer+codecparsers_h264: 0:06:35.572239277 0xf3d043b0 gsth264parser.c:1407:gst_h264_parser_identify_nalu_avc Can't parse, buffer has too small size 55669, offset 55669
05-09 19:57:51.184  2029  2230 D GStreamer+videodecoder: 0:06:35.572292558 0xf3ac6830 gstvideodecoder.c:3801:gst_video_decoder_negotiate_default:<amcvideodec-omxnvidiah264decode2> setting caps video/x-raw(memory:GLMemory), format=(string)RGBA, width=(int)1280, height=(int)1440, interlace-mode=(string)progressive, pixel-aspect-ratio=(fraction)1/1, colorimetry=(string)sRGB, framerate=(fraction)151/3, texture-target=(string)external-oes
05-09 19:57:51.184  2029  2224 D GStreamer+GST_CAPS: 0:06:35.572326360 0xf3d043b0 gstpad.c:2621:gst_pad_has_current_caps:<h264parse3:src> check current pad caps video/x-h264, stream-format=(string)byte-stream, alignment=(string)au, level=(string)4, profile=(string)baseline, width=(int)1280, height=(int)1440, framerate=(fraction)151/3, pixel-aspect-ratio=(fraction)1/1, parsed=(boolean)true
05-09 19:57:51.184  2029  2230 D GStreamer+GST_CAPS: 0:06:35.572375475 0xf3ac6830 gstpad.c:2648:gst_pad_get_current_caps:<amcvideodec-omxnvidiah264decode2:src> get current pad caps video/x-raw(memory:GLMemory), format=(string)RGBA, width=(int)1280, height=(int)1440, interlace-mode=(string)progressive, pixel-aspect-ratio=(fraction)1/1, colorimetry=(string)sRGB, framerate=(fraction)151/3
05-09 19:57:51.184  2029  2224 D GStreamer+GST_CAPS: 0:06:35.572436620 0xf3d043b0 gstpad.c:2648:gst_pad_get_current_caps:<h264parse3:sink> get current pad caps video/x-h264, stream-format=(string)avc, alignment=(string)au, level=(string)4, profile=(string)baseline, codec_data=(buffer)01428028ffe1000a27428028e54028016b2001000528de01ae20, width=(int)1280, height=(int)1440, framerate=(fraction)151/3, pixel-aspect-ratio=(fraction)1/1
05-09 19:57:51.184  2029  2230 I GStreamer+GST_EVENT: 0:06:35.572455266 0xf3ac6830 gstevent.c:679:gst_event_new_caps creating caps event video/x-raw(memory:GLMemory), format=(string)RGBA, width=(int)1280, height=(int)1440, interlace-mode=(string)progressive, pixel-aspect-ratio=(fraction)1/1, colorimetry=(string)sRGB, framerate=(fraction)151/3, texture-target=(string)external-oes
05-09 19:57:51.184  2029  2224 D GStreamer+h264parse: 0:06:35.572479537 0xf3d043b0 gsth264parse.c:1692:gst_h264_parse_update_src_caps:<h264parse3> sps: 0xf3ea6670
05-09 19:57:51.184  2029  2230 D GStreamer+GST_EVENT: 0:06:35.572497558 0xf3ac6830 gstevent.c:302:gst_event_new_custom creating new event 0xf39226a0 caps 12814
05-09 19:57:51.184  2029  2230 D GStreamer+GST_PADS: 0:06:35.572531933 0xf3ac6830 gstpad.c:5053:store_sticky_event:<amcvideodec-omxnvidiah264decode2:src> notify caps
05-09 19:57:51.184  2029  2224 D GStreamer+GST_PERFORMANCE: 0:06:35.572568756 0xf3d043b0 gstcaps.c:169:_gst_caps_copy:<0xf3b49450> doing copy 0xf3b49450 -> 0xf3cf84f0
05-09 19:57:51.184  2029  2230 D GStreamer+GST_PADS: 0:06:35.572595527 0xf3ac6830 gstpad.c:3813:check_sticky:<amcvideodec-omxnvidiah264decode2:src> pushing all sticky events
05-09 19:57:51.184  2029  2230 D GStreamer+GST_PADS: 0:06:35.572651360 0xf3ac6830 gstpad.c:3745:push_sticky:<amcvideodec-omxnvidiah264decode2:src> event stream-start was already received
05-09 19:57:51.184  2029  2224 I GStreamer+baseparse: 0:06:35.572669641 0xf3d043b0 gstbaseparse.c:3945:gst_base_parse_set_latency:<h264parse3> min/max latency 0:00:00.019867549, 0:00:00.019867549
05-09 19:57:51.184  2029  2230 D GStreamer+GST_PADS: 0:06:35.572694589 0xf3ac6830 gstpad.c:5053:store_sticky_event:<'':decodepad4> notify caps
05-09 19:57:51.184  2029  2230 D GStreamer+GST_PADS: 0:06:35.572742037 0xf3ac6830 gstpad.c:3813:check_sticky:<'':decodepad4> pushing all sticky events
05-09 19:57:51.184  2029  2224 D GStreamer+GST_CAPS: 0:06:35.572762818 0xf3d043b0 gstpad.c:2648:gst_pad_get_current_caps:<h264parse3:src> get current pad caps video/x-h264, stream-format=(string)byte-stream, alignment=(string)au, level=(string)4, profile=(string)baseline, width=(int)1280, height=(int)1440, framerate=(fraction)151/3, pixel-aspect-ratio=(fraction)1/1, parsed=(boolean)true
05-09 19:57:51.184  2029  2230 D GStreamer+GST_PADS: 0:06:35.572789433 0xf3ac6830 gstpad.c:3745:push_sticky:<'':decodepad4> event stream-start was already received
05-09 19:57:51.184  2029  2230 D GStreamer+GST_PADS: 0:06:35.572835214 0xf3ac6830 gstpad.c:3650:do_probe_callbacks:<'':decodepad4> data is passed
05-09 19:57:51.184  2029  2224 D GStreamer+GST_CAPS: 0:06:35.572848339 0xf3d043b0 gstpad.c:2648:gst_pad_get_current_caps:<h264parse3:src> get current pad caps video/x-h264, stream-format=(string)byte-stream, alignment=(string)au, level=(string)4, profile=(string)baseline, width=(int)1280, height=(int)1440, framerate=(fraction)151/3, pixel-aspect-ratio=(fraction)1/1, parsed=(boolean)true
05-09 19:57:51.185  2029  2230 D GStreamer+GST_PADS: 0:06:35.572884954 0xf3ac6830 gstpad.c:3453:probe_hook_marshal:<'':decodepad4> probe returned OK
05-09 19:57:51.185  2029  2224 D GStreamer+h264parse: 0:06:35.572910995 0xf3d043b0 gsth264parse.c:1934:gst_h264_parse_get_timestamp:<h264parse3> unable to compute timestamp: VUI not present
05-09 19:57:51.185  2029  2230 D GStreamer+GST_PADS: 0:06:35.572936464 0xf3ac6830 gstpad.c:5266:gst_pad_push_event_unchecked:<'':decodepad4> Dropping event caps because pad is not linked
05-09 19:57:51.185  2029  2224 D GStreamer+adapter: 0:06:35.572964120 0xf3d043b0 gstadapter.c:296:copy_into_unchecked bsize 14, skip 0, csize 14
05-09 19:57:51.185  2029  2230 D GStreamer+GST_PADS: 0:06:35.572983860 0xf3ac6830 gstpad.c:3784:push_sticky:<'':decodepad4> pad was not linked, mark pending
05-09 19:57:51.185  2029  2224 D GStreamer+GST_MEMORY: 0:06:35.573030891 0xf3d043b0 gstmemory.c:138:gst_memory_init new memory 0xf3a40160, maxsize:55669 offset:0 size:55669
05-09 19:57:51.185  2029  2224 D GStreamer+GST_MEMORY: 0:06:35.573064745 0xf3d043b0 gstmemory.c:87:_gst_memory_free free memory 0xf3d04670
05-09 19:57:51.185  2029  2230 D GStreamer+decodebin: 0:06:35.573071152 0xf3ac6830 gstdecodebin2.c:3956:gst_decode_chain_is_complete:<forhwgl> Chain 0xf3d6f9f0 is complete: 1
05-09 19:57:51.185  2029  2224 D GStreamer+GST_MEMORY: 0:06:35.573095370 0xf3d043b0 gstmemory.c:87:_gst_memory_free free memory 0xf3b00540
05-09 19:57:51.185  2029  2230 D GStreamer+decodebin: 0:06:35.573111100 0xf3ac6830 gstdecodebin2.c:4555:gst_decode_bin_expose:<forhwgl> Exposing currently active chains/groups
05-09 19:57:51.185  2029  2224 D GStreamer+GST_MEMORY: 0:06:35.573129797 0xf3d043b0 gstmemory.c:87:_gst_memory_free free memory 0xf3f15068
05-09 19:57:51.185  2029  2230 D GStreamer+decodebin: 0:06:35.573154902 0xf3ac6830 gstdecodebin2.c:4661:gst_decode_bin_expose:<forhwgl> About to expose dpad decodepad4 as src_0
05-09 19:57:51.185  2029  2224 D GStreamer+GST_MEMORY: 0:06:35.573164537 0xf3d043b0 gstmemory.c:87:_gst_memory_free free memory 0xf3c612c0
05-09 19:57:51.185  2029  2230 D GStreamer+decodebin: 0:06:35.573196620 0xf3ac6830 gstdecodebin2.c:4531:debug_sticky_event:<'':src_0> sticky event stream-start (0xf3d338f8)
05-09 19:57:51.185  2029  2224 D GStreamer+GST_CAPS: 0:06:35.573240110 0xf3d043b0 gstpad.c:2621:gst_pad_has_current_caps:<h264parse3:src> check current pad caps video/x-h264, stream-format=(string)byte-stream, alignment=(string)au, level=(string)4, profile=(string)baseline, width=(int)1280, height=(int)1440, framerate=(fraction)151/3, pixel-aspect-ratio=(fraction)1/1, parsed=(boolean)true
05-09 19:57:51.185  2029  2230 D GStreamer+decodebin: 0:06:35.573262454 0xf3ac6830 gstdecodebin2.c:4531:debug_sticky_event:<'':src_0> sticky event caps (0xf39226a0)
05-09 19:57:51.185  2029  2224 D GStreamer+h264parse: 0:06:35.573280891 0xf3d043b0 gsth264parse.c:184:gst_h264_parse_reset_frame:<h264parse3> reset frame
05-09 19:57:51.185  2029  2230 I GStreamer+GST_ELEMENT_PADS: 0:06:35.573305370 0xf3ac6830 gstelement.c:659:gst_element_add_pad:<forhwgl> adding pad 'src_0'
05-09 19:57:51.185  2029  2230 D GStreamer+GST_REFCOUNTING: 0:06:35.573347610 0xf3ac6830 gstobject.c:692:gst_object_set_parent:<'':src_0> set parent (ref and sink)
05-09 19:57:51.185  2029  2224 D GStreamer+GST_SCHEDULING: 0:06:35.573361881 0xf3d043b0 gstpad.c:4153:gst_pad_chain_data_unchecked:<capsfilter3:sink> calling chainfunction &gst_base_transform_chain with buffer buffer: 0xf39e6b60, pts 0:00:00.079333333, dts 0:00:00.079333333, dur 0:00:00.019867549, size 55669, offset 137999, offset_end none, flags 0x400
05-09 19:57:51.185  2029  2230 I GStreamer+GST_PIPELINE: 0:06:35.573401568 0xf3ac6830 ./grammar.y:518:gst_parse_found_pad trying delayed linking some pad of GstDecodeBin named forhwgl to some pad of GstQueue named queue9
05-09 19:57:51.185  2029  2224 D GStreamer+basetransform: 0:06:35.573416829 0xf3d043b0 gstbasetransform.c:2033:default_submit_input_buffer:<capsfilter3> handling buffer 0xf39e6b60 of size 55669, PTS 0:00:00.079333333 and offset 137999
05-09 19:57:51.185  2029  2230 I GStreamer+GST_ELEMENT_PADS: 0:06:35.573440735 0xf3ac6830 gstutils.c:1571:gst_element_link_pads_full trying to link element forhwgl:(any) to element queue9:(any)
05-09 19:57:51.185  2029  2224 D GStreamer+basetransform: 0:06:35.573457245 0xf3d043b0 gstbasetransform.c:2150:default_generate_output:<capsfilter3> calling prepare buffer
05-09 19:57:51.185  2029  2230 D GStreamer+GST_ELEMENT_PADS: 0:06:35.573477141 0xf3ac6830 gstutils.c:1678:gst_element_link_pads_full looping through allowed src and dest pads
05-09 19:57:51.185  2029  2230 D GStreamer+GST_ELEMENT_PADS: 0:06:35.573516672 0xf3ac6830 gstutils.c:1681:gst_element_link_pads_full trying src pad forhwgl:sink
05-09 19:57:51.185  2029  2224 D GStreamer+GST_CAPS: 0:06:35.573533495 0xf3d043b0 gstpad.c:2621:gst_pad_has_current_caps:<capsfilter3:sink> check current pad caps video/x-h264, stream-format=(string)byte-stream, alignment=(string)au, level=(string)4, profile=(string)baseline, width=(int)1280, height=(int)1440, framerate=(fraction)151/3, pixel-aspect-ratio=(fraction)1/1, parsed=(boolean)true
05-09 19:57:51.185  2029  2230 D GStreamer+GST_ELEMENT_PADS: 0:06:35.573555527 0xf3ac6830 gstutils.c:1681:gst_element_link_pads_full trying src pad forhwgl:src_0
05-09 19:57:51.185  2029  2224 D GStreamer+basetransform: 0:06:35.573584745 0xf3d043b0 gstbasetransform.c:2157:default_generate_output:<capsfilter3> using allocated buffer in 0xf39e6b60, out 0xf39e6b60
05-09 19:57:51.185  2029  2230 D GStreamer+GST_ELEMENT_PADS: 0:06:35.573616881 0xf3ac6830 gstutils.c:1002:gst_element_get_compatible_pad finding pad in queue9 compatible with forhwgl:src_0
05-09 19:57:51.185  2029  2224 D GStreamer+basetransform: 0:06:35.573636256 0xf3d043b0 gstbasetransform.c:2174:default_generate_output:<capsfilter3> doing inplace transform
05-09 19:57:51.185  2029  2230 I GStreamer+GST_PADS: 0:06:35.573662245 0xf3ac6830 gstutils.c:932:gst_pad_check_link trying to link forhwgl:src_0 and queue9:sink
05-09 19:57:51.185  2029  2230 D GStreamer+GST_CAPS: 0:06:35.573704693 0xf3ac6830 gstutils.c:2838:gst_pad_query_caps:<forhwgl:src_0> get pad caps with filter (NULL)
05-09 19:57:51.185  2029  2224 D GStreamer+GST_SCHEDULING: 0:06:35.573720735 0xf3d043b0 gstpad.c:4153:gst_pad_chain_data_unchecked:<amcvideodec-omxnvidiah264decode2:sink> calling chainfunction &gst_video_decoder_chain with buffer buffer: 0xf39e6b60, pts 0:00:00.079333333, dts 0:00:00.079333333, dur 0:00:00.019867549, size 55669, offset 137999, offset_end none, flags 0x400
05-09 19:57:51.185  2029  2230 D GStreamer+query: 0:06:35.573753027 0xf3ac6830 gstquery.c:674:gst_query_new_custom creating new query 0xf3d19a90 caps
05-09 19:57:51.185  2029  2230 D GStreamer+GST_PADS: 0:06:35.573788287 0xf3ac6830 gstpad.c:3882:gst_pad_query:<forhwgl:src_0> doing query 0xf3d19a90 (caps)
05-09 19:57:51.185  2029  2230 D GStreamer+GST_PADS: 0:06:35.573823547 0xf3ac6830 gstpad.c:3650:do_probe_callbacks:<forhwgl:src_0> data is passed
05-09 19:57:51.186  2029  2230 D GStreamer+GST_CAPS: 0:06:35.573898547 0xf3ac6830 gstpad.c:3088:gst_pad_query_caps_default:<forhwgl:src_0> query caps caps query: 0xf3d19a90, GstQueryCaps, filter=(GstCaps)"NULL", caps=(GstCaps)"NULL";
05-09 19:57:51.186  2029  2230 D GStreamer+GST_PADS: 0:06:35.573939954 0xf3ac6830 gstutils.c:2599:gst_pad_proxy_query_caps:<forhwgl:src_0> proxying caps query for forhwgl:src_0
05-09 19:57:51.186  2029  2230 D GStreamer+GST_PADS: 0:06:35.573985683 0xf3ac6830 gstpad.c:4009:gst_pad_peer_query:<src_0:proxypad14> peer query 0xf3d19a90 (caps)
05-09 19:57:51.186  2029  2230 D GStreamer+GST_PADS: 0:06:35.574024120 0xf3ac6830 gstpad.c:3882:gst_pad_query:<amcvideodec-omxnvidiah264decode2:src> doing query 0xf3d19a90 (caps)
05-09 19:57:51.186  2029  2230 D GStreamer+GST_PADS: 0:06:35.574060162 0xf3ac6830 gstpad.c:3650:do_probe_callbacks:<amcvideodec-omxnvidiah264decode2:src> data is passed
05-09 19:57:51.186  2029  2230 D GStreamer+videodecoder: 0:06:35.574099120 0xf3ac6830 gstvideodecoder.c:1812:gst_video_decoder_src_query:<amcvideodec-omxnvidiah264decode2> received query 43523, caps
05-09 19:57:51.186  2029  2230 D GStreamer+GST_CAPS: 0:06:35.574146725 0xf3ac6830 gstpad.c:3088:gst_pad_query_caps_default:<amcvideodec-omxnvidiah264decode2:src> query caps caps query: 0xf3d19a90, GstQueryCaps, filter=(GstCaps)"NULL", caps=(GstCaps)"NULL";
05-09 19:57:51.186  2029  2230 D GStreamer+GST_CAPS: 0:06:35.574182610 0xf3ac6830 gstpad.c:3111:gst_pad_query_caps_default:<amcvideodec-omxnvidiah264decode2:src> trying pad template caps
05-09 19:57:51.186  2029  2230 D GStreamer+GST_CAPS: 0:06:35.574282193 0xf3ac6830 gstpad.c:3141:gst_pad_query_caps_default:<amcvideodec-omxnvidiah264decode2:src> using caps 0xf375b278 video/x-raw(memory:GLMemory), format=(string)RGBA, texture-target=(string)external-oes; video/x-raw, format=(string)I420, width=(int)[ 1, 2147483647 ], height=(int)[ 1, 2147483647 ], framerate=(fraction)[ 0/1, 2147483647/1 ]; video/x-raw, format=(string)NV12, width=(int)[ 1, 2147483647 ], height=(int)[ 1, 2147483647 ], framerate=(fraction)[ 0/1, 2147483647/1 ]
05-09 19:57:51.186  2029  2230 D GStreamer+GST_PADS: 0:06:35.574325318 0xf3ac6830 gstpad.c:3339:gst_pad_query_default:<amcvideodec-omxnvidiah264decode2:src> not forwarding 0xf3d19a90 (caps) query
05-09 19:57:51.186  2029  2230 D GStreamer+GST_PADS: 0:06:35.574364016 0xf3ac6830 gstpad.c:3905:gst_pad_query:<amcvideodec-omxnvidiah264decode2:src> sent query 0xf3d19a90 (caps), result 1
05-09 19:57:51.186  2029  2230 D GStreamer+default: 0:06:35.574457193 0xf3ac6830 gstutils.c:2561:query_caps_func:<src_0:proxypad14> intersect with result video/x-raw(memory:GLMemory), format=(string)RGBA, texture-target=(string)external-oes; video/x-raw, format=(string)I420, width=(int)[ 1, 2147483647 ], height=(int)[ 1, 2147483647 ], framerate=(fraction)[ 0/1, 2147483647/1 ]; video/x-raw, format=(string)NV12, width=(int)[ 1, 2147483647 ], height=(int)[ 1, 2147483647 ], framerate=(fraction)[ 0/1, 2147483647/1 ]
05-09 19:57:51.186  2029  2230 D GStreamer+default: 0:06:35.574550370 0xf3ac6830 gstutils.c:2563:query_caps_func:<src_0:proxypad14> intersected video/x-raw(memory:GLMemory), format=(string)RGBA, texture-target=(string)external-oes; video/x-raw, format=(string)I420, width=(int)[ 1, 2147483647 ], height=(int)[ 1, 2147483647 ], framerate=(fraction)[ 0/1, 2147483647/1 ]; video/x-raw, format=(string)NV12, width=(int)[ 1, 2147483647 ], height=(int)[ 1, 2147483647 ], framerate=(fraction)[ 0/1, 2147483647/1 ]
05-09 19:57:51.186  2029  2230 D GStreamer+GST_PADS: 0:06:35.574594433 0xf3ac6830 gstpad.c:3339:gst_pad_query_default:<forhwgl:src_0> not forwarding 0xf3d19a90 (caps) query
05-09 19:57:51.186  2029  2230 D GStreamer+GST_PADS: 0:06:35.574631985 0xf3ac6830 gstpad.c:3905:gst_pad_query:<forhwgl:src_0> sent query 0xf3d19a90 (caps), result 1
05-09 19:57:51.186  2029  2230 D GStreamer+GST_CAPS: 0:06:35.574720422 0xf3ac6830 gstutils.c:2845:gst_pad_query_caps:<forhwgl:src_0> query returned video/x-raw(memory:GLMemory), format=(string)RGBA, texture-target=(string)external-oes; video/x-raw, format=(string)I420, width=(int)[ 1, 2147483647 ], height=(int)[ 1, 2147483647 ], framerate=(fraction)[ 0/1, 2147483647/1 ]; video/x-raw, format=(string)NV12, width=(int)[ 1, 2147483647 ], height=(int)[ 1, 2147483647 ], framerate=(fraction)[ 0/1, 2147483647/1 ]
05-09 19:57:51.186  2029  2230 D GStreamer+GST_CAPS: 0:06:35.574758912 0xf3ac6830 gstutils.c:2838:gst_pad_query_caps:<queue9:sink> get pad caps with filter (NULL)
05-09 19:57:51.186  2029  2230 D GStreamer+query: 0:06:35.574794745 0xf3ac6830 gstquery.c:674:gst_query_new_custom creating new query 0xf3d19a60 caps
05-09 19:57:51.186  2029  2230 D GStreamer+GST_PADS: 0:06:35.574829589 0xf3ac6830 gstpad.c:3882:gst_pad_query:<queue9:sink> doing query 0xf3d19a60 (caps)
05-09 19:57:51.187  2029  2230 D GStreamer+GST_CAPS: 0:06:35.574886516 0xf3ac6830 gstpad.c:3088:gst_pad_query_caps_default:<queue9:sink> query caps caps query: 0xf3d19a60, GstQueryCaps, filter=(GstCaps)"NULL", caps=(GstCaps)"NULL";
05-09 19:57:51.187  2029  2230 D GStreamer+GST_PADS: 0:06:35.574991777 0xf3ac6830 gstutils.c:2599:gst_pad_proxy_query_caps:<queue9:sink> proxying caps query for queue9:sink
05-09 19:57:51.187  2029  2230 D GStreamer+GST_PADS: 0:06:35.575029902 0xf3ac6830 gstpad.c:2803:gst_pad_iterate_internal_links_default:<queue9:sink> Making iterator
05-09 19:57:51.187  2029  2230 D GStreamer+GST_PADS: 0:06:35.575163652 0xf3ac6830 gstpad.c:4009:gst_pad_peer_query:<queue9:src> peer query 0xf3d19a60 (caps)
05-09 19:57:51.187  2029  2230 D GStreamer+GST_PADS: 0:06:35.575209589 0xf3ac6830 gstpad.c:3882:gst_pad_query:<forhalffps:sink> doing query 0xf3d19a60 (caps)
05-09 19:57:51.187  2029  2230 D GStreamer+GST_PADS: 0:06:35.575244954 0xf3ac6830 gstpad.c:3650:do_probe_callbacks:<forhalffps:sink> data is passed
05-09 19:57:51.187  2029  2230 D GStreamer+basetransform: 0:06:35.575286204 0xf3ac6830 gstbasetransform.c:730:gst_base_transform_query_caps:<forhalffps:sink> peer filter caps (NULL)
05-09 19:57:51.187  2029  2230 D GStreamer+GST_CAPS: 0:06:35.575323600 0xf3ac6830 gstutils.c:2884:gst_pad_peer_query_caps:<forhalffps:src> get pad peer caps with filter (NULL)
05-09 19:57:51.187  2029  2230 D GStreamer+query: 0:06:35.575359068 0xf3ac6830 gstquery.c:674:gst_query_new_custom creating new query 0xf3ac6890 caps
05-09 19:57:51.187  2029  2230 D GStreamer+GST_PADS: 0:06:35.575392714 0xf3ac6830 gstpad.c:4009:gst_pad_peer_query:<forhalffps:src> peer query 0xf3ac6890 (caps)
05-09 19:57:51.187  2029  2230 D GStreamer+GST_PADS: 0:06:35.575430110 0xf3ac6830 gstpad.c:3882:gst_pad_query:<glimagesinkbin3:sink> doing query 0xf3ac6890 (caps)
05-09 19:57:51.187  2029  2230 D GStreamer+GST_CAPS: 0:06:35.575478704 0xf3ac6830 gstpad.c:3088:gst_pad_query_caps_default:<glimagesinkbin3:sink> query caps caps query: 0xf3ac6890, GstQueryCaps, filter=(GstCaps)"NULL", caps=(GstCaps)"NULL";
05-09 19:57:51.187  2029  2230 D GStreamer+GST_PADS: 0:06:35.575514120 0xf3ac6830 gstutils.c:2599:gst_pad_proxy_query_caps:<glimagesinkbin3:sink> proxying caps query for glimagesinkbin3:sink
05-09 19:57:51.187  2029  2230 D GStreamer+GST_PADS: 0:06:35.575556568 0xf3ac6830 gstpad.c:4009:gst_pad_peer_query:<sink:proxypad13> peer query 0xf3ac6890 (caps)
05-09 19:57:51.187  2029  2230 D GStreamer+GST_PADS: 0:06:35.575594329 0xf3ac6830 gstpad.c:3882:gst_pad_query:<gluploadelement3:sink> doing query 0xf3ac6890 (caps)
05-09 19:57:51.187  2029  2230 D GStreamer+basetransform: 0:06:35.575633808 0xf3ac6830 gstbasetransform.c:730:gst_base_transform_query_caps:<gluploadelement3:sink> peer filter caps (NULL)
05-09 19:57:51.187  2029  2230 D GStreamer+GST_CAPS: 0:06:35.575669120 0xf3ac6830 gstutils.c:2884:gst_pad_peer_query_caps:<gluploadelement3:src> get pad peer caps with filter (NULL)
05-09 19:57:51.187  2029  2230 D GStreamer+query: 0:06:35.575704068 0xf3ac6830 gstquery.c:674:gst_query_new_custom creating new query 0xf3d19980 caps
05-09 19:57:51.187  2029  2230 D GStreamer+GST_PADS: 0:06:35.575737506 0xf3ac6830 gstpad.c:4009:gst_pad_peer_query:<gluploadelement3:src> peer query 0xf3d19980 (caps)
05-09 19:57:51.187  2029  2230 D GStreamer+GST_PADS: 0:06:35.575775162 0xf3ac6830 gstpad.c:3882:gst_pad_query:<glcolorconvertelement3:sink> doing query 0xf3d19980 (caps)
05-09 19:57:51.187  2029  2230 D GStreamer+basetransform: 0:06:35.575813912 0xf3ac6830 gstbasetransform.c:730:gst_base_transform_query_caps:<glcolorconvertelement3:sink> peer filter caps (NULL)
05-09 19:57:51.187  2029  2230 D GStreamer+GST_CAPS: 0:06:35.575850058 0xf3ac6830 gstutils.c:2884:gst_pad_peer_query_caps:<glcolorconvertelement3:src> get pad peer caps with filter (NULL)
05-09 19:57:51.188  2029  2230 D GStreamer+query: 0:06:35.575896100 0xf3ac6830 gstquery.c:674:gst_query_new_custom creating new query 0xf3d19800 caps
05-09 19:57:51.188  2029  2230 D GStreamer+GST_PADS: 0:06:35.575930683 0xf3ac6830 gstpad.c:4009:gst_pad_peer_query:<glcolorconvertelement3:src> peer query 0xf3d19800 (caps)
05-09 19:57:51.188  2029  2230 D GStreamer+GST_PADS: 0:06:35.575969225 0xf3ac6830 gstpad.c:3882:gst_pad_query:<glcolorbalance3:sink> doing query 0xf3d19800 (caps)
05-09 19:57:51.188  2029  2230 D GStreamer+basetransform: 0:06:35.576006777 0xf3ac6830 gstbasetransform.c:730:gst_base_transform_query_caps:<glcolorbalance3:sink> peer filter caps (NULL)
05-09 19:57:51.188  2029  2230 D GStreamer+GST_CAPS: 0:06:35.576042506 0xf3ac6830 gstutils.c:2884:gst_pad_peer_query_caps:<glcolorbalance3:src> get pad peer caps with filter (NULL)
05-09 19:57:51.188  2029  2230 D GStreamer+query: 0:06:35.576077297 0xf3ac6830 gstquery.c:674:gst_query_new_custom creating new query 0xf3d3c520 caps
05-09 19:57:51.188  2029  2230 D GStreamer+GST_PADS: 0:06:35.576110058 0xf3ac6830 gstpad.c:4009:gst_pad_peer_query:<glcolorbalance3:src> peer query 0xf3d3c520 (caps)
05-09 19:57:51.188  2029  2230 D GStreamer+GST_PADS: 0:06:35.576146881 0xf3ac6830 gstpad.c:3882:gst_pad_query:<sink:sink> doing query 0xf3d3c520 (caps)
05-09 19:57:51.188  2029  2230 D GStreamer+GST_PERFORMANCE: 0:06:35.576247037 0xf3ac6830 gstcaps.c:169:_gst_caps_copy:<0xf37c7a28> doing copy 0xf37c7a28 -> 0xf3d5f390
05-09 19:57:51.188  2029  2230 D GStreamer+GST_PERFORMANCE: 0:06:35.576360475 0xf3ac6830 gstcaps.c:169:_gst_caps_copy:<0xf37c7a28> doing copy 0xf37c7a28 -> 0xf3d5f568
05-09 19:57:51.188  2029  2230 D GStreamer+GST_PERFORMANCE: 0:06:35.576409277 0xf3ac6830 gstminiobject.c:326:gst_mini_object_make_writable copy GstCaps miniobject 0xf37c7a28 -> 0xf3d5f568
05-09 19:57:51.188  2029  2230 D GStreamer+glimagesink: 0:06:35.576536204 0xf3ac6830 gstglimagesink.c:1155:gst_glimage_sink_get_caps:<sink> returning caps: video/x-raw(memory:GLMemory, meta:GstVideoOverlayComposition), format=(string)RGBA, width=(int)[ 1, 2147483647 ], height=(int)[ 1, 2147483647 ], framerate=(fraction)[ 0/1, 2147483647/1 ], texture-target=(string){ 2D, external-oes }; video/x-raw(memory:GLMemory, meta:GstVideoOverlayComposition), format=(string)RGBA, width=(int)[ 1, 2147483647 ], height=(int)[ 1, 2147483647 ], framerate=(fraction)[ 0/1, 2147483647/1 ], texture-target=(string){ 2D, external-oes }; video/x-raw(memory:GLMemory), format=(string)RGBA, width=(int)[ 1, 2147483647 ], height=(int)[ 1, 2147483647 ], framerate=(fraction)[ 0/1, 2147483647/1 ], texture-target=(string){ 2D, external-oes }
05-09 19:57:51.188  2029  2230 D GStreamer+GST_PADS: 0:06:35.576577402 0xf3ac6830 gstpad.c:3905:gst_pad_query:<sink:sink> sent query 0xf3d3c520 (caps), result 1
05-09 19:57:51.188  2029  2230 D GStreamer+GST_CAPS: 0:06:35.576701725 0xf3ac6830 gstutils.c:2891:gst_pad_peer_query_caps:<glcolorbalance3:src> peer query returned video/x-raw(memory:GLMemory, meta:GstVideoOverlayComposition), format=(string)RGBA, width=(int)[ 1, 2147483647 ], height=(int)[ 1, 2147483647 ], framerate=(fraction)[ 0/1, 2147483647/1 ], texture-target=(string){ 2D, external-oes }; video/x-raw(memory:GLMemory, meta:GstVideoOverlayComposition), format=(string)RGBA, width=(int)[ 1, 2147483647 ], height=(int)[ 1, 2147483647 ], framerate=(fraction)[ 0/1, 2147483647/1 ], texture-target=(string){ 2D, external-oes }; video/x-raw(memory:GLMemory), format=(string)RGBA, width=(int)[ 1, 2147483647 ], height=(int)[ 1, 2147483647 ], framerate=(fraction)[ 0/1, 2147483647/1 ], texture-target=(string){ 2D, external-oes }
05-09 19:57:51.188  2029  2230 D GStreamer+basetransform: 0:06:35.576825891 0xf3ac6830 gstbasetransform.c:746:gst_base_transform_query_caps:<glcolorbalance3:sink> peer caps  video/x-raw(memory:GLMemory, meta:GstVideoOverlayComposition), format=(string)RGBA, width=(int)[ 1, 2147483647 ], height=(int)[ 1, 2147483647 ], framerate=(fraction)[ 0/1, 2147483647/1 ], texture-target=(string){ 2D, external-oes }; video/x-raw(memory:GLMemory, meta:GstVideoOverlayComposition), format=(string)RGBA, width=(int)[ 1, 2147483647 ], height=(int)[ 1, 2147483647 ], framerate=(fraction)[ 0/1, 2147483647/1 ], texture-target=(string){ 2D, external-oes }; video/x-raw(memory:GLMemory), format=(string)RGBA, width=(int)[ 1, 2147483647 ], height=(int)[ 1, 2147483647 ], framerate=(fraction)[ 0/1, 2147483647/1 ], texture-target=(string){ 2D, external-oes }
05-09 19:57:51.189  2029  2230 D GStreamer+basetransform: 0:06:35.576905579 0xf3ac6830 gstbasetransform.c:749:gst_base_transform_query_caps:<glcolorbalance3:sink> our template  video/x-raw(memory:GLMemory), format=(string)RGBA, width=(int)[ 1, 2147483647 ], height=(int)[ 1, 2147483647 ], framerate=(fraction)[ 0/1, 2147483647/1 ], texture-target=(string)2D
05-09 19:57:51.189  2029  2230 D GStreamer+basetransform: 0:06:35.576985735 0xf3ac6830 gstbasetransform.c:751:gst_base_transform_query_caps:<glcolorbalance3:sink> intersected video/x-raw(memory:GLMemory), format=(string)RGBA, width=(int)[ 1, 2147483647 ], height=(int)[ 1, 2147483647 ], framerate=(fraction)[ 0/1, 2147483647/1 ], texture-target=(string)2D
05-09 19:57:51.189  2029  2230 D GStreamer+basetransform: 0:06:35.577023547 0xf3ac6830 gstbasetransform.c:533:gst_base_transform_transform_caps:<glcolorbalance3> transform caps (direction = 1)
05-09 19:57:51.189   993  2231 D NvOsDebugPrintf: TVMR: cctx->bAbortInputBuffer = 0, cctx->bEOSAbortOutputBuffer = 0 
05-09 19:57:51.189  2029  2230 D GStreamer+glfilter: 0:06:35.577098183 0xf3ac6830 gstglfilter.c:610:default_transform_internal_caps:<glcolorbalance3> size removal returned caps video/x-raw(memory:GLMemory), format=(string)RGBA, width=(int)[ 1, 2147483647 ], height=(int)[ 1, 2147483647 ], framerate=(fraction)[ 0/1, 2147483647/1 ], texture-target=(string)2D
05-09 19:57:51.189  2029  2230 D GStreamer+GST_PERFORMANCE: 0:06:35.577161308 0xf3ac6830 gstcaps.c:169:_gst_caps_copy:<0xf3d5f6a0> doing copy 0xf3d5f6a0 -> 0xf3d5f568
05-09 19:57:51.189  2029  2230 D GStreamer+glfilter: 0:06:35.577236256 0xf3ac6830 gstglfilter.c:638:gst_gl_filter_transform_caps:<glcolorbalance3> returning caps: video/x-raw(memory:GLMemory), format=(string)RGBA, width=(int)[ 1, 2147483647 ], height=(int)[ 1, 2147483647 ], framerate=(fraction)[ 0/1, 2147483647/1 ], texture-target=(string)2D
05-09 19:57:51.189  2029  2230 D GStreamer+basetransform: 0:06:35.577297610 0xf3ac6830 gstbasetransform.c:560:gst_base_transform_transform_caps:<glcolorbalance3> to: video/x-raw(memory:GLMemory), format=(string)RGBA, width=(int)[ 1, 2147483647 ], height=(int)[ 1, 2147483647 ], framerate=(fraction)[ 0/1, 2147483647/1 ], texture-target=(string)2D
05-09 19:57:51.189  2029  2230 D GStreamer+basetransform: 0:06:35.577359954 0xf3ac6830 gstbasetransform.c:759:gst_base_transform_query_caps:<glcolorbalance3:sink> transformed  video/x-raw(memory:GLMemory), format=(string)RGBA, width=(int)[ 1, 2147483647 ], height=(int)[ 1, 2147483647 ], framerate=(fraction)[ 0/1, 2147483647/1 ], texture-target=(string)2D
05-09 19:57:51.189  2029  2230 D GStreamer+basetransform: 0:06:35.577427506 0xf3ac6830 gstbasetransform.c:766:gst_base_transform_query_caps:<glcolorbalance3:sink> our template  video/x-raw(memory:GLMemory), format=(string)RGBA, width=(int)[ 1, 2147483647 ], height=(int)[ 1, 2147483647 ], framerate=(fraction)[ 0/1, 2147483647/1 ], texture-target=(string)2D
05-09 19:57:51.189  2029  2230 D GStreamer+basetransform: 0:06:35.577498912 0xf3ac6830 gstbasetransform.c:769:gst_base_transform_query_caps:<glcolorbalance3:sink> intersected video/x-raw(memory:GLMemory), format=(string)RGBA, width=(int)[ 1, 2147483647 ], height=(int)[ 1, 2147483647 ], framerate=(fraction)[ 0/1, 2147483647/1 ], texture-target=(string)2D
05-09 19:57:51.189  2029  2230 D GStreamer+basetransform: 0:06:35.577586152 0xf3ac6830 gstbasetransform.c:793:gst_base_transform_query_caps:<glcolorbalance3> returning  video/x-raw(memory:GLMemory), format=(string)RGBA, width=(int)[ 1, 2147483647 ], height=(int)[ 1, 2147483647 ], framerate=(fraction)[ 0/1, 2147483647/1 ], texture-target=(string)2D
05-09 19:57:51.189  2029  2230 D GStreamer+GST_PADS: 0:06:35.577635943 0xf3ac6830 gstpad.c:3905:gst_pad_query:<glcolorbalance3:sink> sent query 0xf3d19800 (caps), result 1
05-09 19:57:51.189  2029  2230 D GStreamer+GST_CAPS: 0:06:35.577775787 0xf3ac6830 gstutils.c:2891:gst_pad_peer_query_caps:<glcolorconvertelement3:src> peer query returned video/x-raw(memory:GLMemory), format=(string)RGBA, width=(int)[ 1, 2147483647 ], height=(int)[ 1, 2147483647 ], framerate=(fraction)[ 0/1, 2147483647/1 ], texture-target=(string)2D
05-09 19:57:51.189  2029  2230 D GStreamer+basetransform: 0:06:35.577846464 0xf3ac6830 gstbasetransform.c:746:gst_base_transform_query_caps:<glcolorconvertelement3:sink> peer caps  video/x-raw(memory:GLMemory), format=(string)RGBA, width=(int)[ 1, 2147483647 ], height=(int)[ 1, 2147483647 ], framerate=(fraction)[ 0/1, 2147483647/1 ], texture-target=(string)2D
05-09 19:57:51.190  2029  2230 D GStreamer+basetransform: 0:06:35.577984485 0xf3ac6830 gstbasetransform.c:749:gst_base_transform_query_caps:<glcolorconvertelement3:sink> our template  video/x-raw(memory:GLMemory), format=(string){ RGBA, RGB, RGBx, BGR, BGRx, BGRA, xRGB, xBGR, ARGB, ABGR, Y444, I420, YV12, Y42B, Y41B, NV12, NV21, YUY2, UYVY, AYUV, GRAY8, GRAY16_LE, GRAY16_BE, RGB16, BGR16 }, width=(int)[ 1, 2147483647 ], height=(int)[ 1, 2147483647 ], framerate=(fraction)[ 0/1, 2147483647/1 ], texture-target=(string){ 2D, rectangle, external-oes }; video/x-raw(memory:GLMemory, meta:GstVideoOverlayComposition), format=(string){ RGBA, RGB, RGBx, BGR, BGRx, BGRA, xRGB, xBGR, ARGB, ABGR, Y444, I420, YV12, Y42B, Y41B, NV12, NV21, YUY2, UYVY, AYUV, GRAY8, GRAY16_LE, GRAY16_BE, RGB16, BGR16 }, width=(int)[ 1, 2147483647 ], height=(int)[ 1, 2147483647 ], framerate=(fraction)[ 0/1, 2147483647/1 ], texture-target=(string){ 2D, rectangle, external-oes }
05-09 19:57:51.190  2029  2230 D GStreamer+basetransform: 0:06:35.578069120 0xf3ac6830 gstbasetransform.c:751:gst_base_transform_query_caps:<glcolorconvertelement3:sink> intersected video/x-raw(memory:GLMemory), format=(string)RGBA, width=(int)[ 1, 2147483647 ], height=(int)[ 1, 2147483647 ], framerate=(fraction)[ 0/1, 2147483647/1 ], texture-target=(string)2D
05-09 19:57:51.190  2029  2230 D GStreamer+basetransform: 0:06:35.578105110 0xf3ac6830 gstbasetransform.c:533:gst_base_transform_transform_caps:<glcolorconvertelement3> transform caps (direction = 1)
05-09 19:57:51.190  2029  2230 D GStreamer+basetransform: 0:06:35.578195370 0xf3ac6830 gstbasetransform.c:560:gst_base_transform_transform_caps:<glcolorconvertelement3> to: video/x-raw(memory:GLMemory), width=(int)[ 1, 2147483647 ], height=(int)[ 1, 2147483647 ], framerate=(fraction)[ 0/1, 2147483647/1 ]
05-09 19:57:51.190  2029  2230 D GStreamer+basetransform: 0:06:35.578258808 0xf3ac6830 gstbasetransform.c:759:gst_base_transform_query_caps:<glcolorconvertelement3:sink> transformed  video/x-raw(memory:GLMemory), width=(int)[ 1, 2147483647 ], height=(int)[ 1, 2147483647 ], framerate=(fraction)[ 0/1, 2147483647/1 ]
05-09 19:57:51.190  2029  2230 D GStreamer+basetransform: 0:06:35.578383756 0xf3ac6830 gstbasetransform.c:766:gst_base_transform_query_caps:<glcolorconvertelement3:sink> our template  video/x-raw(memory:GLMemory), format=(string){ RGBA, RGB, RGBx, BGR, BGRx, BGRA, xRGB, xBGR, ARGB, ABGR, Y444, I420, YV12, Y42B, Y41B, NV12, NV21, YUY2, UYVY, AYUV, GRAY8, GRAY16_LE, GRAY16_BE, RGB16, BGR16 }, width=(int)[ 1, 2147483647 ], height=(int)[ 1, 2147483647 ], framerate=(fraction)[ 0/1, 2147483647/1 ], texture-target=(string){ 2D, rectangle, external-oes }; video/x-raw(memory:GLMemory, meta:GstVideoOverlayComposition), format=(string){ RGBA, RGB, RGBx, BGR, BGRx, BGRA, xRGB, xBGR, ARGB, ABGR, Y444, I420, YV12, Y42B, Y41B, NV12, NV21, YUY2, UYVY, AYUV, GRAY8, GRAY16_LE, GRAY16_BE, RGB16, BGR16 }, width=(int)[ 1, 2147483647 ], height=(int)[ 1, 2147483647 ], framerate=(fraction)[ 0/1, 2147483647/1 ], texture-target=(string){ 2D, rectangle, external-oes }
05-09 19:57:51.190  2029  2230 D GStreamer+basetransform: 0:06:35.578485579 0xf3ac6830 gstbasetransform.c:769:gst_base_transform_query_caps:<glcolorconvertelement3:sink> intersected video/x-raw(memory:GLMemory), width=(int)[ 1, 2147483647 ], height=(int)[ 1, 2147483647 ], framerate=(fraction)[ 0/1, 2147483647/1 ], format=(string){ RGBA, RGB, RGBx, BGR, BGRx, BGRA, xRGB, xBGR, ARGB, ABGR, Y444, I420, YV12, Y42B, Y41B, NV12, NV21, YUY2, UYVY, AYUV, GRAY8, GRAY16_LE, GRAY16_BE, RGB16, BGR16 }, texture-target=(string){ 2D, rectangle, external-oes }
05-09 19:57:51.190  2029  2230 D GStreamer+basetransform: 0:06:35.578610527 0xf3ac6830 gstbasetransform.c:793:gst_base_transform_query_caps:<glcolorconvertelement3> returning  video/x-raw(memory:GLMemory), format=(string)RGBA, width=(int)[ 1, 2147483647 ], height=(int)[ 1, 2147483647 ], framerate=(fraction)[ 0/1, 2147483647/1 ], texture-target=(string)2D; video/x-raw(memory:GLMemory), width=(int)[ 1, 2147483647 ], height=(int)[ 1, 2147483647 ], framerate=(fraction)[ 0/1, 2147483647/1 ], format=(string){ RGBA, RGB, RGBx, BGR, BGRx, BGRA, xRGB, xBGR, ARGB, ABGR, Y444, I420, YV12, Y42B, Y41B, NV12, NV21, YUY2, UYVY, AYUV, GRAY8, GRAY16_LE, GRAY16_BE, RGB16, BGR16 }, texture-target=(string){ 2D, rectangle, external-oes }
05-09 19:57:51.190  2029  2230 D GStreamer+GST_PADS: 0:06:35.578654850 0xf3ac6830 gstpad.c:3905:gst_pad_query:<glcolorconvertelement3:sink> sent query 0xf3d19980 (caps), result 1
05-09 19:57:51.190  2029  2230 D GStreamer+GST_CAPS: 0:06:35.578763495 0xf3ac6830 gstutils.c:2891:gst_pad_peer_query_caps:<gluploadelement3:src> peer query returned video/x-raw(memory:GLMemory), format=(string)RGBA, width=(int)[ 1, 2147483647 ], height=(int)[ 1, 2147483647 ], framerate=(fraction)[ 0/1, 2147483647/1 ], texture-target=(string)2D; video/x-raw(memory:GLMemory), width=(int)[ 1, 2147483647 ], height=(int)[ 1, 2147483647 ], framerate=(fraction)[ 0/1, 2147483647/1 ], format=(string){ RGBA, RGB, RGBx, BGR, BGRx, BGRA, xRGB, xBGR, ARGB, ABGR, Y444, I420, YV12, Y42B, Y41B, NV12, NV21, YUY2, UYVY, AYUV, GRAY8, GRAY16_LE, GRAY16_BE, RGB16, BGR16 }, texture-target=(string){ 2D, rectangle, external-oes }
05-09 19:57:51.191  2029  2230 D GStreamer+basetransform: 0:06:35.578882870 0xf3ac6830 gstbasetransform.c:746:gst_base_transform_query_caps:<gluploadelement3:sink> peer caps  video/x-raw(memory:GLMemory), format=(string)RGBA, width=(int)[ 1, 2147483647 ], height=(int)[ 1, 2147483647 ], framerate=(fraction)[ 0/1, 2147483647/1 ], texture-target=(string)2D; video/x-raw(memory:GLMemory), width=(int)[ 1, 2147483647 ], height=(int)[ 1, 2147483647 ], framerate=(fraction)[ 0/1, 2147483647/1 ], format=(string){ RGBA, RGB, RGBx, BGR, BGRx, BGRA, xRGB, xBGR, ARGB, ABGR, Y444, I420, YV12, Y42B, Y41B, NV12, NV21, YUY2, UYVY, AYUV, GRAY8, GRAY16_LE, GRAY16_BE, RGB16, BGR16 }, texture-target=(string){ 2D, rectangle, external-oes }
05-09 19:57:51.191  2029  2230 D GStreamer+basetransform: 0:06:35.578924277 0xf3ac6830 gstbasetransform.c:749:gst_base_transform_query_caps:<gluploadelement3:sink> our template  video/x-raw(ANY)
05-09 19:57:51.191  2029  2230 D GStreamer+basetransform: 0:06:35.579057402 0xf3ac6830 gstbasetransform.c:751:gst_base_transform_query_caps:<gluploadelement3:sink> intersected video/x-raw(memory:GLMemory), format=(string)RGBA, width=(int)[ 1, 2147483647 ], height=(int)[ 1, 2147483647 ], framerate=(fraction)[ 0/1, 2147483647/1 ], texture-target=(string)2D; video/x-raw(memory:GLMemory), width=(int)[ 1, 2147483647 ], height=(int)[ 1, 2147483647 ], framerate=(fraction)[ 0/1, 2147483647/1 ], format=(string){ RGBA, RGB, RGBx, BGR, BGRx, BGRA, xRGB, xBGR, ARGB, ABGR, Y444, I420, YV12, Y42B, Y41B, NV12, NV21, YUY2, UYVY, AYUV, GRAY8, GRAY16_LE, GRAY16_BE, RGB16, BGR16 }, texture-target=(string){ 2D, rectangle, external-oes }
05-09 19:57:51.191  2029  2230 D GStreamer+basetransform: 0:06:35.579093600 0xf3ac6830 gstbasetransform.c:533:gst_base_transform_transform_caps:<gluploadelement3> transform caps (direction = 1)
05-09 19:57:51.191  2029  2230 D GStreamer+GST_PERFORMANCE: 0:06:35.579195631 0xf3ac6830 gstcaps.c:169:_gst_caps_copy:<0xf3d5f6f0> doing copy 0xf3d5f6f0 -> 0xf3d5f4f0
05-09 19:57:51.191  2029  2230 D GStreamer+GST_PERFORMANCE: 0:06:35.579326620 0xf3ac6830 gstcaps.c:169:_gst_caps_copy:<0xf3d5f6f0> doing copy 0xf3d5f6f0 -> 0xf3d5f6a0
05-09 19:57:51.191  2029  2230 D GStreamer+GST_PERFORMANCE: 0:06:35.579464277 0xf3ac6830 gstcaps.c:169:_gst_caps_copy:<0xf3d5f6f0> doing copy 0xf3d5f6f0 -> 0xf3d5f6a0
05-09 19:57:51.191  2029  2230 D GStreamer+GST_PERFORMANCE: 0:06:35.579598131 0xf3ac6830 gstcaps.c:169:_gst_caps_copy:<0xf3d5f6f0> doing copy 0xf3d5f6f0 -> 0xf3d5f4f0
05-09 19:57:51.191  2029  2230 D GStreamer+basetransform: 0:06:35.579840475 0xf3ac6830 gstbasetransform.c:560:gst_base_transform_transform_caps:<gluploadelement3> to: video/x-raw(memory:GLMemory), format=(string)RGBA, width=(int)[ 1, 2147483647 ], height=(int)[ 1, 2147483647 ], framerate=(fraction)[ 0/1, 2147483647/1 ]; video/x-raw(memory:GLMemory), width=(int)[ 1, 2147483647 ], height=(int)[ 1, 2147483647 ], framerate=(fraction)[ 0/1, 2147483647/1 ], format=(string){ RGBA, RGB, RGBx, BGR, BGRx, BGRA, xRGB, xBGR, ARGB, ABGR, Y444, I420, YV12, Y42B, Y41B, NV12, NV21, YUY2, UYVY, AYUV, GRAY8, GRAY16_LE, GRAY16_BE, RGB16, BGR16 }; video/x-raw(memory:EGLImage), format=(string)RGBA, width=(int)[ 1, 2147483647 ], height=(int)[ 1, 2147483647 ], framerate=(fraction)[ 0/1, 2147483647/1 ]; video/x-raw(meta:GstVideoGLTextureUploadMeta), format=(string)RGBA, width=(int)[ 1, 2147483647 ], height=(int)[ 1, 2147483647 ], framerate=(fraction)[ 0/1, 2147483647/1 ]; video/x-raw, format=(string)RGBA, width=(int)[ 1, 2147483647 ], height=(int)[ 1, 2147483647 ], framerate=(fraction)[ 0
05-09 19:57:51.192  2029  2230 D GStreamer+basetransform: 0:06:35.580060683 0xf3ac6830 gstbasetransform.c:759:gst_base_transform_query_caps:<gluploadelement3:sink> transformed  video/x-raw(memory:GLMemory), format=(string)RGBA, width=(int)[ 1, 2147483647 ], height=(int)[ 1, 2147483647 ], framerate=(fraction)[ 0/1, 2147483647/1 ]; video/x-raw(memory:GLMemory), width=(int)[ 1, 2147483647 ], height=(int)[ 1, 2147483647 ], framerate=(fraction)[ 0/1, 2147483647/1 ], format=(string){ RGBA, RGB, RGBx, BGR, BGRx, BGRA, xRGB, xBGR, ARGB, ABGR, Y444, I420, YV12, Y42B, Y41B, NV12, NV21, YUY2, UYVY, AYUV, GRAY8, GRAY16_LE, GRAY16_BE, RGB16, BGR16 }; video/x-raw(memory:EGLImage), format=(string)RGBA, width=(int)[ 1, 2147483647 ], height=(int)[ 1, 2147483647 ], framerate=(fraction)[ 0/1, 2147483647/1 ]; video/x-raw(meta:GstVideoGLTextureUploadMeta), format=(string)RGBA, width=(int)[ 1, 2147483647 ], height=(int)[ 1, 2147483647 ], framerate=(fraction)[ 0/1, 2147483647/1 ]; video/x-raw, format=(string)RGBA, width=(int)[ 1, 2147483647 ], height=(int)[ 1, 2147483647 ], framerate=(fr
05-09 19:57:51.192  2029  2230 D GStreamer+basetransform: 0:06:35.580362297 0xf3ac6830 gstbasetransform.c:766:gst_base_transform_query_caps:<gluploadelement3:sink> our template  video/x-raw(memory:GLMemory, meta:GstVideoOverlayComposition), format=(string){ RGBA, BGRA, RGBx, BGRx, ARGB, ABGR, xRGB, xBGR, RGB, BGR, RGB16, BGR16, AYUV, I420, YV12, NV12, NV21, YUY2, UYVY, Y41B, Y42B, Y444, GRAY8, GRAY16_LE, GRAY16_BE }, width=(int)[ 1, 2147483647 ], height=(int)[ 1, 2147483647 ], framerate=(fraction)[ 0/1, 2147483647/1 ]; video/x-raw(memory:EGLImage, meta:GstVideoOverlayComposition), format=(string)RGBA, width=(int)[ 1, 2147483647 ], height=(int)[ 1, 2147483647 ], framerate=(fraction)[ 0/1, 2147483647/1 ]; video/x-raw(meta:GstVideoGLTextureUploadMeta, meta:GstVideoOverlayComposition), format=(string)RGBA, width=(int)[ 1, 2147483647 ], height=(int)[ 1, 2147483647 ], framerate=(fraction)[ 0/1, 2147483647/1 ]; video/x-raw(memory:SystemMemory, meta:GstVideoOverlayComposition), format=(string){ RGBA, BGRA, RGBx, BGRx, ARGB, ABGR, xRGB, xBGR, RGB, BGR, RGB16, BGR16, AYUV, I
05-09 19:57:51.193  2029  2230 D GStreamer+basetransform: 0:06:35.580937558 0xf3ac6830 gstbasetransform.c:769:gst_base_transform_query_caps:<gluploadelement3:sink> intersected video/x-raw(memory:GLMemory), format=(string)RGBA, width=(int)[ 1, 2147483647 ], height=(int)[ 1, 2147483647 ], framerate=(fraction)[ 0/1, 2147483647/1 ]; video/x-raw(memory:GLMemory), width=(int)[ 1, 2147483647 ], height=(int)[ 1, 2147483647 ], framerate=(fraction)[ 0/1, 2147483647/1 ], format=(string){ RGBA, RGB, RGBx, BGR, BGRx, BGRA, xRGB, xBGR, ARGB, ABGR, Y444, I420, YV12, Y42B, Y41B, NV12, NV21, YUY2, UYVY, AYUV, GRAY8, GRAY16_LE, GRAY16_BE, RGB16, BGR16 }; video/x-raw(memory:EGLImage), format=(string)RGBA, width=(int)[ 1, 2147483647 ], height=(int)[ 1, 2147483647 ], framerate=(fraction)[ 0/1, 2147483647/1 ]; video/x-raw(meta:GstVideoGLTextureUploadMeta), format=(string)RGBA, width=(int)[ 1, 2147483647 ], height=(int)[ 1, 2147483647 ], framerate=(fraction)[ 0/1, 2147483647/1 ]; video/x-raw, format=(string)RGBA, width=(int)[ 1, 2147483647 ], height=(int)[ 1, 2147483647 ], framerate=(fra
05-09 19:57:51.193  2029  2230 D GStreamer+basetransform: 0:06:35.581431412 0xf3ac6830 gstbasetransform.c:793:gst_base_transform_query_caps:<gluploadelement3> returning  video/x-raw(memory:GLMemory), format=(string)RGBA, width=(int)[ 1, 2147483647 ], height=(int)[ 1, 2147483647 ], framerate=(fraction)[ 0/1, 2147483647/1 ], texture-target=(string)2D; video/x-raw(memory:GLMemory), width=(int)[ 1, 2147483647 ], height=(int)[ 1, 2147483647 ], framerate=(fraction)[ 0/1, 2147483647/1 ], format=(string)RGBA, texture-target=(string){ 2D, rectangle, external-oes }; video/x-raw(memory:GLMemory), width=(int)[ 1, 2147483647 ], height=(int)[ 1, 2147483647 ], framerate=(fraction)[ 0/1, 2147483647/1 ], format=(string){ RGBA, RGB, RGBx, BGR, BGRx, BGRA, xRGB, xBGR, ARGB, ABGR, Y444, I420, YV12, Y42B, Y41B, NV12, NV21, YUY2, UYVY, AYUV, GRAY8, GRAY16_LE, GRAY16_BE, RGB16, BGR16 }, texture-target=(string){ 2D, rectangle, external-oes }; video/x-raw(memory:GLMemory), format=(string)RGBA, width=(int)[ 1, 2147483647 ], height=(int)[ 1, 2147483647 ], framerate=(fraction)[ 0/1, 214748364
05-09 19:57:51.193  2029  2230 D GStreamer+GST_PADS: 0:06:35.581483495 0xf3ac6830 gstpad.c:3905:gst_pad_query:<gluploadelement3:sink> sent query 0xf3ac6890 (caps), result 1
