05-09 19:57:51.059  2029  2225 D GStreamer+qtdemux: 0:06:35.447626412 0xf3d19ac0 qtdemux.c:7882:qtdemux_parse_samples:<q> sample 9: index 0, timestamp 0:00:00.198666666
05-09 19:57:51.059  2029  2224 D GStreamer+GST_ELEMENT_FACTORY: 0:06:35.447645943 0xf3d043b0 gstelementfactory.c:848:gst_element_factory_list_filter Trying amcviddec-omxgooglevp9decoder
05-09 19:57:51.059  2029  2225 D GStreamer+qtdemux: 0:06:35.447666829 0xf3d19ac0 qtdemux.c:7937:qtdemux_parse_samples:<q> samples at 9 is keyframe
05-09 19:57:51.059  2029  2224 D GStreamer+GST_ELEMENT_FACTORY: 0:06:35.447676308 0xf3d043b0 gstelementfactory.c:848:gst_element_factory_list_filter Trying auparse
05-09 19:57:51.059  2029  2224 D GStreamer+GST_ELEMENT_FACTORY: 0:06:35.447712141 0xf3d043b0 gstelementfactory.c:848:gst_element_factory_list_filter Trying ivorbisdec
05-09 19:57:51.059  2029  2225 D GStreamer+qtdemux: 0:06:35.447737766 0xf3d19ac0 qtdemux.c:5197:gst_qtdemux_loop_state_movie:<q> pushing from stream 0, empty 0 offset 431786, size 45121, dts=0:00:00.198666666, pts=0:00:00.198666666, duration 0:00:00.020000000
05-09 19:57:51.059  2029  2224 D GStreamer+GST_ELEMENT_FACTORY: 0:06:35.447751204 0xf3d043b0 gstelementfactory.c:848:gst_element_factory_list_filter Trying rtpL16depay
05-09 19:57:51.059  2029  2224 D GStreamer+GST_ELEMENT_FACTORY: 0:06:35.447783808 0xf3d043b0 gstelementfactory.c:848:gst_element_factory_list_filter Trying rtpL24depay
05-09 19:57:51.059  2029  2225 D GStreamer+basesrc: 0:06:35.447798547 0xf3d19ac0 gstbasesrc.c:2355:gst_base_src_update_length:<filesrc3> reading offset 431786, length 45121, size 16031303, segment.stop -1, maxsize 16031303
05-09 19:57:51.059  2029  2224 D GStreamer+GST_ELEMENT_FACTORY: 0:06:35.447815110 0xf3d043b0 gstelementfactory.c:848:gst_element_factory_list_filter Trying rtpac3depay
05-09 19:57:51.059  2029  2225 D GStreamer+basesrc: 0:06:35.447844016 0xf3d19ac0 gstbasesrc.c:2456:gst_base_src_get_range:<filesrc3> calling create offset 431786 length 45121, time 0
05-09 19:57:51.060  2029  2224 D GStreamer+GST_ELEMENT_FACTORY: 0:06:35.447857818 0xf3d043b0 gstelementfactory.c:848:gst_element_factory_list_filter Trying rtpamrdepay
05-09 19:57:51.060  2029  2224 D GStreamer+GST_ELEMENT_FACTORY: 0:06:35.447904172 0xf3d043b0 gstelementfactory.c:848:gst_element_factory_list_filter Trying rtpbvdepay
05-09 19:57:51.060  2029  2225 D GStreamer+GST_MEMORY: 0:06:35.447919120 0xf3d19ac0 gstmemory.c:138:gst_memory_init new memory 0xf3d459e8, maxsize:45124 offset:0 size:45121
05-09 19:57:51.060  2029  2224 D GStreamer+GST_ELEMENT_FACTORY: 0:06:35.447933652 0xf3d043b0 gstelementfactory.c:848:gst_element_factory_list_filter Trying rtpceltdepay
05-09 19:57:51.060  2029  2224 D GStreamer+GST_ELEMENT_FACTORY: 0:06:35.447965162 0xf3d043b0 gstelementfactory.c:848:gst_element_factory_list_filter Trying rtpdvdepay
05-09 19:57:51.060  2029  2225 D GStreamer+basesrc: 0:06:35.447975527 0xf3d19ac0 gstbasesrc.c:2310:gst_base_src_do_sync:<filesrc3> we have no clock
05-09 19:57:51.061  2029  2224 D GStreamer+GST_ELEMENT_FACTORY: 0:06:35.449269381 0xf3d043b0 gstelementfactory.c:848:gst_element_factory_list_filter Trying dvdec
05-09 19:57:51.061  2029  2224 D GStreamer+GST_ELEMENT_FACTORY: 0:06:35.449305162 0xf3d043b0 gstelementfactory.c:848:gst_element_factory_list_filter Trying openh264dec
05-09 19:57:51.061  2029  2224 D GStreamer+GST_ELEMENT_FACTORY: 0:06:35.449339016 0xf3d043b0 gstelementfactory.c:848:gst_element_factory_list_filter Trying rtpgstdepay
05-09 19:57:51.061  2029  2224 D GStreamer+GST_ELEMENT_FACTORY: 0:06:35.449368704 0xf3d043b0 gstelementfactory.c:848:gst_element_factory_list_filter Trying rtpvp8depay
05-09 19:57:51.061  2029  2224 D GStreamer+GST_ELEMENT_FACTORY: 0:06:35.449399433 0xf3d043b0 gstelementfactory.c:848:gst_element_factory_list_filter Trying rtpvp9depay
05-09 19:57:51.061  2029  2224 D GStreamer+GST_ELEMENT_FACTORY: 0:06:35.449429016 0xf3d043b0 gstelementfactory.c:848:gst_element_factory_list_filter Trying rtpxqtdepay
05-09 19:57:51.061  2029  2224 D GStreamer+GST_ELEMENT_FACTORY: 0:06:35.449463183 0xf3d043b0 gstelementfactory.c:848:gst_element_factory_list_filter Trying sirendec
05-09 19:57:51.061  2029  2225 D GStreamer+basesrc: 0:06:35.449479850 0xf3d19ac0 gstbasesrc.c:2310:gst_base_src_do_sync:<filesrc3> we have no clock
05-09 19:57:51.061  2029  2224 D GStreamer+decodebin: 0:06:35.449510995 0xf3d043b0 gstdecodebin2.c:1417:gst_decode_bin_autoplug_factories:<forhwgl> autoplug-factories returns 0xf3b0b810
05-09 19:57:51.061  2029  2225 D GStreamer+basesrc: 0:06:35.449525006 0xf3d19ac0 gstbasesrc.c:2520:gst_base_src_get_range:<filesrc3> buffer ok
05-09 19:57:51.061  2029  2225 D GStreamer+GST_SCHEDULING: 0:06:35.449624277 0xf3d19ac0 gstpad.c:4153:gst_pad_chain_data_unchecked:<queue8:sink> calling chainfunction &gst_queue_chain with buffer buffer: 0xf39e3828, pts 0:00:00.238666666, dts 0:00:00.238666666, dur 0:00:00.019666667, size 42660, offset none, offset_end none, flags 0x0
05-09 19:57:51.061  2029  2224 D GStreamer+decodebin: 0:06:35.449650631 0xf3d043b0 gstdecodebin2.c:2100:connect_pad:<forhwgl> pad typefind:src , chain:0xf3d6f9f0, 1 factories, caps video/x-h264, stream-format=(string)avc, alignment=(string)au, level=(string)4, profile=(string)baseline, codec_data=(buffer)01428028ffe1000a27428028e54028016b2001000528de01ae20, width=(int)1280, height=(int)1440, framerate=(fraction)151/3, pixel-aspect-ratio=(fraction)1/1
05-09 19:57:51.061  2029  2225 D GStreamer+GST_SCHEDULING: 0:06:35.449681412 0xf3d19ac0 gstpad.c:4159:gst_pad_chain_data_unchecked:<queue8:sink> called chainfunction &gst_queue_chain with buffer 0xf39e3828, returned ok
05-09 19:57:51.061  2029  2224 D GStreamer+GST_PADS: 0:06:35.449699589 0xf3d043b0 gstghostpad.c:840:gst_ghost_pad_set_target:<'':decodepad4> set target typefind:src
05-09 19:57:51.061  2029  2225 D GStreamer+qtdemux: 0:06:35.449725735 0xf3d19ac0 qtdemux.c:7675:qtdemux_parse_samples:<q> parsing up to sample 12
05-09 19:57:51.061  2029  2224 I GStreamer+GST_ELEMENT_PADS: 0:06:35.449748079 0xf3d043b0 gstpad.c:2048:gst_pad_unlink unlinking typefind:src(0xf3cfa428) and decodepad4:proxypad14(0xf39234b8)
05-09 19:57:51.063  2029  2225 D GStreamer+qtdemux: 0:06:35.450967766 0xf3d19ac0 qtdemux.c:7675:qtdemux_parse_samples:<q> parsing up to sample 14
05-09 19:57:51.063  2029  2224 D GStreamer+GST_EVENT: 0:06:35.450983287 0xf3d043b0 gstpad.c:5496:gst_pad_send_event_unchecked:<typefind:src> have event type reconfigure event: 0xf3d33b80, time 99:99:99.999999999, seq-num 2018, (NULL)
05-09 19:57:51.063  2029  2224 D GStreamer+GST_PADS: 0:06:35.451053756 0xf3d043b0 gstpad.c:5569:gst_pad_send_event_unchecked:<typefind:src> sent event, ret error
05-09 19:57:51.063  2029  2224 D GStreamer+GST_BUS: 0:06:35.451150735 0xf3d043b0 gstbus.c:309:gst_bus_post:<bus16> [msg 0xf3ac0a68] posting on bus structure-change message: 0xf3ac0a68, time 99:99:99.999999999, seq-num 2019, element 'proxypad14', GstMessageStructureChange, type=(GstStructureChangeType)GST_STRUCTURE_CHANGE_TYPE_PAD_LINK, owner=(GstElement)"\(GstTypeFindElement\)\ typefind", busy=(boolean)false;
05-09 19:57:51.063  2029  2225 D GStreamer+qtdemux: 0:06:35.451171047 0xf3d19ac0 qtdemux.c:7882:qtdemux_parse_samples:<q> sample 14: index 0, timestamp 0:00:00.298333333
05-09 19:57:51.063  2029  2224 D GStreamer+bin: 0:06:35.451199225 0xf3d043b0 gstbin.c:3528:gst_bin_handle_message_func:<forhwgl> [msg 0xf3ac0a68] handling child proxypad14 message of type structure-change
05-09 19:57:51.063  2029  2225 D GStreamer+qtdemux: 0:06:35.451224954 0xf3d19ac0 qtdemux.c:7937:qtdemux_parse_samples:<q> samples at 14 is keyframe
05-09 19:57:51.063  2029  2224 D GStreamer+bin: 0:06:35.451247454 0xf3d043b0 gstbin.c:957:bin_remove_messages:<decodepad4:proxypad14> deleting message 0xf3ab9c68 of types 0x00001000
05-09 19:57:51.063  2029  2224 D GStreamer+bin: 0:06:35.451296985 0xf3d043b0 gstbin.c:963:bin_remove_messages:<forhwgl> not deleting message 0xf3ab9f80 of type 0x00100000
05-09 19:57:51.063  2029  2225 D GStreamer+qtdemux: 0:06:35.451306777 0xf3d19ac0 qtdemux.c:5197:gst_qtdemux_loop_state_movie:<q> pushing from stream 0, empty 0 offset 648932, size 42820, dts=0:00:00.298333333, pts=0:00:00.298333333, duration 0:00:00.019666667
05-09 19:57:51.063  2029  2224 D GStreamer+GST_BUS: 0:06:35.451333131 0xf3d043b0 gstbus.c:344:gst_bus_post:<bus16> [msg 0xf3ac0a68] dropped
05-09 19:57:51.063  2029  2225 D GStreamer+basesrc: 0:06:35.451368287 0xf3d19ac0 gstbasesrc.c:2355:gst_base_src_update_length:<filesrc3> reading offset 648932, length 42820, size 16031303, segment.stop -1, maxsize 16031303
05-09 19:57:51.063  2029  2225 D GStreamer+basesrc: 0:06:35.451421881 0xf3d19ac0 gstbasesrc.c:2456:gst_base_src_get_range:<filesrc3> calling create offset 648932 length 42820, time 0
05-09 19:57:51.063  2029  2224 D GStreamer+decodebin: 0:06:35.451439954 0xf3d043b0 gstdecodebin2.c:1487:copy_sticky_events:<'':decodepad4> store sticky event stream-start event: 0xf3d338f8, time 99:99:99.999999999, seq-num 1998, GstEventStreamStart, stream-id=(string)f053c058b440b43524b277045893b30df4e765b8d037f3d09e4ccd970feb850c/001, flags=(GstStreamFlags)GST_STREAM_FLAG_NONE, group-id=(uint)4;
05-09 19:57:51.063  2029  2225 D GStreamer+GST_MEMORY: 0:06:35.451472662 0xf3d19ac0 gstmemory.c:138:gst_memory_init new memory 0xf3bee820, maxsize:42823 offset:0 size:42820
05-09 19:57:51.063  2029  2224 D GStreamer+decodebin: 0:06:35.451566829 0xf3d043b0 gstdecodebin2.c:1487:copy_sticky_events:<'':decodepad4> store sticky event caps event: 0xf396ba50, time 99:99:99.999999999, seq-num 2009, GstEventCaps, caps=(GstCaps)"video/x-h264\,\ stream-format\=\(string\)avc\,\ alignment\=\(string\)au\,\ level\=\(string\)4\,\ profile\=\(string\)baseline\,\ codec_data\=\(buffer\)01428028ffe1000a27428028e54028016b2001000528de01ae20\,\ width\=\(int\)1280\,\ height\=\(int\)1440\,\ framerate\=\(fraction\)151/3\,\ pixel-aspect-ratio\=\(fraction\)1/1";
05-09 19:57:51.063  2029  2224 D GStreamer+decodebin: 0:06:35.451641152 0xf3d043b0 gstdecodebin2.c:1433:gst_decode_bin_autoplug_select:<forhwgl> default autoplug-select returns TRY
05-09 19:57:51.063  2029  2224 D GStreamer+decodebin: 0:06:35.451685214 0xf3d043b0 gstdecodebin2.c:2242:connect_pad:<forhwgl> autoplug select requested try
05-09 19:57:51.063  2029  2224 D GStreamer+GST_PADS: 0:06:35.451725214 0xf3d043b0 gstghostpad.c:842:gst_ghost_pad_set_target:<'':decodepad4> clearing target
05-09 19:57:51.063  2029  2224 I GStreamer+GST_ELEMENT_PADS: 0:06:35.451769745 0xf3d043b0 gstpad.c:2048:gst_pad_unlink unlinking typefind:src(0xf3cfa428) and decodepad4:proxypad14(0xf39234b8)
05-09 19:57:51.064  2029  2224 D GStreamer+GST_BUS: 0:06:35.451888704 0xf3d043b0 gstbus.c:309:gst_bus_post:<bus16> [msg 0xf3d32910] posting on bus structure-change message: 0xf3d32910, time 99:99:99.999999999, seq-num 2020, element 'proxypad14', GstMessageStructureChange, type=(GstStructureChangeType)GST_STRUCTURE_CHANGE_TYPE_PAD_UNLINK, owner=(GstElement)"\(GstTypeFindElement\)\ typefind", busy=(boolean)true;
05-09 19:57:51.064  2029  2225 D GStreamer+basesrc: 0:06:35.451946672 0xf3d19ac0 gstbasesrc.c:2310:gst_base_src_do_sync:<filesrc3> we have no clock
05-09 19:57:51.064  2029  2224 D GStreamer+bin: 0:06:35.451967870 0xf3d043b0 gstbin.c:3528:gst_bin_handle_message_func:<forhwgl> [msg 0xf3d32910] handling child proxypad14 message of type structure-change
05-09 19:57:51.064  2029  2225 D GStreamer+basesrc: 0:06:35.451985891 0xf3d19ac0 gstbasesrc.c:2520:gst_base_src_get_range:<filesrc3> buffer ok
05-09 19:57:51.064  2029  2224 D GStreamer+bin: 0:06:35.452011360 0xf3d043b0 gstbin.c:882:find_message:<forhwgl> no message found matching types 00001000
05-09 19:57:51.064  2029  2224 D GStreamer+bin: 0:06:35.452059954 0xf3d043b0 gstbin.c:889:find_message:<forhwgl>   structure-change
05-09 19:57:51.064  2029  2225 D GStreamer+GST_SCHEDULING: 0:06:35.452083808 0xf3d19ac0 gstpad.c:4153:gst_pad_chain_data_unchecked:<queue8:sink> calling chainfunction &gst_queue_chain with buffer buffer: 0xf3d02830, pts 0:00:00.298333333, dts 0:00:00.298333333, dur 0:00:00.019666667, size 42820, offset none, offset_end none, flags 0x0
05-09 19:57:51.064  2029  2224 D GStreamer+bin: 0:06:35.452113027 0xf3d043b0 gstbin.c:929:bin_replace_message:<forhwgl> got new message 0xf3d32910, structure-change from proxypad14
05-09 19:57:51.064  2029  2225 D GStreamer+GST_SCHEDULING: 0:06:35.452136568 0xf3d19ac0 gstpad.c:4159:gst_pad_chain_data_unchecked:<queue8:sink> called chainfunction &gst_queue_chain with buffer 0xf3d02830, returned ok
05-09 19:57:51.064  2029  2224 D GStreamer+GST_BUS: 0:06:35.452159225 0xf3d043b0 gstbus.c:344:gst_bus_post:<bus16> [msg 0xf3d32910] dropped
05-09 19:57:51.064  2029  2225 D GStreamer+qtdemux: 0:06:35.452185162 0xf3d19ac0 qtdemux.c:7675:qtdemux_parse_samples:<q> parsing up to sample 15
05-09 19:57:51.064  2029  2224 I GStreamer+GST_ELEMENT_PADS: 0:06:35.452200006 0xf3d043b0 gstpad.c:2102:gst_pad_unlink unlinked typefind:src and decodepad4:proxypad14
05-09 19:57:51.064  2029  2225 D GStreamer+qtdemux: 0:06:35.452240058 0xf3d19ac0 qtdemux.c:7882:qtdemux_parse_samples:<q> sample 15: index 0, timestamp 0:00:00.318000000
05-09 19:57:51.064  2029  2225 D GStreamer+qtdemux: 0:06:35.452280475 0xf3d19ac0 qtdemux.c:7937:qtdemux_parse_samples:<q> samples at 15 is keyframe
05-09 19:57:51.064  2029  2224 D GStreamer+GST_BUS: 0:06:35.452296412 0xf3d043b0 gstbus.c:309:gst_bus_post:<bus16> [msg 0xf3ad4508] posting on bus structure-change message: 0xf3ad4508, time 99:99:99.999999999, seq-num 2021, element 'proxypad14', GstMessageStructureChange, type=(GstStructureChangeType)GST_STRUCTURE_CHANGE_TYPE_PAD_UNLINK, owner=(GstElement)"\(GstTypeFindElement\)\ typefind", busy=(boolean)false;
05-09 19:57:51.064  2029  2224 D GStreamer+bin: 0:06:35.452355943 0xf3d043b0 gstbin.c:3528:gst_bin_handle_message_func:<forhwgl> [msg 0xf3ad4508] handling child proxypad14 message of type structure-change
05-09 19:57:51.064  2029  2225 D GStreamer+qtdemux: 0:06:35.452377297 0xf3d19ac0 qtdemux.c:5197:gst_qtdemux_loop_state_movie:<q> pushing from stream 0, empty 0 offset 691752, size 42921, dts=0:00:00.318000000, pts=0:00:00.318000000, duration 0:00:00.020000000
05-09 19:57:51.064  2029  2224 D GStreamer+bin: 0:06:35.452398547 0xf3d043b0 gstbin.c:957:bin_remove_messages:<decodepad4:proxypad14> deleting message 0xf3d32910 of types 0x00001000
05-09 19:57:51.064  2029  2225 D GStreamer+basesrc: 0:06:35.452440995 0xf3d19ac0 gstbasesrc.c:2355:gst_base_src_update_length:<filesrc3> reading offset 691752, length 42921, size 16031303, segment.stop -1, maxsize 16031303
05-09 19:57:51.064  2029  2224 D GStreamer+bin: 0:06:35.452456672 0xf3d043b0 gstbin.c:963:bin_remove_messages:<forhwgl> not deleting message 0xf3ab9f80 of type 0x00100000
05-09 19:57:51.064  2029  2225 D GStreamer+basesrc: 0:06:35.452482089 0xf3d19ac0 gstbasesrc.c:2456:gst_base_src_get_range:<filesrc3> calling create offset 691752 length 42921, time 0
05-09 19:57:51.064  2029  2224 D GStreamer+GST_BUS: 0:06:35.452498495 0xf3d043b0 gstbus.c:344:gst_bus_post:<bus16> [msg 0xf3ad4508] dropped
05-09 19:57:51.064  2029  2225 D GStreamer+GST_MEMORY: 0:06:35.452527818 0xf3d19ac0 gstmemory.c:138:gst_memory_init new memory 0xf3bf8fc0, maxsize:42924 offset:0 size:42921
05-09 19:57:51.064  2029  2224 D GStreamer+decodebin: 0:06:35.452574172 0xf3d043b0 gstdecodebin2.c:1476:clear_sticky_events:<'':decodepad4> clearing sticky event stream-start event: 0xf3d338f8, time 99:99:99.999999999, seq-num 1998, GstEventStreamStart, stream-id=(string)f053c058b440b43524b277045893b30df4e765b8d037f3d09e4ccd970feb850c/001, flags=(GstStreamFlags)GST_STREAM_FLAG_NONE, group-id=(uint)4;
05-09 19:57:51.064  2029  2225 D GStreamer+basesrc: 0:06:35.452618235 0xf3d19ac0 gstbasesrc.c:2310:gst_base_src_do_sync:<filesrc3> we have no clock
05-09 19:57:51.064  2029  2225 D GStreamer+basesrc: 0:06:35.452651933 0xf3d19ac0 gstbasesrc.c:2520:gst_base_src_get_range:<filesrc3> buffer ok
05-09 19:57:51.064  2029  2224 D GStreamer+decodebin: 0:06:35.452717506 0xf3d043b0 gstdecodebin2.c:1476:clear_sticky_events:<'':decodepad4> clearing sticky event caps event: 0xf396ba50, time 99:99:99.999999999, seq-num 2009, GstEventCaps, caps=(GstCaps)"video/x-h264\,\ stream-format\=\(string\)avc\,\ alignment\=\(string\)au\,\ level\=\(string\)4\,\ profile\=\(string\)baseline\,\ codec_data\=\(buffer\)01428028ffe1000a27428028e54028016b2001000528de01ae20\,\ width\=\(int\)1280\,\ height\=\(int\)1440\,\ framerate\=\(fraction\)151/3\,\ pixel-aspect-ratio\=\(fraction\)1/1";
05-09 19:57:51.064  2029  2225 D GStreamer+GST_SCHEDULING: 0:06:35.452761308 0xf3d19ac0 gstpad.c:4153:gst_pad_chain_data_unchecked:<queue8:sink> calling chainfunction &gst_queue_chain with buffer buffer: 0xf39e40d0, pts 0:00:00.318000000, dts 0:00:00.318000000, dur 0:00:00.020000000, size 42921, offset none, offset_end none, flags 0x0
05-09 19:57:51.064  2029  2224 D GStreamer+GST_PLUGIN_LOADING: 0:06:35.452812766 0xf3d043b0 gstpluginfeature.c:106:gst_plugin_feature_load loading plugin for feature 0xf36e3da0; 'h264parse'
05-09 19:57:51.064  2029  2225 D GStreamer+GST_SCHEDULING: 0:06:35.452832193 0xf3d19ac0 gstpad.c:4159:gst_pad_chain_data_unchecked:<queue8:sink> called chainfunction &gst_queue_chain with buffer 0xf39e40d0, returned ok
05-09 19:57:51.064  2029  2224 I GStreamer+GST_ELEMENT_FACTORY: 0:06:35.452846464 0xf3d043b0 gstelementfactory.c:364:gst_element_factory_create creating element "h264parse"
05-09 19:57:51.065  2029  2225 D GStreamer+qtdemux: 0:06:35.452885787 0xf3d19ac0 qtdemux.c:7675:qtdemux_parse_samples:<q> parsing up to sample 16
05-09 19:57:51.065  2029  2224 D GStreamer+baseparse: 0:06:35.452915891 0xf3d043b0 gstbaseparse.c:607:gst_base_parse_init:<GstBaseParse@0xf3ea23e8> gst_base_parse_init
05-09 19:57:51.065  2029  2225 D GStreamer+qtdemux: 0:06:35.452931881 0xf3d19ac0 qtdemux.c:7882:qtdemux_parse_samples:<q> sample 16: index 1, timestamp 0:00:00.338000000
05-09 19:57:51.065  2029  2225 D GStreamer+qtdemux: 0:06:35.452969016 0xf3d19ac0 qtdemux.c:7937:qtdemux_parse_samples:<q> samples at 16 is keyframe
05-09 19:57:51.065  2029  2224 D GStreamer+GST_PADS: 0:06:35.452995110 0xf3d043b0 gstpad.c:1826:gst_pad_set_event_function_full:<'':sink> eventfunc for set to gst_base_parse_sink_event
05-09 19:57:51.065  2029  2225 D GStreamer+qtdemux: 0:06:35.453044954 0xf3d19ac0 qtdemux.c:5197:gst_qtdemux_loop_state_movie:<q> pushing from stream 0, empty 0 offset 734673, size 43074, dts=0:00:00.338000000, pts=0:00:00.338000000, duration 0:00:00.020000000
05-09 19:57:51.065  2029  2224 D GStreamer+GST_PADS: 0:06:35.453060735 0xf3d043b0 gstpad.c:1906:gst_pad_set_query_function_full:<'':sink> queryfunc set to gst_base_parse_sink_query
05-09 19:57:51.065  2029  2225 D GStreamer+basesrc: 0:06:35.453099433 0xf3d19ac0 gstbasesrc.c:2355:gst_base_src_update_length:<filesrc3> reading offset 734673, length 43074, size 16031303, segment.stop -1, maxsize 16031303
05-09 19:57:51.065  2029  2225 D GStreamer+basesrc: 0:06:35.453137089 0xf3d19ac0 gstbasesrc.c:2456:gst_base_src_get_range:<filesrc3> calling create offset 734673 length 43074, time 0
05-09 19:57:51.065  2029  2225 D GStreamer+GST_MEMORY: 0:06:35.453177558 0xf3d19ac0 gstmemory.c:138:gst_memory_init new memory 0xf3c037c0, maxsize:43077 offset:0 size:43074
05-09 19:57:51.065  2029  2225 D GStreamer+basesrc: 0:06:35.453235839 0xf3d19ac0 gstbasesrc.c:2310:gst_base_src_do_sync:<filesrc3> we have no clock
05-09 19:57:51.065  2029  2225 D GStreamer+basesrc: 0:06:35.453267870 0xf3d19ac0 gstbasesrc.c:2520:gst_base_src_get_range:<filesrc3> buffer ok
05-09 19:57:51.065  2029  2225 D GStreamer+GST_SCHEDULING: 0:06:35.453340318 0xf3d19ac0 gstpad.c:4153:gst_pad_chain_data_unchecked:<queue8:sink> calling chainfunction &gst_queue_chain with buffer buffer: 0xf3ac3b40, pts 0:00:00.338000000, dts 0:00:00.338000000, dur 0:00:00.020000000, size 43074, offset none, offset_end none, flags 0x0
05-09 19:57:51.065  2029  2225 D GStreamer+GST_SCHEDULING: 0:06:35.453393756 0xf3d19ac0 gstpad.c:4159:gst_pad_chain_data_unchecked:<queue8:sink> called chainfunction &gst_queue_chain with buffer 0xf3ac3b40, returned ok
05-09 19:57:51.065  2029  2225 D GStreamer+qtdemux: 0:06:35.453431568 0xf3d19ac0 qtdemux.c:7675:qtdemux_parse_samples:<q> parsing up to sample 17
05-09 19:57:51.065  2029  2225 D GStreamer+qtdemux: 0:06:35.453475579 0xf3d19ac0 qtdemux.c:7882:qtdemux_parse_samples:<q> sample 17: index 0, timestamp 0:00:00.358000000
05-09 19:57:51.065  2029  2225 D GStreamer+qtdemux: 0:06:35.453508235 0xf3d19ac0 qtdemux.c:7937:qtdemux_parse_samples:<q> samples at 17 is keyframe
05-09 19:57:51.065  2029  2225 D GStreamer+qtdemux: 0:06:35.453567818 0xf3d19ac0 qtdemux.c:5197:gst_qtdemux_loop_state_movie:<q> pushing from stream 0, empty 0 offset 777747, size 41846, dts=0:00:00.358000000, pts=0:00:00.358000000, duration 0:00:00.019666666
05-09 19:57:51.065  2029  2225 D GStreamer+basesrc: 0:06:35.453618079 0xf3d19ac0 gstbasesrc.c:2355:gst_base_src_update_length:<filesrc3> reading offset 777747, length 41846, size 16031303, segment.stop -1, maxsize 16031303
05-09 19:57:51.065  2029  2225 D GStreamer+basesrc: 0:06:35.453655318 0xf3d19ac0 gstbasesrc.c:2456:gst_base_src_get_range:<filesrc3> calling create offset 777747 length 41846, time 0
05-09 19:57:51.065  2029  2225 D GStreamer+GST_MEMORY: 0:06:35.453695058 0xf3d19ac0 gstmemory.c:138:gst_memory_init new memory 0xf3b53f78, maxsize:41849 offset:0 size:41846
05-09 19:57:51.065  2029  2224 D GStreamer+GST_PADS: 0:06:35.453155735 0xf3d043b0 gstpad.c:1720:gst_pad_set_chain_function_full:<'':sink> chainfunc set to gst_base_parse_chain
05-09 19:57:51.065  2029  2224 D GStreamer+GST_PADS: 0:06:35.453769485 0xf3d043b0 gstpad.c:1650:gst_pad_set_activate_function_full:<'':sink> activatefunc set to gst_base_parse_sink_activate
05-09 19:57:51.065  2029  2224 D GStreamer+GST_PADS: 0:06:35.453808704 0xf3d043b0 gstpad.c:1685:gst_pad_set_activatemode_function_full:<'':sink> activatemodefunc set to gst_base_parse_sink_activate_mode
05-09 19:57:51.065  2029  2224 I GStreamer+GST_ELEMENT_PADS: 0:06:35.453851568 0xf3d043b0 gstelement.c:659:gst_element_add_pad:<GstBaseParse@0xf3ea23e8> adding pad 'sink'
05-09 19:57:51.066  2029  2224 D GStreamer+GST_REFCOUNTING: 0:06:35.453913391 0xf3d043b0 gstobject.c:692:gst_object_set_parent:<'':sink> set parent (ref and sink)
05-09 19:57:51.066  2029  2224 D GStreamer+baseparse: 0:06:35.453954850 0xf3d043b0 gstbaseparse.c:628:gst_base_parse_init:<GstBaseParse@0xf3ea23e8> sinkpad created
05-09 19:57:51.066  2029  2224 D GStreamer+GST_PADS: 0:06:35.454029329 0xf3d043b0 gstpad.c:1826:gst_pad_set_event_function_full:<'':src> eventfunc for set to gst_base_parse_src_event
05-09 19:57:51.066  2029  2225 D GStreamer+basesrc: 0:06:35.454046516 0xf3d19ac0 gstbasesrc.c:2310:gst_base_src_do_sync:<filesrc3> we have no clock
05-09 19:57:51.066  2029  2224 D GStreamer+GST_PADS: 0:06:35.454085058 0xf3d043b0 gstpad.c:1906:gst_pad_set_query_function_full:<'':src> queryfunc set to gst_base_parse_src_query
05-09 19:57:51.066  2029  2225 D GStreamer+basesrc: 0:06:35.454106672 0xf3d19ac0 gstbasesrc.c:2520:gst_base_src_get_range:<filesrc3> buffer ok
05-09 19:57:51.066  2029  2224 I GStreamer+GST_ELEMENT_PADS: 0:06:35.454126829 0xf3d043b0 gstelement.c:659:gst_element_add_pad:<GstBaseParse@0xf3ea23e8> adding pad 'src'
05-09 19:57:51.066  2029  2224 D GStreamer+GST_REFCOUNTING: 0:06:35.454178912 0xf3d043b0 gstobject.c:692:gst_object_set_parent:<'':src> set parent (ref and sink)
05-09 19:57:51.066  2029  2225 D GStreamer+GST_SCHEDULING: 0:06:35.454204225 0xf3d19ac0 gstpad.c:4153:gst_pad_chain_data_unchecked:<queue8:sink> calling chainfunction &gst_queue_chain with buffer buffer: 0xf3b6b348, pts 0:00:00.358000000, dts 0:00:00.358000000, dur 0:00:00.019666666, size 41846, offset none, offset_end none, flags 0x0
05-09 19:57:51.066  2029  2224 D GStreamer+baseparse: 0:06:35.454221672 0xf3d043b0 gstbaseparse.c:640:gst_base_parse_init:<GstBaseParse@0xf3ea23e8> src created
05-09 19:57:51.066  2029  2225 D GStreamer+GST_SCHEDULING: 0:06:35.454259537 0xf3d19ac0 gstpad.c:4159:gst_pad_chain_data_unchecked:<queue8:sink> called chainfunction &gst_queue_chain with buffer 0xf3b6b348, returned ok
05-09 19:57:51.066  2029  2224 D GStreamer+baseparse: 0:06:35.454271152 0xf3d043b0 gstbaseparse.c:652:gst_base_parse_init:<GstBaseParse@0xf3ea23e8> init ok
05-09 19:57:51.066  2029  2225 D GStreamer+qtdemux: 0:06:35.454303339 0xf3d19ac0 qtdemux.c:7675:qtdemux_parse_samples:<q> parsing up to sample 18
05-09 19:57:51.066  2029  2224 I GStreamer+baseparse: 0:06:35.454312870 0xf3d043b0 gstbaseparse.c:3902:gst_base_parse_set_pts_interpolation:<GstH264Parse@0xf3ea23e8> PTS interpolation: no
05-09 19:57:51.066  2029  2225 D GStreamer+qtdemux: 0:06:35.454355006 0xf3d19ac0 qtdemux.c:7882:qtdemux_parse_samples:<q> sample 18: index 0, timestamp 0:00:00.377666666
05-09 19:57:51.066  2029  2224 D GStreamer+GST_ELEMENT_FACTORY: 0:06:35.454370631 0xf3d043b0 gstelementfactory.c:390:gst_element_factory_create created element "h264parse"
05-09 19:57:51.066  2029  2225 D GStreamer+qtdemux: 0:06:35.454398339 0xf3d19ac0 qtdemux.c:7937:qtdemux_parse_samples:<q> samples at 18 is keyframe
05-09 19:57:51.066  2029  2224 D GStreamer+GST_STATES: 0:06:35.454413964 0xf3d043b0 gstelement.c:1966:gst_element_set_locked_state locking state of element h264parse3
05-09 19:57:51.066  2029  2224 D GStreamer+GST_PARENTAGE: 0:06:35.454452714 0xf3d043b0 gstbin.c:1371:gst_bin_add adding element h264parse3 to bin forhwgl
05-09 19:57:51.066  2029  2225 D GStreamer+qtdemux: 0:06:35.454465631 0xf3d19ac0 qtdemux.c:5197:gst_qtdemux_loop_state_movie:<q> pushing from stream 0, empty 0 offset 819593, size 41797, dts=0:00:00.377666666, pts=0:00:00.377666666, duration 0:00:00.020000000
05-09 19:57:51.066  2029  2224 D GStreamer+bin: 0:06:35.454487870 0xf3d043b0 gstbin.c:1100:gst_bin_add_func:<forhwgl> element :h264parse3
05-09 19:57:51.066  2029  2224 D GStreamer+GST_REFCOUNTING: 0:06:35.454530266 0xf3d043b0 gstobject.c:692:gst_object_set_parent:<h264parse3> set parent (ref and sink)
05-09 19:57:51.066  2029  2225 D GStreamer+basesrc: 0:06:35.454537245 0xf3d19ac0 gstbasesrc.c:2355:gst_base_src_update_length:<filesrc3> reading offset 819593, length 41797, size 16031303, segment.stop -1, maxsize 16031303
05-09 19:57:51.066  2029  2224 D GStreamer+GST_PARENTAGE: 0:06:35.454566620 0xf3d043b0 gstelement.c:3040:gst_element_set_bus_func:<h264parse3> setting bus to 0xf3cfb0c8
05-09 19:57:51.066  2029  2225 D GStreamer+basesrc: 0:06:35.454579485 0xf3d19ac0 gstbasesrc.c:2456:gst_base_src_get_range:<filesrc3> calling create offset 819593 length 41797, time 0
05-09 19:57:51.066  2029  2225 D GStreamer+GST_MEMORY: 0:06:35.454628235 0xf3d19ac0 gstmemory.c:138:gst_memory_init new memory 0xf3bda4d0, maxsize:41800 offset:0 size:41797
05-09 19:57:51.066  2029  2224 D GStreamer+GST_CLOCK: 0:06:35.454642297 0xf3d043b0 gstelement.c:478:gst_element_set_base_time:<h264parse3> set base_time=0:00:00.000000000, old 0:00:00.000000000
05-09 19:57:51.066  2029  2225 D GStreamer+basesrc: 0:06:35.454690214 0xf3d19ac0 gstbasesrc.c:2310:gst_base_src_do_sync:<filesrc3> we have no clock
05-09 19:57:51.066  2029  2224 D GStreamer+GST_CLOCK: 0:06:35.454704485 0xf3d043b0 gstelement.c:540:gst_element_set_start_time:<h264parse3> set start_time=0:00:00.000000000, old 0:00:00.000000000
05-09 19:57:51.066  2029  2225 D GStreamer+basesrc: 0:06:35.454724329 0xf3d19ac0 gstbasesrc.c:2520:gst_base_src_get_range:<filesrc3> buffer ok
05-09 19:57:51.066  2029  2224 D GStreamer+GST_CLOCK: 0:06:35.454746464 0xf3d043b0 gstelement.c:418:gst_element_set_clock:<h264parse3> setting clock 0x0
05-09 19:57:51.066  2029  2224 D GStreamer+bin: 0:06:35.454791256 0xf3d043b0 gstbin.c:1215:gst_bin_add_func:<forhwgl> added SUCCESS element
05-09 19:57:51.066  2029  2225 D GStreamer+GST_SCHEDULING: 0:06:35.454801620 0xf3d19ac0 gstpad.c:4153:gst_pad_chain_data_unchecked:<queue8:sink> calling chainfunction &gst_queue_chain with buffer buffer: 0xf39e43f0, pts 0:00:00.377666666, dts 0:00:00.377666666, dur 0:00:00.020000000, size 41797, offset none, offset_end none, flags 0x0
05-09 19:57:51.066  2029  2224 D GStreamer+GST_PARENTAGE: 0:06:35.454832714 0xf3d043b0 gstbin.c:1295:gst_bin_add_func:<forhwgl> added element "h264parse3"
05-09 19:57:51.066  2029  2225 D GStreamer+GST_SCHEDULING: 0:06:35.454849693 0xf3d19ac0 gstpad.c:4159:gst_pad_chain_data_unchecked:<queue8:sink> called chainfunction &gst_queue_chain with buffer 0xf39e43f0, returned ok
05-09 19:57:51.067  2029  2225 D GStreamer+qtdemux: 0:06:35.454910162 0xf3d19ac0 qtdemux.c:7675:qtdemux_parse_samples:<q> parsing up to sample 19
05-09 19:57:51.067  2029  2225 D GStreamer+qtdemux: 0:06:35.454963600 0xf3d19ac0 qtdemux.c:7882:qtdemux_parse_samples:<q> sample 19: index 1, timestamp 0:00:00.397666666
05-09 19:57:51.067  2029  2224 D GStreamer+GST_BUS: 0:06:35.454979277 0xf3d043b0 gstbus.c:309:gst_bus_post:<bus16> [msg 0xf37f5ad0] posting on bus structure-change message: 0xf37f5ad0, time 99:99:99.999999999, seq-num 2022, element 'sink', GstMessageStructureChange, type=(GstStructureChangeType)GST_STRUCTURE_CHANGE_TYPE_PAD_LINK, owner=(GstElement)"\(GstTypeFindElement\)\ typefind", busy=(boolean)true;
05-09 19:57:51.067  2029  2225 D GStreamer+qtdemux: 0:06:35.455004016 0xf3d19ac0 qtdemux.c:7937:qtdemux_parse_samples:<q> samples at 19 is keyframe
05-09 19:57:51.067  2029  2224 D GStreamer+bin: 0:06:35.455029693 0xf3d043b0 gstbin.c:3528:gst_bin_handle_message_func:<forhwgl> [msg 0xf37f5ad0] handling child sink message of type structure-change
05-09 19:57:51.067  2029  2225 D GStreamer+qtdemux: 0:06:35.455078600 0xf3d19ac0 qtdemux.c:5197:gst_qtdemux_loop_state_movie:<q> pushing from stream 0, empty 0 offset 861390, size 41625, dts=0:00:00.397666666, pts=0:00:00.397666666, duration 0:00:00.020000000
05-09 19:57:51.067  2029  2224 D GStreamer+bin: 0:06:35.455093131 0xf3d043b0 gstbin.c:882:find_message:<forhwgl> no message found matching types 00001000
05-09 19:57:51.067  2029  2225 D GStreamer+basesrc: 0:06:35.455130058 0xf3d19ac0 gstbasesrc.c:2355:gst_base_src_update_length:<filesrc3> reading offset 861390, length 41625, size 16031303, segment.stop -1, maxsize 16031303
05-09 19:57:51.067  2029  2224 D GStreamer+bin: 0:06:35.455144225 0xf3d043b0 gstbin.c:889:find_message:<forhwgl>   structure-change
05-09 19:57:51.067  2029  2225 D GStreamer+basesrc: 0:06:35.455170318 0xf3d19ac0 gstbasesrc.c:2456:gst_base_src_get_range:<filesrc3> calling create offset 861390 length 41625, time 0
05-09 19:57:51.067  2029  2224 D GStreamer+bin: 0:06:35.455187297 0xf3d043b0 gstbin.c:929:bin_replace_message:<forhwgl> got new message 0xf37f5ad0, structure-change from sink
05-09 19:57:51.067  2029  2225 D GStreamer+GST_MEMORY: 0:06:35.455218027 0xf3d19ac0 gstmemory.c:138:gst_memory_init new memory 0xf3bcdcd0, maxsize:41628 offset:0 size:41625
05-09 19:57:51.067  2029  2224 D GStreamer+GST_BUS: 0:06:35.455232610 0xf3d043b0 gstbus.c:344:gst_bus_post:<bus16> [msg 0xf37f5ad0] dropped
05-09 19:57:51.067  2029  2224 I GStreamer+GST_PADS: 0:06:35.455276464 0xf3d043b0 gstpad.c:2292:gst_pad_link_prepare trying to link typefind:src and h264parse3:sink
05-09 19:57:51.067  2029  2225 D GStreamer+basesrc: 0:06:35.455294329 0xf3d19ac0 gstbasesrc.c:2310:gst_base_src_do_sync:<filesrc3> we have no clock
05-09 19:57:51.067  2029  2224 I GStreamer+GST_PADS: 0:06:35.455318756 0xf3d043b0 gstpad.c:2498:gst_pad_link_full linked typefind:src and h264parse3:sink, successful
05-09 19:57:51.067  2029  2225 D GStreamer+basesrc: 0:06:35.455334589 0xf3d19ac0 gstbasesrc.c:2520:gst_base_src_get_range:<filesrc3> buffer ok
05-09 19:57:51.067  2029  2224 I GStreamer+GST_EVENT: 0:06:35.455351725 0xf3d043b0 gstevent.c:1382:gst_event_new_reconfigure creating reconfigure event
05-09 19:57:51.067  2029  2224 D GStreamer+GST_EVENT: 0:06:35.455395683 0xf3d043b0 gstevent.c:302:gst_event_new_custom creating new event 0xf3d33988 reconfigure 61441
05-09 19:57:51.067  2029  2225 D GStreamer+GST_SCHEDULING: 0:06:35.455419641 0xf3d19ac0 gstpad.c:4153:gst_pad_chain_data_unchecked:<queue8:sink> calling chainfunction &gst_queue_chain with buffer buffer: 0xf39e6d40, pts 0:00:00.397666666, dts 0:00:00.397666666, dur 0:00:00.020000000, size 41625, offset none, offset_end none, flags 0x0
05-09 19:57:51.067  2029  2224 D GStreamer+GST_EVENT: 0:06:35.455454329 0xf3d043b0 gstpad.c:5496:gst_pad_send_event_unchecked:<typefind:src> have event type reconfigure event: 0xf3d33988, time 99:99:99.999999999, seq-num 2023, (NULL)
05-09 19:57:51.067  2029  2225 D GStreamer+GST_SCHEDULING: 0:06:35.455483600 0xf3d19ac0 gstpad.c:4159:gst_pad_chain_data_unchecked:<queue8:sink> called chainfunction &gst_queue_chain with buffer 0xf39e6d40, returned ok
05-09 19:57:51.067  2029  2224 D GStreamer+GST_PADS: 0:06:35.455509641 0xf3d043b0 gstpad.c:5569:gst_pad_send_event_unchecked:<typefind:src> sent event, ret error
05-09 19:57:51.067  2029  2225 D GStreamer+qtdemux: 0:06:35.455529589 0xf3d19ac0 qtdemux.c:7675:qtdemux_parse_samples:<q> parsing up to sample 20
05-09 19:57:51.067  2029  2225 D GStreamer+qtdemux: 0:06:35.455581881 0xf3d19ac0 qtdemux.c:7882:qtdemux_parse_samples:<q> sample 20: index 0, timestamp 0:00:00.417666666
05-09 19:57:51.067  2029  2224 D GStreamer+GST_BUS: 0:06:35.455641620 0xf3d043b0 gstbus.c:309:gst_bus_post:<bus16> [msg 0xf37f5918] posting on bus structure-change message: 0xf37f5918, time 99:99:99.999999999, seq-num 2024, element 'sink', GstMessageStructureChange, type=(GstStructureChangeType)GST_STRUCTURE_CHANGE_TYPE_PAD_LINK, owner=(GstElement)"\(GstTypeFindElement\)\ typefind", busy=(boolean)false;
05-09 19:57:51.067  2029  2225 D GStreamer+qtdemux: 0:06:35.455658339 0xf3d19ac0 qtdemux.c:7937:qtdemux_parse_samples:<q> samples at 20 is keyframe
05-09 19:57:51.067  2029  2224 D GStreamer+bin: 0:06:35.455686881 0xf3d043b0 gstbin.c:3528:gst_bin_handle_message_func:<forhwgl> [msg 0xf37f5918] handling child sink message of type structure-change
05-09 19:57:51.067  2029  2225 D GStreamer+qtdemux: 0:06:35.455732870 0xf3d19ac0 qtdemux.c:5197:gst_qtdemux_loop_state_movie:<q> pushing from stream 0, empty 0 offset 903015, size 41700, dts=0:00:00.417666666, pts=0:00:00.417666666, duration 0:00:00.019666667
05-09 19:57:51.067  2029  2224 D GStreamer+bin: 0:06:35.455750006 0xf3d043b0 gstbin.c:957:bin_remove_messages:<h264parse3:sink> deleting message 0xf37f5ad0 of types 0x00001000
05-09 19:57:51.067  2029  2225 D GStreamer+basesrc: 0:06:35.455785579 0xf3d19ac0 gstbasesrc.c:2355:gst_base_src_update_length:<filesrc3> reading offset 903015, length 41700, size 16031303, segment.stop -1, maxsize 16031303
05-09 19:57:51.067  2029  2224 D GStreamer+bin: 0:06:35.455801933 0xf3d043b0 gstbin.c:963:bin_remove_messages:<forhwgl> not deleting message 0xf3ab9f80 of type 0x00100000
05-09 19:57:51.067  2029  2225 D GStreamer+basesrc: 0:06:35.455833808 0xf3d19ac0 gstbasesrc.c:2456:gst_base_src_get_range:<filesrc3> calling create offset 903015 length 41700, time 0
05-09 19:57:51.068  2029  2224 D GStreamer+GST_BUS: 0:06:35.455925787 0xf3d043b0 gstbus.c:344:gst_bus_post:<bus16> [msg 0xf37f5918] dropped
05-09 19:57:51.068  2029  2225 D GStreamer+GST_MEMORY: 0:06:35.455941152 0xf3d19ac0 gstmemory.c:138:gst_memory_init new memory 0xf3d7ba88, maxsize:41703 offset:0 size:41700
05-09 19:57:51.068  2029  2224 D GStreamer+GST_STATES: 0:06:35.455970475 0xf3d043b0 gstelement.c:2523:gst_element_set_state_func:<h264parse3> set_state to READY
05-09 19:57:51.068  2029  2224 D GStreamer+GST_STATES: 0:06:35.456006100 0xf3d043b0 gstelement.c:2548:gst_element_set_state_func:<h264parse3> setting target state to READY
05-09 19:57:51.068  2029  2224 D GStreamer+GST_STATES: 0:06:35.456045527 0xf3d043b0 gstelement.c:2561:gst_element_set_state_func:<h264parse3> current NULL, old_pending VOID_PENDING, next VOID_PENDING, old return SUCCESS
05-09 19:57:51.068  2029  2224 D GStreamer+GST_STATES: 0:06:35.456087141 0xf3d043b0 gstelement.c:2595:gst_element_set_state_func:<h264parse3> final: setting state from NULL to READY
05-09 19:57:51.068  2029  2224 D GStreamer+GST_STATES: 0:06:35.456126308 0xf3d043b0 gstelement.c:2684:gst_element_change_state:<h264parse3> element changed state SUCCESS
05-09 19:57:51.068  2029  2224 I GStreamer+GST_STATES: 0:06:35.456162141 0xf3d043b0 gstelement.c:2372:gst_element_continue_state:<h264parse3> completed state change to READY
05-09 19:57:51.068  2029  2225 D GStreamer+basesrc: 0:06:35.456203339 0xf3d19ac0 gstbasesrc.c:2310:gst_base_src_do_sync:<filesrc3> we have no clock
05-09 19:57:51.068  2029  2224 I GStreamer+GST_STATES: 0:06:35.456219172 0xf3d043b0 gstelement.c:2277:_priv_gst_element_state_changed:<h264parse3> notifying about state-changed NULL to READY (VOID_PENDING pending)
05-09 19:57:51.068  2029  2225 D GStreamer+basesrc: 0:06:35.456240527 0xf3d19ac0 gstbasesrc.c:2520:gst_base_src_get_range:<filesrc3> buffer ok
05-09 19:57:51.068  2029  2224 D GStreamer+GST_BUS: 0:06:35.456323912 0xf3d043b0 gstbus.c:309:gst_bus_post:<bus16> [msg 0xf37f58c0] posting on bus state-changed message: 0xf37f58c0, time 99:99:99.999999999, seq-num 2025, element 'h264parse3', GstMessageStateChanged, old-state=(GstState)GST_STATE_NULL, new-state=(GstState)GST_STATE_READY, pending-state=(GstState)GST_STATE_VOID_PENDING;
05-09 19:57:51.068  2029  2225 D GStreamer+GST_SCHEDULING: 0:06:35.456344850 0xf3d19ac0 gstpad.c:4153:gst_pad_chain_data_unchecked:<queue8:sink> calling chainfunction &gst_queue_chain with buffer buffer: 0xf3b63678, pts 0:00:00.417666666, dts 0:00:00.417666666, dur 0:00:00.019666667, size 41700, offset none, offset_end none, flags 0x0
05-09 19:57:51.068  2029  2224 D GStreamer+bin: 0:06:35.456373547 0xf3d043b0 gstbin.c:3528:gst_bin_handle_message_func:<forhwgl> [msg 0xf37f58c0] handling child h264parse3 message of type state-changed
05-09 19:57:51.068  2029  2225 D GStreamer+GST_SCHEDULING: 0:06:35.456399329 0xf3d19ac0 gstpad.c:4159:gst_pad_chain_data_unchecked:<queue8:sink> called chainfunction &gst_queue_chain with buffer 0xf3b63678, returned ok
05-09 19:57:51.068  2029  2224 D GStreamer+bin: 0:06:35.456414589 0xf3d043b0 gstbin.c:3865:gst_bin_handle_message_func:<forhwgl> posting message upward
05-09 19:57:51.068  2029  2225 D GStreamer+qtdemux: 0:06:35.456441881 0xf3d19ac0 qtdemux.c:7675:qtdemux_parse_samples:<q> parsing up to sample 21
05-09 19:57:51.068  2029  2224 D GStreamer+GST_BUS: 0:06:35.456489016 0xf3d043b0 gstbus.c:309:gst_bus_post:<bus18> [msg 0xf37f58c0] posting on bus state-changed message: 0xf37f58c0, time 99:99:99.999999999, seq-num 2025, element 'h264parse3', GstMessageStateChanged, old-state=(GstState)GST_STATE_NULL, new-state=(GstState)GST_STATE_READY, pending-state=(GstState)GST_STATE_VOID_PENDING;
05-09 19:57:51.068  2029  2225 D GStreamer+qtdemux: 0:06:35.456499745 0xf3d19ac0 qtdemux.c:7882:qtdemux_parse_samples:<q> sample 21: index 0, timestamp 0:00:00.437333333
05-09 19:57:51.068  2029  2224 D GStreamer+bin: 0:06:35.456533652 0xf3d043b0 gstbin.c:3528:gst_bin_handle_message_func:<pipeline3> [msg 0xf37f58c0] handling child h264parse3 message of type state-changed
05-09 19:57:51.068  2029  2225 D GStreamer+qtdemux: 0:06:35.456548704 0xf3d19ac0 qtdemux.c:7937:qtdemux_parse_samples:<q> samples at 21 is keyframe
05-09 19:57:51.068  2029  2224 D GStreamer+bin: 0:06:35.456569537 0xf3d043b0 gstbin.c:3865:gst_bin_handle_message_func:<pipeline3> posting message upward
05-09 19:57:51.068  2029  2225 D GStreamer+qtdemux: 0:06:35.456620631 0xf3d19ac0 qtdemux.c:5197:gst_qtdemux_loop_state_movie:<q> pushing from stream 0, empty 0 offset 944715, size 41690, dts=0:00:00.437333333, pts=0:00:00.437333333, duration 0:00:00.020000000
05-09 19:57:51.068  2029  2224 D GStreamer+GST_BUS: 0:06:35.456644537 0xf3d043b0 gstbus.c:309:gst_bus_post:<bus19> [msg 0xf37f58c0] posting on bus state-changed message: 0xf37f58c0, time 99:99:99.999999999, seq-num 2025, element 'h264parse3', GstMessageStateChanged, old-state=(GstState)GST_STATE_NULL, new-state=(GstState)GST_STATE_READY, pending-state=(GstState)GST_STATE_VOID_PENDING;
05-09 19:57:51.068  2029  2225 D GStreamer+basesrc: 0:06:35.456682037 0xf3d19ac0 gstbasesrc.c:2355:gst_base_src_update_length:<filesrc3> reading offset 944715, length 41690, size 16031303, segment.stop -1, maxsize 16031303
05-09 19:57:51.068  2029  2224 D GStreamer+GST_BUS: 0:06:35.456697922 0xf3d043b0 gstbus.c:348:gst_bus_post:<bus19> [msg 0xf37f58c0] pushing on async queue
05-09 19:57:51.068  2029  2225 D GStreamer+basesrc: 0:06:35.456724329 0xf3d19ac0 gstbasesrc.c:2456:gst_base_src_get_range:<filesrc3> calling create offset 944715 length 41690, time 0
05-09 19:57:51.068  2029  2224 D GStreamer+GST_BUS: 0:06:35.456745787 0xf3d043b0 gstbus.c:351:gst_bus_post:<bus19> [msg 0xf37f58c0] pushed on async queue
05-09 19:57:51.068  2029  2225 D GStreamer+GST_MEMORY: 0:06:35.456768600 0xf3d19ac0 gstmemory.c:138:gst_memory_init new memory 0xf3c760e0, maxsize:41693 offset:0 size:41690
05-09 19:57:51.068  2029  2224 D GStreamer+GST_BUS: 0:06:35.456797714 0xf3d043b0 gstbus.c:344:gst_bus_post:<bus18> [msg 0xf37f58c0] dropped
05-09 19:57:51.068  2029  2216 D GStreamer+GST_BUS: 0:06:35.456812662 0xf3d321c0 gstbus.c:521:gst_bus_timed_pop_filtered:<bus19> got message 0xf37f58c0, state-changed from h264parse3, type mask is 4294967295
05-09 19:57:51.068  2029  2225 D GStreamer+basesrc: 0:06:35.456846204 0xf3d19ac0 gstbasesrc.c:2310:gst_base_src_do_sync:<filesrc3> we have no clock
05-09 19:57:51.069  2029  2224 D GStreamer+GST_BUS: 0:06:35.456860943 0xf3d043b0 gstbus.c:344:gst_bus_post:<bus16> [msg 0xf37f58c0] dropped
05-09 19:57:51.069  2029  2225 D GStreamer+basesrc: 0:06:35.456912402 0xf3d19ac0 gstbasesrc.c:2520:gst_base_src_get_range:<filesrc3> buffer ok
05-09 19:57:51.069  2029  2224 D GStreamer+GST_STATES: 0:06:35.456927454 0xf3d043b0 gstelement.c:2607:gst_element_set_state_func:<h264parse3> returned SUCCESS
05-09 19:57:51.069  2029  2216 D GStreamer+GST_BUS: 0:06:35.456958756 0xf3d321c0 gstbus.c:789:gst_bus_source_dispatch:<bus19> source 0xf39d9b18 calling dispatch with state-changed message: 0xf37f58c0, time 99:99:99.999999999, seq-num 2025, element 'h264parse3', GstMessageStateChanged, old-state=(GstState)GST_STATE_NULL, new-state=(GstState)GST_STATE_READY, pending-state=(GstState)GST_STATE_VOID_PENDING;
05-09 19:57:51.069  2029  2216 D GStreamer+GST_BUS: 0:06:35.457047662 0xf3d321c0 gstbus.c:794:gst_bus_source_dispatch:<bus19> source 0xf39d9b18 handler returns 1
05-09 19:57:51.069  2029  2225 D GStreamer+GST_SCHEDULING: 0:06:35.457020891 0xf3d19ac0 gstpad.c:4153:gst_pad_chain_data_unchecked:<queue8:sink> calling chainfunction &gst_queue_chain with buffer buffer: 0xf3b63178, pts 0:00:00.437333333, dts 0:00:00.437333333, dur 0:00:00.020000000, size 41690, offset none, offset_end none, flags 0x0
05-09 19:57:51.069  2029  2224 D GStreamer+GST_CAPS: 0:06:35.457090943 0xf3d043b0 gstutils.c:2921:gst_pad_query_accept_caps:<h264parse3:sink> accept caps of video/x-h264, stream-format=(string)avc, alignment=(string)au, level=(string)4, profile=(string)baseline, codec_data=(buffer)01428028ffe1000a27428028e54028016b2001000528de01ae20, width=(int)1280, height=(int)1440, framerate=(fraction)151/3, pixel-aspect-ratio=(fraction)1/1
05-09 19:57:51.069  2029  2225 D GStreamer+GST_SCHEDULING: 0:06:35.457117714 0xf3d19ac0 gstpad.c:4159:gst_pad_chain_data_unchecked:<queue8:sink> called chainfunction &gst_queue_chain with buffer 0xf3b63178, returned ok
05-09 19:57:51.069  2029  2224 D GStreamer+query: 0:06:35.457142454 0xf3d043b0 gstquery.c:674:gst_query_new_custom creating new query 0xf3ac6860 accept-caps
05-09 19:57:51.069  2029  2225 D GStreamer+qtdemux: 0:06:35.457162193 0xf3d19ac0 qtdemux.c:7675:qtdemux_parse_samples:<q> parsing up to sample 22
05-09 19:57:51.069  2029  2224 D GStreamer+GST_PADS: 0:06:35.457186464 0xf3d043b0 gstpad.c:3882:gst_pad_query:<h264parse3:sink> doing query 0xf3ac6860 (accept-caps)
05-09 19:57:51.069  2029  2225 D GStreamer+qtdemux: 0:06:35.457215943 0xf3d19ac0 qtdemux.c:7882:qtdemux_parse_samples:<q> sample 22: index 1, timestamp 0:00:00.457333333
05-09 19:57:51.069  2029  2224 D GStreamer+baseparse: 0:06:35.457240735 0xf3d043b0 gstbaseparse.c:1555:gst_base_parse_sink_query:<h264parse3> accept-caps query
05-09 19:57:51.069  2029  2225 D GStreamer+qtdemux: 0:06:35.457260162 0xf3d19ac0 qtdemux.c:7937:qtdemux_parse_samples:<q> samples at 22 is keyframe
05-09 19:57:51.069  2029  2225 D GStreamer+qtdemux: 0:06:35.457333391 0xf3d19ac0 qtdemux.c:5197:gst_qtdemux_loop_state_movie:<q> pushing from stream 0, empty 0 offset 986405, size 41737, dts=0:00:00.457333333, pts=0:00:00.457333333, duration 0:00:00.020000000
05-09 19:57:51.069  2029  2224 D GStreamer+GST_PADS: 0:06:35.457358860 0xf3d043b0 gstpad.c:3035:gst_pad_query_accept_caps_default:<h264parse3:sink> query accept-caps accept-caps query: 0xf3ac6860, GstQueryAcceptCaps, caps=(GstCaps)"video/x-h264\,\ stream-format\=\(string\)avc\,\ alignment\=\(string\)au\,\ level\=\(string\)4\,\ profile\=\(string\)baseline\,\ codec_data\=\(buffer\)01428028ffe1000a27428028e54028016b2001000528de01ae20\,\ width\=\(int\)1280\,\ height\=\(int\)1440\,\ framerate\=\(fraction\)151/3\,\ pixel-aspect-ratio\=\(fraction\)1/1", result=(boolean)false;
05-09 19:57:51.069  2029  2225 D GStreamer+basesrc: 0:06:35.457391047 0xf3d19ac0 gstbasesrc.c:2355:gst_base_src_update_length:<filesrc3> reading offset 986405, length 41737, size 16031303, segment.stop -1, maxsize 16031303
05-09 19:57:51.069  2029  2224 D GStreamer+GST_PERFORMANCE: 0:06:35.457401516 0xf3d043b0 gstpad.c:3050:gst_pad_query_accept_caps_default:<h264parse3:sink> fallback ACCEPT_CAPS query, consider implementing a specialized version
05-09 19:57:51.069  2029  2225 D GStreamer+basesrc: 0:06:35.457429850 0xf3d19ac0 gstbasesrc.c:2456:gst_base_src_get_range:<filesrc3> calling create offset 986405 length 41737, time 0
05-09 19:57:51.069  2029  2225 D GStreamer+GST_MEMORY: 0:06:35.457480006 0xf3d19ac0 gstmemory.c:138:gst_memory_init new memory 0xf3c80418, maxsize:41740 offset:0 size:41737
05-09 19:57:51.069  2029  2224 D GStreamer+GST_PADS: 0:06:35.457497610 0xf3d043b0 gstpad.c:3061:gst_pad_query_accept_caps_default:<h264parse3:sink> allowed caps intersect video/x-h264, caps video/x-h264, stream-format=(string)avc, alignment=(string)au, level=(string)4, profile=(string)baseline, codec_data=(buffer)01428028ffe1000a27428028e54028016b2001000528de01ae20, width=(int)1280, height=(int)1440, framerate=(fraction)151/3, pixel-aspect-ratio=(fraction)1/1
05-09 19:57:51.069  2029  2225 D GStreamer+basesrc: 0:06:35.457543860 0xf3d19ac0 gstbasesrc.c:2310:gst_base_src_do_sync:<filesrc3> we have no clock
05-09 19:57:51.069  2029  2224 D GStreamer+GST_PADS: 0:06:35.457560891 0xf3d043b0 gstpad.c:3339:gst_pad_query_default:<h264parse3:sink> not forwarding 0xf3ac6860 (accept-caps) query
05-09 19:57:51.069  2029  2225 D GStreamer+basesrc: 0:06:35.457582766 0xf3d19ac0 gstbasesrc.c:2520:gst_base_src_get_range:<filesrc3> buffer ok
05-09 19:57:51.069  2029  2224 D GStreamer+GST_PADS: 0:06:35.457608860 0xf3d043b0 gstpad.c:3905:gst_pad_query:<h264parse3:sink> sent query 0xf3ac6860 (accept-caps), result 1
05-09 19:57:51.069  2029  2224 D GStreamer+default: 0:06:35.457658704 0xf3d043b0 gstutils.c:2926:gst_pad_query_accept_caps:<h264parse3:sink> query returned 1
05-09 19:57:51.069  2029  2225 D GStreamer+GST_SCHEDULING: 0:06:35.457676204 0xf3d19ac0 gstpad.c:4153:gst_pad_chain_data_unchecked:<queue8:sink> calling chainfunction &gst_queue_chain with buffer buffer: 0xf3d02c90, pts 0:00:00.457333333, dts 0:00:00.457333333, dur 0:00:00.020000000, size 41737, offset none, offset_end none, flags 0x0
05-09 19:57:51.069  2029  2224 D GStreamer+decodebin: 0:06:35.457719433 0xf3d043b0 gstdecodebin2.c:2658:connect_element:<forhwgl> Attempting to connect element h264parse3 [chain:0xf3d6f9f0] further
05-09 19:57:51.069  2029  2225 D GStreamer+GST_SCHEDULING: 0:06:35.457729485 0xf3d19ac0 gstpad.c:4159:gst_pad_chain_data_unchecked:<queue8:sink> called chainfunction &gst_queue_chain with buffer 0xf3d02c90, returned ok
05-09 19:57:51.069  2029  2224 D GStreamer+decodebin: 0:06:35.457754068 0xf3d043b0 gstdecodebin2.c:2671:connect_element:<forhwgl> got a source pad template src
05-09 19:57:51.069  2029  2225 D GStreamer+qtdemux: 0:06:35.457769693 0xf3d19ac0 qtdemux.c:7675:qtdemux_parse_samples:<q> parsing up to sample 23
05-09 19:57:51.069  2029  2224 I GStreamer+GST_ELEMENT_PADS: 0:06:35.457792402 0xf3d043b0 gstelement.c:907:gst_element_get_static_pad found pad h264parse3:src
05-09 19:57:51.069  2029  2225 D GStreamer+qtdemux: 0:06:35.457819485 0xf3d19ac0 qtdemux.c:7882:qtdemux_parse_samples:<q> sample 23: index 0, timestamp 0:00:00.477333333
05-09 19:57:51.069  2029  2224 D GStreamer+decodebin: 0:06:35.457832714 0xf3d043b0 gstdecodebin2.c:2682:connect_element:<forhwgl> got the pad for always template src
05-09 19:57:51.070  2029  2225 D GStreamer+qtdemux: 0:06:35.457856047 0xf3d19ac0 qtdemux.c:7937:qtdemux_parse_samples:<q> samples at 23 is keyframe
05-09 19:57:51.070  2029  2224 D GStreamer+GST_CAPS: 0:06:35.457891933 0xf3d043b0 gstpad.c:2648:gst_pad_get_current_caps:<h264parse3:src> get current pad caps (NULL)
05-09 19:57:51.070  2029  2225 D GStreamer+qtdemux: 0:06:35.457938808 0xf3d19ac0 qtdemux.c:5197:gst_qtdemux_loop_state_movie:<q> pushing from stream 0, empty 0 offset 1028142, size 42195, dts=0:00:00.477333333, pts=0:00:00.477333333, duration 0:00:00.019666667
05-09 19:57:51.070  2029  2224 D GStreamer+GST_CAPS: 0:06:35.457955839 0xf3d043b0 gstutils.c:2838:gst_pad_query_caps:<h264parse3:src> get pad caps with filter (NULL)
05-09 19:57:51.070  2029  2224 D GStreamer+query: 0:06:35.458003131 0xf3d043b0 gstquery.c:674:gst_query_new_custom creating new query 0xf3ac6920 caps
05-09 19:57:51.070  2029  2225 D GStreamer+basesrc: 0:06:35.458010006 0xf3d19ac0 gstbasesrc.c:2355:gst_base_src_update_length:<filesrc3> reading offset 1028142, length 42195, size 16031303, segment.stop -1, maxsize 16031303
