05-09 19:57:51.302  2029  2235 D GStreamer+GST_PADS: 0:06:35.689857818 0xf3d04180 gstpad.c:4009:gst_pad_peer_query:<sink:sink> peer query 0xf3d33e60 (latency)
05-09 19:57:51.302  2029  2224 D GStreamer+amcvideodec: 0:06:35.689891360 0xf3d043b0 gstamcvideodec.c:2239:gst_amc_video_dec_handle_frame:<amcvideodec-omxnvidiah264decode2> Queueing buffer 4: size 51701 time 99333 flags 0x00000001
05-09 19:57:51.302  2029  2235 D GStreamer+GST_PADS: 0:06:35.689930943 0xf3d04180 gstpad.c:3882:gst_pad_query:<glcolorbalance3:src> doing query 0xf3d33e60 (latency)
05-09 19:57:51.302  2029  2235 D GStreamer+GST_PADS: 0:06:35.689980474 0xf3d04180 gstpad.c:4009:gst_pad_peer_query:<glcolorbalance3:sink> peer query 0xf3d33e60 (latency)
05-09 19:57:51.302  2029  2235 D GStreamer+GST_PADS: 0:06:35.690046933 0xf3d04180 gstpad.c:3882:gst_pad_query:<glcolorconvertelement3:src> doing query 0xf3d33e60 (latency)
05-09 19:57:51.302  2029  2224 D GStreamer+GST_SCHEDULING: 0:06:35.690084537 0xf3d043b0 gstpad.c:4159:gst_pad_chain_data_unchecked:<amcvideodec-omxnvidiah264decode2:sink> called chainfunction &gst_video_decoder_chain with buffer 0xf39e4670, returned ok
05-09 19:57:51.302  2029  2235 D GStreamer+GST_PADS: 0:06:35.690128704 0xf3d04180 gstpad.c:4009:gst_pad_peer_query:<glcolorconvertelement3:sink> peer query 0xf3d33e60 (latency)
05-09 19:57:51.302  2029  2224 D GStreamer+GST_SCHEDULING: 0:06:35.690160631 0xf3d043b0 gstpad.c:4159:gst_pad_chain_data_unchecked:<capsfilter3:sink> called chainfunction &gst_base_transform_chain with buffer 0xf39e4670, returned ok
05-09 19:57:51.302  2029  2235 D GStreamer+GST_PADS: 0:06:35.690190006 0xf3d04180 gstpad.c:3882:gst_pad_query:<gluploadelement3:src> doing query 0xf3d33e60 (latency)
05-09 19:57:51.302  2029  2224 D GStreamer+baseparse: 0:06:35.690216204 0xf3d043b0 gstbaseparse.c:3153:gst_base_parse_chain:<h264parse3> not enough data available (only 0 bytes)
05-09 19:57:51.302  2029  2235 D GStreamer+GST_PADS: 0:06:35.690259068 0xf3d04180 gstpad.c:4009:gst_pad_peer_query:<gluploadelement3:sink> peer query 0xf3d33e60 (latency)
05-09 19:57:51.302  2029  2224 D GStreamer+GST_SCHEDULING: 0:06:35.690276047 0xf3d043b0 gstpad.c:4159:gst_pad_chain_data_unchecked:<h264parse3:sink> called chainfunction &gst_base_parse_chain with buffer 0xf3ac38c0, returned ok
05-09 19:57:51.302  2029  2224 D GStreamer+GST_SCHEDULING: 0:06:35.690335370 0xf3d043b0 gstpad.c:4159:gst_pad_chain_data_unchecked:<typefind:sink> called chainfunction &gst_type_find_element_chain with buffer 0xf3ac38c0, returned ok
05-09 19:57:51.302  2029  2235 D GStreamer+GST_PADS: 0:06:35.690305266 0xf3d04180 gstpad.c:3882:gst_pad_query:<sink:proxypad13> doing query 0xf3d33e60 (latency)
05-09 19:57:51.302  2029  2224 D GStreamer+GST_SCHEDULING: 0:06:35.690385579 0xf3d043b0 gstpad.c:4159:gst_pad_chain_data_unchecked:<forhwgl:sink> called chainfunction &gst_proxy_pad_chain_default with buffer 0xf3ac38c0, returned ok
05-09 19:57:51.302  2029  2235 D GStreamer+query: 0:06:35.690403339 0xf3d04180 gstquery.c:674:gst_query_new_custom creating new query 0xf3d33f50 latency
05-09 19:57:51.302  2029  2225 D GStreamer+queue_dataflow: 0:06:35.690447297 0xf3d19ac0 gstqueue.c:1204:gst_queue_chain_buffer_or_list:<queue8> queue is not full
05-09 19:57:51.302  2029  2235 D GStreamer+GST_PADS: 0:06:35.690465891 0xf3d04180 gstpad.c:4009:gst_pad_peer_query:<glimagesinkbin3:sink> peer query 0xf3d33f50 (latency)
05-09 19:57:51.302  2029  2225 D GStreamer+GST_SCHEDULING: 0:06:35.690498131 0xf3d19ac0 gstpad.c:4159:gst_pad_chain_data_unchecked:<queue8:sink> called chainfunction &gst_queue_chain with buffer 0xf39e6c00, returned ok
05-09 19:57:51.302  2029  2235 D GStreamer+GST_PADS: 0:06:35.690515110 0xf3d04180 gstpad.c:3882:gst_pad_query:<forhalffps:src> doing query 0xf3d33f50 (latency)
05-09 19:57:51.302  2029  2225 D GStreamer+qtdemux: 0:06:35.690582141 0xf3d19ac0 qtdemux.c:7675:qtdemux_parse_samples:<q> parsing up to sample 57
05-09 19:57:51.302  2029  2235 D GStreamer+GST_PADS: 0:06:35.690588860 0xf3d04180 gstpad.c:4009:gst_pad_peer_query:<forhalffps:sink> peer query 0xf3d33f50 (latency)
05-09 19:57:51.302  2029  2235 D GStreamer+GST_PADS: 0:06:35.690636985 0xf3d04180 gstpad.c:3650:do_probe_callbacks:<forhalffps:sink> data is passed
05-09 19:57:51.302  2029  2225 D GStreamer+qtdemux: 0:06:35.690655891 0xf3d19ac0 qtdemux.c:7882:qtdemux_parse_samples:<q> sample 57: index 0, timestamp 0:00:01.153333333
05-09 19:57:51.302  2029  2225 D GStreamer+qtdemux: 0:06:35.690694537 0xf3d19ac0 qtdemux.c:7937:qtdemux_parse_samples:<q> samples at 57 is keyframe
05-09 19:57:51.302  2029  2235 D GStreamer+GST_PADS: 0:06:35.690707297 0xf3d04180 gstpad.c:3882:gst_pad_query:<queue9:src> doing query 0xf3d33f50 (latency)
05-09 19:57:51.302  2029  2235 D GStreamer+GST_PADS: 0:06:35.690749224 0xf3d04180 gstpad.c:2803:gst_pad_iterate_internal_links_default:<queue9:src> Making iterator
05-09 19:57:51.302  2029  2225 D GStreamer+qtdemux: 0:06:35.690768391 0xf3d19ac0 qtdemux.c:5197:gst_qtdemux_loop_state_movie:<q> pushing from stream 0, empty 0 offset 2416157, size 39097, dts=0:00:01.153333333, pts=0:00:01.153333333, duration 0:00:00.020000000
05-09 19:57:51.303  2029  2224 D GStreamer+GST_SCHEDULING: 0:06:35.690906724 0xf3d043b0 gstpad.c:4153:gst_pad_chain_data_unchecked:<forhwgl:sink> calling chainfunction &gst_proxy_pad_chain_default with buffer buffer: 0xf39e2b38, pts 0:00:00.119333333, dts 0:00:00.119333333, dur 0:00:00.019666667, size 51191, offset none, offset_end none, flags 0x0
05-09 19:57:51.303  2029  2225 D GStreamer+basesrc: 0:06:35.690936308 0xf3d19ac0 gstbasesrc.c:2355:gst_base_src_update_length:<filesrc3> reading offset 2416157, length 39097, size 16031303, segment.stop -1, maxsize 16031303
05-09 19:57:51.303  2029  2235 D GStreamer+query: 0:06:35.690825318 0xf3d04180 gstquery.c:674:gst_query_new_custom creating new query 0xf3d33f80 latency
05-09 19:57:51.303  2029  2225 D GStreamer+basesrc: 0:06:35.690982974 0xf3d19ac0 gstbasesrc.c:2456:gst_base_src_get_range:<filesrc3> calling create offset 2416157 length 39097, time 0
05-09 19:57:51.303  2029  2225 D GStreamer+GST_MEMORY: 0:06:35.691033443 0xf3d19ac0 gstmemory.c:138:gst_memory_init new memory 0xf3d04800, maxsize:39100 offset:0 size:39097
05-09 19:57:51.303  2029  2235 D GStreamer+GST_PADS: 0:06:35.691013704 0xf3d04180 gstpad.c:4009:gst_pad_peer_query:<queue9:sink> peer query 0xf3d33f80 (latency)
05-09 19:57:51.303  2029  2235 D GStreamer+GST_PADS: 0:06:35.691084589 0xf3d04180 gstpad.c:3882:gst_pad_query:<forhwgl:src_0> doing query 0xf3d33f80 (latency)
05-09 19:57:51.303  2029  2225 D GStreamer+basesrc: 0:06:35.691097610 0xf3d19ac0 gstbasesrc.c:2316:gst_base_src_do_sync:<filesrc3> no sync needed
05-09 19:57:51.303  2029  2235 D GStreamer+GST_PADS: 0:06:35.691163495 0xf3d04180 gstpad.c:3650:do_probe_callbacks:<forhwgl:src_0> data is passed
05-09 19:57:51.303  2029  2225 D GStreamer+basesrc: 0:06:35.691168079 0xf3d19ac0 gstbasesrc.c:2520:gst_base_src_get_range:<filesrc3> buffer ok
05-09 19:57:51.303  2029  2235 D GStreamer+query: 0:06:35.691226152 0xf3d04180 gstquery.c:674:gst_query_new_custom creating new query 0xf3d33e00 latency
05-09 19:57:51.303  2029  2225 D GStreamer+GST_SCHEDULING: 0:06:35.691283079 0xf3d19ac0 gstpad.c:4153:gst_pad_chain_data_unchecked:<queue8:sink> calling chainfunction &gst_queue_chain with buffer buffer: 0xf3b633f8, pts 0:00:01.153333333, dts 0:00:01.153333333, dur 0:00:00.020000000, size 39097, offset none, offset_end none, flags 0x0
05-09 19:57:51.303  2029  2235 D GStreamer+GST_PADS: 0:06:35.691292922 0xf3d04180 gstpad.c:4009:gst_pad_peer_query:<src_0:proxypad14> peer query 0xf3d33e00 (latency)
05-09 19:57:51.303   993  2231 D NvOsDebugPrintf: TVMR: cctx->bAbortInputBuffer = 0, cctx->bEOSAbortOutputBuffer = 0 
05-09 19:57:51.303  2029  2225 D GStreamer+queue_dataflow: 0:06:35.691330995 0xf3d19ac0 gstqueue.c:1196:gst_queue_chain_buffer_or_list:<queue8> queue is full, waiting for free space
05-09 19:57:51.303  2029  2235 D GStreamer+GST_PADS: 0:06:35.691348860 0xf3d04180 gstpad.c:3882:gst_pad_query:<amcvideodec-omxnvidiah264decode2:src> doing query 0xf3d33e00 (latency)
05-09 19:57:51.303  2029  2224 D GStreamer+GST_SCHEDULING: 0:06:35.691399745 0xf3d043b0 gstpad.c:4153:gst_pad_chain_data_unchecked:<typefind:sink> calling chainfunction &gst_type_find_element_chain with buffer buffer: 0xf39e2b38, pts 0:00:00.119333333, dts 0:00:00.119333333, dur 0:00:00.019666667, size 51191, offset none, offset_end none, flags 0x0
05-09 19:57:51.303  2029  2235 D GStreamer+videodecoder: 0:06:35.691429485 0xf3d04180 gstvideodecoder.c:1812:gst_video_decoder_src_query:<amcvideodec-omxnvidiah264decode2> received query 7683, latency
05-09 19:57:51.303  2029  2235 D GStreamer+GST_PADS: 0:06:35.691503235 0xf3d04180 gstpad.c:4009:gst_pad_peer_query:<amcvideodec-omxnvidiah264decode2:sink> peer query 0xf3d33e00 (latency)
05-09 19:57:51.303  2029  2224 D GStreamer+GST_SCHEDULING: 0:06:35.691519329 0xf3d043b0 gstpad.c:4153:gst_pad_chain_data_unchecked:<h264parse3:sink> calling chainfunction &gst_base_parse_chain with buffer buffer: 0xf39e2b38, pts 0:00:00.119333333, dts 0:00:00.119333333, dur 0:00:00.019666667, size 51191, offset none, offset_end none, flags 0x0
05-09 19:57:51.303  2029  2235 D GStreamer+GST_PADS: 0:06:35.691549641 0xf3d04180 gstpad.c:3882:gst_pad_query:<capsfilter3:src> doing query 0xf3d33e00 (latency)
05-09 19:57:51.303  2029  2224 D GStreamer+baseparse: 0:06:35.691565058 0xf3d043b0 gstbaseparse.c:2985:gst_base_parse_chain:<h264parse3> chain
05-09 19:57:51.303  2029  2235 D GStreamer+GST_PADS: 0:06:35.691613912 0xf3d04180 gstpad.c:4009:gst_pad_peer_query:<capsfilter3:sink> peer query 0xf3d33e00 (latency)
05-09 19:57:51.303  2029  2224 D GStreamer+GST_PERFORMANCE: 0:06:35.691629277 0xf3d043b0 gstminiobject.c:326:gst_mini_object_make_writable copy GstBuffer miniobject 0xf39e2b38 -> 0xf39e2d18
05-09 19:57:51.303  2029  2235 D GStreamer+GST_PADS: 0:06:35.691656829 0xf3d04180 gstpad.c:3882:gst_pad_query:<h264parse3:src> doing query 0xf3d33e00 (latency)
05-09 19:57:51.303  2029  2224 D GStreamer+codecparsers_h264: 0:06:35.691670422 0xf3d043b0 gsth264parser.c:253:gst_h264_parse_nalu_header Nal type 7, ref_idc 1
05-09 19:57:51.303  2029  2235 D GStreamer+baseparse: 0:06:35.691781568 0xf3d04180 gstbaseparse.c:1579:gst_base_parse_src_query:<h264parse3> latency query: latency query: 0xf3d33e00, GstQueryLatency, live=(boolean)false, min-latency=(guint64)0, max-latency=(guint64)18446744073709551615;
05-09 19:57:51.303  2029  2224 D GStreamer+h264parse: 0:06:35.691720058 0xf3d043b0 gsth264parse.c:981:gst_h264_parse_handle_frame_packetized:<h264parse3> AVC nal offset 14
05-09 19:57:51.304  2029  2235 D GStreamer+GST_PADS: 0:06:35.691855266 0xf3d04180 gstpad.c:4009:gst_pad_peer_query:<h264parse3:sink> peer query 0xf3d33e00 (latency)
05-09 19:57:51.304  2029  2224 D GStreamer+h264parse: 0:06:35.691880579 0xf3d043b0 gsth264parse.c:716:gst_h264_parse_process_nal:<h264parse3> processing nal of type 7 SPS, size 10
05-09 19:57:51.304  2029  2224 D GStreamer+codecparsers_h264: 0:06:35.691927766 0xf3d043b0 gsth264parser.c:1776:gst_h264_parse_sps parsing SPS
05-09 19:57:51.304  2029  2235 D GStreamer+GST_PADS: 0:06:35.691974797 0xf3d04180 gstpad.c:3882:gst_pad_query:<typefind:src> doing query 0xf3d33e00 (latency)
05-09 19:57:51.304  2029  2235 D GStreamer+typefind: 0:06:35.692018235 0xf3d04180 gsttypefindelement.c:365:gst_type_find_handle_src_query:<typefind> Handling src query latency
05-09 19:57:51.304  2029  2235 D GStreamer+GST_PADS: 0:06:35.692090891 0xf3d04180 gstpad.c:2803:gst_pad_iterate_internal_links_default:<typefind:src> Making iterator
05-09 19:57:51.304  2029  2230 D GStreamer+amcvideodec: 0:06:35.692137089 0xf3ac6830 gstamcvideodec.c:1250:gst_amc_video_dec_loop:<amcvideodec-omxnvidiah264decode2> dequeueOutputBuffer() returned 8 (0x8)
05-09 19:57:51.304  2029  2235 D GStreamer+query: 0:06:35.692155579 0xf3d04180 gstquery.c:674:gst_query_new_custom creating new query 0xf3d33ec0 latency
05-09 19:57:51.304  2029  2230 D GStreamer+amcvideodec: 0:06:35.692279329 0xf3ac6830 gstamcvideodec.c:1306:gst_amc_video_dec_loop:<amcvideodec-omxnvidiah264decode2> Got output buffer at index 8: offset 0 size 8 time 79333 flags 0x00000000
05-09 19:57:51.304  2029  2235 D GStreamer+GST_PADS: 0:06:35.692312141 0xf3d04180 gstpad.c:4009:gst_pad_peer_query:<typefind:sink> peer query 0xf3d33ec0 (latency)
05-09 19:57:51.304  2029  2235 D GStreamer+GST_PADS: 0:06:35.692353756 0xf3d04180 gstpad.c:3882:gst_pad_query:<sink:proxypad12> doing query 0xf3d33ec0 (latency)
05-09 19:57:51.304  2029  2230 D GStreamer+GST_BUFFER: 0:06:35.692402454 0xf3ac6830 gstbuffer.c:2101:gst_buffer_add_meta alloc metadata 0xf3d2d69c (GstGLSyncMeta) of size 52
05-09 19:57:51.304  2029  2235 D GStreamer+query: 0:06:35.692424016 0xf3d04180 gstquery.c:674:gst_query_new_custom creating new query 0xf3d03cf0 latency
05-09 19:57:51.304  2029  2230 D GStreamer+GST_BUFFER: 0:06:35.692443443 0xf3ac6830 gstbuffer.c:2101:gst_buffer_add_meta alloc metadata 0xf392505c (GstVideoAffineTransformationMeta) of size 72
05-09 19:57:51.304  2029  2235 D GStreamer+GST_PADS: 0:06:35.692468495 0xf3d04180 gstpad.c:4009:gst_pad_peer_query:<forhwgl:sink> peer query 0xf3d03cf0 (latency)
05-09 19:57:51.304  2029  2230 D GStreamer+amcvideodec: 0:06:35.692486047 0xf3ac6830 gstamcvideodec.c:1418:gst_amc_video_dec_loop:<amcvideodec-omxnvidiah264decode2> push GL frame 4
05-09 19:57:51.304  2029  2235 D GStreamer+GST_PADS: 0:06:35.692537349 0xf3d04180 gstpad.c:3882:gst_pad_query:<queue8:src> doing query 0xf3d03cf0 (latency)
05-09 19:57:51.304  2029  2230 D GStreamer+videodecoder: 0:06:35.692568912 0xf3ac6830 gstvideodecoder.c:2714:gst_video_decoder_prepare_finish_frame:<amcvideodec-omxnvidiah264decode2> sync timestamp 0:00:00.099333333 diff -0:00:00.099333333
05-09 19:57:51.304  2029  2235 D GStreamer+GST_PADS: 0:06:35.692578235 0xf3d04180 gstpad.c:2803:gst_pad_iterate_internal_links_default:<queue8:src> Making iterator
05-09 19:57:51.304  2029  2230 D GStreamer+default: 0:06:35.692607297 0xf3ac6830 gstvideoutils.c:40:_gst_video_codec_frame_free free frame 0xf3abe498
05-09 19:57:51.304  2029  2235 D GStreamer+query: 0:06:35.692639537 0xf3d04180 gstquery.c:674:gst_query_new_custom creating new query 0xf3d03c60 latency
05-09 19:57:51.304  2029  2230 D GStreamer+GST_MEMORY: 0:06:35.692659381 0xf3ac6830 gstmemory.c:87:_gst_memory_free free memory 0xf3abc380
05-09 19:57:51.304  2029  2235 D GStreamer+GST_PADS: 0:06:35.692683027 0xf3d04180 gstpad.c:4009:gst_pad_peer_query:<queue8:sink> peer query 0xf3d03c60 (latency)
05-09 19:57:51.304  2029  2230 D GStreamer+videodecoder: 0:06:35.692735110 0xf3ac6830 gstvideodecoder.c:3208:gst_video_decoder_clip_and_push_buf:<amcvideodec-omxnvidiah264decode2> pushing buffer 0xf39e6840 of size 7372800, PTS 0:00:00.099333333, dur 0:00:00.019867549
05-09 19:57:51.304  2029  2235 D GStreamer+GST_PADS: 0:06:35.692773652 0xf3d04180 gstpad.c:3882:gst_pad_query:<q:video_0> doing query 0xf3d03c60 (latency)
05-09 19:57:51.304  2029  2230 D GStreamer+GST_SCHEDULING: 0:06:35.692822141 0xf3ac6830 gstpad.c:4153:gst_pad_chain_data_unchecked:<src_0:proxypad14> calling chainfunction &gst_proxy_pad_chain_default with buffer buffer: 0xf39e6840, pts 0:00:00.099333333, dts 99:99:99.999999999, dur 0:00:00.019867549, size 7372800, offset none, offset_end none, flags 0x4000
05-09 19:57:51.305  2029  2235 D GStreamer+GST_PADS: 0:06:35.692854381 0xf3d04180 gstpad.c:2803:gst_pad_iterate_internal_links_default:<q:video_0> Making iterator
05-09 19:57:51.305  2029  2230 D GStreamer+GST_PADS: 0:06:35.692863391 0xf3ac6830 gstpad.c:3650:do_probe_callbacks:<forhwgl:src_0> data is passed
05-09 19:57:51.305  2029  2235 D GStreamer+query: 0:06:35.692916672 0xf3d04180 gstquery.c:674:gst_query_new_custom creating new query 0xf3d03d50 latency
05-09 19:57:51.305  2029  2230 D GStreamer+GST_SCHEDULING: 0:06:35.692963027 0xf3ac6830 gstpad.c:4153:gst_pad_chain_data_unchecked:<queue9:sink> calling chainfunction &gst_queue_chain with buffer buffer: 0xf39e6840, pts 0:00:00.099333333, dts 99:99:99.999999999, dur 0:00:00.019867549, size 7372800, offset none, offset_end none, flags 0x4000
05-09 19:57:51.305  2029  2235 D GStreamer+GST_PADS: 0:06:35.692990839 0xf3d04180 gstpad.c:4009:gst_pad_peer_query:<q:sink> peer query 0xf3d03d50 (latency)
05-09 19:57:51.305  2029  2230 D GStreamer+queue_dataflow: 0:06:35.693006672 0xf3ac6830 gstqueue.c:1196:gst_queue_chain_buffer_or_list:<queue9> queue is full, waiting for free space
05-09 19:57:51.305  2029  2235 D GStreamer+GST_PADS: 0:06:35.693037297 0xf3d04180 gstpad.c:3882:gst_pad_query:<filesrc3:src> doing query 0xf3d03d50 (latency)
05-09 19:57:51.305  2029  2224 D GStreamer+codecparsers_h264: 0:06:35.693052662 0xf3d043b0 gsth264parser.c:1484:gst_h264_parser_parse_sps adding sequence parameter set with id: 0 to array
05-09 19:57:51.305  2029  2224 D GStreamer+h264parse: 0:06:35.693090683 0xf3d043b0 gsth264parse.c:737:gst_h264_parse_process_nal:<h264parse3> triggering src caps check
05-09 19:57:51.305  2029  2235 D GStreamer+basesrc: 0:06:35.693112714 0xf3d04180 gstbasesrc.c:1296:gst_base_src_default_query:<filesrc3> query latency returns 1
05-09 19:57:51.305  2029  2224 D GStreamer+h264parse: 0:06:35.693138860 0xf3d043b0 gsth264parse.c:454:gst_h264_parser_store_nal:<h264parse3> storing sps 0
05-09 19:57:51.305  2029  2224 D GStreamer+GST_MEMORY: 0:06:35.693188495 0xf3d043b0 gstmemory.c:138:gst_memory_init new memory 0xf3b00078, maxsize:13 offset:0 size:10
05-09 19:57:51.305  2029  2235 D GStreamer+GST_PADS: 0:06:35.693163756 0xf3d04180 gstpad.c:3905:gst_pad_query:<filesrc3:src> sent query 0xf3d03d50 (latency), result 1
05-09 19:57:51.305  2029  2224 D GStreamer+GST_MEMORY: 0:06:35.693221933 0xf3d043b0 gstmemory.c:87:_gst_memory_free free memory 0xf3b001f8
05-09 19:57:51.305  2029  2235 D GStreamer+GST_PADS: 0:06:35.693245527 0xf3d04180 gstpad.c:3339:gst_pad_query_default:<q:video_0> not forwarding 0xf3d03c60 (latency) query
05-09 19:57:51.305  2029  2224 D GStreamer+h264parse: 0:06:35.693262297 0xf3d043b0 gsth264parse.c:423:gst_h264_parse_wrap_nal:<h264parse3> nal length 10
05-09 19:57:51.305  2029  2224 D GStreamer+GST_MEMORY: 0:06:35.693303964 0xf3d043b0 gstmemory.c:138:gst_memory_init new memory 0xf3d7a618, maxsize:17 offset:0 size:14
05-09 19:57:51.305  2029  2235 D GStreamer+GST_PADS: 0:06:35.693316568 0xf3d04180 gstpad.c:3905:gst_pad_query:<q:video_0> sent query 0xf3d03c60 (latency), result 1
05-09 19:57:51.305  2029  2224 D GStreamer+codecparsers_h264: 0:06:35.693344902 0xf3d043b0 gsth264parser.c:253:gst_h264_parse_nalu_header Nal type 8, ref_idc 1
05-09 19:57:51.305  2029  2235 D GStreamer+GST_PADS: 0:06:35.693371672 0xf3d04180 gstpad.c:3339:gst_pad_query_default:<queue8:src> not forwarding 0xf3d03cf0 (latency) query
05-09 19:57:51.305  2029  2224 D GStreamer+h264parse: 0:06:35.693384120 0xf3d043b0 gsth264parse.c:981:gst_h264_parse_handle_frame_packetized:<h264parse3> AVC nal offset 23
05-09 19:57:51.305  2029  2235 D GStreamer+GST_PADS: 0:06:35.693445006 0xf3d04180 gstpad.c:3905:gst_pad_query:<queue8:src> sent query 0xf3d03cf0 (latency), result 1
05-09 19:57:51.305  2029  2224 D GStreamer+h264parse: 0:06:35.693454849 0xf3d043b0 gsth264parse.c:716:gst_h264_parse_process_nal:<h264parse3> processing nal of type 8 PPS, size 5
05-09 19:57:51.305  2029  2224 D GStreamer+codecparsers_h264: 0:06:35.693489120 0xf3d043b0 gsth264parser.c:1912:gst_h264_parse_pps parsing PPS
05-09 19:57:51.305  2029  2224 D GStreamer+codecparsers_h264: 0:06:35.693525683 0xf3d043b0 gsth264parser.c:2045:gst_h264_parser_parse_pps adding picture parameter set with id: 0 to array
05-09 19:57:51.305  2029  2235 D GStreamer+GST_PADS: 0:06:35.693507506 0xf3d04180 gstpad.c:3339:gst_pad_query_default:<sink:proxypad12> not forwarding 0xf3d33ec0 (latency) query
05-09 19:57:51.305  2029  2224 D GStreamer+h264parse: 0:06:35.693557766 0xf3d043b0 gsth264parse.c:458:gst_h264_parser_store_nal:<h264parse3> storing pps 0
05-09 19:57:51.305  2029  2235 D GStreamer+GST_PADS: 0:06:35.693578652 0xf3d04180 gstpad.c:3905:gst_pad_query:<sink:proxypad12> sent query 0xf3d33ec0 (latency), result 1
05-09 19:57:51.305  2029  2224 D GStreamer+GST_MEMORY: 0:06:35.693606047 0xf3d043b0 gstmemory.c:138:gst_memory_init new memory 0xf39251b8, maxsize:8 offset:0 size:5
05-09 19:57:51.305  2029  2235 D GStreamer+GST_PADS: 0:06:35.693651568 0xf3d04180 gstpad.c:3339:gst_pad_query_default:<typefind:src> not forwarding 0xf3d33e00 (latency) query
05-09 19:57:51.305  2029  2224 D GStreamer+GST_MEMORY: 0:06:35.693665995 0xf3d043b0 gstmemory.c:87:_gst_memory_free free memory 0xf3abf318
05-09 19:57:51.305  2029  2235 D GStreamer+GST_PADS: 0:06:35.693694433 0xf3d04180 gstpad.c:3905:gst_pad_query:<typefind:src> sent query 0xf3d33e00 (latency), result 1
05-09 19:57:51.305  2029  2224 D GStreamer+h264parse: 0:06:35.693709693 0xf3d043b0 gsth264parse.c:423:gst_h264_parse_wrap_nal:<h264parse3> nal length 5
05-09 19:57:51.305  2029  2235 D GStreamer+baseparse: 0:06:35.693766412 0xf3d04180 gstbaseparse.c:4104:gst_base_parse_src_query_default:<h264parse3> Peer latency: live 0, min 0:00:00.000000000 max 99:99:99.999999999
05-09 19:57:51.305  2029  2224 D GStreamer+GST_MEMORY: 0:06:35.693780162 0xf3d043b0 gstmemory.c:138:gst_memory_init new memory 0xf3b001f8, maxsize:12 offset:0 size:9
05-09 19:57:51.305  2029  2235 D GStreamer+GST_PADS: 0:06:35.693811047 0xf3d04180 gstpad.c:3905:gst_pad_query:<h264parse3:src> sent query 0xf3d33e00 (latency), result 1
05-09 19:57:51.305  2029  2224 D GStreamer+codecparsers_h264: 0:06:35.693825266 0xf3d043b0 gsth264parser.c:253:gst_h264_parse_nalu_header Nal type 5, ref_idc 1
05-09 19:57:51.306  2029  2235 D GStreamer+GST_PADS: 0:06:35.693885422 0xf3d04180 gstpad.c:3905:gst_pad_query:<capsfilter3:src> sent query 0xf3d33e00 (latency), result 1
05-09 19:57:51.306  2029  2224 D GStreamer+h264parse: 0:06:35.693902193 0xf3d043b0 gsth264parse.c:981:gst_h264_parse_handle_frame_packetized:<h264parse3> AVC nal offset 51191
05-09 19:57:51.306  2029  2224 D GStreamer+h264parse: 0:06:35.693964068 0xf3d043b0 gsth264parse.c:716:gst_h264_parse_process_nal:<h264parse3> processing nal of type 5 Slice IDR, size 51164
05-09 19:57:51.306  2029  2235 D GStreamer+videodecoder: 0:06:35.693947297 0xf3d04180 gstvideodecoder.c:1776:gst_video_decoder_src_query_default:<amcvideodec-omxnvidiah264decode2> Peer qlatency: live 0, min 0:00:00.019867549 max 99:99:99.999999999
05-09 19:57:51.306  2029  2224 D GStreamer+h264parse: 0:06:35.694004745 0xf3d043b0 gsth264parse.c:822:gst_h264_parse_process_nal:<h264parse3> first_mb_in_slice = 0
05-09 19:57:51.306  2029  2235 D GStreamer+GST_PADS: 0:06:35.694015370 0xf3d04180 gstpad.c:3905:gst_pad_query:<amcvideodec-omxnvidiah264decode2:src> sent query 0xf3d33e00 (latency), result 1
05-09 19:57:51.306  2029  2224 D GStreamer+h264parse: 0:06:35.694038027 0xf3d043b0 gsth264parse.c:825:gst_h264_parse_process_nal:<h264parse3> frame start: 1
05-09 19:57:51.306  2029  2235 D GStreamer+GST_PADS: 0:06:35.694066152 0xf3d04180 gstpad.c:3339:gst_pad_query_default:<forhwgl:src_0> not forwarding 0xf3d33f80 (latency) query
05-09 19:57:51.306  2029  2224 D GStreamer+codecparsers_h264: 0:06:35.694083235 0xf3d043b0 gsth264parser.c:2107:gst_h264_parser_parse_slice_hdr parsing "Slice header", slice type 7
05-09 19:57:51.306  2029  2224 D GStreamer+codecparsers_h264: 0:06:35.694132141 0xf3d043b0 gsth264parser.c:711:gst_h264_slice_parse_dec_ref_pic_marking parsing "Decoded reference picture marking"
05-09 19:57:51.306  2029  2235 D GStreamer+GST_PADS: 0:06:35.694148599 0xf3d04180 gstpad.c:3905:gst_pad_query:<forhwgl:src_0> sent query 0xf3d33f80 (latency), result 1
05-09 19:57:51.306  2029  2224 D GStreamer+h264parse: 0:06:35.694176412 0xf3d043b0 gsth264parse.c:835:gst_h264_parse_process_nal:<h264parse3> parse result 0, first MB: 0, slice type: 7
05-09 19:57:51.306  2029  2224 D GStreamer+h264parse: 0:06:35.694209224 0xf3d043b0 gsth264parse.c:858:gst_h264_parse_process_nal:<h264parse3> marking IDR in frame at offset 23
05-09 19:57:51.306  2029  2235 D GStreamer+GST_PADS: 0:06:35.694238704 0xf3d04180 gstpad.c:3339:gst_pad_query_default:<queue9:src> not forwarding 0xf3d33f50 (latency) query
05-09 19:57:51.306  2029  2224 D GStreamer+h264parse: 0:06:35.694259433 0xf3d043b0 gsth264parse.c:423:gst_h264_parse_wrap_nal:<h264parse3> nal length 51164
05-09 19:57:51.306  2029  2224 D GStreamer+GST_MEMORY: 0:06:35.694299433 0xf3d043b0 gstmemory.c:138:gst_memory_init new memory 0xf3ca7ea0, maxsize:51171 offset:0 size:51168
05-09 19:57:51.306  2029  2235 D GStreamer+GST_PADS: 0:06:35.694285995 0xf3d04180 gstpad.c:3905:gst_pad_query:<queue9:src> sent query 0xf3d33f50 (latency), result 1
05-09 19:57:51.306  2029  2224 D GStreamer+codecparsers_h264: 0:06:35.694359172 0xf3d043b0 gsth264parser.c:1407:gst_h264_parser_identify_nalu_avc Can't parse, buffer has too small size 51191, offset 51191
05-09 19:57:51.306  2029  2235 D GStreamer+GST_PADS: 0:06:35.694376620 0xf3d04180 gstpad.c:3905:gst_pad_query:<forhalffps:src> sent query 0xf3d33f50 (latency), result 1
05-09 19:57:51.306  2029  2224 D GStreamer+GST_CAPS: 0:06:35.694438964 0xf3d043b0 gstpad.c:2621:gst_pad_has_current_caps:<h264parse3:src> check current pad caps video/x-h264, stream-format=(string)byte-stream, alignment=(string)au, level=(string)4, profile=(string)baseline, width=(int)1280, height=(int)1440, framerate=(fraction)151/3, pixel-aspect-ratio=(fraction)1/1, parsed=(boolean)true
05-09 19:57:51.306  2029  2235 D GStreamer+GST_PADS: 0:06:35.694450787 0xf3d04180 gstpad.c:3339:gst_pad_query_default:<sink:proxypad13> not forwarding 0xf3d33e60 (latency) query
05-09 19:57:51.306  2029  2235 D GStreamer+GST_PADS: 0:06:35.694494433 0xf3d04180 gstpad.c:3905:gst_pad_query:<sink:proxypad13> sent query 0xf3d33e60 (latency), result 1
05-09 19:57:51.306  2029  2224 D GStreamer+GST_CAPS: 0:06:35.694533183 0xf3d043b0 gstpad.c:2648:gst_pad_get_current_caps:<h264parse3:sink> get current pad caps video/x-h264, stream-format=(string)avc, alignment=(string)au, level=(string)4, profile=(string)baseline, codec_data=(buffer)01428028ffe1000a27428028e54028016b2001000528de01ae20, width=(int)1280, height=(int)1440, framerate=(fraction)151/3, pixel-aspect-ratio=(fraction)1/1
05-09 19:57:51.306  2029  2235 D GStreamer+GST_PADS: 0:06:35.694563027 0xf3d04180 gstpad.c:3905:gst_pad_query:<gluploadelement3:src> sent query 0xf3d33e60 (latency), result 1
05-09 19:57:51.306  2029  2224 D GStreamer+h264parse: 0:06:35.694573443 0xf3d043b0 gsth264parse.c:1692:gst_h264_parse_update_src_caps:<h264parse3> sps: 0xf3ea6670
05-09 19:57:51.306  2029  2235 D GStreamer+GST_PADS: 0:06:35.694608079 0xf3d04180 gstpad.c:3905:gst_pad_query:<glcolorconvertelement3:src> sent query 0xf3d33e60 (latency), result 1
05-09 19:57:51.306  2029  2224 D GStreamer+GST_PERFORMANCE: 0:06:35.694650579 0xf3d043b0 gstcaps.c:169:_gst_caps_copy:<0xf3b49450> doing copy 0xf3b49450 -> 0xf3d1c250
05-09 19:57:51.306  2029  2235 D GStreamer+GST_PADS: 0:06:35.694674224 0xf3d04180 gstpad.c:3905:gst_pad_query:<glcolorbalance3:src> sent query 0xf3d33e60 (latency), result 1
05-09 19:57:51.306  2029  2224 I GStreamer+baseparse: 0:06:35.694738808 0xf3d043b0 gstbaseparse.c:3945:gst_base_parse_set_latency:<h264parse3> min/max latency 0:00:00.019867549, 0:00:00.019867549
05-09 19:57:51.306  2029  2235 D GStreamer+basesink: 0:06:35.694763131 0xf3d04180 gstbasesink.c:1162:gst_base_sink_query_latency:<sink> latency query: live: 1, have_latency 1, upstream: 0, min 0:00:00.000000000, max 99:99:99.999999999
05-09 19:57:51.306  2029  2235 D GStreamer+basesink: 0:06:35.694808964 0xf3d04180 gstbasesink.c:4914:default_element_query:<sink> query latency returns 1
05-09 19:57:51.306  2029  2224 D GStreamer+GST_CAPS: 0:06:35.694829329 0xf3d043b0 gstpad.c:2648:gst_pad_get_current_caps:<h264parse3:src> get current pad caps video/x-h264, stream-format=(string)byte-stream, alignment=(string)au, level=(string)4, profile=(string)baseline, width=(int)1280, height=(int)1440, framerate=(fraction)151/3, pixel-aspect-ratio=(fraction)1/1, parsed=(boolean)true
05-09 19:57:51.307  2029  2235 D GStreamer+bin: 0:06:35.694915266 0xf3d04180 gstbin.c:4001:bin_query_latency_fold:<sink> got latency min 0:00:00.000000000, max 99:99:99.999999999, live 1
05-09 19:57:51.307  2029  2224 D GStreamer+GST_CAPS: 0:06:35.694928912 0xf3d043b0 gstpad.c:2648:gst_pad_get_current_caps:<h264parse3:src> get current pad caps video/x-h264, stream-format=(string)byte-stream, alignment=(string)au, level=(string)4, profile=(string)baseline, width=(int)1280, height=(int)1440, framerate=(fraction)151/3, pixel-aspect-ratio=(fraction)1/1, parsed=(boolean)true
05-09 19:57:51.307  2029  2235 D GStreamer+GST_STATES: 0:06:35.694981829 0xf3d04180 gstbin.c:1797:bin_element_is_sink:<glimagesinkbin3> child glcolorbalance3 is not sink
05-09 19:57:51.307  2029  2224 D GStreamer+h264parse: 0:06:35.694997506 0xf3d043b0 gsth264parse.c:1934:gst_h264_parse_get_timestamp:<h264parse3> unable to compute timestamp: VUI not present
05-09 19:57:51.307  2029  2235 D GStreamer+GST_STATES: 0:06:35.695024902 0xf3d04180 gstbin.c:1797:bin_element_is_sink:<glimagesinkbin3> child glcolorconvertelement3 is not sink
05-09 19:57:51.307  2029  2224 D GStreamer+adapter: 0:06:35.695045683 0xf3d043b0 gstadapter.c:296:copy_into_unchecked bsize 14, skip 0, csize 14
05-09 19:57:51.307  2029  2235 D GStreamer+GST_STATES: 0:06:35.695095214 0xf3d04180 gstbin.c:1797:bin_element_is_sink:<glimagesinkbin3> child gluploadelement3 is not sink
05-09 19:57:51.307  2029  2224 D GStreamer+GST_MEMORY: 0:06:35.695108027 0xf3d043b0 gstmemory.c:138:gst_memory_init new memory 0xf3d6fae0, maxsize:51191 offset:0 size:51191
05-09 19:57:51.307  2029  2224 D GStreamer+GST_MEMORY: 0:06:35.695144329 0xf3d043b0 gstmemory.c:87:_gst_memory_free free memory 0xf3d7a618
05-09 19:57:51.307  2029  2235 D GStreamer+bin: 0:06:35.695159433 0xf3d04180 gstbin.c:4032:bin_query_latency_done:<glimagesinkbin3> latency min 0:00:00.000000000, max 99:99:99.999999999, live 1
05-09 19:57:51.307  2029  2224 D GStreamer+GST_MEMORY: 0:06:35.695179693 0xf3d043b0 gstmemory.c:87:_gst_memory_free free memory 0xf3b001f8
05-09 19:57:51.307  2029  2224 D GStreamer+GST_MEMORY: 0:06:35.695210214 0xf3d043b0 gstmemory.c:87:_gst_memory_free free memory 0xf3ca7ea0
05-09 19:57:51.307  2029  2235 D GStreamer+bin: 0:06:35.695231412 0xf3d04180 gstbin.c:4198:gst_bin_query:<glimagesinkbin3> query 0xf3d33ef0 result 1
05-09 19:57:51.307  2029  2224 D GStreamer+GST_MEMORY: 0:06:35.695250943 0xf3d043b0 gstmemory.c:87:_gst_memory_free free memory 0xf3c4d260
05-09 19:57:51.307  2029  2235 D GStreamer+bin: 0:06:35.695282870 0xf3d04180 gstbin.c:4001:bin_query_latency_fold:<glimagesinkbin3> got latency min 0:00:00.000000000, max 99:99:99.999999999, live 1
05-09 19:57:51.307  2029  2224 D GStreamer+GST_CAPS: 0:06:35.695326985 0xf3d043b0 gstpad.c:2621:gst_pad_has_current_caps:<h264parse3:src> check current pad caps video/x-h264, stream-format=(string)byte-stream, alignment=(string)au, level=(string)4, profile=(string)baseline, width=(int)1280, height=(int)1440, framerate=(fraction)151/3, pixel-aspect-ratio=(fraction)1/1, parsed=(boolean)true
05-09 19:57:51.307  2029  2235 D GStreamer+GST_STATES: 0:06:35.695354589 0xf3d04180 gstbin.c:1797:bin_element_is_sink:<pipeline3> child forhalffps is not sink
05-09 19:57:51.307  2029  2224 D GStreamer+h264parse: 0:06:35.695372818 0xf3d043b0 gsth264parse.c:184:gst_h264_parse_reset_frame:<h264parse3> reset frame
05-09 19:57:51.307  2029  2235 D GStreamer+GST_STATES: 0:06:35.695595839 0xf3d04180 gstbin.c:1797:bin_element_is_sink:<pipeline3> child queue9 is not sink
05-09 19:57:51.307  2029  2224 D GStreamer+GST_SCHEDULING: 0:06:35.695614172 0xf3d043b0 gstpad.c:4153:gst_pad_chain_data_unchecked:<capsfilter3:sink> calling chainfunction &gst_base_transform_chain with buffer buffer: 0xf39e38c8, pts 0:00:00.119333333, dts 0:00:00.119333333, dur 0:00:00.019867549, size 51191, offset 245369, offset_end none, flags 0x400
05-09 19:57:51.307  2029  2224 D GStreamer+basetransform: 0:06:35.695700422 0xf3d043b0 gstbasetransform.c:2033:default_submit_input_buffer:<capsfilter3> handling buffer 0xf39e38c8 of size 51191, PTS 0:00:00.119333333 and offset 245369
05-09 19:57:51.307  2029  2235 D GStreamer+GST_STATES: 0:06:35.695699745 0xf3d04180 gstbin.c:1797:bin_element_is_sink:<pipeline3> child forhwgl is not sink
05-09 19:57:51.307  2029  2224 D GStreamer+basetransform: 0:06:35.695749068 0xf3d043b0 gstbasetransform.c:2150:default_generate_output:<capsfilter3> calling prepare buffer
05-09 19:57:51.307  2029  2235 D GStreamer+GST_STATES: 0:06:35.695767766 0xf3d04180 gstbin.c:1797:bin_element_is_sink:<pipeline3> child queue8 is not sink
05-09 19:57:51.307  2029  2224 D GStreamer+GST_CAPS: 0:06:35.695822870 0xf3d043b0 gstpad.c:2621:gst_pad_has_current_caps:<capsfilter3:sink> check current pad caps video/x-h264, stream-format=(string)byte-stream, alignment=(string)au, level=(string)4, profile=(string)baseline, width=(int)1280, height=(int)1440, framerate=(fraction)151/3, pixel-aspect-ratio=(fraction)1/1, parsed=(boolean)true
05-09 19:57:51.307  2029  2235 D GStreamer+GST_STATES: 0:06:35.695832297 0xf3d04180 gstbin.c:1797:bin_element_is_sink:<pipeline3> child q is not sink
05-09 19:57:51.308  2029  2224 D GStreamer+basetransform: 0:06:35.695895058 0xf3d043b0 gstbasetransform.c:2157:default_generate_output:<capsfilter3> using allocated buffer in 0xf39e38c8, out 0xf39e38c8
05-09 19:57:51.308  2029  2235 D GStreamer+GST_STATES: 0:06:35.695913756 0xf3d04180 gstbin.c:1797:bin_element_is_sink:<pipeline3> child filesrc3 is not sink
05-09 19:57:51.308  2029  2224 D GStreamer+basetransform: 0:06:35.695936881 0xf3d043b0 gstbasetransform.c:2174:default_generate_output:<capsfilter3> doing inplace transform
05-09 19:57:51.308  2029  2235 D GStreamer+bin: 0:06:35.695974902 0xf3d04180 gstbin.c:4032:bin_query_latency_done:<pipeline3> latency min 0:00:00.000000000, max 99:99:99.999999999, live 1
05-09 19:57:51.308  2029  2224 D GStreamer+GST_SCHEDULING: 0:06:35.696021620 0xf3d043b0 gstpad.c:4153:gst_pad_chain_data_unchecked:<amcvideodec-omxnvidiah264decode2:sink> calling chainfunction &gst_video_decoder_chain with buffer buffer: 0xf39e38c8, pts 0:00:00.119333333, dts 0:00:00.119333333, dur 0:00:00.019867549, size 51191, offset 245369, offset_end none, flags 0x400
05-09 19:57:51.308  2029  2235 D GStreamer+bin: 0:06:35.696050995 0xf3d04180 gstbin.c:4198:gst_bin_query:<pipeline3> query 0xf3d33ef0 result 1
05-09 19:57:51.308  2029  2235 D GStreamer+bin: 0:06:35.696096152 0xf3d04180 gstbin.c:2578:gst_bin_do_latency_func:<pipeline3> got min latency 0:00:00.000000000, max latency 99:99:99.999999999, live 1
05-09 19:57:51.308  2029  2235 I GStreamer+GST_EVENT: 0:06:35.696151620 0xf3d04180 gstevent.c:1253:gst_event_new_latency creating latency event 0:00:00.000000000
05-09 19:57:51.308  2029  2235 D GStreamer+GST_EVENT: 0:06:35.696191204 0xf3d04180 gstevent.c:302:gst_event_new_custom creating new event 0xf3ae0dd8 latency 56321
05-09 19:57:51.308  2029  2235 D GStreamer+GST_ELEMENT_PADS: 0:06:35.696240787 0xf3d04180 gstelement.c:1592:gst_element_send_event send latency event on element pipeline3
05-09 19:57:51.308  2029  2235 D GStreamer+bin: 0:06:35.696279068 0xf3d04180 gstbin.c:2948:gst_bin_send_event:<pipeline3> Sending latency event to sink children
05-09 19:57:51.308  2029  2235 D GStreamer+GST_STATES: 0:06:35.696316256 0xf3d04180 gstbin.c:1797:bin_element_is_sink:<pipeline3> child glimagesinkbin3 is sink
05-09 19:57:51.308  2029  2235 D GStreamer+GST_ELEMENT_PADS: 0:06:35.696373860 0xf3d04180 gstelement.c:1592:gst_element_send_event send latency event on element glimagesinkbin3
05-09 19:57:51.308  2029  2235 D GStreamer+bin: 0:06:35.696408808 0xf3d04180 gstbin.c:2948:gst_bin_send_event:<glimagesinkbin3> Sending latency event to sink children
05-09 19:57:51.308  2029  2235 D GStreamer+GST_STATES: 0:06:35.696466256 0xf3d04180 gstbin.c:1797:bin_element_is_sink:<glimagesinkbin3> child sink is sink
05-09 19:57:51.308  2029  2235 D GStreamer+GST_ELEMENT_PADS: 0:06:35.696501881 0xf3d04180 gstelement.c:1592:gst_element_send_event send latency event on element sink
05-09 19:57:51.308  2029  2235 D GStreamer+basesink: 0:06:35.696584277 0xf3d04180 gstbasesink.c:4455:gst_base_sink_send_event:<sink> handling event 0xf3ae0dd8 latency event: 0xf3ae0dd8, time 99:99:99.999999999, seq-num 2100, GstEventLatency, latency=(guint64)0;
05-09 19:57:51.308  2029  2235 D GStreamer+basesink: 0:06:35.696623547 0xf3d04180 gstbasesink.c:4472:gst_base_sink_send_event:<sink> latency set to 0:00:00.000000000
05-09 19:57:51.308  2029  2235 D GStreamer+GST_EVENT: 0:06:35.696701985 0xf3d04180 gstpad.c:5496:gst_pad_send_event_unchecked:<glcolorbalance3:src> have event type latency event: 0xf3ae0dd8, time 99:99:99.999999999, seq-num 2100, GstEventLatency, latency=(guint64)0;
05-09 19:57:51.308  2029  2235 D GStreamer+basetransform: 0:06:35.696762193 0xf3d04180 gstbasetransform.c:1989:gst_base_transform_src_eventfunc:<glcolorbalance3> handling event 0xf3ae0dd8 latency event: 0xf3ae0dd8, time 99:99:99.999999999, seq-num 2100, GstEventLatency, latency=(guint64)0;
05-09 19:57:51.308  2029  2235 D GStreamer+GST_EVENT: 0:06:35.696844485 0xf3d04180 gstpad.c:5496:gst_pad_send_event_unchecked:<glcolorconvertelement3:src> have event type latency event: 0xf3ae0dd8, time 99:99:99.999999999, seq-num 2100, GstEventLatency, latency=(guint64)0;
05-09 19:57:51.309  2029  2235 D GStreamer+basetransform: 0:06:35.696941412 0xf3d04180 gstbasetransform.c:1989:gst_base_transform_src_eventfunc:<glcolorconvertelement3> handling event 0xf3ae0dd8 latency event: 0xf3ae0dd8, time 99:99:99.999999999, seq-num 2100, GstEventLatency, latency=(guint64)0;
05-09 19:57:51.309  2029  2235 D GStreamer+GST_EVENT: 0:06:35.697022922 0xf3d04180 gstpad.c:5496:gst_pad_send_event_unchecked:<gluploadelement3:src> have event type latency event: 0xf3ae0dd8, time 99:99:99.999999999, seq-num 2100, GstEventLatency, latency=(guint64)0;
05-09 19:57:51.309  2029  2235 D GStreamer+basetransform: 0:06:35.697081568 0xf3d04180 gstbasetransform.c:1989:gst_base_transform_src_eventfunc:<gluploadelement3> handling event 0xf3ae0dd8 latency event: 0xf3ae0dd8, time 99:99:99.999999999, seq-num 2100, GstEventLatency, latency=(guint64)0;
05-09 19:57:51.309  2029  2235 D GStreamer+GST_EVENT: 0:06:35.697161881 0xf3d04180 gstpad.c:5496:gst_pad_send_event_unchecked:<sink:proxypad13> have event type latency event: 0xf3ae0dd8, time 99:99:99.999999999, seq-num 2100, GstEventLatency, latency=(guint64)0;
05-09 19:57:51.309  2029  2235 D GStreamer+GST_EVENT: 0:06:35.697257454 0xf3d04180 gstpad.c:5496:gst_pad_send_event_unchecked:<forhalffps:src> have event type latency event: 0xf3ae0dd8, time 99:99:99.999999999, seq-num 2100, GstEventLatency, latency=(guint64)0;
05-09 19:57:51.309  2029  2235 D GStreamer+basetransform: 0:06:35.697319745 0xf3d04180 gstbasetransform.c:1989:gst_base_transform_src_eventfunc:<forhalffps> handling event 0xf3ae0dd8 latency event: 0xf3ae0dd8, time 99:99:99.999999999, seq-num 2100, GstEventLatency, latency=(guint64)0;
05-09 19:57:51.309  2029  2235 D GStreamer+GST_PADS: 0:06:35.697380370 0xf3d04180 gstpad.c:3650:do_probe_callbacks:<forhalffps:sink> data is passed
05-09 19:57:51.309  2029  2235 D GStreamer+GST_EVENT: 0:06:35.697435683 0xf3d04180 gstpad.c:5496:gst_pad_send_event_unchecked:<queue9:src> have event type latency event: 0xf3ae0dd8, time 99:99:99.999999999, seq-num 2100, GstEventLatency, latency=(guint64)0;
05-09 19:57:51.309  2029  2235 D GStreamer+queue_dataflow: 0:06:35.697501308 0xf3d04180 gstqueue.c:1532:gst_queue_handle_src_event:<queue9> got event 0xf3ae0dd8 (56321)
05-09 19:57:51.309  2029  2235 D GStreamer+GST_PADS: 0:06:35.697536516 0xf3d04180 gstpad.c:2803:gst_pad_iterate_internal_links_default:<queue9:src> Making iterator
05-09 19:57:51.309  2029  2235 D GStreamer+GST_EVENT: 0:06:35.697618912 0xf3d04180 gstpad.c:5496:gst_pad_send_event_unchecked:<forhwgl:src_0> have event type latency event: 0xf3ae0dd8, time 99:99:99.999999999, seq-num 2100, GstEventLatency, latency=(guint64)0;
05-09 19:57:51.309  2029  2235 D GStreamer+GST_PADS: 0:06:35.697653652 0xf3d04180 gstpad.c:3650:do_probe_callbacks:<forhwgl:src_0> data is passed
05-09 19:57:51.309  2029  2235 D GStreamer+GST_EVENT: 0:06:35.697739954 0xf3d04180 gstpad.c:5496:gst_pad_send_event_unchecked:<amcvideodec-omxnvidiah264decode2:src> have event type latency event: 0xf3ae0dd8, time 99:99:99.999999999, seq-num 2100, GstEventLatency, latency=(guint64)0;
05-09 19:57:51.309  2029  2235 D GStreamer+videodecoder: 0:06:35.697802610 0xf3d04180 gstvideodecoder.c:1671:gst_video_decoder_src_event:<amcvideodec-omxnvidiah264decode2> received event 56321, latency
05-09 19:57:51.309  2029  2235 D GStreamer+videodecoder: 0:06:35.697843079 0xf3d04180 gstvideodecoder.c:1572:gst_video_decoder_src_event_default:<amcvideodec-omxnvidiah264decode2> received event 56321, latency
05-09 19:57:51.310  2029  2235 D GStreamer+GST_EVENT: 0:06:35.697929016 0xf3d04180 gstpad.c:5496:gst_pad_send_event_unchecked:<capsfilter3:src> have event type latency event: 0xf3ae0dd8, time 99:99:99.999999999, seq-num 2100, GstEventLatency, latency=(guint64)0;
05-09 19:57:51.310  2029  2235 D GStreamer+basetransform: 0:06:35.698005214 0xf3d04180 gstbasetransform.c:1989:gst_base_transform_src_eventfunc:<capsfilter3> handling event 0xf3ae0dd8 latency event: 0xf3ae0dd8, time 99:99:99.999999999, seq-num 2100, GstEventLatency, latency=(guint64)0;
05-09 19:57:51.310  2029  2235 D GStreamer+GST_EVENT: 0:06:35.698064068 0xf3d04180 gstpad.c:5496:gst_pad_send_event_unchecked:<h264parse3:src> have event type latency event: 0xf3ae0dd8, time 99:99:99.999999999, seq-num 2100, GstEventLatency, latency=(guint64)0;
05-09 19:57:51.310  2029  2235 D GStreamer+baseparse: 0:06:35.698124277 0xf3d04180 gstbaseparse.c:1611:gst_base_parse_src_event:<h264parse3> event 56321, latency
05-09 19:57:51.310  2029  2235 D GStreamer+GST_PADS: 0:06:35.698162610 0xf3d04180 gstpad.c:2803:gst_pad_iterate_internal_links_default:<h264parse3:src> Making iterator
05-09 19:57:51.310  2029  2235 D GStreamer+GST_EVENT: 0:06:35.698244797 0xf3d04180 gstpad.c:5496:gst_pad_send_event_unchecked:<typefind:src> have event type latency event: 0xf3ae0dd8, time 99:99:99.999999999, seq-num 2100, GstEventLatency, latency=(guint64)0;
05-09 19:57:51.310  2029  2235 D GStreamer+GST_EVENT: 0:06:35.698303912 0xf3d04180 gstpad.c:5496:gst_pad_send_event_unchecked:<sink:proxypad12> have event type latency event: 0xf3ae0dd8, time 99:99:99.999999999, seq-num 2100, GstEventLatency, latency=(guint64)0;
05-09 19:57:51.310  2029  2235 D GStreamer+GST_EVENT: 0:06:35.698386360 0xf3d04180 gstpad.c:5496:gst_pad_send_event_unchecked:<queue8:src> have event type latency event: 0xf3ae0dd8, time 99:99:99.999999999, seq-num 2100, GstEventLatency, latency=(guint64)0;
05-09 19:57:51.310  2029  2235 D GStreamer+queue_dataflow: 0:06:35.698423495 0xf3d04180 gstqueue.c:1532:gst_queue_handle_src_event:<queue8> got event 0xf3ae0dd8 (56321)
05-09 19:57:51.310  2029  2235 D GStreamer+GST_PADS: 0:06:35.698477662 0xf3d04180 gstpad.c:2803:gst_pad_iterate_internal_links_default:<queue8:src> Making iterator
05-09 19:57:51.310  2029  2235 D GStreamer+GST_EVENT: 0:06:35.698535891 0xf3d04180 gstpad.c:5496:gst_pad_send_event_unchecked:<q:video_0> have event type latency event: 0xf3ae0dd8, time 99:99:99.999999999, seq-num 2100, GstEventLatency, latency=(guint64)0;
05-09 19:57:51.310  2029  2235 D GStreamer+GST_PADS: 0:06:35.698592037 0xf3d04180 gstpad.c:2803:gst_pad_iterate_internal_links_default:<q:video_0> Making iterator
05-09 19:57:51.310  2029  2235 D GStreamer+GST_EVENT: 0:06:35.698686516 0xf3d04180 gstpad.c:5496:gst_pad_send_event_unchecked:<filesrc3:src> have event type latency event: 0xf3ae0dd8, time 99:99:99.999999999, seq-num 2100, GstEventLatency, latency=(guint64)0;
05-09 19:57:51.310  2029  2235 D GStreamer+basesrc: 0:06:35.698741985 0xf3d04180 gstbasesrc.c:1987:gst_base_src_default_event:<filesrc3> handle event latency event: 0xf3ae0dd8, time 99:99:99.999999999, seq-num 2100, GstEventLatency, latency=(guint64)0;
05-09 19:57:51.310  2029  2235 D GStreamer+GST_PADS: 0:06:35.698797974 0xf3d04180 gstpad.c:5569:gst_pad_send_event_unchecked:<filesrc3:src> sent event, ret ok
05-09 19:57:51.310  2029  2235 D GStreamer+GST_PADS: 0:06:35.698837922 0xf3d04180 gstpad.c:5569:gst_pad_send_event_unchecked:<q:video_0> sent event, ret ok
05-09 19:57:51.311  2029  2235 D GStreamer+GST_PADS: 0:06:35.698899224 0xf3d04180 gstpad.c:5569:gst_pad_send_event_unchecked:<queue8:src> sent event, ret ok
05-09 19:57:51.311  2029  2235 D GStreamer+GST_PADS: 0:06:35.698940110 0xf3d04180 gstpad.c:5569:gst_pad_send_event_unchecked:<sink:proxypad12> sent event, ret ok
05-09 19:57:51.311  2029  2235 D GStreamer+GST_PADS: 0:06:35.698976308 0xf3d04180 gstpad.c:5569:gst_pad_send_event_unchecked:<typefind:src> sent event, ret ok
05-09 19:57:51.311  2029  2235 D GStreamer+GST_PADS: 0:06:35.699033547 0xf3d04180 gstpad.c:5569:gst_pad_send_event_unchecked:<h264parse3:src> sent event, ret ok
05-09 19:57:51.311  2029  2235 D GStreamer+GST_PADS: 0:06:35.699068235 0xf3d04180 gstpad.c:5569:gst_pad_send_event_unchecked:<capsfilter3:src> sent event, ret ok
05-09 19:57:51.311  2029  2235 D GStreamer+GST_PADS: 0:06:35.699123079 0xf3d04180 gstpad.c:5569:gst_pad_send_event_unchecked:<amcvideodec-omxnvidiah264decode2:src> sent event, ret ok
05-09 19:57:51.311  2029  2235 D GStreamer+GST_PADS: 0:06:35.699162818 0xf3d04180 gstpad.c:5569:gst_pad_send_event_unchecked:<forhwgl:src_0> sent event, ret ok
05-09 19:57:51.311  2029  2235 D GStreamer+GST_PADS: 0:06:35.699200683 0xf3d04180 gstpad.c:5569:gst_pad_send_event_unchecked:<queue9:src> sent event, ret ok
05-09 19:57:51.311  2029  2235 D GStreamer+GST_PADS: 0:06:35.699257454 0xf3d04180 gstpad.c:5569:gst_pad_send_event_unchecked:<forhalffps:src> sent event, ret ok
05-09 19:57:51.311  2029  2235 D GStreamer+GST_PADS: 0:06:35.699294589 0xf3d04180 gstpad.c:5569:gst_pad_send_event_unchecked:<sink:proxypad13> sent event, ret ok
05-09 19:57:51.311  2029  2235 D GStreamer+GST_PADS: 0:06:35.699349016 0xf3d04180 gstpad.c:5569:gst_pad_send_event_unchecked:<gluploadelement3:src> sent event, ret ok
05-09 19:57:51.311  2029  2235 D GStreamer+GST_PADS: 0:06:35.699385422 0xf3d04180 gstpad.c:5569:gst_pad_send_event_unchecked:<glcolorconvertelement3:src> sent event, ret ok
05-09 19:57:51.311  2029  2235 D GStreamer+GST_PADS: 0:06:35.699421204 0xf3d04180 gstpad.c:5569:gst_pad_send_event_unchecked:<glcolorbalance3:src> sent event, ret ok
05-09 19:57:51.311  2029  2235 D GStreamer+basesink: 0:06:35.699499172 0xf3d04180 gstbasesink.c:4502:gst_base_sink_send_event:<sink> handled event 0xf3ae0dd8 latency event: 0xf3ae0dd8, time 99:99:99.999999999, seq-num 2100, GstEventLatency, latency=(guint64)0;: 1
05-09 19:57:51.311  2029  2235 D GStreamer+GST_STATES: 0:06:35.699560891 0xf3d04180 gstbin.c:1797:bin_element_is_sink:<glimagesinkbin3> child glcolorbalance3 is not sink
05-09 19:57:51.311  2029  2235 D GStreamer+GST_STATES: 0:06:35.699598860 0xf3d04180 gstbin.c:1797:bin_element_is_sink:<glimagesinkbin3> child glcolorconvertelement3 is not sink
05-09 19:57:51.311  2029  2235 D GStreamer+GST_STATES: 0:06:35.699634797 0xf3d04180 gstbin.c:1797:bin_element_is_sink:<glimagesinkbin3> child gluploadelement3 is not sink
05-09 19:57:51.311  2029  2235 D GStreamer+bin: 0:06:35.699692714 0xf3d04180 gstbin.c:2988:gst_bin_send_event:<glimagesinkbin3> Sending latency event to src pads
05-09 19:57:51.311  2029  2235 D GStreamer+GST_STATES: 0:06:35.699731360 0xf3d04180 gstbin.c:1797:bin_element_is_sink:<pipeline3> child forhalffps is not sink
05-09 19:57:51.311  2029  2235 D GStreamer+GST_STATES: 0:06:35.699785110 0xf3d04180 gstbin.c:1797:bin_element_is_sink:<pipeline3> child queue9 is not sink
05-09 19:57:51.314  2029  2235 D GStreamer+GST_STATES: 0:06:35.701891308 0xf3d04180 gstbin.c:1797:bin_element_is_sink:<pipeline3> child forhwgl is not sink
05-09 19:57:51.314  2029  2235 D GStreamer+GST_STATES: 0:06:35.701949693 0xf3d04180 gstbin.c:1797:bin_element_is_sink:<pipeline3> child queue8 is not sink
05-09 19:57:51.314  2029  2235 D GStreamer+GST_STATES: 0:06:35.701987766 0xf3d04180 gstbin.c:1797:bin_element_is_sink:<pipeline3> child q is not sink
05-09 19:57:51.314  2029  2235 D GStreamer+GST_STATES: 0:06:35.702024329 0xf3d04180 gstbin.c:1797:bin_element_is_sink:<pipeline3> child filesrc3 is not sink
05-09 19:57:51.314  2029  2235 D GStreamer+bin: 0:06:35.702063964 0xf3d04180 gstbin.c:2988:gst_bin_send_event:<pipeline3> Sending latency event to src pads
05-09 19:57:51.314  2029  2235 I GStreamer+bin: 0:06:35.702106256 0xf3d04180 gstbin.c:2593:gst_bin_do_latency_func:<pipeline3> configured latency of 0:00:00.000000000
05-09 19:57:51.314  2029  2235 D GStreamer+bin: 0:06:35.702145631 0xf3d04180 gstbin.c:350:_gst_boolean_accumulator invocation 2, 1
05-09 19:57:51.314  2029  2235 D GStreamer+bin: 0:06:35.702180318 0xf3d04180 gstbin.c:2550:gst_bin_recalculate_latency:<pipeline3> latency returned 1
05-09 19:57:51.314  2029  2235 D GStreamer+bin: 0:06:35.702216412 0xf3d04180 gstbin.c:2195:gst_bin_sort_iterator_resync:<pipeline3> resync
05-09 19:57:51.314  2029  2235 D GStreamer+bin: 0:06:35.702251047 0xf3d04180 gstbin.c:1981:add_to_queue:<pipeline3> adding 'glimagesinkbin3' to queue
05-09 19:57:51.314  2029  2235 D GStreamer+bin: 0:06:35.702290058 0xf3d04180 gstbin.c:882:find_message:<pipeline3> no message found matching types 00001000
05-09 19:57:51.314  2029  2235 D GStreamer+bin: 0:06:35.702322402 0xf3d04180 gstbin.c:889:find_message:<pipeline3>   structure-change
05-09 19:57:51.314  2029  2235 D GStreamer+bin: 0:06:35.702360891 0xf3d04180 gstbin.c:2098:update_degree:<pipeline3> change element forhalffps, degree 0->1, linked to glimagesinkbin3
05-09 19:57:51.314  2029  2235 D GStreamer+bin: 0:06:35.702395058 0xf3d04180 gstbin.c:882:find_message:<pipeline3> no message found matching types 00001000
