05-09 19:57:51.169  2029  2224 D GStreamer+basetransform: 0:06:35.557212193 0xf3d043b0 gstbasetransform.c:1378:gst_base_transform_setcaps:<capsfilter3> New caps equal to old ones: video/x-h264, stream-format=(string)byte-stream, alignment=(string)au, level=(string)4, profile=(string)baseline, width=(int)1280, height=(int)1440, framerate=(fraction)151/3, pixel-aspect-ratio=(fraction)1/1, parsed=(boolean)true -> video/x-h264, stream-format=(string)byte-stream, alignment=(string)au, level=(string)4, profile=(string)baseline, width=(int)1280, height=(int)1440, framerate=(fraction)151/3, pixel-aspect-ratio=(fraction)1/1, parsed=(boolean)true
05-09 19:57:51.169  2029  2224 D GStreamer+basetransform: 0:06:35.557246100 0xf3d043b0 gstbasetransform.c:994:gst_base_transform_do_bufferpool:<capsfilter3> we're passthough, delay bufferpool
05-09 19:57:51.169  2029  2224 D GStreamer+basetransform: 0:06:35.557290006 0xf3d043b0 gstbasetransform.c:2033:default_submit_input_buffer:<capsfilter3> handling buffer 0xf3b72358 of size 45254, PTS 0:00:00.000000000 and offset 0
05-09 19:57:51.169  2029  2224 D GStreamer+basetransform: 0:06:35.557325006 0xf3d043b0 gstbasetransform.c:2150:default_generate_output:<capsfilter3> calling prepare buffer
05-09 19:57:51.169  2029  2224 D GStreamer+GST_CAPS: 0:06:35.557383495 0xf3d043b0 gstpad.c:2621:gst_pad_has_current_caps:<capsfilter3:sink> check current pad caps video/x-h264, stream-format=(string)byte-stream, alignment=(string)au, level=(string)4, profile=(string)baseline, width=(int)1280, height=(int)1440, framerate=(fraction)151/3, pixel-aspect-ratio=(fraction)1/1, parsed=(boolean)true
05-09 19:57:51.169  2029  2224 D GStreamer+basetransform: 0:06:35.557421204 0xf3d043b0 gstbasetransform.c:2157:default_generate_output:<capsfilter3> using allocated buffer in 0xf3b72358, out 0xf3b72358
05-09 19:57:51.169  2029  2224 D GStreamer+basetransform: 0:06:35.557452402 0xf3d043b0 gstbasetransform.c:2174:default_generate_output:<capsfilter3> doing inplace transform
05-09 19:57:51.169  2029  2224 D GStreamer+basetransform: 0:06:35.557483704 0xf3d043b0 gstbasetransform.c:2359:gst_base_transform_chain:<capsfilter3> we have a pending DISCONT
05-09 19:57:51.169  2029  2224 D GStreamer+GST_SCHEDULING: 0:06:35.557548079 0xf3d043b0 gstpad.c:4153:gst_pad_chain_data_unchecked:<amcvideodec-omxnvidiah264decode2:sink> calling chainfunction &gst_video_decoder_chain with buffer buffer: 0xf3b72358, pts 0:00:00.000000000, dts 0:00:00.000000000, dur 0:00:00.019867549, size 45254, offset 0, offset_end none, flags 0x440
05-09 19:57:51.169  2029  2224 D GStreamer+videodecoder: 0:06:35.557589693 0xf3d043b0 gstvideodecoder.c:3394:gst_video_decoder_decode_frame:<amcvideodec-omxnvidiah264decode2> PTS delta 0 ms
05-09 19:57:51.169  2029  2224 D GStreamer+amcvideodec: 0:06:35.557626412 0xf3d043b0 gstamcvideodec.c:2125:gst_amc_video_dec_handle_frame:<amcvideodec-omxnvidiah264decode2> Handling frame
05-09 19:57:51.170  2029  2224 D GStreamer+amcvideodec: 0:06:35.557860683 0xf3d043b0 gstamcvideodec.c:2239:gst_amc_video_dec_handle_frame:<amcvideodec-omxnvidiah264decode2> Queueing buffer 0: size 45254 time 0 flags 0x00000001
05-09 19:57:51.170  2029  2224 D GStreamer+GST_SCHEDULING: 0:06:35.558004954 0xf3d043b0 gstpad.c:4159:gst_pad_chain_data_unchecked:<amcvideodec-omxnvidiah264decode2:sink> called chainfunction &gst_video_decoder_chain with buffer 0xf3b72358, returned ok
05-09 19:57:51.170  2029  2224 D GStreamer+GST_SCHEDULING: 0:06:35.558055943 0xf3d043b0 gstpad.c:4159:gst_pad_chain_data_unchecked:<capsfilter3:sink> called chainfunction &gst_base_transform_chain with buffer 0xf3b72358, returned ok
05-09 19:57:51.170  2029  2224 D GStreamer+baseparse: 0:06:35.558100318 0xf3d043b0 gstbaseparse.c:3153:gst_base_parse_chain:<h264parse3> not enough data available (only 0 bytes)
05-09 19:57:51.170  2029  2224 D GStreamer+GST_SCHEDULING: 0:06:35.558141047 0xf3d043b0 gstpad.c:4159:gst_pad_chain_data_unchecked:<h264parse3:sink> called chainfunction &gst_base_parse_chain with buffer 0xf39e38c8, returned ok
05-09 19:57:51.170  2029  2224 D GStreamer+GST_SCHEDULING: 0:06:35.558289172 0xf3d043b0 gstpad.c:4159:gst_pad_chain_data_unchecked:<typefind:sink> called chainfunction &gst_type_find_element_chain with buffer 0xf39e38c8, returned ok
05-09 19:57:51.170  2029  2224 D GStreamer+GST_SCHEDULING: 0:06:35.558331516 0xf3d043b0 gstpad.c:4159:gst_pad_chain_data_unchecked:<forhwgl:sink> called chainfunction &gst_proxy_pad_chain_default with buffer 0xf39e38c8, returned ok
05-09 19:57:51.170  2029  2224 D GStreamer+GST_SCHEDULING: 0:06:35.558428704 0xf3d043b0 gstpad.c:4153:gst_pad_chain_data_unchecked:<forhwgl:sink> calling chainfunction &gst_proxy_pad_chain_default with buffer buffer: 0xf3d02b50, pts 0:00:00.042666666, dts 0:00:00.042666666, dur 0:00:00.000000000, size 32685, offset none, offset_end none, flags 0x0
05-09 19:57:51.170  2029  2224 D GStreamer+GST_SCHEDULING: 0:06:35.558497766 0xf3d043b0 gstpad.c:4153:gst_pad_chain_data_unchecked:<typefind:sink> calling chainfunction &gst_type_find_element_chain with buffer buffer: 0xf3d02b50, pts 0:00:00.042666666, dts 0:00:00.042666666, dur 0:00:00.000000000, size 32685, offset none, offset_end none, flags 0x0
05-09 19:57:51.170  2029  2224 D GStreamer+GST_SCHEDULING: 0:06:35.558562402 0xf3d043b0 gstpad.c:4153:gst_pad_chain_data_unchecked:<h264parse3:sink> calling chainfunction &gst_base_parse_chain with buffer buffer: 0xf3d02b50, pts 0:00:00.042666666, dts 0:00:00.042666666, dur 0:00:00.000000000, size 32685, offset none, offset_end none, flags 0x0
05-09 19:57:51.170  2029  2224 D GStreamer+baseparse: 0:06:35.558599120 0xf3d043b0 gstbaseparse.c:2985:gst_base_parse_chain:<h264parse3> chain
05-09 19:57:51.170  2029  2224 D GStreamer+GST_PERFORMANCE: 0:06:35.558643495 0xf3d043b0 gstminiobject.c:326:gst_mini_object_make_writable copy GstBuffer miniobject 0xf3d02b50 -> 0xf39e2d18
05-09 19:57:51.170  2029  2224 D GStreamer+codecparsers_h264: 0:06:35.558681516 0xf3d043b0 gsth264parser.c:253:gst_h264_parse_nalu_header Nal type 7, ref_idc 1
05-09 19:57:51.170  2029  2224 D GStreamer+h264parse: 0:06:35.558717089 0xf3d043b0 gsth264parse.c:981:gst_h264_parse_handle_frame_packetized:<h264parse3> AVC nal offset 14
05-09 19:57:51.170  2029  2224 D GStreamer+h264parse: 0:06:35.558756100 0xf3d043b0 gsth264parse.c:716:gst_h264_parse_process_nal:<h264parse3> processing nal of type 7 SPS, size 10
05-09 19:57:51.170  2029  2224 D GStreamer+codecparsers_h264: 0:06:35.558786256 0xf3d043b0 gsth264parser.c:1776:gst_h264_parse_sps parsing SPS
05-09 19:57:51.170  2029  2224 D GStreamer+codecparsers_h264: 0:06:35.558819172 0xf3d043b0 gsth264parser.c:1484:gst_h264_parser_parse_sps adding sequence parameter set with id: 0 to array
05-09 19:57:51.170  2029  2224 D GStreamer+h264parse: 0:06:35.558850683 0xf3d043b0 gsth264parse.c:737:gst_h264_parse_process_nal:<h264parse3> triggering src caps check
05-09 19:57:51.171  2029  2224 D GStreamer+h264parse: 0:06:35.558916672 0xf3d043b0 gsth264parse.c:454:gst_h264_parser_store_nal:<h264parse3> storing sps 0
05-09 19:57:51.171  2029  2224 D GStreamer+GST_MEMORY: 0:06:35.559062141 0xf3d043b0 gstmemory.c:138:gst_memory_init new memory 0xf3b00198, maxsize:13 offset:0 size:10
05-09 19:57:51.171  2029  2224 D GStreamer+GST_MEMORY: 0:06:35.559101047 0xf3d043b0 gstmemory.c:87:_gst_memory_free free memory 0xf3b00318
05-09 19:57:51.171  2029  2224 D GStreamer+h264parse: 0:06:35.559138287 0xf3d043b0 gsth264parse.c:423:gst_h264_parse_wrap_nal:<h264parse3> nal length 10
05-09 19:57:51.171  2029  2224 D GStreamer+GST_MEMORY: 0:06:35.559173756 0xf3d043b0 gstmemory.c:138:gst_memory_init new memory 0xf3d04538, maxsize:17 offset:0 size:14
05-09 19:57:51.171  2029  2224 D GStreamer+codecparsers_h264: 0:06:35.559209693 0xf3d043b0 gsth264parser.c:253:gst_h264_parse_nalu_header Nal type 8, ref_idc 1
05-09 19:57:51.171  2029  2224 D GStreamer+h264parse: 0:06:35.559242402 0xf3d043b0 gsth264parse.c:981:gst_h264_parse_handle_frame_packetized:<h264parse3> AVC nal offset 23
05-09 19:57:51.171  2029  2224 D GStreamer+h264parse: 0:06:35.559277714 0xf3d043b0 gsth264parse.c:716:gst_h264_parse_process_nal:<h264parse3> processing nal of type 8 PPS, size 5
05-09 19:57:51.171  2029  2224 D GStreamer+codecparsers_h264: 0:06:35.559308131 0xf3d043b0 gsth264parser.c:1912:gst_h264_parse_pps parsing PPS
05-09 19:57:51.171  2029  2224 D GStreamer+codecparsers_h264: 0:06:35.559339641 0xf3d043b0 gsth264parser.c:2045:gst_h264_parser_parse_pps adding picture parameter set with id: 0 to array
05-09 19:57:51.171  2029  2224 D GStreamer+h264parse: 0:06:35.559368652 0xf3d043b0 gsth264parse.c:770:gst_h264_parse_process_nal:<h264parse3> triggering src caps check
05-09 19:57:51.171  2029  2224 D GStreamer+h264parse: 0:06:35.559400839 0xf3d043b0 gsth264parse.c:458:gst_h264_parser_store_nal:<h264parse3> storing pps 0
05-09 19:57:51.171  2029  2224 D GStreamer+GST_MEMORY: 0:06:35.559434797 0xf3d043b0 gstmemory.c:138:gst_memory_init new memory 0xf3ab9c68, maxsize:8 offset:0 size:5
05-09 19:57:51.171  2029  2224 D GStreamer+GST_MEMORY: 0:06:35.559464120 0xf3d043b0 gstmemory.c:87:_gst_memory_free free memory 0xf3ab9c10
05-09 19:57:51.171  2029  2224 D GStreamer+h264parse: 0:06:35.559494641 0xf3d043b0 gsth264parse.c:423:gst_h264_parse_wrap_nal:<h264parse3> nal length 5
05-09 19:57:51.171  2029  2224 D GStreamer+GST_MEMORY: 0:06:35.559528547 0xf3d043b0 gstmemory.c:138:gst_memory_init new memory 0xf3b00138, maxsize:12 offset:0 size:9
05-09 19:57:51.171  2029  2224 D GStreamer+codecparsers_h264: 0:06:35.559559693 0xf3d043b0 gsth264parser.c:253:gst_h264_parse_nalu_header Nal type 5, ref_idc 1
05-09 19:57:51.171  2029  2224 D GStreamer+h264parse: 0:06:35.559590943 0xf3d043b0 gsth264parse.c:981:gst_h264_parse_handle_frame_packetized:<h264parse3> AVC nal offset 32685
05-09 19:57:51.171  2029  2224 D GStreamer+h264parse: 0:06:35.559628756 0xf3d043b0 gsth264parse.c:716:gst_h264_parse_process_nal:<h264parse3> processing nal of type 5 Slice IDR, size 32658
05-09 19:57:51.171  2029  2224 D GStreamer+h264parse: 0:06:35.559659329 0xf3d043b0 gsth264parse.c:822:gst_h264_parse_process_nal:<h264parse3> first_mb_in_slice = 0
05-09 19:57:51.171  2029  2224 D GStreamer+h264parse: 0:06:35.559690735 0xf3d043b0 gsth264parse.c:825:gst_h264_parse_process_nal:<h264parse3> frame start: 1
05-09 19:57:51.171   993  2231 D NvOsDebugPrintf: TVMR: cbBeginSequence: 883: BeginSequence  1280x1440, bVPR = 0
05-09 19:57:51.171  2029  2224 D GStreamer+codecparsers_h264: 0:06:35.559720631 0xf3d043b0 gsth264parser.c:2107:gst_h264_parser_parse_slice_hdr parsing "Slice header", slice type 7
05-09 19:57:51.171   993  2231 D NvOsDebugPrintf: TVMR: cbBeginSequence: 1229: DecodeBuffers = 5, pnvsi->eCodec = 4, codec = 0 
05-09 19:57:51.171  2029  2224 D GStreamer+codecparsers_h264: 0:06:35.559750995 0xf3d043b0 gsth264parser.c:711:gst_h264_slice_parse_dec_ref_pic_marking parsing "Decoded reference picture marking"
05-09 19:57:51.171  2029  2224 D GStreamer+h264parse: 0:06:35.559786568 0xf3d043b0 gsth264parse.c:835:gst_h264_parse_process_nal:<h264parse3> parse result 0, first MB: 0, slice type: 7
05-09 19:57:51.171  2029  2224 D GStreamer+h264parse: 0:06:35.559820735 0xf3d043b0 gsth264parse.c:858:gst_h264_parse_process_nal:<h264parse3> marking IDR in frame at offset 23
05-09 19:57:51.171  2029  2224 D GStreamer+h264parse: 0:06:35.559854068 0xf3d043b0 gsth264parse.c:423:gst_h264_parse_wrap_nal:<h264parse3> nal length 32658
05-09 19:57:51.172  2029  2224 D GStreamer+GST_MEMORY: 0:06:35.559907714 0xf3d043b0 gstmemory.c:138:gst_memory_init new memory 0xf3e6dcc8, maxsize:32665 offset:0 size:32662
05-09 19:57:51.172  2029  2224 D GStreamer+codecparsers_h264: 0:06:35.559954902 0xf3d043b0 gsth264parser.c:1407:gst_h264_parser_identify_nalu_avc Can't parse, buffer has too small size 32685, offset 32685
05-09 19:57:51.172  2029  2224 D GStreamer+GST_CAPS: 0:06:35.560028808 0xf3d043b0 gstpad.c:2621:gst_pad_has_current_caps:<h264parse3:src> check current pad caps video/x-h264, stream-format=(string)byte-stream, alignment=(string)au, level=(string)4, profile=(string)baseline, width=(int)1280, height=(int)1440, framerate=(fraction)151/3, pixel-aspect-ratio=(fraction)1/1, parsed=(boolean)true
05-09 19:57:51.172  2029  2224 D GStreamer+GST_CAPS: 0:06:35.560112454 0xf3d043b0 gstpad.c:2648:gst_pad_get_current_caps:<h264parse3:sink> get current pad caps video/x-h264, stream-format=(string)avc, alignment=(string)au, level=(string)4, profile=(string)baseline, codec_data=(buffer)01428028ffe1000a27428028e54028016b2001000528de01ae20, width=(int)1280, height=(int)1440, framerate=(fraction)151/3, pixel-aspect-ratio=(fraction)1/1
05-09 19:57:51.172  2029  2224 D GStreamer+h264parse: 0:06:35.560151568 0xf3d043b0 gsth264parse.c:1692:gst_h264_parse_update_src_caps:<h264parse3> sps: 0xf3ea6670
05-09 19:57:51.172  2029  2224 D GStreamer+GST_PERFORMANCE: 0:06:35.560223443 0xf3d043b0 gstcaps.c:169:_gst_caps_copy:<0xf3b49450> doing copy 0xf3b49450 -> 0xf3d1c200
05-09 19:57:51.172  2029  2224 I GStreamer+baseparse: 0:06:35.560292662 0xf3d043b0 gstbaseparse.c:3945:gst_base_parse_set_latency:<h264parse3> min/max latency 0:00:00.019867549, 0:00:00.019867549
05-09 19:57:51.172  2029  2224 D GStreamer+GST_CAPS: 0:06:35.560367818 0xf3d043b0 gstpad.c:2648:gst_pad_get_current_caps:<h264parse3:src> get current pad caps video/x-h264, stream-format=(string)byte-stream, alignment=(string)au, level=(string)4, profile=(string)baseline, width=(int)1280, height=(int)1440, framerate=(fraction)151/3, pixel-aspect-ratio=(fraction)1/1, parsed=(boolean)true
05-09 19:57:51.172  2029  2224 D GStreamer+GST_CAPS: 0:06:35.560434329 0xf3d043b0 gstpad.c:2648:gst_pad_get_current_caps:<h264parse3:src> get current pad caps video/x-h264, stream-format=(string)byte-stream, alignment=(string)au, level=(string)4, profile=(string)baseline, width=(int)1280, height=(int)1440, framerate=(fraction)151/3, pixel-aspect-ratio=(fraction)1/1, parsed=(boolean)true
05-09 19:57:51.172  2029  2224 D GStreamer+h264parse: 0:06:35.560477766 0xf3d043b0 gsth264parse.c:1934:gst_h264_parse_get_timestamp:<h264parse3> unable to compute timestamp: VUI not present
05-09 19:57:51.172  2029  2224 D GStreamer+adapter: 0:06:35.560514745 0xf3d043b0 gstadapter.c:296:copy_into_unchecked bsize 14, skip 0, csize 14
05-09 19:57:51.172  2029  2224 D GStreamer+GST_MEMORY: 0:06:35.560562818 0xf3d043b0 gstmemory.c:138:gst_memory_init new memory 0xf3d6fa90, maxsize:32685 offset:0 size:32685
05-09 19:57:51.172  2029  2224 D GStreamer+GST_MEMORY: 0:06:35.560595735 0xf3d043b0 gstmemory.c:87:_gst_memory_free free memory 0xf3d04538
05-09 19:57:51.172  2029  2224 D GStreamer+GST_MEMORY: 0:06:35.560626464 0xf3d043b0 gstmemory.c:87:_gst_memory_free free memory 0xf3b00138
05-09 19:57:51.172  2029  2224 D GStreamer+GST_MEMORY: 0:06:35.560655266 0xf3d043b0 gstmemory.c:87:_gst_memory_free free memory 0xf3e6dcc8
05-09 19:57:51.172  2029  2224 D GStreamer+GST_MEMORY: 0:06:35.560688131 0xf3d043b0 gstmemory.c:87:_gst_memory_free free memory 0xf3ceb300
05-09 19:57:51.172  2029  2224 D GStreamer+GST_CAPS: 0:06:35.560761985 0xf3d043b0 gstpad.c:2621:gst_pad_has_current_caps:<h264parse3:src> check current pad caps video/x-h264, stream-format=(string)byte-stream, alignment=(string)au, level=(string)4, profile=(string)baseline, width=(int)1280, height=(int)1440, framerate=(fraction)151/3, pixel-aspect-ratio=(fraction)1/1, parsed=(boolean)true
05-09 19:57:51.172  2029  2224 D GStreamer+baseparse: 0:06:35.560822610 0xf3d043b0 gstbaseparse.c:944:gst_base_parse_queue_tag_event_update:<h264parse3> merged   : taglist, video-codec=(string)"H.264\ \(Baseline\ Profile\)", bitrate=(uint)16613142, language-code=(string)en;
05-09 19:57:51.173  2029  2224 D GStreamer+GST_EVENT: 0:06:35.560864537 0xf3d043b0 gstevent.c:302:gst_event_new_custom creating new event 0xf3d5ad50 tag 20510
05-09 19:57:51.173  2029  2224 D GStreamer+GST_PADS: 0:06:35.560915475 0xf3d043b0 gstpad.c:3813:check_sticky:<h264parse3:src> pushing all sticky events
05-09 19:57:51.173  2029  2224 D GStreamer+GST_PADS: 0:06:35.560954277 0xf3d043b0 gstpad.c:3745:push_sticky:<h264parse3:src> event stream-start was already received
05-09 19:57:51.173  2029  2224 D GStreamer+GST_PADS: 0:06:35.560990943 0xf3d043b0 gstpad.c:3745:push_sticky:<h264parse3:src> event caps was already received
05-09 19:57:51.173  2029  2224 D GStreamer+GST_PADS: 0:06:35.561027193 0xf3d043b0 gstpad.c:3745:push_sticky:<h264parse3:src> event segment was already received
05-09 19:57:51.173  2029  2224 D GStreamer+GST_EVENT: 0:06:35.561101777 0xf3d043b0 gstpad.c:5496:gst_pad_send_event_unchecked:<capsfilter3:sink> have event type tag event: 0xf3d5ad50, time 99:99:99.999999999, seq-num 2075, GstTagList-stream, taglist=(taglist)"taglist\,\ video-codec\=\(string\)\"H.264\\\ \\\(Baseline\\\ Profile\\\)\"\,\ bitrate\=\(uint\)16613142\,\ language-code\=\(string\)en\;";
05-09 19:57:51.173  2029  2224 D GStreamer+GST_CAPS: 0:06:35.561166881 0xf3d043b0 gstpad.c:2621:gst_pad_has_current_caps:<capsfilter3:sink> check current pad caps video/x-h264, stream-format=(string)byte-stream, alignment=(string)au, level=(string)4, profile=(string)baseline, width=(int)1280, height=(int)1440, framerate=(fraction)151/3, pixel-aspect-ratio=(fraction)1/1, parsed=(boolean)true
05-09 19:57:51.173  2029  2224 D GStreamer+GST_PADS: 0:06:35.561205318 0xf3d043b0 gstpad.c:3813:check_sticky:<capsfilter3:src> pushing all sticky events
05-09 19:57:51.173  2029  2224 D GStreamer+GST_PADS: 0:06:35.561241412 0xf3d043b0 gstpad.c:3745:push_sticky:<capsfilter3:src> event stream-start was already received
05-09 19:57:51.173  2029  2224 D GStreamer+GST_PADS: 0:06:35.561277922 0xf3d043b0 gstpad.c:3745:push_sticky:<capsfilter3:src> event caps was already received
05-09 19:57:51.173  2029  2224 D GStreamer+GST_PADS: 0:06:35.561313964 0xf3d043b0 gstpad.c:3745:push_sticky:<capsfilter3:src> event segment was already received
05-09 19:57:51.173  2029  2224 D GStreamer+GST_EVENT: 0:06:35.561381308 0xf3d043b0 gstpad.c:5496:gst_pad_send_event_unchecked:<amcvideodec-omxnvidiah264decode2:sink> have event type tag event: 0xf3d5ad50, time 99:99:99.999999999, seq-num 2075, GstTagList-stream, taglist=(taglist)"taglist\,\ video-codec\=\(string\)\"H.264\\\ \\\(Baseline\\\ Profile\\\)\"\,\ bitrate\=\(uint\)16613142\,\ language-code\=\(string\)en\;";
05-09 19:57:51.173  2029  2224 D GStreamer+videodecoder: 0:06:35.561423131 0xf3d043b0 gstvideodecoder.c:1486:gst_video_decoder_sink_event:<amcvideodec-omxnvidiah264decode2> received event 20510, tag
05-09 19:57:51.173  2029  2224 I GStreamer+videodecoder: 0:06:35.561471777 0xf3d043b0 gstvideodecoder.c:1432:gst_video_decoder_sink_event_default:<amcvideodec-omxnvidiah264decode2> upstream tags: taglist, video-codec=(string)"H.264\ \(Baseline\ Profile\)", bitrate=(uint)16613142, language-code=(string)en;
05-09 19:57:51.173  2029  2224 D GStreamer+videodecoder: 0:06:35.561523235 0xf3d043b0 gstvideodecoder.c:937:gst_video_decoder_create_merged_tags_event:<amcvideodec-omxnvidiah264decode2> merged   : taglist, video-codec=(string)"H.264\ \(Baseline\ Profile\)", bitrate=(uint)16613142, language-code=(string)en;
05-09 19:57:51.173  2029  2224 D GStreamer+GST_EVENT: 0:06:35.561562506 0xf3d043b0 gstevent.c:302:gst_event_new_custom creating new event 0xf3d5ad08 tag 20510
05-09 19:57:51.173  2029  2224 D GStreamer+GST_PADS: 0:06:35.561597454 0xf3d043b0 gstpad.c:5569:gst_pad_send_event_unchecked:<amcvideodec-omxnvidiah264decode2:sink> sent event, ret ok
05-09 19:57:51.173  2029  2224 D GStreamer+GST_PADS: 0:06:35.561636152 0xf3d043b0 gstpad.c:3765:push_sticky:<capsfilter3:src> event tag marked received
05-09 19:57:51.173  2029  2224 D GStreamer+GST_PADS: 0:06:35.561673704 0xf3d043b0 gstpad.c:3745:push_sticky:<capsfilter3:src> event tag was already received
05-09 19:57:51.173  2029  2224 D GStreamer+GST_PADS: 0:06:35.561710370 0xf3d043b0 gstpad.c:5569:gst_pad_send_event_unchecked:<capsfilter3:sink> sent event, ret ok
05-09 19:57:51.173  2029  2224 D GStreamer+GST_PADS: 0:06:35.561751985 0xf3d043b0 gstpad.c:3765:push_sticky:<h264parse3:src> event tag marked received
05-09 19:57:51.173   993  2231 D NvOsDebugPrintf: TVMR: cbBeginSequence: 1285: Display Resolution : (1280x1440) 
05-09 19:57:51.173  2029  2224 D GStreamer+GST_PADS: 0:06:35.561788079 0xf3d043b0 gstpad.c:3745:push_sticky:<h264parse3:src> event tag was already received
05-09 19:57:51.173   993  2231 D NvOsDebugPrintf: TVMR: cbBeginSequence: 1286: Display Aspect Ratio : (1280x1440) 
05-09 19:57:51.173   993  2231 D NvOsDebugPrintf: TVMR: cbBeginSequence: 1326: ColorFormat : 5 
05-09 19:57:51.173   993  2231 D NvOsDebugPrintf: TVMR: cbBeginSequence:1340 ColorSpace = NvColorSpace_YCbCr601
05-09 19:57:51.173   993  2231 D NvOsDebugPrintf: TVMR: cbBeginSequence: 1456: SurfaceLayout = 3
05-09 19:57:51.173  2029  2224 D GStreamer+h264parse: 0:06:35.561823912 0xf3d043b0 gsth264parse.c:184:gst_h264_parse_reset_frame:<h264parse3> reset frame
05-09 19:57:51.173   993  2231 D NvOsDebugPrintf: TVMR: cbBeginSequence: 1501: NumOfSurfaces = 9, InteraceStream = 0, InterlaceEnabled = 0, bSecure = 0, MVC = 0 Semiplanar = 1, bReinit = 1, BitDepthForSurface = 8 LumaBitDepth = 8, ChromaBitDepth = 8
05-09 19:57:51.174   993  2231 D NvOsDebugPrintf: Allocating new output: 1280x1440 (x 11), ThumbnailMode = 0
05-09 19:57:51.174  2029  2224 D GStreamer+GST_SCHEDULING: 0:06:35.561963079 0xf3d043b0 gstpad.c:4153:gst_pad_chain_data_unchecked:<capsfilter3:sink> calling chainfunction &gst_base_transform_chain with buffer buffer: 0xf39e4030, pts 0:00:00.042666666, dts 0:00:00.042666666, dur 0:00:00.019867549, size 32685, offset 45231, offset_end none, flags 0x400
05-09 19:57:51.174  2029  2224 D GStreamer+basetransform: 0:06:35.562018131 0xf3d043b0 gstbasetransform.c:2033:default_submit_input_buffer:<capsfilter3> handling buffer 0xf39e4030 of size 32685, PTS 0:00:00.042666666 and offset 45231
05-09 19:57:51.174  2029  2224 D GStreamer+basetransform: 0:06:35.562055631 0xf3d043b0 gstbasetransform.c:2150:default_generate_output:<capsfilter3> calling prepare buffer
05-09 19:57:51.174  2029  2224 D GStreamer+GST_CAPS: 0:06:35.562121256 0xf3d043b0 gstpad.c:2621:gst_pad_has_current_caps:<capsfilter3:sink> check current pad caps video/x-h264, stream-format=(string)byte-stream, alignment=(string)au, level=(string)4, profile=(string)baseline, width=(int)1280, height=(int)1440, framerate=(fraction)151/3, pixel-aspect-ratio=(fraction)1/1, parsed=(boolean)true
05-09 19:57:51.174  2029  2224 D GStreamer+basetransform: 0:06:35.562287766 0xf3d043b0 gstbasetransform.c:2157:default_generate_output:<capsfilter3> using allocated buffer in 0xf39e4030, out 0xf39e4030
05-09 19:57:51.174  2029  2224 D GStreamer+basetransform: 0:06:35.562360527 0xf3d043b0 gstbasetransform.c:2174:default_generate_output:<capsfilter3> doing inplace transform
05-09 19:57:51.174  2029  2224 D GStreamer+GST_SCHEDULING: 0:06:35.562470318 0xf3d043b0 gstpad.c:4153:gst_pad_chain_data_unchecked:<amcvideodec-omxnvidiah264decode2:sink> calling chainfunction &gst_video_decoder_chain with buffer buffer: 0xf39e4030, pts 0:00:00.042666666, dts 0:00:00.042666666, dur 0:00:00.019867549, size 32685, offset 45231, offset_end none, flags 0x400
05-09 19:57:51.174  2029  2224 D GStreamer+videodecoder: 0:06:35.562513183 0xf3d043b0 gstvideodecoder.c:3394:gst_video_decoder_decode_frame:<amcvideodec-omxnvidiah264decode2> PTS delta 0 ms
05-09 19:57:51.175  2029  2224 D GStreamer+amcvideodec: 0:06:35.562765162 0xf3d043b0 gstamcvideodec.c:2125:gst_amc_video_dec_handle_frame:<amcvideodec-omxnvidiah264decode2> Handling frame
05-09 19:57:51.175  2029  2227 D SurfaceUtils: set up nativeWindow 0xf3d9d220 for 1280x1440, color 0x106, rotation 0, usage 0x2b00
05-09 19:57:51.175   993  1317 E OMXNodeInstance: setParameter(1b1:Nvidia.h264.decode, ParamPortDefinition(0x2000001)) ERROR: UnsupportedSetting(0x80001019)
05-09 19:57:51.175  2029  2227 W ACodec  : [OMX.Nvidia.h264.decode] setting nBufferCountActual to 16 failed: -1010
05-09 19:57:51.175  2029  2224 D GStreamer+amcvideodec: 0:06:35.563191464 0xf3d043b0 gstamcvideodec.c:2239:gst_amc_video_dec_handle_frame:<amcvideodec-omxnvidiah264decode2> Queueing buffer 1: size 32685 time 42666 flags 0x00000001
05-09 19:57:51.175   993 15411 E OMXNodeInstance: setParameter(1b1:Nvidia.h264.decode, ParamPortDefinition(0x2000001)) ERROR: UnsupportedSetting(0x80001019)
05-09 19:57:51.175  2029  2227 W ACodec  : [OMX.Nvidia.h264.decode] setting nBufferCountActual to 15 failed: -1010
05-09 19:57:51.175  2029  2224 D GStreamer+GST_SCHEDULING: 0:06:35.563303443 0xf3d043b0 gstpad.c:4159:gst_pad_chain_data_unchecked:<amcvideodec-omxnvidiah264decode2:sink> called chainfunction &gst_video_decoder_chain with buffer 0xf39e4030, returned ok
05-09 19:57:51.175   993   993 E OMXNodeInstance: setParameter(1b1:Nvidia.h264.decode, ParamPortDefinition(0x2000001)) ERROR: UnsupportedSetting(0x80001019)
05-09 19:57:51.175  2029  2227 W ACodec  : [OMX.Nvidia.h264.decode] setting nBufferCountActual to 14 failed: -1010
05-09 19:57:51.175  2029  2224 D GStreamer+GST_SCHEDULING: 0:06:35.563348704 0xf3d043b0 gstpad.c:4159:gst_pad_chain_data_unchecked:<capsfilter3:sink> called chainfunction &gst_base_transform_chain with buffer 0xf39e4030, returned ok
05-09 19:57:51.175  2029  2224 D GStreamer+baseparse: 0:06:35.563820110 0xf3d043b0 gstbaseparse.c:3153:gst_base_parse_chain:<h264parse3> not enough data available (only 0 bytes)
05-09 19:57:51.176  2029  2224 D GStreamer+GST_SCHEDULING: 0:06:35.563879589 0xf3d043b0 gstpad.c:4159:gst_pad_chain_data_unchecked:<h264parse3:sink> called chainfunction &gst_base_parse_chain with buffer 0xf3d02b50, returned ok
05-09 19:57:51.176  2029  2224 D GStreamer+GST_SCHEDULING: 0:06:35.563928391 0xf3d043b0 gstpad.c:4159:gst_pad_chain_data_unchecked:<typefind:sink> called chainfunction &gst_type_find_element_chain with buffer 0xf3d02b50, returned ok
05-09 19:57:51.176  2029  2224 D GStreamer+GST_SCHEDULING: 0:06:35.563974537 0xf3d043b0 gstpad.c:4159:gst_pad_chain_data_unchecked:<forhwgl:sink> called chainfunction &gst_proxy_pad_chain_default with buffer 0xf3d02b50, returned ok
05-09 19:57:51.176  2029  2225 D GStreamer+queue_dataflow: 0:06:35.564213027 0xf3d19ac0 gstqueue.c:1204:gst_queue_chain_buffer_or_list:<queue8> queue is not full
05-09 19:57:51.176  2029  2225 D GStreamer+GST_SCHEDULING: 0:06:35.564269641 0xf3d19ac0 gstpad.c:4159:gst_pad_chain_data_unchecked:<queue8:sink> called chainfunction &gst_queue_chain with buffer 0xf39e3e68, returned ok
05-09 19:57:51.176  2029  2225 D GStreamer+qtdemux: 0:06:35.564316777 0xf3d19ac0 qtdemux.c:7675:qtdemux_parse_samples:<q> parsing up to sample 53
05-09 19:57:51.176  2029  2225 D GStreamer+qtdemux: 0:06:35.564366672 0xf3d19ac0 qtdemux.c:7882:qtdemux_parse_samples:<q> sample 53: index 0, timestamp 0:00:01.074000000
05-09 19:57:51.176  2029  2225 D GStreamer+qtdemux: 0:06:35.564404329 0xf3d19ac0 qtdemux.c:7937:qtdemux_parse_samples:<q> samples at 53 is keyframe
05-09 19:57:51.176  2029  2225 D GStreamer+qtdemux: 0:06:35.564469745 0xf3d19ac0 qtdemux.c:5197:gst_qtdemux_loop_state_movie:<q> pushing from stream 0, empty 0 offset 2257398, size 39696, dts=0:00:01.074000000, pts=0:00:01.074000000, duration 0:00:00.019666666
05-09 19:57:51.176  2029  2225 D GStreamer+basesrc: 0:06:35.564525891 0xf3d19ac0 gstbasesrc.c:2355:gst_base_src_update_length:<filesrc3> reading offset 2257398, length 39696, size 16031303, segment.stop -1, maxsize 16031303
05-09 19:57:51.176  2029  2225 D GStreamer+basesrc: 0:06:35.564567766 0xf3d19ac0 gstbasesrc.c:2456:gst_base_src_get_range:<filesrc3> calling create offset 2257398 length 39696, time 0
05-09 19:57:51.176  2029  2225 D GStreamer+GST_MEMORY: 0:06:35.564617402 0xf3d19ac0 gstmemory.c:138:gst_memory_init new memory 0xf3be4ba0, maxsize:39699 offset:0 size:39696
05-09 19:57:51.176  2029  2225 D GStreamer+basesrc: 0:06:35.564676464 0xf3d19ac0 gstbasesrc.c:2310:gst_base_src_do_sync:<filesrc3> we have no clock
05-09 19:57:51.176  2029  2225 D GStreamer+basesrc: 0:06:35.564712870 0xf3d19ac0 gstbasesrc.c:2520:gst_base_src_get_range:<filesrc3> buffer ok
05-09 19:57:51.176  2029  2225 D GStreamer+GST_SCHEDULING: 0:06:35.564788027 0xf3d19ac0 gstpad.c:4153:gst_pad_chain_data_unchecked:<queue8:sink> calling chainfunction &gst_queue_chain with buffer buffer: 0xf39e68e0, pts 0:00:01.074000000, dts 0:00:01.074000000, dur 0:00:00.019666666, size 39696, offset none, offset_end none, flags 0x0
05-09 19:57:51.176  2029  2225 D GStreamer+GST_SCHEDULING: 0:06:35.564833495 0xf3d19ac0 gstpad.c:4159:gst_pad_chain_data_unchecked:<queue8:sink> called chainfunction &gst_queue_chain with buffer 0xf39e68e0, returned ok
05-09 19:57:51.177  2029  2225 D GStreamer+qtdemux: 0:06:35.564884381 0xf3d19ac0 qtdemux.c:7675:qtdemux_parse_samples:<q> parsing up to sample 54
05-09 19:57:51.177  2029  2225 D GStreamer+qtdemux: 0:06:35.564933547 0xf3d19ac0 qtdemux.c:7882:qtdemux_parse_samples:<q> sample 54: index 0, timestamp 0:00:01.093666666
05-09 19:57:51.177  2029  2225 D GStreamer+qtdemux: 0:06:35.564966933 0xf3d19ac0 qtdemux.c:7937:qtdemux_parse_samples:<q> samples at 54 is keyframe
05-09 19:57:51.177  2029  2225 D GStreamer+qtdemux: 0:06:35.565026777 0xf3d19ac0 qtdemux.c:5197:gst_qtdemux_loop_state_movie:<q> pushing from stream 0, empty 0 offset 2297094, size 39325, dts=0:00:01.093666666, pts=0:00:01.093666666, duration 0:00:00.020000000
05-09 19:57:51.177  2029  2225 D GStreamer+basesrc: 0:06:35.565078235 0xf3d19ac0 gstbasesrc.c:2355:gst_base_src_update_length:<filesrc3> reading offset 2297094, length 39325, size 16031303, segment.stop -1, maxsize 16031303
05-09 19:57:51.177  2029  2225 D GStreamer+basesrc: 0:06:35.565117402 0xf3d19ac0 gstbasesrc.c:2456:gst_base_src_get_range:<filesrc3> calling create offset 2297094 length 39325, time 0
05-09 19:57:51.177  2029  2225 D GStreamer+GST_MEMORY: 0:06:35.565156360 0xf3d19ac0 gstmemory.c:138:gst_memory_init new memory 0xf3db9ed0, maxsize:39328 offset:0 size:39325
05-09 19:57:51.177  2029  2225 D GStreamer+basesrc: 0:06:35.565209902 0xf3d19ac0 gstbasesrc.c:2310:gst_base_src_do_sync:<filesrc3> we have no clock
05-09 19:57:51.177  2029  2225 D GStreamer+basesrc: 0:06:35.565243079 0xf3d19ac0 gstbasesrc.c:2520:gst_base_src_get_range:<filesrc3> buffer ok
05-09 19:57:51.177  2029  2225 D GStreamer+GST_SCHEDULING: 0:06:35.565308756 0xf3d19ac0 gstpad.c:4153:gst_pad_chain_data_unchecked:<queue8:sink> calling chainfunction &gst_queue_chain with buffer buffer: 0xf3ac3dc0, pts 0:00:01.093666666, dts 0:00:01.093666666, dur 0:00:00.020000000, size 39325, offset none, offset_end none, flags 0x0
05-09 19:57:51.177  2029  2225 D GStreamer+queue_dataflow: 0:06:35.565345943 0xf3d19ac0 gstqueue.c:1196:gst_queue_chain_buffer_or_list:<queue8> queue is full, waiting for free space
05-09 19:57:51.177  2029  2224 D GStreamer+GST_SCHEDULING: 0:06:35.565566672 0xf3d043b0 gstpad.c:4153:gst_pad_chain_data_unchecked:<forhwgl:sink> calling chainfunction &gst_proxy_pad_chain_default with buffer buffer: 0xf39e42b0, pts 0:00:00.042666666, dts 0:00:00.042666666, dur 0:00:00.036666667, size 60083, offset none, offset_end none, flags 0x0
05-09 19:57:51.177  2029  2224 D GStreamer+GST_SCHEDULING: 0:06:35.565638443 0xf3d043b0 gstpad.c:4153:gst_pad_chain_data_unchecked:<typefind:sink> calling chainfunction &gst_type_find_element_chain with buffer buffer: 0xf39e42b0, pts 0:00:00.042666666, dts 0:00:00.042666666, dur 0:00:00.036666667, size 60083, offset none, offset_end none, flags 0x0
05-09 19:57:51.177  2029  2224 D GStreamer+GST_SCHEDULING: 0:06:35.565705995 0xf3d043b0 gstpad.c:4153:gst_pad_chain_data_unchecked:<h264parse3:sink> calling chainfunction &gst_base_parse_chain with buffer buffer: 0xf39e42b0, pts 0:00:00.042666666, dts 0:00:00.042666666, dur 0:00:00.036666667, size 60083, offset none, offset_end none, flags 0x0
05-09 19:57:51.177  2029  2224 D GStreamer+baseparse: 0:06:35.565742922 0xf3d043b0 gstbaseparse.c:2985:gst_base_parse_chain:<h264parse3> chain
05-09 19:57:51.177  2029  2224 D GStreamer+GST_PERFORMANCE: 0:06:35.565786204 0xf3d043b0 gstminiobject.c:326:gst_mini_object_make_writable copy GstBuffer miniobject 0xf39e42b0 -> 0xf39e3a08
05-09 19:57:51.178  2029  2224 D GStreamer+codecparsers_h264: 0:06:35.565924433 0xf3d043b0 gsth264parser.c:253:gst_h264_parse_nalu_header Nal type 7, ref_idc 1
05-09 19:57:51.178  2029  2224 D GStreamer+h264parse: 0:06:35.565964172 0xf3d043b0 gsth264parse.c:981:gst_h264_parse_handle_frame_packetized:<h264parse3> AVC nal offset 14
05-09 19:57:51.178  2029  2224 D GStreamer+h264parse: 0:06:35.566004329 0xf3d043b0 gsth264parse.c:716:gst_h264_parse_process_nal:<h264parse3> processing nal of type 7 SPS, size 10
05-09 19:57:51.178  2029  2224 D GStreamer+codecparsers_h264: 0:06:35.566034329 0xf3d043b0 gsth264parser.c:1776:gst_h264_parse_sps parsing SPS
05-09 19:57:51.178  2029  2224 D GStreamer+codecparsers_h264: 0:06:35.566069693 0xf3d043b0 gsth264parser.c:1484:gst_h264_parser_parse_sps adding sequence parameter set with id: 0 to array
05-09 19:57:51.178  2029  2224 D GStreamer+h264parse: 0:06:35.566117558 0xf3d043b0 gsth264parse.c:737:gst_h264_parse_process_nal:<h264parse3> triggering src caps check
05-09 19:57:51.178  2029  2224 D GStreamer+h264parse: 0:06:35.566152662 0xf3d043b0 gsth264parse.c:454:gst_h264_parser_store_nal:<h264parse3> storing sps 0
05-09 19:57:51.178  2029  2224 D GStreamer+GST_MEMORY: 0:06:35.566190475 0xf3d043b0 gstmemory.c:138:gst_memory_init new memory 0xf3b00138, maxsize:13 offset:0 size:10
05-09 19:57:51.178  2029  2224 D GStreamer+GST_MEMORY: 0:06:35.566222870 0xf3d043b0 gstmemory.c:87:_gst_memory_free free memory 0xf3b00198
05-09 19:57:51.178  2029  2224 D GStreamer+h264parse: 0:06:35.566257297 0xf3d043b0 gsth264parse.c:423:gst_h264_parse_wrap_nal:<h264parse3> nal length 10
05-09 19:57:51.178  2029  2224 D GStreamer+GST_MEMORY: 0:06:35.566293339 0xf3d043b0 gstmemory.c:138:gst_memory_init new memory 0xf3d045a0, maxsize:17 offset:0 size:14
05-09 19:57:51.178  2029  2224 D GStreamer+codecparsers_h264: 0:06:35.566328912 0xf3d043b0 gsth264parser.c:253:gst_h264_parse_nalu_header Nal type 8, ref_idc 1
05-09 19:57:51.178  2029  2224 D GStreamer+h264parse: 0:06:35.566362350 0xf3d043b0 gsth264parse.c:981:gst_h264_parse_handle_frame_packetized:<h264parse3> AVC nal offset 23
05-09 19:57:51.178  2029  2224 D GStreamer+h264parse: 0:06:35.566399120 0xf3d043b0 gsth264parse.c:716:gst_h264_parse_process_nal:<h264parse3> processing nal of type 8 PPS, size 5
05-09 19:57:51.178  2029  2224 D GStreamer+codecparsers_h264: 0:06:35.566428183 0xf3d043b0 gsth264parser.c:1912:gst_h264_parse_pps parsing PPS
05-09 19:57:51.178  2029  2224 D GStreamer+codecparsers_h264: 0:06:35.566459485 0xf3d043b0 gsth264parser.c:2045:gst_h264_parser_parse_pps adding picture parameter set with id: 0 to array
05-09 19:57:51.178  2029  2224 D GStreamer+h264parse: 0:06:35.566494120 0xf3d043b0 gsth264parse.c:458:gst_h264_parser_store_nal:<h264parse3> storing pps 0
05-09 19:57:51.178  2029  2224 D GStreamer+GST_MEMORY: 0:06:35.566532350 0xf3d043b0 gstmemory.c:138:gst_memory_init new memory 0xf3d32860, maxsize:8 offset:0 size:5
05-09 19:57:51.178  2029  2224 D GStreamer+GST_MEMORY: 0:06:35.566563808 0xf3d043b0 gstmemory.c:87:_gst_memory_free free memory 0xf3ab9c68
05-09 19:57:51.178  2029  2224 D GStreamer+h264parse: 0:06:35.566595475 0xf3d043b0 gsth264parse.c:423:gst_h264_parse_wrap_nal:<h264parse3> nal length 5
05-09 19:57:51.178  2029  2224 D GStreamer+GST_MEMORY: 0:06:35.566630787 0xf3d043b0 gstmemory.c:138:gst_memory_init new memory 0xf3b00318, maxsize:12 offset:0 size:9
05-09 19:57:51.178  2029  2224 D GStreamer+codecparsers_h264: 0:06:35.566668027 0xf3d043b0 gsth264parser.c:253:gst_h264_parse_nalu_header Nal type 5, ref_idc 1
05-09 19:57:51.178  2029  2224 D GStreamer+h264parse: 0:06:35.566701047 0xf3d043b0 gsth264parse.c:981:gst_h264_parse_handle_frame_packetized:<h264parse3> AVC nal offset 60083
05-09 19:57:51.178  2029  2224 D GStreamer+h264parse: 0:06:35.566737089 0xf3d043b0 gsth264parse.c:716:gst_h264_parse_process_nal:<h264parse3> processing nal of type 5 Slice IDR, size 60056
05-09 19:57:51.178  2029  2224 D GStreamer+h264parse: 0:06:35.566770370 0xf3d043b0 gsth264parse.c:822:gst_h264_parse_process_nal:<h264parse3> first_mb_in_slice = 0
05-09 19:57:51.178  2029  2224 D GStreamer+h264parse: 0:06:35.566801620 0xf3d043b0 gsth264parse.c:825:gst_h264_parse_process_nal:<h264parse3> frame start: 1
05-09 19:57:51.178  2029  2224 D GStreamer+codecparsers_h264: 0:06:35.566833391 0xf3d043b0 gsth264parser.c:2107:gst_h264_parser_parse_slice_hdr parsing "Slice header", slice type 7
05-09 19:57:51.179  2029  2224 D GStreamer+codecparsers_h264: 0:06:35.566861881 0xf3d043b0 gsth264parser.c:711:gst_h264_slice_parse_dec_ref_pic_marking parsing "Decoded reference picture marking"
05-09 19:57:51.179  2029  2224 D GStreamer+h264parse: 0:06:35.566915110 0xf3d043b0 gsth264parse.c:835:gst_h264_parse_process_nal:<h264parse3> parse result 0, first MB: 0, slice type: 7
05-09 19:57:51.179  2029  2224 D GStreamer+h264parse: 0:06:35.566949745 0xf3d043b0 gsth264parse.c:858:gst_h264_parse_process_nal:<h264parse3> marking IDR in frame at offset 23
05-09 19:57:51.179  2029  2224 D GStreamer+h264parse: 0:06:35.566983339 0xf3d043b0 gsth264parse.c:423:gst_h264_parse_wrap_nal:<h264parse3> nal length 60056
05-09 19:57:51.179  2029  2224 D GStreamer+GST_MEMORY: 0:06:35.567020995 0xf3d043b0 gstmemory.c:138:gst_memory_init new memory 0xf3f15068, maxsize:60063 offset:0 size:60060
05-09 19:57:51.179  2029  2224 D GStreamer+codecparsers_h264: 0:06:35.567075422 0xf3d043b0 gsth264parser.c:1407:gst_h264_parser_identify_nalu_avc Can't parse, buffer has too small size 60083, offset 60083
05-09 19:57:51.179  2029  2224 D GStreamer+GST_CAPS: 0:06:35.567154902 0xf3d043b0 gstpad.c:2621:gst_pad_has_current_caps:<h264parse3:src> check current pad caps video/x-h264, stream-format=(string)byte-stream, alignment=(string)au, level=(string)4, profile=(string)baseline, width=(int)1280, height=(int)1440, framerate=(fraction)151/3, pixel-aspect-ratio=(fraction)1/1, parsed=(boolean)true
05-09 19:57:51.179  2029  2224 D GStreamer+GST_CAPS: 0:06:35.567240422 0xf3d043b0 gstpad.c:2648:gst_pad_get_current_caps:<h264parse3:sink> get current pad caps video/x-h264, stream-format=(string)avc, alignment=(string)au, level=(string)4, profile=(string)baseline, codec_data=(buffer)01428028ffe1000a27428028e54028016b2001000528de01ae20, width=(int)1280, height=(int)1440, framerate=(fraction)151/3, pixel-aspect-ratio=(fraction)1/1
05-09 19:57:51.179  2029  2224 D GStreamer+h264parse: 0:06:35.567288183 0xf3d043b0 gsth264parse.c:1692:gst_h264_parse_update_src_caps:<h264parse3> sps: 0xf3ea6670
05-09 19:57:51.179  2029  2224 D GStreamer+GST_PERFORMANCE: 0:06:35.567361516 0xf3d043b0 gstcaps.c:169:_gst_caps_copy:<0xf3b49450> doing copy 0xf3b49450 -> 0xf3afecc8
05-09 19:57:51.179  2029  2224 I GStreamer+baseparse: 0:06:35.567432037 0xf3d043b0 gstbaseparse.c:3945:gst_base_parse_set_latency:<h264parse3> min/max latency 0:00:00.019867549, 0:00:00.019867549
05-09 19:57:51.179  2029  2224 D GStreamer+GST_CAPS: 0:06:35.567514902 0xf3d043b0 gstpad.c:2648:gst_pad_get_current_caps:<h264parse3:src> get current pad caps video/x-h264, stream-format=(string)byte-stream, alignment=(string)au, level=(string)4, profile=(string)baseline, width=(int)1280, height=(int)1440, framerate=(fraction)151/3, pixel-aspect-ratio=(fraction)1/1, parsed=(boolean)true
05-09 19:57:51.179   993  2231 D NvOsDebugPrintf: TVMR: cctx->bAbortInputBuffer = 0, cctx->bEOSAbortOutputBuffer = 0 
05-09 19:57:51.179  2029  2224 D GStreamer+GST_CAPS: 0:06:35.567585266 0xf3d043b0 gstpad.c:2648:gst_pad_get_current_caps:<h264parse3:src> get current pad caps video/x-h264, stream-format=(string)byte-stream, alignment=(string)au, level=(string)4, profile=(string)baseline, width=(int)1280, height=(int)1440, framerate=(fraction)151/3, pixel-aspect-ratio=(fraction)1/1, parsed=(boolean)true
05-09 19:57:51.179  2029  2224 D GStreamer+h264parse: 0:06:35.567632037 0xf3d043b0 gsth264parse.c:1934:gst_h264_parse_get_timestamp:<h264parse3> unable to compute timestamp: VUI not present
05-09 19:57:51.179  2029  2224 D GStreamer+adapter: 0:06:35.567671100 0xf3d043b0 gstadapter.c:296:copy_into_unchecked bsize 14, skip 0, csize 14
05-09 19:57:51.179  2029  2224 D GStreamer+GST_MEMORY: 0:06:35.567728808 0xf3d043b0 gstmemory.c:138:gst_memory_init new memory 0xf380e9e8, maxsize:60083 offset:0 size:60083
05-09 19:57:51.179  2029  2224 D GStreamer+GST_MEMORY: 0:06:35.567761568 0xf3d043b0 gstmemory.c:87:_gst_memory_free free memory 0xf3d045a0
05-09 19:57:51.179  2029  2224 D GStreamer+GST_MEMORY: 0:06:35.567792818 0xf3d043b0 gstmemory.c:87:_gst_memory_free free memory 0xf3b00318
05-09 19:57:51.179  2029  2224 D GStreamer+GST_MEMORY: 0:06:35.567821412 0xf3d043b0 gstmemory.c:87:_gst_memory_free free memory 0xf3f15068
05-09 19:57:51.179  2029  2224 D GStreamer+GST_MEMORY: 0:06:35.567855006 0xf3d043b0 gstmemory.c:87:_gst_memory_free free memory 0xf3da4c08
05-09 19:57:51.180  2029  2224 D GStreamer+GST_CAPS: 0:06:35.567931985 0xf3d043b0 gstpad.c:2621:gst_pad_has_current_caps:<h264parse3:src> check current pad caps video/x-h264, stream-format=(string)byte-stream, alignment=(string)au, level=(string)4, profile=(string)baseline, width=(int)1280, height=(int)1440, framerate=(fraction)151/3, pixel-aspect-ratio=(fraction)1/1, parsed=(boolean)true
05-09 19:57:51.180  2029  2224 D GStreamer+h264parse: 0:06:35.567972037 0xf3d043b0 gsth264parse.c:184:gst_h264_parse_reset_frame:<h264parse3> reset frame
05-09 19:57:51.180  2029  2224 D GStreamer+GST_SCHEDULING: 0:06:35.568046100 0xf3d043b0 gstpad.c:4153:gst_pad_chain_data_unchecked:<capsfilter3:sink> calling chainfunction &gst_base_transform_chain with buffer buffer: 0xf3dd43d0, pts 99:99:99.999999999, dts 0:00:00.062534215, dur 0:00:00.019867549, size 60083, offset 77916, offset_end none, flags 0x400
05-09 19:57:51.180  2029  2224 D GStreamer+basetransform: 0:06:35.568098704 0xf3d043b0 gstbasetransform.c:2033:default_submit_input_buffer:<capsfilter3> handling buffer 0xf3dd43d0 of size 60083, PTS 99:99:99.999999999 and offset 77916
05-09 19:57:51.180  2029  2224 D GStreamer+default: 0:06:35.568147506 0xf3d043b0 gstsegment.c:841:gst_segment_to_running_time position(18446744073709551615) > stop(7716000000)
05-09 19:57:51.180  2029  2224 D GStreamer+basetransform: 0:06:35.568179641 0xf3d043b0 gstbasetransform.c:2150:default_generate_output:<capsfilter3> calling prepare buffer
05-09 19:57:51.180  2029  2224 D GStreamer+GST_CAPS: 0:06:35.568239902 0xf3d043b0 gstpad.c:2621:gst_pad_has_current_caps:<capsfilter3:sink> check current pad caps video/x-h264, stream-format=(string)byte-stream, alignment=(string)au, level=(string)4, profile=(string)baseline, width=(int)1280, height=(int)1440, framerate=(fraction)151/3, pixel-aspect-ratio=(fraction)1/1, parsed=(boolean)true
05-09 19:57:51.180  2029  2224 D GStreamer+basetransform: 0:06:35.568458391 0xf3d043b0 gstbasetransform.c:2157:default_generate_output:<capsfilter3> using allocated buffer in 0xf3dd43d0, out 0xf3dd43d0
05-09 19:57:51.180  2029  2224 D GStreamer+basetransform: 0:06:35.568495058 0xf3d043b0 gstbasetransform.c:2174:default_generate_output:<capsfilter3> doing inplace transform
05-09 19:57:51.180  2029  2224 D GStreamer+GST_SCHEDULING: 0:06:35.568566516 0xf3d043b0 gstpad.c:4153:gst_pad_chain_data_unchecked:<amcvideodec-omxnvidiah264decode2:sink> calling chainfunction &gst_video_decoder_chain with buffer buffer: 0xf3dd43d0, pts 99:99:99.999999999, dts 0:00:00.062534215, dur 0:00:00.019867549, size 60083, offset 77916, offset_end none, flags 0x400
05-09 19:57:51.180  2029  2224 D GStreamer+default: 0:06:35.568620370 0xf3d043b0 gstsegment.c:841:gst_segment_to_running_time position(18446744073709551615) > stop(7716000000)
05-09 19:57:51.180  2029  2224 D GStreamer+amcvideodec: 0:06:35.568653860 0xf3d043b0 gstamcvideodec.c:2125:gst_amc_video_dec_handle_frame:<amcvideodec-omxnvidiah264decode2> Handling frame
05-09 19:57:51.181  2029  2224 D GStreamer+amcvideodec: 0:06:35.568927037 0xf3d043b0 gstamcvideodec.c:2239:gst_amc_video_dec_handle_frame:<amcvideodec-omxnvidiah264decode2> Queueing buffer 2: size 60083 time 0 flags 0x00000001
05-09 19:57:51.181  2029  2224 D GStreamer+GST_SCHEDULING: 0:06:35.569041933 0xf3d043b0 gstpad.c:4159:gst_pad_chain_data_unchecked:<amcvideodec-omxnvidiah264decode2:sink> called chainfunction &gst_video_decoder_chain with buffer 0xf3dd43d0, returned ok
05-09 19:57:51.181  2029  2224 D GStreamer+GST_SCHEDULING: 0:06:35.569089589 0xf3d043b0 gstpad.c:4159:gst_pad_chain_data_unchecked:<capsfilter3:sink> called chainfunction &gst_base_transform_chain with buffer 0xf3dd43d0, returned ok
05-09 19:57:51.181  2029  2224 D GStreamer+baseparse: 0:06:35.569132193 0xf3d043b0 gstbaseparse.c:3153:gst_base_parse_chain:<h264parse3> not enough data available (only 0 bytes)
05-09 19:57:51.181  2029  2224 D GStreamer+GST_SCHEDULING: 0:06:35.569183443 0xf3d043b0 gstpad.c:4159:gst_pad_chain_data_unchecked:<h264parse3:sink> called chainfunction &gst_base_parse_chain with buffer 0xf39e42b0, returned ok
05-09 19:57:51.181  2029  2224 D GStreamer+GST_SCHEDULING: 0:06:35.569225995 0xf3d043b0 gstpad.c:4159:gst_pad_chain_data_unchecked:<typefind:sink> called chainfunction &gst_type_find_element_chain with buffer 0xf39e42b0, returned ok
05-09 19:57:51.181  2029  2224 D GStreamer+GST_SCHEDULING: 0:06:35.569267766 0xf3d043b0 gstpad.c:4159:gst_pad_chain_data_unchecked:<forhwgl:sink> called chainfunction &gst_proxy_pad_chain_default with buffer 0xf39e42b0, returned ok
05-09 19:57:51.181  2029  2225 D GStreamer+queue_dataflow: 0:06:35.569330058 0xf3d19ac0 gstqueue.c:1204:gst_queue_chain_buffer_or_list:<queue8> queue is not full
05-09 19:57:51.181  2029  2225 D GStreamer+GST_SCHEDULING: 0:06:35.569378027 0xf3d19ac0 gstpad.c:4159:gst_pad_chain_data_unchecked:<queue8:sink> called chainfunction &gst_queue_chain with buffer 0xf3ac3dc0, returned ok
05-09 19:57:51.181  2029  2225 D GStreamer+qtdemux: 0:06:35.569420891 0xf3d19ac0 qtdemux.c:7675:qtdemux_parse_samples:<q> parsing up to sample 55
05-09 19:57:51.181  2029  2225 D GStreamer+qtdemux: 0:06:35.569468131 0xf3d19ac0 qtdemux.c:7882:qtdemux_parse_samples:<q> sample 55: index 1, timestamp 0:00:01.113666666
05-09 19:57:51.181  2029  2225 D GStreamer+qtdemux: 0:06:35.569502766 0xf3d19ac0 qtdemux.c:7937:qtdemux_parse_samples:<q> samples at 55 is keyframe
05-09 19:57:51.181  2029  2225 D GStreamer+qtdemux: 0:06:35.569568964 0xf3d19ac0 qtdemux.c:5197:gst_qtdemux_loop_state_movie:<q> pushing from stream 0, empty 0 offset 2336419, size 39933, dts=0:00:01.113666666, pts=0:00:01.113666666, duration 0:00:00.020000000
05-09 19:57:51.181  2029  2225 D GStreamer+basesrc: 0:06:35.569628339 0xf3d19ac0 gstbasesrc.c:2355:gst_base_src_update_length:<filesrc3> reading offset 2336419, length 39933, size 16031303, segment.stop -1, maxsize 16031303
05-09 19:57:51.181  2029  2225 D GStreamer+basesrc: 0:06:35.569666725 0xf3d19ac0 gstbasesrc.c:2456:gst_base_src_get_range:<filesrc3> calling create offset 2336419 length 39933, time 0
05-09 19:57:51.181  2029  2225 D GStreamer+GST_MEMORY: 0:06:35.569705839 0xf3d19ac0 gstmemory.c:138:gst_memory_init new memory 0xf3b91d40, maxsize:39936 offset:0 size:39933
05-09 19:57:51.182  2029  2225 D GStreamer+basesrc: 0:06:35.570104902 0xf3d19ac0 gstbasesrc.c:2310:gst_base_src_do_sync:<filesrc3> we have no clock
05-09 19:57:51.182  2029  2225 D GStreamer+basesrc: 0:06:35.570145579 0xf3d19ac0 gstbasesrc.c:2520:gst_base_src_get_range:<filesrc3> buffer ok
05-09 19:57:51.182  2029  2225 D GStreamer+GST_SCHEDULING: 0:06:35.570220318 0xf3d19ac0 gstpad.c:4153:gst_pad_chain_data_unchecked:<queue8:sink> calling chainfunction &gst_queue_chain with buffer buffer: 0xf39e6ca0, pts 0:00:01.113666666, dts 0:00:01.113666666, dur 0:00:00.020000000, size 39933, offset none, offset_end none, flags 0x0
05-09 19:57:51.182  2029  2225 D GStreamer+queue_dataflow: 0:06:35.570259693 0xf3d19ac0 gstqueue.c:1196:gst_queue_chain_buffer_or_list:<queue8> queue is full, waiting for free space
05-09 19:57:51.182  2029  2224 D GStreamer+GST_SCHEDULING: 0:06:35.570499381 0xf3d043b0 gstpad.c:4153:gst_pad_chain_data_unchecked:<forhwgl:sink> calling chainfunction &gst_proxy_pad_chain_default with buffer buffer: 0xf39e6ac0, pts 0:00:00.079333333, dts 0:00:00.079333333, dur 0:00:00.020000000, size 55669, offset none, offset_end none, flags 0x0
05-09 19:57:51.182  2029  2224 D GStreamer+GST_SCHEDULING: 0:06:35.570570995 0xf3d043b0 gstpad.c:4153:gst_pad_chain_data_unchecked:<typefind:sink> calling chainfunction &gst_type_find_element_chain with buffer buffer: 0xf39e6ac0, pts 0:00:00.079333333, dts 0:00:00.079333333, dur 0:00:00.020000000, size 55669, offset none, offset_end none, flags 0x0
05-09 19:57:51.182  2029  2224 D GStreamer+GST_SCHEDULING: 0:06:35.570638027 0xf3d043b0 gstpad.c:4153:gst_pad_chain_data_unchecked:<h264parse3:sink> calling chainfunction &gst_base_parse_chain with buffer buffer: 0xf39e6ac0, pts 0:00:00.079333333, dts 0:00:00.079333333, dur 0:00:00.020000000, size 55669, offset none, offset_end none, flags 0x0
05-09 19:57:51.182  2029  2224 D GStreamer+baseparse: 0:06:35.570673756 0xf3d043b0 gstbaseparse.c:2985:gst_base_parse_chain:<h264parse3> chain
05-09 19:57:51.182  2029  2224 D GStreamer+GST_PERFORMANCE: 0:06:35.570715891 0xf3d043b0 gstminiobject.c:326:gst_mini_object_make_writable copy GstBuffer miniobject 0xf39e6ac0 -> 0xf39e29f8
05-09 19:57:51.182  2029  2224 D GStreamer+codecparsers_h264: 0:06:35.570752922 0xf3d043b0 gsth264parser.c:253:gst_h264_parse_nalu_header Nal type 7, ref_idc 1
05-09 19:57:51.182  2029  2224 D GStreamer+h264parse: 0:06:35.570819537 0xf3d043b0 gsth264parse.c:981:gst_h264_parse_handle_frame_packetized:<h264parse3> AVC nal offset 14
05-09 19:57:51.183  2029  2224 D GStreamer+h264parse: 0:06:35.570864329 0xf3d043b0 gsth264parse.c:716:gst_h264_parse_process_nal:<h264parse3> processing nal of type 7 SPS, size 10
