05-09 19:57:51.026  2029  2029 D GStreamer+basesrc: 0:06:35.414626360 0xf35ef400 gstbasesrc.c:3393:gst_base_src_start_complete:<filesrc3> setting size 16031303
05-09 19:57:51.026  2029  2029 D GStreamer+basesrc: 0:06:35.414667141 0xf35ef400 gstbasesrc.c:3404:gst_base_src_start_complete:<filesrc3> format: bytes, have size: 1, size: 16031303, duration: 16031303
05-09 19:57:51.026  2029  2029 D GStreamer+basesrc: 0:06:35.414700162 0xf35ef400 gstbasesrc.c:3407:gst_base_src_start_complete:<filesrc3> is seekable: 1
05-09 19:57:51.026  2029  2029 D GStreamer+basesrc: 0:06:35.414732766 0xf35ef400 gstbasesrc.c:3412:gst_base_src_start_complete:<filesrc3> is random_access: 1
05-09 19:57:51.026  2029  2029 D GStreamer+basesrc: 0:06:35.414765787 0xf35ef400 gstbasesrc.c:3575:gst_base_src_set_flushing:<filesrc3> flushing 0, live_play 0
05-09 19:57:51.026  2029  2029 D GStreamer+basesrc: 0:06:35.414800787 0xf35ef400 gstbasesrc.c:3521:gst_base_src_start_wait:<filesrc3> got ok
05-09 19:57:51.026  2029  2029 D GStreamer+GST_PADS: 0:06:35.414835891 0xf35ef400 gstpad.c:1198:gst_pad_activate_mode:<filesrc3:src> activated in pull mode
05-09 19:57:51.027  2029  2029 D GStreamer+GST_PADS: 0:06:35.414892037 0xf35ef400 gstpad.c:972:pre_activate:<q:sink> setting pad into pull mode, unset flushing
05-09 19:57:51.027  2029  2029 D GStreamer+GST_PADS: 0:06:35.414929641 0xf35ef400 gstpad.c:984:pre_activate:<q:sink> reschedule events on peer filesrc3:src
05-09 19:57:51.027  2029  2029 D GStreamer+GST_PADS: 0:06:35.414964954 0xf35ef400 gstpad.c:5938:gst_pad_start_task:<q:sink> start task
05-09 19:57:51.027  2029  2029 D GStreamer+task: 0:06:35.415015006 0xf35ef400 gsttask.c:425:gst_task_new Created task 0xf3d304c0
05-09 19:57:51.027  2029  2029 I GStreamer+task: 0:06:35.415045422 0xf35ef400 gsttask.c:451:gst_task_set_lock setting stream lock 0xf38aa474 on task 0xf3d304c0
05-09 19:57:51.027  2029  2029 I GStreamer+GST_PADS: 0:06:35.415077818 0xf35ef400 gstpad.c:5947:gst_pad_start_task:<q:sink> created task 0xf3d304c0
05-09 19:57:51.027  2029  2029 D GStreamer+GST_PADS: 0:06:35.415112193 0xf35ef400 gstpad.c:5864:do_stream_status:<q:sink> doing stream-status 0
05-09 19:57:51.027  2029  2029 D GStreamer+GST_PADS: 0:06:35.415153495 0xf35ef400 gstpad.c:5893:do_stream_status:<q:sink> posting stream-status 0
05-09 19:57:51.027  2029  2029 D GStreamer+GST_BUS: 0:06:35.415231204 0xf35ef400 gstbus.c:309:gst_bus_post:<bus18> [msg 0xf3ab9a70] posting on bus stream-status message: 0xf3ab9a70, time 99:99:99.999999999, seq-num 1994, element 'sink', GstMessageStreamStatus, type=(GstStreamStatusType)GST_STREAM_STATUS_TYPE_CREATE, owner=(GstElement)"\(GstQTDemux\)\ q", object=(GstTask)"\(GstTask\)\ task21";
05-09 19:57:51.027  2029  2029 D GStreamer+bin: 0:06:35.415269277 0xf35ef400 gstbin.c:3528:gst_bin_handle_message_func:<pipeline3> [msg 0xf3ab9a70] handling child sink message of type stream-status
05-09 19:57:51.027  2029  2029 D GStreamer+bin: 0:06:35.415299797 0xf35ef400 gstbin.c:3865:gst_bin_handle_message_func:<pipeline3> posting message upward
05-09 19:57:51.027  2029  2029 D GStreamer+GST_BUS: 0:06:35.415368600 0xf35ef400 gstbus.c:309:gst_bus_post:<bus19> [msg 0xf3ab9a70] posting on bus stream-status message: 0xf3ab9a70, time 99:99:99.999999999, seq-num 1994, element 'sink', GstMessageStreamStatus, type=(GstStreamStatusType)GST_STREAM_STATUS_TYPE_CREATE, owner=(GstElement)"\(GstQTDemux\)\ q", object=(GstTask)"\(GstTask\)\ task21";
05-09 19:57:51.027  2029  2029 D GStreamer+GST_BUS: 0:06:35.415401881 0xf35ef400 gstbus.c:348:gst_bus_post:<bus19> [msg 0xf3ab9a70] pushing on async queue
05-09 19:57:51.027  2029  2029 D GStreamer+GST_BUS: 0:06:35.415440214 0xf35ef400 gstbus.c:351:gst_bus_post:<bus19> [msg 0xf3ab9a70] pushed on async queue
05-09 19:57:51.027  2029  2029 D GStreamer+GST_BUS: 0:06:35.415476308 0xf35ef400 gstbus.c:344:gst_bus_post:<bus18> [msg 0xf3ab9a70] dropped
05-09 19:57:51.027  2029  2029 D GStreamer+task: 0:06:35.415516100 0xf35ef400 gsttask.c:682:gst_task_set_state:<task21> Changing task 0xf3d304c0 to state 0
05-09 19:57:51.027  2029  2216 D GStreamer+GST_BUS: 0:06:35.415529693 0xf3d321c0 gstbus.c:521:gst_bus_timed_pop_filtered:<bus19> got message 0xf3ab9a70, stream-status from sink, type mask is 4294967295
05-09 19:57:51.027  2029  2029 D GStreamer+GST_PADS: 0:06:35.415602245 0xf35ef400 gstpad.c:1198:gst_pad_activate_mode:<q:sink> activated in pull mode
05-09 19:57:51.027  2029  2216 D GStreamer+GST_BUS: 0:06:35.415651672 0xf3d321c0 gstbus.c:789:gst_bus_source_dispatch:<bus19> source 0xf39d9b18 calling dispatch with stream-status message: 0xf3ab9a70, time 99:99:99.999999999, seq-num 1994, element 'sink', GstMessageStreamStatus, type=(GstStreamStatusType)GST_STREAM_STATUS_TYPE_CREATE, owner=(GstElement)"\(GstQTDemux\)\ q", object=(GstTask)"\(GstTask\)\ task21";
05-09 19:57:51.027  2029  2029 D GStreamer+GST_ELEMENT_PADS: 0:06:35.415678704 0xf35ef400 gstelement.c:2812:gst_element_pads_activate:<q> pad activation successful
05-09 19:57:51.027  2029  2225 D GStreamer+task: 0:06:35.415684850 0xf3d19ac0 gsttask.c:287:gst_task_func Entering task 0xf3d304c0, thread 0xf3d19ac0
05-09 19:57:51.027  2029  2216 D GStreamer+GST_BUS: 0:06:35.415705370 0xf3d321c0 gstbus.c:794:gst_bus_source_dispatch:<bus19> source 0xf39d9b18 handler returns 1
05-09 19:57:51.027  2029  2029 D GStreamer+GST_STATES: 0:06:35.415729589 0xf35ef400 gstelement.c:2684:gst_element_change_state:<q> element changed state SUCCESS
05-09 19:57:51.027  2029  2225 D GStreamer+GST_PADS: 0:06:35.415758912 0xf3d19ac0 gstpad.c:5864:do_stream_status:<q:sink> doing stream-status 1
05-09 19:57:51.027  2029  2029 I GStreamer+GST_STATES: 0:06:35.415774016 0xf35ef400 gstelement.c:2372:gst_element_continue_state:<q> completed state change to PAUSED
05-09 19:57:51.027  2029  2029 I GStreamer+GST_STATES: 0:06:35.415813027 0xf35ef400 gstelement.c:2277:_priv_gst_element_state_changed:<q> notifying about state-changed READY to PAUSED (VOID_PENDING pending)
05-09 19:57:51.028  2029  2029 D GStreamer+GST_BUS: 0:06:35.415907610 0xf35ef400 gstbus.c:309:gst_bus_post:<bus18> [msg 0xf3ac0cb8] posting on bus state-changed message: 0xf3ac0cb8, time 99:99:99.999999999, seq-num 1995, element 'q', GstMessageStateChanged, old-state=(GstState)GST_STATE_READY, new-state=(GstState)GST_STATE_PAUSED, pending-state=(GstState)GST_STATE_VOID_PENDING;
05-09 19:57:51.028  2029  2225 D GStreamer+GST_PADS: 0:06:35.415924172 0xf3d19ac0 gstpad.c:5893:do_stream_status:<q:sink> posting stream-status 1
05-09 19:57:51.028  2029  2029 D GStreamer+bin: 0:06:35.415951100 0xf35ef400 gstbin.c:3528:gst_bin_handle_message_func:<pipeline3> [msg 0xf3ac0cb8] handling child q message of type state-changed
05-09 19:57:51.028  2029  2029 D GStreamer+bin: 0:06:35.415983027 0xf35ef400 gstbin.c:3865:gst_bin_handle_message_func:<pipeline3> posting message upward
05-09 19:57:51.028  2029  2225 D GStreamer+GST_BUS: 0:06:35.416051464 0xf3d19ac0 gstbus.c:309:gst_bus_post:<bus18> [msg 0xf3d32718] posting on bus stream-status message: 0xf3d32718, time 99:99:99.999999999, seq-num 1996, element 'sink', GstMessageStreamStatus, type=(GstStreamStatusType)GST_STREAM_STATUS_TYPE_ENTER, owner=(GstElement)"\(GstQTDemux\)\ q", object=(GstTask)"\(GstTask\)\ q:sink";
05-09 19:57:51.028  2029  2029 D GStreamer+GST_BUS: 0:06:35.416092350 0xf35ef400 gstbus.c:309:gst_bus_post:<bus19> [msg 0xf3ac0cb8] posting on bus state-changed message: 0xf3ac0cb8, time 99:99:99.999999999, seq-num 1995, element 'q', GstMessageStateChanged, old-state=(GstState)GST_STATE_READY, new-state=(GstState)GST_STATE_PAUSED, pending-state=(GstState)GST_STATE_VOID_PENDING;
05-09 19:57:51.028  2029  2225 D GStreamer+bin: 0:06:35.416118964 0xf3d19ac0 gstbin.c:3528:gst_bin_handle_message_func:<pipeline3> [msg 0xf3d32718] handling child sink message of type stream-status
05-09 19:57:51.028  2029  2029 D GStreamer+GST_BUS: 0:06:35.416139068 0xf35ef400 gstbus.c:348:gst_bus_post:<bus19> [msg 0xf3ac0cb8] pushing on async queue
05-09 19:57:51.028  2029  2225 D GStreamer+bin: 0:06:35.416160527 0xf3d19ac0 gstbin.c:3865:gst_bin_handle_message_func:<pipeline3> posting message upward
05-09 19:57:51.028  2029  2029 D GStreamer+GST_BUS: 0:06:35.416207662 0xf35ef400 gstbus.c:351:gst_bus_post:<bus19> [msg 0xf3ac0cb8] pushed on async queue
05-09 19:57:51.028  2029  2029 D GStreamer+GST_BUS: 0:06:35.416258183 0xf35ef400 gstbus.c:344:gst_bus_post:<bus18> [msg 0xf3ac0cb8] dropped
05-09 19:57:51.028  2029  2216 D GStreamer+GST_BUS: 0:06:35.416275943 0xf3d321c0 gstbus.c:521:gst_bus_timed_pop_filtered:<bus19> got message 0xf3ac0cb8, state-changed from q, type mask is 4294967295
05-09 19:57:51.028  2029  2029 D GStreamer+GST_STATES: 0:06:35.416305891 0xf35ef400 gstelement.c:2607:gst_element_set_state_func:<q> returned SUCCESS
05-09 19:57:51.028  2029  2225 D GStreamer+GST_BUS: 0:06:35.416341152 0xf3d19ac0 gstbus.c:309:gst_bus_post:<bus19> [msg 0xf3d32718] posting on bus stream-status message: 0xf3d32718, time 99:99:99.999999999, seq-num 1996, element 'sink', GstMessageStreamStatus, type=(GstStreamStatusType)GST_STREAM_STATUS_TYPE_ENTER, owner=(GstElement)"\(GstQTDemux\)\ q", object=(GstTask)"\(GstTask\)\ q:sink";
05-09 19:57:51.028  2029  2029 I GStreamer+GST_STATES: 0:06:35.416372818 0xf35ef400 gstbin.c:2764:gst_bin_change_state_func:<pipeline3> child 'q' changed state to 3(PAUSED) successfully
05-09 19:57:51.028  2029  2225 D GStreamer+GST_BUS: 0:06:35.416387297 0xf3d19ac0 gstbus.c:348:gst_bus_post:<bus19> [msg 0xf3d32718] pushing on async queue
05-09 19:57:51.028  2029  2216 D GStreamer+GST_BUS: 0:06:35.416410839 0xf3d321c0 gstbus.c:789:gst_bus_source_dispatch:<bus19> source 0xf39d9b18 calling dispatch with state-changed message: 0xf3ac0cb8, time 99:99:99.999999999, seq-num 1995, element 'q', GstMessageStateChanged, old-state=(GstState)GST_STATE_READY, new-state=(GstState)GST_STATE_PAUSED, pending-state=(GstState)GST_STATE_VOID_PENDING;
05-09 19:57:51.028  2029  2029 D GStreamer+bin: 0:06:35.416425370 0xf35ef400 gstbin.c:2182:gst_bin_sort_iterator_next:<pipeline3> queue head gives filesrc3
05-09 19:57:51.028  2029  2225 D GStreamer+GST_BUS: 0:06:35.416461672 0xf3d19ac0 gstbus.c:351:gst_bus_post:<bus19> [msg 0xf3d32718] pushed on async queue
05-09 19:57:51.028  2029  2029 D GStreamer+bin: 0:06:35.416477610 0xf35ef400 gstbin.c:2121:update_degree:<pipeline3> element filesrc3 not linked on any sinkpads
05-09 19:57:51.028  2029  2225 D GStreamer+GST_BUS: 0:06:35.416525527 0xf3d19ac0 gstbus.c:344:gst_bus_post:<bus18> [msg 0xf3d32718] dropped
05-09 19:57:51.028  2029  2216 D GStreamer+GST_BUS: 0:06:35.416544693 0xf3d321c0 gstbus.c:794:gst_bus_source_dispatch:<bus19> source 0xf39d9b18 handler returns 1
05-09 19:57:51.028  2029  2029 I GStreamer+GST_STATES: 0:06:35.416559068 0xf35ef400 gstbin.c:2316:gst_bin_element_set_state:<filesrc3> current READY pending VOID_PENDING, desired next PAUSED
05-09 19:57:51.028  2029  2225 D GStreamer+task: 0:06:35.416570214 0xf3d19ac0 gsttask.c:249:gst_task_configure_name:<q:sink> Setting thread name to 'q:sink'
05-09 19:57:51.028  2029  2029 D GStreamer+bin: 0:06:35.416612037 0xf35ef400 gstbin.c:882:find_message:<pipeline3> no message found matching types 00100000
05-09 19:57:51.028  2029  2216 D GStreamer+GST_BUS: 0:06:35.416625162 0xf3d321c0 gstbus.c:521:gst_bus_timed_pop_filtered:<bus19> got message 0xf3d32718, stream-status from sink, type mask is 4294967295
05-09 19:57:51.028  2029  2029 D GStreamer+bin: 0:06:35.416652141 0xf35ef400 gstbin.c:889:find_message:<pipeline3>   async-start
05-09 19:57:51.028  2029  2225 D GStreamer+basesrc: 0:06:35.416668756 0xf3d19ac0 gstbasesrc.c:2355:gst_base_src_update_length:<filesrc3> reading offset 0, length 16, size 16031303, segment.stop -1, maxsize 16031303
05-09 19:57:51.028  2029  2225 D GStreamer+basesrc: 0:06:35.416756672 0xf3d19ac0 gstbasesrc.c:2456:gst_base_src_get_range:<filesrc3> calling create offset 0 length 16, time 0
05-09 19:57:51.028  2029  2029 D GStreamer+bin: 0:06:35.416797037 0xf35ef400 gstbin.c:2411:gst_bin_element_set_state:<pipeline3> setting element filesrc3 to PAUSED, base_time 0:00:00.000000000
05-09 19:57:51.028  2029  2225 D GStreamer+GST_MEMORY: 0:06:35.416804797 0xf3d19ac0 gstmemory.c:138:gst_memory_init new memory 0xf3d04400, maxsize:19 offset:0 size:16
05-09 19:57:51.028  2029  2216 D GStreamer+GST_BUS: 0:06:35.416827193 0xf3d321c0 gstbus.c:789:gst_bus_source_dispatch:<bus19> source 0xf39d9b18 calling dispatch with stream-status message: 0xf3d32718, time 99:99:99.999999999, seq-num 1996, element 'sink', GstMessageStreamStatus, type=(GstStreamStatusType)GST_STREAM_STATUS_TYPE_ENTER, owner=(GstElement)"\(GstQTDemux\)\ q", object=(GstTask)"\(GstTask\)\ q:sink";
05-09 19:57:51.029  2029  2029 D GStreamer+GST_STATES: 0:06:35.416852193 0xf35ef400 gstelement.c:2523:gst_element_set_state_func:<filesrc3> set_state to PAUSED
05-09 19:57:51.029  2029  2029 D GStreamer+GST_STATES: 0:06:35.416949850 0xf35ef400 gstelement.c:2548:gst_element_set_state_func:<filesrc3> setting target state to PAUSED
05-09 19:57:51.029  2029  2216 D GStreamer+GST_BUS: 0:06:35.416980683 0xf3d321c0 gstbus.c:794:gst_bus_source_dispatch:<bus19> source 0xf39d9b18 handler returns 1
05-09 19:57:51.029  2029  2225 D GStreamer+basesrc: 0:06:35.416981308 0xf3d19ac0 gstbasesrc.c:2501:gst_base_src_get_range:<filesrc3> setting first timestamp to 0
05-09 19:57:51.029  2029  2029 D GStreamer+GST_STATES: 0:06:35.417015943 0xf35ef400 gstelement.c:2561:gst_element_set_state_func:<filesrc3> current READY, old_pending VOID_PENDING, next VOID_PENDING, old return SUCCESS
05-09 19:57:51.029  2029  2029 D GStreamer+GST_STATES: 0:06:35.417065631 0xf35ef400 gstelement.c:2595:gst_element_set_state_func:<filesrc3> final: setting state from READY to PAUSED
05-09 19:57:51.029  2029  2029 D GStreamer+GST_ELEMENT_PADS: 0:06:35.417109068 0xf35ef400 gstelement.c:2793:gst_element_pads_activate:<filesrc3> activate pads
05-09 19:57:51.029  2029  2225 D GStreamer+basesrc: 0:06:35.417124693 0xf3d19ac0 gstbasesrc.c:2310:gst_base_src_do_sync:<filesrc3> we have no clock
05-09 19:57:51.029  2029  2029 D GStreamer+GST_PADS: 0:06:35.417179693 0xf35ef400 gstpad.c:1062:gst_pad_set_active:<filesrc3:src> pad was active in pull mode
05-09 19:57:51.029  2029  2225 D GStreamer+basesrc: 0:06:35.417162818 0xf3d19ac0 gstbasesrc.c:2520:gst_base_src_get_range:<filesrc3> buffer ok
05-09 19:57:51.029  2029  2029 D GStreamer+GST_ELEMENT_PADS: 0:06:35.417225787 0xf35ef400 gstelement.c:2812:gst_element_pads_activate:<filesrc3> pad activation successful
05-09 19:57:51.029  2029  2225 D GStreamer+qtdemux: 0:06:35.417241464 0xf3d19ac0 qtdemux.c:2530:extract_initial_length_and_fourcc length 0x00000020
05-09 19:57:51.029  2029  2029 D GStreamer+GST_STATES: 0:06:35.417259641 0xf35ef400 gstelement.c:2684:gst_element_change_state:<filesrc3> element changed state SUCCESS
05-09 19:57:51.029  2029  2225 D GStreamer+qtdemux: 0:06:35.417302975 0xf3d19ac0 qtdemux.c:2532:extract_initial_length_and_fourcc atom type ftyp
05-09 19:57:51.029  2029  2029 I GStreamer+GST_STATES: 0:06:35.417317350 0xf35ef400 gstelement.c:2372:gst_element_continue_state:<filesrc3> completed state change to PAUSED
05-09 19:57:51.029  2029  2225 D GStreamer+GST_MEMORY: 0:06:35.417336568 0xf3d19ac0 gstmemory.c:87:_gst_memory_free free memory 0xf3d04400
05-09 19:57:51.029  2029  2029 I GStreamer+GST_STATES: 0:06:35.417358027 0xf35ef400 gstelement.c:2277:_priv_gst_element_state_changed:<filesrc3> notifying about state-changed READY to PAUSED (VOID_PENDING pending)
05-09 19:57:51.029  2029  2225 D GStreamer+basesrc: 0:06:35.417408183 0xf3d19ac0 gstbasesrc.c:2355:gst_base_src_update_length:<filesrc3> reading offset 0, length 32, size 16031303, segment.stop -1, maxsize 16031303
05-09 19:57:51.029  2029  2029 D GStreamer+GST_BUS: 0:06:35.417431933 0xf35ef400 gstbus.c:309:gst_bus_post:<bus18> [msg 0xf3ab9968] posting on bus state-changed message: 0xf3ab9968, time 99:99:99.999999999, seq-num 1997, element 'filesrc3', GstMessageStateChanged, old-state=(GstState)GST_STATE_READY, new-state=(GstState)GST_STATE_PAUSED, pending-state=(GstState)GST_STATE_VOID_PENDING;
05-09 19:57:51.029  2029  2225 D GStreamer+basesrc: 0:06:35.417452714 0xf3d19ac0 gstbasesrc.c:2456:gst_base_src_get_range:<filesrc3> calling create offset 0 length 32, time 0
05-09 19:57:51.029  2029  2029 D GStreamer+bin: 0:06:35.417476308 0xf35ef400 gstbin.c:3528:gst_bin_handle_message_func:<pipeline3> [msg 0xf3ab9968] handling child filesrc3 message of type state-changed
05-09 19:57:51.029  2029  2029 D GStreamer+bin: 0:06:35.417510579 0xf35ef400 gstbin.c:3865:gst_bin_handle_message_func:<pipeline3> posting message upward
05-09 19:57:51.029  2029  2225 D GStreamer+GST_MEMORY: 0:06:35.417498079 0xf3d19ac0 gstmemory.c:138:gst_memory_init new memory 0xf3a6e2d0, maxsize:35 offset:0 size:32
05-09 19:57:51.029  2029  2225 D GStreamer+basesrc: 0:06:35.417560006 0xf3d19ac0 gstbasesrc.c:2501:gst_base_src_get_range:<filesrc3> setting first timestamp to 0
05-09 19:57:51.029  2029  2029 D GStreamer+GST_BUS: 0:06:35.417580266 0xf35ef400 gstbus.c:309:gst_bus_post:<bus19> [msg 0xf3ab9968] posting on bus state-changed message: 0xf3ab9968, time 99:99:99.999999999, seq-num 1997, element 'filesrc3', GstMessageStateChanged, old-state=(GstState)GST_STATE_READY, new-state=(GstState)GST_STATE_PAUSED, pending-state=(GstState)GST_STATE_VOID_PENDING;
05-09 19:57:51.029  2029  2029 D GStreamer+GST_BUS: 0:06:35.417621933 0xf35ef400 gstbus.c:348:gst_bus_post:<bus19> [msg 0xf3ab9968] pushing on async queue
05-09 19:57:51.029  2029  2225 D GStreamer+basesrc: 0:06:35.417599068 0xf3d19ac0 gstbasesrc.c:2310:gst_base_src_do_sync:<filesrc3> we have no clock
05-09 19:57:51.029  2029  2225 D GStreamer+basesrc: 0:06:35.417659797 0xf3d19ac0 gstbasesrc.c:2520:gst_base_src_get_range:<filesrc3> buffer ok
05-09 19:57:51.029  2029  2029 D GStreamer+GST_BUS: 0:06:35.417673860 0xf35ef400 gstbus.c:351:gst_bus_post:<bus19> [msg 0xf3ab9968] pushed on async queue
05-09 19:57:51.029  2029  2029 D GStreamer+GST_BUS: 0:06:35.417715422 0xf35ef400 gstbus.c:344:gst_bus_post:<bus18> [msg 0xf3ab9968] dropped
05-09 19:57:51.029  2029  2225 D GStreamer+qtdemux: 0:06:35.417705995 0xf3d19ac0 qtdemux.c:2414:qtdemux_parse_ftyp:<q> major brand: mp42
05-09 19:57:51.029  2029  2216 D GStreamer+GST_BUS: 0:06:35.417743912 0xf3d321c0 gstbus.c:521:gst_bus_timed_pop_filtered:<bus19> got message 0xf3ab9968, state-changed from filesrc3, type mask is 4294967295
05-09 19:57:51.029  2029  2029 D GStreamer+GST_STATES: 0:06:35.417778079 0xf35ef400 gstelement.c:2607:gst_element_set_state_func:<filesrc3> returned SUCCESS
05-09 19:57:51.029  2029  2225 D GStreamer+GST_MEMORY: 0:06:35.417781777 0xf3d19ac0 gstmemory.c:138:gst_memory_init new memory 0xf3ac3768, maxsize:19 offset:0 size:16
05-09 19:57:51.029  2029  2029 I GStreamer+GST_STATES: 0:06:35.417838027 0xf35ef400 gstbin.c:2764:gst_bin_change_state_func:<pipeline3> child 'filesrc3' changed state to 3(PAUSED) successfully
05-09 19:57:51.029  2029  2225 D GStreamer+GST_MEMORY: 0:06:35.417821100 0xf3d19ac0 gstmemory.c:87:_gst_memory_free free memory 0xf3a6e2d0
05-09 19:57:51.030  2029  2216 D GStreamer+GST_BUS: 0:06:35.417865214 0xf3d321c0 gstbus.c:789:gst_bus_source_dispatch:<bus19> source 0xf39d9b18 calling dispatch with state-changed message: 0xf3ab9968, time 99:99:99.999999999, seq-num 1997, element 'filesrc3', GstMessageStateChanged, old-state=(GstState)GST_STATE_READY, new-state=(GstState)GST_STATE_PAUSED, pending-state=(GstState)GST_STATE_VOID_PENDING;
05-09 19:57:51.030  2029  2029 D GStreamer+bin: 0:06:35.417914277 0xf35ef400 gstbin.c:2171:gst_bin_sort_iterator_next:<pipeline3> queue empty, elements exhausted
05-09 19:57:51.030  2029  2225 D GStreamer+basesrc: 0:06:35.417925891 0xf3d19ac0 gstbasesrc.c:2355:gst_base_src_update_length:<filesrc3> reading offset 32, length 16, size 16031303, segment.stop -1, maxsize 16031303
05-09 19:57:51.030  2029  2216 D GStreamer+GST_BUS: 0:06:35.417939329 0xf3d321c0 gstbus.c:794:gst_bus_source_dispatch:<bus19> source 0xf39d9b18 handler returns 1
05-09 19:57:51.030  2029  2029 D GStreamer+GST_STATES: 0:06:35.417953339 0xf35ef400 gstbin.c:2823:gst_bin_change_state_func:<pipeline3> iterator done
05-09 19:57:51.030  2029  2029 D GStreamer+GST_ELEMENT_PADS: 0:06:35.417996100 0xf35ef400 gstelement.c:2793:gst_element_pads_activate:<pipeline3> activate pads
05-09 19:57:51.030  2029  2225 D GStreamer+basesrc: 0:06:35.418012193 0xf3d19ac0 gstbasesrc.c:2456:gst_base_src_get_range:<filesrc3> calling create offset 32 length 16, time 0
05-09 19:57:51.030  2029  2029 D GStreamer+GST_ELEMENT_PADS: 0:06:35.418034589 0xf35ef400 gstelement.c:2812:gst_element_pads_activate:<pipeline3> pad activation successful
05-09 19:57:51.030  2029  2225 D GStreamer+GST_MEMORY: 0:06:35.418078027 0xf3d19ac0 gstmemory.c:138:gst_memory_init new memory 0xf3d044d0, maxsize:19 offset:0 size:16
05-09 19:57:51.030  2029  2029 D GStreamer+GST_STATES: 0:06:35.418093131 0xf35ef400 gstbin.c:2841:gst_bin_change_state_func:<pipeline3> we have ASYNC elements SUCCESS -> ASYNC
05-09 19:57:51.030  2029  2225 D GStreamer+basesrc: 0:06:35.418116933 0xf3d19ac0 gstbasesrc.c:2310:gst_base_src_do_sync:<filesrc3> we have no clock
05-09 19:57:51.030  2029  2029 D GStreamer+bin: 0:06:35.418130631 0xf35ef400 gstbin.c:2213:gst_bin_sort_iterator_free:<pipeline3> free
05-09 19:57:51.030  2029  2029 D GStreamer+bin: 0:06:35.418162141 0xf35ef400 gstbin.c:2869:gst_bin_change_state_func:<pipeline3> check async elements
05-09 19:57:51.030  2029  2225 D GStreamer+basesrc: 0:06:35.418153912 0xf3d19ac0 gstbasesrc.c:2520:gst_base_src_get_range:<filesrc3> buffer ok
05-09 19:57:51.030  2029  2029 D GStreamer+bin: 0:06:35.418200995 0xf35ef400 gstbin.c:880:find_message:<pipeline3> we found a message 0xf3ab99c0 from forhwgl matching types 00100000
05-09 19:57:51.030  2029  2225 D GStreamer+qtdemux: 0:06:35.418217141 0xf3d19ac0 qtdemux.c:2530:extract_initial_length_and_fourcc length 0x00000008
05-09 19:57:51.030  2029  2029 D GStreamer+GST_STATES: 0:06:35.418242870 0xf35ef400 gstbin.c:2892:gst_bin_change_state_func:<pipeline3> done changing bin's state from READY to PAUSED, now in READY, ret ASYNC
05-09 19:57:51.030  2029  2225 D GStreamer+qtdemux: 0:06:35.418254433 0xf3d19ac0 qtdemux.c:2532:extract_initial_length_and_fourcc atom type free
05-09 19:57:51.030  2029  2029 D GStreamer+GST_STATES: 0:06:35.418275891 0xf35ef400 gstelement.c:2666:gst_element_change_state:<pipeline3> element will change state ASYNC
05-09 19:57:51.030  2029  2225 D GStreamer+GST_MEMORY: 0:06:35.418305318 0xf3d19ac0 gstmemory.c:87:_gst_memory_free free memory 0xf3d044d0
05-09 19:57:51.030  2029  2029 D GStreamer+GST_STATES: 0:06:35.418320370 0xf35ef400 gstelement.c:2607:gst_element_set_state_func:<pipeline3> returned ASYNC
05-09 19:57:51.030  2029  2225 D GStreamer+basesrc: 0:06:35.418354225 0xf3d19ac0 gstbasesrc.c:2355:gst_base_src_update_length:<filesrc3> reading offset 40, length 16, size 16031303, segment.stop -1, maxsize 16031303
05-09 19:57:51.030  2029  2225 D GStreamer+basesrc: 0:06:35.418418704 0xf3d19ac0 gstbasesrc.c:2456:gst_base_src_get_range:<filesrc3> calling create offset 40 length 16, time 0
05-09 19:57:51.030  2029  2225 D GStreamer+GST_MEMORY: 0:06:35.418459329 0xf3d19ac0 gstmemory.c:138:gst_memory_init new memory 0xf3d04468, maxsize:19 offset:0 size:16
05-09 19:57:51.030  2029  2225 D GStreamer+basesrc: 0:06:35.418521204 0xf3d19ac0 gstbasesrc.c:2310:gst_base_src_do_sync:<filesrc3> we have no clock
05-09 19:57:51.030  2029  2225 D GStreamer+basesrc: 0:06:35.418558912 0xf3d19ac0 gstbasesrc.c:2520:gst_base_src_get_range:<filesrc3> buffer ok
05-09 19:57:51.030  2029  2225 D GStreamer+qtdemux: 0:06:35.418595110 0xf3d19ac0 qtdemux.c:2530:extract_initial_length_and_fourcc length 0x00f4815a
05-09 19:57:51.030  2029  2225 D GStreamer+qtdemux: 0:06:35.418655839 0xf3d19ac0 qtdemux.c:2532:extract_initial_length_and_fourcc atom type mdat
05-09 19:57:51.030  2029  2225 D GStreamer+GST_MEMORY: 0:06:35.418691620 0xf3d19ac0 gstmemory.c:87:_gst_memory_free free memory 0xf3d04468
05-09 19:57:51.030  2029  2225 D GStreamer+basesrc: 0:06:35.418765006 0xf3d19ac0 gstbasesrc.c:2355:gst_base_src_update_length:<filesrc3> reading offset 16023938, length 16, size 16031303, segment.stop -1, maxsize 16031303
05-09 19:57:51.030  2029  2225 D GStreamer+basesrc: 0:06:35.418805475 0xf3d19ac0 gstbasesrc.c:2456:gst_base_src_get_range:<filesrc3> calling create offset 16023938 length 16, time 0
05-09 19:57:51.031  2029  2225 D GStreamer+GST_MEMORY: 0:06:35.418864745 0xf3d19ac0 gstmemory.c:138:gst_memory_init new memory 0xf3ac3360, maxsize:19 offset:0 size:16
05-09 19:57:51.031  2029  2225 D GStreamer+basesrc: 0:06:35.418989641 0xf3d19ac0 gstbasesrc.c:2310:gst_base_src_do_sync:<filesrc3> we have no clock
05-09 19:57:51.032  2029  2225 D GStreamer+basesrc: 0:06:35.420060370 0xf3d19ac0 gstbasesrc.c:2520:gst_base_src_get_range:<filesrc3> buffer ok
05-09 19:57:51.032  2029  2225 D GStreamer+qtdemux: 0:06:35.420128079 0xf3d19ac0 qtdemux.c:2530:extract_initial_length_and_fourcc length 0x00001cc5
05-09 19:57:51.032  2029  2225 D GStreamer+qtdemux: 0:06:35.420163756 0xf3d19ac0 qtdemux.c:2532:extract_initial_length_and_fourcc atom type moov
05-09 19:57:51.032  2029  2225 D GStreamer+GST_MEMORY: 0:06:35.420197610 0xf3d19ac0 gstmemory.c:87:_gst_memory_free free memory 0xf3ac3360
05-09 19:57:51.032  2029  2225 D GStreamer+basesrc: 0:06:35.420253339 0xf3d19ac0 gstbasesrc.c:2355:gst_base_src_update_length:<filesrc3> reading offset 16023938, length 7365, size 16031303, segment.stop -1, maxsize 16031303
05-09 19:57:51.032  2029  2225 D GStreamer+basesrc: 0:06:35.420443443 0xf3d19ac0 gstbasesrc.c:2456:gst_base_src_get_range:<filesrc3> calling create offset 16023938 length 7365, time 0
05-09 19:57:51.032  2029  2225 D GStreamer+GST_MEMORY: 0:06:35.420487506 0xf3d19ac0 gstmemory.c:138:gst_memory_init new memory 0xf3cc7f18, maxsize:7368 offset:0 size:7365
05-09 19:57:51.032  2029  2225 D GStreamer+basesrc: 0:06:35.420577818 0xf3d19ac0 gstbasesrc.c:2310:gst_base_src_do_sync:<filesrc3> we have no clock
05-09 19:57:51.032  2029  2225 D GStreamer+basesrc: 0:06:35.420620058 0xf3d19ac0 gstbasesrc.c:2520:gst_base_src_get_range:<filesrc3> buffer ok
05-09 19:57:51.032  2029  2225 D GStreamer+qtdemux: 0:06:35.420661725 0xf3d19ac0 qtdemux.c:6405:qtdemux_parse_moov:<q> parsing 'moov' atom
05-09 19:57:51.032  2029  2225 D GStreamer+qtdemux: 0:06:35.420709589 0xf3d19ac0 qtdemux.c:6600:qtdemux_parse_node:<q> parsing stsd (sample table, sample description) atom
05-09 19:57:51.033  2029  2225 I GStreamer+qtdemux: 0:06:35.421053495 0xf3d19ac0 qtdemux.c:11935:qtdemux_parse_tree:<q> timescale: 1000
05-09 19:57:51.033  2029  2225 I GStreamer+qtdemux: 0:06:35.421092922 0xf3d19ac0 qtdemux.c:11936:qtdemux_parse_tree:<q> duration: 7716
05-09 19:57:51.033  2029  2225 D GStreamer+qtdemux: 0:06:35.421126829 0xf3d19ac0 qtdemux.c:8706:qtdemux_parse_trak:<q> parse_trak
05-09 19:57:51.033  2029  2225 W GStreamer+qtdemux: 0:06:35.421166152 0xf3d19ac0 qtdemux.c:2638:qtdemux_parse_trex:<q> failed to find fragment defaults for stream 1
05-09 19:57:51.033  2029  2225 D GStreamer+qtdemux: 0:06:35.421204016 0xf3d19ac0 qtdemux_lang.c:200:qtdemux_lang_map_qt_code_to_iso mapped quicktime language code 0 to ISO 639-2T code 'eng'
05-09 19:57:51.033  2029  2225 D GStreamer+qtdemux: 0:06:35.421240058 0xf3d19ac0 qtdemux.c:8507:qtdemux_parse_transformation_matrix:<q> Transformation matrix from atom tkhd
05-09 19:57:51.033  2029  2225 D GStreamer+qtdemux: 0:06:35.421276568 0xf3d19ac0 qtdemux.c:8510:qtdemux_parse_transformation_matrix:<q> 1.0 0.0 0.0
05-09 19:57:51.033  2029  2225 D GStreamer+qtdemux: 0:06:35.421315110 0xf3d19ac0 qtdemux.c:8513:qtdemux_parse_transformation_matrix:<q> 0.0 1.0 0.0
05-09 19:57:51.033  2029  2225 D GStreamer+qtdemux: 0:06:35.421354745 0xf3d19ac0 qtdemux.c:8516:qtdemux_parse_transformation_matrix:<q> 0.0 0.0 16384.0
05-09 19:57:51.033  2029  2225 D GStreamer+qtdemux: 0:06:35.421393600 0xf3d19ac0 qtdemux.c:8554:qtdemux_inspect_transformation_matrix:<q> Transformation matrix rotation (null)
05-09 19:57:51.033  2029  2225 D GStreamer+qtdemux: 0:06:35.421448600 0xf3d19ac0 qtdemux.c:9172:qtdemux_parse_trak:<q> found avcC codec_data in stsd
05-09 19:57:51.033  2029  2225 D GStreamer+GST_MEMORY: 0:06:35.421640631 0xf3d19ac0 gstmemory.c:138:gst_memory_init new memory 0xf3ac9608, maxsize:29 offset:0 size:26
05-09 19:57:51.033  2029  2225 I GStreamer+qtdemux: 0:06:35.421721672 0xf3d19ac0 qtdemux.c:9645:qtdemux_parse_trak:<q> type avc1 caps video/x-h264, stream-format=(string)avc, alignment=(string)au, level=(string)4, profile=(string)baseline, codec_data=(buffer)01428028ffe1000a27428028e54028016b2001000528de01ae20
05-09 19:57:51.033  2029  2225 D GStreamer+qtdemux: 0:06:35.421765787 0xf3d19ac0 qtdemux.c:7502:qtdemux_stbl_init:<q> n_samples_per_chunk 1
05-09 19:57:51.033  2029  2225 D GStreamer+qtdemux: 0:06:35.421810162 0xf3d19ac0 qtdemux.c:7547:qtdemux_stbl_init:<q> allocating n_samples 387 * 32 (0.01 MB)
05-09 19:57:51.033  2029  2225 D GStreamer+qtdemux: 0:06:35.421853495 0xf3d19ac0 qtdemux.c:8085:qtdemux_parse_segments:<q> looking for edit list container
05-09 19:57:51.034  2029  2225 D GStreamer+qtdemux: 0:06:35.421910579 0xf3d19ac0 qtdemux.c:8225:qtdemux_parse_segments:<q> created dummy segment 0:00:07.716333333
05-09 19:57:51.034  2029  2225 D GStreamer+qtdemux: 0:06:35.421945370 0xf3d19ac0 qtdemux.c:8229:qtdemux_parse_segments:<q> using 1 segments
05-09 19:57:51.034  2029  2225 D GStreamer+qtdemux: 0:06:35.421990318 0xf3d19ac0 qtdemux.c:10401:qtdemux_parse_trak:<q> n_streams is now 1
05-09 19:57:51.034  2029  2225 D GStreamer+GST_MEMORY: 0:06:35.422040110 0xf3d19ac0 gstmemory.c:87:_gst_memory_free free memory 0xf3cc7f18
05-09 19:57:51.034  2029  2225 D GStreamer+basesrc: 0:06:35.422093704 0xf3d19ac0 gstbasesrc.c:2355:gst_base_src_update_length:<filesrc3> reading offset 16031303, length 16, size 16031303, segment.stop -1, maxsize 16031303
05-09 19:57:51.034  2029  2225 W GStreamer+basesrc: 0:06:35.422194485 0xf3d19ac0 gstbasesrc.c:2396:gst_base_src_update_length:<filesrc3> processing at or past EOS
05-09 19:57:51.034  2029  2225 D GStreamer+basesrc: 0:06:35.422241568 0xf3d19ac0 gstbasesrc.c:2593:gst_base_src_get_range:<filesrc3> unexpected length 16 (offset=16031303, size=16031303)
05-09 19:57:51.035  2029  2225 I GStreamer+GST_SCHEDULING: 0:06:35.423529016 0xf3d19ac0 gstpad.c:4724:gst_pad_get_range_unchecked:<filesrc3:src> getrange failed, flow: eos
05-09 19:57:51.035  2029  2225 I GStreamer+GST_SCHEDULING: 0:06:35.423598183 0xf3d19ac0 gstpad.c:4939:gst_pad_pull_range:<q:sink> pullrange failed, flow: eos
05-09 19:57:51.035  2029  2225 D GStreamer+qtdemux: 0:06:35.423636881 0xf3d19ac0 qtdemux.c:10573:qtdemux_prepare_streams:<q> prepare streams
05-09 19:57:51.035  2029  2225 D GStreamer+qtdemux: 0:06:35.423677297 0xf3d19ac0 qtdemux.c:10580:qtdemux_prepare_streams:<q> stream 0, id 1, fourcc avc1
05-09 19:57:51.035  2029  2225 D GStreamer+qtdemux: 0:06:35.423712662 0xf3d19ac0 qtdemux.c:7675:qtdemux_parse_samples:<q> parsing up to sample 0
05-09 19:57:51.035  2029  2225 D GStreamer+qtdemux: 0:06:35.423755891 0xf3d19ac0 qtdemux.c:7882:qtdemux_parse_samples:<q> sample 0: index 0, timestamp 0:00:00.000000000
05-09 19:57:51.035  2029  2225 D GStreamer+qtdemux: 0:06:35.423790110 0xf3d19ac0 qtdemux.c:7937:qtdemux_parse_samples:<q> samples at 0 is keyframe
05-09 19:57:51.035  2029  2225 D GStreamer+qtdemux: 0:06:35.423822714 0xf3d19ac0 qtdemux.c:10632:qtdemux_expose_streams:<q> exposing streams
05-09 19:57:51.036  2029  2225 D GStreamer+qtdemux: 0:06:35.423860318 0xf3d19ac0 qtdemux.c:10640:qtdemux_expose_streams:<q> stream 0, id 1, fourcc avc1
05-09 19:57:51.036  2029  2225 D GStreamer+qtdemux: 0:06:35.424016152 0xf3d19ac0 qtdemux.c:7034:gst_qtdemux_configure_stream:<q> Calculating framerate, timescale 3000 gave fps_n 151 fps_d 3
05-09 19:57:51.036  2029  2225 D GStreamer+qtdemux: 0:06:35.424076100 0xf3d19ac0 qtdemux.c:7048:gst_qtdemux_configure_stream:<q> video size 1280x1440, target display size 1280x1440
05-09 19:57:51.036  2029  2225 D GStreamer+qtdemux: 0:06:35.424113391 0xf3d19ac0 qtdemux.c:7063:gst_qtdemux_configure_stream:<q> setting PAR to 1/1
05-09 19:57:51.036  2029  2225 D GStreamer+GST_PADS: 0:06:35.424155006 0xf3d19ac0 gstpad.c:1826:gst_pad_set_event_function_full:<'':video_0> eventfunc for set to 0xdaa97e71
05-09 19:57:51.036  2029  2225 D GStreamer+GST_PADS: 0:06:35.424194902 0xf3d19ac0 gstpad.c:1906:gst_pad_set_query_function_full:<'':video_0> queryfunc set to 0xdaa978e1
05-09 19:57:51.036  2029  2225 D GStreamer+GST_PADS: 0:06:35.424229641 0xf3d19ac0 gstpad.c:1056:gst_pad_set_active:<'':video_0> activating pad from none
05-09 19:57:51.036  2029  2225 D GStreamer+GST_PADS: 0:06:35.424266672 0xf3d19ac0 gstpad.c:972:pre_activate:<'':video_0> setting pad into push mode, unset flushing
05-09 19:57:51.036  2029  2225 D GStreamer+GST_PADS: 0:06:35.424302662 0xf3d19ac0 gstpad.c:1198:gst_pad_activate_mode:<'':video_0> activated in push mode
05-09 19:57:51.036  2029  2225 D GStreamer+qtdemux: 0:06:35.424386725 0xf3d19ac0 qtdemux.c:7127:gst_qtdemux_configure_stream:<q> setting caps video/x-h264, stream-format=(string)avc, alignment=(string)au, level=(string)4, profile=(string)baseline, codec_data=(buffer)01428028ffe1000a27428028e54028016b2001000528de01ae20, width=(int)1280, height=(int)1440, framerate=(fraction)151/3, pixel-aspect-ratio=(fraction)1/1
05-09 19:57:51.036  2029  2225 I GStreamer+GST_ELEMENT_PADS: 0:06:35.424425995 0xf3d19ac0 gstelement.c:907:gst_element_get_static_pad found pad q:sink
05-09 19:57:51.036  2029  2225 D GStreamer+query: 0:06:35.424461829 0xf3d19ac0 gstquery.c:674:gst_query_new_custom creating new query 0xf3d04350 uri
05-09 19:57:51.036  2029  2225 D GStreamer+GST_ELEMENT_PADS: 0:06:35.424492193 0xf3d19ac0 gstelement.c:1698:gst_element_query send query on element q
05-09 19:57:51.036  2029  2225 D GStreamer+GST_ELEMENT_PADS: 0:06:35.424522297 0xf3d19ac0 gstelement.c:1482:gst_element_get_random_pad getting a random pad
05-09 19:57:51.036  2029  2225 D GStreamer+GST_ELEMENT_PADS: 0:06:35.424548495 0xf3d19ac0 gstelement.c:1482:gst_element_get_random_pad getting a random pad
05-09 19:57:51.036  2029  2225 D GStreamer+GST_ELEMENT_PADS: 0:06:35.424577662 0xf3d19ac0 gstelement.c:1501:gst_element_get_random_pad checking pad q:sink
05-09 19:57:51.036  2029  2225 D GStreamer+GST_ELEMENT_PADS: 0:06:35.424604641 0xf3d19ac0 gstelement.c:1513:gst_element_get_random_pad found pad q:sink
05-09 19:57:51.036  2029  2225 D GStreamer+GST_PADS: 0:06:35.424638912 0xf3d19ac0 gstpad.c:3882:gst_pad_query:<filesrc3:src> doing query 0xf3d04350 (uri)
05-09 19:57:51.036  2029  2225 D GStreamer+basesrc: 0:06:35.424681933 0xf3d19ac0 gstbasesrc.c:1296:gst_base_src_default_query:<filesrc3> query uri returns 1
05-09 19:57:51.036  2029  2225 D GStreamer+GST_PADS: 0:06:35.424725318 0xf3d19ac0 gstpad.c:3905:gst_pad_query:<filesrc3:src> sent query 0xf3d04350 (uri), result 1
05-09 19:57:51.036  2029  2225 D GStreamer+GST_EVENT: 0:06:35.424794485 0xf3d19ac0 gstevent.c:302:gst_event_new_custom creating new event 0xf3d338f8 stream-start 10254
05-09 19:57:51.036  2029  2225 D GStreamer+GST_PADS: 0:06:35.424839589 0xf3d19ac0 gstpad.c:3813:check_sticky:<'':video_0> pushing all sticky events
05-09 19:57:51.037  2029  2225 D GStreamer+GST_PADS: 0:06:35.424891672 0xf3d19ac0 gstpad.c:5266:gst_pad_push_event_unchecked:<'':video_0> Dropping event stream-start because pad is not linked
05-09 19:57:51.037  2029  2225 D GStreamer+GST_PADS: 0:06:35.424928756 0xf3d19ac0 gstpad.c:3784:push_sticky:<'':video_0> pad was not linked, mark pending
05-09 19:57:51.037  2029  2225 I GStreamer+GST_EVENT: 0:06:35.425010110 0xf3d19ac0 gstevent.c:679:gst_event_new_caps creating caps event video/x-h264, stream-format=(string)avc, alignment=(string)au, level=(string)4, profile=(string)baseline, codec_data=(buffer)01428028ffe1000a27428028e54028016b2001000528de01ae20, width=(int)1280, height=(int)1440, framerate=(fraction)151/3, pixel-aspect-ratio=(fraction)1/1
05-09 19:57:51.037  2029  2225 D GStreamer+GST_EVENT: 0:06:35.425046568 0xf3d19ac0 gstevent.c:302:gst_event_new_custom creating new event 0xf396bb70 caps 12814
05-09 19:57:51.037  2029  2225 D GStreamer+GST_PADS: 0:06:35.425080266 0xf3d19ac0 gstpad.c:5053:store_sticky_event:<'':video_0> notify caps
05-09 19:57:51.037  2029  2225 D GStreamer+GST_PADS: 0:06:35.425121047 0xf3d19ac0 gstpad.c:3813:check_sticky:<'':video_0> pushing all sticky events
05-09 19:57:51.037  2029  2225 D GStreamer+GST_PADS: 0:06:35.425159485 0xf3d19ac0 gstpad.c:3745:push_sticky:<'':video_0> event stream-start was already received
05-09 19:57:51.037  2029  2225 D GStreamer+GST_PADS: 0:06:35.425200943 0xf3d19ac0 gstpad.c:5266:gst_pad_push_event_unchecked:<'':video_0> Dropping event caps because pad is not linked
05-09 19:57:51.037  2029  2225 D GStreamer+GST_PADS: 0:06:35.425236464 0xf3d19ac0 gstpad.c:3784:push_sticky:<'':video_0> pad was not linked, mark pending
05-09 19:57:51.037  2029  2225 D GStreamer+qtdemux: 0:06:35.425275839 0xf3d19ac0 qtdemux.c:7243:gst_qtdemux_add_stream:<q> adding pad video_0 0xf3af3ac0 to qtdemux 0xf3a0a068
05-09 19:57:51.037  2029  2225 I GStreamer+GST_ELEMENT_PADS: 0:06:35.425309329 0xf3d19ac0 gstelement.c:659:gst_element_add_pad:<q> adding pad 'video_0'
05-09 19:57:51.037  2029  2225 D GStreamer+GST_REFCOUNTING: 0:06:35.425343131 0xf3d19ac0 gstobject.c:692:gst_object_set_parent:<'':video_0> set parent (ref and sink)
05-09 19:57:51.037  2029  2225 I GStreamer+GST_PIPELINE: 0:06:35.425394797 0xf3d19ac0 ./grammar.y:518:gst_parse_found_pad trying delayed linking pad  video_0 of GstQTDemux named q to some pad of GstQueue named queue8
05-09 19:57:51.037  2029  2225 I GStreamer+GST_ELEMENT_PADS: 0:06:35.425430006 0xf3d19ac0 gstutils.c:1571:gst_element_link_pads_full trying to link element q:video_0 to element queue8:(any)
05-09 19:57:51.037  2029  2225 I GStreamer+GST_ELEMENT_PADS: 0:06:35.425460995 0xf3d19ac0 gstelement.c:907:gst_element_get_static_pad found pad q:video_0
05-09 19:57:51.037  2029  2225 D GStreamer+GST_ELEMENT_PADS: 0:06:35.425488600 0xf3d19ac0 gstutils.c:1678:gst_element_link_pads_full looping through allowed src and dest pads
05-09 19:57:51.037  2029  2225 D GStreamer+GST_ELEMENT_PADS: 0:06:35.425518339 0xf3d19ac0 gstutils.c:1681:gst_element_link_pads_full trying src pad q:video_0
05-09 19:57:51.037  2029  2225 D GStreamer+GST_ELEMENT_PADS: 0:06:35.425551620 0xf3d19ac0 gstutils.c:1002:gst_element_get_compatible_pad finding pad in queue8 compatible with q:video_0
05-09 19:57:51.037  2029  2225 I GStreamer+GST_PADS: 0:06:35.425593131 0xf3d19ac0 gstutils.c:932:gst_pad_check_link trying to link q:video_0 and queue8:sink
05-09 19:57:51.037  2029  2225 D GStreamer+GST_CAPS: 0:06:35.425628756 0xf3d19ac0 gstutils.c:2838:gst_pad_query_caps:<q:video_0> get pad caps with filter (NULL)
05-09 19:57:51.037  2029  2225 D GStreamer+query: 0:06:35.425665683 0xf3d19ac0 gstquery.c:674:gst_query_new_custom creating new query 0xf3d042c0 caps
05-09 19:57:51.037  2029  2225 D GStreamer+GST_PADS: 0:06:35.425699537 0xf3d19ac0 gstpad.c:3882:gst_pad_query:<q:video_0> doing query 0xf3d042c0 (caps)
05-09 19:57:51.037  2029  2225 D GStreamer+GST_CAPS: 0:06:35.425761985 0xf3d19ac0 gstpad.c:3088:gst_pad_query_caps_default:<q:video_0> query caps caps query: 0xf3d042c0, GstQueryCaps, filter=(GstCaps)"NULL", caps=(GstCaps)"NULL";
05-09 19:57:51.037  2029  2225 D GStreamer+GST_CAPS: 0:06:35.425798547 0xf3d19ac0 gstpad.c:3105:gst_pad_query_caps_default:<q:video_0> fixed pad caps: trying pad caps
05-09 19:57:51.038  2029  2225 D GStreamer+GST_CAPS: 0:06:35.425903964 0xf3d19ac0 gstpad.c:3141:gst_pad_query_caps_default:<q:video_0> using caps 0xf3b49450 video/x-h264, stream-format=(string)avc, alignment=(string)au, level=(string)4, profile=(string)baseline, codec_data=(buffer)01428028ffe1000a27428028e54028016b2001000528de01ae20, width=(int)1280, height=(int)1440, framerate=(fraction)151/3, pixel-aspect-ratio=(fraction)1/1
05-09 19:57:51.038  2029  2225 D GStreamer+GST_PADS: 0:06:35.425951568 0xf3d19ac0 gstpad.c:3339:gst_pad_query_default:<q:video_0> not forwarding 0xf3d042c0 (caps) query
05-09 19:57:51.038  2029  2225 D GStreamer+GST_PADS: 0:06:35.425989277 0xf3d19ac0 gstpad.c:3905:gst_pad_query:<q:video_0> sent query 0xf3d042c0 (caps), result 1
05-09 19:57:51.038  2029  2225 D GStreamer+GST_CAPS: 0:06:35.426064641 0xf3d19ac0 gstutils.c:2845:gst_pad_query_caps:<q:video_0> query returned video/x-h264, stream-format=(string)avc, alignment=(string)au, level=(string)4, profile=(string)baseline, codec_data=(buffer)01428028ffe1000a27428028e54028016b2001000528de01ae20, width=(int)1280, height=(int)1440, framerate=(fraction)151/3, pixel-aspect-ratio=(fraction)1/1
05-09 19:57:51.038  2029  2225 D GStreamer+GST_CAPS: 0:06:35.426105683 0xf3d19ac0 gstutils.c:2838:gst_pad_query_caps:<queue8:sink> get pad caps with filter (NULL)
05-09 19:57:51.038  2029  2225 D GStreamer+query: 0:06:35.426142037 0xf3d19ac0 gstquery.c:674:gst_query_new_custom creating new query 0xf3ac6c90 caps
05-09 19:57:51.038  2029  2225 D GStreamer+GST_PADS: 0:06:35.426176204 0xf3d19ac0 gstpad.c:3882:gst_pad_query:<queue8:sink> doing query 0xf3ac6c90 (caps)
05-09 19:57:51.038  2029  2225 D GStreamer+GST_CAPS: 0:06:35.426225110 0xf3d19ac0 gstpad.c:3088:gst_pad_query_caps_default:<queue8:sink> query caps caps query: 0xf3ac6c90, GstQueryCaps, filter=(GstCaps)"NULL", caps=(GstCaps)"NULL";
05-09 19:57:51.038  2029  2225 D GStreamer+GST_PADS: 0:06:35.426262558 0xf3d19ac0 gstutils.c:2599:gst_pad_proxy_query_caps:<queue8:sink> proxying caps query for queue8:sink
05-09 19:57:51.038  2029  2225 D GStreamer+GST_PADS: 0:06:35.426298235 0xf3d19ac0 gstpad.c:2803:gst_pad_iterate_internal_links_default:<queue8:sink> Making iterator
05-09 19:57:51.038  2029  2225 D GStreamer+GST_PADS: 0:06:35.426337297 0xf3d19ac0 gstpad.c:4009:gst_pad_peer_query:<queue8:src> peer query 0xf3ac6c90 (caps)
05-09 19:57:51.038  2029  2225 D GStreamer+GST_PADS: 0:06:35.426374693 0xf3d19ac0 gstpad.c:3882:gst_pad_query:<forhwgl:sink> doing query 0xf3ac6c90 (caps)
05-09 19:57:51.038  2029  2225 D GStreamer+GST_CAPS: 0:06:35.426423964 0xf3d19ac0 gstpad.c:3088:gst_pad_query_caps_default:<forhwgl:sink> query caps caps query: 0xf3ac6c90, GstQueryCaps, filter=(GstCaps)"NULL", caps=(GstCaps)"NULL";
05-09 19:57:51.038  2029  2225 D GStreamer+GST_PADS: 0:06:35.426462193 0xf3d19ac0 gstutils.c:2599:gst_pad_proxy_query_caps:<forhwgl:sink> proxying caps query for forhwgl:sink
05-09 19:57:51.038  2029  2225 D GStreamer+GST_PADS: 0:06:35.426527506 0xf3d19ac0 gstpad.c:4009:gst_pad_peer_query:<sink:proxypad12> peer query 0xf3ac6c90 (caps)
05-09 19:57:51.038  2029  2225 D GStreamer+GST_PADS: 0:06:35.426572610 0xf3d19ac0 gstpad.c:3882:gst_pad_query:<typefind:sink> doing query 0xf3ac6c90 (caps)
05-09 19:57:51.038  2029  2225 D GStreamer+GST_CAPS: 0:06:35.426622766 0xf3d19ac0 gstpad.c:3088:gst_pad_query_caps_default:<typefind:sink> query caps caps query: 0xf3ac6c90, GstQueryCaps, filter=(GstCaps)"NULL", caps=(GstCaps)"NULL";
05-09 19:57:51.038  2029  2225 D GStreamer+GST_CAPS: 0:06:35.426656829 0xf3d19ac0 gstpad.c:3111:gst_pad_query_caps_default:<typefind:sink> trying pad template caps
05-09 19:57:51.038  2029  2225 D GStreamer+GST_CAPS: 0:06:35.426692818 0xf3d19ac0 gstpad.c:3141:gst_pad_query_caps_default:<typefind:sink> using caps 0xf3610b18 ANY
05-09 19:57:51.038  2029  2225 D GStreamer+GST_PADS: 0:06:35.426731256 0xf3d19ac0 gstpad.c:3339:gst_pad_query_default:<typefind:sink> not forwarding 0xf3ac6c90 (caps) query
05-09 19:57:51.038  2029  2225 D GStreamer+GST_PADS: 0:06:35.426770214 0xf3d19ac0 gstpad.c:3905:gst_pad_query:<typefind:sink> sent query 0xf3ac6c90 (caps), result 1
05-09 19:57:51.038  2029  2225 D GStreamer+default: 0:06:35.426806777 0xf3d19ac0 gstutils.c:2561:query_caps_func:<sink:proxypad12> intersect with result ANY
05-09 19:57:51.038  2029  2225 D GStreamer+default: 0:06:35.426842350 0xf3d19ac0 gstutils.c:2563:query_caps_func:<sink:proxypad12> intersected ANY
05-09 19:57:51.039  2029  2225 D GStreamer+GST_PADS: 0:06:35.426902193 0xf3d19ac0 gstpad.c:3339:gst_pad_query_default:<forhwgl:sink> not forwarding 0xf3ac6c90 (caps) query
05-09 19:57:51.039  2029  2225 D GStreamer+GST_PADS: 0:06:35.426945370 0xf3d19ac0 gstpad.c:3905:gst_pad_query:<forhwgl:sink> sent query 0xf3ac6c90 (caps), result 1
05-09 19:57:51.039  2029  2225 D GStreamer+default: 0:06:35.426981777 0xf3d19ac0 gstutils.c:2561:query_caps_func:<queue8:src> intersect with result ANY
05-09 19:57:51.039  2029  2225 D GStreamer+default: 0:06:35.427015162 0xf3d19ac0 gstutils.c:2563:query_caps_func:<queue8:src> intersected ANY
05-09 19:57:51.039  2029  2225 D GStreamer+GST_PADS: 0:06:35.427055839 0xf3d19ac0 gstpad.c:3339:gst_pad_query_default:<queue8:sink> not forwarding 0xf3ac6c90 (caps) query
05-09 19:57:51.039  2029  2225 D GStreamer+GST_PADS: 0:06:35.427094329 0xf3d19ac0 gstpad.c:3905:gst_pad_query:<queue8:sink> sent query 0xf3ac6c90 (caps), result 1
05-09 19:57:51.039  2029  2225 D GStreamer+GST_CAPS: 0:06:35.427130527 0xf3d19ac0 gstutils.c:2845:gst_pad_query_caps:<queue8:sink> query returned ANY
05-09 19:57:51.039  2029  2225 D GStreamer+GST_ELEMENT_PADS: 0:06:35.427172297 0xf3d19ac0 gstutils.c:1061:gst_element_get_compatible_pad found existing unlinked compatible pad queue8:sink
05-09 19:57:51.039  2029  2225 I GStreamer+GST_PADS: 0:06:35.427206725 0xf3d19ac0 gstutils.c:1444:prepare_link_maybe_ghosting q and queue8 in same bin, no need for ghost pads
05-09 19:57:51.039  2029  2225 D GStreamer+GST_BUS: 0:06:35.427313131 0xf3d19ac0 gstbus.c:309:gst_bus_post:<bus18> [msg 0xf3d32560] posting on bus structure-change message: 0xf3d32560, time 99:99:99.999999999, seq-num 2000, element 'sink', GstMessageStructureChange, type=(GstStructureChangeType)GST_STRUCTURE_CHANGE_TYPE_PAD_LINK, owner=(GstElement)"\(GstQTDemux\)\ q", busy=(boolean)true;
05-09 19:57:51.039  2029  2225 D GStreamer+bin: 0:06:35.427358964 0xf3d19ac0 gstbin.c:3528:gst_bin_handle_message_func:<pipeline3> [msg 0xf3d32560] handling child sink message of type structure-change
05-09 19:57:51.039  2029  2225 D GStreamer+bin: 0:06:35.427395683 0xf3d19ac0 gstbin.c:882:find_message:<pipeline3> no message found matching types 00001000
05-09 19:57:51.039  2029  2225 D GStreamer+bin: 0:06:35.427431829 0xf3d19ac0 gstbin.c:889:find_message:<pipeline3>   structure-change
05-09 19:57:51.039  2029  2225 D GStreamer+bin: 0:06:35.427470943 0xf3d19ac0 gstbin.c:929:bin_replace_message:<pipeline3> got new message 0xf3d32560, structure-change from sink
05-09 19:57:51.039  2029  2225 D GStreamer+GST_BUS: 0:06:35.427506152 0xf3d19ac0 gstbus.c:344:gst_bus_post:<bus18> [msg 0xf3d32560] dropped
05-09 19:57:51.039  2029  2225 I GStreamer+GST_PADS: 0:06:35.427542402 0xf3d19ac0 gstpad.c:2292:gst_pad_link_prepare trying to link q:video_0 and queue8:sink
05-09 19:57:51.039  2029  2225 D GStreamer+GST_CAPS: 0:06:35.427582870 0xf3d19ac0 gstutils.c:2838:gst_pad_query_caps:<q:video_0> get pad caps with filter (NULL)
05-09 19:57:51.039  2029  2225 D GStreamer+query: 0:06:35.427623756 0xf3d19ac0 gstquery.c:674:gst_query_new_custom creating new query 0xf3ac6c00 caps
05-09 19:57:51.039  2029  2225 D GStreamer+GST_PADS: 0:06:35.427660318 0xf3d19ac0 gstpad.c:3882:gst_pad_query:<q:video_0> doing query 0xf3ac6c00 (caps)
05-09 19:57:51.039  2029  2225 D GStreamer+GST_CAPS: 0:06:35.427720527 0xf3d19ac0 gstpad.c:3088:gst_pad_query_caps_default:<q:video_0> query caps caps query: 0xf3ac6c00, GstQueryCaps, filter=(GstCaps)"NULL", caps=(GstCaps)"NULL";
05-09 19:57:51.039  2029  2225 D GStreamer+GST_CAPS: 0:06:35.427761568 0xf3d19ac0 gstpad.c:3105:gst_pad_query_caps_default:<q:video_0> fixed pad caps: trying pad caps
05-09 19:57:51.040  2029  2225 D GStreamer+GST_CAPS: 0:06:35.427856412 0xf3d19ac0 gstpad.c:3141:gst_pad_query_caps_default:<q:video_0> using caps 0xf3b49450 video/x-h264, stream-format=(string)avc, alignment=(string)au, level=(string)4, profile=(string)baseline, codec_data=(buffer)01428028ffe1000a27428028e54028016b2001000528de01ae20, width=(int)1280, height=(int)1440, framerate=(fraction)151/3, pixel-aspect-ratio=(fraction)1/1
05-09 19:57:51.040  2029  2225 D GStreamer+GST_PADS: 0:06:35.427933183 0xf3d19ac0 gstpad.c:3339:gst_pad_query_default:<q:video_0> not forwarding 0xf3ac6c00 (caps) query
05-09 19:57:51.040  2029  2225 D GStreamer+GST_PADS: 0:06:35.427977297 0xf3d19ac0 gstpad.c:3905:gst_pad_query:<q:video_0> sent query 0xf3ac6c00 (caps), result 1
05-09 19:57:51.040  2029  2225 D GStreamer+GST_CAPS: 0:06:35.428057922 0xf3d19ac0 gstutils.c:2845:gst_pad_query_caps:<q:video_0> query returned video/x-h264, stream-format=(string)avc, alignment=(string)au, level=(string)4, profile=(string)baseline, codec_data=(buffer)01428028ffe1000a27428028e54028016b2001000528de01ae20, width=(int)1280, height=(int)1440, framerate=(fraction)151/3, pixel-aspect-ratio=(fraction)1/1
05-09 19:57:51.040  2029  2225 D GStreamer+GST_CAPS: 0:06:35.428098443 0xf3d19ac0 gstutils.c:2838:gst_pad_query_caps:<queue8:sink> get pad caps with filter (NULL)
05-09 19:57:51.040  2029  2225 D GStreamer+query: 0:06:35.428146047 0xf3d19ac0 gstquery.c:674:gst_query_new_custom creating new query 0xf3ac6cc0 caps
05-09 19:57:51.040  2029  2225 D GStreamer+GST_PADS: 0:06:35.428196881 0xf3d19ac0 gstpad.c:3882:gst_pad_query:<queue8:sink> doing query 0xf3ac6cc0 (caps)
05-09 19:57:51.040  2029  2225 D GStreamer+GST_CAPS: 0:06:35.428257506 0xf3d19ac0 gstpad.c:3088:gst_pad_query_caps_default:<queue8:sink> query caps caps query: 0xf3ac6cc0, GstQueryCaps, filter=(GstCaps)"NULL", caps=(GstCaps)"NULL";
05-09 19:57:51.040  2029  2225 D GStreamer+GST_PADS: 0:06:35.428296985 0xf3d19ac0 gstutils.c:2599:gst_pad_proxy_query_caps:<queue8:sink> proxying caps query for queue8:sink
05-09 19:57:51.040  2029  2225 D GStreamer+GST_PADS: 0:06:35.428334016 0xf3d19ac0 gstpad.c:2803:gst_pad_iterate_internal_links_default:<queue8:sink> Making iterator
