05-09 19:57:51.076  2029  2225 D GStreamer+GST_MEMORY: 0:06:35.464770058 0xf3d19ac0 gstmemory.c:138:gst_memory_init new memory 0xf3a8d4e0, maxsize:40932 offset:0 size:40929
05-09 19:57:51.076  2029  2224 D GStreamer+decodebin: 0:06:35.464852818 0xf3d043b0 gstdecodebin2.c:1754:analyze_new_pad Trying factory openh264dec
05-09 19:57:51.077  2029  2224 D GStreamer+GST_PERFORMANCE: 0:06:35.464932089 0xf3d043b0 gstcaps.c:169:_gst_caps_copy:<0xf36e2fb8> doing copy 0xf36e2fb8 -> 0xf3d1c200
05-09 19:57:51.077  2029  2224 D GStreamer+GST_PERFORMANCE: 0:06:35.464982714 0xf3d043b0 gstminiobject.c:326:gst_mini_object_make_writable copy GstCaps miniobject 0xf36e2fb8 -> 0xf3d1c200
05-09 19:57:51.077  2029  2225 D GStreamer+basesrc: 0:06:35.465027870 0xf3d19ac0 gstbasesrc.c:2310:gst_base_src_do_sync:<filesrc3> we have no clock
05-09 19:57:51.077  2029  2224 D GStreamer+GST_PLUGIN_LOADING: 0:06:35.465045162 0xf3d043b0 gstpluginfeature.c:106:gst_plugin_feature_load loading plugin for feature 0xf3603120; 'capsfilter'
05-09 19:57:51.077  2029  2225 D GStreamer+basesrc: 0:06:35.465091777 0xf3d19ac0 gstbasesrc.c:2520:gst_base_src_get_range:<filesrc3> buffer ok
05-09 19:57:51.077  2029  2224 I GStreamer+GST_ELEMENT_FACTORY: 0:06:35.465099068 0xf3d043b0 gstelementfactory.c:364:gst_element_factory_create creating element "capsfilter"
05-09 19:57:51.077  2029  2224 D GStreamer+basetransform: 0:06:35.465145631 0xf3d043b0 gstbasetransform.c:443:gst_base_transform_init gst_base_transform_init
05-09 19:57:51.077  2029  2225 D GStreamer+GST_SCHEDULING: 0:06:35.465186308 0xf3d19ac0 gstpad.c:4153:gst_pad_chain_data_unchecked:<queue8:sink> calling chainfunction &gst_queue_chain with buffer buffer: 0xf39e2db8, pts 0:00:00.676000000, dts 0:00:00.676000000, dur 0:00:00.020000000, size 40929, offset none, offset_end none, flags 0x0
05-09 19:57:51.077  2029  2224 D GStreamer+GST_PADS: 0:06:35.465225683 0xf3d043b0 gstpad.c:1826:gst_pad_set_event_function_full:<'':sink> eventfunc for set to gst_base_transform_sink_event
05-09 19:57:51.077  2029  2225 D GStreamer+GST_SCHEDULING: 0:06:35.465238652 0xf3d19ac0 gstpad.c:4159:gst_pad_chain_data_unchecked:<queue8:sink> called chainfunction &gst_queue_chain with buffer 0xf39e2db8, returned ok
05-09 19:57:51.077  2029  2224 D GStreamer+GST_PADS: 0:06:35.465269068 0xf3d043b0 gstpad.c:1720:gst_pad_set_chain_function_full:<'':sink> chainfunc set to gst_base_transform_chain
05-09 19:57:51.077  2029  2225 D GStreamer+qtdemux: 0:06:35.465279850 0xf3d19ac0 qtdemux.c:7675:qtdemux_parse_samples:<q> parsing up to sample 34
05-09 19:57:51.077  2029  2224 D GStreamer+GST_PADS: 0:06:35.465308131 0xf3d043b0 gstpad.c:1685:gst_pad_set_activatemode_function_full:<'':sink> activatemodefunc set to gst_base_transform_sink_activate_mode
05-09 19:57:51.077  2029  2225 D GStreamer+qtdemux: 0:06:35.465326933 0xf3d19ac0 qtdemux.c:7882:qtdemux_parse_samples:<q> sample 34: index 1, timestamp 0:00:00.696000000
05-09 19:57:51.077  2029  2224 D GStreamer+GST_PADS: 0:06:35.465351360 0xf3d043b0 gstpad.c:1906:gst_pad_set_query_function_full:<'':sink> queryfunc set to gst_base_transform_query
05-09 19:57:51.077  2029  2225 D GStreamer+qtdemux: 0:06:35.465361464 0xf3d19ac0 qtdemux.c:7937:qtdemux_parse_samples:<q> samples at 34 is keyframe
05-09 19:57:51.077  2029  2224 I GStreamer+GST_ELEMENT_PADS: 0:06:35.465390735 0xf3d043b0 gstelement.c:659:gst_element_add_pad:<GstBaseTransform@0xf3db4140> adding pad 'sink'
05-09 19:57:51.077  2029  2225 D GStreamer+qtdemux: 0:06:35.465430162 0xf3d19ac0 qtdemux.c:5197:gst_qtdemux_loop_state_movie:<q> pushing from stream 0, empty 0 offset 1479396, size 40583, dts=0:00:00.696000000, pts=0:00:00.696000000, duration 0:00:00.020000000
05-09 19:57:51.077  2029  2224 D GStreamer+GST_REFCOUNTING: 0:06:35.465448912 0xf3d043b0 gstobject.c:692:gst_object_set_parent:<'':sink> set parent (ref and sink)
05-09 19:57:51.077  2029  2225 D GStreamer+basesrc: 0:06:35.465487037 0xf3d19ac0 gstbasesrc.c:2355:gst_base_src_update_length:<filesrc3> reading offset 1479396, length 40583, size 16031303, segment.stop -1, maxsize 16031303
05-09 19:57:51.077  2029  2224 D GStreamer+GST_PADS: 0:06:35.465522714 0xf3d043b0 gstpad.c:1826:gst_pad_set_event_function_full:<'':src> eventfunc for set to gst_base_transform_src_event
05-09 19:57:51.077  2029  2225 D GStreamer+basesrc: 0:06:35.465534433 0xf3d19ac0 gstbasesrc.c:2456:gst_base_src_get_range:<filesrc3> calling create offset 1479396 length 40583, time 0
05-09 19:57:51.077  2029  2224 D GStreamer+GST_PADS: 0:06:35.465580110 0xf3d043b0 gstpad.c:1793:gst_pad_set_getrange_function_full:<'':src> getrangefunc set to gst_base_transform_getrange
05-09 19:57:51.077  2029  2225 D GStreamer+GST_MEMORY: 0:06:35.465596777 0xf3d19ac0 gstmemory.c:138:gst_memory_init new memory 0xf3a97518, maxsize:40586 offset:0 size:40583
05-09 19:57:51.077  2029  2224 D GStreamer+GST_PADS: 0:06:35.465619902 0xf3d043b0 gstpad.c:1685:gst_pad_set_activatemode_function_full:<'':src> activatemodefunc set to gst_base_transform_src_activate_mode
05-09 19:57:51.077  2029  2225 D GStreamer+basesrc: 0:06:35.465656881 0xf3d19ac0 gstbasesrc.c:2310:gst_base_src_do_sync:<filesrc3> we have no clock
05-09 19:57:51.077  2029  2224 D GStreamer+GST_PADS: 0:06:35.465673756 0xf3d043b0 gstpad.c:1906:gst_pad_set_query_function_full:<'':src> queryfunc set to gst_base_transform_query
05-09 19:57:51.077  2029  2225 D GStreamer+basesrc: 0:06:35.465696256 0xf3d19ac0 gstbasesrc.c:2520:gst_base_src_get_range:<filesrc3> buffer ok
05-09 19:57:51.077  2029  2224 I GStreamer+GST_ELEMENT_PADS: 0:06:35.465721516 0xf3d043b0 gstelement.c:659:gst_element_add_pad:<GstBaseTransform@0xf3db4140> adding pad 'src'
05-09 19:57:51.077  2029  2224 D GStreamer+GST_REFCOUNTING: 0:06:35.465767245 0xf3d043b0 gstobject.c:692:gst_object_set_parent:<'':src> set parent (ref and sink)
05-09 19:57:51.077  2029  2225 D GStreamer+GST_SCHEDULING: 0:06:35.465777089 0xf3d19ac0 gstpad.c:4153:gst_pad_chain_data_unchecked:<queue8:sink> calling chainfunction &gst_queue_chain with buffer buffer: 0xf39e6de0, pts 0:00:00.696000000, dts 0:00:00.696000000, dur 0:00:00.020000000, size 40583, offset none, offset_end none, flags 0x0
05-09 19:57:51.077  2029  2224 D GStreamer+basetransform: 0:06:35.465808287 0xf3d043b0 gstbasetransform.c:485:gst_base_transform_init:<GstBaseTransform@0xf3db4140> setting in_place TRUE
05-09 19:57:51.077  2029  2225 D GStreamer+GST_SCHEDULING: 0:06:35.465822610 0xf3d19ac0 gstpad.c:4159:gst_pad_chain_data_unchecked:<queue8:sink> called chainfunction &gst_queue_chain with buffer 0xf39e6de0, returned ok
05-09 19:57:51.077  2029  2224 D GStreamer+basetransform: 0:06:35.465851777 0xf3d043b0 gstbasetransform.c:2768:gst_base_transform_set_gap_aware:<GstCapsFilter@0xf3db4140> set gap aware 1
05-09 19:57:51.078  2029  2225 D GStreamer+qtdemux: 0:06:35.465861516 0xf3d19ac0 qtdemux.c:7675:qtdemux_parse_samples:<q> parsing up to sample 35
05-09 19:57:51.078  2029  2224 D GStreamer+basetransform: 0:06:35.465911412 0xf3d043b0 gstbasetransform.c:2799:gst_base_transform_set_prefer_passthrough:<GstCapsFilter@0xf3db4140> prefer passthrough 0
05-09 19:57:51.078  2029  2225 D GStreamer+qtdemux: 0:06:35.465938808 0xf3d19ac0 qtdemux.c:7882:qtdemux_parse_samples:<q> sample 35: index 0, timestamp 0:00:00.716000000
05-09 19:57:51.078  2029  2224 D GStreamer+GST_ELEMENT_FACTORY: 0:06:35.465972245 0xf3d043b0 gstelementfactory.c:390:gst_element_factory_create created element "capsfilter"
05-09 19:57:51.078  2029  2225 D GStreamer+qtdemux: 0:06:35.465989172 0xf3d19ac0 qtdemux.c:7937:qtdemux_parse_samples:<q> samples at 35 is keyframe
05-09 19:57:51.078  2029  2225 D GStreamer+qtdemux: 0:06:35.466066725 0xf3d19ac0 qtdemux.c:5197:gst_qtdemux_loop_state_movie:<q> pushing from stream 0, empty 0 offset 1519979, size 41435, dts=0:00:00.716000000, pts=0:00:00.716000000, duration 0:00:00.019666666
05-09 19:57:51.078  2029  2225 D GStreamer+basesrc: 0:06:35.466133391 0xf3d19ac0 gstbasesrc.c:2355:gst_base_src_update_length:<filesrc3> reading offset 1519979, length 41435, size 16031303, segment.stop -1, maxsize 16031303
05-09 19:57:51.078  2029  2225 D GStreamer+basesrc: 0:06:35.466188235 0xf3d19ac0 gstbasesrc.c:2456:gst_base_src_get_range:<filesrc3> calling create offset 1519979 length 41435, time 0
05-09 19:57:51.078  2029  2224 D GStreamer+capsfilter: 0:06:35.466208287 0xf3d043b0 gstcapsfilter.c:211:gst_capsfilter_set_property:<capsfilter3> set new caps video/x-h264, width=(int)[ 16, 4096 ], height=(int)[ 16, 4096 ], framerate=(fraction)[ 0/1, 2147483647/1 ], parsed=(boolean)true, stream-format=(string)byte-stream, alignment=(string)au, profile=(string)high; video/x-h264, width=(int)[ 16, 4096 ], height=(int)[ 16, 4096 ], framerate=(fraction)[ 0/1, 2147483647/1 ], parsed=(boolean)true, stream-format=(string)byte-stream, alignment=(string)au, profile=(string)main; video/x-h264, width=(int)[ 16, 4096 ], height=(int)[ 16, 4096 ], framerate=(fraction)[ 0/1, 2147483647/1 ], parsed=(boolean)true, stream-format=(string)byte-stream, alignment=(string)au, profile=(string)baseline; video/x-h264, width=(int)[ 16, 4096 ], height=(int)[ 16, 4096 ], framerate=(fraction)[ 0/1, 2147483647/1 ], parsed=(boolean)true, stream-format=(string)byte-stream, alignment=(string)au, profile=(string)constrained-baseline; video/x-h264, stream-format=(string)byte-stream, alignment=(str
05-09 19:57:51.078  2029  2225 D GStreamer+GST_MEMORY: 0:06:35.466238027 0xf3d19ac0 gstmemory.c:138:gst_memory_init new memory 0xf3aa13f8, maxsize:41438 offset:0 size:41435
05-09 19:57:51.078  2029  2224 I GStreamer+GST_EVENT: 0:06:35.466261516 0xf3d043b0 gstevent.c:1382:gst_event_new_reconfigure creating reconfigure event
05-09 19:57:51.078  2029  2225 D GStreamer+basesrc: 0:06:35.466297037 0xf3d19ac0 gstbasesrc.c:2310:gst_base_src_do_sync:<filesrc3> we have no clock
05-09 19:57:51.078  2029  2224 D GStreamer+GST_EVENT: 0:06:35.466313964 0xf3d043b0 gstevent.c:302:gst_event_new_custom creating new event 0xf3a085a0 reconfigure 61441
05-09 19:57:51.078  2029  2225 D GStreamer+basesrc: 0:06:35.466334433 0xf3d19ac0 gstbasesrc.c:2520:gst_base_src_get_range:<filesrc3> buffer ok
05-09 19:57:51.078  2029  2224 D GStreamer+GST_PADS: 0:06:35.466359172 0xf3d043b0 gstpad.c:5234:gst_pad_push_event_unchecked:<capsfilter3:sink> We're flushing
05-09 19:57:51.078  2029  2224 D GStreamer+basetransform: 0:06:35.466405006 0xf3d043b0 gstbasetransform.c:2819:gst_base_transform_reconfigure_sink:<capsfilter3> Renegotiate event wasn't handled
05-09 19:57:51.078  2029  2225 D GStreamer+GST_SCHEDULING: 0:06:35.466419954 0xf3d19ac0 gstpad.c:4153:gst_pad_chain_data_unchecked:<queue8:sink> calling chainfunction &gst_queue_chain with buffer buffer: 0xf3d192d0, pts 0:00:00.716000000, dts 0:00:00.716000000, dur 0:00:00.019666666, size 41435, offset none, offset_end none, flags 0x0
05-09 19:57:51.078  2029  2224 D GStreamer+GST_STATES: 0:06:35.466450422 0xf3d043b0 gstelement.c:2523:gst_element_set_state_func:<capsfilter3> set_state to PAUSED
05-09 19:57:51.078  2029  2225 D GStreamer+GST_SCHEDULING: 0:06:35.466473391 0xf3d19ac0 gstpad.c:4159:gst_pad_chain_data_unchecked:<queue8:sink> called chainfunction &gst_queue_chain with buffer 0xf3d192d0, returned ok
05-09 19:57:51.078  2029  2224 D GStreamer+GST_STATES: 0:06:35.466499433 0xf3d043b0 gstelement.c:2548:gst_element_set_state_func:<capsfilter3> setting target state to PAUSED
05-09 19:57:51.078  2029  2225 D GStreamer+qtdemux: 0:06:35.466522662 0xf3d19ac0 qtdemux.c:7675:qtdemux_parse_samples:<q> parsing up to sample 36
05-09 19:57:51.078  2029  2224 D GStreamer+GST_STATES: 0:06:35.466547818 0xf3d043b0 gstelement.c:2561:gst_element_set_state_func:<capsfilter3> current NULL, old_pending VOID_PENDING, next VOID_PENDING, old return SUCCESS
05-09 19:57:51.078  2029  2225 D GStreamer+qtdemux: 0:06:35.466575475 0xf3d19ac0 qtdemux.c:7882:qtdemux_parse_samples:<q> sample 36: index 0, timestamp 0:00:00.735666666
05-09 19:57:51.078  2029  2224 D GStreamer+GST_STATES: 0:06:35.466589120 0xf3d043b0 gstelement.c:2595:gst_element_set_state_func:<capsfilter3> intermediate: setting state from NULL to READY
05-09 19:57:51.078  2029  2225 D GStreamer+qtdemux: 0:06:35.466611933 0xf3d19ac0 qtdemux.c:7937:qtdemux_parse_samples:<q> samples at 36 is keyframe
05-09 19:57:51.078  2029  2224 D GStreamer+GST_STATES: 0:06:35.466626204 0xf3d043b0 gstelement.c:2684:gst_element_change_state:<capsfilter3> element changed state SUCCESS
05-09 19:57:51.078  2029  2224 I GStreamer+GST_STATES: 0:06:35.466670527 0xf3d043b0 gstelement.c:2347:gst_element_continue_state:<capsfilter3> committing state from NULL to READY, pending PAUSED, next PAUSED
05-09 19:57:51.078  2029  2225 D GStreamer+qtdemux: 0:06:35.466680370 0xf3d19ac0 qtdemux.c:5197:gst_qtdemux_loop_state_movie:<q> pushing from stream 0, empty 0 offset 1561414, size 41259, dts=0:00:00.735666666, pts=0:00:00.735666666, duration 0:00:00.020000000
05-09 19:57:51.078  2029  2224 I GStreamer+GST_STATES: 0:06:35.466708287 0xf3d043b0 gstelement.c:2277:_priv_gst_element_state_changed:<capsfilter3> notifying about state-changed NULL to READY (PAUSED pending)
05-09 19:57:51.078  2029  2225 D GStreamer+basesrc: 0:06:35.466729902 0xf3d19ac0 gstbasesrc.c:2355:gst_base_src_update_length:<filesrc3> reading offset 1561414, length 41259, size 16031303, segment.stop -1, maxsize 16031303
05-09 19:57:51.078  2029  2224 D GStreamer+GST_MESSAGE: 0:06:35.466755475 0xf3d043b0 gstelement.c:1735:gst_element_post_message_default:<capsfilter3> not posting message 0xf3d32668: no bus
05-09 19:57:51.078  2029  2225 D GStreamer+basesrc: 0:06:35.466781256 0xf3d19ac0 gstbasesrc.c:2456:gst_base_src_get_range:<filesrc3> calling create offset 1561414 length 41259, time 0
05-09 19:57:51.078  2029  2224 I GStreamer+GST_STATES: 0:06:35.466806620 0xf3d043b0 gstelement.c:2354:gst_element_continue_state:<capsfilter3> continue state change READY to PAUSED, final PAUSED
05-09 19:57:51.078  2029  2225 D GStreamer+GST_MEMORY: 0:06:35.466831985 0xf3d19ac0 gstmemory.c:138:gst_memory_init new memory 0xf3c16ac8, maxsize:41262 offset:0 size:41259
05-09 19:57:51.078  2029  2224 D GStreamer+GST_ELEMENT_PADS: 0:06:35.466851725 0xf3d043b0 gstelement.c:2793:gst_element_pads_activate:<capsfilter3> activate pads
05-09 19:57:51.079  2029  2224 D GStreamer+GST_PADS: 0:06:35.466905631 0xf3d043b0 gstpad.c:1056:gst_pad_set_active:<capsfilter3:src> activating pad from none
05-09 19:57:51.079  2029  2224 D GStreamer+GST_PADS: 0:06:35.466943287 0xf3d043b0 gstpad.c:972:pre_activate:<capsfilter3:src> setting pad into push mode, unset flushing
05-09 19:57:51.079  2029  2224 D GStreamer+GST_PADS: 0:06:35.466983027 0xf3d043b0 gstpad.c:1198:gst_pad_activate_mode:<capsfilter3:src> activated in push mode
05-09 19:57:51.079  2029  2224 D GStreamer+GST_PADS: 0:06:35.467023495 0xf3d043b0 gstpad.c:1056:gst_pad_set_active:<capsfilter3:sink> activating pad from none
05-09 19:57:51.079  2029  2224 D GStreamer+GST_PADS: 0:06:35.467060631 0xf3d043b0 gstpad.c:972:pre_activate:<capsfilter3:sink> setting pad into push mode, unset flushing
05-09 19:57:51.079  2029  2224 D GStreamer+GST_CAPS: 0:06:35.467107089 0xf3d043b0 gstpad.c:2648:gst_pad_get_current_caps:<capsfilter3:sink> get current pad caps (NULL)
05-09 19:57:51.079  2029  2225 D GStreamer+basesrc: 0:06:35.467126152 0xf3d19ac0 gstbasesrc.c:2310:gst_base_src_do_sync:<filesrc3> we have no clock
05-09 19:57:51.079  2029  2224 D GStreamer+GST_CAPS: 0:06:35.467153287 0xf3d043b0 gstpad.c:2648:gst_pad_get_current_caps:<capsfilter3:src> get current pad caps (NULL)
05-09 19:57:51.079  2029  2225 D GStreamer+basesrc: 0:06:35.467174797 0xf3d19ac0 gstbasesrc.c:2520:gst_base_src_get_range:<filesrc3> buffer ok
05-09 19:57:51.079  2029  2224 D GStreamer+basetransform: 0:06:35.467196725 0xf3d043b0 gstbasetransform.c:2449:gst_base_transform_activate:<capsfilter3> have_same_caps 0
05-09 19:57:51.079  2029  2224 D GStreamer+GST_PADS: 0:06:35.467245318 0xf3d043b0 gstpad.c:1198:gst_pad_activate_mode:<capsfilter3:sink> activated in push mode
05-09 19:57:51.079  2029  2225 D GStreamer+GST_SCHEDULING: 0:06:35.467271725 0xf3d19ac0 gstpad.c:4153:gst_pad_chain_data_unchecked:<queue8:sink> calling chainfunction &gst_queue_chain with buffer buffer: 0xf3d190f0, pts 0:00:00.735666666, dts 0:00:00.735666666, dur 0:00:00.020000000, size 41259, offset none, offset_end none, flags 0x0
05-09 19:57:51.079  2029  2224 D GStreamer+GST_ELEMENT_PADS: 0:06:35.467298339 0xf3d043b0 gstelement.c:2812:gst_element_pads_activate:<capsfilter3> pad activation successful
05-09 19:57:51.079  2029  2225 D GStreamer+GST_SCHEDULING: 0:06:35.467329954 0xf3d19ac0 gstpad.c:4159:gst_pad_chain_data_unchecked:<queue8:sink> called chainfunction &gst_queue_chain with buffer 0xf3d190f0, returned ok
05-09 19:57:51.079  2029  2224 D GStreamer+GST_STATES: 0:06:35.467347297 0xf3d043b0 gstelement.c:2684:gst_element_change_state:<capsfilter3> element changed state SUCCESS
05-09 19:57:51.079  2029  2225 D GStreamer+qtdemux: 0:06:35.467372193 0xf3d19ac0 qtdemux.c:7675:qtdemux_parse_samples:<q> parsing up to sample 37
05-09 19:57:51.079  2029  2224 I GStreamer+GST_STATES: 0:06:35.467391516 0xf3d043b0 gstelement.c:2372:gst_element_continue_state:<capsfilter3> completed state change to PAUSED
05-09 19:57:51.079  2029  2225 D GStreamer+qtdemux: 0:06:35.467428079 0xf3d19ac0 qtdemux.c:7882:qtdemux_parse_samples:<q> sample 37: index 1, timestamp 0:00:00.755666666
05-09 19:57:51.079  2029  2224 I GStreamer+GST_STATES: 0:06:35.467444016 0xf3d043b0 gstelement.c:2277:_priv_gst_element_state_changed:<capsfilter3> notifying about state-changed READY to PAUSED (VOID_PENDING pending)
05-09 19:57:51.079  2029  2225 D GStreamer+qtdemux: 0:06:35.467467350 0xf3d19ac0 qtdemux.c:7937:qtdemux_parse_samples:<q> samples at 37 is keyframe
05-09 19:57:51.079  2029  2224 D GStreamer+GST_MESSAGE: 0:06:35.467492610 0xf3d043b0 gstelement.c:1735:gst_element_post_message_default:<capsfilter3> not posting message 0xf37f5868: no bus
05-09 19:57:51.079  2029  2224 D GStreamer+GST_STATES: 0:06:35.467537454 0xf3d043b0 gstelement.c:2607:gst_element_set_state_func:<capsfilter3> returned SUCCESS
05-09 19:57:51.079  2029  2225 D GStreamer+qtdemux: 0:06:35.467555006 0xf3d19ac0 qtdemux.c:5197:gst_qtdemux_loop_state_movie:<q> pushing from stream 0, empty 0 offset 1602673, size 40985, dts=0:00:00.755666666, pts=0:00:00.755666666, duration 0:00:00.020000000
05-09 19:57:51.079  2029  2224 D GStreamer+GST_PARENTAGE: 0:06:35.467575579 0xf3d043b0 gstbin.c:1371:gst_bin_add adding element capsfilter3 to bin forhwgl
05-09 19:57:51.079  2029  2225 D GStreamer+basesrc: 0:06:35.467609381 0xf3d19ac0 gstbasesrc.c:2355:gst_base_src_update_length:<filesrc3> reading offset 1602673, length 40985, size 16031303, segment.stop -1, maxsize 16031303
05-09 19:57:51.079  2029  2224 D GStreamer+bin: 0:06:35.467625370 0xf3d043b0 gstbin.c:1100:gst_bin_add_func:<forhwgl> element :capsfilter3
05-09 19:57:51.079  2029  2225 D GStreamer+basesrc: 0:06:35.467652350 0xf3d19ac0 gstbasesrc.c:2456:gst_base_src_get_range:<filesrc3> calling create offset 1602673 length 40985, time 0
05-09 19:57:51.079  2029  2224 D GStreamer+GST_REFCOUNTING: 0:06:35.467670683 0xf3d043b0 gstobject.c:692:gst_object_set_parent:<capsfilter3> set parent (ref and sink)
05-09 19:57:51.079  2029  2225 D GStreamer+GST_MEMORY: 0:06:35.467698547 0xf3d19ac0 gstmemory.c:138:gst_memory_init new memory 0xf3c20c50, maxsize:40988 offset:0 size:40985
05-09 19:57:51.079  2029  2224 D GStreamer+GST_PARENTAGE: 0:06:35.467708235 0xf3d043b0 gstelement.c:3040:gst_element_set_bus_func:<capsfilter3> setting bus to 0xf3cfb0c8
05-09 19:57:51.079  2029  2224 D GStreamer+GST_CLOCK: 0:06:35.467756360 0xf3d043b0 gstelement.c:478:gst_element_set_base_time:<capsfilter3> set base_time=0:00:00.000000000, old 0:00:00.000000000
05-09 19:57:51.079  2029  2225 D GStreamer+basesrc: 0:06:35.467773964 0xf3d19ac0 gstbasesrc.c:2310:gst_base_src_do_sync:<filesrc3> we have no clock
05-09 19:57:51.079  2029  2224 D GStreamer+GST_CLOCK: 0:06:35.467806672 0xf3d043b0 gstelement.c:540:gst_element_set_start_time:<capsfilter3> set start_time=0:00:00.000000000, old 0:00:00.000000000
05-09 19:57:51.079  2029  2225 D GStreamer+basesrc: 0:06:35.467823704 0xf3d19ac0 gstbasesrc.c:2520:gst_base_src_get_range:<filesrc3> buffer ok
05-09 19:57:51.079  2029  2224 D GStreamer+GST_CLOCK: 0:06:35.467846881 0xf3d043b0 gstelement.c:418:gst_element_set_clock:<capsfilter3> setting clock 0x0
05-09 19:57:51.080  2029  2224 D GStreamer+bin: 0:06:35.467906568 0xf3d043b0 gstbin.c:1215:gst_bin_add_func:<forhwgl> added SUCCESS element
05-09 19:57:51.080  2029  2225 D GStreamer+GST_SCHEDULING: 0:06:35.467930839 0xf3d19ac0 gstpad.c:4153:gst_pad_chain_data_unchecked:<queue8:sink> calling chainfunction &gst_queue_chain with buffer buffer: 0xf3d02a10, pts 0:00:00.755666666, dts 0:00:00.755666666, dur 0:00:00.020000000, size 40985, offset none, offset_end none, flags 0x0
05-09 19:57:51.080  2029  2224 D GStreamer+GST_PARENTAGE: 0:06:35.467952297 0xf3d043b0 gstbin.c:1295:gst_bin_add_func:<forhwgl> added element "capsfilter3"
05-09 19:57:51.080  2029  2225 D GStreamer+GST_SCHEDULING: 0:06:35.467986152 0xf3d19ac0 gstpad.c:4159:gst_pad_chain_data_unchecked:<queue8:sink> called chainfunction &gst_queue_chain with buffer 0xf3d02a10, returned ok
05-09 19:57:51.080  2029  2224 D GStreamer+GST_PADS: 0:06:35.467998079 0xf3d043b0 gstghostpad.c:842:gst_ghost_pad_set_target:<'':decodepad4> clearing target
05-09 19:57:51.080  2029  2225 D GStreamer+qtdemux: 0:06:35.468026725 0xf3d19ac0 qtdemux.c:7675:qtdemux_parse_samples:<q> parsing up to sample 38
05-09 19:57:51.080  2029  2224 I GStreamer+GST_ELEMENT_PADS: 0:06:35.468040266 0xf3d043b0 gstpad.c:2048:gst_pad_unlink unlinking h264parse3:src(0xf3af3580) and decodepad4:proxypad14(0xf39234b8)
05-09 19:57:51.080  2029  2225 D GStreamer+qtdemux: 0:06:35.468077350 0xf3d19ac0 qtdemux.c:7882:qtdemux_parse_samples:<q> sample 38: index 0, timestamp 0:00:00.775666666
05-09 19:57:51.080  2029  2225 D GStreamer+qtdemux: 0:06:35.468121516 0xf3d19ac0 qtdemux.c:7937:qtdemux_parse_samples:<q> samples at 38 is keyframe
05-09 19:57:51.080  2029  2224 D GStreamer+GST_BUS: 0:06:35.468144172 0xf3d043b0 gstbus.c:309:gst_bus_post:<bus16> [msg 0xf37f5918] posting on bus structure-change message: 0xf37f5918, time 99:99:99.999999999, seq-num 2032, element 'proxypad14', GstMessageStructureChange, type=(GstStructureChangeType)GST_STRUCTURE_CHANGE_TYPE_PAD_UNLINK, owner=(GstElement)"\(GstH264Parse\)\ h264parse3", busy=(boolean)true;
05-09 19:57:51.080  2029  2224 D GStreamer+bin: 0:06:35.468195318 0xf3d043b0 gstbin.c:3528:gst_bin_handle_message_func:<forhwgl> [msg 0xf37f5918] handling child proxypad14 message of type structure-change
05-09 19:57:51.080  2029  2225 D GStreamer+qtdemux: 0:06:35.468214745 0xf3d19ac0 qtdemux.c:5197:gst_qtdemux_loop_state_movie:<q> pushing from stream 0, empty 0 offset 1643658, size 40986, dts=0:00:00.775666666, pts=0:00:00.775666666, duration 0:00:00.019666667
05-09 19:57:51.080  2029  2224 D GStreamer+bin: 0:06:35.468238600 0xf3d043b0 gstbin.c:882:find_message:<forhwgl> no message found matching types 00001000
05-09 19:57:51.080  2029  2225 D GStreamer+basesrc: 0:06:35.468275891 0xf3d19ac0 gstbasesrc.c:2355:gst_base_src_update_length:<filesrc3> reading offset 1643658, length 40986, size 16031303, segment.stop -1, maxsize 16031303
05-09 19:57:51.080  2029  2224 D GStreamer+bin: 0:06:35.468292662 0xf3d043b0 gstbin.c:889:find_message:<forhwgl>   structure-change
05-09 19:57:51.080  2029  2225 D GStreamer+basesrc: 0:06:35.468320735 0xf3d19ac0 gstbasesrc.c:2456:gst_base_src_get_range:<filesrc3> calling create offset 1643658 length 40986, time 0
05-09 19:57:51.080  2029  2224 D GStreamer+bin: 0:06:35.468345839 0xf3d043b0 gstbin.c:929:bin_replace_message:<forhwgl> got new message 0xf37f5918, structure-change from proxypad14
05-09 19:57:51.080  2029  2225 D GStreamer+GST_MEMORY: 0:06:35.468375995 0xf3d19ac0 gstmemory.c:138:gst_memory_init new memory 0xf3c2acc0, maxsize:40989 offset:0 size:40986
05-09 19:57:51.080  2029  2224 D GStreamer+GST_BUS: 0:06:35.468392454 0xf3d043b0 gstbus.c:344:gst_bus_post:<bus16> [msg 0xf37f5918] dropped
05-09 19:57:51.080  2029  2225 D GStreamer+basesrc: 0:06:35.468435162 0xf3d19ac0 gstbasesrc.c:2310:gst_base_src_do_sync:<filesrc3> we have no clock
05-09 19:57:51.080  2029  2224 I GStreamer+GST_ELEMENT_PADS: 0:06:35.468450683 0xf3d043b0 gstpad.c:2102:gst_pad_unlink unlinked h264parse3:src and decodepad4:proxypad14
05-09 19:57:51.080  2029  2225 D GStreamer+basesrc: 0:06:35.468472089 0xf3d19ac0 gstbasesrc.c:2520:gst_base_src_get_range:<filesrc3> buffer ok
05-09 19:57:51.080  2029  2224 D GStreamer+GST_BUS: 0:06:35.468551829 0xf3d043b0 gstbus.c:309:gst_bus_post:<bus16> [msg 0xf37f5ad0] posting on bus structure-change message: 0xf37f5ad0, time 99:99:99.999999999, seq-num 2033, element 'proxypad14', GstMessageStructureChange, type=(GstStructureChangeType)GST_STRUCTURE_CHANGE_TYPE_PAD_UNLINK, owner=(GstElement)"\(GstH264Parse\)\ h264parse3", busy=(boolean)false;
05-09 19:57:51.080  2029  2225 D GStreamer+GST_SCHEDULING: 0:06:35.468566672 0xf3d19ac0 gstpad.c:4153:gst_pad_chain_data_unchecked:<queue8:sink> calling chainfunction &gst_queue_chain with buffer buffer: 0xf3d028d0, pts 0:00:00.775666666, dts 0:00:00.775666666, dur 0:00:00.019666667, size 40986, offset none, offset_end none, flags 0x0
05-09 19:57:51.080  2029  2224 D GStreamer+bin: 0:06:35.468594485 0xf3d043b0 gstbin.c:3528:gst_bin_handle_message_func:<forhwgl> [msg 0xf37f5ad0] handling child proxypad14 message of type structure-change
05-09 19:57:51.080  2029  2225 D GStreamer+GST_SCHEDULING: 0:06:35.468616256 0xf3d19ac0 gstpad.c:4159:gst_pad_chain_data_unchecked:<queue8:sink> called chainfunction &gst_queue_chain with buffer 0xf3d028d0, returned ok
05-09 19:57:51.080  2029  2224 D GStreamer+bin: 0:06:35.468646881 0xf3d043b0 gstbin.c:957:bin_remove_messages:<decodepad4:proxypad14> deleting message 0xf37f5918 of types 0x00001000
05-09 19:57:51.080  2029  2225 D GStreamer+qtdemux: 0:06:35.468672193 0xf3d19ac0 qtdemux.c:7675:qtdemux_parse_samples:<q> parsing up to sample 39
05-09 19:57:51.080  2029  2224 D GStreamer+bin: 0:06:35.468699120 0xf3d043b0 gstbin.c:963:bin_remove_messages:<forhwgl> not deleting message 0xf3ab9f80 of type 0x00100000
05-09 19:57:51.080  2029  2225 D GStreamer+qtdemux: 0:06:35.468731100 0xf3d19ac0 qtdemux.c:7882:qtdemux_parse_samples:<q> sample 39: index 0, timestamp 0:00:00.795333333
05-09 19:57:51.080  2029  2224 D GStreamer+GST_BUS: 0:06:35.468751308 0xf3d043b0 gstbus.c:344:gst_bus_post:<bus16> [msg 0xf37f5ad0] dropped
05-09 19:57:51.080  2029  2225 D GStreamer+qtdemux: 0:06:35.468774381 0xf3d19ac0 qtdemux.c:7937:qtdemux_parse_samples:<q> samples at 39 is keyframe
05-09 19:57:51.080  2029  2224 I GStreamer+GST_ELEMENT_PADS: 0:06:35.468794693 0xf3d043b0 gstelement.c:907:gst_element_get_static_pad found pad capsfilter3:sink
05-09 19:57:51.080  2029  2225 D GStreamer+qtdemux: 0:06:35.468845527 0xf3d19ac0 qtdemux.c:5197:gst_qtdemux_loop_state_movie:<q> pushing from stream 0, empty 0 offset 1684644, size 40743, dts=0:00:00.795333333, pts=0:00:00.795333333, duration 0:00:00.020000000
05-09 19:57:51.081  2029  2224 D GStreamer+GST_BUS: 0:06:35.468887454 0xf3d043b0 gstbus.c:309:gst_bus_post:<bus16> [msg 0xf3ad4508] posting on bus structure-change message: 0xf3ad4508, time 99:99:99.999999999, seq-num 2034, element 'sink', GstMessageStructureChange, type=(GstStructureChangeType)GST_STRUCTURE_CHANGE_TYPE_PAD_LINK, owner=(GstElement)"\(GstH264Parse\)\ h264parse3", busy=(boolean)true;
05-09 19:57:51.081  2029  2225 D GStreamer+basesrc: 0:06:35.468914068 0xf3d19ac0 gstbasesrc.c:2355:gst_base_src_update_length:<filesrc3> reading offset 1684644, length 40743, size 16031303, segment.stop -1, maxsize 16031303
05-09 19:57:51.081  2029  2224 D GStreamer+bin: 0:06:35.468937714 0xf3d043b0 gstbin.c:3528:gst_bin_handle_message_func:<forhwgl> [msg 0xf3ad4508] handling child sink message of type structure-change
05-09 19:57:51.081  2029  2225 D GStreamer+basesrc: 0:06:35.468965214 0xf3d19ac0 gstbasesrc.c:2456:gst_base_src_get_range:<filesrc3> calling create offset 1684644 length 40743, time 0
05-09 19:57:51.081  2029  2224 D GStreamer+bin: 0:06:35.468982141 0xf3d043b0 gstbin.c:882:find_message:<forhwgl> no message found matching types 00001000
05-09 19:57:51.081  2029  2225 D GStreamer+GST_MEMORY: 0:06:35.469012141 0xf3d19ac0 gstmemory.c:138:gst_memory_init new memory 0xf3c34d38, maxsize:40746 offset:0 size:40743
05-09 19:57:51.081  2029  2224 D GStreamer+bin: 0:06:35.469028547 0xf3d043b0 gstbin.c:889:find_message:<forhwgl>   structure-change
05-09 19:57:51.081  2029  2224 D GStreamer+bin: 0:06:35.469067193 0xf3d043b0 gstbin.c:929:bin_replace_message:<forhwgl> got new message 0xf3ad4508, structure-change from sink
05-09 19:57:51.081  2029  2224 D GStreamer+GST_BUS: 0:06:35.469100735 0xf3d043b0 gstbus.c:344:gst_bus_post:<bus16> [msg 0xf3ad4508] dropped
05-09 19:57:51.081  2029  2224 I GStreamer+GST_PADS: 0:06:35.469137610 0xf3d043b0 gstpad.c:2292:gst_pad_link_prepare trying to link h264parse3:src and capsfilter3:sink
05-09 19:57:51.081  2029  2224 I GStreamer+GST_PADS: 0:06:35.469175058 0xf3d043b0 gstpad.c:2498:gst_pad_link_full linked h264parse3:src and capsfilter3:sink, successful
05-09 19:57:51.081  2029  2224 I GStreamer+GST_EVENT: 0:06:35.469202870 0xf3d043b0 gstevent.c:1382:gst_event_new_reconfigure creating reconfigure event
05-09 19:57:51.081  2029  2224 D GStreamer+GST_EVENT: 0:06:35.469236464 0xf3d043b0 gstevent.c:302:gst_event_new_custom creating new event 0xf3d5ae28 reconfigure 61441
05-09 19:57:51.081  2029  2225 D GStreamer+basesrc: 0:06:35.469276516 0xf3d19ac0 gstbasesrc.c:2310:gst_base_src_do_sync:<filesrc3> we have no clock
05-09 19:57:51.081  2029  2224 D GStreamer+GST_EVENT: 0:06:35.469296204 0xf3d043b0 gstpad.c:5496:gst_pad_send_event_unchecked:<h264parse3:src> have event type reconfigure event: 0xf3d5ae28, time 99:99:99.999999999, seq-num 2035, (NULL)
05-09 19:57:51.081  2029  2225 D GStreamer+basesrc: 0:06:35.469317297 0xf3d19ac0 gstbasesrc.c:2520:gst_base_src_get_range:<filesrc3> buffer ok
05-09 19:57:51.081  2029  2224 I GStreamer+GST_EVENT: 0:06:35.469340058 0xf3d043b0 gstpad.c:5601:gst_pad_send_event_unchecked:<h264parse3:src> Received event on flushing pad. Discarding
05-09 19:57:51.081  2029  2225 D GStreamer+GST_SCHEDULING: 0:06:35.469407818 0xf3d19ac0 gstpad.c:4153:gst_pad_chain_data_unchecked:<queue8:sink> calling chainfunction &gst_queue_chain with buffer buffer: 0xf3d02f10, pts 0:00:00.795333333, dts 0:00:00.795333333, dur 0:00:00.020000000, size 40743, offset none, offset_end none, flags 0x0
05-09 19:57:51.081  2029  2224 D GStreamer+GST_BUS: 0:06:35.469440995 0xf3d043b0 gstbus.c:309:gst_bus_post:<bus16> [msg 0xf3d32910] posting on bus structure-change message: 0xf3d32910, time 99:99:99.999999999, seq-num 2036, element 'sink', GstMessageStructureChange, type=(GstStructureChangeType)GST_STRUCTURE_CHANGE_TYPE_PAD_LINK, owner=(GstElement)"\(GstH264Parse\)\ h264parse3", busy=(boolean)false;
05-09 19:57:51.081  2029  2225 D GStreamer+GST_SCHEDULING: 0:06:35.469467245 0xf3d19ac0 gstpad.c:4159:gst_pad_chain_data_unchecked:<queue8:sink> called chainfunction &gst_queue_chain with buffer 0xf3d02f10, returned ok
05-09 19:57:51.081  2029  2224 D GStreamer+bin: 0:06:35.469495995 0xf3d043b0 gstbin.c:3528:gst_bin_handle_message_func:<forhwgl> [msg 0xf3d32910] handling child sink message of type structure-change
05-09 19:57:51.081  2029  2225 D GStreamer+qtdemux: 0:06:35.469520787 0xf3d19ac0 qtdemux.c:7675:qtdemux_parse_samples:<q> parsing up to sample 40
05-09 19:57:51.081  2029  2224 D GStreamer+bin: 0:06:35.469549120 0xf3d043b0 gstbin.c:957:bin_remove_messages:<capsfilter3:sink> deleting message 0xf3ad4508 of types 0x00001000
05-09 19:57:51.081  2029  2225 D GStreamer+qtdemux: 0:06:35.469579381 0xf3d19ac0 qtdemux.c:7882:qtdemux_parse_samples:<q> sample 40: index 1, timestamp 0:00:00.815333333
05-09 19:57:51.081  2029  2224 D GStreamer+bin: 0:06:35.469595735 0xf3d043b0 gstbin.c:963:bin_remove_messages:<forhwgl> not deleting message 0xf3ab9f80 of type 0x00100000
05-09 19:57:51.081  2029  2225 D GStreamer+qtdemux: 0:06:35.469618756 0xf3d19ac0 qtdemux.c:7937:qtdemux_parse_samples:<q> samples at 40 is keyframe
05-09 19:57:51.081  2029  2224 D GStreamer+GST_BUS: 0:06:35.469638183 0xf3d043b0 gstbus.c:344:gst_bus_post:<bus16> [msg 0xf3d32910] dropped
05-09 19:57:51.081  2029  2224 I GStreamer+GST_ELEMENT_PADS: 0:06:35.469676568 0xf3d043b0 gstelement.c:907:gst_element_get_static_pad found pad capsfilter3:src
05-09 19:57:51.081  2029  2225 D GStreamer+qtdemux: 0:06:35.469692558 0xf3d19ac0 qtdemux.c:5197:gst_qtdemux_loop_state_movie:<q> pushing from stream 0, empty 0 offset 1725387, size 41519, dts=0:00:00.815333333, pts=0:00:00.815333333, duration 0:00:00.020000000
05-09 19:57:51.081  2029  2224 D GStreamer+GST_PADS: 0:06:35.469718287 0xf3d043b0 gstghostpad.c:840:gst_ghost_pad_set_target:<'':decodepad4> set target capsfilter3:src
05-09 19:57:51.081  2029  2225 D GStreamer+basesrc: 0:06:35.469752818 0xf3d19ac0 gstbasesrc.c:2355:gst_base_src_update_length:<filesrc3> reading offset 1725387, length 41519, size 16031303, segment.stop -1, maxsize 16031303
05-09 19:57:51.081  2029  2224 D GStreamer+GST_PADS: 0:06:35.469770422 0xf3d043b0 gstghostpad.c:862:gst_ghost_pad_set_target:<'':decodepad4> connecting internal pad to target <capsfilter3:src>
05-09 19:57:51.081  2029  2225 D GStreamer+basesrc: 0:06:35.469798756 0xf3d19ac0 gstbasesrc.c:2456:gst_base_src_get_range:<filesrc3> calling create offset 1725387 length 41519, time 0
05-09 19:57:51.081  2029  2225 D GStreamer+GST_MEMORY: 0:06:35.469853860 0xf3d19ac0 gstmemory.c:138:gst_memory_init new memory 0xf3df5d38, maxsize:41522 offset:0 size:41519
05-09 19:57:51.082  2029  2224 D GStreamer+GST_BUS: 0:06:35.469888547 0xf3d043b0 gstbus.c:309:gst_bus_post:<bus16> [msg 0xf3ac0a68] posting on bus structure-change message: 0xf3ac0a68, time 99:99:99.999999999, seq-num 2037, element 'proxypad14', GstMessageStructureChange, type=(GstStructureChangeType)GST_STRUCTURE_CHANGE_TYPE_PAD_LINK, owner=(GstElement)"\(GstCapsFilter\)\ capsfilter3", busy=(boolean)true;
05-09 19:57:51.082  2029  2225 D GStreamer+basesrc: 0:06:35.469920527 0xf3d19ac0 gstbasesrc.c:2310:gst_base_src_do_sync:<filesrc3> we have no clock
05-09 19:57:51.082  2029  2224 D GStreamer+bin: 0:06:35.469935579 0xf3d043b0 gstbin.c:3528:gst_bin_handle_message_func:<forhwgl> [msg 0xf3ac0a68] handling child proxypad14 message of type structure-change
05-09 19:57:51.082  2029  2225 D GStreamer+basesrc: 0:06:35.469956204 0xf3d19ac0 gstbasesrc.c:2520:gst_base_src_get_range:<filesrc3> buffer ok
05-09 19:57:51.082  2029  2224 D GStreamer+bin: 0:06:35.469977350 0xf3d043b0 gstbin.c:882:find_message:<forhwgl> no message found matching types 00001000
05-09 19:57:51.082  2029  2224 D GStreamer+bin: 0:06:35.470021516 0xf3d043b0 gstbin.c:889:find_message:<forhwgl>   structure-change
05-09 19:57:51.082  2029  2225 D GStreamer+GST_SCHEDULING: 0:06:35.470040475 0xf3d19ac0 gstpad.c:4153:gst_pad_chain_data_unchecked:<queue8:sink> calling chainfunction &gst_queue_chain with buffer buffer: 0xf3b6b208, pts 0:00:00.815333333, dts 0:00:00.815333333, dur 0:00:00.020000000, size 41519, offset none, offset_end none, flags 0x0
05-09 19:57:51.082  2029  2224 D GStreamer+bin: 0:06:35.470068391 0xf3d043b0 gstbin.c:929:bin_replace_message:<forhwgl> got new message 0xf3ac0a68, structure-change from proxypad14
05-09 19:57:51.082  2029  2225 D GStreamer+GST_SCHEDULING: 0:06:35.470095162 0xf3d19ac0 gstpad.c:4159:gst_pad_chain_data_unchecked:<queue8:sink> called chainfunction &gst_queue_chain with buffer 0xf3b6b208, returned ok
05-09 19:57:51.082  2029  2224 D GStreamer+GST_BUS: 0:06:35.470104902 0xf3d043b0 gstbus.c:344:gst_bus_post:<bus16> [msg 0xf3ac0a68] dropped
05-09 19:57:51.082  2029  2225 D GStreamer+qtdemux: 0:06:35.470136777 0xf3d19ac0 qtdemux.c:7675:qtdemux_parse_samples:<q> parsing up to sample 41
05-09 19:57:51.082  2029  2225 D GStreamer+qtdemux: 0:06:35.470203027 0xf3d19ac0 qtdemux.c:7882:qtdemux_parse_samples:<q> sample 41: index 0, timestamp 0:00:00.835333333
05-09 19:57:51.082  2029  2225 D GStreamer+qtdemux: 0:06:35.470238964 0xf3d19ac0 qtdemux.c:7937:qtdemux_parse_samples:<q> samples at 41 is keyframe
05-09 19:57:51.082  2029  2225 D GStreamer+qtdemux: 0:06:35.470299902 0xf3d19ac0 qtdemux.c:5197:gst_qtdemux_loop_state_movie:<q> pushing from stream 0, empty 0 offset 1766906, size 41035, dts=0:00:00.835333333, pts=0:00:00.835333333, duration 0:00:00.019666667
05-09 19:57:51.082  2029  2225 D GStreamer+basesrc: 0:06:35.470349797 0xf3d19ac0 gstbasesrc.c:2355:gst_base_src_update_length:<filesrc3> reading offset 1766906, length 41035, size 16031303, segment.stop -1, maxsize 16031303
05-09 19:57:51.082  2029  2225 D GStreamer+basesrc: 0:06:35.470389433 0xf3d19ac0 gstbasesrc.c:2456:gst_base_src_get_range:<filesrc3> calling create offset 1766906 length 41035, time 0
05-09 19:57:51.082  2029  2225 D GStreamer+GST_MEMORY: 0:06:35.470430058 0xf3d19ac0 gstmemory.c:138:gst_memory_init new memory 0xf3c3ecb8, maxsize:41038 offset:0 size:41035
05-09 19:57:51.082  2029  2225 D GStreamer+basesrc: 0:06:35.470490266 0xf3d19ac0 gstbasesrc.c:2310:gst_base_src_do_sync:<filesrc3> we have no clock
05-09 19:57:51.082  2029  2225 D GStreamer+basesrc: 0:06:35.470524016 0xf3d19ac0 gstbasesrc.c:2520:gst_base_src_get_range:<filesrc3> buffer ok
05-09 19:57:51.082  2029  2225 D GStreamer+GST_SCHEDULING: 0:06:35.470595735 0xf3d19ac0 gstpad.c:4153:gst_pad_chain_data_unchecked:<queue8:sink> calling chainfunction &gst_queue_chain with buffer buffer: 0xf3b6b168, pts 0:00:00.835333333, dts 0:00:00.835333333, dur 0:00:00.019666667, size 41035, offset none, offset_end none, flags 0x0
05-09 19:57:51.082  2029  2225 D GStreamer+GST_SCHEDULING: 0:06:35.470641777 0xf3d19ac0 gstpad.c:4159:gst_pad_chain_data_unchecked:<queue8:sink> called chainfunction &gst_queue_chain with buffer 0xf3b6b168, returned ok
05-09 19:57:51.082  2029  2225 D GStreamer+qtdemux: 0:06:35.470680631 0xf3d19ac0 qtdemux.c:7675:qtdemux_parse_samples:<q> parsing up to sample 42
05-09 19:57:51.082  2029  2225 D GStreamer+qtdemux: 0:06:35.470726204 0xf3d19ac0 qtdemux.c:7882:qtdemux_parse_samples:<q> sample 42: index 0, timestamp 0:00:00.855000000
05-09 19:57:51.082  2029  2224 I GStreamer+GST_PADS: 0:06:35.470729120 0xf3d043b0 gstpad.c:2292:gst_pad_link_prepare trying to link capsfilter3:src and decodepad4:proxypad14
05-09 19:57:51.082  2029  2225 D GStreamer+qtdemux: 0:06:35.470759589 0xf3d19ac0 qtdemux.c:7937:qtdemux_parse_samples:<q> samples at 42 is keyframe
05-09 19:57:51.082  2029  2224 I GStreamer+GST_PADS: 0:06:35.470785839 0xf3d043b0 gstpad.c:2498:gst_pad_link_full linked capsfilter3:src and decodepad4:proxypad14, successful
05-09 19:57:51.082  2029  2224 I GStreamer+GST_EVENT: 0:06:35.470823443 0xf3d043b0 gstevent.c:1382:gst_event_new_reconfigure creating reconfigure event
05-09 19:57:51.082  2029  2225 D GStreamer+qtdemux: 0:06:35.470844954 0xf3d19ac0 qtdemux.c:5197:gst_qtdemux_loop_state_movie:<q> pushing from stream 0, empty 0 offset 1807941, size 40834, dts=0:00:00.855000000, pts=0:00:00.855000000, duration 0:00:00.020000000
05-09 19:57:51.083  2029  2224 D GStreamer+GST_EVENT: 0:06:35.470865110 0xf3d043b0 gstevent.c:302:gst_event_new_custom creating new event 0xf3a40550 reconfigure 61441
05-09 19:57:51.083  2029  2225 D GStreamer+basesrc: 0:06:35.470915527 0xf3d19ac0 gstbasesrc.c:2355:gst_base_src_update_length:<filesrc3> reading offset 1807941, length 40834, size 16031303, segment.stop -1, maxsize 16031303
05-09 19:57:51.083  2029  2224 D GStreamer+GST_EVENT: 0:06:35.470940475 0xf3d043b0 gstpad.c:5496:gst_pad_send_event_unchecked:<capsfilter3:src> have event type reconfigure event: 0xf3a40550, time 99:99:99.999999999, seq-num 2038, (NULL)
05-09 19:57:51.083  2029  2225 D GStreamer+basesrc: 0:06:35.470967245 0xf3d19ac0 gstbasesrc.c:2456:gst_base_src_get_range:<filesrc3> calling create offset 1807941 length 40834, time 0
05-09 19:57:51.083  2029  2224 D GStreamer+basetransform: 0:06:35.471015162 0xf3d043b0 gstbasetransform.c:1989:gst_base_transform_src_eventfunc:<capsfilter3> handling event 0xf3a40550 reconfigure event: 0xf3a40550, time 99:99:99.999999999, seq-num 2038, (NULL)
05-09 19:57:51.083  2029  2225 D GStreamer+GST_MEMORY: 0:06:35.471032141 0xf3d19ac0 gstmemory.c:138:gst_memory_init new memory 0xf3dfffc0, maxsize:40837 offset:0 size:40834
05-09 19:57:51.083  2029  2224 D GStreamer+GST_EVENT: 0:06:35.471069693 0xf3d043b0 gstpad.c:5496:gst_pad_send_event_unchecked:<h264parse3:src> have event type reconfigure event: 0xf3a40550, time 99:99:99.999999999, seq-num 2038, (NULL)
05-09 19:57:51.083  2029  2224 I GStreamer+GST_EVENT: 0:06:35.471107402 0xf3d043b0 gstpad.c:5601:gst_pad_send_event_unchecked:<h264parse3:src> Received event on flushing pad. Discarding
05-09 19:57:51.083  2029  2224 D GStreamer+GST_PADS: 0:06:35.471147922 0xf3d043b0 gstpad.c:5569:gst_pad_send_event_unchecked:<capsfilter3:src> sent event, ret error
05-09 19:57:51.083  2029  2224 D GStreamer+GST_BUS: 0:06:35.471243912 0xf3d043b0 gstbus.c:309:gst_bus_post:<bus16> [msg 0xf3ab9c68] posting on bus structure-change message: 0xf3ab9c68, time 99:99:99.999999999, seq-num 2039, element 'proxypad14', GstMessageStructureChange, type=(GstStructureChangeType)GST_STRUCTURE_CHANGE_TYPE_PAD_LINK, owner=(GstElement)"\(GstCapsFilter\)\ capsfilter3", busy=(boolean)false;
05-09 19:57:51.083  2029  2224 D GStreamer+bin: 0:06:35.471293860 0xf3d043b0 gstbin.c:3528:gst_bin_handle_message_func:<forhwgl> [msg 0xf3ab9c68] handling child proxypad14 message of type structure-change
05-09 19:57:51.083  2029  2225 D GStreamer+basesrc: 0:06:35.471313391 0xf3d19ac0 gstbasesrc.c:2310:gst_base_src_do_sync:<filesrc3> we have no clock
05-09 19:57:51.083  2029  2224 D GStreamer+bin: 0:06:35.471339225 0xf3d043b0 gstbin.c:957:bin_remove_messages:<decodepad4:proxypad14> deleting message 0xf3ac0a68 of types 0x00001000
05-09 19:57:51.083  2029  2225 D GStreamer+basesrc: 0:06:35.471360370 0xf3d19ac0 gstbasesrc.c:2520:gst_base_src_get_range:<filesrc3> buffer ok
05-09 19:57:51.083  2029  2224 D GStreamer+bin: 0:06:35.471386881 0xf3d043b0 gstbin.c:963:bin_remove_messages:<forhwgl> not deleting message 0xf3ab9f80 of type 0x00100000
05-09 19:57:51.083  2029  2224 D GStreamer+GST_BUS: 0:06:35.471432818 0xf3d043b0 gstbus.c:344:gst_bus_post:<bus16> [msg 0xf3ab9c68] dropped
05-09 19:57:51.083  2029  2225 D GStreamer+GST_SCHEDULING: 0:06:35.471443443 0xf3d19ac0 gstpad.c:4153:gst_pad_chain_data_unchecked:<queue8:sink> calling chainfunction &gst_queue_chain with buffer buffer: 0xf39e28b8, pts 0:00:00.855000000, dts 0:00:00.855000000, dur 0:00:00.020000000, size 40834, offset none, offset_end none, flags 0x0
05-09 19:57:51.083  2029  2224 D GStreamer+GST_CAPS: 0:06:35.471473756 0xf3d043b0 gstpad.c:2648:gst_pad_get_current_caps:<capsfilter3:src> get current pad caps (NULL)
05-09 19:57:51.083  2029  2225 D GStreamer+GST_SCHEDULING: 0:06:35.471494954 0xf3d19ac0 gstpad.c:4159:gst_pad_chain_data_unchecked:<queue8:sink> called chainfunction &gst_queue_chain with buffer 0xf39e28b8, returned ok
05-09 19:57:51.083  2029  2224 D GStreamer+decodebin: 0:06:35.471516412 0xf3d043b0 gstdecodebin2.c:1797:analyze_new_pad:<forhwgl> No final caps set yet, delaying autoplugging
05-09 19:57:51.083  2029  2225 D GStreamer+qtdemux: 0:06:35.471539589 0xf3d19ac0 qtdemux.c:7675:qtdemux_parse_samples:<q> parsing up to sample 43
05-09 19:57:51.083  2029  2224 D GStreamer+GST_STATES: 0:06:35.471575006 0xf3d043b0 gstelement.c:2523:gst_element_set_state_func:<h264parse3> set_state to PAUSED
05-09 19:57:51.083  2029  2225 D GStreamer+qtdemux: 0:06:35.471590058 0xf3d19ac0 qtdemux.c:7882:qtdemux_parse_samples:<q> sample 43: index 1, timestamp 0:00:00.875000000
05-09 19:57:51.083  2029  2224 D GStreamer+GST_STATES: 0:06:35.471614693 0xf3d043b0 gstelement.c:2548:gst_element_set_state_func:<h264parse3> setting target state to PAUSED
05-09 19:57:51.083  2029  2225 D GStreamer+qtdemux: 0:06:35.471637714 0xf3d19ac0 qtdemux.c:7937:qtdemux_parse_samples:<q> samples at 43 is keyframe
05-09 19:57:51.083  2029  2224 D GStreamer+GST_STATES: 0:06:35.471667089 0xf3d043b0 gstelement.c:2561:gst_element_set_state_func:<h264parse3> current READY, old_pending VOID_PENDING, next VOID_PENDING, old return SUCCESS
05-09 19:57:51.083  2029  2224 D GStreamer+GST_STATES: 0:06:35.471712454 0xf3d043b0 gstelement.c:2595:gst_element_set_state_func:<h264parse3> final: setting state from READY to PAUSED
05-09 19:57:51.083  2029  2225 D GStreamer+qtdemux: 0:06:35.471731152 0xf3d19ac0 qtdemux.c:5197:gst_qtdemux_loop_state_movie:<q> pushing from stream 0, empty 0 offset 1848775, size 41079, dts=0:00:00.875000000, pts=0:00:00.875000000, duration 0:00:00.020000000
05-09 19:57:51.083  2029  2224 D GStreamer+baseparse: 0:06:35.471755943 0xf3d043b0 gstbaseparse.c:4782:gst_base_parse_change_state:<h264parse3> no index provided creating our own
05-09 19:57:51.083  2029  2225 D GStreamer+basesrc: 0:06:35.471788443 0xf3d19ac0 gstbasesrc.c:2355:gst_base_src_update_length:<filesrc3> reading offset 1848775, length 41079, size 16031303, segment.stop -1, maxsize 16031303
05-09 19:57:51.083  2029  2224 D GStreamer+default: 0:06:35.471796985 0xf3d043b0 gstindex.c:280:gst_index_group_new created new index group 0
05-09 19:57:51.083  2029  2224 D GStreamer+default: 0:06:35.471829693 0xf3d043b0 gstindex.c:193:gst_index_init created new index
05-09 19:57:51.083  2029  2225 D GStreamer+basesrc: 0:06:35.471846412 0xf3d19ac0 gstbasesrc.c:2456:gst_base_src_get_range:<filesrc3> calling create offset 1848775 length 41079, time 0
05-09 19:57:51.084  2029  2224 D GStreamer+default: 0:06:35.471859277 0xf3d043b0 gstmemindex.c:128:gst_mem_index_init created new mem index
05-09 19:57:51.084  2029  2225 D GStreamer+GST_MEMORY: 0:06:35.471902870 0xf3d19ac0 gstmemory.c:138:gst_memory_init new memory 0xf3e09fa0, maxsize:41082 offset:0 size:41079
05-09 19:57:51.084  2029  2224 D GStreamer+GST_ELEMENT_PADS: 0:06:35.471949277 0xf3d043b0 gstelement.c:2793:gst_element_pads_activate:<h264parse3> activate pads
05-09 19:57:51.084  2029  2225 D GStreamer+basesrc: 0:06:35.471962662 0xf3d19ac0 gstbasesrc.c:2310:gst_base_src_do_sync:<filesrc3> we have no clock
05-09 19:57:51.084  2029  2225 D GStreamer+basesrc: 0:06:35.471999120 0xf3d19ac0 gstbasesrc.c:2520:gst_base_src_get_range:<filesrc3> buffer ok
05-09 19:57:51.084  2029  2224 D GStreamer+GST_PADS: 0:06:35.472016100 0xf3d043b0 gstpad.c:1056:gst_pad_set_active:<h264parse3:src> activating pad from none
05-09 19:57:51.084  2029  2224 D GStreamer+GST_PADS: 0:06:35.472059954 0xf3d043b0 gstpad.c:972:pre_activate:<h264parse3:src> setting pad into push mode, unset flushing
05-09 19:57:51.084  2029  2225 D GStreamer+GST_SCHEDULING: 0:06:35.472075318 0xf3d19ac0 gstpad.c:4153:gst_pad_chain_data_unchecked:<queue8:sink> calling chainfunction &gst_queue_chain with buffer buffer: 0xf3b6b3e8, pts 0:00:00.875000000, dts 0:00:00.875000000, dur 0:00:00.020000000, size 41079, offset none, offset_end none, flags 0x0
05-09 19:57:51.084  2029  2224 D GStreamer+GST_PADS: 0:06:35.472101047 0xf3d043b0 gstpad.c:1198:gst_pad_activate_mode:<h264parse3:src> activated in push mode
05-09 19:57:51.084  2029  2225 D GStreamer+GST_SCHEDULING: 0:06:35.472131204 0xf3d19ac0 gstpad.c:4159:gst_pad_chain_data_unchecked:<queue8:sink> called chainfunction &gst_queue_chain with buffer 0xf3b6b3e8, returned ok
05-09 19:57:51.084  2029  2224 D GStreamer+GST_PADS: 0:06:35.472155370 0xf3d043b0 gstpad.c:1056:gst_pad_set_active:<h264parse3:sink> activating pad from none
05-09 19:57:51.084  2029  2225 D GStreamer+qtdemux: 0:06:35.472180839 0xf3d19ac0 qtdemux.c:7675:qtdemux_parse_samples:<q> parsing up to sample 44
05-09 19:57:51.084  2029  2224 D GStreamer+baseparse: 0:06:35.472200370 0xf3d043b0 gstbaseparse.c:3585:gst_base_parse_sink_activate:<h264parse3> sink activate
05-09 19:57:51.084  2029  2225 D GStreamer+qtdemux: 0:06:35.472238183 0xf3d19ac0 qtdemux.c:7882:qtdemux_parse_samples:<q> sample 44: index 0, timestamp 0:00:00.895000000
05-09 19:57:51.084  2029  2224 D GStreamer+query: 0:06:35.472252558 0xf3d043b0 gstquery.c:674:gst_query_new_custom creating new query 0xf3ac6a00 scheduling
05-09 19:57:51.084  2029  2225 D GStreamer+qtdemux: 0:06:35.472274954 0xf3d19ac0 qtdemux.c:7937:qtdemux_parse_samples:<q> samples at 44 is keyframe
05-09 19:57:51.084  2029  2224 D GStreamer+GST_PADS: 0:06:35.472298079 0xf3d043b0 gstpad.c:4009:gst_pad_peer_query:<h264parse3:sink> peer query 0xf3ac6a00 (scheduling)
05-09 19:57:51.084  2029  2224 D GStreamer+GST_PADS: 0:06:35.472342089 0xf3d043b0 gstpad.c:3882:gst_pad_query:<typefind:src> doing query 0xf3ac6a00 (scheduling)
05-09 19:57:51.084  2029  2225 D GStreamer+qtdemux: 0:06:35.472359120 0xf3d19ac0 qtdemux.c:5197:gst_qtdemux_loop_state_movie:<q> pushing from stream 0, empty 0 offset 1889854, size 41076, dts=0:00:00.895000000, pts=0:00:00.895000000, duration 0:00:00.019666666
05-09 19:57:51.084  2029  2224 D GStreamer+typefind: 0:06:35.472382818 0xf3d043b0 gsttypefindelement.c:365:gst_type_find_handle_src_query:<typefind> Handling src query scheduling
05-09 19:57:51.084  2029  2225 D GStreamer+basesrc: 0:06:35.472415370 0xf3d19ac0 gstbasesrc.c:2355:gst_base_src_update_length:<filesrc3> reading offset 1889854, length 41076, size 16031303, segment.stop -1, maxsize 16031303
05-09 19:57:51.084  2029  2224 D GStreamer+GST_PADS: 0:06:35.472428443 0xf3d043b0 gstpad.c:4009:gst_pad_peer_query:<typefind:sink> peer query 0xf3ac6a00 (scheduling)
05-09 19:57:51.084  2029  2225 D GStreamer+basesrc: 0:06:35.472457245 0xf3d19ac0 gstbasesrc.c:2456:gst_base_src_get_range:<filesrc3> calling create offset 1889854 length 41076, time 0
05-09 19:57:51.084  2029  2224 D GStreamer+GST_PADS: 0:06:35.472470735 0xf3d043b0 gstpad.c:3882:gst_pad_query:<sink:proxypad12> doing query 0xf3ac6a00 (scheduling)
