05-09 19:57:51.040  2029  2225 D GStreamer+GST_PADS: 0:06:35.428379225 0xf3d19ac0 gstpad.c:4009:gst_pad_peer_query:<queue8:src> peer query 0xf3ac6cc0 (caps)
05-09 19:57:51.040  2029  2225 D GStreamer+GST_PADS: 0:06:35.428424433 0xf3d19ac0 gstpad.c:3882:gst_pad_query:<forhwgl:sink> doing query 0xf3ac6cc0 (caps)
05-09 19:57:51.040  2029  2225 D GStreamer+GST_CAPS: 0:06:35.428482402 0xf3d19ac0 gstpad.c:3088:gst_pad_query_caps_default:<forhwgl:sink> query caps caps query: 0xf3ac6cc0, GstQueryCaps, filter=(GstCaps)"NULL", caps=(GstCaps)"NULL";
05-09 19:57:51.040  2029  2225 D GStreamer+GST_PADS: 0:06:35.428530214 0xf3d19ac0 gstutils.c:2599:gst_pad_proxy_query_caps:<forhwgl:sink> proxying caps query for forhwgl:sink
05-09 19:57:51.040  2029  2225 D GStreamer+GST_PADS: 0:06:35.428586152 0xf3d19ac0 gstpad.c:4009:gst_pad_peer_query:<sink:proxypad12> peer query 0xf3ac6cc0 (caps)
05-09 19:57:51.040  2029  2225 D GStreamer+GST_PADS: 0:06:35.428632089 0xf3d19ac0 gstpad.c:3882:gst_pad_query:<typefind:sink> doing query 0xf3ac6cc0 (caps)
05-09 19:57:51.040  2029  2225 D GStreamer+GST_CAPS: 0:06:35.428690579 0xf3d19ac0 gstpad.c:3088:gst_pad_query_caps_default:<typefind:sink> query caps caps query: 0xf3ac6cc0, GstQueryCaps, filter=(GstCaps)"NULL", caps=(GstCaps)"NULL";
05-09 19:57:51.040  2029  2225 D GStreamer+GST_CAPS: 0:06:35.428735891 0xf3d19ac0 gstpad.c:3111:gst_pad_query_caps_default:<typefind:sink> trying pad template caps
05-09 19:57:51.040  2029  2225 D GStreamer+GST_CAPS: 0:06:35.428781516 0xf3d19ac0 gstpad.c:3141:gst_pad_query_caps_default:<typefind:sink> using caps 0xf3610b18 ANY
05-09 19:57:51.041  2029  2225 D GStreamer+GST_PADS: 0:06:35.428927818 0xf3d19ac0 gstpad.c:3339:gst_pad_query_default:<typefind:sink> not forwarding 0xf3ac6cc0 (caps) query
05-09 19:57:51.041  2029  2225 D GStreamer+GST_PADS: 0:06:35.429006464 0xf3d19ac0 gstpad.c:3905:gst_pad_query:<typefind:sink> sent query 0xf3ac6cc0 (caps), result 1
05-09 19:57:51.041  2029  2225 D GStreamer+default: 0:06:35.429056985 0xf3d19ac0 gstutils.c:2561:query_caps_func:<sink:proxypad12> intersect with result ANY
05-09 19:57:51.041  2029  2225 D GStreamer+default: 0:06:35.429096204 0xf3d19ac0 gstutils.c:2563:query_caps_func:<sink:proxypad12> intersected ANY
05-09 19:57:51.041  2029  2225 D GStreamer+GST_PADS: 0:06:35.429144485 0xf3d19ac0 gstpad.c:3339:gst_pad_query_default:<forhwgl:sink> not forwarding 0xf3ac6cc0 (caps) query
05-09 19:57:51.041  2029  2225 D GStreamer+GST_PADS: 0:06:35.429182037 0xf3d19ac0 gstpad.c:3905:gst_pad_query:<forhwgl:sink> sent query 0xf3ac6cc0 (caps), result 1
05-09 19:57:51.041  2029  2225 D GStreamer+default: 0:06:35.429219172 0xf3d19ac0 gstutils.c:2561:query_caps_func:<queue8:src> intersect with result ANY
05-09 19:57:51.041  2029  2225 D GStreamer+default: 0:06:35.429254329 0xf3d19ac0 gstutils.c:2563:query_caps_func:<queue8:src> intersected ANY
05-09 19:57:51.041  2029  2225 D GStreamer+GST_PADS: 0:06:35.429297297 0xf3d19ac0 gstpad.c:3339:gst_pad_query_default:<queue8:sink> not forwarding 0xf3ac6cc0 (caps) query
05-09 19:57:51.041  2029  2225 D GStreamer+GST_PADS: 0:06:35.429341256 0xf3d19ac0 gstpad.c:3905:gst_pad_query:<queue8:sink> sent query 0xf3ac6cc0 (caps), result 1
05-09 19:57:51.041  2029  2225 D GStreamer+GST_CAPS: 0:06:35.429380943 0xf3d19ac0 gstutils.c:2845:gst_pad_query_caps:<queue8:sink> query returned ANY
05-09 19:57:51.041  2029  2225 D GStreamer+GST_CAPS: 0:06:35.429474329 0xf3d19ac0 gstpad.c:2192:gst_pad_link_check_compatible_unlocked:<q:video_0> src caps video/x-h264, stream-format=(string)avc, alignment=(string)au, level=(string)4, profile=(string)baseline, codec_data=(buffer)01428028ffe1000a27428028e54028016b2001000528de01ae20, width=(int)1280, height=(int)1440, framerate=(fraction)151/3, pixel-aspect-ratio=(fraction)1/1
05-09 19:57:51.041  2029  2225 D GStreamer+GST_CAPS: 0:06:35.429512922 0xf3d19ac0 gstpad.c:2194:gst_pad_link_check_compatible_unlocked:<queue8:sink> sink caps ANY
05-09 19:57:51.041  2029  2225 D GStreamer+GST_CAPS: 0:06:35.429544850 0xf3d19ac0 gstpad.c:2212:gst_pad_link_check_compatible_unlocked caps are compatible
05-09 19:57:51.041  2029  2225 I GStreamer+GST_PADS: 0:06:35.429581204 0xf3d19ac0 gstpad.c:2498:gst_pad_link_full linked q:video_0 and queue8:sink, successful
05-09 19:57:51.041  2029  2225 I GStreamer+GST_EVENT: 0:06:35.429608912 0xf3d19ac0 gstevent.c:1382:gst_event_new_reconfigure creating reconfigure event
05-09 19:57:51.041  2029  2225 D GStreamer+GST_EVENT: 0:06:35.429640214 0xf3d19ac0 gstevent.c:302:gst_event_new_custom creating new event 0xf3922418 reconfigure 61441
05-09 19:57:51.041  2029  2225 D GStreamer+GST_EVENT: 0:06:35.429686204 0xf3d19ac0 gstpad.c:5496:gst_pad_send_event_unchecked:<q:video_0> have event type reconfigure event: 0xf3922418, time 99:99:99.999999999, seq-num 2001, (NULL)
05-09 19:57:51.041  2029  2225 D GStreamer+GST_PADS: 0:06:35.429723756 0xf3d19ac0 gstpad.c:2803:gst_pad_iterate_internal_links_default:<q:video_0> Making iterator
05-09 19:57:51.041  2029  2225 D GStreamer+GST_EVENT: 0:06:35.429800735 0xf3d19ac0 gstpad.c:5496:gst_pad_send_event_unchecked:<filesrc3:src> have event type reconfigure event: 0xf3922418, time 99:99:99.999999999, seq-num 2001, (NULL)
05-09 19:57:51.042  2029  2225 D GStreamer+basesrc: 0:06:35.429863912 0xf3d19ac0 gstbasesrc.c:1987:gst_base_src_default_event:<filesrc3> handle event reconfigure event: 0xf3922418, time 99:99:99.999999999, seq-num 2001, (NULL)
05-09 19:57:51.042  2029  2225 D GStreamer+GST_PADS: 0:06:35.429921100 0xf3d19ac0 gstpad.c:5569:gst_pad_send_event_unchecked:<filesrc3:src> sent event, ret ok
05-09 19:57:51.042  2029  2225 D GStreamer+GST_PADS: 0:06:35.429966829 0xf3d19ac0 gstpad.c:5569:gst_pad_send_event_unchecked:<q:video_0> sent event, ret ok
05-09 19:57:51.042  2029  2225 D GStreamer+GST_BUS: 0:06:35.430074277 0xf3d19ac0 gstbus.c:309:gst_bus_post:<bus18> [msg 0xf3d324b0] posting on bus structure-change message: 0xf3d324b0, time 99:99:99.999999999, seq-num 2002, element 'sink', GstMessageStructureChange, type=(GstStructureChangeType)GST_STRUCTURE_CHANGE_TYPE_PAD_LINK, owner=(GstElement)"\(GstQTDemux\)\ q", busy=(boolean)false;
05-09 19:57:51.042  2029  2225 D GStreamer+bin: 0:06:35.430114902 0xf3d19ac0 gstbin.c:3528:gst_bin_handle_message_func:<pipeline3> [msg 0xf3d324b0] handling child sink message of type structure-change
05-09 19:57:51.042  2029  2225 D GStreamer+bin: 0:06:35.430152037 0xf3d19ac0 gstbin.c:957:bin_remove_messages:<queue8:sink> deleting message 0xf3d32560 of types 0x00001000
05-09 19:57:51.042  2029  2225 D GStreamer+bin: 0:06:35.430190891 0xf3d19ac0 gstbin.c:963:bin_remove_messages:<forhwgl> not deleting message 0xf3ab99c0 of type 0x00100000
05-09 19:57:51.042  2029  2225 D GStreamer+bin: 0:06:35.430225735 0xf3d19ac0 gstbin.c:963:bin_remove_messages:<glimagesinkbin3> not deleting message 0xf3ad4458 of type 0x00100000
05-09 19:57:51.042  2029  2225 D GStreamer+GST_BUS: 0:06:35.430264485 0xf3d19ac0 gstbus.c:344:gst_bus_post:<bus18> [msg 0xf3d324b0] dropped
05-09 19:57:51.042  2029  2225 D GStreamer+GST_ELEMENT_PADS: 0:06:35.430301568 0xf3d19ac0 gstutils.c:1701:gst_element_link_pads_full linked pad q:video_0 to pad queue8:sink
05-09 19:57:51.042  2029  2225 D GStreamer+GST_PIPELINE: 0:06:35.430341464 0xf3d19ac0 ./grammar.y:527:gst_parse_found_pad delayed linking pad  video_0 of GstQTDemux named q to some pad of GstQueue named queue8 worked
05-09 19:57:51.042  2029  2225 D GStreamer+qtdemux: 0:06:35.430383131 0xf3d19ac0 qtdemux.c:10481:gst_qtdemux_guess_bitrate:<q> Looking for streams with unknown bitrate
05-09 19:57:51.042  2029  2225 D GStreamer+query: 0:06:35.430419641 0xf3d19ac0 gstquery.c:674:gst_query_new_custom creating new query 0xf3d19b20 duration
05-09 19:57:51.042  2029  2225 D GStreamer+GST_PADS: 0:06:35.430453443 0xf3d19ac0 gstpad.c:4009:gst_pad_peer_query:<q:sink> peer query 0xf3d19b20 (duration)
05-09 19:57:51.042  2029  2225 D GStreamer+GST_PADS: 0:06:35.430497141 0xf3d19ac0 gstpad.c:3882:gst_pad_query:<filesrc3:src> doing query 0xf3d19b20 (duration)
05-09 19:57:51.042  2029  2225 D GStreamer+basesrc: 0:06:35.430533704 0xf3d19ac0 gstbasesrc.c:1056:gst_base_src_default_query:<filesrc3> duration query in format bytes
05-09 19:57:51.042  2029  2225 D GStreamer+basesrc: 0:06:35.430577662 0xf3d19ac0 gstbasesrc.c:2355:gst_base_src_update_length:<filesrc3> reading offset 0, length 0, size 16031303, segment.stop -1, maxsize 16031303
05-09 19:57:51.042  2029  2225 D GStreamer+basesrc: 0:06:35.430647454 0xf3d19ac0 gstbasesrc.c:1296:gst_base_src_default_query:<filesrc3> query duration returns 1
05-09 19:57:51.042  2029  2225 D GStreamer+GST_PADS: 0:06:35.430686881 0xf3d19ac0 gstpad.c:3905:gst_pad_query:<filesrc3:src> sent query 0xf3d19b20 (duration), result 1
05-09 19:57:51.042  2029  2225 D GStreamer+qtdemux: 0:06:35.430734589 0xf3d19ac0 qtdemux.c:10492:gst_qtdemux_guess_bitrate:<q> Total size 16031303, header size 7397
05-09 19:57:51.042  2029  2225 D GStreamer+qtdemux: 0:06:35.430834641 0xf3d19ac0 qtdemux.c:10510:gst_qtdemux_guess_bitrate:<q> checking bitrate for video/x-h264, stream-format=(string)avc, alignment=(string)au, level=(string)4, profile=(string)baseline, codec_data=(buffer)01428028ffe1000a27428028e54028016b2001000528de01ae20, width=(int)1280, height=(int)1440, framerate=(fraction)151/3, pixel-aspect-ratio=(fraction)1/1
05-09 19:57:51.043  2029  2225 D GStreamer+qtdemux: 0:06:35.430907297 0xf3d19ac0 qtdemux.c:10516:gst_qtdemux_guess_bitrate:<q> max-bitrate: 0
05-09 19:57:51.043  2029  2225 D GStreamer+qtdemux: 0:06:35.430947350 0xf3d19ac0 qtdemux.c:10519:gst_qtdemux_guess_bitrate:<q> nominal-bitrate: 0
05-09 19:57:51.043  2029  2225 D GStreamer+qtdemux: 0:06:35.430988808 0xf3d19ac0 qtdemux.c:10522:gst_qtdemux_guess_bitrate:<q> bitrate: 16613142
05-09 19:57:51.043  2029  2225 D GStreamer+qtdemux: 0:06:35.431047610 0xf3d19ac0 qtdemux.c:10542:gst_qtdemux_guess_bitrate:<q> All stream bitrates are known
05-09 19:57:51.043  2029  2225 D GStreamer+qtdemux: 0:06:35.431090006 0xf3d19ac0 qtdemux.c:3991:gst_qtdemux_loop_state_header:<q> switching state to STATE_MOVIE (2)
05-09 19:57:51.043  2029  2225 D GStreamer+qtdemux: 0:06:35.431167610 0xf3d19ac0 qtdemux.c:4264:gst_qtdemux_activate_segment:<q:video_0> new segment 0 from 0:00:00.000000000 to 0:00:07.716000000, time 0:00:00.000000000
05-09 19:57:51.043  2029  2225 D GStreamer+qtdemux: 0:06:35.431270162 0xf3d19ac0 qtdemux.c:4285:gst_qtdemux_activate_segment:<q:video_0> New segment: time segment start=0:00:00.000000000, offset=0:00:00.000000000, stop=0:00:07.716000000, rate=1.000000, applied_rate=1.000000, flags=0x00, time=0:00:00.000000000, base=0:00:00.000000000, position 0:00:00.000000000, duration 99:99:99.999999999
05-09 19:57:51.043  2029  2225 I GStreamer+GST_EVENT: 0:06:35.431359797 0xf3d19ac0 gstevent.c:760:gst_event_new_segment creating segment event time segment start=0:00:00.000000000, offset=0:00:00.000000000, stop=0:00:07.716000000, rate=1.000000, applied_rate=1.000000, flags=0x00, time=0:00:00.000000000, base=0:00:00.000000000, position 0:00:00.000000000, duration 99:99:99.999999999
05-09 19:57:51.043  2029  2225 D GStreamer+GST_EVENT: 0:06:35.431404693 0xf3d19ac0 gstevent.c:302:gst_event_new_custom creating new event 0xf3dd1098 segment 17934
05-09 19:57:51.043  2029  2225 D GStreamer+GST_PADS: 0:06:35.431439381 0xf3d19ac0 gstpad.c:3813:check_sticky:<q:video_0> pushing all sticky events
05-09 19:57:51.043  2029  2225 D GStreamer+GST_EVENT: 0:06:35.431522037 0xf3d19ac0 gstpad.c:5496:gst_pad_send_event_unchecked:<queue8:sink> have event type stream-start event: 0xf3d338f8, time 99:99:99.999999999, seq-num 1998, GstEventStreamStart, stream-id=(string)f053c058b440b43524b277045893b30df4e765b8d037f3d09e4ccd970feb850c/001, flags=(GstStreamFlags)GST_STREAM_FLAG_NONE, group-id=(uint)4;
05-09 19:57:51.043  2029  2224 D GStreamer+queue_dataflow: 0:06:35.431588183 0xf3d043b0 gstqueue.c:1476:gst_queue_loop:<queue8> queue is not empty
05-09 19:57:51.043  2029  2224 D GStreamer+GST_PADS: 0:06:35.431643391 0xf3d043b0 gstpad.c:3813:check_sticky:<queue8:src> pushing all sticky events
05-09 19:57:51.043  2029  2224 D GStreamer+GST_EVENT: 0:06:35.431726152 0xf3d043b0 gstpad.c:5496:gst_pad_send_event_unchecked:<forhwgl:sink> have event type stream-start event: 0xf3d338f8, time 99:99:99.999999999, seq-num 1998, GstEventStreamStart, stream-id=(string)f053c058b440b43524b277045893b30df4e765b8d037f3d09e4ccd970feb850c/001, flags=(GstStreamFlags)GST_STREAM_FLAG_NONE, group-id=(uint)4;
05-09 19:57:51.043  2029  2224 D GStreamer+GST_PADS: 0:06:35.431778547 0xf3d043b0 gstpad.c:3813:check_sticky:<sink:proxypad12> pushing all sticky events
05-09 19:57:51.044  2029  2224 D GStreamer+GST_EVENT: 0:06:35.431861047 0xf3d043b0 gstpad.c:5496:gst_pad_send_event_unchecked:<typefind:sink> have event type stream-start event: 0xf3d338f8, time 99:99:99.999999999, seq-num 1998, GstEventStreamStart, stream-id=(string)f053c058b440b43524b277045893b30df4e765b8d037f3d09e4ccd970feb850c/001, flags=(GstStreamFlags)GST_STREAM_FLAG_NONE, group-id=(uint)4;
05-09 19:57:51.044  2029  2224 D GStreamer+typefind: 0:06:35.431918027 0xf3d043b0 gsttypefindelement.c:613:gst_type_find_element_sink_event:<typefind> got stream-start event in mode 1
05-09 19:57:51.044  2029  2224 D GStreamer+GST_PADS: 0:06:35.431954589 0xf3d043b0 gstpad.c:3813:check_sticky:<typefind:src> pushing all sticky events
05-09 19:57:51.044  2029  2224 D GStreamer+GST_PADS: 0:06:35.431991933 0xf3d043b0 gstpad.c:5266:gst_pad_push_event_unchecked:<typefind:src> Dropping event stream-start because pad is not linked
05-09 19:57:51.044  2029  2224 D GStreamer+GST_PADS: 0:06:35.432026047 0xf3d043b0 gstpad.c:3784:push_sticky:<typefind:src> pad was not linked, mark pending
05-09 19:57:51.044  2029  2224 D GStreamer+GST_PADS: 0:06:35.432062089 0xf3d043b0 gstpad.c:5569:gst_pad_send_event_unchecked:<typefind:sink> sent event, ret ok
05-09 19:57:51.044  2029  2224 D GStreamer+GST_PADS: 0:06:35.432133079 0xf3d043b0 gstpad.c:3765:push_sticky:<sink:proxypad12> event stream-start marked received
05-09 19:57:51.044  2029  2224 D GStreamer+GST_PADS: 0:06:35.432173391 0xf3d043b0 gstpad.c:5569:gst_pad_send_event_unchecked:<forhwgl:sink> sent event, ret ok
05-09 19:57:51.044  2029  2224 D GStreamer+GST_PADS: 0:06:35.432208287 0xf3d043b0 gstpad.c:3765:push_sticky:<queue8:src> event stream-start marked received
05-09 19:57:51.044  2029  2224 D GStreamer+queue_dataflow: 0:06:35.432245787 0xf3d043b0 gstqueue.c:1464:gst_queue_loop:<queue8> queue is empty
05-09 19:57:51.044  2029  2225 D GStreamer+GST_PADS: 0:06:35.432318183 0xf3d19ac0 gstpad.c:5569:gst_pad_send_event_unchecked:<queue8:sink> sent event, ret ok
05-09 19:57:51.044  2029  2225 D GStreamer+GST_PADS: 0:06:35.432355318 0xf3d19ac0 gstpad.c:3765:push_sticky:<q:video_0> event stream-start marked received
05-09 19:57:51.044  2029  2225 D GStreamer+GST_EVENT: 0:06:35.432492245 0xf3d19ac0 gstpad.c:5496:gst_pad_send_event_unchecked:<queue8:sink> have event type caps event: 0xf396bb70, time 99:99:99.999999999, seq-num 1999, GstEventCaps, caps=(GstCaps)"video/x-h264\,\ stream-format\=\(string\)avc\,\ alignment\=\(string\)au\,\ level\=\(string\)4\,\ profile\=\(string\)baseline\,\ codec_data\=\(buffer\)01428028ffe1000a27428028e54028016b2001000528de01ae20\,\ width\=\(int\)1280\,\ height\=\(int\)1440\,\ framerate\=\(fraction\)151/3\,\ pixel-aspect-ratio\=\(fraction\)1/1";
05-09 19:57:51.044  2029  2225 D GStreamer+GST_CAPS: 0:06:35.432571881 0xf3d19ac0 gstutils.c:2921:gst_pad_query_accept_caps:<queue8:sink> accept caps of video/x-h264, stream-format=(string)avc, alignment=(string)au, level=(string)4, profile=(string)baseline, codec_data=(buffer)01428028ffe1000a27428028e54028016b2001000528de01ae20, width=(int)1280, height=(int)1440, framerate=(fraction)151/3, pixel-aspect-ratio=(fraction)1/1
05-09 19:57:51.044  2029  2225 D GStreamer+query: 0:06:35.432615006 0xf3d19ac0 gstquery.c:674:gst_query_new_custom creating new query 0xf3d03e30 accept-caps
05-09 19:57:51.044  2029  2225 D GStreamer+GST_PADS: 0:06:35.432650266 0xf3d19ac0 gstpad.c:3882:gst_pad_query:<queue8:sink> doing query 0xf3d03e30 (accept-caps)
05-09 19:57:51.044  2029  2225 D GStreamer+GST_PADS: 0:06:35.432740683 0xf3d19ac0 gstpad.c:3035:gst_pad_query_accept_caps_default:<queue8:sink> query accept-caps accept-caps query: 0xf3d03e30, GstQueryAcceptCaps, caps=(GstCaps)"video/x-h264\,\ stream-format\=\(string\)avc\,\ alignment\=\(string\)au\,\ level\=\(string\)4\,\ profile\=\(string\)baseline\,\ codec_data\=\(buffer\)01428028ffe1000a27428028e54028016b2001000528de01ae20\,\ width\=\(int\)1280\,\ height\=\(int\)1440\,\ framerate\=\(fraction\)151/3\,\ pixel-aspect-ratio\=\(fraction\)1/1", result=(boolean)false;
05-09 19:57:51.044  2029  2225 D GStreamer+GST_PADS: 0:06:35.432778600 0xf3d19ac0 gstutils.c:2530:gst_pad_proxy_query_accept_caps:<queue8:sink> proxying accept caps query for queue8:sink
05-09 19:57:51.044  2029  2225 D GStreamer+GST_PADS: 0:06:35.432812297 0xf3d19ac0 gstpad.c:2803:gst_pad_iterate_internal_links_default:<queue8:sink> Making iterator
05-09 19:57:51.044  2029  2225 D GStreamer+GST_PADS: 0:06:35.432851777 0xf3d19ac0 gstpad.c:4009:gst_pad_peer_query:<queue8:src> peer query 0xf3d03e30 (accept-caps)
05-09 19:57:51.045  2029  2225 D GStreamer+GST_PADS: 0:06:35.432901256 0xf3d19ac0 gstpad.c:3882:gst_pad_query:<forhwgl:sink> doing query 0xf3d03e30 (accept-caps)
05-09 19:57:51.045  2029  2225 D GStreamer+GST_PADS: 0:06:35.432987870 0xf3d19ac0 gstpad.c:3035:gst_pad_query_accept_caps_default:<forhwgl:sink> query accept-caps accept-caps query: 0xf3d03e30, GstQueryAcceptCaps, caps=(GstCaps)"video/x-h264\,\ stream-format\=\(string\)avc\,\ alignment\=\(string\)au\,\ level\=\(string\)4\,\ profile\=\(string\)baseline\,\ codec_data\=\(buffer\)01428028ffe1000a27428028e54028016b2001000528de01ae20\,\ width\=\(int\)1280\,\ height\=\(int\)1440\,\ framerate\=\(fraction\)151/3\,\ pixel-aspect-ratio\=\(fraction\)1/1", result=(boolean)false;
05-09 19:57:51.045  2029  2225 D GStreamer+GST_PADS: 0:06:35.433025527 0xf3d19ac0 gstutils.c:2530:gst_pad_proxy_query_accept_caps:<forhwgl:sink> proxying accept caps query for forhwgl:sink
05-09 19:57:51.045  2029  2225 D GStreamer+GST_PADS: 0:06:35.433064693 0xf3d19ac0 gstpad.c:4009:gst_pad_peer_query:<sink:proxypad12> peer query 0xf3d03e30 (accept-caps)
05-09 19:57:51.045  2029  2225 D GStreamer+GST_PADS: 0:06:35.433099954 0xf3d19ac0 gstpad.c:3882:gst_pad_query:<typefind:sink> doing query 0xf3d03e30 (accept-caps)
05-09 19:57:51.045  2029  2225 D GStreamer+GST_PADS: 0:06:35.433226100 0xf3d19ac0 gstpad.c:3035:gst_pad_query_accept_caps_default:<typefind:sink> query accept-caps accept-caps query: 0xf3d03e30, GstQueryAcceptCaps, caps=(GstCaps)"video/x-h264\,\ stream-format\=\(string\)avc\,\ alignment\=\(string\)au\,\ level\=\(string\)4\,\ profile\=\(string\)baseline\,\ codec_data\=\(buffer\)01428028ffe1000a27428028e54028016b2001000528de01ae20\,\ width\=\(int\)1280\,\ height\=\(int\)1440\,\ framerate\=\(fraction\)151/3\,\ pixel-aspect-ratio\=\(fraction\)1/1", result=(boolean)false;
05-09 19:57:51.045  2029  2225 D GStreamer+GST_PERFORMANCE: 0:06:35.433265058 0xf3d19ac0 gstpad.c:3050:gst_pad_query_accept_caps_default:<typefind:sink> fallback ACCEPT_CAPS query, consider implementing a specialized version
05-09 19:57:51.045  2029  2225 D GStreamer+GST_CAPS: 0:06:35.433334329 0xf3d19ac0 gstutils.c:2838:gst_pad_query_caps:<typefind:sink> get pad caps with filter video/x-h264, stream-format=(string)avc, alignment=(string)au, level=(string)4, profile=(string)baseline, codec_data=(buffer)01428028ffe1000a27428028e54028016b2001000528de01ae20, width=(int)1280, height=(int)1440, framerate=(fraction)151/3, pixel-aspect-ratio=(fraction)1/1
05-09 19:57:51.045  2029  2225 D GStreamer+query: 0:06:35.433371620 0xf3d19ac0 gstquery.c:674:gst_query_new_custom creating new query 0xf3d19950 caps
05-09 19:57:51.045  2029  2225 D GStreamer+GST_PADS: 0:06:35.433406100 0xf3d19ac0 gstpad.c:3882:gst_pad_query:<typefind:sink> doing query 0xf3d19950 (caps)
05-09 19:57:51.045  2029  2225 D GStreamer+GST_CAPS: 0:06:35.433493443 0xf3d19ac0 gstpad.c:3088:gst_pad_query_caps_default:<typefind:sink> query caps caps query: 0xf3d19950, GstQueryCaps, filter=(GstCaps)"video/x-h264\,\ stream-format\=\(string\)avc\,\ alignment\=\(string\)au\,\ level\=\(string\)4\,\ profile\=\(string\)baseline\,\ codec_data\=\(buffer\)01428028ffe1000a27428028e54028016b2001000528de01ae20\,\ width\=\(int\)1280\,\ height\=\(int\)1440\,\ framerate\=\(fraction\)151/3\,\ pixel-aspect-ratio\=\(fraction\)1/1", caps=(GstCaps)"NULL";
05-09 19:57:51.045  2029  2225 D GStreamer+GST_CAPS: 0:06:35.433532297 0xf3d19ac0 gstpad.c:3111:gst_pad_query_caps_default:<typefind:sink> trying pad template caps
05-09 19:57:51.045  2029  2225 D GStreamer+GST_CAPS: 0:06:35.433608183 0xf3d19ac0 gstpad.c:3135:gst_pad_query_caps_default:<typefind:sink> using caps 0xf3610b18 ANY with filter 0xf3b49450 video/x-h264, stream-format=(string)avc, alignment=(string)au, level=(string)4, profile=(string)baseline, codec_data=(buffer)01428028ffe1000a27428028e54028016b2001000528de01ae20, width=(int)1280, height=(int)1440, framerate=(fraction)151/3, pixel-aspect-ratio=(fraction)1/1
05-09 19:57:51.045  2029  2225 D GStreamer+GST_CAPS: 0:06:35.433679225 0xf3d19ac0 gstpad.c:3138:gst_pad_query_caps_default:<typefind:sink> result 0xf3b49450 video/x-h264, stream-format=(string)avc, alignment=(string)au, level=(string)4, profile=(string)baseline, codec_data=(buffer)01428028ffe1000a27428028e54028016b2001000528de01ae20, width=(int)1280, height=(int)1440, framerate=(fraction)151/3, pixel-aspect-ratio=(fraction)1/1
05-09 19:57:51.045  2029  2225 D GStreamer+GST_PADS: 0:06:35.433719485 0xf3d19ac0 gstpad.c:3339:gst_pad_query_default:<typefind:sink> not forwarding 0xf3d19950 (caps) query
05-09 19:57:51.045  2029  2225 D GStreamer+GST_PADS: 0:06:35.433756933 0xf3d19ac0 gstpad.c:3905:gst_pad_query:<typefind:sink> sent query 0xf3d19950 (caps), result 1
05-09 19:57:51.045  2029  2225 D GStreamer+GST_CAPS: 0:06:35.433827506 0xf3d19ac0 gstutils.c:2845:gst_pad_query_caps:<typefind:sink> query returned video/x-h264, stream-format=(string)avc, alignment=(string)au, level=(string)4, profile=(string)baseline, codec_data=(buffer)01428028ffe1000a27428028e54028016b2001000528de01ae20, width=(int)1280, height=(int)1440, framerate=(fraction)151/3, pixel-aspect-ratio=(fraction)1/1
05-09 19:57:51.046  2029  2225 D GStreamer+GST_PADS: 0:06:35.433952610 0xf3d19ac0 gstpad.c:3065:gst_pad_query_accept_caps_default:<typefind:sink> allowed caps subset video/x-h264, stream-format=(string)avc, alignment=(string)au, level=(string)4, profile=(string)baseline, codec_data=(buffer)01428028ffe1000a27428028e54028016b2001000528de01ae20, width=(int)1280, height=(int)1440, framerate=(fraction)151/3, pixel-aspect-ratio=(fraction)1/1, caps video/x-h264, stream-format=(string)avc, alignment=(string)au, level=(string)4, profile=(string)baseline, codec_data=(buffer)01428028ffe1000a27428028e54028016b2001000528de01ae20, width=(int)1280, height=(int)1440, framerate=(fraction)151/3, pixel-aspect-ratio=(fraction)1/1
05-09 19:57:51.046  2029  2225 D GStreamer+GST_PADS: 0:06:35.434002089 0xf3d19ac0 gstpad.c:3339:gst_pad_query_default:<typefind:sink> not forwarding 0xf3d03e30 (accept-caps) query
05-09 19:57:51.046  2029  2225 D GStreamer+GST_PADS: 0:06:35.434038443 0xf3d19ac0 gstpad.c:3905:gst_pad_query:<typefind:sink> sent query 0xf3d03e30 (accept-caps), result 1
05-09 19:57:51.046  2029  2225 D GStreamer+GST_PADS: 0:06:35.434079641 0xf3d19ac0 gstutils.c:2541:gst_pad_proxy_query_accept_caps:<forhwgl:sink> proxying accept caps query: 1
05-09 19:57:51.046  2029  2225 D GStreamer+GST_PADS: 0:06:35.434153652 0xf3d19ac0 gstpad.c:3065:gst_pad_query_accept_caps_default:<forhwgl:sink> allowed caps subset ANY, caps video/x-h264, stream-format=(string)avc, alignment=(string)au, level=(string)4, profile=(string)baseline, codec_data=(buffer)01428028ffe1000a27428028e54028016b2001000528de01ae20, width=(int)1280, height=(int)1440, framerate=(fraction)151/3, pixel-aspect-ratio=(fraction)1/1
05-09 19:57:51.046  2029  2225 D GStreamer+GST_PADS: 0:06:35.434192141 0xf3d19ac0 gstpad.c:3339:gst_pad_query_default:<forhwgl:sink> not forwarding 0xf3d03e30 (accept-caps) query
05-09 19:57:51.046  2029  2225 D GStreamer+GST_PADS: 0:06:35.434228600 0xf3d19ac0 gstpad.c:3905:gst_pad_query:<forhwgl:sink> sent query 0xf3d03e30 (accept-caps), result 1
05-09 19:57:51.046  2029  2225 D GStreamer+GST_PADS: 0:06:35.434266204 0xf3d19ac0 gstutils.c:2541:gst_pad_proxy_query_accept_caps:<queue8:sink> proxying accept caps query: 1
05-09 19:57:51.046  2029  2225 D GStreamer+GST_PADS: 0:06:35.434337402 0xf3d19ac0 gstpad.c:3065:gst_pad_query_accept_caps_default:<queue8:sink> allowed caps subset ANY, caps video/x-h264, stream-format=(string)avc, alignment=(string)au, level=(string)4, profile=(string)baseline, codec_data=(buffer)01428028ffe1000a27428028e54028016b2001000528de01ae20, width=(int)1280, height=(int)1440, framerate=(fraction)151/3, pixel-aspect-ratio=(fraction)1/1
05-09 19:57:51.046  2029  2225 D GStreamer+GST_PADS: 0:06:35.434375475 0xf3d19ac0 gstpad.c:3339:gst_pad_query_default:<queue8:sink> not forwarding 0xf3d03e30 (accept-caps) query
05-09 19:57:51.046  2029  2225 D GStreamer+GST_PADS: 0:06:35.434413547 0xf3d19ac0 gstpad.c:3905:gst_pad_query:<queue8:sink> sent query 0xf3d03e30 (accept-caps), result 1
05-09 19:57:51.046  2029  2225 D GStreamer+default: 0:06:35.434447141 0xf3d19ac0 gstutils.c:2926:gst_pad_query_accept_caps:<queue8:sink> query returned 1
05-09 19:57:51.046  2029  2224 D GStreamer+queue_dataflow: 0:06:35.434507037 0xf3d043b0 gstqueue.c:1476:gst_queue_loop:<queue8> queue is not empty
05-09 19:57:51.046  2029  2224 D GStreamer+GST_PADS: 0:06:35.434550579 0xf3d043b0 gstpad.c:5053:store_sticky_event:<queue8:src> notify caps
05-09 19:57:51.046  2029  2224 D GStreamer+GST_PADS: 0:06:35.434598443 0xf3d043b0 gstpad.c:3813:check_sticky:<queue8:src> pushing all sticky events
05-09 19:57:51.046  2029  2224 D GStreamer+GST_PADS: 0:06:35.434635683 0xf3d043b0 gstpad.c:3745:push_sticky:<queue8:src> event stream-start was already received
05-09 19:57:51.046  2029  2224 D GStreamer+GST_EVENT: 0:06:35.434733704 0xf3d043b0 gstpad.c:5496:gst_pad_send_event_unchecked:<forhwgl:sink> have event type caps event: 0xf396bb70, time 99:99:99.999999999, seq-num 1999, GstEventCaps, caps=(GstCaps)"video/x-h264\,\ stream-format\=\(string\)avc\,\ alignment\=\(string\)au\,\ level\=\(string\)4\,\ profile\=\(string\)baseline\,\ codec_data\=\(buffer\)01428028ffe1000a27428028e54028016b2001000528de01ae20\,\ width\=\(int\)1280\,\ height\=\(int\)1440\,\ framerate\=\(fraction\)151/3\,\ pixel-aspect-ratio\=\(fraction\)1/1";
05-09 19:57:51.046  2029  2224 D GStreamer+GST_CAPS: 0:06:35.434827454 0xf3d043b0 gstutils.c:2921:gst_pad_query_accept_caps:<forhwgl:sink> accept caps of video/x-h264, stream-format=(string)avc, alignment=(string)au, level=(string)4, profile=(string)baseline, codec_data=(buffer)01428028ffe1000a27428028e54028016b2001000528de01ae20, width=(int)1280, height=(int)1440, framerate=(fraction)151/3, pixel-aspect-ratio=(fraction)1/1
05-09 19:57:51.047  2029  2224 D GStreamer+query: 0:06:35.434899797 0xf3d043b0 gstquery.c:674:gst_query_new_custom creating new query 0xf3ac6a00 accept-caps
05-09 19:57:51.047  2029  2224 D GStreamer+GST_PADS: 0:06:35.434940891 0xf3d043b0 gstpad.c:3882:gst_pad_query:<forhwgl:sink> doing query 0xf3ac6a00 (accept-caps)
05-09 19:57:51.047  2029  2224 D GStreamer+GST_PADS: 0:06:35.435036725 0xf3d043b0 gstpad.c:3035:gst_pad_query_accept_caps_default:<forhwgl:sink> query accept-caps accept-caps query: 0xf3ac6a00, GstQueryAcceptCaps, caps=(GstCaps)"video/x-h264\,\ stream-format\=\(string\)avc\,\ alignment\=\(string\)au\,\ level\=\(string\)4\,\ profile\=\(string\)baseline\,\ codec_data\=\(buffer\)01428028ffe1000a27428028e54028016b2001000528de01ae20\,\ width\=\(int\)1280\,\ height\=\(int\)1440\,\ framerate\=\(fraction\)151/3\,\ pixel-aspect-ratio\=\(fraction\)1/1", result=(boolean)false;
05-09 19:57:51.047  2029  2224 D GStreamer+GST_PADS: 0:06:35.435095318 0xf3d043b0 gstutils.c:2530:gst_pad_proxy_query_accept_caps:<forhwgl:sink> proxying accept caps query for forhwgl:sink
05-09 19:57:51.047  2029  2224 D GStreamer+GST_PADS: 0:06:35.435138704 0xf3d043b0 gstpad.c:4009:gst_pad_peer_query:<sink:proxypad12> peer query 0xf3ac6a00 (accept-caps)
05-09 19:57:51.047  2029  2224 D GStreamer+GST_PADS: 0:06:35.435176256 0xf3d043b0 gstpad.c:3882:gst_pad_query:<typefind:sink> doing query 0xf3ac6a00 (accept-caps)
05-09 19:57:51.047  2029  2224 D GStreamer+GST_PADS: 0:06:35.435282402 0xf3d043b0 gstpad.c:3035:gst_pad_query_accept_caps_default:<typefind:sink> query accept-caps accept-caps query: 0xf3ac6a00, GstQueryAcceptCaps, caps=(GstCaps)"video/x-h264\,\ stream-format\=\(string\)avc\,\ alignment\=\(string\)au\,\ level\=\(string\)4\,\ profile\=\(string\)baseline\,\ codec_data\=\(buffer\)01428028ffe1000a27428028e54028016b2001000528de01ae20\,\ width\=\(int\)1280\,\ height\=\(int\)1440\,\ framerate\=\(fraction\)151/3\,\ pixel-aspect-ratio\=\(fraction\)1/1", result=(boolean)false;
05-09 19:57:51.047  2029  2224 D GStreamer+GST_PERFORMANCE: 0:06:35.435320683 0xf3d043b0 gstpad.c:3050:gst_pad_query_accept_caps_default:<typefind:sink> fallback ACCEPT_CAPS query, consider implementing a specialized version
05-09 19:57:51.047  2029  2224 D GStreamer+GST_CAPS: 0:06:35.435393756 0xf3d043b0 gstutils.c:2838:gst_pad_query_caps:<typefind:sink> get pad caps with filter video/x-h264, stream-format=(string)avc, alignment=(string)au, level=(string)4, profile=(string)baseline, codec_data=(buffer)01428028ffe1000a27428028e54028016b2001000528de01ae20, width=(int)1280, height=(int)1440, framerate=(fraction)151/3, pixel-aspect-ratio=(fraction)1/1
05-09 19:57:51.047  2029  2224 D GStreamer+query: 0:06:35.435431204 0xf3d043b0 gstquery.c:674:gst_query_new_custom creating new query 0xf3b67f50 caps
05-09 19:57:51.047  2029  2224 D GStreamer+GST_PADS: 0:06:35.435465162 0xf3d043b0 gstpad.c:3882:gst_pad_query:<typefind:sink> doing query 0xf3b67f50 (caps)
05-09 19:57:51.047  2029  2224 D GStreamer+GST_CAPS: 0:06:35.435550787 0xf3d043b0 gstpad.c:3088:gst_pad_query_caps_default:<typefind:sink> query caps caps query: 0xf3b67f50, GstQueryCaps, filter=(GstCaps)"video/x-h264\,\ stream-format\=\(string\)avc\,\ alignment\=\(string\)au\,\ level\=\(string\)4\,\ profile\=\(string\)baseline\,\ codec_data\=\(buffer\)01428028ffe1000a27428028e54028016b2001000528de01ae20\,\ width\=\(int\)1280\,\ height\=\(int\)1440\,\ framerate\=\(fraction\)151/3\,\ pixel-aspect-ratio\=\(fraction\)1/1", caps=(GstCaps)"NULL";
05-09 19:57:51.047  2029  2224 D GStreamer+GST_CAPS: 0:06:35.435586360 0xf3d043b0 gstpad.c:3111:gst_pad_query_caps_default:<typefind:sink> trying pad template caps
05-09 19:57:51.047  2029  2224 D GStreamer+GST_CAPS: 0:06:35.435660631 0xf3d043b0 gstpad.c:3135:gst_pad_query_caps_default:<typefind:sink> using caps 0xf3610b18 ANY with filter 0xf3b49450 video/x-h264, stream-format=(string)avc, alignment=(string)au, level=(string)4, profile=(string)baseline, codec_data=(buffer)01428028ffe1000a27428028e54028016b2001000528de01ae20, width=(int)1280, height=(int)1440, framerate=(fraction)151/3, pixel-aspect-ratio=(fraction)1/1
05-09 19:57:51.047  2029  2224 D GStreamer+GST_CAPS: 0:06:35.435732454 0xf3d043b0 gstpad.c:3138:gst_pad_query_caps_default:<typefind:sink> result 0xf3b49450 video/x-h264, stream-format=(string)avc, alignment=(string)au, level=(string)4, profile=(string)baseline, codec_data=(buffer)01428028ffe1000a27428028e54028016b2001000528de01ae20, width=(int)1280, height=(int)1440, framerate=(fraction)151/3, pixel-aspect-ratio=(fraction)1/1
05-09 19:57:51.047  2029  2224 D GStreamer+GST_PADS: 0:06:35.435772506 0xf3d043b0 gstpad.c:3339:gst_pad_query_default:<typefind:sink> not forwarding 0xf3b67f50 (caps) query
05-09 19:57:51.047  2029  2224 D GStreamer+GST_PADS: 0:06:35.435809954 0xf3d043b0 gstpad.c:3905:gst_pad_query:<typefind:sink> sent query 0xf3b67f50 (caps), result 1
05-09 19:57:51.048  2029  2224 D GStreamer+GST_CAPS: 0:06:35.435891933 0xf3d043b0 gstutils.c:2845:gst_pad_query_caps:<typefind:sink> query returned video/x-h264, stream-format=(string)avc, alignment=(string)au, level=(string)4, profile=(string)baseline, codec_data=(buffer)01428028ffe1000a27428028e54028016b2001000528de01ae20, width=(int)1280, height=(int)1440, framerate=(fraction)151/3, pixel-aspect-ratio=(fraction)1/1
05-09 19:57:51.048  2029  2225 D GStreamer+GST_PADS: 0:06:35.435930318 0xf3d19ac0 gstpad.c:5569:gst_pad_send_event_unchecked:<queue8:sink> sent event, ret ok
05-09 19:57:51.048  2029  2225 D GStreamer+GST_PADS: 0:06:35.435983287 0xf3d19ac0 gstpad.c:5053:store_sticky_event:<queue8:sink> notify caps
05-09 19:57:51.048  2029  2225 D GStreamer+GST_PADS: 0:06:35.436037297 0xf3d19ac0 gstpad.c:3765:push_sticky:<q:video_0> event caps marked received
05-09 19:57:51.048  2029  2224 D GStreamer+GST_PADS: 0:06:35.436044745 0xf3d043b0 gstpad.c:3065:gst_pad_query_accept_caps_default:<typefind:sink> allowed caps subset video/x-h264, stream-format=(string)avc, alignment=(string)au, level=(string)4, profile=(string)baseline, codec_data=(buffer)01428028ffe1000a27428028e54028016b2001000528de01ae20, width=(int)1280, height=(int)1440, framerate=(fraction)151/3, pixel-aspect-ratio=(fraction)1/1, caps video/x-h264, stream-format=(string)avc, alignment=(string)au, level=(string)4, profile=(string)baseline, codec_data=(buffer)01428028ffe1000a27428028e54028016b2001000528de01ae20, width=(int)1280, height=(int)1440, framerate=(fraction)151/3, pixel-aspect-ratio=(fraction)1/1
05-09 19:57:51.048  2029  2224 D GStreamer+GST_PADS: 0:06:35.436668391 0xf3d043b0 gstpad.c:3339:gst_pad_query_default:<typefind:sink> not forwarding 0xf3ac6a00 (accept-caps) query
05-09 19:57:51.048  2029  2224 D GStreamer+GST_PADS: 0:06:35.436732454 0xf3d043b0 gstpad.c:3905:gst_pad_query:<typefind:sink> sent query 0xf3ac6a00 (accept-caps), result 1
05-09 19:57:51.048  2029  2224 D GStreamer+GST_PADS: 0:06:35.436802922 0xf3d043b0 gstutils.c:2541:gst_pad_proxy_query_accept_caps:<forhwgl:sink> proxying accept caps query: 1
05-09 19:57:51.048  2029  2225 D GStreamer+GST_EVENT: 0:06:35.436819016 0xf3d19ac0 gstpad.c:5496:gst_pad_send_event_unchecked:<queue8:sink> have event type segment event: 0xf3dd1098, time 99:99:99.999999999, seq-num 2003, GstEventSegment, segment=(GstSegment)"GstSegment, flags=(GstSegmentFlags)GST_SEGMENT_FLAG_NONE, rate=(double)1, applied-rate=(double)1, format=(GstFormat)GST_FORMAT_TIME, base=(guint64)0, offset=(guint64)0, start=(guint64)0, stop=(guint64)7716000000, time=(guint64)0, position=(guint64)0, duration=(guint64)18446744073709551615;";
05-09 19:57:51.049  2029  2224 D GStreamer+GST_PADS: 0:06:35.436914693 0xf3d043b0 gstpad.c:3065:gst_pad_query_accept_caps_default:<forhwgl:sink> allowed caps subset ANY, caps video/x-h264, stream-format=(string)avc, alignment=(string)au, level=(string)4, profile=(string)baseline, codec_data=(buffer)01428028ffe1000a27428028e54028016b2001000528de01ae20, width=(int)1280, height=(int)1440, framerate=(fraction)151/3, pixel-aspect-ratio=(fraction)1/1
05-09 19:57:51.049  2029  2225 D GStreamer+queue: 0:06:35.436927610 0xf3d19ac0 gstqueue.c:561:apply_segment:<queue8> configured SEGMENT time segment start=0:00:00.000000000, offset=0:00:00.000000000, stop=0:00:07.716000000, rate=1.000000, applied_rate=1.000000, flags=0x00, time=0:00:00.000000000, base=0:00:00.000000000, position 0:00:00.000000000, duration 99:99:99.999999999
05-09 19:57:51.049  2029  2224 D GStreamer+GST_PADS: 0:06:35.436962141 0xf3d043b0 gstpad.c:3339:gst_pad_query_default:<forhwgl:sink> not forwarding 0xf3ac6a00 (accept-caps) query
05-09 19:57:51.049  2029  2224 D GStreamer+GST_PADS: 0:06:35.437014433 0xf3d043b0 gstpad.c:3905:gst_pad_query:<forhwgl:sink> sent query 0xf3ac6a00 (accept-caps), result 1
05-09 19:57:51.049  2029  2224 D GStreamer+default: 0:06:35.437051568 0xf3d043b0 gstutils.c:2926:gst_pad_query_accept_caps:<forhwgl:sink> query returned 1
05-09 19:57:51.049  2029  2224 D GStreamer+GST_PADS: 0:06:35.437094068 0xf3d043b0 gstpad.c:5053:store_sticky_event:<sink:proxypad12> notify caps
05-09 19:57:51.049  2029  2225 D GStreamer+queue: 0:06:35.437115995 0xf3d19ac0 gstqueue.c:561:apply_segment:<queue8> configured SEGMENT time segment start=0:00:00.000000000, offset=0:00:00.000000000, stop=0:00:07.716000000, rate=1.000000, applied_rate=1.000000, flags=0x00, time=0:00:00.000000000, base=0:00:00.000000000, position 0:00:00.000000000, duration 99:99:99.999999999
05-09 19:57:51.049  2029  2224 D GStreamer+GST_PADS: 0:06:35.437142193 0xf3d043b0 gstpad.c:3813:check_sticky:<sink:proxypad12> pushing all sticky events
05-09 19:57:51.049  2029  2225 D GStreamer+GST_PADS: 0:06:35.437168079 0xf3d19ac0 gstpad.c:5569:gst_pad_send_event_unchecked:<queue8:sink> sent event, ret ok
05-09 19:57:51.049  2029  2224 D GStreamer+GST_PADS: 0:06:35.437193443 0xf3d043b0 gstpad.c:3745:push_sticky:<sink:proxypad12> event stream-start was already received
05-09 19:57:51.049  2029  2225 D GStreamer+GST_PADS: 0:06:35.437222037 0xf3d19ac0 gstpad.c:3765:push_sticky:<q:video_0> event segment marked received
05-09 19:57:51.049  2029  2225 D GStreamer+qtdemux: 0:06:35.437275735 0xf3d19ac0 qtdemux.c:924:gst_qtdemux_push_tags:<q> Checking pad q:video_0 for tags
05-09 19:57:51.049  2029  2224 D GStreamer+GST_EVENT: 0:06:35.437322610 0xf3d043b0 gstpad.c:5496:gst_pad_send_event_unchecked:<typefind:sink> have event type caps event: 0xf396bb70, time 99:99:99.999999999, seq-num 1999, GstEventCaps, caps=(GstCaps)"video/x-h264\,\ stream-format\=\(string\)avc\,\ alignment\=\(string\)au\,\ level\=\(string\)4\,\ profile\=\(string\)baseline\,\ codec_data\=\(buffer\)01428028ffe1000a27428028e54028016b2001000528de01ae20\,\ width\=\(int\)1280\,\ height\=\(int\)1440\,\ framerate\=\(fraction\)151/3\,\ pixel-aspect-ratio\=\(fraction\)1/1";
05-09 19:57:51.049  2029  2225 D GStreamer+qtdemux: 0:06:35.437346620 0xf3d19ac0 qtdemux.c:928:gst_qtdemux_push_tags:<q> Sending tags taglist, video-codec=(string)"H.264\ /\ AVC", bitrate=(uint)16613142, language-code=(string)en;
05-09 19:57:51.049  2029  2225 D GStreamer+GST_EVENT: 0:06:35.437388964 0xf3d19ac0 gstevent.c:302:gst_event_new_custom creating new event 0xf39225c8 tag 20510
05-09 19:57:51.049  2029  2224 D GStreamer+GST_CAPS: 0:06:35.437415631 0xf3d043b0 gstutils.c:2921:gst_pad_query_accept_caps:<typefind:sink> accept caps of video/x-h264, stream-format=(string)avc, alignment=(string)au, level=(string)4, profile=(string)baseline, codec_data=(buffer)01428028ffe1000a27428028e54028016b2001000528de01ae20, width=(int)1280, height=(int)1440, framerate=(fraction)151/3, pixel-aspect-ratio=(fraction)1/1
05-09 19:57:51.049  2029  2225 D GStreamer+GST_PADS: 0:06:35.437430631 0xf3d19ac0 gstpad.c:3813:check_sticky:<q:video_0> pushing all sticky events
05-09 19:57:51.049  2029  2224 D GStreamer+query: 0:06:35.437467558 0xf3d043b0 gstquery.c:674:gst_query_new_custom creating new query 0xf3d3c400 accept-caps
05-09 19:57:51.049  2029  2224 D GStreamer+GST_PADS: 0:06:35.437502402 0xf3d043b0 gstpad.c:3882:gst_pad_query:<typefind:sink> doing query 0xf3d3c400 (accept-caps)
05-09 19:57:51.049  2029  2225 D GStreamer+GST_PADS: 0:06:35.437592037 0xf3d19ac0 gstpad.c:3745:push_sticky:<q:video_0> event stream-start was already received
05-09 19:57:51.049  2029  2224 D GStreamer+GST_PADS: 0:06:35.437621620 0xf3d043b0 gstpad.c:3035:gst_pad_query_accept_caps_default:<typefind:sink> query accept-caps accept-caps query: 0xf3d3c400, GstQueryAcceptCaps, caps=(GstCaps)"video/x-h264\,\ stream-format\=\(string\)avc\,\ alignment\=\(string\)au\,\ level\=\(string\)4\,\ profile\=\(string\)baseline\,\ codec_data\=\(buffer\)01428028ffe1000a27428028e54028016b2001000528de01ae20\,\ width\=\(int\)1280\,\ height\=\(int\)1440\,\ framerate\=\(fraction\)151/3\,\ pixel-aspect-ratio\=\(fraction\)1/1", result=(boolean)false;
05-09 19:57:51.049  2029  2225 D GStreamer+GST_PADS: 0:06:35.437652454 0xf3d19ac0 gstpad.c:3745:push_sticky:<q:video_0> event caps was already received
05-09 19:57:51.049  2029  2224 D GStreamer+GST_PERFORMANCE: 0:06:35.437676933 0xf3d043b0 gstpad.c:3050:gst_pad_query_accept_caps_default:<typefind:sink> fallback ACCEPT_CAPS query, consider implementing a specialized version
05-09 19:57:51.049  2029  2225 D GStreamer+GST_PADS: 0:06:35.437702714 0xf3d19ac0 gstpad.c:3745:push_sticky:<q:video_0> event segment was already received
05-09 19:57:51.049  2029  2224 D GStreamer+GST_CAPS: 0:06:35.437785214 0xf3d043b0 gstutils.c:2838:gst_pad_query_caps:<typefind:sink> get pad caps with filter video/x-h264, stream-format=(string)avc, alignment=(string)au, level=(string)4, profile=(string)baseline, codec_data=(buffer)01428028ffe1000a27428028e54028016b2001000528de01ae20, width=(int)1280, height=(int)1440, framerate=(fraction)151/3, pixel-aspect-ratio=(fraction)1/1
05-09 19:57:51.049  2029  2225 D GStreamer+GST_EVENT: 0:06:35.437801464 0xf3d19ac0 gstpad.c:5496:gst_pad_send_event_unchecked:<queue8:sink> have event type tag event: 0xf39225c8, time 99:99:99.999999999, seq-num 2004, GstTagList-stream, taglist=(taglist)"taglist\,\ video-codec\=\(string\)\"H.264\\\ /\\\ AVC\"\,\ bitrate\=\(uint\)16613142\,\ language-code\=\(string\)en\;";
05-09 19:57:51.049  2029  2224 D GStreamer+query: 0:06:35.437828964 0xf3d043b0 gstquery.c:674:gst_query_new_custom creating new query 0xf3ac6830 caps
05-09 19:57:51.049  2029  2225 D GStreamer+GST_PADS: 0:06:35.437843704 0xf3d19ac0 gstpad.c:5569:gst_pad_send_event_unchecked:<queue8:sink> sent event, ret ok
05-09 19:57:51.050  2029  2224 D GStreamer+GST_PADS: 0:06:35.437881829 0xf3d043b0 gstpad.c:3882:gst_pad_query:<typefind:sink> doing query 0xf3ac6830 (caps)
05-09 19:57:51.050  2029  2225 D GStreamer+GST_PADS: 0:06:35.437906412 0xf3d19ac0 gstpad.c:3765:push_sticky:<q:video_0> event tag marked received
05-09 19:57:51.050  2029  2224 D GStreamer+GST_CAPS: 0:06:35.438017350 0xf3d043b0 gstpad.c:3088:gst_pad_query_caps_default:<typefind:sink> query caps caps query: 0xf3ac6830, GstQueryCaps, filter=(GstCaps)"video/x-h264\,\ stream-format\=\(string\)avc\,\ alignment\=\(string\)au\,\ level\=\(string\)4\,\ profile\=\(string\)baseline\,\ codec_data\=\(buffer\)01428028ffe1000a27428028e54028016b2001000528de01ae20\,\ width\=\(int\)1280\,\ height\=\(int\)1440\,\ framerate\=\(fraction\)151/3\,\ pixel-aspect-ratio\=\(fraction\)1/1", caps=(GstCaps)"NULL";
05-09 19:57:51.050  2029  2225 D GStreamer+qtdemux: 0:06:35.438023339 0xf3d19ac0 qtdemux.c:936:gst_qtdemux_push_tags:<q> Sending global tags taglist, datetime=(datetime)2016-05-10T02:45:45Z, container-format=(string)"ISO\ MP4/M4A";
05-09 19:57:51.050  2029  2224 D GStreamer+GST_CAPS: 0:06:35.438061672 0xf3d043b0 gstpad.c:3111:gst_pad_query_caps_default:<typefind:sink> trying pad template caps
05-09 19:57:51.050  2029  2225 D GStreamer+GST_EVENT: 0:06:35.438071568 0xf3d19ac0 gstevent.c:302:gst_event_new_custom creating new event 0xf39224f0 tag 20510
05-09 19:57:51.050  2029  2225 D GStreamer+GST_PADS: 0:06:35.438107506 0xf3d19ac0 gstpad.c:3813:check_sticky:<q:video_0> pushing all sticky events
05-09 19:57:51.050  2029  2225 D GStreamer+GST_PADS: 0:06:35.438156725 0xf3d19ac0 gstpad.c:3745:push_sticky:<q:video_0> event stream-start was already received
05-09 19:57:51.050  2029  2224 D GStreamer+GST_CAPS: 0:06:35.438173443 0xf3d043b0 gstpad.c:3135:gst_pad_query_caps_default:<typefind:sink> using caps 0xf3610b18 ANY with filter 0xf3b49450 video/x-h264, stream-format=(string)avc, alignment=(string)au, level=(string)4, profile=(string)baseline, codec_data=(buffer)01428028ffe1000a27428028e54028016b2001000528de01ae20, width=(int)1280, height=(int)1440, framerate=(fraction)151/3, pixel-aspect-ratio=(fraction)1/1
05-09 19:57:51.050  2029  2225 D GStreamer+GST_PADS: 0:06:35.438203652 0xf3d19ac0 gstpad.c:3745:push_sticky:<q:video_0> event caps was already received
05-09 19:57:51.050  2029  2225 D GStreamer+GST_PADS: 0:06:35.438246412 0xf3d19ac0 gstpad.c:3745:push_sticky:<q:video_0> event segment was already received
05-09 19:57:51.050  2029  2224 D GStreamer+GST_CAPS: 0:06:35.438276516 0xf3d043b0 gstpad.c:3138:gst_pad_query_caps_default:<typefind:sink> result 0xf3b49450 video/x-h264, stream-format=(string)avc, alignment=(string)au, level=(string)4, profile=(string)baseline, codec_data=(buffer)01428028ffe1000a27428028e54028016b2001000528de01ae20, width=(int)1280, height=(int)1440, framerate=(fraction)151/3, pixel-aspect-ratio=(fraction)1/1
05-09 19:57:51.050  2029  2225 D GStreamer+GST_PADS: 0:06:35.438297193 0xf3d19ac0 gstpad.c:3745:push_sticky:<q:video_0> event tag was already received
05-09 19:57:51.050  2029  2224 D GStreamer+GST_PADS: 0:06:35.438324433 0xf3d043b0 gstpad.c:3339:gst_pad_query_default:<typefind:sink> not forwarding 0xf3ac6830 (caps) query
05-09 19:57:51.050  2029  2224 D GStreamer+GST_PADS: 0:06:35.438384016 0xf3d043b0 gstpad.c:3905:gst_pad_query:<typefind:sink> sent query 0xf3ac6830 (caps), result 1
05-09 19:57:51.050  2029  2225 D GStreamer+GST_EVENT: 0:06:35.438400162 0xf3d19ac0 gstpad.c:5496:gst_pad_send_event_unchecked:<queue8:sink> have event type tag event: 0xf39224f0, time 99:99:99.999999999, seq-num 2005, GstTagList-global, taglist=(taglist)"taglist\,\ datetime\=\(datetime\)2016-05-10T02:45:45Z\,\ container-format\=\(string\)\"ISO\\\ MP4/M4A\"\;";
05-09 19:57:51.050  2029  2225 D GStreamer+GST_PADS: 0:06:35.438438547 0xf3d19ac0 gstpad.c:5569:gst_pad_send_event_unchecked:<queue8:sink> sent event, ret ok
05-09 19:57:51.050  2029  2224 D GStreamer+GST_CAPS: 0:06:35.438476516 0xf3d043b0 gstutils.c:2845:gst_pad_query_caps:<typefind:sink> query returned video/x-h264, stream-format=(string)avc, alignment=(string)au, level=(string)4, profile=(string)baseline, codec_data=(buffer)01428028ffe1000a27428028e54028016b2001000528de01ae20, width=(int)1280, height=(int)1440, framerate=(fraction)151/3, pixel-aspect-ratio=(fraction)1/1
05-09 19:57:51.050  2029  2225 D GStreamer+GST_PADS: 0:06:35.438503756 0xf3d19ac0 gstpad.c:3765:push_sticky:<q:video_0> event tag marked received
05-09 19:57:51.050  2029  2225 D GStreamer+qtdemux: 0:06:35.438566881 0xf3d19ac0 qtdemux.c:4323:gst_qtdemux_activate_segment:<q:video_0> moving data pointer to 0:00:00.000000000, index: 0, pts 0:00:00.000000000
05-09 19:57:51.050  2029  2224 D GStreamer+GST_PADS: 0:06:35.438655787 0xf3d043b0 gstpad.c:3065:gst_pad_query_accept_caps_default:<typefind:sink> allowed caps subset video/x-h264, stream-format=(string)avc, alignment=(string)au, level=(string)4, profile=(string)baseline, codec_data=(buffer)01428028ffe1000a27428028e54028016b2001000528de01ae20, width=(int)1280, height=(int)1440, framerate=(fraction)151/3, pixel-aspect-ratio=(fraction)1/1, caps video/x-h264, stream-format=(string)avc, alignment=(string)au, level=(string)4, profile=(string)baseline, codec_data=(buffer)01428028ffe1000a27428028e54028016b2001000528de01ae20, width=(int)1280, height=(int)1440, framerate=(fraction)151/3, pixel-aspect-ratio=(fraction)1/1
05-09 19:57:51.050  2029  2224 D GStreamer+GST_PADS: 0:06:35.438706568 0xf3d043b0 gstpad.c:3339:gst_pad_query_default:<typefind:sink> not forwarding 0xf3d3c400 (accept-caps) query
05-09 19:57:51.050  2029  2224 D GStreamer+GST_PADS: 0:06:35.438751308 0xf3d043b0 gstpad.c:3905:gst_pad_query:<typefind:sink> sent query 0xf3d3c400 (accept-caps), result 1
05-09 19:57:51.050  2029  2224 D GStreamer+default: 0:06:35.438792089 0xf3d043b0 gstutils.c:2926:gst_pad_query_accept_caps:<typefind:sink> query returned 1
05-09 19:57:51.050  2029  2224 D GStreamer+typefind: 0:06:35.438834537 0xf3d043b0 gsttypefindelement.c:613:gst_type_find_element_sink_event:<typefind> got caps event in mode 1
05-09 19:57:51.051  2029  2224 D GStreamer+decodebin: 0:06:35.438952558 0xf3d043b0 gstdecodebin2.c:2832:type_found:<forhwgl> typefind found caps video/x-h264, stream-format=(string)avc, alignment=(string)au, level=(string)4, profile=(string)baseline, codec_data=(buffer)01428028ffe1000a27428028e54028016b2001000528de01ae20, width=(int)1280, height=(int)1440, framerate=(fraction)151/3, pixel-aspect-ratio=(fraction)1/1
05-09 19:57:51.051  2029  2224 I GStreamer+GST_ELEMENT_PADS: 0:06:35.439119902 0xf3d043b0 gstelement.c:907:gst_element_get_static_pad found pad typefind:src
05-09 19:57:51.051  2029  2224 I GStreamer+GST_ELEMENT_PADS: 0:06:35.439168391 0xf3d043b0 gstelement.c:907:gst_element_get_static_pad found pad typefind:sink
05-09 19:57:51.051  2029  2224 D GStreamer+decodebin: 0:06:35.439215266 0xf3d043b0 gstdecodebin2.c:3511:gst_decode_chain_new:<forhwgl> Creating new chain 0xf3d6f9f0 with parent group 0x0
05-09 19:57:51.051  2029  2224 D GStreamer+decodebin: 0:06:35.439367454 0xf3d043b0 gstdecodebin2.c:1531:analyze_new_pad:<forhwgl> Pad typefind:src caps:video/x-h264, stream-format=(string)avc, alignment=(string)au, level=(string)4, profile=(string)baseline, codec_data=(buffer)01428028ffe1000a27428028e54028016b2001000528de01ae20, width=(int)1280, height=(int)1440, framerate=(fraction)151/3, pixel-aspect-ratio=(fraction)1/1
05-09 19:57:51.051  2029  2224 D GStreamer+decodebin: 0:06:35.439406308 0xf3d043b0 gstdecodebin2.c:5064:gst_decode_pad_new:<forhwgl> making new decodepad
05-09 19:57:51.051  2029  2224 D GStreamer+GST_PADS: 0:06:35.439500266 0xf3d043b0 gstpad.c:1940:gst_pad_set_iterate_internal_links_function_full:<GstProxyPad@0xf3e8e0a8> internal link iterator set to gst_proxy_pad_iterate_internal_links_default
05-09 19:57:51.051  2029  2224 D GStreamer+GST_PADS: 0:06:35.439542089 0xf3d043b0 gstpad.c:1685:gst_pad_set_activatemode_function_full:<GstGhostPad@0xf3e8e0a8> activatemodefunc set to gst_ghost_pad_activate_mode_default
05-09 19:57:51.051  2029  2224 D GStreamer+GST_PADS: 0:06:35.439609381 0xf3d043b0 gstpad.c:1793:gst_pad_set_getrange_function_full:<'':decodepad4> getrangefunc set to gst_proxy_pad_getrange_default
