05-09 19:57:51.323  2029  2216 D GStreamer+GST_BUS: 0:06:35.711135370 0xf3d321c0 gstbus.c:794:gst_bus_source_dispatch:<bus19> source 0xf39d9b18 handler returns 1
05-09 19:57:51.323  2029  2235 D GStreamer+bin: 0:06:35.711154745 0xf3d04180 gstbin.c:882:find_message:<pipeline3> no message found matching types 00100000
05-09 19:57:51.323  2029  2235 D GStreamer+bin: 0:06:35.711193704 0xf3d04180 gstbin.c:889:find_message:<pipeline3>   async-start
05-09 19:57:51.323  2029  2223 D GStreamer+GST_PADS: 0:06:35.711209381 0xf3d03e90 gstpad.c:3745:push_sticky:<glcolorconvertelement3:src> event caps was already received
05-09 19:57:51.323  2029  2223 D GStreamer+GST_PADS: 0:06:35.711252089 0xf3d03e90 gstpad.c:3745:push_sticky:<glcolorconvertelement3:src> event segment was already received
05-09 19:57:51.323  2029  2223 D GStreamer+GST_EVENT: 0:06:35.711325839 0xf3d03e90 gstpad.c:5496:gst_pad_send_event_unchecked:<glcolorbalance3:sink> have event type tag event: 0xf3d5ad08, time 99:99:99.999999999, seq-num 2076, GstTagList-stream, taglist=(taglist)"taglist\,\ video-codec\=\(string\)\"H.264\\\ \\\(Baseline\\\ Profile\\\)\"\,\ bitrate\=\(uint\)16613142\,\ language-code\=\(string\)en\;";
05-09 19:57:51.323  2029  2235 D GStreamer+bin: 0:06:35.711428704 0xf3d04180 gstbin.c:2411:gst_bin_element_set_state:<pipeline3> setting element forhalffps to PLAYING, base_time 70:05:58.376609981
05-09 19:57:51.323  2029  2223 D GStreamer+GST_PADS: 0:06:35.711479589 0xf3d03e90 gstpad.c:3813:check_sticky:<glcolorbalance3:src> pushing all sticky events
05-09 19:57:51.323  2029  2235 D GStreamer+GST_STATES: 0:06:35.711505891 0xf3d04180 gstelement.c:2523:gst_element_set_state_func:<forhalffps> set_state to PLAYING
05-09 19:57:51.323  2029  2223 D GStreamer+GST_PADS: 0:06:35.711523391 0xf3d03e90 gstpad.c:3745:push_sticky:<glcolorbalance3:src> event stream-start was already received
05-09 19:57:51.323  2029  2235 D GStreamer+GST_STATES: 0:06:35.711546985 0xf3d04180 gstelement.c:2548:gst_element_set_state_func:<forhalffps> setting target state to PLAYING
05-09 19:57:51.323  2029  2223 D GStreamer+GST_PADS: 0:06:35.711566099 0xf3d03e90 gstpad.c:3745:push_sticky:<glcolorbalance3:src> event caps was already received
05-09 19:57:51.323  2029  2235 D GStreamer+GST_STATES: 0:06:35.711595110 0xf3d04180 gstelement.c:2561:gst_element_set_state_func:<forhalffps> current PAUSED, old_pending VOID_PENDING, next VOID_PENDING, old return SUCCESS
05-09 19:57:51.323  2029  2223 D GStreamer+GST_PADS: 0:06:35.711607297 0xf3d03e90 gstpad.c:3745:push_sticky:<glcolorbalance3:src> event segment was already received
05-09 19:57:51.323  2029  2235 D GStreamer+GST_STATES: 0:06:35.711631829 0xf3d04180 gstelement.c:2595:gst_element_set_state_func:<forhalffps> final: setting state from PAUSED to PLAYING
05-09 19:57:51.323  2029  2235 D GStreamer+GST_STATES: 0:06:35.711678599 0xf3d04180 gstelement.c:2684:gst_element_change_state:<forhalffps> element changed state SUCCESS
05-09 19:57:51.323  2029  2223 D GStreamer+GST_EVENT: 0:06:35.711700839 0xf3d03e90 gstpad.c:5496:gst_pad_send_event_unchecked:<sink:sink> have event type tag event: 0xf3d5ad08, time 99:99:99.999999999, seq-num 2076, GstTagList-stream, taglist=(taglist)"taglist\,\ video-codec\=\(string\)\"H.264\\\ \\\(Baseline\\\ Profile\\\)\"\,\ bitrate\=\(uint\)16613142\,\ language-code\=\(string\)en\;";
05-09 19:57:51.323  2029  2235 I GStreamer+GST_STATES: 0:06:35.711721985 0xf3d04180 gstelement.c:2372:gst_element_continue_state:<forhalffps> completed state change to PLAYING
05-09 19:57:51.323  2029  2235 I GStreamer+GST_STATES: 0:06:35.711769485 0xf3d04180 gstelement.c:2277:_priv_gst_element_state_changed:<forhalffps> notifying about state-changed PAUSED to PLAYING (VOID_PENDING pending)
05-09 19:57:51.323  2029  2223 D GStreamer+basesink: 0:06:35.711794120 0xf3d03e90 gstbasesink.c:3232:gst_base_sink_event:<sink> received event 0xf3d5ad08 tag event: 0xf3d5ad08, time 99:99:99.999999999, seq-num 2076, GstTagList-stream, taglist=(taglist)"taglist\,\ video-codec\=\(string\)\"H.264\\\ \\\(Baseline\\\ Profile\\\)\"\,\ bitrate\=\(uint\)16613142\,\ language-code\=\(string\)en\;";
05-09 19:57:51.324  2029  2235 D GStreamer+GST_BUS: 0:06:35.711867245 0xf3d04180 gstbus.c:309:gst_bus_post:<bus18> [msg 0xf3acf008] posting on bus state-changed message: 0xf3acf008, time 99:99:99.999999999, seq-num 2106, element 'forhalffps', GstMessageStateChanged, old-state=(GstState)GST_STATE_PAUSED, new-state=(GstState)GST_STATE_PLAYING, pending-state=(GstState)GST_STATE_VOID_PENDING;
05-09 19:57:51.324  2029  2223 D GStreamer+GST_BUS: 0:06:35.711921152 0xf3d03e90 gstbus.c:309:gst_bus_post:<bus17> [msg 0xf3925318] posting on bus tag message: 0xf3925318, time 99:99:99.999999999, seq-num 2107, element 'sink', GstMessageTag, taglist=(taglist)"taglist\,\ video-codec\=\(string\)\"H.264\\\ \\\(Baseline\\\ Profile\\\)\"\,\ bitrate\=\(uint\)16613142\,\ language-code\=\(string\)en\;";
05-09 19:57:51.324  2029  2235 D GStreamer+bin: 0:06:35.711936933 0xf3d04180 gstbin.c:3528:gst_bin_handle_message_func:<pipeline3> [msg 0xf3acf008] handling child forhalffps message of type state-changed
05-09 19:57:51.324  2029  2223 D GStreamer+bin: 0:06:35.711971777 0xf3d03e90 gstbin.c:3528:gst_bin_handle_message_func:<glimagesinkbin3> [msg 0xf3925318] handling child sink message of type tag
05-09 19:57:51.324  2029  2235 D GStreamer+bin: 0:06:35.711990266 0xf3d04180 gstbin.c:3865:gst_bin_handle_message_func:<pipeline3> posting message upward
05-09 19:57:51.324  2029  2223 D GStreamer+bin: 0:06:35.712012558 0xf3d03e90 gstbin.c:3865:gst_bin_handle_message_func:<glimagesinkbin3> posting message upward
05-09 19:57:51.324  2029  2235 D GStreamer+GST_BUS: 0:06:35.712091308 0xf3d04180 gstbus.c:309:gst_bus_post:<bus19> [msg 0xf3acf008] posting on bus state-changed message: 0xf3acf008, time 99:99:99.999999999, seq-num 2106, element 'forhalffps', GstMessageStateChanged, old-state=(GstState)GST_STATE_PAUSED, new-state=(GstState)GST_STATE_PLAYING, pending-state=(GstState)GST_STATE_VOID_PENDING;
05-09 19:57:51.324  2029  2223 D GStreamer+GST_BUS: 0:06:35.712117193 0xf3d03e90 gstbus.c:309:gst_bus_post:<bus18> [msg 0xf3925318] posting on bus tag message: 0xf3925318, time 99:99:99.999999999, seq-num 2107, element 'sink', GstMessageTag, taglist=(taglist)"taglist\,\ video-codec\=\(string\)\"H.264\\\ \\\(Baseline\\\ Profile\\\)\"\,\ bitrate\=\(uint\)16613142\,\ language-code\=\(string\)en\;";
05-09 19:57:51.324  2029  2235 D GStreamer+GST_BUS: 0:06:35.712141308 0xf3d04180 gstbus.c:348:gst_bus_post:<bus19> [msg 0xf3acf008] pushing on async queue
05-09 19:57:51.324  2029  2223 D GStreamer+bin: 0:06:35.712167714 0xf3d03e90 gstbin.c:3528:gst_bin_handle_message_func:<pipeline3> [msg 0xf3925318] handling child sink message of type tag
05-09 19:57:51.324  2029  2235 D GStreamer+GST_BUS: 0:06:35.712196777 0xf3d04180 gstbus.c:351:gst_bus_post:<bus19> [msg 0xf3acf008] pushed on async queue
05-09 19:57:51.324  2029  2223 D GStreamer+bin: 0:06:35.712215058 0xf3d03e90 gstbin.c:3865:gst_bin_handle_message_func:<pipeline3> posting message upward
05-09 19:57:51.324  2029  2235 D GStreamer+GST_BUS: 0:06:35.712240683 0xf3d04180 gstbus.c:344:gst_bus_post:<bus18> [msg 0xf3acf008] dropped
05-09 19:57:51.324  2029  2216 D GStreamer+GST_BUS: 0:06:35.712276516 0xf3d321c0 gstbus.c:521:gst_bus_timed_pop_filtered:<bus19> got message 0xf3acf008, state-changed from forhalffps, type mask is 4294967295
05-09 19:57:51.324  2029  2223 D GStreamer+GST_BUS: 0:06:35.712344797 0xf3d03e90 gstbus.c:309:gst_bus_post:<bus19> [msg 0xf3925318] posting on bus tag message: 0xf3925318, time 99:99:99.999999999, seq-num 2107, element 'sink', GstMessageTag, taglist=(taglist)"taglist\,\ video-codec\=\(string\)\"H.264\\\ \\\(Baseline\\\ Profile\\\)\"\,\ bitrate\=\(uint\)16613142\,\ language-code\=\(string\)en\;";
05-09 19:57:51.324  2029  2235 D GStreamer+GST_STATES: 0:06:35.712323964 0xf3d04180 gstelement.c:2607:gst_element_set_state_func:<forhalffps> returned SUCCESS
05-09 19:57:51.324  2029  2216 D GStreamer+GST_BUS: 0:06:35.712394172 0xf3d321c0 gstbus.c:789:gst_bus_source_dispatch:<bus19> source 0xf39d9b18 calling dispatch with state-changed message: 0xf3acf008, time 99:99:99.999999999, seq-num 2106, element 'forhalffps', GstMessageStateChanged, old-state=(GstState)GST_STATE_PAUSED, new-state=(GstState)GST_STATE_PLAYING, pending-state=(GstState)GST_STATE_VOID_PENDING;
05-09 19:57:51.324  2029  2223 D GStreamer+GST_BUS: 0:06:35.712412402 0xf3d03e90 gstbus.c:348:gst_bus_post:<bus19> [msg 0xf3925318] pushing on async queue
05-09 19:57:51.324  2029  2235 I GStreamer+GST_STATES: 0:06:35.712438704 0xf3d04180 gstbin.c:2764:gst_bin_change_state_func:<pipeline3> child 'forhalffps' changed state to 4(PLAYING) successfully
05-09 19:57:51.324  2029  2223 D GStreamer+GST_BUS: 0:06:35.712474120 0xf3d03e90 gstbus.c:351:gst_bus_post:<bus19> [msg 0xf3925318] pushed on async queue
05-09 19:57:51.324  2029  2235 D GStreamer+bin: 0:06:35.712485995 0xf3d04180 gstbin.c:2182:gst_bin_sort_iterator_next:<pipeline3> queue head gives queue9
05-09 19:57:51.324  2029  2223 D GStreamer+GST_BUS: 0:06:35.712511152 0xf3d03e90 gstbus.c:344:gst_bus_post:<bus18> [msg 0xf3925318] dropped
05-09 19:57:51.324  2029  2216 D GStreamer+GST_BUS: 0:06:35.712501047 0xf3d321c0 gstbus.c:794:gst_bus_source_dispatch:<bus19> source 0xf39d9b18 handler returns 1
05-09 19:57:51.324  2029  2235 D GStreamer+bin: 0:06:35.712523287 0xf3d04180 gstbin.c:882:find_message:<pipeline3> no message found matching types 00001000
05-09 19:57:51.324  2029  2223 D GStreamer+GST_BUS: 0:06:35.712559381 0xf3d03e90 gstbus.c:344:gst_bus_post:<bus17> [msg 0xf3925318] dropped
05-09 19:57:51.324  2029  2216 D GStreamer+GST_BUS: 0:06:35.712586256 0xf3d321c0 gstbus.c:521:gst_bus_timed_pop_filtered:<bus19> got message 0xf3925318, tag from sink, type mask is 4294967295
05-09 19:57:51.324  2029  2235 D GStreamer+bin: 0:06:35.712592193 0xf3d04180 gstbin.c:889:find_message:<pipeline3>   structure-change
05-09 19:57:51.324  2029  2223 D GStreamer+GST_PADS: 0:06:35.712604641 0xf3d03e90 gstpad.c:5569:gst_pad_send_event_unchecked:<sink:sink> sent event, ret ok
05-09 19:57:51.324  2029  2235 D GStreamer+bin: 0:06:35.712679381 0xf3d04180 gstbin.c:2098:update_degree:<pipeline3> change element forhwgl, degree 1->0, linked to queue9
05-09 19:57:51.324  2029  2223 D GStreamer+GST_PADS: 0:06:35.712664381 0xf3d03e90 gstpad.c:3765:push_sticky:<glcolorbalance3:src> event tag marked received
05-09 19:57:51.324  2029  2216 D GStreamer+GST_BUS: 0:06:35.712701568 0xf3d321c0 gstbus.c:789:gst_bus_source_dispatch:<bus19> source 0xf39d9b18 calling dispatch with tag message: 0xf3925318, time 99:99:99.999999999, seq-num 2107, element 'sink', GstMessageTag, taglist=(taglist)"taglist\,\ video-codec\=\(string\)\"H.264\\\ \\\(Baseline\\\ Profile\\\)\"\,\ bitrate\=\(uint\)16613142\,\ language-code\=\(string\)en\;";
05-09 19:57:51.324  2029  2235 D GStreamer+bin: 0:06:35.712735422 0xf3d04180 gstbin.c:1981:add_to_queue:<pipeline3> adding 'forhwgl' to queue
05-09 19:57:51.324  2029  2223 D GStreamer+GST_PADS: 0:06:35.712750527 0xf3d03e90 gstpad.c:3745:push_sticky:<glcolorbalance3:src> event tag was already received
05-09 19:57:51.324  2029  2216 D GStreamer+GST_BUS: 0:06:35.712763131 0xf3d321c0 gstbus.c:794:gst_bus_source_dispatch:<bus19> source 0xf39d9b18 handler returns 1
05-09 19:57:51.324  2029  2235 I GStreamer+GST_STATES: 0:06:35.712795162 0xf3d04180 gstbin.c:2316:gst_bin_element_set_state:<queue9> current PAUSED pending VOID_PENDING, desired next PLAYING
05-09 19:57:51.324  2029  2223 D GStreamer+GST_PADS: 0:06:35.712811829 0xf3d03e90 gstpad.c:5569:gst_pad_send_event_unchecked:<glcolorbalance3:sink> sent event, ret ok
05-09 19:57:51.324  2029  2235 D GStreamer+bin: 0:06:35.712848183 0xf3d04180 gstbin.c:882:find_message:<pipeline3> no message found matching types 00100000
05-09 19:57:51.325  2029  2223 D GStreamer+GST_PADS: 0:06:35.712881568 0xf3d03e90 gstpad.c:3765:push_sticky:<glcolorconvertelement3:src> event tag marked received
05-09 19:57:51.325  2029  2235 D GStreamer+bin: 0:06:35.712907454 0xf3d04180 gstbin.c:889:find_message:<pipeline3>   async-start
05-09 19:57:51.325  2029  2223 D GStreamer+GST_PADS: 0:06:35.712933235 0xf3d03e90 gstpad.c:3745:push_sticky:<glcolorconvertelement3:src> event tag was already received
05-09 19:57:51.325  2029  2235 D GStreamer+bin: 0:06:35.712951829 0xf3d04180 gstbin.c:2411:gst_bin_element_set_state:<pipeline3> setting element queue9 to PLAYING, base_time 70:05:58.376609981
05-09 19:57:51.325  2029  2223 D GStreamer+GST_PADS: 0:06:35.712977349 0xf3d03e90 gstpad.c:5569:gst_pad_send_event_unchecked:<glcolorconvertelement3:sink> sent event, ret ok
05-09 19:57:51.325  2029  2235 D GStreamer+GST_STATES: 0:06:35.712995474 0xf3d04180 gstelement.c:2523:gst_element_set_state_func:<queue9> set_state to PLAYING
05-09 19:57:51.325  2029  2223 D GStreamer+GST_PADS: 0:06:35.713026204 0xf3d03e90 gstpad.c:3765:push_sticky:<gluploadelement3:src> event tag marked received
05-09 19:57:51.325  2029  2235 D GStreamer+GST_STATES: 0:06:35.713042454 0xf3d04180 gstelement.c:2548:gst_element_set_state_func:<queue9> setting target state to PLAYING
05-09 19:57:51.325  2029  2223 D GStreamer+GST_PADS: 0:06:35.713065787 0xf3d03e90 gstpad.c:3745:push_sticky:<gluploadelement3:src> event tag was already received
05-09 19:57:51.325  2029  2235 D GStreamer+GST_STATES: 0:06:35.713090214 0xf3d04180 gstelement.c:2561:gst_element_set_state_func:<queue9> current PAUSED, old_pending VOID_PENDING, next VOID_PENDING, old return SUCCESS
05-09 19:57:51.325  2029  2223 D GStreamer+GST_PADS: 0:06:35.713114172 0xf3d03e90 gstpad.c:5569:gst_pad_send_event_unchecked:<gluploadelement3:sink> sent event, ret ok
05-09 19:57:51.325  2029  2235 D GStreamer+GST_STATES: 0:06:35.713126985 0xf3d04180 gstelement.c:2595:gst_element_set_state_func:<queue9> final: setting state from PAUSED to PLAYING
05-09 19:57:51.325  2029  2223 D GStreamer+GST_PADS: 0:06:35.713161047 0xf3d03e90 gstpad.c:3765:push_sticky:<sink:proxypad13> event tag marked received
05-09 19:57:51.325  2029  2235 D GStreamer+GST_STATES: 0:06:35.713177818 0xf3d04180 gstelement.c:2684:gst_element_change_state:<queue9> element changed state SUCCESS
05-09 19:57:51.325  2029  2223 D GStreamer+GST_PADS: 0:06:35.713205995 0xf3d03e90 gstpad.c:3745:push_sticky:<sink:proxypad13> event tag was already received
05-09 19:57:51.325  2029  2235 I GStreamer+GST_STATES: 0:06:35.713222037 0xf3d04180 gstelement.c:2372:gst_element_continue_state:<queue9> completed state change to PLAYING
05-09 19:57:51.325  2029  2223 D GStreamer+GST_PADS: 0:06:35.713249433 0xf3d03e90 gstpad.c:5569:gst_pad_send_event_unchecked:<glimagesinkbin3:sink> sent event, ret ok
05-09 19:57:51.325  2029  2235 I GStreamer+GST_STATES: 0:06:35.713263235 0xf3d04180 gstelement.c:2277:_priv_gst_element_state_changed:<queue9> notifying about state-changed PAUSED to PLAYING (VOID_PENDING pending)
05-09 19:57:51.325  2029  2223 D GStreamer+GST_PADS: 0:06:35.713295839 0xf3d03e90 gstpad.c:3765:push_sticky:<forhalffps:src> event tag marked received
05-09 19:57:51.325  2029  2223 D GStreamer+GST_PADS: 0:06:35.713348495 0xf3d03e90 gstpad.c:3745:push_sticky:<forhalffps:src> event tag was already received
05-09 19:57:51.325  2029  2235 D GStreamer+GST_BUS: 0:06:35.713365579 0xf3d04180 gstbus.c:309:gst_bus_post:<bus18> [msg 0xf3ac0ac0] posting on bus state-changed message: 0xf3ac0ac0, time 99:99:99.999999999, seq-num 2108, element 'queue9', GstMessageStateChanged, old-state=(GstState)GST_STATE_PAUSED, new-state=(GstState)GST_STATE_PLAYING, pending-state=(GstState)GST_STATE_VOID_PENDING;
05-09 19:57:51.325  2029  2223 D GStreamer+GST_PADS: 0:06:35.713389693 0xf3d03e90 gstpad.c:5569:gst_pad_send_event_unchecked:<forhalffps:sink> sent event, ret ok
05-09 19:57:51.325  2029  2235 D GStreamer+bin: 0:06:35.713413756 0xf3d04180 gstbin.c:3528:gst_bin_handle_message_func:<pipeline3> [msg 0xf3ac0ac0] handling child queue9 message of type state-changed
05-09 19:57:51.325  2029  2235 D GStreamer+bin: 0:06:35.713449641 0xf3d04180 gstbin.c:3865:gst_bin_handle_message_func:<pipeline3> posting message upward
05-09 19:57:51.325  2029  2223 D GStreamer+GST_PADS: 0:06:35.713465214 0xf3d03e90 gstpad.c:3765:push_sticky:<queue9:src> event tag marked received
05-09 19:57:51.325  2029  2223 D GStreamer+GST_PADS: 0:06:35.713522558 0xf3d03e90 gstpad.c:3745:push_sticky:<queue9:src> event tag was already received
05-09 19:57:51.325  2029  2235 D GStreamer+GST_BUS: 0:06:35.713539485 0xf3d04180 gstbus.c:309:gst_bus_post:<bus19> [msg 0xf3ac0ac0] posting on bus state-changed message: 0xf3ac0ac0, time 99:99:99.999999999, seq-num 2108, element 'queue9', GstMessageStateChanged, old-state=(GstState)GST_STATE_PAUSED, new-state=(GstState)GST_STATE_PLAYING, pending-state=(GstState)GST_STATE_VOID_PENDING;
05-09 19:57:51.325  2029  2235 D GStreamer+GST_BUS: 0:06:35.713581985 0xf3d04180 gstbus.c:348:gst_bus_post:<bus19> [msg 0xf3ac0ac0] pushing on async queue
05-09 19:57:51.325  2029  2223 D GStreamer+GST_PADS: 0:06:35.713599277 0xf3d03e90 gstpad.c:3650:do_probe_callbacks:<forhalffps:sink> data is passed
05-09 19:57:51.325  2029  2230 D GStreamer+queue_dataflow: 0:06:35.713617037 0xf3ac6830 gstqueue.c:1204:gst_queue_chain_buffer_or_list:<queue9> queue is not full
05-09 19:57:51.325  2029  2235 D GStreamer+GST_BUS: 0:06:35.713632193 0xf3d04180 gstbus.c:351:gst_bus_post:<bus19> [msg 0xf3ac0ac0] pushed on async queue
05-09 19:57:51.325  2029  2216 D GStreamer+GST_BUS: 0:06:35.713716152 0xf3d321c0 gstbus.c:521:gst_bus_timed_pop_filtered:<bus19> got message 0xf3ac0ac0, state-changed from queue9, type mask is 4294967295
05-09 19:57:51.325  2029  2235 D GStreamer+GST_BUS: 0:06:35.713704954 0xf3d04180 gstbus.c:344:gst_bus_post:<bus18> [msg 0xf3ac0ac0] dropped
05-09 19:57:51.325  2029  2230 D GStreamer+GST_SCHEDULING: 0:06:35.713735631 0xf3ac6830 gstpad.c:4159:gst_pad_chain_data_unchecked:<queue9:sink> called chainfunction &gst_queue_chain with buffer 0xf39e6840, returned ok
05-09 19:57:51.325  2029  2235 D GStreamer+GST_STATES: 0:06:35.713803547 0xf3d04180 gstelement.c:2607:gst_element_set_state_func:<queue9> returned SUCCESS
05-09 19:57:51.326  2029  2223 D GStreamer+GST_CAPS: 0:06:35.713819693 0xf3d03e90 gstpad.c:2648:gst_pad_get_current_caps:<forhalffps:sink> get current pad caps video/x-raw(memory:GLMemory), format=(string)RGBA, width=(int)1280, height=(int)1440, interlace-mode=(string)progressive, pixel-aspect-ratio=(fraction)1/1, colorimetry=(string)sRGB, framerate=(fraction)151/3, texture-target=(string)external-oes
05-09 19:57:51.326  2029  2230 D GStreamer+GST_SCHEDULING: 0:06:35.713884902 0xf3ac6830 gstpad.c:4159:gst_pad_chain_data_unchecked:<src_0:proxypad14> called chainfunction &gst_proxy_pad_chain_default with buffer 0xf39e6840, returned ok
05-09 19:57:51.326  2029  2235 I GStreamer+GST_STATES: 0:06:35.713904172 0xf3d04180 gstbin.c:2764:gst_bin_change_state_func:<pipeline3> child 'queue9' changed state to 4(PLAYING) successfully
05-09 19:57:51.326  2029  2216 D GStreamer+GST_BUS: 0:06:35.713930318 0xf3d321c0 gstbus.c:789:gst_bus_source_dispatch:<bus19> source 0xf39d9b18 calling dispatch with state-changed message: 0xf3ac0ac0, time 99:99:99.999999999, seq-num 2108, element 'queue9', GstMessageStateChanged, old-state=(GstState)GST_STATE_PAUSED, new-state=(GstState)GST_STATE_PLAYING, pending-state=(GstState)GST_STATE_VOID_PENDING;
05-09 19:57:51.326  2029  2230 D GStreamer+amcvideodec: 0:06:35.713965943 0xf3ac6830 gstamcvideodec.c:1519:gst_amc_video_dec_loop:<amcvideodec-omxnvidiah264decode2> Finished frame: ok
05-09 19:57:51.326  2029  2235 D GStreamer+bin: 0:06:35.713977297 0xf3d04180 gstbin.c:2182:gst_bin_sort_iterator_next:<pipeline3> queue head gives forhwgl
05-09 19:57:51.326  2029  2223 D GStreamer+query: 0:06:35.713992818 0xf3d03e90 gstquery.c:674:gst_query_new_custom creating new query 0xf3b00c90 position
05-09 19:57:51.326  2029  2216 D GStreamer+GST_BUS: 0:06:35.714012922 0xf3d321c0 gstbus.c:794:gst_bus_source_dispatch:<bus19> source 0xf39d9b18 handler returns 1
05-09 19:57:51.326  2029  2235 D GStreamer+bin: 0:06:35.714035058 0xf3d04180 gstbin.c:882:find_message:<pipeline3> no message found matching types 00001000
05-09 19:57:51.326  2029  2223 D GStreamer+GST_ELEMENT_PADS: 0:06:35.714051568 0xf3d03e90 gstelement.c:1698:gst_element_query send query on element pipeline3
05-09 19:57:51.326  2029  2230 D GStreamer+amcvideodec: 0:06:35.714069433 0xf3ac6830 gstamcvideodec.c:1240:gst_amc_video_dec_loop:<amcvideodec-omxnvidiah264decode2> Waiting for available output buffer
05-09 19:57:51.326  2029  2235 D GStreamer+bin: 0:06:35.714086829 0xf3d04180 gstbin.c:889:find_message:<pipeline3>   structure-change
05-09 19:57:51.326  2029  2235 D GStreamer+bin: 0:06:35.714132349 0xf3d04180 gstbin.c:2098:update_degree:<pipeline3> change element queue8, degree 1->0, linked to forhwgl
05-09 19:57:51.326  2029  2235 D GStreamer+bin: 0:06:35.714169277 0xf3d04180 gstbin.c:1981:add_to_queue:<pipeline3> adding 'queue8' to queue
05-09 19:57:51.326  2029  2223 D GStreamer+bin: 0:06:35.714240787 0xf3d03e90 gstbin.c:4176:gst_bin_query:<pipeline3> Sending query 0xf3b00c90 (type position) to sink children
05-09 19:57:51.326  2029  2224 D GStreamer+videodecoder: 0:06:35.714269120 0xf3d043b0 gstvideodecoder.c:3394:gst_video_decoder_decode_frame:<amcvideodec-omxnvidiah264decode2> PTS delta 0 ms
05-09 19:57:51.326  2029  2235 I GStreamer+GST_STATES: 0:06:35.714275422 0xf3d04180 gstbin.c:2316:gst_bin_element_set_state:<forhwgl> current PAUSED pending VOID_PENDING, desired next PLAYING
05-09 19:57:51.326  2029  2223 D GStreamer+GST_STATES: 0:06:35.714312610 0xf3d03e90 gstbin.c:1797:bin_element_is_sink:<pipeline3> child glimagesinkbin3 is sink
05-09 19:57:51.326  2029  2224 D GStreamer+amcvideodec: 0:06:35.714340318 0xf3d043b0 gstamcvideodec.c:2125:gst_amc_video_dec_handle_frame:<amcvideodec-omxnvidiah264decode2> Handling frame
05-09 19:57:51.326  2029  2235 D GStreamer+bin: 0:06:35.714356724 0xf3d04180 gstbin.c:882:find_message:<pipeline3> no message found matching types 00100000
05-09 19:57:51.326  2029  2235 D GStreamer+bin: 0:06:35.714397818 0xf3d04180 gstbin.c:889:find_message:<pipeline3>   async-start
05-09 19:57:51.326  2029  2223 D GStreamer+GST_ELEMENT_PADS: 0:06:35.714445318 0xf3d03e90 gstelement.c:1698:gst_element_query send query on element glimagesinkbin3
05-09 19:57:51.326  2029  2235 D GStreamer+bin: 0:06:35.714463235 0xf3d04180 gstbin.c:2411:gst_bin_element_set_state:<pipeline3> setting element forhwgl to PLAYING, base_time 70:05:58.376609981
05-09 19:57:51.326  2029  2223 D GStreamer+bin: 0:06:35.714501360 0xf3d03e90 gstbin.c:4176:gst_bin_query:<glimagesinkbin3> Sending query 0xf3b00c90 (type position) to sink children
05-09 19:57:51.326  2029  2235 D GStreamer+GST_STATES: 0:06:35.714521412 0xf3d04180 gstelement.c:2523:gst_element_set_state_func:<forhwgl> set_state to PLAYING
05-09 19:57:51.326  2029  2223 D GStreamer+GST_STATES: 0:06:35.714543912 0xf3d03e90 gstbin.c:1797:bin_element_is_sink:<glimagesinkbin3> child sink is sink
05-09 19:57:51.326  2029  2235 D GStreamer+GST_STATES: 0:06:35.714561724 0xf3d04180 gstelement.c:2548:gst_element_set_state_func:<forhwgl> setting target state to PLAYING
05-09 19:57:51.326  2029  2223 D GStreamer+GST_ELEMENT_PADS: 0:06:35.714587766 0xf3d03e90 gstelement.c:1698:gst_element_query send query on element sink
05-09 19:57:51.326  2029  2235 D GStreamer+GST_STATES: 0:06:35.714600318 0xf3d04180 gstelement.c:2561:gst_element_set_state_func:<forhwgl> current PAUSED, old_pending VOID_PENDING, next VOID_PENDING, old return SUCCESS
05-09 19:57:51.326  2029  2223 D GStreamer+basesink: 0:06:35.714638339 0xf3d03e90 gstbasesink.c:4795:default_element_query:<sink> position query in format default
05-09 19:57:51.326  2029  2235 D GStreamer+GST_STATES: 0:06:35.714657245 0xf3d04180 gstelement.c:2595:gst_element_set_state_func:<forhwgl> final: setting state from PAUSED to PLAYING
05-09 19:57:51.326  2029  2223 D GStreamer+basesink: 0:06:35.714697974 0xf3d03e90 gstbasesink.c:4587:gst_base_sink_get_position:<sink> using clock and base time 70:05:58.376609981
05-09 19:57:51.326  2029  2235 D GStreamer+GST_STATES: 0:06:35.714709485 0xf3d04180 gstbin.c:2664:gst_bin_change_state_func:<forhwgl> changing state of children from PAUSED to PLAYING
05-09 19:57:51.326  2029  2235 D GStreamer+bin: 0:06:35.714749485 0xf3d04180 gstbin.c:2195:gst_bin_sort_iterator_resync:<forhwgl> resync
05-09 19:57:51.326  2029  2223 D GStreamer+basesink: 0:06:35.714756047 0xf3d03e90 gstbasesink.c:4622:gst_base_sink_get_position:<sink> in PLAYING using last 0:00:00.019867549
05-09 19:57:51.326  2029  2224 D GStreamer+amcvideodec: 0:06:35.714760735 0xf3d043b0 gstamcvideodec.c:2239:gst_amc_video_dec_handle_frame:<amcvideodec-omxnvidiah264decode2> Queueing buffer 5: size 51191 time 119333 flags 0x00000001
05-09 19:57:51.326  2029  2235 D GStreamer+bin: 0:06:35.714796256 0xf3d04180 gstbin.c:882:find_message:<forhwgl> no message found matching types 00001000
05-09 19:57:51.326  2029  2223 D GStreamer+GST_CLOCK: 0:06:35.714810527 0xf3d03e90 gstclock.c:1056:gst_clock_get_internal_time:<GstSystemClock> internal time 70:05:58.403913575
05-09 19:57:51.327  2029  2235 D GStreamer+bin: 0:06:35.714858704 0xf3d04180 gstbin.c:889:find_message:<forhwgl>   structure-change
05-09 19:57:51.327  2029  2235 D GStreamer+bin: 0:06:35.714940735 0xf3d04180 gstbin.c:2098:update_degree:<forhwgl> change element capsfilter3, degree 0->1, linked to amcvideodec-omxnvidiah264decode2
05-09 19:57:51.327  2029  2224 D GStreamer+GST_SCHEDULING: 0:06:35.714970943 0xf3d043b0 gstpad.c:4159:gst_pad_chain_data_unchecked:<amcvideodec-omxnvidiah264decode2:sink> called chainfunction &gst_video_decoder_chain with buffer 0xf39e38c8, returned ok
05-09 19:57:51.327  2029  2223 D GStreamer+GST_CLOCK: 0:06:35.714986829 0xf3d03e90 gstclock.c:1101:gst_clock_get_time:<GstSystemClock> adjusted time 70:05:58.403913575
05-09 19:57:51.327  2029  2235 D GStreamer+bin: 0:06:35.715006152 0xf3d04180 gstbin.c:882:find_message:<forhwgl> no message found matching types 00001000
05-09 19:57:51.327  2029  2235 D GStreamer+bin: 0:06:35.715055058 0xf3d04180 gstbin.c:889:find_message:<forhwgl>   structure-change
05-09 19:57:51.327  2029  2224 D GStreamer+GST_SCHEDULING: 0:06:35.715023131 0xf3d043b0 gstpad.c:4159:gst_pad_chain_data_unchecked:<capsfilter3:sink> called chainfunction &gst_base_transform_chain with buffer 0xf39e38c8, returned ok
05-09 19:57:51.327  2029  2223 D GStreamer+basesink: 0:06:35.715089485 0xf3d03e90 gstbasesink.c:4704:gst_base_sink_get_position:<sink> now 70:05:58.403913575 - base_time 70:05:58.376609981 - base 0:00:00.000000000 + time 0:00:00.000000000  last 0:00:00.019867549
05-09 19:57:51.327  2029  2224 D GStreamer+baseparse: 0:06:35.715128339 0xf3d043b0 gstbaseparse.c:3153:gst_base_parse_chain:<h264parse3> not enough data available (only 0 bytes)
05-09 19:57:51.327  2029  2235 D GStreamer+bin: 0:06:35.715139433 0xf3d04180 gstbin.c:2098:update_degree:<forhwgl> change element h264parse3, degree 0->1, linked to capsfilter3
05-09 19:57:51.327  2029  2223 D GStreamer+query: 0:06:35.715156516 0xf3d03e90 gstquery.c:674:gst_query_new_custom creating new query 0xf37ecf80 convert
05-09 19:57:51.327  2029  2224 D GStreamer+GST_SCHEDULING: 0:06:35.715187506 0xf3d043b0 gstpad.c:4159:gst_pad_chain_data_unchecked:<h264parse3:sink> called chainfunction &gst_base_parse_chain with buffer 0xf39e2b38, returned ok
05-09 19:57:51.327  2029  2223 D GStreamer+GST_PADS: 0:06:35.715217193 0xf3d03e90 gstpad.c:3882:gst_pad_query:<sink:sink> doing query 0xf37ecf80 (convert)
05-09 19:57:51.327  2029  2235 D GStreamer+bin: 0:06:35.715233287 0xf3d04180 gstbin.c:882:find_message:<forhwgl> no message found matching types 00001000
05-09 19:57:51.327  2029  2224 D GStreamer+GST_SCHEDULING: 0:06:35.715276933 0xf3d043b0 gstpad.c:4159:gst_pad_chain_data_unchecked:<typefind:sink> called chainfunction &gst_type_find_element_chain with buffer 0xf39e2b38, returned ok
05-09 19:57:51.327  2029  2235 D GStreamer+bin: 0:06:35.715287922 0xf3d04180 gstbin.c:889:find_message:<forhwgl>   structure-change
05-09 19:57:51.327  2029  2223 D GStreamer+GST_PADS: 0:06:35.715303339 0xf3d03e90 gstpad.c:3339:gst_pad_query_default:<sink:sink> forwarding 0xf37ecf80 (convert) query
05-09 19:57:51.327  2029  2224 D GStreamer+GST_SCHEDULING: 0:06:35.715344224 0xf3d043b0 gstpad.c:4159:gst_pad_chain_data_unchecked:<forhwgl:sink> called chainfunction &gst_proxy_pad_chain_default with buffer 0xf39e2b38, returned ok
05-09 19:57:51.327  2029  2223 D GStreamer+GST_PADS: 0:06:35.715361047 0xf3d03e90 gstpad.c:2803:gst_pad_iterate_internal_links_default:<sink:sink> Making iterator
05-09 19:57:51.327  2029  2235 D GStreamer+bin: 0:06:35.715377766 0xf3d04180 gstbin.c:2098:update_degree:<forhwgl> change element typefind, degree 0->1, linked to h264parse3
05-09 19:57:51.327  2029  2223 D GStreamer+GST_PADS: 0:06:35.715422245 0xf3d03e90 gstpad.c:3905:gst_pad_query:<sink:sink> sent query 0xf37ecf80 (convert), result 0
05-09 19:57:51.327  2029  2225 D GStreamer+queue_dataflow: 0:06:35.715492402 0xf3d19ac0 gstqueue.c:1204:gst_queue_chain_buffer_or_list:<queue8> queue is not full
05-09 19:57:51.327  2029  2223 D GStreamer+GST_PADS: 0:06:35.715498495 0xf3d03e90 gstpad.c:3950:gst_pad_query:<sink:sink> query failed
05-09 19:57:51.327  2029  2235 D GStreamer+bin: 0:06:35.715504277 0xf3d04180 gstbin.c:882:find_message:<forhwgl> no message found matching types 00001000
05-09 19:57:51.327  2029  2235 D GStreamer+bin: 0:06:35.715565787 0xf3d04180 gstbin.c:889:find_message:<forhwgl>   structure-change
05-09 19:57:51.327  2029  2225 D GStreamer+GST_SCHEDULING: 0:06:35.715575006 0xf3d19ac0 gstpad.c:4159:gst_pad_chain_data_unchecked:<queue8:sink> called chainfunction &gst_queue_chain with buffer 0xf3b633f8, returned ok
05-09 19:57:51.327  2029  2235 D GStreamer+bin: 0:06:35.715601412 0xf3d04180 gstbin.c:2121:update_degree:<forhwgl> element typefind not linked on any sinkpads
05-09 19:57:51.327  2029  2225 D GStreamer+qtdemux: 0:06:35.715625839 0xf3d19ac0 qtdemux.c:7675:qtdemux_parse_samples:<q> parsing up to sample 58
05-09 19:57:51.327  2029  2235 D GStreamer+bin: 0:06:35.715647037 0xf3d04180 gstbin.c:2167:gst_bin_sort_iterator_next:<forhwgl> queue empty, next best: amcvideodec-omxnvidiah264decode2
05-09 19:57:51.327  2029  2225 D GStreamer+qtdemux: 0:06:35.715678860 0xf3d19ac0 qtdemux.c:7882:qtdemux_parse_samples:<q> sample 58: index 1, timestamp 0:00:01.173333333
05-09 19:57:51.327  2029  2223 D GStreamer+basesink: 0:06:35.715695266 0xf3d03e90 gstbasesink.c:4736:gst_base_sink_get_position:<sink> convert failed, try upstream
05-09 19:57:51.327  2029  2224 D GStreamer+GST_SCHEDULING: 0:06:35.715730579 0xf3d043b0 gstpad.c:4153:gst_pad_chain_data_unchecked:<forhwgl:sink> calling chainfunction &gst_proxy_pad_chain_default with buffer buffer: 0xf39e3968, pts 0:00:00.139000000, dts 0:00:00.139000000, dur 0:00:00.020000000, size 42510, offset none, offset_end none, flags 0x0
05-09 19:57:51.327  2029  2223 D GStreamer+basesink: 0:06:35.715744797 0xf3d03e90 gstbasesink.c:4717:gst_base_sink_get_position:<sink> res: 0, POSITION: 0:00:00.019867549
05-09 19:57:51.327  2029  2223 D GStreamer+GST_PADS: 0:06:35.715800527 0xf3d03e90 gstpad.c:4009:gst_pad_peer_query:<sink:sink> peer query 0xf3b00c90 (position)
05-09 19:57:51.327  2029  2224 D GStreamer+GST_SCHEDULING: 0:06:35.715823964 0xf3d043b0 gstpad.c:4153:gst_pad_chain_data_unchecked:<typefind:sink> calling chainfunction &gst_type_find_element_chain with buffer buffer: 0xf39e3968, pts 0:00:00.139000000, dts 0:00:00.139000000, dur 0:00:00.020000000, size 42510, offset none, offset_end none, flags 0x0
05-09 19:57:51.328  2029  2235 D GStreamer+bin: 0:06:35.715750214 0xf3d04180 gstbin.c:2182:gst_bin_sort_iterator_next:<forhwgl> queue head gives amcvideodec-omxnvidiah264decode2
05-09 19:57:51.328  2029  2223 D GStreamer+GST_PADS: 0:06:35.715854068 0xf3d03e90 gstpad.c:3882:gst_pad_query:<glcolorbalance3:src> doing query 0xf3b00c90 (position)
05-09 19:57:51.328  2029  2224 D GStreamer+GST_SCHEDULING: 0:06:35.716024537 0xf3d043b0 gstpad.c:4153:gst_pad_chain_data_unchecked:<h264parse3:sink> calling chainfunction &gst_base_parse_chain with buffer buffer: 0xf39e3968, pts 0:00:00.139000000, dts 0:00:00.139000000, dur 0:00:00.020000000, size 42510, offset none, offset_end none, flags 0x0
05-09 19:57:51.328  2029  2223 D GStreamer+GST_PADS: 0:06:35.716045110 0xf3d03e90 gstpad.c:4009:gst_pad_peer_query:<glcolorbalance3:sink> peer query 0xf3b00c90 (position)
05-09 19:57:51.328  2029  2225 D GStreamer+qtdemux: 0:06:35.716092454 0xf3d19ac0 qtdemux.c:7937:qtdemux_parse_samples:<q> samples at 58 is keyframe
05-09 19:57:51.328  2029  2235 D GStreamer+bin: 0:06:35.716081777 0xf3d04180 gstbin.c:882:find_message:<forhwgl> no message found matching types 00001000
05-09 19:57:51.328  2029  2223 D GStreamer+GST_PADS: 0:06:35.716111464 0xf3d03e90 gstpad.c:3882:gst_pad_query:<glcolorconvertelement3:src> doing query 0xf3b00c90 (position)
05-09 19:57:51.328  2029  2224 D GStreamer+baseparse: 0:06:35.716074589 0xf3d043b0 gstbaseparse.c:2985:gst_base_parse_chain:<h264parse3> chain
05-09 19:57:51.328  2029  2235 D GStreamer+bin: 0:06:35.716146672 0xf3d04180 gstbin.c:889:find_message:<forhwgl>   structure-change
05-09 19:57:51.328  2029  2223 D GStreamer+GST_PADS: 0:06:35.716176933 0xf3d03e90 gstpad.c:4009:gst_pad_peer_query:<glcolorconvertelement3:sink> peer query 0xf3b00c90 (position)
05-09 19:57:51.328  2029  2235 D GStreamer+bin: 0:06:35.716224589 0xf3d04180 gstbin.c:2098:update_degree:<forhwgl> change element capsfilter3, degree 1->0, linked to amcvideodec-omxnvidiah264decode2
05-09 19:57:51.328  2029  2225 D GStreamer+qtdemux: 0:06:35.716235891 0xf3d19ac0 qtdemux.c:5197:gst_qtdemux_loop_state_movie:<q> pushing from stream 0, empty 0 offset 2455254, size 39876, dts=0:00:01.173333333, pts=0:00:01.173333333, duration 0:00:00.020000000
05-09 19:57:51.328   993  2231 D NvOsDebugPrintf: TVMR: cctx->bAbortInputBuffer = 0, cctx->bEOSAbortOutputBuffer = 0 
05-09 19:57:51.328  2029  2223 D GStreamer+GST_PADS: 0:06:35.716255162 0xf3d03e90 gstpad.c:3882:gst_pad_query:<gluploadelement3:src> doing query 0xf3b00c90 (position)
05-09 19:57:51.328  2029  2235 D GStreamer+bin: 0:06:35.716266933 0xf3d04180 gstbin.c:1981:add_to_queue:<forhwgl> adding 'capsfilter3' to queue
05-09 19:57:51.328  2029  2235 I GStreamer+GST_STATES: 0:06:35.716321933 0xf3d04180 gstbin.c:2316:gst_bin_element_set_state:<amcvideodec-omxnvidiah264decode2> current PAUSED pending VOID_PENDING, desired next PLAYING
05-09 19:57:51.328  2029  2224 D GStreamer+GST_PERFORMANCE: 0:06:35.716339329 0xf3d043b0 gstminiobject.c:326:gst_mini_object_make_writable copy GstBuffer miniobject 0xf39e3968 -> 0xf39e3a08
05-09 19:57:51.328  2029  2235 D GStreamer+bin: 0:06:35.716363495 0xf3d04180 gstbin.c:882:find_message:<forhwgl> no message found matching types 00100000
05-09 19:57:51.328  2029  2224 D GStreamer+codecparsers_h264: 0:06:35.716386152 0xf3d043b0 gsth264parser.c:253:gst_h264_parse_nalu_header Nal type 7, ref_idc 1
05-09 19:57:51.328  2029  2235 D GStreamer+bin: 0:06:35.716408704 0xf3d04180 gstbin.c:889:find_message:<forhwgl>   async-start
05-09 19:57:51.328  2029  2224 D GStreamer+h264parse: 0:06:35.716429433 0xf3d043b0 gsth264parse.c:981:gst_h264_parse_handle_frame_packetized:<h264parse3> AVC nal offset 14
05-09 19:57:51.328  2029  2235 D GStreamer+bin: 0:06:35.716461985 0xf3d04180 gstbin.c:2411:gst_bin_element_set_state:<forhwgl> setting element amcvideodec-omxnvidiah264decode2 to PLAYING, base_time 70:05:58.376609981
05-09 19:57:51.328  2029  2224 D GStreamer+h264parse: 0:06:35.716474902 0xf3d043b0 gsth264parse.c:716:gst_h264_parse_process_nal:<h264parse3> processing nal of type 7 SPS, size 10
05-09 19:57:51.328  2029  2235 D GStreamer+GST_STATES: 0:06:35.716499693 0xf3d04180 gstelement.c:2523:gst_element_set_state_func:<amcvideodec-omxnvidiah264decode2> set_state to PLAYING
05-09 19:57:51.328  2029  2225 D GStreamer+basesrc: 0:06:35.716502974 0xf3d19ac0 gstbasesrc.c:2355:gst_base_src_update_length:<filesrc3> reading offset 2455254, length 39876, size 16031303, segment.stop -1, maxsize 16031303
05-09 19:57:51.328  2029  2223 D GStreamer+GST_PADS: 0:06:35.716524797 0xf3d03e90 gstpad.c:4009:gst_pad_peer_query:<gluploadelement3:sink> peer query 0xf3b00c90 (position)
05-09 19:57:51.328  2029  2235 D GStreamer+GST_STATES: 0:06:35.716547193 0xf3d04180 gstelement.c:2548:gst_element_set_state_func:<amcvideodec-omxnvidiah264decode2> setting target state to PLAYING
05-09 19:57:51.328  2029  2225 D GStreamer+basesrc: 0:06:35.716565891 0xf3d19ac0 gstbasesrc.c:2456:gst_base_src_get_range:<filesrc3> calling create offset 2455254 length 39876, time 0
05-09 19:57:51.328  2029  2235 D GStreamer+GST_STATES: 0:06:35.716600318 0xf3d04180 gstelement.c:2561:gst_element_set_state_func:<amcvideodec-omxnvidiah264decode2> current PAUSED, old_pending VOID_PENDING, next VOID_PENDING, old return SUCCESS
05-09 19:57:51.328  2029  2225 D GStreamer+GST_MEMORY: 0:06:35.716648287 0xf3d19ac0 gstmemory.c:138:gst_memory_init new memory 0xf3c4d260, maxsize:39879 offset:0 size:39876
05-09 19:57:51.328  2029  2223 D GStreamer+GST_PADS: 0:06:35.716664485 0xf3d03e90 gstpad.c:3882:gst_pad_query:<sink:proxypad13> doing query 0xf3b00c90 (position)
05-09 19:57:51.328  2029  2235 D GStreamer+GST_STATES: 0:06:35.716682922 0xf3d04180 gstelement.c:2595:gst_element_set_state_func:<amcvideodec-omxnvidiah264decode2> final: setting state from PAUSED to PLAYING
05-09 19:57:51.328  2029  2223 D GStreamer+GST_PADS: 0:06:35.716714277 0xf3d03e90 gstpad.c:3339:gst_pad_query_default:<sink:proxypad13> forwarding 0xf3b00c90 (position) query
05-09 19:57:51.328  2029  2235 D GStreamer+amcvideodec: 0:06:35.716737037 0xf3d04180 gstamcvideodec.c:590:gst_amc_video_dec_change_state:<amcvideodec-omxnvidiah264decode2> changing state: PAUSED => PLAYING
05-09 19:57:51.328  2029  2223 D GStreamer+GST_PADS: 0:06:35.716774902 0xf3d03e90 gstpad.c:4009:gst_pad_peer_query:<glimagesinkbin3:sink> peer query 0xf3b00c90 (position)
05-09 19:57:51.328  2029  2235 D GStreamer+GST_STATES: 0:06:35.716796933 0xf3d04180 gstelement.c:2684:gst_element_change_state:<amcvideodec-omxnvidiah264decode2> element changed state SUCCESS
05-09 19:57:51.328  2029  2223 D GStreamer+GST_PADS: 0:06:35.716826985 0xf3d03e90 gstpad.c:3882:gst_pad_query:<forhalffps:src> doing query 0xf3b00c90 (position)
05-09 19:57:51.328  2029  2235 I GStreamer+GST_STATES: 0:06:35.716845995 0xf3d04180 gstelement.c:2372:gst_element_continue_state:<amcvideodec-omxnvidiah264decode2> completed state change to PLAYING
05-09 19:57:51.329  2029  2223 D GStreamer+GST_PADS: 0:06:35.716910527 0xf3d03e90 gstpad.c:4009:gst_pad_peer_query:<forhalffps:sink> peer query 0xf3b00c90 (position)
05-09 19:57:51.329  2029  2235 I GStreamer+GST_STATES: 0:06:35.716932454 0xf3d04180 gstelement.c:2277:_priv_gst_element_state_changed:<amcvideodec-omxnvidiah264decode2> notifying about state-changed PAUSED to PLAYING (VOID_PENDING pending)
05-09 19:57:51.329  2029  2223 D GStreamer+GST_PADS: 0:06:35.716956829 0xf3d03e90 gstpad.c:3650:do_probe_callbacks:<forhalffps:sink> data is passed
05-09 19:57:51.329  2029  2235 D GStreamer+GST_BUS: 0:06:35.717056985 0xf3d04180 gstbus.c:309:gst_bus_post:<bus16> [msg 0xf3d32770] posting on bus state-changed message: 0xf3d32770, time 99:99:99.999999999, seq-num 2109, element 'amcvideodec-omxnvidiah264decode2', GstMessageStateChanged, old-state=(GstState)GST_STATE_PAUSED, new-state=(GstState)GST_STATE_PLAYING, pending-state=(GstState)GST_STATE_VOID_PENDING;
05-09 19:57:51.329  2029  2223 D GStreamer+GST_PADS: 0:06:35.717008391 0xf3d03e90 gstpad.c:3882:gst_pad_query:<queue9:src> doing query 0xf3b00c90 (position)
05-09 19:57:51.329  2029  2235 D GStreamer+bin: 0:06:35.717116777 0xf3d04180 gstbin.c:3528:gst_bin_handle_message_func:<forhwgl> [msg 0xf3d32770] handling child amcvideodec-omxnvidiah264decode2 message of type state-changed
05-09 19:57:51.329  2029  2225 D GStreamer+basesrc: 0:06:35.717158547 0xf3d19ac0 gstbasesrc.c:2316:gst_base_src_do_sync:<filesrc3> no sync needed
05-09 19:57:51.329  2029  2235 D GStreamer+bin: 0:06:35.717176516 0xf3d04180 gstbin.c:3865:gst_bin_handle_message_func:<forhwgl> posting message upward
05-09 19:57:51.329  2029  2223 D GStreamer+GST_PADS: 0:06:35.717194329 0xf3d03e90 gstpad.c:3339:gst_pad_query_default:<queue9:src> forwarding 0xf3b00c90 (position) query
05-09 19:57:51.329  2029  2225 D GStreamer+basesrc: 0:06:35.717214954 0xf3d19ac0 gstbasesrc.c:2520:gst_base_src_get_range:<filesrc3> buffer ok
05-09 19:57:51.329  2029  2223 D GStreamer+GST_PADS: 0:06:35.717240422 0xf3d03e90 gstpad.c:2803:gst_pad_iterate_internal_links_default:<queue9:src> Making iterator
05-09 19:57:51.329  2029  2235 D GStreamer+GST_BUS: 0:06:35.717317037 0xf3d04180 gstbus.c:309:gst_bus_post:<bus18> [msg 0xf3d32770] posting on bus state-changed message: 0xf3d32770, time 99:99:99.999999999, seq-num 2109, element 'amcvideodec-omxnvidiah264decode2', GstMessageStateChanged, old-state=(GstState)GST_STATE_PAUSED, new-state=(GstState)GST_STATE_PLAYING, pending-state=(GstState)GST_STATE_VOID_PENDING;
05-09 19:57:51.329  2029  2223 D GStreamer+GST_PADS: 0:06:35.717327506 0xf3d03e90 gstpad.c:4009:gst_pad_peer_query:<queue9:sink> peer query 0xf3b00c90 (position)
05-09 19:57:51.329  2029  2235 D GStreamer+bin: 0:06:35.717367454 0xf3d04180 gstbin.c:3528:gst_bin_handle_message_func:<pipeline3> [msg 0xf3d32770] handling child amcvideodec-omxnvidiah264decode2 message of type state-changed
05-09 19:57:51.329  2029  2223 D GStreamer+GST_PADS: 0:06:35.717390370 0xf3d03e90 gstpad.c:3882:gst_pad_query:<forhwgl:src_0> doing query 0xf3b00c90 (position)
05-09 19:57:51.329  2029  2235 D GStreamer+bin: 0:06:35.717417037 0xf3d04180 gstbin.c:3865:gst_bin_handle_message_func:<pipeline3> posting message upward
05-09 19:57:51.329  2029  2223 D GStreamer+GST_PADS: 0:06:35.717438547 0xf3d03e90 gstpad.c:3650:do_probe_callbacks:<forhwgl:src_0> data is passed
05-09 19:57:51.329  2029  2230 D GStreamer+amcvideodec: 0:06:35.717513599 0xf3ac6830 gstamcvideodec.c:1250:gst_amc_video_dec_loop:<amcvideodec-omxnvidiah264decode2> dequeueOutputBuffer() returned 7 (0x7)
05-09 19:57:51.329  2029  2223 D GStreamer+GST_PADS: 0:06:35.717529016 0xf3d03e90 gstpad.c:3339:gst_pad_query_default:<forhwgl:src_0> forwarding 0xf3b00c90 (position) query
05-09 19:57:51.329  2029  2235 D GStreamer+GST_BUS: 0:06:35.717546516 0xf3d04180 gstbus.c:309:gst_bus_post:<bus19> [msg 0xf3d32770] posting on bus state-changed message: 0xf3d32770, time 99:99:99.999999999, seq-num 2109, element 'amcvideodec-omxnvidiah264decode2', GstMessageStateChanged, old-state=(GstState)GST_STATE_PAUSED, new-state=(GstState)GST_STATE_PLAYING, pending-state=(GstState)GST_STATE_VOID_PENDING;
05-09 19:57:51.329  2029  2225 D GStreamer+GST_SCHEDULING: 0:06:35.717355162 0xf3d19ac0 gstpad.c:4153:gst_pad_chain_data_unchecked:<queue8:sink> calling chainfunction &gst_queue_chain with buffer buffer: 0xf3d02bf0, pts 0:00:01.173333333, dts 0:00:01.173333333, dur 0:00:00.020000000, size 39876, offset none, offset_end none, flags 0x0
05-09 19:57:51.329  2029  2223 D GStreamer+GST_PADS: 0:06:35.717593027 0xf3d03e90 gstpad.c:4009:gst_pad_peer_query:<src_0:proxypad14> peer query 0xf3b00c90 (position)
05-09 19:57:51.329  2029  2235 D GStreamer+GST_BUS: 0:06:35.717603079 0xf3d04180 gstbus.c:348:gst_bus_post:<bus19> [msg 0xf3d32770] pushing on async queue
05-09 19:57:51.329  2029  2225 D GStreamer+queue_dataflow: 0:06:35.717638287 0xf3d19ac0 gstqueue.c:1196:gst_queue_chain_buffer_or_list:<queue8> queue is full, waiting for free space
05-09 19:57:51.329  2029  2223 D GStreamer+GST_PADS: 0:06:35.717654537 0xf3d03e90 gstpad.c:3882:gst_pad_query:<amcvideodec-omxnvidiah264decode2:src> doing query 0xf3b00c90 (position)
05-09 19:57:51.329  2029  2235 D GStreamer+GST_BUS: 0:06:35.717670422 0xf3d04180 gstbus.c:351:gst_bus_post:<bus19> [msg 0xf3d32770] pushed on async queue
05-09 19:57:51.329  2029  2230 D GStreamer+amcvideodec: 0:06:35.717574381 0xf3ac6830 gstamcvideodec.c:1306:gst_amc_video_dec_loop:<amcvideodec-omxnvidiah264decode2> Got output buffer at index 7: offset 0 size 8 time 99333 flags 0x00000000
05-09 19:57:51.329  2029  2223 D GStreamer+videodecoder: 0:06:35.717712089 0xf3d03e90 gstvideodecoder.c:1812:gst_video_decoder_src_query:<amcvideodec-omxnvidiah264decode2> received query 2563, position
05-09 19:57:51.329  2029  2235 D GStreamer+GST_BUS: 0:06:35.717738704 0xf3d04180 gstbus.c:344:gst_bus_post:<bus18> [msg 0xf3d32770] dropped
05-09 19:57:51.329  2029  2216 D GStreamer+GST_BUS: 0:06:35.717755683 0xf3d321c0 gstbus.c:521:gst_bus_timed_pop_filtered:<bus19> got message 0xf3d32770, state-changed from amcvideodec-omxnvidiah264decode2, type mask is 4294967295
05-09 19:57:51.329  2029  2223 D GStreamer+GST_PADS: 0:06:35.717798443 0xf3d03e90 gstpad.c:4009:gst_pad_peer_query:<amcvideodec-omxnvidiah264decode2:sink> peer query 0xf3b00c90 (position)
05-09 19:57:51.329  2029  2230 D GStreamer+GST_BUFFER: 0:06:35.717833599 0xf3ac6830 gstbuffer.c:2101:gst_buffer_add_meta alloc metadata 0xf3ad0c24 (GstGLSyncMeta) of size 52
05-09 19:57:51.329  2029  2235 D GStreamer+GST_BUS: 0:06:35.717810839 0xf3d04180 gstbus.c:344:gst_bus_post:<bus16> [msg 0xf3d32770] dropped
05-09 19:57:51.330  2029  2223 D GStreamer+GST_PADS: 0:06:35.717846881 0xf3d03e90 gstpad.c:3882:gst_pad_query:<capsfilter3:src> doing query 0xf3b00c90 (position)
05-09 19:57:51.330  2029  2230 D GStreamer+GST_BUFFER: 0:06:35.717894745 0xf3ac6830 gstbuffer.c:2101:gst_buffer_add_meta alloc metadata 0xf37f5a24 (GstVideoAffineTransformationMeta) of size 72
05-09 19:57:51.330  2029  2235 D GStreamer+GST_STATES: 0:06:35.717934016 0xf3d04180 gstelement.c:2607:gst_element_set_state_func:<amcvideodec-omxnvidiah264decode2> returned SUCCESS
05-09 19:57:51.330  2029  2224 D GStreamer+codecparsers_h264: 0:06:35.717984641 0xf3d043b0 gsth264parser.c:1776:gst_h264_parse_sps parsing SPS
05-09 19:57:51.330  2029  2223 D GStreamer+GST_PADS: 0:06:35.717979641 0xf3d03e90 gstpad.c:4009:gst_pad_peer_query:<capsfilter3:sink> peer query 0xf3b00c90 (position)
05-09 19:57:51.330  2029  2230 D GStreamer+amcvideodec: 0:06:35.717966464 0xf3ac6830 gstamcvideodec.c:1418:gst_amc_video_dec_loop:<amcvideodec-omxnvidiah264decode2> push GL frame 5
05-09 19:57:51.330  2029  2216 D GStreamer+GST_BUS: 0:06:35.718033652 0xf3d321c0 gstbus.c:789:gst_bus_source_dispatch:<bus19> source 0xf39d9b18 calling dispatch with state-changed message: 0xf3d32770, time 99:99:99.999999999, seq-num 2109, element 'amcvideodec-omxnvidiah264decode2', GstMessageStateChanged, old-state=(GstState)GST_STATE_PAUSED, new-state=(GstState)GST_STATE_PLAYING, pending-state=(GstState)GST_STATE_VOID_PENDING;
05-09 19:57:51.330  2029  2235 I GStreamer+GST_STATES: 0:06:35.718027141 0xf3d04180 gstbin.c:2764:gst_bin_change_state_func:<forhwgl> child 'amcvideodec-omxnvidiah264decode2' changed state to 4(PLAYING) successfully
05-09 19:57:51.330  2029  2223 D GStreamer+GST_PADS: 0:06:35.718064329 0xf3d03e90 gstpad.c:3882:gst_pad_query:<h264parse3:src> doing query 0xf3b00c90 (position)
05-09 19:57:51.330  2029  2230 D GStreamer+videodecoder: 0:06:35.718092922 0xf3ac6830 gstvideodecoder.c:2714:gst_video_decoder_prepare_finish_frame:<amcvideodec-omxnvidiah264decode2> sync timestamp 0:00:00.119333333 diff -0:00:00.119333333
05-09 19:57:51.330  2029  2216 D GStreamer+GST_BUS: 0:06:35.718111099 0xf3d321c0 gstbus.c:794:gst_bus_source_dispatch:<bus19> source 0xf39d9b18 handler returns 1
05-09 19:57:51.330  2029  2235 D GStreamer+bin: 0:06:35.718135943 0xf3d04180 gstbin.c:2182:gst_bin_sort_iterator_next:<forhwgl> queue head gives capsfilter3
05-09 19:57:51.330  2029  2230 D GStreamer+default: 0:06:35.718146256 0xf3ac6830 gstvideoutils.c:40:_gst_video_codec_frame_free free frame 0xf3abe540
05-09 19:57:51.330  2029  2223 D GStreamer+baseparse: 0:06:35.718170266 0xf3d03e90 gstbaseparse.c:1579:gst_base_parse_src_query:<h264parse3> position query: position query: 0xf3b00c90, GstQueryPosition, format=(GstFormat)GST_FORMAT_DEFAULT, current=(gint64)-1;
05-09 19:57:51.330  2029  2230 D GStreamer+GST_MEMORY: 0:06:35.718181672 0xf3ac6830 gstmemory.c:87:_gst_memory_free free memory 0xf3d6fae0
05-09 19:57:51.330  2029  2235 D GStreamer+bin: 0:06:35.718200162 0xf3d04180 gstbin.c:882:find_message:<forhwgl> no message found matching types 00001000
05-09 19:57:51.330  2029  2223 D GStreamer+baseparse: 0:06:35.718216516 0xf3d03e90 gstbaseparse.c:3992:gst_base_parse_src_query_default:<h264parse3> position query
05-09 19:57:51.330  2029  2230 D GStreamer+videodecoder: 0:06:35.718246933 0xf3ac6830 gstvideodecoder.c:3208:gst_video_decoder_clip_and_push_buf:<amcvideodec-omxnvidiah264decode2> pushing buffer 0xf39e3d28 of size 7372800, PTS 0:00:00.119333333, dur 0:00:00.019867549
05-09 19:57:51.330  2029  2235 D GStreamer+bin: 0:06:35.718263391 0xf3d04180 gstbin.c:889:find_message:<forhwgl>   structure-change
05-09 19:57:51.330  2029  2224 D GStreamer+codecparsers_h264: 0:06:35.718306672 0xf3d043b0 gsth264parser.c:1484:gst_h264_parser_parse_sps adding sequence parameter set with id: 0 to array
05-09 19:57:51.330  2029  2235 D GStreamer+bin: 0:06:35.718323860 0xf3d04180 gstbin.c:2098:update_degree:<forhwgl> change element h264parse3, degree 1->0, linked to capsfilter3
05-09 19:57:51.330  2029  2223 D GStreamer+GST_PADS: 0:06:35.718278391 0xf3d03e90 gstpad.c:3339:gst_pad_query_default:<h264parse3:src> forwarding 0xf3b00c90 (position) query
05-09 19:57:51.330  2029  2224 D GStreamer+h264parse: 0:06:35.718350787 0xf3d043b0 gsth264parse.c:737:gst_h264_parse_process_nal:<h264parse3> triggering src caps check
05-09 19:57:51.330  2029  2235 D GStreamer+bin: 0:06:35.718393183 0xf3d04180 gstbin.c:1981:add_to_queue:<forhwgl> adding 'h264parse3' to queue
05-09 19:57:51.330  2029  2224 D GStreamer+h264parse: 0:06:35.718404120 0xf3d043b0 gsth264parse.c:454:gst_h264_parser_store_nal:<h264parse3> storing sps 0
