05-09 19:57:51.221  2029  2223 D GStreamer+GST_EVENT: 0:06:35.609168443 0xf3d03e90 gstpad.c:5496:gst_pad_send_event_unchecked:<sink:sink> have event type stream-start event: 0xf3d338f8, time 99:99:99.999999999, seq-num 1998, GstEventStreamStart, stream-id=(string)f053c058b440b43524b277045893b30df4e765b8d037f3d09e4ccd970feb850c/001, flags=(GstStreamFlags)GST_STREAM_FLAG_NONE, group-id=(uint)4;
05-09 19:57:51.221  2029  2223 D GStreamer+basesink: 0:06:35.609229693 0xf3d03e90 gstbasesink.c:3232:gst_base_sink_event:<sink> received event 0xf3d338f8 stream-start event: 0xf3d338f8, time 99:99:99.999999999, seq-num 1998, GstEventStreamStart, stream-id=(string)f053c058b440b43524b277045893b30df4e765b8d037f3d09e4ccd970feb850c/001, flags=(GstStreamFlags)GST_STREAM_FLAG_NONE, group-id=(uint)4;
05-09 19:57:51.221  2029  2223 D GStreamer+basesink: 0:06:35.609264902 0xf3d03e90 gstbasesink.c:3118:gst_base_sink_default_event:<sink> Now posting STREAM_START (seqnum:1998)
05-09 19:57:51.221  2029  2223 D GStreamer+GST_BUS: 0:06:35.609322506 0xf3d03e90 gstbus.c:309:gst_bus_post:<bus17> [msg 0xf3ac0908] posting on bus stream-start message: 0xf3ac0908, time 99:99:99.999999999, seq-num 1998, element 'sink', GstMessageStreamStart, group-id=(uint)4;
05-09 19:57:51.221  2029  2223 D GStreamer+bin: 0:06:35.609361516 0xf3d03e90 gstbin.c:3528:gst_bin_handle_message_func:<glimagesinkbin3> [msg 0xf3ac0908] handling child sink message of type stream-start
05-09 19:57:51.221  2029  2223 D GStreamer+bin: 0:06:35.609396412 0xf3d03e90 gstbin.c:882:find_message:<glimagesinkbin3> no message found matching types 10000000
05-09 19:57:51.221  2029  2223 D GStreamer+bin: 0:06:35.609429641 0xf3d03e90 gstbin.c:889:find_message:<glimagesinkbin3>   stream-start
05-09 19:57:51.221  2029  2223 D GStreamer+bin: 0:06:35.609465370 0xf3d03e90 gstbin.c:929:bin_replace_message:<glimagesinkbin3> got new message 0xf3ac0908, stream-start from sink
05-09 19:57:51.221  2029  2223 D GStreamer+GST_STATES: 0:06:35.609500683 0xf3d03e90 gstbin.c:1797:bin_element_is_sink:<glimagesinkbin3> child sink is sink
05-09 19:57:51.221  2029  2223 D GStreamer+bin: 0:06:35.609536985 0xf3d03e90 gstbin.c:880:find_message:<glimagesinkbin3> we found a message 0xf3ac0908 from sink matching types 10000000
05-09 19:57:51.221  2029  2223 D GStreamer+bin: 0:06:35.609567037 0xf3d03e90 gstbin.c:1035:is_stream_start sink 'sink' posted STREAM_START
05-09 19:57:51.221  2029  2223 D GStreamer+GST_STATES: 0:06:35.609599902 0xf3d03e90 gstbin.c:1797:bin_element_is_sink:<glimagesinkbin3> child glcolorbalance3 is not sink
05-09 19:57:51.221  2029  2223 D GStreamer+GST_STATES: 0:06:35.609635266 0xf3d03e90 gstbin.c:1797:bin_element_is_sink:<glimagesinkbin3> child glcolorconvertelement3 is not sink
05-09 19:57:51.221  2029  2223 D GStreamer+GST_STATES: 0:06:35.609670266 0xf3d03e90 gstbin.c:1797:bin_element_is_sink:<glimagesinkbin3> child gluploadelement3 is not sink
05-09 19:57:51.221  2029  2223 D GStreamer+bin: 0:06:35.609704068 0xf3d03e90 gstbin.c:957:bin_remove_messages:<sink> deleting message 0xf3ac0908 of types 0x10000000
05-09 19:57:51.221  2029  2223 D GStreamer+bin: 0:06:35.609740370 0xf3d03e90 gstbin.c:963:bin_remove_messages:<sink> not deleting message 0xf3d43a18 of type 0x00100000
05-09 19:57:51.221  2029  2223 D GStreamer+bin: 0:06:35.609776047 0xf3d03e90 gstbin.c:3397:bin_do_stream_start:<glimagesinkbin3> all sinks posted STREAM_START, posting seqnum #1998
05-09 19:57:51.221  2029  2223 D GStreamer+GST_BUS: 0:06:35.609831620 0xf3d03e90 gstbus.c:309:gst_bus_post:<bus18> [msg 0xf3d325b8] posting on bus stream-start message: 0xf3d325b8, time 99:99:99.999999999, seq-num 1998, element 'glimagesinkbin3', GstMessageStreamStart, group-id=(uint)4;
05-09 19:57:51.222  2029  2223 D GStreamer+bin: 0:06:35.609879589 0xf3d03e90 gstbin.c:3528:gst_bin_handle_message_func:<pipeline3> [msg 0xf3d325b8] handling child glimagesinkbin3 message of type stream-start
05-09 19:57:51.222  2029  2223 D GStreamer+bin: 0:06:35.609916360 0xf3d03e90 gstbin.c:882:find_message:<pipeline3> no message found matching types 10000000
05-09 19:57:51.222  2029  2223 D GStreamer+bin: 0:06:35.609947870 0xf3d03e90 gstbin.c:889:find_message:<pipeline3>   stream-start
05-09 19:57:51.222  2029  2223 D GStreamer+bin: 0:06:35.609982922 0xf3d03e90 gstbin.c:929:bin_replace_message:<pipeline3> got new message 0xf3d325b8, stream-start from glimagesinkbin3
05-09 19:57:51.222  2029  2223 D GStreamer+GST_STATES: 0:06:35.610017297 0xf3d03e90 gstbin.c:1797:bin_element_is_sink:<pipeline3> child glimagesinkbin3 is sink
05-09 19:57:51.222  2029  2223 D GStreamer+bin: 0:06:35.610051516 0xf3d03e90 gstbin.c:880:find_message:<pipeline3> we found a message 0xf3d325b8 from glimagesinkbin3 matching types 10000000
05-09 19:57:51.222  2029  2223 D GStreamer+bin: 0:06:35.610080995 0xf3d03e90 gstbin.c:1035:is_stream_start sink 'glimagesinkbin3' posted STREAM_START
05-09 19:57:51.222  2029  2223 D GStreamer+GST_STATES: 0:06:35.610113652 0xf3d03e90 gstbin.c:1797:bin_element_is_sink:<pipeline3> child forhalffps is not sink
05-09 19:57:51.222  2029  2223 D GStreamer+GST_STATES: 0:06:35.610147506 0xf3d03e90 gstbin.c:1797:bin_element_is_sink:<pipeline3> child queue9 is not sink
05-09 19:57:51.222  2029  2223 D GStreamer+GST_STATES: 0:06:35.610180891 0xf3d03e90 gstbin.c:1797:bin_element_is_sink:<pipeline3> child forhwgl is not sink
05-09 19:57:51.222  2029  2223 D GStreamer+GST_STATES: 0:06:35.610214589 0xf3d03e90 gstbin.c:1797:bin_element_is_sink:<pipeline3> child queue8 is not sink
05-09 19:57:51.222  2029  2223 D GStreamer+GST_STATES: 0:06:35.610247662 0xf3d03e90 gstbin.c:1797:bin_element_is_sink:<pipeline3> child q is not sink
05-09 19:57:51.222  2029  2223 D GStreamer+GST_STATES: 0:06:35.610280579 0xf3d03e90 gstbin.c:1797:bin_element_is_sink:<pipeline3> child filesrc3 is not sink
05-09 19:57:51.222  2029  2223 D GStreamer+bin: 0:06:35.610314745 0xf3d03e90 gstbin.c:957:bin_remove_messages:<glimagesinkbin3> deleting message 0xf3d325b8 of types 0x10000000
05-09 19:57:51.222  2029  2223 D GStreamer+bin: 0:06:35.610349120 0xf3d03e90 gstbin.c:963:bin_remove_messages:<forhwgl> not deleting message 0xf3ab9dc8 of type 0x00200000
05-09 19:57:51.222  2029  2223 D GStreamer+bin: 0:06:35.610382766 0xf3d03e90 gstbin.c:963:bin_remove_messages:<glimagesinkbin3> not deleting message 0xf3ad4458 of type 0x00100000
05-09 19:57:51.222  2029  2223 D GStreamer+bin: 0:06:35.610418079 0xf3d03e90 gstbin.c:3397:bin_do_stream_start:<pipeline3> all sinks posted STREAM_START, posting seqnum #1998
05-09 19:57:51.222  2029  2223 D GStreamer+GST_BUS: 0:06:35.610471516 0xf3d03e90 gstbus.c:309:gst_bus_post:<bus19> [msg 0xf3ac0960] posting on bus stream-start message: 0xf3ac0960, time 99:99:99.999999999, seq-num 1998, element 'pipeline3', GstMessageStreamStart, group-id=(uint)4;
05-09 19:57:51.222  2029  2223 D GStreamer+GST_BUS: 0:06:35.610505058 0xf3d03e90 gstbus.c:348:gst_bus_post:<bus19> [msg 0xf3ac0960] pushing on async queue
05-09 19:57:51.222  2029  2223 D GStreamer+GST_BUS: 0:06:35.610547506 0xf3d03e90 gstbus.c:351:gst_bus_post:<bus19> [msg 0xf3ac0960] pushed on async queue
05-09 19:57:51.222  2029  2223 D GStreamer+GST_BUS: 0:06:35.610580110 0xf3d03e90 gstbus.c:344:gst_bus_post:<bus18> [msg 0xf3d325b8] dropped
05-09 19:57:51.222  2029  2223 D GStreamer+GST_BUS: 0:06:35.610613808 0xf3d03e90 gstbus.c:344:gst_bus_post:<bus17> [msg 0xf3ac0908] dropped
05-09 19:57:51.222  2029  2223 D GStreamer+GST_PADS: 0:06:35.610648808 0xf3d03e90 gstpad.c:5569:gst_pad_send_event_unchecked:<sink:sink> sent event, ret ok
05-09 19:57:51.222  2029  2223 D GStreamer+GST_PADS: 0:06:35.610685995 0xf3d03e90 gstpad.c:3765:push_sticky:<glcolorbalance3:src> event stream-start marked received
05-09 19:57:51.222  2029  2223 D GStreamer+GST_PADS: 0:06:35.610722558 0xf3d03e90 gstpad.c:5569:gst_pad_send_event_unchecked:<glcolorbalance3:sink> sent event, ret ok
05-09 19:57:51.222  2029  2223 D GStreamer+GST_PADS: 0:06:35.610759954 0xf3d03e90 gstpad.c:3765:push_sticky:<glcolorconvertelement3:src> event stream-start marked received
05-09 19:57:51.222  2029  2223 D GStreamer+GST_PADS: 0:06:35.610796152 0xf3d03e90 gstpad.c:5569:gst_pad_send_event_unchecked:<glcolorconvertelement3:sink> sent event, ret ok
05-09 19:57:51.222  2029  2223 D GStreamer+GST_PADS: 0:06:35.610833079 0xf3d03e90 gstpad.c:3765:push_sticky:<gluploadelement3:src> event stream-start marked received
05-09 19:57:51.223  2029  2223 D GStreamer+GST_PADS: 0:06:35.610876308 0xf3d03e90 gstpad.c:5569:gst_pad_send_event_unchecked:<gluploadelement3:sink> sent event, ret ok
05-09 19:57:51.223  2029  2223 D GStreamer+GST_PADS: 0:06:35.610916204 0xf3d03e90 gstpad.c:3765:push_sticky:<sink:proxypad13> event stream-start marked received
05-09 19:57:51.223  2029  2223 D GStreamer+GST_PADS: 0:06:35.610955475 0xf3d03e90 gstpad.c:5569:gst_pad_send_event_unchecked:<glimagesinkbin3:sink> sent event, ret ok
05-09 19:57:51.223  2029  2223 D GStreamer+GST_PADS: 0:06:35.610993183 0xf3d03e90 gstpad.c:3765:push_sticky:<forhalffps:src> event stream-start marked received
05-09 19:57:51.223  2029  2223 D GStreamer+GST_PADS: 0:06:35.611028964 0xf3d03e90 gstpad.c:5569:gst_pad_send_event_unchecked:<forhalffps:sink> sent event, ret ok
05-09 19:57:51.223  2029  2223 D GStreamer+GST_PADS: 0:06:35.611065943 0xf3d03e90 gstpad.c:3765:push_sticky:<queue9:src> event stream-start marked received
05-09 19:57:51.223  2029  2223 D GStreamer+queue_dataflow: 0:06:35.611100943 0xf3d03e90 gstqueue.c:1464:gst_queue_loop:<queue9> queue is empty
05-09 19:57:51.223  2029  2216 D GStreamer+GST_BUS: 0:06:35.611222558 0xf3d321c0 gstbus.c:521:gst_bus_timed_pop_filtered:<bus19> got message 0xf3ac0960, stream-start from pipeline3, type mask is 4294967295
05-09 19:57:51.223  2029  2216 D GStreamer+GST_BUS: 0:06:35.611284120 0xf3d321c0 gstbus.c:789:gst_bus_source_dispatch:<bus19> source 0xf39d9b18 calling dispatch with stream-start message: 0xf3ac0960, time 99:99:99.999999999, seq-num 1998, element 'pipeline3', GstMessageStreamStart, group-id=(uint)4;
05-09 19:57:51.223  2029  2216 D GStreamer+GST_BUS: 0:06:35.611323547 0xf3d321c0 gstbus.c:794:gst_bus_source_dispatch:<bus19> source 0xf39d9b18 handler returns 1
05-09 19:57:51.223  2029  2230 D GStreamer+GST_PADS: 0:06:35.611384120 0xf3ac6830 gstpad.c:5569:gst_pad_send_event_unchecked:<queue9:sink> sent event, ret ok
05-09 19:57:51.223  2029  2230 D GStreamer+GST_PADS: 0:06:35.611424172 0xf3ac6830 gstpad.c:3765:push_sticky:<forhwgl:src_0> event stream-start marked received
05-09 19:57:51.223  2029  2230 D GStreamer+GST_PADS: 0:06:35.611459850 0xf3ac6830 gstpad.c:3650:do_probe_callbacks:<forhwgl:src_0> data is passed
05-09 19:57:51.223  2029  2230 D GStreamer+GST_PADS: 0:06:35.611495422 0xf3ac6830 gstpad.c:3453:probe_hook_marshal:<forhwgl:src_0> probe returned OK
05-09 19:57:51.223  2029  2230 D GStreamer+GST_EVENT: 0:06:35.611578183 0xf3ac6830 gstpad.c:5496:gst_pad_send_event_unchecked:<queue9:sink> have event type caps event: 0xf39226a0, time 99:99:99.999999999, seq-num 2077, GstEventCaps, caps=(GstCaps)"video/x-raw\(memory:GLMemory\)\,\ format\=\(string\)RGBA\,\ width\=\(int\)1280\,\ height\=\(int\)1440\,\ interlace-mode\=\(string\)progressive\,\ pixel-aspect-ratio\=\(fraction\)1/1\,\ colorimetry\=\(string\)sRGB\,\ framerate\=\(fraction\)151/3\,\ texture-target\=\(string\)external-oes";
05-09 19:57:51.223  2029  2230 D GStreamer+GST_CAPS: 0:06:35.611640891 0xf3ac6830 gstutils.c:2921:gst_pad_query_accept_caps:<queue9:sink> accept caps of video/x-raw(memory:GLMemory), format=(string)RGBA, width=(int)1280, height=(int)1440, interlace-mode=(string)progressive, pixel-aspect-ratio=(fraction)1/1, colorimetry=(string)sRGB, framerate=(fraction)151/3, texture-target=(string)external-oes
05-09 19:57:51.223  2029  2230 D GStreamer+query: 0:06:35.611680422 0xf3ac6830 gstquery.c:674:gst_query_new_custom creating new query 0xf3ac6890 accept-caps
05-09 19:57:51.223  2029  2230 D GStreamer+GST_PADS: 0:06:35.611715422 0xf3ac6830 gstpad.c:3882:gst_pad_query:<queue9:sink> doing query 0xf3ac6890 (accept-caps)
05-09 19:57:51.223  2029  2230 D GStreamer+GST_PADS: 0:06:35.611790162 0xf3ac6830 gstpad.c:3035:gst_pad_query_accept_caps_default:<queue9:sink> query accept-caps accept-caps query: 0xf3ac6890, GstQueryAcceptCaps, caps=(GstCaps)"video/x-raw\(memory:GLMemory\)\,\ format\=\(string\)RGBA\,\ width\=\(int\)1280\,\ height\=\(int\)1440\,\ interlace-mode\=\(string\)progressive\,\ pixel-aspect-ratio\=\(fraction\)1/1\,\ colorimetry\=\(string\)sRGB\,\ framerate\=\(fraction\)151/3\,\ texture-target\=\(string\)external-oes", result=(boolean)false;
05-09 19:57:51.223  2029  2230 D GStreamer+GST_PADS: 0:06:35.611827766 0xf3ac6830 gstutils.c:2530:gst_pad_proxy_query_accept_caps:<queue9:sink> proxying accept caps query for queue9:sink
05-09 19:57:51.224  2029  2230 D GStreamer+GST_PADS: 0:06:35.611862506 0xf3ac6830 gstpad.c:2803:gst_pad_iterate_internal_links_default:<queue9:sink> Making iterator
05-09 19:57:51.224  2029  2230 D GStreamer+GST_PADS: 0:06:35.611916360 0xf3ac6830 gstpad.c:4009:gst_pad_peer_query:<queue9:src> peer query 0xf3ac6890 (accept-caps)
05-09 19:57:51.224  2029  2230 D GStreamer+GST_PADS: 0:06:35.611953808 0xf3ac6830 gstpad.c:3882:gst_pad_query:<forhalffps:sink> doing query 0xf3ac6890 (accept-caps)
05-09 19:57:51.224  2029  2230 D GStreamer+GST_PADS: 0:06:35.611987297 0xf3ac6830 gstpad.c:3650:do_probe_callbacks:<forhalffps:sink> data is passed
05-09 19:57:51.224  2029  2230 D GStreamer+query: 0:06:35.612025579 0xf3ac6830 gstquery.c:674:gst_query_new_custom creating new query 0xf3ac6d80 accept-caps
05-09 19:57:51.224  2029  2230 D GStreamer+GST_PADS: 0:06:35.612060787 0xf3ac6830 gstpad.c:4009:gst_pad_peer_query:<forhalffps:src> peer query 0xf3ac6d80 (accept-caps)
05-09 19:57:51.224  2029  2230 D GStreamer+GST_PADS: 0:06:35.612097714 0xf3ac6830 gstpad.c:3882:gst_pad_query:<glimagesinkbin3:sink> doing query 0xf3ac6d80 (accept-caps)
05-09 19:57:51.224  2029  2230 D GStreamer+GST_PADS: 0:06:35.612171047 0xf3ac6830 gstpad.c:3035:gst_pad_query_accept_caps_default:<glimagesinkbin3:sink> query accept-caps accept-caps query: 0xf3ac6d80, GstQueryAcceptCaps, caps=(GstCaps)"video/x-raw\(memory:GLMemory\)\,\ format\=\(string\)RGBA\,\ width\=\(int\)1280\,\ height\=\(int\)1440\,\ interlace-mode\=\(string\)progressive\,\ pixel-aspect-ratio\=\(fraction\)1/1\,\ colorimetry\=\(string\)sRGB\,\ framerate\=\(fraction\)151/3\,\ texture-target\=\(string\)external-oes", result=(boolean)false;
05-09 19:57:51.224  2029  2230 D GStreamer+GST_PADS: 0:06:35.612208756 0xf3ac6830 gstutils.c:2530:gst_pad_proxy_query_accept_caps:<glimagesinkbin3:sink> proxying accept caps query for glimagesinkbin3:sink
05-09 19:57:51.224  2029  2230 D GStreamer+GST_PADS: 0:06:35.612249745 0xf3ac6830 gstpad.c:4009:gst_pad_peer_query:<sink:proxypad13> peer query 0xf3ac6d80 (accept-caps)
05-09 19:57:51.224  2029  2230 D GStreamer+GST_PADS: 0:06:35.612287558 0xf3ac6830 gstpad.c:3882:gst_pad_query:<gluploadelement3:sink> doing query 0xf3ac6d80 (accept-caps)
05-09 19:57:51.224  2029  2230 D GStreamer+basetransform: 0:06:35.612346985 0xf3ac6830 gstbasetransform.c:1301:gst_base_transform_acceptcaps_default:<gluploadelement3> accept caps video/x-raw(memory:GLMemory), format=(string)RGBA, width=(int)1280, height=(int)1440, interlace-mode=(string)progressive, pixel-aspect-ratio=(fraction)1/1, colorimetry=(string)sRGB, framerate=(fraction)151/3, texture-target=(string)external-oes
05-09 19:57:51.224  2029  2230 D GStreamer+basetransform: 0:06:35.612643339 0xf3ac6830 gstbasetransform.c:1308:gst_base_transform_acceptcaps_default:<gluploadelement3> intersect with pad template: video/x-raw(memory:GLMemory, meta:GstVideoOverlayComposition), format=(string){ RGBA, BGRA, RGBx, BGRx, ARGB, ABGR, xRGB, xBGR, RGB, BGR, RGB16, BGR16, AYUV, I420, YV12, NV12, NV21, YUY2, UYVY, Y41B, Y42B, Y444, GRAY8, GRAY16_LE, GRAY16_BE }, width=(int)[ 1, 2147483647 ], height=(int)[ 1, 2147483647 ], framerate=(fraction)[ 0/1, 2147483647/1 ]; video/x-raw(memory:EGLImage, meta:GstVideoOverlayComposition), format=(string)RGBA, width=(int)[ 1, 2147483647 ], height=(int)[ 1, 2147483647 ], framerate=(fraction)[ 0/1, 2147483647/1 ]; video/x-raw(meta:GstVideoGLTextureUploadMeta, meta:GstVideoOverlayComposition), format=(string)RGBA, width=(int)[ 1, 2147483647 ], height=(int)[ 1, 2147483647 ], framerate=(fraction)[ 0/1, 2147483647/1 ]; video/x-raw(memory:SystemMemory, meta:GstVideoOverlayComposition), format=(string){ RGBA, BGRA, RGBx, BGRx, ARGB, ABGR, xRGB, xBGR, RGB, BGR, RG
05-09 19:57:51.224  2029  2230 D GStreamer+basetransform: 0:06:35.612687454 0xf3ac6830 gstbasetransform.c:1313:gst_base_transform_acceptcaps_default:<gluploadelement3> trying to transform with filter: video/x-raw(ANY) (the other pad template)
05-09 19:57:51.224  2029  2230 D GStreamer+basetransform: 0:06:35.612722818 0xf3ac6830 gstbasetransform.c:533:gst_base_transform_transform_caps:<gluploadelement3> transform caps (direction = 2)
05-09 19:57:51.224  2029  2230 D GStreamer+GST_PERFORMANCE: 0:06:35.612784797 0xf3ac6830 gstcaps.c:169:_gst_caps_copy:<0xf3d5f590> doing copy 0xf3d5f590 -> 0xf3d5f568
05-09 19:57:51.224  2029  2230 D GStreamer+GST_PERFORMANCE: 0:06:35.612850058 0xf3ac6830 gstcaps.c:169:_gst_caps_copy:<0xf3d5f568> doing copy 0xf3d5f568 -> 0xf3d5f6f0
05-09 19:57:51.225  1278  1490 D WifiConfigStore: Retrieve network priorities after PNO.
05-09 19:57:51.225  2029  2230 D GStreamer+GST_PERFORMANCE: 0:06:35.612955527 0xf3ac6830 gstcaps.c:169:_gst_caps_copy:<0xf3d5f590> doing copy 0xf3d5f590 -> 0xf39c1368
05-09 19:57:51.225  2029  2230 D GStreamer+GST_PERFORMANCE: 0:06:35.613023652 0xf3ac6830 gstcaps.c:169:_gst_caps_copy:<0xf39c1368> doing copy 0xf39c1368 -> 0xf3cf8a28
05-09 19:57:51.225  2029  2230 D GStreamer+GST_PERFORMANCE: 0:06:35.613105579 0xf3ac6830 gstcaps.c:169:_gst_caps_copy:<0xf3d5f590> doing copy 0xf3d5f590 -> 0xf3d5f6f0
05-09 19:57:51.225  2029  2230 D GStreamer+GST_PERFORMANCE: 0:06:35.613171256 0xf3ac6830 gstcaps.c:169:_gst_caps_copy:<0xf3d5f6f0> doing copy 0xf3d5f6f0 -> 0xf3d5f6a0
05-09 19:57:51.225  2029  2230 D GStreamer+GST_PERFORMANCE: 0:06:35.613248183 0xf3ac6830 gstcaps.c:169:_gst_caps_copy:<0xf3d5f590> doing copy 0xf3d5f590 -> 0xf3d5f4f0
05-09 19:57:51.225  2029  2230 D GStreamer+GST_PERFORMANCE: 0:06:35.613310422 0xf3ac6830 gstcaps.c:169:_gst_caps_copy:<0xf3d5f4f0> doing copy 0xf3d5f4f0 -> 0xf3d5f390
05-09 19:57:51.225  2029  2230 D GStreamer+basetransform: 0:06:35.613404433 0xf3ac6830 gstbasetransform.c:560:gst_base_transform_transform_caps:<gluploadelement3> to: video/x-raw(memory:GLMemory), format=(string)RGBA, width=(int)1280, height=(int)1440, interlace-mode=(string)progressive, pixel-aspect-ratio=(fraction)1/1, colorimetry=(string)sRGB, framerate=(fraction)151/3, texture-target=(string)external-oes
05-09 19:57:51.225  2029  2230 D GStreamer+basetransform: 0:06:35.613441047 0xf3ac6830 gstbasetransform.c:1319:gst_base_transform_acceptcaps_default:<gluploadelement3> accept-caps result: 1
05-09 19:57:51.225  2029  2230 D GStreamer+GST_PADS: 0:06:35.613487558 0xf3ac6830 gstpad.c:3905:gst_pad_query:<gluploadelement3:sink> sent query 0xf3ac6d80 (accept-caps), result 1
05-09 19:57:51.225  2029  2230 D GStreamer+GST_PADS: 0:06:35.613532610 0xf3ac6830 gstutils.c:2541:gst_pad_proxy_query_accept_caps:<glimagesinkbin3:sink> proxying accept caps query: 1
05-09 19:57:51.225  2029  2230 D GStreamer+GST_PADS: 0:06:35.613600006 0xf3ac6830 gstpad.c:3065:gst_pad_query_accept_caps_default:<glimagesinkbin3:sink> allowed caps subset ANY, caps video/x-raw(memory:GLMemory), format=(string)RGBA, width=(int)1280, height=(int)1440, interlace-mode=(string)progressive, pixel-aspect-ratio=(fraction)1/1, colorimetry=(string)sRGB, framerate=(fraction)151/3, texture-target=(string)external-oes
05-09 19:57:51.225  2029  2230 D GStreamer+GST_PADS: 0:06:35.613643443 0xf3ac6830 gstpad.c:3339:gst_pad_query_default:<glimagesinkbin3:sink> not forwarding 0xf3ac6d80 (accept-caps) query
05-09 19:57:51.225  2029  2230 D GStreamer+GST_PADS: 0:06:35.613682350 0xf3ac6830 gstpad.c:3905:gst_pad_query:<glimagesinkbin3:sink> sent query 0xf3ac6d80 (accept-caps), result 1
05-09 19:57:51.225  2029  2230 D GStreamer+default: 0:06:35.613718652 0xf3ac6830 gstutils.c:2955:gst_pad_peer_query_accept_caps:<forhalffps:src> query returned 1
05-09 19:57:51.225  2029  2230 D GStreamer+GST_PADS: 0:06:35.613759954 0xf3ac6830 gstpad.c:3905:gst_pad_query:<forhalffps:sink> sent query 0xf3ac6890 (accept-caps), result 1
05-09 19:57:51.225  2029  2230 D GStreamer+GST_PADS: 0:06:35.613801412 0xf3ac6830 gstutils.c:2541:gst_pad_proxy_query_accept_caps:<queue9:sink> proxying accept caps query: 1
05-09 19:57:51.226  2029  2230 D GStreamer+GST_PADS: 0:06:35.613863443 0xf3ac6830 gstpad.c:3065:gst_pad_query_accept_caps_default:<queue9:sink> allowed caps subset ANY, caps video/x-raw(memory:GLMemory), format=(string)RGBA, width=(int)1280, height=(int)1440, interlace-mode=(string)progressive, pixel-aspect-ratio=(fraction)1/1, colorimetry=(string)sRGB, framerate=(fraction)151/3, texture-target=(string)external-oes
05-09 19:57:51.226  2029  2230 D GStreamer+GST_PADS: 0:06:35.613920058 0xf3ac6830 gstpad.c:3339:gst_pad_query_default:<queue9:sink> not forwarding 0xf3ac6890 (accept-caps) query
05-09 19:57:51.226  2029  2230 D GStreamer+GST_PADS: 0:06:35.613957818 0xf3ac6830 gstpad.c:3905:gst_pad_query:<queue9:sink> sent query 0xf3ac6890 (accept-caps), result 1
05-09 19:57:51.226  2029  2230 D GStreamer+default: 0:06:35.613993652 0xf3ac6830 gstutils.c:2926:gst_pad_query_accept_caps:<queue9:sink> query returned 1
05-09 19:57:51.226  2029  2223 D GStreamer+queue_dataflow: 0:06:35.614047297 0xf3d03e90 gstqueue.c:1476:gst_queue_loop:<queue9> queue is not empty
05-09 19:57:51.226  2029  2223 D GStreamer+GST_PADS: 0:06:35.614088860 0xf3d03e90 gstpad.c:5053:store_sticky_event:<queue9:src> notify caps
05-09 19:57:51.226  2029  2223 D GStreamer+GST_PADS: 0:06:35.614131516 0xf3d03e90 gstpad.c:3813:check_sticky:<queue9:src> pushing all sticky events
05-09 19:57:51.226  2029  2223 D GStreamer+GST_PADS: 0:06:35.614168756 0xf3d03e90 gstpad.c:3745:push_sticky:<queue9:src> event stream-start was already received
05-09 19:57:51.226  2029  2223 D GStreamer+GST_EVENT: 0:06:35.614252818 0xf3d03e90 gstpad.c:5496:gst_pad_send_event_unchecked:<forhalffps:sink> have event type caps event: 0xf39226a0, time 99:99:99.999999999, seq-num 2077, GstEventCaps, caps=(GstCaps)"video/x-raw\(memory:GLMemory\)\,\ format\=\(string\)RGBA\,\ width\=\(int\)1280\,\ height\=\(int\)1440\,\ interlace-mode\=\(string\)progressive\,\ pixel-aspect-ratio\=\(fraction\)1/1\,\ colorimetry\=\(string\)sRGB\,\ framerate\=\(fraction\)151/3\,\ texture-target\=\(string\)external-oes";
05-09 19:57:51.226  2029  2223 D GStreamer+GST_PADS: 0:06:35.614289797 0xf3d03e90 gstpad.c:3650:do_probe_callbacks:<forhalffps:sink> data is passed
05-09 19:57:51.226  2029  2223 D GStreamer+GST_CAPS: 0:06:35.614349641 0xf3d03e90 gstutils.c:2921:gst_pad_query_accept_caps:<forhalffps:sink> accept caps of video/x-raw(memory:GLMemory), format=(string)RGBA, width=(int)1280, height=(int)1440, interlace-mode=(string)progressive, pixel-aspect-ratio=(fraction)1/1, colorimetry=(string)sRGB, framerate=(fraction)151/3, texture-target=(string)external-oes
05-09 19:57:51.226  2029  2223 D GStreamer+query: 0:06:35.614395839 0xf3d03e90 gstquery.c:674:gst_query_new_custom creating new query 0xf3d33d50 accept-caps
05-09 19:57:51.226  2029  2223 D GStreamer+GST_PADS: 0:06:35.614430422 0xf3d03e90 gstpad.c:3882:gst_pad_query:<forhalffps:sink> doing query 0xf3d33d50 (accept-caps)
05-09 19:57:51.226  2029  2223 D GStreamer+GST_PADS: 0:06:35.614464068 0xf3d03e90 gstpad.c:3650:do_probe_callbacks:<forhalffps:sink> data is passed
05-09 19:57:51.226  2029  2223 D GStreamer+query: 0:06:35.614502402 0xf3d03e90 gstquery.c:674:gst_query_new_custom creating new query 0xf3d33c60 accept-caps
05-09 19:57:51.226  2029  2223 D GStreamer+GST_PADS: 0:06:35.614537089 0xf3d03e90 gstpad.c:4009:gst_pad_peer_query:<forhalffps:src> peer query 0xf3d33c60 (accept-caps)
05-09 19:57:51.226  2029  2223 D GStreamer+GST_PADS: 0:06:35.614574068 0xf3d03e90 gstpad.c:3882:gst_pad_query:<glimagesinkbin3:sink> doing query 0xf3d33c60 (accept-caps)
05-09 19:57:51.226  2029  2223 D GStreamer+GST_PADS: 0:06:35.614649225 0xf3d03e90 gstpad.c:3035:gst_pad_query_accept_caps_default:<glimagesinkbin3:sink> query accept-caps accept-caps query: 0xf3d33c60, GstQueryAcceptCaps, caps=(GstCaps)"video/x-raw\(memory:GLMemory\)\,\ format\=\(string\)RGBA\,\ width\=\(int\)1280\,\ height\=\(int\)1440\,\ interlace-mode\=\(string\)progressive\,\ pixel-aspect-ratio\=\(fraction\)1/1\,\ colorimetry\=\(string\)sRGB\,\ framerate\=\(fraction\)151/3\,\ texture-target\=\(string\)external-oes", result=(boolean)false;
05-09 19:57:51.226  2029  2223 D GStreamer+GST_PADS: 0:06:35.614688183 0xf3d03e90 gstutils.c:2530:gst_pad_proxy_query_accept_caps:<glimagesinkbin3:sink> proxying accept caps query for glimagesinkbin3:sink
05-09 19:57:51.226  2029  2223 D GStreamer+GST_PADS: 0:06:35.614729850 0xf3d03e90 gstpad.c:4009:gst_pad_peer_query:<sink:proxypad13> peer query 0xf3d33c60 (accept-caps)
05-09 19:57:51.226  2029  2223 D GStreamer+GST_PADS: 0:06:35.614767141 0xf3d03e90 gstpad.c:3882:gst_pad_query:<gluploadelement3:sink> doing query 0xf3d33c60 (accept-caps)
05-09 19:57:51.226  2029  2223 D GStreamer+basetransform: 0:06:35.614826568 0xf3d03e90 gstbasetransform.c:1301:gst_base_transform_acceptcaps_default:<gluploadelement3> accept caps video/x-raw(memory:GLMemory), format=(string)RGBA, width=(int)1280, height=(int)1440, interlace-mode=(string)progressive, pixel-aspect-ratio=(fraction)1/1, colorimetry=(string)sRGB, framerate=(fraction)151/3, texture-target=(string)external-oes
05-09 19:57:51.227  2029  2223 D GStreamer+basetransform: 0:06:35.615136620 0xf3d03e90 gstbasetransform.c:1308:gst_base_transform_acceptcaps_default:<gluploadelement3> intersect with pad template: video/x-raw(memory:GLMemory, meta:GstVideoOverlayComposition), format=(string){ RGBA, BGRA, RGBx, BGRx, ARGB, ABGR, xRGB, xBGR, RGB, BGR, RGB16, BGR16, AYUV, I420, YV12, NV12, NV21, YUY2, UYVY, Y41B, Y42B, Y444, GRAY8, GRAY16_LE, GRAY16_BE }, width=(int)[ 1, 2147483647 ], height=(int)[ 1, 2147483647 ], framerate=(fraction)[ 0/1, 2147483647/1 ]; video/x-raw(memory:EGLImage, meta:GstVideoOverlayComposition), format=(string)RGBA, width=(int)[ 1, 2147483647 ], height=(int)[ 1, 2147483647 ], framerate=(fraction)[ 0/1, 2147483647/1 ]; video/x-raw(meta:GstVideoGLTextureUploadMeta, meta:GstVideoOverlayComposition), format=(string)RGBA, width=(int)[ 1, 2147483647 ], height=(int)[ 1, 2147483647 ], framerate=(fraction)[ 0/1, 2147483647/1 ]; video/x-raw(memory:SystemMemory, meta:GstVideoOverlayComposition), format=(string){ RGBA, BGRA, RGBx, BGRx, ARGB, ABGR, xRGB, xBGR, RGB, BGR, RG
05-09 19:57:51.227  2029  2223 D GStreamer+basetransform: 0:06:35.615183912 0xf3d03e90 gstbasetransform.c:1313:gst_base_transform_acceptcaps_default:<gluploadelement3> trying to transform with filter: video/x-raw(ANY) (the other pad template)
05-09 19:57:51.227  2029  2223 D GStreamer+basetransform: 0:06:35.615217402 0xf3d03e90 gstbasetransform.c:533:gst_base_transform_transform_caps:<gluploadelement3> transform caps (direction = 2)
05-09 19:57:51.227  2029  2223 D GStreamer+GST_PERFORMANCE: 0:06:35.615277922 0xf3d03e90 gstcaps.c:169:_gst_caps_copy:<0xf3d5f590> doing copy 0xf3d5f590 -> 0xf3ac9200
05-09 19:57:51.227  2029  2223 D GStreamer+GST_PERFORMANCE: 0:06:35.615341308 0xf3d03e90 gstcaps.c:169:_gst_caps_copy:<0xf3ac9200> doing copy 0xf3ac9200 -> 0xf3cf8678
05-09 19:57:51.227  2029  2223 D GStreamer+GST_PERFORMANCE: 0:06:35.615430475 0xf3d03e90 gstcaps.c:169:_gst_caps_copy:<0xf3d5f590> doing copy 0xf3d5f590 -> 0xf3ac9250
05-09 19:57:51.227  2029  2223 D GStreamer+GST_PERFORMANCE: 0:06:35.615492610 0xf3d03e90 gstcaps.c:169:_gst_caps_copy:<0xf3ac9250> doing copy 0xf3ac9250 -> 0xf3cf8878
05-09 19:57:51.227  2029  2223 D GStreamer+GST_PERFORMANCE: 0:06:35.615570162 0xf3d03e90 gstcaps.c:169:_gst_caps_copy:<0xf3d5f590> doing copy 0xf3d5f590 -> 0xf39c13b8
05-09 19:57:51.227  2029  2223 D GStreamer+GST_PERFORMANCE: 0:06:35.615631360 0xf3d03e90 gstcaps.c:169:_gst_caps_copy:<0xf39c13b8> doing copy 0xf39c13b8 -> 0xf37f78c8
05-09 19:57:51.227  2029  2223 D GStreamer+GST_PERFORMANCE: 0:06:35.615707350 0xf3d03e90 gstcaps.c:169:_gst_caps_copy:<0xf3d5f590> doing copy 0xf3d5f590 -> 0xf3d5f6c8
05-09 19:57:51.227  2029  2223 D GStreamer+GST_PERFORMANCE: 0:06:35.615768183 0xf3d03e90 gstcaps.c:169:_gst_caps_copy:<0xf3d5f6c8> doing copy 0xf3d5f6c8 -> 0xf3cf8718
05-09 19:57:51.228  2029  2223 D GStreamer+basetransform: 0:06:35.615857662 0xf3d03e90 gstbasetransform.c:560:gst_base_transform_transform_caps:<gluploadelement3> to: video/x-raw(memory:GLMemory), format=(string)RGBA, width=(int)1280, height=(int)1440, interlace-mode=(string)progressive, pixel-aspect-ratio=(fraction)1/1, colorimetry=(string)sRGB, framerate=(fraction)151/3, texture-target=(string)external-oes
05-09 19:57:51.228  2029  2223 D GStreamer+basetransform: 0:06:35.615903756 0xf3d03e90 gstbasetransform.c:1319:gst_base_transform_acceptcaps_default:<gluploadelement3> accept-caps result: 1
05-09 19:57:51.228  2029  2223 D GStreamer+GST_PADS: 0:06:35.615946152 0xf3d03e90 gstpad.c:3905:gst_pad_query:<gluploadelement3:sink> sent query 0xf3d33c60 (accept-caps), result 1
05-09 19:57:51.228  2029  2223 D GStreamer+GST_PADS: 0:06:35.615986100 0xf3d03e90 gstutils.c:2541:gst_pad_proxy_query_accept_caps:<glimagesinkbin3:sink> proxying accept caps query: 1
05-09 19:57:51.228  2029  2223 D GStreamer+GST_PADS: 0:06:35.616048183 0xf3d03e90 gstpad.c:3065:gst_pad_query_accept_caps_default:<glimagesinkbin3:sink> allowed caps subset ANY, caps video/x-raw(memory:GLMemory), format=(string)RGBA, width=(int)1280, height=(int)1440, interlace-mode=(string)progressive, pixel-aspect-ratio=(fraction)1/1, colorimetry=(string)sRGB, framerate=(fraction)151/3, texture-target=(string)external-oes
05-09 19:57:51.228  2029  2223 D GStreamer+GST_PADS: 0:06:35.616088287 0xf3d03e90 gstpad.c:3339:gst_pad_query_default:<glimagesinkbin3:sink> not forwarding 0xf3d33c60 (accept-caps) query
05-09 19:57:51.228  2029  2223 D GStreamer+GST_PADS: 0:06:35.616126412 0xf3d03e90 gstpad.c:3905:gst_pad_query:<glimagesinkbin3:sink> sent query 0xf3d33c60 (accept-caps), result 1
05-09 19:57:51.228  2029  2223 D GStreamer+default: 0:06:35.616161360 0xf3d03e90 gstutils.c:2955:gst_pad_peer_query_accept_caps:<forhalffps:src> query returned 1
05-09 19:57:51.228  2029  2223 D GStreamer+GST_PADS: 0:06:35.616201204 0xf3d03e90 gstpad.c:3905:gst_pad_query:<forhalffps:sink> sent query 0xf3d33d50 (accept-caps), result 1
05-09 19:57:51.228  2029  2223 D GStreamer+default: 0:06:35.616238287 0xf3d03e90 gstutils.c:2926:gst_pad_query_accept_caps:<forhalffps:sink> query returned 1
05-09 19:57:51.228  2029  2223 D GStreamer+GST_PADS: 0:06:35.616275787 0xf3d03e90 gstpad.c:1591:gst_pad_check_reconfigure:<forhalffps:src> remove RECONFIGURE flag
05-09 19:57:51.228  2029  2223 D GStreamer+basetransform: 0:06:35.616335891 0xf3d03e90 gstbasetransform.c:1356:gst_base_transform_setcaps:<forhalffps:sink> have new caps 0xf3d5f590 video/x-raw(memory:GLMemory), format=(string)RGBA, width=(int)1280, height=(int)1440, interlace-mode=(string)progressive, pixel-aspect-ratio=(fraction)1/1, colorimetry=(string)sRGB, framerate=(fraction)151/3, texture-target=(string)external-oes
05-09 19:57:51.228  2029  2223 D GStreamer+basetransform: 0:06:35.616372454 0xf3d03e90 gstbasetransform.c:533:gst_base_transform_transform_caps:<forhalffps> transform caps (direction = 2)
05-09 19:57:51.228  2029  2223 D GStreamer+basetransform: 0:06:35.616428391 0xf3d03e90 gstbasetransform.c:504:gst_base_transform_default_transform_caps:<forhalffps> identity from: video/x-raw(memory:GLMemory), format=(string)RGBA, width=(int)1280, height=(int)1440, interlace-mode=(string)progressive, pixel-aspect-ratio=(fraction)1/1, colorimetry=(string)sRGB, framerate=(fraction)151/3, texture-target=(string)external-oes
05-09 19:57:51.228  2029  2223 D GStreamer+basetransform: 0:06:35.616483131 0xf3d03e90 gstbasetransform.c:560:gst_base_transform_transform_caps:<forhalffps> to: video/x-raw(memory:GLMemory), format=(string)RGBA, width=(int)1280, height=(int)1440, interlace-mode=(string)progressive, pixel-aspect-ratio=(fraction)1/1, colorimetry=(string)sRGB, framerate=(fraction)151/3, texture-target=(string)external-oes
05-09 19:57:51.228  2029  2223 D GStreamer+basetransform: 0:06:35.616518860 0xf3d03e90 gstbasetransform.c:1142:gst_base_transform_find_transform:<forhalffps> intersecting against padtemplate ANY
05-09 19:57:51.228  2029  2223 D GStreamer+basetransform: 0:06:35.616573443 0xf3d03e90 gstbasetransform.c:1217:gst_base_transform_find_transform have fixed caps video/x-raw(memory:GLMemory), format=(string)RGBA, width=(int)1280, height=(int)1440, interlace-mode=(string)progressive, pixel-aspect-ratio=(fraction)1/1, colorimetry=(string)sRGB, framerate=(fraction)151/3, texture-target=(string)external-oes
05-09 19:57:51.228  2029  2223 D GStreamer+basetransform: 0:06:35.616650839 0xf3d03e90 gstbasetransform.c:1224:gst_base_transform_find_transform:<forhalffps> calling fixate_caps for video/x-raw(memory:GLMemory), format=(string)RGBA, width=(int)1280, height=(int)1440, interlace-mode=(string)progressive, pixel-aspect-ratio=(fraction)1/1, colorimetry=(string)sRGB, framerate=(fraction)151/3, texture-target=(string)external-oes using caps video/x-raw(memory:GLMemory), format=(string)RGBA, width=(int)1280, height=(int)1440, interlace-mode=(string)progressive, pixel-aspect-ratio=(fraction)1/1, colorimetry=(string)sRGB, framerate=(fraction)151/3, texture-target=(string)external-oes on pad forhalffps:src
05-09 19:57:51.228  2029  2223 D GStreamer+GST_PERFORMANCE: 0:06:35.616706100 0xf3d03e90 gstcaps.c:169:_gst_caps_copy:<0xf3d5f590> doing copy 0xf3d5f590 -> 0xf3ac8e50
05-09 19:57:51.228  2029  2223 D GStreamer+GST_PERFORMANCE: 0:06:35.616746777 0xf3d03e90 gstminiobject.c:326:gst_mini_object_make_writable copy GstCaps miniobject 0xf3d5f590 -> 0xf3ac8e50
05-09 19:57:51.228  2029  2223 D GStreamer+basetransform: 0:06:35.616803027 0xf3d03e90 gstbasetransform.c:1091:gst_base_transform_default_fixate_caps:<forhalffps> fixated to video/x-raw(memory:GLMemory), format=(string)RGBA, width=(int)1280, height=(int)1440, interlace-mode=(string)progressive, pixel-aspect-ratio=(fraction)1/1, colorimetry=(string)sRGB, framerate=(fraction)151/3, texture-target=(string)external-oes
05-09 19:57:51.229  2029  2223 D GStreamer+basetransform: 0:06:35.616858912 0xf3d03e90 gstbasetransform.c:1230:gst_base_transform_find_transform:<forhalffps> after fixating video/x-raw(memory:GLMemory), format=(string)RGBA, width=(int)1280, height=(int)1440, interlace-mode=(string)progressive, pixel-aspect-ratio=(fraction)1/1, colorimetry=(string)sRGB, framerate=(fraction)151/3, texture-target=(string)external-oes
05-09 19:57:51.229  2029  2223 D GStreamer+GST_CAPS: 0:06:35.616931047 0xf3d03e90 gstutils.c:2921:gst_pad_query_accept_caps:<glimagesinkbin3:sink> accept caps of video/x-raw(memory:GLMemory), format=(string)RGBA, width=(int)1280, height=(int)1440, interlace-mode=(string)progressive, pixel-aspect-ratio=(fraction)1/1, colorimetry=(string)sRGB, framerate=(fraction)151/3, texture-target=(string)external-oes
05-09 19:57:51.229  2029  2230 D GStreamer+GST_PADS: 0:06:35.616964329 0xf3ac6830 gstpad.c:5569:gst_pad_send_event_unchecked:<queue9:sink> sent event, ret ok
05-09 19:57:51.229  2029  2223 D GStreamer+query: 0:06:35.616990318 0xf3d03e90 gstquery.c:674:gst_query_new_custom creating new query 0xf3d340f0 accept-caps
05-09 19:57:51.229  2029  2230 D GStreamer+GST_PADS: 0:06:35.617014485 0xf3ac6830 gstpad.c:5053:store_sticky_event:<queue9:sink> notify caps
05-09 19:57:51.229  2029  2223 D GStreamer+GST_PADS: 0:06:35.617027506 0xf3d03e90 gstpad.c:3882:gst_pad_query:<glimagesinkbin3:sink> doing query 0xf3d340f0 (accept-caps)
05-09 19:57:51.229  2029  2230 D GStreamer+GST_PADS: 0:06:35.617071152 0xf3ac6830 gstpad.c:3765:push_sticky:<forhwgl:src_0> event caps marked received
05-09 19:57:51.229  2029  2230 D GStreamer+GST_PADS: 0:06:35.617129225 0xf3ac6830 gstpad.c:5569:gst_pad_send_event_unchecked:<src_0:proxypad14> sent event, ret ok
05-09 19:57:51.229  2029  2223 D GStreamer+GST_PADS: 0:06:35.617145318 0xf3d03e90 gstpad.c:3035:gst_pad_query_accept_caps_default:<glimagesinkbin3:sink> query accept-caps accept-caps query: 0xf3d340f0, GstQueryAcceptCaps, caps=(GstCaps)"video/x-raw\(memory:GLMemory\)\,\ format\=\(string\)RGBA\,\ width\=\(int\)1280\,\ height\=\(int\)1440\,\ interlace-mode\=\(string\)progressive\,\ pixel-aspect-ratio\=\(fraction\)1/1\,\ colorimetry\=\(string\)sRGB\,\ framerate\=\(fraction\)151/3\,\ texture-target\=\(string\)external-oes", result=(boolean)false;
05-09 19:57:51.229  2029  2230 D GStreamer+GST_PADS: 0:06:35.617172454 0xf3ac6830 gstpad.c:5053:store_sticky_event:<src_0:proxypad14> notify caps
05-09 19:57:51.229  2029  2223 D GStreamer+GST_PADS: 0:06:35.617197766 0xf3d03e90 gstutils.c:2530:gst_pad_proxy_query_accept_caps:<glimagesinkbin3:sink> proxying accept caps query for glimagesinkbin3:sink
05-09 19:57:51.229  2029  2230 D GStreamer+GST_PADS: 0:06:35.617224954 0xf3ac6830 gstpad.c:3765:push_sticky:<amcvideodec-omxnvidiah264decode2:src> event caps marked received
05-09 19:57:51.229  2029  2223 D GStreamer+GST_PADS: 0:06:35.617252402 0xf3d03e90 gstpad.c:4009:gst_pad_peer_query:<sink:proxypad13> peer query 0xf3d340f0 (accept-caps)
05-09 19:57:51.229  2029  2230 D GStreamer+query: 0:06:35.617273547 0xf3ac6830 gstquery.c:674:gst_query_new_custom creating new query 0xf3a080c0 allocation
05-09 19:57:51.229  2029  2223 D GStreamer+GST_PADS: 0:06:35.617295058 0xf3d03e90 gstpad.c:3882:gst_pad_query:<gluploadelement3:sink> doing query 0xf3d340f0 (accept-caps)
05-09 19:57:51.229  2029  2230 D GStreamer+videodecoder: 0:06:35.617316672 0xf3ac6830 gstvideodecoder.c:3707:gst_video_decoder_negotiate_pool:<amcvideodec-omxnvidiah264decode2> do query ALLOCATION
05-09 19:57:51.229  2029  2230 D GStreamer+GST_PADS: 0:06:35.617363912 0xf3ac6830 gstpad.c:4009:gst_pad_peer_query:<amcvideodec-omxnvidiah264decode2:src> peer query 0xf3a080c0 (allocation)
05-09 19:57:51.229  2029  2223 D GStreamer+basetransform: 0:06:35.617388600 0xf3d03e90 gstbasetransform.c:1301:gst_base_transform_acceptcaps_default:<gluploadelement3> accept caps video/x-raw(memory:GLMemory), format=(string)RGBA, width=(int)1280, height=(int)1440, interlace-mode=(string)progressive, pixel-aspect-ratio=(fraction)1/1, colorimetry=(string)sRGB, framerate=(fraction)151/3, texture-target=(string)external-oes
05-09 19:57:51.229  2029  2230 D GStreamer+GST_PADS: 0:06:35.617416256 0xf3ac6830 gstpad.c:3882:gst_pad_query:<src_0:proxypad14> doing query 0xf3a080c0 (allocation)
05-09 19:57:51.229  2029  2230 D GStreamer+GST_PADS: 0:06:35.617473131 0xf3ac6830 gstpad.c:3339:gst_pad_query_default:<src_0:proxypad14> forwarding 0xf3a080c0 (allocation) query
05-09 19:57:51.229  2029  2230 D GStreamer+GST_PADS: 0:06:35.617531308 0xf3ac6830 gstpad.c:4009:gst_pad_peer_query:<forhwgl:src_0> peer query 0xf3a080c0 (allocation)
05-09 19:57:51.229  2029  2230 D GStreamer+GST_PADS: 0:06:35.617578652 0xf3ac6830 gstpad.c:3650:do_probe_callbacks:<forhwgl:src_0> data is passed
05-09 19:57:51.229  2029  2230 D GStreamer+GST_PADS: 0:06:35.617634172 0xf3ac6830 gstpad.c:3882:gst_pad_query:<queue9:sink> doing query 0xf3a080c0 (allocation)
05-09 19:57:51.229  2029  2223 D GStreamer+basetransform: 0:06:35.617772245 0xf3d03e90 gstbasetransform.c:1308:gst_base_transform_acceptcaps_default:<gluploadelement3> intersect with pad template: video/x-raw(memory:GLMemory, meta:GstVideoOverlayComposition), format=(string){ RGBA, BGRA, RGBx, BGRx, ARGB, ABGR, xRGB, xBGR, RGB, BGR, RGB16, BGR16, AYUV, I420, YV12, NV12, NV21, YUY2, UYVY, Y41B, Y42B, Y444, GRAY8, GRAY16_LE, GRAY16_BE }, width=(int)[ 1, 2147483647 ], height=(int)[ 1, 2147483647 ], framerate=(fraction)[ 0/1, 2147483647/1 ]; video/x-raw(memory:EGLImage, meta:GstVideoOverlayComposition), format=(string)RGBA, width=(int)[ 1, 2147483647 ], height=(int)[ 1, 2147483647 ], framerate=(fraction)[ 0/1, 2147483647/1 ]; video/x-raw(meta:GstVideoGLTextureUploadMeta, meta:GstVideoOverlayComposition), format=(string)RGBA, width=(int)[ 1, 2147483647 ], height=(int)[ 1, 2147483647 ], framerate=(fraction)[ 0/1, 2147483647/1 ]; video/x-raw(memory:SystemMemory, meta:GstVideoOverlayComposition), format=(string){ RGBA, BGRA, RGBx, BGRx, ARGB, ABGR, xRGB, xBGR, RGB, BGR, RG
05-09 19:57:51.229  2029  2223 D GStreamer+basetransform: 0:06:35.617816881 0xf3d03e90 gstbasetransform.c:1313:gst_base_transform_acceptcaps_default:<gluploadelement3> trying to transform with filter: video/x-raw(ANY) (the other pad template)
05-09 19:57:51.229  2029  2223 D GStreamer+basetransform: 0:06:35.617852037 0xf3d03e90 gstbasetransform.c:533:gst_base_transform_transform_caps:<gluploadelement3> transform caps (direction = 2)
05-09 19:57:51.230  2029  2223 D GStreamer+GST_PERFORMANCE: 0:06:35.617923339 0xf3d03e90 gstcaps.c:169:_gst_caps_copy:<0xf3ac8e50> doing copy 0xf3ac8e50 -> 0xf3cf8878
05-09 19:57:51.230  2029  2223 D GStreamer+GST_PERFORMANCE: 0:06:35.617989589 0xf3d03e90 gstcaps.c:169:_gst_caps_copy:<0xf3cf8878> doing copy 0xf3cf8878 -> 0xf3ac9140
05-09 19:57:51.230  2029  2223 D GStreamer+GST_PERFORMANCE: 0:06:35.618079068 0xf3d03e90 gstcaps.c:169:_gst_caps_copy:<0xf3ac8e50> doing copy 0xf3ac8e50 -> 0xf3cf8678
05-09 19:57:51.230  2029  2223 D GStreamer+GST_PERFORMANCE: 0:06:35.618142922 0xf3d03e90 gstcaps.c:169:_gst_caps_copy:<0xf3cf8678> doing copy 0xf3cf8678 -> 0xf3ac9200
05-09 19:57:51.230  2029  2223 D GStreamer+GST_PERFORMANCE: 0:06:35.618219693 0xf3d03e90 gstcaps.c:169:_gst_caps_copy:<0xf3ac8e50> doing copy 0xf3ac8e50 -> 0xf3ac9140
05-09 19:57:51.230  2029  2223 D GStreamer+GST_PERFORMANCE: 0:06:35.618281985 0xf3d03e90 gstcaps.c:169:_gst_caps_copy:<0xf3ac9140> doing copy 0xf3ac9140 -> 0xf37f78c8
05-09 19:57:51.230  2029  2223 D GStreamer+GST_PERFORMANCE: 0:06:35.618357766 0xf3d03e90 gstcaps.c:169:_gst_caps_copy:<0xf3ac8e50> doing copy 0xf3ac8e50 -> 0xf39c13b8
05-09 19:57:51.230  2029  2223 D GStreamer+GST_PERFORMANCE: 0:06:35.618420891 0xf3d03e90 gstcaps.c:169:_gst_caps_copy:<0xf39c13b8> doing copy 0xf39c13b8 -> 0xf3d5f6c8
05-09 19:57:51.230  2029  2223 D GStreamer+basetransform: 0:06:35.618514068 0xf3d03e90 gstbasetransform.c:560:gst_base_transform_transform_caps:<gluploadelement3> to: video/x-raw(memory:GLMemory), format=(string)RGBA, width=(int)1280, height=(int)1440, interlace-mode=(string)progressive, pixel-aspect-ratio=(fraction)1/1, colorimetry=(string)sRGB, framerate=(fraction)151/3, texture-target=(string)external-oes
05-09 19:57:51.230  2029  2223 D GStreamer+basetransform: 0:06:35.618547714 0xf3d03e90 gstbasetransform.c:1319:gst_base_transform_acceptcaps_default:<gluploadelement3> accept-caps result: 1
05-09 19:57:51.230  2029  2223 D GStreamer+GST_PADS: 0:06:35.618590943 0xf3d03e90 gstpad.c:3905:gst_pad_query:<gluploadelement3:sink> sent query 0xf3d340f0 (accept-caps), result 1
05-09 19:57:51.230  2029  2223 D GStreamer+GST_PADS: 0:06:35.618631464 0xf3d03e90 gstutils.c:2541:gst_pad_proxy_query_accept_caps:<glimagesinkbin3:sink> proxying accept caps query: 1
05-09 19:57:51.230  2029  2223 D GStreamer+GST_PADS: 0:06:35.618694433 0xf3d03e90 gstpad.c:3065:gst_pad_query_accept_caps_default:<glimagesinkbin3:sink> allowed caps subset ANY, caps video/x-raw(memory:GLMemory), format=(string)RGBA, width=(int)1280, height=(int)1440, interlace-mode=(string)progressive, pixel-aspect-ratio=(fraction)1/1, colorimetry=(string)sRGB, framerate=(fraction)151/3, texture-target=(string)external-oes
05-09 19:57:51.230  2029  2223 D GStreamer+GST_PADS: 0:06:35.618734797 0xf3d03e90 gstpad.c:3339:gst_pad_query_default:<glimagesinkbin3:sink> not forwarding 0xf3d340f0 (accept-caps) query
05-09 19:57:51.230  2029  2223 D GStreamer+GST_PADS: 0:06:35.618772245 0xf3d03e90 gstpad.c:3905:gst_pad_query:<glimagesinkbin3:sink> sent query 0xf3d340f0 (accept-caps), result 1
05-09 19:57:51.230  2029  2223 D GStreamer+default: 0:06:35.618808235 0xf3d03e90 gstutils.c:2926:gst_pad_query_accept_caps:<glimagesinkbin3:sink> query returned 1
05-09 19:57:51.231  2029  2223 D GStreamer+basetransform: 0:06:35.618901777 0xf3d03e90 gstbasetransform.c:1242:gst_base_transform_find_transform:<forhalffps> Input caps were video/x-raw(memory:GLMemory), format=(string)RGBA, width=(int)1280, height=(int)1440, interlace-mode=(string)progressive, pixel-aspect-ratio=(fraction)1/1, colorimetry=(string)sRGB, framerate=(fraction)151/3, texture-target=(string)external-oes, and got final caps video/x-raw(memory:GLMemory), format=(string)RGBA, width=(int)1280, height=(int)1440, interlace-mode=(string)progressive, pixel-aspect-ratio=(fraction)1/1, colorimetry=(string)sRGB, framerate=(fraction)151/3, texture-target=(string)external-oes
05-09 19:57:51.231  2029  2223 I GStreamer+basetransform: 0:06:35.618941568 0xf3d03e90 gstbasetransform.c:1367:gst_base_transform_setcaps:<forhalffps> reuse caps
05-09 19:57:51.231  2029  2223 D GStreamer+GST_CAPS: 0:06:35.618981933 0xf3d03e90 gstpad.c:2648:gst_pad_get_current_caps:<forhalffps:sink> get current pad caps (NULL)
05-09 19:57:51.231  2029  2223 D GStreamer+GST_CAPS: 0:06:35.619018495 0xf3d03e90 gstpad.c:2648:gst_pad_get_current_caps:<forhalffps:src> get current pad caps (NULL)
05-09 19:57:51.231  2029  2223 D GStreamer+basetransform: 0:06:35.619075735 0xf3d03e90 gstbasetransform.c:1061:gst_base_transform_configure_caps:<forhalffps> in caps:  video/x-raw(memory:GLMemory), format=(string)RGBA, width=(int)1280, height=(int)1440, interlace-mode=(string)progressive, pixel-aspect-ratio=(fraction)1/1, colorimetry=(string)sRGB, framerate=(fraction)151/3, texture-target=(string)external-oes
05-09 19:57:51.231  2029  2223 D GStreamer+basetransform: 0:06:35.619131829 0xf3d03e90 gstbasetransform.c:1062:gst_base_transform_configure_caps:<forhalffps> out caps: video/x-raw(memory:GLMemory), format=(string)RGBA, width=(int)1280, height=(int)1440, interlace-mode=(string)progressive, pixel-aspect-ratio=(fraction)1/1, colorimetry=(string)sRGB, framerate=(fraction)151/3, texture-target=(string)external-oes
05-09 19:57:51.231  2029  2223 D GStreamer+basetransform: 0:06:35.619165943 0xf3d03e90 gstbasetransform.c:1070:gst_base_transform_configure_caps:<forhalffps> have_same_caps: 1
05-09 19:57:51.231  2029  2223 I GStreamer+GST_EVENT: 0:06:35.619219381 0xf3d03e90 gstevent.c:679:gst_event_new_caps creating caps event video/x-raw(memory:GLMemory), format=(string)RGBA, width=(int)1280, height=(int)1440, interlace-mode=(string)progressive, pixel-aspect-ratio=(fraction)1/1, colorimetry=(string)sRGB, framerate=(fraction)151/3, texture-target=(string)external-oes
05-09 19:57:51.231  2029  2223 D GStreamer+GST_EVENT: 0:06:35.619257975 0xf3d03e90 gstevent.c:302:gst_event_new_custom creating new event 0xf3d33aa8 caps 12814
05-09 19:57:51.231  2029  2223 D GStreamer+GST_PADS: 0:06:35.619290787 0xf3d03e90 gstpad.c:5053:store_sticky_event:<forhalffps:src> notify caps
05-09 19:57:51.231  2029  2223 D GStreamer+GST_PADS: 0:06:35.619331308 0xf3d03e90 gstpad.c:3813:check_sticky:<forhalffps:src> pushing all sticky events
05-09 19:57:51.231  2029  2223 D GStreamer+GST_PADS: 0:06:35.619367245 0xf3d03e90 gstpad.c:3745:push_sticky:<forhalffps:src> event stream-start was already received
05-09 19:57:51.231  2029  2223 D GStreamer+GST_EVENT: 0:06:35.619449693 0xf3d03e90 gstpad.c:5496:gst_pad_send_event_unchecked:<glimagesinkbin3:sink> have event type caps event: 0xf3d33aa8, time 99:99:99.999999999, seq-num 2087, GstEventCaps, caps=(GstCaps)"video/x-raw\(memory:GLMemory\)\,\ format\=\(string\)RGBA\,\ width\=\(int\)1280\,\ height\=\(int\)1440\,\ interlace-mode\=\(string\)progressive\,\ pixel-aspect-ratio\=\(fraction\)1/1\,\ colorimetry\=\(string\)sRGB\,\ framerate\=\(fraction\)151/3\,\ texture-target\=\(string\)external-oes";
05-09 19:57:51.231  2029  2223 D GStreamer+GST_CAPS: 0:06:35.619509329 0xf3d03e90 gstutils.c:2921:gst_pad_query_accept_caps:<glimagesinkbin3:sink> accept caps of video/x-raw(memory:GLMemory), format=(string)RGBA, width=(int)1280, height=(int)1440, interlace-mode=(string)progressive, pixel-aspect-ratio=(fraction)1/1, colorimetry=(string)sRGB, framerate=(fraction)151/3, texture-target=(string)external-oes
05-09 19:57:51.231  2029  2223 D GStreamer+query: 0:06:35.619546412 0xf3d03e90 gstquery.c:674:gst_query_new_custom creating new query 0xf3d340c0 accept-caps
05-09 19:57:51.231  2029  2223 D GStreamer+GST_PADS: 0:06:35.619580683 0xf3d03e90 gstpad.c:3882:gst_pad_query:<glimagesinkbin3:sink> doing query 0xf3d340c0 (accept-caps)
05-09 19:57:51.231  2029  2223 D GStreamer+GST_PADS: 0:06:35.619654381 0xf3d03e90 gstpad.c:3035:gst_pad_query_accept_caps_default:<glimagesinkbin3:sink> query accept-caps accept-caps query: 0xf3d340c0, GstQueryAcceptCaps, caps=(GstCaps)"video/x-raw\(memory:GLMemory\)\,\ format\=\(string\)RGBA\,\ width\=\(int\)1280\,\ height\=\(int\)1440\,\ interlace-mode\=\(string\)progressive\,\ pixel-aspect-ratio\=\(fraction\)1/1\,\ colorimetry\=\(string\)sRGB\,\ framerate\=\(fraction\)151/3\,\ texture-target\=\(string\)external-oes", result=(boolean)false;
05-09 19:57:51.231  2029  2223 D GStreamer+GST_PADS: 0:06:35.619692089 0xf3d03e90 gstutils.c:2530:gst_pad_proxy_query_accept_caps:<glimagesinkbin3:sink> proxying accept caps query for glimagesinkbin3:sink
05-09 19:57:51.231  2029  2223 D GStreamer+GST_PADS: 0:06:35.619733964 0xf3d03e90 gstpad.c:4009:gst_pad_peer_query:<sink:proxypad13> peer query 0xf3d340c0 (accept-caps)
05-09 19:57:51.231  2029  2223 D GStreamer+GST_PADS: 0:06:35.619771308 0xf3d03e90 gstpad.c:3882:gst_pad_query:<gluploadelement3:sink> doing query 0xf3d340c0 (accept-caps)
