05-09 19:57:51.330  2029  2223 D GStreamer+GST_PADS: 0:06:35.718418287 0xf3d03e90 gstpad.c:2803:gst_pad_iterate_internal_links_default:<h264parse3:src> Making iterator
05-09 19:57:51.330  2029  2235 I GStreamer+GST_STATES: 0:06:35.718465579 0xf3d04180 gstbin.c:2316:gst_bin_element_set_state:<capsfilter3> current PAUSED pending VOID_PENDING, desired next PLAYING
05-09 19:57:51.330  2029  2223 D GStreamer+GST_PADS: 0:06:35.718494745 0xf3d03e90 gstpad.c:4009:gst_pad_peer_query:<h264parse3:sink> peer query 0xf3b00c90 (position)
05-09 19:57:51.330  2029  2223 D GStreamer+GST_PADS: 0:06:35.718542714 0xf3d03e90 gstpad.c:3882:gst_pad_query:<typefind:src> doing query 0xf3b00c90 (position)
05-09 19:57:51.330  2029  2235 D GStreamer+bin: 0:06:35.718551829 0xf3d04180 gstbin.c:882:find_message:<forhwgl> no message found matching types 00100000
05-09 19:57:51.330  2029  2230 D GStreamer+GST_SCHEDULING: 0:06:35.718545839 0xf3ac6830 gstpad.c:4153:gst_pad_chain_data_unchecked:<src_0:proxypad14> calling chainfunction &gst_proxy_pad_chain_default with buffer buffer: 0xf39e3d28, pts 0:00:00.119333333, dts 99:99:99.999999999, dur 0:00:00.019867549, size 7372800, offset none, offset_end none, flags 0x4000
05-09 19:57:51.330  2029  2223 D GStreamer+typefind: 0:06:35.718591568 0xf3d03e90 gsttypefindelement.c:365:gst_type_find_handle_src_query:<typefind> Handling src query position
05-09 19:57:51.330  2029  2235 D GStreamer+bin: 0:06:35.718610006 0xf3d04180 gstbin.c:889:find_message:<forhwgl>   async-start
05-09 19:57:51.330  2029  2224 D GStreamer+GST_MEMORY: 0:06:35.718647610 0xf3d043b0 gstmemory.c:138:gst_memory_init new memory 0xf3b00018, maxsize:13 offset:0 size:10
05-09 19:57:51.330  2029  2223 D GStreamer+GST_PADS: 0:06:35.718663912 0xf3d03e90 gstpad.c:4009:gst_pad_peer_query:<typefind:sink> peer query 0xf3b00c90 (position)
05-09 19:57:51.330  2029  2235 D GStreamer+bin: 0:06:35.718692662 0xf3d04180 gstbin.c:2411:gst_bin_element_set_state:<forhwgl> setting element capsfilter3 to PLAYING, base_time 70:05:58.376609981
05-09 19:57:51.330  2029  2230 D GStreamer+GST_PADS: 0:06:35.718629329 0xf3ac6830 gstpad.c:3650:do_probe_callbacks:<forhwgl:src_0> data is passed
05-09 19:57:51.330  2029  2223 D GStreamer+GST_PADS: 0:06:35.718726047 0xf3d03e90 gstpad.c:3882:gst_pad_query:<sink:proxypad12> doing query 0xf3b00c90 (position)
05-09 19:57:51.330  2029  2235 D GStreamer+GST_STATES: 0:06:35.718757037 0xf3d04180 gstelement.c:2523:gst_element_set_state_func:<capsfilter3> set_state to PLAYING
05-09 19:57:51.330  2029  2223 D GStreamer+GST_PADS: 0:06:35.718797402 0xf3d03e90 gstpad.c:3339:gst_pad_query_default:<sink:proxypad12> forwarding 0xf3b00c90 (position) query
05-09 19:57:51.330  2029  2230 D GStreamer+GST_SCHEDULING: 0:06:35.718814693 0xf3ac6830 gstpad.c:4153:gst_pad_chain_data_unchecked:<queue9:sink> calling chainfunction &gst_queue_chain with buffer buffer: 0xf39e3d28, pts 0:00:00.119333333, dts 99:99:99.999999999, dur 0:00:00.019867549, size 7372800, offset none, offset_end none, flags 0x4000
05-09 19:57:51.330  2029  2235 D GStreamer+GST_STATES: 0:06:35.718831204 0xf3d04180 gstelement.c:2548:gst_element_set_state_func:<capsfilter3> setting target state to PLAYING
05-09 19:57:51.331  2029  2230 D GStreamer+queue_dataflow: 0:06:35.718862297 0xf3ac6830 gstqueue.c:1196:gst_queue_chain_buffer_or_list:<queue9> queue is full, waiting for free space
05-09 19:57:51.331  2029  2223 D GStreamer+GST_PADS: 0:06:35.718898027 0xf3d03e90 gstpad.c:4009:gst_pad_peer_query:<forhwgl:sink> peer query 0xf3b00c90 (position)
05-09 19:57:51.331  2029  2224 D GStreamer+GST_MEMORY: 0:06:35.718903027 0xf3d043b0 gstmemory.c:87:_gst_memory_free free memory 0xf3b00078
05-09 19:57:51.331  2029  2235 D GStreamer+GST_STATES: 0:06:35.718914589 0xf3d04180 gstelement.c:2561:gst_element_set_state_func:<capsfilter3> current PAUSED, old_pending VOID_PENDING, next VOID_PENDING, old return SUCCESS
05-09 19:57:51.331  2029  2224 D GStreamer+h264parse: 0:06:35.718958131 0xf3d043b0 gsth264parse.c:423:gst_h264_parse_wrap_nal:<h264parse3> nal length 10
05-09 19:57:51.331  2029  2235 D GStreamer+GST_STATES: 0:06:35.718971099 0xf3d04180 gstelement.c:2595:gst_element_set_state_func:<capsfilter3> final: setting state from PAUSED to PLAYING
05-09 19:57:51.331  2029  2223 D GStreamer+GST_PADS: 0:06:35.718985162 0xf3d03e90 gstpad.c:3882:gst_pad_query:<queue8:src> doing query 0xf3b00c90 (position)
05-09 19:57:51.331  2029  2224 D GStreamer+GST_MEMORY: 0:06:35.718998756 0xf3d043b0 gstmemory.c:138:gst_memory_init new memory 0xf3d7a478, maxsize:17 offset:0 size:14
05-09 19:57:51.331  2029  2235 D GStreamer+GST_STATES: 0:06:35.719012193 0xf3d04180 gstelement.c:2684:gst_element_change_state:<capsfilter3> element changed state SUCCESS
05-09 19:57:51.331  2029  2235 I GStreamer+GST_STATES: 0:06:35.719057141 0xf3d04180 gstelement.c:2372:gst_element_continue_state:<capsfilter3> completed state change to PLAYING
05-09 19:57:51.331  2029  2224 D GStreamer+codecparsers_h264: 0:06:35.719063287 0xf3d043b0 gsth264parser.c:253:gst_h264_parse_nalu_header Nal type 8, ref_idc 1
05-09 19:57:51.331  2029  2223 D GStreamer+GST_PADS: 0:06:35.719077766 0xf3d03e90 gstpad.c:3339:gst_pad_query_default:<queue8:src> forwarding 0xf3b00c90 (position) query
05-09 19:57:51.331  2029  2235 I GStreamer+GST_STATES: 0:06:35.719111881 0xf3d04180 gstelement.c:2277:_priv_gst_element_state_changed:<capsfilter3> notifying about state-changed PAUSED to PLAYING (VOID_PENDING pending)
05-09 19:57:51.331  2029  2224 D GStreamer+h264parse: 0:06:35.719127818 0xf3d043b0 gsth264parse.c:981:gst_h264_parse_handle_frame_packetized:<h264parse3> AVC nal offset 23
05-09 19:57:51.331  2029  2223 D GStreamer+GST_PADS: 0:06:35.719143027 0xf3d03e90 gstpad.c:2803:gst_pad_iterate_internal_links_default:<queue8:src> Making iterator
05-09 19:57:51.331  2029  2224 D GStreamer+h264parse: 0:06:35.719181099 0xf3d043b0 gsth264parse.c:716:gst_h264_parse_process_nal:<h264parse3> processing nal of type 8 PPS, size 5
05-09 19:57:51.331  2029  2223 D GStreamer+GST_PADS: 0:06:35.719209902 0xf3d03e90 gstpad.c:4009:gst_pad_peer_query:<queue8:sink> peer query 0xf3b00c90 (position)
05-09 19:57:51.331  2029  2235 D GStreamer+GST_BUS: 0:06:35.719220162 0xf3d04180 gstbus.c:309:gst_bus_post:<bus16> [msg 0xf3d32458] posting on bus state-changed message: 0xf3d32458, time 99:99:99.999999999, seq-num 2110, element 'capsfilter3', GstMessageStateChanged, old-state=(GstState)GST_STATE_PAUSED, new-state=(GstState)GST_STATE_PLAYING, pending-state=(GstState)GST_STATE_VOID_PENDING;
05-09 19:57:51.331  2029  2224 D GStreamer+codecparsers_h264: 0:06:35.719236256 0xf3d043b0 gsth264parser.c:1912:gst_h264_parse_pps parsing PPS
05-09 19:57:51.331  2029  2223 D GStreamer+GST_PADS: 0:06:35.719258235 0xf3d03e90 gstpad.c:3882:gst_pad_query:<q:video_0> doing query 0xf3b00c90 (position)
05-09 19:57:51.331  2029  2235 D GStreamer+bin: 0:06:35.719287349 0xf3d04180 gstbin.c:3528:gst_bin_handle_message_func:<forhwgl> [msg 0xf3d32458] handling child capsfilter3 message of type state-changed
05-09 19:57:51.331  2029  2224 D GStreamer+codecparsers_h264: 0:06:35.719301985 0xf3d043b0 gsth264parser.c:2045:gst_h264_parser_parse_pps adding picture parameter set with id: 0 to array
05-09 19:57:51.331  2029  2223 D GStreamer+GST_PADS: 0:06:35.719314120 0xf3d03e90 gstpad.c:3905:gst_pad_query:<q:video_0> sent query 0xf3b00c90 (position), result 0
05-09 19:57:51.331  2029  2235 D GStreamer+bin: 0:06:35.719327974 0xf3d04180 gstbin.c:3865:gst_bin_handle_message_func:<forhwgl> posting message upward
05-09 19:57:51.331  2029  2224 D GStreamer+h264parse: 0:06:35.719343912 0xf3d043b0 gsth264parse.c:458:gst_h264_parser_store_nal:<h264parse3> storing pps 0
05-09 19:57