05-09 19:57:51.070  2029  2224 D GStreamer+GST_PADS: 0:06:35.458038860 0xf3d043b0 gstpad.c:3882:gst_pad_query:<h264parse3:src> doing query 0xf3ac6920 (caps)
05-09 19:57:51.070  2029  2225 D GStreamer+basesrc: 0:06:35.458052975 0xf3d19ac0 gstbasesrc.c:2456:gst_base_src_get_range:<filesrc3> calling create offset 1028142 length 42195, time 0
05-09 19:57:51.070  2029  2225 D GStreamer+GST_MEMORY: 0:06:35.458097089 0xf3d19ac0 gstmemory.c:138:gst_memory_init new memory 0xf3c8a778, maxsize:42198 offset:0 size:42195
05-09 19:57:51.070  2029  2224 D GStreamer+baseparse: 0:06:35.458113912 0xf3d043b0 gstbaseparse.c:1579:gst_base_parse_src_query:<h264parse3> caps query: caps query: 0xf3ac6920, GstQueryCaps, filter=(GstCaps)"NULL", caps=(GstCaps)"NULL";
05-09 19:57:51.070  2029  2224 D GStreamer+GST_CAPS: 0:06:35.458165891 0xf3d043b0 gstpad.c:3088:gst_pad_query_caps_default:<h264parse3:src> query caps caps query: 0xf3ac6920, GstQueryCaps, filter=(GstCaps)"NULL", caps=(GstCaps)"NULL";
05-09 19:57:51.070  2029  2224 D GStreamer+GST_CAPS: 0:06:35.458203652 0xf3d043b0 gstpad.c:3105:gst_pad_query_caps_default:<h264parse3:src> fixed pad caps: trying pad caps
05-09 19:57:51.070  2029  2224 D GStreamer+GST_CAPS: 0:06:35.458241308 0xf3d043b0 gstpad.c:3111:gst_pad_query_caps_default:<h264parse3:src> trying pad template caps
05-09 19:57:51.070  2029  2224 D GStreamer+GST_CAPS: 0:06:35.458294485 0xf3d043b0 gstpad.c:3141:gst_pad_query_caps_default:<h264parse3:src> using caps 0xf36e2fb8 video/x-h264, parsed=(boolean)true, stream-format=(string){ avc, avc3, byte-stream }, alignment=(string){ au, nal }
05-09 19:57:51.070  2029  2224 D GStreamer+GST_PADS: 0:06:35.458343235 0xf3d043b0 gstpad.c:3339:gst_pad_query_default:<h264parse3:src> not forwarding 0xf3ac6920 (caps) query
05-09 19:57:51.070  2029  2225 D GStreamer+basesrc: 0:06:35.458363339 0xf3d19ac0 gstbasesrc.c:2310:gst_base_src_do_sync:<filesrc3> we have no clock
05-09 19:57:51.070  2029  2224 D GStreamer+GST_PADS: 0:06:35.458392610 0xf3d043b0 gstpad.c:3905:gst_pad_query:<h264parse3:src> sent query 0xf3ac6920 (caps), result 1
05-09 19:57:51.070  2029  2225 D GStreamer+basesrc: 0:06:35.458410527 0xf3d19ac0 gstbasesrc.c:2520:gst_base_src_get_range:<filesrc3> buffer ok
05-09 19:57:51.070  2029  2224 D GStreamer+GST_CAPS: 0:06:35.458462350 0xf3d043b0 gstutils.c:2845:gst_pad_query_caps:<h264parse3:src> query returned video/x-h264, parsed=(boolean)true, stream-format=(string){ avc, avc3, byte-stream }, alignment=(string){ au, nal }
05-09 19:57:51.070  2029  2225 D GStreamer+GST_SCHEDULING: 0:06:35.458491308 0xf3d19ac0 gstpad.c:4153:gst_pad_chain_data_unchecked:<queue8:sink> calling chainfunction &gst_queue_chain with buffer buffer: 0xf3dd40b0, pts 0:00:00.477333333, dts 0:00:00.477333333, dur 0:00:00.019666667, size 42195, offset none, offset_end none, flags 0x0
05-09 19:57:51.070  2029  2224 D GStreamer+decodebin: 0:06:35.458527245 0xf3d043b0 gstdecodebin2.c:1531:analyze_new_pad:<forhwgl> Pad h264parse3:src caps:video/x-h264, parsed=(boolean)true, stream-format=(string){ avc, avc3, byte-stream }, alignment=(string){ au, nal }
05-09 19:57:51.070  2029  2225 D GStreamer+GST_SCHEDULING: 0:06:35.458551464 0xf3d19ac0 gstpad.c:4159:gst_pad_chain_data_unchecked:<queue8:sink> called chainfunction &gst_queue_chain with buffer 0xf3dd40b0, returned ok
05-09 19:57:51.070  2029  2224 D GStreamer+GST_PADS: 0:06:35.458579954 0xf3d043b0 gstpad.c:1062:gst_pad_set_active:<'':decodepad4> pad was active in push mode
05-09 19:57:51.070  2029  2225 D GStreamer+qtdemux: 0:06:35.458600422 0xf3d19ac0 qtdemux.c:7675:qtdemux_parse_samples:<q> parsing up to sample 24
05-09 19:57:51.070  2029  2224 D GStreamer+GST_PADS: 0:06:35.458624120 0xf3d043b0 gstghostpad.c:840:gst_ghost_pad_set_target:<'':decodepad4> set target h264parse3:src
05-09 19:57:51.070  2029  2225 D GStreamer+qtdemux: 0:06:35.458653912 0xf3d19ac0 qtdemux.c:7882:qtdemux_parse_samples:<q> sample 24: index 0, timestamp 0:00:00.497000000
05-09 19:57:51.070  2029  2224 D GStreamer+GST_PADS: 0:06:35.458677454 0xf3d043b0 gstghostpad.c:862:gst_ghost_pad_set_target:<'':decodepad4> connecting internal pad to target <h264parse3:src>
05-09 19:57:51.070  2029  2225 D GStreamer+qtdemux: 0:06:35.458702506 0xf3d19ac0 qtdemux.c:7937:qtdemux_parse_samples:<q> samples at 24 is keyframe
05-09 19:57:51.070  2029  2225 D GStreamer+qtdemux: 0:06:35.458778391 0xf3d19ac0 qtdemux.c:5197:gst_qtdemux_loop_state_movie:<q> pushing from stream 0, empty 0 offset 1070337, size 40691, dts=0:00:00.497000000, pts=0:00:00.497000000, duration 0:00:00.020000000
05-09 19:57:51.070  2029  2224 D GStreamer+GST_BUS: 0:06:35.458795787 0xf3d043b0 gstbus.c:309:gst_bus_post:<bus16> [msg 0xf37f5868] posting on bus structure-change message: 0xf37f5868, time 99:99:99.999999999, seq-num 2026, element 'proxypad14', GstMessageStructureChange, type=(GstStructureChangeType)GST_STRUCTURE_CHANGE_TYPE_PAD_LINK, owner=(GstElement)"\(GstH264Parse\)\ h264parse3", busy=(boolean)true;
05-09 19:57:51.070  2029  2225 D GStreamer+basesrc: 0:06:35.458829068 0xf3d19ac0 gstbasesrc.c:2355:gst_base_src_update_length:<filesrc3> reading offset 1070337, length 40691, size 16031303, segment.stop -1, maxsize 16031303
05-09 19:57:51.070  2029  2224 D GStreamer+bin: 0:06:35.458845370 0xf3d043b0 gstbin.c:3528:gst_bin_handle_message_func:<forhwgl> [msg 0xf37f5868] handling child proxypad14 message of type structure-change
05-09 19:57:51.071  2029  2225 D GStreamer+basesrc: 0:06:35.458884589 0xf3d19ac0 gstbasesrc.c:2456:gst_base_src_get_range:<filesrc3> calling create offset 1070337 length 40691, time 0
05-09 19:57:51.071  2029  2224 D GStreamer+bin: 0:06:35.458896464 0xf3d043b0 gstbin.c:882:find_message:<forhwgl> no message found matching types 00001000
05-09 19:57:51.071  2029  2225 D GStreamer+GST_MEMORY: 0:06:35.458929537 0xf3d19ac0 gstmemory.c:138:gst_memory_init new memory 0xf3d90db0, maxsize:40694 offset:0 size:40691
05-09 19:57:51.071  2029  2224 D GStreamer+bin: 0:06:35.458946464 0xf3d043b0 gstbin.c:889:find_message:<forhwgl>   structure-change
05-09 19:57:51.071  2029  2225 D GStreamer+basesrc: 0:06:35.458991881 0xf3d19ac0 gstbasesrc.c:2310:gst_base_src_do_sync:<filesrc3> we have no clock
05-09 19:57:51.071  2029  2224 D GStreamer+bin: 0:06:35.459007662 0xf3d043b0 gstbin.c:929:bin_replace_message:<forhwgl> got new message 0xf37f5868, structure-change from proxypad14
05-09 19:57:51.071  2029  2225 D GStreamer+basesrc: 0:06:35.459028652 0xf3d19ac0 gstbasesrc.c:2520:gst_base_src_get_range:<filesrc3> buffer ok
05-09 19:57:51.071  2029  2224 D GStreamer+GST_BUS: 0:06:35.459052193 0xf3d043b0 gstbus.c:344:gst_bus_post:<bus16> [msg 0xf37f5868] dropped
05-09 19:57:51.071  2029  2224 I GStreamer+GST_PADS: 0:06:35.459092089 0xf3d043b0 gstpad.c:2292:gst_pad_link_prepare trying to link h264parse3:src and decodepad4:proxypad14
05-09 19:57:51.071  2029  2225 D GStreamer+GST_SCHEDULING: 0:06:35.459105735 0xf3d19ac0 gstpad.c:4153:gst_pad_chain_data_unchecked:<queue8:sink> calling chainfunction &gst_queue_chain with buffer buffer: 0xf39e2bd8, pts 0:00:00.497000000, dts 0:00:00.497000000, dur 0:00:00.020000000, size 40691, offset none, offset_end none, flags 0x0
05-09 19:57:51.071  2029  2224 I GStreamer+GST_PADS: 0:06:35.459131672 0xf3d043b0 gstpad.c:2498:gst_pad_link_full linked h264parse3:src and decodepad4:proxypad14, successful
05-09 19:57:51.071  2029  2225 D GStreamer+GST_SCHEDULING: 0:06:35.459150735 0xf3d19ac0 gstpad.c:4159:gst_pad_chain_data_unchecked:<queue8:sink> called chainfunction &gst_queue_chain with buffer 0xf39e2bd8, returned ok
05-09 19:57:51.071  2029  2224 I GStreamer+GST_EVENT: 0:06:35.459164277 0xf3d043b0 gstevent.c:1382:gst_event_new_reconfigure creating reconfigure event
05-09 19:57:51.071  2029  2225 D GStreamer+qtdemux: 0:06:35.459196829 0xf3d19ac0 qtdemux.c:7675:qtdemux_parse_samples:<q> parsing up to sample 25
05-09 19:57:51.071  2029  2224 D GStreamer+GST_EVENT: 0:06:35.459213235 0xf3d043b0 gstevent.c:302:gst_event_new_custom creating new event 0xf3ae0c28 reconfigure 61441
05-09 19:57:51.071  2029  2225 D GStreamer+qtdemux: 0:06:35.459243235 0xf3d19ac0 qtdemux.c:7882:qtdemux_parse_samples:<q> sample 25: index 1, timestamp 0:00:00.517000000
05-09 19:57:51.071  2029  2224 D GStreamer+GST_EVENT: 0:06:35.459269068 0xf3d043b0 gstpad.c:5496:gst_pad_send_event_unchecked:<h264parse3:src> have event type reconfigure event: 0xf3ae0c28, time 99:99:99.999999999, seq-num 2027, (NULL)
05-09 19:57:51.071  2029  2225 D GStreamer+qtdemux: 0:06:35.459287297 0xf3d19ac0 qtdemux.c:7937:qtdemux_parse_samples:<q> samples at 25 is keyframe
05-09 19:57:51.071  2029  2224 I GStreamer+GST_EVENT: 0:06:35.459309850 0xf3d043b0 gstpad.c:5601:gst_pad_send_event_unchecked:<h264parse3:src> Received event on flushing pad. Discarding
05-09 19:57:51.071  2029  2225 D GStreamer+qtdemux: 0:06:35.459355318 0xf3d19ac0 qtdemux.c:5197:gst_qtdemux_loop_state_movie:<q> pushing from stream 0, empty 0 offset 1111028, size 40746, dts=0:00:00.517000000, pts=0:00:00.517000000, duration 0:00:00.020000000
05-09 19:57:51.071  2029  2224 D GStreamer+GST_BUS: 0:06:35.459404381 0xf3d043b0 gstbus.c:309:gst_bus_post:<bus16> [msg 0xf3d32668] posting on bus structure-change message: 0xf3d32668, time 99:99:99.999999999, seq-num 2028, element 'proxypad14', GstMessageStructureChange, type=(GstStructureChangeType)GST_STRUCTURE_CHANGE_TYPE_PAD_LINK, owner=(GstElement)"\(GstH264Parse\)\ h264parse3", busy=(boolean)false;
05-09 19:57:51.071  2029  2225 D GStreamer+basesrc: 0:06:35.459419641 0xf3d19ac0 gstbasesrc.c:2355:gst_base_src_update_length:<filesrc3> reading offset 1111028, length 40746, size 16031303, segment.stop -1, maxsize 16031303
05-09 19:57:51.071  2029  2224 D GStreamer+bin: 0:06:35.459445006 0xf3d043b0 gstbin.c:3528:gst_bin_handle_message_func:<forhwgl> [msg 0xf3d32668] handling child proxypad14 message of type structure-change
05-09 19:57:51.071  2029  2225 D GStreamer+basesrc: 0:06:35.459471256 0xf3d19ac0 gstbasesrc.c:2456:gst_base_src_get_range:<filesrc3> calling create offset 1111028 length 40746, time 0
05-09 19:57:51.071  2029  2224 D GStreamer+bin: 0:06:35.459496516 0xf3d043b0 gstbin.c:957:bin_remove_messages:<decodepad4:proxypad14> deleting message 0xf37f5868 of types 0x00001000
05-09 19:57:51.071  2029  2225 D GStreamer+GST_MEMORY: 0:06:35.459522714 0xf3d19ac0 gstmemory.c:138:gst_memory_init new memory 0xf3ccc638, maxsize:40749 offset:0 size:40746
05-09 19:57:51.071  2029  2224 D GStreamer+bin: 0:06:35.459549693 0xf3d043b0 gstbin.c:963:bin_remove_messages:<forhwgl> not deleting message 0xf3ab9f80 of type 0x00100000
05-09 19:57:51.071  2029  2225 D GStreamer+basesrc: 0:06:35.459579589 0xf3d19ac0 gstbasesrc.c:2310:gst_base_src_do_sync:<filesrc3> we have no clock
05-09 19:57:51.071  2029  2224 D GStreamer+GST_BUS: 0:06:35.459591464 0xf3d043b0 gstbus.c:344:gst_bus_post:<bus16> [msg 0xf3d32668] dropped
05-09 19:57:51.071  2029  2225 D GStreamer+basesrc: 0:06:35.459614120 0xf3d19ac0 gstbasesrc.c:2520:gst_base_src_get_range:<filesrc3> buffer ok
05-09 19:57:51.071  2029  2224 D GStreamer+decodebin: 0:06:35.459639954 0xf3d043b0 gstdecodebin2.c:1395:gst_decode_bin_autoplug_factories:<forhwgl> finding factories
05-09 19:57:51.071  2029  2225 D GStreamer+GST_SCHEDULING: 0:06:35.459694016 0xf3d19ac0 gstpad.c:4153:gst_pad_chain_data_unchecked:<queue8:sink> calling chainfunction &gst_queue_chain with buffer buffer: 0xf3b6b528, pts 0:00:00.517000000, dts 0:00:00.517000000, dur 0:00:00.020000000, size 40746, offset none, offset_end none, flags 0x0
05-09 19:57:51.071  2029  2224 D GStreamer+GST_ELEMENT_FACTORY: 0:06:35.459700058 0xf3d043b0 gstelementfactory.c:837:gst_element_factory_list_filter finding factories
05-09 19:57:51.071  2029  2224 D GStreamer+GST_ELEMENT_FACTORY: 0:06:35.459736933 0xf3d043b0 gstelementfactory.c:848:gst_element_factory_list_filter Trying mpegaudioparse
05-09 19:57:51.071  2029  2225 D GStreamer+GST_SCHEDULING: 0:06:35.459752297 0xf3d19ac0 gstpad.c:4159:gst_pad_chain_data_unchecked:<queue8:sink> called chainfunction &gst_queue_chain with buffer 0xf3b6b528, returned ok
05-09 19:57:51.071  2029  2224 D GStreamer+GST_ELEMENT_FACTORY: 0:06:35.459774537 0xf3d043b0 gstelementfactory.c:848:gst_element_factory_list_filter Trying aacparse
05-09 19:57:51.071  2029  2225 D GStreamer+qtdemux: 0:06:35.459795579 0xf3d19ac0 qtdemux.c:7675:qtdemux_parse_samples:<q> parsing up to sample 26
05-09 19:57:51.071  2029  2224 D GStreamer+GST_ELEMENT_FACTORY: 0:06:35.459815891 0xf3d043b0 gstelementfactory.c:848:gst_element_factory_list_filter Trying ac3parse
05-09 19:57:51.071  2029  2224 D GStreamer+GST_ELEMENT_FACTORY: 0:06:35.459850475 0xf3d043b0 gstelementfactory.c:848:gst_element_factory_list_filter Trying amrparse
05-09 19:57:51.072  2029  2225 D GStreamer+qtdemux: 0:06:35.459865527 0xf3d19ac0 qtdemux.c:7882:qtdemux_parse_samples:<q> sample 26: index 0, timestamp 0:00:00.537000000
05-09 19:57:51.072  2029  2224 D GStreamer+GST_ELEMENT_FACTORY: 0:06:35.459910110 0xf3d043b0 gstelementfactory.c:848:gst_element_factory_list_filter Trying dcaparse
05-09 19:57:51.072  2029  2225 D GStreamer+qtdemux: 0:06:35.459926881 0xf3d19ac0 qtdemux.c:7937:qtdemux_parse_samples:<q> samples at 26 is keyframe
05-09 19:57:51.072  2029  2224 D GStreamer+GST_ELEMENT_FACTORY: 0:06:35.459945995 0xf3d043b0 gstelementfactory.c:848:gst_element_factory_list_filter Trying flacparse
05-09 19:57:51.072  2029  2224 D GStreamer+GST_ELEMENT_FACTORY: 0:06:35.459978600 0xf3d043b0 gstelementfactory.c:848:gst_element_factory_list_filter Trying h263parse
05-09 19:57:51.072  2029  2225 D GStreamer+qtdemux: 0:06:35.459993131 0xf3d19ac0 qtdemux.c:5197:gst_qtdemux_loop_state_movie:<q> pushing from stream 0, empty 0 offset 1151774, size 41315, dts=0:00:00.537000000, pts=0:00:00.537000000, duration 0:00:00.019666666
05-09 19:57:51.072  2029  2224 D GStreamer+GST_ELEMENT_FACTORY: 0:06:35.460012454 0xf3d043b0 gstelementfactory.c:848:gst_element_factory_list_filter Trying h264parse
05-09 19:57:51.072  2029  2225 D GStreamer+basesrc: 0:06:35.460045527 0xf3d19ac0 gstbasesrc.c:2355:gst_base_src_update_length:<filesrc3> reading offset 1151774, length 41315, size 16031303, segment.stop -1, maxsize 16031303
05-09 19:57:51.072  2029  2224 D GStreamer+GST_ELEMENT_FACTORY: 0:06:35.460061152 0xf3d043b0 gstelementfactory.c:848:gst_element_factory_list_filter Trying mpeg4videoparse
05-09 19:57:51.072  2029  2225 D GStreamer+basesrc: 0:06:35.460085787 0xf3d19ac0 gstbasesrc.c:2456:gst_base_src_get_range:<filesrc3> calling create offset 1151774 length 41315, time 0
05-09 19:57:51.072  2029  2224 D GStreamer+GST_ELEMENT_FACTORY: 0:06:35.460098079 0xf3d043b0 gstelementfactory.c:848:gst_element_factory_list_filter Trying mpegvideoparse
05-09 19:57:51.072  2029  2225 D GStreamer+GST_MEMORY: 0:06:35.460130527 0xf3d19ac0 gstmemory.c:138:gst_memory_init new memory 0xf3ae1100, maxsize:41318 offset:0 size:41315
05-09 19:57:51.072  2029  2224 D GStreamer+GST_ELEMENT_FACTORY: 0:06:35.460146256 0xf3d043b0 gstelementfactory.c:848:gst_element_factory_list_filter Trying sbcparse
05-09 19:57:51.072  2029  2224 D GStreamer+GST_ELEMENT_FACTORY: 0:06:35.460179120 0xf3d043b0 gstelementfactory.c:848:gst_element_factory_list_filter Trying wavpackparse
05-09 19:57:51.072  2029  2224 D GStreamer+GST_ELEMENT_FACTORY: 0:06:35.460210370 0xf3d043b0 gstelementfactory.c:848:gst_element_factory_list_filter Trying avisubtitle
05-09 19:57:51.072  2029  2224 D GStreamer+GST_ELEMENT_FACTORY: 0:06:35.460241360 0xf3d043b0 gstelementfactory.c:848:gst_element_factory_list_filter Trying oggaviparse
05-09 19:57:51.072  2029  2224 D GStreamer+GST_ELEMENT_FACTORY: 0:06:35.460273495 0xf3d043b0 gstelementfactory.c:848:gst_element_factory_list_filter Trying pngparse
05-09 19:57:51.072  2029  2224 D GStreamer+GST_ELEMENT_FACTORY: 0:06:35.460304277 0xf3d043b0 gstelementfactory.c:848:gst_element_factory_list_filter Trying ssaparse
05-09 19:57:51.072  2029  2224 D GStreamer+GST_ELEMENT_FACTORY: 0:06:35.460334850 0xf3d043b0 gstelementfactory.c:848:gst_element_factory_list_filter Trying subparse
05-09 19:57:51.072  2029  2224 D GStreamer+GST_ELEMENT_FACTORY: 0:06:35.460365214 0xf3d043b0 gstelementfactory.c:848:gst_element_factory_list_filter Trying h265parse
05-09 19:57:51.072  2029  2225 D GStreamer+basesrc: 0:06:35.460377141 0xf3d19ac0 gstbasesrc.c:2310:gst_base_src_do_sync:<filesrc3> we have no clock
05-09 19:57:51.072  2029  2224 D GStreamer+GST_ELEMENT_FACTORY: 0:06:35.460397454 0xf3d043b0 gstelementfactory.c:848:gst_element_factory_list_filter Trying adpcmdec
05-09 19:57:51.072  2029  2225 D GStreamer+basesrc: 0:06:35.460412922 0xf3d19ac0 gstbasesrc.c:2520:gst_base_src_get_range:<filesrc3> buffer ok
05-09 19:57:51.072  2029  2224 D GStreamer+GST_ELEMENT_FACTORY: 0:06:35.460430891 0xf3d043b0 gstelementfactory.c:848:gst_element_factory_list_filter Trying alawdec
05-09 19:57:51.072  2029  2224 D GStreamer+GST_ELEMENT_FACTORY: 0:06:35.460469277 0xf3d043b0 gstelementfactory.c:848:gst_element_factory_list_filter Trying amcauddec-omxgoogleaacdecoder
05-09 19:57:51.072  2029  2225 D GStreamer+GST_SCHEDULING: 0:06:35.460500527 0xf3d19ac0 gstpad.c:4153:gst_pad_chain_data_unchecked:<queue8:sink> calling chainfunction &gst_queue_chain with buffer buffer: 0xf3d02dd0, pts 0:00:00.537000000, dts 0:00:00.537000000, dur 0:00:00.019666666, size 41315, offset none, offset_end none, flags 0x0
05-09 19:57:51.072  2029  2224 D GStreamer+GST_ELEMENT_FACTORY: 0:06:35.460515787 0xf3d043b0 gstelementfactory.c:848:gst_element_factory_list_filter Trying amcauddec-omxgoogleamrnbdecoder
05-09 19:57:51.072  2029  2225 D GStreamer+GST_SCHEDULING: 0:06:35.460550370 0xf3d19ac0 gstpad.c:4159:gst_pad_chain_data_unchecked:<queue8:sink> called chainfunction &gst_queue_chain with buffer 0xf3d02dd0, returned ok
05-09 19:57:51.072  2029  2224 D GStreamer+GST_ELEMENT_FACTORY: 0:06:35.460565735 0xf3d043b0 gstelementfactory.c:848:gst_element_factory_list_filter Trying amcauddec-omxgoogleamrwbdecoder
05-09 19:57:51.072  2029  2225 D GStreamer+qtdemux: 0:06:35.460589329 0xf3d19ac0 qtdemux.c:7675:qtdemux_parse_samples:<q> parsing up to sample 27
05-09 19:57:51.072  2029  2224 D GStreamer+GST_ELEMENT_FACTORY: 0:06:35.460598652 0xf3d043b0 gstelementfactory.c:848:gst_element_factory_list_filter Trying amcauddec-omxgooglemp3decoder
05-09 19:57:51.072  2029  2224 D GStreamer+GST_ELEMENT_FACTORY: 0:06:35.460639068 0xf3d043b0 gstelementfactory.c:848:gst_element_factory_list_filter Trying amcauddec-omxgoogleopusdecoder
05-09 19:57:51.072  2029  2225 D GStreamer+qtdemux: 0:06:35.460657714 0xf3d19ac0 qtdemux.c:7882:qtdemux_parse_samples:<q> sample 27: index 0, timestamp 0:00:00.556666666
05-09 19:57:51.072  2029  2224 D GStreamer+GST_ELEMENT_FACTORY: 0:06:35.460672454 0xf3d043b0 gstelementfactory.c:848:gst_element_factory_list_filter Trying amcviddec-omxnvidiah263decode
05-09 19:57:51.072  2029  2225 D GStreamer+qtdemux: 0:06:35.460700475 0xf3d19ac0 qtdemux.c:7937:qtdemux_parse_samples:<q> samples at 27 is keyframe
05-09 19:57:51.072  2029  2224 D GStreamer+GST_ELEMENT_FACTORY: 0:06:35.460716516 0xf3d043b0 gstelementfactory.c:848:gst_element_factory_list_filter Trying amcviddec-omxnvidiah264decode
05-09 19:57:51.072  2029  2224 D GStreamer+GST_ELEMENT_FACTORY: 0:06:35.460761308 0xf3d043b0 gstelementfactory.c:848:gst_element_factory_list_filter Trying amcviddec-omxnvidiah265decode
05-09 19:57:51.072  2029  2225 D GStreamer+qtdemux: 0:06:35.460778495 0xf3d19ac0 qtdemux.c:5197:gst_qtdemux_loop_state_movie:<q> pushing from stream 0, empty 0 offset 1193089, size 40977, dts=0:00:00.556666666, pts=0:00:00.556666666, duration 0:00:00.020000000
05-09 19:57:51.072  2029  2224 D GStreamer+GST_ELEMENT_FACTORY: 0:06:35.460796777 0xf3d043b0 gstelementfactory.c:848:gst_element_factory_list_filter Trying amcviddec-omxnvidiamp4decode
05-09 19:57:51.072  2029  2224 D GStreamer+GST_ELEMENT_FACTORY: 0:06:35.460829433 0xf3d043b0 gstelementfactory.c:848:gst_element_factory_list_filter Trying amcviddec-omxnvidiavp8decode
05-09 19:57:51.072  2029  2225 D GStreamer+basesrc: 0:06:35.460846047 0xf3d19ac0 gstbasesrc.c:2355:gst_base_src_update_length:<filesrc3> reading offset 1193089, length 40977, size 16031303, segment.stop -1, maxsize 16031303
05-09 19:57:51.073  2029  2224 D GStreamer+GST_ELEMENT_FACTORY: 0:06:35.460864381 0xf3d043b0 gstelementfactory.c:848:gst_element_factory_list_filter Trying amcviddec-omxnvidiavp9decode
05-09 19:57:51.073  2029  2225 D GStreamer+basesrc: 0:06:35.460903704 0xf3d19ac0 gstbasesrc.c:2456:gst_base_src_get_range:<filesrc3> calling create offset 1193089 length 40977, time 0
05-09 19:57:51.073  2029  2224 D GStreamer+GST_ELEMENT_FACTORY: 0:06:35.460920370 0xf3d043b0 gstelementfactory.c:848:gst_element_factory_list_filter Trying apedemux
05-09 19:57:51.073  2029  2225 D GStreamer+GST_MEMORY: 0:06:35.460951516 0xf3d19ac0 gstmemory.c:138:gst_memory_init new memory 0xf3b49700, maxsize:40980 offset:0 size:40977
05-09 19:57:51.073  2029  2224 D GStreamer+GST_ELEMENT_FACTORY: 0:06:35.460968079 0xf3d043b0 gstelementfactory.c:848:gst_element_factory_list_filter Trying avidemux
05-09 19:57:51.073  2029  2224 D GStreamer+GST_ELEMENT_FACTORY: 0:06:35.461005683 0xf3d043b0 gstelementfactory.c:848:gst_element_factory_list_filter Trying dashdemux
05-09 19:57:51.073  2029  2225 D GStreamer+basesrc: 0:06:35.461022870 0xf3d19ac0 gstbasesrc.c:2310:gst_base_src_do_sync:<filesrc3> we have no clock
05-09 19:57:51.073  2029  2224 D GStreamer+GST_ELEMENT_FACTORY: 0:06:35.461039902 0xf3d043b0 gstelementfactory.c:848:gst_element_factory_list_filter Trying dvdemux
05-09 19:57:51.073  2029  2225 D GStreamer+basesrc: 0:06:35.461061152 0xf3d19ac0 gstbasesrc.c:2520:gst_base_src_get_range:<filesrc3> buffer ok
05-09 19:57:51.073  2029  2224 D GStreamer+GST_ELEMENT_FACTORY: 0:06:35.461070579 0xf3d043b0 gstelementfactory.c:848:gst_element_factory_list_filter Trying flacdec
05-09 19:57:51.073  2029  2224 D GStreamer+GST_ELEMENT_FACTORY: 0:06:35.461104381 0xf3d043b0 gstelementfactory.c:848:gst_element_factory_list_filter Trying flvdemux
05-09 19:57:51.073  2029  2225 D GStreamer+GST_SCHEDULING: 0:06:35.461136464 0xf3d19ac0 gstpad.c:4153:gst_pad_chain_data_unchecked:<queue8:sink> calling chainfunction &gst_queue_chain with buffer buffer: 0xf39e2ef8, pts 0:00:00.556666666, dts 0:00:00.556666666, dur 0:00:00.020000000, size 40977, offset none, offset_end none, flags 0x0
05-09 19:57:51.073  2029  2224 D GStreamer+GST_ELEMENT_FACTORY: 0:06:35.461152141 0xf3d043b0 gstelementfactory.c:848:gst_element_factory_list_filter Trying flxdec
05-09 19:57:51.073  2029  2225 D GStreamer+GST_SCHEDULING: 0:06:35.461182245 0xf3d19ac0 gstpad.c:4159:gst_pad_chain_data_unchecked:<queue8:sink> called chainfunction &gst_queue_chain with buffer 0xf39e2ef8, returned ok
05-09 19:57:51.073  2029  2224 D GStreamer+GST_ELEMENT_FACTORY: 0:06:35.461197141 0xf3d043b0 gstelementfactory.c:848:gst_element_factory_list_filter Trying hlsdemux
05-09 19:57:51.073  2029  2225 D GStreamer+qtdemux: 0:06:35.461222454 0xf3d19ac0 qtdemux.c:7675:qtdemux_parse_samples:<q> parsing up to sample 28
05-09 19:57:51.073  2029  2224 D GStreamer+GST_ELEMENT_FACTORY: 0:06:35.461238860 0xf3d043b0 gstelementfactory.c:848:gst_element_factory_list_filter Trying icydemux
05-09 19:57:51.073  2029  2225 D GStreamer+qtdemux: 0:06:35.461270006 0xf3d19ac0 qtdemux.c:7882:qtdemux_parse_samples:<q> sample 28: index 1, timestamp 0:00:00.576666666
05-09 19:57:51.073  2029  2224 D GStreamer+GST_ELEMENT_FACTORY: 0:06:35.461284954 0xf3d043b0 gstelementfactory.c:848:gst_element_factory_list_filter Trying id3demux
05-09 19:57:51.073  2029  2225 D GStreamer+qtdemux: 0:06:35.461304537 0xf3d19ac0 qtdemux.c:7937:qtdemux_parse_samples:<q> samples at 28 is keyframe
05-09 19:57:51.073  2029  2224 D GStreamer+GST_ELEMENT_FACTORY: 0:06:35.461317089 0xf3d043b0 gstelementfactory.c:848:gst_element_factory_list_filter Trying jpegdec
05-09 19:57:51.073  2029  2224 D GStreamer+GST_ELEMENT_FACTORY: 0:06:35.461348079 0xf3d043b0 gstelementfactory.c:848:gst_element_factory_list_filter Trying katedec
05-09 19:57:51.073  2029  2225 D GStreamer+qtdemux: 0:06:35.461373600 0xf3d19ac0 qtdemux.c:5197:gst_qtdemux_loop_state_movie:<q> pushing from stream 0, empty 0 offset 1234066, size 40910, dts=0:00:00.576666666, pts=0:00:00.576666666, duration 0:00:00.020000000
05-09 19:57:51.073  2029  2224 D GStreamer+GST_ELEMENT_FACTORY: 0:06:35.461389016 0xf3d043b0 gstelementfactory.c:848:gst_element_factory_list_filter Trying matroskademux
05-09 19:57:51.073  2029  2225 D GStreamer+basesrc: 0:06:35.461422141 0xf3d19ac0 gstbasesrc.c:2355:gst_base_src_update_length:<filesrc3> reading offset 1234066, length 40910, size 16031303, segment.stop -1, maxsize 16031303
05-09 19:57:51.073  2029  2224 D GStreamer+GST_ELEMENT_FACTORY: 0:06:35.461437089 0xf3d043b0 gstelementfactory.c:848:gst_element_factory_list_filter Trying midiparse
05-09 19:57:51.073  2029  2225 D GStreamer+basesrc: 0:06:35.461468235 0xf3d19ac0 gstbasesrc.c:2456:gst_base_src_get_range:<filesrc3> calling create offset 1234066 length 40910, time 0
05-09 19:57:51.073  2029  2224 D GStreamer+GST_ELEMENT_FACTORY: 0:06:35.461484120 0xf3d043b0 gstelementfactory.c:848:gst_element_factory_list_filter Trying mssdemux
05-09 19:57:51.073  2029  2224 D GStreamer+GST_ELEMENT_FACTORY: 0:06:35.461520995 0xf3d043b0 gstelementfactory.c:848:gst_element_factory_list_filter Trying mulawdec
05-09 19:57:51.073  2029  2225 D GStreamer+GST_MEMORY: 0:06:35.461527558 0xf3d19ac0 gstmemory.c:138:gst_memory_init new memory 0xf3b0d910, maxsize:40913 offset:0 size:40910
05-09 19:57:51.073  2029  2224 D GStreamer+GST_ELEMENT_FACTORY: 0:06:35.461551256 0xf3d043b0 gstelementfactory.c:848:gst_element_factory_list_filter Trying multipartdemux
05-09 19:57:51.073  2029  2225 D GStreamer+basesrc: 0:06:35.461587297 0xf3d19ac0 gstbasesrc.c:2310:gst_base_src_do_sync:<filesrc3> we have no clock
05-09 19:57:51.073  2029  2224 D GStreamer+GST_ELEMENT_FACTORY: 0:06:35.461602350 0xf3d043b0 gstelementfactory.c:848:gst_element_factory_list_filter Trying mxfdemux
05-09 19:57:51.073  2029  2225 D GStreamer+basesrc: 0:06:35.461621412 0xf3d19ac0 gstbasesrc.c:2520:gst_base_src_get_range:<filesrc3> buffer ok
05-09 19:57:51.073  2029  2224 D GStreamer+GST_ELEMENT_FACTORY: 0:06:35.461637297 0xf3d043b0 gstelementfactory.c:848:gst_element_factory_list_filter Trying oggdemux
05-09 19:57:51.073  2029  2224 D GStreamer+GST_ELEMENT_FACTORY: 0:06:35.461673600 0xf3d043b0 gstelementfactory.c:848:gst_element_factory_list_filter Trying ogmaudioparse
05-09 19:57:51.073  2029  2225 D GStreamer+GST_SCHEDULING: 0:06:35.461704381 0xf3d19ac0 gstpad.c:4153:gst_pad_chain_data_unchecked:<queue8:sink> calling chainfunction &gst_queue_chain with buffer buffer: 0xf3b6b708, pts 0:00:00.576666666, dts 0:00:00.576666666, dur 0:00:00.020000000, size 40910, offset none, offset_end none, flags 0x0
05-09 19:57:51.073  2029  2224 D GStreamer+GST_ELEMENT_FACTORY: 0:06:35.461719485 0xf3d043b0 gstelementfactory.c:848:gst_element_factory_list_filter Trying ogmtextparse
05-09 19:57:51.073  2029  2225 D GStreamer+GST_SCHEDULING: 0:06:35.461752402 0xf3d19ac0 gstpad.c:4159:gst_pad_chain_data_unchecked:<queue8:sink> called chainfunction &gst_queue_chain with buffer 0xf3b6b708, returned ok
05-09 19:57:51.073  2029  2224 D GStreamer+GST_ELEMENT_FACTORY: 0:06:35.461767350 0xf3d043b0 gstelementfactory.c:848:gst_element_factory_list_filter Trying ogmvideoparse
05-09 19:57:51.073  2029  2225 D GStreamer+qtdemux: 0:06:35.461793183 0xf3d19ac0 qtdemux.c:7675:qtdemux_parse_samples:<q> parsing up to sample 29
05-09 19:57:51.073  2029  2224 D GStreamer+GST_ELEMENT_FACTORY: 0:06:35.461808600 0xf3d043b0 gstelementfactory.c:848:gst_element_factory_list_filter Trying openjpegdec
05-09 19:57:51.073  2029  2225 D GStreamer+qtdemux: 0:06:35.461841672 0xf3d19ac0 qtdemux.c:7882:qtdemux_parse_samples:<q> sample 29: index 0, timestamp 0:00:00.596666666
05-09 19:57:51.073  2029  2224 D GStreamer+GST_ELEMENT_FACTORY: 0:06:35.461856516 0xf3d043b0 gstelementfactory.c:848:gst_element_factory_list_filter Trying opusdec
05-09 19:57:51.074  2029  2225 D GStreamer+qtdemux: 0:06:35.461886568 0xf3d19ac0 qtdemux.c:7937:qtdemux_parse_samples:<q> samples at 29 is keyframe
05-09 19:57:51.074  2029  2224 D GStreamer+GST_ELEMENT_FACTORY: 0:06:35.461899068 0xf3d043b0 gstelementfactory.c:848:gst_element_factory_list_filter Trying pngdec
05-09 19:57:51.074  2029  2224 D GStreamer+GST_ELEMENT_FACTORY: 0:06:35.461933964 0xf3d043b0 gstelementfactory.c:848:gst_element_factory_list_filter Trying pnmdec
05-09 19:57:51.074  2029  2225 D GStreamer+qtdemux: 0:06:35.461956308 0xf3d19ac0 qtdemux.c:5197:gst_qtdemux_loop_state_movie:<q> pushing from stream 0, empty 0 offset 1274976, size 40654, dts=0:00:00.596666666, pts=0:00:00.596666666, duration 0:00:00.019666667
05-09 19:57:51.074  2029  2224 D GStreamer+GST_ELEMENT_FACTORY: 0:06:35.461969277 0xf3d043b0 gstelementfactory.c:848:gst_element_factory_list_filter Trying qtdemux
05-09 19:57:51.074  2029  2224 D GStreamer+GST_ELEMENT_FACTORY: 0:06:35.462002610 0xf3d043b0 gstelementfactory.c:848:gst_element_factory_list_filter Trying rsvgdec
05-09 19:57:51.074  2029  2225 D GStreamer+basesrc: 0:06:35.462019016 0xf3d19ac0 gstbasesrc.c:2355:gst_base_src_update_length:<filesrc3> reading offset 1274976, length 40654, size 16031303, segment.stop -1, maxsize 16031303
05-09 19:57:51.074  2029  2224 D GStreamer+GST_ELEMENT_FACTORY: 0:06:35.462036881 0xf3d043b0 gstelementfactory.c:848:gst_element_factory_list_filter Trying rtpopusdepay
05-09 19:57:51.074  2029  2225 D GStreamer+basesrc: 0:06:35.462064172 0xf3d19ac0 gstbasesrc.c:2456:gst_base_src_get_range:<filesrc3> calling create offset 1274976 length 40654, time 0
05-09 19:57:51.074  2029  2224 D GStreamer+GST_ELEMENT_FACTORY: 0:06:35.462079537 0xf3d043b0 gstelementfactory.c:848:gst_element_factory_list_filter Trying schrodec
05-09 19:57:51.074  2029  2225 D GStreamer+GST_MEMORY: 0:06:35.462109120 0xf3d19ac0 gstmemory.c:138:gst_memory_init new memory 0xf3d5f9b0, maxsize:40657 offset:0 size:40654
05-09 19:57:51.074  2029  2224 D GStreamer+GST_ELEMENT_FACTORY: 0:06:35.462125006 0xf3d043b0 gstelementfactory.c:848:gst_element_factory_list_filter Trying speexdec
05-09 19:57:51.074  2029  2224 D GStreamer+GST_ELEMENT_FACTORY: 0:06:35.462156360 0xf3d043b0 gstelementfactory.c:848:gst_element_factory_list_filter Trying theoradec
05-09 19:57:51.074  2029  2224 D GStreamer+GST_ELEMENT_FACTORY: 0:06:35.462186152 0xf3d043b0 gstelementfactory.c:848:gst_element_factory_list_filter Trying vorbisdec
05-09 19:57:51.074  2029  2224 D GStreamer+GST_ELEMENT_FACTORY: 0:06:35.462217141 0xf3d043b0 gstelementfactory.c:848:gst_element_factory_list_filter Trying vp8dec
05-09 19:57:51.074  2029  2224 D GStreamer+GST_ELEMENT_FACTORY: 0:06:35.462248912 0xf3d043b0 gstelementfactory.c:848:gst_element_factory_list_filter Trying vp9dec
05-09 19:57:51.074  2029  2224 D GStreamer+GST_ELEMENT_FACTORY: 0:06:35.462280162 0xf3d043b0 gstelementfactory.c:848:gst_element_factory_list_filter Trying wavpackdec
05-09 19:57:51.074  2029  2224 D GStreamer+GST_ELEMENT_FACTORY: 0:06:35.462310006 0xf3d043b0 gstelementfactory.c:848:gst_element_factory_list_filter Trying wavparse
05-09 19:57:51.074  2029  2224 D GStreamer+GST_ELEMENT_FACTORY: 0:06:35.462340787 0xf3d043b0 gstelementfactory.c:848:gst_element_factory_list_filter Trying amcviddec-omxgoogleh263decoder
05-09 19:57:51.074  2029  2225 D GStreamer+basesrc: 0:06:35.462357870 0xf3d19ac0 gstbasesrc.c:2310:gst_base_src_do_sync:<filesrc3> we have no clock
05-09 19:57:51.074  2029  2224 D GStreamer+GST_ELEMENT_FACTORY: 0:06:35.462376308 0xf3d043b0 gstelementfactory.c:848:gst_element_factory_list_filter Trying amcviddec-omxgoogleh264decoder
05-09 19:57:51.074  2029  2225 D GStreamer+basesrc: 0:06:35.462394120 0xf3d19ac0 gstbasesrc.c:2520:gst_base_src_get_range:<filesrc3> buffer ok
05-09 19:57:51.074  2029  2224 D GStreamer+GST_ELEMENT_FACTORY: 0:06:35.462411620 0xf3d043b0 gstelementfactory.c:848:gst_element_factory_list_filter Trying amcviddec-omxgooglehevcdecoder
05-09 19:57:51.074  2029  2224 D GStreamer+GST_ELEMENT_FACTORY: 0:06:35.462449225 0xf3d043b0 gstelementfactory.c:848:gst_element_factory_list_filter Trying amcviddec-omxgooglempeg4decoder
05-09 19:57:51.074  2029  2225 D GStreamer+GST_SCHEDULING: 0:06:35.462471829 0xf3d19ac0 gstpad.c:4153:gst_pad_chain_data_unchecked:<queue8:sink> calling chainfunction &gst_queue_chain with buffer buffer: 0xf3d19050, pts 0:00:00.596666666, dts 0:00:00.596666666, dur 0:00:00.019666667, size 40654, offset none, offset_end none, flags 0x0
05-09 19:57:51.074  2029  2224 D GStreamer+GST_ELEMENT_FACTORY: 0:06:35.462482506 0xf3d043b0 gstelementfactory.c:848:gst_element_factory_list_filter Trying amcviddec-omxgooglevp8decoder
05-09 19:57:51.074  2029  2224 D GStreamer+GST_ELEMENT_FACTORY: 0:06:35.462524277 0xf3d043b0 gstelementfactory.c:848:gst_element_factory_list_filter Trying amcviddec-omxgooglevp9decoder
05-09 19:57:51.074  2029  2225 D GStreamer+GST_SCHEDULING: 0:06:35.462542089 0xf3d19ac0 gstpad.c:4159:gst_pad_chain_data_unchecked:<queue8:sink> called chainfunction &gst_queue_chain with buffer 0xf3d19050, returned ok
05-09 19:57:51.074  2029  2224 D GStreamer+GST_ELEMENT_FACTORY: 0:06:35.462558547 0xf3d043b0 gstelementfactory.c:848:gst_element_factory_list_filter Trying auparse
05-09 19:57:51.074  2029  2225 D GStreamer+qtdemux: 0:06:35.462590318 0xf3d19ac0 qtdemux.c:7675:qtdemux_parse_samples:<q> parsing up to sample 30
05-09 19:57:51.074  2029  2224 D GStreamer+GST_ELEMENT_FACTORY: 0:06:35.462605995 0xf3d043b0 gstelementfactory.c:848:gst_element_factory_list_filter Trying ivorbisdec
05-09 19:57:51.074  2029  2225 D GStreamer+qtdemux: 0:06:35.462639329 0xf3d19ac0 qtdemux.c:7882:qtdemux_parse_samples:<q> sample 30: index 0, timestamp 0:00:00.616333333
05-09 19:57:51.074  2029  2224 D GStreamer+GST_ELEMENT_FACTORY: 0:06:35.462654641 0xf3d043b0 gstelementfactory.c:848:gst_element_factory_list_filter Trying rtpL16depay
05-09 19:57:51.074  2029  2225 D GStreamer+qtdemux: 0:06:35.462676204 0xf3d19ac0 qtdemux.c:7937:qtdemux_parse_samples:<q> samples at 30 is keyframe
05-09 19:57:51.074  2029  2224 D GStreamer+GST_ELEMENT_FACTORY: 0:06:35.462693079 0xf3d043b0 gstelementfactory.c:848:gst_element_factory_list_filter Trying rtpL24depay
05-09 19:57:51.074  2029  2224 D GStreamer+GST_ELEMENT_FACTORY: 0:06:35.462727766 0xf3d043b0 gstelementfactory.c:848:gst_element_factory_list_filter Trying rtpac3depay
05-09 19:57:51.074  2029  2225 D GStreamer+qtdemux: 0:06:35.462745214 0xf3d19ac0 qtdemux.c:5197:gst_qtdemux_loop_state_movie:<q> pushing from stream 0, empty 0 offset 1315630, size 40761, dts=0:00:00.616333333, pts=0:00:00.616333333, duration 0:00:00.020000000
05-09 19:57:51.074  2029  2224 D GStreamer+GST_ELEMENT_FACTORY: 0:06:35.462759797 0xf3d043b0 gstelementfactory.c:848:gst_element_factory_list_filter Trying rtpamrdepay
05-09 19:57:51.074  2029  2224 D GStreamer+GST_ELEMENT_FACTORY: 0:06:35.462796152 0xf3d043b0 gstelementfactory.c:848:gst_element_factory_list_filter Trying rtpbvdepay
05-09 19:57:51.074  2029  2225 D GStreamer+basesrc: 0:06:35.462811204 0xf3d19ac0 gstbasesrc.c:2355:gst_base_src_update_length:<filesrc3> reading offset 1315630, length 40761, size 16031303, segment.stop -1, maxsize 16031303
05-09 19:57:51.074  2029  2224 D GStreamer+GST_ELEMENT_FACTORY: 0:06:35.462828964 0xf3d043b0 gstelementfactory.c:848:gst_element_factory_list_filter Trying rtpceltdepay
05-09 19:57:51.074  2029  2225 D GStreamer+basesrc: 0:06:35.462854172 0xf3d19ac0 gstbasesrc.c:2456:gst_base_src_get_range:<filesrc3> calling create offset 1315630 length 40761, time 0
05-09 19:57:51.075  2029  2224 D GStreamer+GST_ELEMENT_FACTORY: 0:06:35.462879277 0xf3d043b0 gstelementfactory.c:848:gst_element_factory_list_filter Trying rtpdvdepay
05-09 19:57:51.075  2029  2224 D GStreamer+GST_ELEMENT_FACTORY: 0:06:35.462918183 0xf3d043b0 gstelementfactory.c:848:gst_element_factory_list_filter Trying rtpg722depay
05-09 19:57:51.075  2029  2225 D GStreamer+GST_MEMORY: 0:06:35.462934120 0xf3d19ac0 gstmemory.c:138:gst_memory_init new memory 0xf3bb1798, maxsize:40764 offset:0 size:40761
05-09 19:57:51.075  2029  2224 D GStreamer+GST_ELEMENT_FACTORY: 0:06:35.462950058 0xf3d043b0 gstelementfactory.c:848:gst_element_factory_list_filter Trying rtpg723depay
05-09 19:57:51.075  2029  2224 D GStreamer+GST_ELEMENT_FACTORY: 0:06:35.462983339 0xf3d043b0 gstelementfactory.c:848:gst_element_factory_list_filter Trying rtpg726depay
05-09 19:57:51.075  2029  2225 D GStreamer+basesrc: 0:06:35.463001672 0xf3d19ac0 gstbasesrc.c:2310:gst_base_src_do_sync:<filesrc3> we have no clock
05-09 19:57:51.075  2029  2224 D GStreamer+GST_ELEMENT_FACTORY: 0:06:35.463015058 0xf3d043b0 gstelementfactory.c:848:gst_element_factory_list_filter Trying rtpg729depay
05-09 19:57:51.075  2029  2225 D GStreamer+basesrc: 0:06:35.463039641 0xf3d19ac0 gstbasesrc.c:2520:gst_base_src_get_range:<filesrc3> buffer ok
05-09 19:57:51.075  2029  2224 D GStreamer+GST_ELEMENT_FACTORY: 0:06:35.463055839 0xf3d043b0 gstelementfactory.c:848:gst_element_factory_list_filter Trying rtpgsmdepay
05-09 19:57:51.075  2029  2224 D GStreamer+GST_ELEMENT_FACTORY: 0:06:35.463094485 0xf3d043b0 gstelementfactory.c:848:gst_element_factory_list_filter Trying rtph261depay
05-09 19:57:51.075  2029  2225 D GStreamer+GST_SCHEDULING: 0:06:35.463117402 0xf3d19ac0 gstpad.c:4153:gst_pad_chain_data_unchecked:<queue8:sink> calling chainfunction &gst_queue_chain with buffer buffer: 0xf3ac3e60, pts 0:00:00.616333333, dts 0:00:00.616333333, dur 0:00:00.020000000, size 40761, offset none, offset_end none, flags 0x0
05-09 19:57:51.075  2029  2224 D GStreamer+GST_ELEMENT_FACTORY: 0:06:35.463126100 0xf3d043b0 gstelementfactory.c:848:gst_element_factory_list_filter Trying rtph263depay
05-09 19:57:51.075  2029  2224 D GStreamer+GST_ELEMENT_FACTORY: 0:06:35.463159068 0xf3d043b0 gstelementfactory.c:848:gst_element_factory_list_filter Trying rtph263pdepay
05-09 19:57:51.075  2029  2225 D GStreamer+GST_SCHEDULING: 0:06:35.463176047 0xf3d19ac0 gstpad.c:4159:gst_pad_chain_data_unchecked:<queue8:sink> called chainfunction &gst_queue_chain with buffer 0xf3ac3e60, returned ok
05-09 19:57:51.075  2029  2224 D GStreamer+GST_ELEMENT_FACTORY: 0:06:35.463191412 0xf3d043b0 gstelementfactory.c:848:gst_element_factory_list_filter Trying rtph264depay
05-09 19:57:51.075  2029  2225 D GStreamer+qtdemux: 0:06:35.463224745 0xf3d19ac0 qtdemux.c:7675:qtdemux_parse_samples:<q> parsing up to sample 31
05-09 19:57:51.075  2029  2224 D GStreamer+GST_ELEMENT_FACTORY: 0:06:35.463239745 0xf3d043b0 gstelementfactory.c:848:gst_element_factory_list_filter Trying rtph265depay
05-09 19:57:51.075  2029  2225 D GStreamer+qtdemux: 0:06:35.463273495 0xf3d19ac0 qtdemux.c:7882:qtdemux_parse_samples:<q> sample 31: index 1, timestamp 0:00:00.636333333
05-09 19:57:51.075  2029  2224 D GStreamer+GST_ELEMENT_FACTORY: 0:06:35.463288287 0xf3d043b0 gstelementfactory.c:848:gst_element_factory_list_filter Trying rtpilbcdepay
05-09 19:57:51.075  2029  2225 D GStreamer+qtdemux: 0:06:35.463310735 0xf3d19ac0 qtdemux.c:7937:qtdemux_parse_samples:<q> samples at 31 is keyframe
05-09 19:57:51.075  2029  2224 D GStreamer+GST_ELEMENT_FACTORY: 0:06:35.463321672 0xf3d043b0 gstelementfactory.c:848:gst_element_factory_list_filter Trying rtpj2kdepay
05-09 19:57:51.075  2029  2224 D GStreamer+GST_ELEMENT_FACTORY: 0:06:35.463355839 0xf3d043b0 gstelementfactory.c:848:gst_element_factory_list_filter Trying rtpjpegdepay
05-09 19:57:51.075  2029  2225 D GStreamer+qtdemux: 0:06:35.463381881 0xf3d19ac0 qtdemux.c:5197:gst_qtdemux_loop_state_movie:<q> pushing from stream 0, empty 0 offset 1356391, size 40982, dts=0:00:00.636333333, pts=0:00:00.636333333, duration 0:00:00.020000000
05-09 19:57:51.075  2029  2224 D GStreamer+GST_ELEMENT_FACTORY: 0:06:35.463397297 0xf3d043b0 gstelementfactory.c:848:gst_element_factory_list_filter Trying rtpklvdepay
05-09 19:57:51.075  2029  2224 D GStreamer+GST_ELEMENT_FACTORY: 0:06:35.463432818 0xf3d043b0 gstelementfactory.c:848:gst_element_factory_list_filter Trying rtpmp1sdepay
05-09 19:57:51.075  2029  2225 D GStreamer+basesrc: 0:06:35.463449485 0xf3d19ac0 gstbasesrc.c:2355:gst_base_src_update_length:<filesrc3> reading offset 1356391, length 40982, size 16031303, segment.stop -1, maxsize 16031303
05-09 19:57:51.075  2029  2224 D GStreamer+GST_ELEMENT_FACTORY: 0:06:35.463467506 0xf3d043b0 gstelementfactory.c:848:gst_element_factory_list_filter Trying rtpmp2tdepay
05-09 19:57:51.075  2029  2225 D GStreamer+basesrc: 0:06:35.463495839 0xf3d19ac0 gstbasesrc.c:2456:gst_base_src_get_range:<filesrc3> calling create offset 1356391 length 40982, time 0
05-09 19:57:51.075  2029  2224 D GStreamer+GST_ELEMENT_FACTORY: 0:06:35.463510631 0xf3d043b0 gstelementfactory.c:848:gst_element_factory_list_filter Trying rtpmp4adepay
05-09 19:57:51.075  2029  2225 D GStreamer+GST_MEMORY: 0:06:35.463539850 0xf3d19ac0 gstmemory.c:138:gst_memory_init new memory 0xf3c94ca8, maxsize:40985 offset:0 size:40982
05-09 19:57:51.075  2029  2224 D GStreamer+GST_ELEMENT_FACTORY: 0:06:35.463554329 0xf3d043b0 gstelementfactory.c:848:gst_element_factory_list_filter Trying rtpmp4gdepay
05-09 19:57:51.075  2029  2224 D GStreamer+GST_ELEMENT_FACTORY: 0:06:35.463590058 0xf3d043b0 gstelementfactory.c:848:gst_element_factory_list_filter Trying rtpmp4vdepay
05-09 19:57:51.075  2029  2225 D GStreamer+basesrc: 0:06:35.463610058 0xf3d19ac0 gstbasesrc.c:2310:gst_base_src_do_sync:<filesrc3> we have no clock
05-09 19:57:51.075  2029  2224 D GStreamer+GST_ELEMENT_FACTORY: 0:06:35.463621777 0xf3d043b0 gstelementfactory.c:848:gst_element_factory_list_filter Trying rtpmpadepay
05-09 19:57:51.075  2029  2225 D GStreamer+basesrc: 0:06:35.463646047 0xf3d19ac0 gstbasesrc.c:2520:gst_base_src_get_range:<filesrc3> buffer ok
05-09 19:57:51.075  2029  2224 D GStreamer+GST_ELEMENT_FACTORY: 0:06:35.463662193 0xf3d043b0 gstelementfactory.c:848:gst_element_factory_list_filter Trying rtpmparobustdepay
05-09 19:57:51.075  2029  2224 D GStreamer+GST_ELEMENT_FACTORY: 0:06:35.463699068 0xf3d043b0 gstelementfactory.c:848:gst_element_factory_list_filter Trying rtpmpvdepay
05-09 19:57:51.075  2029  2225 D GStreamer+GST_SCHEDULING: 0:06:35.463719693 0xf3d19ac0 gstpad.c:4153:gst_pad_chain_data_unchecked:<queue8:sink> calling chainfunction &gst_queue_chain with buffer buffer: 0xf3d19230, pts 0:00:00.636333333, dts 0:00:00.636333333, dur 0:00:00.020000000, size 40982, offset none, offset_end none, flags 0x0
05-09 19:57:51.075  2029  2224 D GStreamer+GST_ELEMENT_FACTORY: 0:06:35.463731308 0xf3d043b0 gstelementfactory.c:848:gst_element_factory_list_filter Trying rtppcmadepay
05-09 19:57:51.075  2029  2224 D GStreamer+GST_ELEMENT_FACTORY: 0:06:35.463762975 0xf3d043b0 gstelementfactory.c:848:gst_element_factory_list_filter Trying rtppcmudepay
05-09 19:57:51.075  2029  2225 D GStreamer+GST_SCHEDULING: 0:06:35.463780891 0xf3d19ac0 gstpad.c:4159:gst_pad_chain_data_unchecked:<queue8:sink> called chainfunction &gst_queue_chain with buffer 0xf3d19230, returned ok
05-09 19:57:51.075  2029  2224 D GStreamer+GST_ELEMENT_FACTORY: 0:06:35.463797975 0xf3d043b0 gstelementfactory.c:848:gst_element_factory_list_filter Trying rtpqcelpdepay
05-09 19:57:51.075  2029  2225 D GStreamer+qtdemux: 0:06:35.463826777 0xf3d19ac0 qtdemux.c:7675:qtdemux_parse_samples:<q> parsing up to sample 32
05-09 19:57:51.075  2029  2224 D GStreamer+GST_ELEMENT_FACTORY: 0:06:35.463841777 0xf3d043b0 gstelementfactory.c:848:gst_element_factory_list_filter Trying rtpqdm2depay
05-09 19:57:51.076  2029  2224 D GStreamer+GST_ELEMENT_FACTORY: 0:06:35.463886620 0xf3d043b0 gstelementfactory.c:848:gst_element_factory_list_filter Trying rtpsbcdepay
05-09 19:57:51.076  2029  2225 D GStreamer+qtdemux: 0:06:35.463903652 0xf3d19ac0 qtdemux.c:7882:qtdemux_parse_samples:<q> sample 32: index 0, timestamp 0:00:00.656333333
05-09 19:57:51.076  2029  2224 D GStreamer+GST_ELEMENT_FACTORY: 0:06:35.463921412 0xf3d043b0 gstelementfactory.c:848:gst_element_factory_list_filter Trying rtpsirendepay
05-09 19:57:51.076  2029  2225 D GStreamer+qtdemux: 0:06:35.463945631 0xf3d19ac0 qtdemux.c:7937:qtdemux_parse_samples:<q> samples at 32 is keyframe
05-09 19:57:51.076  2029  2224 D GStreamer+GST_ELEMENT_FACTORY: 0:06:35.463961412 0xf3d043b0 gstelementfactory.c:848:gst_element_factory_list_filter Trying rtpspeexdepay
05-09 19:57:51.076  2029  2224 D GStreamer+GST_ELEMENT_FACTORY: 0:06:35.463996829 0xf3d043b0 gstelementfactory.c:848:gst_element_factory_list_filter Trying rtpsv3vdepay
05-09 19:57:51.076  2029  2225 D GStreamer+qtdemux: 0:06:35.464011933 0xf3d19ac0 qtdemux.c:5197:gst_qtdemux_loop_state_movie:<q> pushing from stream 0, empty 0 offset 1397373, size 41094, dts=0:00:00.656333333, pts=0:00:00.656333333, duration 0:00:00.019666667
05-09 19:57:51.076  2029  2224 D GStreamer+GST_ELEMENT_FACTORY: 0:06:35.464030943 0xf3d043b0 gstelementfactory.c:848:gst_element_factory_list_filter Trying rtptheoradepay
05-09 19:57:51.076  2029  2225 D GStreamer+basesrc: 0:06:35.464063600 0xf3d19ac0 gstbasesrc.c:2355:gst_base_src_update_length:<filesrc3> reading offset 1397373, length 41094, size 16031303, segment.stop -1, maxsize 16031303
05-09 19:57:51.076  2029  2224 D GStreamer+GST_ELEMENT_FACTORY: 0:06:35.464078808 0xf3d043b0 gstelementfactory.c:848:gst_element_factory_list_filter Trying rtpvorbisdepay
05-09 19:57:51.076  2029  2225 D GStreamer+basesrc: 0:06:35.464105579 0xf3d19ac0 gstbasesrc.c:2456:gst_base_src_get_range:<filesrc3> calling create offset 1397373 length 41094, time 0
05-09 19:57:51.076  2029  2224 D GStreamer+GST_ELEMENT_FACTORY: 0:06:35.464120839 0xf3d043b0 gstelementfactory.c:848:gst_element_factory_list_filter Trying rtpvrawdepay
05-09 19:57:51.076  2029  2225 D GStreamer+GST_MEMORY: 0:06:35.464150527 0xf3d19ac0 gstmemory.c:138:gst_memory_init new memory 0xf3a83400, maxsize:41097 offset:0 size:41094
05-09 19:57:51.076  2029  2224 D GStreamer+GST_ELEMENT_FACTORY: 0:06:35.464166047 0xf3d043b0 gstelementfactory.c:848:gst_element_factory_list_filter Trying y4mdec
05-09 19:57:51.076  2029  2224 D GStreamer+GST_ELEMENT_FACTORY: 0:06:35.464200839 0xf3d043b0 gstelementfactory.c:848:gst_element_factory_list_filter Trying dvdec
05-09 19:57:51.076  2029  2225 D GStreamer+basesrc: 0:06:35.464219016 0xf3d19ac0 gstbasesrc.c:2310:gst_base_src_do_sync:<filesrc3> we have no clock
05-09 19:57:51.076  2029  2224 D GStreamer+GST_ELEMENT_FACTORY: 0:06:35.464233704 0xf3d043b0 gstelementfactory.c:848:gst_element_factory_list_filter Trying openh264dec
05-09 19:57:51.076  2029  2225 D GStreamer+basesrc: 0:06:35.464256672 0xf3d19ac0 gstbasesrc.c:2520:gst_base_src_get_range:<filesrc3> buffer ok
05-09 19:57:51.076  2029  2224 D GStreamer+GST_ELEMENT_FACTORY: 0:06:35.464268547 0xf3d043b0 gstelementfactory.c:848:gst_element_factory_list_filter Trying rtpgstdepay
05-09 19:57:51.076  2029  2224 D GStreamer+GST_ELEMENT_FACTORY: 0:06:35.464300527 0xf3d043b0 gstelementfactory.c:848:gst_element_factory_list_filter Trying rtpvp8depay
05-09 19:57:51.076  2029  2224 D GStreamer+GST_ELEMENT_FACTORY: 0:06:35.464339797 0xf3d043b0 gstelementfactory.c:848:gst_element_factory_list_filter Trying rtpvp9depay
05-09 19:57:51.076  2029  2225 D GStreamer+GST_SCHEDULING: 0:06:35.464357037 0xf3d19ac0 gstpad.c:4153:gst_pad_chain_data_unchecked:<queue8:sink> calling chainfunction &gst_queue_chain with buffer buffer: 0xf39e2818, pts 0:00:00.656333333, dts 0:00:00.656333333, dur 0:00:00.019666667, size 41094, offset none, offset_end none, flags 0x0
05-09 19:57:51.076  2029  2224 D GStreamer+GST_ELEMENT_FACTORY: 0:06:35.464374120 0xf3d043b0 gstelementfactory.c:848:gst_element_factory_list_filter Trying rtpxqtdepay
05-09 19:57:51.076  2029  2224 D GStreamer+GST_ELEMENT_FACTORY: 0:06:35.464409225 0xf3d043b0 gstelementfactory.c:848:gst_element_factory_list_filter Trying sirendec
05-09 19:57:51.076  2029  2225 D GStreamer+GST_SCHEDULING: 0:06:35.464425995 0xf3d19ac0 gstpad.c:4159:gst_pad_chain_data_unchecked:<queue8:sink> called chainfunction &gst_queue_chain with buffer 0xf39e2818, returned ok
05-09 19:57:51.076  2029  2224 D GStreamer+decodebin: 0:06:35.464453495 0xf3d043b0 gstdecodebin2.c:1417:gst_decode_bin_autoplug_factories:<forhwgl> autoplug-factories returns 0xf39ed230
05-09 19:57:51.076  2029  2225 D GStreamer+qtdemux: 0:06:35.464466829 0xf3d19ac0 qtdemux.c:7675:qtdemux_parse_samples:<q> parsing up to sample 33
05-09 19:57:51.076  2029  2224 D GStreamer+decodebin: 0:06:35.464512350 0xf3d043b0 gstdecodebin2.c:1754:analyze_new_pad Trying factory h264parse
05-09 19:57:51.076  2029  2225 D GStreamer+qtdemux: 0:06:35.464529850 0xf3d19ac0 qtdemux.c:7882:qtdemux_parse_samples:<q> sample 33: index 0, timestamp 0:00:00.676000000
05-09 19:57:51.076  2029  2224 D GStreamer+decodebin: 0:06:35.464543964 0xf3d043b0 gstdecodebin2.c:1759:analyze_new_pad Skipping factory
05-09 19:57:51.076  2029  2225 D GStreamer+qtdemux: 0:06:35.464573964 0xf3d19ac0 qtdemux.c:7937:qtdemux_parse_samples:<q> samples at 33 is keyframe
05-09 19:57:51.076  2029  2224 D GStreamer+decodebin: 0:06:35.464589797 0xf3d043b0 gstdecodebin2.c:1754:analyze_new_pad Trying factory amcviddec-omxnvidiah264decode
05-09 19:57:51.076  2029  2225 D GStreamer+qtdemux: 0:06:35.464636568 0xf3d19ac0 qtdemux.c:5197:gst_qtdemux_loop_state_movie:<q> pushing from stream 0, empty 0 offset 1438467, size 40929, dts=0:00:00.676000000, pts=0:00:00.676000000, duration 0:00:00.020000000
05-09 19:57:51.076  2029  2225 D GStreamer+basesrc: 0:06:35.464689641 0xf3d19ac0 gstbasesrc.c:2355:gst_base_src_update_length:<filesrc3> reading offset 1438467, length 40929, size 16031303, segment.stop -1, maxsize 16031303
05-09 19:57:51.076  2029  2225 D GStreamer+basesrc: 0:06:35.464727922 0xf3d19ac0 gstbasesrc.c:2456:gst_base_src_get_range:<filesrc3> calling create offset 1438467 length 40929, time 0
05-09 19:57:51.076  2029  2224 D GStreamer+decodebin: 0:06:35.464748652 0xf3d043b0 gstdecodebin2.c:1754:analyze_new_pad Trying factory amcviddec-omxgoogleh264decoder
