05-09 19:57:51.007  2029  2029 D GStreamer+bin: 0:06:35.395537193 0xf35ef400 gstbin.c:889:find_message:<pipeline3>   structure-change
05-09 19:57:51.007  2029  2029 D GStreamer+bin: 0:06:35.395572454 0xf35ef400 gstbin.c:2098:update_degree:<pipeline3> change element forhalffps, degree 1->0, linked to glimagesinkbin3
05-09 19:57:51.007  2029  2029 D GStreamer+bin: 0:06:35.395604902 0xf35ef400 gstbin.c:1981:add_to_queue:<pipeline3> adding 'forhalffps' to queue
05-09 19:57:51.007  2029  2029 I GStreamer+GST_STATES: 0:06:35.395642662 0xf35ef400 gstbin.c:2316:gst_bin_element_set_state:<glimagesinkbin3> current READY pending VOID_PENDING, desired next PAUSED
05-09 19:57:51.007  2029  2029 D GStreamer+bin: 0:06:35.395676048 0xf35ef400 gstbin.c:882:find_message:<pipeline3> no message found matching types 00100000
05-09 19:57:51.007  2029  2029 D GStreamer+bin: 0:06:35.395708027 0xf35ef400 gstbin.c:889:find_message:<pipeline3>   async-start
05-09 19:57:51.007  2029  2029 D GStreamer+bin: 0:06:35.395745110 0xf35ef400 gstbin.c:2411:gst_bin_element_set_state:<pipeline3> setting element glimagesinkbin3 to PAUSED, base_time 0:00:00.000000000
05-09 19:57:51.007  2029  2029 D GStreamer+GST_STATES: 0:06:35.395776881 0xf35ef400 gstelement.c:2523:gst_element_set_state_func:<glimagesinkbin3> set_state to PAUSED
05-09 19:57:51.007  2029  2029 D GStreamer+GST_STATES: 0:06:35.395808495 0xf35ef400 gstelement.c:2548:gst_element_set_state_func:<glimagesinkbin3> setting target state to PAUSED
05-09 19:57:51.007  2029  2029 D GStreamer+GST_STATES: 0:06:35.395842870 0xf35ef400 gstelement.c:2561:gst_element_set_state_func:<glimagesinkbin3> current READY, old_pending VOID_PENDING, next VOID_PENDING, old return SUCCESS
05-09 19:57:51.008  2029  2029 D GStreamer+GST_STATES: 0:06:35.395887245 0xf35ef400 gstelement.c:2595:gst_element_set_state_func:<glimagesinkbin3> final: setting state from READY to PAUSED
05-09 19:57:51.008  2029  2029 D GStreamer+glimagesink: 0:06:35.395922245 0xf35ef400 gstglsinkbin.c:374:gst_gl_sink_bin_change_state changing state: READY => PAUSED
05-09 19:57:51.008  2029  2029 D GStreamer+GST_STATES: 0:06:35.395953912 0xf35ef400 gstbin.c:2664:gst_bin_change_state_func:<glimagesinkbin3> changing state of children from READY to PAUSED
05-09 19:57:51.008  2029  2029 D GStreamer+bin: 0:06:35.395984902 0xf35ef400 gstbin.c:2688:gst_bin_change_state_func:<glimagesinkbin3> clearing EOS elements
05-09 19:57:51.008  2029  2029 D GStreamer+bin: 0:06:35.396016568 0xf35ef400 gstbin.c:2509:gst_bin_src_pads_activate:<glimagesinkbin3> activate pads
05-09 19:57:51.008  2029  2029 D GStreamer+bin: 0:06:35.396050579 0xf35ef400 gstbin.c:2517:gst_bin_src_pads_activate:<glimagesinkbin3> pad activation successful
05-09 19:57:51.008  2029  2029 D GStreamer+bin: 0:06:35.396082037 0xf35ef400 gstbin.c:2195:gst_bin_sort_iterator_resync:<glimagesinkbin3> resync
05-09 19:57:51.008  2029  2029 D GStreamer+bin: 0:06:35.396114798 0xf35ef400 gstbin.c:1981:add_to_queue:<glimagesinkbin3> adding 'sink' to queue
05-09 19:57:51.008  2029  2029 D GStreamer+bin: 0:06:35.396151464 0xf35ef400 gstbin.c:882:find_message:<glimagesinkbin3> no message found matching types 00001000
05-09 19:57:51.008  2029  2029 D GStreamer+bin: 0:06:35.396182141 0xf35ef400 gstbin.c:889:find_message:<glimagesinkbin3>   structure-change
05-09 19:57:51.008  2029  2029 D GStreamer+bin: 0:06:35.396219120 0xf35ef400 gstbin.c:2098:update_degree:<glimagesinkbin3> change element glcolorbalance3, degree 0->1, linked to sink
05-09 19:57:51.008  2029  2029 D GStreamer+bin: 0:06:35.396252714 0xf35ef400 gstbin.c:882:find_message:<glimagesinkbin3> no message found matching types 00001000
05-09 19:57:51.008  2029  2029 D GStreamer+bin: 0:06:35.396283600 0xf35ef400 gstbin.c:889:find_message:<glimagesinkbin3>   structure-change
05-09 19:57:51.008  2029  2029 D GStreamer+bin: 0:06:35.396321360 0xf35ef400 gstbin.c:2098:update_degree:<glimagesinkbin3> change element glcolorconvertelement3, degree 0->1, linked to glcolorbalance3
05-09 19:57:51.008  2029  2029 D GStreamer+bin: 0:06:35.396354277 0xf35ef400 gstbin.c:882:find_message:<glimagesinkbin3> no message found matching types 00001000
05-09 19:57:51.008  2029  2029 D GStreamer+bin: 0:06:35.396385058 0xf35ef400 gstbin.c:889:find_message:<glimagesinkbin3>   structure-change
05-09 19:57:51.008  2029  2029 D GStreamer+bin: 0:06:35.396422923 0xf35ef400 gstbin.c:2098:update_degree:<glimagesinkbin3> change element gluploadelement3, degree 0->1, linked to glcolorconvertelement3
05-09 19:57:51.008  2029  2029 D GStreamer+bin: 0:06:35.396456048 0xf35ef400 gstbin.c:882:find_message:<glimagesinkbin3> no message found matching types 00001000
05-09 19:57:51.008  2029  2029 D GStreamer+bin: 0:06:35.396486412 0xf35ef400 gstbin.c:889:find_message:<glimagesinkbin3>   structure-change
05-09 19:57:51.008  2029  2029 D GStreamer+bin: 0:06:35.396520370 0xf35ef400 gstbin.c:2121:update_degree:<glimagesinkbin3> element gluploadelement3 not linked on any sinkpads
05-09 19:57:51.008  2029  2029 D GStreamer+bin: 0:06:35.396555318 0xf35ef400 gstbin.c:2182:gst_bin_sort_iterator_next:<glimagesinkbin3> queue head gives sink
05-09 19:57:51.008  2029  2029 D GStreamer+bin: 0:06:35.396586048 0xf35ef400 gstbin.c:882:find_message:<glimagesinkbin3> no message found matching types 00001000
05-09 19:57:51.008  2029  2029 D GStreamer+bin: 0:06:35.396616829 0xf35ef400 gstbin.c:889:find_message:<glimagesinkbin3>   structure-change
05-09 19:57:51.008  2029  2029 D GStreamer+bin: 0:06:35.396651673 0xf35ef400 gstbin.c:2098:update_degree:<glimagesinkbin3> change element glcolorbalance3, degree 1->0, linked to sink
05-09 19:57:51.008  2029  2029 D GStreamer+bin: 0:06:35.396683027 0xf35ef400 gstbin.c:1981:add_to_queue:<glimagesinkbin3> adding 'glcolorbalance3' to queue
05-09 19:57:51.008  2029  2029 I GStreamer+GST_STATES: 0:06:35.396718652 0xf35ef400 gstbin.c:2316:gst_bin_element_set_state:<sink> current READY pending VOID_PENDING, desired next PAUSED
05-09 19:57:51.008  2029  2029 D GStreamer+bin: 0:06:35.396750579 0xf35ef400 gstbin.c:882:find_message:<glimagesinkbin3> no message found matching types 00100000
05-09 19:57:51.008  2029  2029 D GStreamer+bin: 0:06:35.396782245 0xf35ef400 gstbin.c:889:find_message:<glimagesinkbin3>   async-start
05-09 19:57:51.008  2029  2029 D GStreamer+bin: 0:06:35.396818548 0xf35ef400 gstbin.c:2411:gst_bin_element_set_state:<glimagesinkbin3> setting element sink to PAUSED, base_time 0:00:00.000000000
05-09 19:57:51.008  2029  2029 D GStreamer+GST_STATES: 0:06:35.396849902 0xf35ef400 gstelement.c:2523:gst_element_set_state_func:<sink> set_state to PAUSED
05-09 19:57:51.009  2029  2029 D GStreamer+GST_STATES: 0:06:35.396899902 0xf35ef400 gstelement.c:2548:gst_element_set_state_func:<sink> setting target state to PAUSED
05-09 19:57:51.009  2029  2029 D GStreamer+GST_STATES: 0:06:35.396937766 0xf35ef400 gstelement.c:2561:gst_element_set_state_func:<sink> current READY, old_pending VOID_PENDING, next VOID_PENDING, old return SUCCESS
05-09 19:57:51.009  2029  2029 D GStreamer+GST_STATES: 0:06:35.396972141 0xf35ef400 gstelement.c:2595:gst_element_set_state_func:<sink> final: setting state from READY to PAUSED
05-09 19:57:51.009  2029  2029 D GStreamer+glimagesink: 0:06:35.397003912 0xf35ef400 gstglimagesink.c:990:gst_glimage_sink_change_state changing state: READY => PAUSED
05-09 19:57:51.009  2029  2029 D GStreamer+basesink: 0:06:35.397033756 0xf35ef400 gstbasesink.c:5044:gst_base_sink_change_state:<sink> READY to PAUSED
05-09 19:57:51.009  2029  2029 D GStreamer+basesink: 0:06:35.397063235 0xf35ef400 gstbasesink.c:5065:gst_base_sink_change_state:<sink> doing async state change
05-09 19:57:51.009  2029  2029 D GStreamer+GST_BUS: 0:06:35.397114329 0xf35ef400 gstbus.c:309:gst_bus_post:<bus17> [msg 0xf3d43a18] posting on bus async-start message: 0xf3d43a18, time 99:99:99.999999999, seq-num 1977, element 'sink', (NULL)
05-09 19:57:51.009  2029  2029 D GStreamer+bin: 0:06:35.397151204 0xf35ef400 gstbin.c:3528:gst_bin_handle_message_func:<glimagesinkbin3> [msg 0xf3d43a18] handling child sink message of type async-start
05-09 19:57:51.009  2029  2029 D GStreamer+bin: 0:06:35.397184589 0xf35ef400 gstbin.c:3718:gst_bin_handle_message_func:<glimagesinkbin3> ASYNC_START message 0xf3d43a18, sink
05-09 19:57:51.009  2029  2029 D GStreamer+bin: 0:06:35.397216933 0xf35ef400 gstbin.c:882:find_message:<glimagesinkbin3> no message found matching types 00100000
05-09 19:57:51.009  2029  2029 D GStreamer+bin: 0:06:35.397247350 0xf35ef400 gstbin.c:889:find_message:<glimagesinkbin3>   async-start
05-09 19:57:51.009  2029  2029 D GStreamer+bin: 0:06:35.397280839 0xf35ef400 gstbin.c:929:bin_replace_message:<glimagesinkbin3> got new message 0xf3d43a18, async-start from sink
05-09 19:57:51.009  2029  2029 D GStreamer+GST_STATES: 0:06:35.397312193 0xf35ef400 gstbin.c:3181:bin_handle_async_start:<glimagesinkbin3> state change busy
05-09 19:57:51.009  2029  2029 D GStreamer+bin: 0:06:35.397342141 0xf35ef400 gstbin.c:3167:bin_handle_async_start:<glimagesinkbin3> posting ASYNC_START to parent
05-09 19:57:51.009  2029  2029 D GStreamer+GST_BUS: 0:06:35.397389641 0xf35ef400 gstbus.c:309:gst_bus_post:<bus18> [msg 0xf3ad4458] posting on bus async-start message: 0xf3ad4458, time 99:99:99.999999999, seq-num 1978, element 'glimagesinkbin3', (NULL)
05-09 19:57:51.009  2029  2029 D GStreamer+bin: 0:06:35.397425006 0xf35ef400 gstbin.c:3528:gst_bin_handle_message_func:<pipeline3> [msg 0xf3ad4458] handling child glimagesinkbin3 message of type async-start
05-09 19:57:51.009  2029  2029 D GStreamer+bin: 0:06:35.397457141 0xf35ef400 gstbin.c:3718:gst_bin_handle_message_func:<pipeline3> ASYNC_START message 0xf3ad4458, glimagesinkbin3
05-09 19:57:51.009  2029  2029 D GStreamer+bin: 0:06:35.397488339 0xf35ef400 gstbin.c:882:find_message:<pipeline3> no message found matching types 00100000
05-09 19:57:51.009  2029  2029 D GStreamer+bin: 0:06:35.397518652 0xf35ef400 gstbin.c:889:find_message:<pipeline3>   async-start
05-09 19:57:51.009  2029  2029 D GStreamer+bin: 0:06:35.397553339 0xf35ef400 gstbin.c:929:bin_replace_message:<pipeline3> got new message 0xf3ad4458, async-start from glimagesinkbin3
05-09 19:57:51.009  2029  2029 D GStreamer+GST_STATES: 0:06:35.397582923 0xf35ef400 gstbin.c:3181:bin_handle_async_start:<pipeline3> state change busy
05-09 19:57:51.009  2029  2029 D GStreamer+GST_BUS: 0:06:35.397614016 0xf35ef400 gstbus.c:344:gst_bus_post:<bus18> [msg 0xf3ad4458] dropped
05-09 19:57:51.009  2029  2029 D GStreamer+GST_BUS: 0:06:35.397646308 0xf35ef400 gstbus.c:344:gst_bus_post:<bus17> [msg 0xf3d43a18] dropped
05-09 19:57:51.009  2029  2029 D GStreamer+GST_ELEMENT_PADS: 0:06:35.397678443 0xf35ef400 gstelement.c:2793:gst_element_pads_activate:<sink> activate pads
05-09 19:57:51.009  2029  2029 D GStreamer+GST_PADS: 0:06:35.397716256 0xf35ef400 gstpad.c:1056:gst_pad_set_active:<sink:sink> activating pad from none
05-09 19:57:51.009  2029  2029 D GStreamer+basesink: 0:06:35.397748808 0xf35ef400 gstbasesink.c:4192:gst_base_sink_pad_activate:<sink> Trying pull mode first
05-09 19:57:51.009  2029  2029 D GStreamer+basesink: 0:06:35.397778912 0xf35ef400 gstbasesink.c:4198:gst_base_sink_pad_activate:<sink> pull mode disabled
05-09 19:57:51.009  2029  2029 D GStreamer+basesink: 0:06:35.397809225 0xf35ef400 gstbasesink.c:4248:gst_base_sink_pad_activate:<sink> Falling back to push mode
05-09 19:57:51.009  2029  2029 D GStreamer+GST_PADS: 0:06:35.397842714 0xf35ef400 gstpad.c:972:pre_activate:<sink:sink> setting pad into push mode, unset flushing
05-09 19:57:51.010  2029  2029 D GStreamer+GST_PADS: 0:06:35.397887923 0xf35ef400 gstpad.c:984:pre_activate:<sink:sink> reschedule events on peer glcolorbalance3:src
05-09 19:57:51.010  2029  2029 D GStreamer+GST_PADS: 0:06:35.397927350 0xf35ef400 gstpad.c:1198:gst_pad_activate_mode:<sink:sink> activated in push mode
05-09 19:57:51.010  2029  2029 D GStreamer+basesink: 0:06:35.397959381 0xf35ef400 gstbasesink.c:4250:gst_base_sink_pad_activate:<sink> Success activating push mode
05-09 19:57:51.010  2029  2029 D GStreamer+GST_ELEMENT_PADS: 0:06:35.397993652 0xf35ef400 gstelement.c:2812:gst_element_pads_activate:<sink> pad activation successful
05-09 19:57:51.010  2029  2029 D GStreamer+GST_STATES: 0:06:35.398025527 0xf35ef400 gstelement.c:2666:gst_element_change_state:<sink> element will change state ASYNC
05-09 19:57:51.010  2029  2029 D GStreamer+GST_STATES: 0:06:35.398056985 0xf35ef400 gstelement.c:2607:gst_element_set_state_func:<sink> returned ASYNC
05-09 19:57:51.010  2029  2029 I GStreamer+GST_STATES: 0:06:35.398090006 0xf35ef400 gstbin.c:2770:gst_bin_change_state_func:<glimagesinkbin3> child 'sink' is changing state asynchronously to PAUSED
05-09 19:57:51.010  2029  2029 D GStreamer+bin: 0:06:35.398124225 0xf35ef400 gstbin.c:2182:gst_bin_sort_iterator_next:<glimagesinkbin3> queue head gives glcolorbalance3
05-09 19:57:51.010  2029  2029 D GStreamer+bin: 0:06:35.398156100 0xf35ef400 gstbin.c:882:find_message:<glimagesinkbin3> no message found matching types 00001000
05-09 19:57:51.010  2029  2029 D GStreamer+bin: 0:06:35.398187037 0xf35ef400 gstbin.c:889:find_message:<glimagesinkbin3>   structure-change
05-09 19:57:51.010  2029  2029 D GStreamer+bin: 0:06:35.398223391 0xf35ef400 gstbin.c:2098:update_degree:<glimagesinkbin3> change element glcolorconvertelement3, degree 1->0, linked to glcolorbalance3
05-09 19:57:51.010  2029  2029 D GStreamer+bin: 0:06:35.398254433 0xf35ef400 gstbin.c:1981:add_to_queue:<glimagesinkbin3> adding 'glcolorconvertelement3' to queue
05-09 19:57:51.010  2029  2029 I GStreamer+GST_STATES: 0:06:35.398290735 0xf35ef400 gstbin.c:2316:gst_bin_element_set_state:<glcolorbalance3> current READY pending VOID_PENDING, desired next PAUSED
05-09 19:57:51.010  2029  2029 D GStreamer+bin: 0:06:35.398322610 0xf35ef400 gstbin.c:882:find_message:<glimagesinkbin3> no message found matching types 00100000
05-09 19:57:51.010  2029  2029 D GStreamer+bin: 0:06:35.398353027 0xf35ef400 gstbin.c:889:find_message:<glimagesinkbin3>   async-start
05-09 19:57:51.010  2029  2029 D GStreamer+bin: 0:06:35.398388756 0xf35ef400 gstbin.c:2411:gst_bin_element_set_state:<glimagesinkbin3> setting element glcolorbalance3 to PAUSED, base_time 0:00:00.000000000
05-09 19:57:51.010  2029  2029 D GStreamer+GST_STATES: 0:06:35.398420527 0xf35ef400 gstelement.c:2523:gst_element_set_state_func:<glcolorbalance3> set_state to PAUSED
05-09 19:57:51.010  2029  2029 D GStreamer+GST_STATES: 0:06:35.398451308 0xf35ef400 gstelement.c:2548:gst_element_set_state_func:<glcolorbalance3> setting target state to PAUSED
05-09 19:57:51.010  2029  2029 D GStreamer+GST_STATES: 0:06:35.398485683 0xf35ef400 gstelement.c:2561:gst_element_set_state_func:<glcolorbalance3> current READY, old_pending VOID_PENDING, next VOID_PENDING, old return SUCCESS
05-09 19:57:51.010  2029  2029 D GStreamer+GST_STATES: 0:06:35.398518756 0xf35ef400 gstelement.c:2595:gst_element_set_state_func:<glcolorbalance3> final: setting state from READY to PAUSED
05-09 19:57:51.010  2029  2029 D GStreamer+glbasefilter: 0:06:35.398554537 0xf35ef400 gstglbasefilter.c:467:gst_gl_base_filter_change_state:<glcolorbalance3> changing state: READY => PAUSED
05-09 19:57:51.010  2029  2029 D GStreamer+GST_ELEMENT_PADS: 0:06:35.398586673 0xf35ef400 gstelement.c:2793:gst_element_pads_activate:<glcolorbalance3> activate pads
05-09 19:57:51.010  2029  2029 D GStreamer+GST_PADS: 0:06:35.398621308 0xf35ef400 gstpad.c:1056:gst_pad_set_active:<glcolorbalance3:src> activating pad from none
05-09 19:57:51.010  2029  2029 D GStreamer+GST_PADS: 0:06:35.398656048 0xf35ef400 gstpad.c:972:pre_activate:<glcolorbalance3:src> setting pad into push mode, unset flushing
05-09 19:57:51.010  2029  2029 D GStreamer+GST_PADS: 0:06:35.398690995 0xf35ef400 gstpad.c:1198:gst_pad_activate_mode:<glcolorbalance3:src> activated in push mode
05-09 19:57:51.010  2029  2029 D GStreamer+GST_PADS: 0:06:35.398726464 0xf35ef400 gstpad.c:1056:gst_pad_set_active:<glcolorbalance3:sink> activating pad from none
05-09 19:57:51.010  2029  2029 D GStreamer+GST_PADS: 0:06:35.398759954 0xf35ef400 gstpad.c:972:pre_activate:<glcolorbalance3:sink> setting pad into push mode, unset flushing
05-09 19:57:51.010  2029  2029 D GStreamer+GST_PADS: 0:06:35.398794902 0xf35ef400 gstpad.c:984:pre_activate:<glcolorbalance3:sink> reschedule events on peer glcolorconvertelement3:src
05-09 19:57:51.010  2029  2029 D GStreamer+GST_CAPS: 0:06:35.398830735 0xf35ef400 gstpad.c:2648:gst_pad_get_current_caps:<glcolorbalance3:sink> get current pad caps (NULL)
05-09 19:57:51.011  2029  2029 D GStreamer+GST_CAPS: 0:06:35.398864798 0xf35ef400 gstpad.c:2648:gst_pad_get_current_caps:<glcolorbalance3:src> get current pad caps (NULL)
05-09 19:57:51.011  2029  2029 D GStreamer+basetransform: 0:06:35.398907454 0xf35ef400 gstbasetransform.c:2449:gst_base_transform_activate:<glcolorbalance3> have_same_caps 1
05-09 19:57:51.011  2029  2029 D GStreamer+GST_PADS: 0:06:35.398941152 0xf35ef400 gstpad.c:1198:gst_pad_activate_mode:<glcolorbalance3:sink> activated in push mode
05-09 19:57:51.011  2029  2029 D GStreamer+GST_ELEMENT_PADS: 0:06:35.398975318 0xf35ef400 gstelement.c:2812:gst_element_pads_activate:<glcolorbalance3> pad activation successful
05-09 19:57:51.011  2029  2029 D GStreamer+GST_STATES: 0:06:35.399005943 0xf35ef400 gstelement.c:2684:gst_element_change_state:<glcolorbalance3> element changed state SUCCESS
05-09 19:57:51.011  2029  2029 I GStreamer+GST_STATES: 0:06:35.399038027 0xf35ef400 gstelement.c:2372:gst_element_continue_state:<glcolorbalance3> completed state change to PAUSED
05-09 19:57:51.011  2029  2029 I GStreamer+GST_STATES: 0:06:35.399072193 0xf35ef400 gstelement.c:2277:_priv_gst_element_state_changed:<glcolorbalance3> notifying about state-changed READY to PAUSED (VOID_PENDING pending)
05-09 19:57:51.011  2029  2029 D GStreamer+GST_BUS: 0:06:35.399145891 0xf35ef400 gstbus.c:309:gst_bus_post:<bus17> [msg 0xf3ac0ac0] posting on bus state-changed message: 0xf3ac0ac0, time 99:99:99.999999999, seq-num 1979, element 'glcolorbalance3', GstMessageStateChanged, old-state=(GstState)GST_STATE_READY, new-state=(GstState)GST_STATE_PAUSED, pending-state=(GstState)GST_STATE_VOID_PENDING;
05-09 19:57:51.011  2029  2029 D GStreamer+bin: 0:06:35.399181256 0xf35ef400 gstbin.c:3528:gst_bin_handle_message_func:<glimagesinkbin3> [msg 0xf3ac0ac0] handling child glcolorbalance3 message of type state-changed
05-09 19:57:51.011  2029  2029 D GStreamer+bin: 0:06:35.399212037 0xf35ef400 gstbin.c:3865:gst_bin_handle_message_func:<glimagesinkbin3> posting message upward
05-09 19:57:51.011  2029  2029 D GStreamer+GST_BUS: 0:06:35.399266985 0xf35ef400 gstbus.c:309:gst_bus_post:<bus18> [msg 0xf3ac0ac0] posting on bus state-changed message: 0xf3ac0ac0, time 99:99:99.999999999, seq-num 1979, element 'glcolorbalance3', GstMessageStateChanged, old-state=(GstState)GST_STATE_READY, new-state=(GstState)GST_STATE_PAUSED, pending-state=(GstState)GST_STATE_VOID_PENDING;
05-09 19:57:51.011  2029  2029 D GStreamer+bin: 0:06:35.399302089 0xf35ef400 gstbin.c:3528:gst_bin_handle_message_func:<pipeline3> [msg 0xf3ac0ac0] handling child glcolorbalance3 message of type state-changed
05-09 19:57:51.011  2029  2029 D GStreamer+bin: 0:06:35.399332141 0xf35ef400 gstbin.c:3865:gst_bin_handle_message_func:<pipeline3> posting message upward
05-09 19:57:51.011  2029  2029 D GStreamer+GST_BUS: 0:06:35.399387037 0xf35ef400 gstbus.c:309:gst_bus_post:<bus19> [msg 0xf3ac0ac0] posting on bus state-changed message: 0xf3ac0ac0, time 99:99:99.999999999, seq-num 1979, element 'glcolorbalance3', GstMessageStateChanged, old-state=(GstState)GST_STATE_READY, new-state=(GstState)GST_STATE_PAUSED, pending-state=(GstState)GST_STATE_VOID_PENDING;
05-09 19:57:51.011  2029  2029 D GStreamer+GST_BUS: 0:06:35.399419902 0xf35ef400 gstbus.c:348:gst_bus_post:<bus19> [msg 0xf3ac0ac0] pushing on async queue
05-09 19:57:51.011  2029  2029 D GStreamer+GST_BUS: 0:06:35.399460787 0xf35ef400 gstbus.c:351:gst_bus_post:<bus19> [msg 0xf3ac0ac0] pushed on async queue
05-09 19:57:51.011  2029  2029 D GStreamer+GST_BUS: 0:06:35.399495475 0xf35ef400 gstbus.c:344:gst_bus_post:<bus18> [msg 0xf3ac0ac0] dropped
05-09 19:57:51.011  2029  2029 D GStreamer+GST_BUS: 0:06:35.399528600 0xf35ef400 gstbus.c:344:gst_bus_post:<bus17> [msg 0xf3ac0ac0] dropped
05-09 19:57:51.011  2029  2216 D GStreamer+GST_BUS: 0:06:35.399563391 0xf3d321c0 gstbus.c:521:gst_bus_timed_pop_filtered:<bus19> got message 0xf3ac0ac0, state-changed from glcolorbalance3, type mask is 4294967295
05-09 19:57:51.011  2029  2029 D GStreamer+GST_STATES: 0:06:35.399582506 0xf35ef400 gstelement.c:2607:gst_element_set_state_func:<glcolorbalance3> returned SUCCESS
05-09 19:57:51.011  2029  2029 I GStreamer+GST_STATES: 0:06:35.399628131 0xf35ef400 gstbin.c:2764:gst_bin_change_state_func:<glimagesinkbin3> child 'glcolorbalance3' changed state to 3(PAUSED) successfully
05-09 19:57:51.011  2029  2216 D GStreamer+GST_BUS: 0:06:35.399652402 0xf3d321c0 gstbus.c:789:gst_bus_source_dispatch:<bus19> source 0xf39d9b18 calling dispatch with state-changed message: 0xf3ac0ac0, time 99:99:99.999999999, seq-num 1979, element 'glcolorbalance3', GstMessageStateChanged, old-state=(GstState)GST_STATE_READY, new-state=(GstState)GST_STATE_PAUSED, pending-state=(GstState)GST_STATE_VOID_PENDING;
05-09 19:57:51.011  2029  2029 D GStreamer+bin: 0:06:35.399674693 0xf35ef400 gstbin.c:2182:gst_bin_sort_iterator_next:<glimagesinkbin3> queue head gives glcolorconvertelement3
05-09 19:57:51.011  2029  2029 D GStreamer+bin: 0:06:35.399718756 0xf35ef400 gstbin.c:882:find_message:<glimagesinkbin3> no message found matching types 00001000
05-09 19:57:51.011  2029  2216 D GStreamer+GST_BUS: 0:06:35.399738027 0xf3d321c0 gstbus.c:794:gst_bus_source_dispatch:<bus19> source 0xf39d9b18 handler returns 1
05-09 19:57:51.011  2029  2029 D GStreamer+bin: 0:06:35.399758391 0xf35ef400 gstbin.c:889:find_message:<glimagesinkbin3>   structure-change
05-09 19:57:51.011  2029  2029 D GStreamer+bin: 0:06:35.399798704 0xf35ef400 gstbin.c:2098:update_degree:<glimagesinkbin3> change element gluploadelement3, degree 1->0, linked to glcolorconvertelement3
05-09 19:57:51.011  2029  2029 D GStreamer+bin: 0:06:35.399831933 0xf35ef400 gstbin.c:1981:add_to_queue:<glimagesinkbin3> adding 'gluploadelement3' to queue
05-09 19:57:51.012  2029  2029 I GStreamer+GST_STATES: 0:06:35.399890266 0xf35ef400 gstbin.c:2316:gst_bin_element_set_state:<glcolorconvertelement3> current READY pending VOID_PENDING, desired next PAUSED
05-09 19:57:51.012  2029  2029 D GStreamer+bin: 0:06:35.399926516 0xf35ef400 gstbin.c:882:find_message:<glimagesinkbin3> no message found matching types 00100000
05-09 19:57:51.012  2029  2029 D GStreamer+bin: 0:06:35.399957923 0xf35ef400 gstbin.c:889:find_message:<glimagesinkbin3>   async-start
05-09 19:57:51.012  2029  2029 D GStreamer+bin: 0:06:35.399995058 0xf35ef400 gstbin.c:2411:gst_bin_element_set_state:<glimagesinkbin3> setting element glcolorconvertelement3 to PAUSED, base_time 0:00:00.000000000
05-09 19:57:51.012  2029  2029 D GStreamer+GST_STATES: 0:06:35.400027818 0xf35ef400 gstelement.c:2523:gst_element_set_state_func:<glcolorconvertelement3> set_state to PAUSED
05-09 19:57:51.012  2029  2029 D GStreamer+GST_STATES: 0:06:35.400061256 0xf35ef400 gstelement.c:2548:gst_element_set_state_func:<glcolorconvertelement3> setting target state to PAUSED
05-09 19:57:51.012  2029  2029 D GStreamer+GST_STATES: 0:06:35.400097193 0xf35ef400 gstelement.c:2561:gst_element_set_state_func:<glcolorconvertelement3> current READY, old_pending VOID_PENDING, next VOID_PENDING, old return SUCCESS
05-09 19:57:51.012  2029  2029 D GStreamer+GST_STATES: 0:06:35.400132402 0xf35ef400 gstelement.c:2595:gst_element_set_state_func:<glcolorconvertelement3> final: setting state from READY to PAUSED
05-09 19:57:51.012  2029  2029 D GStreamer+glbasefilter: 0:06:35.400167610 0xf35ef400 gstglbasefilter.c:467:gst_gl_base_filter_change_state:<glcolorconvertelement3> changing state: READY => PAUSED
05-09 19:57:51.012  2029  2029 D GStreamer+GST_ELEMENT_PADS: 0:06:35.400201829 0xf35ef400 gstelement.c:2793:gst_element_pads_activate:<glcolorconvertelement3> activate pads
05-09 19:57:51.012  2029  2029 D GStreamer+GST_PADS: 0:06:35.400238443 0xf35ef400 gstpad.c:1056:gst_pad_set_active:<glcolorconvertelement3:src> activating pad from none
05-09 19:57:51.012  2029  2029 D GStreamer+GST_PADS: 0:06:35.400274485 0xf35ef400 gstpad.c:972:pre_activate:<glcolorconvertelement3:src> setting pad into push mode, unset flushing
05-09 19:57:51.012  2029  2029 D GStreamer+GST_PADS: 0:06:35.400311048 0xf35ef400 gstpad.c:1198:gst_pad_activate_mode:<glcolorconvertelement3:src> activated in push mode
05-09 19:57:51.012  2029  2029 D GStreamer+GST_PADS: 0:06:35.400349693 0xf35ef400 gstpad.c:1056:gst_pad_set_active:<glcolorconvertelement3:sink> activating pad from none
05-09 19:57:51.012  2029  2029 D GStreamer+GST_PADS: 0:06:35.400384693 0xf35ef400 gstpad.c:972:pre_activate:<glcolorconvertelement3:sink> setting pad into push mode, unset flushing
05-09 19:57:51.012  2029  2029 D GStreamer+GST_PADS: 0:06:35.400420423 0xf35ef400 gstpad.c:984:pre_activate:<glcolorconvertelement3:sink> reschedule events on peer gluploadelement3:src
05-09 19:57:51.012  2029  2029 D GStreamer+GST_CAPS: 0:06:35.400457714 0xf35ef400 gstpad.c:2648:gst_pad_get_current_caps:<glcolorconvertelement3:sink> get current pad caps (NULL)
05-09 19:57:51.012  2029  2029 D GStreamer+GST_CAPS: 0:06:35.400493183 0xf35ef400 gstpad.c:2648:gst_pad_get_current_caps:<glcolorconvertelement3:src> get current pad caps (NULL)
05-09 19:57:51.012  2029  2029 D GStreamer+basetransform: 0:06:35.400527350 0xf35ef400 gstbasetransform.c:2449:gst_base_transform_activate:<glcolorconvertelement3> have_same_caps 0
05-09 19:57:51.012  2029  2029 D GStreamer+GST_PADS: 0:06:35.400563079 0xf35ef400 gstpad.c:1198:gst_pad_activate_mode:<glcolorconvertelement3:sink> activated in push mode
05-09 19:57:51.012  2029  2029 D GStreamer+GST_ELEMENT_PADS: 0:06:35.400598964 0xf35ef400 gstelement.c:2812:gst_element_pads_activate:<glcolorconvertelement3> pad activation successful
05-09 19:57:51.012  2029  2029 D GStreamer+GST_STATES: 0:06:35.400630631 0xf35ef400 gstelement.c:2684:gst_element_change_state:<glcolorconvertelement3> element changed state SUCCESS
05-09 19:57:51.012  2029  2029 I GStreamer+GST_STATES: 0:06:35.400663391 0xf35ef400 gstelement.c:2372:gst_element_continue_state:<glcolorconvertelement3> completed state change to PAUSED
05-09 19:57:51.012  2029  2029 I GStreamer+GST_STATES: 0:06:35.400698287 0xf35ef400 gstelement.c:2277:_priv_gst_element_state_changed:<glcolorconvertelement3> notifying about state-changed READY to PAUSED (VOID_PENDING pending)
05-09 19:57:51.012  2029  2029 D GStreamer+GST_BUS: 0:06:35.400762193 0xf35ef400 gstbus.c:309:gst_bus_post:<bus17> [msg 0xf3acf008] posting on bus state-changed message: 0xf3acf008, time 99:99:99.999999999, seq-num 1980, element 'glcolorconvertelement3', GstMessageStateChanged, old-state=(GstState)GST_STATE_READY, new-state=(GstState)GST_STATE_PAUSED, pending-state=(GstState)GST_STATE_VOID_PENDING;
05-09 19:57:51.012  2029  2029 D GStreamer+bin: 0:06:35.400798443 0xf35ef400 gstbin.c:3528:gst_bin_handle_message_func:<glimagesinkbin3> [msg 0xf3acf008] handling child glcolorconvertelement3 message of type state-changed
05-09 19:57:51.012  2029  2029 D GStreamer+bin: 0:06:35.400829537 0xf35ef400 gstbin.c:3865:gst_bin_handle_message_func:<glimagesinkbin3> posting message upward
05-09 19:57:51.013  2029  2029 D GStreamer+GST_BUS: 0:06:35.400895058 0xf35ef400 gstbus.c:309:gst_bus_post:<bus18> [msg 0xf3acf008] posting on bus state-changed message: 0xf3acf008, time 99:99:99.999999999, seq-num 1980, element 'glcolorconvertelement3', GstMessageStateChanged, old-state=(GstState)GST_STATE_READY, new-state=(GstState)GST_STATE_PAUSED, pending-state=(GstState)GST_STATE_VOID_PENDING;
05-09 19:57:51.013  2029  2029 D GStreamer+bin: 0:06:35.400931100 0xf35ef400 gstbin.c:3528:gst_bin_handle_message_func:<pipeline3> [msg 0xf3acf008] handling child glcolorconvertelement3 message of type state-changed
05-09 19:57:51.013  2029  2029 D GStreamer+bin: 0:06:35.400961152 0xf35ef400 gstbin.c:3865:gst_bin_handle_message_func:<pipeline3> posting message upward
05-09 19:57:51.013  2029  2029 D GStreamer+GST_BUS: 0:06:35.401016829 0xf35ef400 gstbus.c:309:gst_bus_post:<bus19> [msg 0xf3acf008] posting on bus state-changed message: 0xf3acf008, time 99:99:99.999999999, seq-num 1980, element 'glcolorconvertelement3', GstMessageStateChanged, old-state=(GstState)GST_STATE_READY, new-state=(GstState)GST_STATE_PAUSED, pending-state=(GstState)GST_STATE_VOID_PENDING;
05-09 19:57:51.013  2029  2029 D GStreamer+GST_BUS: 0:06:35.401049173 0xf35ef400 gstbus.c:348:gst_bus_post:<bus19> [msg 0xf3acf008] pushing on async queue
05-09 19:57:51.013  2029  2029 D GStreamer+GST_BUS: 0:06:35.401084902 0xf35ef400 gstbus.c:351:gst_bus_post:<bus19> [msg 0xf3acf008] pushed on async queue
05-09 19:57:51.013  2029  2029 D GStreamer+GST_BUS: 0:06:35.401119016 0xf35ef400 gstbus.c:344:gst_bus_post:<bus18> [msg 0xf3acf008] dropped
05-09 19:57:51.013  2029  2029 D GStreamer+GST_BUS: 0:06:35.401163391 0xf35ef400 gstbus.c:344:gst_bus_post:<bus17> [msg 0xf3acf008] dropped
05-09 19:57:51.013  2029  2216 D GStreamer+GST_BUS: 0:06:35.401183079 0xf3d321c0 gstbus.c:521:gst_bus_timed_pop_filtered:<bus19> got message 0xf3acf008, state-changed from glcolorconvertelement3, type mask is 4294967295
05-09 19:57:51.013  2029  2029 D GStreamer+GST_STATES: 0:06:35.401207298 0xf35ef400 gstelement.c:2607:gst_element_set_state_func:<glcolorconvertelement3> returned SUCCESS
05-09 19:57:51.013  2029  2029 I GStreamer+GST_STATES: 0:06:35.401258131 0xf35ef400 gstbin.c:2764:gst_bin_change_state_func:<glimagesinkbin3> child 'glcolorconvertelement3' changed state to 3(PAUSED) successfully
05-09 19:57:51.013  2029  2216 D GStreamer+GST_BUS: 0:06:35.401277350 0xf3d321c0 gstbus.c:789:gst_bus_source_dispatch:<bus19> source 0xf39d9b18 calling dispatch with state-changed message: 0xf3acf008, time 99:99:99.999999999, seq-num 1980, element 'glcolorconvertelement3', GstMessageStateChanged, old-state=(GstState)GST_STATE_READY, new-state=(GstState)GST_STATE_PAUSED, pending-state=(GstState)GST_STATE_VOID_PENDING;
05-09 19:57:51.013  2029  2029 D GStreamer+bin: 0:06:35.401300527 0xf35ef400 gstbin.c:2182:gst_bin_sort_iterator_next:<glimagesinkbin3> queue head gives gluploadelement3
05-09 19:57:51.013  2029  2216 D GStreamer+GST_BUS: 0:06:35.401325423 0xf3d321c0 gstbus.c:794:gst_bus_source_dispatch:<bus19> source 0xf39d9b18 handler returns 1
05-09 19:57:51.013  2029  2029 D GStreamer+bin: 0:06:35.401337506 0xf35ef400 gstbin.c:882:find_message:<glimagesinkbin3> no message found matching types 00001000
05-09 19:57:51.013  2029  2029 D GStreamer+bin: 0:06:35.401368131 0xf35ef400 gstbin.c:889:find_message:<glimagesinkbin3>   structure-change
05-09 19:57:51.013  2029  2029 D GStreamer+bin: 0:06:35.401402350 0xf35ef400 gstbin.c:2121:update_degree:<glimagesinkbin3> element gluploadelement3 not linked on any sinkpads
05-09 19:57:51.013  2029  2029 I GStreamer+GST_STATES: 0:06:35.401437870 0xf35ef400 gstbin.c:2316:gst_bin_element_set_state:<gluploadelement3> current READY pending VOID_PENDING, desired next PAUSED
05-09 19:57:51.013  2029  2029 D GStreamer+bin: 0:06:35.401469954 0xf35ef400 gstbin.c:882:find_message:<glimagesinkbin3> no message found matching types 00100000
05-09 19:57:51.013  2029  2029 D GStreamer+bin: 0:06:35.401500735 0xf35ef400 gstbin.c:889:find_message:<glimagesinkbin3>   async-start
05-09 19:57:51.013  2029  2029 D GStreamer+bin: 0:06:35.401537506 0xf35ef400 gstbin.c:2411:gst_bin_element_set_state:<glimagesinkbin3> setting element gluploadelement3 to PAUSED, base_time 0:00:00.000000000
05-09 19:57:51.013  2029  2029 D GStreamer+GST_STATES: 0:06:35.401569589 0xf35ef400 gstelement.c:2523:gst_element_set_state_func:<gluploadelement3> set_state to PAUSED
05-09 19:57:51.013  2029  2029 D GStreamer+GST_STATES: 0:06:35.401601100 0xf35ef400 gstelement.c:2548:gst_element_set_state_func:<gluploadelement3> setting target state to PAUSED
05-09 19:57:51.013  2029  2029 D GStreamer+GST_STATES: 0:06:35.401636308 0xf35ef400 gstelement.c:2561:gst_element_set_state_func:<gluploadelement3> current READY, old_pending VOID_PENDING, next VOID_PENDING, old return SUCCESS
05-09 19:57:51.013  2029  2029 D GStreamer+GST_STATES: 0:06:35.401669537 0xf35ef400 gstelement.c:2595:gst_element_set_state_func:<gluploadelement3> final: setting state from READY to PAUSED
05-09 19:57:51.013  2029  2029 D GStreamer+glbasefilter: 0:06:35.401703704 0xf35ef400 gstglbasefilter.c:467:gst_gl_base_filter_change_state:<gluploadelement3> changing state: READY => PAUSED
05-09 19:57:51.013  2029  2029 D GStreamer+GST_ELEMENT_PADS: 0:06:35.401735370 0xf35ef400 gstelement.c:2793:gst_element_pads_activate:<gluploadelement3> activate pads
05-09 19:57:51.013  2029  2029 D GStreamer+GST_PADS: 0:06:35.401770579 0xf35ef400 gstpad.c:1056:gst_pad_set_active:<gluploadelement3:src> activating pad from none
05-09 19:57:51.013  2029  2029 D GStreamer+GST_PADS: 0:06:35.401805370 0xf35ef400 gstpad.c:972:pre_activate:<gluploadelement3:src> setting pad into push mode, unset flushing
05-09 19:57:51.013  2029  2029 D GStreamer+GST_PADS: 0:06:35.401840475 0xf35ef400 gstpad.c:1198:gst_pad_activate_mode:<gluploadelement3:src> activated in push mode
05-09 19:57:51.014  2029  2029 D GStreamer+GST_PADS: 0:06:35.401885943 0xf35ef400 gstpad.c:1056:gst_pad_set_active:<gluploadelement3:sink> activating pad from none
05-09 19:57:51.014  2029  2029 D GStreamer+GST_PADS: 0:06:35.401921308 0xf35ef400 gstpad.c:972:pre_activate:<gluploadelement3:sink> setting pad into push mode, unset flushing
05-09 19:57:51.014  2029  2029 D GStreamer+GST_PADS: 0:06:35.401956568 0xf35ef400 gstpad.c:984:pre_activate:<gluploadelement3:sink> reschedule events on peer sink:proxypad13
05-09 19:57:51.014  2029  2029 D GStreamer+GST_CAPS: 0:06:35.401991725 0xf35ef400 gstpad.c:2648:gst_pad_get_current_caps:<gluploadelement3:sink> get current pad caps (NULL)
05-09 19:57:51.014  2029  2029 D GStreamer+GST_CAPS: 0:06:35.402025683 0xf35ef400 gstpad.c:2648:gst_pad_get_current_caps:<gluploadelement3:src> get current pad caps (NULL)
05-09 19:57:51.014  2029  2029 D GStreamer+basetransform: 0:06:35.402059537 0xf35ef400 gstbasetransform.c:2449:gst_base_transform_activate:<gluploadelement3> have_same_caps 0
05-09 19:57:51.014  2029  2029 D GStreamer+GST_PADS: 0:06:35.402094589 0xf35ef400 gstpad.c:1198:gst_pad_activate_mode:<gluploadelement3:sink> activated in push mode
05-09 19:57:51.014  2029  2029 D GStreamer+GST_ELEMENT_PADS: 0:06:35.402129902 0xf35ef400 gstelement.c:2812:gst_element_pads_activate:<gluploadelement3> pad activation successful
05-09 19:57:51.014  2029  2029 D GStreamer+GST_STATES: 0:06:35.402162141 0xf35ef400 gstelement.c:2684:gst_element_change_state:<gluploadelement3> element changed state SUCCESS
05-09 19:57:51.014  2029  2029 I GStreamer+GST_STATES: 0:06:35.402195214 0xf35ef400 gstelement.c:2372:gst_element_continue_state:<gluploadelement3> completed state change to PAUSED
05-09 19:57:51.014  2029  2029 I GStreamer+GST_STATES: 0:06:35.402230631 0xf35ef400 gstelement.c:2277:_priv_gst_element_state_changed:<gluploadelement3> notifying about state-changed READY to PAUSED (VOID_PENDING pending)
05-09 19:57:51.014  2029  2029 D GStreamer+GST_BUS: 0:06:35.402298600 0xf35ef400 gstbus.c:309:gst_bus_post:<bus17> [msg 0xf37f59c8] posting on bus state-changed message: 0xf37f59c8, time 99:99:99.999999999, seq-num 1981, element 'gluploadelement3', GstMessageStateChanged, old-state=(GstState)GST_STATE_READY, new-state=(GstState)GST_STATE_PAUSED, pending-state=(GstState)GST_STATE_VOID_PENDING;
05-09 19:57:51.014  2029  2029 D GStreamer+bin: 0:06:35.402336620 0xf35ef400 gstbin.c:3528:gst_bin_handle_message_func:<glimagesinkbin3> [msg 0xf37f59c8] handling child gluploadelement3 message of type state-changed
05-09 19:57:51.014  2029  2029 D GStreamer+bin: 0:06:35.402367818 0xf35ef400 gstbin.c:3865:gst_bin_handle_message_func:<glimagesinkbin3> posting message upward
05-09 19:57:51.014  2029  2029 D GStreamer+GST_BUS: 0:06:35.402425006 0xf35ef400 gstbus.c:309:gst_bus_post:<bus18> [msg 0xf37f59c8] posting on bus state-changed message: 0xf37f59c8, time 99:99:99.999999999, seq-num 1981, element 'gluploadelement3', GstMessageStateChanged, old-state=(GstState)GST_STATE_READY, new-state=(GstState)GST_STATE_PAUSED, pending-state=(GstState)GST_STATE_VOID_PENDING;
05-09 19:57:51.014  2029  2029 D GStreamer+bin: 0:06:35.402461881 0xf35ef400 gstbin.c:3528:gst_bin_handle_message_func:<pipeline3> [msg 0xf37f59c8] handling child gluploadelement3 message of type state-changed
05-09 19:57:51.014  2029  2029 D GStreamer+bin: 0:06:35.402493027 0xf35ef400 gstbin.c:3865:gst_bin_handle_message_func:<pipeline3> posting message upward
05-09 19:57:51.014  2029  2029 D GStreamer+GST_BUS: 0:06:35.402550839 0xf35ef400 gstbus.c:309:gst_bus_post:<bus19> [msg 0xf37f59c8] posting on bus state-changed message: 0xf37f59c8, time 99:99:99.999999999, seq-num 1981, element 'gluploadelement3', GstMessageStateChanged, old-state=(GstState)GST_STATE_READY, new-state=(GstState)GST_STATE_PAUSED, pending-state=(GstState)GST_STATE_VOID_PENDING;
05-09 19:57:51.014  2029  2029 D GStreamer+GST_BUS: 0:06:35.402585318 0xf35ef400 gstbus.c:348:gst_bus_post:<bus19> [msg 0xf37f59c8] pushing on async queue
05-09 19:57:51.014  2029  2029 D GStreamer+GST_BUS: 0:06:35.402623495 0xf35ef400 gstbus.c:351:gst_bus_post:<bus19> [msg 0xf37f59c8] pushed on async queue
05-09 19:57:51.014  2029  2029 D GStreamer+GST_BUS: 0:06:35.402661100 0xf35ef400 gstbus.c:344:gst_bus_post:<bus18> [msg 0xf37f59c8] dropped
05-09 19:57:51.014  2029  2029 D GStreamer+GST_BUS: 0:06:35.402699172 0xf35ef400 gstbus.c:344:gst_bus_post:<bus17> [msg 0xf37f59c8] dropped
05-09 19:57:51.014  2029  2216 D GStreamer+GST_BUS: 0:06:35.402717506 0xf3d321c0 gstbus.c:521:gst_bus_timed_pop_filtered:<bus19> got message 0xf37f59c8, state-changed from gluploadelement3, type mask is 4294967295
05-09 19:57:51.014  2029  2029 D GStreamer+GST_STATES: 0:06:35.402739745 0xf35ef400 gstelement.c:2607:gst_element_set_state_func:<gluploadelement3> returned SUCCESS
05-09 19:57:51.014  2029  2029 I GStreamer+GST_STATES: 0:06:35.402789016 0xf35ef400 gstbin.c:2764:gst_bin_change_state_func:<glimagesinkbin3> child 'gluploadelement3' changed state to 3(PAUSED) successfully
05-09 19:57:51.014  2029  2216 D GStreamer+GST_BUS: 0:06:35.402807089 0xf3d321c0 gstbus.c:789:gst_bus_source_dispatch:<bus19> source 0xf39d9b18 calling dispatch with state-changed message: 0xf37f59c8, time 99:99:99.999999999, seq-num 1981, element 'gluploadelement3', GstMessageStateChanged, old-state=(GstState)GST_STATE_READY, new-state=(GstState)GST_STATE_PAUSED, pending-state=(GstState)GST_STATE_VOID_PENDING;
05-09 19:57:51.014  2029  2029 D GStreamer+bin: 0:06:35.402831829 0xf35ef400 gstbin.c:2171:gst_bin_sort_iterator_next:<glimagesinkbin3> queue empty, elements exhausted
05-09 19:57:51.015  2029  2216 D GStreamer+GST_BUS: 0:06:35.402866985 0xf3d321c0 gstbus.c:794:gst_bus_source_dispatch:<bus19> source 0xf39d9b18 handler returns 1
05-09 19:57:51.015  2029  2029 D GStreamer+GST_STATES: 0:06:35.402896620 0xf35ef400 gstbin.c:2823:gst_bin_change_state_func:<glimagesinkbin3> iterator done
05-09 19:57:51.015  2029  2029 D GStreamer+GST_ELEMENT_PADS: 0:06:35.402937297 0xf35ef400 gstelement.c:2793:gst_element_pads_activate:<glimagesinkbin3> activate pads
05-09 19:57:51.015  2029  2029 D GStreamer+GST_PADS: 0:06:35.402978079 0xf35ef400 gstpad.c:1056:gst_pad_set_active:<glimagesinkbin3:sink> activating pad from none
05-09 19:57:51.015  2029  2029 D GStreamer+GST_PADS: 0:06:35.403014797 0xf35ef400 gstpad.c:972:pre_activate:<glimagesinkbin3:sink> setting pad into push mode, unset flushing
05-09 19:57:51.015  2029  2029 D GStreamer+GST_PADS: 0:06:35.403051256 0xf35ef400 gstpad.c:984:pre_activate:<glimagesinkbin3:sink> reschedule events on peer forhalffps:src
05-09 19:57:51.015  2029  2029 D GStreamer+GST_PADS: 0:06:35.403090266 0xf35ef400 gstpad.c:972:pre_activate:<sink:proxypad13> setting pad into push mode, unset flushing
05-09 19:57:51.015  2029  2029 D GStreamer+GST_PADS: 0:06:35.403127089 0xf35ef400 gstpad.c:1225:gst_pad_activate_mode:<glimagesinkbin3:sink> already activated in push mode
05-09 19:57:51.015  2029  2029 D GStreamer+GST_PADS: 0:06:35.403163495 0xf35ef400 gstpad.c:1198:gst_pad_activate_mode:<sink:proxypad13> activated in push mode
05-09 19:57:51.015  2029  2029 D GStreamer+GST_PADS: 0:06:35.403198964 0xf35ef400 gstpad.c:1198:gst_pad_activate_mode:<glimagesinkbin3:sink> activated in push mode
05-09 19:57:51.015  2029  2029 D GStreamer+GST_ELEMENT_PADS: 0:06:35.403233600 0xf35ef400 gstelement.c:2812:gst_element_pads_activate:<glimagesinkbin3> pad activation successful
05-09 19:57:51.015  2029  2029 D GStreamer+GST_STATES: 0:06:35.403266933 0xf35ef400 gstbin.c:2841:gst_bin_change_state_func:<glimagesinkbin3> we have ASYNC elements SUCCESS -> ASYNC
05-09 19:57:51.015  2029  2029 D GStreamer+bin: 0:06:35.403298235 0xf35ef400 gstbin.c:2213:gst_bin_sort_iterator_free:<glimagesinkbin3> free
05-09 19:57:51.015  2029  2029 D GStreamer+bin: 0:06:35.403330891 0xf35ef400 gstbin.c:2869:gst_bin_change_state_func:<glimagesinkbin3> check async elements
05-09 19:57:51.015  2029  2029 D GStreamer+bin: 0:06:35.403366568 0xf35ef400 gstbin.c:880:find_message:<glimagesinkbin3> we found a message 0xf3d43a18 from sink matching types 00100000
05-09 19:57:51.015  2029  2029 D GStreamer+GST_STATES: 0:06:35.403401672 0xf35ef400 gstbin.c:2892:gst_bin_change_state_func:<glimagesinkbin3> done changing bin's state from READY to PAUSED, now in READY, ret ASYNC
05-09 19:57:51.015  2029  2029 D GStreamer+GST_STATES: 0:06:35.403432714 0xf35ef400 gstelement.c:2666:gst_element_change_state:<glimagesinkbin3> element will change state ASYNC
05-09 19:57:51.015  2029  2029 D GStreamer+GST_STATES: 0:06:35.403464693 0xf35ef400 gstelement.c:2607:gst_element_set_state_func:<glimagesinkbin3> returned ASYNC
05-09 19:57:51.015  2029  2029 I GStreamer+GST_STATES: 0:06:35.403499329 0xf35ef400 gstbin.c:2770:gst_bin_change_state_func:<pipeline3> child 'glimagesinkbin3' is changing state asynchronously to PAUSED
05-09 19:57:51.015  2029  2029 D GStreamer+bin: 0:06:35.403533495 0xf35ef400 gstbin.c:2182:gst_bin_sort_iterator_next:<pipeline3> queue head gives forhalffps
05-09 19:57:51.015  2029  2029 D GStreamer+bin: 0:06:35.403565058 0xf35ef400 gstbin.c:882:find_message:<pipeline3> no message found matching types 00001000
05-09 19:57:51.015  2029  2029 D GStreamer+bin: 0:06:35.403595579 0xf35ef400 gstbin.c:889:find_message:<pipeline3>   structure-change
05-09 19:57:51.015  2029  2029 D GStreamer+bin: 0:06:35.403632037 0xf35ef400 gstbin.c:2098:update_degree:<pipeline3> change element queue9, degree 1->0, linked to forhalffps
05-09 19:57:51.015  2029  2029 D GStreamer+bin: 0:06:35.403663495 0xf35ef400 gstbin.c:1981:add_to_queue:<pipeline3> adding 'queue9' to queue
05-09 19:57:51.015  2029  2029 I GStreamer+GST_STATES: 0:06:35.403700839 0xf35ef400 gstbin.c:2316:gst_bin_element_set_state:<forhalffps> current READY pending VOID_PENDING, desired next PAUSED
05-09 19:57:51.015  2029  2029 D GStreamer+bin: 0:06:35.403733131 0xf35ef400 gstbin.c:882:find_message:<pipeline3> no message found matching types 00100000
05-09 19:57:51.015  2029  2029 D GStreamer+bin: 0:06:35.403763287 0xf35ef400 gstbin.c:889:find_message:<pipeline3>   async-start
05-09 19:57:51.015  2029  2029 D GStreamer+bin: 0:06:35.403799172 0xf35ef400 gstbin.c:2411:gst_bin_element_set_state:<pipeline3> setting element forhalffps to PAUSED, base_time 0:00:00.000000000
05-09 19:57:51.015  2029  2029 D GStreamer+GST_STATES: 0:06:35.403831412 0xf35ef400 gstelement.c:2523:gst_element_set_state_func:<forhalffps> set_state to PAUSED
05-09 19:57:51.016  2029  2029 D GStreamer+GST_STATES: 0:06:35.403863704 0xf35ef400 gstelement.c:2548:gst_element_set_state_func:<forhalffps> setting target state to PAUSED
05-09 19:57:51.016  2029  2029 D GStreamer+GST_STATES: 0:06:35.403910110 0xf35ef400 gstelement.c:2561:gst_element_set_state_func:<forhalffps> current READY, old_pending VOID_PENDING, next VOID_PENDING, old return SUCCESS
05-09 19:57:51.016  2029  2029 D GStreamer+GST_STATES: 0:06:35.403944016 0xf35ef400 gstelement.c:2595:gst_element_set_state_func:<forhalffps> final: setting state from READY to PAUSED
05-09 19:57:51.016  2029  2029 D GStreamer+GST_ELEMENT_PADS: 0:06:35.403978912 0xf35ef400 gstelement.c:2793:gst_element_pads_activate:<forhalffps> activate pads
05-09 19:57:51.016  2029  2029 D GStreamer+GST_PADS: 0:06:35.404013547 0xf35ef400 gstpad.c:1056:gst_pad_set_active:<forhalffps:src> activating pad from none
05-09 19:57:51.016  2029  2029 D GStreamer+GST_PADS: 0:06:35.404048495 0xf35ef400 gstpad.c:972:pre_activate:<forhalffps:src> setting pad into push mode, unset flushing
05-09 19:57:51.016  2029  2029 D GStreamer+GST_PADS: 0:06:35.404083287 0xf35ef400 gstpad.c:1198:gst_pad_activate_mode:<forhalffps:src> activated in push mode
05-09 19:57:51.016  2029  2029 D GStreamer+GST_PADS: 0:06:35.404120110 0xf35ef400 gstpad.c:1056:gst_pad_set_active:<forhalffps:sink> activating pad from none
05-09 19:57:51.016  2029  2029 D GStreamer+GST_PADS: 0:06:35.404154485 0xf35ef400 gstpad.c:972:pre_activate:<forhalffps:sink> setting pad into push mode, unset flushing
05-09 19:57:51.016  2029  2029 D GStreamer+GST_PADS: 0:06:35.404189120 0xf35ef400 gstpad.c:984:pre_activate:<forhalffps:sink> reschedule events on peer queue9:src
05-09 19:57:51.016  2029  2029 D GStreamer+GST_CAPS: 0:06:35.404226047 0xf35ef400 gstpad.c:2648:gst_pad_get_current_caps:<forhalffps:sink> get current pad caps (NULL)
05-09 19:57:51.016  2029  2029 D GStreamer+GST_CAPS: 0:06:35.404260735 0xf35ef400 gstpad.c:2648:gst_pad_get_current_caps:<forhalffps:src> get current pad caps (NULL)
05-09 19:57:51.016  2029  2029 D GStreamer+basetransform: 0:06:35.404294277 0xf35ef400 gstbasetransform.c:2449:gst_base_transform_activate:<forhalffps> have_same_caps 1
05-09 19:57:51.016  2029  2029 D GStreamer+GST_PADS: 0:06:35.404329641 0xf35ef400 gstpad.c:1198:gst_pad_activate_mode:<forhalffps:sink> activated in push mode
05-09 19:57:51.016  2029  2029 D GStreamer+GST_ELEMENT_PADS: 0:06:35.404363860 0xf35ef400 gstelement.c:2812:gst_element_pads_activate:<forhalffps> pad activation successful
05-09 19:57:51.016  2029  2029 D GStreamer+GST_STATES: 0:06:35.404394329 0xf35ef400 gstelement.c:2684:gst_element_change_state:<forhalffps> element changed state SUCCESS
05-09 19:57:51.016  2029  2029 I GStreamer+GST_STATES: 0:06:35.404426100 0xf35ef400 gstelement.c:2372:gst_element_continue_state:<forhalffps> completed state change to PAUSED
05-09 19:57:51.016  2029  2029 I GStreamer+GST_STATES: 0:06:35.404460110 0xf35ef400 gstelement.c:2277:_priv_gst_element_state_changed:<forhalffps> notifying about state-changed READY to PAUSED (VOID_PENDING pending)
05-09 19:57:51.016  2029  2029 D GStreamer+GST_BUS: 0:06:35.404526256 0xf35ef400 gstbus.c:309:gst_bus_post:<bus18> [msg 0xf37f5e80] posting on bus state-changed message: 0xf37f5e80, time 99:99:99.999999999, seq-num 1982, element 'forhalffps', GstMessageStateChanged, old-state=(GstState)GST_STATE_READY, new-state=(GstState)GST_STATE_PAUSED, pending-state=(GstState)GST_STATE_VOID_PENDING;
05-09 19:57:51.016  2029  2029 D GStreamer+bin: 0:06:35.404562922 0xf35ef400 gstbin.c:3528:gst_bin_handle_message_func:<pipeline3> [msg 0xf37f5e80] handling child forhalffps message of type state-changed
05-09 19:57:51.016  2029  2029 D GStreamer+bin: 0:06:35.404592610 0xf35ef400 gstbin.c:3865:gst_bin_handle_message_func:<pipeline3> posting message upward
05-09 19:57:51.016  2029  2029 D GStreamer+GST_BUS: 0:06:35.404650787 0xf35ef400 gstbus.c:309:gst_bus_post:<bus19> [msg 0xf37f5e80] posting on bus state-changed message: 0xf37f5e80, time 99:99:99.999999999, seq-num 1982, element 'forhalffps', GstMessageStateChanged, old-state=(GstState)GST_STATE_READY, new-state=(GstState)GST_STATE_PAUSED, pending-state=(GstState)GST_STATE_VOID_PENDING;
05-09 19:57:51.016  2029  2029 D GStreamer+GST_BUS: 0:06:35.404684693 0xf35ef400 gstbus.c:348:gst_bus_post:<bus19> [msg 0xf37f5e80] pushing on async queue
05-09 19:57:51.016  2029  2029 D GStreamer+GST_BUS: 0:06:35.404722402 0xf35ef400 gstbus.c:351:gst_bus_post:<bus19> [msg 0xf37f5e80] pushed on async queue
05-09 19:57:51.016  2029  2029 D GStreamer+GST_BUS: 0:06:35.404757558 0xf35ef400 gstbus.c:344:gst_bus_post:<bus18> [msg 0xf37f5e80] dropped
05-09 19:57:51.016  2029  2029 D GStreamer+GST_STATES: 0:06:35.404799641 0xf35ef400 gstelement.c:2607:gst_element_set_state_func:<forhalffps> returned SUCCESS
05-09 19:57:51.016  2029  2216 D GStreamer+GST_BUS: 0:06:35.404811047 0xf3d321c0 gstbus.c:521:gst_bus_timed_pop_filtered:<bus19> got message 0xf37f5e80, state-changed from forhalffps, type mask is 4294967295
05-09 19:57:51.016  2029  2029 I GStreamer+GST_STATES: 0:06:35.404839693 0xf35ef400 gstbin.c:2764:gst_bin_change_state_func:<pipeline3> child 'forhalffps' changed state to 3(PAUSED) successfully
05-09 19:57:51.017  2029  2029 D GStreamer+bin: 0:06:35.404894172 0xf35ef400 gstbin.c:2182:gst_bin_sort_iterator_next:<pipeline3> queue head gives queue9
05-09 19:57:51.017  2029  2216 D GStreamer+GST_BUS: 0:06:35.404914485 0xf3d321c0 gstbus.c:789:gst_bus_source_dispatch:<bus19> source 0xf39d9b18 calling dispatch with state-changed message: 0xf37f5e80, time 99:99:99.999999999, seq-num 1982, element 'forhalffps', GstMessageStateChanged, old-state=(GstState)GST_STATE_READY, new-state=(GstState)GST_STATE_PAUSED, pending-state=(GstState)GST_STATE_VOID_PENDING;
05-09 19:57:51.017  2029  2029 D GStreamer+bin: 0:06:35.404934277 0xf35ef400 gstbin.c:882:find_message:<pipeline3> no message found matching types 00001000
