05-09 19:57:51.130  2029  2224 D GStreamer+GST_STATES: 0:06:35.517981829 0xf3d043b0 gstelement.c:2548:gst_element_set_state_func:<amcvideodec-omxnvidiah264decode2> setting target state to READY
05-09 19:57:51.130  2029  2224 D GStreamer+GST_STATES: 0:06:35.518019225 0xf3d043b0 gstelement.c:2561:gst_element_set_state_func:<amcvideodec-omxnvidiah264decode2> current NULL, old_pending VOID_PENDING, next VOID_PENDING, old return SUCCESS
05-09 19:57:51.130  2029  2224 D GStreamer+GST_STATES: 0:06:35.518055006 0xf3d043b0 gstelement.c:2595:gst_element_set_state_func:<amcvideodec-omxnvidiah264decode2> final: setting state from NULL to READY
05-09 19:57:51.130  2029  2224 D GStreamer+amcvideodec: 0:06:35.518094225 0xf3d043b0 gstamcvideodec.c:590:gst_amc_video_dec_change_state:<amcvideodec-omxnvidiah264decode2> changing state: NULL => READY
05-09 19:57:51.130  2029  2224 D GStreamer+amcvideodec: 0:06:35.518127089 0xf3d043b0 gstamcvideodec.c:439:gst_amc_video_dec_open:<amcvideodec-omxnvidiah264decode2> Opening decoder
05-09 19:57:51.130  2029  2224 D GStreamer+default: 0:06:35.518158704 0xf3d043b0 gstjniutils.c:476:gst_amc_jni_attach_current_thread Attaching thread 0xf3d043b0
05-09 19:57:51.131  2029  2227 I OMXClient: Using client-side OMX mux.
05-09 19:57:51.132  2029  2224 D GStreamer+amcvideodec: 0:06:35.520087662 0xf3d043b0 gstamcvideodec.c:451:gst_amc_video_dec_open:<amcvideodec-omxnvidiah264decode2> Opened decoder
05-09 19:57:51.132  2029  2224 D GStreamer+GST_STATES: 0:06:35.520132610 0xf3d043b0 gstelement.c:2684:gst_element_change_state:<amcvideodec-omxnvidiah264decode2> element changed state SUCCESS
05-09 19:57:51.132  2029  2224 I GStreamer+GST_STATES: 0:06:35.520169745 0xf3d043b0 gstelement.c:2372:gst_element_continue_state:<amcvideodec-omxnvidiah264decode2> completed state change to READY
05-09 19:57:51.132  2029  2224 I GStreamer+GST_STATES: 0:06:35.520207870 0xf3d043b0 gstelement.c:2277:_priv_gst_element_state_changed:<amcvideodec-omxnvidiah264decode2> notifying about state-changed NULL to READY (VOID_PENDING pending)
05-09 19:57:51.132  2029  2224 D GStreamer+GST_BUS: 0:06:35.520288547 0xf3d043b0 gstbus.c:309:gst_bus_post:<bus16> [msg 0xf37f5868] posting on bus state-changed message: 0xf37f5868, time 99:99:99.999999999, seq-num 2064, element 'amcvideodec-omxnvidiah264decode2', GstMessageStateChanged, old-state=(GstState)GST_STATE_NULL, new-state=(GstState)GST_STATE_READY, pending-state=(GstState)GST_STATE_VOID_PENDING;
05-09 19:57:51.132  2029  2224 D GStreamer+bin: 0:06:35.520330214 0xf3d043b0 gstbin.c:3528:gst_bin_handle_message_func:<forhwgl> [msg 0xf37f5868] handling child amcvideodec-omxnvidiah264decode2 message of type state-changed
05-09 19:57:51.132  2029  2224 D GStreamer+bin: 0:06:35.520362402 0xf3d043b0 gstbin.c:3865:gst_bin_handle_message_func:<forhwgl> posting message upward
05-09 19:57:51.132  2029  2224 D GStreamer+GST_BUS: 0:06:35.520424225 0xf3d043b0 gstbus.c:309:gst_bus_post:<bus18> [msg 0xf37f5868] posting on bus state-changed message: 0xf37f5868, time 99:99:99.999999999, seq-num 2064, element 'amcvideodec-omxnvidiah264decode2', GstMessageStateChanged, old-state=(GstState)GST_STATE_NULL, new-state=(GstState)GST_STATE_READY, pending-state=(GstState)GST_STATE_VOID_PENDING;
05-09 19:57:51.132  2029  2224 D GStreamer+bin: 0:06:35.520461777 0xf3d043b0 gstbin.c:3528:gst_bin_handle_message_func:<pipeline3> [msg 0xf37f5868] handling child amcvideodec-omxnvidiah264decode2 message of type state-changed
05-09 19:57:51.132  2029  2224 D GStreamer+bin: 0:06:35.520492037 0xf3d043b0 gstbin.c:3865:gst_bin_handle_message_func:<pipeline3> posting message upward
05-09 19:57:51.132  2029  2224 D GStreamer+GST_BUS: 0:06:35.520550891 0xf3d043b0 gstbus.c:309:gst_bus_post:<bus19> [msg 0xf37f5868] posting on bus state-changed message: 0xf37f5868, time 99:99:99.999999999, seq-num 2064, element 'amcvideodec-omxnvidiah264decode2', GstMessageStateChanged, old-state=(GstState)GST_STATE_NULL, new-state=(GstState)GST_STATE_READY, pending-state=(GstState)GST_STATE_VOID_PENDING;
05-09 19:57:51.132  2029  2224 D GStreamer+GST_BUS: 0:06:35.520584225 0xf3d043b0 gstbus.c:348:gst_bus_post:<bus19> [msg 0xf37f5868] pushing on async queue
05-09 19:57:51.132  2029  2224 D GStreamer+GST_BUS: 0:06:35.520628600 0xf3d043b0 gstbus.c:351:gst_bus_post:<bus19> [msg 0xf37f5868] pushed on async queue
05-09 19:57:51.132  2029  2224 D GStreamer+GST_BUS: 0:06:35.520661620 0xf3d043b0 gstbus.c:344:gst_bus_post:<bus18> [msg 0xf37f5868] dropped
05-09 19:57:51.132  2029  2224 D GStreamer+GST_BUS: 0:06:35.520693547 0xf3d043b0 gstbus.c:344:gst_bus_post:<bus16> [msg 0xf37f5868] dropped
05-09 19:57:51.132  2029  2224 D GStreamer+GST_STATES: 0:06:35.520728964 0xf3d043b0 gstelement.c:2607:gst_element_set_state_func:<amcvideodec-omxnvidiah264decode2> returned SUCCESS
05-09 19:57:51.132  2029  2224 D GStreamer+GST_CAPS: 0:06:35.520797297 0xf3d043b0 gstutils.c:2921:gst_pad_query_accept_caps:<amcvideodec-omxnvidiah264decode2:sink> accept caps of video/x-h264, stream-format=(string)byte-stream, alignment=(string)au, level=(string)4, profile=(string)baseline, width=(int)1280, height=(int)1440, framerate=(fraction)151/3, pixel-aspect-ratio=(fraction)1/1, parsed=(boolean)true
05-09 19:57:51.132  2029  2224 D GStreamer+query: 0:06:35.520839745 0xf3d043b0 gstquery.c:674:gst_query_new_custom creating new query 0xf3d34120 accept-caps
05-09 19:57:51.133  2029  2224 D GStreamer+GST_PADS: 0:06:35.520888131 0xf3d043b0 gstpad.c:3882:gst_pad_query:<amcvideodec-omxnvidiah264decode2:sink> doing query 0xf3d34120 (accept-caps)
05-09 19:57:51.133  2029  2224 D GStreamer+videodecoder: 0:06:35.520931412 0xf3d043b0 gstvideodecoder.c:1963:gst_video_decoder_sink_query:<amcvideodec-omxnvidiah264decode2> received query 40963, accept-caps
05-09 19:57:51.133  2029  2224 D GStreamer+GST_CAPS: 0:06:35.521006568 0xf3d043b0 gstutils.c:2838:gst_pad_query_caps:<amcvideodec-omxnvidiah264decode2:sink> get pad caps with filter video/x-h264, stream-format=(string)byte-stream, alignment=(string)au, level=(string)4, profile=(string)baseline, width=(int)1280, height=(int)1440, framerate=(fraction)151/3, pixel-aspect-ratio=(fraction)1/1, parsed=(boolean)true
05-09 19:57:51.133  2029  2224 D GStreamer+query: 0:06:35.521044537 0xf3d043b0 gstquery.c:674:gst_query_new_custom creating new query 0xf3ac6b20 caps
05-09 19:57:51.133  2029  2224 D GStreamer+GST_PADS: 0:06:35.521079068 0xf3d043b0 gstpad.c:3882:gst_pad_query:<amcvideodec-omxnvidiah264decode2:sink> doing query 0xf3ac6b20 (caps)
05-09 19:57:51.133  2029  2224 D GStreamer+videodecoder: 0:06:35.521116672 0xf3d043b0 gstvideodecoder.c:1963:gst_video_decoder_sink_query:<amcvideodec-omxnvidiah264decode2> received query 43523, caps
05-09 19:57:51.133  2029  2224 D GStreamer+GST_CAPS: 0:06:35.521227245 0xf3d043b0 gstutils.c:2884:gst_pad_peer_query_caps:<amcvideodec-omxnvidiah264decode2:src> get pad peer caps with filter video/x-raw(memory:GLMemory), width=(int)1280, height=(int)1440, framerate=(fraction)151/3, pixel-aspect-ratio=(fraction)1/1; video/x-raw, width=(int)1280, height=(int)1440, framerate=(fraction)151/3, pixel-aspect-ratio=(fraction)1/1
05-09 19:57:51.133  2029  2224 D GStreamer+query: 0:06:35.521265006 0xf3d043b0 gstquery.c:674:gst_query_new_custom creating new query 0xf3b67e30 caps
05-09 19:57:51.133  2029  2224 D GStreamer+GST_PADS: 0:06:35.521301777 0xf3d043b0 gstpad.c:4009:gst_pad_peer_query:<amcvideodec-omxnvidiah264decode2:src> peer query 0xf3b67e30 (caps)
05-09 19:57:51.133  2029  2224 I GStreamer+GST_PADS: 0:06:35.521336152 0xf3d043b0 gstpad.c:4065:gst_pad_peer_query:<amcvideodec-omxnvidiah264decode2:src> pad has no peer
05-09 19:57:51.133  2029  2224 D GStreamer+GST_PADS: 0:06:35.521570631 0xf3d043b0 gstpad.c:3905:gst_pad_query:<amcvideodec-omxnvidiah264decode2:sink> sent query 0xf3ac6b20 (caps), result 1
05-09 19:57:51.133  2029  2224 D GStreamer+GST_CAPS: 0:06:35.521634225 0xf3d043b0 gstutils.c:2845:gst_pad_query_caps:<amcvideodec-omxnvidiah264decode2:sink> query returned video/x-h264, width=(int)1280, height=(int)1440, framerate=(fraction)151/3, pixel-aspect-ratio=(fraction)1/1, parsed=(boolean)true, stream-format=(string)byte-stream, alignment=(string)au, profile=(string)baseline, level=(string)4
05-09 19:57:51.133  2029  2224 D GStreamer+GST_PADS: 0:06:35.521682141 0xf3d043b0 gstpad.c:3905:gst_pad_query:<amcvideodec-omxnvidiah264decode2:sink> sent query 0xf3d34120 (accept-caps), result 1
05-09 19:57:51.133  2029  2224 D GStreamer+default: 0:06:35.521719850 0xf3d043b0 gstutils.c:2926:gst_pad_query_accept_caps:<amcvideodec-omxnvidiah264decode2:sink> query returned 1
05-09 19:57:51.133  2029  2224 D GStreamer+decodebin: 0:06:35.521769225 0xf3d043b0 gstdecodebin2.c:2658:connect_element:<forhwgl> Attempting to connect element amcvideodec-omxnvidiah264decode2 [chain:0xf3d6f9f0] further
05-09 19:57:51.133  2029  2224 D GStreamer+decodebin: 0:06:35.521803235 0xf3d043b0 gstdecodebin2.c:2671:connect_element:<forhwgl> got a source pad template src
05-09 19:57:51.133  2029  2224 I GStreamer+GST_ELEMENT_PADS: 0:06:35.521837141 0xf3d043b0 gstelement.c:907:gst_element_get_static_pad found pad amcvideodec-omxnvidiah264decode2:src
05-09 19:57:51.134  2029  2224 D GStreamer+decodebin: 0:06:35.521880839 0xf3d043b0 gstdecodebin2.c:2682:connect_element:<forhwgl> got the pad for always template src
05-09 19:57:51.134  2029  2224 D GStreamer+GST_CAPS: 0:06:35.521919589 0xf3d043b0 gstpad.c:2648:gst_pad_get_current_caps:<amcvideodec-omxnvidiah264decode2:src> get current pad caps (NULL)
05-09 19:57:51.134  2029  2224 D GStreamer+GST_CAPS: 0:06:35.521955891 0xf3d043b0 gstutils.c:2838:gst_pad_query_caps:<amcvideodec-omxnvidiah264decode2:src> get pad caps with filter (NULL)
05-09 19:57:51.134  2029  2224 D GStreamer+query: 0:06:35.521991204 0xf3d043b0 gstquery.c:674:gst_query_new_custom creating new query 0xf3d34150 caps
05-09 19:57:51.134  2029  2224 D GStreamer+GST_PADS: 0:06:35.522024693 0xf3d043b0 gstpad.c:3882:gst_pad_query:<amcvideodec-omxnvidiah264decode2:src> doing query 0xf3d34150 (caps)
05-09 19:57:51.134  2029  2224 D GStreamer+videodecoder: 0:06:35.522062818 0xf3d043b0 gstvideodecoder.c:1812:gst_video_decoder_src_query:<amcvideodec-omxnvidiah264decode2> received query 43523, caps
05-09 19:57:51.134  2029  2224 D GStreamer+GST_CAPS: 0:06:35.522112350 0xf3d043b0 gstpad.c:3088:gst_pad_query_caps_default:<amcvideodec-omxnvidiah264decode2:src> query caps caps query: 0xf3d34150, GstQueryCaps, filter=(GstCaps)"NULL", caps=(GstCaps)"NULL";
05-09 19:57:51.134  2029  2224 D GStreamer+GST_CAPS: 0:06:35.522148860 0xf3d043b0 gstpad.c:3111:gst_pad_query_caps_default:<amcvideodec-omxnvidiah264decode2:src> trying pad template caps
05-09 19:57:51.134  2029  2224 D GStreamer+GST_CAPS: 0:06:35.522244641 0xf3d043b0 gstpad.c:3141:gst_pad_query_caps_default:<amcvideodec-omxnvidiah264decode2:src> using caps 0xf375b278 video/x-raw(memory:GLMemory), format=(string)RGBA, texture-target=(string)external-oes; video/x-raw, format=(string)I420, width=(int)[ 1, 2147483647 ], height=(int)[ 1, 2147483647 ], framerate=(fraction)[ 0/1, 2147483647/1 ]; video/x-raw, format=(string)NV12, width=(int)[ 1, 2147483647 ], height=(int)[ 1, 2147483647 ], framerate=(fraction)[ 0/1, 2147483647/1 ]
05-09 19:57:51.134  2029  2224 D GStreamer+GST_PADS: 0:06:35.522286672 0xf3d043b0 gstpad.c:3339:gst_pad_query_default:<amcvideodec-omxnvidiah264decode2:src> not forwarding 0xf3d34150 (caps) query
05-09 19:57:51.134  2029  2224 D GStreamer+GST_PADS: 0:06:35.522324589 0xf3d043b0 gstpad.c:3905:gst_pad_query:<amcvideodec-omxnvidiah264decode2:src> sent query 0xf3d34150 (caps), result 1
05-09 19:57:51.134  2029  2224 D GStreamer+GST_CAPS: 0:06:35.522416829 0xf3d043b0 gstutils.c:2845:gst_pad_query_caps:<amcvideodec-omxnvidiah264decode2:src> query returned video/x-raw(memory:GLMemory), format=(string)RGBA, texture-target=(string)external-oes; video/x-raw, format=(string)I420, width=(int)[ 1, 2147483647 ], height=(int)[ 1, 2147483647 ], framerate=(fraction)[ 0/1, 2147483647/1 ]; video/x-raw, format=(string)NV12, width=(int)[ 1, 2147483647 ], height=(int)[ 1, 2147483647 ], framerate=(fraction)[ 0/1, 2147483647/1 ]
05-09 19:57:51.134  2029  2224 D GStreamer+decodebin: 0:06:35.522512193 0xf3d043b0 gstdecodebin2.c:1531:analyze_new_pad:<forhwgl> Pad amcvideodec-omxnvidiah264decode2:src caps:video/x-raw(memory:GLMemory), format=(string)RGBA, texture-target=(string)external-oes; video/x-raw, format=(string)I420, width=(int)[ 1, 2147483647 ], height=(int)[ 1, 2147483647 ], framerate=(fraction)[ 0/1, 2147483647/1 ]; video/x-raw, format=(string)NV12, width=(int)[ 1, 2147483647 ], height=(int)[ 1, 2147483647 ], framerate=(fraction)[ 0/1, 2147483647/1 ]
05-09 19:57:51.134  2029  2224 D GStreamer+GST_PADS: 0:06:35.522551360 0xf3d043b0 gstpad.c:1062:gst_pad_set_active:<'':decodepad4> pad was active in push mode
05-09 19:57:51.134  2029  2224 D GStreamer+GST_PADS: 0:06:35.522589068 0xf3d043b0 gstghostpad.c:840:gst_ghost_pad_set_target:<'':decodepad4> set target amcvideodec-omxnvidiah264decode2:src
05-09 19:57:51.134  2029  2224 D GStreamer+GST_PADS: 0:06:35.522628704 0xf3d043b0 gstghostpad.c:862:gst_ghost_pad_set_target:<'':decodepad4> connecting internal pad to target <amcvideodec-omxnvidiah264decode2:src>
05-09 19:57:51.134  2029  2224 D GStreamer+GST_BUS: 0:06:35.522707922 0xf3d043b0 gstbus.c:309:gst_bus_post:<bus16> [msg 0xf3d32668] posting on bus structure-change message: 0xf3d32668, time 99:99:99.999999999, seq-num 2065, element 'proxypad14', GstMessageStructureChange, type=(GstStructureChangeType)GST_STRUCTURE_CHANGE_TYPE_PAD_LINK, owner=(GstElement)"\(GstAmcVideoDec-OmxNvidiaH264Decode\)\ amcvideodec-omxnvidiah264decode2", busy=(boolean)true;
05-09 19:57:51.134  2029  2224 D GStreamer+bin: 0:06:35.522747141 0xf3d043b0 gstbin.c:3528:gst_bin_handle_message_func:<forhwgl> [msg 0xf3d32668] handling child proxypad14 message of type structure-change
05-09 19:57:51.134  2029  2224 D GStreamer+bin: 0:06:35.522781933 0xf3d043b0 gstbin.c:882:find_message:<forhwgl> no message found matching types 00001000
05-09 19:57:51.134  2029  2224 D GStreamer+bin: 0:06:35.522814277 0xf3d043b0 gstbin.c:889:find_message:<forhwgl>   structure-change
05-09 19:57:51.134  2029  2224 D GStreamer+bin: 0:06:35.522848912 0xf3d043b0 gstbin.c:929:bin_replace_message:<forhwgl> got new message 0xf3d32668, structure-change from proxypad14
05-09 19:57:51.135  2029  2224 D GStreamer+GST_BUS: 0:06:35.522892245 0xf3d043b0 gstbus.c:344:gst_bus_post:<bus16> [msg 0xf3d32668] dropped
05-09 19:57:51.135  2029  2224 I GStreamer+GST_PADS: 0:06:35.522933704 0xf3d043b0 gstpad.c:2292:gst_pad_link_prepare trying to link amcvideodec-omxnvidiah264decode2:src and decodepad4:proxypad14
05-09 19:57:51.135  2029  2216 D GStreamer+GST_BUS: 0:06:35.522944954 0xf3d321c0 gstbus.c:521:gst_bus_timed_pop_filtered:<bus19> got message 0xf37f5868, state-changed from amcvideodec-omxnvidiah264decode2, type mask is 4294967295
05-09 19:57:51.135  2029  2224 I GStreamer+GST_PADS: 0:06:35.522972818 0xf3d043b0 gstpad.c:2498:gst_pad_link_full linked amcvideodec-omxnvidiah264decode2:src and decodepad4:proxypad14, successful
05-09 19:57:51.135  2029  2224 I GStreamer+GST_EVENT: 0:06:35.522999797 0xf3d043b0 gstevent.c:1382:gst_event_new_reconfigure creating reconfigure event
05-09 19:57:51.135  2029  2216 D GStreamer+GST_BUS: 0:06:35.523044745 0xf3d321c0 gstbus.c:789:gst_bus_source_dispatch:<bus19> source 0xf39d9b18 calling dispatch with state-changed message: 0xf37f5868, time 99:99:99.999999999, seq-num 2064, element 'amcvideodec-omxnvidiah264decode2', GstMessageStateChanged, old-state=(GstState)GST_STATE_NULL, new-state=(GstState)GST_STATE_READY, pending-state=(GstState)GST_STATE_VOID_PENDING;
05-09 19:57:51.135  2029  2224 D GStreamer+GST_EVENT: 0:06:35.523063183 0xf3d043b0 gstevent.c:302:gst_event_new_custom creating new event 0xf3a08558 reconfigure 61441
05-09 19:57:51.135  2029  2216 D GStreamer+GST_BUS: 0:06:35.523115214 0xf3d321c0 gstbus.c:794:gst_bus_source_dispatch:<bus19> source 0xf39d9b18 handler returns 1
05-09 19:57:51.135  2029  2224 D GStreamer+GST_EVENT: 0:06:35.523138079 0xf3d043b0 gstpad.c:5496:gst_pad_send_event_unchecked:<amcvideodec-omxnvidiah264decode2:src> have event type reconfigure event: 0xf3a08558, time 99:99:99.999999999, seq-num 2066, (NULL)
05-09 19:57:51.135  2029  2224 I GStreamer+GST_EVENT: 0:06:35.523175162 0xf3d043b0 gstpad.c:5601:gst_pad_send_event_unchecked:<amcvideodec-omxnvidiah264decode2:src> Received event on flushing pad. Discarding
05-09 19:57:51.135  2029  2224 D GStreamer+GST_BUS: 0:06:35.523253756 0xf3d043b0 gstbus.c:309:gst_bus_post:<bus16> [msg 0xf37f5918] posting on bus structure-change message: 0xf37f5918, time 99:99:99.999999999, seq-num 2067, element 'proxypad14', GstMessageStructureChange, type=(GstStructureChangeType)GST_STRUCTURE_CHANGE_TYPE_PAD_LINK, owner=(GstElement)"\(GstAmcVideoDec-OmxNvidiaH264Decode\)\ amcvideodec-omxnvidiah264decode2", busy=(boolean)false;
05-09 19:57:51.135  2029  2224 D GStreamer+bin: 0:06:35.523293339 0xf3d043b0 gstbin.c:3528:gst_bin_handle_message_func:<forhwgl> [msg 0xf37f5918] handling child proxypad14 message of type structure-change
05-09 19:57:51.135  2029  2224 D GStreamer+bin: 0:06:35.523331568 0xf3d043b0 gstbin.c:957:bin_remove_messages:<decodepad4:proxypad14> deleting message 0xf3d32668 of types 0x00001000
05-09 19:57:51.135  2029  2224 D GStreamer+bin: 0:06:35.523371933 0xf3d043b0 gstbin.c:963:bin_remove_messages:<forhwgl> not deleting message 0xf3ab9f80 of type 0x00100000
05-09 19:57:51.135  2029  2224 D GStreamer+GST_BUS: 0:06:35.523407297 0xf3d043b0 gstbus.c:344:gst_bus_post:<bus16> [msg 0xf37f5918] dropped
05-09 19:57:51.135  2029  2224 D GStreamer+GST_STATES: 0:06:35.523448183 0xf3d043b0 gstelement.c:2523:gst_element_set_state_func:<amcvideodec-omxnvidiah264decode2> set_state to PAUSED
05-09 19:57:51.135  2029  2224 D GStreamer+GST_STATES: 0:06:35.523482922 0xf3d043b0 gstelement.c:2548:gst_element_set_state_func:<amcvideodec-omxnvidiah264decode2> setting target state to PAUSED
05-09 19:57:51.135  2029  2224 D GStreamer+GST_STATES: 0:06:35.523520683 0xf3d043b0 gstelement.c:2561:gst_element_set_state_func:<amcvideodec-omxnvidiah264decode2> current READY, old_pending VOID_PENDING, next VOID_PENDING, old return SUCCESS
05-09 19:57:51.135  2029  2224 D GStreamer+GST_STATES: 0:06:35.523556464 0xf3d043b0 gstelement.c:2595:gst_element_set_state_func:<amcvideodec-omxnvidiah264decode2> final: setting state from READY to PAUSED
05-09 19:57:51.135  2029  2224 D GStreamer+amcvideodec: 0:06:35.523593808 0xf3d043b0 gstamcvideodec.c:590:gst_amc_video_dec_change_state:<amcvideodec-omxnvidiah264decode2> changing state: READY => PAUSED
05-09 19:57:51.135  2029  2224 D GStreamer+videodecoder: 0:06:35.523628808 0xf3d043b0 gstvideodecoder.c:2075:gst_video_decoder_reset:<amcvideodec-omxnvidiah264decode2> reset full 1
05-09 19:57:51.135  2029  2224 D GStreamer+GST_ELEMENT_PADS: 0:06:35.523667245 0xf3d043b0 gstelement.c:2793:gst_element_pads_activate:<amcvideodec-omxnvidiah264decode2> activate pads
05-09 19:57:51.135  2029  2224 D GStreamer+GST_PADS: 0:06:35.523705579 0xf3d043b0 gstpad.c:1056:gst_pad_set_active:<amcvideodec-omxnvidiah264decode2:src> activating pad from none
05-09 19:57:51.135  2029  2224 D GStreamer+GST_PADS: 0:06:35.523744016 0xf3d043b0 gstpad.c:972:pre_activate:<amcvideodec-omxnvidiah264decode2:src> setting pad into push mode, unset flushing
05-09 19:57:51.135  2029  2224 D GStreamer+GST_PADS: 0:06:35.523781725 0xf3d043b0 gstpad.c:1198:gst_pad_activate_mode:<amcvideodec-omxnvidiah264decode2:src> activated in push mode
05-09 19:57:51.135  2029  2224 D GStreamer+GST_PADS: 0:06:35.523820006 0xf3d043b0 gstpad.c:1056:gst_pad_set_active:<amcvideodec-omxnvidiah264decode2:sink> activating pad from none
05-09 19:57:51.136  2029  2224 D GStreamer+GST_PADS: 0:06:35.523858443 0xf3d043b0 gstpad.c:972:pre_activate:<amcvideodec-omxnvidiah264decode2:sink> setting pad into push mode, unset flushing
05-09 19:57:51.136  2029  2224 D GStreamer+GST_PADS: 0:06:35.523912818 0xf3d043b0 gstpad.c:984:pre_activate:<amcvideodec-omxnvidiah264decode2:sink> reschedule events on peer capsfilter3:src
05-09 19:57:51.136  2029  2224 D GStreamer+GST_PADS: 0:06:35.523955735 0xf3d043b0 gstpad.c:1198:gst_pad_activate_mode:<amcvideodec-omxnvidiah264decode2:sink> activated in push mode
05-09 19:57:51.136  2029  2224 D GStreamer+GST_ELEMENT_PADS: 0:06:35.523994693 0xf3d043b0 gstelement.c:2812:gst_element_pads_activate:<amcvideodec-omxnvidiah264decode2> pad activation successful
05-09 19:57:51.136  2029  2224 D GStreamer+GST_STATES: 0:06:35.524029537 0xf3d043b0 gstelement.c:2684:gst_element_change_state:<amcvideodec-omxnvidiah264decode2> element changed state SUCCESS
05-09 19:57:51.136  2029  2224 I GStreamer+GST_STATES: 0:06:35.524063652 0xf3d043b0 gstelement.c:2372:gst_element_continue_state:<amcvideodec-omxnvidiah264decode2> completed state change to PAUSED
05-09 19:57:51.136  2029  2224 I GStreamer+GST_STATES: 0:06:35.524101152 0xf3d043b0 gstelement.c:2277:_priv_gst_element_state_changed:<amcvideodec-omxnvidiah264decode2> notifying about state-changed READY to PAUSED (VOID_PENDING pending)
05-09 19:57:51.136  2029  2224 D GStreamer+GST_BUS: 0:06:35.524171985 0xf3d043b0 gstbus.c:309:gst_bus_post:<bus16> [msg 0xf37f5ad0] posting on bus state-changed message: 0xf37f5ad0, time 99:99:99.999999999, seq-num 2068, element 'amcvideodec-omxnvidiah264decode2', GstMessageStateChanged, old-state=(GstState)GST_STATE_READY, new-state=(GstState)GST_STATE_PAUSED, pending-state=(GstState)GST_STATE_VOID_PENDING;
05-09 19:57:51.136  2029  2224 D GStreamer+bin: 0:06:35.524212037 0xf3d043b0 gstbin.c:3528:gst_bin_handle_message_func:<forhwgl> [msg 0xf37f5ad0] handling child amcvideodec-omxnvidiah264decode2 message of type state-changed
05-09 19:57:51.136  2029  2224 D GStreamer+bin: 0:06:35.524243704 0xf3d043b0 gstbin.c:3865:gst_bin_handle_message_func:<forhwgl> posting message upward
05-09 19:57:51.136  2029  2224 D GStreamer+GST_BUS: 0:06:35.524305214 0xf3d043b0 gstbus.c:309:gst_bus_post:<bus18> [msg 0xf37f5ad0] posting on bus state-changed message: 0xf37f5ad0, time 99:99:99.999999999, seq-num 2068, element 'amcvideodec-omxnvidiah264decode2', GstMessageStateChanged, old-state=(GstState)GST_STATE_READY, new-state=(GstState)GST_STATE_PAUSED, pending-state=(GstState)GST_STATE_VOID_PENDING;
05-09 19:57:51.136  2029  2224 D GStreamer+bin: 0:06:35.524342193 0xf3d043b0 gstbin.c:3528:gst_bin_handle_message_func:<pipeline3> [msg 0xf37f5ad0] handling child amcvideodec-omxnvidiah264decode2 message of type state-changed
05-09 19:57:51.136  2029  2224 D GStreamer+bin: 0:06:35.524372975 0xf3d043b0 gstbin.c:3865:gst_bin_handle_message_func:<pipeline3> posting message upward
05-09 19:57:51.136  2029  2224 D GStreamer+GST_BUS: 0:06:35.524433652 0xf3d043b0 gstbus.c:309:gst_bus_post:<bus19> [msg 0xf37f5ad0] posting on bus state-changed message: 0xf37f5ad0, time 99:99:99.999999999, seq-num 2068, element 'amcvideodec-omxnvidiah264decode2', GstMessageStateChanged, old-state=(GstState)GST_STATE_READY, new-state=(GstState)GST_STATE_PAUSED, pending-state=(GstState)GST_STATE_VOID_PENDING;
05-09 19:57:51.136  2029  2224 D GStreamer+GST_BUS: 0:06:35.524466881 0xf3d043b0 gstbus.c:348:gst_bus_post:<bus19> [msg 0xf37f5ad0] pushing on async queue
05-09 19:57:51.136  2029  2224 D GStreamer+GST_BUS: 0:06:35.524505318 0xf3d043b0 gstbus.c:351:gst_bus_post:<bus19> [msg 0xf37f5ad0] pushed on async queue
05-09 19:57:51.136  2029  2224 D GStreamer+GST_BUS: 0:06:35.524544225 0xf3d043b0 gstbus.c:344:gst_bus_post:<bus18> [msg 0xf37f5ad0] dropped
05-09 19:57:51.136  2029  2216 D GStreamer+GST_BUS: 0:06:35.524559277 0xf3d321c0 gstbus.c:521:gst_bus_timed_pop_filtered:<bus19> got message 0xf37f5ad0, state-changed from amcvideodec-omxnvidiah264decode2, type mask is 4294967295
05-09 19:57:51.136  2029  2224 D GStreamer+GST_BUS: 0:06:35.524583495 0xf3d043b0 gstbus.c:344:gst_bus_post:<bus16> [msg 0xf37f5ad0] dropped
05-09 19:57:51.136  2029  2224 D GStreamer+GST_STATES: 0:06:35.524633964 0xf3d043b0 gstelement.c:2607:gst_element_set_state_func:<amcvideodec-omxnvidiah264decode2> returned SUCCESS
05-09 19:57:51.136  2029  2216 D GStreamer+GST_BUS: 0:06:35.524661881 0xf3d321c0 gstbus.c:789:gst_bus_source_dispatch:<bus19> source 0xf39d9b18 calling dispatch with state-changed message: 0xf37f5ad0, time 99:99:99.999999999, seq-num 2068, element 'amcvideodec-omxnvidiah264decode2', GstMessageStateChanged, old-state=(GstState)GST_STATE_READY, new-state=(GstState)GST_STATE_PAUSED, pending-state=(GstState)GST_STATE_VOID_PENDING;
05-09 19:57:51.136  2029  2216 D GStreamer+GST_BUS: 0:06:35.524715891 0xf3d321c0 gstbus.c:794:gst_bus_source_dispatch:<bus19> source 0xf39d9b18 handler returns 1
05-09 19:57:51.136  2029  2224 D GStreamer+GST_EVENT: 0:06:35.524738391 0xf3d043b0 gstpad.c:5496:gst_pad_send_event_unchecked:<amcvideodec-omxnvidiah264decode2:sink> have event type stream-start event: 0xf3d338f8, time 99:99:99.999999999, seq-num 1998, GstEventStreamStart, stream-id=(string)f053c058b440b43524b277045893b30df4e765b8d037f3d09e4ccd970feb850c/001, flags=(GstStreamFlags)GST_STREAM_FLAG_NONE, group-id=(uint)4;
05-09 19:57:51.136  2029  2224 D GStreamer+videodecoder: 0:06:35.524781725 0xf3d043b0 gstvideodecoder.c:1486:gst_video_decoder_sink_event:<amcvideodec-omxnvidiah264decode2> received event 10254, stream-start
05-09 19:57:51.136  2029  2224 V GStreamer+videodecoder: 0:06:35.524815943 0xf3d043b0 gstvideodecoder.c:1057:gst_video_decoder_drain_out:<amcvideodec-omxnvidiah264decode2> Sub-class should implement drain()
05-09 19:57:51.136  2029  2224 D GStreamer+videodecoder: 0:06:35.524848391 0xf3d043b0 gstvideodecoder.c:1208:gst_video_decoder_sink_event_default:<amcvideodec-omxnvidiah264decode2> received STREAM_START. Clearing taglist
05-09 19:57:51.137  2029  2224 D GStreamer+videodecoder: 0:06:35.524893391 0xf3d043b0 gstvideodecoder.c:980:gst_video_decoder_push_event:<amcvideodec-omxnvidiah264decode2> pushing event stream-start
05-09 19:57:51.137  2029  2224 D GStreamer+GST_PADS: 0:06:35.524930162 0xf3d043b0 gstpad.c:3813:check_sticky:<amcvideodec-omxnvidiah264decode2:src> pushing all sticky events
05-09 19:57:51.137  2029  2224 D GStreamer+GST_EVENT: 0:06:35.524994693 0xf3d043b0 gstpad.c:5496:gst_pad_send_event_unchecked:<decodepad4:proxypad14> have event type stream-start event: 0xf3d338f8, time 99:99:99.999999999, seq-num 1998, GstEventStreamStart, stream-id=(string)f053c058b440b43524b277045893b30df4e765b8d037f3d09e4ccd970feb850c/001, flags=(GstStreamFlags)GST_STREAM_FLAG_NONE, group-id=(uint)4;
05-09 19:57:51.137  2029  2224 D GStreamer+GST_PADS: 0:06:35.525037766 0xf3d043b0 gstpad.c:3813:check_sticky:<'':decodepad4> pushing all sticky events
05-09 19:57:51.137  2029  2224 D GStreamer+GST_PADS: 0:06:35.525074693 0xf3d043b0 gstpad.c:5266:gst_pad_push_event_unchecked:<'':decodepad4> Dropping event stream-start because pad is not linked
05-09 19:57:51.137  2029  2224 D GStreamer+GST_PADS: 0:06:35.525108756 0xf3d043b0 gstpad.c:3784:push_sticky:<'':decodepad4> pad was not linked, mark pending
05-09 19:57:51.137  2029  2224 D GStreamer+GST_PADS: 0:06:35.525147350 0xf3d043b0 gstpad.c:5569:gst_pad_send_event_unchecked:<decodepad4:proxypad14> sent event, ret ok
05-09 19:57:51.137  2029  2224 D GStreamer+GST_PADS: 0:06:35.525185214 0xf3d043b0 gstpad.c:3765:push_sticky:<amcvideodec-omxnvidiah264decode2:src> event stream-start marked received
05-09 19:57:51.137  2029  2224 D GStreamer+GST_PADS: 0:06:35.525222297 0xf3d043b0 gstpad.c:5569:gst_pad_send_event_unchecked:<amcvideodec-omxnvidiah264decode2:sink> sent event, ret ok
05-09 19:57:51.137  2029  2224 D GStreamer+GST_EVENT: 0:06:35.525310891 0xf3d043b0 gstpad.c:5496:gst_pad_send_event_unchecked:<amcvideodec-omxnvidiah264decode2:sink> have event type caps event: 0xf3a40478, time 99:99:99.999999999, seq-num 2043, GstEventCaps, caps=(GstCaps)"video/x-h264\,\ stream-format\=\(string\)byte-stream\,\ alignment\=\(string\)au\,\ level\=\(string\)4\,\ profile\=\(string\)baseline\,\ width\=\(int\)1280\,\ height\=\(int\)1440\,\ framerate\=\(fraction\)151/3\,\ pixel-aspect-ratio\=\(fraction\)1/1\,\ parsed\=\(boolean\)true";
05-09 19:57:51.137  2029  2224 D GStreamer+GST_CAPS: 0:06:35.525376464 0xf3d043b0 gstutils.c:2921:gst_pad_query_accept_caps:<amcvideodec-omxnvidiah264decode2:sink> accept caps of video/x-h264, stream-format=(string)byte-stream, alignment=(string)au, level=(string)4, profile=(string)baseline, width=(int)1280, height=(int)1440, framerate=(fraction)151/3, pixel-aspect-ratio=(fraction)1/1, parsed=(boolean)true
05-09 19:57:51.137  2029  2224 D GStreamer+query: 0:06:35.525415891 0xf3d043b0 gstquery.c:674:gst_query_new_custom creating new query 0xf3ac6860 accept-caps
05-09 19:57:51.137  2029  2224 D GStreamer+GST_PADS: 0:06:35.525451568 0xf3d043b0 gstpad.c:3882:gst_pad_query:<amcvideodec-omxnvidiah264decode2:sink> doing query 0xf3ac6860 (accept-caps)
05-09 19:57:51.137  2029  2224 D GStreamer+videodecoder: 0:06:35.525489589 0xf3d043b0 gstvideodecoder.c:1963:gst_video_decoder_sink_query:<amcvideodec-omxnvidiah264decode2> received query 40963, accept-caps
05-09 19:57:51.137  2029  2224 D GStreamer+GST_CAPS: 0:06:35.525558131 0xf3d043b0 gstutils.c:2838:gst_pad_query_caps:<amcvideodec-omxnvidiah264decode2:sink> get pad caps with filter video/x-h264, stream-format=(string)byte-stream, alignment=(string)au, level=(string)4, profile=(string)baseline, width=(int)1280, height=(int)1440, framerate=(fraction)151/3, pixel-aspect-ratio=(fraction)1/1, parsed=(boolean)true
05-09 19:57:51.137  2029  2224 D GStreamer+query: 0:06:35.525595527 0xf3d043b0 gstquery.c:674:gst_query_new_custom creating new query 0xf3dd0030 caps
05-09 19:57:51.137  2029  2224 D GStreamer+GST_PADS: 0:06:35.525630214 0xf3d043b0 gstpad.c:3882:gst_pad_query:<amcvideodec-omxnvidiah264decode2:sink> doing query 0xf3dd0030 (caps)
05-09 19:57:51.137  2029  2224 D GStreamer+videodecoder: 0:06:35.525668547 0xf3d043b0 gstvideodecoder.c:1963:gst_video_decoder_sink_query:<amcvideodec-omxnvidiah264decode2> received query 43523, caps
05-09 19:57:51.137  2029  2224 D GStreamer+GST_CAPS: 0:06:35.525768600 0xf3d043b0 gstutils.c:2884:gst_pad_peer_query_caps:<amcvideodec-omxnvidiah264decode2:src> get pad peer caps with filter video/x-raw(memory:GLMemory), width=(int)1280, height=(int)1440, framerate=(fraction)151/3, pixel-aspect-ratio=(fraction)1/1; video/x-raw, width=(int)1280, height=(int)1440, framerate=(fraction)151/3, pixel-aspect-ratio=(fraction)1/1
05-09 19:57:51.137  2029  2224 D GStreamer+query: 0:06:35.525806672 0xf3d043b0 gstquery.c:674:gst_query_new_custom creating new query 0xf3d3c400 caps
05-09 19:57:51.137  2029  2224 D GStreamer+GST_PADS: 0:06:35.525841204 0xf3d043b0 gstpad.c:4009:gst_pad_peer_query:<amcvideodec-omxnvidiah264decode2:src> peer query 0xf3d3c400 (caps)
05-09 19:57:51.138  2029  2224 D GStreamer+GST_PADS: 0:06:35.525888079 0xf3d043b0 gstpad.c:3882:gst_pad_query:<decodepad4:proxypad14> doing query 0xf3d3c400 (caps)
05-09 19:57:51.138  2029  2224 D GStreamer+decodebin: 0:06:35.525989797 0xf3d043b0 gstdecodebin2.c:5033:gst_decode_pad_query:<forhwgl> calling autoplug-query for decodepad4 (element amcvideodec-omxnvidiah264decode2): caps query: 0xf3d3c400, GstQueryCaps, filter=(GstCaps)"video/x-raw\(memory:GLMemory\)\,\ width\=\(int\)1280\,\ height\=\(int\)1440\,\ framerate\=\(fraction\)151/3\,\ pixel-aspect-ratio\=\(fraction\)1/1\;\ video/x-raw\,\ width\=\(int\)1280\,\ height\=\(int\)1440\,\ framerate\=\(fraction\)151/3\,\ pixel-aspect-ratio\=\(fraction\)1/1", caps=(GstCaps)"NULL";
05-09 19:57:51.138  2029  2224 D GStreamer+decodebin: 0:06:35.526074641 0xf3d043b0 gstdecodebin2.c:5042:gst_decode_pad_query:<forhwgl> autoplug-query returned 0
05-09 19:57:51.138  2029  2224 D GStreamer+GST_CAPS: 0:06:35.526161464 0xf3d043b0 gstpad.c:3088:gst_pad_query_caps_default:<decodepad4:proxypad14> query caps caps query: 0xf3d3c400, GstQueryCaps, filter=(GstCaps)"video/x-raw\(memory:GLMemory\)\,\ width\=\(int\)1280\,\ height\=\(int\)1440\,\ framerate\=\(fraction\)151/3\,\ pixel-aspect-ratio\=\(fraction\)1/1\;\ video/x-raw\,\ width\=\(int\)1280\,\ height\=\(int\)1440\,\ framerate\=\(fraction\)151/3\,\ pixel-aspect-ratio\=\(fraction\)1/1", caps=(GstCaps)"NULL";
05-09 19:57:51.138  2029  2224 D GStreamer+GST_PADS: 0:06:35.526200527 0xf3d043b0 gstutils.c:2599:gst_pad_proxy_query_caps:<decodepad4:proxypad14> proxying caps query for decodepad4:proxypad14
05-09 19:57:51.138  2029  2224 D GStreamer+GST_PADS: 0:06:35.526240839 0xf3d043b0 gstpad.c:4009:gst_pad_peer_query:<'':decodepad4> peer query 0xf3d3c400 (caps)
05-09 19:57:51.138  2029  2224 I GStreamer+GST_PADS: 0:06:35.526274693 0xf3d043b0 gstpad.c:4065:gst_pad_peer_query:<'':decodepad4> pad has no peer
05-09 19:57:51.138  2029  2224 D GStreamer+GST_PADS: 0:06:35.526316412 0xf3d043b0 gstpad.c:3339:gst_pad_query_default:<decodepad4:proxypad14> not forwarding 0xf3d3c400 (caps) query
05-09 19:57:51.138  2029  2224 D GStreamer+GST_PADS: 0:06:35.526353704 0xf3d043b0 gstpad.c:3905:gst_pad_query:<decodepad4:proxypad14> sent query 0xf3d3c400 (caps), result 1
05-09 19:57:51.138  2029  2224 D GStreamer+GST_CAPS: 0:06:35.526425475 0xf3d043b0 gstutils.c:2891:gst_pad_peer_query_caps:<amcvideodec-omxnvidiah264decode2:src> peer query returned video/x-raw(memory:GLMemory), width=(int)1280, height=(int)1440, framerate=(fraction)151/3, pixel-aspect-ratio=(fraction)1/1; video/x-raw, width=(int)1280, height=(int)1440, framerate=(fraction)151/3, pixel-aspect-ratio=(fraction)1/1
05-09 19:57:51.138  2029  2224 D GStreamer+GST_PADS: 0:06:35.526660527 0xf3d043b0 gstpad.c:3905:gst_pad_query:<amcvideodec-omxnvidiah264decode2:sink> sent query 0xf3dd0030 (caps), result 1
05-09 19:57:51.138  2029  2224 D GStreamer+GST_CAPS: 0:06:35.526724120 0xf3d043b0 gstutils.c:2845:gst_pad_query_caps:<amcvideodec-omxnvidiah264decode2:sink> query returned video/x-h264, width=(int)1280, height=(int)1440, framerate=(fraction)151/3, pixel-aspect-ratio=(fraction)1/1, parsed=(boolean)true, stream-format=(string)byte-stream, alignment=(string)au, profile=(string)baseline, level=(string)4
05-09 19:57:51.138  2029  2224 D GStreamer+GST_PADS: 0:06:35.526772297 0xf3d043b0 gstpad.c:3905:gst_pad_query:<amcvideodec-omxnvidiah264decode2:sink> sent query 0xf3ac6860 (accept-caps), result 1
05-09 19:57:51.138  2029  2224 D GStreamer+default: 0:06:35.526808964 0xf3d043b0 gstutils.c:2926:gst_pad_query_accept_caps:<amcvideodec-omxnvidiah264decode2:sink> query returned 1
05-09 19:57:51.138  2029  2224 D GStreamer+videodecoder: 0:06:35.526848391 0xf3d043b0 gstvideodecoder.c:1486:gst_video_decoder_sink_event:<amcvideodec-omxnvidiah264decode2> received event 12814, caps
05-09 19:57:51.139  2029  2224 D GStreamer+videodecoder: 0:06:35.526958339 0xf3d043b0 gstvideodecoder.c:807:gst_video_decoder_setcaps:<amcvideodec-omxnvidiah264decode2> setcaps video/x-h264, stream-format=(string)byte-stream, alignment=(string)au, level=(string)4, profile=(string)baseline, width=(int)1280, height=(int)1440, framerate=(fraction)151/3, pixel-aspect-ratio=(fraction)1/1, parsed=(boolean)true
05-09 19:57:51.139  2029  2224 D GStreamer+video-info: 0:06:35.527019693 0xf3d043b0 video-info.c:300:gst_video_info_from_caps parsing caps video/x-h264, stream-format=(string)byte-stream, alignment=(string)au, level=(string)4, profile=(string)baseline, width=(int)1280, height=(int)1440, framerate=(fraction)151/3, pixel-aspect-ratio=(fraction)1/1, parsed=(boolean)true
05-09 19:57:51.139  2029  2224 D GStreamer+video-info: 0:06:35.527058443 0xf3d043b0 video-info.c:403:gst_video_info_from_caps no colorimetry, using default
05-09 19:57:51.139  2029  2224 D GStreamer+amcvideodec: 0:06:35.527116204 0xf3d043b0 gstamcvideodec.c:1798:gst_amc_video_dec_set_format:<amcvideodec-omxnvidiah264decode2> Setting new caps video/x-h264, stream-format=(string)byte-stream, alignment=(string)au, level=(string)4, profile=(string)baseline, width=(int)1280, height=(int)1440, framerate=(fraction)151/3, pixel-aspect-ratio=(fraction)1/1, parsed=(boolean)true
05-09 19:57:51.139  2029  2224 D GStreamer+GST_CAPS: 0:06:35.527244016 0xf3d043b0 gstutils.c:2884:gst_pad_peer_query_caps:<amcvideodec-omxnvidiah264decode2:src> get pad peer caps with filter video/x-raw(memory:GLMemory), format=(string)RGBA, texture-target=(string)external-oes; video/x-raw, format=(string)I420, width=(int)[ 1, 2147483647 ], height=(int)[ 1, 2147483647 ], framerate=(fraction)[ 0/1, 2147483647/1 ]; video/x-raw, format=(string)NV12, width=(int)[ 1, 2147483647 ], height=(int)[ 1, 2147483647 ], framerate=(fraction)[ 0/1, 2147483647/1 ]
05-09 19:57:51.139  2029  2224 D GStreamer+query: 0:06:35.527285579 0xf3d043b0 gstquery.c:674:gst_query_new_custom creating new query 0xf3dd0000 caps
05-09 19:57:51.139  2029  2224 D GStreamer+GST_PADS: 0:06:35.527320318 0xf3d043b0 gstpad.c:4009:gst_pad_peer_query:<amcvideodec-omxnvidiah264decode2:src> peer query 0xf3dd0000 (caps)
05-09 19:57:51.139  2029  2224 D GStreamer+GST_PADS: 0:06:35.527359172 0xf3d043b0 gstpad.c:3882:gst_pad_query:<decodepad4:proxypad14> doing query 0xf3dd0000 (caps)
05-09 19:57:51.139  2029  2224 D GStreamer+decodebin: 0:06:35.527470995 0xf3d043b0 gstdecodebin2.c:5033:gst_decode_pad_query:<forhwgl> calling autoplug-query for decodepad4 (element amcvideodec-omxnvidiah264decode2): caps query: 0xf3dd0000, GstQueryCaps, filter=(GstCaps)"video/x-raw\(memory:GLMemory\)\,\ format\=\(string\)RGBA\,\ texture-target\=\(string\)external-oes\;\ video/x-raw\,\ format\=\(string\)I420\,\ width\=\(int\)\[\ 1\,\ 2147483647\ \]\,\ height\=\(int\)\[\ 1\,\ 2147483647\ \]\,\ framerate\=\(fraction\)\[\ 0/1\,\ 2147483647/1\ \]\;\ video/x-raw\,\ format\=\(string\)NV12\,\ width\=\(int\)\[\ 1\,\ 2147483647\ \]\,\ height\=\(int\)\[\ 1\,\ 2147483647\ \]\,\ framerate\=\(fraction\)\[\ 0/1\,\ 2147483647/1\ \]", caps=(GstCaps)"NULL";
05-09 19:57:51.139  2029  2224 D GStreamer+structure: 0:06:35.527572766 0xf3d043b0 gststructure.c:2316:gst_structure_parse_field trying field name 'format'
05-09 19:57:51.139  2029  2224 D GStreamer+structure: 0:06:35.527604433 0xf3d043b0 gststructure.c:2367:gst_structure_parse_value trying type name 'string'
05-09 19:57:51.139  2029  2224 D GStreamer+structure: 0:06:35.527636777 0xf3d043b0 gststructure.c:2316:gst_structure_parse_field trying field name 'texture-target'
05-09 19:57:51.139  2029  2224 D GStreamer+structure: 0:06:35.527665579 0xf3d043b0 gststructure.c:2367:gst_structure_parse_value trying type name 'string'
05-09 19:57:51.139  2029  2224 D GStreamer+decodebin: 0:06:35.527785631 0xf3d043b0 gstdecodebin2.c:5040:gst_decode_pad_query:<forhwgl> autoplug-query returned 1: caps query: 0xf3dd0000, GstQueryCaps, filter=(GstCaps)"video/x-raw\(memory:GLMemory\)\,\ format\=\(string\)RGBA\,\ texture-target\=\(string\)external-oes\;\ video/x-raw\,\ format\=\(string\)I420\,\ width\=\(int\)\[\ 1\,\ 2147483647\ \]\,\ height\=\(int\)\[\ 1\,\ 2147483647\ \]\,\ framerate\=\(fraction\)\[\ 0/1\,\ 2147483647/1\ \]\;\ video/x-raw\,\ format\=\(string\)NV12\,\ width\=\(int\)\[\ 1\,\ 2147483647\ \]\,\ height\=\(int\)\[\ 1\,\ 2147483647\ \]\,\ framerate\=\(fraction\)\[\ 0/1\,\ 2147483647/1\ \]", caps=(GstCaps)"video/x-raw\(memory:GLMemory\)\,\ format\=\(string\)RGBA\,\ texture-target\=\(string\)external-oes";
05-09 19:57:51.139  2029  2224 D GStreamer+GST_PADS: 0:06:35.527827506 0xf3d043b0 gstpad.c:3905:gst_pad_query:<decodepad4:proxypad14> sent query 0xf3dd0000 (caps), result 1
05-09 19:57:51.140  2029  2224 D GStreamer+GST_CAPS: 0:06:35.527878756 0xf3d043b0 gstutils.c:2891:gst_pad_peer_query_caps:<amcvideodec-omxnvidiah264decode2:src> peer query returned video/x-raw(memory:GLMemory), format=(string)RGBA, texture-target=(string)external-oes
05-09 19:57:51.140  2029  2224 D GStreamer+structure: 0:06:35.527921985 0xf3d043b0 gststructure.c:2316:gst_structure_parse_field trying field name 'format'
05-09 19:57:51.140  2029  2224 D GStreamer+structure: 0:06:35.527952506 0xf3d043b0 gststructure.c:2367:gst_structure_parse_value trying type name 'string'
05-09 19:57:51.140  2029  2224 D GStreamer+structure: 0:06:35.527984016 0xf3d043b0 gststructure.c:2316:gst_structure_parse_field trying field name 'width'
05-09 19:57:51.140  2029  2224 D GStreamer+structure: 0:06:35.528012089 0xf3d043b0 gststructure.c:2367:gst_structure_parse_value trying type name 'int'
05-09 19:57:51.140  2029  2224 D GStreamer+structure: 0:06:35.528047402 0xf3d043b0 gststructure.c:2316:gst_structure_parse_field trying field name 'height'
05-09 19:57:51.140  2029  2224 D GStreamer+structure: 0:06:35.528075787 0xf3d043b0 gststructure.c:2367:gst_structure_parse_value trying type name 'int'
05-09 19:57:51.140  2029  2224 D GStreamer+structure: 0:06:35.528108495 0xf3d043b0 gststructure.c:2316:gst_structure_parse_field trying field name 'framerate'
05-09 19:57:51.140  2029  2224 D GStreamer+structure: 0:06:35.528136672 0xf3d043b0 gststructure.c:2367:gst_structure_parse_value trying type name 'fraction'
05-09 19:57:51.140  2029  2224 D GStreamer+amcvideodec: 0:06:35.528185995 0xf3d043b0 gstamcvideodec.c:1905:gst_amc_video_dec_set_format:<amcvideodec-omxnvidiah264decode2> Available downstream caps: video/x-raw(memory:GLMemory), format=(string)RGBA, texture-target=(string)external-oes
05-09 19:57:51.140  2029  2224 D GStreamer+videodecoder: 0:06:35.528237245 0xf3d043b0 gstvideodecoder.c:3482:gst_video_decoder_set_output_state:<amcvideodec-omxnvidiah264decode2> fmt:11, width:1280, height:1440, reference:0xf3aff008
05-09 19:57:51.140  2029  2224 D GStreamer+videodecoder: 0:06:35.528274225 0xf3d043b0 gstvideodecoder.c:778:_new_output_state reference par 1/1 fps 151/3
05-09 19:57:51.140  2029  2224 D GStreamer+videodecoder: 0:06:35.528304693 0xf3d043b0 gstvideodecoder.c:793:_new_output_state reference par 1/1 fps 151/3
05-09 19:57:51.140  2029  2224 D GStreamer+GST_PADS: 0:06:35.528356568 0xf3d043b0 gstpad.c:1591:gst_pad_check_reconfigure:<amcvideodec-omxnvidiah264decode2:src> remove RECONFIGURE flag
05-09 19:57:51.140  2029  2224 D GStreamer+videodecoder: 0:06:35.528398495 0xf3d043b0 gstvideodecoder.c:3796:gst_video_decoder_negotiate_default:<amcvideodec-omxnvidiah264decode2> output_state par 1/1 fps 151/3
05-09 19:57:51.140  2029  2224 D GStreamer+videodecoder: 0:06:35.528455891 0xf3d043b0 gstvideodecoder.c:3801:gst_video_decoder_negotiate_default:<amcvideodec-omxnvidiah264decode2> setting caps video/x-raw(memory:GLMemory), format=(string)RGBA, width=(int)1280, height=(int)1440, interlace-mode=(string)progressive, pixel-aspect-ratio=(fraction)1/1, colorimetry=(string)sRGB, framerate=(fraction)151/3
05-09 19:57:51.140  2029  2224 D GStreamer+GST_CAPS: 0:06:35.528493183 0xf3d043b0 gstpad.c:2648:gst_pad_get_current_caps:<amcvideodec-omxnvidiah264decode2:src> get current pad caps (NULL)
05-09 19:57:51.140  2029  2224 D GStreamer+videodecoder: 0:06:35.528526933 0xf3d043b0 gstvideodecoder.c:3833:gst_video_decoder_negotiate_default:<amcvideodec-omxnvidiah264decode2> decoder src pad has currently NULL caps
05-09 19:57:51.140  2029  2224 I GStreamer+GST_EVENT: 0:06:35.528581256 0xf3d043b0 gstevent.c:679:gst_event_new_caps creating caps event video/x-raw(memory:GLMemory), format=(string)RGBA, width=(int)1280, height=(int)1440, interlace-mode=(string)progressive, pixel-aspect-ratio=(fraction)1/1, colorimetry=(string)sRGB, framerate=(fraction)151/3
05-09 19:57:51.140  2029  2224 D GStreamer+GST_EVENT: 0:06:35.528615839 0xf3d043b0 gstevent.c:302:gst_event_new_custom creating new event 0xf3d5ad98 caps 12814
05-09 19:57:51.140  2029  2224 D GStreamer+GST_PADS: 0:06:35.528648964 0xf3d043b0 gstpad.c:5053:store_sticky_event:<amcvideodec-omxnvidiah264decode2:src> notify caps
05-09 19:57:51.140  2029  2224 D GStreamer+GST_PADS: 0:06:35.528694172 0xf3d043b0 gstpad.c:3813:check_sticky:<amcvideodec-omxnvidiah264decode2:src> pushing all sticky events
05-09 19:57:51.140  2029  2224 D GStreamer+GST_PADS: 0:06:35.528732089 0xf3d043b0 gstpad.c:3745:push_sticky:<amcvideodec-omxnvidiah264decode2:src> event stream-start was already received
05-09 19:57:51.140  2029  2224 D GStreamer+GST_EVENT: 0:06:35.528815579 0xf3d043b0 gstpad.c:5496:gst_pad_send_event_unchecked:<decodepad4:proxypad14> have event type caps event: 0xf3d5ad98, time 99:99:99.999999999, seq-num 2069, GstEventCaps, caps=(GstCaps)"video/x-raw\(memory:GLMemory\)\,\ format\=\(string\)RGBA\,\ width\=\(int\)1280\,\ height\=\(int\)1440\,\ interlace-mode\=\(string\)progressive\,\ pixel-aspect-ratio\=\(fraction\)1/1\,\ colorimetry\=\(string\)sRGB\,\ framerate\=\(fraction\)151/3";
05-09 19:57:51.141  2029  2224 D GStreamer+GST_CAPS: 0:06:35.528886204 0xf3d043b0 gstutils.c:2921:gst_pad_query_accept_caps:<decodepad4:proxypad14> accept caps of video/x-raw(memory:GLMemory), format=(string)RGBA, width=(int)1280, height=(int)1440, interlace-mode=(string)progressive, pixel-aspect-ratio=(fraction)1/1, colorimetry=(string)sRGB, framerate=(fraction)151/3
05-09 19:57:51.141  2029  2224 D GStreamer+query: 0:06:35.528926256 0xf3d043b0 gstquery.c:674:gst_query_new_custom creating new query 0xf3b67f50 accept-caps
05-09 19:57:51.141  2029  2224 D GStreamer+GST_PADS: 0:06:35.528960787 0xf3d043b0 gstpad.c:3882:gst_pad_query:<decodepad4:proxypad14> doing query 0xf3b67f50 (accept-caps)
05-09 19:57:51.141  2029  2224 D GStreamer+decodebin: 0:06:35.529036985 0xf3d043b0 gstdecodebin2.c:5033:gst_decode_pad_query:<forhwgl> calling autoplug-query for decodepad4 (element amcvideodec-omxnvidiah264decode2): accept-caps query: 0xf3b67f50, GstQueryAcceptCaps, caps=(GstCaps)"video/x-raw\(memory:GLMemory\)\,\ format\=\(string\)RGBA\,\ width\=\(int\)1280\,\ height\=\(int\)1440\,\ interlace-mode\=\(string\)progressive\,\ pixel-aspect-ratio\=\(fraction\)1/1\,\ colorimetry\=\(string\)sRGB\,\ framerate\=\(fraction\)151/3", result=(boolean)false;
05-09 19:57:51.141  2029  2224 D GStreamer+decodebin: 0:06:35.529081672 0xf3d043b0 gstdecodebin2.c:5042:gst_decode_pad_query:<forhwgl> autoplug-query returned 0
05-09 19:57:51.141  2029  2224 D GStreamer+GST_PADS: 0:06:35.529153652 0xf3d043b0 gstpad.c:3035:gst_pad_query_accept_caps_default:<decodepad4:proxypad14> query accept-caps accept-caps query: 0xf3b67f50, GstQueryAcceptCaps, caps=(GstCaps)"video/x-raw\(memory:GLMemory\)\,\ format\=\(string\)RGBA\,\ width\=\(int\)1280\,\ height\=\(int\)1440\,\ interlace-mode\=\(string\)progressive\,\ pixel-aspect-ratio\=\(fraction\)1/1\,\ colorimetry\=\(string\)sRGB\,\ framerate\=\(fraction\)151/3", result=(boolean)false;
05-09 19:57:51.141  2029  2224 D GStreamer+GST_PADS: 0:06:35.529193287 0xf3d043b0 gstutils.c:2530:gst_pad_proxy_query_accept_caps:<decodepad4:proxypad14> proxying accept caps query for decodepad4:proxypad14
05-09 19:57:51.141  2029  2224 D GStreamer+GST_PADS: 0:06:35.529235058 0xf3d043b0 gstpad.c:4009:gst_pad_peer_query:<'':decodepad4> peer query 0xf3b67f50 (accept-caps)
05-09 19:57:51.141  2029  2224 I GStreamer+GST_PADS: 0:06:35.529268756 0xf3d043b0 gstpad.c:4065:gst_pad_peer_query:<'':decodepad4> pad has no peer
05-09 19:57:51.141  2029  2224 D GStreamer+GST_PADS: 0:06:35.529306881 0xf3d043b0 gstutils.c:2541:gst_pad_proxy_query_accept_caps:<decodepad4:proxypad14> proxying accept caps query: 1
05-09 19:57:51.141  2029  2224 D GStreamer+GST_PADS: 0:06:35.529368704 0xf3d043b0 gstpad.c:3065:gst_pad_query_accept_caps_default:<decodepad4:proxypad14> allowed caps subset ANY, caps video/x-raw(memory:GLMemory), format=(string)RGBA, width=(int)1280, height=(int)1440, interlace-mode=(string)progressive, pixel-aspect-ratio=(fraction)1/1, colorimetry=(string)sRGB, framerate=(fraction)151/3
05-09 19:57:51.141  2029  2224 D GStreamer+GST_PADS: 0:06:35.529410475 0xf3d043b0 gstpad.c:3339:gst_pad_query_default:<decodepad4:proxypad14> not forwarding 0xf3b67f50 (accept-caps) query
05-09 19:57:51.141  2029  2224 D GStreamer+GST_PADS: 0:06:35.529448652 0xf3d043b0 gstpad.c:3905:gst_pad_query:<decodepad4:proxypad14> sent query 0xf3b67f50 (accept-caps), result 1
05-09 19:57:51.141  2029  2224 D GStreamer+default: 0:06:35.529484381 0xf3d043b0 gstutils.c:2926:gst_pad_query_accept_caps:<decodepad4:proxypad14> query returned 1
05-09 19:57:51.141  2029  2224 D GStreamer+GST_PADS: 0:06:35.529523547 0xf3d043b0 gstpad.c:5053:store_sticky_event:<'':decodepad4> notify caps
05-09 19:57:51.141  2029  2224 D GStreamer+GST_PADS: 0:06:35.529561100 0xf3d043b0 gstpad.c:3813:check_sticky:<'':decodepad4> pushing all sticky events
05-09 19:57:51.141  2029  2224 D GStreamer+GST_PADS: 0:06:35.529597402 0xf3d043b0 gstpad.c:3745:push_sticky:<'':decodepad4> event stream-start was already received
05-09 19:57:51.141  2029  2224 D GStreamer+GST_PADS: 0:06:35.529633652 0xf3d043b0 gstpad.c:5266:gst_pad_push_event_unchecked:<'':decodepad4> Dropping event caps because pad is not linked
05-09 19:57:51.141  2029  2224 D GStreamer+GST_PADS: 0:06:35.529668027 0xf3d043b0 gstpad.c:3784:push_sticky:<'':decodepad4> pad was not linked, mark pending
05-09 19:57:51.141  2029  2224 D GStreamer+GST_PADS: 0:06:35.529706047 0xf3d043b0 gstpad.c:5569:gst_pad_send_event_unchecked:<decodepad4:proxypad14> sent event, ret ok
05-09 19:57:51.141  2029  2224 D GStreamer+GST_PADS: 0:06:35.529740370 0xf3d043b0 gstpad.c:5053:store_sticky_event:<decodepad4:proxypad14> notify caps
05-09 19:57:51.141  2029  2224 D GStreamer+GST_PADS: 0:06:35.529781204 0xf3d043b0 gstpad.c:3765:push_sticky:<amcvideodec-omxnvidiah264decode2:src> event caps marked received
05-09 19:57:51.141  2029  2224 D GStreamer+query: 0:06:35.529820318 0xf3d043b0 gstquery.c:674:gst_query_new_custom creating new query 0xf3b67ef0 allocation
05-09 19:57:51.141  2029  2224 D GStreamer+videodecoder: 0:06:35.529851308 0xf3d043b0 gstvideodecoder.c:3707:gst_video_decoder_negotiate_pool:<amcvideodec-omxnvidiah264decode2> do query ALLOCATION
05-09 19:57:51.142  2029  2224 D GStreamer+GST_PADS: 0:06:35.529898964 0xf3d043b0 gstpad.c:4009:gst_pad_peer_query:<amcvideodec-omxnvidiah264decode2:src> peer query 0xf3b67ef0 (allocation)
